185.216.113.70 - - [18/Apr/2026:22:13:39 +0300] "POST /wp-cron.php?doing_wp_cron=1776539619.3165159225463867187500 HTTP/1.1" 200 448 "-" "WordPress/6.3.8; https://serhatburke.miroglu.net"
185.153.197.91 - - [18/Apr/2026:22:13:27 +0300] "GET /claim-sunshine-castle-gambling-establishment-20-free-spins-no-deposit-incentive-code-on-sign-up/ HTTP/1.1" 200 70900 "-" "Mozilla/5.0 (Windows NT 10.0; rv:125.0) Gecko/20100101 Firefox/125.0"
185.153.197.91 - - [18/Apr/2026:22:13:56 +0300] "POST /xmlrpc.php HTTP/1.1" 200 630 "-" "Mozilla/5.0 (Windows NT 10.0; Win64; x64) AppleWebKit/537.36 (KHTML, like Gecko) Chrome/114.0.0.0 Safari/537.36"
185.216.113.70 - - [18/Apr/2026:22:14:26 +0300] "POST /wp-cron.php?doing_wp_cron=1776539666.4323449134826660156250 HTTP/1.1" 200 448 "-" "WordPress/6.3.8; https://serhatburke.miroglu.net"
185.153.197.91 - - [18/Apr/2026:22:14:15 +0300] "POST /xmlrpc.php HTTP/1.1" 200 8462 "-" "Mozilla/5.0 (Windows NT 10.0; Win64; x64) AppleWebKit/537.36 (KHTML, like Gecko) Chrome/114.0.0.0 Safari/537.36"
185.153.197.91 - - [18/Apr/2026:22:14:27 +0300] "GET /therefore-players-regarding-condition-off-montana-can-find-your-choices-are-practically-endless/ HTTP/1.1" 200 70614 "-" "Mozilla/5.0 (Windows NT 10.0; Win64; x64; rv:125.0) Gecko/20100101 Firefox/125.0"
185.216.113.70 - - [18/Apr/2026:22:16:45 +0300] "POST /wp-cron.php?doing_wp_cron=1776539805.4642570018768310546875 HTTP/1.1" 200 448 "-" "WordPress/6.3.8; https://serhatburke.miroglu.net"
185.153.197.91 - - [18/Apr/2026:22:16:32 +0300] "POST /xmlrpc.php HTTP/1.1" 200 630 "-" "Mozilla/5.0 (Windows NT 10.0; Win64; x64) AppleWebKit/537.36 (KHTML, like Gecko) Chrome/114.0.0.0 Safari/537.36"
185.153.197.91 - - [18/Apr/2026:22:16:50 +0300] "POST /xmlrpc.php HTTP/1.1" 200 9590 "-" "Mozilla/5.0 (Windows NT 10.0; Win64; x64) AppleWebKit/537.36 (KHTML, like Gecko) Chrome/114.0.0.0 Safari/537.36"
185.153.197.91 - - [18/Apr/2026:22:17:03 +0300] "GET /mississippi%EF%BF%BDs-current-mobile-sports-betting-bill-would-give-income-tax-slices-so-youre-able-to-casinos/ HTTP/1.1" 200 72074 "-" "Mozilla/5.0 (Windows NT 10.0; Win64; x64) AppleWebKit/537.36 (KHTML, like Gecko) Chrome/124.0.0.0 Safari/537.36"
185.216.113.70 - - [18/Apr/2026:22:21:56 +0300] "POST /wp-cron.php?doing_wp_cron=1776540116.6196990013122558593750 HTTP/1.1" 200 448 "-" "WordPress/6.3.8; https://serhatburke.miroglu.net"
181.42.17.151 - - [18/Apr/2026:22:21:41 +0300] "POST /xmlrpc.php HTTP/2" 200 140 "-" "WordPress/XMLRPC Client"
181.42.17.151 - - [18/Apr/2026:22:21:57 +0300] "GET /?p=118977 HTTP/2" 301 0 "-" "Mozilla/5.0 (Windows NT 10.0; Win64; x64) AppleWebKit/537.36 (KHTML, like Gecko) Chrome/120.0.0.0 Safari/537.36"
185.216.113.70 - - [18/Apr/2026:22:23:40 +0300] "POST /wp-cron.php?doing_wp_cron=1776540220.5061929225921630859375 HTTP/1.1" 200 448 "-" "WordPress/6.3.8; https://serhatburke.miroglu.net"
57.128.22.95 - - [18/Apr/2026:22:23:26 +0300] "GET /zotabet-casino-bonus-premier-depot-2026/ HTTP/1.1" 200 18530 "-" "Mozilla/5.0 (compatible; Googlebot/2.1; +http://www.google.com/bot.html)"
31.171.154.229 - - [18/Apr/2026:22:24:14 +0300] "POST /xmlrpc.php HTTP/1.1" 200 92404 "-" "Mozilla/5.0 (Windows NT 10.0; Win64; x64) AppleWebKit/537.36 (KHTML, like Gecko) Chrome/64.0.3282.140 Safari/537.36 Edge/18.17763"
185.216.113.70 - - [18/Apr/2026:22:24:40 +0300] "POST /wp-cron.php?doing_wp_cron=1776540280.3981668949127197265625 HTTP/1.1" 200 448 "-" "WordPress/6.3.8; https://serhatburke.miroglu.net"
31.171.154.229 - - [18/Apr/2026:22:24:28 +0300] "POST /xmlrpc.php HTTP/1.1" 200 664 "-" "Mozilla/5.0 (Windows NT 10.0; Win64; x64) AppleWebKit/537.36 (KHTML, like Gecko) Chrome/64.0.3282.140 Safari/537.36 Edge/18.17763"
31.171.154.229 - - [18/Apr/2026:22:24:41 +0300] "POST /xmlrpc.php HTTP/1.1" 200 667 "-" "Mozilla/5.0 (Windows NT 10.0; Win64; x64) AppleWebKit/537.36 (KHTML, like Gecko) Chrome/64.0.3282.140 Safari/537.36 Edge/18.17763"
185.216.113.70 - - [18/Apr/2026:22:25:08 +0300] "POST /wp-cron.php?doing_wp_cron=1776540308.3721020221710205078125 HTTP/1.1" 200 448 "-" "WordPress/6.3.8; https://serhatburke.miroglu.net"
31.171.154.229 - - [18/Apr/2026:22:24:55 +0300] "POST /xmlrpc.php HTTP/1.1" 200 8174 "-" "Mozilla/5.0 (Windows NT 10.0; Win64; x64) AppleWebKit/537.36 (KHTML, like Gecko) Chrome/64.0.3282.140 Safari/537.36 Edge/18.17763"
200.25.47.106 - - [18/Apr/2026:22:24:57 +0300] "POST /xmlrpc.php HTTP/1.1" 200 630 "-" "Mozilla/5.0 (Windows NT 10.0; Win64; x64) AppleWebKit/537.36 (KHTML, like Gecko) Chrome/114.0.0.0 Safari/537.36"
200.25.47.106 - - [18/Apr/2026:22:25:17 +0300] "POST /xmlrpc.php HTTP/1.1" 200 10320 "-" "Mozilla/5.0 (Windows NT 10.0; Win64; x64) AppleWebKit/537.36 (KHTML, like Gecko) Chrome/114.0.0.0 Safari/537.36"
185.216.113.70 - - [18/Apr/2026:22:25:44 +0300] "POST /wp-cron.php?doing_wp_cron=1776540344.2825579643249511718750 HTTP/1.1" 200 448 "-" "WordPress/6.3.8; https://serhatburke.miroglu.net"
200.25.47.106 - - [18/Apr/2026:22:25:31 +0300] "GET /tamamen-ucretsiz-donen-kumar-isletmeleri-2026-daha-iyi-tesvikler-ve-1king-turkiye-urun-satislari/ HTTP/1.1" 200 73465 "-" "Mozilla/5.0 (Windows NT 10.0; Win64; x64) AppleWebKit/537.36 (KHTML, like Gecko) Chrome/109.0.0.0 Safari/537.36"
185.216.113.70 - - [18/Apr/2026:22:28:17 +0300] "POST /wp-cron.php?doing_wp_cron=1776540497.8305521011352539062500 HTTP/1.1" 200 448 "-" "WordPress/6.3.8; https://serhatburke.miroglu.net"
34.116.28.33 - - [18/Apr/2026:22:28:03 +0300] "GET /1red-erfahrungen-2026-test-bewertung149871/ HTTP/1.1" 200 18709 "-" "Mozilla/5.0 (compatible; Google-Apps-Script; beanserver; +https://script.google.com; id: UAEmdDd98-IqFHPQ7FFTjM1LThi7WIa68nzw)"
185.216.113.70 - - [18/Apr/2026:22:29:14 +0300] "POST /wp-cron.php?doing_wp_cron=1776540554.2825520038604736328125 HTTP/1.1" 200 448 "-" "WordPress/6.3.8; https://serhatburke.miroglu.net"
40.77.167.6 - - [18/Apr/2026:22:29:01 +0300] "GET /sitemap_index.xml HTTP/2" 302 0 "-" "Mozilla/5.0 AppleWebKit/537.36 (KHTML, like Gecko; compatible; bingbot/2.0; +http://www.bing.com/bingbot.htm) Chrome/116.0.1938.76 Safari/537.36"
192.142.53.92 - - [18/Apr/2026:22:29:06 +0300] "GET /find-your-perfect-match-for-the-best-online-casino-6/ HTTP/2" 200 203525 "-" "Mozilla/5.0 (Windows NT 10.0; Win64; x64) AppleWebKit/537.36 (KHTML, like Gecko) Chrome/124.0.0.0 Safari/537.36"
40.77.167.6 - - [18/Apr/2026:22:29:20 +0300] "GET /sitemap.xml HTTP/2" 200 1075 "-" "Mozilla/5.0 AppleWebKit/537.36 (KHTML, like Gecko; compatible; bingbot/2.0; +http://www.bing.com/bingbot.htm) Chrome/116.0.1938.76 Safari/537.36"
185.216.113.70 - - [18/Apr/2026:22:30:16 +0300] "POST /wp-cron.php?doing_wp_cron=1776540616.0250220298767089843750 HTTP/1.1" 200 448 "-" "WordPress/6.3.8; https://serhatburke.miroglu.net"
98.98.197.178 - - [18/Apr/2026:22:30:02 +0300] "POST /xmlrpc.php HTTP/1.1" 200 630 "-" "Mozilla/5.0 (Windows NT 10.0; Win64; x64) AppleWebKit/537.36 (KHTML, like Gecko) Chrome/114.0.0.0 Safari/537.36"
192.142.53.92 - - [18/Apr/2026:22:30:13 +0300] "GET /discover-the-ultimate-online-casino-for-unbeatable-24/ HTTP/2" 200 0 "-" "Mozilla/5.0 (Windows NT 10.0; Win64; x64) AppleWebKit/537.36 (KHTML, like Gecko) Chrome/124.0.0.0 Safari/537.36"
98.98.197.178 - - [18/Apr/2026:22:30:23 +0300] "POST /xmlrpc.php HTTP/1.1" 200 15462 "-" "Mozilla/5.0 (Windows NT 10.0; Win64; x64) AppleWebKit/537.36 (KHTML, like Gecko) Chrome/114.0.0.0 Safari/537.36"
185.216.113.70 - - [18/Apr/2026:22:30:48 +0300] "POST /wp-cron.php?doing_wp_cron=1776540648.6709918975830078125000 HTTP/1.1" 200 448 "-" "WordPress/6.3.8; https://serhatburke.miroglu.net"
192.142.53.92 - - [18/Apr/2026:22:30:34 +0300] "GET /discover-the-ultimate-online-casino-for-unbeatable-24/ HTTP/2" 200 142635 "-" "Mozilla/5.0 (Windows NT 10.0; Win64; x64) AppleWebKit/537.36 (KHTML, like Gecko) Chrome/124.0.0.0 Safari/537.36"
98.98.197.178 - - [18/Apr/2026:22:30:42 +0300] "GET /seriose-casino-gowild-60-dollar-bonus-wettenanforderungen-verbunden-casinos-2026-welche-person-punktet-im-faktencheck-durch-slotexperte-de/ HTTP/1.1" 200 79334 "-" "Mozilla/5.0 (Windows NT 10.0; Win64; x64) AppleWebKit/537.36 (KHTML, like Gecko) Chrome/123.0.0.0 Safari/537.36"
158.158.35.144 - - [18/Apr/2026:22:31:36 +0300] "GET /wp-content/plugins/hellopress/wp_filemanager.php HTTP/1.1" 200 0 "-" "-"
185.216.113.70 - - [18/Apr/2026:22:32:59 +0300] "POST /wp-cron.php?doing_wp_cron=1776540779.1692550182342529296875 HTTP/1.1" 200 448 "-" "WordPress/6.3.8; https://serhatburke.miroglu.net"
31.171.154.229 - - [18/Apr/2026:22:32:47 +0300] "POST /xmlrpc.php HTTP/1.1" 200 93129 "-" "Mozilla/5.0 (Windows NT 6.1; Win64; x64) AppleWebKit/537.36 (KHTML, like Gecko) Chrome/80.0.3987.149 Safari/537.36"
31.171.154.229 - - [18/Apr/2026:22:33:00 +0300] "POST /xmlrpc.php HTTP/1.1" 200 664 "-" "Mozilla/5.0 (Windows NT 6.1; Win64; x64) AppleWebKit/537.36 (KHTML, like Gecko) Chrome/80.0.3987.149 Safari/537.36"
31.171.154.229 - - [18/Apr/2026:22:33:13 +0300] "POST /xmlrpc.php HTTP/1.1" 200 667 "-" "Mozilla/5.0 (Windows NT 6.1; Win64; x64) AppleWebKit/537.36 (KHTML, like Gecko) Chrome/80.0.3987.149 Safari/537.36"
185.216.113.70 - - [18/Apr/2026:22:33:39 +0300] "POST /wp-cron.php?doing_wp_cron=1776540819.6451599597930908203125 HTTP/1.1" 200 448 "-" "WordPress/6.3.8; https://serhatburke.miroglu.net"
31.171.154.229 - - [18/Apr/2026:22:33:27 +0300] "POST /xmlrpc.php HTTP/1.1" 200 6429 "-" "Mozilla/5.0 (Windows NT 6.1; Win64; x64) AppleWebKit/537.36 (KHTML, like Gecko) Chrome/80.0.3987.149 Safari/537.36"
190.105.75.173 - - [18/Apr/2026:22:33:50 +0300] "GET /wp-login.php HTTP/2" 200 3538 "-" "Mozilla/5.0 (Windows NT 10.0; Win64; x64) AppleWebKit/537.36"
190.105.75.173 - - [18/Apr/2026:22:34:04 +0300] "POST /wp-login.php HTTP/2" 302 0 "https://serhatburke.miroglu.net/wp-login.php" "Mozilla/5.0 (Windows NT 10.0; Win64; x64) AppleWebKit/537.36"
98.98.197.178 - - [18/Apr/2026:22:34:13 +0300] "POST /xmlrpc.php HTTP/1.1" 200 630 "-" "Mozilla/5.0 (Windows NT 10.0; Win64; x64) AppleWebKit/537.36 (KHTML, like Gecko) Chrome/114.0.0.0 Safari/537.36"
190.105.75.173 - - [18/Apr/2026:22:34:17 +0300] "GET /wp-admin/ HTTP/2" 200 31197 "https://serhatburke.miroglu.net/wp-login.php" "Mozilla/5.0 (Windows NT 10.0; Win64; x64) AppleWebKit/537.36"
98.98.33.56 - - [18/Apr/2026:22:34:21 +0300] "POST /xmlrpc.php HTTP/1.1" 200 630 "-" "Mozilla/5.0 (Windows NT 10.0; Win64; x64) AppleWebKit/537.36 (KHTML, like Gecko) Chrome/114.0.0.0 Safari/537.36"
98.98.197.178 - - [18/Apr/2026:22:34:34 +0300] "POST /xmlrpc.php HTTP/1.1" 200 14301 "-" "Mozilla/5.0 (Windows NT 10.0; Win64; x64) AppleWebKit/537.36 (KHTML, like Gecko) Chrome/114.0.0.0 Safari/537.36"
185.216.113.70 - - [18/Apr/2026:22:34:50 +0300] "POST /wp-cron.php?doing_wp_cron=1776540890.5439341068267822265625 HTTP/1.1" 200 448 "-" "WordPress/6.3.8; https://serhatburke.miroglu.net"
190.105.75.173 - - [18/Apr/2026:22:34:35 +0300] "GET /wp-admin/ HTTP/2" 200 244458 "-" "Mozilla/5.0 (Windows NT 10.0; Win64; x64) AppleWebKit/537.36"
98.98.33.56 - - [18/Apr/2026:22:34:42 +0300] "POST /xmlrpc.php HTTP/1.1" 200 14243 "-" "Mozilla/5.0 (Windows NT 10.0; Win64; x64) AppleWebKit/537.36 (KHTML, like Gecko) Chrome/114.0.0.0 Safari/537.36"
190.105.75.173 - - [18/Apr/2026:22:34:55 +0300] "POST /wp-json/wp/v2/posts HTTP/2" 201 3473 "-" "Mozilla/5.0 (Windows NT 10.0; Win64; x64) AppleWebKit/537.36"
98.98.197.178 - - [18/Apr/2026:22:34:51 +0300] "GET /angeschlossen-sparta-slot-free-spins-casinos-uber-5-euroletten-einzahlung-angebote-2026/ HTTP/1.1" 200 76593 "-" "Mozilla/5.0 (Windows NT 10.0; Win64; x64) AppleWebKit/537.36 (KHTML, like Gecko) Chrome/124.0.0.0 Safari/537.36"
98.98.33.56 - - [18/Apr/2026:22:35:05 +0300] "GET /espaces-sans-frais-free-spins-suppose-de-salle-de-jeu-sans-avoir-i-annales-en-pari-quick-win-2025/ HTTP/1.1" 200 75990 "-" "Mozilla/5.0 (Windows NT 10.0; Win64; x64) AppleWebKit/537.36 (KHTML, like Gecko) Chrome/109.0.0.0 Safari/537.36"
185.216.113.70 - - [18/Apr/2026:22:37:09 +0300] "POST /wp-cron.php?doing_wp_cron=1776541029.2733080387115478515625 HTTP/1.1" 200 448 "-" "WordPress/6.3.8; https://serhatburke.miroglu.net"
185.153.197.91 - - [18/Apr/2026:22:36:55 +0300] "POST /xmlrpc.php HTTP/1.1" 200 630 "-" "Mozilla/5.0 (Windows NT 10.0; Win64; x64) AppleWebKit/537.36 (KHTML, like Gecko) Chrome/114.0.0.0 Safari/537.36"
185.153.197.91 - - [18/Apr/2026:22:37:15 +0300] "POST /xmlrpc.php HTTP/1.1" 200 9157 "-" "Mozilla/5.0 (Windows NT 10.0; Win64; x64) AppleWebKit/537.36 (KHTML, like Gecko) Chrome/114.0.0.0 Safari/537.36"
185.216.113.70 - - [18/Apr/2026:22:37:46 +0300] "POST /wp-cron.php?doing_wp_cron=1776541066.4411420822143554687500 HTTP/1.1" 200 448 "-" "WordPress/6.3.8; https://serhatburke.miroglu.net"
185.153.197.91 - - [18/Apr/2026:22:37:34 +0300] "GET /118992-2/ HTTP/1.1" 200 69293 "-" "Mozilla/5.0 (Windows NT 10.0; Win64; x64) AppleWebKit/537.36 (KHTML, like Gecko) Chrome/123.0.0.0 Safari/537.36"
98.98.197.178 - - [18/Apr/2026:22:38:01 +0300] "POST /xmlrpc.php HTTP/1.1" 200 630 "-" "Mozilla/5.0 (Windows NT 10.0; Win64; x64) AppleWebKit/537.36 (KHTML, like Gecko) Chrome/114.0.0.0 Safari/537.36"
185.216.113.70 - - [18/Apr/2026:22:38:32 +0300] "POST /wp-cron.php?doing_wp_cron=1776541112.5308489799499511718750 HTTP/1.1" 200 448 "-" "WordPress/6.3.8; https://serhatburke.miroglu.net"
98.98.197.178 - - [18/Apr/2026:22:38:20 +0300] "POST /xmlrpc.php HTTP/1.1" 200 15037 "-" "Mozilla/5.0 (Windows NT 10.0; Win64; x64) AppleWebKit/537.36 (KHTML, like Gecko) Chrome/114.0.0.0 Safari/537.36"
98.98.197.178 - - [18/Apr/2026:22:38:33 +0300] "GET /100-book-of-ra-apps-freispiele-ohne-einzahlung-100-free-spins-march-2026/ HTTP/1.1" 200 76826 "-" "Mozilla/5.0 (Windows NT 10.0; Win64; x64; rv:124.0) Gecko/20100101 Firefox/124.0"
185.153.197.91 - - [18/Apr/2026:22:38:55 +0300] "POST /xmlrpc.php HTTP/1.1" 200 630 "-" "Mozilla/5.0 (Windows NT 10.0; Win64; x64) AppleWebKit/537.36 (KHTML, like Gecko) Chrome/114.0.0.0 Safari/537.36"
66.249.73.15 - - [18/Apr/2026:22:38:57 +0300] "GET /robots.txt HTTP/1.1" 200 719 "-" "Mozilla/5.0 (compatible; Googlebot/2.1; +http://www.google.com/bot.html)"
66.249.73.15 - - [18/Apr/2026:22:39:17 +0300] "GET /wp-content/themes/toppic/js/scrollMonitor.js?ver=4.2 HTTP/1.1" 200 3166 "https://serhatburke.miroglu.net/unveiling-fortunecasinouk-promotions-at-drake-casino-a-comprehensive-review-for-uk-players/" "Mozilla/5.0 (Linux; Android 6.0.1; Nexus 5X Build/MMB29P) AppleWebKit/537.36 (KHTML, like Gecko) Chrome/146.0.7680.177 Mobile Safari/537.36 (compatible; Googlebot/2.1; +http://www.google.com/bot.html)"
185.216.113.70 - - [18/Apr/2026:22:39:29 +0300] "POST /wp-cron.php?doing_wp_cron=1776541169.2589631080627441406250 HTTP/1.1" 200 448 "-" "WordPress/6.3.8; https://serhatburke.miroglu.net"
185.153.197.91 - - [18/Apr/2026:22:39:16 +0300] "POST /xmlrpc.php HTTP/1.1" 200 9171 "-" "Mozilla/5.0 (Windows NT 10.0; Win64; x64) AppleWebKit/537.36 (KHTML, like Gecko) Chrome/114.0.0.0 Safari/537.36"
185.153.197.91 - - [18/Apr/2026:22:39:30 +0300] "GET /inside-the-ents-provides-her-interest-and-focus-on-different-member-choices/ HTTP/1.1" 200 70722 "-" "Mozilla/5.0 (Windows NT 10.0; Win64; x64) AppleWebKit/537.36 (KHTML, like Gecko) Chrome/124.0.0.0 Safari/537.36 Edg/124.0.0.0"
66.249.73.15 - - [18/Apr/2026:22:39:43 +0300] "GET /unveiling-fortunecasinouk-promotions-at-drake-casino-a-comprehensive-review-for-uk-players/undefined?ts=1775520000 HTTP/1.1" 200 0 "https://serhatburke.miroglu.net/unveiling-fortunecasinouk-promotions-at-drake-casino-a-comprehensive-review-for-uk-players/" "Mozilla/5.0 (Linux; Android 6.0.1; Nexus 5X Build/MMB29P) AppleWebKit/537.36 (KHTML, like Gecko) Chrome/146.0.7680.177 Mobile Safari/537.36 (compatible; Googlebot/2.1; +http://www.google.com/bot.html)"
66.249.73.15 - - [18/Apr/2026:22:39:56 +0300] "GET /unveiling-fortunecasinouk-promotions-at-drake-casino-a-comprehensive-review-for-uk-players/undefined?ts=1775520000 HTTP/1.1" 200 0 "https://serhatburke.miroglu.net/unveiling-fortunecasinouk-promotions-at-drake-casino-a-comprehensive-review-for-uk-players/" "Mozilla/5.0 (Linux; Android 6.0.1; Nexus 5X Build/MMB29P) AppleWebKit/537.36 (KHTML, like Gecko) Chrome/146.0.7680.177 Mobile Safari/537.36 (compatible; Googlebot/2.1; +http://www.google.com/bot.html)"
66.249.73.14 - - [18/Apr/2026:22:40:08 +0300] "GET /unveiling-fortunecasinouk-promotions-at-drake-casino-a-comprehensive-review-for-uk-players/undefined?ts=1775520000 HTTP/1.1" 200 0 "https://serhatburke.miroglu.net/unveiling-fortunecasinouk-promotions-at-drake-casino-a-comprehensive-review-for-uk-players/" "Mozilla/5.0 (Linux; Android 6.0.1; Nexus 5X Build/MMB29P) AppleWebKit/537.36 (KHTML, like Gecko) Chrome/146.0.7680.177 Mobile Safari/537.36 (compatible; Googlebot/2.1; +http://www.google.com/bot.html)"
185.216.113.70 - - [18/Apr/2026:22:41:29 +0300] "POST /wp-cron.php?doing_wp_cron=1776541289.5173730850219726562500 HTTP/1.1" 200 448 "-" "WordPress/6.3.8; https://serhatburke.miroglu.net"
185.153.197.91 - - [18/Apr/2026:22:41:16 +0300] "POST /xmlrpc.php HTTP/1.1" 200 630 "-" "Mozilla/5.0 (Windows NT 10.0; Win64; x64) AppleWebKit/537.36 (KHTML, like Gecko) Chrome/114.0.0.0 Safari/537.36"
185.153.197.91 - - [18/Apr/2026:22:41:34 +0300] "POST /xmlrpc.php HTTP/1.1" 200 9404 "-" "Mozilla/5.0 (Windows NT 10.0; Win64; x64) AppleWebKit/537.36 (KHTML, like Gecko) Chrome/114.0.0.0 Safari/537.36"
98.98.33.56 - - [18/Apr/2026:22:41:44 +0300] "POST /xmlrpc.php HTTP/1.1" 200 630 "-" "Mozilla/5.0 (Windows NT 10.0; Win64; x64) AppleWebKit/537.36 (KHTML, like Gecko) Chrome/114.0.0.0 Safari/537.36"
98.98.197.178 - - [18/Apr/2026:22:41:47 +0300] "POST /xmlrpc.php HTTP/1.1" 200 630 "-" "Mozilla/5.0 (Windows NT 10.0; Win64; x64) AppleWebKit/537.36 (KHTML, like Gecko) Chrome/114.0.0.0 Safari/537.36"
185.153.197.91 - - [18/Apr/2026:22:41:47 +0300] "GET /why-members-enjoy-playing-real-cash-internet-poker-around/ HTTP/1.1" 200 70189 "-" "Mozilla/5.0 (Windows NT 10.0; Win64; x64) AppleWebKit/537.36 (KHTML, like Gecko) Chrome/123.0.0.0 Safari/537.36 OPR/109.0.0.0"
185.216.113.70 - - [18/Apr/2026:22:42:27 +0300] "POST /wp-cron.php?doing_wp_cron=1776541347.6089959144592285156250 HTTP/1.1" 200 448 "-" "WordPress/6.3.8; https://serhatburke.miroglu.net"
98.98.33.56 - - [18/Apr/2026:22:42:10 +0300] "POST /xmlrpc.php HTTP/1.1" 200 14478 "-" "Mozilla/5.0 (Windows NT 10.0; Win64; x64) AppleWebKit/537.36 (KHTML, like Gecko) Chrome/114.0.0.0 Safari/537.36"
98.98.197.178 - - [18/Apr/2026:22:42:12 +0300] "POST /xmlrpc.php HTTP/1.1" 200 14948 "-" "Mozilla/5.0 (Windows NT 10.0; Win64; x64) AppleWebKit/537.36 (KHTML, like Gecko) Chrome/114.0.0.0 Safari/537.36"
34.116.28.38 - - [18/Apr/2026:22:42:18 +0300] "GET /1red-erfahrungen-2026-test-bewertung149871/ HTTP/1.1" 200 18709 "-" "Mozilla/5.0 (compatible; Google-Apps-Script; beanserver; +https://script.google.com; id: UAEmdDd98-IqFHPQ7FFTjM1LThi7WIa68nzw)"
98.98.33.56 - - [18/Apr/2026:22:42:29 +0300] "GET /instrument-a-dessous-gonzos-ball-demo-gratis-30-tours-gratuits-starburst-dans-gaming-com/ HTTP/1.1" 200 76312 "-" "Mozilla/5.0 (Windows NT 10.0; Win64; x64) AppleWebKit/537.36 (KHTML, like Gecko) Chrome/122.0.0.0 Safari/537.36"
98.98.197.178 - - [18/Apr/2026:22:42:32 +0300] "GET /30-drucken-sie-jetzt-den-link-freispiele-exklusive-einzahlung-tagesordnungspunkt-casinos-2026/ HTTP/1.1" 200 77285 "-" "Mozilla/5.0 (Windows NT 10.0; Win64; x64) AppleWebKit/537.36 (KHTML, like Gecko) Chrome/109.0.0.0 Safari/537.36"
185.153.197.91 - - [18/Apr/2026:22:43:22 +0300] "POST /xmlrpc.php HTTP/1.1" 200 630 "-" "Mozilla/5.0 (Windows NT 10.0; Win64; x64) AppleWebKit/537.36 (KHTML, like Gecko) Chrome/114.0.0.0 Safari/537.36"
185.216.113.70 - - [18/Apr/2026:22:43:56 +0300] "POST /wp-cron.php?doing_wp_cron=1776541436.1353299617767333984375 HTTP/1.1" 200 448 "-" "WordPress/6.3.8; https://serhatburke.miroglu.net"
185.153.197.91 - - [18/Apr/2026:22:43:44 +0300] "POST /xmlrpc.php HTTP/1.1" 200 9787 "-" "Mozilla/5.0 (Windows NT 10.0; Win64; x64) AppleWebKit/537.36 (KHTML, like Gecko) Chrome/114.0.0.0 Safari/537.36"
185.153.197.91 - - [18/Apr/2026:22:44:00 +0300] "GET /mobile-gaming-is-specially-common-when-you-look-at-the-pdbx-due-to-the-regions-high-portable-penetration-prices-and-you-will-prevalent-internet-associations/ HTTP/1.1" 200 73827 "-" "Mozilla/5.0 (Windows NT 10.0; rv:109.0) Gecko/20100101 Firefox/115.0"
185.153.197.91 - - [18/Apr/2026:22:44:49 +0300] "POST /xmlrpc.php HTTP/1.1" 200 630 "-" "Mozilla/5.0 (Windows NT 10.0; Win64; x64) AppleWebKit/537.36 (KHTML, like Gecko) Chrome/114.0.0.0 Safari/537.36"
98.98.197.178 - - [18/Apr/2026:22:45:18 +0300] "POST /xmlrpc.php HTTP/1.1" 200 630 "-" "Mozilla/5.0 (Windows NT 10.0; Win64; x64) AppleWebKit/537.36 (KHTML, like Gecko) Chrome/114.0.0.0 Safari/537.36"
185.153.197.91 - - [18/Apr/2026:22:45:19 +0300] "POST /xmlrpc.php HTTP/1.1" 200 8753 "-" "Mozilla/5.0 (Windows NT 10.0; Win64; x64) AppleWebKit/537.36 (KHTML, like Gecko) Chrome/114.0.0.0 Safari/537.36"
98.98.33.56 - - [18/Apr/2026:22:45:24 +0300] "POST /xmlrpc.php HTTP/1.1" 200 630 "-" "Mozilla/5.0 (Windows NT 10.0; Win64; x64) AppleWebKit/537.36 (KHTML, like Gecko) Chrome/114.0.0.0 Safari/537.36"
103.219.169.211 - - [18/Apr/2026:22:45:29 +0300] "POST /xmlrpc.php HTTP/1.1" 200 630 "-" "Mozilla/5.0 (Windows NT 10.0; Win64; x64) AppleWebKit/537.36 (KHTML, like Gecko) Chrome/114.0.0.0 Safari/537.36"
98.98.197.178 - - [18/Apr/2026:22:45:39 +0300] "POST /xmlrpc.php HTTP/1.1" 200 12941 "-" "Mozilla/5.0 (Windows NT 10.0; Win64; x64) AppleWebKit/537.36 (KHTML, like Gecko) Chrome/114.0.0.0 Safari/537.36"
185.153.197.91 - - [18/Apr/2026:22:45:37 +0300] "GET /you-will-want-to-discover-youll-find-all-sorts-of-ports-to-use-on-an-effective-paypal-casino/ HTTP/1.1" 200 70453 "-" "Mozilla/5.0 (Windows NT 10.0; Win64; x64) AppleWebKit/537.36 (KHTML, like Gecko) Chrome/122.0.0.0 Safari/537.36"
185.216.113.70 - - [18/Apr/2026:22:46:07 +0300] "POST /wp-cron.php?doing_wp_cron=1776541567.1893229484558105468750 HTTP/1.1" 200 448 "-" "WordPress/6.3.8; https://serhatburke.miroglu.net"
98.98.33.56 - - [18/Apr/2026:22:45:50 +0300] "POST /xmlrpc.php HTTP/1.1" 200 14107 "-" "Mozilla/5.0 (Windows NT 10.0; Win64; x64) AppleWebKit/537.36 (KHTML, like Gecko) Chrome/114.0.0.0 Safari/537.36"
185.216.113.70 - - [18/Apr/2026:22:46:15 +0300] "POST /wp-cron.php?doing_wp_cron=1776541574.9706709384918212890625 HTTP/1.1" 200 448 "-" "WordPress/6.3.8; https://serhatburke.miroglu.net"
103.219.169.211 - - [18/Apr/2026:22:45:56 +0300] "POST /xmlrpc.php HTTP/1.1" 200 14301 "-" "Mozilla/5.0 (Windows NT 10.0; Win64; x64) AppleWebKit/537.36 (KHTML, like Gecko) Chrome/114.0.0.0 Safari/537.36"
185.216.113.70 - - [18/Apr/2026:22:46:18 +0300] "POST /wp-cron.php?doing_wp_cron=1776541577.9567160606384277343750 HTTP/1.1" 200 448 "-" "WordPress/6.3.8; https://serhatburke.miroglu.net"
98.98.197.178 - - [18/Apr/2026:22:45:58 +0300] "GET /angeschlossen-casinos-alpenrepublik-2025-diese-15-casino-crazy-monkey-besten-angeschlossen-casinos-pro-echtgeld/ HTTP/1.1" 200 75805 "-" "Mozilla/5.0 (Windows NT 10.0; Win64; x64) AppleWebKit/537.36 (KHTML, like Gecko) Chrome/124.0.0.0 Safari/537.36"
98.98.33.56 - - [18/Apr/2026:22:46:08 +0300] "GET /gratification-sans-archive-en-compagnie-de-type-de-joueurs-secret-forest-fentes-libres-de-creneaux-top-salle-de-jeu-2026/ HTTP/1.1" 200 76801 "-" "Mozilla/5.0 (Windows NT 10.0; Win64; x64) AppleWebKit/537.36 (KHTML, like Gecko) Chrome/123.0.0.0 Safari/537.36"
103.219.169.211 - - [18/Apr/2026:22:46:17 +0300] "GET /get-the-best-sporting-events-picks-and-you-will-projections/ HTTP/1.1" 200 75235 "-" "Mozilla/5.0 (Windows NT 10.0; Win64; x64) AppleWebKit/537.36 (KHTML, like Gecko) Chrome/123.0.0.0 Safari/537.36"
185.153.197.91 - - [18/Apr/2026:22:46:27 +0300] "POST /xmlrpc.php HTTP/1.1" 200 630 "-" "Mozilla/5.0 (Windows NT 10.0; Win64; x64) AppleWebKit/537.36 (KHTML, like Gecko) Chrome/114.0.0.0 Safari/537.36"
185.153.197.91 - - [18/Apr/2026:22:46:55 +0300] "POST /xmlrpc.php HTTP/1.1" 200 8763 "-" "Mozilla/5.0 (Windows NT 10.0; Win64; x64) AppleWebKit/537.36 (KHTML, like Gecko) Chrome/114.0.0.0 Safari/537.36"
185.153.197.91 - - [18/Apr/2026:22:47:07 +0300] "GET /should-i-enjoy-on-the-web-bingo-for-money-inside-maryland/ HTTP/1.1" 200 69793 "-" "Mozilla/5.0 (Windows NT 10.0; rv:125.0) Gecko/20100101 Firefox/125.0"
185.216.113.70 - - [18/Apr/2026:22:48:02 +0300] "POST /wp-cron.php?doing_wp_cron=1776541682.1051959991455078125000 HTTP/1.1" 200 448 "-" "WordPress/6.3.8; https://serhatburke.miroglu.net"
185.153.197.91 - - [18/Apr/2026:22:47:49 +0300] "POST /xmlrpc.php HTTP/1.1" 200 630 "-" "Mozilla/5.0 (Windows NT 10.0; Win64; x64) AppleWebKit/537.36 (KHTML, like Gecko) Chrome/114.0.0.0 Safari/537.36"
193.233.123.1 - - [18/Apr/2026:22:47:51 +0300] "POST /xmlrpc.php HTTP/2" 200 139 "-" "WordPress/XMLRPC Client"
185.153.197.91 - - [18/Apr/2026:22:48:08 +0300] "POST /xmlrpc.php HTTP/1.1" 200 9245 "-" "Mozilla/5.0 (Windows NT 10.0; Win64; x64) AppleWebKit/537.36 (KHTML, like Gecko) Chrome/114.0.0.0 Safari/537.36"
193.233.123.1 - - [18/Apr/2026:22:48:05 +0300] "GET /?p=119018 HTTP/2" 301 0 "-" "Mozilla/5.0 (Windows NT 10.0; Win64; x64) AppleWebKit/537.36 (KHTML, like Gecko) Chrome/120.0.0.0 Safari/537.36"
185.153.197.91 - - [18/Apr/2026:22:48:24 +0300] "GET /playojo-local-casino-conditions-and-terms-that-it-promote-is-just-designed-for-very-first-time-depositors/ HTTP/1.1" 200 71492 "-" "Mozilla/5.0 (Windows NT 10.0; rv:125.0) Gecko/20100101 Firefox/125.0"
185.216.113.70 - - [18/Apr/2026:22:48:59 +0300] "POST /wp-cron.php?doing_wp_cron=1776541739.6054561138153076171875 HTTP/1.1" 200 448 "-" "WordPress/6.3.8; https://serhatburke.miroglu.net"
98.98.197.178 - - [18/Apr/2026:22:48:48 +0300] "POST /xmlrpc.php HTTP/1.1" 200 630 "-" "Mozilla/5.0 (Windows NT 10.0; Win64; x64) AppleWebKit/537.36 (KHTML, like Gecko) Chrome/114.0.0.0 Safari/537.36"
98.98.197.178 - - [18/Apr/2026:22:49:05 +0300] "POST /xmlrpc.php HTTP/1.1" 200 15471 "-" "Mozilla/5.0 (Windows NT 10.0; Win64; x64) AppleWebKit/537.36 (KHTML, like Gecko) Chrome/114.0.0.0 Safari/537.36"
98.98.197.178 - - [18/Apr/2026:22:49:19 +0300] "GET /seriose-online-casinos-diese-besten-seiten-habanero-slots-fur-ipad-2026/ HTTP/1.1" 200 77205 "-" "Mozilla/5.0 (Windows NT 10.0; Win64; x64) AppleWebKit/537.36 (KHTML, like Gecko) Chrome/123.0.0.0 Safari/537.36"
185.216.113.70 - - [18/Apr/2026:22:49:42 +0300] "POST /wp-cron.php?doing_wp_cron=1776541782.0420799255371093750000 HTTP/1.1" 200 448 "-" "WordPress/6.3.8; https://serhatburke.miroglu.net"
185.153.197.91 - - [18/Apr/2026:22:49:30 +0300] "POST /xmlrpc.php HTTP/1.1" 200 630 "-" "Mozilla/5.0 (Windows NT 10.0; Win64; x64) AppleWebKit/537.36 (KHTML, like Gecko) Chrome/114.0.0.0 Safari/537.36"
98.98.33.56 - - [18/Apr/2026:22:49:44 +0300] "POST /xmlrpc.php HTTP/1.1" 200 630 "-" "Mozilla/5.0 (Windows NT 10.0; Win64; x64) AppleWebKit/537.36 (KHTML, like Gecko) Chrome/114.0.0.0 Safari/537.36"
185.153.197.91 - - [18/Apr/2026:22:49:48 +0300] "POST /xmlrpc.php HTTP/1.1" 200 8783 "-" "Mozilla/5.0 (Windows NT 10.0; Win64; x64) AppleWebKit/537.36 (KHTML, like Gecko) Chrome/114.0.0.0 Safari/537.36"
98.98.33.56 - - [18/Apr/2026:22:50:06 +0300] "POST /xmlrpc.php HTTP/1.1" 200 13840 "-" "Mozilla/5.0 (Windows NT 10.0; Win64; x64) AppleWebKit/537.36 (KHTML, like Gecko) Chrome/114.0.0.0 Safari/537.36"
185.153.197.91 - - [18/Apr/2026:22:50:05 +0300] "GET /as-it-says-toward-label-what-you-need-to-do-in-order-to-earn-this-bonus-was-create-a-qualifying-choice/ HTTP/1.1" 200 70950 "-" "Mozilla/5.0 (Windows NT 10.0; Win64; x64; rv:124.0) Gecko/20100101 Firefox/124.0"
98.98.33.56 - - [18/Apr/2026:22:50:21 +0300] "GET /salle-de-jeu-espaces-gratuits-bonus-20-casino-300-shields-50-free-spins-sans-nul-classe/ HTTP/1.1" 200 75968 "-" "Mozilla/5.0 (Windows NT 10.0; Win64; x64) AppleWebKit/537.36 (KHTML, like Gecko) Chrome/109.0.0.0 Safari/537.36"
185.216.113.70 - - [18/Apr/2026:22:50:53 +0300] "POST /wp-cron.php?doing_wp_cron=1776541853.6197481155395507812500 HTTP/1.1" 200 448 "-" "WordPress/6.3.8; https://serhatburke.miroglu.net"
103.219.169.211 - - [18/Apr/2026:22:50:42 +0300] "POST /xmlrpc.php HTTP/1.1" 200 630 "-" "Mozilla/5.0 (Windows NT 10.0; Win64; x64) AppleWebKit/537.36 (KHTML, like Gecko) Chrome/114.0.0.0 Safari/537.36"
185.153.197.91 - - [18/Apr/2026:22:50:52 +0300] "POST /xmlrpc.php HTTP/1.1" 200 630 "-" "Mozilla/5.0 (Windows NT 10.0; Win64; x64) AppleWebKit/537.36 (KHTML, like Gecko) Chrome/114.0.0.0 Safari/537.36"
103.219.169.211 - - [18/Apr/2026:22:51:01 +0300] "POST /xmlrpc.php HTTP/1.1" 200 14285 "-" "Mozilla/5.0 (Windows NT 10.0; Win64; x64) AppleWebKit/537.36 (KHTML, like Gecko) Chrome/114.0.0.0 Safari/537.36"
185.153.197.91 - - [18/Apr/2026:22:51:19 +0300] "POST /xmlrpc.php HTTP/1.1" 200 8493 "-" "Mozilla/5.0 (Windows NT 10.0; Win64; x64) AppleWebKit/537.36 (KHTML, like Gecko) Chrome/114.0.0.0 Safari/537.36"
103.219.169.211 - - [18/Apr/2026:22:51:17 +0300] "GET /f1-race-today-australian-huge-prix-2026-begin-times-agenda-television-station-and-you-may-free-alive-weight/ HTTP/1.1" 200 76480 "-" "Mozilla/5.0 (Windows NT 10.0; rv:109.0) Gecko/20100101 Firefox/115.0"
185.153.197.91 - - [18/Apr/2026:22:51:34 +0300] "GET /whats-the-top-on-line-casino-into-the-nj-new-jersey/ HTTP/1.1" 200 69425 "-" "Mozilla/5.0 (Windows NT 10.0; Win64; x64) AppleWebKit/537.36 (KHTML, like Gecko) Chrome/123.0.0.0 Safari/537.36"
185.216.113.70 - - [18/Apr/2026:22:52:18 +0300] "POST /wp-cron.php?doing_wp_cron=1776541937.9081730842590332031250 HTTP/1.1" 200 448 "-" "WordPress/6.3.8; https://serhatburke.miroglu.net"
98.98.197.178 - - [18/Apr/2026:22:52:05 +0300] "POST /xmlrpc.php HTTP/1.1" 200 630 "-" "Mozilla/5.0 (Windows NT 10.0; Win64; x64) AppleWebKit/537.36 (KHTML, like Gecko) Chrome/114.0.0.0 Safari/537.36"
98.98.197.178 - - [18/Apr/2026:22:52:24 +0300] "POST /xmlrpc.php HTTP/1.1" 200 14047 "-" "Mozilla/5.0 (Windows NT 10.0; Win64; x64) AppleWebKit/537.36 (KHTML, like Gecko) Chrome/114.0.0.0 Safari/537.36"
185.216.113.70 - - [18/Apr/2026:22:52:49 +0300] "POST /wp-cron.php?doing_wp_cron=1776541969.7510969638824462890625 HTTP/1.1" 200 448 "-" "WordPress/6.3.8; https://serhatburke.miroglu.net"
98.98.197.178 - - [18/Apr/2026:22:52:37 +0300] "GET /vergleiche-diese-besten-5-casinos-via-quick-win-einzahlungsbonus-maklercourtage/ HTTP/1.1" 200 75891 "-" "Mozilla/5.0 (Windows NT 10.0; Win64; x64) AppleWebKit/537.36 (KHTML, like Gecko) Chrome/124.0.0.0 Safari/537.36 Edg/124.0.0.0"
185.153.197.91 - - [18/Apr/2026:22:52:46 +0300] "POST /xmlrpc.php HTTP/1.1" 200 630 "-" "Mozilla/5.0 (Windows NT 10.0; Win64; x64) AppleWebKit/537.36 (KHTML, like Gecko) Chrome/114.0.0.0 Safari/537.36"
57.128.22.95 - - [18/Apr/2026:22:52:49 +0300] "GET /zotabet-casino-bonus-premier-depot-2026/ HTTP/1.1" 200 18530 "-" "Mozilla/5.0 (compatible; Googlebot/2.1; +http://www.google.com/bot.html)"
185.153.197.91 - - [18/Apr/2026:22:53:10 +0300] "POST /xmlrpc.php HTTP/1.1" 200 9363 "-" "Mozilla/5.0 (Windows NT 10.0; Win64; x64) AppleWebKit/537.36 (KHTML, like Gecko) Chrome/114.0.0.0 Safari/537.36"
103.219.169.211 - - [18/Apr/2026:22:53:13 +0300] "POST /xmlrpc.php HTTP/1.1" 200 630 "-" "Mozilla/5.0 (Windows NT 10.0; Win64; x64) AppleWebKit/537.36 (KHTML, like Gecko) Chrome/114.0.0.0 Safari/537.36"
185.153.197.91 - - [18/Apr/2026:22:53:22 +0300] "GET /it-undertake-traditional-tips-for-example-lender-cables-and-you-can-playing-cards-and-then-have-smaller-possibilities-instance-e-purses/ HTTP/1.1" 200 72390 "-" "Mozilla/5.0 (Windows NT 10.0; Win64; x64; rv:125.0) Gecko/20100101 Firefox/125.0"
185.216.113.70 - - [18/Apr/2026:22:53:56 +0300] "POST /wp-cron.php?doing_wp_cron=1776542036.1303319931030273437500 HTTP/1.1" 200 448 "-" "WordPress/6.3.8; https://serhatburke.miroglu.net"
103.219.169.211 - - [18/Apr/2026:22:53:32 +0300] "POST /xmlrpc.php HTTP/1.1" 200 14294 "-" "Mozilla/5.0 (Windows NT 10.0; Win64; x64) AppleWebKit/537.36 (KHTML, like Gecko) Chrome/114.0.0.0 Safari/537.36"
45.125.245.116 - - [18/Apr/2026:22:53:33 +0300] "GET /28563-2/ HTTP/1.1" 200 18760 "https://serhatburke.miroglu.net/" "Mozilla/5.0 (Macintosh; Intel Mac OS X 10_15_7) AppleWebKit/537.36 (KHTML, like Gecko) Chrome/139.0.0.0 Safari/537.36"
98.98.33.56 - - [18/Apr/2026:22:53:34 +0300] "POST /xmlrpc.php HTTP/1.1" 200 630 "-" "Mozilla/5.0 (Windows NT 10.0; Win64; x64) AppleWebKit/537.36 (KHTML, like Gecko) Chrome/114.0.0.0 Safari/537.36"
45.125.245.116 - - [18/Apr/2026:22:53:58 +0300] "GET /wp-includes/css/dist/block-library/style.min.css?ver=6.3.8 HTTP/1.1" 200 13578 "https://serhatburke.miroglu.net/28563-2/" "Mozilla/5.0 (Windows NT 10.0; Win64; x64) AppleWebKit/537.36 (KHTML, like Gecko) Chrome/145.0.0.0 Safari/537.36"
45.125.245.116 - - [18/Apr/2026:22:54:00 +0300] "GET /wp-content/plugins/contact-form-7/includes/css/styles.css?ver=5.8 HTTP/1.1" 200 1490 "https://serhatburke.miroglu.net/28563-2/" "Mozilla/5.0 (Windows NT 10.0; Win64; x64) AppleWebKit/537.36 (KHTML, like Gecko) Chrome/145.0.0.0 Safari/537.36"
45.125.245.116 - - [18/Apr/2026:22:54:01 +0300] "GET /wp-content/themes/toppic/css/fontello.css?ver=4.2 HTTP/1.1" 200 1802 "https://serhatburke.miroglu.net/28563-2/" "Mozilla/5.0 (Windows NT 10.0; Win64; x64) AppleWebKit/537.36 (KHTML, like Gecko) Chrome/145.0.0.0 Safari/537.36"
45.125.245.116 - - [18/Apr/2026:22:54:03 +0300] "GET /wp-content/themes/toppic/css/reset.css?ver=4.2 HTTP/1.1" 200 1178 "https://serhatburke.miroglu.net/28563-2/" "Mozilla/5.0 (Windows NT 10.0; Win64; x64) AppleWebKit/537.36 (KHTML, like Gecko) Chrome/145.0.0.0 Safari/537.36"
45.125.245.116 - - [18/Apr/2026:22:54:04 +0300] "GET /wp-content/themes/toppic/css/default.css?ver=4.2 HTTP/1.1" 200 1811 "https://serhatburke.miroglu.net/28563-2/" "Mozilla/5.0 (Windows NT 10.0; Win64; x64) AppleWebKit/537.36 (KHTML, like Gecko) Chrome/145.0.0.0 Safari/537.36"
45.125.245.116 - - [18/Apr/2026:22:54:05 +0300] "GET /wp-content/themes/toppic/style.css?ver=4.2 HTTP/1.1" 200 23398 "https://serhatburke.miroglu.net/28563-2/" "Mozilla/5.0 (Windows NT 10.0; Win64; x64) AppleWebKit/537.36 (KHTML, like Gecko) Chrome/145.0.0.0 Safari/537.36"
45.125.245.116 - - [18/Apr/2026:22:54:07 +0300] "GET /wp-content/themes/toppic/css/royalslider.css?ver=4.2 HTTP/1.1" 200 1887 "https://serhatburke.miroglu.net/28563-2/" "Mozilla/5.0 (Windows NT 10.0; Win64; x64) AppleWebKit/537.36 (KHTML, like Gecko) Chrome/145.0.0.0 Safari/537.36"
45.125.245.116 - - [18/Apr/2026:22:54:08 +0300] "GET /wp-content/themes/toppic/css/rs-default.css?ver=4.2 HTTP/1.1" 200 2625 "https://serhatburke.miroglu.net/28563-2/" "Mozilla/5.0 (Windows NT 10.0; Win64; x64) AppleWebKit/537.36 (KHTML, like Gecko) Chrome/145.0.0.0 Safari/537.36"
45.125.245.116 - - [18/Apr/2026:22:54:10 +0300] "GET /wp-content/themes/toppic/css/lightbox.css?ver=4.2 HTTP/1.1" 200 2956 "https://serhatburke.miroglu.net/28563-2/" "Mozilla/5.0 (Windows NT 10.0; Win64; x64) AppleWebKit/537.36 (KHTML, like Gecko) Chrome/145.0.0.0 Safari/537.36"
45.125.245.116 - - [18/Apr/2026:22:54:11 +0300] "GET /wp-content/themes/toppic/css/woocommerce.css?ver=4.2 HTTP/1.1" 200 2848 "https://serhatburke.miroglu.net/28563-2/" "Mozilla/5.0 (Windows NT 10.0; Win64; x64) AppleWebKit/537.36 (KHTML, like Gecko) Chrome/145.0.0.0 Safari/537.36"
45.125.245.116 - - [18/Apr/2026:22:54:13 +0300] "GET /wp-content/themes/toppic/css/responsive.css?ver=4.2 HTTP/1.1" 200 2796 "https://serhatburke.miroglu.net/28563-2/" "Mozilla/5.0 (Windows NT 10.0; Win64; x64) AppleWebKit/537.36 (KHTML, like Gecko) Chrome/145.0.0.0 Safari/537.36"
103.219.169.211 - - [18/Apr/2026:22:53:58 +0300] "GET /better-pga-gambling-internet-sites-in-america-wager-on-golf-on-the-internet-2025/ HTTP/1.1" 200 75797 "-" "Mozilla/5.0 (Windows NT 10.0; rv:125.0) Gecko/20100101 Firefox/125.0"
98.98.33.56 - - [18/Apr/2026:22:54:02 +0300] "POST /xmlrpc.php HTTP/1.1" 200 14313 "-" "Mozilla/5.0 (Windows NT 10.0; Win64; x64) AppleWebKit/537.36 (KHTML, like Gecko) Chrome/114.0.0.0 Safari/537.36"
185.153.197.91 - - [18/Apr/2026:22:54:08 +0300] "POST /xmlrpc.php HTTP/1.1" 200 630 "-" "Mozilla/5.0 (Windows NT 10.0; Win64; x64) AppleWebKit/537.36 (KHTML, like Gecko) Chrome/114.0.0.0 Safari/537.36"
45.125.245.116 - - [18/Apr/2026:22:54:14 +0300] "POST /wp-comments-post.php HTTP/1.1" 302 1055 "https://serhatburke.miroglu.net/28563-2/" "Mozilla/5.0 (Macintosh; Intel Mac OS X 10_15_7) AppleWebKit/537.36 (KHTML, like Gecko) Chrome/139.0.0.0 Safari/537.36"
98.98.33.56 - - [18/Apr/2026:22:54:29 +0300] "GET /salle-de-jeu-770-salle-de-jeu-un-mrbet-canada-en-direct-peu/ HTTP/1.1" 200 75258 "-" "Mozilla/5.0 (Windows NT 10.0; rv:109.0) Gecko/20100101 Firefox/115.0"
185.153.197.91 - - [18/Apr/2026:22:54:37 +0300] "POST /xmlrpc.php HTTP/1.1" 200 8968 "-" "Mozilla/5.0 (Windows NT 10.0; Win64; x64) AppleWebKit/537.36 (KHTML, like Gecko) Chrome/114.0.0.0 Safari/537.36"
45.125.245.116 - - [18/Apr/2026:22:54:37 +0300] "GET /28563-2/?unapproved=491&moderation-hash=fdaca654b54a3b07a2ea754dfef0d5ce HTTP/1.1" 200 19213 "https://serhatburke.miroglu.net/wp-comments-post.php" "Mozilla/5.0 (Macintosh; Intel Mac OS X 10_15_7) AppleWebKit/537.36 (KHTML, like Gecko) Chrome/139.0.0.0 Safari/537.36"
103.182.174.205 - - [18/Apr/2026:22:54:53 +0300] "GET /wp-login.php HTTP/2" 200 0 "-" "Mozilla/5.0 (Windows NT 10.0; Win64; x64) AppleWebKit/537.36"
45.125.245.116 - - [18/Apr/2026:22:54:53 +0300] "GET /28563-2/ HTTP/1.1" 200 18715 "-" "Mozilla/5.0 (compatible; Googlebot/2.1; +http://www.google.com/bot.html)"
185.153.197.91 - - [18/Apr/2026:22:54:53 +0300] "GET /rating-100-100-free-revolves-once-you-play-10-4/ HTTP/1.1" 200 69917 "-" "Mozilla/5.0 (Windows NT 10.0; Win64; x64) AppleWebKit/537.36 (KHTML, like Gecko) Chrome/122.0.0.0 Safari/537.36"
98.98.197.178 - - [18/Apr/2026:22:55:01 +0300] "POST /xmlrpc.php HTTP/1.1" 200 630 "-" "Mozilla/5.0 (Windows NT 10.0; Win64; x64) AppleWebKit/537.36 (KHTML, like Gecko) Chrome/114.0.0.0 Safari/537.36"
179.42.182.48 - - [18/Apr/2026:22:55:24 +0300] "GET /wp-login.php HTTP/2" 200 3538 "-" "Mozilla/5.0 (Windows NT 10.0; Win64; x64) AppleWebKit/537.36"
185.216.113.70 - - [18/Apr/2026:22:55:39 +0300] "POST /wp-cron.php?doing_wp_cron=1776542139.1036839485168457031250 HTTP/1.1" 200 448 "-" "WordPress/6.3.8; https://serhatburke.miroglu.net"
103.219.169.211 - - [18/Apr/2026:22:55:24 +0300] "POST /xmlrpc.php HTTP/1.1" 200 630 "-" "Mozilla/5.0 (Windows NT 10.0; Win64; x64) AppleWebKit/537.36 (KHTML, like Gecko) Chrome/114.0.0.0 Safari/537.36"
98.98.197.178 - - [18/Apr/2026:22:55:32 +0300] "POST /xmlrpc.php HTTP/1.1" 200 13978 "-" "Mozilla/5.0 (Windows NT 10.0; Win64; x64) AppleWebKit/537.36 (KHTML, like Gecko) Chrome/114.0.0.0 Safari/537.36"
179.42.182.48 - - [18/Apr/2026:22:55:39 +0300] "POST /wp-login.php HTTP/2" 302 0 "https://serhatburke.miroglu.net/wp-login.php" "Mozilla/5.0 (Windows NT 10.0; Win64; x64) AppleWebKit/537.36"
103.219.169.211 - - [18/Apr/2026:22:55:46 +0300] "POST /xmlrpc.php HTTP/1.1" 200 13990 "-" "Mozilla/5.0 (Windows NT 10.0; Win64; x64) AppleWebKit/537.36 (KHTML, like Gecko) Chrome/114.0.0.0 Safari/537.36"
185.153.197.91 - - [18/Apr/2026:22:55:56 +0300] "POST /xmlrpc.php HTTP/1.1" 200 630 "-" "Mozilla/5.0 (Windows NT 10.0; Win64; x64) AppleWebKit/537.36 (KHTML, like Gecko) Chrome/114.0.0.0 Safari/537.36"
98.98.197.178 - - [18/Apr/2026:22:55:52 +0300] "GET /william-hill-kasino-erfahrungen-2026-pramie-mehr-infos-erhalten-spiele/ HTTP/1.1" 200 75615 "-" "Mozilla/5.0 (Windows NT 10.0; Win64; x64; rv:124.0) Gecko/20100101 Firefox/124.0"
103.219.169.211 - - [18/Apr/2026:22:56:11 +0300] "GET /greatest-pga-gaming-sites-in-the-usa-bet-on-tennis-on-the-internet-2025/ HTTP/1.1" 200 75440 "-" "Mozilla/5.0 (Windows NT 10.0; Win64; x64; rv:124.0) Gecko/20100101 Firefox/124.0"
185.153.197.91 - - [18/Apr/2026:22:56:23 +0300] "POST /xmlrpc.php HTTP/1.1" 200 12720 "-" "Mozilla/5.0 (Windows NT 10.0; Win64; x64) AppleWebKit/537.36 (KHTML, like Gecko) Chrome/114.0.0.0 Safari/537.36"
185.216.113.70 - - [18/Apr/2026:22:56:50 +0300] "POST /wp-cron.php?doing_wp_cron=1776542210.8740971088409423828125 HTTP/1.1" 200 448 "-" "WordPress/6.3.8; https://serhatburke.miroglu.net"
185.153.197.91 - - [18/Apr/2026:22:56:37 +0300] "GET /national-gambling-enterprise-%EF%BF%BD-better-online-casino-into-the-the-latest-zealand-to-own-2025/ HTTP/1.1" 200 74639 "-" "Mozilla/5.0 (Windows NT 10.0; Win64; x64) AppleWebKit/537.36 (KHTML, like Gecko) Chrome/122.0.0.0 Safari/537.36"
185.191.206.81 - - [18/Apr/2026:22:56:24 +0300] "POST /xmlrpc.php HTTP/1.1" 200 630 "-" "Mozilla/5.0 (Windows NT 10.0; Win64; x64) AppleWebKit/537.36 (KHTML, like Gecko) Chrome/114.0.0.0 Safari/537.36"
98.98.33.56 - - [18/Apr/2026:22:56:53 +0300] "POST /xmlrpc.php HTTP/1.1" 200 630 "-" "Mozilla/5.0 (Windows NT 10.0; Win64; x64) AppleWebKit/537.36 (KHTML, like Gecko) Chrome/114.0.0.0 Safari/537.36"
51.83.243.160 - - [18/Apr/2026:22:56:56 +0300] "GET / HTTP/2" 200 16629 "-" "Mozilla/5.0 (Windows NT 10.0; Win64; x64) AppleWebKit/537.36 (KHTML, like Gecko) Chrome/122.0.0.0 Safari/537.36 Edg/122.0.0.0"
51.83.243.160 - - [18/Apr/2026:22:57:16 +0300] "GET /wp-includes/css/dist/block-library/style.min.css?ver=6.3.8 HTTP/2" 200 12962 "https://serhatburke.miroglu.net/" "Mozilla/5.0 (Windows NT 10.0; Win64; x64) AppleWebKit/537.36 (KHTML, like Gecko) Chrome/122.0.0.0 Safari/537.36 Edg/122.0.0.0"
51.83.243.160 - - [18/Apr/2026:22:57:16 +0300] "GET /wp-content/plugins/contact-form-7/includes/css/styles.css?ver=5.8 HTTP/2" 200 878 "https://serhatburke.miroglu.net/" "Mozilla/5.0 (Windows NT 10.0; Win64; x64) AppleWebKit/537.36 (KHTML, like Gecko) Chrome/122.0.0.0 Safari/537.36 Edg/122.0.0.0"
51.83.243.160 - - [18/Apr/2026:22:57:16 +0300] "GET /wp-content/themes/toppic/css/fontello.css?ver=4.2 HTTP/2" 200 1188 "https://serhatburke.miroglu.net/" "Mozilla/5.0 (Windows NT 10.0; Win64; x64) AppleWebKit/537.36 (KHTML, like Gecko) Chrome/122.0.0.0 Safari/537.36 Edg/122.0.0.0"
51.83.243.160 - - [18/Apr/2026:22:57:16 +0300] "GET /wp-content/themes/toppic/css/reset.css?ver=4.2 HTTP/2" 200 566 "https://serhatburke.miroglu.net/" "Mozilla/5.0 (Windows NT 10.0; Win64; x64) AppleWebKit/537.36 (KHTML, like Gecko) Chrome/122.0.0.0 Safari/537.36 Edg/122.0.0.0"
51.83.243.160 - - [18/Apr/2026:22:57:16 +0300] "GET /wp-content/themes/toppic/css/default.css?ver=4.2 HTTP/2" 200 1198 "https://serhatburke.miroglu.net/" "Mozilla/5.0 (Windows NT 10.0; Win64; x64) AppleWebKit/537.36 (KHTML, like Gecko) Chrome/122.0.0.0 Safari/537.36 Edg/122.0.0.0"
51.83.243.160 - - [18/Apr/2026:22:57:16 +0300] "GET /wp-content/themes/toppic/style.css?ver=4.2 HTTP/2" 200 22783 "https://serhatburke.miroglu.net/" "Mozilla/5.0 (Windows NT 10.0; Win64; x64) AppleWebKit/537.36 (KHTML, like Gecko) Chrome/122.0.0.0 Safari/537.36 Edg/122.0.0.0"
51.83.243.160 - - [18/Apr/2026:22:57:16 +0300] "GET /wp-content/themes/toppic/css/royalslider.css?ver=4.2 HTTP/2" 200 1273 "https://serhatburke.miroglu.net/" "Mozilla/5.0 (Windows NT 10.0; Win64; x64) AppleWebKit/537.36 (KHTML, like Gecko) Chrome/122.0.0.0 Safari/537.36 Edg/122.0.0.0"
51.83.243.160 - - [18/Apr/2026:22:57:16 +0300] "GET /wp-content/themes/toppic/css/rs-default.css?ver=4.2 HTTP/2" 200 2011 "https://serhatburke.miroglu.net/" "Mozilla/5.0 (Windows NT 10.0; Win64; x64) AppleWebKit/537.36 (KHTML, like Gecko) Chrome/122.0.0.0 Safari/537.36 Edg/122.0.0.0"
51.83.243.160 - - [18/Apr/2026:22:57:16 +0300] "GET /wp-content/themes/toppic/css/lightbox.css?ver=4.2 HTTP/2" 200 2342 "https://serhatburke.miroglu.net/" "Mozilla/5.0 (Windows NT 10.0; Win64; x64) AppleWebKit/537.36 (KHTML, like Gecko) Chrome/122.0.0.0 Safari/537.36 Edg/122.0.0.0"
51.83.243.160 - - [18/Apr/2026:22:57:16 +0300] "GET /wp-content/themes/toppic/css/woocommerce.css?ver=4.2 HTTP/2" 200 2234 "https://serhatburke.miroglu.net/" "Mozilla/5.0 (Windows NT 10.0; Win64; x64) AppleWebKit/537.36 (KHTML, like Gecko) Chrome/122.0.0.0 Safari/537.36 Edg/122.0.0.0"
51.83.243.160 - - [18/Apr/2026:22:57:17 +0300] "GET /wp-content/themes/toppic/css/responsive.css?ver=4.2 HTTP/2" 200 2182 "https://serhatburke.miroglu.net/" "Mozilla/5.0 (Windows NT 10.0; Win64; x64) AppleWebKit/537.36 (KHTML, like Gecko) Chrome/122.0.0.0 Safari/537.36 Edg/122.0.0.0"
51.83.243.160 - - [18/Apr/2026:22:57:17 +0300] "GET /wp-includes/js/jquery/jquery.min.js?ver=3.7.0 HTTP/2" 200 29712 "https://serhatburke.miroglu.net/" "Mozilla/5.0 (Windows NT 10.0; Win64; x64) AppleWebKit/537.36 (KHTML, like Gecko) Chrome/122.0.0.0 Safari/537.36 Edg/122.0.0.0"
51.83.243.160 - - [18/Apr/2026:22:57:17 +0300] "GET /wp-includes/js/jquery/jquery-migrate.min.js?ver=3.4.1 HTTP/2" 200 4678 "https://serhatburke.miroglu.net/" "Mozilla/5.0 (Windows NT 10.0; Win64; x64) AppleWebKit/537.36 (KHTML, like Gecko) Chrome/122.0.0.0 Safari/537.36 Edg/122.0.0.0"
51.83.243.160 - - [18/Apr/2026:22:57:17 +0300] "GET /wp-content/plugins/roses-like-this/likesScript.js?ver=6.3.8 HTTP/2" 200 619 "https://serhatburke.miroglu.net/" "Mozilla/5.0 (Windows NT 10.0; Win64; x64) AppleWebKit/537.36 (KHTML, like Gecko) Chrome/122.0.0.0 Safari/537.36 Edg/122.0.0.0"
51.83.243.160 - - [18/Apr/2026:22:57:17 +0300] "GET /wp-content/plugins/google-analytics-for-wordpress/assets/js/frontend-gtag.min.js?ver=10.1.2 HTTP/2" 200 3071 "https://serhatburke.miroglu.net/" "Mozilla/5.0 (Windows NT 10.0; Win64; x64) AppleWebKit/537.36 (KHTML, like Gecko) Chrome/122.0.0.0 Safari/537.36 Edg/122.0.0.0"
51.83.243.160 - - [18/Apr/2026:22:57:18 +0300] "GET /wp-content/plugins/contact-form-7/includes/swv/js/index.js?ver=5.8 HTTP/2" 200 3061 "https://serhatburke.miroglu.net/" "Mozilla/5.0 (Windows NT 10.0; Win64; x64) AppleWebKit/537.36 (KHTML, like Gecko) Chrome/122.0.0.0 Safari/537.36 Edg/122.0.0.0"
51.83.243.160 - - [18/Apr/2026:22:57:19 +0300] "GET /wp-content/plugins/contact-form-7/includes/js/index.js?ver=5.8 HTTP/2" 200 3918 "https://serhatburke.miroglu.net/" "Mozilla/5.0 (Windows NT 10.0; Win64; x64) AppleWebKit/537.36 (KHTML, like Gecko) Chrome/122.0.0.0 Safari/537.36 Edg/122.0.0.0"
51.83.243.160 - - [18/Apr/2026:22:57:19 +0300] "GET /wp-content/themes/toppic/js/jquery.parallax.custom.js?ver=4.2 HTTP/2" 200 720 "https://serhatburke.miroglu.net/" "Mozilla/5.0 (Windows NT 10.0; Win64; x64) AppleWebKit/537.36 (KHTML, like Gecko) Chrome/122.0.0.0 Safari/537.36 Edg/122.0.0.0"
51.83.243.160 - - [18/Apr/2026:22:57:19 +0300] "GET /wp-content/themes/toppic/js/jquery.mtree.js?ver=4.2 HTTP/2" 200 883 "https://serhatburke.miroglu.net/" "Mozilla/5.0 (Windows NT 10.0; Win64; x64) AppleWebKit/537.36 (KHTML, like Gecko) Chrome/122.0.0.0 Safari/537.36 Edg/122.0.0.0"
51.83.243.160 - - [18/Apr/2026:22:57:19 +0300] "GET /wp-content/themes/toppic/js/jquery.tipsy.js?ver=4.2 HTTP/2" 200 829 "https://serhatburke.miroglu.net/" "Mozilla/5.0 (Windows NT 10.0; Win64; x64) AppleWebKit/537.36 (KHTML, like Gecko) Chrome/122.0.0.0 Safari/537.36 Edg/122.0.0.0"
51.83.243.160 - - [18/Apr/2026:22:57:19 +0300] "GET /wp-content/themes/toppic/js/jquery.transit.min.js?ver=4.2 HTTP/2" 200 2624 "https://serhatburke.miroglu.net/" "Mozilla/5.0 (Windows NT 10.0; Win64; x64) AppleWebKit/537.36 (KHTML, like Gecko) Chrome/122.0.0.0 Safari/537.36 Edg/122.0.0.0"
51.83.243.160 - - [18/Apr/2026:22:57:19 +0300] "GET /wp-content/themes/toppic/js/scrollMonitor.js?ver=4.2 HTTP/2" 200 2538 "https://serhatburke.miroglu.net/" "Mozilla/5.0 (Windows NT 10.0; Win64; x64) AppleWebKit/537.36 (KHTML, like Gecko) Chrome/122.0.0.0 Safari/537.36 Edg/122.0.0.0"
51.83.243.160 - - [18/Apr/2026:22:57:19 +0300] "GET /wp-content/themes/toppic/js/jquery.touchswipe.js?ver=4.2 HTTP/2" 200 4734 "https://serhatburke.miroglu.net/" "Mozilla/5.0 (Windows NT 10.0; Win64; x64) AppleWebKit/537.36 (KHTML, like Gecko) Chrome/122.0.0.0 Safari/537.36 Edg/122.0.0.0"
51.83.243.160 - - [18/Apr/2026:22:57:19 +0300] "GET /wp-content/themes/toppic/js/jquery.modernizr.custom.js?ver=4.2 HTTP/2" 200 2892 "https://serhatburke.miroglu.net/" "Mozilla/5.0 (Windows NT 10.0; Win64; x64) AppleWebKit/537.36 (KHTML, like Gecko) Chrome/122.0.0.0 Safari/537.36 Edg/122.0.0.0"
51.83.243.160 - - [18/Apr/2026:22:57:19 +0300] "GET /wp-content/uploads/2023/08/LOGO-1.png HTTP/2" 200 5530 "https://serhatburke.miroglu.net/" "Mozilla/5.0 (Windows NT 10.0; Win64; x64) AppleWebKit/537.36 (KHTML, like Gecko) Chrome/122.0.0.0 Safari/537.36 Edg/122.0.0.0"
51.83.243.160 - - [18/Apr/2026:22:57:19 +0300] "GET /wp-content/themes/toppic/js/jquery.kenb.js?ver=4.2 HTTP/2" 200 1252 "https://serhatburke.miroglu.net/" "Mozilla/5.0 (Windows NT 10.0; Win64; x64) AppleWebKit/537.36 (KHTML, like Gecko) Chrome/122.0.0.0 Safari/537.36 Edg/122.0.0.0"
51.83.243.160 - - [18/Apr/2026:22:57:19 +0300] "GET /wp-content/themes/toppic/js/jquery.royalslider.min.js?ver=4.2 HTTP/2" 200 18024 "https://serhatburke.miroglu.net/" "Mozilla/5.0 (Windows NT 10.0; Win64; x64) AppleWebKit/537.36 (KHTML, like Gecko) Chrome/122.0.0.0 Safari/537.36 Edg/122.0.0.0"
51.83.243.160 - - [18/Apr/2026:22:57:19 +0300] "GET /wp-content/themes/toppic/css/font/fontello.woff2?64692809 HTTP/2" 200 8356 "https://serhatburke.miroglu.net/wp-content/themes/toppic/css/fontello.css?ver=4.2" "Mozilla/5.0 (Windows NT 10.0; Win64; x64) AppleWebKit/537.36 (KHTML, like Gecko) Chrome/122.0.0.0 Safari/537.36 Edg/122.0.0.0"
51.83.243.160 - - [18/Apr/2026:22:57:20 +0300] "GET /wp-content/themes/toppic/js/jquery.magnific-popup.min.js?ver=4.2 HTTP/2" 200 7278 "https://serhatburke.miroglu.net/" "Mozilla/5.0 (Windows NT 10.0; Win64; x64) AppleWebKit/537.36 (KHTML, like Gecko) Chrome/122.0.0.0 Safari/537.36 Edg/122.0.0.0"
51.83.243.160 - - [18/Apr/2026:22:57:21 +0300] "GET /wp-content/themes/toppic/js/lazysizes.min.js?ver=4.2 HTTP/2" 200 3175 "https://serhatburke.miroglu.net/" "Mozilla/5.0 (Windows NT 10.0; Win64; x64) AppleWebKit/537.36 (KHTML, like Gecko) Chrome/122.0.0.0 Safari/537.36 Edg/122.0.0.0"
51.83.243.160 - - [18/Apr/2026:22:57:21 +0300] "GET /wp-content/themes/toppic/js/jquery.custom.js?ver=4.2 HTTP/2" 200 8215 "https://serhatburke.miroglu.net/" "Mozilla/5.0 (Windows NT 10.0; Win64; x64) AppleWebKit/537.36 (KHTML, like Gecko) Chrome/122.0.0.0 Safari/537.36 Edg/122.0.0.0"
