191.84.226.37 - - [18/Apr/2026:23:29:38 +0300] "GET /wp-admin/ HTTP/2" 200 27729 "https://serhatburke.miroglu.net/wp-login.php" "Mozilla/5.0 (Windows NT 10.0; Win64; x64) AppleWebKit/537.36"
186.179.42.145 - - [18/Apr/2026:23:29:41 +0300] "GET /beste-casino-site-belgie-hoge-inzet/ HTTP/1.1" 200 18595 "https://serhatburke.miroglu.net/" "Mozilla/5.0 (Linux x86_64; rv:114.0) Gecko/20100101 Firefox/114.0"
186.179.42.145 - - [18/Apr/2026:23:30:00 +0300] "GET /wp-includes/css/dist/block-library/style.min.css?ver=6.3.8 HTTP/1.1" 200 13578 "https://serhatburke.miroglu.net/beste-casino-site-belgie-hoge-inzet/" "Mozilla/5.0 (Windows NT 10.0; Win64; x64) AppleWebKit/537.36 (KHTML, like Gecko) Chrome/143.0.0.0 Safari/537.36"
186.179.42.145 - - [18/Apr/2026:23:30:02 +0300] "GET /wp-content/plugins/contact-form-7/includes/css/styles.css?ver=5.8 HTTP/1.1" 200 1490 "https://serhatburke.miroglu.net/beste-casino-site-belgie-hoge-inzet/" "Mozilla/5.0 (Windows NT 10.0; Win64; x64) AppleWebKit/537.36 (KHTML, like Gecko) Chrome/143.0.0.0 Safari/537.36"
186.179.42.145 - - [18/Apr/2026:23:30:04 +0300] "GET /wp-content/themes/toppic/css/fontello.css?ver=4.2 HTTP/1.1" 200 1802 "https://serhatburke.miroglu.net/beste-casino-site-belgie-hoge-inzet/" "Mozilla/5.0 (Windows NT 10.0; Win64; x64) AppleWebKit/537.36 (KHTML, like Gecko) Chrome/143.0.0.0 Safari/537.36"
191.84.226.37 - - [18/Apr/2026:23:29:53 +0300] "GET /wp-admin/ HTTP/2" 200 244021 "-" "Mozilla/5.0 (Windows NT 10.0; Win64; x64) AppleWebKit/537.36"
186.179.42.145 - - [18/Apr/2026:23:30:06 +0300] "GET /wp-content/themes/toppic/css/reset.css?ver=4.2 HTTP/1.1" 200 1178 "https://serhatburke.miroglu.net/beste-casino-site-belgie-hoge-inzet/" "Mozilla/5.0 (Windows NT 10.0; Win64; x64) AppleWebKit/537.36 (KHTML, like Gecko) Chrome/143.0.0.0 Safari/537.36"
186.179.42.145 - - [18/Apr/2026:23:30:07 +0300] "GET /wp-content/themes/toppic/css/default.css?ver=4.2 HTTP/1.1" 200 1811 "https://serhatburke.miroglu.net/beste-casino-site-belgie-hoge-inzet/" "Mozilla/5.0 (Windows NT 10.0; Win64; x64) AppleWebKit/537.36 (KHTML, like Gecko) Chrome/143.0.0.0 Safari/537.36"
186.179.42.145 - - [18/Apr/2026:23:30:09 +0300] "GET /wp-content/themes/toppic/style.css?ver=4.2 HTTP/1.1" 200 23398 "https://serhatburke.miroglu.net/beste-casino-site-belgie-hoge-inzet/" "Mozilla/5.0 (Windows NT 10.0; Win64; x64) AppleWebKit/537.36 (KHTML, like Gecko) Chrome/143.0.0.0 Safari/537.36"
186.179.42.145 - - [18/Apr/2026:23:30:11 +0300] "GET /wp-content/themes/toppic/css/royalslider.css?ver=4.2 HTTP/1.1" 200 1887 "https://serhatburke.miroglu.net/beste-casino-site-belgie-hoge-inzet/" "Mozilla/5.0 (Windows NT 10.0; Win64; x64) AppleWebKit/537.36 (KHTML, like Gecko) Chrome/143.0.0.0 Safari/537.36"
186.179.42.145 - - [18/Apr/2026:23:30:12 +0300] "GET /wp-content/themes/toppic/css/rs-default.css?ver=4.2 HTTP/1.1" 200 2625 "https://serhatburke.miroglu.net/beste-casino-site-belgie-hoge-inzet/" "Mozilla/5.0 (Windows NT 10.0; Win64; x64) AppleWebKit/537.36 (KHTML, like Gecko) Chrome/143.0.0.0 Safari/537.36"
186.179.42.145 - - [18/Apr/2026:23:30:14 +0300] "GET /wp-content/themes/toppic/css/lightbox.css?ver=4.2 HTTP/1.1" 200 2956 "https://serhatburke.miroglu.net/beste-casino-site-belgie-hoge-inzet/" "Mozilla/5.0 (Windows NT 10.0; Win64; x64) AppleWebKit/537.36 (KHTML, like Gecko) Chrome/143.0.0.0 Safari/537.36"
186.179.42.145 - - [18/Apr/2026:23:30:16 +0300] "GET /wp-content/themes/toppic/css/woocommerce.css?ver=4.2 HTTP/1.1" 200 2848 "https://serhatburke.miroglu.net/beste-casino-site-belgie-hoge-inzet/" "Mozilla/5.0 (Windows NT 10.0; Win64; x64) AppleWebKit/537.36 (KHTML, like Gecko) Chrome/143.0.0.0 Safari/537.36"
186.179.42.145 - - [18/Apr/2026:23:30:17 +0300] "GET /wp-content/themes/toppic/css/responsive.css?ver=4.2 HTTP/1.1" 200 2796 "https://serhatburke.miroglu.net/beste-casino-site-belgie-hoge-inzet/" "Mozilla/5.0 (Windows NT 10.0; Win64; x64) AppleWebKit/537.36 (KHTML, like Gecko) Chrome/143.0.0.0 Safari/537.36"
191.84.226.37 - - [18/Apr/2026:23:30:07 +0300] "POST /wp-json/wp/v2/posts HTTP/2" 201 3451 "-" "Mozilla/5.0 (Windows NT 10.0; Win64; x64) AppleWebKit/537.36"
186.179.42.145 - - [18/Apr/2026:23:30:19 +0300] "POST /wp-comments-post.php HTTP/1.1" 302 1083 "https://serhatburke.miroglu.net/beste-casino-site-belgie-hoge-inzet/" "Mozilla/5.0 (Linux x86_64; rv:114.0) Gecko/20100101 Firefox/114.0"
185.216.113.70 - - [18/Apr/2026:23:30:38 +0300] "POST /wp-cron.php?doing_wp_cron=1776544238.6944890022277832031250 HTTP/1.1" 200 448 "-" "WordPress/6.3.8; https://serhatburke.miroglu.net"
98.98.197.178 - - [18/Apr/2026:23:30:20 +0300] "POST /xmlrpc.php HTTP/1.1" 200 630 "-" "Mozilla/5.0 (Windows NT 10.0; Win64; x64) AppleWebKit/537.36 (KHTML, like Gecko) Chrome/114.0.0.0 Safari/537.36"
191.84.226.37 - - [18/Apr/2026:23:30:20 +0300] "GET /?p=119133 HTTP/2" 301 0 "-" "Mozilla/5.0 (Windows NT 10.0; Win64; x64) AppleWebKit/537.36 (KHTML, like Gecko) Chrome/120.0.0.0 Safari/537.36"
186.179.42.145 - - [18/Apr/2026:23:30:39 +0300] "GET /beste-casino-site-belgie-hoge-inzet/?unapproved=492&moderation-hash=35dd711c6f4e8c73adb517e3d422462c HTTP/1.1" 200 19071 "https://serhatburke.miroglu.net/wp-comments-post.php" "Mozilla/5.0 (Linux x86_64; rv:114.0) Gecko/20100101 Firefox/114.0"
98.98.197.178 - - [18/Apr/2026:23:30:45 +0300] "POST /xmlrpc.php HTTP/1.1" 200 14760 "-" "Mozilla/5.0 (Windows NT 10.0; Win64; x64) AppleWebKit/537.36 (KHTML, like Gecko) Chrome/114.0.0.0 Safari/537.36"
186.179.42.145 - - [18/Apr/2026:23:30:58 +0300] "GET /beste-casino-site-belgie-hoge-inzet/ HTTP/1.1" 200 18613 "-" "Mozilla/5.0 (Linux x86_64; rv:114.0) Gecko/20100101 Firefox/114.0"
98.98.197.178 - - [18/Apr/2026:23:31:02 +0300] "GET /eye-samba-brazil-slot-online-of-slot-magic-81-lines-horus-cheats-pc-tipps-tricks-kommerzialisierung-intel/ HTTP/1.1" 200 77282 "-" "Mozilla/5.0 (Windows NT 10.0; Win64; x64) AppleWebKit/537.36 (KHTML, like Gecko) Chrome/123.0.0.0 Safari/537.36"
185.216.113.70 - - [18/Apr/2026:23:32:29 +0300] "POST /wp-cron.php?doing_wp_cron=1776544349.2131779193878173828125 HTTP/1.1" 200 448 "-" "WordPress/6.3.8; https://serhatburke.miroglu.net"
181.199.148.108 - - [18/Apr/2026:23:32:15 +0300] "POST /xmlrpc.php HTTP/2" 200 140 "-" "WordPress/XMLRPC Client"
181.199.148.108 - - [18/Apr/2026:23:32:30 +0300] "GET /?p=119136 HTTP/2" 301 0 "-" "Mozilla/5.0 (Windows NT 10.0; Win64; x64) AppleWebKit/537.36 (KHTML, like Gecko) Chrome/120.0.0.0 Safari/537.36"
186.179.42.145 - - [18/Apr/2026:23:33:16 +0300] "GET /beste-casino-site-belgie-hoge-inzet/ HTTP/1.1" 200 18613 "-" "Mozilla/5.0 (Windows NT 10.0; Win64; x64) AppleWebKit/537.36 (KHTML, like Gecko) Chrome/114.0.0.0 Safari/537.36 Vivaldi/5.3.2679.68"
185.216.113.70 - - [18/Apr/2026:23:33:45 +0300] "POST /wp-cron.php?doing_wp_cron=1776544425.6256170272827148437500 HTTP/1.1" 200 448 "-" "WordPress/6.3.8; https://serhatburke.miroglu.net"
98.98.197.178 - - [18/Apr/2026:23:33:33 +0300] "POST /xmlrpc.php HTTP/1.1" 200 630 "-" "Mozilla/5.0 (Windows NT 10.0; Win64; x64) AppleWebKit/537.36 (KHTML, like Gecko) Chrome/114.0.0.0 Safari/537.36"
98.98.197.178 - - [18/Apr/2026:23:33:52 +0300] "POST /xmlrpc.php HTTP/1.1" 200 12873 "-" "Mozilla/5.0 (Windows NT 10.0; Win64; x64) AppleWebKit/537.36 (KHTML, like Gecko) Chrome/114.0.0.0 Safari/537.36"
185.153.197.91 - - [18/Apr/2026:23:34:08 +0300] "POST /xmlrpc.php HTTP/1.1" 200 630 "-" "Mozilla/5.0 (Windows NT 10.0; Win64; x64) AppleWebKit/537.36 (KHTML, like Gecko) Chrome/114.0.0.0 Safari/537.36"
98.98.197.178 - - [18/Apr/2026:23:34:05 +0300] "GET /bitcoin-spielsaal-cygnus-keine-diamond-dogs-casino-einzahlung-konvention-2026-btc-bonus-ferner-abzuglich-kyc-costa-rica/ HTTP/1.1" 200 76096 "-" "Mozilla/5.0 (Windows NT 10.0; Win64; x64) AppleWebKit/537.36 (KHTML, like Gecko) Chrome/123.0.0.0 Safari/537.36 OPR/109.0.0.0"
185.216.113.70 - - [18/Apr/2026:23:34:38 +0300] "POST /wp-cron.php?doing_wp_cron=1776544478.8138909339904785156250 HTTP/1.1" 200 448 "-" "WordPress/6.3.8; https://serhatburke.miroglu.net"
185.153.197.91 - - [18/Apr/2026:23:34:26 +0300] "POST /xmlrpc.php HTTP/1.1" 200 8863 "-" "Mozilla/5.0 (Windows NT 10.0; Win64; x64) AppleWebKit/537.36 (KHTML, like Gecko) Chrome/114.0.0.0 Safari/537.36"
185.153.197.91 - - [18/Apr/2026:23:34:40 +0300] "GET /caesars-sportsbook-partnered-which-have-about-three-out-of-maines-five-people-the-brand-new-masliseet-the-mikmaq-as-well-as-the-penobscots/ HTTP/1.1" 200 72225 "-" "Mozilla/5.0 (Windows NT 10.0; Win64; x64) AppleWebKit/537.36 (KHTML, like Gecko) Chrome/122.0.0.0 Safari/537.36"
98.98.33.56 - - [18/Apr/2026:23:34:52 +0300] "POST /xmlrpc.php HTTP/1.1" 200 630 "-" "Mozilla/5.0 (Windows NT 10.0; Win64; x64) AppleWebKit/537.36 (KHTML, like Gecko) Chrome/114.0.0.0 Safari/537.36"
185.216.113.70 - - [18/Apr/2026:23:35:24 +0300] "POST /wp-cron.php?doing_wp_cron=1776544524.7111659049987792968750 HTTP/1.1" 200 448 "-" "WordPress/6.3.8; https://serhatburke.miroglu.net"
98.98.33.56 - - [18/Apr/2026:23:35:12 +0300] "POST /xmlrpc.php HTTP/1.1" 200 14235 "-" "Mozilla/5.0 (Windows NT 10.0; Win64; x64) AppleWebKit/537.36 (KHTML, like Gecko) Chrome/114.0.0.0 Safari/537.36"
98.98.33.56 - - [18/Apr/2026:23:35:25 +0300] "GET /ra-salle-de-jeu-%E1%90%88-specifique-pas-de-bonus-de-depot-6-appeal-bonus-sans-nul-conserve-30-free-spins-%EF%B8%8F/ HTTP/1.1" 200 76800 "-" "Mozilla/5.0 (Windows NT 10.0; Win64; x64) AppleWebKit/537.36 (KHTML, like Gecko) Chrome/123.0.0.0 Safari/537.36 OPR/109.0.0.0"
185.216.113.70 - - [18/Apr/2026:23:35:53 +0300] "POST /wp-cron.php?doing_wp_cron=1776544553.1239509582519531250000 HTTP/1.1" 200 448 "-" "WordPress/6.3.8; https://serhatburke.miroglu.net"
98.98.197.178 - - [18/Apr/2026:23:35:41 +0300] "POST /xmlrpc.php HTTP/1.1" 200 630 "-" "Mozilla/5.0 (Windows NT 10.0; Win64; x64) AppleWebKit/537.36 (KHTML, like Gecko) Chrome/114.0.0.0 Safari/537.36"
185.153.197.91 - - [18/Apr/2026:23:35:55 +0300] "POST /xmlrpc.php HTTP/1.1" 200 630 "-" "Mozilla/5.0 (Windows NT 10.0; Win64; x64) AppleWebKit/537.36 (KHTML, like Gecko) Chrome/114.0.0.0 Safari/537.36"
98.98.197.178 - - [18/Apr/2026:23:35:59 +0300] "POST /xmlrpc.php HTTP/1.1" 200 13469 "-" "Mozilla/5.0 (Windows NT 10.0; Win64; x64) AppleWebKit/537.36 (KHTML, like Gecko) Chrome/114.0.0.0 Safari/537.36"
200.25.47.114 - - [18/Apr/2026:23:36:13 +0300] "POST /xmlrpc.php HTTP/1.1" 200 630 "-" "Mozilla/5.0 (Windows NT 10.0; Win64; x64) AppleWebKit/537.36 (KHTML, like Gecko) Chrome/114.0.0.0 Safari/537.36"
185.153.197.91 - - [18/Apr/2026:23:36:16 +0300] "POST /xmlrpc.php HTTP/1.1" 200 8684 "-" "Mozilla/5.0 (Windows NT 10.0; Win64; x64) AppleWebKit/537.36 (KHTML, like Gecko) Chrome/114.0.0.0 Safari/537.36"
98.98.197.178 - - [18/Apr/2026:23:36:16 +0300] "GET /erreichbar-ultra-hot-deluxe-online-spielbank-auf-kalkulation-bezahlen-sei-dies-2026-moglich/ HTTP/1.1" 200 75616 "-" "Mozilla/5.0 (Windows NT 10.0; Win64; x64) AppleWebKit/537.36 (KHTML, like Gecko) Chrome/124.0.0.0 Safari/537.36"
185.216.113.70 - - [18/Apr/2026:23:36:49 +0300] "POST /wp-cron.php?doing_wp_cron=1776544609.0336599349975585937500 HTTP/1.1" 200 448 "-" "WordPress/6.3.8; https://serhatburke.miroglu.net"
200.25.47.114 - - [18/Apr/2026:23:36:37 +0300] "POST /xmlrpc.php HTTP/1.1" 200 13793 "-" "Mozilla/5.0 (Windows NT 10.0; Win64; x64) AppleWebKit/537.36 (KHTML, like Gecko) Chrome/114.0.0.0 Safari/537.36"
185.153.197.91 - - [18/Apr/2026:23:36:36 +0300] "GET /best-oregon-sportsbook-internet-getting-betting-into-the-very-dish-lx/ HTTP/1.1" 200 69905 "-" "Mozilla/5.0 (Windows NT 10.0; rv:125.0) Gecko/20100101 Firefox/125.0"
200.25.47.114 - - [18/Apr/2026:23:36:54 +0300] "GET /mega-fortune-dreams-extra-chilli-giros-gratis-netent-jogue-uma-atrbuicao-gratuita/ HTTP/1.1" 200 75533 "-" "Mozilla/5.0 (Windows NT 10.0; Win64; x64) AppleWebKit/537.36 (KHTML, like Gecko) Chrome/123.0.0.0 Safari/537.36"
185.216.113.70 - - [18/Apr/2026:23:37:48 +0300] "POST /wp-cron.php?doing_wp_cron=1776544668.6505360603332519531250 HTTP/1.1" 200 448 "-" "WordPress/6.3.8; https://serhatburke.miroglu.net"
185.153.197.91 - - [18/Apr/2026:23:37:36 +0300] "POST /xmlrpc.php HTTP/1.1" 200 630 "-" "Mozilla/5.0 (Windows NT 10.0; Win64; x64) AppleWebKit/537.36 (KHTML, like Gecko) Chrome/114.0.0.0 Safari/537.36"
185.153.197.91 - - [18/Apr/2026:23:37:58 +0300] "POST /xmlrpc.php HTTP/1.1" 200 9263 "-" "Mozilla/5.0 (Windows NT 10.0; Win64; x64) AppleWebKit/537.36 (KHTML, like Gecko) Chrome/114.0.0.0 Safari/537.36"
185.153.197.91 - - [18/Apr/2026:23:38:11 +0300] "GET /louisianas-diverse-gaming-landscaping-now-offers-people-numerous-high-top-quality-sites/ HTTP/1.1" 200 71272 "-" "Mozilla/5.0 (Windows NT 10.0; Win64; x64) AppleWebKit/537.36 (KHTML, like Gecko) Chrome/123.0.0.0 Safari/537.36 OPR/109.0.0.0"
185.216.113.70 - - [18/Apr/2026:23:39:05 +0300] "POST /wp-cron.php?doing_wp_cron=1776544744.9342789649963378906250 HTTP/1.1" 200 448 "-" "WordPress/6.3.8; https://serhatburke.miroglu.net"
98.98.197.178 - - [18/Apr/2026:23:38:52 +0300] "POST /xmlrpc.php HTTP/1.1" 200 630 "-" "Mozilla/5.0 (Windows NT 10.0; Win64; x64) AppleWebKit/537.36 (KHTML, like Gecko) Chrome/114.0.0.0 Safari/537.36"
170.238.165.147 - - [18/Apr/2026:23:39:06 +0300] "GET /nandrolone-phenylpropionate-100mg-potenciando-el-culturismo/ HTTP/1.1" 200 67963 "-" "GuzzleHttp/7"
98.98.197.178 - - [18/Apr/2026:23:39:11 +0300] "POST /xmlrpc.php HTTP/1.1" 200 15178 "-" "Mozilla/5.0 (Windows NT 10.0; Win64; x64) AppleWebKit/537.36 (KHTML, like Gecko) Chrome/114.0.0.0 Safari/537.36"
185.216.113.70 - - [18/Apr/2026:23:39:41 +0300] "POST /wp-cron.php?doing_wp_cron=1776544781.3605771064758300781250 HTTP/1.1" 200 448 "-" "WordPress/6.3.8; https://serhatburke.miroglu.net"
98.98.197.178 - - [18/Apr/2026:23:39:27 +0300] "GET /verbunden-casino-maklercourtage-exklusive-holen-sie-sich-die-fakten-einzahlung-sofort-2026/ HTTP/1.1" 200 77341 "-" "Mozilla/5.0 (Windows NT 10.0; Win64; x64) AppleWebKit/537.36 (KHTML, like Gecko) Chrome/109.0.0.0 Safari/537.36"
172.245.229.80 - - [18/Apr/2026:23:39:35 +0300] "GET /beste-casino-site-belgie-hoge-inzet/ HTTP/1.1" 200 18613 "-" "Mozilla/5.0 (Windows NT 10.0; Win64; x64) AppleWebKit/537.36 (KHTML, like Gecko) Chrome/114.0.0.0 Safari/537.36 Vivaldi/5.3.2679.68"
185.153.197.91 - - [18/Apr/2026:23:39:36 +0300] "POST /xmlrpc.php HTTP/1.1" 200 630 "-" "Mozilla/5.0 (Windows NT 10.0; Win64; x64) AppleWebKit/537.36 (KHTML, like Gecko) Chrome/114.0.0.0 Safari/537.36"
185.153.197.91 - - [18/Apr/2026:23:40:03 +0300] "POST /xmlrpc.php HTTP/1.1" 200 8252 "-" "Mozilla/5.0 (Windows NT 10.0; Win64; x64) AppleWebKit/537.36 (KHTML, like Gecko) Chrome/114.0.0.0 Safari/537.36"
185.153.197.91 - - [18/Apr/2026:23:40:17 +0300] "GET /four-strategies-for-a-secure-and-you-may-reasonable-gambling-experience-with-maryland-%EF%BF%BD-continue-these-in-your-mind/ HTTP/1.1" 200 71000 "-" "Mozilla/5.0 (Windows NT 10.0; Win64; x64) AppleWebKit/537.36 (KHTML, like Gecko) Chrome/124.0.0.0 Safari/537.36"
185.216.113.70 - - [18/Apr/2026:23:41:01 +0300] "POST /wp-cron.php?doing_wp_cron=1776544861.5130848884582519531250 HTTP/1.1" 200 448 "-" "WordPress/6.3.8; https://serhatburke.miroglu.net"
98.98.33.56 - - [18/Apr/2026:23:40:49 +0300] "POST /xmlrpc.php HTTP/1.1" 200 630 "-" "Mozilla/5.0 (Windows NT 10.0; Win64; x64) AppleWebKit/537.36 (KHTML, like Gecko) Chrome/114.0.0.0 Safari/537.36"
185.153.197.91 - - [18/Apr/2026:23:41:04 +0300] "POST /xmlrpc.php HTTP/1.1" 200 630 "-" "Mozilla/5.0 (Windows NT 10.0; Win64; x64) AppleWebKit/537.36 (KHTML, like Gecko) Chrome/114.0.0.0 Safari/537.36"
98.98.33.56 - - [18/Apr/2026:23:41:08 +0300] "POST /xmlrpc.php HTTP/1.1" 200 14550 "-" "Mozilla/5.0 (Windows NT 10.0; Win64; x64) AppleWebKit/537.36 (KHTML, like Gecko) Chrome/114.0.0.0 Safari/537.36"
98.98.33.56 - - [18/Apr/2026:23:41:24 +0300] "GET /plus-nouveau-non-depot-vulkan-spiele-pour-les-joueurs-existants-redoutables-jeux-de-casino-sans-frais-essayez-a-3-000-jeu-casino/ HTTP/1.1" 200 77629 "-" "Mozilla/5.0 (Windows NT 10.0; Win64; x64) AppleWebKit/537.36 (KHTML, like Gecko) Chrome/122.0.0.0 Safari/537.36"
185.216.113.70 - - [18/Apr/2026:23:41:39 +0300] "POST /wp-cron.php?doing_wp_cron=1776544899.5804569721221923828125 HTTP/1.1" 200 448 "-" "WordPress/6.3.8; https://serhatburke.miroglu.net"
185.153.197.91 - - [18/Apr/2026:23:41:26 +0300] "POST /xmlrpc.php HTTP/1.1" 200 9097 "-" "Mozilla/5.0 (Windows NT 10.0; Win64; x64) AppleWebKit/537.36 (KHTML, like Gecko) Chrome/114.0.0.0 Safari/537.36"
185.153.197.91 - - [18/Apr/2026:23:41:42 +0300] "GET /it-is-the-right-time-to-play-during-the-licensed-online-casino-in-the-netherlands/ HTTP/1.1" 200 70887 "-" "Mozilla/5.0 (Windows NT 10.0; Win64; x64; rv:124.0) Gecko/20100101 Firefox/124.0"
185.216.113.70 - - [18/Apr/2026:23:42:39 +0300] "POST /wp-cron.php?doing_wp_cron=1776544959.3906860351562500000000 HTTP/1.1" 200 448 "-" "WordPress/6.3.8; https://serhatburke.miroglu.net"
98.98.197.178 - - [18/Apr/2026:23:42:26 +0300] "POST /xmlrpc.php HTTP/1.1" 200 630 "-" "Mozilla/5.0 (Windows NT 10.0; Win64; x64) AppleWebKit/537.36 (KHTML, like Gecko) Chrome/114.0.0.0 Safari/537.36"
185.153.197.91 - - [18/Apr/2026:23:42:28 +0300] "POST /xmlrpc.php HTTP/1.1" 200 630 "-" "Mozilla/5.0 (Windows NT 10.0; Win64; x64) AppleWebKit/537.36 (KHTML, like Gecko) Chrome/114.0.0.0 Safari/537.36"
98.98.197.178 - - [18/Apr/2026:23:42:45 +0300] "POST /xmlrpc.php HTTP/1.1" 200 12768 "-" "Mozilla/5.0 (Windows NT 10.0; Win64; x64) AppleWebKit/537.36 (KHTML, like Gecko) Chrome/114.0.0.0 Safari/537.36"
185.153.197.91 - - [18/Apr/2026:23:42:50 +0300] "POST /xmlrpc.php HTTP/1.1" 200 8966 "-" "Mozilla/5.0 (Windows NT 10.0; Win64; x64) AppleWebKit/537.36 (KHTML, like Gecko) Chrome/114.0.0.0 Safari/537.36"
98.98.197.178 - - [18/Apr/2026:23:43:00 +0300] "GET /play-eye-of-horus-slot-for-free-within-protestation-mode-or-with-mr-cash-online-slot-free-spins-no-anzahlung/ HTTP/1.1" 200 75789 "-" "Mozilla/5.0 (Windows NT 10.0; Win64; x64) AppleWebKit/537.36 (KHTML, like Gecko) Chrome/124.0.0.0 Safari/537.36"
185.153.197.91 - - [18/Apr/2026:23:43:04 +0300] "GET /projecting-the-growth-of-your-own-the-new-sweepstakes-casino-globe-having-2026/ HTTP/1.1" 200 70740 "-" "Mozilla/5.0 (Windows NT 10.0; Win64; x64) AppleWebKit/537.36 (KHTML, like Gecko) Chrome/109.0.0.0 Safari/537.36"
185.216.113.70 - - [18/Apr/2026:23:43:51 +0300] "POST /wp-cron.php?doing_wp_cron=1776545031.2058479785919189453125 HTTP/1.1" 200 448 "-" "WordPress/6.3.8; https://serhatburke.miroglu.net"
103.219.169.211 - - [18/Apr/2026:23:43:38 +0300] "POST /xmlrpc.php HTTP/1.1" 200 630 "-" "Mozilla/5.0 (Windows NT 10.0; Win64; x64) AppleWebKit/537.36 (KHTML, like Gecko) Chrome/114.0.0.0 Safari/537.36"
103.219.169.211 - - [18/Apr/2026:23:43:58 +0300] "POST /xmlrpc.php HTTP/1.1" 200 10888 "-" "Mozilla/5.0 (Windows NT 10.0; Win64; x64) AppleWebKit/537.36 (KHTML, like Gecko) Chrome/114.0.0.0 Safari/537.36"
185.153.197.91 - - [18/Apr/2026:23:44:05 +0300] "POST /xmlrpc.php HTTP/1.1" 200 630 "-" "Mozilla/5.0 (Windows NT 10.0; Win64; x64) AppleWebKit/537.36 (KHTML, like Gecko) Chrome/114.0.0.0 Safari/537.36"
103.219.169.211 - - [18/Apr/2026:23:44:12 +0300] "GET /den-ultimative-marathonbet-jelentkezesi-iranyelvek-opsaetning-bonusmatematik-og-fejlfinding/ HTTP/1.1" 200 73823 "-" "Mozilla/5.0 (Windows NT 10.0; Win64; x64; rv:124.0) Gecko/20100101 Firefox/124.0"
185.216.113.70 - - [18/Apr/2026:23:44:37 +0300] "POST /wp-cron.php?doing_wp_cron=1776545077.8161740303039550781250 HTTP/1.1" 200 448 "-" "WordPress/6.3.8; https://serhatburke.miroglu.net"
185.153.197.91 - - [18/Apr/2026:23:44:25 +0300] "POST /xmlrpc.php HTTP/1.1" 200 12701 "-" "Mozilla/5.0 (Windows NT 10.0; Win64; x64) AppleWebKit/537.36 (KHTML, like Gecko) Chrome/114.0.0.0 Safari/537.36"
98.98.33.56 - - [18/Apr/2026:23:44:35 +0300] "POST /xmlrpc.php HTTP/1.1" 200 630 "-" "Mozilla/5.0 (Windows NT 10.0; Win64; x64) AppleWebKit/537.36 (KHTML, like Gecko) Chrome/114.0.0.0 Safari/537.36"
185.153.197.91 - - [18/Apr/2026:23:44:38 +0300] "GET /fortunate-stories-gambling-establishment-log-in-and-you-will-obtain-new-apk-getting-a-free-of-charge-gaming-experience/ HTTP/1.1" 200 75069 "-" "Mozilla/5.0 (Windows NT 10.0; Win64; x64) AppleWebKit/537.36 (KHTML, like Gecko) Chrome/122.0.0.0 Safari/537.36"
98.98.33.56 - - [18/Apr/2026:23:44:59 +0300] "POST /xmlrpc.php HTTP/1.1" 200 14097 "-" "Mozilla/5.0 (Windows NT 10.0; Win64; x64) AppleWebKit/537.36 (KHTML, like Gecko) Chrome/114.0.0.0 Safari/537.36"
98.98.33.56 - - [18/Apr/2026:23:45:13 +0300] "GET /la-proprete-a-votre-disposition-en-bonus-dinscription-vegas-plus-ville-ligne-le-livre-bien/ HTTP/1.1" 200 76045 "-" "Mozilla/5.0 (Windows NT 10.0; Win64; x64; rv:124.0) Gecko/20100101 Firefox/124.0"
185.216.113.70 - - [18/Apr/2026:23:45:40 +0300] "POST /wp-cron.php?doing_wp_cron=1776545140.4307749271392822265625 HTTP/1.1" 200 448 "-" "WordPress/6.3.8; https://serhatburke.miroglu.net"
185.153.197.91 - - [18/Apr/2026:23:45:27 +0300] "POST /xmlrpc.php HTTP/1.1" 200 630 "-" "Mozilla/5.0 (Windows NT 10.0; Win64; x64) AppleWebKit/537.36 (KHTML, like Gecko) Chrome/114.0.0.0 Safari/537.36"
185.153.197.91 - - [18/Apr/2026:23:45:46 +0300] "POST /xmlrpc.php HTTP/1.1" 200 8716 "-" "Mozilla/5.0 (Windows NT 10.0; Win64; x64) AppleWebKit/537.36 (KHTML, like Gecko) Chrome/114.0.0.0 Safari/537.36"
200.25.47.114 - - [18/Apr/2026:23:45:56 +0300] "POST /xmlrpc.php HTTP/1.1" 200 630 "-" "Mozilla/5.0 (Windows NT 10.0; Win64; x64) AppleWebKit/537.36 (KHTML, like Gecko) Chrome/114.0.0.0 Safari/537.36"
185.153.197.91 - - [18/Apr/2026:23:45:58 +0300] "GET /how-to-determine-if-an-excellent-maryland-on-the-web-wagering-web-site-was-courtroom-regulated-and-secure/ HTTP/1.1" 200 71048 "-" "Mozilla/5.0 (Windows NT 10.0; Win64; x64) AppleWebKit/537.36 (KHTML, like Gecko) Chrome/124.0.0.0 Safari/537.36"
185.216.113.70 - - [18/Apr/2026:23:46:26 +0300] "POST /wp-cron.php?doing_wp_cron=1776545186.8760590553283691406250 HTTP/1.1" 200 448 "-" "WordPress/6.3.8; https://serhatburke.miroglu.net"
103.219.169.211 - - [18/Apr/2026:23:46:12 +0300] "POST /xmlrpc.php HTTP/1.1" 200 630 "-" "Mozilla/5.0 (Windows NT 10.0; Win64; x64) AppleWebKit/537.36 (KHTML, like Gecko) Chrome/114.0.0.0 Safari/537.36"
200.25.47.114 - - [18/Apr/2026:23:46:17 +0300] "POST /xmlrpc.php HTTP/1.1" 200 11208 "-" "Mozilla/5.0 (Windows NT 10.0; Win64; x64) AppleWebKit/537.36 (KHTML, like Gecko) Chrome/114.0.0.0 Safari/537.36"
86.241.248.100 - - [18/Apr/2026:23:46:19 +0300] "GET /wp-login.php HTTP/2" 200 3538 "-" "Mozilla/5.0 (Windows NT 10.0; Win64; x64) AppleWebKit/537.36"
98.98.197.178 - - [18/Apr/2026:23:46:26 +0300] "POST /xmlrpc.php HTTP/1.1" 200 630 "-" "Mozilla/5.0 (Windows NT 10.0; Win64; x64) AppleWebKit/537.36 (KHTML, like Gecko) Chrome/114.0.0.0 Safari/537.36"
103.219.169.211 - - [18/Apr/2026:23:46:34 +0300] "POST /xmlrpc.php HTTP/1.1" 200 10785 "-" "Mozilla/5.0 (Windows NT 10.0; Win64; x64) AppleWebKit/537.36 (KHTML, like Gecko) Chrome/114.0.0.0 Safari/537.36"
86.241.248.100 - - [18/Apr/2026:23:46:44 +0300] "POST /wp-login.php HTTP/2" 200 0 "https://serhatburke.miroglu.net/wp-login.php" "Mozilla/5.0 (Windows NT 10.0; Win64; x64) AppleWebKit/537.36"
200.25.47.114 - - [18/Apr/2026:23:46:41 +0300] "GET /20-000-jogos-ma-casino-gratis-2026-sem-registo/ HTTP/1.1" 200 72086 "-" "Mozilla/5.0 (Windows NT 10.0; Win64; x64) AppleWebKit/537.36 (KHTML, like Gecko) Chrome/123.0.0.0 Safari/537.36"
185.153.197.91 - - [18/Apr/2026:23:46:47 +0300] "POST /xmlrpc.php HTTP/1.1" 200 630 "-" "Mozilla/5.0 (Windows NT 10.0; Win64; x64) AppleWebKit/537.36 (KHTML, like Gecko) Chrome/114.0.0.0 Safari/537.36"
98.98.197.178 - - [18/Apr/2026:23:47:03 +0300] "POST /xmlrpc.php HTTP/1.1" 200 14164 "-" "Mozilla/5.0 (Windows NT 10.0; Win64; x64) AppleWebKit/537.36 (KHTML, like Gecko) Chrome/114.0.0.0 Safari/537.36"
103.219.169.211 - - [18/Apr/2026:23:47:06 +0300] "GET /jobb-fogadasi-szoftver-szerezze-meg-a-gyors-es-biztonsagos-alkalmazast/ HTTP/1.1" 200 72692 "-" "Mozilla/5.0 (Windows NT 10.0; Win64; x64) AppleWebKit/537.36 (KHTML, like Gecko) Chrome/109.0.0.0 Safari/537.36"
38.51.122.24 - - [18/Apr/2026:23:47:16 +0300] "GET /wp-login.php HTTP/2" 200 3538 "-" "Mozilla/5.0 (Windows NT 10.0; Win64; x64) AppleWebKit/537.36"
185.216.113.70 - - [18/Apr/2026:23:47:42 +0300] "POST /wp-cron.php?doing_wp_cron=1776545262.2875809669494628906250 HTTP/1.1" 200 448 "-" "WordPress/6.3.8; https://serhatburke.miroglu.net"
185.153.197.91 - - [18/Apr/2026:23:47:23 +0300] "POST /xmlrpc.php HTTP/1.1" 200 10211 "-" "Mozilla/5.0 (Windows NT 10.0; Win64; x64) AppleWebKit/537.36 (KHTML, like Gecko) Chrome/114.0.0.0 Safari/537.36"
98.98.197.178 - - [18/Apr/2026:23:47:30 +0300] "GET /beste-mobile-6-appeal-slot-casinos-via-echtgeld-mobilfunktelefon-spielbank-spiele/ HTTP/1.1" 200 76118 "-" "Mozilla/5.0 (Windows NT 10.0; Win64; x64; rv:124.0) Gecko/20100101 Firefox/124.0"
38.51.122.24 - - [18/Apr/2026:23:47:37 +0300] "POST /wp-login.php HTTP/2" 302 0 "https://serhatburke.miroglu.net/wp-login.php" "Mozilla/5.0 (Windows NT 10.0; Win64; x64) AppleWebKit/537.36"
185.153.197.91 - - [18/Apr/2026:23:47:48 +0300] "GET /what-is-the-lowest-years-in-order-to-bet-on-horse-events-when-you-look-at-the-maine/ HTTP/1.1" 200 71776 "-" "Mozilla/5.0 (Windows NT 10.0; rv:109.0) Gecko/20100101 Firefox/115.0"
185.153.197.91 - - [18/Apr/2026:23:48:05 +0300] "POST /xmlrpc.php HTTP/1.1" 200 630 "-" "Mozilla/5.0 (Windows NT 10.0; Win64; x64) AppleWebKit/537.36 (KHTML, like Gecko) Chrome/114.0.0.0 Safari/537.36"
212.34.148.156 - - [18/Apr/2026:23:48:09 +0300] "GET /zotabet-casino-bonus-premier-depot-2026/ HTTP/1.1" 200 18530 "-" "Mozilla/5.0 (compatible; Googlebot/2.1; +http://www.google.com/bot.html)"
185.216.113.70 - - [18/Apr/2026:23:48:36 +0300] "POST /wp-cron.php?doing_wp_cron=1776545316.8488719463348388671875 HTTP/1.1" 200 448 "-" "WordPress/6.3.8; https://serhatburke.miroglu.net"
185.153.197.91 - - [18/Apr/2026:23:48:24 +0300] "POST /xmlrpc.php HTTP/1.1" 200 8349 "-" "Mozilla/5.0 (Windows NT 10.0; Win64; x64) AppleWebKit/537.36 (KHTML, like Gecko) Chrome/114.0.0.0 Safari/537.36"
185.153.197.91 - - [18/Apr/2026:23:48:37 +0300] "GET /you-can-preserve-an-eye-fixed-away-to-own-recognizable-names-as-well/ HTTP/1.1" 200 69662 "-" "Mozilla/5.0 (Windows NT 10.0; Win64; x64) AppleWebKit/537.36 (KHTML, like Gecko) Chrome/123.0.0.0 Safari/537.36 OPR/109.0.0.0"
185.216.113.70 - - [18/Apr/2026:23:49:40 +0300] "POST /wp-cron.php?doing_wp_cron=1776545380.3144540786743164062500 HTTP/1.1" 200 448 "-" "WordPress/6.3.8; https://serhatburke.miroglu.net"
98.98.33.56 - - [18/Apr/2026:23:49:28 +0300] "POST /xmlrpc.php HTTP/1.1" 200 630 "-" "Mozilla/5.0 (Windows NT 10.0; Win64; x64) AppleWebKit/537.36 (KHTML, like Gecko) Chrome/114.0.0.0 Safari/537.36"
45.112.44.43 - - [18/Apr/2026:23:49:33 +0300] "POST /xmlrpc.php HTTP/2" 200 140 "-" "WordPress/XMLRPC Client"
98.98.197.178 - - [18/Apr/2026:23:49:42 +0300] "POST /xmlrpc.php HTTP/1.1" 200 630 "-" "Mozilla/5.0 (Windows NT 10.0; Win64; x64) AppleWebKit/537.36 (KHTML, like Gecko) Chrome/114.0.0.0 Safari/537.36"
185.216.113.70 - - [18/Apr/2026:23:50:07 +0300] "POST /wp-cron.php?doing_wp_cron=1776545407.8972010612487792968750 HTTP/1.1" 200 448 "-" "WordPress/6.3.8; https://serhatburke.miroglu.net"
185.153.197.91 - - [18/Apr/2026:23:49:38 +0300] "POST /xmlrpc.php HTTP/1.1" 200 630 "-" "Mozilla/5.0 (Windows NT 10.0; Win64; x64) AppleWebKit/537.36 (KHTML, like Gecko) Chrome/114.0.0.0 Safari/537.36"
98.98.33.56 - - [18/Apr/2026:23:49:47 +0300] "POST /xmlrpc.php HTTP/1.1" 200 15019 "-" "Mozilla/5.0 (Windows NT 10.0; Win64; x64) AppleWebKit/537.36 (KHTML, like Gecko) Chrome/114.0.0.0 Safari/537.36"
45.112.44.43 - - [18/Apr/2026:23:49:59 +0300] "GET /?p=119184 HTTP/2" 200 0 "-" "Mozilla/5.0 (Windows NT 10.0; Win64; x64) AppleWebKit/537.36 (KHTML, like Gecko) Chrome/120.0.0.0 Safari/537.36"
98.98.197.178 - - [18/Apr/2026:23:50:13 +0300] "POST /xmlrpc.php HTTP/1.1" 200 13097 "-" "Mozilla/5.0 (Windows NT 10.0; Win64; x64) AppleWebKit/537.36 (KHTML, like Gecko) Chrome/114.0.0.0 Safari/537.36"
185.153.197.91 - - [18/Apr/2026:23:50:15 +0300] "POST /xmlrpc.php HTTP/1.1" 200 8817 "-" "Mozilla/5.0 (Windows NT 10.0; Win64; x64) AppleWebKit/537.36 (KHTML, like Gecko) Chrome/114.0.0.0 Safari/537.36"
98.98.33.56 - - [18/Apr/2026:23:50:11 +0300] "GET /comme-amuser-telechargement-de-lapplication-hitnspin-luxembourg-ou-gagner-au-keno-fdj-revoici-de-bonne-commentaires/ HTTP/1.1" 200 77478 "-" "Mozilla/5.0 (Windows NT 10.0; Win64; x64; rv:125.0) Gecko/20100101 Firefox/125.0"
212.34.148.156 - - [18/Apr/2026:23:50:28 +0300] "GET /zotabet-casino-bonus-premier-depot-2026/ HTTP/1.1" 200 18530 "-" "Mozilla/5.0 (compatible; Googlebot/2.1; +http://www.google.com/bot.html)"
98.98.197.178 - - [18/Apr/2026:23:50:39 +0300] "GET /erreichbar-groste-no-einzahlung-verde-casino-casinos-via-sepa-lastschrift-2026-syllabus/ HTTP/1.1" 200 75404 "-" "Mozilla/5.0 (Windows NT 10.0; rv:109.0) Gecko/20100101 Firefox/115.0"
185.153.197.91 - - [18/Apr/2026:23:50:41 +0300] "GET /that-is-eligible-for-nj-new-jersey-on-line-casino-membership/ HTTP/1.1" 200 69874 "-" "Mozilla/5.0 (Windows NT 10.0; rv:125.0) Gecko/20100101 Firefox/125.0"
185.153.197.91 - - [18/Apr/2026:23:50:50 +0300] "POST /xmlrpc.php HTTP/1.1" 200 630 "-" "Mozilla/5.0 (Windows NT 10.0; Win64; x64) AppleWebKit/537.36 (KHTML, like Gecko) Chrome/114.0.0.0 Safari/537.36"
185.216.113.70 - - [18/Apr/2026:23:51:23 +0300] "POST /wp-cron.php?doing_wp_cron=1776545483.6873300075531005859375 HTTP/1.1" 200 448 "-" "WordPress/6.3.8; https://serhatburke.miroglu.net"
185.153.197.91 - - [18/Apr/2026:23:51:12 +0300] "POST /xmlrpc.php HTTP/1.1" 200 12392 "-" "Mozilla/5.0 (Windows NT 10.0; Win64; x64) AppleWebKit/537.36 (KHTML, like Gecko) Chrome/114.0.0.0 Safari/537.36"
185.153.197.91 - - [18/Apr/2026:23:51:24 +0300] "GET /booming-21-gambling-enterprise-is-another-top-notch-gambling-enterprise-giving-all-favourite-courtroom-bj-video-game-during-the-a-safe-ecosystem/ HTTP/1.1" 200 75606 "-" "Mozilla/5.0 (Windows NT 10.0; Win64; x64) AppleWebKit/537.36 (KHTML, like Gecko) Chrome/123.0.0.0 Safari/537.36 OPR/109.0.0.0"
185.153.197.91 - - [18/Apr/2026:23:52:01 +0300] "POST /xmlrpc.php HTTP/1.1" 200 630 "-" "Mozilla/5.0 (Windows NT 10.0; Win64; x64) AppleWebKit/537.36 (KHTML, like Gecko) Chrome/114.0.0.0 Safari/537.36"
185.216.113.70 - - [18/Apr/2026:23:52:31 +0300] "POST /wp-cron.php?doing_wp_cron=1776545551.9200439453125000000000 HTTP/1.1" 200 448 "-" "WordPress/6.3.8; https://serhatburke.miroglu.net"
185.153.197.91 - - [18/Apr/2026:23:52:19 +0300] "POST /xmlrpc.php HTTP/1.1" 200 9149 "-" "Mozilla/5.0 (Windows NT 10.0; Win64; x64) AppleWebKit/537.36 (KHTML, like Gecko) Chrome/114.0.0.0 Safari/537.36"
185.153.197.91 - - [18/Apr/2026:23:52:35 +0300] "GET /there-are-specific-video-game-developers-which-usually-do-not-bring-its-games-to-help-you-great-britain-markets-on-account-of-certification-standards/ HTTP/1.1" 200 72591 "-" "Mozilla/5.0 (Windows NT 10.0; Win64; x64) AppleWebKit/537.36 (KHTML, like Gecko) Chrome/124.0.0.0 Safari/537.36 Edg/124.0.0.0"
98.98.197.178 - - [18/Apr/2026:23:53:01 +0300] "POST /xmlrpc.php HTTP/1.1" 200 630 "-" "Mozilla/5.0 (Windows NT 10.0; Win64; x64) AppleWebKit/537.36 (KHTML, like Gecko) Chrome/114.0.0.0 Safari/537.36"
66.249.73.15 - - [18/Apr/2026:23:53:05 +0300] "GET /robots.txt HTTP/1.1" 200 719 "-" "Mozilla/5.0 (compatible; Googlebot/2.1; +http://www.google.com/bot.html)"
66.249.73.15 - - [18/Apr/2026:23:53:18 +0300] "GET /undefined?ts=1775520000 HTTP/1.1" 200 0 "https://serhatburke.miroglu.net/" "Mozilla/5.0 (Linux; Android 6.0.1; Nexus 5X Build/MMB29P) AppleWebKit/537.36 (KHTML, like Gecko) Chrome/146.0.7680.177 Mobile Safari/537.36 (compatible; Googlebot/2.1; +http://www.google.com/bot.html)"
185.216.113.70 - - [18/Apr/2026:23:53:36 +0300] "POST /wp-cron.php?doing_wp_cron=1776545616.6219348907470703125000 HTTP/1.1" 200 448 "-" "WordPress/6.3.8; https://serhatburke.miroglu.net"
185.153.197.91 - - [18/Apr/2026:23:53:18 +0300] "POST /xmlrpc.php HTTP/1.1" 200 630 "-" "Mozilla/5.0 (Windows NT 10.0; Win64; x64) AppleWebKit/537.36 (KHTML, like Gecko) Chrome/114.0.0.0 Safari/537.36"
66.249.73.14 - - [18/Apr/2026:23:53:28 +0300] "GET /undefined?ts=1775520000 HTTP/1.1" 200 0 "https://serhatburke.miroglu.net/" "Mozilla/5.0 (Linux; Android 6.0.1; Nexus 5X Build/MMB29P) AppleWebKit/537.36 (KHTML, like Gecko) Chrome/146.0.7680.177 Mobile Safari/537.36 (compatible; Googlebot/2.1; +http://www.google.com/bot.html)"
98.98.197.178 - - [18/Apr/2026:23:53:21 +0300] "POST /xmlrpc.php HTTP/1.1" 200 14207 "-" "Mozilla/5.0 (Windows NT 10.0; Win64; x64) AppleWebKit/537.36 (KHTML, like Gecko) Chrome/114.0.0.0 Safari/537.36"
66.249.73.14 - - [18/Apr/2026:23:53:42 +0300] "GET /undefined?ts=1775520000 HTTP/1.1" 200 0 "https://serhatburke.miroglu.net/" "Mozilla/5.0 (Linux; Android 6.0.1; Nexus 5X Build/MMB29P) AppleWebKit/537.36 (KHTML, like Gecko) Chrome/146.0.7680.177 Mobile Safari/537.36 (compatible; Googlebot/2.1; +http://www.google.com/bot.html)"
172.86.76.182 - - [18/Apr/2026:23:53:38 +0300] "GET /beste-casino-site-belgie-hoge-inzet/ HTTP/1.1" 200 0 "-" "Mozilla/5.0 (Windows NT 10.0; Win64; x64) AppleWebKit/537.36 (KHTML, like Gecko) Chrome/114.0.0.0 Safari/537.36 OPR/89.0.4447.51"
185.153.197.91 - - [18/Apr/2026:23:53:45 +0300] "POST /xmlrpc.php HTTP/1.1" 200 9143 "-" "Mozilla/5.0 (Windows NT 10.0; Win64; x64) AppleWebKit/537.36 (KHTML, like Gecko) Chrome/114.0.0.0 Safari/537.36"
98.98.33.56 - - [18/Apr/2026:23:53:57 +0300] "POST /xmlrpc.php HTTP/1.1" 200 630 "-" "Mozilla/5.0 (Windows NT 10.0; Win64; x64) AppleWebKit/537.36 (KHTML, like Gecko) Chrome/114.0.0.0 Safari/537.36"
98.98.197.178 - - [18/Apr/2026:23:53:42 +0300] "GET /beste-frogs-fairy-tale-casinos-erreichbar-spielsaal-unter-einsatz-von-handyrechnung-saldieren-osterreich/ HTTP/1.1" 200 76960 "-" "Mozilla/5.0 (Windows NT 10.0; Win64; x64) AppleWebKit/537.36 (KHTML, like Gecko) Chrome/123.0.0.0 Safari/537.36 OPR/109.0.0.0"
185.191.206.81 - - [18/Apr/2026:23:53:40 +0300] "POST /xmlrpc.php HTTP/1.1" 200 630 "-" "Mozilla/5.0 (Windows NT 10.0; Win64; x64) AppleWebKit/537.36 (KHTML, like Gecko) Chrome/114.0.0.0 Safari/537.36"
185.153.197.91 - - [18/Apr/2026:23:54:24 +0300] "GET /bonus-spins-into-picked-video-game-simply-and-should-be-studied-within-this-72-times/ HTTP/1.1" 200 70554 "-" "Mozilla/5.0 (Windows NT 10.0; Win64; x64) AppleWebKit/537.36 (KHTML, like Gecko) Chrome/124.0.0.0 Safari/537.36 Edg/124.0.0.0"
98.98.33.56 - - [18/Apr/2026:23:54:29 +0300] "POST /xmlrpc.php HTTP/1.1" 200 13636 "-" "Mozilla/5.0 (Windows NT 10.0; Win64; x64) AppleWebKit/537.36 (KHTML, like Gecko) Chrome/114.0.0.0 Safari/537.36"
107.158.95.24 - - [18/Apr/2026:23:54:36 +0300] "GET /beste-casino-site-belgie-hoge-inzet/ HTTP/1.1" 200 18595 "https://serhatburke.miroglu.net/" "Mozilla/5.0 (Macintosh; Intel Mac OS X 12_5) AppleWebKit/537.36 (KHTML, like Gecko) Chrome/114.0.0.0 YaBrowser/22.7.0 Yowser/2.5 Safari/537.36"
107.158.95.24 - - [18/Apr/2026:23:55:01 +0300] "GET /wp-includes/css/dist/block-library/style.min.css?ver=6.3.8 HTTP/1.1" 200 13578 "https://serhatburke.miroglu.net/beste-casino-site-belgie-hoge-inzet/" "Mozilla/5.0 (Windows NT 10.0; Win64; x64) AppleWebKit/537.36 (KHTML, like Gecko) Chrome/143.0.0.0 Safari/537.36"
107.158.95.24 - - [18/Apr/2026:23:55:03 +0300] "GET /wp-content/plugins/contact-form-7/includes/css/styles.css?ver=5.8 HTTP/1.1" 200 1490 "https://serhatburke.miroglu.net/beste-casino-site-belgie-hoge-inzet/" "Mozilla/5.0 (Windows NT 10.0; Win64; x64) AppleWebKit/537.36 (KHTML, like Gecko) Chrome/143.0.0.0 Safari/537.36"
107.158.95.24 - - [18/Apr/2026:23:55:04 +0300] "GET /wp-content/themes/toppic/css/fontello.css?ver=4.2 HTTP/1.1" 200 1802 "https://serhatburke.miroglu.net/beste-casino-site-belgie-hoge-inzet/" "Mozilla/5.0 (Windows NT 10.0; Win64; x64) AppleWebKit/537.36 (KHTML, like Gecko) Chrome/143.0.0.0 Safari/537.36"
107.158.95.24 - - [18/Apr/2026:23:55:05 +0300] "GET /wp-content/themes/toppic/css/reset.css?ver=4.2 HTTP/1.1" 200 1178 "https://serhatburke.miroglu.net/beste-casino-site-belgie-hoge-inzet/" "Mozilla/5.0 (Windows NT 10.0; Win64; x64) AppleWebKit/537.36 (KHTML, like Gecko) Chrome/143.0.0.0 Safari/537.36"
107.158.95.24 - - [18/Apr/2026:23:55:06 +0300] "GET /wp-content/themes/toppic/css/default.css?ver=4.2 HTTP/1.1" 200 1811 "https://serhatburke.miroglu.net/beste-casino-site-belgie-hoge-inzet/" "Mozilla/5.0 (Windows NT 10.0; Win64; x64) AppleWebKit/537.36 (KHTML, like Gecko) Chrome/143.0.0.0 Safari/537.36"
185.153.197.91 - - [18/Apr/2026:23:54:44 +0300] "POST /xmlrpc.php HTTP/1.1" 200 630 "-" "Mozilla/5.0 (Windows NT 10.0; Win64; x64) AppleWebKit/537.36 (KHTML, like Gecko) Chrome/114.0.0.0 Safari/537.36"
107.158.95.24 - - [18/Apr/2026:23:55:07 +0300] "GET /wp-content/themes/toppic/style.css?ver=4.2 HTTP/1.1" 200 23398 "https://serhatburke.miroglu.net/beste-casino-site-belgie-hoge-inzet/" "Mozilla/5.0 (Windows NT 10.0; Win64; x64) AppleWebKit/537.36 (KHTML, like Gecko) Chrome/143.0.0.0 Safari/537.36"
107.158.95.24 - - [18/Apr/2026:23:55:09 +0300] "GET /wp-content/themes/toppic/css/royalslider.css?ver=4.2 HTTP/1.1" 200 1887 "https://serhatburke.miroglu.net/beste-casino-site-belgie-hoge-inzet/" "Mozilla/5.0 (Windows NT 10.0; Win64; x64) AppleWebKit/537.36 (KHTML, like Gecko) Chrome/143.0.0.0 Safari/537.36"
107.158.95.24 - - [18/Apr/2026:23:55:10 +0300] "GET /wp-content/themes/toppic/css/rs-default.css?ver=4.2 HTTP/1.1" 200 2625 "https://serhatburke.miroglu.net/beste-casino-site-belgie-hoge-inzet/" "Mozilla/5.0 (Windows NT 10.0; Win64; x64) AppleWebKit/537.36 (KHTML, like Gecko) Chrome/143.0.0.0 Safari/537.36"
107.158.95.24 - - [18/Apr/2026:23:55:11 +0300] "GET /wp-content/themes/toppic/css/lightbox.css?ver=4.2 HTTP/1.1" 200 2956 "https://serhatburke.miroglu.net/beste-casino-site-belgie-hoge-inzet/" "Mozilla/5.0 (Windows NT 10.0; Win64; x64) AppleWebKit/537.36 (KHTML, like Gecko) Chrome/143.0.0.0 Safari/537.36"
107.158.95.24 - - [18/Apr/2026:23:55:13 +0300] "GET /wp-content/themes/toppic/css/woocommerce.css?ver=4.2 HTTP/1.1" 200 2848 "https://serhatburke.miroglu.net/beste-casino-site-belgie-hoge-inzet/" "Mozilla/5.0 (Windows NT 10.0; Win64; x64) AppleWebKit/537.36 (KHTML, like Gecko) Chrome/143.0.0.0 Safari/537.36"
107.158.95.24 - - [18/Apr/2026:23:55:14 +0300] "GET /wp-content/themes/toppic/css/responsive.css?ver=4.2 HTTP/1.1" 200 2796 "https://serhatburke.miroglu.net/beste-casino-site-belgie-hoge-inzet/" "Mozilla/5.0 (Windows NT 10.0; Win64; x64) AppleWebKit/537.36 (KHTML, like Gecko) Chrome/143.0.0.0 Safari/537.36"
185.191.206.81 - - [18/Apr/2026:23:54:38 +0300] "POST /xmlrpc.php HTTP/1.1" 200 11711 "-" "Mozilla/5.0 (Windows NT 10.0; Win64; x64) AppleWebKit/537.36 (KHTML, like Gecko) Chrome/114.0.0.0 Safari/537.36"
98.98.33.56 - - [18/Apr/2026:23:54:50 +0300] "GET /instrument-a-avec-application-vulkan-vegas-gratuites-sans-telechargement-3000-jeu-en-compagnie-de-casino-gratis/ HTTP/1.1" 200 76370 "-" "Mozilla/5.0 (Windows NT 10.0; Win64; x64; rv:124.0) Gecko/20100101 Firefox/124.0"
185.153.197.91 - - [18/Apr/2026:23:55:14 +0300] "POST /xmlrpc.php HTTP/1.1" 200 9065 "-" "Mozilla/5.0 (Windows NT 10.0; Win64; x64) AppleWebKit/537.36 (KHTML, like Gecko) Chrome/114.0.0.0 Safari/537.36"
185.216.113.70 - - [18/Apr/2026:23:55:45 +0300] "POST /wp-cron.php?doing_wp_cron=1776545745.6570401191711425781250 HTTP/1.1" 200 448 "-" "WordPress/6.3.8; https://serhatburke.miroglu.net"
107.158.95.24 - - [18/Apr/2026:23:55:15 +0300] "POST /wp-comments-post.php HTTP/1.1" 302 1083 "https://serhatburke.miroglu.net/beste-casino-site-belgie-hoge-inzet/" "Mozilla/5.0 (Macintosh; Intel Mac OS X 12_5) AppleWebKit/537.36 (KHTML, like Gecko) Chrome/114.0.0.0 YaBrowser/22.7.0 Yowser/2.5 Safari/537.36"
185.216.113.70 - - [18/Apr/2026:23:55:57 +0300] "POST /wp-cron.php?doing_wp_cron=1776545757.3726439476013183593750 HTTP/1.1" 200 448 "-" "WordPress/6.3.8; https://serhatburke.miroglu.net"
200.25.47.114 - - [18/Apr/2026:23:55:23 +0300] "POST /xmlrpc.php HTTP/1.1" 200 630 "-" "Mozilla/5.0 (Windows NT 10.0; Win64; x64) AppleWebKit/537.36 (KHTML, like Gecko) Chrome/114.0.0.0 Safari/537.36"
185.216.113.70 - - [18/Apr/2026:23:56:05 +0300] "POST /wp-cron.php?doing_wp_cron=1776545765.3799500465393066406250 HTTP/1.1" 200 448 "-" "WordPress/6.3.8; https://serhatburke.miroglu.net"
185.191.206.81 - - [18/Apr/2026:23:55:17 +0300] "GET /confirmed-uk-no-deposit-local-casino-also-offers-to-have-february-2026/ HTTP/1.1" 200 72803 "-" "Mozilla/5.0 (Windows NT 10.0; Win64; x64) AppleWebKit/537.36 (KHTML, like Gecko) Chrome/124.0.0.0 Safari/537.36"
185.216.113.70 - - [18/Apr/2026:23:56:21 +0300] "POST /wp-cron.php?doing_wp_cron=1776545780.9730110168457031250000 HTTP/1.1" 200 448 "-" "WordPress/6.3.8; https://serhatburke.miroglu.net"
185.153.197.91 - - [18/Apr/2026:23:55:42 +0300] "GET /the-usa-online-casinos-%EF%BF%BD-gamble-at-best-the-brand-new-internet-casino/ HTTP/1.1" 200 70437 "-" "Mozilla/5.0 (Windows NT 10.0; Win64; x64) AppleWebKit/537.36 (KHTML, like Gecko) Chrome/109.0.0.0 Safari/537.36"
107.158.95.24 - - [18/Apr/2026:23:55:46 +0300] "GET /beste-casino-site-belgie-hoge-inzet/?unapproved=493&moderation-hash=25d9f2bb50b481963e37af5c15e13903 HTTP/1.1" 200 19089 "https://serhatburke.miroglu.net/wp-comments-post.php" "Mozilla/5.0 (Macintosh; Intel Mac OS X 12_5) AppleWebKit/537.36 (KHTML, like Gecko) Chrome/114.0.0.0 YaBrowser/22.7.0 Yowser/2.5 Safari/537.36"
185.153.197.91 - - [18/Apr/2026:23:55:53 +0300] "POST /xmlrpc.php HTTP/1.1" 200 630 "-" "Mozilla/5.0 (Windows NT 10.0; Win64; x64) AppleWebKit/537.36 (KHTML, like Gecko) Chrome/114.0.0.0 Safari/537.36"
200.25.47.114 - - [18/Apr/2026:23:56:04 +0300] "POST /xmlrpc.php HTTP/1.1" 200 12489 "-" "Mozilla/5.0 (Windows NT 10.0; Win64; x64) AppleWebKit/537.36 (KHTML, like Gecko) Chrome/114.0.0.0 Safari/537.36"
98.98.197.178 - - [18/Apr/2026:23:56:13 +0300] "POST /xmlrpc.php HTTP/1.1" 200 630 "-" "Mozilla/5.0 (Windows NT 10.0; Win64; x64) AppleWebKit/537.36 (KHTML, like Gecko) Chrome/114.0.0.0 Safari/537.36"
107.158.95.24 - - [18/Apr/2026:23:56:31 +0300] "GET /beste-casino-site-belgie-hoge-inzet/ HTTP/1.1" 200 18613 "-" "Mozilla/5.0 (Macintosh; Intel Mac OS X 12_5) AppleWebKit/537.36 (KHTML, like Gecko) Chrome/114.0.0.0 YaBrowser/22.7.0 Yowser/2.5 Safari/537.36"
185.153.197.91 - - [18/Apr/2026:23:56:43 +0300] "POST /xmlrpc.php HTTP/1.1" 200 8496 "-" "Mozilla/5.0 (Windows NT 10.0; Win64; x64) AppleWebKit/537.36 (KHTML, like Gecko) Chrome/114.0.0.0 Safari/537.36"
185.216.113.70 - - [18/Apr/2026:23:57:21 +0300] "POST /wp-cron.php?doing_wp_cron=1776545841.1836628913879394531250 HTTP/1.1" 200 448 "-" "WordPress/6.3.8; https://serhatburke.miroglu.net"
200.25.47.114 - - [18/Apr/2026:23:56:52 +0300] "GET /unser-besten-echtgeld-casinos-inoffizieller-mitarbeiter-web-2026-getestet/ HTTP/1.1" 200 74809 "-" "Mozilla/5.0 (Windows NT 10.0; rv:125.0) Gecko/20100101 Firefox/125.0"
98.98.197.178 - - [18/Apr/2026:23:57:04 +0300] "POST /xmlrpc.php HTTP/1.1" 200 14852 "-" "Mozilla/5.0 (Windows NT 10.0; Win64; x64) AppleWebKit/537.36 (KHTML, like Gecko) Chrome/114.0.0.0 Safari/537.36"
185.153.197.91 - - [18/Apr/2026:23:57:06 +0300] "POST /xmlrpc.php HTTP/1.1" 200 630 "-" "Mozilla/5.0 (Windows NT 10.0; Win64; x64) AppleWebKit/537.36 (KHTML, like Gecko) Chrome/114.0.0.0 Safari/537.36"
185.216.113.70 - - [18/Apr/2026:23:57:39 +0300] "POST /wp-cron.php?doing_wp_cron=1776545859.8351969718933105468750 HTTP/1.1" 200 448 "-" "WordPress/6.3.8; https://serhatburke.miroglu.net"
185.153.197.91 - - [18/Apr/2026:23:57:15 +0300] "GET /exactly-what-gambling-games-can-i-have-fun-with-my-no-deposit-incentive/ HTTP/1.1" 200 69850 "-" "Mozilla/5.0 (Windows NT 10.0; rv:109.0) Gecko/20100101 Firefox/115.0"
185.216.113.70 - - [18/Apr/2026:23:57:56 +0300] "POST /wp-cron.php?doing_wp_cron=1776545876.2061529159545898437500 HTTP/1.1" 200 448 "-" "WordPress/6.3.8; https://serhatburke.miroglu.net"
98.98.197.178 - - [18/Apr/2026:23:57:34 +0300] "GET /sonnennachster-planet-slot-abzuglich-casino-bet-at-home-bestes-spiel-registration-probieren/ HTTP/1.1" 200 77127 "-" "Mozilla/5.0 (Windows NT 10.0; Win64; x64; rv:124.0) Gecko/20100101 Firefox/124.0"
185.153.197.91 - - [18/Apr/2026:23:57:40 +0300] "POST /xmlrpc.php HTTP/1.1" 200 9644 "-" "Mozilla/5.0 (Windows NT 10.0; Win64; x64) AppleWebKit/537.36 (KHTML, like Gecko) Chrome/114.0.0.0 Safari/537.36"
98.98.33.56 - - [18/Apr/2026:23:58:03 +0300] "POST /xmlrpc.php HTTP/1.1" 200 630 "-" "Mozilla/5.0 (Windows NT 10.0; Win64; x64) AppleWebKit/537.36 (KHTML, like Gecko) Chrome/114.0.0.0 Safari/537.36"
185.153.197.91 - - [18/Apr/2026:23:58:11 +0300] "GET /enjoy-slots-alive-local-casino-fishing-and-you-may-web-based-poker-toward-jilievo-having-fast-put-and-you-can-detachment-thru-bkash-and-you-may-nagad/ HTTP/1.1" 200 73144 "-" "Mozilla/5.0 (Windows NT 10.0; Win64; x64) AppleWebKit/537.36 (KHTML, like Gecko) Chrome/123.0.0.0 Safari/537.36"
185.153.197.91 - - [18/Apr/2026:23:58:20 +0300] "POST /xmlrpc.php HTTP/1.1" 200 630 "-" "Mozilla/5.0 (Windows NT 10.0; Win64; x64) AppleWebKit/537.36 (KHTML, like Gecko) Chrome/114.0.0.0 Safari/537.36"
185.216.113.70 - - [18/Apr/2026:23:58:42 +0300] "POST /wp-cron.php?doing_wp_cron=1776545922.7864439487457275390625 HTTP/1.1" 200 448 "-" "WordPress/6.3.8; https://serhatburke.miroglu.net"
98.98.33.56 - - [18/Apr/2026:23:58:26 +0300] "POST /xmlrpc.php HTTP/1.1" 200 13879 "-" "Mozilla/5.0 (Windows NT 10.0; Win64; x64) AppleWebKit/537.36 (KHTML, like Gecko) Chrome/114.0.0.0 Safari/537.36"
103.219.169.211 - - [18/Apr/2026:23:58:22 +0300] "POST /xmlrpc.php HTTP/1.1" 200 630 "-" "Mozilla/5.0 (Windows NT 10.0; Win64; x64) AppleWebKit/537.36 (KHTML, like Gecko) Chrome/114.0.0.0 Safari/537.36"
185.153.197.91 - - [18/Apr/2026:23:58:43 +0300] "POST /xmlrpc.php HTTP/1.1" 200 8726 "-" "Mozilla/5.0 (Windows NT 10.0; Win64; x64) AppleWebKit/537.36 (KHTML, like Gecko) Chrome/114.0.0.0 Safari/537.36"
103.219.169.211 - - [18/Apr/2026:23:58:52 +0300] "POST /xmlrpc.php HTTP/1.1" 200 11553 "-" "Mozilla/5.0 (Windows NT 10.0; Win64; x64) AppleWebKit/537.36 (KHTML, like Gecko) Chrome/114.0.0.0 Safari/537.36"
98.98.33.56 - - [18/Apr/2026:23:58:44 +0300] "GET /french-caillou-jeu-donne-de-connexion-quick-win-france-caillou-quelque-peu/ HTTP/1.1" 200 75481 "-" "Mozilla/5.0 (Windows NT 10.0; Win64; x64) AppleWebKit/537.36 (KHTML, like Gecko) Chrome/122.0.0.0 Safari/537.36"
185.153.197.91 - - [18/Apr/2026:23:59:09 +0300] "GET /maine-casinos-%EF%BF%BD-most-readily-useful-towns-in-order-to-enjoy-inside-the-me/ HTTP/1.1" 200 70489 "-" "Mozilla/5.0 (Windows NT 10.0; rv:125.0) Gecko/20100101 Firefox/125.0"
103.219.169.211 - - [18/Apr/2026:23:59:12 +0300] "GET /kasino-pramie-qua-einzahlung-top-register-ein-online-casinos-2026/ HTTP/1.1" 200 73135 "-" "Mozilla/5.0 (Windows NT 10.0; Win64; x64; rv:124.0) Gecko/20100101 Firefox/124.0"
185.216.113.70 - - [18/Apr/2026:23:59:54 +0300] "POST /wp-cron.php?doing_wp_cron=1776545994.0851190090179443359375 HTTP/1.1" 200 448 "-" "WordPress/6.3.8; https://serhatburke.miroglu.net"
98.98.197.178 - - [18/Apr/2026:23:59:39 +0300] "POST /xmlrpc.php HTTP/1.1" 200 630 "-" "Mozilla/5.0 (Windows NT 10.0; Win64; x64) AppleWebKit/537.36 (KHTML, like Gecko) Chrome/114.0.0.0 Safari/537.36"
103.219.169.211 - - [18/Apr/2026:23:59:44 +0300] "POST /xmlrpc.php HTTP/1.1" 200 630 "-" "Mozilla/5.0 (Windows NT 10.0; Win64; x64) AppleWebKit/537.36 (KHTML, like Gecko) Chrome/114.0.0.0 Safari/537.36"
185.153.197.91 - - [18/Apr/2026:23:59:47 +0300] "POST /xmlrpc.php HTTP/1.1" 200 630 "-" "Mozilla/5.0 (Windows NT 10.0; Win64; x64) AppleWebKit/537.36 (KHTML, like Gecko) Chrome/114.0.0.0 Safari/537.36"
98.98.197.178 - - [19/Apr/2026:00:00:00 +0300] "POST /xmlrpc.php HTTP/1.1" 200 12773 "-" "Mozilla/5.0 (Windows NT 10.0; Win64; x64) AppleWebKit/537.36 (KHTML, like Gecko) Chrome/114.0.0.0 Safari/537.36"
103.219.169.211 - - [19/Apr/2026:00:00:11 +0300] "POST /xmlrpc.php HTTP/1.1" 200 12107 "-" "Mozilla/5.0 (Windows NT 10.0; Win64; x64) AppleWebKit/537.36 (KHTML, like Gecko) Chrome/114.0.0.0 Safari/537.36"
185.153.197.91 - - [19/Apr/2026:00:00:19 +0300] "POST /xmlrpc.php HTTP/1.1" 200 8887 "-" "Mozilla/5.0 (Windows NT 10.0; Win64; x64) AppleWebKit/537.36 (KHTML, like Gecko) Chrome/114.0.0.0 Safari/537.36"
185.216.113.70 - - [19/Apr/2026:00:00:47 +0300] "POST /wp-cron.php?doing_wp_cron=1776546047.2729980945587158203125 HTTP/1.1" 200 448 "-" "WordPress/6.3.8; https://serhatburke.miroglu.net"
98.98.197.178 - - [19/Apr/2026:00:00:25 +0300] "GET /abzuglich-einzahlung-alles-spitze-slot-free-spins-2026/ HTTP/1.1" 200 74145 "-" "Mozilla/5.0 (Windows NT 10.0; Win64; x64) AppleWebKit/537.36 (KHTML, like Gecko) Chrome/109.0.0.0 Safari/537.36"
103.219.169.211 - - [19/Apr/2026:00:00:32 +0300] "GET /bestes-online-spielbank-echtgeld-2026-spiele-uber-echtem-bimbes/ HTTP/1.1" 200 73722 "-" "Mozilla/5.0 (Windows NT 10.0; Win64; x64; rv:125.0) Gecko/20100101 Firefox/125.0"
200.25.47.114 - - [19/Apr/2026:00:00:35 +0300] "POST /xmlrpc.php HTTP/1.1" 200 630 "-" "Mozilla/5.0 (Windows NT 10.0; Win64; x64) AppleWebKit/537.36 (KHTML, like Gecko) Chrome/114.0.0.0 Safari/537.36"
185.153.197.91 - - [19/Apr/2026:00:00:36 +0300] "GET /banking-can-sometimes-be-the-newest-dealbreaker-between-good-local-casino-and-an-excellent-casino/ HTTP/1.1" 200 70852 "-" "Mozilla/5.0 (Windows NT 10.0; Win64; x64) AppleWebKit/537.36 (KHTML, like Gecko) Chrome/123.0.0.0 Safari/537.36 OPR/109.0.0.0"
52.167.144.138 - - [19/Apr/2026:00:00:39 +0300] "GET /sitemap.xml HTTP/2" 200 1076 "-" "Mozilla/5.0 AppleWebKit/537.36 (KHTML, like Gecko; compatible; bingbot/2.0; +http://www.bing.com/bingbot.htm) Chrome/116.0.1938.76 Safari/537.36"
185.153.197.91 - - [19/Apr/2026:00:01:00 +0300] "POST /xmlrpc.php HTTP/1.1" 200 630 "-" "Mozilla/5.0 (Windows NT 10.0; Win64; x64) AppleWebKit/537.36 (KHTML, like Gecko) Chrome/114.0.0.0 Safari/537.36"
103.219.169.211 - - [19/Apr/2026:00:01:02 +0300] "POST /xmlrpc.php HTTP/1.1" 200 630 "-" "Mozilla/5.0 (Windows NT 10.0; Win64; x64) AppleWebKit/537.36 (KHTML, like Gecko) Chrome/114.0.0.0 Safari/537.36"
