158.69.22.136 - - [18/Apr/2026:10:57:09 +0300] "GET /casino-online-skrill-prelievo-veloce/ HTTP/1.1" 200 18142 "-" "Mozilla/5.0 (compatible; Googlebot/2.1; +http://www.google.com/bot.html)"
185.216.113.70 - - [18/Apr/2026:10:59:40 +0300] "POST /wp-cron.php?doing_wp_cron=1776499180.7690510749816894531250 HTTP/1.1" 200 448 "-" "WordPress/6.3.8; https://serhatburke.miroglu.net"
17.22.253.38 - - [18/Apr/2026:10:59:26 +0300] "GET /portfolio/city-streets/ HTTP/1.1" 200 18902 "-" "Mozilla/5.0 (Macintosh; Intel Mac OS X 10_15_7) AppleWebKit/605.1.15 (KHTML, like Gecko) Version/17.4 Safari/605.1.15 (Applebot/0.1; +http://www.apple.com/go/applebot)"
185.216.113.70 - - [18/Apr/2026:11:01:21 +0300] "POST /wp-cron.php?doing_wp_cron=1776499281.4785580635070800781250 HTTP/1.1" 200 448 "-" "WordPress/6.3.8; https://serhatburke.miroglu.net"
40.77.167.68 - - [18/Apr/2026:11:01:06 +0300] "GET /sitemap.xml HTTP/2" 200 1069 "-" "Mozilla/5.0 AppleWebKit/537.36 (KHTML, like Gecko; compatible; bingbot/2.0; +http://www.bing.com/bingbot.htm) Chrome/116.0.1938.76 Safari/537.36"
17.22.253.126 - - [18/Apr/2026:11:01:58 +0300] "GET /wp-content/plugins/google-analytics-for-wordpress/assets/css/frontend.min.css?ver=10.1.2 HTTP/1.1" 200 1670 "https://serhatburke.miroglu.net/portfolio/city-streets/" "Mozilla/5.0 (Macintosh; Intel Mac OS X 10_15_7) AppleWebKit/605.1.15 (KHTML, like Gecko) Version/17.4 Safari/605.1.15 (Applebot/0.1; +http://www.apple.com/go/applebot)"
17.22.245.217 - - [18/Apr/2026:11:02:00 +0300] "GET /wp-content/themes/toppic/js/jquery.royalslider.min.js?ver=4.2 HTTP/1.1" 200 19365 "https://serhatburke.miroglu.net/portfolio/city-streets/" "Mozilla/5.0 (Macintosh; Intel Mac OS X 10_15_7) AppleWebKit/605.1.15 (KHTML, like Gecko) Version/17.4 Safari/605.1.15 (Applebot/0.1; +http://www.apple.com/go/applebot)"
185.216.113.70 - - [18/Apr/2026:11:03:26 +0300] "POST /wp-cron.php?doing_wp_cron=1776499406.2806799411773681640625 HTTP/1.1" 200 448 "-" "WordPress/6.3.8; https://serhatburke.miroglu.net"
17.22.245.143 - - [18/Apr/2026:11:03:13 +0300] "GET /portfolio/city-streets/undefined?ts=1776499393 HTTP/1.1" 404 15838 "https://serhatburke.miroglu.net/portfolio/city-streets/" "Mozilla/5.0 (Macintosh; Intel Mac OS X 10_15_7) AppleWebKit/605.1.15 (KHTML, like Gecko) Version/17.4 Safari/605.1.15 (Applebot/0.1; +http://www.apple.com/go/applebot)"
17.22.245.143 - - [18/Apr/2026:11:03:32 +0300] "GET /portfolio/city-streets/undefined?ts=1776499412 HTTP/1.1" 404 15659 "https://serhatburke.miroglu.net/portfolio/city-streets/" "Mozilla/5.0 (Macintosh; Intel Mac OS X 10_15_7) AppleWebKit/605.1.15 (KHTML, like Gecko) Version/17.4 Safari/605.1.15 (Applebot/0.1; +http://www.apple.com/go/applebot)"
185.216.113.70 - - [18/Apr/2026:11:04:06 +0300] "POST /wp-cron.php?doing_wp_cron=1776499445.9714539051055908203125 HTTP/1.1" 200 448 "-" "WordPress/6.3.8; https://serhatburke.miroglu.net"
17.22.245.143 - - [18/Apr/2026:11:03:47 +0300] "GET /portfolio/city-streets/undefined?ts=1776499427 HTTP/1.1" 404 15654 "https://serhatburke.miroglu.net/portfolio/city-streets/" "Mozilla/5.0 (Macintosh; Intel Mac OS X 10_15_7) AppleWebKit/605.1.15 (KHTML, like Gecko) Version/17.4 Safari/605.1.15 (Applebot/0.1; +http://www.apple.com/go/applebot)"
185.216.113.70 - - [18/Apr/2026:11:05:20 +0300] "POST /wp-cron.php?doing_wp_cron=1776499520.6079831123352050781250 HTTP/1.1" 200 448 "-" "WordPress/6.3.8; https://serhatburke.miroglu.net"
84.200.80.218 - - [18/Apr/2026:11:05:06 +0300] "POST /xmlrpc.php HTTP/1.1" 200 88583 "-" "Mozilla/5.0 (Macintosh; Intel Mac OS X 10_15_1) AppleWebKit/537.36 (KHTML, like Gecko) Chrome/80.0.3987.132 Safari/537.36"
17.22.253.125 - - [18/Apr/2026:11:05:14 +0300] "GET /portfolio/city-streets/undefined?ts=1776499514 HTTP/1.1" 404 15733 "https://serhatburke.miroglu.net/portfolio/city-streets/" "Mozilla/5.0 (Macintosh; Intel Mac OS X 10_15_7) AppleWebKit/605.1.15 (KHTML, like Gecko) Version/17.4 Safari/605.1.15 (Applebot/0.1; +http://www.apple.com/go/applebot)"
84.200.80.218 - - [18/Apr/2026:11:05:21 +0300] "POST /xmlrpc.php HTTP/1.1" 200 486 "-" "Mozilla/5.0 (Macintosh; Intel Mac OS X 10_15_1) AppleWebKit/537.36 (KHTML, like Gecko) Chrome/80.0.3987.132 Safari/537.36"
17.22.253.238 - - [18/Apr/2026:11:05:40 +0300] "GET /portfolio/city-streets/undefined?ts=1776499539 HTTP/1.1" 404 15835 "https://serhatburke.miroglu.net/portfolio/city-streets/" "Mozilla/5.0 (Macintosh; Intel Mac OS X 10_15_7) AppleWebKit/605.1.15 (KHTML, like Gecko) Version/17.4 Safari/605.1.15 (Applebot/0.1; +http://www.apple.com/go/applebot)"
84.200.80.218 - - [18/Apr/2026:11:05:42 +0300] "POST /xmlrpc.php HTTP/1.1" 200 489 "-" "Mozilla/5.0 (Macintosh; Intel Mac OS X 10_15_1) AppleWebKit/537.36 (KHTML, like Gecko) Chrome/80.0.3987.132 Safari/537.36"
17.22.245.154 - - [18/Apr/2026:11:05:57 +0300] "GET /portfolio/city-streets/undefined?ts=1776499556 HTTP/1.1" 404 15836 "https://serhatburke.miroglu.net/portfolio/city-streets/" "Mozilla/5.0 (Macintosh; Intel Mac OS X 10_15_7) AppleWebKit/605.1.15 (KHTML, like Gecko) Version/17.4 Safari/605.1.15 (Applebot/0.1; +http://www.apple.com/go/applebot)"
185.216.113.70 - - [18/Apr/2026:11:06:16 +0300] "POST /wp-cron.php?doing_wp_cron=1776499576.3364489078521728515625 HTTP/1.1" 200 448 "-" "WordPress/6.3.8; https://serhatburke.miroglu.net"
84.200.80.218 - - [18/Apr/2026:11:05:58 +0300] "POST /xmlrpc.php HTTP/1.1" 200 169306 "-" "Mozilla/5.0 (Macintosh; Intel Mac OS X 10_15_1) AppleWebKit/537.36 (KHTML, like Gecko) Chrome/80.0.3987.132 Safari/537.36"
45.84.192.5 - - [18/Apr/2026:11:06:20 +0300] "GET /casino-online-skrill-prelievo-veloce/ HTTP/1.1" 200 18092 "https://serhatburke.miroglu.net/" "Mozilla/5.0 (X11; Fedora; Linux x86_64; rv:114.0) Gecko/20100101 Firefox/114.0"
185.216.113.70 - - [18/Apr/2026:11:06:52 +0300] "POST /wp-cron.php?doing_wp_cron=1776499612.4796400070190429687500 HTTP/1.1" 200 448 "-" "WordPress/6.3.8; https://serhatburke.miroglu.net"
45.84.192.5 - - [18/Apr/2026:11:06:41 +0300] "GET /wp-login.php?action=register HTTP/1.1" 302 702 "https://serhatburke.miroglu.net/casino-online-skrill-prelievo-veloce/" "Mozilla/5.0 (Windows NT 6.3; Win64; x64) AppleWebKit/537.36 (KHTML, like Gecko) Chrome/103.0.0.0 Safari/537.36"
45.84.192.5 - - [18/Apr/2026:11:06:52 +0300] "GET /wp-login.php?registration=disabled HTTP/1.1" 200 3806 "https://serhatburke.miroglu.net/wp-login.php?action=register" "Mozilla/5.0 (Windows NT 6.3; Win64; x64) AppleWebKit/537.36 (KHTML, like Gecko) Chrome/103.0.0.0 Safari/537.36"
17.22.237.219 - - [18/Apr/2026:11:07:14 +0300] "GET /portfolio/city-streets/undefined?ts=1776499634 HTTP/1.1" 404 15835 "https://serhatburke.miroglu.net/portfolio/city-streets/" "Mozilla/5.0 (Macintosh; Intel Mac OS X 10_15_7) AppleWebKit/605.1.15 (KHTML, like Gecko) Version/17.4 Safari/605.1.15 (Applebot/0.1; +http://www.apple.com/go/applebot)"
185.216.113.70 - - [18/Apr/2026:11:07:51 +0300] "POST /wp-cron.php?doing_wp_cron=1776499670.9640049934387207031250 HTTP/1.1" 200 448 "-" "WordPress/6.3.8; https://serhatburke.miroglu.net"
17.22.237.219 - - [18/Apr/2026:11:07:38 +0300] "GET /portfolio/city-streets/undefined?ts=1776499647 HTTP/1.1" 404 15657 "https://serhatburke.miroglu.net/portfolio/city-streets/" "Mozilla/5.0 (Macintosh; Intel Mac OS X 10_15_7) AppleWebKit/605.1.15 (KHTML, like Gecko) Version/17.4 Safari/605.1.15 (Applebot/0.1; +http://www.apple.com/go/applebot)"
17.22.237.219 - - [18/Apr/2026:11:07:52 +0300] "GET /portfolio/city-streets/undefined?ts=1776499672 HTTP/1.1" 404 15553 "https://serhatburke.miroglu.net/portfolio/city-streets/" "Mozilla/5.0 (Macintosh; Intel Mac OS X 10_15_7) AppleWebKit/605.1.15 (KHTML, like Gecko) Version/17.4 Safari/605.1.15 (Applebot/0.1; +http://www.apple.com/go/applebot)"
185.216.113.70 - - [18/Apr/2026:11:10:28 +0300] "POST /wp-cron.php?doing_wp_cron=1776499828.7428240776062011718750 HTTP/1.1" 200 448 "-" "WordPress/6.3.8; https://serhatburke.miroglu.net"
98.98.33.41 - - [18/Apr/2026:11:10:15 +0300] "POST /xmlrpc.php HTTP/1.1" 200 630 "-" "Mozilla/5.0 (Windows NT 10.0; Win64; x64) AppleWebKit/537.36 (KHTML, like Gecko) Chrome/114.0.0.0 Safari/537.36"
98.98.33.41 - - [18/Apr/2026:11:10:35 +0300] "POST /xmlrpc.php HTTP/1.1" 200 14586 "-" "Mozilla/5.0 (Windows NT 10.0; Win64; x64) AppleWebKit/537.36 (KHTML, like Gecko) Chrome/114.0.0.0 Safari/537.36"
98.98.33.41 - - [18/Apr/2026:11:10:50 +0300] "GET /casino-quelque-peu-bonus-sans-nul-conserve-top-5-plus-grands-condition-lis-ca-2026/ HTTP/1.1" 200 76153 "-" "Mozilla/5.0 (Windows NT 10.0; Win64; x64) AppleWebKit/537.36 (KHTML, like Gecko) Chrome/123.0.0.0 Safari/537.36 OPR/109.0.0.0"
185.216.113.70 - - [18/Apr/2026:11:12:02 +0300] "POST /wp-cron.php?doing_wp_cron=1776499922.7475790977478027343750 HTTP/1.1" 200 448 "-" "WordPress/6.3.8; https://serhatburke.miroglu.net"
17.22.237.21 - - [18/Apr/2026:11:11:45 +0300] "GET /portfolio/city-streets/undefined?ts=1776499905 HTTP/1.1" 404 15837 "https://serhatburke.miroglu.net/portfolio/city-streets/" "Mozilla/5.0 (Macintosh; Intel Mac OS X 10_15_7) AppleWebKit/605.1.15 (KHTML, like Gecko) Version/17.4 Safari/605.1.15 (Applebot/0.1; +http://www.apple.com/go/applebot)"
221.150.109.22 - - [18/Apr/2026:11:11:52 +0300] "GET /quickwin-casino-opinie-i-bonusy-2026/ HTTP/1.1" 200 18060 "https://serhatburke.miroglu.net/" "Mozilla/5.0 (X11; Linux x86_64; rv:148.0) Gecko/20100101 Firefox/148.0"
17.22.253.134 - - [18/Apr/2026:11:12:04 +0300] "GET /portfolio/city-streets/undefined?ts=1776499923 HTTP/1.1" 404 15733 "https://serhatburke.miroglu.net/portfolio/city-streets/" "Mozilla/5.0 (Macintosh; Intel Mac OS X 10_15_7) AppleWebKit/605.1.15 (KHTML, like Gecko) Version/17.4 Safari/605.1.15 (Applebot/0.1; +http://www.apple.com/go/applebot)"
221.150.109.22 - - [18/Apr/2026:11:12:20 +0300] "GET /?p=26951 HTTP/1.1" 301 663 "https://serhatburke.miroglu.net/quickwin-casino-opinie-i-bonusy-2026/" "Mozilla/5.0 (X11; Linux x86_64; rv:148.0) Gecko/20100101 Firefox/148.0"
185.216.113.70 - - [18/Apr/2026:11:12:50 +0300] "POST /wp-cron.php?doing_wp_cron=1776499970.2367970943450927734375 HTTP/1.1" 200 448 "-" "WordPress/6.3.8; https://serhatburke.miroglu.net"
221.150.109.22 - - [18/Apr/2026:11:12:37 +0300] "GET /quickwin-casino-opinie-i-bonusy-2026/ HTTP/1.1" 200 18078 "https://serhatburke.miroglu.net/?p=26951" "Mozilla/5.0 (X11; Linux x86_64; rv:148.0) Gecko/20100101 Firefox/148.0"
216.213.28.231 - - [18/Apr/2026:11:12:40 +0300] "GET /automaty-hazard-online/ HTTP/1.1" 200 17661 "https://serhatburke.miroglu.net/" "Mozilla/5.0 (X11; Ubuntu; Linux i686; rv:114.0) Gecko/20100101 Firefox/114.0"
216.213.28.231 - - [18/Apr/2026:11:13:05 +0300] "POST /wp-comments-post.php HTTP/1.1" 302 1033 "https://serhatburke.miroglu.net/automaty-hazard-online/" "Mozilla/5.0 (X11; Ubuntu; Linux i686; rv:114.0) Gecko/20100101 Firefox/114.0"
216.213.28.231 - - [18/Apr/2026:11:13:22 +0300] "GET /automaty-hazard-online/?unapproved=474&moderation-hash=8efc8178e5e1371ee5cbc56a3eaa3577 HTTP/1.1" 200 18070 "https://serhatburke.miroglu.net/wp-comments-post.php" "Mozilla/5.0 (X11; Ubuntu; Linux i686; rv:114.0) Gecko/20100101 Firefox/114.0"
185.216.113.70 - - [18/Apr/2026:11:13:40 +0300] "POST /wp-cron.php?doing_wp_cron=1776500020.2289750576019287109375 HTTP/1.1" 200 448 "-" "WordPress/6.3.8; https://serhatburke.miroglu.net"
17.22.237.158 - - [18/Apr/2026:11:13:23 +0300] "GET /portfolio/city-streets/undefined?ts=1776500003 HTTP/1.1" 404 15840 "https://serhatburke.miroglu.net/portfolio/city-streets/" "Mozilla/5.0 (Macintosh; Intel Mac OS X 10_15_7) AppleWebKit/605.1.15 (KHTML, like Gecko) Version/17.4 Safari/605.1.15 (Applebot/0.1; +http://www.apple.com/go/applebot)"
170.199.229.173 - - [18/Apr/2026:11:13:33 +0300] "GET /automaty-hazard-online/ HTTP/1.1" 200 17627 "-" "Mozilla/5.0 (X11; Ubuntu; Linux i686; rv:114.0) Gecko/20100101 Firefox/114.0"
17.22.237.61 - - [18/Apr/2026:11:13:41 +0300] "GET /portfolio/city-streets/undefined?ts=1776500021 HTTP/1.1" 404 15835 "https://serhatburke.miroglu.net/portfolio/city-streets/" "Mozilla/5.0 (Macintosh; Intel Mac OS X 10_15_7) AppleWebKit/605.1.15 (KHTML, like Gecko) Version/17.4 Safari/605.1.15 (Applebot/0.1; +http://www.apple.com/go/applebot)"
17.22.237.61 - - [18/Apr/2026:11:14:02 +0300] "GET /portfolio/city-streets/undefined?ts=1776500042 HTTP/1.1" 404 15656 "https://serhatburke.miroglu.net/portfolio/city-streets/" "Mozilla/5.0 (Macintosh; Intel Mac OS X 10_15_7) AppleWebKit/605.1.15 (KHTML, like Gecko) Version/17.4 Safari/605.1.15 (Applebot/0.1; +http://www.apple.com/go/applebot)"
17.22.237.61 - - [18/Apr/2026:11:14:14 +0300] "GET /portfolio/city-streets/undefined?ts=1776500054 HTTP/1.1" 404 15657 "https://serhatburke.miroglu.net/portfolio/city-streets/" "Mozilla/5.0 (Macintosh; Intel Mac OS X 10_15_7) AppleWebKit/605.1.15 (KHTML, like Gecko) Version/17.4 Safari/605.1.15 (Applebot/0.1; +http://www.apple.com/go/applebot)"
170.199.229.173 - - [18/Apr/2026:11:14:23 +0300] "GET /automaty-hazard-online/ HTTP/1.1" 200 17627 "-" "Mozilla/5.0 (Windows NT 10.0; Win64; x64) AppleWebKit/537.36 (KHTML, like Gecko) Chrome/114.0.0.0 Safari/537.36 OPR/89.0.4447.51"
185.216.113.70 - - [18/Apr/2026:11:14:40 +0300] "POST /wp-cron.php?doing_wp_cron=1776500080.3024098873138427734375 HTTP/1.1" 200 448 "-" "WordPress/6.3.8; https://serhatburke.miroglu.net"
98.98.33.41 - - [18/Apr/2026:11:14:27 +0300] "POST /xmlrpc.php HTTP/1.1" 200 630 "-" "Mozilla/5.0 (Windows NT 10.0; Win64; x64) AppleWebKit/537.36 (KHTML, like Gecko) Chrome/114.0.0.0 Safari/537.36"
98.98.33.41 - - [18/Apr/2026:11:14:47 +0300] "POST /xmlrpc.php HTTP/1.1" 200 15490 "-" "Mozilla/5.0 (Windows NT 10.0; Win64; x64) AppleWebKit/537.36 (KHTML, like Gecko) Chrome/114.0.0.0 Safari/537.36"
98.98.33.41 - - [18/Apr/2026:11:15:03 +0300] "GET /book-of-ra-deluxe-salle-de-jeu-de-meilleures-machines-a-sous-en-ligne-argent-reel-ligne-jouer-gratuitement/ HTTP/1.1" 200 77867 "-" "Mozilla/5.0 (Windows NT 10.0; rv:125.0) Gecko/20100101 Firefox/125.0"
172.245.229.111 - - [18/Apr/2026:11:15:13 +0300] "GET /28563-2/ HTTP/1.1" 200 18765 "-" "Mozilla/5.0 (Windows NT 10.0; Win64; x64) AppleWebKit/537.36 (KHTML, like Gecko) Chrome/114.0.0.0 Safari/537.36 OPR/89.0.4447.51"
185.216.113.70 - - [18/Apr/2026:11:18:10 +0300] "POST /wp-cron.php?doing_wp_cron=1776500290.7316410541534423828125 HTTP/1.1" 200 448 "-" "WordPress/6.3.8; https://serhatburke.miroglu.net"
66.249.73.1 - - [18/Apr/2026:11:17:58 +0300] "GET /robots.txt HTTP/1.1" 200 719 "-" "Mozilla/5.0 (compatible; Googlebot/2.1; +http://www.google.com/bot.html)"
185.216.113.70 - - [18/Apr/2026:11:22:33 +0300] "POST /wp-cron.php?doing_wp_cron=1776500553.7837779521942138671875 HTTP/1.1" 200 448 "-" "WordPress/6.3.8; https://serhatburke.miroglu.net"
66.249.73.1 - - [18/Apr/2026:11:22:20 +0300] "GET /kasinopelien-perusteet-opas-aloittelijoille/ HTTP/1.1" 200 18444 "-" "Mozilla/5.0 (Linux; Android 6.0.1; Nexus 5X Build/MMB29P) AppleWebKit/537.36 (KHTML, like Gecko) Chrome/146.0.7680.177 Mobile Safari/537.36 (compatible; Googlebot/2.1; +http://www.google.com/bot.html)"
98.98.33.41 - - [18/Apr/2026:11:22:52 +0300] "POST /xmlrpc.php HTTP/1.1" 200 630 "-" "Mozilla/5.0 (Windows NT 10.0; Win64; x64) AppleWebKit/537.36 (KHTML, like Gecko) Chrome/114.0.0.0 Safari/537.36"
185.216.113.70 - - [18/Apr/2026:11:23:22 +0300] "POST /wp-cron.php?doing_wp_cron=1776500602.2537078857421875000000 HTTP/1.1" 200 448 "-" "WordPress/6.3.8; https://serhatburke.miroglu.net"
98.98.33.41 - - [18/Apr/2026:11:23:10 +0300] "POST /xmlrpc.php HTTP/1.1" 200 12412 "-" "Mozilla/5.0 (Windows NT 10.0; Win64; x64) AppleWebKit/537.36 (KHTML, like Gecko) Chrome/114.0.0.0 Safari/537.36"
98.98.33.41 - - [18/Apr/2026:11:23:23 +0300] "GET /quale-utilizzare-come-prelevare-il-bonus-vegas-plus-al-meglio-i-bonus-giornalieri-offerti-dai-casino-online/ HTTP/1.1" 200 74683 "-" "Mozilla/5.0 (Windows NT 10.0; Win64; x64; rv:125.0) Gecko/20100101 Firefox/125.0"
185.216.113.70 - - [18/Apr/2026:11:25:48 +0300] "POST /wp-cron.php?doing_wp_cron=1776500748.2860500812530517578125 HTTP/1.1" 200 448 "-" "WordPress/6.3.8; https://serhatburke.miroglu.net"
185.151.84.117 - - [18/Apr/2026:11:25:35 +0300] "GET /glcyin-qumar-oyunlar-pinco-il-muasir-trendlri/ HTTP/1.1" 200 20712 "-" "Screaming Frog SEO Spider/20.2"
185.216.113.70 - - [18/Apr/2026:11:28:37 +0300] "POST /wp-cron.php?doing_wp_cron=1776500917.1848471164703369140625 HTTP/1.1" 200 448 "-" "WordPress/6.3.8; https://serhatburke.miroglu.net"
98.98.33.41 - - [18/Apr/2026:11:28:19 +0300] "POST /xmlrpc.php HTTP/1.1" 200 630 "-" "Mozilla/5.0 (Windows NT 10.0; Win64; x64) AppleWebKit/537.36 (KHTML, like Gecko) Chrome/114.0.0.0 Safari/537.36"
98.98.33.41 - - [18/Apr/2026:11:28:43 +0300] "POST /xmlrpc.php HTTP/1.1" 200 12562 "-" "Mozilla/5.0 (Windows NT 10.0; Win64; x64) AppleWebKit/537.36 (KHTML, like Gecko) Chrome/114.0.0.0 Safari/537.36"
98.98.33.41 - - [18/Apr/2026:11:28:57 +0300] "GET /bonus-scompiglio-gennaio-2026%EF%B8%8F%EF%B8%8F-accesso-allapp-mafia-casino-stringa-migliori-gratifica-commiato/ HTTP/1.1" 200 74859 "-" "Mozilla/5.0 (Windows NT 10.0; Win64; x64) AppleWebKit/537.36 (KHTML, like Gecko) Chrome/109.0.0.0 Safari/537.36"
185.216.113.70 - - [18/Apr/2026:11:30:06 +0300] "POST /wp-cron.php?doing_wp_cron=1776501006.1023740768432617187500 HTTP/1.1" 200 448 "-" "WordPress/6.3.8; https://serhatburke.miroglu.net"
98.98.33.41 - - [18/Apr/2026:11:29:53 +0300] "POST /xmlrpc.php HTTP/1.1" 200 630 "-" "Mozilla/5.0 (Windows NT 10.0; Win64; x64) AppleWebKit/537.36 (KHTML, like Gecko) Chrome/114.0.0.0 Safari/537.36"
98.98.33.41 - - [18/Apr/2026:11:30:12 +0300] "POST /xmlrpc.php HTTP/1.1" 200 11799 "-" "Mozilla/5.0 (Windows NT 10.0; Win64; x64) AppleWebKit/537.36 (KHTML, like Gecko) Chrome/114.0.0.0 Safari/537.36"
185.216.113.70 - - [18/Apr/2026:11:30:39 +0300] "POST /wp-cron.php?doing_wp_cron=1776501039.6617169380187988281250 HTTP/1.1" 200 448 "-" "WordPress/6.3.8; https://serhatburke.miroglu.net"
98.98.33.41 - - [18/Apr/2026:11:30:27 +0300] "GET /gratifica-privato-hitnspin-accesso-allaccount-di-deposito-%EF%B8%8F-ultime-offerte-di-casino-aams-nel-2026/ HTTP/1.1" 200 74195 "-" "Mozilla/5.0 (Windows NT 10.0; Win64; x64; rv:124.0) Gecko/20100101 Firefox/124.0"
181.214.89.22 - - [18/Apr/2026:11:30:35 +0300] "GET /beste-casino-site-belgie-hoge-inzet/ HTTP/1.1" 200 18613 "-" "Mozilla/5.0 (Windows NT 10.0; Win64; x64) AppleWebKit/537.36 (KHTML, like Gecko) Chrome/114.0.0.0 Safari/537.36 OPR/89.0.4447.51"
57.128.22.95 - - [18/Apr/2026:11:31:05 +0300] "GET /automaty-hazard-online/ HTTP/1.1" 200 17664 "-" "Mozilla/5.0 (compatible; Googlebot/2.1; +http://www.google.com/bot.html)"
185.216.113.70 - - [18/Apr/2026:11:31:41 +0300] "POST /wp-cron.php?doing_wp_cron=1776501100.9404489994049072265625 HTTP/1.1" 200 448 "-" "WordPress/6.3.8; https://serhatburke.miroglu.net"
98.98.33.41 - - [18/Apr/2026:11:31:24 +0300] "POST /xmlrpc.php HTTP/1.1" 200 630 "-" "Mozilla/5.0 (Windows NT 10.0; Win64; x64) AppleWebKit/537.36 (KHTML, like Gecko) Chrome/114.0.0.0 Safari/537.36"
98.98.33.41 - - [18/Apr/2026:11:31:47 +0300] "POST /xmlrpc.php HTTP/1.1" 200 12571 "-" "Mozilla/5.0 (Windows NT 10.0; Win64; x64) AppleWebKit/537.36 (KHTML, like Gecko) Chrome/114.0.0.0 Safari/537.36"
98.98.33.41 - - [18/Apr/2026:11:32:05 +0300] "GET /luminoso-confusione-il-miglior-gioco-quick-win-slot-guida-completa-online/ HTTP/1.1" 200 73882 "-" "Mozilla/5.0 (Windows NT 10.0; Win64; x64) AppleWebKit/537.36 (KHTML, like Gecko) Chrome/123.0.0.0 Safari/537.36"
185.216.113.70 - - [18/Apr/2026:11:33:04 +0300] "POST /wp-cron.php?doing_wp_cron=1776501183.9364719390869140625000 HTTP/1.1" 200 448 "-" "WordPress/6.3.8; https://serhatburke.miroglu.net"
98.98.33.41 - - [18/Apr/2026:11:32:44 +0300] "POST /xmlrpc.php HTTP/1.1" 200 630 "-" "Mozilla/5.0 (Windows NT 10.0; Win64; x64) AppleWebKit/537.36 (KHTML, like Gecko) Chrome/114.0.0.0 Safari/537.36"
98.98.33.41 - - [18/Apr/2026:11:33:10 +0300] "POST /xmlrpc.php HTTP/1.1" 200 12127 "-" "Mozilla/5.0 (Windows NT 10.0; Win64; x64) AppleWebKit/537.36 (KHTML, like Gecko) Chrome/114.0.0.0 Safari/537.36"
98.98.33.41 - - [18/Apr/2026:11:33:23 +0300] "GET /amunra-scompiglio-e-legittimo-commento-neutrale-oscar-spin-promo-2026-anche-accertamento/ HTTP/1.1" 200 74167 "-" "Mozilla/5.0 (Windows NT 10.0; Win64; x64) AppleWebKit/537.36 (KHTML, like Gecko) Chrome/123.0.0.0 Safari/537.36"
185.216.113.70 - - [18/Apr/2026:11:34:23 +0300] "POST /wp-cron.php?doing_wp_cron=1776501263.6651370525360107421875 HTTP/1.1" 200 448 "-" "WordPress/6.3.8; https://serhatburke.miroglu.net"
98.98.33.41 - - [18/Apr/2026:11:34:07 +0300] "POST /xmlrpc.php HTTP/1.1" 200 630 "-" "Mozilla/5.0 (Windows NT 10.0; Win64; x64) AppleWebKit/537.36 (KHTML, like Gecko) Chrome/114.0.0.0 Safari/537.36"
98.98.33.41 - - [18/Apr/2026:11:34:30 +0300] "POST /xmlrpc.php HTTP/1.1" 200 12307 "-" "Mozilla/5.0 (Windows NT 10.0; Win64; x64) AppleWebKit/537.36 (KHTML, like Gecko) Chrome/114.0.0.0 Safari/537.36"
98.98.33.41 - - [18/Apr/2026:11:34:49 +0300] "GET /migliori-casino-online-italiani-siti-nessun-deposito-machance-per-i-giocatori-esistenti-adm-sicuri-febbraio-2026/ HTTP/1.1" 200 75029 "-" "Mozilla/5.0 (Windows NT 10.0; Win64; x64; rv:125.0) Gecko/20100101 Firefox/125.0"
130.44.202.9 - - [18/Apr/2026:11:34:51 +0300] "GET /automaty-hazard-online/ HTTP/1.1" 200 17661 "https://serhatburke.miroglu.net/" "Mozilla/5.0 (X11; Linux x86_64) AppleWebKit/537.36 (KHTML, like Gecko) Chrome/114.0.0.0 Safari/537.36"
130.44.202.9 - - [18/Apr/2026:11:35:09 +0300] "POST /wp-comments-post.php HTTP/1.1" 302 1033 "https://serhatburke.miroglu.net/automaty-hazard-online/" "Mozilla/5.0 (X11; Linux x86_64) AppleWebKit/537.36 (KHTML, like Gecko) Chrome/114.0.0.0 Safari/537.36"
130.44.202.9 - - [18/Apr/2026:11:35:21 +0300] "GET /automaty-hazard-online/?unapproved=475&moderation-hash=cd9ead55e2b7e8e6f988054cabccce8f HTTP/1.1" 200 18124 "https://serhatburke.miroglu.net/wp-comments-post.php" "Mozilla/5.0 (X11; Linux x86_64) AppleWebKit/537.36 (KHTML, like Gecko) Chrome/114.0.0.0 Safari/537.36"
98.98.33.41 - - [18/Apr/2026:11:35:22 +0300] "POST /xmlrpc.php HTTP/1.1" 200 630 "-" "Mozilla/5.0 (Windows NT 10.0; Win64; x64) AppleWebKit/537.36 (KHTML, like Gecko) Chrome/114.0.0.0 Safari/537.36"
185.216.113.70 - - [18/Apr/2026:11:35:48 +0300] "POST /wp-cron.php?doing_wp_cron=1776501348.1262710094451904296875 HTTP/1.1" 200 448 "-" "WordPress/6.3.8; https://serhatburke.miroglu.net"
130.44.202.9 - - [18/Apr/2026:11:35:35 +0300] "GET /automaty-hazard-online/ HTTP/1.1" 200 17627 "-" "Mozilla/5.0 (X11; Linux x86_64) AppleWebKit/537.36 (KHTML, like Gecko) Chrome/114.0.0.0 Safari/537.36"
192.142.53.92 - - [18/Apr/2026:11:35:44 +0300] "GET /jouer-en-ligne-sur-un-casino-a-argent-reel/ HTTP/2" 200 0 "-" "Mozilla/5.0 (Windows NT 10.0; Win64; x64) AppleWebKit/537.36 (KHTML, like Gecko) Chrome/124.0.0.0 Safari/537.36"
98.98.33.41 - - [18/Apr/2026:11:35:41 +0300] "POST /xmlrpc.php HTTP/1.1" 200 12116 "-" "Mozilla/5.0 (Windows NT 10.0; Win64; x64) AppleWebKit/537.36 (KHTML, like Gecko) Chrome/114.0.0.0 Safari/537.36"
98.98.33.41 - - [18/Apr/2026:11:35:57 +0300] "GET /scompiglio-non-aams-codice-bonus-per-vegas-plus-stringa-siti-non-aams-sicuri-verso-italiani-nel-2026/ HTTP/1.1" 200 74479 "-" "Mozilla/5.0 (Windows NT 10.0; rv:109.0) Gecko/20100101 Firefox/115.0"
185.216.113.70 - - [18/Apr/2026:11:36:46 +0300] "POST /wp-cron.php?doing_wp_cron=1776501405.9305059909820556640625 HTTP/1.1" 200 448 "-" "WordPress/6.3.8; https://serhatburke.miroglu.net"
130.44.202.9 - - [18/Apr/2026:11:36:33 +0300] "GET /automaty-hazard-online/ HTTP/1.1" 200 17627 "-" "Mozilla/5.0 (Windows NT 10.0; Win64; x64) AppleWebKit/537.36 (KHTML, like Gecko) Chrome/114.0.0.0 Safari/537.36 OPR/89.0.4447.51"
98.98.33.41 - - [18/Apr/2026:11:36:34 +0300] "POST /xmlrpc.php HTTP/1.1" 200 630 "-" "Mozilla/5.0 (Windows NT 10.0; Win64; x64) AppleWebKit/537.36 (KHTML, like Gecko) Chrome/114.0.0.0 Safari/537.36"
98.98.33.41 - - [18/Apr/2026:11:36:53 +0300] "POST /xmlrpc.php HTTP/1.1" 200 12590 "-" "Mozilla/5.0 (Windows NT 10.0; Win64; x64) AppleWebKit/537.36 (KHTML, like Gecko) Chrome/114.0.0.0 Safari/537.36"
98.98.33.41 - - [18/Apr/2026:11:37:07 +0300] "GET /migliori-download-dellapp-play-regal-per-android-mucchio-non-aams-in-bonus-per-febbraio-2026/ HTTP/1.1" 200 74681 "-" "Mozilla/5.0 (Windows NT 10.0; rv:125.0) Gecko/20100101 Firefox/125.0"
185.216.113.70 - - [18/Apr/2026:11:37:55 +0300] "POST /wp-cron.php?doing_wp_cron=1776501475.8408010005950927734375 HTTP/1.1" 200 448 "-" "WordPress/6.3.8; https://serhatburke.miroglu.net"
98.98.33.41 - - [18/Apr/2026:11:37:44 +0300] "POST /xmlrpc.php HTTP/1.1" 200 630 "-" "Mozilla/5.0 (Windows NT 10.0; Win64; x64) AppleWebKit/537.36 (KHTML, like Gecko) Chrome/114.0.0.0 Safari/537.36"
98.98.33.41 - - [18/Apr/2026:11:38:02 +0300] "POST /xmlrpc.php HTTP/1.1" 200 12398 "-" "Mozilla/5.0 (Windows NT 10.0; Win64; x64) AppleWebKit/537.36 (KHTML, like Gecko) Chrome/114.0.0.0 Safari/537.36"
98.98.33.41 - - [18/Apr/2026:11:38:17 +0300] "GET /tabella-bonus-goldbet-come-utilizzare-di-ciascuno-i-casino-italiani-online-certificati-adm/ HTTP/1.1" 200 74395 "-" "Mozilla/5.0 (Windows NT 10.0; Win64; x64; rv:124.0) Gecko/20100101 Firefox/124.0"
185.216.113.70 - - [18/Apr/2026:11:39:15 +0300] "POST /wp-cron.php?doing_wp_cron=1776501555.4161620140075683593750 HTTP/1.1" 200 448 "-" "WordPress/6.3.8; https://serhatburke.miroglu.net"
98.98.33.41 - - [18/Apr/2026:11:38:59 +0300] "POST /xmlrpc.php HTTP/1.1" 200 630 "-" "Mozilla/5.0 (Windows NT 10.0; Win64; x64) AppleWebKit/537.36 (KHTML, like Gecko) Chrome/114.0.0.0 Safari/537.36"
98.98.33.41 - - [18/Apr/2026:11:39:23 +0300] "POST /xmlrpc.php HTTP/1.1" 200 12078 "-" "Mozilla/5.0 (Windows NT 10.0; Win64; x64) AppleWebKit/537.36 (KHTML, like Gecko) Chrome/114.0.0.0 Safari/537.36"
185.216.113.70 - - [18/Apr/2026:11:39:55 +0300] "POST /wp-cron.php?doing_wp_cron=1776501595.4169290065765380859375 HTTP/1.1" 200 448 "-" "WordPress/6.3.8; https://serhatburke.miroglu.net"
98.98.33.41 - - [18/Apr/2026:11:39:40 +0300] "GET /scompiglio-paypal-2026-lista-anche-apk-di-download-dellapp-mafia-casino-luogo-puntare/ HTTP/1.1" 200 74071 "-" "Mozilla/5.0 (Windows NT 10.0; Win64; x64; rv:124.0) Gecko/20100101 Firefox/124.0"
98.98.33.41 - - [18/Apr/2026:11:40:06 +0300] "POST /xmlrpc.php HTTP/1.1" 200 630 "-" "Mozilla/5.0 (Windows NT 10.0; Win64; x64) AppleWebKit/537.36 (KHTML, like Gecko) Chrome/114.0.0.0 Safari/537.36"
185.216.113.70 - - [18/Apr/2026:11:40:35 +0300] "POST /wp-cron.php?doing_wp_cron=1776501635.3193690776824951171875 HTTP/1.1" 200 448 "-" "WordPress/6.3.8; https://serhatburke.miroglu.net"
98.98.33.41 - - [18/Apr/2026:11:40:23 +0300] "POST /xmlrpc.php HTTP/1.1" 200 13000 "-" "Mozilla/5.0 (Windows NT 10.0; Win64; x64) AppleWebKit/537.36 (KHTML, like Gecko) Chrome/114.0.0.0 Safari/537.36"
98.98.33.41 - - [18/Apr/2026:11:40:36 +0300] "GET /tutte-le-bollettino-quick-win-accedi-sul-puro-del-inganno/ HTTP/1.1" 200 73939 "-" "Mozilla/5.0 (Windows NT 10.0; rv:125.0) Gecko/20100101 Firefox/125.0"
98.98.33.41 - - [18/Apr/2026:11:41:12 +0300] "POST /xmlrpc.php HTTP/1.1" 200 630 "-" "Mozilla/5.0 (Windows NT 10.0; Win64; x64) AppleWebKit/537.36 (KHTML, like Gecko) Chrome/114.0.0.0 Safari/537.36"
185.216.113.70 - - [18/Apr/2026:11:41:48 +0300] "POST /wp-cron.php?doing_wp_cron=1776501708.1203479766845703125000 HTTP/1.1" 200 448 "-" "WordPress/6.3.8; https://serhatburke.miroglu.net"
98.98.33.41 - - [18/Apr/2026:11:41:33 +0300] "POST /xmlrpc.php HTTP/1.1" 200 11793 "-" "Mozilla/5.0 (Windows NT 10.0; Win64; x64) AppleWebKit/537.36 (KHTML, like Gecko) Chrome/114.0.0.0 Safari/537.36"
98.98.33.41 - - [18/Apr/2026:11:41:49 +0300] "GET /bisca-sopra-bonus-in-assenza-di-fondo-veloce-accedi-a-verde-casino-february-2026/ HTTP/1.1" 200 73396 "-" "Mozilla/5.0 (Windows NT 10.0; Win64; x64) AppleWebKit/537.36 (KHTML, like Gecko) Chrome/109.0.0.0 Safari/537.36"
66.249.73.1 - - [18/Apr/2026:11:42:14 +0300] "GET /ignite-your-fortune-play-sugar-rush-for-real-money-unlock-a/ HTTP/1.1" 200 18709 "-" "Mozilla/5.0 (Linux; Android 6.0.1; Nexus 5X Build/MMB29P) AppleWebKit/537.36 (KHTML, like Gecko) Chrome/146.0.7680.177 Mobile Safari/537.36 (compatible; Googlebot/2.1; +http://www.google.com/bot.html)"
98.98.33.41 - - [18/Apr/2026:11:42:19 +0300] "POST /xmlrpc.php HTTP/1.1" 200 630 "-" "Mozilla/5.0 (Windows NT 10.0; Win64; x64) AppleWebKit/537.36 (KHTML, like Gecko) Chrome/114.0.0.0 Safari/537.36"
185.216.113.70 - - [18/Apr/2026:11:42:50 +0300] "POST /wp-cron.php?doing_wp_cron=1776501770.6135020256042480468750 HTTP/1.1" 200 448 "-" "WordPress/6.3.8; https://serhatburke.miroglu.net"
98.98.33.41 - - [18/Apr/2026:11:42:38 +0300] "POST /xmlrpc.php HTTP/1.1" 200 12247 "-" "Mozilla/5.0 (Windows NT 10.0; Win64; x64) AppleWebKit/537.36 (KHTML, like Gecko) Chrome/114.0.0.0 Safari/537.36"
98.98.33.41 - - [18/Apr/2026:11:42:52 +0300] "GET /gratifica-1200-220-giri-a-nessun-deposito-mafia-casino-casino-online-scrocco-2026/ HTTP/1.1" 200 73959 "-" "Mozilla/5.0 (Windows NT 10.0; Win64; x64) AppleWebKit/537.36 (KHTML, like Gecko) Chrome/124.0.0.0 Safari/537.36 Edg/124.0.0.0"
98.98.33.41 - - [18/Apr/2026:11:43:22 +0300] "POST /xmlrpc.php HTTP/1.1" 200 630 "-" "Mozilla/5.0 (Windows NT 10.0; Win64; x64) AppleWebKit/537.36 (KHTML, like Gecko) Chrome/114.0.0.0 Safari/537.36"
185.216.113.70 - - [18/Apr/2026:11:43:41 +0300] "POST /wp-cron.php?doing_wp_cron=1776501821.1600809097290039062500 HTTP/1.1" 200 448 "-" "WordPress/6.3.8; https://serhatburke.miroglu.net"
66.249.73.15 - - [18/Apr/2026:11:43:27 +0300] "GET /no-title/ HTTP/1.1" 200 19088 "-" "Mozilla/5.0 (Linux; Android 6.0.1; Nexus 5X Build/MMB29P) AppleWebKit/537.36 (KHTML, like Gecko) Chrome/146.0.7680.177 Mobile Safari/537.36 (compatible; Googlebot/2.1; +http://www.google.com/bot.html)"
104.194.132.199 - - [18/Apr/2026:11:43:33 +0300] "GET /beste-casino-site-belgie-hoge-inzet/ HTTP/1.1" 200 18595 "https://serhatburke.miroglu.net/" "Mozilla/5.0 (Macintosh; Intel Mac OS X 12_5) AppleWebKit/605.1.15 (KHTML, like Gecko) Version/15.4 Safari/605.1.15"
104.194.132.199 - - [18/Apr/2026:11:43:50 +0300] "GET /wp-includes/css/dist/block-library/style.min.css?ver=6.3.8 HTTP/1.1" 200 13578 "https://serhatburke.miroglu.net/beste-casino-site-belgie-hoge-inzet/" "Mozilla/5.0 (Windows NT 10.0; Win64; x64) AppleWebKit/537.36 (KHTML, like Gecko) Chrome/143.0.0.0 Safari/537.36"
104.194.132.199 - - [18/Apr/2026:11:43:50 +0300] "GET /wp-content/plugins/contact-form-7/includes/css/styles.css?ver=5.8 HTTP/1.1" 200 1490 "https://serhatburke.miroglu.net/beste-casino-site-belgie-hoge-inzet/" "Mozilla/5.0 (Windows NT 10.0; Win64; x64) AppleWebKit/537.36 (KHTML, like Gecko) Chrome/143.0.0.0 Safari/537.36"
104.194.132.199 - - [18/Apr/2026:11:43:50 +0300] "GET /wp-content/themes/toppic/css/fontello.css?ver=4.2 HTTP/1.1" 200 1802 "https://serhatburke.miroglu.net/beste-casino-site-belgie-hoge-inzet/" "Mozilla/5.0 (Windows NT 10.0; Win64; x64) AppleWebKit/537.36 (KHTML, like Gecko) Chrome/143.0.0.0 Safari/537.36"
104.194.132.199 - - [18/Apr/2026:11:43:51 +0300] "GET /wp-content/themes/toppic/css/reset.css?ver=4.2 HTTP/1.1" 200 1178 "https://serhatburke.miroglu.net/beste-casino-site-belgie-hoge-inzet/" "Mozilla/5.0 (Windows NT 10.0; Win64; x64) AppleWebKit/537.36 (KHTML, like Gecko) Chrome/143.0.0.0 Safari/537.36"
104.194.132.199 - - [18/Apr/2026:11:43:51 +0300] "GET /wp-content/themes/toppic/css/default.css?ver=4.2 HTTP/1.1" 200 1811 "https://serhatburke.miroglu.net/beste-casino-site-belgie-hoge-inzet/" "Mozilla/5.0 (Windows NT 10.0; Win64; x64) AppleWebKit/537.36 (KHTML, like Gecko) Chrome/143.0.0.0 Safari/537.36"
104.194.132.199 - - [18/Apr/2026:11:43:51 +0300] "GET /wp-content/themes/toppic/style.css?ver=4.2 HTTP/1.1" 200 23398 "https://serhatburke.miroglu.net/beste-casino-site-belgie-hoge-inzet/" "Mozilla/5.0 (Windows NT 10.0; Win64; x64) AppleWebKit/537.36 (KHTML, like Gecko) Chrome/143.0.0.0 Safari/537.36"
104.194.132.199 - - [18/Apr/2026:11:43:51 +0300] "GET /wp-content/themes/toppic/css/royalslider.css?ver=4.2 HTTP/1.1" 200 1887 "https://serhatburke.miroglu.net/beste-casino-site-belgie-hoge-inzet/" "Mozilla/5.0 (Windows NT 10.0; Win64; x64) AppleWebKit/537.36 (KHTML, like Gecko) Chrome/143.0.0.0 Safari/537.36"
104.194.132.199 - - [18/Apr/2026:11:43:52 +0300] "GET /wp-content/themes/toppic/css/rs-default.css?ver=4.2 HTTP/1.1" 200 2625 "https://serhatburke.miroglu.net/beste-casino-site-belgie-hoge-inzet/" "Mozilla/5.0 (Windows NT 10.0; Win64; x64) AppleWebKit/537.36 (KHTML, like Gecko) Chrome/143.0.0.0 Safari/537.36"
104.194.132.199 - - [18/Apr/2026:11:43:52 +0300] "GET /wp-content/themes/toppic/css/lightbox.css?ver=4.2 HTTP/1.1" 200 2956 "https://serhatburke.miroglu.net/beste-casino-site-belgie-hoge-inzet/" "Mozilla/5.0 (Windows NT 10.0; Win64; x64) AppleWebKit/537.36 (KHTML, like Gecko) Chrome/143.0.0.0 Safari/537.36"
104.194.132.199 - - [18/Apr/2026:11:43:52 +0300] "GET /wp-content/themes/toppic/css/woocommerce.css?ver=4.2 HTTP/1.1" 200 2848 "https://serhatburke.miroglu.net/beste-casino-site-belgie-hoge-inzet/" "Mozilla/5.0 (Windows NT 10.0; Win64; x64) AppleWebKit/537.36 (KHTML, like Gecko) Chrome/143.0.0.0 Safari/537.36"
104.194.132.199 - - [18/Apr/2026:11:43:52 +0300] "GET /wp-content/themes/toppic/css/responsive.css?ver=4.2 HTTP/1.1" 200 2796 "https://serhatburke.miroglu.net/beste-casino-site-belgie-hoge-inzet/" "Mozilla/5.0 (Windows NT 10.0; Win64; x64) AppleWebKit/537.36 (KHTML, like Gecko) Chrome/143.0.0.0 Safari/537.36"
98.98.33.41 - - [18/Apr/2026:11:43:42 +0300] "POST /xmlrpc.php HTTP/1.1" 200 12614 "-" "Mozilla/5.0 (Windows NT 10.0; Win64; x64) AppleWebKit/537.36 (KHTML, like Gecko) Chrome/114.0.0.0 Safari/537.36"
104.194.132.199 - - [18/Apr/2026:11:43:52 +0300] "POST /wp-comments-post.php HTTP/1.1" 302 1083 "https://serhatburke.miroglu.net/beste-casino-site-belgie-hoge-inzet/" "Mozilla/5.0 (Macintosh; Intel Mac OS X 12_5) AppleWebKit/605.1.15 (KHTML, like Gecko) Version/15.4 Safari/605.1.15"
98.98.33.41 - - [18/Apr/2026:11:44:01 +0300] "GET /tutte-le-spinsy-codice-bonus-di-registrazione-caratteristiche-dei-giochi-crash/ HTTP/1.1" 200 74224 "-" "Mozilla/5.0 (Windows NT 10.0; Win64; x64; rv:124.0) Gecko/20100101 Firefox/124.0"
104.194.132.199 - - [18/Apr/2026:11:44:08 +0300] "GET /beste-casino-site-belgie-hoge-inzet/?unapproved=476&moderation-hash=b25894cca076279c62a00376cdbd8f93 HTTP/1.1" 200 19047 "https://serhatburke.miroglu.net/wp-comments-post.php" "Mozilla/5.0 (Macintosh; Intel Mac OS X 12_5) AppleWebKit/605.1.15 (KHTML, like Gecko) Version/15.4 Safari/605.1.15"
104.194.132.199 - - [18/Apr/2026:11:44:23 +0300] "GET /beste-casino-site-belgie-hoge-inzet/ HTTP/1.1" 200 18669 "-" "Mozilla/5.0 (Macintosh; Intel Mac OS X 12_5) AppleWebKit/605.1.15 (KHTML, like Gecko) Version/15.4 Safari/605.1.15"
185.216.113.70 - - [18/Apr/2026:11:44:39 +0300] "POST /wp-cron.php?doing_wp_cron=1776501879.3220889568328857421875 HTTP/1.1" 200 448 "-" "WordPress/6.3.8; https://serhatburke.miroglu.net"
98.98.33.41 - - [18/Apr/2026:11:44:25 +0300] "POST /xmlrpc.php HTTP/1.1" 200 630 "-" "Mozilla/5.0 (Windows NT 10.0; Win64; x64) AppleWebKit/537.36 (KHTML, like Gecko) Chrome/114.0.0.0 Safari/537.36"
98.98.33.41 - - [18/Apr/2026:11:44:45 +0300] "POST /xmlrpc.php HTTP/1.1" 200 12408 "-" "Mozilla/5.0 (Windows NT 10.0; Win64; x64) AppleWebKit/537.36 (KHTML, like Gecko) Chrome/114.0.0.0 Safari/537.36"
98.98.33.41 - - [18/Apr/2026:11:44:59 +0300] "GET /riconoscere-le-truffe-del-inganno-dazzardo-di-scommessa-sullapp-verde-casino-nuovo-delle-scommesse-online/ HTTP/1.1" 200 74771 "-" "Mozilla/5.0 (Windows NT 10.0; Win64; x64; rv:124.0) Gecko/20100101 Firefox/124.0"
98.98.33.41 - - [18/Apr/2026:11:45:20 +0300] "POST /xmlrpc.php HTTP/1.1" 200 630 "-" "Mozilla/5.0 (Windows NT 10.0; Win64; x64) AppleWebKit/537.36 (KHTML, like Gecko) Chrome/114.0.0.0 Safari/537.36"
66.249.73.14 - - [18/Apr/2026:11:45:24 +0300] "GET /betonred-casino-apostas-mais-menos-e-a-experiencia-para-jogadores-em-portugal/ HTTP/1.1" 200 0 "https://pwunty.driftlogic-games.biz/" "Mozilla/5.0 (Linux; Android 6.0.1; Nexus 5X Build/MMB29P) AppleWebKit/537.36 (KHTML, like Gecko) Chrome/146.0.7680.177 Mobile Safari/537.36 (compatible; Googlebot/2.1; +http://www.google.com/bot.html)"
185.216.113.70 - - [18/Apr/2026:11:45:42 +0300] "POST /wp-cron.php?doing_wp_cron=1776501942.3029139041900634765625 HTTP/1.1" 200 448 "-" "WordPress/6.3.8; https://serhatburke.miroglu.net"
52.167.144.218 - - [18/Apr/2026:11:45:30 +0300] "GET /sitemaps.xml HTTP/2" 302 0 "-" "Mozilla/5.0 AppleWebKit/537.36 (KHTML, like Gecko; compatible; bingbot/2.0; +http://www.bing.com/bingbot.htm) Chrome/116.0.1938.76 Safari/537.36"
98.98.33.41 - - [18/Apr/2026:11:45:40 +0300] "POST /xmlrpc.php HTTP/1.1" 200 11960 "-" "Mozilla/5.0 (Windows NT 10.0; Win64; x64) AppleWebKit/537.36 (KHTML, like Gecko) Chrome/114.0.0.0 Safari/537.36"
52.167.144.218 - - [18/Apr/2026:11:45:50 +0300] "GET /sitemap.xml HTTP/2" 200 1063 "-" "Mozilla/5.0 AppleWebKit/537.36 (KHTML, like Gecko; compatible; bingbot/2.0; +http://www.bing.com/bingbot.htm) Chrome/116.0.1938.76 Safari/537.36"
98.98.33.41 - - [18/Apr/2026:11:45:54 +0300] "GET /mucchio-online-2026-la-ideale-artigianale-ai-giochi-machance-casino-it-da-casino-online/ HTTP/1.1" 200 73798 "-" "Mozilla/5.0 (Windows NT 10.0; Win64; x64) AppleWebKit/537.36 (KHTML, like Gecko) Chrome/123.0.0.0 Safari/537.36 OPR/109.0.0.0"
98.98.33.41 - - [18/Apr/2026:11:46:23 +0300] "POST /xmlrpc.php HTTP/1.1" 200 630 "-" "Mozilla/5.0 (Windows NT 10.0; Win64; x64) AppleWebKit/537.36 (KHTML, like Gecko) Chrome/114.0.0.0 Safari/537.36"
185.216.113.70 - - [18/Apr/2026:11:46:53 +0300] "POST /wp-cron.php?doing_wp_cron=1776502013.1962530612945556640625 HTTP/1.1" 200 448 "-" "WordPress/6.3.8; https://serhatburke.miroglu.net"
98.98.33.41 - - [18/Apr/2026:11:46:41 +0300] "POST /xmlrpc.php HTTP/1.1" 200 12629 "-" "Mozilla/5.0 (Windows NT 10.0; Win64; x64) AppleWebKit/537.36 (KHTML, like Gecko) Chrome/114.0.0.0 Safari/537.36"
98.98.33.41 - - [18/Apr/2026:11:46:54 +0300] "GET /migliori-scompiglio-online-accesso-allapp-play-regal-aams-2026-stringa-aggiornata-dei-top-siti-italiani-gratifica/ HTTP/1.1" 200 75112 "-" "Mozilla/5.0 (Windows NT 10.0; Win64; x64) AppleWebKit/537.36 (KHTML, like Gecko) Chrome/124.0.0.0 Safari/537.36 Edg/124.0.0.0"
98.98.33.41 - - [18/Apr/2026:11:47:22 +0300] "POST /xmlrpc.php HTTP/1.1" 200 630 "-" "Mozilla/5.0 (Windows NT 10.0; Win64; x64) AppleWebKit/537.36 (KHTML, like Gecko) Chrome/114.0.0.0 Safari/537.36"
185.216.113.70 - - [18/Apr/2026:11:47:51 +0300] "POST /wp-cron.php?doing_wp_cron=1776502071.5038080215454101562500 HTTP/1.1" 200 448 "-" "WordPress/6.3.8; https://serhatburke.miroglu.net"
98.98.33.41 - - [18/Apr/2026:11:47:39 +0300] "POST /xmlrpc.php HTTP/1.1" 200 12838 "-" "Mozilla/5.0 (Windows NT 10.0; Win64; x64) AppleWebKit/537.36 (KHTML, like Gecko) Chrome/114.0.0.0 Safari/537.36"
104.194.132.199 - - [18/Apr/2026:11:47:46 +0300] "GET /beste-casino-site-belgie-hoge-inzet/ HTTP/1.1" 200 18613 "-" "Mozilla/5.0 (Windows NT 10.0; Win64; x64) AppleWebKit/537.36 (KHTML, like Gecko) Chrome/114.0.0.0 Safari/537.36 OPR/89.0.4447.51"
98.98.33.41 - - [18/Apr/2026:11:47:53 +0300] "GET /leovegas-250-free-spin-per-niente-deposito-1500-trattato-al-quick-win-contatti-in-italia-gratifica/ HTTP/1.1" 200 75113 "-" "Mozilla/5.0 (Windows NT 10.0; Win64; x64; rv:124.0) Gecko/20100101 Firefox/124.0"
98.98.33.41 - - [18/Apr/2026:11:48:20 +0300] "POST /xmlrpc.php HTTP/1.1" 200 630 "-" "Mozilla/5.0 (Windows NT 10.0; Win64; x64) AppleWebKit/537.36 (KHTML, like Gecko) Chrome/114.0.0.0 Safari/537.36"
185.216.113.70 - - [18/Apr/2026:11:49:01 +0300] "POST /wp-cron.php?doing_wp_cron=1776502141.3098359107971191406250 HTTP/1.1" 200 448 "-" "WordPress/6.3.8; https://serhatburke.miroglu.net"
98.98.33.41 - - [18/Apr/2026:11:48:43 +0300] "POST /xmlrpc.php HTTP/1.1" 200 12047 "-" "Mozilla/5.0 (Windows NT 10.0; Win64; x64) AppleWebKit/537.36 (KHTML, like Gecko) Chrome/114.0.0.0 Safari/537.36"
98.98.33.41 - - [18/Apr/2026:11:49:02 +0300] "GET /espressione-promozionale-scompiglio-difficile-2026-premio-passatempo-bonus-casino-vegas-plus-casino/ HTTP/1.1" 200 74669 "-" "Mozilla/5.0 (Windows NT 10.0; Win64; x64) AppleWebKit/537.36 (KHTML, like Gecko) Chrome/109.0.0.0 Safari/537.36"
98.98.33.41 - - [18/Apr/2026:11:49:21 +0300] "POST /xmlrpc.php HTTP/1.1" 200 630 "-" "Mozilla/5.0 (Windows NT 10.0; Win64; x64) AppleWebKit/537.36 (KHTML, like Gecko) Chrome/114.0.0.0 Safari/537.36"
185.216.113.70 - - [18/Apr/2026:11:49:54 +0300] "POST /wp-cron.php?doing_wp_cron=1776502194.5175540447235107421875 HTTP/1.1" 200 448 "-" "WordPress/6.3.8; https://serhatburke.miroglu.net"
98.98.33.41 - - [18/Apr/2026:11:49:42 +0300] "POST /xmlrpc.php HTTP/1.1" 200 12204 "-" "Mozilla/5.0 (Windows NT 10.0; Win64; x64) AppleWebKit/537.36 (KHTML, like Gecko) Chrome/114.0.0.0 Safari/537.36"
98.98.33.41 - - [18/Apr/2026:11:49:56 +0300] "GET /casino-online-goldbet-accesso-partner-italia-i-10-migliori-casino-online-in-italia-in-2025/ HTTP/1.1" 200 74146 "-" "Mozilla/5.0 (Windows NT 10.0; Win64; x64) AppleWebKit/537.36 (KHTML, like Gecko) Chrome/123.0.0.0 Safari/537.36 OPR/109.0.0.0"
98.98.33.41 - - [18/Apr/2026:11:50:15 +0300] "POST /xmlrpc.php HTTP/1.1" 200 630 "-" "Mozilla/5.0 (Windows NT 10.0; Win64; x64) AppleWebKit/537.36 (KHTML, like Gecko) Chrome/114.0.0.0 Safari/537.36"
185.216.113.70 - - [18/Apr/2026:11:50:46 +0300] "POST /wp-cron.php?doing_wp_cron=1776502246.6570270061492919921875 HTTP/1.1" 200 448 "-" "WordPress/6.3.8; https://serhatburke.miroglu.net"
98.98.33.41 - - [18/Apr/2026:11:50:33 +0300] "POST /xmlrpc.php HTTP/1.1" 200 12017 "-" "Mozilla/5.0 (Windows NT 10.0; Win64; x64) AppleWebKit/537.36 (KHTML, like Gecko) Chrome/114.0.0.0 Safari/537.36"
98.98.33.41 - - [18/Apr/2026:11:50:48 +0300] "GET /la-tua-guida-completa-vegas-plus-regole-bonus-al-gioco-online/ HTTP/1.1" 200 72989 "-" "Mozilla/5.0 (Windows NT 10.0; Win64; x64) AppleWebKit/537.36 (KHTML, like Gecko) Chrome/124.0.0.0 Safari/537.36"
98.98.33.41 - - [18/Apr/2026:11:51:09 +0300] "POST /xmlrpc.php HTTP/1.1" 200 630 "-" "Mozilla/5.0 (Windows NT 10.0; Win64; x64) AppleWebKit/537.36 (KHTML, like Gecko) Chrome/114.0.0.0 Safari/537.36"
98.98.33.41 - - [18/Apr/2026:11:51:28 +0300] "POST /xmlrpc.php HTTP/1.1" 200 12219 "-" "Mozilla/5.0 (Windows NT 10.0; Win64; x64) AppleWebKit/537.36 (KHTML, like Gecko) Chrome/114.0.0.0 Safari/537.36"
185.216.113.70 - - [18/Apr/2026:11:51:54 +0300] "POST /wp-cron.php?doing_wp_cron=1776502314.3594961166381835937500 HTTP/1.1" 200 448 "-" "WordPress/6.3.8; https://serhatburke.miroglu.net"
98.98.33.41 - - [18/Apr/2026:11:51:42 +0300] "GET /ninecasino-leggi-codice-promozionale-bonus-machance-le-recensioni-dei-servizi-di-ninecasino-com/ HTTP/1.1" 200 74416 "-" "Mozilla/5.0 (Windows NT 10.0; Win64; x64; rv:125.0) Gecko/20100101 Firefox/125.0"
98.98.33.41 - - [18/Apr/2026:11:51:59 +0300] "POST /xmlrpc.php HTTP/1.1" 200 630 "-" "Mozilla/5.0 (Windows NT 10.0; Win64; x64) AppleWebKit/537.36 (KHTML, like Gecko) Chrome/114.0.0.0 Safari/537.36"
98.98.33.41 - - [18/Apr/2026:11:52:19 +0300] "POST /xmlrpc.php HTTP/1.1" 200 12830 "-" "Mozilla/5.0 (Windows NT 10.0; Win64; x64) AppleWebKit/537.36 (KHTML, like Gecko) Chrome/114.0.0.0 Safari/537.36"
185.216.113.70 - - [18/Apr/2026:11:52:47 +0300] "POST /wp-cron.php?doing_wp_cron=1776502367.0807549953460693359375 HTTP/1.1" 200 448 "-" "WordPress/6.3.8; https://serhatburke.miroglu.net"
98.98.33.41 - - [18/Apr/2026:11:52:33 +0300] "GET /nv-confusione-giochi-machance-contatti-in-italia-di-casino-online-per-italia/ HTTP/1.1" 200 74488 "-" "Mozilla/5.0 (Windows NT 10.0; Win64; x64) AppleWebKit/537.36 (KHTML, like Gecko) Chrome/124.0.0.0 Safari/537.36 Edg/124.0.0.0"
98.98.33.41 - - [18/Apr/2026:11:52:56 +0300] "POST /xmlrpc.php HTTP/1.1" 200 630 "-" "Mozilla/5.0 (Windows NT 10.0; Win64; x64) AppleWebKit/537.36 (KHTML, like Gecko) Chrome/114.0.0.0 Safari/537.36"
185.216.113.70 - - [18/Apr/2026:11:53:37 +0300] "POST /wp-cron.php?doing_wp_cron=1776502417.2401950359344482421875 HTTP/1.1" 200 448 "-" "WordPress/6.3.8; https://serhatburke.miroglu.net"
98.98.33.41 - - [18/Apr/2026:11:53:15 +0300] "POST /xmlrpc.php HTTP/1.1" 200 12586 "-" "Mozilla/5.0 (Windows NT 10.0; Win64; x64) AppleWebKit/537.36 (KHTML, like Gecko) Chrome/114.0.0.0 Safari/537.36"
98.98.33.41 - - [18/Apr/2026:11:53:38 +0300] "GET /migliori-crypto-mucchio-sicuri-sommita-bitcoin-codice-promozionale-per-il-casino-hitnspin-confusione-sopra-bonus/ HTTP/1.1" 200 75147 "-" "Mozilla/5.0 (Windows NT 10.0; Win64; x64; rv:124.0) Gecko/20100101 Firefox/124.0"
98.98.33.41 - - [18/Apr/2026:11:53:49 +0300] "POST /xmlrpc.php HTTP/1.1" 200 630 "-" "Mozilla/5.0 (Windows NT 10.0; Win64; x64) AppleWebKit/537.36 (KHTML, like Gecko) Chrome/114.0.0.0 Safari/537.36"
98.98.33.41 - - [18/Apr/2026:11:54:09 +0300] "POST /xmlrpc.php HTTP/1.1" 200 12287 "-" "Mozilla/5.0 (Windows NT 10.0; Win64; x64) AppleWebKit/537.36 (KHTML, like Gecko) Chrome/114.0.0.0 Safari/537.36"
98.98.33.41 - - [18/Apr/2026:11:54:23 +0300] "GET /888-casino-epoca-di-prelievo-anche-opzioni-di-deposito-apk-di-download-dellapp-partner-goldbet-veloce-ancora-competente/ HTTP/1.1" 200 75079 "-" "Mozilla/5.0 (Windows NT 10.0; rv:109.0) Gecko/20100101 Firefox/115.0"
185.216.113.70 - - [18/Apr/2026:11:54:50 +0300] "POST /wp-cron.php?doing_wp_cron=1776502490.5864429473876953125000 HTTP/1.1" 200 448 "-" "WordPress/6.3.8; https://serhatburke.miroglu.net"
98.98.33.41 - - [18/Apr/2026:11:54:38 +0300] "POST /xmlrpc.php HTTP/1.1" 200 630 "-" "Mozilla/5.0 (Windows NT 10.0; Win64; x64) AppleWebKit/537.36 (KHTML, like Gecko) Chrome/114.0.0.0 Safari/537.36"
98.98.33.41 - - [18/Apr/2026:11:54:57 +0300] "POST /xmlrpc.php HTTP/1.1" 200 12400 "-" "Mozilla/5.0 (Windows NT 10.0; Win64; x64) AppleWebKit/537.36 (KHTML, like Gecko) Chrome/114.0.0.0 Safari/537.36"
98.98.33.41 - - [18/Apr/2026:11:55:12 +0300] "GET /savaspin-scompiglio-la-tua-spinsy-bonus-di-iscrizione-perfetta-alternativa-premium-per-lintrattenimento-artificio-online/ HTTP/1.1" 200 75069 "-" "Mozilla/5.0 (Windows NT 10.0; Win64; x64) AppleWebKit/537.36 (KHTML, like Gecko) Chrome/123.0.0.0 Safari/537.36 OPR/109.0.0.0"
185.216.113.70 - - [18/Apr/2026:11:55:46 +0300] "POST /wp-cron.php?doing_wp_cron=1776502546.6434819698333740234375 HTTP/1.1" 200 448 "-" "WordPress/6.3.8; https://serhatburke.miroglu.net"
98.98.33.41 - - [18/Apr/2026:11:55:34 +0300] "POST /xmlrpc.php HTTP/1.1" 200 630 "-" "Mozilla/5.0 (Windows NT 10.0; Win64; x64) AppleWebKit/537.36 (KHTML, like Gecko) Chrome/114.0.0.0 Safari/537.36"
98.98.33.41 - - [18/Apr/2026:11:55:53 +0300] "POST /xmlrpc.php HTTP/1.1" 200 12614 "-" "Mozilla/5.0 (Windows NT 10.0; Win64; x64) AppleWebKit/537.36 (KHTML, like Gecko) Chrome/114.0.0.0 Safari/537.36"
98.98.33.41 - - [18/Apr/2026:11:56:07 +0300] "GET /spinaway-prelievo-bonus-hitnspin-ontario-review-games-programma-options-per-2026/ HTTP/1.1" 200 74514 "-" "Mozilla/5.0 (Windows NT 10.0; Win64; x64) AppleWebKit/537.36 (KHTML, like Gecko) Chrome/123.0.0.0 Safari/537.36 OPR/109.0.0.0"
185.216.113.70 - - [18/Apr/2026:11:56:40 +0300] "POST /wp-cron.php?doing_wp_cron=1776502600.2202849388122558593750 HTTP/1.1" 200 448 "-" "WordPress/6.3.8; https://serhatburke.miroglu.net"
98.98.33.41 - - [18/Apr/2026:11:56:28 +0300] "POST /xmlrpc.php HTTP/1.1" 200 630 "-" "Mozilla/5.0 (Windows NT 10.0; Win64; x64) AppleWebKit/537.36 (KHTML, like Gecko) Chrome/114.0.0.0 Safari/537.36"
98.98.33.41 - - [18/Apr/2026:11:56:47 +0300] "POST /xmlrpc.php HTTP/1.1" 200 12082 "-" "Mozilla/5.0 (Windows NT 10.0; Win64; x64) AppleWebKit/537.36 (KHTML, like Gecko) Chrome/114.0.0.0 Safari/537.36"
192.142.53.92 - - [18/Apr/2026:11:56:58 +0300] "GET /jouer-en-ligne-sur-un-casino-a-argent-reel/ HTTP/2" 200 168821 "-" "Mozilla/5.0 (Windows NT 10.0; Win64; x64) AppleWebKit/537.36 (KHTML, like Gecko) Chrome/124.0.0.0 Safari/537.36"
98.98.33.41 - - [18/Apr/2026:11:57:01 +0300] "GET /suggerimenti-addirittura-trucchi-slot-2026-aumenta-le-preferenza-di-app-del-casino-oscar-spin-sbattere/ HTTP/1.1" 200 74340 "-" "Mozilla/5.0 (Windows NT 10.0; Win64; x64) AppleWebKit/537.36 (KHTML, like Gecko) Chrome/124.0.0.0 Safari/537.36"
98.98.33.41 - - [18/Apr/2026:11:57:18 +0300] "POST /xmlrpc.php HTTP/1.1" 200 630 "-" "Mozilla/5.0 (Windows NT 10.0; Win64; x64) AppleWebKit/537.36 (KHTML, like Gecko) Chrome/114.0.0.0 Safari/537.36"
185.216.113.70 - - [18/Apr/2026:11:57:50 +0300] "POST /wp-cron.php?doing_wp_cron=1776502670.6546590328216552734375 HTTP/1.1" 200 448 "-" "WordPress/6.3.8; https://serhatburke.miroglu.net"
98.98.33.41 - - [18/Apr/2026:11:57:37 +0300] "POST /xmlrpc.php HTTP/1.1" 200 12001 "-" "Mozilla/5.0 (Windows NT 10.0; Win64; x64) AppleWebKit/537.36 (KHTML, like Gecko) Chrome/114.0.0.0 Safari/537.36"
98.98.33.41 - - [18/Apr/2026:11:57:52 +0300] "GET /premio-di-benvenuto-con-fondo-offerte-nessun-deposito-hitnspin-per-i-casino-online-di-casino-nel-2026/ HTTP/1.1" 200 74257 "-" "Mozilla/5.0 (Windows NT 10.0; Win64; x64; rv:125.0) Gecko/20100101 Firefox/125.0"
98.98.33.41 - - [18/Apr/2026:11:58:10 +0300] "POST /xmlrpc.php HTTP/1.1" 200 630 "-" "Mozilla/5.0 (Windows NT 10.0; Win64; x64) AppleWebKit/537.36 (KHTML, like Gecko) Chrome/114.0.0.0 Safari/537.36"
185.216.113.70 - - [18/Apr/2026:11:58:41 +0300] "POST /wp-cron.php?doing_wp_cron=1776502720.9921419620513916015625 HTTP/1.1" 200 448 "-" "WordPress/6.3.8; https://serhatburke.miroglu.net"
98.98.33.41 - - [18/Apr/2026:11:58:28 +0300] "POST /xmlrpc.php HTTP/1.1" 200 12155 "-" "Mozilla/5.0 (Windows NT 10.0; Win64; x64) AppleWebKit/537.36 (KHTML, like Gecko) Chrome/114.0.0.0 Safari/537.36"
98.98.33.41 - - [18/Apr/2026:11:58:42 +0300] "GET /luogo-ufficiale-di-zet-scompiglio-registrati-addirittura-accedi-machance-casino-it-al-tuo-account/ HTTP/1.1" 200 74417 "-" "Mozilla/5.0 (Windows NT 10.0; Win64; x64) AppleWebKit/537.36 (KHTML, like Gecko) Chrome/124.0.0.0 Safari/537.36"
98.98.33.41 - - [18/Apr/2026:11:58:59 +0300] "POST /xmlrpc.php HTTP/1.1" 200 630 "-" "Mozilla/5.0 (Windows NT 10.0; Win64; x64) AppleWebKit/537.36 (KHTML, like Gecko) Chrome/114.0.0.0 Safari/537.36"
