При поиске доступа к кракену иногда полезно использовать актуальную кракен ссылка зеркало, особенно когда основные онион и тор-адреса недоступны.
На сайте https://kra2at.com можно найти множество полезных ресурсов, связанных с кракен даркнет и его особенностями.
For anyone seeking a secure interface for managing cryptocurrency, the trust wallet stands out as a top choice among users worldwide.
I use the Tronscan explorer to track transactions and analyze smart contracts, and the site https://sites.google.com/uscryptoextension.com/tronscan/ provides clear data.
Developers and analysts often rely on solscan to inspect transactions, monitor token movements, and troubleshoot smart contract interactions on Solana.
Exploring decentralized exchange mechanics on the developer-driven interface at https://sites.google.com/uscryptoextension.com/sushiswap-official-site/ helped me understand core liquidity provision and token swaps.
Exploring decentralized trading options led me to a clear resource at https://sites.google.com/uscryptoextension.com/raydium-swap-official-site/ which explains Raydium swap features and integration steps.
Researchers can consult the detailed project overview at https://sites.google.com/uscryptoextension.com/jup-ag-official-site/ for clear documentation, governance notes, roadmap summaries, and technical references.
I often consult bscscan official when verifying token contracts and transaction histories to ensure accurate on-chain details for research.
After comparing several options, I found the atomic wallet interface intuitive and secure for managing multiple cryptocurrencies on desktop and mobile.
I verified the compatibility of my hardware wallet with Ledger Live and noted installation steps on the page https://sites.google.com/uscryptoextension.com/ledger-live-download-app/ for reference.
Журналист проверял сообщения о безопасности, поэтому осторожно посетил кракен даркнет адрес, сверяя сведения с упоминаниями кракен онион и кракен тор.
Журналисты изучали кракен маркетплейс и обменивались сведениями о рисках, упомянув kraken onion link как важный дополнительный внутренний ориентир.
185.216.113.70 - - [18/Apr/2026:06:40:57 +0300] "POST /wp-cron.php?doing_wp_cron=1776483657.2892160415649414062500 HTTP/1.1" 200 448 "-" "WordPress/6.3.8; https://serhatburke.miroglu.net"
98.98.33.41 - - [18/Apr/2026:06:40:40 +0300] "POST /xmlrpc.php HTTP/1.1" 200 630 "-" "Mozilla/5.0 (Windows NT 10.0; Win64; x64) AppleWebKit/537.36 (KHTML, like Gecko) Chrome/114.0.0.0 Safari/537.36"
98.98.33.41 - - [18/Apr/2026:06:41:04 +0300] "POST /xmlrpc.php HTTP/1.1" 200 16330 "-" "Mozilla/5.0 (Windows NT 10.0; Win64; x64) AppleWebKit/537.36 (KHTML, like Gecko) Chrome/114.0.0.0 Safari/537.36"
98.98.33.41 - - [18/Apr/2026:06:41:18 +0300] "GET /engager-i-du-voiture-cette-livre-pour-poser-nos-safari-heat-play-slot-paris/ HTTP/1.1" 200 78235 "-" "Mozilla/5.0 (Windows NT 10.0; rv:109.0) Gecko/20100101 Firefox/115.0"
185.153.197.91 - - [18/Apr/2026:06:41:23 +0300] "POST /xmlrpc.php HTTP/1.1" 200 630 "-" "Mozilla/5.0 (Windows NT 10.0; Win64; x64) AppleWebKit/537.36 (KHTML, like Gecko) Chrome/114.0.0.0 Safari/537.36"
185.216.113.70 - - [18/Apr/2026:06:41:44 +0300] "POST /wp-cron.php?doing_wp_cron=1776483704.0257129669189453125000 HTTP/1.1" 200 448 "-" "WordPress/6.3.8; https://serhatburke.miroglu.net"
165.73.240.147 - - [18/Apr/2026:06:41:31 +0300] "POST /xmlrpc.php HTTP/1.1" 200 630 "-" "Mozilla/5.0 (Windows NT 10.0; Win64; x64) AppleWebKit/537.36 (KHTML, like Gecko) Chrome/114.0.0.0 Safari/537.36"
102.221.34.103 - - [18/Apr/2026:06:41:35 +0300] "POST /xmlrpc.php HTTP/1.1" 200 630 "-" "Mozilla/5.0 (Windows NT 10.0; Win64; x64) AppleWebKit/537.36 (KHTML, like Gecko) Chrome/114.0.0.0 Safari/537.36"
185.153.197.91 - - [18/Apr/2026:06:41:41 +0300] "POST /xmlrpc.php HTTP/1.1" 200 8993 "-" "Mozilla/5.0 (Windows NT 10.0; Win64; x64) AppleWebKit/537.36 (KHTML, like Gecko) Chrome/114.0.0.0 Safari/537.36"
165.73.240.147 - - [18/Apr/2026:06:41:51 +0300] "POST /xmlrpc.php HTTP/1.1" 200 15499 "-" "Mozilla/5.0 (Windows NT 10.0; Win64; x64) AppleWebKit/537.36 (KHTML, like Gecko) Chrome/114.0.0.0 Safari/537.36"
102.221.34.103 - - [18/Apr/2026:06:41:57 +0300] "POST /xmlrpc.php HTTP/1.1" 200 15481 "-" "Mozilla/5.0 (Windows NT 10.0; Win64; x64) AppleWebKit/537.36 (KHTML, like Gecko) Chrome/114.0.0.0 Safari/537.36"
185.153.197.91 - - [18/Apr/2026:06:41:59 +0300] "GET /environ-salle-de-jeu-rewards-et-de-prime-ou-petits-cadeaux-sur-les-casinos-legerement/ HTTP/1.1" 200 70946 "-" "Mozilla/5.0 (Windows NT 10.0; Win64; x64) AppleWebKit/537.36 (KHTML, like Gecko) Chrome/109.0.0.0 Safari/537.36"
165.73.240.147 - - [18/Apr/2026:06:42:12 +0300] "GET /beste-online-casinos-uber-paypal-slot-online-golden-tour-2026-vergleich/ HTTP/1.1" 200 77322 "-" "Mozilla/5.0 (Windows NT 10.0; Win64; x64) AppleWebKit/537.36 (KHTML, like Gecko) Chrome/122.0.0.0 Safari/537.36"
102.221.34.103 - - [18/Apr/2026:06:42:18 +0300] "GET /verbunden-casinos-und-beste-spielotheken-uber-wesentlich-schneller-unter-anderem-fix-ausschuttung/ HTTP/1.1" 200 77968 "-" "Mozilla/5.0 (Windows NT 10.0; Win64; x64; rv:124.0) Gecko/20100101 Firefox/124.0"
185.216.113.70 - - [18/Apr/2026:06:43:11 +0300] "POST /wp-cron.php?doing_wp_cron=1776483791.6477639675140380859375 HTTP/1.1" 200 448 "-" "WordPress/6.3.8; https://serhatburke.miroglu.net"
45.4.108.111 - - [18/Apr/2026:06:42:59 +0300] "POST /wp-cache.php HTTP/1.1" 404 15764 "-" "Mozilla/5.0 (Windows NT 10.0; Win64; x64) AppleWebKit/537.36 (KHTML, like Gecko) Chrome/120.0.0.0 Safari/537.36"
45.4.108.111 - - [18/Apr/2026:06:43:14 +0300] "POST /wp-includes/css/wp-cache.php HTTP/1.1" 404 15761 "-" "Mozilla/5.0 (Windows NT 10.0; Win64; x64) AppleWebKit/537.36 (KHTML, like Gecko) Chrome/120.0.0.0 Safari/537.36"
185.216.113.70 - - [18/Apr/2026:06:43:43 +0300] "POST /wp-cron.php?doing_wp_cron=1776483823.1973700523376464843750 HTTP/1.1" 200 448 "-" "WordPress/6.3.8; https://serhatburke.miroglu.net"
45.4.108.111 - - [18/Apr/2026:06:43:31 +0300] "POST /wp-includes/theme-compat/wp-cache.php HTTP/1.1" 404 15777 "-" "Mozilla/5.0 (Windows NT 10.0; Win64; x64) AppleWebKit/537.36 (KHTML, like Gecko) Chrome/120.0.0.0 Safari/537.36"
185.77.207.186 - - [18/Apr/2026:06:44:06 +0300] "GET / HTTP/1.1" 200 19214 "-" "Mozilla/5.0 (Windows NT 10.0; Win64; x64) AppleWebKit/537.36 (KHTML, like Gecko) Chrome/120.0.0.0 Safari/537.36"
185.77.207.186 - - [18/Apr/2026:06:44:19 +0300] "POST / HTTP/1.1" 200 19119 "-" "Mozilla/5.0 (Windows NT 10.0; Win64; x64) AppleWebKit/537.36 (KHTML, like Gecko) Chrome/120.0.0.0 Safari/537.36"
185.77.207.186 - - [18/Apr/2026:06:44:32 +0300] "POST /wp-content/index.php HTTP/1.1" 200 355 "-" "Mozilla/5.0 (Windows NT 10.0; Win64; x64) AppleWebKit/537.36 (KHTML, like Gecko) Chrome/120.0.0.0 Safari/537.36"
185.216.113.70 - - [18/Apr/2026:06:44:44 +0300] "POST /wp-cron.php?doing_wp_cron=1776483884.8016130924224853515625 HTTP/1.1" 200 448 "-" "WordPress/6.3.8; https://serhatburke.miroglu.net"
185.77.207.186 - - [18/Apr/2026:06:44:33 +0300] "POST /wp-cache.php HTTP/1.1" 404 15764 "-" "Mozilla/5.0 (Windows NT 10.0; Win64; x64) AppleWebKit/537.36 (KHTML, like Gecko) Chrome/120.0.0.0 Safari/537.36"
185.77.207.186 - - [18/Apr/2026:06:44:45 +0300] "POST /wp-includes/css/wp-cache.php HTTP/1.1" 404 15761 "-" "Mozilla/5.0 (Windows NT 10.0; Win64; x64) AppleWebKit/537.36 (KHTML, like Gecko) Chrome/120.0.0.0 Safari/537.36"
185.77.207.186 - - [18/Apr/2026:06:45:01 +0300] "POST /wp-includes/theme-compat/wp-cache.php HTTP/1.1" 404 15777 "-" "Mozilla/5.0 (Windows NT 10.0; Win64; x64) AppleWebKit/537.36 (KHTML, like Gecko) Chrome/120.0.0.0 Safari/537.36"
185.77.207.186 - - [18/Apr/2026:06:45:14 +0300] "POST /wp-admin/admin-ajax.php?action=sm_ping HTTP/1.1" 400 1108 "-" "Mozilla/5.0 (Windows NT 10.0; Win64; x64) AppleWebKit/537.36 (KHTML, like Gecko) Chrome/120.0.0.0 Safari/537.36"
185.77.207.186 - - [18/Apr/2026:06:45:27 +0300] "POST /wp-admin/admin-ajax.php?action=hnpt_ping HTTP/1.1" 400 887 "-" "Mozilla/5.0 (Windows NT 10.0; Win64; x64) AppleWebKit/537.36 (KHTML, like Gecko) Chrome/120.0.0.0 Safari/537.36"
185.216.113.70 - - [18/Apr/2026:06:45:55 +0300] "POST /wp-cron.php?doing_wp_cron=1776483955.2579588890075683593750 HTTP/1.1" 200 448 "-" "WordPress/6.3.8; https://serhatburke.miroglu.net"
98.98.33.41 - - [18/Apr/2026:06:45:43 +0300] "POST /xmlrpc.php HTTP/1.1" 200 630 "-" "Mozilla/5.0 (Windows NT 10.0; Win64; x64) AppleWebKit/537.36 (KHTML, like Gecko) Chrome/114.0.0.0 Safari/537.36"
98.98.33.41 - - [18/Apr/2026:06:46:02 +0300] "POST /xmlrpc.php HTTP/1.1" 200 15596 "-" "Mozilla/5.0 (Windows NT 10.0; Win64; x64) AppleWebKit/537.36 (KHTML, like Gecko) Chrome/114.0.0.0 Safari/537.36"
98.98.33.41 - - [18/Apr/2026:06:46:16 +0300] "GET /video-officielle-va-tout-lobstermania-paypal-un-tantinet-argent-profond-plus-redoutables-casinos-habitants-de-lhexagone-2026/ HTTP/1.1" 200 78377 "-" "Mozilla/5.0 (Windows NT 10.0; Win64; x64) AppleWebKit/537.36 (KHTML, like Gecko) Chrome/124.0.0.0 Safari/537.36 Edg/124.0.0.0"
66.249.73.15 - - [18/Apr/2026:06:46:38 +0300] "GET /sugar-rush-1000-a-sweet-spin-experience-for-aussie-players/ HTTP/1.1" 200 0 "https://korput.driftlogic-games.biz/" "Mozilla/5.0 (Linux; Android 6.0.1; Nexus 5X Build/MMB29P) AppleWebKit/537.36 (KHTML, like Gecko) Chrome/146.0.7680.177 Mobile Safari/537.36 (compatible; Googlebot/2.1; +http://www.google.com/bot.html)"
185.216.113.70 - - [18/Apr/2026:06:46:50 +0300] "POST /wp-cron.php?doing_wp_cron=1776484010.7222321033477783203125 HTTP/1.1" 200 448 "-" "WordPress/6.3.8; https://serhatburke.miroglu.net"
185.216.113.70 - - [18/Apr/2026:06:47:57 +0300] "POST /wp-cron.php?doing_wp_cron=1776484077.0034730434417724609375 HTTP/1.1" 200 448 "-" "WordPress/6.3.8; https://serhatburke.miroglu.net"
165.73.240.147 - - [18/Apr/2026:06:47:45 +0300] "POST /xmlrpc.php HTTP/1.1" 200 630 "-" "Mozilla/5.0 (Windows NT 10.0; Win64; x64) AppleWebKit/537.36 (KHTML, like Gecko) Chrome/114.0.0.0 Safari/537.36"
165.73.240.147 - - [18/Apr/2026:06:48:03 +0300] "POST /xmlrpc.php HTTP/1.1" 200 15446 "-" "Mozilla/5.0 (Windows NT 10.0; Win64; x64) AppleWebKit/537.36 (KHTML, like Gecko) Chrome/114.0.0.0 Safari/537.36"
185.216.113.70 - - [18/Apr/2026:06:48:29 +0300] "POST /wp-cron.php?doing_wp_cron=1776484109.6845910549163818359375 HTTP/1.1" 200 448 "-" "WordPress/6.3.8; https://serhatburke.miroglu.net"
165.73.240.147 - - [18/Apr/2026:06:48:17 +0300] "GET /mr-bet-safari-madness-slot-spielbank-lesenswerte-online-spielothek-via-vielen-promotionen/ HTTP/1.1" 200 77526 "-" "Mozilla/5.0 (Windows NT 10.0; Win64; x64) AppleWebKit/537.36 (KHTML, like Gecko) Chrome/122.0.0.0 Safari/537.36"
185.216.113.70 - - [18/Apr/2026:06:51:00 +0300] "POST /wp-cron.php?doing_wp_cron=1776484260.9101419448852539062500 HTTP/1.1" 200 448 "-" "WordPress/6.3.8; https://serhatburke.miroglu.net"
98.98.33.41 - - [18/Apr/2026:06:50:47 +0300] "POST /xmlrpc.php HTTP/1.1" 200 630 "-" "Mozilla/5.0 (Windows NT 10.0; Win64; x64) AppleWebKit/537.36 (KHTML, like Gecko) Chrome/114.0.0.0 Safari/537.36"
98.98.33.41 - - [18/Apr/2026:06:51:07 +0300] "POST /xmlrpc.php HTTP/1.1" 200 16625 "-" "Mozilla/5.0 (Windows NT 10.0; Win64; x64) AppleWebKit/537.36 (KHTML, like Gecko) Chrome/114.0.0.0 Safari/537.36"
98.98.33.41 - - [18/Apr/2026:06:51:21 +0300] "GET /accessoire-pour-sous-book-of-ra-king-kong-pour-de-largent-reel-play-book-of-ra-connaissance-free/ HTTP/1.1" 200 78520 "-" "Mozilla/5.0 (Windows NT 10.0; rv:109.0) Gecko/20100101 Firefox/115.0"
185.216.113.70 - - [18/Apr/2026:06:54:09 +0300] "POST /wp-cron.php?doing_wp_cron=1776484449.7082901000976562500000 HTTP/1.1" 200 448 "-" "WordPress/6.3.8; https://serhatburke.miroglu.net"
35.224.168.243 - - [18/Apr/2026:06:53:56 +0300] "GET /wp-admin/options-reading.php HTTP/2" 302 0 "-" "Mozilla/5.0 (X11; Linux x86_64) AppleWebKit/537.36 (KHTML, like Gecko) HeadlessChrome/136.0.7103.25 Safari/537.36"
35.224.168.243 - - [18/Apr/2026:06:54:11 +0300] "GET /wp-login.php?redirect_to=https%3A%2F%2Fserhatburke.miroglu.net%2Fwp-admin%2Foptions-reading.php&reauth=1 HTTP/2" 200 0 "-" "Mozilla/5.0 (X11; Linux x86_64) AppleWebKit/537.36 (KHTML, like Gecko) HeadlessChrome/136.0.7103.25 Safari/537.36"
185.216.113.70 - - [18/Apr/2026:06:54:09 +0300] "POST /wp-admin/admin-ajax.php?action=as_async_request_queue_runner&nonce=deccad6097 HTTP/1.1" 200 1030 "-" "WordPress/6.3.8; https://serhatburke.miroglu.net"
17.241.219.229 - - [18/Apr/2026:06:54:18 +0300] "GET /deutsche-elv-rtg-casinos-schnelle-auszahlung-casinos/ HTTP/1.1" 200 23015 "-" "Mozilla/5.0 (Macintosh; Intel Mac OS X 10_15_7) AppleWebKit/605.1.15 (KHTML, like Gecko) Version/17.4 Safari/605.1.15 (Applebot/0.1; +http://www.apple.com/go/applebot)"
35.224.168.243 - - [18/Apr/2026:06:54:26 +0300] "GET /wp-admin/options-reading.php HTTP/2" 302 0 "-" "Mozilla/5.0 (X11; Linux x86_64) AppleWebKit/537.36 (KHTML, like Gecko) HeadlessChrome/136.0.7103.25 Safari/537.36"
185.216.113.70 - - [18/Apr/2026:06:54:53 +0300] "POST /wp-cron.php?doing_wp_cron=1776484493.2142570018768310546875 HTTP/1.1" 200 448 "-" "WordPress/6.3.8; https://serhatburke.miroglu.net"
35.224.168.243 - - [18/Apr/2026:06:54:41 +0300] "GET /wp-login.php?redirect_to=https%3A%2F%2Fserhatburke.miroglu.net%2Fwp-admin%2Foptions-reading.php&reauth=1 HTTP/2" 200 3116 "-" "Mozilla/5.0 (X11; Linux x86_64) AppleWebKit/537.36 (KHTML, like Gecko) HeadlessChrome/136.0.7103.25 Safari/537.36"
35.224.168.243 - - [18/Apr/2026:06:54:53 +0300] "GET /wp-includes/css/buttons.min.css?ver=6.3.8 HTTP/2" 200 1255 "https://serhatburke.miroglu.net/wp-login.php?redirect_to=https%3A%2F%2Fserhatburke.miroglu.net%2Fwp-admin%2Foptions-reading.php&reauth=1" "Mozilla/5.0 (X11; Linux x86_64) AppleWebKit/537.36 (KHTML, like Gecko) HeadlessChrome/136.0.7103.25 Safari/537.36"
35.224.168.243 - - [18/Apr/2026:06:54:53 +0300] "GET /wp-admin/css/l10n.min.css?ver=6.3.8 HTTP/2" 200 596 "https://serhatburke.miroglu.net/wp-login.php?redirect_to=https%3A%2F%2Fserhatburke.miroglu.net%2Fwp-admin%2Foptions-reading.php&reauth=1" "Mozilla/5.0 (X11; Linux x86_64) AppleWebKit/537.36 (KHTML, like Gecko) HeadlessChrome/136.0.7103.25 Safari/537.36"
35.224.168.243 - - [18/Apr/2026:06:54:53 +0300] "GET /wp-admin/css/login.min.css?ver=6.3.8 HTTP/2" 200 1948 "https://serhatburke.miroglu.net/wp-login.php?redirect_to=https%3A%2F%2Fserhatburke.miroglu.net%2Fwp-admin%2Foptions-reading.php&reauth=1" "Mozilla/5.0 (X11; Linux x86_64) AppleWebKit/537.36 (KHTML, like Gecko) HeadlessChrome/136.0.7103.25 Safari/537.36"
35.224.168.243 - - [18/Apr/2026:06:54:53 +0300] "GET /wp-includes/js/zxcvbn-async.min.js?ver=1.0 HTTP/2" 200 187 "https://serhatburke.miroglu.net/wp-login.php?redirect_to=https%3A%2F%2Fserhatburke.miroglu.net%2Fwp-admin%2Foptions-reading.php&reauth=1" "Mozilla/5.0 (X11; Linux x86_64) AppleWebKit/537.36 (KHTML, like Gecko) HeadlessChrome/136.0.7103.25 Safari/537.36"
35.224.168.243 - - [18/Apr/2026:06:54:53 +0300] "GET /wp-includes/css/dashicons.min.css?ver=6.3.8 HTTP/2" 200 35110 "https://serhatburke.miroglu.net/wp-login.php?redirect_to=https%3A%2F%2Fserhatburke.miroglu.net%2Fwp-admin%2Foptions-reading.php&reauth=1" "Mozilla/5.0 (X11; Linux x86_64) AppleWebKit/537.36 (KHTML, like Gecko) HeadlessChrome/136.0.7103.25 Safari/537.36"
35.224.168.243 - - [18/Apr/2026:06:54:53 +0300] "GET /wp-admin/css/forms.min.css?ver=6.3.8 HTTP/2" 200 6209 "https://serhatburke.miroglu.net/wp-login.php?redirect_to=https%3A%2F%2Fserhatburke.miroglu.net%2Fwp-admin%2Foptions-reading.php&reauth=1" "Mozilla/5.0 (X11; Linux x86_64) AppleWebKit/537.36 (KHTML, like Gecko) HeadlessChrome/136.0.7103.25 Safari/537.36"
35.224.168.243 - - [18/Apr/2026:06:54:53 +0300] "GET /wp-includes/js/jquery/jquery.min.js?ver=3.7.0 HTTP/2" 200 29712 "https://serhatburke.miroglu.net/wp-login.php?redirect_to=https%3A%2F%2Fserhatburke.miroglu.net%2Fwp-admin%2Foptions-reading.php&reauth=1" "Mozilla/5.0 (X11; Linux x86_64) AppleWebKit/537.36 (KHTML, like Gecko) HeadlessChrome/136.0.7103.25 Safari/537.36"
35.224.168.243 - - [18/Apr/2026:06:54:53 +0300] "GET /wp-includes/js/jquery/jquery-migrate.min.js?ver=3.4.1 HTTP/2" 200 4678 "https://serhatburke.miroglu.net/wp-login.php?redirect_to=https%3A%2F%2Fserhatburke.miroglu.net%2Fwp-admin%2Foptions-reading.php&reauth=1" "Mozilla/5.0 (X11; Linux x86_64) AppleWebKit/537.36 (KHTML, like Gecko) HeadlessChrome/136.0.7103.25 Safari/537.36"
35.224.168.243 - - [18/Apr/2026:06:54:53 +0300] "GET /wp-includes/js/dist/vendor/wp-polyfill-inert.min.js?ver=3.1.2 HTTP/2" 200 2320 "https://serhatburke.miroglu.net/wp-login.php?redirect_to=https%3A%2F%2Fserhatburke.miroglu.net%2Fwp-admin%2Foptions-reading.php&reauth=1" "Mozilla/5.0 (X11; Linux x86_64) AppleWebKit/537.36 (KHTML, like Gecko) HeadlessChrome/136.0.7103.25 Safari/537.36"
35.224.168.243 - - [18/Apr/2026:06:54:53 +0300] "GET /wp-includes/js/dist/vendor/regenerator-runtime.min.js?ver=0.13.11 HTTP/2" 200 2398 "https://serhatburke.miroglu.net/wp-login.php?redirect_to=https%3A%2F%2Fserhatburke.miroglu.net%2Fwp-admin%2Foptions-reading.php&reauth=1" "Mozilla/5.0 (X11; Linux x86_64) AppleWebKit/537.36 (KHTML, like Gecko) HeadlessChrome/136.0.7103.25 Safari/537.36"
35.224.168.243 - - [18/Apr/2026:06:54:53 +0300] "GET /wp-includes/js/dist/vendor/wp-polyfill.min.js?ver=3.15.0 HTTP/2" 200 5718 "https://serhatburke.miroglu.net/wp-login.php?redirect_to=https%3A%2F%2Fserhatburke.miroglu.net%2Fwp-admin%2Foptions-reading.php&reauth=1" "Mozilla/5.0 (X11; Linux x86_64) AppleWebKit/537.36 (KHTML, like Gecko) HeadlessChrome/136.0.7103.25 Safari/537.36"
35.224.168.243 - - [18/Apr/2026:06:54:53 +0300] "GET /wp-includes/js/dist/hooks.min.js?ver=c6aec9a8d4e5a5d543a1 HTTP/2" 200 1486 "https://serhatburke.miroglu.net/wp-login.php?redirect_to=https%3A%2F%2Fserhatburke.miroglu.net%2Fwp-admin%2Foptions-reading.php&reauth=1" "Mozilla/5.0 (X11; Linux x86_64) AppleWebKit/537.36 (KHTML, like Gecko) HeadlessChrome/136.0.7103.25 Safari/537.36"
35.224.168.243 - - [18/Apr/2026:06:54:53 +0300] "GET /wp-includes/js/dist/i18n.min.js?ver=7701b0c3857f914212ef HTTP/2" 200 3568 "https://serhatburke.miroglu.net/wp-login.php?redirect_to=https%3A%2F%2Fserhatburke.miroglu.net%2Fwp-admin%2Foptions-reading.php&reauth=1" "Mozilla/5.0 (X11; Linux x86_64) AppleWebKit/537.36 (KHTML, like Gecko) HeadlessChrome/136.0.7103.25 Safari/537.36"
35.224.168.243 - - [18/Apr/2026:06:54:53 +0300] "GET /wp-admin/js/password-strength-meter.min.js?ver=6.3.8 HTTP/2" 200 558 "https://serhatburke.miroglu.net/wp-login.php?redirect_to=https%3A%2F%2Fserhatburke.miroglu.net%2Fwp-admin%2Foptions-reading.php&reauth=1" "Mozilla/5.0 (X11; Linux x86_64) AppleWebKit/537.36 (KHTML, like Gecko) HeadlessChrome/136.0.7103.25 Safari/537.36"
35.224.168.243 - - [18/Apr/2026:06:54:53 +0300] "GET /wp-includes/js/underscore.min.js?ver=1.13.4 HTTP/2" 200 7179 "https://serhatburke.miroglu.net/wp-login.php?redirect_to=https%3A%2F%2Fserhatburke.miroglu.net%2Fwp-admin%2Foptions-reading.php&reauth=1" "Mozilla/5.0 (X11; Linux x86_64) AppleWebKit/537.36 (KHTML, like Gecko) HeadlessChrome/136.0.7103.25 Safari/537.36"
35.224.168.243 - - [18/Apr/2026:06:54:53 +0300] "GET /wp-includes/js/wp-util.min.js?ver=6.3.8 HTTP/2" 200 693 "https://serhatburke.miroglu.net/wp-login.php?redirect_to=https%3A%2F%2Fserhatburke.miroglu.net%2Fwp-admin%2Foptions-reading.php&reauth=1" "Mozilla/5.0 (X11; Linux x86_64) AppleWebKit/537.36 (KHTML, like Gecko) HeadlessChrome/136.0.7103.25 Safari/537.36"
35.224.168.243 - - [18/Apr/2026:06:54:53 +0300] "GET /wp-admin/js/user-profile.min.js?ver=6.3.8 HTTP/2" 200 2150 "https://serhatburke.miroglu.net/wp-login.php?redirect_to=https%3A%2F%2Fserhatburke.miroglu.net%2Fwp-admin%2Foptions-reading.php&reauth=1" "Mozilla/5.0 (X11; Linux x86_64) AppleWebKit/537.36 (KHTML, like Gecko) HeadlessChrome/136.0.7103.25 Safari/537.36"
35.224.168.243 - - [18/Apr/2026:06:54:53 +0300] "GET /wp-admin/images/wordpress-logo.svg?ver=20131107 HTTP/2" 200 759 "https://serhatburke.miroglu.net/wp-admin/css/login.min.css?ver=6.3.8" "Mozilla/5.0 (X11; Linux x86_64) AppleWebKit/537.36 (KHTML, like Gecko) HeadlessChrome/136.0.7103.25 Safari/537.36"
35.224.168.243 - - [18/Apr/2026:06:54:54 +0300] "GET /wp-includes/js/zxcvbn.min.js HTTP/2" 200 389493 "https://serhatburke.miroglu.net/wp-login.php?redirect_to=https%3A%2F%2Fserhatburke.miroglu.net%2Fwp-admin%2Foptions-reading.php&reauth=1" "Mozilla/5.0 (X11; Linux x86_64) AppleWebKit/537.36 (KHTML, like Gecko) HeadlessChrome/136.0.7103.25 Safari/537.36"
35.224.168.243 - - [18/Apr/2026:06:54:54 +0300] "POST /wp-login.php HTTP/2" 302 0 "https://serhatburke.miroglu.net/wp-login.php?redirect_to=https%3A%2F%2Fserhatburke.miroglu.net%2Fwp-admin%2Foptions-reading.php&reauth=1" "Mozilla/5.0 (X11; Linux x86_64) AppleWebKit/537.36 (KHTML, like Gecko) HeadlessChrome/136.0.7103.25 Safari/537.36"
35.224.168.243 - - [18/Apr/2026:06:55:19 +0300] "GET /wp-content/plugins/all-in-one-seo-pack/dist/Lite/assets/css/main.2ac0cc67.css?ver=4.4.4 HTTP/2" 200 271 "https://serhatburke.miroglu.net/wp-admin/options-reading.php" "Mozilla/5.0 (X11; Linux x86_64) AppleWebKit/537.36 (KHTML, like Gecko) HeadlessChrome/136.0.7103.25 Safari/537.36"
35.224.168.243 - - [18/Apr/2026:06:55:19 +0300] "GET /wp-content/plugins/all-in-one-seo-pack/dist/Lite/assets/css/main.0ab815b6.css?ver=4.4.4 HTTP/2" 200 5345 "https://serhatburke.miroglu.net/wp-admin/options-reading.php" "Mozilla/5.0 (X11; Linux x86_64) AppleWebKit/537.36 (KHTML, like Gecko) HeadlessChrome/136.0.7103.25 Safari/537.36"
35.224.168.243 - - [18/Apr/2026:06:55:19 +0300] "GET /wp-content/plugins/wp-file-manager/css/fm_common.css?ver=6.3.8 HTTP/2" 200 153 "https://serhatburke.miroglu.net/wp-admin/options-reading.php" "Mozilla/5.0 (X11; Linux x86_64) AppleWebKit/537.36 (KHTML, like Gecko) HeadlessChrome/136.0.7103.25 Safari/537.36"
35.224.168.243 - - [18/Apr/2026:06:55:19 +0300] "GET /wp-content/plugins/google-analytics-for-wordpress/assets/css/admin-common.min.css?ver=10.1.2 HTTP/2" 200 409 "https://serhatburke.miroglu.net/wp-admin/options-reading.php" "Mozilla/5.0 (X11; Linux x86_64) AppleWebKit/537.36 (KHTML, like Gecko) HeadlessChrome/136.0.7103.25 Safari/537.36"
35.224.168.243 - - [18/Apr/2026:06:55:19 +0300] "GET /wp-content/plugins/google-analytics-for-wordpress/lite/assets/vue/css/admin.css?ver=10.1.2 HTTP/2" 200 362 "https://serhatburke.miroglu.net/wp-admin/options-reading.php" "Mozilla/5.0 (X11; Linux x86_64) AppleWebKit/537.36 (KHTML, like Gecko) HeadlessChrome/136.0.7103.25 Safari/537.36"
35.224.168.243 - - [18/Apr/2026:06:55:19 +0300] "GET /wp-content/plugins/google-analytics-for-wordpress/assets/css/admin-metabox-sitenotes.css?ver=10.1.2 HTTP/2" 200 176 "https://serhatburke.miroglu.net/wp-admin/options-reading.php" "Mozilla/5.0 (X11; Linux x86_64) AppleWebKit/537.36 (KHTML, like Gecko) HeadlessChrome/136.0.7103.25 Safari/537.36"
35.224.168.243 - - [18/Apr/2026:06:55:19 +0300] "GET /wp-content/themes/toppic/css/meta-style.css?ver=4.2 HTTP/2" 200 979 "https://serhatburke.miroglu.net/wp-admin/options-reading.php" "Mozilla/5.0 (X11; Linux x86_64) AppleWebKit/537.36 (KHTML, like Gecko) HeadlessChrome/136.0.7103.25 Safari/537.36"
35.224.168.243 - - [18/Apr/2026:06:55:19 +0300] "GET /wp-admin/load-styles.php?c=1&dir=ltr&load%5Bchunk_0%5D=dashicons,admin-bar,common,forms,admin-menu,dashboard,list-tables,edit,revisions,media,themes,about,nav-menus,wp-pointer,widgets&load%5Bchunk_1%5D=,site-icon,l10n,buttons,wp-auth-check&ver=6.3.8 HTTP/2" 200 101675 "https://serhatburke.miroglu.net/wp-admin/options-reading.php" "Mozilla/5.0 (X11; Linux x86_64) AppleWebKit/537.36 (KHTML, like Gecko) HeadlessChrome/136.0.7103.25 Safari/537.36"
35.224.168.243 - - [18/Apr/2026:06:55:19 +0300] "GET /wp-content/plugins/wpforms-lite/assets/css/admin-bar.min.css?ver=1.8.3.1 HTTP/2" 200 397 "https://serhatburke.miroglu.net/wp-admin/options-reading.php" "Mozilla/5.0 (X11; Linux x86_64) AppleWebKit/537.36 (KHTML, like Gecko) HeadlessChrome/136.0.7103.25 Safari/537.36"
35.224.168.243 - - [18/Apr/2026:06:55:20 +0300] "GET /wp-content/plugins/google-analytics-for-wordpress/assets/js/admin-metabox-sitenotes.js?ver=10.1.2 HTTP/2" 200 277 "https://serhatburke.miroglu.net/wp-admin/options-reading.php" "Mozilla/5.0 (X11; Linux x86_64) AppleWebKit/537.36 (KHTML, like Gecko) HeadlessChrome/136.0.7103.25 Safari/537.36"
35.224.168.243 - - [18/Apr/2026:06:55:20 +0300] "GET /wp-content/plugins/all-in-one-seo-pack/dist/Lite/assets/js/_plugin-vue_export-helper.b97bdf23.js HTTP/2" 200 212 "https://serhatburke.miroglu.net/wp-admin/options-reading.php" "Mozilla/5.0 (X11; Linux x86_64) AppleWebKit/537.36 (KHTML, like Gecko) HeadlessChrome/136.0.7103.25 Safari/537.36"
35.224.168.243 - - [18/Apr/2026:06:55:20 +0300] "GET /wp-content/plugins/all-in-one-seo-pack/dist/Lite/assets/js/vue.runtime.esm-bundler.b39e1078.js HTTP/2" 200 39772 "https://serhatburke.miroglu.net/wp-admin/options-reading.php" "Mozilla/5.0 (X11; Linux x86_64) AppleWebKit/537.36 (KHTML, like Gecko) HeadlessChrome/136.0.7103.25 Safari/537.36"
35.224.168.243 - - [18/Apr/2026:06:55:20 +0300] "GET /wp-content/plugins/all-in-one-seo-pack/dist/Lite/assets/js/links.23796d97.js HTTP/2" 200 46535 "https://serhatburke.miroglu.net/wp-admin/options-reading.php" "Mozilla/5.0 (X11; Linux x86_64) AppleWebKit/537.36 (KHTML, like Gecko) HeadlessChrome/136.0.7103.25 Safari/537.36"
35.224.168.243 - - [18/Apr/2026:06:55:20 +0300] "GET /wp-content/plugins/all-in-one-seo-pack/dist/Lite/assets/js/translations.6e7b2383.js HTTP/2" 200 339 "https://serhatburke.miroglu.net/wp-admin/options-reading.php" "Mozilla/5.0 (X11; Linux x86_64) AppleWebKit/537.36 (KHTML, like Gecko) HeadlessChrome/136.0.7103.25 Safari/537.36"
35.224.168.243 - - [18/Apr/2026:06:55:20 +0300] "GET /wp-content/plugins/all-in-one-seo-pack/dist/Lite/assets/js/default-i18n.3881921e.js HTTP/2" 200 4578 "https://serhatburke.miroglu.net/wp-admin/options-reading.php" "Mozilla/5.0 (X11; Linux x86_64) AppleWebKit/537.36 (KHTML, like Gecko) HeadlessChrome/136.0.7103.25 Safari/537.36"
35.224.168.243 - - [18/Apr/2026:06:55:20 +0300] "GET /wp-content/plugins/all-in-one-seo-pack/dist/Lite/assets/js/isArrayLikeObject.22a096cb.js HTTP/2" 200 14929 "https://serhatburke.miroglu.net/wp-admin/options-reading.php" "Mozilla/5.0 (X11; Linux x86_64) AppleWebKit/537.36 (KHTML, like Gecko) HeadlessChrome/136.0.7103.25 Safari/537.36"
35.224.168.243 - - [18/Apr/2026:06:55:20 +0300] "GET /wp-content/plugins/js_composer/assets/vc/logo/wpb-logo-white_32.svg HTTP/2" 200 713 "https://serhatburke.miroglu.net/wp-admin/options-reading.php" "Mozilla/5.0 (X11; Linux x86_64) AppleWebKit/537.36 (KHTML, like Gecko) HeadlessChrome/136.0.7103.25 Safari/537.36"
35.224.168.243 - - [18/Apr/2026:06:55:20 +0300] "GET /wp-content/plugins/wp-file-manager/images/wp_file_manager.svg HTTP/2" 200 1199 "https://serhatburke.miroglu.net/wp-admin/options-reading.php" "Mozilla/5.0 (X11; Linux x86_64) AppleWebKit/537.36 (KHTML, like Gecko) HeadlessChrome/136.0.7103.25 Safari/537.36"
35.224.168.243 - - [18/Apr/2026:06:55:20 +0300] "GET /wp-admin/load-scripts.php?c=1&load%5Bchunk_0%5D=jquery-core,jquery-migrate,utils&ver=6.3.8 HTTP/2" 200 36164 "https://serhatburke.miroglu.net/wp-admin/options-reading.php" "Mozilla/5.0 (X11; Linux x86_64) AppleWebKit/537.36 (KHTML, like Gecko) HeadlessChrome/136.0.7103.25 Safari/537.36"
35.224.168.243 - - [18/Apr/2026:06:55:20 +0300] "GET /wp-content/plugins/google-analytics-for-wordpress/assets/images/monsterinsights-notice-box-logo.svg HTTP/2" 200 6163 "https://serhatburke.miroglu.net/wp-admin/options-reading.php" "Mozilla/5.0 (X11; Linux x86_64) AppleWebKit/537.36 (KHTML, like Gecko) HeadlessChrome/136.0.7103.25 Safari/537.36"
35.224.168.243 - - [18/Apr/2026:06:55:20 +0300] "GET /wp-admin/js/common.min.js?ver=6.3.8 HTTP/2" 200 6355 "https://serhatburke.miroglu.net/wp-admin/options-reading.php" "Mozilla/5.0 (X11; Linux x86_64) AppleWebKit/537.36 (KHTML, like Gecko) HeadlessChrome/136.0.7103.25 Safari/537.36"
35.224.168.243 - - [18/Apr/2026:06:55:20 +0300] "GET /wp-includes/js/hoverintent-js.min.js?ver=2.2.1 HTTP/2" 200 665 "https://serhatburke.miroglu.net/wp-admin/options-reading.php" "Mozilla/5.0 (X11; Linux x86_64) AppleWebKit/537.36 (KHTML, like Gecko) HeadlessChrome/136.0.7103.25 Safari/537.36"
35.224.168.243 - - [18/Apr/2026:06:55:20 +0300] "GET /wp-includes/js/admin-bar.min.js?ver=6.3.8 HTTP/2" 200 1264 "https://serhatburke.miroglu.net/wp-admin/options-reading.php" "Mozilla/5.0 (X11; Linux x86_64) AppleWebKit/537.36 (KHTML, like Gecko) HeadlessChrome/136.0.7103.25 Safari/537.36"
35.224.168.243 - - [18/Apr/2026:06:55:20 +0300] "GET /wp-admin/js/svg-painter.js?ver=6.3.8 HTTP/2" 200 1971 "https://serhatburke.miroglu.net/wp-admin/options-reading.php" "Mozilla/5.0 (X11; Linux x86_64) AppleWebKit/537.36 (KHTML, like Gecko) HeadlessChrome/136.0.7103.25 Safari/537.36"
35.224.168.243 - - [18/Apr/2026:06:55:20 +0300] "GET /wp-includes/js/heartbeat.min.js?ver=6.3.8 HTTP/2" 200 1925 "https://serhatburke.miroglu.net/wp-admin/options-reading.php" "Mozilla/5.0 (X11; Linux x86_64) AppleWebKit/537.36 (KHTML, like Gecko) HeadlessChrome/136.0.7103.25 Safari/537.36"
35.224.168.243 - - [18/Apr/2026:06:55:20 +0300] "GET /wp-includes/js/wp-auth-check.min.js?ver=6.3.8 HTTP/2" 200 691 "https://serhatburke.miroglu.net/wp-admin/options-reading.php" "Mozilla/5.0 (X11; Linux x86_64) AppleWebKit/537.36 (KHTML, like Gecko) HeadlessChrome/136.0.7103.25 Safari/537.36"
35.224.168.243 - - [18/Apr/2026:06:55:20 +0300] "GET /wp-admin/load-scripts.php?c=1&load%5Bchunk_0%5D=hoverIntent,wp-polyfill-inert,regenerator-runtime,wp-polyfill,wp-hooks&ver=6.3.8 HTTP/2" 200 12561 "https://serhatburke.miroglu.net/wp-admin/options-reading.php" "Mozilla/5.0 (X11; Linux x86_64) AppleWebKit/537.36 (KHTML, like Gecko) HeadlessChrome/136.0.7103.25 Safari/537.36"
35.224.168.243 - - [18/Apr/2026:06:55:20 +0300] "GET /wp-content/plugins/all-in-one-seo-pack/dist/Lite/assets/notifications.e3899576.js?ver=4.4.4 HTTP/2" 200 688 "https://serhatburke.miroglu.net/wp-admin/options-reading.php" "Mozilla/5.0 (X11; Linux x86_64) AppleWebKit/537.36 (KHTML, like Gecko) HeadlessChrome/136.0.7103.25 Safari/537.36"
35.224.168.243 - - [18/Apr/2026:06:55:07 +0300] "GET /wp-admin/options-reading.php HTTP/2" 200 113829 "https://serhatburke.miroglu.net/wp-login.php?redirect_to=https%3A%2F%2Fserhatburke.miroglu.net%2Fwp-admin%2Foptions-reading.php&reauth=1" "Mozilla/5.0 (X11; Linux x86_64) AppleWebKit/537.36 (KHTML, like Gecko) HeadlessChrome/136.0.7103.25 Safari/537.36"
35.224.168.243 - - [18/Apr/2026:06:55:21 +0300] "GET /wp-content/plugins/all-in-one-seo-pack/dist/Lite/assets/app.7d8c6b04.js?ver=4.4.4 HTTP/2" 200 456 "https://serhatburke.miroglu.net/wp-admin/options-reading.php" "Mozilla/5.0 (X11; Linux x86_64) AppleWebKit/537.36 (KHTML, like Gecko) HeadlessChrome/136.0.7103.25 Safari/537.36"
35.224.168.243 - - [18/Apr/2026:06:55:21 +0300] "GET /wp-content/plugins/google-analytics-for-wordpress/assets/js/admin-common.min.js?ver=10.1.2 HTTP/2" 200 513 "https://serhatburke.miroglu.net/wp-admin/options-reading.php" "Mozilla/5.0 (X11; Linux x86_64) AppleWebKit/537.36 (KHTML, like Gecko) HeadlessChrome/136.0.7103.25 Safari/537.36"
35.224.168.243 - - [18/Apr/2026:06:55:21 +0300] "GET /wp-content/plugins/google-analytics-for-wordpress/assets/js/admin-setup-wizard.js?ver=10.1.2 HTTP/2" 200 738 "https://serhatburke.miroglu.net/wp-admin/options-reading.php" "Mozilla/5.0 (X11; Linux x86_64) AppleWebKit/537.36 (KHTML, like Gecko) HeadlessChrome/136.0.7103.25 Safari/537.36"
98.98.33.41 - - [18/Apr/2026:06:55:18 +0300] "POST /xmlrpc.php HTTP/1.1" 200 630 "-" "Mozilla/5.0 (Windows NT 10.0; Win64; x64) AppleWebKit/537.36 (KHTML, like Gecko) Chrome/114.0.0.0 Safari/537.36"
185.216.113.70 - - [18/Apr/2026:06:55:39 +0300] "POST /wp-cron.php?doing_wp_cron=1776484539.3488290309906005859375 HTTP/1.1" 200 448 "-" "WordPress/6.3.8; https://serhatburke.miroglu.net"
35.224.168.243 - - [18/Apr/2026:06:55:42 +0300] "GET /wp-includes/js/mediaelement/mediaelementplayer-legacy.min.css?ver=4.2.17 HTTP/2" 200 2394 "https://serhatburke.miroglu.net/wp-admin/post.php?post=2740&action=edit" "Mozilla/5.0 (X11; Linux x86_64) AppleWebKit/537.36 (KHTML, like Gecko) HeadlessChrome/136.0.7103.25 Safari/537.36"
35.224.168.243 - - [18/Apr/2026:06:55:42 +0300] "GET /wp-includes/js/mediaelement/wp-mediaelement.min.css?ver=6.3.8 HTTP/2" 200 982 "https://serhatburke.miroglu.net/wp-admin/post.php?post=2740&action=edit" "Mozilla/5.0 (X11; Linux x86_64) AppleWebKit/537.36 (KHTML, like Gecko) HeadlessChrome/136.0.7103.25 Safari/537.36"
35.224.168.243 - - [18/Apr/2026:06:55:42 +0300] "GET /wp-includes/js/imgareaselect/imgareaselect.css?ver=0.9.8 HTTP/2" 200 215 "https://serhatburke.miroglu.net/wp-admin/post.php?post=2740&action=edit" "Mozilla/5.0 (X11; Linux x86_64) AppleWebKit/537.36 (KHTML, like Gecko) HeadlessChrome/136.0.7103.25 Safari/537.36"
35.224.168.243 - - [18/Apr/2026:06:55:42 +0300] "GET /wp-content/plugins/wpforms-lite/assets/css/admin-integrations.min.css?ver=1.8.3.1 HTTP/2" 200 4145 "https://serhatburke.miroglu.net/wp-admin/post.php?post=2740&action=edit" "Mozilla/5.0 (X11; Linux x86_64) AppleWebKit/537.36 (KHTML, like Gecko) HeadlessChrome/136.0.7103.25 Safari/537.36"
35.224.168.243 - - [18/Apr/2026:06:55:42 +0300] "GET /wp-content/plugins/wpforms-lite/assets/css/frontend/modern/wpforms-full.min.css?ver=1.8.3.1 HTTP/2" 200 10003 "https://serhatburke.miroglu.net/wp-admin/post.php?post=2740&action=edit" "Mozilla/5.0 (X11; Linux x86_64) AppleWebKit/537.36 (KHTML, like Gecko) HeadlessChrome/136.0.7103.25 Safari/537.36"
35.224.168.243 - - [18/Apr/2026:06:55:42 +0300] "GET /wp-content/plugins/all-in-one-seo-pack/dist/Lite/assets/css/main.b143f638.css?ver=4.4.4 HTTP/2" 200 3224 "https://serhatburke.miroglu.net/wp-admin/post.php?post=2740&action=edit" "Mozilla/5.0 (X11; Linux x86_64) AppleWebKit/537.36 (KHTML, like Gecko) HeadlessChrome/136.0.7103.25 Safari/537.36"
35.224.168.243 - - [18/Apr/2026:06:55:42 +0300] "GET /wp-content/plugins/google-analytics-for-wordpress/assets/gutenberg/css/editor.css?ver=10.1.2 HTTP/2" 200 7338 "https://serhatburke.miroglu.net/wp-admin/post.php?post=2740&action=edit" "Mozilla/5.0 (X11; Linux x86_64) AppleWebKit/537.36 (KHTML, like Gecko) HeadlessChrome/136.0.7103.25 Safari/537.36"
35.224.168.243 - - [18/Apr/2026:06:55:42 +0300] "GET /wp-content/plugins/all-in-one-seo-pack/dist/Lite/assets//link-format/link-format-block.css?ver=4.4.4 HTTP/2" 200 504 "https://serhatburke.miroglu.net/wp-admin/post.php?post=2740&action=edit" "Mozilla/5.0 (X11; Linux x86_64) AppleWebKit/537.36 (KHTML, like Gecko) HeadlessChrome/136.0.7103.25 Safari/537.36"
35.224.168.243 - - [18/Apr/2026:06:55:42 +0300] "GET /wp-content/themes/toppic/css/gutenberg-style.css?ver=4.2 HTTP/2" 200 2348 "https://serhatburke.miroglu.net/wp-admin/post.php?post=2740&action=edit" "Mozilla/5.0 (X11; Linux x86_64) AppleWebKit/537.36 (KHTML, like Gecko) HeadlessChrome/136.0.7103.25 Safari/537.36"
35.224.168.243 - - [18/Apr/2026:06:55:42 +0300] "GET /wp-content/plugins/all-in-one-seo-pack/dist/Lite/assets/css/main.4c7e386f.css?ver=4.4.4 HTTP/2" 200 2583 "https://serhatburke.miroglu.net/wp-admin/post.php?post=2740&action=edit" "Mozilla/5.0 (X11; Linux x86_64) AppleWebKit/537.36 (KHTML, like Gecko) HeadlessChrome/136.0.7103.25 Safari/537.36"
35.224.168.243 - - [18/Apr/2026:06:55:42 +0300] "GET /wp-content/plugins/all-in-one-seo-pack/dist/Lite/assets/css/Row.d88b2bb9.css?ver=4.4.4 HTTP/2" 200 2005 "https://serhatburke.miroglu.net/wp-admin/post.php?post=2740&action=edit" "Mozilla/5.0 (X11; Linux x86_64) AppleWebKit/537.36 (KHTML, like Gecko) HeadlessChrome/136.0.7103.25 Safari/537.36"
35.224.168.243 - - [18/Apr/2026:06:55:42 +0300] "GET /wp-content/plugins/all-in-one-seo-pack/dist/Lite/assets/css/Index.05ebc121.css?ver=4.4.4 HTTP/2" 200 1148 "https://serhatburke.miroglu.net/wp-admin/post.php?post=2740&action=edit" "Mozilla/5.0 (X11; Linux x86_64) AppleWebKit/537.36 (KHTML, like Gecko) HeadlessChrome/136.0.7103.25 Safari/537.36"
35.224.168.243 - - [18/Apr/2026:06:55:42 +0300] "GET /wp-content/plugins/all-in-one-seo-pack/dist/Lite/assets/css/Index.518f837a.css?ver=4.4.4 HTTP/2" 200 857 "https://serhatburke.miroglu.net/wp-admin/post.php?post=2740&action=edit" "Mozilla/5.0 (X11; Linux x86_64) AppleWebKit/537.36 (KHTML, like Gecko) HeadlessChrome/136.0.7103.25 Safari/537.36"
35.224.168.243 - - [18/Apr/2026:06:55:42 +0300] "GET /wp-content/plugins/all-in-one-seo-pack/dist/Lite/assets/css/blocks-editor.ff3c2caf.css?ver=4.4.4 HTTP/2" 200 313 "https://serhatburke.miroglu.net/wp-admin/post.php?post=2740&action=edit" "Mozilla/5.0 (X11; Linux x86_64) AppleWebKit/537.36 (KHTML, like Gecko) HeadlessChrome/136.0.7103.25 Safari/537.36"
35.224.168.243 - - [18/Apr/2026:06:55:42 +0300] "GET /wp-content/plugins/wpforms-lite/assets/css/choices.min.css?ver=9.0.1 HTTP/2" 200 2073 "https://serhatburke.miroglu.net/wp-admin/post.php?post=2740&action=edit" "Mozilla/5.0 (X11; Linux x86_64) AppleWebKit/537.36 (KHTML, like Gecko) HeadlessChrome/136.0.7103.25 Safari/537.36"
35.224.168.243 - - [18/Apr/2026:06:55:42 +0300] "GET /wp-content/plugins/all-in-one-seo-pack/dist/Lite/assets/css/index.f13cbef6.css?ver=4.4.4 HTTP/2" 200 3697 "https://serhatburke.miroglu.net/wp-admin/post.php?post=2740&action=edit" "Mozilla/5.0 (X11; Linux x86_64) AppleWebKit/537.36 (KHTML, like Gecko) HeadlessChrome/136.0.7103.25 Safari/537.36"
35.224.168.243 - - [18/Apr/2026:06:55:42 +0300] "GET /wp-content/plugins/all-in-one-seo-pack/dist/Lite/assets/css/App.4ec331f1.css?ver=4.4.4 HTTP/2" 200 9588 "https://serhatburke.miroglu.net/wp-admin/post.php?post=2740&action=edit" "Mozilla/5.0 (X11; Linux x86_64) AppleWebKit/537.36 (KHTML, like Gecko) HeadlessChrome/136.0.7103.25 Safari/537.36"
35.224.168.243 - - [18/Apr/2026:06:55:42 +0300] "GET /wp-content/plugins/all-in-one-seo-pack/dist/Lite/assets/css/main.354fe50d.css?ver=4.4.4 HTTP/2" 200 2132 "https://serhatburke.miroglu.net/wp-admin/post.php?post=2740&action=edit" "Mozilla/5.0 (X11; Linux x86_64) AppleWebKit/537.36 (KHTML, like Gecko) HeadlessChrome/136.0.7103.25 Safari/537.36"
35.224.168.243 - - [18/Apr/2026:06:55:42 +0300] "GET /wp-content/plugins/all-in-one-seo-pack/dist/Lite/assets/css/Caret.82e4ef18.css?ver=4.4.4 HTTP/2" 200 957 "https://serhatburke.miroglu.net/wp-admin/post.php?post=2740&action=edit" "Mozilla/5.0 (X11; Linux x86_64) AppleWebKit/537.36 (KHTML, like Gecko) HeadlessChrome/136.0.7103.25 Safari/537.36"
35.224.168.243 - - [18/Apr/2026:06:55:42 +0300] "GET /wp-content/plugins/all-in-one-seo-pack/dist/Lite/assets/css/SettingsRow.b9fdc14f.css?ver=4.4.4 HTTP/2" 200 433 "https://serhatburke.miroglu.net/wp-admin/post.php?post=2740&action=edit" "Mozilla/5.0 (X11; Linux x86_64) AppleWebKit/537.36 (KHTML, like Gecko) HeadlessChrome/136.0.7103.25 Safari/537.36"
35.224.168.243 - - [18/Apr/2026:06:55:42 +0300] "GET /wp-content/plugins/all-in-one-seo-pack/dist/Lite/assets/css/Phone.85a95941.css?ver=4.4.4 HTTP/2" 200 3549 "https://serhatburke.miroglu.net/wp-admin/post.php?post=2740&action=edit" "Mozilla/5.0 (X11; Linux x86_64) AppleWebKit/537.36 (KHTML, like Gecko) HeadlessChrome/136.0.7103.25 Safari/537.36"
35.224.168.243 - - [18/Apr/2026:06:55:42 +0300] "GET /wp-content/plugins/all-in-one-seo-pack/dist/Lite/assets/css/Tabs.ec7cb519.css?ver=4.4.4 HTTP/2" 200 1518 "https://serhatburke.miroglu.net/wp-admin/post.php?post=2740&action=edit" "Mozilla/5.0 (X11; Linux x86_64) AppleWebKit/537.36 (KHTML, like Gecko) HeadlessChrome/136.0.7103.25 Safari/537.36"
35.224.168.243 - - [18/Apr/2026:06:55:42 +0300] "GET /wp-content/plugins/all-in-one-seo-pack/dist/Lite/assets/css/Checkbox.46c4f4db.css?ver=4.4.4 HTTP/2" 200 525 "https://serhatburke.miroglu.net/wp-admin/post.php?post=2740&action=edit" "Mozilla/5.0 (X11; Linux x86_64) AppleWebKit/537.36 (KHTML, like Gecko) HeadlessChrome/136.0.7103.25 Safari/537.36"
35.224.168.243 - - [18/Apr/2026:06:55:42 +0300] "GET /wp-content/plugins/all-in-one-seo-pack/dist/Lite/assets/css/RadioToggle.5183d076.css?ver=4.4.4 HTTP/2" 200 519 "https://serhatburke.miroglu.net/wp-admin/post.php?post=2740&action=edit" "Mozilla/5.0 (X11; Linux x86_64) AppleWebKit/537.36 (KHTML, like Gecko) HeadlessChrome/136.0.7103.25 Safari/537.36"
35.224.168.243 - - [18/Apr/2026:06:55:42 +0300] "GET /wp-content/plugins/all-in-one-seo-pack/dist/Lite/assets/css/LicenseKeyBar.9dee709b.css?ver=4.4.4 HTTP/2" 200 284 "https://serhatburke.miroglu.net/wp-admin/post.php?post=2740&action=edit" "Mozilla/5.0 (X11; Linux x86_64) AppleWebKit/537.36 (KHTML, like Gecko) HeadlessChrome/136.0.7103.25 Safari/537.36"
35.224.168.243 - - [18/Apr/2026:06:55:42 +0300] "GET /wp-content/plugins/all-in-one-seo-pack/dist/Lite/assets/css/Tooltip.c2302985.css?ver=4.4.4 HTTP/2" 200 456 "https://serhatburke.miroglu.net/wp-admin/post.php?post=2740&action=edit" "Mozilla/5.0 (X11; Linux x86_64) AppleWebKit/537.36 (KHTML, like Gecko) HeadlessChrome/136.0.7103.25 Safari/537.36"
35.224.168.243 - - [18/Apr/2026:06:55:42 +0300] "GET /wp-content/plugins/all-in-one-seo-pack/dist/Lite/assets/css/Editor.107b0dcd.css?ver=4.4.4 HTTP/2" 200 5004 "https://serhatburke.miroglu.net/wp-admin/post.php?post=2740&action=edit" "Mozilla/5.0 (X11; Linux x86_64) AppleWebKit/537.36 (KHTML, like Gecko) HeadlessChrome/136.0.7103.25 Safari/537.36"
35.224.168.243 - - [18/Apr/2026:06:55:42 +0300] "GET /wp-content/plugins/all-in-one-seo-pack/dist/Lite/assets/css/Blur.02feb373.css?ver=4.4.4 HTTP/2" 200 93 "https://serhatburke.miroglu.net/wp-admin/post.php?post=2740&action=edit" "Mozilla/5.0 (X11; Linux x86_64) AppleWebKit/537.36 (KHTML, like Gecko) HeadlessChrome/136.0.7103.25 Safari/537.36"
35.224.168.243 - - [18/Apr/2026:06:55:42 +0300] "GET /wp-content/plugins/all-in-one-seo-pack/dist/Lite/assets/css/GoogleSearchPreview.7d51503b.css?ver=4.4.4 HTTP/2" 200 485 "https://serhatburke.miroglu.net/wp-admin/post.php?post=2740&action=edit" "Mozilla/5.0 (X11; Linux x86_64) AppleWebKit/537.36 (KHTML, like Gecko) HeadlessChrome/136.0.7103.25 Safari/537.36"
35.224.168.243 - - [18/Apr/2026:06:55:42 +0300] "GET /wp-content/plugins/all-in-one-seo-pack/dist/Lite/assets/css/HtmlTagsEditor.9fbc7912.css?ver=4.4.4 HTTP/2" 200 494 "https://serhatburke.miroglu.net/wp-admin/post.php?post=2740&action=edit" "Mozilla/5.0 (X11; Linux x86_64) AppleWebKit/537.36 (KHTML, like Gecko) HeadlessChrome/136.0.7103.25 Safari/537.36"
35.224.168.243 - - [18/Apr/2026:06:55:42 +0300] "GET /wp-content/plugins/all-in-one-seo-pack/dist/Lite/assets/css/Table.5fc34407.css?ver=4.4.4 HTTP/2" 200 1440 "https://serhatburke.miroglu.net/wp-admin/post.php?post=2740&action=edit" "Mozilla/5.0 (X11; Linux x86_64) AppleWebKit/537.36 (KHTML, like Gecko) HeadlessChrome/136.0.7103.25 Safari/537.36"
35.224.168.243 - - [18/Apr/2026:06:55:42 +0300] "GET /wp-content/plugins/all-in-one-seo-pack/dist/Lite/assets/css/FacebookPreview.602923a4.css?ver=4.4.4 HTTP/2" 200 800 "https://serhatburke.miroglu.net/wp-admin/post.php?post=2740&action=edit" "Mozilla/5.0 (X11; Linux x86_64) AppleWebKit/537.36 (KHTML, like Gecko) HeadlessChrome/136.0.7103.25 Safari/537.36"
35.224.168.243 - - [18/Apr/2026:06:55:42 +0300] "GET /wp-content/plugins/all-in-one-seo-pack/dist/Lite/assets/css/ImageUploader.e2227810.css?ver=4.4.4 HTTP/2" 200 404 "https://serhatburke.miroglu.net/wp-admin/post.php?post=2740&action=edit" "Mozilla/5.0 (X11; Linux x86_64) AppleWebKit/537.36 (KHTML, like Gecko) HeadlessChrome/136.0.7103.25 Safari/537.36"
35.224.168.243 - - [18/Apr/2026:06:55:42 +0300] "GET /wp-content/plugins/all-in-one-seo-pack/dist/Lite/assets/css/TwitterPreview.8e2452b0.css?ver=4.4.4 HTTP/2" 200 825 "https://serhatburke.miroglu.net/wp-admin/post.php?post=2740&action=edit" "Mozilla/5.0 (X11; Linux x86_64) AppleWebKit/537.36 (KHTML, like Gecko) HeadlessChrome/136.0.7103.25 Safari/537.36"
35.224.168.243 - - [18/Apr/2026:06:55:42 +0300] "GET /wp-content/plugins/all-in-one-seo-pack/dist/Lite/assets/css/Index.8c8c1878.css?ver=4.4.4 HTTP/2" 200 1674 "https://serhatburke.miroglu.net/wp-admin/post.php?post=2740&action=edit" "Mozilla/5.0 (X11; Linux x86_64) AppleWebKit/537.36 (KHTML, like Gecko) HeadlessChrome/136.0.7103.25 Safari/537.36"
35.224.168.243 - - [18/Apr/2026:06:55:42 +0300] "GET /wp-content/plugins/all-in-one-seo-pack/dist/Lite/assets/css/ProBadge.e2a3dc3b.css?ver=4.4.4 HTTP/2" 200 183 "https://serhatburke.miroglu.net/wp-admin/post.php?post=2740&action=edit" "Mozilla/5.0 (X11; Linux x86_64) AppleWebKit/537.36 (KHTML, like Gecko) HeadlessChrome/136.0.7103.25 Safari/537.36"
35.224.168.243 - - [18/Apr/2026:06:55:42 +0300] "GET /wp-content/plugins/all-in-one-seo-pack/dist/Lite/assets/css/Card.4d35fa5e.css?ver=4.4.4 HTTP/2" 200 692 "https://serhatburke.miroglu.net/wp-admin/post.php?post=2740&action=edit" "Mozilla/5.0 (X11; Linux x86_64) AppleWebKit/537.36 (KHTML, like Gecko) HeadlessChrome/136.0.7103.25 Safari/537.36"
35.224.168.243 - - [18/Apr/2026:06:55:42 +0300] "GET /wp-content/plugins/all-in-one-seo-pack/dist/Lite/assets/css/Upsell.aef1c2de.css?ver=4.4.4 HTTP/2" 200 155 "https://serhatburke.miroglu.net/wp-admin/post.php?post=2740&action=edit" "Mozilla/5.0 (X11; Linux x86_64) AppleWebKit/537.36 (KHTML, like Gecko) HeadlessChrome/136.0.7103.25 Safari/537.36"
35.224.168.243 - - [18/Apr/2026:06:55:42 +0300] "GET /wp-content/plugins/all-in-one-seo-pack/dist/Lite/assets/css/main.514aa3f6.css?ver=4.4.4 HTTP/2" 200 498 "https://serhatburke.miroglu.net/wp-admin/post.php?post=2740&action=edit" "Mozilla/5.0 (X11; Linux x86_64) AppleWebKit/537.36 (KHTML, like Gecko) HeadlessChrome/136.0.7103.25 Safari/537.36"
35.224.168.243 - - [18/Apr/2026:06:55:42 +0300] "GET /wp-content/plugins/all-in-one-seo-pack/dist/Lite/assets/css/main.748c6d4f.css?ver=4.4.4 HTTP/2" 200 200 "https://serhatburke.miroglu.net/wp-admin/post.php?post=2740&action=edit" "Mozilla/5.0 (X11; Linux x86_64) AppleWebKit/537.36 (KHTML, like Gecko) HeadlessChrome/136.0.7103.25 Safari/537.36"
35.224.168.243 - - [18/Apr/2026:06:55:42 +0300] "GET /wp-content/plugins/all-in-one-seo-pack/dist/Lite/assets/css/main.d1b22e44.css?ver=4.4.4 HTTP/2" 200 240 "https://serhatburke.miroglu.net/wp-admin/post.php?post=2740&action=edit" "Mozilla/5.0 (X11; Linux x86_64) AppleWebKit/537.36 (KHTML, like Gecko) HeadlessChrome/136.0.7103.25 Safari/537.36"
35.224.168.243 - - [18/Apr/2026:06:55:42 +0300] "GET /wp-content/plugins/all-in-one-seo-pack/dist/Lite/assets/css/main.0fb95abf.css?ver=4.4.4 HTTP/2" 200 633 "https://serhatburke.miroglu.net/wp-admin/post.php?post=2740&action=edit" "Mozilla/5.0 (X11; Linux x86_64) AppleWebKit/537.36 (KHTML, like Gecko) HeadlessChrome/136.0.7103.25 Safari/537.36"
35.224.168.243 - - [18/Apr/2026:06:55:42 +0300] "GET /wp-content/plugins/meta-box/meta-box/css/style.css?ver=5.2.4 HTTP/2" 200 889 "https://serhatburke.miroglu.net/wp-admin/post.php?post=2740&action=edit" "Mozilla/5.0 (X11; Linux x86_64) AppleWebKit/537.36 (KHTML, like Gecko) HeadlessChrome/136.0.7103.25 Safari/537.36"
35.224.168.243 - - [18/Apr/2026:06:55:42 +0300] "GET /wp-content/plugins/meta-box/meta-box/css/select.css?ver=5.2.4 HTTP/2" 200 192 "https://serhatburke.miroglu.net/wp-admin/post.php?post=2740&action=edit" "Mozilla/5.0 (X11; Linux x86_64) AppleWebKit/537.36 (KHTML, like Gecko) HeadlessChrome/136.0.7103.25 Safari/537.36"
35.224.168.243 - - [18/Apr/2026:06:55:42 +0300] "GET /wp-content/plugins/meta-box/meta-box/css/media.css?ver=5.2.4 HTTP/2" 200 294 "https://serhatburke.miroglu.net/wp-admin/post.php?post=2740&action=edit" "Mozilla/5.0 (X11; Linux x86_64) AppleWebKit/537.36 (KHTML, like Gecko) HeadlessChrome/136.0.7103.25 Safari/537.36"
35.224.168.243 - - [18/Apr/2026:06:55:42 +0300] "GET /wp-content/plugins/meta-box/meta-box/css/file.css?ver=5.2.4 HTTP/2" 200 285 "https://serhatburke.miroglu.net/wp-admin/post.php?post=2740&action=edit" "Mozilla/5.0 (X11; Linux x86_64) AppleWebKit/537.36 (KHTML, like Gecko) HeadlessChrome/136.0.7103.25 Safari/537.36"
35.224.168.243 - - [18/Apr/2026:06:55:42 +0300] "GET /wp-content/plugins/meta-box/meta-box/css/image.css?ver=5.2.4 HTTP/2" 200 411 "https://serhatburke.miroglu.net/wp-admin/post.php?post=2740&action=edit" "Mozilla/5.0 (X11; Linux x86_64) AppleWebKit/537.36 (KHTML, like Gecko) HeadlessChrome/136.0.7103.25 Safari/537.36"
35.224.168.243 - - [18/Apr/2026:06:55:42 +0300] "GET /wp-content/plugins/meta-box/meta-box/css/file-input.css?ver=5.2.4 HTTP/2" 200 99 "https://serhatburke.miroglu.net/wp-admin/post.php?post=2740&action=edit" "Mozilla/5.0 (X11; Linux x86_64) AppleWebKit/537.36 (KHTML, like Gecko) HeadlessChrome/136.0.7103.25 Safari/537.36"
35.224.168.243 - - [18/Apr/2026:06:55:42 +0300] "GET /wp-content/plugins/meta-box/meta-box/css/switch.css?ver=5.2.4 HTTP/2" 200 466 "https://serhatburke.miroglu.net/wp-admin/post.php?post=2740&action=edit" "Mozilla/5.0 (X11; Linux x86_64) AppleWebKit/537.36 (KHTML, like Gecko) HeadlessChrome/136.0.7103.25 Safari/537.36"
35.224.168.243 - - [18/Apr/2026:06:55:42 +0300] "GET /wp-content/plugins/meta-box/meta-box/css/button-group.css?ver=5.2.4 HTTP/2" 200 381 "https://serhatburke.miroglu.net/wp-admin/post.php?post=2740&action=edit" "Mozilla/5.0 (X11; Linux x86_64) AppleWebKit/537.36 (KHTML, like Gecko) HeadlessChrome/136.0.7103.25 Safari/537.36"
35.224.168.243 - - [18/Apr/2026:06:55:43 +0300] "GET /wp-content/plugins/meta-box/meta-box/css/input-list.css?ver=5.2.4 HTTP/2" 200 139 "https://serhatburke.miroglu.net/wp-admin/post.php?post=2740&action=edit" "Mozilla/5.0 (X11; Linux x86_64) AppleWebKit/537.36 (KHTML, like Gecko) HeadlessChrome/136.0.7103.25 Safari/537.36"
35.224.168.243 - - [18/Apr/2026:06:55:43 +0300] "GET /wp-content/plugins/meta-box/meta-box/css/select-tree.css?ver=5.2.4 HTTP/2" 200 92 "https://serhatburke.miroglu.net/wp-admin/post.php?post=2740&action=edit" "Mozilla/5.0 (X11; Linux x86_64) AppleWebKit/537.36 (KHTML, like Gecko) HeadlessChrome/136.0.7103.25 Safari/537.36"
35.224.168.243 - - [18/Apr/2026:06:55:43 +0300] "GET /wp-content/plugins/meta-box/meta-box/css/select2/select2.css?ver=4.0.10 HTTP/2" 200 2067 "https://serhatburke.miroglu.net/wp-admin/post.php?post=2740&action=edit" "Mozilla/5.0 (X11; Linux x86_64) AppleWebKit/537.36 (KHTML, like Gecko) HeadlessChrome/136.0.7103.25 Safari/537.36"
