17.241.219.106 - - [18/Apr/2026:07:01:06 +0300] "GET /deutsche-elv-rtg-casinos-schnelle-auszahlung-casinos/undefined?ts=1776484865 HTTP/1.1" 404 15858 "https://serhatburke.miroglu.net/deutsche-elv-rtg-casinos-schnelle-auszahlung-casinos/" "Mozilla/5.0 (Macintosh; Intel Mac OS X 10_15_7) AppleWebKit/605.1.15 (KHTML, like Gecko) Version/17.4 Safari/605.1.15 (Applebot/0.1; +http://www.apple.com/go/applebot)"
17.241.227.174 - - [18/Apr/2026:07:01:20 +0300] "GET /deutsche-elv-rtg-casinos-schnelle-auszahlung-casinos/undefined?ts=1776484879 HTTP/1.1" 404 15859 "https://serhatburke.miroglu.net/deutsche-elv-rtg-casinos-schnelle-auszahlung-casinos/" "Mozilla/5.0 (Macintosh; Intel Mac OS X 10_15_7) AppleWebKit/605.1.15 (KHTML, like Gecko) Version/17.4 Safari/605.1.15 (Applebot/0.1; +http://www.apple.com/go/applebot)"
185.216.113.70 - - [18/Apr/2026:07:01:46 +0300] "POST /wp-cron.php?doing_wp_cron=1776484906.5210518836975097656250 HTTP/1.1" 200 448 "-" "WordPress/6.3.8; https://serhatburke.miroglu.net"
17.241.219.167 - - [18/Apr/2026:07:01:33 +0300] "GET /deutsche-elv-rtg-casinos-schnelle-auszahlung-casinos/undefined?ts=1776484893 HTTP/1.1" 404 15861 "https://serhatburke.miroglu.net/deutsche-elv-rtg-casinos-schnelle-auszahlung-casinos/" "Mozilla/5.0 (Macintosh; Intel Mac OS X 10_15_7) AppleWebKit/605.1.15 (KHTML, like Gecko) Version/17.4 Safari/605.1.15 (Applebot/0.1; +http://www.apple.com/go/applebot)"
185.216.113.70 - - [18/Apr/2026:07:02:50 +0300] "POST /wp-cron.php?doing_wp_cron=1776484970.6319899559020996093750 HTTP/1.1" 200 448 "-" "WordPress/6.3.8; https://serhatburke.miroglu.net"
17.241.227.86 - - [18/Apr/2026:07:02:38 +0300] "GET /deutsche-elv-rtg-casinos-schnelle-auszahlung-casinos/undefined?ts=1776484957 HTTP/1.1" 404 15738 "https://serhatburke.miroglu.net/deutsche-elv-rtg-casinos-schnelle-auszahlung-casinos/" "Mozilla/5.0 (Macintosh; Intel Mac OS X 10_15_7) AppleWebKit/605.1.15 (KHTML, like Gecko) Version/17.4 Safari/605.1.15 (Applebot/0.1; +http://www.apple.com/go/applebot)"
17.241.227.86 - - [18/Apr/2026:07:02:51 +0300] "GET /deutsche-elv-rtg-casinos-schnelle-auszahlung-casinos/undefined?ts=1776484971 HTTP/1.1" 404 15681 "https://serhatburke.miroglu.net/deutsche-elv-rtg-casinos-schnelle-auszahlung-casinos/" "Mozilla/5.0 (Macintosh; Intel Mac OS X 10_15_7) AppleWebKit/605.1.15 (KHTML, like Gecko) Version/17.4 Safari/605.1.15 (Applebot/0.1; +http://www.apple.com/go/applebot)"
165.73.240.147 - - [18/Apr/2026:07:02:58 +0300] "POST /xmlrpc.php HTTP/1.1" 200 630 "-" "Mozilla/5.0 (Windows NT 10.0; Win64; x64) AppleWebKit/537.36 (KHTML, like Gecko) Chrome/114.0.0.0 Safari/537.36"
17.241.219.223 - - [18/Apr/2026:07:03:07 +0300] "GET /deutsche-elv-rtg-casinos-schnelle-auszahlung-casinos/undefined?ts=1776484986 HTTP/1.1" 404 15859 "https://serhatburke.miroglu.net/deutsche-elv-rtg-casinos-schnelle-auszahlung-casinos/" "Mozilla/5.0 (Macintosh; Intel Mac OS X 10_15_7) AppleWebKit/605.1.15 (KHTML, like Gecko) Version/17.4 Safari/605.1.15 (Applebot/0.1; +http://www.apple.com/go/applebot)"
185.216.113.70 - - [18/Apr/2026:07:03:32 +0300] "POST /wp-cron.php?doing_wp_cron=1776485012.3431470394134521484375 HTTP/1.1" 200 448 "-" "WordPress/6.3.8; https://serhatburke.miroglu.net"
165.73.240.147 - - [18/Apr/2026:07:03:19 +0300] "POST /xmlrpc.php HTTP/1.1" 200 12343 "-" "Mozilla/5.0 (Windows NT 10.0; Win64; x64) AppleWebKit/537.36 (KHTML, like Gecko) Chrome/114.0.0.0 Safari/537.36"
17.241.219.223 - - [18/Apr/2026:07:03:20 +0300] "GET /deutsche-elv-rtg-casinos-schnelle-auszahlung-casinos/undefined?ts=1776484999 HTTP/1.1" 404 15681 "https://serhatburke.miroglu.net/deutsche-elv-rtg-casinos-schnelle-auszahlung-casinos/" "Mozilla/5.0 (Macintosh; Intel Mac OS X 10_15_7) AppleWebKit/605.1.15 (KHTML, like Gecko) Version/17.4 Safari/605.1.15 (Applebot/0.1; +http://www.apple.com/go/applebot)"
17.241.75.247 - - [18/Apr/2026:07:03:34 +0300] "GET /deutsche-elv-rtg-casinos-schnelle-auszahlung-casinos/undefined?ts=1776485013 HTTP/1.1" 404 15860 "https://serhatburke.miroglu.net/deutsche-elv-rtg-casinos-schnelle-auszahlung-casinos/" "Mozilla/5.0 (Macintosh; Intel Mac OS X 10_15_7) AppleWebKit/605.1.15 (KHTML, like Gecko) Version/17.4 Safari/605.1.15 (Applebot/0.1; +http://www.apple.com/go/applebot)"
165.73.240.147 - - [18/Apr/2026:07:03:34 +0300] "GET /mr-bet-spielsaal-pramie-codes-march-2026-quest-for-gold-1-kaution-active-no-frankierung-offers/ HTTP/1.1" 200 74818 "-" "Mozilla/5.0 (Windows NT 10.0; Win64; x64; rv:125.0) Gecko/20100101 Firefox/125.0"
185.216.113.70 - - [18/Apr/2026:07:05:04 +0300] "POST /wp-cron.php?doing_wp_cron=1776485104.8196830749511718750000 HTTP/1.1" 200 448 "-" "WordPress/6.3.8; https://serhatburke.miroglu.net"
17.241.75.186 - - [18/Apr/2026:07:04:52 +0300] "GET /deutsche-elv-rtg-casinos-schnelle-auszahlung-casinos/undefined?ts=1776485091 HTTP/1.1" 404 15859 "https://serhatburke.miroglu.net/deutsche-elv-rtg-casinos-schnelle-auszahlung-casinos/" "Mozilla/5.0 (Macintosh; Intel Mac OS X 10_15_7) AppleWebKit/605.1.15 (KHTML, like Gecko) Version/17.4 Safari/605.1.15 (Applebot/0.1; +http://www.apple.com/go/applebot)"
17.241.219.93 - - [18/Apr/2026:07:05:06 +0300] "GET /deutsche-elv-rtg-casinos-schnelle-auszahlung-casinos/undefined?ts=1776485105 HTTP/1.1" 404 15860 "https://serhatburke.miroglu.net/deutsche-elv-rtg-casinos-schnelle-auszahlung-casinos/" "Mozilla/5.0 (Macintosh; Intel Mac OS X 10_15_7) AppleWebKit/605.1.15 (KHTML, like Gecko) Version/17.4 Safari/605.1.15 (Applebot/0.1; +http://www.apple.com/go/applebot)"
185.216.113.70 - - [18/Apr/2026:07:05:44 +0300] "POST /wp-cron.php?doing_wp_cron=1776485143.9909589290618896484375 HTTP/1.1" 200 448 "-" "WordPress/6.3.8; https://serhatburke.miroglu.net"
17.241.219.151 - - [18/Apr/2026:07:05:31 +0300] "GET /deutsche-elv-rtg-casinos-schnelle-auszahlung-casinos/undefined?ts=1776485131 HTTP/1.1" 404 15857 "https://serhatburke.miroglu.net/deutsche-elv-rtg-casinos-schnelle-auszahlung-casinos/" "Mozilla/5.0 (Macintosh; Intel Mac OS X 10_15_7) AppleWebKit/605.1.15 (KHTML, like Gecko) Version/17.4 Safari/605.1.15 (Applebot/0.1; +http://www.apple.com/go/applebot)"
185.216.113.70 - - [18/Apr/2026:07:07:30 +0300] "POST /wp-cron.php?doing_wp_cron=1776485250.8697218894958496093750 HTTP/1.1" 200 448 "-" "WordPress/6.3.8; https://serhatburke.miroglu.net"
185.153.197.91 - - [18/Apr/2026:07:07:12 +0300] "POST /xmlrpc.php HTTP/1.1" 200 630 "-" "Mozilla/5.0 (Windows NT 10.0; Win64; x64) AppleWebKit/537.36 (KHTML, like Gecko) Chrome/114.0.0.0 Safari/537.36"
185.153.197.91 - - [18/Apr/2026:07:07:36 +0300] "POST /xmlrpc.php HTTP/1.1" 200 12127 "-" "Mozilla/5.0 (Windows NT 10.0; Win64; x64) AppleWebKit/537.36 (KHTML, like Gecko) Chrome/114.0.0.0 Safari/537.36"
185.153.197.91 - - [18/Apr/2026:07:07:48 +0300] "GET /quale-onorario-ancora-promozioni-posso-impiegare-al-casino-online-%EF%BF%BD-mrpacho-schedatura/ HTTP/1.1" 200 74050 "-" "Mozilla/5.0 (Windows NT 10.0; rv:109.0) Gecko/20100101 Firefox/115.0"
185.216.113.70 - - [18/Apr/2026:07:10:41 +0300] "POST /wp-cron.php?doing_wp_cron=1776485441.1811220645904541015625 HTTP/1.1" 200 448 "-" "WordPress/6.3.8; https://serhatburke.miroglu.net"
40.77.167.150 - - [18/Apr/2026:07:10:28 +0300] "GET /betonred-casino-apostas-mais-menos-e-a-experiencia-para-jogadores-em-portugal/ HTTP/2" 200 17749 "-" "Mozilla/5.0 AppleWebKit/537.36 (KHTML, like Gecko; compatible; bingbot/2.0; +http://www.bing.com/bingbot.htm) Chrome/116.0.1938.76 Safari/537.36"
165.73.240.147 - - [18/Apr/2026:07:11:14 +0300] "POST /xmlrpc.php HTTP/1.1" 200 630 "-" "Mozilla/5.0 (Windows NT 10.0; Win64; x64) AppleWebKit/537.36 (KHTML, like Gecko) Chrome/114.0.0.0 Safari/537.36"
17.241.227.250 - - [18/Apr/2026:07:11:26 +0300] "GET /deutsche-elv-rtg-casinos-schnelle-auszahlung-casinos/undefined?ts=1776485485 HTTP/1.1" 404 15860 "https://serhatburke.miroglu.net/deutsche-elv-rtg-casinos-schnelle-auszahlung-casinos/" "Mozilla/5.0 (Macintosh; Intel Mac OS X 10_15_7) AppleWebKit/605.1.15 (KHTML, like Gecko) Version/17.4 Safari/605.1.15 (Applebot/0.1; +http://www.apple.com/go/applebot)"
165.73.240.147 - - [18/Apr/2026:07:11:33 +0300] "POST /xmlrpc.php HTTP/1.1" 200 15999 "-" "Mozilla/5.0 (Windows NT 10.0; Win64; x64) AppleWebKit/537.36 (KHTML, like Gecko) Chrome/114.0.0.0 Safari/537.36"
17.241.227.250 - - [18/Apr/2026:07:11:45 +0300] "GET /deutsche-elv-rtg-casinos-schnelle-auszahlung-casinos/undefined?ts=1776485505 HTTP/1.1" 404 15680 "https://serhatburke.miroglu.net/deutsche-elv-rtg-casinos-schnelle-auszahlung-casinos/" "Mozilla/5.0 (Macintosh; Intel Mac OS X 10_15_7) AppleWebKit/605.1.15 (KHTML, like Gecko) Version/17.4 Safari/605.1.15 (Applebot/0.1; +http://www.apple.com/go/applebot)"
165.73.240.147 - - [18/Apr/2026:07:11:47 +0300] "GET /casino-provision-ohne-einzahlung-unter-einsatz-von-rat-in-wie-weit-as-brilliants-hot-spielautomat-part-of-obsiegen-beschrankungen-fur-jedes-bestimmte-zahlungsmethoden-in-kraft-sein/ HTTP/1.1" 200 80770 "-" "Mozilla/5.0 (Windows NT 10.0; Win64; x64) AppleWebKit/537.36 (KHTML, like Gecko) Chrome/109.0.0.0 Safari/537.36"
17.241.227.250 - - [18/Apr/2026:07:12:08 +0300] "GET /deutsche-elv-rtg-casinos-schnelle-auszahlung-casinos/undefined?ts=1776485518 HTTP/1.1" 404 15681 "https://serhatburke.miroglu.net/deutsche-elv-rtg-casinos-schnelle-auszahlung-casinos/" "Mozilla/5.0 (Macintosh; Intel Mac OS X 10_15_7) AppleWebKit/605.1.15 (KHTML, like Gecko) Version/17.4 Safari/605.1.15 (Applebot/0.1; +http://www.apple.com/go/applebot)"
185.216.113.70 - - [18/Apr/2026:07:14:04 +0300] "POST /wp-cron.php?doing_wp_cron=1776485644.3634500503540039062500 HTTP/1.1" 200 448 "-" "WordPress/6.3.8; https://serhatburke.miroglu.net"
17.241.75.13 - - [18/Apr/2026:07:13:51 +0300] "GET /deutsche-elv-rtg-casinos-schnelle-auszahlung-casinos/undefined?ts=1776485630 HTTP/1.1" 404 15859 "https://serhatburke.miroglu.net/deutsche-elv-rtg-casinos-schnelle-auszahlung-casinos/" "Mozilla/5.0 (Macintosh; Intel Mac OS X 10_15_7) AppleWebKit/605.1.15 (KHTML, like Gecko) Version/17.4 Safari/605.1.15 (Applebot/0.1; +http://www.apple.com/go/applebot)"
17.241.75.133 - - [18/Apr/2026:07:14:06 +0300] "GET /deutsche-elv-rtg-casinos-schnelle-auszahlung-casinos/undefined?ts=1776485645 HTTP/1.1" 404 15859 "https://serhatburke.miroglu.net/deutsche-elv-rtg-casinos-schnelle-auszahlung-casinos/" "Mozilla/5.0 (Macintosh; Intel Mac OS X 10_15_7) AppleWebKit/605.1.15 (KHTML, like Gecko) Version/17.4 Safari/605.1.15 (Applebot/0.1; +http://www.apple.com/go/applebot)"
188.26.198.172 - - [18/Apr/2026:07:14:25 +0300] "POST /xmlrpc.php HTTP/2" 200 204 "-" "XML-RPC for PHP 4.11.1"
185.216.113.70 - - [18/Apr/2026:07:17:04 +0300] "POST /wp-cron.php?doing_wp_cron=1776485824.4511260986328125000000 HTTP/1.1" 200 448 "-" "WordPress/6.3.8; https://serhatburke.miroglu.net"
165.73.240.147 - - [18/Apr/2026:07:16:50 +0300] "POST /xmlrpc.php HTTP/1.1" 200 630 "-" "Mozilla/5.0 (Windows NT 10.0; Win64; x64) AppleWebKit/537.36 (KHTML, like Gecko) Chrome/114.0.0.0 Safari/537.36"
165.73.240.147 - - [18/Apr/2026:07:17:11 +0300] "POST /xmlrpc.php HTTP/1.1" 200 15501 "-" "Mozilla/5.0 (Windows NT 10.0; Win64; x64) AppleWebKit/537.36 (KHTML, like Gecko) Chrome/114.0.0.0 Safari/537.36"
165.73.240.147 - - [18/Apr/2026:07:17:25 +0300] "GET /mr-bet-kasino-deutshland-spielautomaten-online-lovely-mermaid-erfahrungen-2026-promo-codes/ HTTP/1.1" 200 77984 "-" "Mozilla/5.0 (Windows NT 10.0; Win64; x64) AppleWebKit/537.36 (KHTML, like Gecko) Chrome/122.0.0.0 Safari/537.36"
185.216.113.70 - - [18/Apr/2026:07:21:58 +0300] "POST /wp-cron.php?doing_wp_cron=1776486117.8754489421844482421875 HTTP/1.1" 200 448 "-" "WordPress/6.3.8; https://serhatburke.miroglu.net"
185.153.197.91 - - [18/Apr/2026:07:21:44 +0300] "POST /xmlrpc.php HTTP/1.1" 200 630 "-" "Mozilla/5.0 (Windows NT 10.0; Win64; x64) AppleWebKit/537.36 (KHTML, like Gecko) Chrome/114.0.0.0 Safari/537.36"
185.153.197.91 - - [18/Apr/2026:07:22:03 +0300] "POST /xmlrpc.php HTTP/1.1" 200 9387 "-" "Mozilla/5.0 (Windows NT 10.0; Win64; x64) AppleWebKit/537.36 (KHTML, like Gecko) Chrome/114.0.0.0 Safari/537.36"
185.153.197.91 - - [18/Apr/2026:07:22:18 +0300] "GET /nel-caso-che-plausibile-chiedi-se-ci-sono-opzioni-a-annullarla-prima-dei-termini-standard/ HTTP/1.1" 200 71565 "-" "Mozilla/5.0 (Windows NT 10.0; Win64; x64) AppleWebKit/537.36 (KHTML, like Gecko) Chrome/123.0.0.0 Safari/537.36"
185.56.192.178 - - [18/Apr/2026:07:22:19 +0300] "GET / HTTP/1.1" 200 19214 "-" "Mozilla/5.0 (Windows NT 10.0; Win64; x64) AppleWebKit/537.36 (KHTML, like Gecko) Chrome/120.0.0.0 Safari/537.36"
185.216.113.70 - - [18/Apr/2026:07:23:36 +0300] "POST /wp-cron.php?doing_wp_cron=1776486216.1573729515075683593750 HTTP/1.1" 200 448 "-" "WordPress/6.3.8; https://serhatburke.miroglu.net"
185.153.197.91 - - [18/Apr/2026:07:23:23 +0300] "POST /xmlrpc.php HTTP/1.1" 200 630 "-" "Mozilla/5.0 (Windows NT 10.0; Win64; x64) AppleWebKit/537.36 (KHTML, like Gecko) Chrome/114.0.0.0 Safari/537.36"
185.153.197.91 - - [18/Apr/2026:07:23:42 +0300] "POST /xmlrpc.php HTTP/1.1" 200 9997 "-" "Mozilla/5.0 (Windows NT 10.0; Win64; x64) AppleWebKit/537.36 (KHTML, like Gecko) Chrome/114.0.0.0 Safari/537.36"
165.73.240.147 - - [18/Apr/2026:07:23:55 +0300] "POST /xmlrpc.php HTTP/1.1" 200 630 "-" "Mozilla/5.0 (Windows NT 10.0; Win64; x64) AppleWebKit/537.36 (KHTML, like Gecko) Chrome/114.0.0.0 Safari/537.36"
185.153.197.91 - - [18/Apr/2026:07:23:56 +0300] "GET /quali-codici-promozionali-888-casino-ci-piacciono-di-piu/ HTTP/1.1" 200 71072 "-" "Mozilla/5.0 (Windows NT 10.0; Win64; x64) AppleWebKit/537.36 (KHTML, like Gecko) Chrome/124.0.0.0 Safari/537.36"
185.216.113.70 - - [18/Apr/2026:07:24:25 +0300] "POST /wp-cron.php?doing_wp_cron=1776486265.7132959365844726562500 HTTP/1.1" 200 448 "-" "WordPress/6.3.8; https://serhatburke.miroglu.net"
165.73.240.147 - - [18/Apr/2026:07:24:13 +0300] "POST /xmlrpc.php HTTP/1.1" 200 15037 "-" "Mozilla/5.0 (Windows NT 10.0; Win64; x64) AppleWebKit/537.36 (KHTML, like Gecko) Chrome/114.0.0.0 Safari/537.36"
165.73.240.147 - - [18/Apr/2026:07:24:27 +0300] "GET /sign-lord-of-the-ocean-online-trick-up-win-big-today/ HTTP/1.1" 200 76119 "-" "Mozilla/5.0 (Windows NT 10.0; rv:125.0) Gecko/20100101 Firefox/125.0"
185.153.197.91 - - [18/Apr/2026:07:24:43 +0300] "POST /xmlrpc.php HTTP/1.1" 200 630 "-" "Mozilla/5.0 (Windows NT 10.0; Win64; x64) AppleWebKit/537.36 (KHTML, like Gecko) Chrome/114.0.0.0 Safari/537.36"
185.216.113.70 - - [18/Apr/2026:07:25:11 +0300] "POST /wp-cron.php?doing_wp_cron=1776486311.2329781055450439453125 HTTP/1.1" 200 448 "-" "WordPress/6.3.8; https://serhatburke.miroglu.net"
185.153.197.91 - - [18/Apr/2026:07:25:00 +0300] "POST /xmlrpc.php HTTP/1.1" 200 7899 "-" "Mozilla/5.0 (Windows NT 10.0; Win64; x64) AppleWebKit/537.36 (KHTML, like Gecko) Chrome/114.0.0.0 Safari/537.36"
185.153.197.91 - - [18/Apr/2026:07:25:12 +0300] "GET /migliori-casa-da-gioco-online-in-asportazione-impulsivo-durante-italia-2025/ HTTP/1.1" 200 69747 "-" "Mozilla/5.0 (Windows NT 10.0; Win64; x64) AppleWebKit/537.36 (KHTML, like Gecko) Chrome/123.0.0.0 Safari/537.36 OPR/109.0.0.0"
185.216.113.70 - - [18/Apr/2026:07:26:25 +0300] "POST /wp-cron.php?doing_wp_cron=1776486385.9173359870910644531250 HTTP/1.1" 200 448 "-" "WordPress/6.3.8; https://serhatburke.miroglu.net"
185.153.197.91 - - [18/Apr/2026:07:26:13 +0300] "POST /xmlrpc.php HTTP/1.1" 200 630 "-" "Mozilla/5.0 (Windows NT 10.0; Win64; x64) AppleWebKit/537.36 (KHTML, like Gecko) Chrome/114.0.0.0 Safari/537.36"
185.153.197.91 - - [18/Apr/2026:07:26:34 +0300] "POST /xmlrpc.php HTTP/1.1" 200 8934 "-" "Mozilla/5.0 (Windows NT 10.0; Win64; x64) AppleWebKit/537.36 (KHTML, like Gecko) Chrome/114.0.0.0 Safari/537.36"
185.216.113.70 - - [18/Apr/2026:07:26:58 +0300] "POST /wp-cron.php?doing_wp_cron=1776486418.4513061046600341796875 HTTP/1.1" 200 448 "-" "WordPress/6.3.8; https://serhatburke.miroglu.net"
185.153.197.91 - - [18/Apr/2026:07:26:46 +0300] "GET /chiarire-certain-stanziamento-ordinario-ed-rispettarlo-aiuta-verso-sfruttare-i-gratifica-in-modo-sostenibile/ HTTP/1.1" 200 71519 "-" "Mozilla/5.0 (Windows NT 10.0; rv:109.0) Gecko/20100101 Firefox/115.0"
185.216.113.70 - - [18/Apr/2026:07:27:42 +0300] "POST /wp-cron.php?doing_wp_cron=1776486462.6546859741210937500000 HTTP/1.1" 200 448 "-" "WordPress/6.3.8; https://serhatburke.miroglu.net"
185.153.197.91 - - [18/Apr/2026:07:27:30 +0300] "POST /xmlrpc.php HTTP/1.1" 200 630 "-" "Mozilla/5.0 (Windows NT 10.0; Win64; x64) AppleWebKit/537.36 (KHTML, like Gecko) Chrome/114.0.0.0 Safari/537.36"
185.153.197.91 - - [18/Apr/2026:07:27:48 +0300] "POST /xmlrpc.php HTTP/1.1" 200 8924 "-" "Mozilla/5.0 (Windows NT 10.0; Win64; x64) AppleWebKit/537.36 (KHTML, like Gecko) Chrome/114.0.0.0 Safari/537.36"
185.153.197.91 - - [18/Apr/2026:07:28:03 +0300] "GET /baccarat-il-imbroglio-da-casa-da-gioco-scelto-dai-grandi-scommettitori/ HTTP/1.1" 200 70323 "-" "Mozilla/5.0 (Windows NT 10.0; Win64; x64) AppleWebKit/537.36 (KHTML, like Gecko) Chrome/122.0.0.0 Safari/537.36"
185.216.113.70 - - [18/Apr/2026:07:29:09 +0300] "POST /wp-cron.php?doing_wp_cron=1776486549.3522210121154785156250 HTTP/1.1" 200 448 "-" "WordPress/6.3.8; https://serhatburke.miroglu.net"
185.153.197.91 - - [18/Apr/2026:07:28:57 +0300] "POST /xmlrpc.php HTTP/1.1" 200 630 "-" "Mozilla/5.0 (Windows NT 10.0; Win64; x64) AppleWebKit/537.36 (KHTML, like Gecko) Chrome/114.0.0.0 Safari/537.36"
185.153.197.91 - - [18/Apr/2026:07:29:17 +0300] "POST /xmlrpc.php HTTP/1.1" 200 8836 "-" "Mozilla/5.0 (Windows NT 10.0; Win64; x64) AppleWebKit/537.36 (KHTML, like Gecko) Chrome/114.0.0.0 Safari/537.36"
185.216.113.70 - - [18/Apr/2026:07:29:45 +0300] "POST /wp-cron.php?doing_wp_cron=1776486585.3901729583740234375000 HTTP/1.1" 200 448 "-" "WordPress/6.3.8; https://serhatburke.miroglu.net"
185.153.197.91 - - [18/Apr/2026:07:29:34 +0300] "GET /diventando-un-boss-invero-godrai-del-diritto-verso-cashback-incarico-acquirenti-esclusivo-addirittura-alcuno-aggiunto-di-nuovo/ HTTP/1.1" 200 71968 "-" "Mozilla/5.0 (Windows NT 10.0; Win64; x64) AppleWebKit/537.36 (KHTML, like Gecko) Chrome/109.0.0.0 Safari/537.36"
185.153.197.91 - - [18/Apr/2026:07:30:09 +0300] "POST /xmlrpc.php HTTP/1.1" 200 630 "-" "Mozilla/5.0 (Windows NT 10.0; Win64; x64) AppleWebKit/537.36 (KHTML, like Gecko) Chrome/114.0.0.0 Safari/537.36"
165.73.240.147 - - [18/Apr/2026:07:30:18 +0300] "POST /xmlrpc.php HTTP/1.1" 200 630 "-" "Mozilla/5.0 (Windows NT 10.0; Win64; x64) AppleWebKit/537.36 (KHTML, like Gecko) Chrome/114.0.0.0 Safari/537.36"
185.216.113.70 - - [18/Apr/2026:07:30:40 +0300] "POST /wp-cron.php?doing_wp_cron=1776486640.7658810615539550781250 HTTP/1.1" 200 448 "-" "WordPress/6.3.8; https://serhatburke.miroglu.net"
185.153.197.91 - - [18/Apr/2026:07:30:28 +0300] "POST /xmlrpc.php HTTP/1.1" 200 9258 "-" "Mozilla/5.0 (Windows NT 10.0; Win64; x64) AppleWebKit/537.36 (KHTML, like Gecko) Chrome/114.0.0.0 Safari/537.36"
165.73.240.147 - - [18/Apr/2026:07:30:38 +0300] "POST /xmlrpc.php HTTP/1.1" 200 15043 "-" "Mozilla/5.0 (Windows NT 10.0; Win64; x64) AppleWebKit/537.36 (KHTML, like Gecko) Chrome/114.0.0.0 Safari/537.36"
185.153.197.91 - - [18/Apr/2026:07:30:41 +0300] "GET /quanto-beat-ci-vuole-spesso-verso-sottrarre-denaro-da-excretion-casa-da-gioco-non-aams/ HTTP/1.1" 200 71270 "-" "Mozilla/5.0 (Windows NT 10.0; Win64; x64; rv:124.0) Gecko/20100101 Firefox/124.0"
165.73.240.147 - - [18/Apr/2026:07:30:58 +0300] "GET /mr-green-spielbank-alle-details-erfahrungen-cherry-trio-spiel-zum-spas-2026-zum-versorger/ HTTP/1.1" 200 77100 "-" "Mozilla/5.0 (Windows NT 10.0; rv:109.0) Gecko/20100101 Firefox/115.0"
57.128.22.95 - - [18/Apr/2026:07:31:08 +0300] "GET /zotabet-casino-bonus-premier-depot-2026/ HTTP/1.1" 200 18537 "https://serhatburke.miroglu.net/" "Mozilla/5.0 (X11; CrOS x86_64 14541.0.0) AppleWebKit/537.36 (KHTML, like Gecko) Chrome/144.0.0.0 Safari/537.36"
192.3.59.35 - - [18/Apr/2026:07:31:24 +0300] "GET /wp-includes/css/dist/block-library/style.min.css?ver=6.3.8 HTTP/1.1" 200 13578 "https://serhatburke.miroglu.net/zotabet-casino-bonus-premier-depot-2026/" "Mozilla/5.0 (Windows NT 10.0; Win64; x64) AppleWebKit/537.36 (KHTML, like Gecko) Chrome/145.0.0.0 Safari/537.36"
192.3.59.35 - - [18/Apr/2026:07:31:27 +0300] "GET /wp-content/plugins/contact-form-7/includes/css/styles.css?ver=5.8 HTTP/1.1" 200 1490 "https://serhatburke.miroglu.net/zotabet-casino-bonus-premier-depot-2026/" "Mozilla/5.0 (Windows NT 10.0; Win64; x64) AppleWebKit/537.36 (KHTML, like Gecko) Chrome/145.0.0.0 Safari/537.36"
192.3.59.35 - - [18/Apr/2026:07:31:29 +0300] "GET /wp-content/themes/toppic/css/fontello.css?ver=4.2 HTTP/1.1" 200 1802 "https://serhatburke.miroglu.net/zotabet-casino-bonus-premier-depot-2026/" "Mozilla/5.0 (Windows NT 10.0; Win64; x64) AppleWebKit/537.36 (KHTML, like Gecko) Chrome/145.0.0.0 Safari/537.36"
192.3.59.35 - - [18/Apr/2026:07:31:30 +0300] "GET /wp-content/themes/toppic/css/reset.css?ver=4.2 HTTP/1.1" 200 1178 "https://serhatburke.miroglu.net/zotabet-casino-bonus-premier-depot-2026/" "Mozilla/5.0 (Windows NT 10.0; Win64; x64) AppleWebKit/537.36 (KHTML, like Gecko) Chrome/145.0.0.0 Safari/537.36"
192.3.59.35 - - [18/Apr/2026:07:31:32 +0300] "GET /wp-content/themes/toppic/css/default.css?ver=4.2 HTTP/1.1" 200 1811 "https://serhatburke.miroglu.net/zotabet-casino-bonus-premier-depot-2026/" "Mozilla/5.0 (Windows NT 10.0; Win64; x64) AppleWebKit/537.36 (KHTML, like Gecko) Chrome/145.0.0.0 Safari/537.36"
192.3.59.35 - - [18/Apr/2026:07:31:33 +0300] "GET /wp-content/themes/toppic/style.css?ver=4.2 HTTP/1.1" 200 23398 "https://serhatburke.miroglu.net/zotabet-casino-bonus-premier-depot-2026/" "Mozilla/5.0 (Windows NT 10.0; Win64; x64) AppleWebKit/537.36 (KHTML, like Gecko) Chrome/145.0.0.0 Safari/537.36"
192.3.59.35 - - [18/Apr/2026:07:31:35 +0300] "GET /wp-content/themes/toppic/css/royalslider.css?ver=4.2 HTTP/1.1" 200 1887 "https://serhatburke.miroglu.net/zotabet-casino-bonus-premier-depot-2026/" "Mozilla/5.0 (Windows NT 10.0; Win64; x64) AppleWebKit/537.36 (KHTML, like Gecko) Chrome/145.0.0.0 Safari/537.36"
192.3.59.35 - - [18/Apr/2026:07:31:36 +0300] "GET /wp-content/themes/toppic/css/rs-default.css?ver=4.2 HTTP/1.1" 200 2625 "https://serhatburke.miroglu.net/zotabet-casino-bonus-premier-depot-2026/" "Mozilla/5.0 (Windows NT 10.0; Win64; x64) AppleWebKit/537.36 (KHTML, like Gecko) Chrome/145.0.0.0 Safari/537.36"
192.3.59.35 - - [18/Apr/2026:07:31:38 +0300] "GET /wp-content/themes/toppic/css/lightbox.css?ver=4.2 HTTP/1.1" 200 2956 "https://serhatburke.miroglu.net/zotabet-casino-bonus-premier-depot-2026/" "Mozilla/5.0 (Windows NT 10.0; Win64; x64) AppleWebKit/537.36 (KHTML, like Gecko) Chrome/145.0.0.0 Safari/537.36"
192.3.59.35 - - [18/Apr/2026:07:31:39 +0300] "GET /wp-content/themes/toppic/css/woocommerce.css?ver=4.2 HTTP/1.1" 200 2848 "https://serhatburke.miroglu.net/zotabet-casino-bonus-premier-depot-2026/" "Mozilla/5.0 (Windows NT 10.0; Win64; x64) AppleWebKit/537.36 (KHTML, like Gecko) Chrome/145.0.0.0 Safari/537.36"
185.216.113.70 - - [18/Apr/2026:07:31:40 +0300] "POST /wp-cron.php?doing_wp_cron=1776486700.3726410865783691406250 HTTP/1.1" 200 448 "-" "WordPress/6.3.8; https://serhatburke.miroglu.net"
185.153.197.91 - - [18/Apr/2026:07:31:28 +0300] "POST /xmlrpc.php HTTP/1.1" 200 630 "-" "Mozilla/5.0 (Windows NT 10.0; Win64; x64) AppleWebKit/537.36 (KHTML, like Gecko) Chrome/114.0.0.0 Safari/537.36"
192.3.59.35 - - [18/Apr/2026:07:31:41 +0300] "GET /wp-content/themes/toppic/css/responsive.css?ver=4.2 HTTP/1.1" 200 2796 "https://serhatburke.miroglu.net/zotabet-casino-bonus-premier-depot-2026/" "Mozilla/5.0 (Windows NT 10.0; Win64; x64) AppleWebKit/537.36 (KHTML, like Gecko) Chrome/145.0.0.0 Safari/537.36"
192.3.59.35 - - [18/Apr/2026:07:31:42 +0300] "POST /wp-comments-post.php HTTP/1.1" 302 1087 "https://serhatburke.miroglu.net/zotabet-casino-bonus-premier-depot-2026/" "Mozilla/5.0 (X11; CrOS x86_64 14541.0.0) AppleWebKit/537.36 (KHTML, like Gecko) Chrome/144.0.0.0 Safari/537.36"
185.153.197.91 - - [18/Apr/2026:07:31:47 +0300] "POST /xmlrpc.php HTTP/1.1" 200 9627 "-" "Mozilla/5.0 (Windows NT 10.0; Win64; x64) AppleWebKit/537.36 (KHTML, like Gecko) Chrome/114.0.0.0 Safari/537.36"
192.3.59.35 - - [18/Apr/2026:07:31:59 +0300] "GET /zotabet-casino-bonus-premier-depot-2026/?unapproved=466&moderation-hash=58874c97a1ce37427795905ade028342 HTTP/1.1" 200 19035 "https://serhatburke.miroglu.net/wp-comments-post.php" "Mozilla/5.0 (X11; CrOS x86_64 14541.0.0) AppleWebKit/537.36 (KHTML, like Gecko) Chrome/144.0.0.0 Safari/537.36"
185.153.197.91 - - [18/Apr/2026:07:32:03 +0300] "GET /posso-sbattere-ricchezza-veri-sopra-certain-intricato-di-1%EF%BF%BD/ HTTP/1.1" 200 70914 "-" "Mozilla/5.0 (Windows NT 10.0; Win64; x64) AppleWebKit/537.36 (KHTML, like Gecko) Chrome/123.0.0.0 Safari/537.36 OPR/109.0.0.0"
57.128.22.95 - - [18/Apr/2026:07:32:12 +0300] "GET /zotabet-casino-bonus-premier-depot-2026/ HTTP/1.1" 200 18530 "-" "Mozilla/5.0 (compatible; Googlebot/2.1; +http://www.google.com/bot.html)"
185.216.113.70 - - [18/Apr/2026:07:32:46 +0300] "POST /wp-cron.php?doing_wp_cron=1776486766.8033320903778076171875 HTTP/1.1" 200 448 "-" "WordPress/6.3.8; https://serhatburke.miroglu.net"
185.153.197.91 - - [18/Apr/2026:07:32:34 +0300] "POST /xmlrpc.php HTTP/1.1" 200 630 "-" "Mozilla/5.0 (Windows NT 10.0; Win64; x64) AppleWebKit/537.36 (KHTML, like Gecko) Chrome/114.0.0.0 Safari/537.36"
185.153.197.91 - - [18/Apr/2026:07:32:53 +0300] "POST /xmlrpc.php HTTP/1.1" 200 8961 "-" "Mozilla/5.0 (Windows NT 10.0; Win64; x64) AppleWebKit/537.36 (KHTML, like Gecko) Chrome/114.0.0.0 Safari/537.36"
185.153.197.91 - - [18/Apr/2026:07:33:06 +0300] "GET /volte-giochi-dal-vivo-di-nine-bisca-sono-condotti-da-veri-dealer-professionisti-durante-opportunita-reale/ HTTP/1.1" 200 71453 "-" "Mozilla/5.0 (Windows NT 10.0; Win64; x64; rv:125.0) Gecko/20100101 Firefox/125.0"
66.249.73.1 - - [18/Apr/2026:07:33:24 +0300] "GET /robots.txt HTTP/1.1" 200 719 "-" "Mozilla/5.0 (compatible; Googlebot/2.1; +http://www.google.com/bot.html)"
185.216.113.70 - - [18/Apr/2026:07:33:49 +0300] "POST /wp-cron.php?doing_wp_cron=1776486829.6340188980102539062500 HTTP/1.1" 200 448 "-" "WordPress/6.3.8; https://serhatburke.miroglu.net"
66.249.73.15 - - [18/Apr/2026:07:33:36 +0300] "GET /beyond-the-spin-secure-your-chance-for-thrilling-wins-with-glory/ HTTP/1.1" 200 18938 "-" "Mozilla/5.0 (Linux; Android 6.0.1; Nexus 5X Build/MMB29P) AppleWebKit/537.36 (KHTML, like Gecko) Chrome/146.0.7680.177 Mobile Safari/537.36 (compatible; GoogleOther)"
66.249.73.14 - - [18/Apr/2026:07:33:55 +0300] "GET /wp-content/themes/toppic/css/woocommerce.css?ver=4.2 HTTP/1.1" 200 2848 "https://serhatburke.miroglu.net/beyond-the-spin-secure-your-chance-for-thrilling-wins-with-glory/" "Mozilla/5.0 (Linux; Android 6.0.1; Nexus 5X Build/MMB29P) AppleWebKit/537.36 (KHTML, like Gecko) Chrome/146.0.7680.177 Mobile Safari/537.36 (compatible; GoogleOther)"
66.249.73.14 - - [18/Apr/2026:07:33:55 +0300] "GET /wp-content/themes/toppic/style.css?ver=4.2 HTTP/1.1" 200 23220 "https://serhatburke.miroglu.net/beyond-the-spin-secure-your-chance-for-thrilling-wins-with-glory/" "Mozilla/5.0 (Linux; Android 6.0.1; Nexus 5X Build/MMB29P) AppleWebKit/537.36 (KHTML, like Gecko) Chrome/146.0.7680.177 Mobile Safari/537.36 (compatible; GoogleOther)"
66.249.73.14 - - [18/Apr/2026:07:33:55 +0300] "GET /wp-content/themes/toppic/css/royalslider.css?ver=4.2 HTTP/1.1" 200 1709 "https://serhatburke.miroglu.net/beyond-the-spin-secure-your-chance-for-thrilling-wins-with-glory/" "Mozilla/5.0 (Linux; Android 6.0.1; Nexus 5X Build/MMB29P) AppleWebKit/537.36 (KHTML, like Gecko) Chrome/146.0.7680.177 Mobile Safari/537.36 (compatible; GoogleOther)"
66.249.73.14 - - [18/Apr/2026:07:33:56 +0300] "GET /wp-content/themes/toppic/css/reset.css?ver=4.2 HTTP/1.1" 200 1000 "https://serhatburke.miroglu.net/beyond-the-spin-secure-your-chance-for-thrilling-wins-with-glory/" "Mozilla/5.0 (Linux; Android 6.0.1; Nexus 5X Build/MMB29P) AppleWebKit/537.36 (KHTML, like Gecko) Chrome/146.0.7680.177 Mobile Safari/537.36 (compatible; GoogleOther)"
66.249.73.14 - - [18/Apr/2026:07:33:57 +0300] "GET /wp-content/themes/toppic/css/responsive.css?ver=4.2 HTTP/1.1" 200 2618 "https://serhatburke.miroglu.net/beyond-the-spin-secure-your-chance-for-thrilling-wins-with-glory/" "Mozilla/5.0 (Linux; Android 6.0.1; Nexus 5X Build/MMB29P) AppleWebKit/537.36 (KHTML, like Gecko) Chrome/146.0.7680.177 Mobile Safari/537.36 (compatible; GoogleOther)"
66.249.73.14 - - [18/Apr/2026:07:33:57 +0300] "GET /wp-includes/js/jquery/jquery.min.js?ver=3.7.0 HTTP/1.1" 200 30164 "https://serhatburke.miroglu.net/beyond-the-spin-secure-your-chance-for-thrilling-wins-with-glory/" "Mozilla/5.0 (Linux; Android 6.0.1; Nexus 5X Build/MMB29P) AppleWebKit/537.36 (KHTML, like Gecko) Chrome/146.0.7680.177 Mobile Safari/537.36 (compatible; GoogleOther)"
66.249.73.14 - - [18/Apr/2026:07:33:58 +0300] "GET /wp-content/themes/toppic/css/rs-default.css?ver=4.2 HTTP/1.1" 200 2447 "https://serhatburke.miroglu.net/beyond-the-spin-secure-your-chance-for-thrilling-wins-with-glory/" "Mozilla/5.0 (Linux; Android 6.0.1; Nexus 5X Build/MMB29P) AppleWebKit/537.36 (KHTML, like Gecko) Chrome/146.0.7680.177 Mobile Safari/537.36 (compatible; GoogleOther)"
185.153.197.91 - - [18/Apr/2026:07:33:42 +0300] "POST /xmlrpc.php HTTP/1.1" 200 630 "-" "Mozilla/5.0 (Windows NT 10.0; Win64; x64) AppleWebKit/537.36 (KHTML, like Gecko) Chrome/114.0.0.0 Safari/537.36"
66.249.73.14 - - [18/Apr/2026:07:33:58 +0300] "GET /wp-content/themes/toppic/css/default.css?ver=4.2 HTTP/1.1" 200 1633 "https://serhatburke.miroglu.net/beyond-the-spin-secure-your-chance-for-thrilling-wins-with-glory/" "Mozilla/5.0 (Linux; Android 6.0.1; Nexus 5X Build/MMB29P) AppleWebKit/537.36 (KHTML, like Gecko) Chrome/146.0.7680.177 Mobile Safari/537.36 (compatible; GoogleOther)"
66.249.73.14 - - [18/Apr/2026:07:33:59 +0300] "GET /wp-includes/css/dist/block-library/style.min.css?ver=6.3.8 HTTP/1.1" 200 13400 "https://serhatburke.miroglu.net/beyond-the-spin-secure-your-chance-for-thrilling-wins-with-glory/" "Mozilla/5.0 (Linux; Android 6.0.1; Nexus 5X Build/MMB29P) AppleWebKit/537.36 (KHTML, like Gecko) Chrome/146.0.7680.177 Mobile Safari/537.36 (compatible; GoogleOther)"
66.249.73.14 - - [18/Apr/2026:07:33:59 +0300] "GET /wp-content/themes/toppic/css/fontello.css?ver=4.2 HTTP/1.1" 200 1624 "https://serhatburke.miroglu.net/beyond-the-spin-secure-your-chance-for-thrilling-wins-with-glory/" "Mozilla/5.0 (Linux; Android 6.0.1; Nexus 5X Build/MMB29P) AppleWebKit/537.36 (KHTML, like Gecko) Chrome/146.0.7680.177 Mobile Safari/537.36 (compatible; GoogleOther)"
66.249.73.14 - - [18/Apr/2026:07:34:00 +0300] "GET /wp-content/themes/toppic/css/lightbox.css?ver=4.2 HTTP/1.1" 200 2778 "https://serhatburke.miroglu.net/beyond-the-spin-secure-your-chance-for-thrilling-wins-with-glory/" "Mozilla/5.0 (Linux; Android 6.0.1; Nexus 5X Build/MMB29P) AppleWebKit/537.36 (KHTML, like Gecko) Chrome/146.0.7680.177 Mobile Safari/537.36 (compatible; GoogleOther)"
66.249.73.14 - - [18/Apr/2026:07:34:00 +0300] "GET /wp-content/plugins/contact-form-7/includes/js/index.js?ver=5.8 HTTP/1.1" 200 4368 "https://serhatburke.miroglu.net/beyond-the-spin-secure-your-chance-for-thrilling-wins-with-glory/" "Mozilla/5.0 (Linux; Android 6.0.1; Nexus 5X Build/MMB29P) AppleWebKit/537.36 (KHTML, like Gecko) Chrome/146.0.7680.177 Mobile Safari/537.36 (compatible; GoogleOther)"
66.249.73.14 - - [18/Apr/2026:07:34:01 +0300] "GET /wp-content/plugins/contact-form-7/includes/css/styles.css?ver=5.8 HTTP/1.1" 200 1312 "https://serhatburke.miroglu.net/beyond-the-spin-secure-your-chance-for-thrilling-wins-with-glory/" "Mozilla/5.0 (Linux; Android 6.0.1; Nexus 5X Build/MMB29P) AppleWebKit/537.36 (KHTML, like Gecko) Chrome/146.0.7680.177 Mobile Safari/537.36 (compatible; GoogleOther)"
66.249.73.14 - - [18/Apr/2026:07:34:02 +0300] "GET /wp-content/plugins/roses-like-this/likesScript.js?ver=6.3.8 HTTP/1.1" 200 1067 "https://serhatburke.miroglu.net/beyond-the-spin-secure-your-chance-for-thrilling-wins-with-glory/" "Mozilla/5.0 (Linux; Android 6.0.1; Nexus 5X Build/MMB29P) AppleWebKit/537.36 (KHTML, like Gecko) Chrome/146.0.7680.177 Mobile Safari/537.36 (compatible; GoogleOther)"
66.249.73.14 - - [18/Apr/2026:07:34:02 +0300] "GET /wp-content/plugins/contact-form-7/includes/swv/js/index.js?ver=5.8 HTTP/1.1" 200 3511 "https://serhatburke.miroglu.net/beyond-the-spin-secure-your-chance-for-thrilling-wins-with-glory/" "Mozilla/5.0 (Linux; Android 6.0.1; Nexus 5X Build/MMB29P) AppleWebKit/537.36 (KHTML, like Gecko) Chrome/146.0.7680.177 Mobile Safari/537.36 (compatible; GoogleOther)"
66.249.73.14 - - [18/Apr/2026:07:34:03 +0300] "GET /wp-includes/js/jquery/jquery-migrate.min.js?ver=3.4.1 HTTP/1.1" 200 5128 "https://serhatburke.miroglu.net/beyond-the-spin-secure-your-chance-for-thrilling-wins-with-glory/" "Mozilla/5.0 (Linux; Android 6.0.1; Nexus 5X Build/MMB29P) AppleWebKit/537.36 (KHTML, like Gecko) Chrome/146.0.7680.177 Mobile Safari/537.36 (compatible; GoogleOther)"
66.249.73.14 - - [18/Apr/2026:07:34:03 +0300] "GET /wp-content/themes/toppic/js/jquery.parallax.custom.js?ver=4.2 HTTP/1.1" 200 1168 "https://serhatburke.miroglu.net/beyond-the-spin-secure-your-chance-for-thrilling-wins-with-glory/" "Mozilla/5.0 (Linux; Android 6.0.1; Nexus 5X Build/MMB29P) AppleWebKit/537.36 (KHTML, like Gecko) Chrome/146.0.7680.177 Mobile Safari/537.36 (compatible; GoogleOther)"
66.249.73.14 - - [18/Apr/2026:07:34:04 +0300] "GET /wp-content/themes/toppic/js/jquery.mtree.js?ver=4.2 HTTP/1.1" 200 1331 "https://serhatburke.miroglu.net/beyond-the-spin-secure-your-chance-for-thrilling-wins-with-glory/" "Mozilla/5.0 (Linux; Android 6.0.1; Nexus 5X Build/MMB29P) AppleWebKit/537.36 (KHTML, like Gecko) Chrome/146.0.7680.177 Mobile Safari/537.36 (compatible; GoogleOther)"
66.249.73.14 - - [18/Apr/2026:07:34:04 +0300] "GET /wp-content/themes/toppic/js/jquery.tipsy.js?ver=4.2 HTTP/1.1" 200 1277 "https://serhatburke.miroglu.net/beyond-the-spin-secure-your-chance-for-thrilling-wins-with-glory/" "Mozilla/5.0 (Linux; Android 6.0.1; Nexus 5X Build/MMB29P) AppleWebKit/537.36 (KHTML, like Gecko) Chrome/146.0.7680.177 Mobile Safari/537.36 (compatible; GoogleOther)"
66.249.73.14 - - [18/Apr/2026:07:34:05 +0300] "GET /wp-content/themes/toppic/js/jquery.transit.min.js?ver=4.2 HTTP/1.1" 200 3074 "https://serhatburke.miroglu.net/beyond-the-spin-secure-your-chance-for-thrilling-wins-with-glory/" "Mozilla/5.0 (Linux; Android 6.0.1; Nexus 5X Build/MMB29P) AppleWebKit/537.36 (KHTML, like Gecko) Chrome/146.0.7680.177 Mobile Safari/537.36 (compatible; GoogleOther)"
66.249.73.14 - - [18/Apr/2026:07:34:05 +0300] "GET /wp-content/themes/toppic/js/scrollMonitor.js?ver=4.2 HTTP/1.1" 200 2988 "https://serhatburke.miroglu.net/beyond-the-spin-secure-your-chance-for-thrilling-wins-with-glory/" "Mozilla/5.0 (Linux; Android 6.0.1; Nexus 5X Build/MMB29P) AppleWebKit/537.36 (KHTML, like Gecko) Chrome/146.0.7680.177 Mobile Safari/537.36 (compatible; GoogleOther)"
66.249.73.14 - - [18/Apr/2026:07:34:06 +0300] "GET /wp-content/themes/toppic/js/jquery.touchswipe.js?ver=4.2 HTTP/1.1" 200 5184 "https://serhatburke.miroglu.net/beyond-the-spin-secure-your-chance-for-thrilling-wins-with-glory/" "Mozilla/5.0 (Linux; Android 6.0.1; Nexus 5X Build/MMB29P) AppleWebKit/537.36 (KHTML, like Gecko) Chrome/146.0.7680.177 Mobile Safari/537.36 (compatible; GoogleOther)"
57.128.22.95 - - [18/Apr/2026:07:33:50 +0300] "GET /zotabet-casino-bonus-premier-depot-2026/ HTTP/1.1" 200 18530 "-" "Mozilla/5.0 (compatible; Googlebot/2.1; +http://www.google.com/bot.html)"
66.249.73.14 - - [18/Apr/2026:07:34:07 +0300] "GET /wp-content/themes/toppic/js/jquery.modernizr.custom.js?ver=4.2 HTTP/1.1" 200 3342 "https://serhatburke.miroglu.net/beyond-the-spin-secure-your-chance-for-thrilling-wins-with-glory/" "Mozilla/5.0 (Linux; Android 6.0.1; Nexus 5X Build/MMB29P) AppleWebKit/537.36 (KHTML, like Gecko) Chrome/146.0.7680.177 Mobile Safari/537.36 (compatible; GoogleOther)"
66.249.73.14 - - [18/Apr/2026:07:34:07 +0300] "GET /wp-content/themes/toppic/js/jquery.kenb.js?ver=4.2 HTTP/1.1" 200 1701 "https://serhatburke.miroglu.net/beyond-the-spin-secure-your-chance-for-thrilling-wins-with-glory/" "Mozilla/5.0 (Linux; Android 6.0.1; Nexus 5X Build/MMB29P) AppleWebKit/537.36 (KHTML, like Gecko) Chrome/146.0.7680.177 Mobile Safari/537.36 (compatible; GoogleOther)"
66.249.73.14 - - [18/Apr/2026:07:34:08 +0300] "GET /wp-content/themes/toppic/js/jquery.magnific-popup.min.js?ver=4.2 HTTP/1.1" 200 7728 "https://serhatburke.miroglu.net/beyond-the-spin-secure-your-chance-for-thrilling-wins-with-glory/" "Mozilla/5.0 (Linux; Android 6.0.1; Nexus 5X Build/MMB29P) AppleWebKit/537.36 (KHTML, like Gecko) Chrome/146.0.7680.177 Mobile Safari/537.36 (compatible; GoogleOther)"
66.249.73.14 - - [18/Apr/2026:07:34:08 +0300] "GET /wp-content/themes/toppic/js/jquery.custom.js?ver=4.2 HTTP/1.1" 200 8665 "https://serhatburke.miroglu.net/beyond-the-spin-secure-your-chance-for-thrilling-wins-with-glory/" "Mozilla/5.0 (Linux; Android 6.0.1; Nexus 5X Build/MMB29P) AppleWebKit/537.36 (KHTML, like Gecko) Chrome/146.0.7680.177 Mobile Safari/537.36 (compatible; GoogleOther)"
66.249.73.14 - - [18/Apr/2026:07:34:09 +0300] "GET /wp-content/themes/toppic/js/lazysizes.min.js?ver=4.2 HTTP/1.1" 200 3625 "https://serhatburke.miroglu.net/beyond-the-spin-secure-your-chance-for-thrilling-wins-with-glory/" "Mozilla/5.0 (Linux; Android 6.0.1; Nexus 5X Build/MMB29P) AppleWebKit/537.36 (KHTML, like Gecko) Chrome/146.0.7680.177 Mobile Safari/537.36 (compatible; GoogleOther)"
66.249.73.14 - - [18/Apr/2026:07:34:09 +0300] "GET /wp-content/plugins/google-analytics-for-wordpress/assets/js/frontend-gtag.min.js?ver=10.1.2 HTTP/1.1" 200 3521 "https://serhatburke.miroglu.net/beyond-the-spin-secure-your-chance-for-thrilling-wins-with-glory/" "Mozilla/5.0 (Linux; Android 6.0.1; Nexus 5X Build/MMB29P) AppleWebKit/537.36 (KHTML, like Gecko) Chrome/146.0.7680.177 Mobile Safari/537.36 (compatible; GoogleOther)"
185.153.197.91 - - [18/Apr/2026:07:34:03 +0300] "POST /xmlrpc.php HTTP/1.1" 200 8852 "-" "Mozilla/5.0 (Windows NT 10.0; Win64; x64) AppleWebKit/537.36 (KHTML, like Gecko) Chrome/114.0.0.0 Safari/537.36"
66.249.73.14 - - [18/Apr/2026:07:34:10 +0300] "GET /beyond-the-spin-secure-your-chance-for-thrilling-wins-with-glory/undefined?ts=1775520000 HTTP/1.1" 200 0 "https://serhatburke.miroglu.net/beyond-the-spin-secure-your-chance-for-thrilling-wins-with-glory/" "Mozilla/5.0 (Linux; Android 6.0.1; Nexus 5X Build/MMB29P) AppleWebKit/537.36 (KHTML, like Gecko) Chrome/146.0.7680.177 Mobile Safari/537.36 (compatible; GoogleOther)"
185.153.197.91 - - [18/Apr/2026:07:34:18 +0300] "GET /perizia-delle-opzioni-dalam-versamento-di-nuovo-della-scelta-del-posto/ HTTP/1.1" 200 70336 "-" "Mozilla/5.0 (Windows NT 10.0; Win64; x64) AppleWebKit/537.36 (KHTML, like Gecko) Chrome/123.0.0.0 Safari/537.36 OPR/109.0.0.0"
66.249.73.14 - - [18/Apr/2026:07:34:22 +0300] "GET /beyond-the-spin-secure-your-chance-for-thrilling-wins-with-glory/undefined?ts=1775520000 HTTP/1.1" 200 0 "https://serhatburke.miroglu.net/beyond-the-spin-secure-your-chance-for-thrilling-wins-with-glory/" "Mozilla/5.0 (Linux; Android 6.0.1; Nexus 5X Build/MMB29P) AppleWebKit/537.36 (KHTML, like Gecko) Chrome/146.0.7680.177 Mobile Safari/537.36 (compatible; GoogleOther)"
66.249.73.14 - - [18/Apr/2026:07:34:34 +0300] "GET /beyond-the-spin-secure-your-chance-for-thrilling-wins-with-glory/undefined?ts=1775520000 HTTP/1.1" 200 0 "https://serhatburke.miroglu.net/beyond-the-spin-secure-your-chance-for-thrilling-wins-with-glory/" "Mozilla/5.0 (Linux; Android 6.0.1; Nexus 5X Build/MMB29P) AppleWebKit/537.36 (KHTML, like Gecko) Chrome/146.0.7680.177 Mobile Safari/537.36 (compatible; GoogleOther)"
185.216.113.70 - - [18/Apr/2026:07:34:46 +0300] "POST /wp-cron.php?doing_wp_cron=1776486886.4663860797882080078125 HTTP/1.1" 200 448 "-" "WordPress/6.3.8; https://serhatburke.miroglu.net"
52.167.144.176 - - [18/Apr/2026:07:34:46 +0300] "GET /post-sitemap4.xml HTTP/2" 200 72045 "-" "Mozilla/5.0 AppleWebKit/537.36 (KHTML, like Gecko; compatible; bingbot/2.0; +http://www.bing.com/bingbot.htm) Chrome/116.0.1938.76 Safari/537.36"
185.153.197.91 - - [18/Apr/2026:07:35:10 +0300] "POST /xmlrpc.php HTTP/1.1" 200 630 "-" "Mozilla/5.0 (Windows NT 10.0; Win64; x64) AppleWebKit/537.36 (KHTML, like Gecko) Chrome/114.0.0.0 Safari/537.36"
185.216.113.70 - - [18/Apr/2026:07:35:42 +0300] "POST /wp-cron.php?doing_wp_cron=1776486942.6427021026611328125000 HTTP/1.1" 200 448 "-" "WordPress/6.3.8; https://serhatburke.miroglu.net"
185.153.197.91 - - [18/Apr/2026:07:35:30 +0300] "POST /xmlrpc.php HTTP/1.1" 200 8954 "-" "Mozilla/5.0 (Windows NT 10.0; Win64; x64) AppleWebKit/537.36 (KHTML, like Gecko) Chrome/114.0.0.0 Safari/537.36"
57.128.22.95 - - [18/Apr/2026:07:35:41 +0300] "GET /zotabet-casino-bonus-premier-depot-2026/ HTTP/1.1" 200 18530 "-" "Mozilla/5.0 (compatible; Googlebot/2.1; +http://www.google.com/bot.html)"
185.153.197.91 - - [18/Apr/2026:07:35:42 +0300] "GET /ad-esempio-registrare-un-espressivita-promo-betsson-nel-caso-che-corrente-verra-spazio/ HTTP/1.1" 200 70803 "-" "Mozilla/5.0 (Windows NT 10.0; rv:125.0) Gecko/20100101 Firefox/125.0"
185.153.197.91 - - [18/Apr/2026:07:36:18 +0300] "POST /xmlrpc.php HTTP/1.1" 200 630 "-" "Mozilla/5.0 (Windows NT 10.0; Win64; x64) AppleWebKit/537.36 (KHTML, like Gecko) Chrome/114.0.0.0 Safari/537.36"
185.216.113.70 - - [18/Apr/2026:07:36:49 +0300] "POST /wp-cron.php?doing_wp_cron=1776487009.7659080028533935546875 HTTP/1.1" 200 448 "-" "WordPress/6.3.8; https://serhatburke.miroglu.net"
185.153.197.91 - - [18/Apr/2026:07:36:37 +0300] "POST /xmlrpc.php HTTP/1.1" 200 8990 "-" "Mozilla/5.0 (Windows NT 10.0; Win64; x64) AppleWebKit/537.36 (KHTML, like Gecko) Chrome/114.0.0.0 Safari/537.36"
185.153.197.91 - - [18/Apr/2026:07:36:50 +0300] "GET /quinto-ritmo-gioca-at-the-incassa-le-abime-vincite/ HTTP/1.1" 200 70353 "-" "Mozilla/5.0 (Windows NT 10.0; Win64; x64) AppleWebKit/537.36 (KHTML, like Gecko) Chrome/124.0.0.0 Safari/537.36"
165.73.240.147 - - [18/Apr/2026:07:36:57 +0300] "POST /xmlrpc.php HTTP/1.1" 200 630 "-" "Mozilla/5.0 (Windows NT 10.0; Win64; x64) AppleWebKit/537.36 (KHTML, like Gecko) Chrome/114.0.0.0 Safari/537.36"
103.122.2.107 - - [18/Apr/2026:07:36:58 +0300] "GET /beste-casino-site-belgie-hoge-inzet/ HTTP/1.1" 200 18595 "https://serhatburke.miroglu.net/" "Mozilla/5.0 (Macintosh; Intel Mac OS X 12_5) AppleWebKit/537.36 (KHTML, like Gecko) Chrome/114.0.0.0 Safari/537.36 OPR/89.0.4447.51"
165.73.240.147 - - [18/Apr/2026:07:37:21 +0300] "POST /xmlrpc.php HTTP/1.1" 200 13029 "-" "Mozilla/5.0 (Windows NT 10.0; Win64; x64) AppleWebKit/537.36 (KHTML, like Gecko) Chrome/114.0.0.0 Safari/537.36"
36.88.141.105 - - [18/Apr/2026:07:37:33 +0300] "GET /wp-includes/css/dist/block-library/style.min.css?ver=6.3.8 HTTP/1.1" 200 13578 "https://serhatburke.miroglu.net/beste-casino-site-belgie-hoge-inzet/" "Mozilla/5.0 (Windows NT 10.0; Win64; x64) AppleWebKit/537.36 (KHTML, like Gecko) Chrome/143.0.0.0 Safari/537.36"
185.216.113.70 - - [18/Apr/2026:07:37:41 +0300] "POST /wp-cron.php?doing_wp_cron=1776487061.2361769676208496093750 HTTP/1.1" 200 448 "-" "WordPress/6.3.8; https://serhatburke.miroglu.net"
185.153.197.91 - - [18/Apr/2026:07:37:28 +0300] "POST /xmlrpc.php HTTP/1.1" 200 630 "-" "Mozilla/5.0 (Windows NT 10.0; Win64; x64) AppleWebKit/537.36 (KHTML, like Gecko) Chrome/114.0.0.0 Safari/537.36"
165.73.240.147 - - [18/Apr/2026:07:37:34 +0300] "GET /anmeldung-maklercourtage-50-so-weit-book-of-ra-handy-wie-500/ HTTP/1.1" 200 74237 "-" "Mozilla/5.0 (Windows NT 10.0; Win64; x64) AppleWebKit/537.36 (KHTML, like Gecko) Chrome/123.0.0.0 Safari/537.36 OPR/109.0.0.0"
185.153.197.91 - - [18/Apr/2026:07:37:47 +0300] "POST /xmlrpc.php HTTP/1.1" 200 9092 "-" "Mozilla/5.0 (Windows NT 10.0; Win64; x64) AppleWebKit/537.36 (KHTML, like Gecko) Chrome/114.0.0.0 Safari/537.36"
36.88.141.105 - - [18/Apr/2026:07:38:08 +0300] "GET /wp-content/plugins/contact-form-7/includes/css/styles.css?ver=5.8 HTTP/1.1" 200 1490 "https://serhatburke.miroglu.net/beste-casino-site-belgie-hoge-inzet/" "Mozilla/5.0 (Windows NT 10.0; Win64; x64) AppleWebKit/537.36 (KHTML, like Gecko) Chrome/143.0.0.0 Safari/537.36"
185.153.197.91 - - [18/Apr/2026:07:38:01 +0300] "GET /che-ti-dicevo-molti-giochi-per-il-casa-da-gioco-sono-disponibili-durante-variante-demo/ HTTP/1.1" 200 71035 "-" "Mozilla/5.0 (Windows NT 10.0; Win64; x64) AppleWebKit/537.36 (KHTML, like Gecko) Chrome/122.0.0.0 Safari/537.36"
185.216.113.70 - - [18/Apr/2026:07:38:42 +0300] "POST /wp-cron.php?doing_wp_cron=1776487122.2189640998840332031250 HTTP/1.1" 200 448 "-" "WordPress/6.3.8; https://serhatburke.miroglu.net"
57.128.22.95 - - [18/Apr/2026:07:38:30 +0300] "GET /zotabet-casino-bonus-premier-depot-2026/ HTTP/1.1" 200 18530 "-" "Mozilla/5.0 (compatible; Googlebot/2.1; +http://www.google.com/bot.html)"
185.153.197.91 - - [18/Apr/2026:07:38:39 +0300] "POST /xmlrpc.php HTTP/1.1" 200 630 "-" "Mozilla/5.0 (Windows NT 10.0; Win64; x64) AppleWebKit/537.36 (KHTML, like Gecko) Chrome/114.0.0.0 Safari/537.36"
185.153.197.91 - - [18/Apr/2026:07:39:02 +0300] "POST /xmlrpc.php HTTP/1.1" 200 8690 "-" "Mozilla/5.0 (Windows NT 10.0; Win64; x64) AppleWebKit/537.36 (KHTML, like Gecko) Chrome/114.0.0.0 Safari/537.36"
185.153.197.91 - - [18/Apr/2026:07:39:15 +0300] "GET /vincite-gustose-vi-attendono-con-burattini-giri-gratuiti-addirittura-moltiplicatori-sagace-a-100x/ HTTP/1.1" 200 70996 "-" "Mozilla/5.0 (Windows NT 10.0; Win64; x64) AppleWebKit/537.36 (KHTML, like Gecko) Chrome/123.0.0.0 Safari/537.36"
57.128.22.95 - - [18/Apr/2026:07:39:18 +0300] "GET /zotabet-casino-bonus-premier-depot-2026/ HTTP/1.1" 200 18530 "-" "Mozilla/5.0 (compatible; Googlebot/2.1; +http://www.google.com/bot.html)"
50.3.167.208 - - [18/Apr/2026:07:39:13 +0300] "GET /beste-casino-site-belgie-hoge-inzet/ HTTP/1.1" 200 18595 "https://serhatburke.miroglu.net/" "Mozilla/5.0 (X11; Ubuntu; Linux i686; rv:114.0) Gecko/20100101 Firefox/114.0"
50.3.167.208 - - [18/Apr/2026:07:39:39 +0300] "GET /wp-includes/css/dist/block-library/style.min.css?ver=6.3.8 HTTP/1.1" 200 13578 "https://serhatburke.miroglu.net/beste-casino-site-belgie-hoge-inzet/" "Mozilla/5.0 (Windows NT 10.0; Win64; x64) AppleWebKit/537.36 (KHTML, like Gecko) Chrome/143.0.0.0 Safari/537.36"
50.3.167.208 - - [18/Apr/2026:07:39:41 +0300] "GET /wp-content/plugins/contact-form-7/includes/css/styles.css?ver=5.8 HTTP/1.1" 200 1490 "https://serhatburke.miroglu.net/beste-casino-site-belgie-hoge-inzet/" "Mozilla/5.0 (Windows NT 10.0; Win64; x64) AppleWebKit/537.36 (KHTML, like Gecko) Chrome/143.0.0.0 Safari/537.36"
50.3.167.208 - - [18/Apr/2026:07:39:42 +0300] "GET /wp-content/themes/toppic/css/fontello.css?ver=4.2 HTTP/1.1" 200 1802 "https://serhatburke.miroglu.net/beste-casino-site-belgie-hoge-inzet/" "Mozilla/5.0 (Windows NT 10.0; Win64; x64) AppleWebKit/537.36 (KHTML, like Gecko) Chrome/143.0.0.0 Safari/537.36"
50.3.167.208 - - [18/Apr/2026:07:39:43 +0300] "GET /wp-content/themes/toppic/css/reset.css?ver=4.2 HTTP/1.1" 200 1178 "https://serhatburke.miroglu.net/beste-casino-site-belgie-hoge-inzet/" "Mozilla/5.0 (Windows NT 10.0; Win64; x64) AppleWebKit/537.36 (KHTML, like Gecko) Chrome/143.0.0.0 Safari/537.36"
50.3.167.208 - - [18/Apr/2026:07:39:44 +0300] "GET /wp-content/themes/toppic/css/default.css?ver=4.2 HTTP/1.1" 200 1811 "https://serhatburke.miroglu.net/beste-casino-site-belgie-hoge-inzet/" "Mozilla/5.0 (Windows NT 10.0; Win64; x64) AppleWebKit/537.36 (KHTML, like Gecko) Chrome/143.0.0.0 Safari/537.36"
50.3.167.208 - - [18/Apr/2026:07:39:45 +0300] "GET /wp-content/themes/toppic/style.css?ver=4.2 HTTP/1.1" 200 23398 "https://serhatburke.miroglu.net/beste-casino-site-belgie-hoge-inzet/" "Mozilla/5.0 (Windows NT 10.0; Win64; x64) AppleWebKit/537.36 (KHTML, like Gecko) Chrome/143.0.0.0 Safari/537.36"
50.3.167.208 - - [18/Apr/2026:07:39:46 +0300] "GET /wp-content/themes/toppic/css/royalslider.css?ver=4.2 HTTP/1.1" 200 1887 "https://serhatburke.miroglu.net/beste-casino-site-belgie-hoge-inzet/" "Mozilla/5.0 (Windows NT 10.0; Win64; x64) AppleWebKit/537.36 (KHTML, like Gecko) Chrome/143.0.0.0 Safari/537.36"
50.3.167.208 - - [18/Apr/2026:07:39:47 +0300] "GET /wp-content/themes/toppic/css/rs-default.css?ver=4.2 HTTP/1.1" 200 2625 "https://serhatburke.miroglu.net/beste-casino-site-belgie-hoge-inzet/" "Mozilla/5.0 (Windows NT 10.0; Win64; x64) AppleWebKit/537.36 (KHTML, like Gecko) Chrome/143.0.0.0 Safari/537.36"
50.3.167.208 - - [18/Apr/2026:07:39:48 +0300] "GET /wp-content/themes/toppic/css/lightbox.css?ver=4.2 HTTP/1.1" 200 2956 "https://serhatburke.miroglu.net/beste-casino-site-belgie-hoge-inzet/" "Mozilla/5.0 (Windows NT 10.0; Win64; x64) AppleWebKit/537.36 (KHTML, like Gecko) Chrome/143.0.0.0 Safari/537.36"
50.3.167.208 - - [18/Apr/2026:07:39:50 +0300] "GET /wp-content/themes/toppic/css/woocommerce.css?ver=4.2 HTTP/1.1" 200 2848 "https://serhatburke.miroglu.net/beste-casino-site-belgie-hoge-inzet/" "Mozilla/5.0 (Windows NT 10.0; Win64; x64) AppleWebKit/537.36 (KHTML, like Gecko) Chrome/143.0.0.0 Safari/537.36"
50.3.167.208 - - [18/Apr/2026:07:39:51 +0300] "GET /wp-content/themes/toppic/css/responsive.css?ver=4.2 HTTP/1.1" 200 2796 "https://serhatburke.miroglu.net/beste-casino-site-belgie-hoge-inzet/" "Mozilla/5.0 (Windows NT 10.0; Win64; x64) AppleWebKit/537.36 (KHTML, like Gecko) Chrome/143.0.0.0 Safari/537.36"
185.216.113.70 - - [18/Apr/2026:07:39:55 +0300] "POST /wp-cron.php?doing_wp_cron=1776487195.6837129592895507812500 HTTP/1.1" 200 448 "-" "WordPress/6.3.8; https://serhatburke.miroglu.net"
185.153.197.91 - - [18/Apr/2026:07:39:43 +0300] "POST /xmlrpc.php HTTP/1.1" 200 630 "-" "Mozilla/5.0 (Windows NT 10.0; Win64; x64) AppleWebKit/537.36 (KHTML, like Gecko) Chrome/114.0.0.0 Safari/537.36"
185.216.113.70 - - [18/Apr/2026:07:40:14 +0300] "POST /wp-cron.php?doing_wp_cron=1776487214.0025150775909423828125 HTTP/1.1" 200 448 "-" "WordPress/6.3.8; https://serhatburke.miroglu.net"
