51.83.243.160 - - [18/Apr/2026:22:57:21 +0300] "GET /wp-content/uploads/2023/08/favicon-16x16-3.png HTTP/2" 200 529 "https://serhatburke.miroglu.net/" "Mozilla/5.0 (Windows NT 10.0; Win64; x64) AppleWebKit/537.36 (KHTML, like Gecko) Chrome/122.0.0.0 Safari/537.36 Edg/122.0.0.0"
51.83.243.160 - - [18/Apr/2026:22:57:22 +0300] "GET /wp-includes/js/wp-emoji-release.min.js?ver=6.3.8 HTTP/2" 200 4651 "https://serhatburke.miroglu.net/" "Mozilla/5.0 (Windows NT 10.0; Win64; x64) AppleWebKit/537.36 (KHTML, like Gecko) Chrome/122.0.0.0 Safari/537.36 Edg/122.0.0.0"
185.216.113.70 - - [18/Apr/2026:22:57:29 +0300] "POST /wp-cron.php?doing_wp_cron=1776542249.5759561061859130859375 HTTP/1.1" 200 448 "-" "WordPress/6.3.8; https://serhatburke.miroglu.net"
98.98.33.56 - - [18/Apr/2026:22:57:17 +0300] "POST /xmlrpc.php HTTP/1.1" 200 13845 "-" "Mozilla/5.0 (Windows NT 10.0; Win64; x64) AppleWebKit/537.36 (KHTML, like Gecko) Chrome/114.0.0.0 Safari/537.36"
185.153.197.91 - - [18/Apr/2026:22:57:18 +0300] "POST /xmlrpc.php HTTP/1.1" 200 630 "-" "Mozilla/5.0 (Windows NT 10.0; Win64; x64) AppleWebKit/537.36 (KHTML, like Gecko) Chrome/114.0.0.0 Safari/537.36"
185.191.206.81 - - [18/Apr/2026:22:57:03 +0300] "POST /xmlrpc.php HTTP/1.1" 200 11865 "-" "Mozilla/5.0 (Windows NT 10.0; Win64; x64) AppleWebKit/537.36 (KHTML, like Gecko) Chrome/114.0.0.0 Safari/537.36"
51.83.243.160 - - [18/Apr/2026:22:57:43 +0300] "GET /wp-content/uploads/2023/08/favicon-16x16-3.png HTTP/2" 200 529 "-" "Mozilla/5.0 (Windows NT 10.0; Win64; x64) AppleWebKit/537.36 (KHTML, like Gecko) Chrome/122.0.0.0 Safari/537.36 Edg/122.0.0.0"
51.83.243.160 - - [18/Apr/2026:22:57:44 +0300] "GET /wp-content/plugins/google-analytics-for-wordpress/assets/js/frontend-gtag.min.js?ver=10.1.2 HTTP/2" 200 11925 "-" "Mozilla/5.0 (Windows NT 10.0; Win64; x64) AppleWebKit/537.36 (KHTML, like Gecko) Chrome/122.0.0.0 Safari/537.36 Edg/122.0.0.0"
51.83.243.160 - - [18/Apr/2026:22:57:44 +0300] "GET /wp-includes/js/jquery/jquery.min.js?ver=3.7.0 HTTP/2" 200 87482 "-" "Mozilla/5.0 (Windows NT 10.0; Win64; x64) AppleWebKit/537.36 (KHTML, like Gecko) Chrome/122.0.0.0 Safari/537.36 Edg/122.0.0.0"
51.83.243.160 - - [18/Apr/2026:22:57:44 +0300] "GET /wp-content/themes/toppic/js/scrollMonitor.js?ver=4.2 HTTP/2" 200 8952 "-" "Mozilla/5.0 (Windows NT 10.0; Win64; x64) AppleWebKit/537.36 (KHTML, like Gecko) Chrome/122.0.0.0 Safari/537.36 Edg/122.0.0.0"
51.83.243.160 - - [18/Apr/2026:22:57:44 +0300] "GET /wp-content/themes/toppic/js/jquery.tipsy.js?ver=4.2 HTTP/2" 200 2511 "-" "Mozilla/5.0 (Windows NT 10.0; Win64; x64) AppleWebKit/537.36 (KHTML, like Gecko) Chrome/122.0.0.0 Safari/537.36 Edg/122.0.0.0"
51.83.243.160 - - [18/Apr/2026:22:57:44 +0300] "GET /wp-content/themes/toppic/js/jquery.parallax.custom.js?ver=4.2 HTTP/2" 200 2232 "-" "Mozilla/5.0 (Windows NT 10.0; Win64; x64) AppleWebKit/537.36 (KHTML, like Gecko) Chrome/122.0.0.0 Safari/537.36 Edg/122.0.0.0"
51.83.243.160 - - [18/Apr/2026:22:57:44 +0300] "GET /wp-includes/js/jquery/jquery-migrate.min.js?ver=3.4.1 HTTP/2" 200 13577 "-" "Mozilla/5.0 (Windows NT 10.0; Win64; x64) AppleWebKit/537.36 (KHTML, like Gecko) Chrome/122.0.0.0 Safari/537.36 Edg/122.0.0.0"
51.83.243.160 - - [18/Apr/2026:22:57:45 +0300] "GET /wp-content/themes/toppic/js/jquery.mtree.js?ver=4.2 HTTP/2" 200 2846 "-" "Mozilla/5.0 (Windows NT 10.0; Win64; x64) AppleWebKit/537.36 (KHTML, like Gecko) Chrome/122.0.0.0 Safari/537.36 Edg/122.0.0.0"
51.83.243.160 - - [18/Apr/2026:22:57:45 +0300] "GET /wp-content/plugins/contact-form-7/includes/js/index.js?ver=5.8 HTTP/2" 200 12943 "-" "Mozilla/5.0 (Windows NT 10.0; Win64; x64) AppleWebKit/537.36 (KHTML, like Gecko) Chrome/122.0.0.0 Safari/537.36 Edg/122.0.0.0"
51.83.243.160 - - [18/Apr/2026:22:57:45 +0300] "GET /wp-content/plugins/roses-like-this/likesScript.js?ver=6.3.8 HTTP/2" 200 1617 "-" "Mozilla/5.0 (Windows NT 10.0; Win64; x64) AppleWebKit/537.36 (KHTML, like Gecko) Chrome/122.0.0.0 Safari/537.36 Edg/122.0.0.0"
51.83.243.160 - - [18/Apr/2026:22:57:45 +0300] "GET /wp-content/themes/toppic/js/jquery.transit.min.js?ver=4.2 HTTP/2" 200 7830 "-" "Mozilla/5.0 (Windows NT 10.0; Win64; x64) AppleWebKit/537.36 (KHTML, like Gecko) Chrome/122.0.0.0 Safari/537.36 Edg/122.0.0.0"
51.83.243.160 - - [18/Apr/2026:22:57:45 +0300] "GET /wp-content/themes/toppic/js/jquery.magnific-popup.min.js?ver=4.2 HTTP/2" 200 21002 "-" "Mozilla/5.0 (Windows NT 10.0; Win64; x64) AppleWebKit/537.36 (KHTML, like Gecko) Chrome/122.0.0.0 Safari/537.36 Edg/122.0.0.0"
51.83.243.160 - - [18/Apr/2026:22:57:45 +0300] "GET /wp-content/themes/toppic/js/jquery.kenb.js?ver=4.2 HTTP/2" 200 3676 "-" "Mozilla/5.0 (Windows NT 10.0; Win64; x64) AppleWebKit/537.36 (KHTML, like Gecko) Chrome/122.0.0.0 Safari/537.36 Edg/122.0.0.0"
51.83.243.160 - - [18/Apr/2026:22:57:45 +0300] "GET /wp-content/plugins/contact-form-7/includes/swv/js/index.js?ver=5.8 HTTP/2" 200 10770 "-" "Mozilla/5.0 (Windows NT 10.0; Win64; x64) AppleWebKit/537.36 (KHTML, like Gecko) Chrome/122.0.0.0 Safari/537.36 Edg/122.0.0.0"
51.83.243.160 - - [18/Apr/2026:22:57:45 +0300] "GET /wp-content/themes/toppic/js/lazysizes.min.js?ver=4.2 HTTP/2" 200 7057 "-" "Mozilla/5.0 (Windows NT 10.0; Win64; x64) AppleWebKit/537.36 (KHTML, like Gecko) Chrome/122.0.0.0 Safari/537.36 Edg/122.0.0.0"
51.83.243.160 - - [18/Apr/2026:22:57:46 +0300] "GET /wp-content/themes/toppic/js/jquery.modernizr.custom.js?ver=4.2 HTTP/2" 200 7528 "-" "Mozilla/5.0 (Windows NT 10.0; Win64; x64) AppleWebKit/537.36 (KHTML, like Gecko) Chrome/122.0.0.0 Safari/537.36 Edg/122.0.0.0"
51.83.243.160 - - [18/Apr/2026:22:57:46 +0300] "GET /wp-content/themes/toppic/js/jquery.royalslider.min.js?ver=4.2 HTTP/2" 200 65276 "-" "Mozilla/5.0 (Windows NT 10.0; Win64; x64) AppleWebKit/537.36 (KHTML, like Gecko) Chrome/122.0.0.0 Safari/537.36 Edg/122.0.0.0"
51.83.243.160 - - [18/Apr/2026:22:57:46 +0300] "GET /wp-content/themes/toppic/js/jquery.custom.js?ver=4.2 HTTP/2" 200 31791 "-" "Mozilla/5.0 (Windows NT 10.0; Win64; x64) AppleWebKit/537.36 (KHTML, like Gecko) Chrome/122.0.0.0 Safari/537.36 Edg/122.0.0.0"
51.83.243.160 - - [18/Apr/2026:22:57:46 +0300] "GET /wp-content/themes/toppic/js/jquery.touchswipe.js?ver=4.2 HTTP/2" 200 20056 "-" "Mozilla/5.0 (Windows NT 10.0; Win64; x64) AppleWebKit/537.36 (KHTML, like Gecko) Chrome/122.0.0.0 Safari/537.36 Edg/122.0.0.0"
51.83.243.160 - - [18/Apr/2026:22:57:48 +0300] "GET /wp-includes/js/wp-emoji-release.min.js?ver=6.3.8 HTTP/2" 200 18692 "-" "Mozilla/5.0 (Windows NT 10.0; Win64; x64) AppleWebKit/537.36 (KHTML, like Gecko) Chrome/122.0.0.0 Safari/537.36 Edg/122.0.0.0"
103.219.169.211 - - [18/Apr/2026:22:57:30 +0300] "POST /xmlrpc.php HTTP/1.1" 200 630 "-" "Mozilla/5.0 (Windows NT 10.0; Win64; x64) AppleWebKit/537.36 (KHTML, like Gecko) Chrome/114.0.0.0 Safari/537.36"
45.125.245.116 - - [18/Apr/2026:22:57:33 +0300] "GET /28563-2/ HTTP/1.1" 200 18715 "-" "Mozilla/5.0 (compatible; Googlebot/2.1; +http://www.google.com/bot.html)"
98.98.33.56 - - [18/Apr/2026:22:57:30 +0300] "GET /arenes-de-pc-pas-vrai-dracula-fentes-libres-de-creneaux-couteuses/ HTTP/1.1" 200 75283 "-" "Mozilla/5.0 (Windows NT 10.0; Win64; x64) AppleWebKit/537.36 (KHTML, like Gecko) Chrome/109.0.0.0 Safari/537.36"
185.153.197.91 - - [18/Apr/2026:22:57:40 +0300] "POST /xmlrpc.php HTTP/1.1" 200 9787 "-" "Mozilla/5.0 (Windows NT 10.0; Win64; x64) AppleWebKit/537.36 (KHTML, like Gecko) Chrome/114.0.0.0 Safari/537.36"
98.98.197.178 - - [18/Apr/2026:22:57:59 +0300] "POST /xmlrpc.php HTTP/1.1" 200 630 "-" "Mozilla/5.0 (Windows NT 10.0; Win64; x64) AppleWebKit/537.36 (KHTML, like Gecko) Chrome/114.0.0.0 Safari/537.36"
103.219.169.211 - - [18/Apr/2026:22:58:08 +0300] "POST /xmlrpc.php HTTP/1.1" 200 14382 "-" "Mozilla/5.0 (Windows NT 10.0; Win64; x64) AppleWebKit/537.36 (KHTML, like Gecko) Chrome/114.0.0.0 Safari/537.36"
185.153.197.91 - - [18/Apr/2026:22:58:13 +0300] "GET /you-need-a-rest-how-to-remove-your-own-betway-account-otherwise-notice-prohibit-throughout-the-web-site/ HTTP/1.1" 200 71841 "-" "Mozilla/5.0 (Windows NT 10.0; Win64; x64) AppleWebKit/537.36 (KHTML, like Gecko) Chrome/124.0.0.0 Safari/537.36"
185.191.206.81 - - [18/Apr/2026:22:57:37 +0300] "GET /greatest-real-money-web-based-casinos-gaming-internet-sites-within-the-2026/ HTTP/1.1" 200 73224 "-" "Mozilla/5.0 (Windows NT 10.0; Win64; x64) AppleWebKit/537.36 (KHTML, like Gecko) Chrome/123.0.0.0 Safari/537.36 OPR/109.0.0.0"
185.216.113.70 - - [18/Apr/2026:22:58:48 +0300] "POST /wp-cron.php?doing_wp_cron=1776542328.8055720329284667968750 HTTP/1.1" 200 448 "-" "WordPress/6.3.8; https://serhatburke.miroglu.net"
98.98.197.178 - - [18/Apr/2026:22:58:26 +0300] "POST /xmlrpc.php HTTP/1.1" 200 15378 "-" "Mozilla/5.0 (Windows NT 10.0; Win64; x64) AppleWebKit/537.36 (KHTML, like Gecko) Chrome/114.0.0.0 Safari/537.36"
104.207.44.137 - - [18/Apr/2026:22:58:27 +0300] "GET /wp-login.php HTTP/2" 200 3092 "-" "Mozilla/5.0 (Windows NT 10.0; Win64; x64; rv:127.0) Gecko/20100101 Firefox/127.0"
103.219.169.211 - - [18/Apr/2026:22:58:26 +0300] "GET /facts-growth-and-you-will-remarkable-times-the-new-2025-algorithm-step-one-year-so-far/ HTTP/1.1" 200 75945 "-" "Mozilla/5.0 (Windows NT 10.0; Win64; x64) AppleWebKit/537.36 (KHTML, like Gecko) Chrome/122.0.0.0 Safari/537.36"
185.153.197.91 - - [18/Apr/2026:22:58:35 +0300] "POST /xmlrpc.php HTTP/1.1" 200 630 "-" "Mozilla/5.0 (Windows NT 10.0; Win64; x64) AppleWebKit/537.36 (KHTML, like Gecko) Chrome/114.0.0.0 Safari/537.36"
104.207.44.137 - - [18/Apr/2026:22:58:51 +0300] "POST /xmlrpc.php HTTP/2" 200 110 "-" "Mozilla/5.0 (Macintosh; Intel Mac OS X 13_5) AppleWebKit/605.1.15 (KHTML, like Gecko) Version/17.5 Safari/605.1.15"
98.98.197.178 - - [18/Apr/2026:22:58:50 +0300] "GET /wunderino-gratorama-casino-pramie-400-pramie-100-freispiele-marz-2026/ HTTP/1.1" 200 77264 "-" "Mozilla/5.0 (Windows NT 10.0; Win64; x64; rv:125.0) Gecko/20100101 Firefox/125.0"
185.153.197.91 - - [18/Apr/2026:22:59:05 +0300] "POST /xmlrpc.php HTTP/1.1" 200 9015 "-" "Mozilla/5.0 (Windows NT 10.0; Win64; x64) AppleWebKit/537.36 (KHTML, like Gecko) Chrome/114.0.0.0 Safari/537.36"
185.216.113.70 - - [18/Apr/2026:22:59:27 +0300] "POST /wp-cron.php?doing_wp_cron=1776542367.1227340698242187500000 HTTP/1.1" 200 448 "-" "WordPress/6.3.8; https://serhatburke.miroglu.net"
104.207.44.137 - - [18/Apr/2026:22:59:15 +0300] "POST /xmlrpc.php HTTP/2" 200 2873 "-" "Mozilla/5.0 (Macintosh; Intel Mac OS X 13_5) AppleWebKit/605.1.15 (KHTML, like Gecko) Version/17.5 Safari/605.1.15"
185.153.197.91 - - [18/Apr/2026:22:59:24 +0300] "GET /do-you-know-the-regulations-and-rules-to-have-downloading-a-beneficial-maryland-sports-betting-application/ HTTP/1.1" 200 71396 "-" "Mozilla/5.0 (Windows NT 10.0; Win64; x64; rv:125.0) Gecko/20100101 Firefox/125.0"
103.219.169.211 - - [18/Apr/2026:22:59:34 +0300] "POST /xmlrpc.php HTTP/1.1" 200 630 "-" "Mozilla/5.0 (Windows NT 10.0; Win64; x64) AppleWebKit/537.36 (KHTML, like Gecko) Chrome/114.0.0.0 Safari/537.36"
216.26.249.126 - - [18/Apr/2026:22:59:55 +0300] "GET /wp-login.php HTTP/2" 200 3092 "-" "Mozilla/5.0 (Windows NT 10.0; Win64; x64) AppleWebKit/537.36 (KHTML, like Gecko) Chrome/124.0.6367.207 Safari/537.36"
103.219.169.211 - - [18/Apr/2026:22:59:55 +0300] "POST /xmlrpc.php HTTP/1.1" 200 14190 "-" "Mozilla/5.0 (Windows NT 10.0; Win64; x64) AppleWebKit/537.36 (KHTML, like Gecko) Chrome/114.0.0.0 Safari/537.36"
185.153.197.91 - - [18/Apr/2026:22:59:56 +0300] "POST /xmlrpc.php HTTP/1.1" 200 630 "-" "Mozilla/5.0 (Windows NT 10.0; Win64; x64) AppleWebKit/537.36 (KHTML, like Gecko) Chrome/114.0.0.0 Safari/537.36"
98.98.33.56 - - [18/Apr/2026:22:59:58 +0300] "POST /xmlrpc.php HTTP/1.1" 200 630 "-" "Mozilla/5.0 (Windows NT 10.0; Win64; x64) AppleWebKit/537.36 (KHTML, like Gecko) Chrome/114.0.0.0 Safari/537.36"
185.216.113.70 - - [18/Apr/2026:23:00:43 +0300] "POST /wp-cron.php?doing_wp_cron=1776542443.8696980476379394531250 HTTP/1.1" 200 448 "-" "WordPress/6.3.8; https://serhatburke.miroglu.net"
216.26.249.126 - - [18/Apr/2026:23:00:20 +0300] "POST /xmlrpc.php HTTP/2" 200 110 "-" "Mozilla/5.0 (Windows NT 10.0; Win64; x64; rv:127.0) Gecko/20100101 Firefox/127.0"
216.26.244.17 - - [18/Apr/2026:23:00:24 +0300] "GET /wp-login.php HTTP/2" 200 0 "-" "Mozilla/5.0 (Macintosh; Intel Mac OS X 13_5) AppleWebKit/605.1.15 (KHTML, like Gecko) Version/17.5 Safari/605.1.15"
103.219.169.211 - - [18/Apr/2026:23:00:22 +0300] "GET /greatest-online-slots-local-casino-incentives-2024/ HTTP/1.1" 200 75138 "-" "Mozilla/5.0 (Windows NT 10.0; Win64; x64) AppleWebKit/537.36 (KHTML, like Gecko) Chrome/109.0.0.0 Safari/537.36"
185.153.197.91 - - [18/Apr/2026:23:00:26 +0300] "POST /xmlrpc.php HTTP/1.1" 200 8933 "-" "Mozilla/5.0 (Windows NT 10.0; Win64; x64) AppleWebKit/537.36 (KHTML, like Gecko) Chrome/114.0.0.0 Safari/537.36"
98.98.33.56 - - [18/Apr/2026:23:00:28 +0300] "POST /xmlrpc.php HTTP/1.1" 200 13973 "-" "Mozilla/5.0 (Windows NT 10.0; Win64; x64) AppleWebKit/537.36 (KHTML, like Gecko) Chrome/114.0.0.0 Safari/537.36"
216.26.249.126 - - [18/Apr/2026:23:00:44 +0300] "POST /xmlrpc.php HTTP/2" 200 0 "-" "Mozilla/5.0 (Windows NT 10.0; Win64; x64) AppleWebKit/537.36 (KHTML, like Gecko) Chrome/124.0.6367.207 Safari/537.36"
65.111.12.75 - - [18/Apr/2026:23:00:56 +0300] "GET /wp-login.php HTTP/2" 200 0 "-" "Mozilla/5.0 (Windows NT 10.0; Win64; x64; rv:127.0) Gecko/20100101 Firefox/127.0"
98.98.197.178 - - [18/Apr/2026:23:00:50 +0300] "POST /xmlrpc.php HTTP/1.1" 200 630 "-" "Mozilla/5.0 (Windows NT 10.0; Win64; x64) AppleWebKit/537.36 (KHTML, like Gecko) Chrome/114.0.0.0 Safari/537.36"
98.98.33.56 - - [18/Apr/2026:23:01:04 +0300] "GET /5-macrocosmes-en-compagnie-de-tournage-avec-termes-conseilles-casino-en-ligne-mobile-of-thrones/ HTTP/1.1" 200 76405 "-" "Mozilla/5.0 (Windows NT 10.0; Win64; x64) AppleWebKit/537.36 (KHTML, like Gecko) Chrome/122.0.0.0 Safari/537.36"
185.153.197.91 - - [18/Apr/2026:23:01:04 +0300] "GET /norfolk-casino-permit-acknowledged-temp-local-casino-due-date-is-late-fifteenth/ HTTP/1.1" 200 70757 "-" "Mozilla/5.0 (Windows NT 10.0; Win64; x64) AppleWebKit/537.36 (KHTML, like Gecko) Chrome/122.0.0.0 Safari/537.36"
185.216.113.70 - - [18/Apr/2026:23:01:49 +0300] "POST /wp-cron.php?doing_wp_cron=1776542509.1912310123443603515625 HTTP/1.1" 200 448 "-" "WordPress/6.3.8; https://serhatburke.miroglu.net"
185.153.197.91 - - [18/Apr/2026:23:01:15 +0300] "POST /xmlrpc.php HTTP/1.1" 200 630 "-" "Mozilla/5.0 (Windows NT 10.0; Win64; x64) AppleWebKit/537.36 (KHTML, like Gecko) Chrome/114.0.0.0 Safari/537.36"
216.26.249.126 - - [18/Apr/2026:23:01:22 +0300] "POST /xmlrpc.php HTTP/2" 200 0 "-" "Mozilla/5.0 (Windows NT 10.0; Win64; x64; rv:127.0) Gecko/20100101 Firefox/127.0"
216.26.233.70 - - [18/Apr/2026:23:01:27 +0300] "GET /wp-login.php HTTP/2" 200 0 "-" "Mozilla/5.0 (Macintosh; Intel Mac OS X 13_5) AppleWebKit/605.1.15 (KHTML, like Gecko) Version/17.5 Safari/605.1.15"
185.216.113.70 - - [18/Apr/2026:23:01:58 +0300] "POST /wp-cron.php?doing_wp_cron=1776542518.0395200252532958984375 HTTP/1.1" 200 448 "-" "WordPress/6.3.8; https://serhatburke.miroglu.net"
185.216.113.70 - - [18/Apr/2026:23:02:08 +0300] "POST /wp-cron.php?doing_wp_cron=1776542528.6732180118560791015625 HTTP/1.1" 200 448 "-" "WordPress/6.3.8; https://serhatburke.miroglu.net"
98.98.197.178 - - [18/Apr/2026:23:01:34 +0300] "POST /xmlrpc.php HTTP/1.1" 200 15792 "-" "Mozilla/5.0 (Windows NT 10.0; Win64; x64) AppleWebKit/537.36 (KHTML, like Gecko) Chrome/114.0.0.0 Safari/537.36"
216.26.249.126 - - [18/Apr/2026:23:01:56 +0300] "POST /xmlrpc.php HTTP/2" 200 0 "-" "Mozilla/5.0 (Macintosh; Intel Mac OS X 13_5) AppleWebKit/605.1.15 (KHTML, like Gecko) Version/17.5 Safari/605.1.15"
65.111.7.145 - - [18/Apr/2026:23:01:58 +0300] "GET /wp-login.php HTTP/2" 200 0 "-" "Mozilla/5.0 (Macintosh; Intel Mac OS X 13_5) AppleWebKit/605.1.15 (KHTML, like Gecko) Version/17.5 Safari/605.1.15"
103.219.169.211 - - [18/Apr/2026:23:01:48 +0300] "POST /xmlrpc.php HTTP/1.1" 200 630 "-" "Mozilla/5.0 (Windows NT 10.0; Win64; x64) AppleWebKit/537.36 (KHTML, like Gecko) Chrome/114.0.0.0 Safari/537.36"
185.153.197.91 - - [18/Apr/2026:23:01:55 +0300] "POST /xmlrpc.php HTTP/1.1" 200 8859 "-" "Mozilla/5.0 (Windows NT 10.0; Win64; x64) AppleWebKit/537.36 (KHTML, like Gecko) Chrome/114.0.0.0 Safari/537.36"
216.26.249.126 - - [18/Apr/2026:23:02:26 +0300] "POST /xmlrpc.php HTTP/2" 200 0 "-" "Mozilla/5.0 (Macintosh; Intel Mac OS X 13_5) AppleWebKit/605.1.15 (KHTML, like Gecko) Version/17.5 Safari/605.1.15"
98.98.197.178 - - [18/Apr/2026:23:02:10 +0300] "GET /wunderino-provision-400-casinos4u-login-registration-willkommensbonus-freispiele-beschutzen/ HTTP/1.1" 200 78154 "-" "Mozilla/5.0 (Windows NT 10.0; rv:125.0) Gecko/20100101 Firefox/125.0"
216.26.244.128 - - [18/Apr/2026:23:02:35 +0300] "GET /wp-login.php HTTP/2" 200 0 "-" "Mozilla/5.0 (Windows NT 10.0; Win64; x64; rv:127.0) Gecko/20100101 Firefox/127.0"
185.153.197.91 - - [18/Apr/2026:23:02:29 +0300] "POST /xmlrpc.php HTTP/1.1" 200 630 "-" "Mozilla/5.0 (Windows NT 10.0; Win64; x64) AppleWebKit/537.36 (KHTML, like Gecko) Chrome/114.0.0.0 Safari/537.36"
185.216.113.70 - - [18/Apr/2026:23:03:11 +0300] "POST /wp-cron.php?doing_wp_cron=1776542590.8858759403228759765625 HTTP/1.1" 200 448 "-" "WordPress/6.3.8; https://serhatburke.miroglu.net"
185.216.113.70 - - [18/Apr/2026:23:03:12 +0300] "POST /wp-cron.php?doing_wp_cron=1776542592.7026689052581787109375 HTTP/1.1" 200 448 "-" "WordPress/6.3.8; https://serhatburke.miroglu.net"
103.219.169.211 - - [18/Apr/2026:23:02:38 +0300] "POST /xmlrpc.php HTTP/1.1" 200 15144 "-" "Mozilla/5.0 (Windows NT 10.0; Win64; x64) AppleWebKit/537.36 (KHTML, like Gecko) Chrome/114.0.0.0 Safari/537.36"
185.216.113.70 - - [18/Apr/2026:23:03:15 +0300] "POST /wp-cron.php?doing_wp_cron=1776542595.2898359298706054687500 HTTP/1.1" 200 448 "-" "WordPress/6.3.8; https://serhatburke.miroglu.net"
185.153.197.91 - - [18/Apr/2026:23:02:44 +0300] "GET /unique-travel-having-vip-members-are-often-and-available-eg-phase-shows-and-activities/ HTTP/1.1" 200 70676 "-" "Mozilla/5.0 (Windows NT 10.0; Win64; x64) AppleWebKit/537.36 (KHTML, like Gecko) Chrome/123.0.0.0 Safari/537.36"
104.207.50.211 - - [18/Apr/2026:23:03:05 +0300] "GET /wp-login.php HTTP/2" 200 0 "-" "Mozilla/5.0 (Macintosh; Intel Mac OS X 13_5) AppleWebKit/605.1.15 (KHTML, like Gecko) Version/17.5 Safari/605.1.15"
185.216.113.70 - - [18/Apr/2026:23:03:42 +0300] "POST /wp-cron.php?doing_wp_cron=1776542622.6972589492797851562500 HTTP/1.1" 200 448 "-" "WordPress/6.3.8; https://serhatburke.miroglu.net"
151.123.176.7 - - [18/Apr/2026:23:03:38 +0300] "GET /wp-login.php HTTP/2" 200 0 "-" "Mozilla/5.0 (Windows NT 10.0; Win64; x64; rv:127.0) Gecko/20100101 Firefox/127.0"
104.207.52.255 - - [18/Apr/2026:23:03:39 +0300] "GET /wp-login.php HTTP/2" 200 0 "-" "Mozilla/5.0 (Windows NT 10.0; Win64; x64; rv:127.0) Gecko/20100101 Firefox/127.0"
185.153.197.91 - - [18/Apr/2026:23:03:15 +0300] "POST /xmlrpc.php HTTP/1.1" 200 8993 "-" "Mozilla/5.0 (Windows NT 10.0; Win64; x64) AppleWebKit/537.36 (KHTML, like Gecko) Chrome/114.0.0.0 Safari/537.36"
98.98.33.56 - - [18/Apr/2026:23:03:18 +0300] "POST /xmlrpc.php HTTP/1.1" 200 630 "-" "Mozilla/5.0 (Windows NT 10.0; Win64; x64) AppleWebKit/537.36 (KHTML, like Gecko) Chrome/114.0.0.0 Safari/537.36"
103.219.169.211 - - [18/Apr/2026:23:03:15 +0300] "GET /android-os-applications-by-draftkings-inc-on-the-internet-play/ HTTP/1.1" 200 76289 "-" "Mozilla/5.0 (Windows NT 10.0; Win64; x64) AppleWebKit/537.36 (KHTML, like Gecko) Chrome/123.0.0.0 Safari/537.36 OPR/109.0.0.0"
185.153.197.91 - - [18/Apr/2026:23:03:29 +0300] "POST /xmlrpc.php HTTP/1.1" 200 630 "-" "Mozilla/5.0 (Windows NT 10.0; Win64; x64) AppleWebKit/537.36 (KHTML, like Gecko) Chrome/114.0.0.0 Safari/537.36"
45.3.45.173 - - [18/Apr/2026:23:04:08 +0300] "GET /wp-login.php HTTP/2" 200 0 "-" "Mozilla/5.0 (Windows NT 10.0; Win64; x64; rv:127.0) Gecko/20100101 Firefox/127.0"
216.26.251.148 - - [18/Apr/2026:23:04:10 +0300] "GET /wp-login.php HTTP/2" 200 0 "-" "Mozilla/5.0 (Windows NT 10.0; Win64; x64; rv:127.0) Gecko/20100101 Firefox/127.0"
185.216.113.70 - - [18/Apr/2026:23:04:44 +0300] "POST /wp-cron.php?doing_wp_cron=1776542684.6940319538116455078125 HTTP/1.1" 200 448 "-" "WordPress/6.3.8; https://serhatburke.miroglu.net"
103.219.169.211 - - [18/Apr/2026:23:03:47 +0300] "POST /xmlrpc.php HTTP/1.1" 200 630 "-" "Mozilla/5.0 (Windows NT 10.0; Win64; x64) AppleWebKit/537.36 (KHTML, like Gecko) Chrome/114.0.0.0 Safari/537.36"
185.216.113.70 - - [18/Apr/2026:23:04:48 +0300] "POST /wp-cron.php?doing_wp_cron=1776542688.0113630294799804687500 HTTP/1.1" 200 448 "-" "WordPress/6.3.8; https://serhatburke.miroglu.net"
98.98.197.178 - - [18/Apr/2026:23:03:47 +0300] "POST /xmlrpc.php HTTP/1.1" 200 630 "-" "Mozilla/5.0 (Windows NT 10.0; Win64; x64) AppleWebKit/537.36 (KHTML, like Gecko) Chrome/114.0.0.0 Safari/537.36"
185.216.113.70 - - [18/Apr/2026:23:05:02 +0300] "POST /wp-cron.php?doing_wp_cron=1776542702.6561810970306396484375 HTTP/1.1" 200 448 "-" "WordPress/6.3.8; https://serhatburke.miroglu.net"
185.216.113.70 - - [18/Apr/2026:23:05:04 +0300] "POST /wp-cron.php?doing_wp_cron=1776542703.9477179050445556640625 HTTP/1.1" 200 448 "-" "WordPress/6.3.8; https://serhatburke.miroglu.net"
185.153.197.91 - - [18/Apr/2026:23:04:11 +0300] "GET /one-of-the-few-states-in-which-online-gambling-is-actually-fully-offered-try-western-virginia/ HTTP/1.1" 200 70663 "-" "Mozilla/5.0 (Windows NT 10.0; Win64; x64) AppleWebKit/537.36 (KHTML, like Gecko) Chrome/124.0.0.0 Safari/537.36"
216.26.250.35 - - [18/Apr/2026:23:04:39 +0300] "GET /wp-login.php HTTP/2" 200 0 "-" "Mozilla/5.0 (Windows NT 10.0; Win64; x64) AppleWebKit/537.36 (KHTML, like Gecko) Chrome/124.0.6367.207 Safari/537.36"
209.50.174.97 - - [18/Apr/2026:23:04:48 +0300] "GET /wp-login.php HTTP/2" 200 0 "-" "Mozilla/5.0 (Windows NT 10.0; Win64; x64; rv:127.0) Gecko/20100101 Firefox/127.0"
185.216.113.70 - - [18/Apr/2026:23:05:25 +0300] "POST /wp-cron.php?doing_wp_cron=1776542725.1721138954162597656250 HTTP/1.1" 200 448 "-" "WordPress/6.3.8; https://serhatburke.miroglu.net"
98.98.33.56 - - [18/Apr/2026:23:04:23 +0300] "POST /xmlrpc.php HTTP/1.1" 200 14455 "-" "Mozilla/5.0 (Windows NT 10.0; Win64; x64) AppleWebKit/537.36 (KHTML, like Gecko) Chrome/114.0.0.0 Safari/537.36"
45.3.54.120 - - [18/Apr/2026:23:05:10 +0300] "GET /wp-login.php HTTP/2" 200 0 "-" "Mozilla/5.0 (Windows NT 10.0; Win64; x64) AppleWebKit/537.36 (KHTML, like Gecko) Chrome/124.0.6367.207 Safari/537.36"
185.216.113.70 - - [18/Apr/2026:23:05:44 +0300] "POST /wp-cron.php?doing_wp_cron=1776542743.9159789085388183593750 HTTP/1.1" 200 448 "-" "WordPress/6.3.8; https://serhatburke.miroglu.net"
185.153.197.91 - - [18/Apr/2026:23:04:38 +0300] "POST /xmlrpc.php HTTP/1.1" 200 12668 "-" "Mozilla/5.0 (Windows NT 10.0; Win64; x64) AppleWebKit/537.36 (KHTML, like Gecko) Chrome/114.0.0.0 Safari/537.36"
45.3.32.152 - - [18/Apr/2026:23:05:22 +0300] "GET /wp-login.php HTTP/2" 200 0 "-" "Mozilla/5.0 (Macintosh; Intel Mac OS X 13_5) AppleWebKit/605.1.15 (KHTML, like Gecko) Version/17.5 Safari/605.1.15"
185.216.113.70 - - [18/Apr/2026:23:06:08 +0300] "POST /wp-cron.php?doing_wp_cron=1776542762.4573490619659423828125 HTTP/1.1" 200 448 "-" "WordPress/6.3.8; https://serhatburke.miroglu.net"
216.26.251.207 - - [18/Apr/2026:23:05:41 +0300] "GET /wp-login.php HTTP/2" 200 0 "-" "Mozilla/5.0 (Windows NT 10.0; Win64; x64; rv:127.0) Gecko/20100101 Firefox/127.0"
185.216.113.70 - - [18/Apr/2026:23:06:17 +0300] "POST /wp-cron.php?doing_wp_cron=1776542777.2807168960571289062500 HTTP/1.1" 200 448 "-" "WordPress/6.3.8; https://serhatburke.miroglu.net"
185.216.113.70 - - [18/Apr/2026:23:06:17 +0300] "POST /wp-cron.php?doing_wp_cron=1776542777.4874639511108398437500 HTTP/1.1" 200 448 "-" "WordPress/6.3.8; https://serhatburke.miroglu.net"
103.219.169.211 - - [18/Apr/2026:23:04:52 +0300] "POST /xmlrpc.php HTTP/1.1" 200 14102 "-" "Mozilla/5.0 (Windows NT 10.0; Win64; x64) AppleWebKit/537.36 (KHTML, like Gecko) Chrome/114.0.0.0 Safari/537.36"
98.98.197.178 - - [18/Apr/2026:23:04:54 +0300] "POST /xmlrpc.php HTTP/1.1" 200 14958 "-" "Mozilla/5.0 (Windows NT 10.0; Win64; x64) AppleWebKit/537.36 (KHTML, like Gecko) Chrome/114.0.0.0 Safari/537.36"
185.216.113.70 - - [18/Apr/2026:23:06:29 +0300] "POST /wp-cron.php?doing_wp_cron=1776542789.1111860275268554687500 HTTP/1.1" 200 448 "-" "WordPress/6.3.8; https://serhatburke.miroglu.net"
185.153.197.91 - - [18/Apr/2026:23:05:04 +0300] "POST /xmlrpc.php HTTP/1.1" 200 630 "-" "Mozilla/5.0 (Windows NT 10.0; Win64; x64) AppleWebKit/537.36 (KHTML, like Gecko) Chrome/114.0.0.0 Safari/537.36"
45.3.44.29 - - [18/Apr/2026:23:06:12 +0300] "GET /wp-login.php HTTP/2" 200 0 "-" "Mozilla/5.0 (Windows NT 10.0; Win64; x64) AppleWebKit/537.36 (KHTML, like Gecko) Chrome/124.0.6367.207 Safari/537.36"
104.207.52.182 - - [18/Apr/2026:23:06:42 +0300] "GET /wp-login.php HTTP/2" 200 0 "-" "Mozilla/5.0 (Macintosh; Intel Mac OS X 13_5) AppleWebKit/605.1.15 (KHTML, like Gecko) Version/17.5 Safari/605.1.15"
185.216.113.70 - - [18/Apr/2026:23:07:22 +0300] "POST /wp-cron.php?doing_wp_cron=1776542842.1019411087036132812500 HTTP/1.1" 200 448 "-" "WordPress/6.3.8; https://serhatburke.miroglu.net"
98.98.33.56 - - [18/Apr/2026:23:05:27 +0300] "GET /craps-un-brin-sans-aucun-meilleurs-jeux-baccarat-en-ligne-osborn-food-service/ HTTP/1.1" 200 75726 "-" "Mozilla/5.0 (Windows NT 10.0; rv:125.0) Gecko/20100101 Firefox/125.0"
200.25.47.107 - - [18/Apr/2026:23:05:35 +0300] "POST /xmlrpc.php HTTP/1.1" 500 745 "-" "Mozilla/5.0 (Windows NT 10.0; Win64; x64) AppleWebKit/537.36 (KHTML, like Gecko) Chrome/114.0.0.0 Safari/537.36"
185.216.113.70 - - [18/Apr/2026:23:07:43 +0300] "POST /wp-cron.php?doing_wp_cron=1776542863.5020980834960937500000 HTTP/1.1" 200 448 "-" "WordPress/6.3.8; https://serhatburke.miroglu.net"
216.26.239.166 - - [18/Apr/2026:23:07:14 +0300] "GET /wp-login.php HTTP/2" 200 0 "-" "Mozilla/5.0 (Macintosh; Intel Mac OS X 13_5) AppleWebKit/605.1.15 (KHTML, like Gecko) Version/17.5 Safari/605.1.15"
185.153.197.91 - - [18/Apr/2026:23:05:44 +0300] "GET /is-playing-poker-the-real-deal-profit-ms-court/ HTTP/1.1" 500 745 "-" "Mozilla/5.0 (Windows NT 10.0; Win64; x64) AppleWebKit/537.36 (KHTML, like Gecko) Chrome/124.0.0.0 Safari/537.36 Edg/124.0.0.0"
103.219.169.211 - - [18/Apr/2026:23:05:52 +0300] "POST /xmlrpc.php HTTP/1.1" 500 745 "-" "Mozilla/5.0 (Windows NT 10.0; Win64; x64) AppleWebKit/537.36 (KHTML, like Gecko) Chrome/114.0.0.0 Safari/537.36"
65.21.110.111 - - [18/Apr/2026:23:06:08 +0300] "POST /xmlrpc.php HTTP/1.1" 500 745 "-" "Mozilla/5.0 (Windows NT 10.0; Win64; x64) AppleWebKit/537.36 (KHTML, like Gecko) Chrome/108.0.0.0 Safari/537.36"
98.98.197.178 - - [18/Apr/2026:23:06:18 +0300] "GET /wunderino-login-unter-online-slot-spiele-gold-diggers-anderem-registration-im-spielsaal-pro-zocker-leer-land-der-dichter-und-denker/ HTTP/1.1" 500 745 "-" "Mozilla/5.0 (Windows NT 10.0; Win64; x64) AppleWebKit/537.36 (KHTML, like Gecko) Chrome/123.0.0.0 Safari/537.36"
185.216.113.70 - - [18/Apr/2026:23:08:20 +0300] "POST /wp-cron.php?doing_wp_cron=1776542899.9809401035308837890625 HTTP/1.1" 200 448 "-" "WordPress/6.3.8; https://serhatburke.miroglu.net"
103.219.169.211 - - [18/Apr/2026:23:06:20 +0300] "GET /esports-community-glass-2025-announces-the-fresh-come-back-from-starcraft-ii-everything-we-learn-so-far/ HTTP/1.1" 500 745 "-" "Mozilla/5.0 (Windows NT 10.0; Win64; x64; rv:125.0) Gecko/20100101 Firefox/125.0"
98.98.33.56 - - [18/Apr/2026:23:06:35 +0300] "POST /xmlrpc.php HTTP/1.1" 200 630 "-" "Mozilla/5.0 (Windows NT 10.0; Win64; x64) AppleWebKit/537.36 (KHTML, like Gecko) Chrome/114.0.0.0 Safari/537.36"
185.216.113.70 - - [18/Apr/2026:23:08:19 +0300] "POST /wp-cron.php?doing_wp_cron=1776542899.4664359092712402343750 HTTP/1.1" 200 448 "-" "WordPress/6.3.8; https://serhatburke.miroglu.net"
65.111.28.182 - - [18/Apr/2026:23:07:52 +0300] "GET /wp-login.php HTTP/2" 200 0 "-" "Mozilla/5.0 (Windows NT 10.0; Win64; x64) AppleWebKit/537.36 (KHTML, like Gecko) Chrome/124.0.6367.207 Safari/537.36"
185.153.197.91 - - [18/Apr/2026:23:06:28 +0300] "POST /xmlrpc.php HTTP/1.1" 500 745 "-" "Mozilla/5.0 (Windows NT 10.0; Win64; x64) AppleWebKit/537.36 (KHTML, like Gecko) Chrome/114.0.0.0 Safari/537.36"
185.216.113.70 - - [18/Apr/2026:23:08:29 +0300] "POST /wp-cron.php?doing_wp_cron=1776542909.4190559387207031250000 HTTP/1.1" 200 448 "-" "WordPress/6.3.8; https://serhatburke.miroglu.net"
185.153.197.91 - - [18/Apr/2026:23:06:35 +0300] "POST /xmlrpc.php HTTP/1.1" 500 745 "-" "Mozilla/5.0 (Windows NT 10.0; Win64; x64) AppleWebKit/537.36 (KHTML, like Gecko) Chrome/114.0.0.0 Safari/537.36"
98.98.197.178 - - [18/Apr/2026:23:06:48 +0300] "POST /xmlrpc.php HTTP/1.1" 500 745 "-" "Mozilla/5.0 (Windows NT 10.0; Win64; x64) AppleWebKit/537.36 (KHTML, like Gecko) Chrome/114.0.0.0 Safari/537.36"
104.207.38.92 - - [18/Apr/2026:23:08:23 +0300] "GET /wp-login.php HTTP/2" 200 0 "-" "Mozilla/5.0 (Windows NT 10.0; Win64; x64) AppleWebKit/537.36 (KHTML, like Gecko) Chrome/124.0.6367.207 Safari/537.36"
185.216.113.70 - - [18/Apr/2026:23:08:55 +0300] "POST /wp-cron.php?doing_wp_cron=1776542935.5310840606689453125000 HTTP/1.1" 200 448 "-" "WordPress/6.3.8; https://serhatburke.miroglu.net"
185.216.113.70 - - [18/Apr/2026:23:08:58 +0300] "POST /wp-cron.php?doing_wp_cron=1776542938.5791850090026855468750 HTTP/1.1" 200 448 "-" "WordPress/6.3.8; https://serhatburke.miroglu.net"
98.98.33.56 - - [18/Apr/2026:23:07:07 +0300] "POST /xmlrpc.php HTTP/1.1" 500 745 "-" "Mozilla/5.0 (Windows NT 10.0; Win64; x64) AppleWebKit/537.36 (KHTML, like Gecko) Chrome/114.0.0.0 Safari/537.36"
200.25.47.107 - - [18/Apr/2026:23:07:15 +0300] "POST /xmlrpc.php HTTP/1.1" 500 745 "-" "Mozilla/5.0 (Windows NT 10.0; Win64; x64) AppleWebKit/537.36 (KHTML, like Gecko) Chrome/114.0.0.0 Safari/537.36"
185.153.197.91 - - [18/Apr/2026:23:07:26 +0300] "POST /xmlrpc.php HTTP/1.1" 500 745 "-" "Mozilla/5.0 (Windows NT 10.0; Win64; x64) AppleWebKit/537.36 (KHTML, like Gecko) Chrome/114.0.0.0 Safari/537.36"
103.219.169.211 - - [18/Apr/2026:23:07:32 +0300] "POST /xmlrpc.php HTTP/1.1" 500 745 "-" "Mozilla/5.0 (Windows NT 10.0; Win64; x64) AppleWebKit/537.36 (KHTML, like Gecko) Chrome/114.0.0.0 Safari/537.36"
185.216.113.70 - - [18/Apr/2026:23:09:34 +0300] "POST /wp-cron.php?doing_wp_cron=1776542974.6816658973693847656250 HTTP/1.1" 200 448 "-" "WordPress/6.3.8; https://serhatburke.miroglu.net"
34.116.28.32 - - [18/Apr/2026:23:07:38 +0300] "GET /888starz-100-240327/ HTTP/1.1" 200 18128 "-" "Mozilla/5.0 (compatible; Google-Apps-Script; beanserver; +https://script.google.com; id: UAEmdDd98-IqFHPQ7FFTjM1LThi7WIa68nzw)"
103.219.169.211 - - [18/Apr/2026:23:07:41 +0300] "POST /xmlrpc.php HTTP/1.1" 500 745 "-" "Mozilla/5.0 (Windows NT 10.0; Win64; x64) AppleWebKit/537.36 (KHTML, like Gecko) Chrome/114.0.0.0 Safari/537.36"
185.216.113.70 - - [18/Apr/2026:23:09:46 +0300] "POST /wp-cron.php?doing_wp_cron=1776542986.6752390861511230468750 HTTP/1.1" 200 448 "-" "WordPress/6.3.8; https://serhatburke.miroglu.net"
98.98.197.178 - - [18/Apr/2026:23:07:59 +0300] "POST /xmlrpc.php HTTP/1.1" 200 627 "-" "Mozilla/5.0 (Windows NT 10.0; Win64; x64) AppleWebKit/537.36 (KHTML, like Gecko) Chrome/114.0.0.0 Safari/537.36"
185.153.197.91 - - [18/Apr/2026:23:07:47 +0300] "POST /xmlrpc.php HTTP/1.1" 500 745 "-" "Mozilla/5.0 (Windows NT 10.0; Win64; x64) AppleWebKit/537.36 (KHTML, like Gecko) Chrome/114.0.0.0 Safari/537.36"
103.219.169.211 - - [18/Apr/2026:23:08:01 +0300] "POST /xmlrpc.php HTTP/1.1" 500 745 "-" "Mozilla/5.0 (Windows NT 10.0; Win64; x64) AppleWebKit/537.36 (KHTML, like Gecko) Chrome/114.0.0.0 Safari/537.36"
185.216.113.70 - - [18/Apr/2026:23:10:08 +0300] "POST /wp-cron.php?doing_wp_cron=1776543008.3551979064941406250000 HTTP/1.1" 200 448 "-" "WordPress/6.3.8; https://serhatburke.miroglu.net"
98.98.33.56 - - [18/Apr/2026:23:08:15 +0300] "POST /xmlrpc.php HTTP/1.1" 500 1102 "-" "Mozilla/5.0 (Windows NT 10.0; Win64; x64) AppleWebKit/537.36 (KHTML, like Gecko) Chrome/114.0.0.0 Safari/537.36"
185.216.113.70 - - [18/Apr/2026:23:10:09 +0300] "POST /wp-cron.php?doing_wp_cron=1776543009.0588390827178955078125 HTTP/1.1" 200 448 "-" "WordPress/6.3.8; https://serhatburke.miroglu.net"
185.153.197.91 - - [18/Apr/2026:23:08:09 +0300] "POST /xmlrpc.php HTTP/1.1" 500 745 "-" "Mozilla/5.0 (Windows NT 10.0; Win64; x64) AppleWebKit/537.36 (KHTML, like Gecko) Chrome/114.0.0.0 Safari/537.36"
185.216.113.70 - - [18/Apr/2026:23:10:17 +0300] "POST /wp-cron.php?doing_wp_cron=1776543017.5888729095458984375000 HTTP/1.1" 200 448 "-" "WordPress/6.3.8; https://serhatburke.miroglu.net"
98.98.197.178 - - [18/Apr/2026:23:08:28 +0300] "POST /xmlrpc.php HTTP/1.1" 500 1102 "-" "Mozilla/5.0 (Windows NT 10.0; Win64; x64) AppleWebKit/537.36 (KHTML, like Gecko) Chrome/114.0.0.0 Safari/537.36"
185.153.197.91 - - [18/Apr/2026:23:08:22 +0300] "POST /xmlrpc.php HTTP/1.1" 500 745 "-" "Mozilla/5.0 (Windows NT 10.0; Win64; x64) AppleWebKit/537.36 (KHTML, like Gecko) Chrome/114.0.0.0 Safari/537.36"
185.216.113.70 - - [18/Apr/2026:23:10:23 +0300] "POST /wp-cron.php?doing_wp_cron=1776543023.4992361068725585937500 HTTP/1.1" 200 448 "-" "WordPress/6.3.8; https://serhatburke.miroglu.net"
185.216.113.70 - - [18/Apr/2026:23:10:49 +0300] "POST /wp-cron.php?doing_wp_cron=1776543049.4562799930572509765625 HTTP/1.1" 200 448 "-" "WordPress/6.3.8; https://serhatburke.miroglu.net"
5.78.159.87 - - [18/Apr/2026:23:09:08 +0300] "POST /xmlrpc.php HTTP/1.1" 200 604 "-" "Mozilla/5.0 (Windows NT 10.0; Win64; x64) AppleWebKit/537.36 (KHTML, like Gecko) Chrome/108.0.0.0 Safari/537.36"
185.153.197.91 - - [18/Apr/2026:23:08:57 +0300] "POST /xmlrpc.php HTTP/1.1" 500 745 "-" "Mozilla/5.0 (Windows NT 10.0; Win64; x64) AppleWebKit/537.36 (KHTML, like Gecko) Chrome/114.0.0.0 Safari/537.36"
5.78.159.87 - - [18/Apr/2026:23:10:40 +0300] "POST /xmlrpc.php HTTP/1.1" 200 0 "-" "Mozilla/5.0 (Windows NT 10.0; Win64; x64) AppleWebKit/537.36 (KHTML, like Gecko) Chrome/108.0.0.0 Safari/537.36"
185.216.113.70 - - [18/Apr/2026:23:11:17 +0300] "POST /wp-cron.php?doing_wp_cron=1776543077.4550778865814208984375 HTTP/1.1" 200 448 "-" "WordPress/6.3.8; https://serhatburke.miroglu.net"
185.153.197.91 - - [18/Apr/2026:23:09:28 +0300] "POST /xmlrpc.php HTTP/1.1" 500 1102 "-" "Mozilla/5.0 (Windows NT 10.0; Win64; x64) AppleWebKit/537.36 (KHTML, like Gecko) Chrome/114.0.0.0 Safari/537.36"
103.219.169.211 - - [18/Apr/2026:23:09:21 +0300] "POST /xmlrpc.php HTTP/1.1" 500 745 "-" "Mozilla/5.0 (Windows NT 10.0; Win64; x64) AppleWebKit/537.36 (KHTML, like Gecko) Chrome/114.0.0.0 Safari/537.36"
185.191.206.81 - - [18/Apr/2026:23:09:46 +0300] "POST /xmlrpc.php HTTP/1.1" 500 745 "-" "Mozilla/5.0 (Windows NT 10.0; Win64; x64) AppleWebKit/537.36 (KHTML, like Gecko) Chrome/114.0.0.0 Safari/537.36"
185.216.113.70 - - [18/Apr/2026:23:11:49 +0300] "POST /wp-cron.php?doing_wp_cron=1776543109.3558909893035888671875 HTTP/1.1" 200 448 "-" "WordPress/6.3.8; https://serhatburke.miroglu.net"
98.98.33.56 - - [18/Apr/2026:23:10:00 +0300] "POST /xmlrpc.php HTTP/1.1" 200 13361 "-" "Mozilla/5.0 (Windows NT 10.0; Win64; x64) AppleWebKit/537.36 (KHTML, like Gecko) Chrome/114.0.0.0 Safari/537.36"
185.216.113.70 - - [18/Apr/2026:23:11:50 +0300] "POST /wp-cron.php?doing_wp_cron=1776543109.7863569259643554687500 HTTP/1.1" 200 448 "-" "WordPress/6.3.8; https://serhatburke.miroglu.net"
185.216.113.70 - - [18/Apr/2026:23:11:51 +0300] "POST /wp-cron.php?doing_wp_cron=1776543111.7634110450744628906250 HTTP/1.1" 200 448 "-" "WordPress/6.3.8; https://serhatburke.miroglu.net"
157.90.114.254 - - [18/Apr/2026:23:10:18 +0300] "POST /xmlrpc.php HTTP/1.1" 200 603 "-" "Mozilla/5.0 (Windows NT 10.0; Win64; x64) AppleWebKit/537.36 (KHTML, like Gecko) Chrome/108.0.0.0 Safari/537.36"
185.153.197.91 - - [18/Apr/2026:23:10:01 +0300] "GET /?p=119084 HTTP/1.1" 301 673 "-" "Mozilla/5.0 (Windows NT 10.0; rv:125.0) Gecko/20100101 Firefox/125.0"
185.216.113.70 - - [18/Apr/2026:23:12:19 +0300] "POST /wp-cron.php?doing_wp_cron=1776543138.8629701137542724609375 HTTP/1.1" 200 448 "-" "WordPress/6.3.8; https://serhatburke.miroglu.net"
185.153.197.91 - - [18/Apr/2026:23:10:42 +0300] "POST /xmlrpc.php HTTP/1.1" 500 1102 "-" "Mozilla/5.0 (Windows NT 10.0; Win64; x64) AppleWebKit/537.36 (KHTML, like Gecko) Chrome/114.0.0.0 Safari/537.36"
185.216.113.70 - - [18/Apr/2026:23:12:19 +0300] "POST /wp-cron.php?doing_wp_cron=1776543139.6753931045532226562500 HTTP/1.1" 200 448 "-" "WordPress/6.3.8; https://serhatburke.miroglu.net"
5.78.159.87 - - [18/Apr/2026:23:11:04 +0300] "POST /xmlrpc.php HTTP/1.1" 200 603 "-" "Mozilla/5.0 (Windows NT 10.0; Win64; x64) AppleWebKit/537.36 (KHTML, like Gecko) Chrome/108.0.0.0 Safari/537.36"
40.77.167.17 - - [18/Apr/2026:23:11:54 +0300] "GET /category-sitemap.xml HTTP/2" 200 0 "-" "Mozilla/5.0 AppleWebKit/537.36 (KHTML, like Gecko; compatible; bingbot/2.0; +http://www.bing.com/bingbot.htm) Chrome/116.0.1938.76 Safari/537.36"
185.216.113.70 - - [18/Apr/2026:23:12:58 +0300] "POST /wp-cron.php?doing_wp_cron=1776543178.0692670345306396484375 HTTP/1.1" 200 448 "-" "WordPress/6.3.8; https://serhatburke.miroglu.net"
185.153.197.91 - - [18/Apr/2026:23:11:45 +0300] "POST /xmlrpc.php HTTP/1.1" 200 627 "-" "Mozilla/5.0 (Windows NT 10.0; Win64; x64) AppleWebKit/537.36 (KHTML, like Gecko) Chrome/114.0.0.0 Safari/537.36"
185.216.113.70 - - [18/Apr/2026:23:13:10 +0300] "POST /wp-cron.php?doing_wp_cron=1776543190.4713299274444580078125 HTTP/1.1" 200 448 "-" "WordPress/6.3.8; https://serhatburke.miroglu.net"
98.98.33.56 - - [18/Apr/2026:23:11:53 +0300] "POST /xmlrpc.php HTTP/1.1" 200 13361 "-" "Mozilla/5.0 (Windows NT 10.0; Win64; x64) AppleWebKit/537.36 (KHTML, like Gecko) Chrome/114.0.0.0 Safari/537.36"
185.216.113.70 - - [18/Apr/2026:23:13:11 +0300] "POST /wp-cron.php?doing_wp_cron=1776543191.2817130088806152343750 HTTP/1.1" 200 448 "-" "WordPress/6.3.8; https://serhatburke.miroglu.net"
185.191.206.81 - - [18/Apr/2026:23:11:27 +0300] "POST /xmlrpc.php HTTP/1.1" 500 1102 "-" "Mozilla/5.0 (Windows NT 10.0; Win64; x64) AppleWebKit/537.36 (KHTML, like Gecko) Chrome/114.0.0.0 Safari/537.36"
185.216.113.70 - - [18/Apr/2026:23:13:20 +0300] "POST /wp-cron.php?doing_wp_cron=1776543199.8699469566345214843750 HTTP/1.1" 200 448 "-" "WordPress/6.3.8; https://serhatburke.miroglu.net"
157.90.114.254 - - [18/Apr/2026:23:11:58 +0300] "POST /xmlrpc.php HTTP/1.1" 200 603 "-" "Mozilla/5.0 (Windows NT 10.0; Win64; x64) AppleWebKit/537.36 (KHTML, like Gecko) Chrome/108.0.0.0 Safari/537.36"
185.216.113.70 - - [18/Apr/2026:23:13:28 +0300] "POST /wp-cron.php?doing_wp_cron=1776543208.5824320316314697265625 HTTP/1.1" 200 448 "-" "WordPress/6.3.8; https://serhatburke.miroglu.net"
46.224.140.177 - - [18/Apr/2026:23:11:59 +0300] "POST /xmlrpc.php HTTP/1.1" 200 604 "-" "Mozilla/5.0 (Windows NT 10.0; Win64; x64) AppleWebKit/537.36 (KHTML, like Gecko) Chrome/108.0.0.0 Safari/537.36"
185.216.113.70 - - [18/Apr/2026:23:13:35 +0300] "POST /wp-cron.php?doing_wp_cron=1776543215.3669741153717041015625 HTTP/1.1" 200 448 "-" "WordPress/6.3.8; https://serhatburke.miroglu.net"
185.216.113.70 - - [18/Apr/2026:23:13:37 +0300] "POST /wp-cron.php?doing_wp_cron=1776543217.6650879383087158203125 HTTP/1.1" 200 448 "-" "WordPress/6.3.8; https://serhatburke.miroglu.net"
185.153.197.91 - - [18/Apr/2026:23:11:56 +0300] "GET /phone-call-1-800-gambler-otherwise-see-fanduel-rg-nj-pa-mi-otherwise-go-to-wv-or-ct/ HTTP/1.1" 404 56475 "-" "Mozilla/5.0 (Windows NT 10.0; rv:125.0) Gecko/20100101 Firefox/125.0"
185.216.113.70 - - [18/Apr/2026:23:13:44 +0300] "POST /wp-cron.php?doing_wp_cron=1776543224.4719760417938232421875 HTTP/1.1" 200 448 "-" "WordPress/6.3.8; https://serhatburke.miroglu.net"
89.167.59.5 - - [18/Apr/2026:23:12:06 +0300] "POST /xmlrpc.php HTTP/1.1" 200 603 "-" "Mozilla/5.0 (Windows NT 10.0; Win64; x64) AppleWebKit/537.36 (KHTML, like Gecko) Chrome/108.0.0.0 Safari/537.36"
185.216.113.70 - - [18/Apr/2026:23:13:57 +0300] "POST /wp-cron.php?doing_wp_cron=1776543237.6220591068267822265625 HTTP/1.1" 200 448 "-" "WordPress/6.3.8; https://serhatburke.miroglu.net"
178.156.215.67 - - [18/Apr/2026:23:12:15 +0300] "POST /xmlrpc.php HTTP/1.1" 200 602 "-" "Mozilla/5.0 (Windows NT 10.0; Win64; x64) AppleWebKit/537.36 (KHTML, like Gecko) Chrome/108.0.0.0 Safari/537.36"
185.216.113.70 - - [18/Apr/2026:23:13:59 +0300] "POST /wp-cron.php?doing_wp_cron=1776543239.3960249423980712890625 HTTP/1.1" 200 448 "-" "WordPress/6.3.8; https://serhatburke.miroglu.net"
89.167.59.5 - - [18/Apr/2026:23:12:49 +0300] "POST /xmlrpc.php HTTP/1.1" 200 602 "-" "Mozilla/5.0 (Windows NT 10.0; Win64; x64) AppleWebKit/537.36 (KHTML, like Gecko) Chrome/108.0.0.0 Safari/537.36"
185.216.113.70 - - [18/Apr/2026:23:14:24 +0300] "POST /wp-cron.php?doing_wp_cron=1776543263.9635770320892333984375 HTTP/1.1" 200 448 "-" "WordPress/6.3.8; https://serhatburke.miroglu.net"
65.21.110.111 - - [18/Apr/2026:23:13:00 +0300] "POST /xmlrpc.php HTTP/1.1" 200 603 "-" "Mozilla/5.0 (Windows NT 10.0; Win64; x64) AppleWebKit/537.36 (KHTML, like Gecko) Chrome/108.0.0.0 Safari/537.36"
185.216.113.70 - - [18/Apr/2026:23:14:32 +0300] "POST /wp-cron.php?doing_wp_cron=1776543272.8677079677581787109375 HTTP/1.1" 200 448 "-" "WordPress/6.3.8; https://serhatburke.miroglu.net"
98.98.33.56 - - [18/Apr/2026:23:13:12 +0300] "GET /caillou-adroites-casino-queen-of-the-nile-jeu-en-compagnie-de-salle-de-jeu-un-brin-sur-jeux-non-payants-com/ HTTP/1.1" 200 76164 "-" "Mozilla/5.0 (Windows NT 10.0; Win64; x64) AppleWebKit/537.36 (KHTML, like Gecko) Chrome/123.0.0.0 Safari/537.36 OPR/109.0.0.0"
185.216.113.70 - - [18/Apr/2026:23:15:05 +0300] "POST /wp-cron.php?doing_wp_cron=1776543305.1699059009552001953125 HTTP/1.1" 200 448 "-" "WordPress/6.3.8; https://serhatburke.miroglu.net"
5.78.159.87 - - [18/Apr/2026:23:14:18 +0300] "POST /xmlrpc.php HTTP/1.1" 200 604 "-" "Mozilla/5.0 (Windows NT 10.0; Win64; x64) AppleWebKit/537.36 (KHTML, like Gecko) Chrome/108.0.0.0 Safari/537.36"
185.216.113.70 - - [18/Apr/2026:23:15:06 +0300] "POST /wp-cron.php?doing_wp_cron=1776543306.1806340217590332031250 HTTP/1.1" 200 448 "-" "WordPress/6.3.8; https://serhatburke.miroglu.net"
89.167.59.5 - - [18/Apr/2026:23:14:16 +0300] "POST /xmlrpc.php HTTP/1.1" 200 603 "-" "Mozilla/5.0 (Windows NT 10.0; Win64; x64) AppleWebKit/537.36 (KHTML, like Gecko) Chrome/108.0.0.0 Safari/537.36"
91.107.208.255 - - [18/Apr/2026:23:14:52 +0300] "POST /xmlrpc.php HTTP/1.1" 200 603 "-" "Mozilla/5.0 (Windows NT 10.0; Win64; x64) AppleWebKit/537.36 (KHTML, like Gecko) Chrome/108.0.0.0 Safari/537.36"
177.226.152.124 - - [18/Apr/2026:23:15:16 +0300] "POST /xmlrpc.php HTTP/2" 200 140 "-" "WordPress/XMLRPC Client"
91.107.208.255 - - [18/Apr/2026:23:15:20 +0300] "POST /xmlrpc.php HTTP/1.1" 200 4849 "-" "Mozilla/5.0 (Windows NT 10.0; Win64; x64) AppleWebKit/537.36 (KHTML, like Gecko) Chrome/108.0.0.0 Safari/537.36"
185.216.113.70 - - [18/Apr/2026:23:15:46 +0300] "POST /wp-cron.php?doing_wp_cron=1776543346.7273569107055664062500 HTTP/1.1" 200 448 "-" "WordPress/6.3.8; https://serhatburke.miroglu.net"
46.224.140.177 - - [18/Apr/2026:23:15:31 +0300] "POST /xmlrpc.php HTTP/1.1" 200 604 "-" "Mozilla/5.0 (Windows NT 10.0; Win64; x64) AppleWebKit/537.36 (KHTML, like Gecko) Chrome/108.0.0.0 Safari/537.36"
91.107.208.255 - - [18/Apr/2026:23:15:41 +0300] "GET /legalne-kasyna-online-w-polsce-2026-lista-najlepszych/ HTTP/1.1" 200 0 "-" "Mozilla/5.0 (Windows NT 10.0; Win64; x64) AppleWebKit/537.36 (KHTML, like Gecko) Chrome/108.0.0.0 Safari/537.36"
177.226.152.124 - - [18/Apr/2026:23:15:37 +0300] "GET /?p=119121 HTTP/2" 301 0 "-" "Mozilla/5.0 (Windows NT 10.0; Win64; x64) AppleWebKit/537.36 (KHTML, like Gecko) Chrome/120.0.0.0 Safari/537.36"
46.224.140.177 - - [18/Apr/2026:23:15:48 +0300] "POST /xmlrpc.php HTTP/1.1" 200 3698 "-" "Mozilla/5.0 (Windows NT 10.0; Win64; x64) AppleWebKit/537.36 (KHTML, like Gecko) Chrome/108.0.0.0 Safari/537.36"
157.90.114.254 - - [18/Apr/2026:23:15:55 +0300] "POST /xmlrpc.php HTTP/1.1" 200 604 "-" "Mozilla/5.0 (Windows NT 10.0; Win64; x64) AppleWebKit/537.36 (KHTML, like Gecko) Chrome/108.0.0.0 Safari/537.36"
157.90.114.254 - - [18/Apr/2026:23:16:13 +0300] "POST /xmlrpc.php HTTP/1.1" 200 3731 "-" "Mozilla/5.0 (Windows NT 10.0; Win64; x64) AppleWebKit/537.36 (KHTML, like Gecko) Chrome/108.0.0.0 Safari/537.36"
46.224.140.177 - - [18/Apr/2026:23:16:11 +0300] "GET /windows-11-de-dondurme-kilidi-nasil-devre-disi-birakilir/ HTTP/1.1" 200 18600 "-" "Mozilla/5.0 (Windows NT 10.0; Win64; x64) AppleWebKit/537.36 (KHTML, like Gecko) Chrome/108.0.0.0 Safari/537.36"
157.90.114.254 - - [18/Apr/2026:23:16:28 +0300] "GET /lotto-online-jak-grac-i-na-czym-to-polega/ HTTP/1.1" 200 0 "-" "Mozilla/5.0 (Windows NT 10.0; Win64; x64) AppleWebKit/537.36 (KHTML, like Gecko) Chrome/108.0.0.0 Safari/537.36"
185.216.113.70 - - [18/Apr/2026:23:16:47 +0300] "POST /wp-cron.php?doing_wp_cron=1776543407.1721360683441162109375 HTTP/1.1" 200 448 "-" "WordPress/6.3.8; https://serhatburke.miroglu.net"
46.224.140.177 - - [18/Apr/2026:23:16:26 +0300] "POST /xmlrpc.php HTTP/1.1" 200 594 "-" "Mozilla/5.0 (Windows NT 10.0; Win64; x64) AppleWebKit/537.36 (KHTML, like Gecko) Chrome/108.0.0.0 Safari/537.36"
65.21.110.111 - - [18/Apr/2026:23:16:29 +0300] "POST /xmlrpc.php HTTP/1.1" 200 604 "-" "Mozilla/5.0 (Windows NT 10.0; Win64; x64) AppleWebKit/537.36 (KHTML, like Gecko) Chrome/108.0.0.0 Safari/537.36"
185.153.197.91 - - [18/Apr/2026:23:16:32 +0300] "POST /xmlrpc.php HTTP/1.1" 200 630 "-" "Mozilla/5.0 (Windows NT 10.0; Win64; x64) AppleWebKit/537.36 (KHTML, like Gecko) Chrome/114.0.0.0 Safari/537.36"
157.90.114.254 - - [18/Apr/2026:23:16:44 +0300] "POST /xmlrpc.php HTTP/1.1" 200 594 "-" "Mozilla/5.0 (Windows NT 10.0; Win64; x64) AppleWebKit/537.36 (KHTML, like Gecko) Chrome/108.0.0.0 Safari/537.36"
65.21.110.111 - - [18/Apr/2026:23:16:57 +0300] "POST /xmlrpc.php HTTP/1.1" 200 3695 "-" "Mozilla/5.0 (Windows NT 10.0; Win64; x64) AppleWebKit/537.36 (KHTML, like Gecko) Chrome/108.0.0.0 Safari/537.36"
185.153.197.91 - - [18/Apr/2026:23:17:03 +0300] "POST /xmlrpc.php HTTP/1.1" 200 9237 "-" "Mozilla/5.0 (Windows NT 10.0; Win64; x64) AppleWebKit/537.36 (KHTML, like Gecko) Chrome/114.0.0.0 Safari/537.36"
65.21.110.111 - - [18/Apr/2026:23:17:18 +0300] "GET /windows-11-de-dondurme-kilidi-nasil-devre-disi-birakilir/ HTTP/1.1" 200 0 "-" "Mozilla/5.0 (Windows NT 10.0; Win64; x64) AppleWebKit/537.36 (KHTML, like Gecko) Chrome/108.0.0.0 Safari/537.36"
185.153.197.91 - - [18/Apr/2026:23:17:19 +0300] "GET /to-140-100-free-revolves-20-day-for-seven-straight-months-into-the-chose-game/ HTTP/1.1" 200 71045 "-" "Mozilla/5.0 (Windows NT 10.0; Win64; x64; rv:125.0) Gecko/20100101 Firefox/125.0"
185.216.113.70 - - [18/Apr/2026:23:17:45 +0300] "POST /wp-cron.php?doing_wp_cron=1776543465.7926340103149414062500 HTTP/1.1" 200 448 "-" "WordPress/6.3.8; https://serhatburke.miroglu.net"
65.21.110.111 - - [18/Apr/2026:23:17:34 +0300] "POST /xmlrpc.php HTTP/1.1" 200 594 "-" "Mozilla/5.0 (Windows NT 10.0; Win64; x64) AppleWebKit/537.36 (KHTML, like Gecko) Chrome/108.0.0.0 Safari/537.36"
185.216.113.70 - - [18/Apr/2026:23:18:52 +0300] "POST /wp-cron.php?doing_wp_cron=1776543532.4386310577392578125000 HTTP/1.1" 200 448 "-" "WordPress/6.3.8; https://serhatburke.miroglu.net"
209.50.186.254 - - [18/Apr/2026:23:18:39 +0300] "GET /wp-login.php HTTP/2" 200 3092 "-" "Mozilla/5.0 (Windows NT 10.0; Win64; x64) AppleWebKit/537.36 (KHTML, like Gecko) Chrome/124.0.6367.207 Safari/537.36"
66.249.73.15 - - [18/Apr/2026:23:18:57 +0300] "GET /unveiling-fortunecasinouk-promotions-at-drake-casino-a-comprehensive-review-for-uk-players/ HTTP/1.1" 200 0 "https://dkqpsn.driftlogic-games.biz/" "Mozilla/5.0 (Linux; Android 6.0.1; Nexus 5X Build/MMB29P) AppleWebKit/537.36 (KHTML, like Gecko) Chrome/146.0.7680.177 Mobile Safari/537.36 (compatible; Googlebot/2.1; +http://www.google.com/bot.html)"
209.50.186.254 - - [18/Apr/2026:23:18:53 +0300] "POST /xmlrpc.php HTTP/2" 200 109 "-" "Mozilla/5.0 (Macintosh; Intel Mac OS X 13_5) AppleWebKit/605.1.15 (KHTML, like Gecko) Version/17.5 Safari/605.1.15"
185.216.113.70 - - [18/Apr/2026:23:19:22 +0300] "POST /wp-cron.php?doing_wp_cron=1776543562.5377790927886962890625 HTTP/1.1" 200 448 "-" "WordPress/6.3.8; https://serhatburke.miroglu.net"
209.50.186.254 - - [18/Apr/2026:23:19:10 +0300] "POST /xmlrpc.php HTTP/2" 200 2839 "-" "Mozilla/5.0 (Macintosh; Intel Mac OS X 13_5) AppleWebKit/605.1.15 (KHTML, like Gecko) Version/17.5 Safari/605.1.15"
185.216.113.70 - - [18/Apr/2026:23:22:01 +0300] "POST /wp-cron.php?doing_wp_cron=1776543721.0572390556335449218750 HTTP/1.1" 200 448 "-" "WordPress/6.3.8; https://serhatburke.miroglu.net"
66.249.73.1 - - [18/Apr/2026:23:21:48 +0300] "GET /donbet-casino-review-for-uk-players/ HTTP/1.1" 200 18545 "-" "Mozilla/5.0 (Linux; Android 6.0.1; Nexus 5X Build/MMB29P) AppleWebKit/537.36 (KHTML, like Gecko) Chrome/146.0.7680.177 Mobile Safari/537.36 (compatible; Googlebot/2.1; +http://www.google.com/bot.html)"
66.249.73.15 - - [18/Apr/2026:23:22:07 +0300] "GET /wp-content/themes/toppic/css/responsive.css?ver=4.2 HTTP/1.1" 200 2796 "https://serhatburke.miroglu.net/donbet-casino-review-for-uk-players/" "Mozilla/5.0 (Linux; Android 6.0.1; Nexus 5X Build/MMB29P) AppleWebKit/537.36 (KHTML, like Gecko) Chrome/146.0.7680.177 Mobile Safari/537.36 (compatible; Googlebot/2.1; +http://www.google.com/bot.html)"
185.216.113.70 - - [18/Apr/2026:23:29:25 +0300] "POST /wp-cron.php?doing_wp_cron=1776544165.9055840969085693359375 HTTP/1.1" 200 448 "-" "WordPress/6.3.8; https://serhatburke.miroglu.net"
191.84.226.37 - - [18/Apr/2026:23:29:13 +0300] "GET /wp-login.php HTTP/2" 200 3538 "-" "Mozilla/5.0 (Windows NT 10.0; Win64; x64) AppleWebKit/537.36"
191.84.226.37 - - [18/Apr/2026:23:29:26 +0300] "POST /wp-login.php HTTP/2" 302 0 "https://serhatburke.miroglu.net/wp-login.php" "Mozilla/5.0 (Windows NT 10.0; Win64; x64) AppleWebKit/537.36"
185.216.113.70 - - [18/Apr/2026:23:29:50 +0300] "POST /wp-cron.php?doing_wp_cron=1776544190.7164759635925292968750 HTTP/1.1" 200 448 "-" "WordPress/6.3.8; https://serhatburke.miroglu.net"
