17.241.75.170 - - [18/Apr/2026:10:15:54 +0300] "GET /lobstermania-ports-real-money-slot-machine-totally-free-enjoy-demonstration/undefined?ts=1776496553 HTTP/1.1" 404 15889 "https://serhatburke.miroglu.net/lobstermania-ports-real-money-slot-machine-totally-free-enjoy-demonstration/" "Mozilla/5.0 (Macintosh; Intel Mac OS X 10_15_7) AppleWebKit/605.1.15 (KHTML, like Gecko) Version/17.4 Safari/605.1.15 (Applebot/0.1; +http://www.apple.com/go/applebot)"
104.207.55.236 - - [18/Apr/2026:10:16:04 +0300] "POST /xmlrpc.php HTTP/2" 200 2885 "-" "Mozilla/5.0 (Windows NT 10.0; Win64; x64) AppleWebKit/537.36 (KHTML, like Gecko) Chrome/124.0.6367.207 Safari/537.36"
98.98.33.41 - - [18/Apr/2026:10:16:05 +0300] "GET /gaming-personnellement-de-gladiator-machine-a-sous-croupiers/ HTTP/1.1" 200 76394 "-" "Mozilla/5.0 (Windows NT 10.0; Win64; x64) AppleWebKit/537.36 (KHTML, like Gecko) Chrome/122.0.0.0 Safari/537.36"
185.216.113.70 - - [18/Apr/2026:10:17:24 +0300] "POST /wp-cron.php?doing_wp_cron=1776496644.0602118968963623046875 HTTP/1.1" 200 448 "-" "WordPress/6.3.8; https://serhatburke.miroglu.net"
66.249.73.14 - - [18/Apr/2026:10:17:11 +0300] "GET /robots.txt HTTP/1.1" 200 719 "-" "Mozilla/5.0 (compatible; Googlebot/2.1; +http://www.google.com/bot.html)"
31.171.153.10 - - [18/Apr/2026:10:17:18 +0300] "POST /xmlrpc.php HTTP/1.1" 200 1155 "-" "Mozilla/5.0 (X11; Linux x86_64) AppleWebKit/537.36 (KHTML, like Gecko) Chrome/114.0.0.0 Safari/537.36 Vivaldi/5.3.2679.68"
17.241.75.221 - - [18/Apr/2026:10:17:29 +0300] "GET /lobstermania-ports-real-money-slot-machine-totally-free-enjoy-demonstration/undefined?ts=1776496648 HTTP/1.1" 404 15887 "https://serhatburke.miroglu.net/lobstermania-ports-real-money-slot-machine-totally-free-enjoy-demonstration/" "Mozilla/5.0 (Macintosh; Intel Mac OS X 10_15_7) AppleWebKit/605.1.15 (KHTML, like Gecko) Version/17.4 Safari/605.1.15 (Applebot/0.1; +http://www.apple.com/go/applebot)"
185.216.113.70 - - [18/Apr/2026:10:17:56 +0300] "POST /wp-cron.php?doing_wp_cron=1776496676.6362109184265136718750 HTTP/1.1" 200 448 "-" "WordPress/6.3.8; https://serhatburke.miroglu.net"
17.241.75.221 - - [18/Apr/2026:10:17:44 +0300] "GET /lobstermania-ports-real-money-slot-machine-totally-free-enjoy-demonstration/undefined?ts=1776496663 HTTP/1.1" 404 15709 "https://serhatburke.miroglu.net/lobstermania-ports-real-money-slot-machine-totally-free-enjoy-demonstration/" "Mozilla/5.0 (Macintosh; Intel Mac OS X 10_15_7) AppleWebKit/605.1.15 (KHTML, like Gecko) Version/17.4 Safari/605.1.15 (Applebot/0.1; +http://www.apple.com/go/applebot)"
17.241.219.243 - - [18/Apr/2026:10:17:58 +0300] "GET /lobstermania-ports-real-money-slot-machine-totally-free-enjoy-demonstration/undefined?ts=1776496677 HTTP/1.1" 404 15887 "https://serhatburke.miroglu.net/lobstermania-ports-real-money-slot-machine-totally-free-enjoy-demonstration/" "Mozilla/5.0 (Macintosh; Intel Mac OS X 10_15_7) AppleWebKit/605.1.15 (KHTML, like Gecko) Version/17.4 Safari/605.1.15 (Applebot/0.1; +http://www.apple.com/go/applebot)"
17.241.75.203 - - [18/Apr/2026:10:18:13 +0300] "GET /lobstermania-ports-real-money-slot-machine-totally-free-enjoy-demonstration/undefined?ts=1776496692 HTTP/1.1" 404 15888 "https://serhatburke.miroglu.net/lobstermania-ports-real-money-slot-machine-totally-free-enjoy-demonstration/" "Mozilla/5.0 (Macintosh; Intel Mac OS X 10_15_7) AppleWebKit/605.1.15 (KHTML, like Gecko) Version/17.4 Safari/605.1.15 (Applebot/0.1; +http://www.apple.com/go/applebot)"
38.180.31.210 - - [18/Apr/2026:10:18:14 +0300] "POST /xmlrpc.php HTTP/2" 200 181 "-" "Mozilla/5.0 (X11; Linux x86_64) AppleWebKit/537.36 (KHTML, like Gecko) Chrome/120.0.0.0 Safari/537.36"
185.216.113.70 - - [18/Apr/2026:10:19:05 +0300] "POST /wp-cron.php?doing_wp_cron=1776496744.9501268863677978515625 HTTP/1.1" 200 448 "-" "WordPress/6.3.8; https://serhatburke.miroglu.net"
65.111.28.232 - - [18/Apr/2026:10:18:52 +0300] "GET /wp-login.php HTTP/2" 200 3092 "-" "Mozilla/5.0 (Macintosh; Intel Mac OS X 13_5) AppleWebKit/605.1.15 (KHTML, like Gecko) Version/17.5 Safari/605.1.15"
165.73.240.147 - - [18/Apr/2026:10:19:02 +0300] "POST /xmlrpc.php HTTP/1.1" 200 630 "-" "Mozilla/5.0 (Windows NT 10.0; Win64; x64) AppleWebKit/537.36 (KHTML, like Gecko) Chrome/114.0.0.0 Safari/537.36"
65.111.28.232 - - [18/Apr/2026:10:19:05 +0300] "POST /xmlrpc.php HTTP/2" 200 110 "-" "Mozilla/5.0 (Windows NT 10.0; Win64; x64) AppleWebKit/537.36 (KHTML, like Gecko) Chrome/124.0.6367.207 Safari/537.36"
185.216.113.70 - - [18/Apr/2026:10:19:39 +0300] "POST /wp-cron.php?doing_wp_cron=1776496779.8106660842895507812500 HTTP/1.1" 200 448 "-" "WordPress/6.3.8; https://serhatburke.miroglu.net"
165.73.240.147 - - [18/Apr/2026:10:19:26 +0300] "POST /xmlrpc.php HTTP/1.1" 200 14884 "-" "Mozilla/5.0 (Windows NT 10.0; Win64; x64) AppleWebKit/537.36 (KHTML, like Gecko) Chrome/114.0.0.0 Safari/537.36"
65.111.28.232 - - [18/Apr/2026:10:19:31 +0300] "POST /xmlrpc.php HTTP/2" 200 2854 "-" "Mozilla/5.0 (Windows NT 10.0; Win64; x64) AppleWebKit/537.36 (KHTML, like Gecko) Chrome/124.0.6367.207 Safari/537.36"
165.73.240.147 - - [18/Apr/2026:10:19:41 +0300] "GET /freispiel-spielbank-big-bang-online-casino-boni-spins-exklusive-einzahlung-2026/ HTTP/1.1" 200 77005 "-" "Mozilla/5.0 (Windows NT 10.0; Win64; x64) AppleWebKit/537.36 (KHTML, like Gecko) Chrome/124.0.0.0 Safari/537.36"
185.216.113.70 - - [18/Apr/2026:10:21:17 +0300] "POST /wp-cron.php?doing_wp_cron=1776496877.8731489181518554687500 HTTP/1.1" 200 448 "-" "WordPress/6.3.8; https://serhatburke.miroglu.net"
98.98.33.41 - - [18/Apr/2026:10:21:05 +0300] "POST /xmlrpc.php HTTP/1.1" 200 630 "-" "Mozilla/5.0 (Windows NT 10.0; Win64; x64) AppleWebKit/537.36 (KHTML, like Gecko) Chrome/114.0.0.0 Safari/537.36"
98.98.33.41 - - [18/Apr/2026:10:21:24 +0300] "POST /xmlrpc.php HTTP/1.1" 200 14939 "-" "Mozilla/5.0 (Windows NT 10.0; Win64; x64) AppleWebKit/537.36 (KHTML, like Gecko) Chrome/114.0.0.0 Safari/537.36"
185.216.113.70 - - [18/Apr/2026:10:21:49 +0300] "POST /wp-cron.php?doing_wp_cron=1776496909.4549350738525390625000 HTTP/1.1" 200 448 "-" "WordPress/6.3.8; https://serhatburke.miroglu.net"
98.98.33.41 - - [18/Apr/2026:10:21:38 +0300] "GET /liminaire-casino-un-tantinet-efficient-telecharger-lapplication-mr-bet-pour-android-merveilleux-2-en-france-du-2025/ HTTP/1.1" 200 77785 "-" "Mozilla/5.0 (Windows NT 10.0; rv:125.0) Gecko/20100101 Firefox/125.0"
157.55.39.204 - - [18/Apr/2026:10:21:58 +0300] "GET /post-sitemap2.xml HTTP/2" 200 123827 "-" "Mozilla/5.0 AppleWebKit/537.36 (KHTML, like Gecko; compatible; bingbot/2.0; +http://www.bing.com/bingbot.htm) Chrome/116.0.1938.76 Safari/537.36"
185.216.113.70 - - [18/Apr/2026:10:23:05 +0300] "POST /wp-cron.php?doing_wp_cron=1776496985.0266129970550537109375 HTTP/1.1" 200 448 "-" "WordPress/6.3.8; https://serhatburke.miroglu.net"
31.171.153.10 - - [18/Apr/2026:10:22:51 +0300] "POST /xmlrpc.php HTTP/1.1" 200 1155 "-" "Mozilla/5.0 (Macintosh; Intel Mac OS X 10_15_7) AppleWebKit/537.36 (KHTML, like Gecko) Chrome/142.0.0.0 Safari/537.36"
185.216.113.70 - - [18/Apr/2026:10:23:49 +0300] "POST /wp-cron.php?doing_wp_cron=1776497029.4799358844757080078125 HTTP/1.1" 200 448 "-" "WordPress/6.3.8; https://serhatburke.miroglu.net"
57.128.22.95 - - [18/Apr/2026:10:23:37 +0300] "GET /zotabet-casino-bonus-premier-depot-2026/ HTTP/1.1" 200 18530 "-" "Mozilla/5.0 (compatible; Googlebot/2.1; +http://www.google.com/bot.html)"
167.160.70.160 - - [18/Apr/2026:10:24:22 +0300] "GET /automaty-hazard-online/ HTTP/1.1" 200 17661 "https://serhatburke.miroglu.net/" "Mozilla/5.0 (Macintosh; Intel Mac OS X 12_5) AppleWebKit/537.36 (KHTML, like Gecko) Chrome/114.0.0.0 Safari/537.36 OPR/89.0.4447.51"
185.216.113.70 - - [18/Apr/2026:10:24:52 +0300] "POST /wp-cron.php?doing_wp_cron=1776497092.0492079257965087890625 HTTP/1.1" 200 448 "-" "WordPress/6.3.8; https://serhatburke.miroglu.net"
167.160.70.160 - - [18/Apr/2026:10:24:38 +0300] "POST /wp-comments-post.php HTTP/1.1" 302 1033 "https://serhatburke.miroglu.net/automaty-hazard-online/" "Mozilla/5.0 (Macintosh; Intel Mac OS X 12_5) AppleWebKit/537.36 (KHTML, like Gecko) Chrome/114.0.0.0 Safari/537.36 OPR/89.0.4447.51"
167.160.70.160 - - [18/Apr/2026:10:24:54 +0300] "GET /automaty-hazard-online/?unapproved=473&moderation-hash=1f89a8bbee2057c48ad506f0244aec9b HTTP/1.1" 200 18122 "https://serhatburke.miroglu.net/wp-comments-post.php" "Mozilla/5.0 (Macintosh; Intel Mac OS X 12_5) AppleWebKit/537.36 (KHTML, like Gecko) Chrome/114.0.0.0 Safari/537.36 OPR/89.0.4447.51"
98.98.33.41 - - [18/Apr/2026:10:24:57 +0300] "POST /xmlrpc.php HTTP/1.1" 200 630 "-" "Mozilla/5.0 (Windows NT 10.0; Win64; x64) AppleWebKit/537.36 (KHTML, like Gecko) Chrome/114.0.0.0 Safari/537.36"
165.73.240.147 - - [18/Apr/2026:10:25:08 +0300] "POST /xmlrpc.php HTTP/1.1" 200 630 "-" "Mozilla/5.0 (Windows NT 10.0; Win64; x64) AppleWebKit/537.36 (KHTML, like Gecko) Chrome/114.0.0.0 Safari/537.36"
147.92.52.191 - - [18/Apr/2026:10:25:10 +0300] "GET /automaty-hazard-online/ HTTP/1.1" 200 17627 "-" "Mozilla/5.0 (Macintosh; Intel Mac OS X 12_5) AppleWebKit/537.36 (KHTML, like Gecko) Chrome/114.0.0.0 Safari/537.36 OPR/89.0.4447.51"
185.216.113.70 - - [18/Apr/2026:10:25:42 +0300] "POST /wp-cron.php?doing_wp_cron=1776497142.1629130840301513671875 HTTP/1.1" 200 448 "-" "WordPress/6.3.8; https://serhatburke.miroglu.net"
98.98.33.41 - - [18/Apr/2026:10:25:29 +0300] "POST /xmlrpc.php HTTP/1.1" 200 15319 "-" "Mozilla/5.0 (Windows NT 10.0; Win64; x64) AppleWebKit/537.36 (KHTML, like Gecko) Chrome/114.0.0.0 Safari/537.36"
165.73.240.147 - - [18/Apr/2026:10:25:34 +0300] "POST /xmlrpc.php HTTP/1.1" 200 14375 "-" "Mozilla/5.0 (Windows NT 10.0; Win64; x64) AppleWebKit/537.36 (KHTML, like Gecko) Chrome/114.0.0.0 Safari/537.36"
98.98.33.41 - - [18/Apr/2026:10:25:43 +0300] "GET /nos-4-meilleurs-casinos-bitcoin-bingo-bonus-en-ligne-dans-2024/ HTTP/1.1" 200 76444 "-" "Mozilla/5.0 (Windows NT 10.0; Win64; x64) AppleWebKit/537.36 (KHTML, like Gecko) Chrome/123.0.0.0 Safari/537.36"
165.73.240.147 - - [18/Apr/2026:10:25:50 +0300] "GET /freispiele-ohne-einzahlung-2026-no-vorleistung-free-spins-lucky-bonus-code-10-euro-letzter-schrei/ HTTP/1.1" 200 76582 "-" "Mozilla/5.0 (Windows NT 10.0; Win64; x64) AppleWebKit/537.36 (KHTML, like Gecko) Chrome/124.0.0.0 Safari/537.36"
185.216.113.70 - - [18/Apr/2026:10:27:07 +0300] "POST /wp-cron.php?doing_wp_cron=1776497226.9781019687652587890625 HTTP/1.1" 200 448 "-" "WordPress/6.3.8; https://serhatburke.miroglu.net"
66.249.73.1 - - [18/Apr/2026:10:26:54 +0300] "GET /l-x27-histoire-fascinante-des-casinos-a-travers-20/ HTTP/1.1" 200 18844 "-" "Mozilla/5.0 (Linux; Android 6.0.1; Nexus 5X Build/MMB29P) AppleWebKit/537.36 (KHTML, like Gecko) Chrome/146.0.7680.177 Mobile Safari/537.36 (compatible; Googlebot/2.1; +http://www.google.com/bot.html)"
66.249.73.14 - - [18/Apr/2026:10:27:12 +0300] "GET /wp-includes/js/comment-reply.min.js?ver=6.3.8 HTTP/1.1" 200 1855 "https://serhatburke.miroglu.net/l-x27-histoire-fascinante-des-casinos-a-travers-20/" "Mozilla/5.0 (Linux; Android 6.0.1; Nexus 5X Build/MMB29P) AppleWebKit/537.36 (KHTML, like Gecko) Chrome/146.0.7680.177 Mobile Safari/537.36 (compatible; Googlebot/2.1; +http://www.google.com/bot.html)"
66.249.73.14 - - [18/Apr/2026:10:28:59 +0300] "GET /betonred-casino-apostas-mais-menos-e-a-experiencia-para-jogadores-em-portugal/ HTTP/1.1" 200 0 "https://uftja.neonarcade-games.digital/" "Mozilla/5.0 (Linux; Android 6.0.1; Nexus 5X Build/MMB29P) AppleWebKit/537.36 (KHTML, like Gecko) Chrome/146.0.7680.177 Mobile Safari/537.36 (compatible; Googlebot/2.1; +http://www.google.com/bot.html)"
185.216.113.70 - - [18/Apr/2026:10:29:21 +0300] "POST /wp-cron.php?doing_wp_cron=1776497361.5386519432067871093750 HTTP/1.1" 200 448 "-" "WordPress/6.3.8; https://serhatburke.miroglu.net"
147.92.52.191 - - [18/Apr/2026:10:29:07 +0300] "GET /automaty-hazard-online/ HTTP/1.1" 200 17627 "-" "Mozilla/5.0 (Windows NT 10.0; Win64; x64) AppleWebKit/537.36 (KHTML, like Gecko) Chrome/114.0.0.0 Safari/537.36 OPR/89.0.4447.51"
98.98.33.41 - - [18/Apr/2026:10:29:25 +0300] "POST /xmlrpc.php HTTP/1.1" 200 630 "-" "Mozilla/5.0 (Windows NT 10.0; Win64; x64) AppleWebKit/537.36 (KHTML, like Gecko) Chrome/114.0.0.0 Safari/537.36"
185.216.113.70 - - [18/Apr/2026:10:29:56 +0300] "POST /wp-cron.php?doing_wp_cron=1776497396.5974600315093994140625 HTTP/1.1" 200 448 "-" "WordPress/6.3.8; https://serhatburke.miroglu.net"
98.98.33.41 - - [18/Apr/2026:10:29:44 +0300] "POST /xmlrpc.php HTTP/1.1" 200 15255 "-" "Mozilla/5.0 (Windows NT 10.0; Win64; x64) AppleWebKit/537.36 (KHTML, like Gecko) Chrome/114.0.0.0 Safari/537.36"
98.98.33.41 - - [18/Apr/2026:10:29:58 +0300] "GET /moment-application-en-direct-casino-noir-galet-live-evolution-review-demo-s/ HTTP/1.1" 200 76766 "-" "Mozilla/5.0 (Windows NT 10.0; Win64; x64; rv:124.0) Gecko/20100101 Firefox/124.0"
185.216.113.70 - - [18/Apr/2026:10:30:56 +0300] "POST /wp-cron.php?doing_wp_cron=1776497456.2419919967651367187500 HTTP/1.1" 200 448 "-" "WordPress/6.3.8; https://serhatburke.miroglu.net"
50.3.167.151 - - [18/Apr/2026:10:30:36 +0300] "GET /beste-casino-site-belgie-hoge-inzet/ HTTP/1.1" 200 18613 "-" "Mozilla/5.0 (Windows NT 10.0; Win64; x64) AppleWebKit/537.36 (KHTML, like Gecko) Chrome/114.0.0.0 Safari/537.36 OPR/89.0.4447.51"
185.216.113.70 - - [18/Apr/2026:10:31:39 +0300] "POST /wp-cron.php?doing_wp_cron=1776497499.3652269840240478515625 HTTP/1.1" 200 448 "-" "WordPress/6.3.8; https://serhatburke.miroglu.net"
165.73.240.147 - - [18/Apr/2026:10:31:27 +0300] "POST /xmlrpc.php HTTP/1.1" 200 630 "-" "Mozilla/5.0 (Windows NT 10.0; Win64; x64) AppleWebKit/537.36 (KHTML, like Gecko) Chrome/114.0.0.0 Safari/537.36"
165.73.240.147 - - [18/Apr/2026:10:31:46 +0300] "POST /xmlrpc.php HTTP/1.1" 200 14417 "-" "Mozilla/5.0 (Windows NT 10.0; Win64; x64) AppleWebKit/537.36 (KHTML, like Gecko) Chrome/114.0.0.0 Safari/537.36"
165.73.240.147 - - [18/Apr/2026:10:32:00 +0300] "GET /beste-casinos-abzuglich-bankkonto-2026-vortragen-blos-birthday-slot-keine-einzahlung-registrierung/ HTTP/1.1" 200 76794 "-" "Mozilla/5.0 (Windows NT 10.0; Win64; x64) AppleWebKit/537.36 (KHTML, like Gecko) Chrome/123.0.0.0 Safari/537.36"
185.216.113.70 - - [18/Apr/2026:10:32:57 +0300] "POST /wp-cron.php?doing_wp_cron=1776497577.1986939907073974609375 HTTP/1.1" 200 448 "-" "WordPress/6.3.8; https://serhatburke.miroglu.net"
66.249.73.15 - - [18/Apr/2026:10:32:45 +0300] "GET /beyond-the-horizon-elevate-your-gameplay-with-aviator-game/ HTTP/1.1" 200 20091 "-" "Mozilla/5.0 (Linux; Android 6.0.1; Nexus 5X Build/MMB29P) AppleWebKit/537.36 (KHTML, like Gecko) Chrome/146.0.7680.177 Mobile Safari/537.36 (compatible; Googlebot/2.1; +http://www.google.com/bot.html)"
66.249.73.15 - - [18/Apr/2026:10:33:01 +0300] "GET /beyond-the-horizon-elevate-your-gameplay-with-aviator-game/undefined?ts=1775520000 HTTP/1.1" 404 14208 "https://serhatburke.miroglu.net/beyond-the-horizon-elevate-your-gameplay-with-aviator-game/" "Mozilla/5.0 (Linux; Android 6.0.1; Nexus 5X Build/MMB29P) AppleWebKit/537.36 (KHTML, like Gecko) Chrome/146.0.7680.177 Mobile Safari/537.36 (compatible; Googlebot/2.1; +http://www.google.com/bot.html)"
66.249.73.15 - - [18/Apr/2026:10:33:14 +0300] "GET /beyond-the-horizon-elevate-your-gameplay-with-aviator-game/undefined?ts=1775520000 HTTP/1.1" 404 14386 "https://serhatburke.miroglu.net/beyond-the-horizon-elevate-your-gameplay-with-aviator-game/" "Mozilla/5.0 (Linux; Android 6.0.1; Nexus 5X Build/MMB29P) AppleWebKit/537.36 (KHTML, like Gecko) Chrome/146.0.7680.177 Mobile Safari/537.36 (compatible; Googlebot/2.1; +http://www.google.com/bot.html)"
66.249.73.14 - - [18/Apr/2026:10:33:26 +0300] "GET /beyond-the-horizon-elevate-your-gameplay-with-aviator-game/undefined?ts=1776470400 HTTP/1.1" 404 14386 "https://serhatburke.miroglu.net/beyond-the-horizon-elevate-your-gameplay-with-aviator-game/" "Mozilla/5.0 (Linux; Android 6.0.1; Nexus 5X Build/MMB29P) AppleWebKit/537.36 (KHTML, like Gecko) Chrome/146.0.7680.177 Mobile Safari/537.36 (compatible; Googlebot/2.1; +http://www.google.com/bot.html)"
66.249.73.14 - - [18/Apr/2026:10:33:38 +0300] "GET /beyond-the-horizon-elevate-your-gameplay-with-aviator-game/undefined?ts=1776470400 HTTP/1.1" 200 0 "https://serhatburke.miroglu.net/beyond-the-horizon-elevate-your-gameplay-with-aviator-game/" "Mozilla/5.0 (Linux; Android 6.0.1; Nexus 5X Build/MMB29P) AppleWebKit/537.36 (KHTML, like Gecko) Chrome/146.0.7680.177 Mobile Safari/537.36 (compatible; Googlebot/2.1; +http://www.google.com/bot.html)"
185.216.113.70 - - [18/Apr/2026:10:33:50 +0300] "POST /wp-cron.php?doing_wp_cron=1776497630.2936630249023437500000 HTTP/1.1" 200 448 "-" "WordPress/6.3.8; https://serhatburke.miroglu.net"
98.98.33.41 - - [18/Apr/2026:10:33:45 +0300] "POST /xmlrpc.php HTTP/1.1" 200 630 "-" "Mozilla/5.0 (Windows NT 10.0; Win64; x64) AppleWebKit/537.36 (KHTML, like Gecko) Chrome/114.0.0.0 Safari/537.36"
66.249.73.14 - - [18/Apr/2026:10:33:50 +0300] "GET /beyond-the-horizon-elevate-your-gameplay-with-aviator-game/undefined?ts=1776470400 HTTP/1.1" 200 0 "https://serhatburke.miroglu.net/beyond-the-horizon-elevate-your-gameplay-with-aviator-game/" "Mozilla/5.0 (Linux; Android 6.0.1; Nexus 5X Build/MMB29P) AppleWebKit/537.36 (KHTML, like Gecko) Chrome/146.0.7680.177 Mobile Safari/537.36 (compatible; Googlebot/2.1; +http://www.google.com/bot.html)"
98.98.33.41 - - [18/Apr/2026:10:34:08 +0300] "POST /xmlrpc.php HTTP/1.1" 200 15074 "-" "Mozilla/5.0 (Windows NT 10.0; Win64; x64) AppleWebKit/537.36 (KHTML, like Gecko) Chrome/114.0.0.0 Safari/537.36"
98.98.33.41 - - [18/Apr/2026:10:34:22 +0300] "GET /principaux-jeu-avec-casino-gratis-allez-machine-a-sous-ghostbusters-vers-3-000-gaming-casino/ HTTP/1.1" 200 76924 "-" "Mozilla/5.0 (Windows NT 10.0; Win64; x64) AppleWebKit/537.36 (KHTML, like Gecko) Chrome/122.0.0.0 Safari/537.36"
185.216.113.70 - - [18/Apr/2026:10:36:22 +0300] "POST /wp-cron.php?doing_wp_cron=1776497782.1995348930358886718750 HTTP/1.1" 200 448 "-" "WordPress/6.3.8; https://serhatburke.miroglu.net"
192.210.189.182 - - [18/Apr/2026:10:36:09 +0300] "GET /beste-casino-site-belgie-hoge-inzet/ HTTP/1.1" 200 18613 "-" "Mozilla/5.0 (Windows NT 10.0; Win64; x64) AppleWebKit/537.36 (KHTML, like Gecko) Chrome/114.0.0.0 Safari/537.36 OPR/89.0.4447.51"
207.46.13.92 - - [18/Apr/2026:10:36:28 +0300] "GET /post-sitemap7.xml HTTP/2" 200 112560 "-" "Mozilla/5.0 AppleWebKit/537.36 (KHTML, like Gecko; compatible; bingbot/2.0; +http://www.bing.com/bingbot.htm) Chrome/116.0.1938.76 Safari/537.36"
185.216.113.70 - - [18/Apr/2026:10:37:15 +0300] "POST /wp-cron.php?doing_wp_cron=1776497835.2148530483245849609375 HTTP/1.1" 200 448 "-" "WordPress/6.3.8; https://serhatburke.miroglu.net"
165.73.240.147 - - [18/Apr/2026:10:37:03 +0300] "POST /xmlrpc.php HTTP/1.1" 200 630 "-" "Mozilla/5.0 (Windows NT 10.0; Win64; x64) AppleWebKit/537.36 (KHTML, like Gecko) Chrome/114.0.0.0 Safari/537.36"
165.73.240.147 - - [18/Apr/2026:10:37:22 +0300] "POST /xmlrpc.php HTTP/1.1" 200 14508 "-" "Mozilla/5.0 (Windows NT 10.0; Win64; x64) AppleWebKit/537.36 (KHTML, like Gecko) Chrome/114.0.0.0 Safari/537.36"
185.216.113.70 - - [18/Apr/2026:10:37:47 +0300] "POST /wp-cron.php?doing_wp_cron=1776497867.4514970779418945312500 HTTP/1.1" 200 448 "-" "WordPress/6.3.8; https://serhatburke.miroglu.net"
165.73.240.147 - - [18/Apr/2026:10:37:36 +0300] "GET /die-riches-of-india-online-besten-erreichbar-casinos-within-brd-2026-traktandum-bestimmen/ HTTP/1.1" 200 76644 "-" "Mozilla/5.0 (Windows NT 10.0; Win64; x64) AppleWebKit/537.36 (KHTML, like Gecko) Chrome/122.0.0.0 Safari/537.36"
98.98.33.41 - - [18/Apr/2026:10:37:54 +0300] "POST /xmlrpc.php HTTP/1.1" 200 630 "-" "Mozilla/5.0 (Windows NT 10.0; Win64; x64) AppleWebKit/537.36 (KHTML, like Gecko) Chrome/114.0.0.0 Safari/537.36"
185.216.113.70 - - [18/Apr/2026:10:38:25 +0300] "POST /wp-cron.php?doing_wp_cron=1776497905.3357040882110595703125 HTTP/1.1" 200 448 "-" "WordPress/6.3.8; https://serhatburke.miroglu.net"
98.98.33.41 - - [18/Apr/2026:10:38:12 +0300] "POST /xmlrpc.php HTTP/1.1" 200 15343 "-" "Mozilla/5.0 (Windows NT 10.0; Win64; x64) AppleWebKit/537.36 (KHTML, like Gecko) Chrome/114.0.0.0 Safari/537.36"
98.98.33.41 - - [18/Apr/2026:10:38:26 +0300] "GET /europe777-salle-de-jeu-essaye-ce-site-quelque-peu-bonus-gratuit-singulier-2026/ HTTP/1.1" 200 76735 "-" "Mozilla/5.0 (Windows NT 10.0; Win64; x64) AppleWebKit/537.36 (KHTML, like Gecko) Chrome/109.0.0.0 Safari/537.36"
185.216.113.70 - - [18/Apr/2026:10:39:11 +0300] "POST /wp-cron.php?doing_wp_cron=1776497950.9414620399475097656250 HTTP/1.1" 200 448 "-" "WordPress/6.3.8; https://serhatburke.miroglu.net"
17.22.237.94 - - [18/Apr/2026:10:38:59 +0300] "GET /robots.txt HTTP/1.1" 200 642 "-" "Mozilla/5.0 (Macintosh; Intel Mac OS X 10_15_7) AppleWebKit/605.1.15 (KHTML, like Gecko) Version/17.4 Safari/605.1.15 (Applebot/0.1; +http://www.apple.com/go/applebot)"
17.22.237.94 - - [18/Apr/2026:10:39:12 +0300] "GET /happiest-xmas-tree-ports-casino-sizzling-hot-deluxe-comment-festive-victories-and-you-will-vacation-fun/ HTTP/1.1" 200 21910 "-" "Mozilla/5.0 (Macintosh; Intel Mac OS X 10_15_7) AppleWebKit/605.1.15 (KHTML, like Gecko) Version/17.4 Safari/605.1.15 (Applebot/0.1; +http://www.apple.com/go/applebot)"
185.216.113.70 - - [18/Apr/2026:10:39:40 +0300] "POST /wp-cron.php?doing_wp_cron=1776497980.8182580471038818359375 HTTP/1.1" 200 448 "-" "WordPress/6.3.8; https://serhatburke.miroglu.net"
202.93.153.230 - - [18/Apr/2026:10:39:28 +0300] "GET /beste-casino-site-belgie-hoge-inzet/ HTTP/1.1" 200 18595 "https://serhatburke.miroglu.net/" "Mozilla/5.0 (Macintosh; Intel Mac OS X 10_15_7) AppleWebKit/537.36 (KHTML, like Gecko) Chrome/145.0.0.0 Safari/537.36"
202.93.153.230 - - [18/Apr/2026:10:39:42 +0300] "GET /?p=27261 HTTP/1.1" 301 662 "https://serhatburke.miroglu.net/beste-casino-site-belgie-hoge-inzet/" "Mozilla/5.0 (Macintosh; Intel Mac OS X 10_15_7) AppleWebKit/537.36 (KHTML, like Gecko) Chrome/145.0.0.0 Safari/537.36"
202.93.153.230 - - [18/Apr/2026:10:39:57 +0300] "GET /beste-casino-site-belgie-hoge-inzet/ HTTP/1.1" 200 18612 "https://serhatburke.miroglu.net/?p=27261" "Mozilla/5.0 (Macintosh; Intel Mac OS X 10_15_7) AppleWebKit/537.36 (KHTML, like Gecko) Chrome/145.0.0.0 Safari/537.36"
185.216.113.70 - - [18/Apr/2026:10:42:07 +0300] "POST /wp-cron.php?doing_wp_cron=1776498126.9414560794830322265625 HTTP/1.1" 200 448 "-" "WordPress/6.3.8; https://serhatburke.miroglu.net"
98.98.33.41 - - [18/Apr/2026:10:41:54 +0300] "POST /xmlrpc.php HTTP/1.1" 200 630 "-" "Mozilla/5.0 (Windows NT 10.0; Win64; x64) AppleWebKit/537.36 (KHTML, like Gecko) Chrome/114.0.0.0 Safari/537.36"
17.22.253.210 - - [18/Apr/2026:10:42:25 +0300] "GET /wp-includes/css/dist/block-library/style.min.css?ver=6.3.8 HTTP/1.1" 200 14419 "https://serhatburke.miroglu.net/happiest-xmas-tree-ports-casino-sizzling-hot-deluxe-comment-festive-victories-and-you-will-vacation-fun/" "Mozilla/5.0 (Macintosh; Intel Mac OS X 10_15_7) AppleWebKit/605.1.15 (KHTML, like Gecko) Version/17.4 Safari/605.1.15 (Applebot/0.1; +http://www.apple.com/go/applebot)"
98.98.33.41 - - [18/Apr/2026:10:42:13 +0300] "POST /xmlrpc.php HTTP/1.1" 200 15827 "-" "Mozilla/5.0 (Windows NT 10.0; Win64; x64) AppleWebKit/537.36 (KHTML, like Gecko) Chrome/114.0.0.0 Safari/537.36"
17.22.237.200 - - [18/Apr/2026:10:42:27 +0300] "GET /wp-content/themes/toppic/css/reset.css?ver=4.2 HTTP/1.1" 200 1275 "https://serhatburke.miroglu.net/happiest-xmas-tree-ports-casino-sizzling-hot-deluxe-comment-festive-victories-and-you-will-vacation-fun/" "Mozilla/5.0 (Macintosh; Intel Mac OS X 10_15_7) AppleWebKit/605.1.15 (KHTML, like Gecko) Version/17.4 Safari/605.1.15 (Applebot/0.1; +http://www.apple.com/go/applebot)"
17.22.245.158 - - [18/Apr/2026:10:42:30 +0300] "GET /wp-content/themes/toppic/style.css?ver=4.2 HTTP/1.1" 200 23964 "https://serhatburke.miroglu.net/happiest-xmas-tree-ports-casino-sizzling-hot-deluxe-comment-festive-victories-and-you-will-vacation-fun/" "Mozilla/5.0 (Macintosh; Intel Mac OS X 10_15_7) AppleWebKit/605.1.15 (KHTML, like Gecko) Version/17.4 Safari/605.1.15 (Applebot/0.1; +http://www.apple.com/go/applebot)"
17.22.245.150 - - [18/Apr/2026:10:42:32 +0300] "GET /wp-content/themes/toppic/css/fontello.css?ver=4.2 HTTP/1.1" 200 1944 "https://serhatburke.miroglu.net/happiest-xmas-tree-ports-casino-sizzling-hot-deluxe-comment-festive-victories-and-you-will-vacation-fun/" "Mozilla/5.0 (Macintosh; Intel Mac OS X 10_15_7) AppleWebKit/605.1.15 (KHTML, like Gecko) Version/17.4 Safari/605.1.15 (Applebot/0.1; +http://www.apple.com/go/applebot)"
17.22.253.210 - - [18/Apr/2026:10:42:34 +0300] "GET /wp-content/themes/toppic/css/royalslider.css?ver=4.2 HTTP/1.1" 200 1829 "https://serhatburke.miroglu.net/happiest-xmas-tree-ports-casino-sizzling-hot-deluxe-comment-festive-victories-and-you-will-vacation-fun/" "Mozilla/5.0 (Macintosh; Intel Mac OS X 10_15_7) AppleWebKit/605.1.15 (KHTML, like Gecko) Version/17.4 Safari/605.1.15 (Applebot/0.1; +http://www.apple.com/go/applebot)"
185.216.113.70 - - [18/Apr/2026:10:42:41 +0300] "POST /wp-cron.php?doing_wp_cron=1776498160.9817891120910644531250 HTTP/1.1" 200 448 "-" "WordPress/6.3.8; https://serhatburke.miroglu.net"
98.98.33.41 - - [18/Apr/2026:10:42:28 +0300] "GET /salle-de-la-dolce-vita-1-de-depot-jeu-un-peu-jackpot-city-gratification-en-compagnie-de-80-tours-non-payants/ HTTP/1.1" 200 78118 "-" "Mozilla/5.0 (Windows NT 10.0; rv:125.0) Gecko/20100101 Firefox/125.0"
17.22.237.91 - - [18/Apr/2026:10:42:42 +0300] "GET /wp-content/themes/toppic/css/rs-default.css?ver=4.2 HTTP/1.1" 200 2788 "https://serhatburke.miroglu.net/happiest-xmas-tree-ports-casino-sizzling-hot-deluxe-comment-festive-victories-and-you-will-vacation-fun/" "Mozilla/5.0 (Macintosh; Intel Mac OS X 10_15_7) AppleWebKit/605.1.15 (KHTML, like Gecko) Version/17.4 Safari/605.1.15 (Applebot/0.1; +http://www.apple.com/go/applebot)"
17.22.253.77 - - [18/Apr/2026:10:42:42 +0300] "GET /wp-content/themes/toppic/css/default.css?ver=4.2 HTTP/1.1" 200 1951 "https://serhatburke.miroglu.net/happiest-xmas-tree-ports-casino-sizzling-hot-deluxe-comment-festive-victories-and-you-will-vacation-fun/" "Mozilla/5.0 (Macintosh; Intel Mac OS X 10_15_7) AppleWebKit/605.1.15 (KHTML, like Gecko) Version/17.4 Safari/605.1.15 (Applebot/0.1; +http://www.apple.com/go/applebot)"
17.22.245.36 - - [18/Apr/2026:10:42:45 +0300] "GET /wp-content/plugins/roses-like-this/likesScript.js?ver=6.3.8 HTTP/1.1" 200 1342 "https://serhatburke.miroglu.net/happiest-xmas-tree-ports-casino-sizzling-hot-deluxe-comment-festive-victories-and-you-will-vacation-fun/" "Mozilla/5.0 (Macintosh; Intel Mac OS X 10_15_7) AppleWebKit/605.1.15 (KHTML, like Gecko) Version/17.4 Safari/605.1.15 (Applebot/0.1; +http://www.apple.com/go/applebot)"
17.22.245.166 - - [18/Apr/2026:10:42:45 +0300] "GET /wp-content/plugins/contact-form-7/includes/css/styles.css?ver=5.8 HTTP/1.1" 200 1619 "https://serhatburke.miroglu.net/happiest-xmas-tree-ports-casino-sizzling-hot-deluxe-comment-festive-victories-and-you-will-vacation-fun/" "Mozilla/5.0 (Macintosh; Intel Mac OS X 10_15_7) AppleWebKit/605.1.15 (KHTML, like Gecko) Version/17.4 Safari/605.1.15 (Applebot/0.1; +http://www.apple.com/go/applebot)"
17.22.253.77 - - [18/Apr/2026:10:42:47 +0300] "GET /wp-content/plugins/contact-form-7/includes/swv/js/index.js?ver=5.8 HTTP/1.1" 200 3651 "https://serhatburke.miroglu.net/happiest-xmas-tree-ports-casino-sizzling-hot-deluxe-comment-festive-victories-and-you-will-vacation-fun/" "Mozilla/5.0 (Macintosh; Intel Mac OS X 10_15_7) AppleWebKit/605.1.15 (KHTML, like Gecko) Version/17.4 Safari/605.1.15 (Applebot/0.1; +http://www.apple.com/go/applebot)"
17.22.245.211 - - [18/Apr/2026:10:42:50 +0300] "GET /wp-content/plugins/contact-form-7/includes/js/index.js?ver=5.8 HTTP/1.1" 200 4793 "https://serhatburke.miroglu.net/happiest-xmas-tree-ports-casino-sizzling-hot-deluxe-comment-festive-victories-and-you-will-vacation-fun/" "Mozilla/5.0 (Macintosh; Intel Mac OS X 10_15_7) AppleWebKit/605.1.15 (KHTML, like Gecko) Version/17.4 Safari/605.1.15 (Applebot/0.1; +http://www.apple.com/go/applebot)"
17.22.245.36 - - [18/Apr/2026:10:42:54 +0300] "GET /wp-content/themes/toppic/js/jquery.parallax.custom.js?ver=4.2 HTTP/1.1" 200 1283 "https://serhatburke.miroglu.net/happiest-xmas-tree-ports-casino-sizzling-hot-deluxe-comment-festive-victories-and-you-will-vacation-fun/" "Mozilla/5.0 (Macintosh; Intel Mac OS X 10_15_7) AppleWebKit/605.1.15 (KHTML, like Gecko) Version/17.4 Safari/605.1.15 (Applebot/0.1; +http://www.apple.com/go/applebot)"
17.22.245.139 - - [18/Apr/2026:10:42:55 +0300] "GET /wp-includes/js/jquery/jquery-migrate.min.js?ver=3.4.1 HTTP/1.1" 200 5500 "https://serhatburke.miroglu.net/happiest-xmas-tree-ports-casino-sizzling-hot-deluxe-comment-festive-victories-and-you-will-vacation-fun/" "Mozilla/5.0 (Macintosh; Intel Mac OS X 10_15_7) AppleWebKit/605.1.15 (KHTML, like Gecko) Version/17.4 Safari/605.1.15 (Applebot/0.1; +http://www.apple.com/go/applebot)"
17.22.245.211 - - [18/Apr/2026:10:42:58 +0300] "GET /wp-content/themes/toppic/js/jquery.transit.min.js?ver=4.2 HTTP/1.1" 200 3205 "https://serhatburke.miroglu.net/happiest-xmas-tree-ports-casino-sizzling-hot-deluxe-comment-festive-victories-and-you-will-vacation-fun/" "Mozilla/5.0 (Macintosh; Intel Mac OS X 10_15_7) AppleWebKit/605.1.15 (KHTML, like Gecko) Version/17.4 Safari/605.1.15 (Applebot/0.1; +http://www.apple.com/go/applebot)"
17.22.245.152 - - [18/Apr/2026:10:43:00 +0300] "GET /wp-content/themes/toppic/js/scrollMonitor.js?ver=4.2 HTTP/1.1" 200 3278 "https://serhatburke.miroglu.net/happiest-xmas-tree-ports-casino-sizzling-hot-deluxe-comment-festive-victories-and-you-will-vacation-fun/" "Mozilla/5.0 (Macintosh; Intel Mac OS X 10_15_7) AppleWebKit/605.1.15 (KHTML, like Gecko) Version/17.4 Safari/605.1.15 (Applebot/0.1; +http://www.apple.com/go/applebot)"
17.22.253.196 - - [18/Apr/2026:10:43:02 +0300] "GET /wp-content/themes/toppic/js/jquery.touchswipe.js?ver=4.2 HTTP/1.1" 200 5522 "https://serhatburke.miroglu.net/happiest-xmas-tree-ports-casino-sizzling-hot-deluxe-comment-festive-victories-and-you-will-vacation-fun/" "Mozilla/5.0 (Macintosh; Intel Mac OS X 10_15_7) AppleWebKit/605.1.15 (KHTML, like Gecko) Version/17.4 Safari/605.1.15 (Applebot/0.1; +http://www.apple.com/go/applebot)"
17.241.227.9 - - [18/Apr/2026:10:42:41 +0300] "GET /lobstermania-ports-real-money-slot-machine-totally-free-enjoy-demonstration/undefined?ts=1776498160 HTTP/1.1" 404 15887 "https://serhatburke.miroglu.net/lobstermania-ports-real-money-slot-machine-totally-free-enjoy-demonstration/" "Mozilla/5.0 (Macintosh; Intel Mac OS X 10_15_7) AppleWebKit/605.1.15 (KHTML, like Gecko) Version/17.4 Safari/605.1.15 (Applebot/0.1; +http://www.apple.com/go/applebot)"
17.22.237.42 - - [18/Apr/2026:10:43:05 +0300] "GET /wp-content/themes/toppic/js/jquery.modernizr.custom.js?ver=4.2 HTTP/1.1" 200 3691 "https://serhatburke.miroglu.net/happiest-xmas-tree-ports-casino-sizzling-hot-deluxe-comment-festive-victories-and-you-will-vacation-fun/" "Mozilla/5.0 (Macintosh; Intel Mac OS X 10_15_7) AppleWebKit/605.1.15 (KHTML, like Gecko) Version/17.4 Safari/605.1.15 (Applebot/0.1; +http://www.apple.com/go/applebot)"
165.73.240.147 - - [18/Apr/2026:10:42:45 +0300] "POST /xmlrpc.php HTTP/1.1" 200 630 "-" "Mozilla/5.0 (Windows NT 10.0; Win64; x64) AppleWebKit/537.36 (KHTML, like Gecko) Chrome/114.0.0.0 Safari/537.36"
17.22.237.8 - - [18/Apr/2026:10:43:09 +0300] "GET /wp-content/plugins/google-analytics-for-wordpress/assets/js/frontend-gtag.min.js?ver=10.1.2 HTTP/1.1" 200 3913 "https://serhatburke.miroglu.net/happiest-xmas-tree-ports-casino-sizzling-hot-deluxe-comment-festive-victories-and-you-will-vacation-fun/" "Mozilla/5.0 (Macintosh; Intel Mac OS X 10_15_7) AppleWebKit/605.1.15 (KHTML, like Gecko) Version/17.4 Safari/605.1.15 (Applebot/0.1; +http://www.apple.com/go/applebot)"
57.128.22.95 - - [18/Apr/2026:10:42:57 +0300] "GET /zotabet-casino-bonus-premier-depot-2026/ HTTP/1.1" 200 18530 "-" "Mozilla/5.0 (compatible; Googlebot/2.1; +http://www.google.com/bot.html)"
17.241.227.9 - - [18/Apr/2026:10:43:04 +0300] "GET /lobstermania-ports-real-money-slot-machine-totally-free-enjoy-demonstration/undefined?ts=1776498184 HTTP/1.1" 404 15709 "https://serhatburke.miroglu.net/lobstermania-ports-real-money-slot-machine-totally-free-enjoy-demonstration/" "Mozilla/5.0 (Macintosh; Intel Mac OS X 10_15_7) AppleWebKit/605.1.15 (KHTML, like Gecko) Version/17.4 Safari/605.1.15 (Applebot/0.1; +http://www.apple.com/go/applebot)"
185.216.113.70 - - [18/Apr/2026:10:43:27 +0300] "POST /wp-cron.php?doing_wp_cron=1776498207.6277871131896972656250 HTTP/1.1" 200 448 "-" "WordPress/6.3.8; https://serhatburke.miroglu.net"
38.180.240.102 - - [18/Apr/2026:10:43:10 +0300] "POST /xmlrpc.php HTTP/2" 200 181 "-" "Mozilla/5.0 (X11; Linux x86_64) AppleWebKit/537.36 (KHTML, like Gecko) Chrome/120.0.0.0 Safari/537.36"
165.73.240.147 - - [18/Apr/2026:10:43:13 +0300] "POST /xmlrpc.php HTTP/1.1" 200 14636 "-" "Mozilla/5.0 (Windows NT 10.0; Win64; x64) AppleWebKit/537.36 (KHTML, like Gecko) Chrome/114.0.0.0 Safari/537.36"
17.241.227.9 - - [18/Apr/2026:10:43:20 +0300] "GET /lobstermania-ports-real-money-slot-machine-totally-free-enjoy-demonstration/undefined?ts=1776498200 HTTP/1.1" 404 15707 "https://serhatburke.miroglu.net/lobstermania-ports-real-money-slot-machine-totally-free-enjoy-demonstration/" "Mozilla/5.0 (Macintosh; Intel Mac OS X 10_15_7) AppleWebKit/605.1.15 (KHTML, like Gecko) Version/17.4 Safari/605.1.15 (Applebot/0.1; +http://www.apple.com/go/applebot)"
38.180.240.102 - - [18/Apr/2026:10:43:28 +0300] "POST /xmlrpc.php HTTP/2" 200 406 "-" "Mozilla/5.0 (X11; Linux x86_64) AppleWebKit/537.36 (KHTML, like Gecko) Chrome/120.0.0.0 Safari/537.36"
165.73.240.147 - - [18/Apr/2026:10:43:34 +0300] "GET /echtgeld-casinos-resident-online-as-part-of-brd-2026-verbunden-um-echtes-piepen-spielen/ HTTP/1.1" 200 76617 "-" "Mozilla/5.0 (Windows NT 10.0; Win64; x64) AppleWebKit/537.36 (KHTML, like Gecko) Chrome/123.0.0.0 Safari/537.36"
17.22.245.60 - - [18/Apr/2026:10:44:29 +0300] "GET /wp-content/themes/toppic/js/jquery.mtree.js?ver=4.2 HTTP/1.1" 200 1622 "https://serhatburke.miroglu.net/happiest-xmas-tree-ports-casino-sizzling-hot-deluxe-comment-festive-victories-and-you-will-vacation-fun/" "Mozilla/5.0 (Macintosh; Intel Mac OS X 10_15_7) AppleWebKit/605.1.15 (KHTML, like Gecko) Version/17.4 Safari/605.1.15 (Applebot/0.1; +http://www.apple.com/go/applebot)"
17.22.253.147 - - [18/Apr/2026:10:44:31 +0300] "GET /wp-content/themes/toppic/css/lightbox.css?ver=4.2 HTTP/1.1" 200 3115 "https://serhatburke.miroglu.net/happiest-xmas-tree-ports-casino-sizzling-hot-deluxe-comment-festive-victories-and-you-will-vacation-fun/" "Mozilla/5.0 (Macintosh; Intel Mac OS X 10_15_7) AppleWebKit/605.1.15 (KHTML, like Gecko) Version/17.4 Safari/605.1.15 (Applebot/0.1; +http://www.apple.com/go/applebot)"
17.22.237.137 - - [18/Apr/2026:10:44:34 +0300] "GET /wp-content/themes/toppic/js/jquery.tipsy.js?ver=4.2 HTTP/1.1" 200 1579 "https://serhatburke.miroglu.net/happiest-xmas-tree-ports-casino-sizzling-hot-deluxe-comment-festive-victories-and-you-will-vacation-fun/" "Mozilla/5.0 (Macintosh; Intel Mac OS X 10_15_7) AppleWebKit/605.1.15 (KHTML, like Gecko) Version/17.4 Safari/605.1.15 (Applebot/0.1; +http://www.apple.com/go/applebot)"
17.22.237.85 - - [18/Apr/2026:10:44:39 +0300] "GET /wp-content/themes/toppic/js/jquery.custom.js?ver=4.2 HTTP/1.1" 200 9224 "https://serhatburke.miroglu.net/happiest-xmas-tree-ports-casino-sizzling-hot-deluxe-comment-festive-victories-and-you-will-vacation-fun/" "Mozilla/5.0 (Macintosh; Intel Mac OS X 10_15_7) AppleWebKit/605.1.15 (KHTML, like Gecko) Version/17.4 Safari/605.1.15 (Applebot/0.1; +http://www.apple.com/go/applebot)"
17.22.245.251 - - [18/Apr/2026:10:44:45 +0300] "GET /wp-content/themes/toppic/js/jquery.magnific-popup.min.js?ver=4.2 HTTP/1.1" 200 8226 "https://serhatburke.miroglu.net/happiest-xmas-tree-ports-casino-sizzling-hot-deluxe-comment-festive-victories-and-you-will-vacation-fun/" "Mozilla/5.0 (Macintosh; Intel Mac OS X 10_15_7) AppleWebKit/605.1.15 (KHTML, like Gecko) Version/17.4 Safari/605.1.15 (Applebot/0.1; +http://www.apple.com/go/applebot)"
17.22.253.211 - - [18/Apr/2026:10:44:47 +0300] "GET /wp-content/themes/toppic/js/jquery.kenb.js?ver=4.2 HTTP/1.1" 200 1985 "https://serhatburke.miroglu.net/happiest-xmas-tree-ports-casino-sizzling-hot-deluxe-comment-festive-victories-and-you-will-vacation-fun/" "Mozilla/5.0 (Macintosh; Intel Mac OS X 10_15_7) AppleWebKit/605.1.15 (KHTML, like Gecko) Version/17.4 Safari/605.1.15 (Applebot/0.1; +http://www.apple.com/go/applebot)"
185.216.113.70 - - [18/Apr/2026:10:44:51 +0300] "POST /wp-cron.php?doing_wp_cron=1776498291.8432569503784179687500 HTTP/1.1" 200 448 "-" "WordPress/6.3.8; https://serhatburke.miroglu.net"
17.241.219.185 - - [18/Apr/2026:10:44:39 +0300] "GET /lobstermania-ports-real-money-slot-machine-totally-free-enjoy-demonstration/undefined?ts=1776498279 HTTP/1.1" 404 15886 "https://serhatburke.miroglu.net/lobstermania-ports-real-money-slot-machine-totally-free-enjoy-demonstration/" "Mozilla/5.0 (Macintosh; Intel Mac OS X 10_15_7) AppleWebKit/605.1.15 (KHTML, like Gecko) Version/17.4 Safari/605.1.15 (Applebot/0.1; +http://www.apple.com/go/applebot)"
17.22.253.129 - - [18/Apr/2026:10:44:56 +0300] "GET /wp-content/themes/toppic/js/lazysizes.min.js?ver=4.2 HTTP/1.1" 200 3944 "https://serhatburke.miroglu.net/happiest-xmas-tree-ports-casino-sizzling-hot-deluxe-comment-festive-victories-and-you-will-vacation-fun/" "Mozilla/5.0 (Macintosh; Intel Mac OS X 10_15_7) AppleWebKit/605.1.15 (KHTML, like Gecko) Version/17.4 Safari/605.1.15 (Applebot/0.1; +http://www.apple.com/go/applebot)"
174.138.16.211 - - [18/Apr/2026:10:44:47 +0300] "GET /casino-online-skrill-prelievo-veloce/ HTTP/1.1" 200 18092 "https://serhatburke.miroglu.net/" "Mozilla/5.0 (Macintosh; Intel Mac OS X 12_5) AppleWebKit/537.36 (KHTML, like Gecko) Chrome/114.0.0.0 YaBrowser/22.7.0 Yowser/2.5 Safari/537.36"
17.22.253.102 - - [18/Apr/2026:10:45:09 +0300] "GET /wp-content/themes/toppic/js/lazysizes.min.js?ver=4.2 HTTP/1.1" 200 3944 "https://serhatburke.miroglu.net/happiest-xmas-tree-ports-casino-sizzling-hot-deluxe-comment-festive-victories-and-you-will-vacation-fun/" "Mozilla/5.0 (Macintosh; Intel Mac OS X 10_15_7) AppleWebKit/605.1.15 (KHTML, like Gecko) Version/17.4 Safari/605.1.15 (Applebot/0.1; +http://www.apple.com/go/applebot)"
17.241.219.185 - - [18/Apr/2026:10:44:53 +0300] "GET /lobstermania-ports-real-money-slot-machine-totally-free-enjoy-demonstration/undefined?ts=1776498293 HTTP/1.1" 404 15711 "https://serhatburke.miroglu.net/lobstermania-ports-real-money-slot-machine-totally-free-enjoy-demonstration/" "Mozilla/5.0 (Macintosh; Intel Mac OS X 10_15_7) AppleWebKit/605.1.15 (KHTML, like Gecko) Version/17.4 Safari/605.1.15 (Applebot/0.1; +http://www.apple.com/go/applebot)"
174.138.16.211 - - [18/Apr/2026:10:45:11 +0300] "GET /wp-login.php?action=register HTTP/1.1" 302 702 "https://serhatburke.miroglu.net/casino-online-skrill-prelievo-veloce/" "Mozilla/5.0 (Windows NT 6.3; Win64; x64) AppleWebKit/537.36 (KHTML, like Gecko) Chrome/103.0.0.0 Safari/537.36"
17.241.219.201 - - [18/Apr/2026:10:45:11 +0300] "GET /lobstermania-ports-real-money-slot-machine-totally-free-enjoy-demonstration/undefined?ts=1776498310 HTTP/1.1" 404 15888 "https://serhatburke.miroglu.net/lobstermania-ports-real-money-slot-machine-totally-free-enjoy-demonstration/" "Mozilla/5.0 (Macintosh; Intel Mac OS X 10_15_7) AppleWebKit/605.1.15 (KHTML, like Gecko) Version/17.4 Safari/605.1.15 (Applebot/0.1; +http://www.apple.com/go/applebot)"
174.138.16.211 - - [18/Apr/2026:10:45:26 +0300] "GET /wp-login.php?registration=disabled HTTP/1.1" 200 3806 "https://serhatburke.miroglu.net/wp-login.php?action=register" "Mozilla/5.0 (Windows NT 6.3; Win64; x64) AppleWebKit/537.36 (KHTML, like Gecko) Chrome/103.0.0.0 Safari/537.36"
185.216.113.70 - - [18/Apr/2026:10:45:39 +0300] "POST /wp-cron.php?doing_wp_cron=1776498339.0025820732116699218750 HTTP/1.1" 200 448 "-" "WordPress/6.3.8; https://serhatburke.miroglu.net"
17.241.219.201 - - [18/Apr/2026:10:45:26 +0300] "GET /lobstermania-ports-real-money-slot-machine-totally-free-enjoy-demonstration/undefined?ts=1776498326 HTTP/1.1" 404 15708 "https://serhatburke.miroglu.net/lobstermania-ports-real-money-slot-machine-totally-free-enjoy-demonstration/" "Mozilla/5.0 (Macintosh; Intel Mac OS X 10_15_7) AppleWebKit/605.1.15 (KHTML, like Gecko) Version/17.4 Safari/605.1.15 (Applebot/0.1; +http://www.apple.com/go/applebot)"
66.249.73.15 - - [18/Apr/2026:10:45:41 +0300] "GET /technology-in-modern-casinos-how-it-affects-player/ HTTP/1.1" 200 19037 "-" "Mozilla/5.0 (Linux; Android 6.0.1; Nexus 5X Build/MMB29P) AppleWebKit/537.36 (KHTML, like Gecko) Chrome/146.0.7680.177 Mobile Safari/537.36 (compatible; Googlebot/2.1; +http://www.google.com/bot.html)"
98.98.33.41 - - [18/Apr/2026:10:45:47 +0300] "POST /xmlrpc.php HTTP/1.1" 200 630 "-" "Mozilla/5.0 (Windows NT 10.0; Win64; x64) AppleWebKit/537.36 (KHTML, like Gecko) Chrome/114.0.0.0 Safari/537.36"
66.249.73.14 - - [18/Apr/2026:10:46:01 +0300] "GET /ghid-avansat-pentru-inelegerea-jocurilor-de-noroc-9/ HTTP/1.1" 200 18651 "-" "Mozilla/5.0 (Linux; Android 6.0.1; Nexus 5X Build/MMB29P) AppleWebKit/537.36 (KHTML, like Gecko) Chrome/146.0.7680.177 Mobile Safari/537.36 (compatible; Googlebot/2.1; +http://www.google.com/bot.html)"
66.249.73.15 - - [18/Apr/2026:10:46:16 +0300] "GET /wp-content/themes/toppic/js/jquery.modernizr.custom.js?ver=4.2 HTTP/1.1" 200 3520 "https://serhatburke.miroglu.net/ghid-avansat-pentru-inelegerea-jocurilor-de-noroc-9/" "Mozilla/5.0 (Linux; Android 6.0.1; Nexus 5X Build/MMB29P) AppleWebKit/537.36 (KHTML, like Gecko) Chrome/146.0.7680.177 Mobile Safari/537.36 (compatible; Googlebot/2.1; +http://www.google.com/bot.html)"
185.216.113.70 - - [18/Apr/2026:10:46:21 +0300] "POST /wp-cron.php?doing_wp_cron=1776498381.0912160873413085937500 HTTP/1.1" 200 448 "-" "WordPress/6.3.8; https://serhatburke.miroglu.net"
98.98.33.41 - - [18/Apr/2026:10:46:08 +0300] "POST /xmlrpc.php HTTP/1.1" 200 14869 "-" "Mozilla/5.0 (Windows NT 10.0; Win64; x64) AppleWebKit/537.36 (KHTML, like Gecko) Chrome/114.0.0.0 Safari/537.36"
98.98.33.41 - - [18/Apr/2026:10:46:22 +0300] "GET /plus-grands-spinsy-code-promotionnel-de-casino-en-ligne-salle-de-jeu-ruses-gratification-jeux-app/ HTTP/1.1" 200 76809 "-" "Mozilla/5.0 (Windows NT 10.0; Win64; x64) AppleWebKit/537.36 (KHTML, like Gecko) Chrome/123.0.0.0 Safari/537.36"
185.216.113.70 - - [18/Apr/2026:10:48:35 +0300] "POST /wp-cron.php?doing_wp_cron=1776498515.6002349853515625000000 HTTP/1.1" 200 448 "-" "WordPress/6.3.8; https://serhatburke.miroglu.net"
17.22.237.88 - - [18/Apr/2026:10:48:23 +0300] "GET /happiest-xmas-tree-ports-casino-sizzling-hot-deluxe-comment-festive-victories-and-you-will-vacation-fun/undefined?ts=1776498502 HTTP/1.1" 404 15907 "https://serhatburke.miroglu.net/happiest-xmas-tree-ports-casino-sizzling-hot-deluxe-comment-festive-victories-and-you-will-vacation-fun/" "Mozilla/5.0 (Macintosh; Intel Mac OS X 10_15_7) AppleWebKit/605.1.15 (KHTML, like Gecko) Version/17.4 Safari/605.1.15 (Applebot/0.1; +http://www.apple.com/go/applebot)"
185.216.113.70 - - [18/Apr/2026:10:50:09 +0300] "POST /wp-cron.php?doing_wp_cron=1776498609.6827130317687988281250 HTTP/1.1" 200 448 "-" "WordPress/6.3.8; https://serhatburke.miroglu.net"
98.98.33.41 - - [18/Apr/2026:10:49:54 +0300] "POST /xmlrpc.php HTTP/1.1" 200 630 "-" "Mozilla/5.0 (Windows NT 10.0; Win64; x64) AppleWebKit/537.36 (KHTML, like Gecko) Chrome/114.0.0.0 Safari/537.36"
98.98.33.41 - - [18/Apr/2026:10:50:16 +0300] "POST /xmlrpc.php HTTP/1.1" 200 15222 "-" "Mozilla/5.0 (Windows NT 10.0; Win64; x64) AppleWebKit/537.36 (KHTML, like Gecko) Chrome/114.0.0.0 Safari/537.36"
185.216.113.70 - - [18/Apr/2026:10:50:41 +0300] "POST /wp-cron.php?doing_wp_cron=1776498641.7846829891204833984375 HTTP/1.1" 200 448 "-" "WordPress/6.3.8; https://serhatburke.miroglu.net"
98.98.33.41 - - [18/Apr/2026:10:50:30 +0300] "GET /gratification-sans-avoir-i-conserve-au-sein-des-casinos-un-tantinet-2026-chiffre-sauf-que-types-en-compagnie-de-bonus-pour-salle-de-jeu-non-lien-important-payants/ HTTP/1.1" 200 78920 "-" "Mozilla/5.0 (Windows NT 10.0; Win64; x64) AppleWebKit/537.36 (KHTML, like Gecko) Chrome/109.0.0.0 Safari/537.36"
185.216.113.70 - - [18/Apr/2026:10:52:08 +0300] "POST /wp-cron.php?doing_wp_cron=1776498727.9654440879821777343750 HTTP/1.1" 200 448 "-" "WordPress/6.3.8; https://serhatburke.miroglu.net"
17.22.253.176 - - [18/Apr/2026:10:51:56 +0300] "GET /happiest-xmas-tree-ports-casino-sizzling-hot-deluxe-comment-festive-victories-and-you-will-vacation-fun/undefined?ts=1776498715 HTTP/1.1" 404 15906 "https://serhatburke.miroglu.net/happiest-xmas-tree-ports-casino-sizzling-hot-deluxe-comment-festive-victories-and-you-will-vacation-fun/" "Mozilla/5.0 (Macintosh; Intel Mac OS X 10_15_7) AppleWebKit/605.1.15 (KHTML, like Gecko) Version/17.4 Safari/605.1.15 (Applebot/0.1; +http://www.apple.com/go/applebot)"
17.22.253.176 - - [18/Apr/2026:10:52:09 +0300] "GET /happiest-xmas-tree-ports-casino-sizzling-hot-deluxe-comment-festive-victories-and-you-will-vacation-fun/undefined?ts=1776498729 HTTP/1.1" 404 15729 "https://serhatburke.miroglu.net/happiest-xmas-tree-ports-casino-sizzling-hot-deluxe-comment-festive-victories-and-you-will-vacation-fun/" "Mozilla/5.0 (Macintosh; Intel Mac OS X 10_15_7) AppleWebKit/605.1.15 (KHTML, like Gecko) Version/17.4 Safari/605.1.15 (Applebot/0.1; +http://www.apple.com/go/applebot)"
17.22.253.176 - - [18/Apr/2026:10:52:22 +0300] "GET /happiest-xmas-tree-ports-casino-sizzling-hot-deluxe-comment-festive-victories-and-you-will-vacation-fun/undefined?ts=1776498741 HTTP/1.1" 404 15728 "https://serhatburke.miroglu.net/happiest-xmas-tree-ports-casino-sizzling-hot-deluxe-comment-festive-victories-and-you-will-vacation-fun/" "Mozilla/5.0 (Macintosh; Intel Mac OS X 10_15_7) AppleWebKit/605.1.15 (KHTML, like Gecko) Version/17.4 Safari/605.1.15 (Applebot/0.1; +http://www.apple.com/go/applebot)"
185.216.113.70 - - [18/Apr/2026:10:52:46 +0300] "POST /wp-cron.php?doing_wp_cron=1776498765.9952700138092041015625 HTTP/1.1" 200 448 "-" "WordPress/6.3.8; https://serhatburke.miroglu.net"
17.22.253.176 - - [18/Apr/2026:10:52:34 +0300] "GET /happiest-xmas-tree-ports-casino-sizzling-hot-deluxe-comment-festive-victories-and-you-will-vacation-fun/undefined?ts=1776498754 HTTP/1.1" 404 15729 "https://serhatburke.miroglu.net/happiest-xmas-tree-ports-casino-sizzling-hot-deluxe-comment-festive-victories-and-you-will-vacation-fun/" "Mozilla/5.0 (Macintosh; Intel Mac OS X 10_15_7) AppleWebKit/605.1.15 (KHTML, like Gecko) Version/17.4 Safari/605.1.15 (Applebot/0.1; +http://www.apple.com/go/applebot)"
17.22.253.176 - - [18/Apr/2026:10:52:47 +0300] "GET /happiest-xmas-tree-ports-casino-sizzling-hot-deluxe-comment-festive-victories-and-you-will-vacation-fun/undefined?ts=1776498767 HTTP/1.1" 404 15728 "https://serhatburke.miroglu.net/happiest-xmas-tree-ports-casino-sizzling-hot-deluxe-comment-festive-victories-and-you-will-vacation-fun/" "Mozilla/5.0 (Macintosh; Intel Mac OS X 10_15_7) AppleWebKit/605.1.15 (KHTML, like Gecko) Version/17.4 Safari/605.1.15 (Applebot/0.1; +http://www.apple.com/go/applebot)"
17.22.237.88 - - [18/Apr/2026:10:53:01 +0300] "GET /happiest-xmas-tree-ports-casino-sizzling-hot-deluxe-comment-festive-victories-and-you-will-vacation-fun/undefined?ts=1776498780 HTTP/1.1" 404 15906 "https://serhatburke.miroglu.net/happiest-xmas-tree-ports-casino-sizzling-hot-deluxe-comment-festive-victories-and-you-will-vacation-fun/" "Mozilla/5.0 (Macintosh; Intel Mac OS X 10_15_7) AppleWebKit/605.1.15 (KHTML, like Gecko) Version/17.4 Safari/605.1.15 (Applebot/0.1; +http://www.apple.com/go/applebot)"
17.22.237.117 - - [18/Apr/2026:10:53:17 +0300] "GET /happiest-xmas-tree-ports-casino-sizzling-hot-deluxe-comment-festive-victories-and-you-will-vacation-fun/undefined?ts=1776498793 HTTP/1.1" 404 15909 "https://serhatburke.miroglu.net/happiest-xmas-tree-ports-casino-sizzling-hot-deluxe-comment-festive-victories-and-you-will-vacation-fun/" "Mozilla/5.0 (Macintosh; Intel Mac OS X 10_15_7) AppleWebKit/605.1.15 (KHTML, like Gecko) Version/17.4 Safari/605.1.15 (Applebot/0.1; +http://www.apple.com/go/applebot)"
185.216.113.70 - - [18/Apr/2026:10:54:14 +0300] "POST /wp-cron.php?doing_wp_cron=1776498854.2407319545745849609375 HTTP/1.1" 200 448 "-" "WordPress/6.3.8; https://serhatburke.miroglu.net"
98.98.33.41 - - [18/Apr/2026:10:53:58 +0300] "POST /xmlrpc.php HTTP/1.1" 200 630 "-" "Mozilla/5.0 (Windows NT 10.0; Win64; x64) AppleWebKit/537.36 (KHTML, like Gecko) Chrome/114.0.0.0 Safari/537.36"
98.98.33.41 - - [18/Apr/2026:10:54:20 +0300] "POST /xmlrpc.php HTTP/1.1" 200 14708 "-" "Mozilla/5.0 (Windows NT 10.0; Win64; x64) AppleWebKit/537.36 (KHTML, like Gecko) Chrome/114.0.0.0 Safari/537.36"
185.216.113.70 - - [18/Apr/2026:10:54:55 +0300] "POST /wp-cron.php?doing_wp_cron=1776498895.1662418842315673828125 HTTP/1.1" 200 448 "-" "WordPress/6.3.8; https://serhatburke.miroglu.net"
98.98.33.41 - - [18/Apr/2026:10:54:37 +0300] "GET /instrument-a-avec-codes-promo-mr-bet-malins-et-jeu-directement/ HTTP/1.1" 200 75917 "-" "Mozilla/5.0 (Windows NT 10.0; Win64; x64; rv:125.0) Gecko/20100101 Firefox/125.0"
17.22.237.105 - - [18/Apr/2026:10:55:18 +0300] "GET /happiest-xmas-tree-ports-casino-sizzling-hot-deluxe-comment-festive-victories-and-you-will-vacation-fun/undefined?ts=1776498918 HTTP/1.1" 404 15905 "https://serhatburke.miroglu.net/happiest-xmas-tree-ports-casino-sizzling-hot-deluxe-comment-festive-victories-and-you-will-vacation-fun/" "Mozilla/5.0 (Macintosh; Intel Mac OS X 10_15_7) AppleWebKit/605.1.15 (KHTML, like Gecko) Version/17.4 Safari/605.1.15 (Applebot/0.1; +http://www.apple.com/go/applebot)"
185.216.113.70 - - [18/Apr/2026:10:57:21 +0300] "POST /wp-cron.php?doing_wp_cron=1776499041.7572700977325439453125 HTTP/1.1" 200 448 "-" "WordPress/6.3.8; https://serhatburke.miroglu.net"
