200.25.47.107 - - [19/Apr/2026:06:32:50 +0300] "GET /panther-moon-soluciona-de-balde-slots-lat/ HTTP/1.1" 200 75049 "-" "Mozilla/5.0 (Windows NT 10.0; Win64; x64) AppleWebKit/537.36 (KHTML, like Gecko) Chrome/122.0.0.0 Safari/537.36"
17.22.253.162 - - [19/Apr/2026:06:32:50 +0300] "GET /betblast-casino-quick-wins-and-fast-action-for-the/undefined?ts=1776569569 HTTP/1.1" 404 15862 "https://serhatburke.miroglu.net/betblast-casino-quick-wins-and-fast-action-for-the/" "Mozilla/5.0 (Macintosh; Intel Mac OS X 10_15_7) AppleWebKit/605.1.15 (KHTML, like Gecko) Version/17.4 Safari/605.1.15 (Applebot/0.1; +http://www.apple.com/go/applebot)"
98.98.197.178 - - [19/Apr/2026:06:33:12 +0300] "POST /xmlrpc.php HTTP/1.1" 200 14084 "-" "Mozilla/5.0 (Windows NT 10.0; Win64; x64) AppleWebKit/537.36 (KHTML, like Gecko) Chrome/114.0.0.0 Safari/537.36"
185.216.113.70 - - [19/Apr/2026:06:33:41 +0300] "POST /wp-cron.php?doing_wp_cron=1776569621.5985391139984130859375 HTTP/1.1" 200 448 "-" "WordPress/6.3.8; https://serhatburke.miroglu.net"
185.191.206.81 - - [19/Apr/2026:06:33:04 +0300] "POST /xmlrpc.php HTTP/1.1" 200 630 "-" "Mozilla/5.0 (Windows NT 10.0; Win64; x64) AppleWebKit/537.36 (KHTML, like Gecko) Chrome/114.0.0.0 Safari/537.36"
185.216.113.70 - - [19/Apr/2026:06:33:42 +0300] "POST /wp-cron.php?doing_wp_cron=1776569622.2111639976501464843750 HTTP/1.1" 200 448 "-" "WordPress/6.3.8; https://serhatburke.miroglu.net"
17.22.253.188 - - [19/Apr/2026:06:33:30 +0300] "GET /betblast-casino-quick-wins-and-fast-action-for-the/undefined?ts=1776569593 HTTP/1.1" 404 15864 "https://serhatburke.miroglu.net/betblast-casino-quick-wins-and-fast-action-for-the/" "Mozilla/5.0 (Macintosh; Intel Mac OS X 10_15_7) AppleWebKit/605.1.15 (KHTML, like Gecko) Version/17.4 Safari/605.1.15 (Applebot/0.1; +http://www.apple.com/go/applebot)"
98.98.197.178 - - [19/Apr/2026:06:33:29 +0300] "GET /expekt-erfahrungen-bewertungen-2026-vulkan-vegas-app-bewertung-test-expekt-vertrauenswurdig/ HTTP/1.1" 200 76424 "-" "Mozilla/5.0 (Windows NT 10.0; Win64; x64) AppleWebKit/537.36 (KHTML, like Gecko) Chrome/123.0.0.0 Safari/537.36"
17.22.237.103 - - [19/Apr/2026:06:33:49 +0300] "GET /betblast-casino-quick-wins-and-fast-action-for-the/undefined?ts=1776569593 HTTP/1.1" 404 15864 "https://serhatburke.miroglu.net/betblast-casino-quick-wins-and-fast-action-for-the/" "Mozilla/5.0 (Macintosh; Intel Mac OS X 10_15_7) AppleWebKit/605.1.15 (KHTML, like Gecko) Version/17.4 Safari/605.1.15 (Applebot/0.1; +http://www.apple.com/go/applebot)"
98.98.33.56 - - [19/Apr/2026:06:33:54 +0300] "POST /xmlrpc.php HTTP/1.1" 200 630 "-" "Mozilla/5.0 (Windows NT 10.0; Win64; x64) AppleWebKit/537.36 (KHTML, like Gecko) Chrome/114.0.0.0 Safari/537.36"
185.191.206.81 - - [19/Apr/2026:06:33:49 +0300] "POST /xmlrpc.php HTTP/1.1" 200 12205 "-" "Mozilla/5.0 (Windows NT 10.0; Win64; x64) AppleWebKit/537.36 (KHTML, like Gecko) Chrome/114.0.0.0 Safari/537.36"
98.98.33.56 - - [19/Apr/2026:06:34:22 +0300] "POST /xmlrpc.php HTTP/1.1" 200 14835 "-" "Mozilla/5.0 (Windows NT 10.0; Win64; x64) AppleWebKit/537.36 (KHTML, like Gecko) Chrome/114.0.0.0 Safari/537.36"
185.216.113.70 - - [19/Apr/2026:06:34:53 +0300] "POST /wp-cron.php?doing_wp_cron=1776569693.5145010948181152343750 HTTP/1.1" 200 448 "-" "WordPress/6.3.8; https://serhatburke.miroglu.net"
98.98.33.56 - - [19/Apr/2026:06:34:37 +0300] "GET /fait-incertain-pas-cher-delit-de-versatile-4g-absolu/ HTTP/1.1" 200 75996 "-" "Mozilla/5.0 (Windows NT 10.0; Win64; x64) AppleWebKit/537.36 (KHTML, like Gecko) Chrome/124.0.0.0 Safari/537.36 Edg/124.0.0.0"
185.191.206.81 - - [19/Apr/2026:06:34:30 +0300] "GET /immortal-love-position-online-game-having-243-ways-to-win-bachillerato-bi/ HTTP/1.1" 200 73501 "-" "Mozilla/5.0 (Windows NT 10.0; Win64; x64; rv:124.0) Gecko/20100101 Firefox/124.0"
37.139.53.240 - - [19/Apr/2026:06:34:39 +0300] "POST / HTTP/2" 200 16638 "-" "Mozilla/5.0 (Macintosh; Intel Mac OS X 10_15_7) AppleWebKit/605.1.15 (KHTML, like Gecko) Version/18.0 Safari/605.1.15"
103.219.169.211 - - [19/Apr/2026:06:35:10 +0300] "POST /xmlrpc.php HTTP/1.1" 200 630 "-" "Mozilla/5.0 (Windows NT 10.0; Win64; x64) AppleWebKit/537.36 (KHTML, like Gecko) Chrome/114.0.0.0 Safari/537.36"
185.216.113.70 - - [19/Apr/2026:06:35:41 +0300] "POST /wp-cron.php?doing_wp_cron=1776569741.3677780628204345703125 HTTP/1.1" 200 448 "-" "WordPress/6.3.8; https://serhatburke.miroglu.net"
103.219.169.211 - - [19/Apr/2026:06:35:28 +0300] "POST /xmlrpc.php HTTP/1.1" 200 12138 "-" "Mozilla/5.0 (Windows NT 10.0; Win64; x64) AppleWebKit/537.36 (KHTML, like Gecko) Chrome/114.0.0.0 Safari/537.36"
103.219.169.211 - - [19/Apr/2026:06:35:42 +0300] "GET /angeschlossen-spielbank-echtgeld-2026-selektion-gutschriften-sicherheit-printec3d/ HTTP/1.1" 200 74597 "-" "Mozilla/5.0 (Windows NT 10.0; Win64; x64; rv:124.0) Gecko/20100101 Firefox/124.0"
98.98.197.178 - - [19/Apr/2026:06:36:03 +0300] "POST /xmlrpc.php HTTP/1.1" 200 630 "-" "Mozilla/5.0 (Windows NT 10.0; Win64; x64) AppleWebKit/537.36 (KHTML, like Gecko) Chrome/114.0.0.0 Safari/537.36"
185.216.113.70 - - [19/Apr/2026:06:36:33 +0300] "POST /wp-cron.php?doing_wp_cron=1776569793.3737061023712158203125 HTTP/1.1" 200 448 "-" "WordPress/6.3.8; https://serhatburke.miroglu.net"
200.25.47.107 - - [19/Apr/2026:06:36:19 +0300] "POST /xmlrpc.php HTTP/1.1" 200 630 "-" "Mozilla/5.0 (Windows NT 10.0; Win64; x64) AppleWebKit/537.36 (KHTML, like Gecko) Chrome/114.0.0.0 Safari/537.36"
98.98.197.178 - - [19/Apr/2026:06:36:22 +0300] "POST /xmlrpc.php HTTP/1.1" 200 12267 "-" "Mozilla/5.0 (Windows NT 10.0; Win64; x64) AppleWebKit/537.36 (KHTML, like Gecko) Chrome/114.0.0.0 Safari/537.36"
17.22.237.214 - - [19/Apr/2026:06:36:29 +0300] "GET /betblast-casino-quick-wins-and-fast-action-for-the/undefined?ts=1776569788 HTTP/1.1" 404 15861 "https://serhatburke.miroglu.net/betblast-casino-quick-wins-and-fast-action-for-the/" "Mozilla/5.0 (Macintosh; Intel Mac OS X 10_15_7) AppleWebKit/605.1.15 (KHTML, like Gecko) Version/17.4 Safari/605.1.15 (Applebot/0.1; +http://www.apple.com/go/applebot)"
200.25.47.107 - - [19/Apr/2026:06:36:40 +0300] "POST /xmlrpc.php HTTP/1.1" 200 630 "-" "Mozilla/5.0 (Windows NT 10.0; Win64; x64) AppleWebKit/537.36 (KHTML, like Gecko) Chrome/114.0.0.0 Safari/537.36"
200.25.47.107 - - [19/Apr/2026:06:36:40 +0300] "POST /xmlrpc.php HTTP/1.1" 200 15819 "-" "Mozilla/5.0 (Windows NT 10.0; Win64; x64) AppleWebKit/537.36 (KHTML, like Gecko) Chrome/114.0.0.0 Safari/537.36"
98.98.197.178 - - [19/Apr/2026:06:36:40 +0300] "GET /200-no-vorleistung-two-jimi-hendrix-slot-machine-hundred-free-spins-a-real-income-local-kostenlose-online-slots-fur-echte-geldplatze-casino-added-bonus-2026/ HTTP/1.1" 200 76514 "-" "Mozilla/5.0 (Windows NT 10.0; Win64; x64) AppleWebKit/537.36 (KHTML, like Gecko) Chrome/124.0.0.0 Safari/537.36"
17.22.237.230 - - [19/Apr/2026:06:37:04 +0300] "GET /betblast-casino-quick-wins-and-fast-action-for-the/undefined?ts=1776569812 HTTP/1.1" 404 15862 "https://serhatburke.miroglu.net/betblast-casino-quick-wins-and-fast-action-for-the/" "Mozilla/5.0 (Macintosh; Intel Mac OS X 10_15_7) AppleWebKit/605.1.15 (KHTML, like Gecko) Version/17.4 Safari/605.1.15 (Applebot/0.1; +http://www.apple.com/go/applebot)"
200.25.47.107 - - [19/Apr/2026:06:37:09 +0300] "GET /el-schickimicki-verbunden-slot-torero-rtp/ HTTP/1.1" 200 76380 "-" "Mozilla/5.0 (Windows NT 10.0; rv:125.0) Gecko/20100101 Firefox/125.0"
200.25.47.107 - - [19/Apr/2026:06:37:13 +0300] "POST /xmlrpc.php HTTP/1.1" 200 13926 "-" "Mozilla/5.0 (Windows NT 10.0; Win64; x64) AppleWebKit/537.36 (KHTML, like Gecko) Chrome/114.0.0.0 Safari/537.36"
98.98.33.56 - - [19/Apr/2026:06:37:19 +0300] "POST /xmlrpc.php HTTP/1.1" 200 630 "-" "Mozilla/5.0 (Windows NT 10.0; Win64; x64) AppleWebKit/537.36 (KHTML, like Gecko) Chrome/114.0.0.0 Safari/537.36"
185.216.113.70 - - [19/Apr/2026:06:37:54 +0300] "POST /wp-cron.php?doing_wp_cron=1776569874.2810161113739013671875 HTTP/1.1" 200 448 "-" "WordPress/6.3.8; https://serhatburke.miroglu.net"
185.191.206.81 - - [19/Apr/2026:06:37:19 +0300] "POST /xmlrpc.php HTTP/1.1" 200 630 "-" "Mozilla/5.0 (Windows NT 10.0; Win64; x64) AppleWebKit/537.36 (KHTML, like Gecko) Chrome/114.0.0.0 Safari/537.36"
200.25.47.107 - - [19/Apr/2026:06:37:33 +0300] "GET /quickspin-100-giros-regalado-sin-deposito-halloween-explicado-proveedor-slots-2026/ HTTP/1.1" 200 75832 "-" "Mozilla/5.0 (Windows NT 10.0; Win64; x64; rv:125.0) Gecko/20100101 Firefox/125.0"
98.98.33.56 - - [19/Apr/2026:06:37:45 +0300] "POST /xmlrpc.php HTTP/1.1" 200 14439 "-" "Mozilla/5.0 (Windows NT 10.0; Win64; x64) AppleWebKit/537.36 (KHTML, like Gecko) Chrome/114.0.0.0 Safari/537.36"
98.98.33.56 - - [19/Apr/2026:06:38:08 +0300] "GET /dure-mien-casino-commentaire-jeux-s-de-credit-prime/ HTTP/1.1" 200 75405 "-" "Mozilla/5.0 (Windows NT 10.0; Win64; x64) AppleWebKit/537.36 (KHTML, like Gecko) Chrome/124.0.0.0 Safari/537.36 Edg/124.0.0.0"
185.191.206.81 - - [19/Apr/2026:06:38:01 +0300] "POST /xmlrpc.php HTTP/1.1" 200 12251 "-" "Mozilla/5.0 (Windows NT 10.0; Win64; x64) AppleWebKit/537.36 (KHTML, like Gecko) Chrome/114.0.0.0 Safari/537.36"
185.216.113.70 - - [19/Apr/2026:06:38:46 +0300] "POST /wp-cron.php?doing_wp_cron=1776569926.9037749767303466796875 HTTP/1.1" 200 448 "-" "WordPress/6.3.8; https://serhatburke.miroglu.net"
103.219.169.211 - - [19/Apr/2026:06:38:34 +0300] "POST /xmlrpc.php HTTP/1.1" 200 630 "-" "Mozilla/5.0 (Windows NT 10.0; Win64; x64) AppleWebKit/537.36 (KHTML, like Gecko) Chrome/114.0.0.0 Safari/537.36"
103.219.169.211 - - [19/Apr/2026:06:38:53 +0300] "POST /xmlrpc.php HTTP/1.1" 200 12089 "-" "Mozilla/5.0 (Windows NT 10.0; Win64; x64) AppleWebKit/537.36 (KHTML, like Gecko) Chrome/114.0.0.0 Safari/537.36"
185.216.113.70 - - [19/Apr/2026:06:39:08 +0300] "POST /wp-cron.php?doing_wp_cron=1776569948.6049149036407470703125 HTTP/1.1" 200 448 "-" "WordPress/6.3.8; https://serhatburke.miroglu.net"
185.191.206.81 - - [19/Apr/2026:06:38:39 +0300] "GET /inactive-otherwise-alive-slot-demonstration-gameplay-free-by-netent/ HTTP/1.1" 200 73355 "-" "Mozilla/5.0 (Windows NT 10.0; Win64; x64) AppleWebKit/537.36 (KHTML, like Gecko) Chrome/109.0.0.0 Safari/537.36"
103.219.169.211 - - [19/Apr/2026:06:39:08 +0300] "GET /beste-online-spielbank-deutschland-2025-erfahrungen-ferner-untersuchung/ HTTP/1.1" 200 73781 "-" "Mozilla/5.0 (Windows NT 10.0; Win64; x64) AppleWebKit/537.36 (KHTML, like Gecko) Chrome/109.0.0.0 Safari/537.36"
185.216.113.70 - - [19/Apr/2026:06:40:25 +0300] "POST /wp-cron.php?doing_wp_cron=1776570025.4706668853759765625000 HTTP/1.1" 200 448 "-" "WordPress/6.3.8; https://serhatburke.miroglu.net"
98.98.197.178 - - [19/Apr/2026:06:40:13 +0300] "POST /xmlrpc.php HTTP/1.1" 200 630 "-" "Mozilla/5.0 (Windows NT 10.0; Win64; x64) AppleWebKit/537.36 (KHTML, like Gecko) Chrome/114.0.0.0 Safari/537.36"
98.98.33.56 - - [19/Apr/2026:06:40:31 +0300] "POST /xmlrpc.php HTTP/1.1" 200 630 "-" "Mozilla/5.0 (Windows NT 10.0; Win64; x64) AppleWebKit/537.36 (KHTML, like Gecko) Chrome/114.0.0.0 Safari/537.36"
98.98.197.178 - - [19/Apr/2026:06:40:31 +0300] "POST /xmlrpc.php HTTP/1.1" 200 13317 "-" "Mozilla/5.0 (Windows NT 10.0; Win64; x64) AppleWebKit/537.36 (KHTML, like Gecko) Chrome/114.0.0.0 Safari/537.36"
200.25.47.107 - - [19/Apr/2026:06:40:38 +0300] "POST /xmlrpc.php HTTP/1.1" 200 630 "-" "Mozilla/5.0 (Windows NT 10.0; Win64; x64) AppleWebKit/537.36 (KHTML, like Gecko) Chrome/114.0.0.0 Safari/537.36"
98.98.197.178 - - [19/Apr/2026:06:40:52 +0300] "GET /eye-of-horus-spielsaal-slot-cairo-slot-spiele-dadurch-echtgeld-book-of-ra-online-kostenlos-spielen-gratis-%E8%A5%BF%E6%BE%A4%E6%A0%AA%E5%BC%8F%E4%BC%9A%E7%A4%BE/ HTTP/1.1" 200 76639 "-" "Mozilla/5.0 (Windows NT 10.0; Win64; x64) AppleWebKit/537.36 (KHTML, like Gecko) Chrome/123.0.0.0 Safari/537.36"
200.25.47.107 - - [19/Apr/2026:06:40:56 +0300] "POST /xmlrpc.php HTTP/1.1" 200 630 "-" "Mozilla/5.0 (Windows NT 10.0; Win64; x64) AppleWebKit/537.36 (KHTML, like Gecko) Chrome/114.0.0.0 Safari/537.36"
98.98.33.56 - - [19/Apr/2026:06:40:56 +0300] "POST /xmlrpc.php HTTP/1.1" 200 14279 "-" "Mozilla/5.0 (Windows NT 10.0; Win64; x64) AppleWebKit/537.36 (KHTML, like Gecko) Chrome/114.0.0.0 Safari/537.36"
200.25.47.107 - - [19/Apr/2026:06:41:01 +0300] "POST /xmlrpc.php HTTP/1.1" 200 14535 "-" "Mozilla/5.0 (Windows NT 10.0; Win64; x64) AppleWebKit/537.36 (KHTML, like Gecko) Chrome/114.0.0.0 Safari/537.36"
82.77.72.172 - - [19/Apr/2026:06:41:02 +0300] "GET /beste-casino-site-belgie-hoge-inzet/ HTTP/1.1" 200 18595 "https://serhatburke.miroglu.net/" "Mozilla/5.0 (Windows NT 10.0; Win64; x64) AppleWebKit/537.36 (KHTML, like Gecko) Chrome/143.0.0.0 Safari/537.36 Edg/143.0.0.0"
185.216.113.70 - - [19/Apr/2026:06:41:47 +0300] "POST /wp-cron.php?doing_wp_cron=1776570107.1153659820556640625000 HTTP/1.1" 200 448 "-" "WordPress/6.3.8; https://serhatburke.miroglu.net"
185.191.206.81 - - [19/Apr/2026:06:41:00 +0300] "POST /xmlrpc.php HTTP/1.1" 200 630 "-" "Mozilla/5.0 (Windows NT 10.0; Win64; x64) AppleWebKit/537.36 (KHTML, like Gecko) Chrome/114.0.0.0 Safari/537.36"
98.98.33.56 - - [19/Apr/2026:06:41:27 +0300] "GET /video-officielle-poker-offert-un-brin-25-jeu-de-casino-poker/ HTTP/1.1" 200 75587 "-" "Mozilla/5.0 (Windows NT 10.0; rv:125.0) Gecko/20100101 Firefox/125.0"
200.25.47.107 - - [19/Apr/2026:06:41:32 +0300] "POST /xmlrpc.php HTTP/1.1" 200 13080 "-" "Mozilla/5.0 (Windows NT 10.0; Win64; x64) AppleWebKit/537.36 (KHTML, like Gecko) Chrome/114.0.0.0 Safari/537.36"
200.25.47.107 - - [19/Apr/2026:06:41:33 +0300] "GET /el-torero-spielautomat-die-gesamtheit-had-been-eltern-kennen-sollen/ HTTP/1.1" 200 76219 "-" "Mozilla/5.0 (Windows NT 10.0; Win64; x64) AppleWebKit/537.36 (KHTML, like Gecko) Chrome/122.0.0.0 Safari/537.36"
200.25.47.107 - - [19/Apr/2026:06:41:53 +0300] "GET /casinos-sobre-quickspin-tragaperras-y-juegos-sobre-quickspin/ HTTP/1.1" 200 74437 "-" "Mozilla/5.0 (Windows NT 10.0; Win64; x64) AppleWebKit/537.36 (KHTML, like Gecko) Chrome/109.0.0.0 Safari/537.36"
103.219.169.211 - - [19/Apr/2026:06:42:11 +0300] "POST /xmlrpc.php HTTP/1.1" 200 630 "-" "Mozilla/5.0 (Windows NT 10.0; Win64; x64) AppleWebKit/537.36 (KHTML, like Gecko) Chrome/114.0.0.0 Safari/537.36"
185.191.206.81 - - [19/Apr/2026:06:41:54 +0300] "POST /xmlrpc.php HTTP/1.1" 200 11947 "-" "Mozilla/5.0 (Windows NT 10.0; Win64; x64) AppleWebKit/537.36 (KHTML, like Gecko) Chrome/114.0.0.0 Safari/537.36"
185.216.113.70 - - [19/Apr/2026:06:42:43 +0300] "POST /wp-cron.php?doing_wp_cron=1776570163.8489539623260498046875 HTTP/1.1" 200 448 "-" "WordPress/6.3.8; https://serhatburke.miroglu.net"
103.219.169.211 - - [19/Apr/2026:06:42:30 +0300] "POST /xmlrpc.php HTTP/1.1" 200 12496 "-" "Mozilla/5.0 (Windows NT 10.0; Win64; x64) AppleWebKit/537.36 (KHTML, like Gecko) Chrome/114.0.0.0 Safari/537.36"
185.191.206.81 - - [19/Apr/2026:06:42:28 +0300] "GET /rtp-96-01-free-play/ HTTP/1.1" 200 71763 "-" "Mozilla/5.0 (Windows NT 10.0; rv:109.0) Gecko/20100101 Firefox/115.0"
103.219.169.211 - - [19/Apr/2026:06:42:45 +0300] "GET /beste-echtgeld-casinos-teutonia-traktandum-angeschlossen-versorger-2026-im-untersuchung/ HTTP/1.1" 200 74824 "-" "Mozilla/5.0 (Windows NT 10.0; rv:109.0) Gecko/20100101 Firefox/115.0"
185.216.113.70 - - [19/Apr/2026:06:43:56 +0300] "POST /wp-cron.php?doing_wp_cron=1776570236.6564929485321044921875 HTTP/1.1" 200 448 "-" "WordPress/6.3.8; https://serhatburke.miroglu.net"
98.98.197.178 - - [19/Apr/2026:06:43:43 +0300] "POST /xmlrpc.php HTTP/1.1" 200 630 "-" "Mozilla/5.0 (Windows NT 10.0; Win64; x64) AppleWebKit/537.36 (KHTML, like Gecko) Chrome/114.0.0.0 Safari/537.36"
98.98.33.56 - - [19/Apr/2026:06:43:44 +0300] "POST /xmlrpc.php HTTP/1.1" 200 630 "-" "Mozilla/5.0 (Windows NT 10.0; Win64; x64) AppleWebKit/537.36 (KHTML, like Gecko) Chrome/114.0.0.0 Safari/537.36"
98.98.197.178 - - [19/Apr/2026:06:44:03 +0300] "POST /xmlrpc.php HTTP/1.1" 200 15845 "-" "Mozilla/5.0 (Windows NT 10.0; Win64; x64) AppleWebKit/537.36 (KHTML, like Gecko) Chrome/114.0.0.0 Safari/537.36"
98.98.33.56 - - [19/Apr/2026:06:44:04 +0300] "POST /xmlrpc.php HTTP/1.1" 200 14646 "-" "Mozilla/5.0 (Windows NT 10.0; Win64; x64) AppleWebKit/537.36 (KHTML, like Gecko) Chrome/114.0.0.0 Safari/537.36"
98.98.197.178 - - [19/Apr/2026:06:44:19 +0300] "GET /hohen-spielquoten-50-kostenlose-spins-auf-5x-magic-keine-einzahlung-miss-kitty-casino-slot-unter-anderem-tollen-bonusrunden-%E5%A4%AA%E7%94%B0%E9%9B%BB%E5%AD%90-%E6%96%B0%E3%81%97%E3%81%84%E3%83%A2/ HTTP/1.1" 200 80484 "-" "Mozilla/5.0 (Windows NT 10.0; Win64; x64; rv:125.0) Gecko/20100101 Firefox/125.0"
98.98.33.56 - - [19/Apr/2026:06:44:20 +0300] "GET /play-%E2%AB%B8-red-flag-fleet-slot-jeu-cable-demo-chic-for-free/ HTTP/1.1" 200 76197 "-" "Mozilla/5.0 (Windows NT 10.0; rv:125.0) Gecko/20100101 Firefox/125.0"
185.216.113.70 - - [19/Apr/2026:06:44:47 +0300] "POST /wp-cron.php?doing_wp_cron=1776570287.7949640750885009765625 HTTP/1.1" 200 448 "-" "WordPress/6.3.8; https://serhatburke.miroglu.net"
200.25.47.107 - - [19/Apr/2026:06:44:35 +0300] "POST /xmlrpc.php HTTP/1.1" 200 630 "-" "Mozilla/5.0 (Windows NT 10.0; Win64; x64) AppleWebKit/537.36 (KHTML, like Gecko) Chrome/114.0.0.0 Safari/537.36"
200.25.47.107 - - [19/Apr/2026:06:44:54 +0300] "POST /xmlrpc.php HTTP/1.1" 200 15591 "-" "Mozilla/5.0 (Windows NT 10.0; Win64; x64) AppleWebKit/537.36 (KHTML, like Gecko) Chrome/114.0.0.0 Safari/537.36"
200.25.47.107 - - [19/Apr/2026:06:45:09 +0300] "POST /xmlrpc.php HTTP/1.1" 200 630 "-" "Mozilla/5.0 (Windows NT 10.0; Win64; x64) AppleWebKit/537.36 (KHTML, like Gecko) Chrome/114.0.0.0 Safari/537.36"
200.25.47.107 - - [19/Apr/2026:06:45:10 +0300] "GET /freispiele-exklusive-einzahlung-casinos-qua-free-spins-2026/ HTTP/1.1" 200 76987 "-" "Mozilla/5.0 (Windows NT 10.0; Win64; x64) AppleWebKit/537.36 (KHTML, like Gecko) Chrome/123.0.0.0 Safari/537.36 OPR/109.0.0.0"
185.216.113.70 - - [19/Apr/2026:06:45:43 +0300] "POST /wp-cron.php?doing_wp_cron=1776570343.4137489795684814453125 HTTP/1.1" 200 448 "-" "WordPress/6.3.8; https://serhatburke.miroglu.net"
200.25.47.107 - - [19/Apr/2026:06:45:30 +0300] "POST /xmlrpc.php HTTP/1.1" 200 13553 "-" "Mozilla/5.0 (Windows NT 10.0; Win64; x64) AppleWebKit/537.36 (KHTML, like Gecko) Chrome/114.0.0.0 Safari/537.36"
103.219.169.211 - - [19/Apr/2026:06:45:30 +0300] "POST /xmlrpc.php HTTP/1.1" 200 630 "-" "Mozilla/5.0 (Windows NT 10.0; Win64; x64) AppleWebKit/537.36 (KHTML, like Gecko) Chrome/114.0.0.0 Safari/537.36"
185.191.206.81 - - [19/Apr/2026:06:45:18 +0300] "POST /xmlrpc.php HTTP/1.1" 200 630 "-" "Mozilla/5.0 (Windows NT 10.0; Win64; x64) AppleWebKit/537.36 (KHTML, like Gecko) Chrome/114.0.0.0 Safari/537.36"
200.25.47.107 - - [19/Apr/2026:06:45:45 +0300] "GET /10-000-juegos-de-casino-sin-cargo-online/ HTTP/1.1" 200 74197 "-" "Mozilla/5.0 (Windows NT 10.0; Win64; x64) AppleWebKit/537.36 (KHTML, like Gecko) Chrome/124.0.0.0 Safari/537.36"
103.219.169.211 - - [19/Apr/2026:06:45:50 +0300] "POST /xmlrpc.php HTTP/1.1" 200 12394 "-" "Mozilla/5.0 (Windows NT 10.0; Win64; x64) AppleWebKit/537.36 (KHTML, like Gecko) Chrome/114.0.0.0 Safari/537.36"
103.219.169.211 - - [19/Apr/2026:06:46:10 +0300] "GET /seriose-angeschlossen-casinos-im-untersuchung-unser-8-testsieger-2026/ HTTP/1.1" 200 74389 "-" "Mozilla/5.0 (Windows NT 10.0; rv:125.0) Gecko/20100101 Firefox/125.0"
185.191.206.81 - - [19/Apr/2026:06:45:56 +0300] "POST /xmlrpc.php HTTP/1.1" 200 12522 "-" "Mozilla/5.0 (Windows NT 10.0; Win64; x64) AppleWebKit/537.36 (KHTML, like Gecko) Chrome/114.0.0.0 Safari/537.36"
185.216.113.70 - - [19/Apr/2026:06:46:58 +0300] "POST /wp-cron.php?doing_wp_cron=1776570418.4026520252227783203125 HTTP/1.1" 200 448 "-" "WordPress/6.3.8; https://serhatburke.miroglu.net"
185.191.206.81 - - [19/Apr/2026:06:46:30 +0300] "GET /thunderstruck-slot-have-fun-with-the-thunderstruck-demo-2026-carsons-trip/ HTTP/1.1" 200 73752 "-" "Mozilla/5.0 (Windows NT 10.0; Win64; x64) AppleWebKit/537.36 (KHTML, like Gecko) Chrome/123.0.0.0 Safari/537.36"
66.249.73.1 - - [19/Apr/2026:06:48:16 +0300] "GET /donbet-casino-review-for-uk-players/ HTTP/1.1" 200 0 "https://pwunty.driftlogic-games.biz/" "Mozilla/5.0 (Linux; Android 6.0.1; Nexus 5X Build/MMB29P) AppleWebKit/537.36 (KHTML, like Gecko) Chrome/146.0.7680.177 Mobile Safari/537.36 (compatible; Googlebot/2.1; +http://www.google.com/bot.html)"
185.216.113.70 - - [19/Apr/2026:06:48:36 +0300] "POST /wp-cron.php?doing_wp_cron=1776570516.7272241115570068359375 HTTP/1.1" 200 448 "-" "WordPress/6.3.8; https://serhatburke.miroglu.net"
200.25.47.107 - - [19/Apr/2026:06:48:24 +0300] "POST /xmlrpc.php HTTP/1.1" 200 630 "-" "Mozilla/5.0 (Windows NT 10.0; Win64; x64) AppleWebKit/537.36 (KHTML, like Gecko) Chrome/114.0.0.0 Safari/537.36"
200.25.47.107 - - [19/Apr/2026:06:48:43 +0300] "POST /xmlrpc.php HTTP/1.1" 200 15347 "-" "Mozilla/5.0 (Windows NT 10.0; Win64; x64) AppleWebKit/537.36 (KHTML, like Gecko) Chrome/114.0.0.0 Safari/537.36"
200.25.47.107 - - [19/Apr/2026:06:48:58 +0300] "GET /inoffizieller-mitarbeiter-eurogrand-spielbank-auffuhren/ HTTP/1.1" 200 76670 "-" "Mozilla/5.0 (Windows NT 10.0; Win64; x64; rv:125.0) Gecko/20100101 Firefox/125.0"
200.25.47.107 - - [19/Apr/2026:06:49:07 +0300] "POST /xmlrpc.php HTTP/1.1" 200 630 "-" "Mozilla/5.0 (Windows NT 10.0; Win64; x64) AppleWebKit/537.36 (KHTML, like Gecko) Chrome/114.0.0.0 Safari/537.36"
185.216.113.70 - - [19/Apr/2026:06:49:39 +0300] "POST /wp-cron.php?doing_wp_cron=1776570579.7894179821014404296875 HTTP/1.1" 200 448 "-" "WordPress/6.3.8; https://serhatburke.miroglu.net"
200.25.47.107 - - [19/Apr/2026:06:49:26 +0300] "POST /xmlrpc.php HTTP/1.1" 200 14015 "-" "Mozilla/5.0 (Windows NT 10.0; Win64; x64) AppleWebKit/537.36 (KHTML, like Gecko) Chrome/114.0.0.0 Safari/537.36"
185.191.206.81 - - [19/Apr/2026:06:49:19 +0300] "POST /xmlrpc.php HTTP/1.1" 200 630 "-" "Mozilla/5.0 (Windows NT 10.0; Win64; x64) AppleWebKit/537.36 (KHTML, like Gecko) Chrome/114.0.0.0 Safari/537.36"
200.25.47.107 - - [19/Apr/2026:06:49:41 +0300] "GET /tragamonedas-twin-spin-deluxe-by-netent-sus-particulares-de-la-tragaperras-2026-tiradas-de-balde-demo-hace-el-trabajo-ahora/ HTTP/1.1" 200 77055 "-" "Mozilla/5.0 (Windows NT 10.0; Win64; x64) AppleWebKit/537.36 (KHTML, like Gecko) Chrome/109.0.0.0 Safari/537.36"
185.191.206.81 - - [19/Apr/2026:06:49:55 +0300] "POST /xmlrpc.php HTTP/1.1" 200 12486 "-" "Mozilla/5.0 (Windows NT 10.0; Win64; x64) AppleWebKit/537.36 (KHTML, like Gecko) Chrome/114.0.0.0 Safari/537.36"
98.98.33.56 - - [19/Apr/2026:06:50:14 +0300] "POST /xmlrpc.php HTTP/1.1" 200 630 "-" "Mozilla/5.0 (Windows NT 10.0; Win64; x64) AppleWebKit/537.36 (KHTML, like Gecko) Chrome/114.0.0.0 Safari/537.36"
185.216.113.70 - - [19/Apr/2026:06:50:46 +0300] "POST /wp-cron.php?doing_wp_cron=1776570646.6269800662994384765625 HTTP/1.1" 200 448 "-" "WordPress/6.3.8; https://serhatburke.miroglu.net"
98.98.33.56 - - [19/Apr/2026:06:50:33 +0300] "POST /xmlrpc.php HTTP/1.1" 200 14971 "-" "Mozilla/5.0 (Windows NT 10.0; Win64; x64) AppleWebKit/537.36 (KHTML, like Gecko) Chrome/114.0.0.0 Safari/537.36"
185.191.206.81 - - [19/Apr/2026:06:50:26 +0300] "GET /an-informed-the-brand-new-slot-machine-models-have-plenty-of-bonus-cycles-and-you-may-100-percent-free-spins-to-possess-a-worthwhile-feel-access-to-of-numerous-layouts-of-antique-good-fres/ HTTP/1.1" 200 78455 "-" "Mozilla/5.0 (Windows NT 10.0; Win64; x64) AppleWebKit/537.36 (KHTML, like Gecko) Chrome/123.0.0.0 Safari/537.36 OPR/109.0.0.0"
98.98.33.56 - - [19/Apr/2026:06:50:47 +0300] "GET /jackpotcity-casino-detail-2026-voili-qui400-pourboire-en-compagnie-de-appreciee/ HTTP/1.1" 200 76723 "-" "Mozilla/5.0 (Windows NT 10.0; Win64; x64; rv:124.0) Gecko/20100101 Firefox/124.0"
185.216.113.70 - - [19/Apr/2026:06:52:10 +0300] "POST /wp-cron.php?doing_wp_cron=1776570730.7035319805145263671875 HTTP/1.1" 200 448 "-" "WordPress/6.3.8; https://serhatburke.miroglu.net"
200.25.47.107 - - [19/Apr/2026:06:51:58 +0300] "POST /xmlrpc.php HTTP/1.1" 200 630 "-" "Mozilla/5.0 (Windows NT 10.0; Win64; x64) AppleWebKit/537.36 (KHTML, like Gecko) Chrome/114.0.0.0 Safari/537.36"
200.25.47.107 - - [19/Apr/2026:06:52:17 +0300] "POST /xmlrpc.php HTTP/1.1" 200 15594 "-" "Mozilla/5.0 (Windows NT 10.0; Win64; x64) AppleWebKit/537.36 (KHTML, like Gecko) Chrome/114.0.0.0 Safari/537.36"
185.216.113.70 - - [19/Apr/2026:06:52:43 +0300] "POST /wp-cron.php?doing_wp_cron=1776570763.8707809448242187500000 HTTP/1.1" 200 448 "-" "WordPress/6.3.8; https://serhatburke.miroglu.net"
200.25.47.107 - - [19/Apr/2026:06:52:32 +0300] "GET /europaplay-spielbank-provision-so-weit-wie-500-bewachen-unter-anderem-verbunden-spielen/ HTTP/1.1" 200 77438 "-" "Mozilla/5.0 (Windows NT 10.0; rv:109.0) Gecko/20100101 Firefox/115.0"
200.25.47.107 - - [19/Apr/2026:06:52:52 +0300] "POST /xmlrpc.php HTTP/1.1" 200 630 "-" "Mozilla/5.0 (Windows NT 10.0; Win64; x64) AppleWebKit/537.36 (KHTML, like Gecko) Chrome/114.0.0.0 Safari/537.36"
185.216.113.70 - - [19/Apr/2026:06:53:25 +0300] "POST /wp-cron.php?doing_wp_cron=1776570805.1467719078063964843750 HTTP/1.1" 200 448 "-" "WordPress/6.3.8; https://serhatburke.miroglu.net"
200.25.47.107 - - [19/Apr/2026:06:53:12 +0300] "POST /xmlrpc.php HTTP/1.1" 200 14013 "-" "Mozilla/5.0 (Windows NT 10.0; Win64; x64) AppleWebKit/537.36 (KHTML, like Gecko) Chrome/114.0.0.0 Safari/537.36"
200.25.47.107 - - [19/Apr/2026:06:53:27 +0300] "GET /cleopatra-anadido-tragamonedas-de-balde-falto-descargar/ HTTP/1.1" 200 75156 "-" "Mozilla/5.0 (Windows NT 10.0; Win64; x64) AppleWebKit/537.36 (KHTML, like Gecko) Chrome/123.0.0.0 Safari/537.36"
185.216.113.70 - - [19/Apr/2026:06:55:30 +0300] "POST /wp-cron.php?doing_wp_cron=1776570930.4882009029388427734375 HTTP/1.1" 200 448 "-" "WordPress/6.3.8; https://serhatburke.miroglu.net"
185.216.113.70 - - [19/Apr/2026:06:55:30 +0300] "POST /wp-cron.php?doing_wp_cron=1776570930.4881989955902099609375 HTTP/1.1" 200 448 "-" "WordPress/6.3.8; https://serhatburke.miroglu.net"
52.167.144.20 - - [19/Apr/2026:06:55:18 +0300] "GET /post_tag-sitemap.xml HTTP/2" 200 1175 "-" "Mozilla/5.0 AppleWebKit/537.36 (KHTML, like Gecko; compatible; bingbot/2.0; +http://www.bing.com/bingbot.htm) Chrome/116.0.1938.76 Safari/537.36"
185.191.206.81 - - [19/Apr/2026:06:54:56 +0300] "POST /xmlrpc.php HTTP/1.1" 200 630 "-" "Mozilla/5.0 (Windows NT 10.0; Win64; x64) AppleWebKit/537.36 (KHTML, like Gecko) Chrome/114.0.0.0 Safari/537.36"
185.191.206.81 - - [19/Apr/2026:06:55:37 +0300] "POST /xmlrpc.php HTTP/1.1" 200 12175 "-" "Mozilla/5.0 (Windows NT 10.0; Win64; x64) AppleWebKit/537.36 (KHTML, like Gecko) Chrome/114.0.0.0 Safari/537.36"
185.191.206.81 - - [19/Apr/2026:06:56:10 +0300] "GET /internet-casino-harbors-free-of-charge/ HTTP/1.1" 200 72481 "-" "Mozilla/5.0 (Windows NT 10.0; Win64; x64) AppleWebKit/537.36 (KHTML, like Gecko) Chrome/124.0.0.0 Safari/537.36 Edg/124.0.0.0"
185.216.113.70 - - [19/Apr/2026:06:57:03 +0300] "POST /wp-cron.php?doing_wp_cron=1776571023.8432559967041015625000 HTTP/1.1" 200 448 "-" "WordPress/6.3.8; https://serhatburke.miroglu.net"
17.22.237.246 - - [19/Apr/2026:06:56:51 +0300] "GET /betblast-casino-quick-wins-and-fast-action-for-the/undefined?ts=1776571011 HTTP/1.1" 404 15861 "https://serhatburke.miroglu.net/betblast-casino-quick-wins-and-fast-action-for-the/" "Mozilla/5.0 (Macintosh; Intel Mac OS X 10_15_7) AppleWebKit/605.1.15 (KHTML, like Gecko) Version/17.4 Safari/605.1.15 (Applebot/0.1; +http://www.apple.com/go/applebot)"
17.22.237.246 - - [19/Apr/2026:06:57:04 +0300] "GET /betblast-casino-quick-wins-and-fast-action-for-the/undefined?ts=1776571024 HTTP/1.1" 404 15559 "https://serhatburke.miroglu.net/betblast-casino-quick-wins-and-fast-action-for-the/" "Mozilla/5.0 (Macintosh; Intel Mac OS X 10_15_7) AppleWebKit/605.1.15 (KHTML, like Gecko) Version/17.4 Safari/605.1.15 (Applebot/0.1; +http://www.apple.com/go/applebot)"
200.25.47.107 - - [19/Apr/2026:06:57:10 +0300] "POST /xmlrpc.php HTTP/1.1" 200 630 "-" "Mozilla/5.0 (Windows NT 10.0; Win64; x64) AppleWebKit/537.36 (KHTML, like Gecko) Chrome/114.0.0.0 Safari/537.36"
185.216.113.70 - - [19/Apr/2026:06:57:45 +0300] "POST /wp-cron.php?doing_wp_cron=1776571065.1687049865722656250000 HTTP/1.1" 200 448 "-" "WordPress/6.3.8; https://serhatburke.miroglu.net"
200.25.47.107 - - [19/Apr/2026:06:57:32 +0300] "POST /xmlrpc.php HTTP/1.1" 200 13180 "-" "Mozilla/5.0 (Windows NT 10.0; Win64; x64) AppleWebKit/537.36 (KHTML, like Gecko) Chrome/114.0.0.0 Safari/537.36"
200.25.47.107 - - [19/Apr/2026:06:57:47 +0300] "GET /play-black-knight-for-free-now-in-demo-mode-wild-wolf-abertura-en-linea/ HTTP/1.1" 200 74763 "-" "Mozilla/5.0 (Windows NT 10.0; rv:109.0) Gecko/20100101 Firefox/115.0"
185.216.113.70 - - [19/Apr/2026:06:59:00 +0300] "POST /wp-cron.php?doing_wp_cron=1776571140.0050940513610839843750 HTTP/1.1" 200 448 "-" "WordPress/6.3.8; https://serhatburke.miroglu.net"
17.22.253.162 - - [19/Apr/2026:06:58:47 +0300] "GET /betblast-casino-quick-wins-and-fast-action-for-the/undefined?ts=1776571117 HTTP/1.1" 404 15736 "https://serhatburke.miroglu.net/betblast-casino-quick-wins-and-fast-action-for-the/" "Mozilla/5.0 (Macintosh; Intel Mac OS X 10_15_7) AppleWebKit/605.1.15 (KHTML, like Gecko) Version/17.4 Safari/605.1.15 (Applebot/0.1; +http://www.apple.com/go/applebot)"
103.219.169.211 - - [19/Apr/2026:06:58:49 +0300] "POST /xmlrpc.php HTTP/1.1" 200 630 "-" "Mozilla/5.0 (Windows NT 10.0; Win64; x64) AppleWebKit/537.36 (KHTML, like Gecko) Chrome/114.0.0.0 Safari/537.36"
17.22.253.162 - - [19/Apr/2026:06:59:02 +0300] "GET /betblast-casino-quick-wins-and-fast-action-for-the/undefined?ts=1776571140 HTTP/1.1" 404 15683 "https://serhatburke.miroglu.net/betblast-casino-quick-wins-and-fast-action-for-the/" "Mozilla/5.0 (Macintosh; Intel Mac OS X 10_15_7) AppleWebKit/605.1.15 (KHTML, like Gecko) Version/17.4 Safari/605.1.15 (Applebot/0.1; +http://www.apple.com/go/applebot)"
103.219.169.211 - - [19/Apr/2026:06:59:11 +0300] "POST /xmlrpc.php HTTP/1.1" 200 12641 "-" "Mozilla/5.0 (Windows NT 10.0; Win64; x64) AppleWebKit/537.36 (KHTML, like Gecko) Chrome/114.0.0.0 Safari/537.36"
185.216.113.70 - - [19/Apr/2026:06:59:41 +0300] "POST /wp-cron.php?doing_wp_cron=1776571181.0657479763031005859375 HTTP/1.1" 200 448 "-" "WordPress/6.3.8; https://serhatburke.miroglu.net"
17.22.253.162 - - [19/Apr/2026:06:59:27 +0300] "GET /betblast-casino-quick-wins-and-fast-action-for-the/undefined?ts=1776571158 HTTP/1.1" 404 15683 "https://serhatburke.miroglu.net/betblast-casino-quick-wins-and-fast-action-for-the/" "Mozilla/5.0 (Macintosh; Intel Mac OS X 10_15_7) AppleWebKit/605.1.15 (KHTML, like Gecko) Version/17.4 Safari/605.1.15 (Applebot/0.1; +http://www.apple.com/go/applebot)"
103.219.169.211 - - [19/Apr/2026:06:59:27 +0300] "GET /8-echtgeld-casinos-im-erprobung-2026-unter-allen-umstanden-einzahlen-obsiegen/ HTTP/1.1" 200 74740 "-" "Mozilla/5.0 (Windows NT 10.0; Win64; x64) AppleWebKit/537.36 (KHTML, like Gecko) Chrome/123.0.0.0 Safari/537.36"
98.98.33.56 - - [19/Apr/2026:06:59:46 +0300] "POST /xmlrpc.php HTTP/1.1" 200 630 "-" "Mozilla/5.0 (Windows NT 10.0; Win64; x64) AppleWebKit/537.36 (KHTML, like Gecko) Chrome/114.0.0.0 Safari/537.36"
185.216.113.70 - - [19/Apr/2026:07:00:18 +0300] "POST /wp-cron.php?doing_wp_cron=1776571218.5582170486450195312500 HTTP/1.1" 200 448 "-" "WordPress/6.3.8; https://serhatburke.miroglu.net"
98.98.33.56 - - [19/Apr/2026:07:00:06 +0300] "POST /xmlrpc.php HTTP/1.1" 200 14191 "-" "Mozilla/5.0 (Windows NT 10.0; Win64; x64) AppleWebKit/537.36 (KHTML, like Gecko) Chrome/114.0.0.0 Safari/537.36"
98.98.33.56 - - [19/Apr/2026:07:00:20 +0300] "GET /a-a-crystal-caillou-pour-pragmatic-play-live-via-getwin/ HTTP/1.1" 200 75180 "-" "Mozilla/5.0 (Windows NT 10.0; Win64; x64) AppleWebKit/537.36 (KHTML, like Gecko) Chrome/124.0.0.0 Safari/537.36"
185.216.113.70 - - [19/Apr/2026:07:01:25 +0300] "POST /wp-cron.php?doing_wp_cron=1776571285.7235379219055175781250 HTTP/1.1" 200 448 "-" "WordPress/6.3.8; https://serhatburke.miroglu.net"
200.25.47.107 - - [19/Apr/2026:07:01:13 +0300] "POST /xmlrpc.php HTTP/1.1" 200 630 "-" "Mozilla/5.0 (Windows NT 10.0; Win64; x64) AppleWebKit/537.36 (KHTML, like Gecko) Chrome/114.0.0.0 Safari/537.36"
200.25.47.107 - - [19/Apr/2026:07:01:33 +0300] "POST /xmlrpc.php HTTP/1.1" 200 13542 "-" "Mozilla/5.0 (Windows NT 10.0; Win64; x64) AppleWebKit/537.36 (KHTML, like Gecko) Chrome/114.0.0.0 Safari/537.36"
185.216.113.70 - - [19/Apr/2026:07:02:01 +0300] "POST /wp-cron.php?doing_wp_cron=1776571321.4448900222778320312500 HTTP/1.1" 200 448 "-" "WordPress/6.3.8; https://serhatburke.miroglu.net"
200.25.47.107 - - [19/Apr/2026:07:01:47 +0300] "GET /titanic-slot-play-for-free-now-nunca-download/ HTTP/1.1" 200 74190 "-" "Mozilla/5.0 (Windows NT 10.0; Win64; x64) AppleWebKit/537.36 (KHTML, like Gecko) Chrome/124.0.0.0 Safari/537.36 Edg/124.0.0.0"
103.219.169.211 - - [19/Apr/2026:07:01:54 +0300] "POST /xmlrpc.php HTTP/1.1" 200 630 "-" "Mozilla/5.0 (Windows NT 10.0; Win64; x64) AppleWebKit/537.36 (KHTML, like Gecko) Chrome/114.0.0.0 Safari/537.36"
103.219.169.211 - - [19/Apr/2026:07:02:15 +0300] "POST /xmlrpc.php HTTP/1.1" 200 15212 "-" "Mozilla/5.0 (Windows NT 10.0; Win64; x64) AppleWebKit/537.36 (KHTML, like Gecko) Chrome/114.0.0.0 Safari/537.36"
185.216.113.70 - - [19/Apr/2026:07:02:41 +0300] "POST /wp-cron.php?doing_wp_cron=1776571361.6062080860137939453125 HTTP/1.1" 200 448 "-" "WordPress/6.3.8; https://serhatburke.miroglu.net"
103.219.169.211 - - [19/Apr/2026:07:02:29 +0300] "GET /book-of-spielbank-zimpler-2026-dead-kostenfrei-gerieren-letter-gebuhrenfrei-abschmecken/ HTTP/1.1" 200 77469 "-" "Mozilla/5.0 (Windows NT 10.0; Win64; x64) AppleWebKit/537.36 (KHTML, like Gecko) Chrome/122.0.0.0 Safari/537.36"
45.84.192.5 - - [19/Apr/2026:07:02:39 +0300] "GET /casino-online-skrill-prelievo-veloce/ HTTP/1.1" 200 18092 "https://serhatburke.miroglu.net/" "Mozilla/5.0 (Windows NT 10.0; WOW64; x64) AppleWebKit/537.36 (KHTML, like Gecko) Chrome/114.0.0.0 Safari/537.36 OPR/89.0.4447.51"
45.84.192.5 - - [19/Apr/2026:07:02:57 +0300] "GET /wp-login.php?action=register HTTP/1.1" 302 702 "https://serhatburke.miroglu.net/casino-online-skrill-prelievo-veloce/" "Mozilla/5.0 (Windows NT 6.3; Win64; x64) AppleWebKit/537.36 (KHTML, like Gecko) Chrome/103.0.0.0 Safari/537.36"
98.98.33.56 - - [19/Apr/2026:07:03:02 +0300] "POST /xmlrpc.php HTTP/1.1" 200 630 "-" "Mozilla/5.0 (Windows NT 10.0; Win64; x64) AppleWebKit/537.36 (KHTML, like Gecko) Chrome/114.0.0.0 Safari/537.36"
45.84.192.5 - - [19/Apr/2026:07:03:11 +0300] "GET /wp-login.php?registration=disabled HTTP/1.1" 200 3806 "https://serhatburke.miroglu.net/wp-login.php?action=register" "Mozilla/5.0 (Windows NT 6.3; Win64; x64) AppleWebKit/537.36 (KHTML, like Gecko) Chrome/103.0.0.0 Safari/537.36"
185.216.113.70 - - [19/Apr/2026:07:03:35 +0300] "POST /wp-cron.php?doing_wp_cron=1776571415.3132541179656982421875 HTTP/1.1" 200 448 "-" "WordPress/6.3.8; https://serhatburke.miroglu.net"
98.98.33.56 - - [19/Apr/2026:07:03:23 +0300] "POST /xmlrpc.php HTTP/1.1" 200 14729 "-" "Mozilla/5.0 (Windows NT 10.0; Win64; x64) AppleWebKit/537.36 (KHTML, like Gecko) Chrome/114.0.0.0 Safari/537.36"
98.98.33.56 - - [19/Apr/2026:07:03:36 +0300] "GET /annotation-magicwin-salle-de-jeu-experience-bien-sauf-que-accompli-2026/ HTTP/1.1" 200 76038 "-" "Mozilla/5.0 (Windows NT 10.0; Win64; x64) AppleWebKit/537.36 (KHTML, like Gecko) Chrome/123.0.0.0 Safari/537.36 OPR/109.0.0.0"
65.111.2.241 - - [19/Apr/2026:07:04:11 +0300] "GET /wp-login.php HTTP/2" 200 3092 "-" "Mozilla/5.0 (Windows NT 10.0; Win64; x64) AppleWebKit/537.36 (KHTML, like Gecko) Chrome/124.0.6367.207 Safari/537.36"
185.191.206.81 - - [19/Apr/2026:07:03:57 +0300] "POST /xmlrpc.php HTTP/1.1" 200 630 "-" "Mozilla/5.0 (Windows NT 10.0; Win64; x64) AppleWebKit/537.36 (KHTML, like Gecko) Chrome/114.0.0.0 Safari/537.36"
65.111.2.241 - - [19/Apr/2026:07:04:24 +0300] "POST /xmlrpc.php HTTP/2" 200 109 "-" "Mozilla/5.0 (Windows NT 10.0; Win64; x64; rv:127.0) Gecko/20100101 Firefox/127.0"
185.216.113.70 - - [19/Apr/2026:07:04:50 +0300] "POST /wp-cron.php?doing_wp_cron=1776571490.1098089218139648437500 HTTP/1.1" 200 448 "-" "WordPress/6.3.8; https://serhatburke.miroglu.net"
65.111.2.241 - - [19/Apr/2026:07:04:37 +0300] "POST /xmlrpc.php HTTP/2" 200 2977 "-" "Mozilla/5.0 (Macintosh; Intel Mac OS X 13_5) AppleWebKit/605.1.15 (KHTML, like Gecko) Version/17.5 Safari/605.1.15"
185.191.206.81 - - [19/Apr/2026:07:04:33 +0300] "POST /xmlrpc.php HTTP/1.1" 200 12055 "-" "Mozilla/5.0 (Windows NT 10.0; Win64; x64) AppleWebKit/537.36 (KHTML, like Gecko) Chrome/114.0.0.0 Safari/537.36"
200.25.47.107 - - [19/Apr/2026:07:04:49 +0300] "POST /xmlrpc.php HTTP/1.1" 200 630 "-" "Mozilla/5.0 (Windows NT 10.0; Win64; x64) AppleWebKit/537.36 (KHTML, like Gecko) Chrome/114.0.0.0 Safari/537.36"
66.249.73.14 - - [19/Apr/2026:07:04:57 +0300] "GET /donbet-casino-review-for-uk-players/undefined?ts=1775520000 HTTP/1.1" 200 0 "https://serhatburke.miroglu.net/donbet-casino-review-for-uk-players/" "Mozilla/5.0 (Linux; Android 6.0.1; Nexus 5X Build/MMB29P) AppleWebKit/537.36 (KHTML, like Gecko) Chrome/146.0.7680.177 Mobile Safari/537.36 (compatible; Googlebot/2.1; +http://www.google.com/bot.html)"
66.249.73.14 - - [19/Apr/2026:07:05:09 +0300] "GET /donbet-casino-review-for-uk-players/undefined?ts=1775520000 HTTP/1.1" 200 0 "https://serhatburke.miroglu.net/donbet-casino-review-for-uk-players/" "Mozilla/5.0 (Linux; Android 6.0.1; Nexus 5X Build/MMB29P) AppleWebKit/537.36 (KHTML, like Gecko) Chrome/146.0.7680.177 Mobile Safari/537.36 (compatible; Googlebot/2.1; +http://www.google.com/bot.html)"
66.249.73.14 - - [19/Apr/2026:07:05:21 +0300] "GET /donbet-casino-review-for-uk-players/undefined?ts=1775520000 HTTP/1.1" 200 0 "https://serhatburke.miroglu.net/donbet-casino-review-for-uk-players/" "Mozilla/5.0 (Linux; Android 6.0.1; Nexus 5X Build/MMB29P) AppleWebKit/537.36 (KHTML, like Gecko) Chrome/146.0.7680.177 Mobile Safari/537.36 (compatible; Googlebot/2.1; +http://www.google.com/bot.html)"
66.249.73.14 - - [19/Apr/2026:07:05:33 +0300] "GET /donbet-casino-review-for-uk-players/undefined?ts=1775520000 HTTP/1.1" 200 0 "https://serhatburke.miroglu.net/donbet-casino-review-for-uk-players/" "Mozilla/5.0 (Linux; Android 6.0.1; Nexus 5X Build/MMB29P) AppleWebKit/537.36 (KHTML, like Gecko) Chrome/146.0.7680.177 Mobile Safari/537.36 (compatible; Googlebot/2.1; +http://www.google.com/bot.html)"
66.249.73.14 - - [19/Apr/2026:07:05:08 +0300] "GET /robots.txt HTTP/1.1" 200 719 "-" "Mozilla/5.0 (compatible; Googlebot/2.1; +http://www.google.com/bot.html)"
185.216.113.70 - - [19/Apr/2026:07:05:47 +0300] "POST /wp-cron.php?doing_wp_cron=1776571545.0227038860321044921875 HTTP/1.1" 200 448 "-" "WordPress/6.3.8; https://serhatburke.miroglu.net"
185.216.113.70 - - [19/Apr/2026:07:05:47 +0300] "POST /wp-cron.php?doing_wp_cron=1776571544.4760079383850097656250 HTTP/1.1" 200 448 "-" "WordPress/6.3.8; https://serhatburke.miroglu.net"
200.25.47.107 - - [19/Apr/2026:07:05:12 +0300] "POST /xmlrpc.php HTTP/1.1" 200 15599 "-" "Mozilla/5.0 (Windows NT 10.0; Win64; x64) AppleWebKit/537.36 (KHTML, like Gecko) Chrome/114.0.0.0 Safari/537.36"
185.216.113.70 - - [19/Apr/2026:07:05:50 +0300] "POST /wp-cron.php?doing_wp_cron=1776571550.7991969585418701171875 HTTP/1.1" 200 448 "-" "WordPress/6.3.8; https://serhatburke.miroglu.net"
200.25.47.107 - - [19/Apr/2026:07:05:13 +0300] "POST /xmlrpc.php HTTP/1.1" 200 630 "-" "Mozilla/5.0 (Windows NT 10.0; Win64; x64) AppleWebKit/537.36 (KHTML, like Gecko) Chrome/114.0.0.0 Safari/537.36"
185.191.206.81 - - [19/Apr/2026:07:05:05 +0300] "GET /play-attention-out-of-horus-totally-free-slot-game-review/ HTTP/1.1" 200 72909 "-" "Mozilla/5.0 (Windows NT 10.0; Win64; x64) AppleWebKit/537.36 (KHTML, like Gecko) Chrome/122.0.0.0 Safari/537.36"
103.219.169.211 - - [19/Apr/2026:07:05:40 +0300] "POST /xmlrpc.php HTTP/1.1" 200 630 "-" "Mozilla/5.0 (Windows NT 10.0; Win64; x64) AppleWebKit/537.36 (KHTML, like Gecko) Chrome/114.0.0.0 Safari/537.36"
200.25.47.107 - - [19/Apr/2026:07:05:50 +0300] "GET /klassischer-merkur-slot/ HTTP/1.1" 200 75742 "-" "Mozilla/5.0 (Windows NT 10.0; rv:125.0) Gecko/20100101 Firefox/125.0"
200.25.47.107 - - [19/Apr/2026:07:05:57 +0300] "POST /xmlrpc.php HTTP/1.1" 200 13604 "-" "Mozilla/5.0 (Windows NT 10.0; Win64; x64) AppleWebKit/537.36 (KHTML, like Gecko) Chrome/114.0.0.0 Safari/537.36"
103.219.169.211 - - [19/Apr/2026:07:06:12 +0300] "POST /xmlrpc.php HTTP/1.1" 200 12153 "-" "Mozilla/5.0 (Windows NT 10.0; Win64; x64) AppleWebKit/537.36 (KHTML, like Gecko) Chrome/114.0.0.0 Safari/537.36"
200.25.47.107 - - [19/Apr/2026:07:06:28 +0300] "GET /draculas-family-slots-play-this-game-online-for-free/ HTTP/1.1" 200 74520 "-" "Mozilla/5.0 (Windows NT 10.0; Win64; x64) AppleWebKit/537.36 (KHTML, like Gecko) Chrome/124.0.0.0 Safari/537.36"
103.219.169.211 - - [19/Apr/2026:07:06:33 +0300] "GET /erreichbar-spielbank-qua-telefonrechnung-bezahlen-2026-auf-jeden-fall-wie-geschmiert/ HTTP/1.1" 200 74378 "-" "Mozilla/5.0 (Windows NT 10.0; rv:109.0) Gecko/20100101 Firefox/115.0"
185.216.113.70 - - [19/Apr/2026:07:07:15 +0300] "POST /wp-cron.php?doing_wp_cron=1776571635.8547461032867431640625 HTTP/1.1" 200 448 "-" "WordPress/6.3.8; https://serhatburke.miroglu.net"
98.98.33.56 - - [19/Apr/2026:07:07:03 +0300] "POST /xmlrpc.php HTTP/1.1" 200 630 "-" "Mozilla/5.0 (Windows NT 10.0; Win64; x64) AppleWebKit/537.36 (KHTML, like Gecko) Chrome/114.0.0.0 Safari/537.36"
98.98.33.56 - - [19/Apr/2026:07:07:22 +0300] "POST /xmlrpc.php HTTP/1.1" 200 14823 "-" "Mozilla/5.0 (Windows NT 10.0; Win64; x64) AppleWebKit/537.36 (KHTML, like Gecko) Chrome/114.0.0.0 Safari/537.36"
185.216.113.70 - - [19/Apr/2026:07:07:48 +0300] "POST /wp-cron.php?doing_wp_cron=1776571668.7232789993286132812500 HTTP/1.1" 200 448 "-" "WordPress/6.3.8; https://serhatburke.miroglu.net"
98.98.33.56 - - [19/Apr/2026:07:07:37 +0300] "GET /book-of-ra-accessoire-a-dessous-novomatic-pourrez-gratuite/ HTTP/1.1" 200 75770 "-" "Mozilla/5.0 (Windows NT 10.0; Win64; x64) AppleWebKit/537.36 (KHTML, like Gecko) Chrome/124.0.0.0 Safari/537.36 Edg/124.0.0.0"
185.216.113.70 - - [19/Apr/2026:07:08:13 +0300] "POST /wp-cron.php?doing_wp_cron=1776571693.6888730525970458984375 HTTP/1.1" 200 448 "-" "WordPress/6.3.8; https://serhatburke.miroglu.net"
185.191.206.81 - - [19/Apr/2026:07:07:44 +0300] "POST /xmlrpc.php HTTP/1.1" 200 630 "-" "Mozilla/5.0 (Windows NT 10.0; Win64; x64) AppleWebKit/537.36 (KHTML, like Gecko) Chrome/114.0.0.0 Safari/537.36"
185.191.206.81 - - [19/Apr/2026:07:08:20 +0300] "POST /xmlrpc.php HTTP/1.1" 200 12158 "-" "Mozilla/5.0 (Windows NT 10.0; Win64; x64) AppleWebKit/537.36 (KHTML, like Gecko) Chrome/114.0.0.0 Safari/537.36"
185.216.113.70 - - [19/Apr/2026:07:09:19 +0300] "POST /wp-cron.php?doing_wp_cron=1776571759.5006740093231201171875 HTTP/1.1" 200 448 "-" "WordPress/6.3.8; https://serhatburke.miroglu.net"
185.191.206.81 - - [19/Apr/2026:07:08:51 +0300] "GET /pharaohs-chance-slot-machine-game-2026-enjoy-free-today-igt-ports-costa-rica/ HTTP/1.1" 200 73657 "-" "Mozilla/5.0 (Windows NT 10.0; rv:109.0) Gecko/20100101 Firefox/115.0"
185.216.113.70 - - [19/Apr/2026:07:09:52 +0300] "POST /wp-cron.php?doing_wp_cron=1776571792.0569410324096679687500 HTTP/1.1" 200 448 "-" "WordPress/6.3.8; https://serhatburke.miroglu.net"
103.219.169.211 - - [19/Apr/2026:07:09:39 +0300] "POST /xmlrpc.php HTTP/1.1" 200 630 "-" "Mozilla/5.0 (Windows NT 10.0; Win64; x64) AppleWebKit/537.36 (KHTML, like Gecko) Chrome/114.0.0.0 Safari/537.36"
200.25.47.107 - - [19/Apr/2026:07:09:59 +0300] "POST /xmlrpc.php HTTP/1.1" 200 630 "-" "Mozilla/5.0 (Windows NT 10.0; Win64; x64) AppleWebKit/537.36 (KHTML, like Gecko) Chrome/114.0.0.0 Safari/537.36"
103.219.169.211 - - [19/Apr/2026:07:09:59 +0300] "POST /xmlrpc.php HTTP/1.1" 200 11864 "-" "Mozilla/5.0 (Windows NT 10.0; Win64; x64) AppleWebKit/537.36 (KHTML, like Gecko) Chrome/114.0.0.0 Safari/537.36"
103.219.169.211 - - [19/Apr/2026:07:10:17 +0300] "GET /beste-online-casino-einzahlungsbonus-unter-anderem-angebote-im-2025/ HTTP/1.1" 200 73596 "-" "Mozilla/5.0 (Windows NT 10.0; Win64; x64) AppleWebKit/537.36 (KHTML, like Gecko) Chrome/123.0.0.0 Safari/537.36 OPR/109.0.0.0"
200.25.47.107 - - [19/Apr/2026:07:10:22 +0300] "POST /xmlrpc.php HTTP/1.1" 200 16056 "-" "Mozilla/5.0 (Windows NT 10.0; Win64; x64) AppleWebKit/537.36 (KHTML, like Gecko) Chrome/114.0.0.0 Safari/537.36"
185.216.113.70 - - [19/Apr/2026:07:10:50 +0300] "POST /wp-cron.php?doing_wp_cron=1776571850.2773110866546630859375 HTTP/1.1" 200 448 "-" "WordPress/6.3.8; https://serhatburke.miroglu.net"
200.25.47.107 - - [19/Apr/2026:07:10:38 +0300] "GET /echtgeld-onlinepoker-sichere-dies-150-entwicklungsmoglichkeiten-medusa-2-spielautomat-eye-of-horus-mobile-and-auszahlungen-mercantile-office-systems-pvt-ltd/ HTTP/1.1" 200 79859 "-" "Mozilla/5.0 (Windows NT 10.0; Win64; x64) AppleWebKit/537.36 (KHTML, like Gecko) Chrome/122.0.0.0 Safari/537.36"