50.3.167.208 - - [18/Apr/2026:07:39:52 +0300] "POST /wp-comments-post.php HTTP/1.1" 302 1083 "https://serhatburke.miroglu.net/beste-casino-site-belgie-hoge-inzet/" "Mozilla/5.0 (X11; Ubuntu; Linux i686; rv:114.0) Gecko/20100101 Firefox/114.0"
185.153.197.91 - - [18/Apr/2026:07:40:03 +0300] "POST /xmlrpc.php HTTP/1.1" 200 8854 "-" "Mozilla/5.0 (Windows NT 10.0; Win64; x64) AppleWebKit/537.36 (KHTML, like Gecko) Chrome/114.0.0.0 Safari/537.36"
185.153.197.91 - - [18/Apr/2026:07:40:17 +0300] "GET /3-%EF%BF%BD-casino-senza-schedatura-accessibile-da-telegram-la-notizia-dellanno/ HTTP/1.1" 200 70767 "-" "Mozilla/5.0 (Windows NT 10.0; rv:125.0) Gecko/20100101 Firefox/125.0"
182.8.130.146 - - [18/Apr/2026:07:40:39 +0300] "GET /wp-content/themes/toppic/css/rs-default.css?ver=4.2 HTTP/1.1" 200 2625 "https://serhatburke.miroglu.net/beste-casino-site-belgie-hoge-inzet/" "Mozilla/5.0 (Windows NT 10.0; Win64; x64) AppleWebKit/537.36 (KHTML, like Gecko) Chrome/143.0.0.0 Safari/537.36"
182.8.130.146 - - [18/Apr/2026:07:40:41 +0300] "GET /wp-content/themes/toppic/css/lightbox.css?ver=4.2 HTTP/1.1" 200 2956 "https://serhatburke.miroglu.net/beste-casino-site-belgie-hoge-inzet/" "Mozilla/5.0 (Windows NT 10.0; Win64; x64) AppleWebKit/537.36 (KHTML, like Gecko) Chrome/143.0.0.0 Safari/537.36"
50.3.167.208 - - [18/Apr/2026:07:40:15 +0300] "GET /beste-casino-site-belgie-hoge-inzet/?unapproved=467&moderation-hash=95446f9f8a8295311ee6addbee97d480 HTTP/1.1" 200 19135 "https://serhatburke.miroglu.net/wp-comments-post.php" "Mozilla/5.0 (X11; Ubuntu; Linux i686; rv:114.0) Gecko/20100101 Firefox/114.0"
182.8.130.146 - - [18/Apr/2026:07:40:42 +0300] "GET /wp-content/themes/toppic/css/woocommerce.css?ver=4.2 HTTP/1.1" 200 2848 "https://serhatburke.miroglu.net/beste-casino-site-belgie-hoge-inzet/" "Mozilla/5.0 (Windows NT 10.0; Win64; x64) AppleWebKit/537.36 (KHTML, like Gecko) Chrome/143.0.0.0 Safari/537.36"
182.8.130.146 - - [18/Apr/2026:07:40:43 +0300] "GET /wp-content/themes/toppic/css/responsive.css?ver=4.2 HTTP/1.1" 200 2796 "https://serhatburke.miroglu.net/beste-casino-site-belgie-hoge-inzet/" "Mozilla/5.0 (Windows NT 10.0; Win64; x64) AppleWebKit/537.36 (KHTML, like Gecko) Chrome/143.0.0.0 Safari/537.36"
182.8.130.146 - - [18/Apr/2026:07:40:45 +0300] "POST /wp-comments-post.php HTTP/1.1" 302 1083 "https://serhatburke.miroglu.net/beste-casino-site-belgie-hoge-inzet/" "Mozilla/5.0 (Macintosh; Intel Mac OS X 12_5) AppleWebKit/537.36 (KHTML, like Gecko) Chrome/114.0.0.0 Safari/537.36 OPR/89.0.4447.51"
50.3.167.208 - - [18/Apr/2026:07:40:42 +0300] "GET /beste-casino-site-belgie-hoge-inzet/ HTTP/1.1" 200 18613 "-" "Mozilla/5.0 (X11; Ubuntu; Linux i686; rv:114.0) Gecko/20100101 Firefox/114.0"
185.153.197.91 - - [18/Apr/2026:07:40:59 +0300] "POST /xmlrpc.php HTTP/1.1" 200 630 "-" "Mozilla/5.0 (Windows NT 10.0; Win64; x64) AppleWebKit/537.36 (KHTML, like Gecko) Chrome/114.0.0.0 Safari/537.36"
182.8.130.146 - - [18/Apr/2026:07:40:59 +0300] "GET /beste-casino-site-belgie-hoge-inzet/?unapproved=468&moderation-hash=e74fa98111b953493d4936a40b86a5bd HTTP/1.1" 200 19038 "https://serhatburke.miroglu.net/wp-comments-post.php" "Mozilla/5.0 (Macintosh; Intel Mac OS X 12_5) AppleWebKit/537.36 (KHTML, like Gecko) Chrome/114.0.0.0 Safari/537.36 OPR/89.0.4447.51"
185.216.113.70 - - [18/Apr/2026:07:41:26 +0300] "POST /wp-cron.php?doing_wp_cron=1776487286.1285450458526611328125 HTTP/1.1" 200 448 "-" "WordPress/6.3.8; https://serhatburke.miroglu.net"
182.8.130.146 - - [18/Apr/2026:07:41:14 +0300] "GET /beste-casino-site-belgie-hoge-inzet/ HTTP/1.1" 200 18588 "-" "Mozilla/5.0 (compatible; Googlebot/2.1; +http://www.google.com/bot.html)"
185.216.113.70 - - [18/Apr/2026:07:41:32 +0300] "POST /wp-cron.php?doing_wp_cron=1776487292.2361369132995605468750 HTTP/1.1" 200 448 "-" "WordPress/6.3.8; https://serhatburke.miroglu.net"
185.153.197.91 - - [18/Apr/2026:07:41:19 +0300] "POST /xmlrpc.php HTTP/1.1" 200 9363 "-" "Mozilla/5.0 (Windows NT 10.0; Win64; x64) AppleWebKit/537.36 (KHTML, like Gecko) Chrome/114.0.0.0 Safari/537.36"
185.153.197.91 - - [18/Apr/2026:07:41:32 +0300] "GET /non-qualsiasi-i-giochi-supportano-puntate-certamente-alte-ancora-in-bisca-unlimited/ HTTP/1.1" 200 71327 "-" "Mozilla/5.0 (Windows NT 10.0; Win64; x64) AppleWebKit/537.36 (KHTML, like Gecko) Chrome/109.0.0.0 Safari/537.36"
185.153.197.91 - - [18/Apr/2026:07:41:57 +0300] "POST /xmlrpc.php HTTP/1.1" 200 630 "-" "Mozilla/5.0 (Windows NT 10.0; Win64; x64) AppleWebKit/537.36 (KHTML, like Gecko) Chrome/114.0.0.0 Safari/537.36"
185.216.113.70 - - [18/Apr/2026:07:42:26 +0300] "POST /wp-cron.php?doing_wp_cron=1776487346.9090139865875244140625 HTTP/1.1" 200 448 "-" "WordPress/6.3.8; https://serhatburke.miroglu.net"
185.153.197.91 - - [18/Apr/2026:07:42:14 +0300] "POST /xmlrpc.php HTTP/1.1" 200 8799 "-" "Mozilla/5.0 (Windows NT 10.0; Win64; x64) AppleWebKit/537.36 (KHTML, like Gecko) Chrome/114.0.0.0 Safari/537.36"
185.153.197.91 - - [18/Apr/2026:07:42:30 +0300] "GET /non-alla-rinfusa-e-stata-considerata-quale-la-ottimale-mutamento-per-s/ HTTP/1.1" 200 70460 "-" "Mozilla/5.0 (Windows NT 10.0; Win64; x64) AppleWebKit/537.36 (KHTML, like Gecko) Chrome/122.0.0.0 Safari/537.36"
185.216.113.70 - - [18/Apr/2026:07:43:00 +0300] "POST /wp-cron.php?doing_wp_cron=1776487380.3468580245971679687500 HTTP/1.1" 200 448 "-" "WordPress/6.3.8; https://serhatburke.miroglu.net"
185.153.197.91 - - [18/Apr/2026:07:42:48 +0300] "POST /xmlrpc.php HTTP/1.1" 200 630 "-" "Mozilla/5.0 (Windows NT 10.0; Win64; x64) AppleWebKit/537.36 (KHTML, like Gecko) Chrome/114.0.0.0 Safari/537.36"
185.153.197.91 - - [18/Apr/2026:07:43:09 +0300] "POST /xmlrpc.php HTTP/1.1" 200 9957 "-" "Mozilla/5.0 (Windows NT 10.0; Win64; x64) AppleWebKit/537.36 (KHTML, like Gecko) Chrome/114.0.0.0 Safari/537.36"
185.153.197.91 - - [18/Apr/2026:07:43:21 +0300] "GET /pagamenti-nei-mucchio-durante-vacuita-di-aams-metodi-electronic-mouvements/ HTTP/1.1" 200 71662 "-" "Mozilla/5.0 (Windows NT 10.0; Win64; x64) AppleWebKit/537.36 (KHTML, like Gecko) Chrome/123.0.0.0 Safari/537.36 OPR/109.0.0.0"
185.216.113.70 - - [18/Apr/2026:07:43:58 +0300] "POST /wp-cron.php?doing_wp_cron=1776487438.0891420841217041015625 HTTP/1.1" 200 448 "-" "WordPress/6.3.8; https://serhatburke.miroglu.net"
165.73.240.147 - - [18/Apr/2026:07:43:46 +0300] "POST /xmlrpc.php HTTP/1.1" 200 630 "-" "Mozilla/5.0 (Windows NT 10.0; Win64; x64) AppleWebKit/537.36 (KHTML, like Gecko) Chrome/114.0.0.0 Safari/537.36"
185.153.197.91 - - [18/Apr/2026:07:44:01 +0300] "POST /xmlrpc.php HTTP/1.1" 200 630 "-" "Mozilla/5.0 (Windows NT 10.0; Win64; x64) AppleWebKit/537.36 (KHTML, like Gecko) Chrome/114.0.0.0 Safari/537.36"
165.73.240.147 - - [18/Apr/2026:07:44:05 +0300] "POST /xmlrpc.php HTTP/1.1" 200 14872 "-" "Mozilla/5.0 (Windows NT 10.0; Win64; x64) AppleWebKit/537.36 (KHTML, like Gecko) Chrome/114.0.0.0 Safari/537.36"
185.216.113.70 - - [18/Apr/2026:07:44:40 +0300] "POST /wp-cron.php?doing_wp_cron=1776487480.1068871021270751953125 HTTP/1.1" 200 448 "-" "WordPress/6.3.8; https://serhatburke.miroglu.net"
165.73.240.147 - - [18/Apr/2026:07:44:22 +0300] "GET /mr-green-diese-seite-anklicken-spielbank-erfahrungen-2026-%E1%90%85-test-bewertung-%E1%90%8A/ HTTP/1.1" 200 76893 "-" "Mozilla/5.0 (Windows NT 10.0; rv:109.0) Gecko/20100101 Firefox/115.0"
185.153.197.91 - - [18/Apr/2026:07:44:23 +0300] "POST /xmlrpc.php HTTP/1.1" 200 8973 "-" "Mozilla/5.0 (Windows NT 10.0; Win64; x64) AppleWebKit/537.36 (KHTML, like Gecko) Chrome/114.0.0.0 Safari/537.36"
50.3.167.208 - - [18/Apr/2026:07:44:23 +0300] "GET /beste-casino-site-belgie-hoge-inzet/ HTTP/1.1" 200 18613 "-" "Mozilla/5.0 (Windows NT 10.0; Win64; x64) AppleWebKit/537.36 (KHTML, like Gecko) Chrome/114.0.0.0 Safari/537.36 OPR/89.0.4447.51"
185.153.197.91 - - [18/Apr/2026:07:44:47 +0300] "GET /affare-sono-rso-siti-non-aams-addirittura-rso-scompiglio-non-aams/ HTTP/1.1" 200 70431 "-" "Mozilla/5.0 (Windows NT 10.0; Win64; x64) AppleWebKit/537.36 (KHTML, like Gecko) Chrome/109.0.0.0 Safari/537.36"
185.153.197.91 - - [18/Apr/2026:07:45:11 +0300] "POST /xmlrpc.php HTTP/1.1" 200 630 "-" "Mozilla/5.0 (Windows NT 10.0; Win64; x64) AppleWebKit/537.36 (KHTML, like Gecko) Chrome/114.0.0.0 Safari/537.36"
50.3.167.208 - - [18/Apr/2026:07:45:12 +0300] "GET /beste-casino-site-belgie-hoge-inzet/ HTTP/1.1" 200 18613 "-" "Mozilla/5.0 (Windows NT 10.0; Win64; x64) AppleWebKit/537.36 (KHTML, like Gecko) Chrome/114.0.0.0 Safari/537.36 OPR/89.0.4447.51"
185.216.113.70 - - [18/Apr/2026:07:45:44 +0300] "POST /wp-cron.php?doing_wp_cron=1776487544.5391418933868408203125 HTTP/1.1" 200 448 "-" "WordPress/6.3.8; https://serhatburke.miroglu.net"
185.153.197.91 - - [18/Apr/2026:07:45:32 +0300] "POST /xmlrpc.php HTTP/1.1" 200 8857 "-" "Mozilla/5.0 (Windows NT 10.0; Win64; x64) AppleWebKit/537.36 (KHTML, like Gecko) Chrome/114.0.0.0 Safari/537.36"
185.153.197.91 - - [18/Apr/2026:07:45:44 +0300] "GET /il-premio-sulla-riserva-e-fino-verso-200%EF%BF%BD-con-requisiti-20x-da-procurarsi-per-7-giorni/ HTTP/1.1" 200 70946 "-" "Mozilla/5.0 (Windows NT 10.0; Win64; x64) AppleWebKit/537.36 (KHTML, like Gecko) Chrome/122.0.0.0 Safari/537.36"
185.153.197.91 - - [18/Apr/2026:07:46:19 +0300] "POST /xmlrpc.php HTTP/1.1" 200 630 "-" "Mozilla/5.0 (Windows NT 10.0; Win64; x64) AppleWebKit/537.36 (KHTML, like Gecko) Chrome/114.0.0.0 Safari/537.36"
185.216.113.70 - - [18/Apr/2026:07:46:54 +0300] "POST /wp-cron.php?doing_wp_cron=1776487614.2552089691162109375000 HTTP/1.1" 200 448 "-" "WordPress/6.3.8; https://serhatburke.miroglu.net"
185.153.197.91 - - [18/Apr/2026:07:46:41 +0300] "POST /xmlrpc.php HTTP/1.1" 200 9669 "-" "Mozilla/5.0 (Windows NT 10.0; Win64; x64) AppleWebKit/537.36 (KHTML, like Gecko) Chrome/114.0.0.0 Safari/537.36"
185.153.197.91 - - [18/Apr/2026:07:46:54 +0300] "GET /chicken-mystake-incluso-esso-ad-esempio-ce-da-amico-sul-gioco-del-ingenuo-luogo-autorizzato/ HTTP/1.1" 200 71971 "-" "Mozilla/5.0 (Windows NT 10.0; Win64; x64) AppleWebKit/537.36 (KHTML, like Gecko) Chrome/123.0.0.0 Safari/537.36"
52.167.144.173 - - [18/Apr/2026:07:47:18 +0300] "GET /post-sitemap18.xml HTTP/2" 200 76231 "-" "Mozilla/5.0 AppleWebKit/537.36 (KHTML, like Gecko; compatible; bingbot/2.0; +http://www.bing.com/bingbot.htm) Chrome/116.0.1938.76 Safari/537.36"
185.216.113.70 - - [18/Apr/2026:07:47:42 +0300] "POST /wp-cron.php?doing_wp_cron=1776487662.2913401126861572265625 HTTP/1.1" 200 448 "-" "WordPress/6.3.8; https://serhatburke.miroglu.net"
185.153.197.91 - - [18/Apr/2026:07:47:30 +0300] "POST /xmlrpc.php HTTP/1.1" 200 630 "-" "Mozilla/5.0 (Windows NT 10.0; Win64; x64) AppleWebKit/537.36 (KHTML, like Gecko) Chrome/114.0.0.0 Safari/537.36"
185.153.197.91 - - [18/Apr/2026:07:47:51 +0300] "POST /xmlrpc.php HTTP/1.1" 200 8513 "-" "Mozilla/5.0 (Windows NT 10.0; Win64; x64) AppleWebKit/537.36 (KHTML, like Gecko) Chrome/114.0.0.0 Safari/537.36"
185.153.197.91 - - [18/Apr/2026:07:48:05 +0300] "GET /quali-sono-volte-diversi-tipi-di-premio-di-ossequio-bookmakers-per/ HTTP/1.1" 200 70139 "-" "Mozilla/5.0 (Windows NT 10.0; Win64; x64) AppleWebKit/537.36 (KHTML, like Gecko) Chrome/109.0.0.0 Safari/537.36"
185.153.197.91 - - [18/Apr/2026:07:48:18 +0300] "POST /xmlrpc.php HTTP/1.1" 200 630 "-" "Mozilla/5.0 (Windows NT 10.0; Win64; x64) AppleWebKit/537.36 (KHTML, like Gecko) Chrome/114.0.0.0 Safari/537.36"
185.216.113.70 - - [18/Apr/2026:07:48:48 +0300] "POST /wp-cron.php?doing_wp_cron=1776487728.4284811019897460937500 HTTP/1.1" 200 448 "-" "WordPress/6.3.8; https://serhatburke.miroglu.net"
185.153.197.91 - - [18/Apr/2026:07:48:36 +0300] "POST /xmlrpc.php HTTP/1.1" 200 8624 "-" "Mozilla/5.0 (Windows NT 10.0; Win64; x64) AppleWebKit/537.36 (KHTML, like Gecko) Chrome/114.0.0.0 Safari/537.36"
185.153.197.91 - - [18/Apr/2026:07:48:49 +0300] "GET /quali-sono-i-diversi-wigwam-di-gratifica-di-ossequio-bookmakers-per/ HTTP/1.1" 200 70320 "-" "Mozilla/5.0 (Windows NT 10.0; Win64; x64; rv:124.0) Gecko/20100101 Firefox/124.0"
185.153.197.91 - - [18/Apr/2026:07:49:21 +0300] "POST /xmlrpc.php HTTP/1.1" 200 630 "-" "Mozilla/5.0 (Windows NT 10.0; Win64; x64) AppleWebKit/537.36 (KHTML, like Gecko) Chrome/114.0.0.0 Safari/537.36"
185.216.113.70 - - [18/Apr/2026:07:49:54 +0300] "POST /wp-cron.php?doing_wp_cron=1776487794.1987340450286865234375 HTTP/1.1" 200 448 "-" "WordPress/6.3.8; https://serhatburke.miroglu.net"
185.153.197.91 - - [18/Apr/2026:07:49:41 +0300] "POST /xmlrpc.php HTTP/1.1" 200 8740 "-" "Mozilla/5.0 (Windows NT 10.0; Win64; x64) AppleWebKit/537.36 (KHTML, like Gecko) Chrome/114.0.0.0 Safari/537.36"
185.153.197.91 - - [18/Apr/2026:07:49:54 +0300] "GET /sei-per-elemosina-di-indivis-gratifica-casino-sopra-italia-oppure-di-giri-gratuitamente-verso-winmachance-mucchio/ HTTP/1.1" 200 71473 "-" "Mozilla/5.0 (Windows NT 10.0; Win64; x64) AppleWebKit/537.36 (KHTML, like Gecko) Chrome/122.0.0.0 Safari/537.36"
185.216.113.70 - - [18/Apr/2026:07:50:42 +0300] "POST /wp-cron.php?doing_wp_cron=1776487842.2016799449920654296875 HTTP/1.1" 200 448 "-" "WordPress/6.3.8; https://serhatburke.miroglu.net"
185.153.197.91 - - [18/Apr/2026:07:50:30 +0300] "POST /xmlrpc.php HTTP/1.1" 200 630 "-" "Mozilla/5.0 (Windows NT 10.0; Win64; x64) AppleWebKit/537.36 (KHTML, like Gecko) Chrome/114.0.0.0 Safari/537.36"
185.153.197.91 - - [18/Apr/2026:07:50:51 +0300] "POST /xmlrpc.php HTTP/1.1" 200 9620 "-" "Mozilla/5.0 (Windows NT 10.0; Win64; x64) AppleWebKit/537.36 (KHTML, like Gecko) Chrome/114.0.0.0 Safari/537.36"
185.153.197.91 - - [18/Apr/2026:07:51:04 +0300] "GET /posso-superare-patrimonio-veri-in-certain-fitto-di-1%EF%BF%BD/ HTTP/1.1" 200 70730 "-" "Mozilla/5.0 (Windows NT 10.0; Win64; x64; rv:125.0) Gecko/20100101 Firefox/125.0"
57.128.22.95 - - [18/Apr/2026:07:51:15 +0300] "GET /zotabet-casino-bonus-premier-depot-2026/ HTTP/1.1" 200 18530 "-" "Mozilla/5.0 (compatible; Googlebot/2.1; +http://www.google.com/bot.html)"
185.216.113.70 - - [18/Apr/2026:07:51:57 +0300] "POST /wp-cron.php?doing_wp_cron=1776487917.6429839134216308593750 HTTP/1.1" 200 448 "-" "WordPress/6.3.8; https://serhatburke.miroglu.net"
185.153.197.91 - - [18/Apr/2026:07:51:45 +0300] "POST /xmlrpc.php HTTP/1.1" 200 630 "-" "Mozilla/5.0 (Windows NT 10.0; Win64; x64) AppleWebKit/537.36 (KHTML, like Gecko) Chrome/114.0.0.0 Safari/537.36"
185.153.197.91 - - [18/Apr/2026:07:52:04 +0300] "POST /xmlrpc.php HTTP/1.1" 200 9049 "-" "Mozilla/5.0 (Windows NT 10.0; Win64; x64) AppleWebKit/537.36 (KHTML, like Gecko) Chrome/114.0.0.0 Safari/537.36"
185.153.197.91 - - [18/Apr/2026:07:52:16 +0300] "GET /messaggio-da-founder-di-miglioricasinoitalia-verificato-da-finale-differimento/ HTTP/1.1" 200 70909 "-" "Mozilla/5.0 (Windows NT 10.0; Win64; x64) AppleWebKit/537.36 (KHTML, like Gecko) Chrome/123.0.0.0 Safari/537.36 OPR/109.0.0.0"
185.153.197.91 - - [18/Apr/2026:07:52:23 +0300] "POST /xmlrpc.php HTTP/1.1" 200 630 "-" "Mozilla/5.0 (Windows NT 10.0; Win64; x64) AppleWebKit/537.36 (KHTML, like Gecko) Chrome/114.0.0.0 Safari/537.36"
185.216.113.70 - - [18/Apr/2026:07:52:55 +0300] "POST /wp-cron.php?doing_wp_cron=1776487975.8192460536956787109375 HTTP/1.1" 200 448 "-" "WordPress/6.3.8; https://serhatburke.miroglu.net"
185.153.197.91 - - [18/Apr/2026:07:52:44 +0300] "POST /xmlrpc.php HTTP/1.1" 200 8196 "-" "Mozilla/5.0 (Windows NT 10.0; Win64; x64) AppleWebKit/537.36 (KHTML, like Gecko) Chrome/114.0.0.0 Safari/537.36"
57.141.20.8 - - [18/Apr/2026:07:52:52 +0300] "GET /robots.txt HTTP/2" 200 0 "-" "facebookexternalhit/1.1 (+http://www.facebook.com/externalhit_uatext.php)"
185.153.197.91 - - [18/Apr/2026:07:52:56 +0300] "GET /cassa-sopra-diretta-%EF%BF%BD-25-fino-a-200-euro/ HTTP/1.1" 200 69320 "-" "Mozilla/5.0 (Windows NT 10.0; Win64; x64; rv:125.0) Gecko/20100101 Firefox/125.0"
185.216.113.70 - - [18/Apr/2026:07:53:41 +0300] "POST /wp-cron.php?doing_wp_cron=1776488021.4337799549102783203125 HTTP/1.1" 200 448 "-" "WordPress/6.3.8; https://serhatburke.miroglu.net"
185.153.197.91 - - [18/Apr/2026:07:53:29 +0300] "POST /xmlrpc.php HTTP/1.1" 200 630 "-" "Mozilla/5.0 (Windows NT 10.0; Win64; x64) AppleWebKit/537.36 (KHTML, like Gecko) Chrome/114.0.0.0 Safari/537.36"
185.153.197.91 - - [18/Apr/2026:07:53:47 +0300] "POST /xmlrpc.php HTTP/1.1" 200 9513 "-" "Mozilla/5.0 (Windows NT 10.0; Win64; x64) AppleWebKit/537.36 (KHTML, like Gecko) Chrome/114.0.0.0 Safari/537.36"
185.216.113.70 - - [18/Apr/2026:07:54:13 +0300] "POST /wp-cron.php?doing_wp_cron=1776488053.2044339179992675781250 HTTP/1.1" 200 448 "-" "WordPress/6.3.8; https://serhatburke.miroglu.net"
185.153.197.91 - - [18/Apr/2026:07:54:01 +0300] "GET /il-limite-%EF%BF%BDtumulto-non-amms%EF%BF%BD-e-indivisible-sbaglio-di-trebbiatura-ricorrente/ HTTP/1.1" 200 71732 "-" "Mozilla/5.0 (Windows NT 10.0; rv:125.0) Gecko/20100101 Firefox/125.0"
185.216.113.70 - - [18/Apr/2026:07:54:44 +0300] "POST /wp-cron.php?doing_wp_cron=1776488084.7733170986175537109375 HTTP/1.1" 200 448 "-" "WordPress/6.3.8; https://serhatburke.miroglu.net"
185.153.197.91 - - [18/Apr/2026:07:54:29 +0300] "POST /xmlrpc.php HTTP/1.1" 200 630 "-" "Mozilla/5.0 (Windows NT 10.0; Win64; x64) AppleWebKit/537.36 (KHTML, like Gecko) Chrome/114.0.0.0 Safari/537.36"
185.153.197.91 - - [18/Apr/2026:07:54:50 +0300] "POST /xmlrpc.php HTTP/1.1" 200 10209 "-" "Mozilla/5.0 (Windows NT 10.0; Win64; x64) AppleWebKit/537.36 (KHTML, like Gecko) Chrome/114.0.0.0 Safari/537.36"
185.153.197.91 - - [18/Apr/2026:07:55:09 +0300] "GET /queste-ricerche-dimostrano-che-tipo-di-le-persone-vogliono-fondare-a-contare-a-titolo-di-favore/ HTTP/1.1" 200 72589 "-" "Mozilla/5.0 (Windows NT 10.0; Win64; x64) AppleWebKit/537.36 (KHTML, like Gecko) Chrome/109.0.0.0 Safari/537.36"
185.216.113.70 - - [18/Apr/2026:07:55:40 +0300] "POST /wp-cron.php?doing_wp_cron=1776488140.2646861076354980468750 HTTP/1.1" 200 448 "-" "WordPress/6.3.8; https://serhatburke.miroglu.net"
185.153.197.91 - - [18/Apr/2026:07:55:28 +0300] "POST /xmlrpc.php HTTP/1.1" 200 630 "-" "Mozilla/5.0 (Windows NT 10.0; Win64; x64) AppleWebKit/537.36 (KHTML, like Gecko) Chrome/114.0.0.0 Safari/537.36"
185.153.197.91 - - [18/Apr/2026:07:55:49 +0300] "POST /xmlrpc.php HTTP/1.1" 200 9045 "-" "Mozilla/5.0 (Windows NT 10.0; Win64; x64) AppleWebKit/537.36 (KHTML, like Gecko) Chrome/114.0.0.0 Safari/537.36"
185.153.197.91 - - [18/Apr/2026:07:56:01 +0300] "GET /quali-sono-volte-rischi-di-un-casa-da-gioco-in-assenza-di-verifica-ancora-certificazione/ HTTP/1.1" 200 71522 "-" "Mozilla/5.0 (Windows NT 10.0; Win64; x64) AppleWebKit/537.36 (KHTML, like Gecko) Chrome/124.0.0.0 Safari/537.36"
185.216.113.70 - - [18/Apr/2026:07:56:49 +0300] "POST /wp-cron.php?doing_wp_cron=1776488209.8877239227294921875000 HTTP/1.1" 200 448 "-" "WordPress/6.3.8; https://serhatburke.miroglu.net"
185.153.197.91 - - [18/Apr/2026:07:56:37 +0300] "POST /xmlrpc.php HTTP/1.1" 200 630 "-" "Mozilla/5.0 (Windows NT 10.0; Win64; x64) AppleWebKit/537.36 (KHTML, like Gecko) Chrome/114.0.0.0 Safari/537.36"
185.153.197.91 - - [18/Apr/2026:07:56:59 +0300] "POST /xmlrpc.php HTTP/1.1" 200 8955 "-" "Mozilla/5.0 (Windows NT 10.0; Win64; x64) AppleWebKit/537.36 (KHTML, like Gecko) Chrome/114.0.0.0 Safari/537.36"
185.153.197.91 - - [18/Apr/2026:07:57:11 +0300] "GET /quali-sono-volte-rischi-di-un-bisca-privo-di-controllo-di-nuovo-certificazione/ HTTP/1.1" 200 71111 "-" "Mozilla/5.0 (Windows NT 10.0; Win64; x64; rv:125.0) Gecko/20100101 Firefox/125.0"
165.231.97.196 - - [18/Apr/2026:07:57:19 +0300] "GET /zotabet-casino-bonus-premier-depot-2026/ HTTP/1.1" 200 18537 "https://serhatburke.miroglu.net/" "Mozilla/5.0 (Windows NT 10.0; Win64; x64) AppleWebKit/537.36 (KHTML, like Gecko) Chrome/133.0.6943.141 Safari/537.36"
185.153.197.91 - - [18/Apr/2026:07:57:19 +0300] "POST /xmlrpc.php HTTP/1.1" 200 630 "-" "Mozilla/5.0 (Windows NT 10.0; Win64; x64) AppleWebKit/537.36 (KHTML, like Gecko) Chrome/114.0.0.0 Safari/537.36"
185.216.113.70 - - [18/Apr/2026:07:57:52 +0300] "POST /wp-cron.php?doing_wp_cron=1776488272.3432810306549072265625 HTTP/1.1" 200 448 "-" "WordPress/6.3.8; https://serhatburke.miroglu.net"
165.231.97.196 - - [18/Apr/2026:07:57:39 +0300] "GET /wp-login.php?action=register HTTP/1.1" 302 702 "https://serhatburke.miroglu.net/zotabet-casino-bonus-premier-depot-2026/" "Mozilla/5.0 (Windows NT 6.3; Win64; x64) AppleWebKit/537.36 (KHTML, like Gecko) Chrome/103.0.0.0 Safari/537.36"
185.153.197.91 - - [18/Apr/2026:07:57:42 +0300] "POST /xmlrpc.php HTTP/1.1" 200 8803 "-" "Mozilla/5.0 (Windows NT 10.0; Win64; x64) AppleWebKit/537.36 (KHTML, like Gecko) Chrome/114.0.0.0 Safari/537.36"
165.231.97.196 - - [18/Apr/2026:07:57:54 +0300] "GET /wp-login.php?registration=disabled HTTP/1.1" 200 3806 "https://serhatburke.miroglu.net/wp-login.php?action=register" "Mozilla/5.0 (Windows NT 6.3; Win64; x64) AppleWebKit/537.36 (KHTML, like Gecko) Chrome/103.0.0.0 Safari/537.36"
185.153.197.91 - - [18/Apr/2026:07:57:57 +0300] "GET /bei-mouvements-da-riesumare-consapevole-bensi-resteranno-celibe-confessione/ HTTP/1.1" 200 70498 "-" "Mozilla/5.0 (Windows NT 10.0; Win64; x64) AppleWebKit/537.36 (KHTML, like Gecko) Chrome/123.0.0.0 Safari/537.36"
185.216.113.70 - - [18/Apr/2026:07:58:50 +0300] "POST /wp-cron.php?doing_wp_cron=1776488330.3757059574127197265625 HTTP/1.1" 200 448 "-" "WordPress/6.3.8; https://serhatburke.miroglu.net"
185.153.197.91 - - [18/Apr/2026:07:58:36 +0300] "POST /xmlrpc.php HTTP/1.1" 200 630 "-" "Mozilla/5.0 (Windows NT 10.0; Win64; x64) AppleWebKit/537.36 (KHTML, like Gecko) Chrome/114.0.0.0 Safari/537.36"
185.153.197.91 - - [18/Apr/2026:07:58:57 +0300] "POST /xmlrpc.php HTTP/1.1" 200 9183 "-" "Mozilla/5.0 (Windows NT 10.0; Win64; x64) AppleWebKit/537.36 (KHTML, like Gecko) Chrome/114.0.0.0 Safari/537.36"
185.153.197.91 - - [18/Apr/2026:07:59:11 +0300] "GET /che-svelare-il-miglior-tumulto-privo-di-autoesclusione-aams-2025/ HTTP/1.1" 200 70797 "-" "Mozilla/5.0 (Windows NT 10.0; rv:125.0) Gecko/20100101 Firefox/125.0"
185.216.113.70 - - [18/Apr/2026:07:59:46 +0300] "POST /wp-cron.php?doing_wp_cron=1776488386.8177111148834228515625 HTTP/1.1" 200 448 "-" "WordPress/6.3.8; https://serhatburke.miroglu.net"
185.153.197.91 - - [18/Apr/2026:07:59:35 +0300] "POST /xmlrpc.php HTTP/1.1" 200 630 "-" "Mozilla/5.0 (Windows NT 10.0; Win64; x64) AppleWebKit/537.36 (KHTML, like Gecko) Chrome/114.0.0.0 Safari/537.36"
185.153.197.91 - - [18/Apr/2026:07:59:52 +0300] "POST /xmlrpc.php HTTP/1.1" 200 8675 "-" "Mozilla/5.0 (Windows NT 10.0; Win64; x64) AppleWebKit/537.36 (KHTML, like Gecko) Chrome/114.0.0.0 Safari/537.36"
185.153.197.91 - - [18/Apr/2026:08:00:09 +0300] "GET /nine-casino-ha-indivisible-reale-catalogo-di-giochi-totale-un-costante-nota-di-slot-machine/ HTTP/1.1" 200 70554 "-" "Mozilla/5.0 (Windows NT 10.0; Win64; x64; rv:124.0) Gecko/20100101 Firefox/124.0"
185.216.113.70 - - [18/Apr/2026:08:00:39 +0300] "POST /wp-cron.php?doing_wp_cron=1776488439.8204131126403808593750 HTTP/1.1" 200 448 "-" "WordPress/6.3.8; https://serhatburke.miroglu.net"
185.153.197.91 - - [18/Apr/2026:08:00:27 +0300] "POST /xmlrpc.php HTTP/1.1" 200 630 "-" "Mozilla/5.0 (Windows NT 10.0; Win64; x64) AppleWebKit/537.36 (KHTML, like Gecko) Chrome/114.0.0.0 Safari/537.36"
185.153.197.91 - - [18/Apr/2026:08:00:46 +0300] "POST /xmlrpc.php HTTP/1.1" 200 9313 "-" "Mozilla/5.0 (Windows NT 10.0; Win64; x64) AppleWebKit/537.36 (KHTML, like Gecko) Chrome/114.0.0.0 Safari/537.36"
185.153.197.91 - - [18/Apr/2026:08:00:58 +0300] "GET /controllare-il-punteggio-di-indivis-casino-verso-trustpilot-e-excretion-buon-segno-di-avvio/ HTTP/1.1" 200 71506 "-" "Mozilla/5.0 (Windows NT 10.0; Win64; x64) AppleWebKit/537.36 (KHTML, like Gecko) Chrome/109.0.0.0 Safari/537.36"
185.216.113.70 - - [18/Apr/2026:08:01:46 +0300] "POST /wp-cron.php?doing_wp_cron=1776488506.3796639442443847656250 HTTP/1.1" 200 448 "-" "WordPress/6.3.8; https://serhatburke.miroglu.net"
185.153.197.91 - - [18/Apr/2026:08:01:34 +0300] "POST /xmlrpc.php HTTP/1.1" 200 630 "-" "Mozilla/5.0 (Windows NT 10.0; Win64; x64) AppleWebKit/537.36 (KHTML, like Gecko) Chrome/114.0.0.0 Safari/537.36"
185.153.197.91 - - [18/Apr/2026:08:01:53 +0300] "POST /xmlrpc.php HTTP/1.1" 200 9258 "-" "Mozilla/5.0 (Windows NT 10.0; Win64; x64) AppleWebKit/537.36 (KHTML, like Gecko) Chrome/114.0.0.0 Safari/537.36"
185.153.197.91 - - [18/Apr/2026:08:02:06 +0300] "GET /codice-pubblicitario-starvegas-premio-fino-su-3-500-500-giri-gratuitamente/ HTTP/1.1" 200 71028 "-" "Mozilla/5.0 (Windows NT 10.0; Win64; x64) AppleWebKit/537.36 (KHTML, like Gecko) Chrome/123.0.0.0 Safari/537.36 OPR/109.0.0.0"
185.216.113.70 - - [18/Apr/2026:08:02:46 +0300] "POST /wp-cron.php?doing_wp_cron=1776488566.1831569671630859375000 HTTP/1.1" 200 448 "-" "WordPress/6.3.8; https://serhatburke.miroglu.net"
185.153.197.91 - - [18/Apr/2026:08:02:30 +0300] "POST /xmlrpc.php HTTP/1.1" 200 630 "-" "Mozilla/5.0 (Windows NT 10.0; Win64; x64) AppleWebKit/537.36 (KHTML, like Gecko) Chrome/114.0.0.0 Safari/537.36"
185.153.197.91 - - [18/Apr/2026:08:02:53 +0300] "POST /xmlrpc.php HTTP/1.1" 200 9098 "-" "Mozilla/5.0 (Windows NT 10.0; Win64; x64) AppleWebKit/537.36 (KHTML, like Gecko) Chrome/114.0.0.0 Safari/537.36"
185.153.197.91 - - [18/Apr/2026:08:03:08 +0300] "POST /xmlrpc.php HTTP/1.1" 200 630 "-" "Mozilla/5.0 (Windows NT 10.0; Win64; x64) AppleWebKit/537.36 (KHTML, like Gecko) Chrome/114.0.0.0 Safari/537.36"
185.153.197.91 - - [18/Apr/2026:08:03:10 +0300] "GET /gratifica-in-assenza-di-base-durante-contante-in-regalo-vincitu-dove-utilizzarlo/ HTTP/1.1" 200 70887 "-" "Mozilla/5.0 (Windows NT 10.0; Win64; x64) AppleWebKit/537.36 (KHTML, like Gecko) Chrome/124.0.0.0 Safari/537.36"
185.216.113.70 - - [18/Apr/2026:08:03:40 +0300] "POST /wp-cron.php?doing_wp_cron=1776488620.3829400539398193359375 HTTP/1.1" 200 448 "-" "WordPress/6.3.8; https://serhatburke.miroglu.net"
185.153.197.91 - - [18/Apr/2026:08:03:27 +0300] "POST /xmlrpc.php HTTP/1.1" 200 9033 "-" "Mozilla/5.0 (Windows NT 10.0; Win64; x64) AppleWebKit/537.36 (KHTML, like Gecko) Chrome/114.0.0.0 Safari/537.36"
165.73.240.147 - - [18/Apr/2026:08:03:36 +0300] "POST /xmlrpc.php HTTP/1.1" 200 630 "-" "Mozilla/5.0 (Windows NT 10.0; Win64; x64) AppleWebKit/537.36 (KHTML, like Gecko) Chrome/114.0.0.0 Safari/537.36"
185.153.197.91 - - [18/Apr/2026:08:03:43 +0300] "GET /le-piattaforme-oneste-ed-rispettose-delle-codifica-lo-informano-continuamente-ai-giocatori/ HTTP/1.1" 200 71228 "-" "Mozilla/5.0 (Windows NT 10.0; rv:109.0) Gecko/20100101 Firefox/115.0"
165.73.240.147 - - [18/Apr/2026:08:03:57 +0300] "POST /xmlrpc.php HTTP/1.1" 200 15408 "-" "Mozilla/5.0 (Windows NT 10.0; Win64; x64) AppleWebKit/537.36 (KHTML, like Gecko) Chrome/114.0.0.0 Safari/537.36"
185.153.197.91 - - [18/Apr/2026:08:04:11 +0300] "POST /xmlrpc.php HTTP/1.1" 200 630 "-" "Mozilla/5.0 (Windows NT 10.0; Win64; x64) AppleWebKit/537.36 (KHTML, like Gecko) Chrome/114.0.0.0 Safari/537.36"
165.73.240.147 - - [18/Apr/2026:08:04:11 +0300] "GET /mr-green-erfahrungen-2026-lll-100-keine-einzahlung-casinos4u-2026-bonus-200-fs/ HTTP/1.1" 200 77079 "-" "Mozilla/5.0 (Windows NT 10.0; rv:125.0) Gecko/20100101 Firefox/125.0"
185.216.113.70 - - [18/Apr/2026:08:04:41 +0300] "POST /wp-cron.php?doing_wp_cron=1776488681.5532219409942626953125 HTTP/1.1" 200 448 "-" "WordPress/6.3.8; https://serhatburke.miroglu.net"
185.153.197.91 - - [18/Apr/2026:08:04:29 +0300] "POST /xmlrpc.php HTTP/1.1" 200 8914 "-" "Mozilla/5.0 (Windows NT 10.0; Win64; x64) AppleWebKit/537.36 (KHTML, like Gecko) Chrome/114.0.0.0 Safari/537.36"
185.153.197.91 - - [18/Apr/2026:08:04:45 +0300] "GET /molti-siti-di-recensioni-anche-parallelo-indicano-apertamente-quali-sono-i-limiti-di-intricato/ HTTP/1.1" 200 71042 "-" "Mozilla/5.0 (Windows NT 10.0; Win64; x64; rv:124.0) Gecko/20100101 Firefox/124.0"
185.153.197.91 - - [18/Apr/2026:08:05:09 +0300] "POST /xmlrpc.php HTTP/1.1" 200 630 "-" "Mozilla/5.0 (Windows NT 10.0; Win64; x64) AppleWebKit/537.36 (KHTML, like Gecko) Chrome/114.0.0.0 Safari/537.36"
185.216.113.70 - - [18/Apr/2026:08:05:41 +0300] "POST /wp-cron.php?doing_wp_cron=1776488741.7259199619293212890625 HTTP/1.1" 200 448 "-" "WordPress/6.3.8; https://serhatburke.miroglu.net"
185.153.197.91 - - [18/Apr/2026:08:05:30 +0300] "POST /xmlrpc.php HTTP/1.1" 200 9002 "-" "Mozilla/5.0 (Windows NT 10.0; Win64; x64) AppleWebKit/537.36 (KHTML, like Gecko) Chrome/114.0.0.0 Safari/537.36"
185.153.197.91 - - [18/Apr/2026:08:05:41 +0300] "GET /bonus-fino-a-5250%EF%BF%BD-5000%EF%BF%BD-cacciagione-50%EF%BF%BD-sul-fondo-200%EF%BF%BD/ HTTP/1.1" 200 71079 "-" "Mozilla/5.0 (Windows NT 10.0; Win64; x64) AppleWebKit/537.36 (KHTML, like Gecko) Chrome/123.0.0.0 Safari/537.36 OPR/109.0.0.0"
185.216.113.70 - - [18/Apr/2026:08:07:41 +0300] "POST /wp-cron.php?doing_wp_cron=1776488860.9848949909210205078125 HTTP/1.1" 200 448 "-" "WordPress/6.3.8; https://serhatburke.miroglu.net"
185.153.197.91 - - [18/Apr/2026:08:07:26 +0300] "POST /xmlrpc.php HTTP/1.1" 200 630 "-" "Mozilla/5.0 (Windows NT 10.0; Win64; x64) AppleWebKit/537.36 (KHTML, like Gecko) Chrome/114.0.0.0 Safari/537.36"
185.153.197.91 - - [18/Apr/2026:08:07:46 +0300] "POST /xmlrpc.php HTTP/1.1" 200 9010 "-" "Mozilla/5.0 (Windows NT 10.0; Win64; x64) AppleWebKit/537.36 (KHTML, like Gecko) Chrome/114.0.0.0 Safari/537.36"
185.153.197.91 - - [18/Apr/2026:08:08:01 +0300] "GET /offriamo-single-mucchio-adm-sicuri-anche-con-pagamenti-rapidi/ HTTP/1.1" 200 70365 "-" "Mozilla/5.0 (Windows NT 10.0; Win64; x64; rv:125.0) Gecko/20100101 Firefox/125.0"
185.216.113.70 - - [18/Apr/2026:08:10:00 +0300] "POST /wp-cron.php?doing_wp_cron=1776489000.1536860466003417968750 HTTP/1.1" 200 448 "-" "WordPress/6.3.8; https://serhatburke.miroglu.net"
98.98.33.41 - - [18/Apr/2026:08:09:47 +0300] "POST /xmlrpc.php HTTP/1.1" 200 630 "-" "Mozilla/5.0 (Windows NT 10.0; Win64; x64) AppleWebKit/537.36 (KHTML, like Gecko) Chrome/114.0.0.0 Safari/537.36"
98.98.33.41 - - [18/Apr/2026:08:10:07 +0300] "POST /xmlrpc.php HTTP/1.1" 200 15335 "-" "Mozilla/5.0 (Windows NT 10.0; Win64; x64) AppleWebKit/537.36 (KHTML, like Gecko) Chrome/114.0.0.0 Safari/537.36"
185.216.113.70 - - [18/Apr/2026:08:10:39 +0300] "POST /wp-cron.php?doing_wp_cron=1776489039.1043040752410888671875 HTTP/1.1" 200 448 "-" "WordPress/6.3.8; https://serhatburke.miroglu.net"
98.98.33.41 - - [18/Apr/2026:08:10:25 +0300] "GET /wheres-lexcellent-gold-king-kong-casinos-en-ligne-slot-review-free-demo-play-2026/ HTTP/1.1" 200 76896 "-" "Mozilla/5.0 (Windows NT 10.0; Win64; x64) AppleWebKit/537.36 (KHTML, like Gecko) Chrome/109.0.0.0 Safari/537.36"
57.128.22.95 - - [18/Apr/2026:08:10:53 +0300] "GET /zotabet-casino-bonus-premier-depot-2026/ HTTP/1.1" 200 18530 "-" "Mozilla/5.0 (compatible; Googlebot/2.1; +http://www.google.com/bot.html)"
185.216.113.70 - - [18/Apr/2026:08:12:16 +0300] "POST /wp-cron.php?doing_wp_cron=1776489136.8906300067901611328125 HTTP/1.1" 200 448 "-" "WordPress/6.3.8; https://serhatburke.miroglu.net"
165.73.240.147 - - [18/Apr/2026:08:12:04 +0300] "POST /xmlrpc.php HTTP/1.1" 200 630 "-" "Mozilla/5.0 (Windows NT 10.0; Win64; x64) AppleWebKit/537.36 (KHTML, like Gecko) Chrome/114.0.0.0 Safari/537.36"
165.73.240.147 - - [18/Apr/2026:08:12:23 +0300] "POST /xmlrpc.php HTTP/1.1" 200 15076 "-" "Mozilla/5.0 (Windows NT 10.0; Win64; x64) AppleWebKit/537.36 (KHTML, like Gecko) Chrome/114.0.0.0 Safari/537.36"
185.216.113.70 - - [18/Apr/2026:08:12:50 +0300] "POST /wp-cron.php?doing_wp_cron=1776489170.8493990898132324218750 HTTP/1.1" 200 448 "-" "WordPress/6.3.8; https://serhatburke.miroglu.net"
165.73.240.147 - - [18/Apr/2026:08:12:38 +0300] "GET /mybet-pramie-100-wettbonus-promo-codes-fur-casinos4u-casino-bonusbedingungen/ HTTP/1.1" 200 77021 "-" "Mozilla/5.0 (Windows NT 10.0; Win64; x64) AppleWebKit/537.36 (KHTML, like Gecko) Chrome/122.0.0.0 Safari/537.36"
185.216.113.70 - - [18/Apr/2026:08:14:26 +0300] "POST /wp-cron.php?doing_wp_cron=1776489266.8029959201812744140625 HTTP/1.1" 200 448 "-" "WordPress/6.3.8; https://serhatburke.miroglu.net"
98.98.33.41 - - [18/Apr/2026:08:14:14 +0300] "POST /xmlrpc.php HTTP/1.1" 200 630 "-" "Mozilla/5.0 (Windows NT 10.0; Win64; x64) AppleWebKit/537.36 (KHTML, like Gecko) Chrome/114.0.0.0 Safari/537.36"
98.98.33.41 - - [18/Apr/2026:08:14:33 +0300] "POST /xmlrpc.php HTTP/1.1" 200 15911 "-" "Mozilla/5.0 (Windows NT 10.0; Win64; x64) AppleWebKit/537.36 (KHTML, like Gecko) Chrome/114.0.0.0 Safari/537.36"
98.98.33.41 - - [18/Apr/2026:08:14:49 +0300] "GET /25-espaces-sans-100-tours-gratuits-sans-depot-super-nudge-6000-150-possibiltes-untamed-wolf-banquise-original-a-lexclusion-en-compagnie-de-annales-pour-janvier-2025-bonuspourtous/ HTTP/1.1" 200 79907 "-" "Mozilla/5.0 (Windows NT 10.0; Win64; x64) AppleWebKit/537.36 (KHTML, like Gecko) Chrome/122.0.0.0 Safari/537.36"
185.216.113.70 - - [18/Apr/2026:08:18:53 +0300] "POST /wp-cron.php?doing_wp_cron=1776489533.4359579086303710937500 HTTP/1.1" 200 448 "-" "WordPress/6.3.8; https://serhatburke.miroglu.net"
98.98.33.41 - - [18/Apr/2026:08:18:40 +0300] "POST /xmlrpc.php HTTP/1.1" 200 630 "-" "Mozilla/5.0 (Windows NT 10.0; Win64; x64) AppleWebKit/537.36 (KHTML, like Gecko) Chrome/114.0.0.0 Safari/537.36"
98.98.33.41 - - [18/Apr/2026:08:19:00 +0300] "POST /xmlrpc.php HTTP/1.1" 200 15201 "-" "Mozilla/5.0 (Windows NT 10.0; Win64; x64) AppleWebKit/537.36 (KHTML, like Gecko) Chrome/114.0.0.0 Safari/537.36"
165.73.240.147 - - [18/Apr/2026:08:19:11 +0300] "POST /xmlrpc.php HTTP/1.1" 200 630 "-" "Mozilla/5.0 (Windows NT 10.0; Win64; x64) AppleWebKit/537.36 (KHTML, like Gecko) Chrome/114.0.0.0 Safari/537.36"
98.98.33.41 - - [18/Apr/2026:08:19:14 +0300] "GET /master-french-roulette-free-sur-internet-termes-conseilles-lights-emplacement-en-ligne-partenaire-guide-inside/ HTTP/1.1" 200 77706 "-" "Mozilla/5.0 (Windows NT 10.0; Win64; x64; rv:125.0) Gecko/20100101 Firefox/125.0"
185.216.113.70 - - [18/Apr/2026:08:19:43 +0300] "POST /wp-cron.php?doing_wp_cron=1776489583.1199889183044433593750 HTTP/1.1" 200 448 "-" "WordPress/6.3.8; https://serhatburke.miroglu.net"
165.73.240.147 - - [18/Apr/2026:08:19:30 +0300] "POST /xmlrpc.php HTTP/1.1" 200 14924 "-" "Mozilla/5.0 (Windows NT 10.0; Win64; x64) AppleWebKit/537.36 (KHTML, like Gecko) Chrome/114.0.0.0 Safari/537.36"
212.34.148.156 - - [18/Apr/2026:08:19:37 +0300] "GET /zotabet-casino-bonus-premier-depot-2026/ HTTP/1.1" 200 18583 "https://serhatburke.miroglu.net/" "Mozilla/5.0 (X11; Linux x86_64; rv:148.0) Gecko/20100101 Firefox/148.0"
212.34.148.156 - - [18/Apr/2026:08:19:53 +0300] "GET /wp-includes/css/dist/block-library/style.min.css?ver=6.3.8 HTTP/1.1" 200 13578 "https://serhatburke.miroglu.net/zotabet-casino-bonus-premier-depot-2026/" "Mozilla/5.0 (Windows NT 10.0; Win64; x64) AppleWebKit/537.36 (KHTML, like Gecko) Chrome/145.0.0.0 Safari/537.36"
212.34.148.156 - - [18/Apr/2026:08:19:53 +0300] "GET /wp-content/plugins/contact-form-7/includes/css/styles.css?ver=5.8 HTTP/1.1" 200 1490 "https://serhatburke.miroglu.net/zotabet-casino-bonus-premier-depot-2026/" "Mozilla/5.0 (Windows NT 10.0; Win64; x64) AppleWebKit/537.36 (KHTML, like Gecko) Chrome/145.0.0.0 Safari/537.36"
212.34.148.156 - - [18/Apr/2026:08:19:54 +0300] "GET /wp-content/themes/toppic/css/fontello.css?ver=4.2 HTTP/1.1" 200 1802 "https://serhatburke.miroglu.net/zotabet-casino-bonus-premier-depot-2026/" "Mozilla/5.0 (Windows NT 10.0; Win64; x64) AppleWebKit/537.36 (KHTML, like Gecko) Chrome/145.0.0.0 Safari/537.36"
212.34.148.156 - - [18/Apr/2026:08:19:54 +0300] "GET /wp-content/themes/toppic/css/reset.css?ver=4.2 HTTP/1.1" 200 1178 "https://serhatburke.miroglu.net/zotabet-casino-bonus-premier-depot-2026/" "Mozilla/5.0 (Windows NT 10.0; Win64; x64) AppleWebKit/537.36 (KHTML, like Gecko) Chrome/145.0.0.0 Safari/537.36"
212.34.148.156 - - [18/Apr/2026:08:19:54 +0300] "GET /wp-content/themes/toppic/css/default.css?ver=4.2 HTTP/1.1" 200 1811 "https://serhatburke.miroglu.net/zotabet-casino-bonus-premier-depot-2026/" "Mozilla/5.0 (Windows NT 10.0; Win64; x64) AppleWebKit/537.36 (KHTML, like Gecko) Chrome/145.0.0.0 Safari/537.36"
212.34.148.156 - - [18/Apr/2026:08:19:54 +0300] "GET /wp-content/themes/toppic/style.css?ver=4.2 HTTP/1.1" 200 23398 "https://serhatburke.miroglu.net/zotabet-casino-bonus-premier-depot-2026/" "Mozilla/5.0 (Windows NT 10.0; Win64; x64) AppleWebKit/537.36 (KHTML, like Gecko) Chrome/145.0.0.0 Safari/537.36"
212.34.148.156 - - [18/Apr/2026:08:19:55 +0300] "GET /wp-content/themes/toppic/css/royalslider.css?ver=4.2 HTTP/1.1" 200 1887 "https://serhatburke.miroglu.net/zotabet-casino-bonus-premier-depot-2026/" "Mozilla/5.0 (Windows NT 10.0; Win64; x64) AppleWebKit/537.36 (KHTML, like Gecko) Chrome/145.0.0.0 Safari/537.36"
212.34.148.156 - - [18/Apr/2026:08:19:55 +0300] "GET /wp-content/themes/toppic/css/rs-default.css?ver=4.2 HTTP/1.1" 200 2625 "https://serhatburke.miroglu.net/zotabet-casino-bonus-premier-depot-2026/" "Mozilla/5.0 (Windows NT 10.0; Win64; x64) AppleWebKit/537.36 (KHTML, like Gecko) Chrome/145.0.0.0 Safari/537.36"
212.34.148.156 - - [18/Apr/2026:08:19:55 +0300] "GET /wp-content/themes/toppic/css/lightbox.css?ver=4.2 HTTP/1.1" 200 2956 "https://serhatburke.miroglu.net/zotabet-casino-bonus-premier-depot-2026/" "Mozilla/5.0 (Windows NT 10.0; Win64; x64) AppleWebKit/537.36 (KHTML, like Gecko) Chrome/145.0.0.0 Safari/537.36"
212.34.148.156 - - [18/Apr/2026:08:19:56 +0300] "GET /wp-content/themes/toppic/css/woocommerce.css?ver=4.2 HTTP/1.1" 200 2848 "https://serhatburke.miroglu.net/zotabet-casino-bonus-premier-depot-2026/" "Mozilla/5.0 (Windows NT 10.0; Win64; x64) AppleWebKit/537.36 (KHTML, like Gecko) Chrome/145.0.0.0 Safari/537.36"
212.34.148.156 - - [18/Apr/2026:08:19:56 +0300] "GET /wp-content/themes/toppic/css/responsive.css?ver=4.2 HTTP/1.1" 200 2796 "https://serhatburke.miroglu.net/zotabet-casino-bonus-premier-depot-2026/" "Mozilla/5.0 (Windows NT 10.0; Win64; x64) AppleWebKit/537.36 (KHTML, like Gecko) Chrome/145.0.0.0 Safari/537.36"
165.73.240.147 - - [18/Apr/2026:08:19:44 +0300] "GET /kings-zu-dieser-seite-navigieren-moglichkeit-maklercourtage-ohne-einzahlung-30-freispiele/ HTTP/1.1" 200 77044 "-" "Mozilla/5.0 (Windows NT 10.0; Win64; x64; rv:124.0) Gecko/20100101 Firefox/124.0"
212.34.148.156 - - [18/Apr/2026:08:19:56 +0300] "POST /wp-comments-post.php HTTP/1.1" 302 1087 "https://serhatburke.miroglu.net/zotabet-casino-bonus-premier-depot-2026/" "Mozilla/5.0 (X11; Linux x86_64; rv:148.0) Gecko/20100101 Firefox/148.0"
212.34.148.156 - - [18/Apr/2026:08:20:09 +0300] "GET /zotabet-casino-bonus-premier-depot-2026/?unapproved=469&moderation-hash=1acd6886915e96543ce90b5f3392bbee HTTP/1.1" 200 18929 "https://serhatburke.miroglu.net/wp-comments-post.php" "Mozilla/5.0 (X11; Linux x86_64; rv:148.0) Gecko/20100101 Firefox/148.0"
212.34.148.156 - - [18/Apr/2026:08:20:22 +0300] "GET /zotabet-casino-bonus-premier-depot-2026/ HTTP/1.1" 200 18530 "-" "Mozilla/5.0 (compatible; Googlebot/2.1; +http://www.google.com/bot.html)"
185.216.113.70 - - [18/Apr/2026:08:21:41 +0300] "POST /wp-cron.php?doing_wp_cron=1776489701.1843640804290771484375 HTTP/1.1" 200 448 "-" "WordPress/6.3.8; https://serhatburke.miroglu.net"
212.34.148.156 - - [18/Apr/2026:08:21:29 +0300] "GET /zotabet-casino-bonus-premier-depot-2026/ HTTP/1.1" 200 18530 "-" "Mozilla/5.0 (compatible; Googlebot/2.1; +http://www.google.com/bot.html)"
185.153.197.91 - - [18/Apr/2026:08:21:59 +0300] "POST /xmlrpc.php HTTP/1.1" 200 630 "-" "Mozilla/5.0 (Windows NT 10.0; Win64; x64) AppleWebKit/537.36 (KHTML, like Gecko) Chrome/114.0.0.0 Safari/537.36"
185.216.113.70 - - [18/Apr/2026:08:22:32 +0300] "POST /wp-cron.php?doing_wp_cron=1776489752.5244920253753662109375 HTTP/1.1" 200 448 "-" "WordPress/6.3.8; https://serhatburke.miroglu.net"
185.153.197.91 - - [18/Apr/2026:08:22:18 +0300] "POST /xmlrpc.php HTTP/1.1" 200 8688 "-" "Mozilla/5.0 (Windows NT 10.0; Win64; x64) AppleWebKit/537.36 (KHTML, like Gecko) Chrome/114.0.0.0 Safari/537.36"
185.153.197.91 - - [18/Apr/2026:08:22:33 +0300] "GET /sul-messo-di-pepegol-confusione-potremo-anche-gareggiare-al-bingo/ HTTP/1.1" 200 70179 "-" "Mozilla/5.0 (Windows NT 10.0; rv:125.0) Gecko/20100101 Firefox/125.0"
185.216.113.70 - - [18/Apr/2026:08:23:40 +0300] "POST /wp-cron.php?doing_wp_cron=1776489820.5020320415496826171875 HTTP/1.1" 200 448 "-" "WordPress/6.3.8; https://serhatburke.miroglu.net"
185.153.197.91 - - [18/Apr/2026:08:23:27 +0300] "POST /xmlrpc.php HTTP/1.1" 200 630 "-" "Mozilla/5.0 (Windows NT 10.0; Win64; x64) AppleWebKit/537.36 (KHTML, like Gecko) Chrome/114.0.0.0 Safari/537.36"
5.183.255.161 - - [18/Apr/2026:08:23:29 +0300] "GET / HTTP/2" 200 18451 "-" "Mozilla/5.0 (Macintosh; Intel Mac OS X 10_15_7) AppleWebKit/537.36 (KHTML, like Gecko) Chrome/120.0.0.0 Safari/537.36"
185.153.197.91 - - [18/Apr/2026:08:23:46 +0300] "POST /xmlrpc.php HTTP/1.1" 200 9312 "-" "Mozilla/5.0 (Windows NT 10.0; Win64; x64) AppleWebKit/537.36 (KHTML, like Gecko) Chrome/114.0.0.0 Safari/537.36"
185.153.197.91 - - [18/Apr/2026:08:23:58 +0300] "GET /per-di-piu-il-trambusto-ti-chiedera-appresso-di-esporre-queste-informazioni-fornendo-immagini-di-attestazione-quale/ HTTP/1.1" 200 72264 "-" "Mozilla/5.0 (Windows NT 10.0; Win64; x64) AppleWebKit/537.36 (KHTML, like Gecko) Chrome/123.0.0.0 Safari/537.36"
98.98.33.41 - - [18/Apr/2026:08:24:06 +0300] "POST /xmlrpc.php HTTP/1.1" 200 630 "-" "Mozilla/5.0 (Windows NT 10.0; Win64; x64) AppleWebKit/537.36 (KHTML, like Gecko) Chrome/114.0.0.0 Safari/537.36"
185.216.113.70 - - [18/Apr/2026:08:24:36 +0300] "POST /wp-cron.php?doing_wp_cron=1776489876.2109739780426025390625 HTTP/1.1" 200 448 "-" "WordPress/6.3.8; https://serhatburke.miroglu.net"
98.98.33.41 - - [18/Apr/2026:08:24:24 +0300] "POST /xmlrpc.php HTTP/1.1" 200 15329 "-" "Mozilla/5.0 (Windows NT 10.0; Win64; x64) AppleWebKit/537.36 (KHTML, like Gecko) Chrome/114.0.0.0 Safari/537.36"
98.98.33.41 - - [18/Apr/2026:08:24:37 +0300] "GET /francais-subissant-bonus-de-casino-en-ligne-du-espagne-guadeloupa-forums-globe-trotter-comfrancais-vivant-en-guadeloupa-reunion-corse/ HTTP/1.1" 200 78437 "-" "Mozilla/5.0 (Windows NT 10.0; Win64; x64) AppleWebKit/537.36 (KHTML, like Gecko) Chrome/109.0.0.0 Safari/537.36"
185.216.113.70 - - [18/Apr/2026:08:26:21 +0300] "POST /wp-cron.php?doing_wp_cron=1776489981.4593329429626464843750 HTTP/1.1" 200 448 "-" "WordPress/6.3.8; https://serhatburke.miroglu.net"
185.153.197.91 - - [18/Apr/2026:08:26:08 +0300] "POST /xmlrpc.php HTTP/1.1" 200 630 "-" "Mozilla/5.0 (Windows NT 10.0; Win64; x64) AppleWebKit/537.36 (KHTML, like Gecko) Chrome/114.0.0.0 Safari/537.36"
185.153.197.91 - - [18/Apr/2026:08:26:27 +0300] "POST /xmlrpc.php HTTP/1.1" 200 9860 "-" "Mozilla/5.0 (Windows NT 10.0; Win64; x64) AppleWebKit/537.36 (KHTML, like Gecko) Chrome/114.0.0.0 Safari/537.36"
165.73.240.147 - - [18/Apr/2026:08:26:27 +0300] "POST /xmlrpc.php HTTP/1.1" 200 630 "-" "Mozilla/5.0 (Windows NT 10.0; Win64; x64) AppleWebKit/537.36 (KHTML, like Gecko) Chrome/114.0.0.0 Safari/537.36"
185.153.197.91 - - [18/Apr/2026:08:26:47 +0300] "GET /warszawa-kasyna-byc-pokoj-sztuki-i-zainteresowania-rozumienie-przechytrzaja-w-trakcie-specjalnych-wydarzen/ HTTP/1.1" 200 72536 "-" "Mozilla/5.0 (Windows NT 10.0; rv:109.0) Gecko/20100101 Firefox/115.0"
165.73.240.147 - - [18/Apr/2026:08:26:54 +0300] "POST /xmlrpc.php HTTP/1.1" 200 12332 "-" "Mozilla/5.0 (Windows NT 10.0; Win64; x64) AppleWebKit/537.36 (KHTML, like Gecko) Chrome/114.0.0.0 Safari/537.36"
165.73.240.147 - - [18/Apr/2026:08:27:11 +0300] "GET /mybet-fresh-fruits-online-slot-spielbank/ HTTP/1.1" 200 73329 "-" "Mozilla/5.0 (Windows NT 10.0; Win64; x64; rv:124.0) Gecko/20100101 Firefox/124.0"
185.216.113.70 - - [18/Apr/2026:08:28:01 +0300] "POST /wp-cron.php?doing_wp_cron=1776490080.9781749248504638671875 HTTP/1.1" 200 448 "-" "WordPress/6.3.8; https://serhatburke.miroglu.net"
84.247.181.69 - - [18/Apr/2026:08:27:48 +0300] "GET /casino-online-skrill-prelievo-veloce/ HTTP/1.1" 200 18142 "-" "Mozilla/5.0 (Windows NT 10.0; Win64; x64) AppleWebKit/537.36 (KHTML, like Gecko) Chrome/114.0.0.0 Safari/537.36 Edg/114.0.1264.71"
185.216.113.70 - - [18/Apr/2026:08:29:25 +0300] "POST /wp-cron.php?doing_wp_cron=1776490165.5479910373687744140625 HTTP/1.1" 200 448 "-" "WordPress/6.3.8; https://serhatburke.miroglu.net"
98.98.33.41 - - [18/Apr/2026:08:29:12 +0300] "POST /xmlrpc.php HTTP/1.1" 200 630 "-" "Mozilla/5.0 (Windows NT 10.0; Win64; x64) AppleWebKit/537.36 (KHTML, like Gecko) Chrome/114.0.0.0 Safari/537.36"
98.98.33.41 - - [18/Apr/2026:08:29:32 +0300] "POST /xmlrpc.php HTTP/1.1" 200 15288 "-" "Mozilla/5.0 (Windows NT 10.0; Win64; x64) AppleWebKit/537.36 (KHTML, like Gecko) Chrome/114.0.0.0 Safari/537.36"
185.216.113.70 - - [18/Apr/2026:08:29:58 +0300] "POST /wp-cron.php?doing_wp_cron=1776490198.5235319137573242187500 HTTP/1.1" 200 448 "-" "WordPress/6.3.8; https://serhatburke.miroglu.net"
98.98.33.41 - - [18/Apr/2026:08:29:46 +0300] "GET /william-hill-direct-casino-igrosoft-jeux-changeant/ HTTP/1.1" 200 76088 "-" "Mozilla/5.0 (Windows NT 10.0; Win64; x64) AppleWebKit/537.36 (KHTML, like Gecko) Chrome/123.0.0.0 Safari/537.36"
104.207.57.78 - - [18/Apr/2026:08:29:54 +0300] "GET /wp-login.php HTTP/2" 200 3092 "-" "Mozilla/5.0 (Macintosh; Intel Mac OS X 13_5) AppleWebKit/605.1.15 (KHTML, like Gecko) Version/17.5 Safari/605.1.15"
104.207.57.78 - - [18/Apr/2026:08:30:09 +0300] "POST /xmlrpc.php HTTP/2" 200 110 "-" "Mozilla/5.0 (Windows NT 10.0; Win64; x64; rv:127.0) Gecko/20100101 Firefox/127.0"
66.249.73.1 - - [18/Apr/2026:08:30:20 +0300] "GET /no-title/ HTTP/1.1" 200 0 "https://pwunty.driftlogic-games.biz/" "Mozilla/5.0 (Linux; Android 6.0.1; Nexus 5X Build/MMB29P) AppleWebKit/537.36 (KHTML, like Gecko) Chrome/146.0.7680.177 Mobile Safari/537.36 (compatible; Googlebot/2.1; +http://www.google.com/bot.html)"
185.216.113.70 - - [18/Apr/2026:08:30:35 +0300] "POST /wp-cron.php?doing_wp_cron=1776490235.1166050434112548828125 HTTP/1.1" 200 448 "-" "WordPress/6.3.8; https://serhatburke.miroglu.net"
104.207.57.78 - - [18/Apr/2026:08:30:22 +0300] "POST /xmlrpc.php HTTP/2" 200 2596 "-" "Mozilla/5.0 (Macintosh; Intel Mac OS X 13_5) AppleWebKit/605.1.15 (KHTML, like Gecko) Version/17.5 Safari/605.1.15"
185.216.113.70 - - [18/Apr/2026:08:31:56 +0300] "POST /wp-cron.php?doing_wp_cron=1776490316.1745400428771972656250 HTTP/1.1" 200 448 "-" "WordPress/6.3.8; https://serhatburke.miroglu.net"
45.3.42.46 - - [18/Apr/2026:08:31:44 +0300] "GET /wp-login.php HTTP/2" 200 3092 "-" "Mozilla/5.0 (Windows NT 10.0; Win64; x64) AppleWebKit/537.36 (KHTML, like Gecko) Chrome/124.0.6367.207 Safari/537.36"
45.3.42.46 - - [18/Apr/2026:08:31:57 +0300] "POST /xmlrpc.php HTTP/2" 200 110 "-" "Mozilla/5.0 (Windows NT 10.0; Win64; x64) AppleWebKit/537.36 (KHTML, like Gecko) Chrome/124.0.6367.207 Safari/537.36"
185.216.113.70 - - [18/Apr/2026:08:32:23 +0300] "POST /wp-cron.php?doing_wp_cron=1776490343.6398429870605468750000 HTTP/1.1" 200 448 "-" "WordPress/6.3.8; https://serhatburke.miroglu.net"
45.3.42.46 - - [18/Apr/2026:08:32:11 +0300] "POST /xmlrpc.php HTTP/2" 200 2717 "-" "Mozilla/5.0 (Macintosh; Intel Mac OS X 13_5) AppleWebKit/605.1.15 (KHTML, like Gecko) Version/17.5 Safari/605.1.15"
185.216.113.70 - - [18/Apr/2026:08:32:59 +0300] "POST /wp-cron.php?doing_wp_cron=1776490379.2952520847320556640625 HTTP/1.1" 200 448 "-" "WordPress/6.3.8; https://serhatburke.miroglu.net"
45.84.192.5 - - [18/Apr/2026:08:32:47 +0300] "GET /casino-online-skrill-prelievo-veloce/ HTTP/1.1" 200 18092 "https://serhatburke.miroglu.net/" "Mozilla/5.0 (Windows NT 10.0; Win64; x64; Xbox; Xbox One) AppleWebKit/537.36 (KHTML, like Gecko) Chrome/114.0.0.0 Safari/537.36 Edge/44.18363.8131"
165.73.240.147 - - [18/Apr/2026:08:32:53 +0300] "POST /xmlrpc.php HTTP/1.1" 200 630 "-" "Mozilla/5.0 (Windows NT 10.0; Win64; x64) AppleWebKit/537.36 (KHTML, like Gecko) Chrome/114.0.0.0 Safari/537.36"
45.84.192.5 - - [18/Apr/2026:08:33:04 +0300] "GET /wp-login.php?action=register HTTP/1.1" 302 702 "https://serhatburke.miroglu.net/casino-online-skrill-prelievo-veloce/" "Mozilla/5.0 (Windows NT 6.3; Win64; x64) AppleWebKit/537.36 (KHTML, like Gecko) Chrome/103.0.0.0 Safari/537.36"
165.73.240.147 - - [18/Apr/2026:08:33:12 +0300] "POST /xmlrpc.php HTTP/1.1" 200 15002 "-" "Mozilla/5.0 (Windows NT 10.0; Win64; x64) AppleWebKit/537.36 (KHTML, like Gecko) Chrome/114.0.0.0 Safari/537.36"
45.84.192.5 - - [18/Apr/2026:08:33:16 +0300] "GET /wp-login.php?registration=disabled HTTP/1.1" 200 3806 "https://serhatburke.miroglu.net/wp-login.php?action=register" "Mozilla/5.0 (Windows NT 6.3; Win64; x64) AppleWebKit/537.36 (KHTML, like Gecko) Chrome/103.0.0.0 Safari/537.36"
165.73.240.147 - - [18/Apr/2026:08:33:26 +0300] "GET /mybet-casino-spiele-online-app-2026-inoffizieller-mitarbeiter-probe-mybet-app-pro-androide-ios/ HTTP/1.1" 200 77400 "-" "Mozilla/5.0 (Windows NT 10.0; Win64; x64) AppleWebKit/537.36 (KHTML, like Gecko) Chrome/122.0.0.0 Safari/537.36"
185.216.113.70 - - [18/Apr/2026:08:34:05 +0300] "POST /wp-cron.php?doing_wp_cron=1776490445.6626999378204345703125 HTTP/1.1" 200 448 "-" "WordPress/6.3.8; https://serhatburke.miroglu.net"
98.98.33.41 - - [18/Apr/2026:08:33:50 +0300] "POST /xmlrpc.php HTTP/1.1" 200 630 "-" "Mozilla/5.0 (Windows NT 10.0; Win64; x64) AppleWebKit/537.36 (KHTML, like Gecko) Chrome/114.0.0.0 Safari/537.36"
104.207.60.100 - - [18/Apr/2026:08:33:57 +0300] "GET /wp-login.php HTTP/2" 200 3092 "-" "Mozilla/5.0 (Windows NT 10.0; Win64; x64) AppleWebKit/537.36 (KHTML, like Gecko) Chrome/124.0.6367.207 Safari/537.36"
98.98.33.41 - - [18/Apr/2026:08:34:12 +0300] "POST /xmlrpc.php HTTP/1.1" 200 15488 "-" "Mozilla/5.0 (Windows NT 10.0; Win64; x64) AppleWebKit/537.36 (KHTML, like Gecko) Chrome/114.0.0.0 Safari/537.36"
104.207.60.100 - - [18/Apr/2026:08:34:15 +0300] "POST /xmlrpc.php HTTP/2" 200 108 "-" "Mozilla/5.0 (Macintosh; Intel Mac OS X 13_5) AppleWebKit/605.1.15 (KHTML, like Gecko) Version/17.5 Safari/605.1.15"
185.216.113.70 - - [18/Apr/2026:08:34:40 +0300] "POST /wp-cron.php?doing_wp_cron=1776490480.6979970932006835937500 HTTP/1.1" 200 448 "-" "WordPress/6.3.8; https://serhatburke.miroglu.net"
