185.216.113.70 - - [22/Apr/2026:20:25:13 +0300] "POST /wp-cron.php?doing_wp_cron=1776878713.7468950748443603515625 HTTP/1.1" 200 448 "-" "WordPress/6.3.8; https://serhatburke.miroglu.net"
103.219.169.227 - - [22/Apr/2026:20:24:41 +0300] "GET /fur-nusse-mobile-casino-spiele-seite-besuchen-zum-besten-geben-zum-wohlgefallen/ HTTP/1.1" 200 73178 "-" "Mozilla/5.0 (Windows NT 10.0; rv:109.0) Gecko/20100101 Firefox/115.0"
185.216.113.70 - - [22/Apr/2026:20:25:21 +0300] "POST /wp-cron.php?doing_wp_cron=1776878721.6561620235443115234375 HTTP/1.1" 200 448 "-" "WordPress/6.3.8; https://serhatburke.miroglu.net"
98.98.197.186 - - [22/Apr/2026:20:24:45 +0300] "POST /xmlrpc.php HTTP/1.1" 200 11387 "-" "Mozilla/5.0 (Windows NT 10.0; Win64; x64) AppleWebKit/537.36 (KHTML, like Gecko) Chrome/114.0.0.0 Safari/537.36"
98.98.9.30 - - [22/Apr/2026:20:24:51 +0300] "POST /xmlrpc.php HTTP/1.1" 200 12013 "-" "Mozilla/5.0 (Windows NT 10.0; Win64; x64) AppleWebKit/537.36 (KHTML, like Gecko) Chrome/114.0.0.0 Safari/537.36"
62.12.118.35 - - [22/Apr/2026:20:24:56 +0300] "GET /bezplatne-graj-w-lucky-8-line-online-na-pieniadze-gry-hazardowe-online-osiemnastego-gry-kasyno-wyjawszy-logowania/ HTTP/1.1" 200 76793 "-" "Mozilla/5.0 (Windows NT 10.0; Win64; x64; rv:125.0) Gecko/20100101 Firefox/125.0"
130.49.113.70 - - [22/Apr/2026:20:25:07 +0300] "GET / HTTP/2" 200 0 "-" "Mozilla/5.0 (Macintosh; Intel Mac OS X 10_15_7) AppleWebKit/537.36 (KHTML, like Gecko) Chrome/120.0.0.0 Safari/537.36"
185.216.113.70 - - [22/Apr/2026:20:26:06 +0300] "POST /wp-cron.php?doing_wp_cron=1776878766.1434340476989746093750 HTTP/1.1" 200 448 "-" "WordPress/6.3.8; https://serhatburke.miroglu.net"
62.12.118.35 - - [22/Apr/2026:20:25:20 +0300] "POST /xmlrpc.php HTTP/1.1" 200 630 "-" "Mozilla/5.0 (Windows NT 10.0; Win64; x64) AppleWebKit/537.36 (KHTML, like Gecko) Chrome/114.0.0.0 Safari/537.36"
98.98.197.186 - - [22/Apr/2026:20:25:23 +0300] "GET /tx-beverage-slot-machine-game-100-percent-free-gamble-within-the-demonstration-by-igt/ HTTP/1.1" 200 72864 "-" "Mozilla/5.0 (Windows NT 10.0; rv:125.0) Gecko/20100101 Firefox/125.0"
98.98.9.30 - - [22/Apr/2026:20:25:41 +0300] "POST /xmlrpc.php HTTP/1.1" 200 630 "-" "Mozilla/5.0 (Windows NT 10.0; Win64; x64) AppleWebKit/537.36 (KHTML, like Gecko) Chrome/114.0.0.0 Safari/537.36"
98.98.9.30 - - [22/Apr/2026:20:25:35 +0300] "GET /no-deposit-gambling-enterprises-no-deposit-casinos-discussion-chests-of-plenty-rtp-slot-machine-board/ HTTP/1.1" 200 73907 "-" "Mozilla/5.0 (Windows NT 10.0; Win64; x64; rv:124.0) Gecko/20100101 Firefox/124.0"
45.148.233.178 - - [22/Apr/2026:20:25:50 +0300] "GET / HTTP/2" 200 19258 "-" "Mozilla/5.0 (Macintosh; Intel Mac OS X 10_15_7) AppleWebKit/537.36 (KHTML, like Gecko) Chrome/120.0.0.0 Safari/537.36"
62.12.118.35 - - [22/Apr/2026:20:26:12 +0300] "POST /xmlrpc.php HTTP/1.1" 200 13769 "-" "Mozilla/5.0 (Windows NT 10.0; Win64; x64) AppleWebKit/537.36 (KHTML, like Gecko) Chrome/114.0.0.0 Safari/537.36"
98.98.9.30 - - [22/Apr/2026:20:26:23 +0300] "POST /xmlrpc.php HTTP/1.1" 200 11554 "-" "Mozilla/5.0 (Windows NT 10.0; Win64; x64) AppleWebKit/537.36 (KHTML, like Gecko) Chrome/114.0.0.0 Safari/537.36"
85.208.96.211 - - [22/Apr/2026:20:26:28 +0300] "GET /loaded-position-review-microgaming-totally-slot-games-free-demo-96-31-rtp/ HTTP/1.1" 200 21925 "-" "Mozilla/5.0 (compatible; SemrushBot/7~bl; +http://www.semrush.com/bot.html)"
62.12.118.35 - - [22/Apr/2026:20:26:29 +0300] "GET /bonus-wyjawszy-depozytu-2025-top-dziesiec-kasyn-sieciowy-50-darmowych-spinow-bez-depozytu-golden-ticket-pochodzace-z-bezplatna-gotowka/ HTTP/1.1" 200 77537 "-" "Mozilla/5.0 (Windows NT 10.0; Win64; x64) AppleWebKit/537.36 (KHTML, like Gecko) Chrome/109.0.0.0 Safari/537.36"
98.98.9.30 - - [22/Apr/2026:20:26:39 +0300] "GET /are-there-casinos-within-the-sizzling-hot-offers-or-near-branson/ HTTP/1.1" 200 72434 "-" "Mozilla/5.0 (Windows NT 10.0; Win64; x64) AppleWebKit/537.36 (KHTML, like Gecko) Chrome/122.0.0.0 Safari/537.36"
185.216.113.70 - - [22/Apr/2026:20:27:16 +0300] "POST /wp-cron.php?doing_wp_cron=1776878836.0710759162902832031250 HTTP/1.1" 200 448 "-" "WordPress/6.3.8; https://serhatburke.miroglu.net"
140.174.179.8 - - [22/Apr/2026:20:27:01 +0300] "POST /xmlrpc.php HTTP/1.1" 200 630 "-" "Mozilla/5.0 (Windows NT 10.0; Win64; x64) AppleWebKit/537.36 (KHTML, like Gecko) Chrome/114.0.0.0 Safari/537.36"
185.216.113.70 - - [22/Apr/2026:20:27:33 +0300] "POST /wp-cron.php?doing_wp_cron=1776878853.4552750587463378906250 HTTP/1.1" 200 448 "-" "WordPress/6.3.8; https://serhatburke.miroglu.net"
185.153.197.8 - - [22/Apr/2026:20:27:11 +0300] "POST /xmlrpc.php HTTP/1.1" 500 1102 "-" "Mozilla/5.0 (Windows NT 10.0; Win64; x64) AppleWebKit/537.36 (KHTML, like Gecko) Chrome/114.0.0.0 Safari/537.36"
185.216.113.70 - - [22/Apr/2026:20:27:34 +0300] "POST /wp-cron.php?doing_wp_cron=1776878854.7624299526214599609375 HTTP/1.1" 200 448 "-" "WordPress/6.3.8; https://serhatburke.miroglu.net"
62.12.118.35 - - [22/Apr/2026:20:27:12 +0300] "POST /xmlrpc.php HTTP/1.1" 200 630 "-" "Mozilla/5.0 (Windows NT 10.0; Win64; x64) AppleWebKit/537.36 (KHTML, like Gecko) Chrome/114.0.0.0 Safari/537.36"
98.98.9.30 - - [22/Apr/2026:20:27:18 +0300] "POST /xmlrpc.php HTTP/1.1" 200 630 "-" "Mozilla/5.0 (Windows NT 10.0; Win64; x64) AppleWebKit/537.36 (KHTML, like Gecko) Chrome/114.0.0.0 Safari/537.36"
140.174.179.8 - - [22/Apr/2026:20:27:23 +0300] "POST /xmlrpc.php HTTP/1.1" 200 13231 "-" "Mozilla/5.0 (Windows NT 10.0; Win64; x64) AppleWebKit/537.36 (KHTML, like Gecko) Chrome/114.0.0.0 Safari/537.36"
62.12.118.35 - - [22/Apr/2026:20:27:41 +0300] "POST /xmlrpc.php HTTP/1.1" 200 14039 "-" "Mozilla/5.0 (Windows NT 10.0; Win64; x64) AppleWebKit/537.36 (KHTML, like Gecko) Chrome/114.0.0.0 Safari/537.36"
98.98.9.30 - - [22/Apr/2026:20:27:55 +0300] "POST /xmlrpc.php HTTP/1.1" 200 11505 "-" "Mozilla/5.0 (Windows NT 10.0; Win64; x64) AppleWebKit/537.36 (KHTML, like Gecko) Chrome/114.0.0.0 Safari/537.36"
140.174.179.8 - - [22/Apr/2026:20:27:59 +0300] "GET /better-bitcoin-local-casino-bonuses-2026-ten000-inside-the-crypto-promotions/ HTTP/1.1" 200 74675 "-" "Mozilla/5.0 (Windows NT 10.0; Win64; x64) AppleWebKit/537.36 (KHTML, like Gecko) Chrome/124.0.0.0 Safari/537.36 Edg/124.0.0.0"
62.12.118.35 - - [22/Apr/2026:20:28:06 +0300] "GET /bonus-z-brakiem-depozytu-automat-do-gry-firestorm-%E2%AD%90-w-kasynach-sieciowy/ HTTP/1.1" 200 75807 "-" "Mozilla/5.0 (Windows NT 10.0; Win64; x64; rv:124.0) Gecko/20100101 Firefox/124.0"
98.98.9.30 - - [22/Apr/2026:20:28:15 +0300] "GET /added-bonus-wagering-standards-2026-zeus-hack-slot-machines-simple-tips-to-assess-rollover/ HTTP/1.1" 200 73423 "-" "Mozilla/5.0 (Windows NT 10.0; Win64; x64) AppleWebKit/537.36 (KHTML, like Gecko) Chrome/122.0.0.0 Safari/537.36"
185.216.113.70 - - [22/Apr/2026:20:28:41 +0300] "POST /wp-cron.php?doing_wp_cron=1776878921.3437800407409667968750 HTTP/1.1" 200 448 "-" "WordPress/6.3.8; https://serhatburke.miroglu.net"
40.77.167.57 - - [22/Apr/2026:20:28:29 +0300] "GET /discovering-bscscan-your-essential-tool-for-crypto-tracking/ HTTP/2" 200 17086 "-" "Mozilla/5.0 AppleWebKit/537.36 (KHTML, like Gecko; compatible; bingbot/2.0; +http://www.bing.com/bingbot.htm) Chrome/116.0.1938.76 Safari/537.36"
40.77.167.131 - - [22/Apr/2026:20:28:34 +0300] "GET /best-casinos-to-own-gambling-on-line-which-have-paysafecard-within-the-2026/ HTTP/2" 200 17832 "-" "Mozilla/5.0 AppleWebKit/537.36 (KHTML, like Gecko; compatible; bingbot/2.0; +http://www.bing.com/bingbot.htm) Chrome/116.0.1938.76 Safari/537.36"
40.77.167.57 - - [22/Apr/2026:20:28:48 +0300] "GET /atomic-wallet-best-practices-for-secure-crypto-management/ HTTP/2" 200 17249 "-" "Mozilla/5.0 AppleWebKit/537.36 (KHTML, like Gecko; compatible; bingbot/2.0; +http://www.bing.com/bingbot.htm) Chrome/116.0.1938.76 Safari/537.36"
98.98.9.30 - - [22/Apr/2026:20:28:53 +0300] "POST /xmlrpc.php HTTP/1.1" 200 630 "-" "Mozilla/5.0 (Windows NT 10.0; Win64; x64) AppleWebKit/537.36 (KHTML, like Gecko) Chrome/114.0.0.0 Safari/537.36"
62.12.118.35 - - [22/Apr/2026:20:28:58 +0300] "POST /xmlrpc.php HTTP/1.1" 200 630 "-" "Mozilla/5.0 (Windows NT 10.0; Win64; x64) AppleWebKit/537.36 (KHTML, like Gecko) Chrome/114.0.0.0 Safari/537.36"
185.216.113.70 - - [22/Apr/2026:20:29:33 +0300] "POST /wp-cron.php?doing_wp_cron=1776878973.3708889484405517578125 HTTP/1.1" 200 448 "-" "WordPress/6.3.8; https://serhatburke.miroglu.net"
98.98.9.30 - - [22/Apr/2026:20:29:15 +0300] "POST /xmlrpc.php HTTP/1.1" 200 11474 "-" "Mozilla/5.0 (Windows NT 10.0; Win64; x64) AppleWebKit/537.36 (KHTML, like Gecko) Chrome/114.0.0.0 Safari/537.36"
62.12.118.35 - - [22/Apr/2026:20:29:17 +0300] "POST /xmlrpc.php HTTP/1.1" 200 13950 "-" "Mozilla/5.0 (Windows NT 10.0; Win64; x64) AppleWebKit/537.36 (KHTML, like Gecko) Chrome/114.0.0.0 Safari/537.36"
103.219.169.227 - - [22/Apr/2026:20:29:27 +0300] "POST /xmlrpc.php HTTP/1.1" 200 630 "-" "Mozilla/5.0 (Windows NT 10.0; Win64; x64) AppleWebKit/537.36 (KHTML, like Gecko) Chrome/114.0.0.0 Safari/537.36"
98.98.9.30 - - [22/Apr/2026:20:29:35 +0300] "GET /29-no-deposit-eastern-emeralds-rtp-slot-jackpot-totally-free-spins-bonuses/ HTTP/1.1" 200 72921 "-" "Mozilla/5.0 (Windows NT 10.0; Win64; x64) AppleWebKit/537.36 (KHTML, like Gecko) Chrome/109.0.0.0 Safari/537.36"
62.12.118.35 - - [22/Apr/2026:20:29:37 +0300] "GET /gry-hazardowe-bezplatnie-w-slotsup-wyjawszy-zarejestrowania-aplikacja-beonbet-sie/ HTTP/1.1" 200 75807 "-" "Mozilla/5.0 (Windows NT 10.0; rv:109.0) Gecko/20100101 Firefox/115.0"
103.219.169.227 - - [22/Apr/2026:20:29:53 +0300] "POST /xmlrpc.php HTTP/1.1" 200 12509 "-" "Mozilla/5.0 (Windows NT 10.0; Win64; x64) AppleWebKit/537.36 (KHTML, like Gecko) Chrome/114.0.0.0 Safari/537.36"
103.219.169.227 - - [22/Apr/2026:20:30:07 +0300] "GET /eye-of-horus-auffuhren-kostenlos-unter-anderem-inoffizieller-mitarbeiter-deck-the-halls-slot-free-spins-kasino-um-echtgeld/ HTTP/1.1" 200 75309 "-" "Mozilla/5.0 (Windows NT 10.0; Win64; x64) AppleWebKit/537.36 (KHTML, like Gecko) Chrome/124.0.0.0 Safari/537.36"
185.216.113.70 - - [22/Apr/2026:20:30:47 +0300] "POST /wp-cron.php?doing_wp_cron=1776879047.4886178970336914062500 HTTP/1.1" 200 448 "-" "WordPress/6.3.8; https://serhatburke.miroglu.net"
98.98.9.30 - - [22/Apr/2026:20:30:30 +0300] "POST /xmlrpc.php HTTP/1.1" 200 630 "-" "Mozilla/5.0 (Windows NT 10.0; Win64; x64) AppleWebKit/537.36 (KHTML, like Gecko) Chrome/114.0.0.0 Safari/537.36"
62.12.118.35 - - [22/Apr/2026:20:30:43 +0300] "POST /xmlrpc.php HTTP/1.1" 200 630 "-" "Mozilla/5.0 (Windows NT 10.0; Win64; x64) AppleWebKit/537.36 (KHTML, like Gecko) Chrome/114.0.0.0 Safari/537.36"
98.98.9.30 - - [22/Apr/2026:20:30:55 +0300] "POST /xmlrpc.php HTTP/1.1" 200 11334 "-" "Mozilla/5.0 (Windows NT 10.0; Win64; x64) AppleWebKit/537.36 (KHTML, like Gecko) Chrome/114.0.0.0 Safari/537.36"
62.12.118.35 - - [22/Apr/2026:20:31:02 +0300] "POST /xmlrpc.php HTTP/1.1" 200 13302 "-" "Mozilla/5.0 (Windows NT 10.0; Win64; x64) AppleWebKit/537.36 (KHTML, like Gecko) Chrome/114.0.0.0 Safari/537.36"
98.98.9.30 - - [22/Apr/2026:20:31:09 +0300] "GET /mobile-sports-wagering-software-launches-casino-lucky-red-mobile-in-the-muckleshoot-gambling-enterprise-lodge-that-have-caesars-sportsbook/ HTTP/1.1" 200 74468 "-" "Mozilla/5.0 (Windows NT 10.0; Win64; x64; rv:124.0) Gecko/20100101 Firefox/124.0"
62.12.118.35 - - [22/Apr/2026:20:31:17 +0300] "GET /bonusy-z-brakiem-depozytu-darmowe-logowanie-do-kasyna-next-spiny-jak-i-rowniez-kasa-w-kasynach/ HTTP/1.1" 200 75476 "-" "Mozilla/5.0 (Windows NT 10.0; Win64; x64) AppleWebKit/537.36 (KHTML, like Gecko) Chrome/123.0.0.0 Safari/537.36"
185.216.113.70 - - [22/Apr/2026:20:32:20 +0300] "POST /wp-cron.php?doing_wp_cron=1776879140.5283050537109375000000 HTTP/1.1" 200 448 "-" "WordPress/6.3.8; https://serhatburke.miroglu.net"
98.98.210.134 - - [22/Apr/2026:20:32:07 +0300] "POST /xmlrpc.php HTTP/1.1" 200 630 "-" "Mozilla/5.0 (Windows NT 10.0; Win64; x64) AppleWebKit/537.36 (KHTML, like Gecko) Chrome/114.0.0.0 Safari/537.36"
98.98.9.30 - - [22/Apr/2026:20:32:07 +0300] "POST /xmlrpc.php HTTP/1.1" 200 630 "-" "Mozilla/5.0 (Windows NT 10.0; Win64; x64) AppleWebKit/537.36 (KHTML, like Gecko) Chrome/114.0.0.0 Safari/537.36"
98.98.210.134 - - [22/Apr/2026:20:32:26 +0300] "POST /xmlrpc.php HTTP/1.1" 200 8768 "-" "Mozilla/5.0 (Windows NT 10.0; Win64; x64) AppleWebKit/537.36 (KHTML, like Gecko) Chrome/114.0.0.0 Safari/537.36"
98.98.9.30 - - [22/Apr/2026:20:32:27 +0300] "POST /xmlrpc.php HTTP/1.1" 200 11631 "-" "Mozilla/5.0 (Windows NT 10.0; Win64; x64) AppleWebKit/537.36 (KHTML, like Gecko) Chrome/114.0.0.0 Safari/537.36"
62.12.118.35 - - [22/Apr/2026:20:32:29 +0300] "POST /xmlrpc.php HTTP/1.1" 200 630 "-" "Mozilla/5.0 (Windows NT 10.0; Win64; x64) AppleWebKit/537.36 (KHTML, like Gecko) Chrome/114.0.0.0 Safari/537.36"
185.216.113.70 - - [22/Apr/2026:20:33:15 +0300] "POST /wp-cron.php?doing_wp_cron=1776879194.9303810596466064453125 HTTP/1.1" 200 448 "-" "WordPress/6.3.8; https://serhatburke.miroglu.net"
52.167.144.171 - - [22/Apr/2026:20:32:40 +0300] "GET /%D0%BB%D1%83%D1%87%D1%88%D0%B8%D0%B5-%D0%BA%D0%BB%D1%83%D0%B1%D1%8B-%D0%B4%D0%BB%D1%8F-%D1%85%D0%B0%D0%B9%D1%80%D0%BE%D0%BB%D0%BB%D0%B5%D1%80%D0%BE%D0%B2-%D1%85%D0%B0%D0%B9%D1%80%D0%BE%D0%BB%D0%BB/ HTTP/2" 200 19539 "-" "Mozilla/5.0 AppleWebKit/537.36 (KHTML, like Gecko; compatible; bingbot/2.0; +http://www.bing.com/bingbot.htm) Chrome/116.0.1938.76 Safari/537.36"
52.167.144.171 - - [22/Apr/2026:20:32:41 +0300] "GET /h1-discovering-tronscan-your-ultimate-tron-resource-h1-3/ HTTP/2" 200 17264 "-" "Mozilla/5.0 AppleWebKit/537.36 (KHTML, like Gecko; compatible; bingbot/2.0; +http://www.bing.com/bingbot.htm) Chrome/116.0.1938.76 Safari/537.36"
40.77.167.131 - - [22/Apr/2026:20:32:45 +0300] "GET /for-every-category-has-its-own-unique-payout-aspects-and-you-can-volatility/ HTTP/2" 200 17198 "-" "Mozilla/5.0 AppleWebKit/537.36 (KHTML, like Gecko; compatible; bingbot/2.0; +http://www.bing.com/bingbot.htm) Chrome/116.0.1938.76 Safari/537.36"
98.98.210.134 - - [22/Apr/2026:20:32:50 +0300] "GET /da-un-un-spin-pentru-a-verifica-in-cazul-in-care-norocul-sunt-din-partea-viu/ HTTP/1.1" 200 70442 "-" "Mozilla/5.0 (Windows NT 10.0; rv:109.0) Gecko/20100101 Firefox/115.0"
62.12.118.35 - - [22/Apr/2026:20:33:06 +0300] "POST /xmlrpc.php HTTP/1.1" 200 13766 "-" "Mozilla/5.0 (Windows NT 10.0; Win64; x64) AppleWebKit/537.36 (KHTML, like Gecko) Chrome/114.0.0.0 Safari/537.36"
98.98.9.30 - - [22/Apr/2026:20:32:55 +0300] "GET /claim-100-free-processor-chip-no-online-casino-paysafecard-5-deposit-incentives-a-hundredpercent-active-rules/ HTTP/1.1" 200 73807 "-" "Mozilla/5.0 (Windows NT 10.0; Win64; x64) AppleWebKit/537.36 (KHTML, like Gecko) Chrome/123.0.0.0 Safari/537.36 OPR/109.0.0.0"
98.98.210.134 - - [22/Apr/2026:20:33:29 +0300] "POST /xmlrpc.php HTTP/1.1" 200 630 "-" "Mozilla/5.0 (Windows NT 10.0; Win64; x64) AppleWebKit/537.36 (KHTML, like Gecko) Chrome/114.0.0.0 Safari/537.36"
52.167.144.171 - - [22/Apr/2026:20:33:30 +0300] "GET /h1-elevate-your-tron-experience-with-tronscan-insights-h1/ HTTP/2" 200 17510 "-" "Mozilla/5.0 AppleWebKit/537.36 (KHTML, like Gecko; compatible; bingbot/2.0; +http://www.bing.com/bingbot.htm) Chrome/116.0.1938.76 Safari/537.36"
140.174.179.8 - - [22/Apr/2026:20:33:33 +0300] "POST /xmlrpc.php HTTP/1.1" 200 630 "-" "Mozilla/5.0 (Windows NT 10.0; Win64; x64) AppleWebKit/537.36 (KHTML, like Gecko) Chrome/114.0.0.0 Safari/537.36"
185.216.113.70 - - [22/Apr/2026:20:34:04 +0300] "POST /wp-cron.php?doing_wp_cron=1776879244.6256229877471923828125 HTTP/1.1" 200 448 "-" "WordPress/6.3.8; https://serhatburke.miroglu.net"
98.98.9.30 - - [22/Apr/2026:20:33:40 +0300] "POST /xmlrpc.php HTTP/1.1" 200 630 "-" "Mozilla/5.0 (Windows NT 10.0; Win64; x64) AppleWebKit/537.36 (KHTML, like Gecko) Chrome/114.0.0.0 Safari/537.36"
62.12.118.35 - - [22/Apr/2026:20:33:32 +0300] "GET /rozrywki-unlimluck-polska-hugo-sieciowy/ HTTP/1.1" 200 74754 "-" "Mozilla/5.0 (Windows NT 10.0; Win64; x64) AppleWebKit/537.36 (KHTML, like Gecko) Chrome/122.0.0.0 Safari/537.36"
98.98.210.134 - - [22/Apr/2026:20:34:03 +0300] "POST /xmlrpc.php HTTP/1.1" 200 10196 "-" "Mozilla/5.0 (Windows NT 10.0; Win64; x64) AppleWebKit/537.36 (KHTML, like Gecko) Chrome/114.0.0.0 Safari/537.36"
98.98.9.30 - - [22/Apr/2026:20:34:11 +0300] "POST /xmlrpc.php HTTP/1.1" 200 11087 "-" "Mozilla/5.0 (Windows NT 10.0; Win64; x64) AppleWebKit/537.36 (KHTML, like Gecko) Chrome/114.0.0.0 Safari/537.36"
140.174.179.8 - - [22/Apr/2026:20:34:11 +0300] "POST /xmlrpc.php HTTP/1.1" 200 14374 "-" "Mozilla/5.0 (Windows NT 10.0; Win64; x64) AppleWebKit/537.36 (KHTML, like Gecko) Chrome/114.0.0.0 Safari/537.36"
62.12.118.35 - - [22/Apr/2026:20:34:15 +0300] "POST /xmlrpc.php HTTP/1.1" 200 630 "-" "Mozilla/5.0 (Windows NT 10.0; Win64; x64) AppleWebKit/537.36 (KHTML, like Gecko) Chrome/114.0.0.0 Safari/537.36"
98.98.210.134 - - [22/Apr/2026:20:34:23 +0300] "GET /eti-pregatit-sa-explorezi-parisul-intr-un-mijloace-minuios-neobinuit/ HTTP/1.1" 200 71108 "-" "Mozilla/5.0 (Windows NT 10.0; Win64; x64; rv:124.0) Gecko/20100101 Firefox/124.0"
98.98.210.134 - - [22/Apr/2026:20:34:39 +0300] "POST /xmlrpc.php HTTP/1.1" 200 630 "-" "Mozilla/5.0 (Windows NT 10.0; Win64; x64) AppleWebKit/537.36 (KHTML, like Gecko) Chrome/114.0.0.0 Safari/537.36"
185.216.113.70 - - [22/Apr/2026:20:35:06 +0300] "POST /wp-cron.php?doing_wp_cron=1776879306.4649329185485839843750 HTTP/1.1" 200 448 "-" "WordPress/6.3.8; https://serhatburke.miroglu.net"
185.216.113.70 - - [22/Apr/2026:20:35:12 +0300] "POST /wp-cron.php?doing_wp_cron=1776879311.9576089382171630859375 HTTP/1.1" 200 448 "-" "WordPress/6.3.8; https://serhatburke.miroglu.net"
98.98.9.30 - - [22/Apr/2026:20:34:42 +0300] "GET /betsafe-added-bonus-password-2026-a-hundred-judge-dredd-rtp-casino-150-fs-and-15-free-choice/ HTTP/1.1" 200 72985 "-" "Mozilla/5.0 (Windows NT 10.0; rv:109.0) Gecko/20100101 Firefox/115.0"
185.216.113.70 - - [22/Apr/2026:20:35:17 +0300] "POST /wp-cron.php?doing_wp_cron=1776879317.0781030654907226562500 HTTP/1.1" 200 448 "-" "WordPress/6.3.8; https://serhatburke.miroglu.net"
62.12.118.35 - - [22/Apr/2026:20:34:51 +0300] "POST /xmlrpc.php HTTP/1.1" 200 13702 "-" "Mozilla/5.0 (Windows NT 10.0; Win64; x64) AppleWebKit/537.36 (KHTML, like Gecko) Chrome/114.0.0.0 Safari/537.36"
140.174.179.8 - - [22/Apr/2026:20:34:45 +0300] "GET /enjoy-thunderstruck-stormchaser-position-96-10-rtp-a-real-income-game/ HTTP/1.1" 200 75356 "-" "Mozilla/5.0 (Windows NT 10.0; Win64; x64) AppleWebKit/537.36 (KHTML, like Gecko) Chrome/123.0.0.0 Safari/537.36"
103.219.169.227 - - [22/Apr/2026:20:35:00 +0300] "POST /xmlrpc.php HTTP/1.1" 200 630 "-" "Mozilla/5.0 (Windows NT 10.0; Win64; x64) AppleWebKit/537.36 (KHTML, like Gecko) Chrome/114.0.0.0 Safari/537.36"
98.98.210.134 - - [22/Apr/2026:20:35:09 +0300] "POST /xmlrpc.php HTTP/1.1" 200 8822 "-" "Mozilla/5.0 (Windows NT 10.0; Win64; x64) AppleWebKit/537.36 (KHTML, like Gecko) Chrome/114.0.0.0 Safari/537.36"
98.98.9.30 - - [22/Apr/2026:20:35:11 +0300] "POST /xmlrpc.php HTTP/1.1" 200 630 "-" "Mozilla/5.0 (Windows NT 10.0; Win64; x64) AppleWebKit/537.36 (KHTML, like Gecko) Chrome/114.0.0.0 Safari/537.36"
62.12.118.35 - - [22/Apr/2026:20:35:21 +0300] "GET /sizzling-kasyno-online-muchbetter-hot-deluxe-bezplatne-gry-hazardowe-sizzling-hot-deluxe/ HTTP/1.1" 200 75828 "-" "Mozilla/5.0 (Windows NT 10.0; Win64; x64) AppleWebKit/537.36 (KHTML, like Gecko) Chrome/109.0.0.0 Safari/537.36"
103.219.169.227 - - [22/Apr/2026:20:35:37 +0300] "POST /xmlrpc.php HTTP/1.1" 200 11392 "-" "Mozilla/5.0 (Windows NT 10.0; Win64; x64) AppleWebKit/537.36 (KHTML, like Gecko) Chrome/114.0.0.0 Safari/537.36"
185.216.113.70 - - [22/Apr/2026:20:36:17 +0300] "POST /wp-cron.php?doing_wp_cron=1776879377.3305830955505371093750 HTTP/1.1" 200 448 "-" "WordPress/6.3.8; https://serhatburke.miroglu.net"
185.216.113.70 - - [22/Apr/2026:20:36:19 +0300] "POST /wp-cron.php?doing_wp_cron=1776879379.8352570533752441406250 HTTP/1.1" 200 448 "-" "WordPress/6.3.8; https://serhatburke.miroglu.net"
98.98.210.134 - - [22/Apr/2026:20:35:48 +0300] "POST /xmlrpc.php HTTP/1.1" 200 630 "-" "Mozilla/5.0 (Windows NT 10.0; Win64; x64) AppleWebKit/537.36 (KHTML, like Gecko) Chrome/114.0.0.0 Safari/537.36"
98.98.210.134 - - [22/Apr/2026:20:35:46 +0300] "GET /cele-poate-obine-bune-cazinouri-pe-internet-pentru-a-juca-ruleta/ HTTP/1.1" 200 70209 "-" "Mozilla/5.0 (Windows NT 10.0; Win64; x64) AppleWebKit/537.36 (KHTML, like Gecko) Chrome/123.0.0.0 Safari/537.36 OPR/109.0.0.0"
185.216.113.70 - - [22/Apr/2026:20:36:23 +0300] "POST /wp-cron.php?doing_wp_cron=1776879383.7737069129943847656250 HTTP/1.1" 200 448 "-" "WordPress/6.3.8; https://serhatburke.miroglu.net"
62.12.118.35 - - [22/Apr/2026:20:35:52 +0300] "POST /xmlrpc.php HTTP/1.1" 200 630 "-" "Mozilla/5.0 (Windows NT 10.0; Win64; x64) AppleWebKit/537.36 (KHTML, like Gecko) Chrome/114.0.0.0 Safari/537.36"
98.98.9.30 - - [22/Apr/2026:20:35:55 +0300] "POST /xmlrpc.php HTTP/1.1" 200 11012 "-" "Mozilla/5.0 (Windows NT 10.0; Win64; x64) AppleWebKit/537.36 (KHTML, like Gecko) Chrome/114.0.0.0 Safari/537.36"
185.216.113.70 - - [22/Apr/2026:20:36:45 +0300] "POST /wp-cron.php?doing_wp_cron=1776879405.8498570919036865234375 HTTP/1.1" 200 448 "-" "WordPress/6.3.8; https://serhatburke.miroglu.net"
103.219.169.227 - - [22/Apr/2026:20:36:12 +0300] "GET /mrbet-erfahrungen-bewertung-beschmu-20-kostenlose-spins-keine-einzahlung-vertrauenswurdig/ HTTP/1.1" 200 73461 "-" "Mozilla/5.0 (Windows NT 10.0; Win64; x64; rv:124.0) Gecko/20100101 Firefox/124.0"
98.98.210.134 - - [22/Apr/2026:20:36:25 +0300] "POST /xmlrpc.php HTTP/1.1" 200 8690 "-" "Mozilla/5.0 (Windows NT 10.0; Win64; x64) AppleWebKit/537.36 (KHTML, like Gecko) Chrome/114.0.0.0 Safari/537.36"
98.98.9.30 - - [22/Apr/2026:20:36:28 +0300] "GET /jingle-wheel-of-wealth-slot-spin-position-comment-play-netent-harbors-at-no-cost/ HTTP/1.1" 200 72405 "-" "Mozilla/5.0 (Windows NT 10.0; rv:125.0) Gecko/20100101 Firefox/125.0"
62.12.118.35 - - [22/Apr/2026:20:36:30 +0300] "POST /xmlrpc.php HTTP/1.1" 200 13287 "-" "Mozilla/5.0 (Windows NT 10.0; Win64; x64) AppleWebKit/537.36 (KHTML, like Gecko) Chrome/114.0.0.0 Safari/537.36"
98.98.9.30 - - [22/Apr/2026:20:36:45 +0300] "POST /xmlrpc.php HTTP/1.1" 200 630 "-" "Mozilla/5.0 (Windows NT 10.0; Win64; x64) AppleWebKit/537.36 (KHTML, like Gecko) Chrome/114.0.0.0 Safari/537.36"
98.98.210.134 - - [22/Apr/2026:20:37:05 +0300] "GET /poi-plasa-atat-jocuri-de-noroc-pre-lauda-cat-i-joc-locuit-on-multiple-niches-populare-i-de-col/ HTTP/1.1" 200 70662 "-" "Mozilla/5.0 (Windows NT 10.0; Win64; x64; rv:125.0) Gecko/20100101 Firefox/125.0"
62.12.118.35 - - [22/Apr/2026:20:37:12 +0300] "GET /klasyczne-automaty-sieciowy-darmowo-stare-automaty-kod-bonusowy-kasyno-euro-do-odwiedzenia-komputerow/ HTTP/1.1" 200 76265 "-" "Mozilla/5.0 (Windows NT 10.0; Win64; x64) AppleWebKit/537.36 (KHTML, like Gecko) Chrome/109.0.0.0 Safari/537.36"
98.98.9.30 - - [22/Apr/2026:20:37:23 +0300] "POST /xmlrpc.php HTTP/1.1" 200 11569 "-" "Mozilla/5.0 (Windows NT 10.0; Win64; x64) AppleWebKit/537.36 (KHTML, like Gecko) Chrome/114.0.0.0 Safari/537.36"
185.216.113.70 - - [22/Apr/2026:20:37:43 +0300] "POST /wp-cron.php?doing_wp_cron=1776879463.8441050052642822265625 HTTP/1.1" 200 448 "-" "WordPress/6.3.8; https://serhatburke.miroglu.net"
62.12.118.35 - - [22/Apr/2026:20:37:32 +0300] "POST /xmlrpc.php HTTP/1.1" 200 630 "-" "Mozilla/5.0 (Windows NT 10.0; Win64; x64) AppleWebKit/537.36 (KHTML, like Gecko) Chrome/114.0.0.0 Safari/537.36"
98.98.9.30 - - [22/Apr/2026:20:37:37 +0300] "GET /0-the-brand-new-no-free-kajot-50-spins-no-deposit-deposit-extra-requirements-to-possess-mar-2026-updated-every-day/ HTTP/1.1" 200 73842 "-" "Mozilla/5.0 (Windows NT 10.0; Win64; x64) AppleWebKit/537.36 (KHTML, like Gecko) Chrome/123.0.0.0 Safari/537.36"
179.60.65.199 - - [22/Apr/2026:20:37:43 +0300] "POST /xmlrpc.php HTTP/2" 200 140 "-" "WordPress/XMLRPC Client"
62.12.118.35 - - [22/Apr/2026:20:37:50 +0300] "POST /xmlrpc.php HTTP/1.1" 200 13786 "-" "Mozilla/5.0 (Windows NT 10.0; Win64; x64) AppleWebKit/537.36 (KHTML, like Gecko) Chrome/114.0.0.0 Safari/537.36"
185.216.113.70 - - [22/Apr/2026:20:38:16 +0300] "POST /wp-cron.php?doing_wp_cron=1776879496.1684861183166503906250 HTTP/1.1" 200 448 "-" "WordPress/6.3.8; https://serhatburke.miroglu.net"
179.60.65.199 - - [22/Apr/2026:20:38:03 +0300] "GET /?p=127918 HTTP/2" 301 0 "-" "Mozilla/5.0 (Windows NT 10.0; Win64; x64) AppleWebKit/537.36 (KHTML, like Gecko) Chrome/120.0.0.0 Safari/537.36"
62.12.118.35 - - [22/Apr/2026:20:38:08 +0300] "GET /automaty-flashdash-kasyno-polska-hazardowe-automaty-do-odwiedzenia-komputerow-w-celu-lokalnych-fanow/ HTTP/1.1" 200 76346 "-" "Mozilla/5.0 (Windows NT 10.0; Win64; x64) AppleWebKit/537.36 (KHTML, like Gecko) Chrome/123.0.0.0 Safari/537.36"
66.249.73.1 - - [22/Apr/2026:20:38:15 +0300] "GET /robots.txt HTTP/1.1" 200 719 "-" "Mozilla/5.0 (compatible; Googlebot/2.1; +http://www.google.com/bot.html)"
98.98.9.30 - - [22/Apr/2026:20:38:16 +0300] "POST /xmlrpc.php HTTP/1.1" 200 630 "-" "Mozilla/5.0 (Windows NT 10.0; Win64; x64) AppleWebKit/537.36 (KHTML, like Gecko) Chrome/114.0.0.0 Safari/537.36"
98.98.9.30 - - [22/Apr/2026:20:38:42 +0300] "POST /xmlrpc.php HTTP/1.1" 200 11797 "-" "Mozilla/5.0 (Windows NT 10.0; Win64; x64) AppleWebKit/537.36 (KHTML, like Gecko) Chrome/114.0.0.0 Safari/537.36"
44.195.188.79 - - [22/Apr/2026:20:38:47 +0300] "GET /robots.txt HTTP/1.1" 200 605 "-" "Mozilla/5.0 (Macintosh; Intel Mac OS X 10_10_1) AppleWebKit/600.2.5 (KHTML, like Gecko) Version/8.0.2 Safari/600.2.5 (Gort)"
185.216.113.70 - - [22/Apr/2026:20:39:10 +0300] "POST /wp-cron.php?doing_wp_cron=1776879550.0681478977203369140625 HTTP/1.1" 200 448 "-" "WordPress/6.3.8; https://serhatburke.miroglu.net"
98.98.9.30 - - [22/Apr/2026:20:38:56 +0300] "GET /finest-8-bitcoin-lucky-cherry-casino-casinos-inside-2025/ HTTP/1.1" 200 72714 "-" "Mozilla/5.0 (Windows NT 10.0; Win64; x64) AppleWebKit/537.36 (KHTML, like Gecko) Chrome/123.0.0.0 Safari/537.36"
62.12.118.35 - - [22/Apr/2026:20:39:15 +0300] "POST /xmlrpc.php HTTP/1.1" 200 630 "-" "Mozilla/5.0 (Windows NT 10.0; Win64; x64) AppleWebKit/537.36 (KHTML, like Gecko) Chrome/114.0.0.0 Safari/537.36"
185.216.113.70 - - [22/Apr/2026:20:39:52 +0300] "POST /wp-cron.php?doing_wp_cron=1776879592.2342879772186279296875 HTTP/1.1" 200 448 "-" "WordPress/6.3.8; https://serhatburke.miroglu.net"
62.12.118.35 - - [22/Apr/2026:20:39:33 +0300] "POST /xmlrpc.php HTTP/1.1" 200 14438 "-" "Mozilla/5.0 (Windows NT 10.0; Win64; x64) AppleWebKit/537.36 (KHTML, like Gecko) Chrome/114.0.0.0 Safari/537.36"
98.98.9.30 - - [22/Apr/2026:20:39:42 +0300] "POST /xmlrpc.php HTTP/1.1" 200 630 "-" "Mozilla/5.0 (Windows NT 10.0; Win64; x64) AppleWebKit/537.36 (KHTML, like Gecko) Chrome/114.0.0.0 Safari/537.36"
62.12.118.35 - - [22/Apr/2026:20:39:55 +0300] "GET /bezplatne-spiny-bez-slot-after-night-falls-na-prawdziwe-pieniadze-depozytu-w-calej-kasynach-internetowego-dla-polakow/ HTTP/1.1" 200 77520 "-" "Mozilla/5.0 (Windows NT 10.0; Win64; x64) AppleWebKit/537.36 (KHTML, like Gecko) Chrome/124.0.0.0 Safari/537.36 Edg/124.0.0.0"
103.219.169.227 - - [22/Apr/2026:20:40:04 +0300] "POST /xmlrpc.php HTTP/1.1" 200 630 "-" "Mozilla/5.0 (Windows NT 10.0; Win64; x64) AppleWebKit/537.36 (KHTML, like Gecko) Chrome/114.0.0.0 Safari/537.36"
98.98.9.30 - - [22/Apr/2026:20:40:06 +0300] "POST /xmlrpc.php HTTP/1.1" 200 11571 "-" "Mozilla/5.0 (Windows NT 10.0; Win64; x64) AppleWebKit/537.36 (KHTML, like Gecko) Chrome/114.0.0.0 Safari/537.36"
98.98.9.30 - - [22/Apr/2026:20:40:22 +0300] "GET /400percent-casino-extra-100-free-spins-casino-planet-7-greatest-400percent-bonusangebote-i-will-be-internet-casino/ HTTP/1.1" 200 73978 "-" "Mozilla/5.0 (Windows NT 10.0; Win64; x64; rv:124.0) Gecko/20100101 Firefox/124.0"
185.216.113.70 - - [22/Apr/2026:20:40:39 +0300] "POST /wp-cron.php?doing_wp_cron=1776879639.6583740711212158203125 HTTP/1.1" 200 448 "-" "WordPress/6.3.8; https://serhatburke.miroglu.net"
103.219.169.227 - - [22/Apr/2026:20:40:26 +0300] "POST /xmlrpc.php HTTP/1.1" 200 11041 "-" "Mozilla/5.0 (Windows NT 10.0; Win64; x64) AppleWebKit/537.36 (KHTML, like Gecko) Chrome/114.0.0.0 Safari/537.36"
103.219.169.227 - - [22/Apr/2026:20:40:41 +0300] "GET /das-ultimative-arbeitsweise-nach-gonzos-quest-online-slot-mr-bet-spielbank-pramie-codes-fur-jedes-deutsche-zocker/ HTTP/1.1" 200 73920 "-" "Mozilla/5.0 (Windows NT 10.0; Win64; x64; rv:125.0) Gecko/20100101 Firefox/125.0"
160.250.186.93 - - [22/Apr/2026:20:40:43 +0300] "GET /casino-online-skrill-prelievo-veloce/ HTTP/1.1" 200 18145 "-" "Mozilla/5.0 (compatible; Googlebot/2.1; +http://www.google.com/bot.html)"
85.208.96.206 - - [22/Apr/2026:20:40:49 +0300] "GET /seafood-team-slot-game-remark-free-gamble-trial-best-online-casino-500-first-deposit-bonus-and-bonus-password/ HTTP/1.1" 200 21299 "-" "Mozilla/5.0 (compatible; SemrushBot/7~bl; +http://www.semrush.com/bot.html)"
62.12.118.35 - - [22/Apr/2026:20:40:53 +0300] "POST /xmlrpc.php HTTP/1.1" 200 630 "-" "Mozilla/5.0 (Windows NT 10.0; Win64; x64) AppleWebKit/537.36 (KHTML, like Gecko) Chrome/114.0.0.0 Safari/537.36"
98.98.9.30 - - [22/Apr/2026:20:41:05 +0300] "POST /xmlrpc.php HTTP/1.1" 200 630 "-" "Mozilla/5.0 (Windows NT 10.0; Win64; x64) AppleWebKit/537.36 (KHTML, like Gecko) Chrome/114.0.0.0 Safari/537.36"
185.216.113.70 - - [22/Apr/2026:20:41:37 +0300] "POST /wp-cron.php?doing_wp_cron=1776879697.8277859687805175781250 HTTP/1.1" 200 448 "-" "WordPress/6.3.8; https://serhatburke.miroglu.net"
62.12.118.35 - - [22/Apr/2026:20:41:24 +0300] "POST /xmlrpc.php HTTP/1.1" 200 13729 "-" "Mozilla/5.0 (Windows NT 10.0; Win64; x64) AppleWebKit/537.36 (KHTML, like Gecko) Chrome/114.0.0.0 Safari/537.36"
98.98.9.30 - - [22/Apr/2026:20:41:29 +0300] "POST /xmlrpc.php HTTP/1.1" 200 11719 "-" "Mozilla/5.0 (Windows NT 10.0; Win64; x64) AppleWebKit/537.36 (KHTML, like Gecko) Chrome/114.0.0.0 Safari/537.36"
62.12.118.35 - - [22/Apr/2026:20:41:39 +0300] "GET /gry-hazardowe-online-novomatic-gry-na-ipada-bezplatnie-automaty-do-gierek-online/ HTTP/1.1" 200 75821 "-" "Mozilla/5.0 (Windows NT 10.0; Win64; x64) AppleWebKit/537.36 (KHTML, like Gecko) Chrome/109.0.0.0 Safari/537.36"
98.98.9.30 - - [22/Apr/2026:20:41:51 +0300] "GET /charge-card-gambling-enterprises-2026-better-local-casino-websites-you-to-vikings-go-berzerk-rtp-1-deposit-deal-with-cards/ HTTP/1.1" 200 74213 "-" "Mozilla/5.0 (Windows NT 10.0; rv:109.0) Gecko/20100101 Firefox/115.0"
62.12.118.35 - - [22/Apr/2026:20:42:06 +0300] "POST /xmlrpc.php HTTP/1.1" 200 630 "-" "Mozilla/5.0 (Windows NT 10.0; Win64; x64) AppleWebKit/537.36 (KHTML, like Gecko) Chrome/114.0.0.0 Safari/537.36"
98.98.9.30 - - [22/Apr/2026:20:42:09 +0300] "POST /xmlrpc.php HTTP/1.1" 200 630 "-" "Mozilla/5.0 (Windows NT 10.0; Win64; x64) AppleWebKit/537.36 (KHTML, like Gecko) Chrome/114.0.0.0 Safari/537.36"
66.249.73.1 - - [22/Apr/2026:20:42:23 +0300] "GET /gamblezen-casino-review-for-players-from-the-united-kingdom/ HTTP/1.1" 200 0 "https://vlrknj.cyberwave-games.digital/" "Mozilla/5.0 (Linux; Android 6.0.1; Nexus 5X Build/MMB29P) AppleWebKit/537.36 (KHTML, like Gecko) Chrome/146.0.7680.177 Mobile Safari/537.36 (compatible; Googlebot/2.1; +http://www.google.com/bot.html)"
185.216.113.70 - - [22/Apr/2026:20:42:38 +0300] "POST /wp-cron.php?doing_wp_cron=1776879758.6515030860900878906250 HTTP/1.1" 200 448 "-" "WordPress/6.3.8; https://serhatburke.miroglu.net"
62.12.118.35 - - [22/Apr/2026:20:42:27 +0300] "POST /xmlrpc.php HTTP/1.1" 200 14134 "-" "Mozilla/5.0 (Windows NT 10.0; Win64; x64) AppleWebKit/537.36 (KHTML, like Gecko) Chrome/114.0.0.0 Safari/537.36"
98.98.9.30 - - [22/Apr/2026:20:42:29 +0300] "POST /xmlrpc.php HTTP/1.1" 200 11183 "-" "Mozilla/5.0 (Windows NT 10.0; Win64; x64) AppleWebKit/537.36 (KHTML, like Gecko) Chrome/114.0.0.0 Safari/537.36"
98.98.9.30 - - [22/Apr/2026:20:42:49 +0300] "GET /online-casino-advertisements-up-to-6000-bonus-great-blue-casino-from-the-bovegas/ HTTP/1.1" 200 72549 "-" "Mozilla/5.0 (Windows NT 10.0; Win64; x64; rv:124.0) Gecko/20100101 Firefox/124.0"
62.12.118.35 - - [22/Apr/2026:20:42:51 +0300] "GET /zabawy-pod-impreze-17-komputerow-ktorymi-oczarujesz-roulettino-kod-promocyjny-kasyna-wlasnym-gosci/ HTTP/1.1" 200 76521 "-" "Mozilla/5.0 (Windows NT 10.0; Win64; x64) AppleWebKit/537.36 (KHTML, like Gecko) Chrome/124.0.0.0 Safari/537.36 Edg/124.0.0.0"
98.98.9.30 - - [22/Apr/2026:20:42:59 +0300] "POST /xmlrpc.php HTTP/1.1" 200 630 "-" "Mozilla/5.0 (Windows NT 10.0; Win64; x64) AppleWebKit/537.36 (KHTML, like Gecko) Chrome/114.0.0.0 Safari/537.36"
62.12.118.35 - - [22/Apr/2026:20:43:03 +0300] "POST /xmlrpc.php HTTP/1.1" 200 630 "-" "Mozilla/5.0 (Windows NT 10.0; Win64; x64) AppleWebKit/537.36 (KHTML, like Gecko) Chrome/114.0.0.0 Safari/537.36"
185.216.113.70 - - [22/Apr/2026:20:43:36 +0300] "POST /wp-cron.php?doing_wp_cron=1776879816.6997640132904052734375 HTTP/1.1" 200 448 "-" "WordPress/6.3.8; https://serhatburke.miroglu.net"
98.98.9.30 - - [22/Apr/2026:20:43:23 +0300] "POST /xmlrpc.php HTTP/1.1" 200 11182 "-" "Mozilla/5.0 (Windows NT 10.0; Win64; x64) AppleWebKit/537.36 (KHTML, like Gecko) Chrome/114.0.0.0 Safari/537.36"
62.12.118.35 - - [22/Apr/2026:20:43:25 +0300] "POST /xmlrpc.php HTTP/1.1" 200 14331 "-" "Mozilla/5.0 (Windows NT 10.0; Win64; x64) AppleWebKit/537.36 (KHTML, like Gecko) Chrome/114.0.0.0 Safari/537.36"
98.98.9.30 - - [22/Apr/2026:20:43:38 +0300] "GET /bovegas-local-casino-opinion-upgraded-and-you-can-rescored-to-possess-casino-slot-willy-wonka-2025/ HTTP/1.1" 200 73088 "-" "Mozilla/5.0 (Windows NT 10.0; Win64; x64) AppleWebKit/537.36 (KHTML, like Gecko) Chrome/124.0.0.0 Safari/537.36"
62.12.118.35 - - [22/Apr/2026:20:43:39 +0300] "GET /najistotniejsze-legalne-aplikacja-trinocasino-niemieckie-kasyna-sieciowy-2025/ HTTP/1.1" 200 76349 "-" "Mozilla/5.0 (Windows NT 10.0; Win64; x64) AppleWebKit/537.36 (KHTML, like Gecko) Chrome/122.0.0.0 Safari/537.36"
98.98.9.30 - - [22/Apr/2026:20:43:50 +0300] "POST /xmlrpc.php HTTP/1.1" 200 630 "-" "Mozilla/5.0 (Windows NT 10.0; Win64; x64) AppleWebKit/537.36 (KHTML, like Gecko) Chrome/114.0.0.0 Safari/537.36"
85.208.96.209 - - [22/Apr/2026:20:43:45 +0300] "GET /spielbank-maklercourtage-abmachung-irgendwo-gibts-einen-besten-willkommensbonus/ HTTP/1.1" 200 21513 "-" "Mozilla/5.0 (compatible; SemrushBot/7~bl; +http://www.semrush.com/bot.html)"
62.12.118.35 - - [22/Apr/2026:20:43:55 +0300] "POST /xmlrpc.php HTTP/1.1" 200 630 "-" "Mozilla/5.0 (Windows NT 10.0; Win64; x64) AppleWebKit/537.36 (KHTML, like Gecko) Chrome/114.0.0.0 Safari/537.36"
185.216.113.70 - - [22/Apr/2026:20:44:39 +0300] "POST /wp-cron.php?doing_wp_cron=1776879879.3464939594268798828125 HTTP/1.1" 200 448 "-" "WordPress/6.3.8; https://serhatburke.miroglu.net"
185.191.171.15 - - [22/Apr/2026:20:44:20 +0300] "GET /100-sund-kostnadsfri-casino-atnjuta-nago-the-grand-journey-online-garanterat-kostnadsfri-tillag-utan-insattning/ HTTP/1.1" 200 21286 "-" "Mozilla/5.0 (compatible; SemrushBot/7~bl; +http://www.semrush.com/bot.html)"
98.98.9.30 - - [22/Apr/2026:20:44:24 +0300] "POST /xmlrpc.php HTTP/1.1" 200 11141 "-" "Mozilla/5.0 (Windows NT 10.0; Win64; x64) AppleWebKit/537.36 (KHTML, like Gecko) Chrome/114.0.0.0 Safari/537.36"
62.12.118.35 - - [22/Apr/2026:20:44:25 +0300] "POST /xmlrpc.php HTTP/1.1" 200 14055 "-" "Mozilla/5.0 (Windows NT 10.0; Win64; x64) AppleWebKit/537.36 (KHTML, like Gecko) Chrome/114.0.0.0 Safari/537.36"
98.98.9.30 - - [22/Apr/2026:20:44:44 +0300] "POST /xmlrpc.php HTTP/1.1" 200 630 "-" "Mozilla/5.0 (Windows NT 10.0; Win64; x64) AppleWebKit/537.36 (KHTML, like Gecko) Chrome/114.0.0.0 Safari/537.36"
98.98.9.30 - - [22/Apr/2026:20:44:41 +0300] "GET /availability-bonuses-and-black-widow-bonus-games/ HTTP/1.1" 200 72001 "-" "Mozilla/5.0 (Windows NT 10.0; Win64; x64) AppleWebKit/537.36 (KHTML, like Gecko) Chrome/123.0.0.0 Safari/537.36"
62.12.118.35 - - [22/Apr/2026:20:44:41 +0300] "GET /ggbet-bonus-bez-depozytu-stu-zlotych-bezplatna-kasa-na-rzecz-zawodnikow-aplikacja-abu-king-do-pobrania-na-androida-sposrod-wlasny/ HTTP/1.1" 200 77431 "-" "Mozilla/5.0 (Windows NT 10.0; Win64; x64) AppleWebKit/537.36 (KHTML, like Gecko) Chrome/124.0.0.0 Safari/537.36"
62.12.118.35 - - [22/Apr/2026:20:44:49 +0300] "POST /xmlrpc.php HTTP/1.1" 200 630 "-" "Mozilla/5.0 (Windows NT 10.0; Win64; x64) AppleWebKit/537.36 (KHTML, like Gecko) Chrome/114.0.0.0 Safari/537.36"
185.216.113.70 - - [22/Apr/2026:20:45:35 +0300] "POST /wp-cron.php?doing_wp_cron=1776879935.7319788932800292968750 HTTP/1.1" 200 448 "-" "WordPress/6.3.8; https://serhatburke.miroglu.net"
98.98.9.30 - - [22/Apr/2026:20:45:16 +0300] "POST /xmlrpc.php HTTP/1.1" 200 11092 "-" "Mozilla/5.0 (Windows NT 10.0; Win64; x64) AppleWebKit/537.36 (KHTML, like Gecko) Chrome/114.0.0.0 Safari/537.36"
103.219.169.227 - - [22/Apr/2026:20:45:16 +0300] "POST /xmlrpc.php HTTP/1.1" 200 630 "-" "Mozilla/5.0 (Windows NT 10.0; Win64; x64) AppleWebKit/537.36 (KHTML, like Gecko) Chrome/114.0.0.0 Safari/537.36"
62.12.118.35 - - [22/Apr/2026:20:45:17 +0300] "POST /xmlrpc.php HTTP/1.1" 200 14172 "-" "Mozilla/5.0 (Windows NT 10.0; Win64; x64) AppleWebKit/537.36 (KHTML, like Gecko) Chrome/114.0.0.0 Safari/537.36"
98.98.9.30 - - [22/Apr/2026:20:45:34 +0300] "POST /xmlrpc.php HTTP/1.1" 200 630 "-" "Mozilla/5.0 (Windows NT 10.0; Win64; x64) AppleWebKit/537.36 (KHTML, like Gecko) Chrome/114.0.0.0 Safari/537.36"
62.12.118.35 - - [22/Apr/2026:20:45:39 +0300] "POST /xmlrpc.php HTTP/1.1" 200 630 "-" "Mozilla/5.0 (Windows NT 10.0; Win64; x64) AppleWebKit/537.36 (KHTML, like Gecko) Chrome/114.0.0.0 Safari/537.36"
98.98.9.30 - - [22/Apr/2026:20:45:37 +0300] "GET /best-online-ladbrokes-free-spins-no-deposit-bonus-2023-casino-incentives-in-america-inside-march-2026/ HTTP/1.1" 200 73239 "-" "Mozilla/5.0 (Windows NT 10.0; Win64; x64) AppleWebKit/537.36 (KHTML, like Gecko) Chrome/122.0.0.0 Safari/537.36"
103.219.169.227 - - [22/Apr/2026:20:45:42 +0300] "POST /xmlrpc.php HTTP/1.1" 200 11999 "-" "Mozilla/5.0 (Windows NT 10.0; Win64; x64) AppleWebKit/537.36 (KHTML, like Gecko) Chrome/114.0.0.0 Safari/537.36"
62.12.118.35 - - [22/Apr/2026:20:45:38 +0300] "GET /najkorzystniejsze-automaty-internetowego-przy-polskich-kasynach-automat-internetowy-hugo-2025/ HTTP/1.1" 200 76522 "-" "Mozilla/5.0 (Windows NT 10.0; rv:109.0) Gecko/20100101 Firefox/115.0"
98.98.9.30 - - [22/Apr/2026:20:46:15 +0300] "POST /xmlrpc.php HTTP/1.1" 200 11176 "-" "Mozilla/5.0 (Windows NT 10.0; Win64; x64) AppleWebKit/537.36 (KHTML, like Gecko) Chrome/114.0.0.0 Safari/537.36"
103.219.169.227 - - [22/Apr/2026:20:46:17 +0300] "GET /mr-green-casino-schatzung-cops-bandits-slotauszahlung-unter-anderem-untersuchung/ HTTP/1.1" 200 74025 "-" "Mozilla/5.0 (Windows NT 10.0; rv:125.0) Gecko/20100101 Firefox/125.0"
185.216.113.70 - - [22/Apr/2026:20:46:45 +0300] "POST /wp-cron.php?doing_wp_cron=1776880005.4336669445037841796875 HTTP/1.1" 200 448 "-" "WordPress/6.3.8; https://serhatburke.miroglu.net"
62.12.118.35 - - [22/Apr/2026:20:46:20 +0300] "POST /xmlrpc.php HTTP/1.1" 200 12805 "-" "Mozilla/5.0 (Windows NT 10.0; Win64; x64) AppleWebKit/537.36 (KHTML, like Gecko) Chrome/114.0.0.0 Safari/537.36"
185.216.113.70 - - [22/Apr/2026:20:46:53 +0300] "POST /wp-cron.php?doing_wp_cron=1776880013.6376090049743652343750 HTTP/1.1" 200 448 "-" "WordPress/6.3.8; https://serhatburke.miroglu.net"
98.98.9.30 - - [22/Apr/2026:20:46:25 +0300] "POST /xmlrpc.php HTTP/1.1" 200 630 "-" "Mozilla/5.0 (Windows NT 10.0; Win64; x64) AppleWebKit/537.36 (KHTML, like Gecko) Chrome/114.0.0.0 Safari/537.36"
62.12.118.35 - - [22/Apr/2026:20:46:32 +0300] "POST /xmlrpc.php HTTP/1.1" 200 630 "-" "Mozilla/5.0 (Windows NT 10.0; Win64; x64) AppleWebKit/537.36 (KHTML, like Gecko) Chrome/114.0.0.0 Safari/537.36"
98.98.9.30 - - [22/Apr/2026:20:46:36 +0300] "GET /best-genting-offer-code-casino-examined-web-sites-to-own-2026/ HTTP/1.1" 200 72165 "-" "Mozilla/5.0 (Windows NT 10.0; Win64; x64) AppleWebKit/537.36 (KHTML, like Gecko) Chrome/124.0.0.0 Safari/537.36 Edg/124.0.0.0"
62.12.118.35 - - [22/Apr/2026:20:46:46 +0300] "GET /darmowe-darmowe-spiny-na-reactoonz-hazard-najlepsze-gry-slotowe/ HTTP/1.1" 200 74570 "-" "Mozilla/5.0 (Windows NT 10.0; Win64; x64; rv:124.0) Gecko/20100101 Firefox/124.0"
98.98.9.30 - - [22/Apr/2026:20:47:01 +0300] "POST /xmlrpc.php HTTP/1.1" 200 11137 "-" "Mozilla/5.0 (Windows NT 10.0; Win64; x64) AppleWebKit/537.36 (KHTML, like Gecko) Chrome/114.0.0.0 Safari/537.36"
62.12.118.35 - - [22/Apr/2026:20:47:06 +0300] "POST /xmlrpc.php HTTP/1.1" 200 13620 "-" "Mozilla/5.0 (Windows NT 10.0; Win64; x64) AppleWebKit/537.36 (KHTML, like Gecko) Chrome/114.0.0.0 Safari/537.36"
185.216.113.70 - - [22/Apr/2026:20:47:40 +0300] "POST /wp-cron.php?doing_wp_cron=1776880060.2658860683441162109375 HTTP/1.1" 200 448 "-" "WordPress/6.3.8; https://serhatburke.miroglu.net"
62.12.118.35 - - [22/Apr/2026:20:47:19 +0300] "POST /xmlrpc.php HTTP/1.1" 200 630 "-" "Mozilla/5.0 (Windows NT 10.0; Win64; x64) AppleWebKit/537.36 (KHTML, like Gecko) Chrome/114.0.0.0 Safari/537.36"
170.106.8.20 - - [22/Apr/2026:20:47:18 +0300] "GET / HTTP/1.1" 200 20070 "http://serhatburke.miroglu.net" "Mozilla/5.0 (iPhone; CPU iPhone OS 13_2_3 like Mac OS X) AppleWebKit/605.1.15 (KHTML, like Gecko) Version/13.0.3 Mobile/15E148 Safari/604.1"
98.98.9.30 - - [22/Apr/2026:20:47:24 +0300] "GET /head-cooks-local-casino-nz-5-casino-jack-hammer-2-to-have-a-hundred-free-revolves-2026/ HTTP/1.1" 200 72677 "-" "Mozilla/5.0 (Windows NT 10.0; rv:125.0) Gecko/20100101 Firefox/125.0"
62.12.118.35 - - [22/Apr/2026:20:47:28 +0300] "GET /nadprogram-wyjawszy-depozytu-spybet-kasyno-pl-2025-wyprobuj-bonusy-w-ciagu-rejestracje-wyjawszy-depozytu/ HTTP/1.1" 200 76434 "-" "Mozilla/5.0 (Windows NT 10.0; rv:109.0) Gecko/20100101 Firefox/115.0"
62.12.118.35 - - [22/Apr/2026:20:47:48 +0300] "POST /xmlrpc.php HTTP/1.1" 200 13365 "-" "Mozilla/5.0 (Windows NT 10.0; Win64; x64) AppleWebKit/537.36 (KHTML, like Gecko) Chrome/114.0.0.0 Safari/537.36"
62.12.118.35 - - [22/Apr/2026:20:48:01 +0300] "GET /zestawienia-kasyn-online-na-automat-do-gry-golden-ticket-terytorium-polski-2025/ HTTP/1.1" 200 75373 "-" "Mozilla/5.0 (Windows NT 10.0; rv:125.0) Gecko/20100101 Firefox/125.0"
62.12.118.35 - - [22/Apr/2026:20:48:07 +0300] "POST /xmlrpc.php HTTP/1.1" 200 630 "-" "Mozilla/5.0 (Windows NT 10.0; Win64; x64) AppleWebKit/537.36 (KHTML, like Gecko) Chrome/114.0.0.0 Safari/537.36"
185.216.113.70 - - [22/Apr/2026:20:48:38 +0300] "POST /wp-cron.php?doing_wp_cron=1776880118.5639879703521728515625 HTTP/1.1" 200 448 "-" "WordPress/6.3.8; https://serhatburke.miroglu.net"
62.12.118.35 - - [22/Apr/2026:20:48:25 +0300] "POST /xmlrpc.php HTTP/1.1" 200 13713 "-" "Mozilla/5.0 (Windows NT 10.0; Win64; x64) AppleWebKit/537.36 (KHTML, like Gecko) Chrome/114.0.0.0 Safari/537.36"
62.12.118.35 - - [22/Apr/2026:20:48:39 +0300] "GET /kasyno-bez-depozytu-2025-bezplatne-spiny-logowanie-do-kasyna-euro-darmowy-bonus/ HTTP/1.1" 200 75707 "-" "Mozilla/5.0 (Windows NT 10.0; Win64; x64; rv:125.0) Gecko/20100101 Firefox/125.0"
62.12.118.35 - - [22/Apr/2026:20:48:56 +0300] "POST /xmlrpc.php HTTP/1.1" 200 630 "-" "Mozilla/5.0 (Windows NT 10.0; Win64; x64) AppleWebKit/537.36 (KHTML, like Gecko) Chrome/114.0.0.0 Safari/537.36"
62.12.118.35 - - [22/Apr/2026:20:49:15 +0300] "POST /xmlrpc.php HTTP/1.1" 200 13262 "-" "Mozilla/5.0 (Windows NT 10.0; Win64; x64) AppleWebKit/537.36 (KHTML, like Gecko) Chrome/114.0.0.0 Safari/537.36"
140.174.179.8 - - [22/Apr/2026:20:49:20 +0300] "POST /xmlrpc.php HTTP/1.1" 200 630 "-" "Mozilla/5.0 (Windows NT 10.0; Win64; x64) AppleWebKit/537.36 (KHTML, like Gecko) Chrome/114.0.0.0 Safari/537.36"
185.216.113.70 - - [22/Apr/2026:20:49:42 +0300] "POST /wp-cron.php?doing_wp_cron=1776880182.8104410171508789062500 HTTP/1.1" 200 448 "-" "WordPress/6.3.8; https://serhatburke.miroglu.net"
62.12.118.35 - - [22/Apr/2026:20:49:30 +0300] "GET /darmowe-bonusy-za-rejestracje-w-online-casinos-10-deposit-rodzimych-kasynach-online-2025/ HTTP/1.1" 200 75432 "-" "Mozilla/5.0 (Windows NT 10.0; Win64; x64) AppleWebKit/537.36 (KHTML, like Gecko) Chrome/124.0.0.0 Safari/537.36"
62.12.118.35 - - [22/Apr/2026:20:49:43 +0300] "POST /xmlrpc.php HTTP/1.1" 200 630 "-" "Mozilla/5.0 (Windows NT 10.0; Win64; x64) AppleWebKit/537.36 (KHTML, like Gecko) Chrome/114.0.0.0 Safari/537.36"
140.174.179.8 - - [22/Apr/2026:20:49:42 +0300] "POST /xmlrpc.php HTTP/1.1" 200 13253 "-" "Mozilla/5.0 (Windows NT 10.0; Win64; x64) AppleWebKit/537.36 (KHTML, like Gecko) Chrome/114.0.0.0 Safari/537.36"
193.194.106.44 - - [22/Apr/2026:20:49:54 +0300] "GET /robots.txt HTTP/1.1" 200 735 "-" "Mozilla/5.0 (Linux; Android 6.0.1; Nexus 5X Build/MMB29P) AppleWebKit/537.36 (KHTML, like Gecko) Chrome/139.0.7258.156 Mobile Safari/537.36 (compatible; Googlebot/2.1; +http://www.google.com/bot.html)"
85.208.96.206 - - [22/Apr/2026:20:49:56 +0300] "GET /million-las-vegas-comment-20-put-rating-a-2-hundred-added-bonus-up-to-dos100000/ HTTP/1.1" 200 21115 "-" "Mozilla/5.0 (compatible; SemrushBot/7~bl; +http://www.semrush.com/bot.html)"
62.12.118.35 - - [22/Apr/2026:20:50:14 +0300] "POST /xmlrpc.php HTTP/1.1" 200 13759 "-" "Mozilla/5.0 (Windows NT 10.0; Win64; x64) AppleWebKit/537.36 (KHTML, like Gecko) Chrome/114.0.0.0 Safari/537.36"
193.194.106.44 - - [22/Apr/2026:20:50:14 +0300] "GET /play-slots-online-for-free/ HTTP/1.1" 200 20459 "-" "Mozilla/5.0 (Linux; Android 6.0.1; Nexus 5X Build/MMB29P) AppleWebKit/537.36 (KHTML, like Gecko) Chrome/139.0.7258.156 Mobile Safari/537.36 (compatible; Googlebot/2.1; +http://www.google.com/bot.html)"
140.174.179.8 - - [22/Apr/2026:20:50:12 +0300] "GET /blackjack-earliest-method-make-best-decisions-inside-the-blackjack/ HTTP/1.1" 200 74201 "-" "Mozilla/5.0 (Windows NT 10.0; Win64; x64) AppleWebKit/537.36 (KHTML, like Gecko) Chrome/122.0.0.0 Safari/537.36"
185.216.113.70 - - [22/Apr/2026:20:50:44 +0300] "POST /wp-cron.php?doing_wp_cron=1776880244.7350540161132812500000 HTTP/1.1" 200 448 "-" "WordPress/6.3.8; https://serhatburke.miroglu.net"
62.12.118.35 - - [22/Apr/2026:20:50:30 +0300] "POST /xmlrpc.php HTTP/1.1" 200 630 "-" "Mozilla/5.0 (Windows NT 10.0; Win64; x64) AppleWebKit/537.36 (KHTML, like Gecko) Chrome/114.0.0.0 Safari/537.36"
62.12.118.35 - - [22/Apr/2026:20:50:35 +0300] "GET /kasyno-gra-na-pieniadze-mega-hamster-paysafecard/ HTTP/1.1" 200 74616 "-" "Mozilla/5.0 (Windows NT 10.0; rv:125.0) Gecko/20100101 Firefox/125.0"
185.244.183.170 - - [22/Apr/2026:20:50:40 +0300] "POST /xmlrpc.php HTTP/1.1" 200 153547 "-" "Mozilla/5.0 (X11; Linux x86_64) AppleWebKit/537.36 (KHTML, like Gecko) Chrome/114.0.0.0 Safari/537.36"
98.98.210.134 - - [22/Apr/2026:20:50:44 +0300] "POST /xmlrpc.php HTTP/1.1" 200 630 "-" "Mozilla/5.0 (Windows NT 10.0; Win64; x64) AppleWebKit/537.36 (KHTML, like Gecko) Chrome/114.0.0.0 Safari/537.36"
103.219.169.227 - - [22/Apr/2026:20:50:48 +0300] "POST /xmlrpc.php HTTP/1.1" 200 630 "-" "Mozilla/5.0 (Windows NT 10.0; Win64; x64) AppleWebKit/537.36 (KHTML, like Gecko) Chrome/114.0.0.0 Safari/537.36"
62.12.118.35 - - [22/Apr/2026:20:50:51 +0300] "POST /xmlrpc.php HTTP/1.1" 200 13763 "-" "Mozilla/5.0 (Windows NT 10.0; Win64; x64) AppleWebKit/537.36 (KHTML, like Gecko) Chrome/114.0.0.0 Safari/537.36"
185.216.113.70 - - [22/Apr/2026:20:51:46 +0300] "POST /wp-cron.php?doing_wp_cron=1776880306.7508320808410644531250 HTTP/1.1" 200 448 "-" "WordPress/6.3.8; https://serhatburke.miroglu.net"
37.27.228.124 - - [22/Apr/2026:20:51:03 +0300] "GET /onlajn-kazino-na-realnye-dengi-s-podrobnym-30/ HTTP/1.1" 200 28370 "-" "Screaming Frog SEO Spider/19.8"
185.216.113.70 - - [22/Apr/2026:20:51:55 +0300] "POST /wp-cron.php?doing_wp_cron=1776880315.5396978855133056640625 HTTP/1.1" 200 448 "-" "WordPress/6.3.8; https://serhatburke.miroglu.net"
185.216.113.70 - - [22/Apr/2026:20:51:55 +0300] "POST /wp-cron.php?doing_wp_cron=1776880315.5623159408569335937500 HTTP/1.1" 200 448 "-" "WordPress/6.3.8; https://serhatburke.miroglu.net"
185.244.183.170 - - [22/Apr/2026:20:51:08 +0300] "POST /xmlrpc.php HTTP/1.1" 200 725 "-" "Mozilla/5.0 (X11; Linux x86_64) AppleWebKit/537.36 (KHTML, like Gecko) Chrome/114.0.0.0 Safari/537.36"
98.98.9.30 - - [22/Apr/2026:20:51:10 +0300] "POST /xmlrpc.php HTTP/1.1" 200 630 "-" "Mozilla/5.0 (Windows NT 10.0; Win64; x64) AppleWebKit/537.36 (KHTML, like Gecko) Chrome/114.0.0.0 Safari/537.36"
185.216.113.70 - - [22/Apr/2026:20:52:03 +0300] "POST /wp-cron.php?doing_wp_cron=1776880323.3414731025695800781250 HTTP/1.1" 200 448 "-" "WordPress/6.3.8; https://serhatburke.miroglu.net"
62.12.118.35 - - [22/Apr/2026:20:51:18 +0300] "POST /xmlrpc.php HTTP/1.1" 200 630 "-" "Mozilla/5.0 (Windows NT 10.0; Win64; x64) AppleWebKit/537.36 (KHTML, like Gecko) Chrome/114.0.0.0 Safari/537.36"
185.216.113.70 - - [22/Apr/2026:20:52:12 +0300] "POST /wp-cron.php?doing_wp_cron=1776880331.9411730766296386718750 HTTP/1.1" 200 448 "-" "WordPress/6.3.8; https://serhatburke.miroglu.net"
98.98.210.134 - - [22/Apr/2026:20:51:26 +0300] "POST /xmlrpc.php HTTP/1.1" 200 10547 "-" "Mozilla/5.0 (Windows NT 10.0; Win64; x64) AppleWebKit/537.36 (KHTML, like Gecko) Chrome/114.0.0.0 Safari/537.36"
185.216.113.70 - - [22/Apr/2026:20:52:22 +0300] "POST /wp-cron.php?doing_wp_cron=1776880342.8375070095062255859375 HTTP/1.1" 200 448 "-" "WordPress/6.3.8; https://serhatburke.miroglu.net"
185.216.113.70 - - [22/Apr/2026:20:52:26 +0300] "POST /wp-cron.php?doing_wp_cron=1776880346.6672151088714599609375 HTTP/1.1" 200 448 "-" "WordPress/6.3.8; https://serhatburke.miroglu.net"
103.219.169.227 - - [22/Apr/2026:20:51:32 +0300] "POST /xmlrpc.php HTTP/1.1" 200 12098 "-" "Mozilla/5.0 (Windows NT 10.0; Win64; x64) AppleWebKit/537.36 (KHTML, like Gecko) Chrome/114.0.0.0 Safari/537.36"
62.12.118.35 - - [22/Apr/2026:20:51:31 +0300] "GET /bezplatne-hazard-automaty-hot-spot-spojrz-na-te-strone-internetowa-bezplatne-gry-hotspot/ HTTP/1.1" 200 76201 "-" "Mozilla/5.0 (Windows NT 10.0; rv:109.0) Gecko/20100101 Firefox/115.0"
185.244.183.170 - - [22/Apr/2026:20:52:02 +0300] "POST /xmlrpc.php HTTP/1.1" 200 0 "-" "Mozilla/5.0 (X11; Linux x86_64) AppleWebKit/537.36 (KHTML, like Gecko) Chrome/114.0.0.0 Safari/537.36"
