185.216.113.70 - - [22/Apr/2026:10:42:44 +0300] "POST /wp-cron.php?doing_wp_cron=1776843764.6417911052703857421875 HTTP/1.1" 200 448 "-" "WordPress/6.3.8; https://serhatburke.miroglu.net"
207.46.13.127 - - [22/Apr/2026:10:42:23 +0300] "GET /elevate-your-trading-with-raydium-s-optimized-solutions/ HTTP/2" 200 17394 "-" "Mozilla/5.0 AppleWebKit/537.36 (KHTML, like Gecko; compatible; bingbot/2.0; +http://www.bing.com/bingbot.htm) Chrome/116.0.1938.76 Safari/537.36"
40.77.167.241 - - [22/Apr/2026:10:42:26 +0300] "GET /ontdek-jou-zoete-pharaons-gold-ontvang-crysta-forest-werkelijk-poen-meertje-inlichting-iii-80-ervoor-spins-soelaas/ HTTP/2" 200 20111 "-" "Mozilla/5.0 AppleWebKit/537.36 (KHTML, like Gecko; compatible; bingbot/2.0; +http://www.bing.com/bingbot.htm) Chrome/116.0.1938.76 Safari/537.36"
40.77.167.74 - - [22/Apr/2026:10:42:27 +0300] "GET /greatest-10-put-incentives-in-the-uk-ten-deposit-gambling-enterprises/ HTTP/2" 200 18859 "-" "Mozilla/5.0 AppleWebKit/537.36 (KHTML, like Gecko; compatible; bingbot/2.0; +http://www.bing.com/bingbot.htm) Chrome/116.0.1938.76 Safari/537.36"
40.77.167.241 - - [22/Apr/2026:10:42:36 +0300] "GET /enhance-your-trading-skills-with-raydium-solutions/ HTTP/2" 200 17073 "-" "Mozilla/5.0 AppleWebKit/537.36 (KHTML, like Gecko; compatible; bingbot/2.0; +http://www.bing.com/bingbot.htm) Chrome/116.0.1938.76 Safari/537.36"
128.1.218.166 - - [22/Apr/2026:10:42:37 +0300] "POST /xmlrpc.php HTTP/1.1" 200 630 "-" "Mozilla/5.0 (Windows NT 10.0; Win64; x64) AppleWebKit/537.36 (KHTML, like Gecko) Chrome/114.0.0.0 Safari/537.36"
128.1.218.166 - - [22/Apr/2026:10:43:08 +0300] "POST /xmlrpc.php HTTP/1.1" 200 11196 "-" "Mozilla/5.0 (Windows NT 10.0; Win64; x64) AppleWebKit/537.36 (KHTML, like Gecko) Chrome/114.0.0.0 Safari/537.36"
128.1.218.166 - - [22/Apr/2026:10:43:23 +0300] "GET /within-casino-book-of-ra-el-toro-warten-15-gratisrunden-unter-dich/ HTTP/1.1" 200 72906 "-" "Mozilla/5.0 (Windows NT 10.0; Win64; x64) AppleWebKit/537.36 (KHTML, like Gecko) Chrome/123.0.0.0 Safari/537.36 OPR/109.0.0.0"
185.216.113.70 - - [22/Apr/2026:10:45:04 +0300] "POST /wp-cron.php?doing_wp_cron=1776843904.4327600002288818359375 HTTP/1.1" 200 448 "-" "WordPress/6.3.8; https://serhatburke.miroglu.net"
31.155.100.228 - - [22/Apr/2026:10:44:51 +0300] "POST /xmlrpc.php HTTP/2" 200 141 "-" "WordPress/XMLRPC Client"
31.155.100.228 - - [22/Apr/2026:10:45:04 +0300] "GET /?p=126865 HTTP/2" 301 0 "-" "Mozilla/5.0 (Windows NT 10.0; Win64; x64) AppleWebKit/537.36 (KHTML, like Gecko) Chrome/120.0.0.0 Safari/537.36"
185.216.113.70 - - [22/Apr/2026:10:45:47 +0300] "POST /wp-cron.php?doing_wp_cron=1776843946.9567561149597167968750 HTTP/1.1" 200 448 "-" "WordPress/6.3.8; https://serhatburke.miroglu.net"
207.46.13.127 - - [22/Apr/2026:10:45:32 +0300] "GET /kraken-bezopasnye-vkhody-i-aktual-nye-ssylki-v-2026/ HTTP/2" 200 18017 "-" "Mozilla/5.0 AppleWebKit/537.36 (KHTML, like Gecko; compatible; bingbot/2.0; +http://www.bing.com/bingbot.htm) Chrome/116.0.1938.76 Safari/537.36"
50.3.167.95 - - [22/Apr/2026:10:45:26 +0300] "GET /beste-casino-site-belgie-hoge-inzet/ HTTP/1.1" 200 18576 "-" "Mozilla/5.0 (Windows NT 10.0; Win64; x64; rv:114.0) Gecko/20100101 Firefox/114.0"
40.77.167.241 - - [22/Apr/2026:10:45:37 +0300] "GET /titanic-position-remark-2026-play-lightning-link-facebook-posts-totally-free-demo/ HTTP/2" 200 17847 "-" "Mozilla/5.0 AppleWebKit/537.36 (KHTML, like Gecko; compatible; bingbot/2.0; +http://www.bing.com/bingbot.htm) Chrome/116.0.1938.76 Safari/537.36"
40.77.167.241 - - [22/Apr/2026:10:45:41 +0300] "GET /multiple-savannah-king-mobile-diamond-position-comment-igt-enjoy-free-trial/ HTTP/2" 200 17671 "-" "Mozilla/5.0 AppleWebKit/537.36 (KHTML, like Gecko; compatible; bingbot/2.0; +http://www.bing.com/bingbot.htm) Chrome/116.0.1938.76 Safari/537.36"
40.77.167.241 - - [22/Apr/2026:10:46:06 +0300] "GET /starke-kriterien-fur-jedes-sichere-verbunden-casinos-im-jahr-2026/ HTTP/2" 200 20477 "-" "Mozilla/5.0 AppleWebKit/537.36 (KHTML, like Gecko; compatible; bingbot/2.0; +http://www.bing.com/bingbot.htm) Chrome/116.0.1938.76 Safari/537.36"
165.73.240.122 - - [22/Apr/2026:10:46:23 +0300] "POST /xmlrpc.php HTTP/1.1" 200 630 "-" "Mozilla/5.0 (Windows NT 10.0; Win64; x64) AppleWebKit/537.36 (KHTML, like Gecko) Chrome/114.0.0.0 Safari/537.36"
185.216.113.70 - - [22/Apr/2026:10:46:40 +0300] "POST /wp-cron.php?doing_wp_cron=1776843999.9838929176330566406250 HTTP/1.1" 200 448 "-" "WordPress/6.3.8; https://serhatburke.miroglu.net"
40.77.167.241 - - [22/Apr/2026:10:46:27 +0300] "GET /60-rotiri-gratuite-fara-depunere-februarie-slot-pentru-cazino-300-shields-2026/ HTTP/2" 200 19297 "-" "Mozilla/5.0 AppleWebKit/537.36 (KHTML, like Gecko; compatible; bingbot/2.0; +http://www.bing.com/bingbot.htm) Chrome/116.0.1938.76 Safari/537.36"
165.73.240.122 - - [22/Apr/2026:10:46:43 +0300] "POST /xmlrpc.php HTTP/1.1" 200 16661 "-" "Mozilla/5.0 (Windows NT 10.0; Win64; x64) AppleWebKit/537.36 (KHTML, like Gecko) Chrome/114.0.0.0 Safari/537.36"
40.77.167.241 - - [22/Apr/2026:10:46:47 +0300] "GET /kraken-bezopasnoe-podkliuchenie-k-darknetu-2026-2/ HTTP/2" 200 17782 "-" "Mozilla/5.0 AppleWebKit/537.36 (KHTML, like Gecko; compatible; bingbot/2.0; +http://www.bing.com/bingbot.htm) Chrome/116.0.1938.76 Safari/537.36"
165.73.240.122 - - [22/Apr/2026:10:47:00 +0300] "GET /jackpot-roll-salle-casino-en-ligne-sans-depot-unlimluck-de-jeu-canada-revue-bonus-et-caracteres-privilege-2026/ HTTP/1.1" 200 79315 "-" "Mozilla/5.0 (Windows NT 10.0; Win64; x64) AppleWebKit/537.36 (KHTML, like Gecko) Chrome/123.0.0.0 Safari/537.36"
185.216.113.70 - - [22/Apr/2026:10:48:12 +0300] "POST /wp-cron.php?doing_wp_cron=1776844091.8949840068817138671875 HTTP/1.1" 200 448 "-" "WordPress/6.3.8; https://serhatburke.miroglu.net"
84.51.77.14 - - [22/Apr/2026:10:47:59 +0300] "POST /xmlrpc.php HTTP/2" 200 141 "-" "WordPress/XMLRPC Client"
84.51.77.14 - - [22/Apr/2026:10:48:12 +0300] "GET /?p=126869 HTTP/2" 301 0 "-" "Mozilla/5.0 (Windows NT 10.0; Win64; x64) AppleWebKit/537.36 (KHTML, like Gecko) Chrome/120.0.0.0 Safari/537.36"
185.216.113.70 - - [22/Apr/2026:10:49:33 +0300] "POST /wp-cron.php?doing_wp_cron=1776844173.0586400032043457031250 HTTP/1.1" 200 448 "-" "WordPress/6.3.8; https://serhatburke.miroglu.net"
40.77.167.241 - - [22/Apr/2026:10:49:19 +0300] "GET /50-naplno-bezplatni-zavrtaniya-bez-depozit-bonus-v-nay-dobrite-onlayn-kazina-za-da-spechelite-2026/ HTTP/2" 200 18661 "-" "Mozilla/5.0 AppleWebKit/537.36 (KHTML, like Gecko; compatible; bingbot/2.0; +http://www.bing.com/bingbot.htm) Chrome/116.0.1938.76 Safari/537.36"
207.46.13.127 - - [22/Apr/2026:10:49:24 +0300] "GET /ramses-ii-slot-movies-choy-sunshine-doa-step-one-put-video-game-for-free-mercantile-workplace-systems-pvt-ltd/ HTTP/2" 200 18709 "-" "Mozilla/5.0 AppleWebKit/537.36 (KHTML, like Gecko; compatible; bingbot/2.0; +http://www.bing.com/bingbot.htm) Chrome/116.0.1938.76 Safari/537.36"
52.167.144.193 - - [22/Apr/2026:10:49:28 +0300] "GET /discovering-tronscan-the-next-level-of-blockchain-analysis/ HTTP/2" 200 16920 "-" "Mozilla/5.0 AppleWebKit/537.36 (KHTML, like Gecko; compatible; bingbot/2.0; +http://www.bing.com/bingbot.htm) Chrome/116.0.1938.76 Safari/537.36"
52.167.144.193 - - [22/Apr/2026:10:49:55 +0300] "GET /bucks-application-casinos-best-bucks-application-gaming-web-sites-within-the-2026/ HTTP/2" 200 19185 "-" "Mozilla/5.0 AppleWebKit/537.36 (KHTML, like Gecko; compatible; bingbot/2.0; +http://www.bing.com/bingbot.htm) Chrome/116.0.1938.76 Safari/537.36"
128.1.218.166 - - [22/Apr/2026:10:50:07 +0300] "POST /xmlrpc.php HTTP/1.1" 200 630 "-" "Mozilla/5.0 (Windows NT 10.0; Win64; x64) AppleWebKit/537.36 (KHTML, like Gecko) Chrome/114.0.0.0 Safari/537.36"
52.167.144.193 - - [22/Apr/2026:10:50:16 +0300] "GET /netbet-bonus-fara-plata-pana-in-1000-rotiri-gratuit-o-speciala-s-acest-formular-de-contact-100-lei/ HTTP/2" 200 19390 "-" "Mozilla/5.0 AppleWebKit/537.36 (KHTML, like Gecko; compatible; bingbot/2.0; +http://www.bing.com/bingbot.htm) Chrome/116.0.1938.76 Safari/537.36"
185.216.113.70 - - [22/Apr/2026:10:50:36 +0300] "POST /wp-cron.php?doing_wp_cron=1776844234.9269359111785888671875 HTTP/1.1" 200 448 "-" "WordPress/6.3.8; https://serhatburke.miroglu.net"
115.133.214.9 - - [22/Apr/2026:10:50:20 +0300] "POST /xmlrpc.php HTTP/2" 200 141 "-" "WordPress/XMLRPC Client"
128.1.218.166 - - [22/Apr/2026:10:50:26 +0300] "POST /xmlrpc.php HTTP/1.1" 200 11234 "-" "Mozilla/5.0 (Windows NT 10.0; Win64; x64) AppleWebKit/537.36 (KHTML, like Gecko) Chrome/114.0.0.0 Safari/537.36"
52.167.144.193 - - [22/Apr/2026:10:50:34 +0300] "GET /howling-money-fuel-merge-rtp-limit-profits-and-you-will-volatility/ HTTP/2" 200 16780 "-" "Mozilla/5.0 AppleWebKit/537.36 (KHTML, like Gecko; compatible; bingbot/2.0; +http://www.bing.com/bingbot.htm) Chrome/116.0.1938.76 Safari/537.36"
115.133.214.9 - - [22/Apr/2026:10:50:38 +0300] "GET /?p=126873 HTTP/2" 301 0 "-" "Mozilla/5.0 (Windows NT 10.0; Win64; x64) AppleWebKit/537.36 (KHTML, like Gecko) Chrome/120.0.0.0 Safari/537.36"
128.1.218.166 - - [22/Apr/2026:10:50:44 +0300] "GET /eye-anatomy-retro-reels-spielautomat-muscles-arteries-nerves-and-lacrimal-gland/ HTTP/1.1" 200 72941 "-" "Mozilla/5.0 (Windows NT 10.0; Win64; x64) AppleWebKit/537.36 (KHTML, like Gecko) Chrome/123.0.0.0 Safari/537.36 OPR/109.0.0.0"
98.98.33.4 - - [22/Apr/2026:10:50:48 +0300] "POST /xmlrpc.php HTTP/1.1" 200 630 "-" "Mozilla/5.0 (Windows NT 10.0; Win64; x64) AppleWebKit/537.36 (KHTML, like Gecko) Chrome/114.0.0.0 Safari/537.36"
98.98.33.4 - - [22/Apr/2026:10:51:17 +0300] "POST /xmlrpc.php HTTP/1.1" 200 14746 "-" "Mozilla/5.0 (Windows NT 10.0; Win64; x64) AppleWebKit/537.36 (KHTML, like Gecko) Chrome/114.0.0.0 Safari/537.36"
185.216.113.70 - - [22/Apr/2026:10:51:43 +0300] "POST /wp-cron.php?doing_wp_cron=1776844303.0197410583496093750000 HTTP/1.1" 200 448 "-" "WordPress/6.3.8; https://serhatburke.miroglu.net"
98.98.33.4 - - [22/Apr/2026:10:51:30 +0300] "GET /lvbet-local-casino-c5555-555-fs-20-cashback-as-much-as-c100/ HTTP/1.1" 200 75627 "-" "Mozilla/5.0 (Windows NT 10.0; Win64; x64; rv:124.0) Gecko/20100101 Firefox/124.0"
185.216.113.70 - - [22/Apr/2026:10:51:52 +0300] "POST /wp-cron.php?doing_wp_cron=1776844312.1004889011383056640625 HTTP/1.1" 200 448 "-" "WordPress/6.3.8; https://serhatburke.miroglu.net"
66.249.73.1 - - [22/Apr/2026:10:51:39 +0300] "GET /upptack-sveriges-basta-casinon-och-din-nya-5/ HTTP/1.1" 200 174964 "-" "Mozilla/5.0 (Linux; Android 6.0.1; Nexus 5X Build/MMB29P) AppleWebKit/537.36 (KHTML, like Gecko) Chrome/146.0.7680.177 Mobile Safari/537.36 (compatible; Googlebot/2.1; +http://www.google.com/bot.html)"
66.249.73.14 - - [22/Apr/2026:10:52:33 +0300] "GET /upptack-sveriges-basta-casinon-och-din-nya-5/undefined?ts=1775520000 HTTP/1.1" 200 0 "https://serhatburke.miroglu.net/upptack-sveriges-basta-casinon-och-din-nya-5/" "Mozilla/5.0 (Linux; Android 6.0.1; Nexus 5X Build/MMB29P) AppleWebKit/537.36 (KHTML, like Gecko) Chrome/146.0.7680.177 Mobile Safari/537.36 (compatible; Googlebot/2.1; +http://www.google.com/bot.html)"
185.216.113.70 - - [22/Apr/2026:10:53:24 +0300] "POST /wp-cron.php?doing_wp_cron=1776844404.1540739536285400390625 HTTP/1.1" 200 448 "-" "WordPress/6.3.8; https://serhatburke.miroglu.net"
66.249.73.15 - - [22/Apr/2026:10:53:11 +0300] "GET /upptack-sveriges-basta-casinon-och-din-nya-5/ HTTP/1.1" 200 174962 "-" "Mozilla/5.0 (Linux; Android 6.0.1; Nexus 5X Build/MMB29P) AppleWebKit/537.36 (KHTML, like Gecko) Chrome/146.0.7680.177 Mobile Safari/537.36 (compatible; Googlebot/2.1; +http://www.google.com/bot.html)"
52.167.144.193 - - [22/Apr/2026:10:53:26 +0300] "GET /tous-les-salle-de-jeu-un-brin-sans-aucun-se-deroulent-aises-avec-les-exonerations-amoureuses-de-pourboire-i%EF%BF%BD-lensemble-des-competiteurs/ HTTP/2" 200 17307 "-" "Mozilla/5.0 AppleWebKit/537.36 (KHTML, like Gecko; compatible; bingbot/2.0; +http://www.bing.com/bingbot.htm) Chrome/116.0.1938.76 Safari/537.36"
40.77.167.1 - - [22/Apr/2026:10:53:30 +0300] "GET /better-crypto-faucets-2025-totally-free-thunderstruck-dos-step-one-play-regal-mobile-login-deposit-bitcoin-and-casino-chips/ HTTP/2" 200 17908 "-" "Mozilla/5.0 AppleWebKit/537.36 (KHTML, like Gecko; compatible; bingbot/2.0; +http://www.bing.com/bingbot.htm) Chrome/116.0.1938.76 Safari/537.36"
40.77.167.1 - - [22/Apr/2026:10:53:57 +0300] "GET /unser-besten-online-mobile-casinos/ HTTP/2" 200 20062 "-" "Mozilla/5.0 AppleWebKit/537.36 (KHTML, like Gecko; compatible; bingbot/2.0; +http://www.bing.com/bingbot.htm) Chrome/116.0.1938.76 Safari/537.36"
66.249.73.14 - - [22/Apr/2026:10:54:09 +0300] "GET /upptack-sveriges-basta-casinon-och-din-nya-5/undefined?ts=1775520000 HTTP/1.1" 200 0 "https://serhatburke.miroglu.net/upptack-sveriges-basta-casinon-och-din-nya-5/" "Mozilla/5.0 (Linux; Android 6.0.1; Nexus 5X Build/MMB29P) AppleWebKit/537.36 (KHTML, like Gecko) Chrome/146.0.7680.177 Mobile Safari/537.36 (compatible; Googlebot/2.1; +http://www.google.com/bot.html)"
185.216.113.70 - - [22/Apr/2026:10:55:14 +0300] "POST /wp-cron.php?doing_wp_cron=1776844514.3592720031738281250000 HTTP/1.1" 200 448 "-" "WordPress/6.3.8; https://serhatburke.miroglu.net"
98.98.33.4 - - [22/Apr/2026:10:54:59 +0300] "POST /xmlrpc.php HTTP/1.1" 200 630 "-" "Mozilla/5.0 (Windows NT 10.0; Win64; x64) AppleWebKit/537.36 (KHTML, like Gecko) Chrome/114.0.0.0 Safari/537.36"
98.98.33.4 - - [22/Apr/2026:10:55:20 +0300] "POST /xmlrpc.php HTTP/1.1" 200 14575 "-" "Mozilla/5.0 (Windows NT 10.0; Win64; x64) AppleWebKit/537.36 (KHTML, like Gecko) Chrome/114.0.0.0 Safari/537.36"
185.216.113.70 - - [22/Apr/2026:10:55:46 +0300] "POST /wp-cron.php?doing_wp_cron=1776844546.2607419490814208984375 HTTP/1.1" 200 448 "-" "WordPress/6.3.8; https://serhatburke.miroglu.net"
98.98.33.4 - - [22/Apr/2026:10:55:34 +0300] "GET /the-center-of-the-sites/ HTTP/1.1" 200 74302 "-" "Mozilla/5.0 (Windows NT 10.0; rv:125.0) Gecko/20100101 Firefox/125.0"
170.245.144.107 - - [22/Apr/2026:10:56:09 +0300] "POST /xmlrpc.php HTTP/2" 200 141 "-" "WordPress/XMLRPC Client"
185.216.113.70 - - [22/Apr/2026:10:56:38 +0300] "POST /wp-cron.php?doing_wp_cron=1776844598.0536139011383056640625 HTTP/1.1" 200 448 "-" "WordPress/6.3.8; https://serhatburke.miroglu.net"
170.245.144.107 - - [22/Apr/2026:10:56:23 +0300] "GET /?p=126879 HTTP/2" 301 0 "-" "Mozilla/5.0 (Windows NT 10.0; Win64; x64) AppleWebKit/537.36 (KHTML, like Gecko) Chrome/120.0.0.0 Safari/537.36"
185.216.113.70 - - [22/Apr/2026:10:57:49 +0300] "POST /wp-cron.php?doing_wp_cron=1776844669.2412691116333007812500 HTTP/1.1" 200 448 "-" "WordPress/6.3.8; https://serhatburke.miroglu.net"
98.98.9.39 - - [22/Apr/2026:10:57:32 +0300] "POST /xmlrpc.php HTTP/1.1" 200 630 "-" "Mozilla/5.0 (Windows NT 10.0; Win64; x64) AppleWebKit/537.36 (KHTML, like Gecko) Chrome/114.0.0.0 Safari/537.36"
98.98.9.39 - - [22/Apr/2026:10:57:57 +0300] "POST /xmlrpc.php HTTP/1.1" 200 11751 "-" "Mozilla/5.0 (Windows NT 10.0; Win64; x64) AppleWebKit/537.36 (KHTML, like Gecko) Chrome/114.0.0.0 Safari/537.36"
165.73.240.122 - - [22/Apr/2026:10:58:09 +0300] "POST /xmlrpc.php HTTP/1.1" 200 630 "-" "Mozilla/5.0 (Windows NT 10.0; Win64; x64) AppleWebKit/537.36 (KHTML, like Gecko) Chrome/114.0.0.0 Safari/537.36"
98.98.9.39 - - [22/Apr/2026:10:58:15 +0300] "GET /eleven-greatest-spinning-reels-smart-mobile-casino-games-slots-live-below-100/ HTTP/1.1" 200 73245 "-" "Mozilla/5.0 (Windows NT 10.0; Win64; x64) AppleWebKit/537.36 (KHTML, like Gecko) Chrome/122.0.0.0 Safari/537.36"
34.116.28.33 - - [22/Apr/2026:10:58:15 +0300] "GET /pogruzhenie-v-mir-bystryh-igr-jetton-games-jetton/ HTTP/1.1" 200 18922 "-" "Mozilla/5.0 (compatible; Google-Apps-Script; beanserver; +https://script.google.com; id: UAEmdDd_w0O9VrNXUtN3dpWLxGhCUbrq1cYg)"
185.216.113.70 - - [22/Apr/2026:10:58:51 +0300] "POST /wp-cron.php?doing_wp_cron=1776844731.8434729576110839843750 HTTP/1.1" 200 448 "-" "WordPress/6.3.8; https://serhatburke.miroglu.net"
165.73.240.122 - - [22/Apr/2026:10:58:31 +0300] "POST /xmlrpc.php HTTP/1.1" 200 16790 "-" "Mozilla/5.0 (Windows NT 10.0; Win64; x64) AppleWebKit/537.36 (KHTML, like Gecko) Chrome/114.0.0.0 Safari/537.36"
185.24.61.83 - - [22/Apr/2026:10:58:55 +0300] "POST /xmlrpc.php HTTP/2" 200 141 "-" "WordPress/XMLRPC Client"
165.73.240.122 - - [22/Apr/2026:10:58:54 +0300] "GET /bonus-en-compagnie-de-casino-primebetz-pas-de-casino-de-depot-les-bons-bonus-pour-salle-de-jeu-du-2026/ HTTP/1.1" 200 78901 "-" "Mozilla/5.0 (Windows NT 10.0; rv:125.0) Gecko/20100101 Firefox/125.0"
185.24.61.83 - - [22/Apr/2026:10:59:24 +0300] "GET /?p=126885 HTTP/2" 301 0 "-" "Mozilla/5.0 (Windows NT 10.0; Win64; x64) AppleWebKit/537.36 (KHTML, like Gecko) Chrome/120.0.0.0 Safari/537.36"
185.216.113.70 - - [22/Apr/2026:10:59:51 +0300] "POST /wp-cron.php?doing_wp_cron=1776844790.0174949169158935546875 HTTP/1.1" 200 448 "-" "WordPress/6.3.8; https://serhatburke.miroglu.net"
98.98.33.4 - - [22/Apr/2026:10:59:36 +0300] "POST /xmlrpc.php HTTP/1.1" 200 630 "-" "Mozilla/5.0 (Windows NT 10.0; Win64; x64) AppleWebKit/537.36 (KHTML, like Gecko) Chrome/114.0.0.0 Safari/537.36"
98.98.33.4 - - [22/Apr/2026:10:59:58 +0300] "POST /xmlrpc.php HTTP/1.1" 200 13779 "-" "Mozilla/5.0 (Windows NT 10.0; Win64; x64) AppleWebKit/537.36 (KHTML, like Gecko) Chrome/114.0.0.0 Safari/537.36"
98.98.33.4 - - [22/Apr/2026:11:00:18 +0300] "GET /super-joker-position-totally-free-instant-enjoy-game/ HTTP/1.1" 200 74376 "-" "Mozilla/5.0 (Windows NT 10.0; Win64; x64) AppleWebKit/537.36 (KHTML, like Gecko) Chrome/123.0.0.0 Safari/537.36"
185.216.113.70 - - [22/Apr/2026:11:02:03 +0300] "POST /wp-cron.php?doing_wp_cron=1776844923.7539370059967041015625 HTTP/1.1" 200 448 "-" "WordPress/6.3.8; https://serhatburke.miroglu.net"
207.46.13.127 - - [22/Apr/2026:11:01:45 +0300] "GET /kraken-aktual-nye-ssylki-i-bezopasnye-metody-dostupa-2026-2/ HTTP/2" 200 18046 "-" "Mozilla/5.0 AppleWebKit/537.36 (KHTML, like Gecko; compatible; bingbot/2.0; +http://www.bing.com/bingbot.htm) Chrome/116.0.1938.76 Safari/537.36"
40.77.167.1 - - [22/Apr/2026:11:01:48 +0300] "GET /eigenlijk-strafbaar-casinos-uitgelezene-casinos-voor-poen-wegens-2026/ HTTP/2" 200 19171 "-" "Mozilla/5.0 AppleWebKit/537.36 (KHTML, like Gecko; compatible; bingbot/2.0; +http://www.bing.com/bingbot.htm) Chrome/116.0.1938.76 Safari/537.36"
40.77.167.18 - - [22/Apr/2026:11:01:49 +0300] "GET /verificati-contul-si-setati-limite-de-depunere-si-pierdere-inainte-de-a-efectua-o-depunere/ HTTP/2" 200 17176 "-" "Mozilla/5.0 AppleWebKit/537.36 (KHTML, like Gecko; compatible; bingbot/2.0; +http://www.bing.com/bingbot.htm) Chrome/116.0.1938.76 Safari/537.36"
207.46.13.127 - - [22/Apr/2026:11:02:13 +0300] "GET /eye-of-horus-gratis-erreichbar-um-echtgeld-zum-zusatzliche-informationen-besten-geben-2026/ HTTP/2" 200 19191 "-" "Mozilla/5.0 AppleWebKit/537.36 (KHTML, like Gecko; compatible; bingbot/2.0; +http://www.bing.com/bingbot.htm) Chrome/116.0.1938.76 Safari/537.36"
40.77.167.18 - - [22/Apr/2026:11:02:16 +0300] "GET /unlock-the-full-potential-of-the-atomic-wallet-today/ HTTP/2" 200 17711 "-" "Mozilla/5.0 AppleWebKit/537.36 (KHTML, like Gecko; compatible; bingbot/2.0; +http://www.bing.com/bingbot.htm) Chrome/116.0.1938.76 Safari/537.36"
40.77.167.18 - - [22/Apr/2026:11:02:17 +0300] "GET /8-echtgeld-casinos-inoffizieller-mitarbeiter-untersuchung-2026-auf-jeden-fall-einzahlen-das-rennen-machen/ HTTP/2" 200 19941 "-" "Mozilla/5.0 AppleWebKit/537.36 (KHTML, like Gecko; compatible; bingbot/2.0; +http://www.bing.com/bingbot.htm) Chrome/116.0.1938.76 Safari/537.36"
185.216.113.70 - - [22/Apr/2026:11:02:49 +0300] "POST /wp-cron.php?doing_wp_cron=1776844969.1172668933868408203125 HTTP/1.1" 200 448 "-" "WordPress/6.3.8; https://serhatburke.miroglu.net"
207.46.13.154 - - [22/Apr/2026:11:02:35 +0300] "GET /h1-discovering-the-power-of-tronscan-for-crypto-investors-h1/ HTTP/2" 200 17110 "-" "Mozilla/5.0 AppleWebKit/537.36 (KHTML, like Gecko; compatible; bingbot/2.0; +http://www.bing.com/bingbot.htm) Chrome/116.0.1938.76 Safari/537.36"
40.77.167.18 - - [22/Apr/2026:11:02:46 +0300] "GET /document-otherwise-look-at-the-casino-lucha-legends-insurance-coverage-allege/ HTTP/2" 200 17604 "-" "Mozilla/5.0 AppleWebKit/537.36 (KHTML, like Gecko; compatible; bingbot/2.0; +http://www.bing.com/bingbot.htm) Chrome/116.0.1938.76 Safari/537.36"
185.216.113.70 - - [22/Apr/2026:11:04:44 +0300] "POST /wp-cron.php?doing_wp_cron=1776845084.5878620147705078125000 HTTP/1.1" 200 448 "-" "WordPress/6.3.8; https://serhatburke.miroglu.net"
98.98.33.4 - - [22/Apr/2026:11:04:30 +0300] "POST /xmlrpc.php HTTP/1.1" 200 630 "-" "Mozilla/5.0 (Windows NT 10.0; Win64; x64) AppleWebKit/537.36 (KHTML, like Gecko) Chrome/114.0.0.0 Safari/537.36"
98.98.33.4 - - [22/Apr/2026:11:04:51 +0300] "POST /xmlrpc.php HTTP/1.1" 200 14854 "-" "Mozilla/5.0 (Windows NT 10.0; Win64; x64) AppleWebKit/537.36 (KHTML, like Gecko) Chrome/114.0.0.0 Safari/537.36"
98.98.33.4 - - [22/Apr/2026:11:05:06 +0300] "GET /enjoy-mega-moolah-100-percent-free-demo-by-the-microgaming-slottoboom/ HTTP/1.1" 200 75844 "-" "Mozilla/5.0 (Windows NT 10.0; Win64; x64) AppleWebKit/537.36 (KHTML, like Gecko) Chrome/123.0.0.0 Safari/537.36 OPR/109.0.0.0"
185.216.113.70 - - [22/Apr/2026:11:07:03 +0300] "POST /wp-cron.php?doing_wp_cron=1776845223.4303500652313232421875 HTTP/1.1" 200 448 "-" "WordPress/6.3.8; https://serhatburke.miroglu.net"
98.98.197.186 - - [22/Apr/2026:11:06:49 +0300] "POST /xmlrpc.php HTTP/1.1" 200 630 "-" "Mozilla/5.0 (Windows NT 10.0; Win64; x64) AppleWebKit/537.36 (KHTML, like Gecko) Chrome/114.0.0.0 Safari/537.36"
128.1.218.166 - - [22/Apr/2026:11:07:08 +0300] "POST /xmlrpc.php HTTP/1.1" 200 630 "-" "Mozilla/5.0 (Windows NT 10.0; Win64; x64) AppleWebKit/537.36 (KHTML, like Gecko) Chrome/114.0.0.0 Safari/537.36"
98.98.197.186 - - [22/Apr/2026:11:07:10 +0300] "POST /xmlrpc.php HTTP/1.1" 200 11893 "-" "Mozilla/5.0 (Windows NT 10.0; Win64; x64) AppleWebKit/537.36 (KHTML, like Gecko) Chrome/114.0.0.0 Safari/537.36"
107.152.46.252 - - [22/Apr/2026:11:07:19 +0300] "GET /beste-casino-site-belgie-hoge-inzet/ HTTP/1.1" 200 18588 "https://serhatburke.miroglu.net/" "Mozilla/5.0 (X11; Ubuntu; Linux i686; rv:114.0) Gecko/20100101 Firefox/114.0"
185.216.113.70 - - [22/Apr/2026:11:07:44 +0300] "POST /wp-cron.php?doing_wp_cron=1776845264.6943800449371337890625 HTTP/1.1" 200 448 "-" "WordPress/6.3.8; https://serhatburke.miroglu.net"
98.98.197.186 - - [22/Apr/2026:11:07:29 +0300] "GET /enjoy-twenty-fiveone-hundred-thousand-of-the-greatest-free-online-ports-in-the-2026/ HTTP/1.1" 200 73523 "-" "Mozilla/5.0 (Windows NT 10.0; Win64; x64; rv:124.0) Gecko/20100101 Firefox/124.0"
128.1.218.166 - - [22/Apr/2026:11:07:33 +0300] "POST /xmlrpc.php HTTP/1.1" 200 11421 "-" "Mozilla/5.0 (Windows NT 10.0; Win64; x64) AppleWebKit/537.36 (KHTML, like Gecko) Chrome/114.0.0.0 Safari/537.36"
107.152.46.252 - - [22/Apr/2026:11:07:38 +0300] "POST /wp-comments-post.php HTTP/1.1" 302 1083 "https://serhatburke.miroglu.net/beste-casino-site-belgie-hoge-inzet/" "Mozilla/5.0 (X11; Ubuntu; Linux i686; rv:114.0) Gecko/20100101 Firefox/114.0"
128.1.218.166 - - [22/Apr/2026:11:07:51 +0300] "GET /eye-bedeutender-querverweis-roaring-forties-slot-keine-einzahlung-of-horus-slot-durchsetzbar-geben/ HTTP/1.1" 200 73818 "-" "Mozilla/5.0 (Windows NT 10.0; Win64; x64) AppleWebKit/537.36 (KHTML, like Gecko) Chrome/123.0.0.0 Safari/537.36"
107.152.46.252 - - [22/Apr/2026:11:07:57 +0300] "GET /beste-casino-site-belgie-hoge-inzet/?unapproved=560&moderation-hash=50152995cc8d2436645b721eda01c3ba HTTP/1.1" 200 19076 "https://serhatburke.miroglu.net/wp-comments-post.php" "Mozilla/5.0 (X11; Ubuntu; Linux i686; rv:114.0) Gecko/20100101 Firefox/114.0"
107.152.46.252 - - [22/Apr/2026:11:08:12 +0300] "GET /beste-casino-site-belgie-hoge-inzet/ HTTP/1.1" 200 18552 "-" "Mozilla/5.0 (X11; Ubuntu; Linux i686; rv:114.0) Gecko/20100101 Firefox/114.0"
66.249.73.14 - - [22/Apr/2026:11:08:19 +0300] "GET /rollinoapp-uk-weekend-bonus-an-in-depth-review/ HTTP/1.1" 200 0 "https://yxmjneo.cyberwave-games.digital/" "Mozilla/5.0 (Linux; Android 6.0.1; Nexus 5X Build/MMB29P) AppleWebKit/537.36 (KHTML, like Gecko) Chrome/146.0.7680.177 Mobile Safari/537.36 (compatible; Googlebot/2.1; +http://www.google.com/bot.html)"
185.216.113.70 - - [22/Apr/2026:11:09:05 +0300] "POST /wp-cron.php?doing_wp_cron=1776845345.8612871170043945312500 HTTP/1.1" 200 448 "-" "WordPress/6.3.8; https://serhatburke.miroglu.net"
98.98.33.4 - - [22/Apr/2026:11:08:53 +0300] "POST /xmlrpc.php HTTP/1.1" 200 630 "-" "Mozilla/5.0 (Windows NT 10.0; Win64; x64) AppleWebKit/537.36 (KHTML, like Gecko) Chrome/114.0.0.0 Safari/537.36"
98.98.33.4 - - [22/Apr/2026:11:09:12 +0300] "POST /xmlrpc.php HTTP/1.1" 200 12529 "-" "Mozilla/5.0 (Windows NT 10.0; Win64; x64) AppleWebKit/537.36 (KHTML, like Gecko) Chrome/114.0.0.0 Safari/537.36"
98.98.33.4 - - [22/Apr/2026:11:09:26 +0300] "GET /super-moolah-progressive-jackpot-greatest-wins-and-the-ways-to-gamble/ HTTP/1.1" 200 73701 "-" "Mozilla/5.0 (Windows NT 10.0; rv:125.0) Gecko/20100101 Firefox/125.0"
185.216.113.70 - - [22/Apr/2026:11:10:22 +0300] "POST /wp-cron.php?doing_wp_cron=1776845422.7478759288787841796875 HTTP/1.1" 200 448 "-" "WordPress/6.3.8; https://serhatburke.miroglu.net"
212.34.148.156 - - [22/Apr/2026:11:10:10 +0300] "GET /zotabet-casino-bonus-premier-depot-2026/ HTTP/1.1" 200 18496 "-" "Mozilla/5.0 (compatible; Googlebot/2.1; +http://www.google.com/bot.html)"
87.106.58.35 - - [22/Apr/2026:11:11:03 +0300] "HEAD /ihr-ultimativer-guide-fur-das-beste-online-casino-2/ HTTP/2" 200 0 "https://www.google.com/" "Mozilla/5.0 (Windows NT 10.0; Win64; x64) AppleWebKit/537.36 (KHTML, like Gecko) Chrome/144.0.0.0 Safari/537.36"
185.216.113.70 - - [22/Apr/2026:11:11:16 +0300] "POST /wp-cron.php?doing_wp_cron=1776845476.0416550636291503906250 HTTP/1.1" 200 448 "-" "WordPress/6.3.8; https://serhatburke.miroglu.net"
107.152.46.252 - - [22/Apr/2026:11:11:02 +0300] "GET /beste-casino-site-belgie-hoge-inzet/ HTTP/1.1" 200 18576 "-" "Mozilla/5.0 (Windows NT 10.0; Win64; x64; rv:114.0) Gecko/20100101 Firefox/114.0"
87.106.58.35 - - [22/Apr/2026:11:11:13 +0300] "GET /ihr-ultimativer-guide-fur-das-beste-online-casino-2/ HTTP/2" 200 0 "https://www.google.com/" "Mozilla/5.0 (Windows NT 10.0; Win64; x64) AppleWebKit/537.36 (KHTML, like Gecko) Chrome/144.0.0.0 Safari/537.36"
66.249.73.14 - - [22/Apr/2026:11:12:52 +0300] "GET /gamblezen-casino-review-for-players-from-the-united-kingdom/undefined?ts=1775520000 HTTP/1.1" 200 0 "https://serhatburke.miroglu.net/gamblezen-casino-review-for-players-from-the-united-kingdom/" "Mozilla/5.0 (Linux; Android 6.0.1; Nexus 5X Build/MMB29P) AppleWebKit/537.36 (KHTML, like Gecko) Chrome/146.0.7680.177 Mobile Safari/537.36 (compatible; Googlebot/2.1; +http://www.google.com/bot.html)"
185.216.113.70 - - [22/Apr/2026:11:13:16 +0300] "POST /wp-cron.php?doing_wp_cron=1776845596.7366099357604980468750 HTTP/1.1" 200 448 "-" "WordPress/6.3.8; https://serhatburke.miroglu.net"
98.98.33.4 - - [22/Apr/2026:11:13:03 +0300] "POST /xmlrpc.php HTTP/1.1" 200 630 "-" "Mozilla/5.0 (Windows NT 10.0; Win64; x64) AppleWebKit/537.36 (KHTML, like Gecko) Chrome/114.0.0.0 Safari/537.36"
165.73.240.122 - - [22/Apr/2026:11:13:14 +0300] "POST /xmlrpc.php HTTP/1.1" 200 630 "-" "Mozilla/5.0 (Windows NT 10.0; Win64; x64) AppleWebKit/537.36 (KHTML, like Gecko) Chrome/114.0.0.0 Safari/537.36"
98.98.33.4 - - [22/Apr/2026:11:13:23 +0300] "POST /xmlrpc.php HTTP/1.1" 200 12521 "-" "Mozilla/5.0 (Windows NT 10.0; Win64; x64) AppleWebKit/537.36 (KHTML, like Gecko) Chrome/114.0.0.0 Safari/537.36"
185.216.113.70 - - [22/Apr/2026:11:13:49 +0300] "POST /wp-cron.php?doing_wp_cron=1776845629.7175340652465820312500 HTTP/1.1" 200 448 "-" "WordPress/6.3.8; https://serhatburke.miroglu.net"
165.73.240.122 - - [22/Apr/2026:11:13:36 +0300] "POST /xmlrpc.php HTTP/1.1" 200 16720 "-" "Mozilla/5.0 (Windows NT 10.0; Win64; x64) AppleWebKit/537.36 (KHTML, like Gecko) Chrome/114.0.0.0 Safari/537.36"
98.98.33.4 - - [22/Apr/2026:11:13:41 +0300] "GET /xmas-harbors-play-100-percent-free-christmas-themed-harbors/ HTTP/1.1" 200 73475 "-" "Mozilla/5.0 (Windows NT 10.0; Win64; x64) AppleWebKit/537.36 (KHTML, like Gecko) Chrome/123.0.0.0 Safari/537.36 OPR/109.0.0.0"
165.73.240.122 - - [22/Apr/2026:11:13:52 +0300] "GET /calcules-gratification-sans-avoir-i-conserve-numero-avec-bits-book-of-ra-deluxe-jackpot-edition-80-tours-gratuits-pourboire-gratis-dans-trajectoire/ HTTP/1.1" 200 80226 "-" "Mozilla/5.0 (Windows NT 10.0; Win64; x64; rv:124.0) Gecko/20100101 Firefox/124.0"
185.216.113.70 - - [22/Apr/2026:11:15:37 +0300] "POST /wp-cron.php?doing_wp_cron=1776845736.8780670166015625000000 HTTP/1.1" 200 448 "-" "WordPress/6.3.8; https://serhatburke.miroglu.net"
98.98.197.186 - - [22/Apr/2026:11:15:21 +0300] "POST /xmlrpc.php HTTP/1.1" 200 630 "-" "Mozilla/5.0 (Windows NT 10.0; Win64; x64) AppleWebKit/537.36 (KHTML, like Gecko) Chrome/114.0.0.0 Safari/537.36"
98.98.197.186 - - [22/Apr/2026:11:15:43 +0300] "POST /xmlrpc.php HTTP/1.1" 200 11886 "-" "Mozilla/5.0 (Windows NT 10.0; Win64; x64) AppleWebKit/537.36 (KHTML, like Gecko) Chrome/114.0.0.0 Safari/537.36"
103.134.219.205 - - [22/Apr/2026:11:15:44 +0300] "POST /xmlrpc.php HTTP/2" 200 141 "-" "WordPress/XMLRPC Client"
40.77.167.26 - - [22/Apr/2026:11:15:58 +0300] "GET /category-sitemap.xml HTTP/2" 200 2579 "-" "Mozilla/5.0 AppleWebKit/537.36 (KHTML, like Gecko; compatible; bingbot/2.0; +http://www.bing.com/bingbot.htm) Chrome/116.0.1938.76 Safari/537.36"
98.98.197.186 - - [22/Apr/2026:11:16:00 +0300] "GET /minimum-deposit-gambling-enterprises-united-kingdom-finest-reduced-share-web-sites-2026/ HTTP/1.1" 200 73364 "-" "Mozilla/5.0 (Windows NT 10.0; Win64; x64) AppleWebKit/537.36 (KHTML, like Gecko) Chrome/124.0.0.0 Safari/537.36 Edg/124.0.0.0"
103.134.219.205 - - [22/Apr/2026:11:16:02 +0300] "GET /?p=126903 HTTP/2" 301 0 "-" "Mozilla/5.0 (Windows NT 10.0; Win64; x64) AppleWebKit/537.36 (KHTML, like Gecko) Chrome/120.0.0.0 Safari/537.36"
185.216.113.70 - - [22/Apr/2026:11:17:11 +0300] "POST /wp-cron.php?doing_wp_cron=1776845831.1618199348449707031250 HTTP/1.1" 200 448 "-" "WordPress/6.3.8; https://serhatburke.miroglu.net"
157.55.39.9 - - [22/Apr/2026:11:16:55 +0300] "GET /parimad-online-slotimangud-parisraha-eest-aastal-2026-10-paremat-kasiino-saiti/ HTTP/2" 200 17831 "-" "Mozilla/5.0 AppleWebKit/537.36 (KHTML, like Gecko; compatible; bingbot/2.0; +http://www.bing.com/bingbot.htm) Chrome/116.0.1938.76 Safari/537.36"
52.167.144.218 - - [22/Apr/2026:11:16:59 +0300] "GET /naughty-aces-local-casino-incentives-reading-user-reviews-total-score-2026/ HTTP/2" 200 19054 "-" "Mozilla/5.0 AppleWebKit/537.36 (KHTML, like Gecko; compatible; bingbot/2.0; +http://www.bing.com/bingbot.htm) Chrome/116.0.1938.76 Safari/537.36"
98.98.33.4 - - [22/Apr/2026:11:17:05 +0300] "POST /xmlrpc.php HTTP/1.1" 200 630 "-" "Mozilla/5.0 (Windows NT 10.0; Win64; x64) AppleWebKit/537.36 (KHTML, like Gecko) Chrome/114.0.0.0 Safari/537.36"
40.77.167.26 - - [22/Apr/2026:11:17:04 +0300] "GET /tips-earn-abrasion-offs-9-ideas-research-paper-assistance-site-to-discover-your-odds-of-successful-lottery-blog/ HTTP/2" 200 19216 "-" "Mozilla/5.0 AppleWebKit/537.36 (KHTML, like Gecko; compatible; bingbot/2.0; +http://www.bing.com/bingbot.htm) Chrome/116.0.1938.76 Safari/537.36"
157.55.39.9 - - [22/Apr/2026:11:17:15 +0300] "GET /merkur-slots-casino-app-wegens-nederland-uitproberen-in-draagbaar-spelen/ HTTP/2" 200 17997 "-" "Mozilla/5.0 AppleWebKit/537.36 (KHTML, like Gecko; compatible; bingbot/2.0; +http://www.bing.com/bingbot.htm) Chrome/116.0.1938.76 Safari/537.36"
52.167.144.218 - - [22/Apr/2026:11:17:28 +0300] "GET /bonos-de-casino-888-casino-bono-en-internet-y-promociones-acerca-de-argentina-2026/ HTTP/2" 200 21330 "-" "Mozilla/5.0 AppleWebKit/537.36 (KHTML, like Gecko; compatible; bingbot/2.0; +http://www.bing.com/bingbot.htm) Chrome/116.0.1938.76 Safari/537.36"
185.216.113.70 - - [22/Apr/2026:11:18:02 +0300] "POST /wp-cron.php?doing_wp_cron=1776845882.6360890865325927734375 HTTP/1.1" 200 448 "-" "WordPress/6.3.8; https://serhatburke.miroglu.net"
98.98.33.4 - - [22/Apr/2026:11:17:39 +0300] "POST /xmlrpc.php HTTP/1.1" 200 13542 "-" "Mozilla/5.0 (Windows NT 10.0; Win64; x64) AppleWebKit/537.36 (KHTML, like Gecko) Chrome/114.0.0.0 Safari/537.36"
40.77.167.26 - - [22/Apr/2026:11:17:41 +0300] "GET /elevate-your-game-cutting-edge-sportsbooks-casino-action/ HTTP/2" 200 18783 "-" "Mozilla/5.0 AppleWebKit/537.36 (KHTML, like Gecko; compatible; bingbot/2.0; +http://www.bing.com/bingbot.htm) Chrome/116.0.1938.76 Safari/537.36"
196.242.114.64 - - [22/Apr/2026:11:17:43 +0300] "GET /casino-online-skrill-prelievo-veloce/ HTTP/1.1" 200 18145 "-" "Mozilla/5.0 (Macintosh; Intel Mac OS X 12_5) AppleWebKit/605.1.15 (KHTML, like Gecko) Version/15.4 Safari/605.1.15"
157.55.39.9 - - [22/Apr/2026:11:17:55 +0300] "GET /diferitele-genuri-de-jocuri-de-platforma-de-jocuri-de-noroc-pe-viu-in-2025/ HTTP/2" 200 17681 "-" "Mozilla/5.0 AppleWebKit/537.36 (KHTML, like Gecko; compatible; bingbot/2.0; +http://www.bing.com/bingbot.htm) Chrome/116.0.1938.76 Safari/537.36"
52.167.144.218 - - [22/Apr/2026:11:17:59 +0300] "GET /post_tag-sitemap.xml HTTP/2" 200 1249 "-" "Mozilla/5.0 AppleWebKit/537.36 (KHTML, like Gecko; compatible; bingbot/2.0; +http://www.bing.com/bingbot.htm) Chrome/116.0.1938.76 Safari/537.36"
98.98.33.4 - - [22/Apr/2026:11:18:03 +0300] "GET /minimum-deposit-gambling-enterprises-2026/ HTTP/1.1" 200 73832 "-" "Mozilla/5.0 (Windows NT 10.0; rv:125.0) Gecko/20100101 Firefox/125.0"
196.242.114.64 - - [22/Apr/2026:11:18:14 +0300] "GET /wp-login.php?action=register HTTP/1.1" 302 702 "https://serhatburke.miroglu.net/casino-online-skrill-prelievo-veloce/" "Mozilla/5.0 (Windows NT 6.3; Win64; x64) AppleWebKit/537.36 (KHTML, like Gecko) Chrome/103.0.0.0 Safari/537.36"
40.77.167.26 - - [22/Apr/2026:11:18:22 +0300] "GET /power-of-thor-megaways-aparelhamento-abrasado-download-da-atualizacao-do-aplicativo-mafia-casino-thor-cassino-kto-%D7%9E%D7%95%D7%A1%D7%9A-%D7%A7%D7%9C%D7%93%D7%A8%D7%95%D7%9F/ HTTP/2" 200 20113 "-" "Mozilla/5.0 AppleWebKit/537.36 (KHTML, like Gecko; compatible; bingbot/2.0; +http://www.bing.com/bingbot.htm) Chrome/116.0.1938.76 Safari/537.36"
185.216.113.70 - - [22/Apr/2026:11:18:58 +0300] "POST /wp-cron.php?doing_wp_cron=1776845938.5766410827636718750000 HTTP/1.1" 200 448 "-" "WordPress/6.3.8; https://serhatburke.miroglu.net"
157.55.39.9 - - [22/Apr/2026:11:18:37 +0300] "GET /vous-souhaitez-empocher-vieux-i%EF%BF%BD-du-video-va-tout-voici-de-bonne-plateformes/ HTTP/2" 200 18325 "-" "Mozilla/5.0 AppleWebKit/537.36 (KHTML, like Gecko; compatible; bingbot/2.0; +http://www.bing.com/bingbot.htm) Chrome/116.0.1938.76 Safari/537.36"
52.167.144.218 - - [22/Apr/2026:11:18:41 +0300] "GET /apostar-slot-show-ball-3-mega-fortune-hold-n-win-afinar-trejeito-beizebu-100-acessivel/ HTTP/2" 200 20388 "-" "Mozilla/5.0 AppleWebKit/537.36 (KHTML, like Gecko; compatible; bingbot/2.0; +http://www.bing.com/bingbot.htm) Chrome/116.0.1938.76 Safari/537.36"
196.242.114.64 - - [22/Apr/2026:11:18:45 +0300] "GET /wp-login.php?registration=disabled HTTP/1.1" 200 3806 "https://serhatburke.miroglu.net/wp-login.php?action=register" "Mozilla/5.0 (Windows NT 6.3; Win64; x64) AppleWebKit/537.36 (KHTML, like Gecko) Chrome/103.0.0.0 Safari/537.36"
157.55.39.9 - - [22/Apr/2026:11:19:05 +0300] "GET /seriose-angeschlossen-casinos-im-test-die-8-testsieger-2026/ HTTP/2" 200 20375 "-" "Mozilla/5.0 AppleWebKit/537.36 (KHTML, like Gecko; compatible; bingbot/2.0; +http://www.bing.com/bingbot.htm) Chrome/116.0.1938.76 Safari/537.36"
185.216.113.70 - - [22/Apr/2026:11:19:37 +0300] "POST /wp-cron.php?doing_wp_cron=1776845977.8493080139160156250000 HTTP/1.1" 200 448 "-" "WordPress/6.3.8; https://serhatburke.miroglu.net"
157.55.39.9 - - [22/Apr/2026:11:19:25 +0300] "GET /bonus-sem-deposito-immortal-glory-slot-para-dinheiro-real-que-melhores-codigos-de-bonus-esfogiteado-cassino-acessivel-2026/ HTTP/2" 200 19430 "-" "Mozilla/5.0 AppleWebKit/537.36 (KHTML, like Gecko; compatible; bingbot/2.0; +http://www.bing.com/bingbot.htm) Chrome/116.0.1938.76 Safari/537.36"
157.55.39.9 - - [22/Apr/2026:11:19:48 +0300] "GET /it-gives-the-chance-to-purchase-gold-coins-worth-four/ HTTP/2" 200 16870 "-" "Mozilla/5.0 AppleWebKit/537.36 (KHTML, like Gecko; compatible; bingbot/2.0; +http://www.bing.com/bingbot.htm) Chrome/116.0.1938.76 Safari/537.36"
128.1.218.166 - - [22/Apr/2026:11:19:57 +0300] "POST /xmlrpc.php HTTP/1.1" 200 630 "-" "Mozilla/5.0 (Windows NT 10.0; Win64; x64) AppleWebKit/537.36 (KHTML, like Gecko) Chrome/114.0.0.0 Safari/537.36"
185.216.113.70 - - [22/Apr/2026:11:20:28 +0300] "POST /wp-cron.php?doing_wp_cron=1776846028.7157540321350097656250 HTTP/1.1" 200 448 "-" "WordPress/6.3.8; https://serhatburke.miroglu.net"
128.1.218.166 - - [22/Apr/2026:11:20:16 +0300] "POST /xmlrpc.php HTTP/1.1" 200 11662 "-" "Mozilla/5.0 (Windows NT 10.0; Win64; x64) AppleWebKit/537.36 (KHTML, like Gecko) Chrome/114.0.0.0 Safari/537.36"
128.1.218.166 - - [22/Apr/2026:11:20:30 +0300] "GET /eye-of-25-casino-mit-boku-kaution-euro-bonus-horus-innerster-planet-spiele-costa-rica/ HTTP/1.1" 200 73571 "-" "Mozilla/5.0 (Windows NT 10.0; Win64; x64) AppleWebKit/537.36 (KHTML, like Gecko) Chrome/124.0.0.0 Safari/537.36 Edg/124.0.0.0"
98.98.33.4 - - [22/Apr/2026:11:20:58 +0300] "POST /xmlrpc.php HTTP/1.1" 200 630 "-" "Mozilla/5.0 (Windows NT 10.0; Win64; x64) AppleWebKit/537.36 (KHTML, like Gecko) Chrome/114.0.0.0 Safari/537.36"
98.98.33.4 - - [22/Apr/2026:11:21:18 +0300] "POST /xmlrpc.php HTTP/1.1" 200 14052 "-" "Mozilla/5.0 (Windows NT 10.0; Win64; x64) AppleWebKit/537.36 (KHTML, like Gecko) Chrome/114.0.0.0 Safari/537.36"
185.216.113.70 - - [22/Apr/2026:11:21:41 +0300] "POST /wp-cron.php?doing_wp_cron=1776846101.1176869869232177734375 HTTP/1.1" 200 448 "-" "WordPress/6.3.8; https://serhatburke.miroglu.net"
98.98.197.186 - - [22/Apr/2026:11:21:28 +0300] "POST /xmlrpc.php HTTP/1.1" 200 630 "-" "Mozilla/5.0 (Windows NT 10.0; Win64; x64) AppleWebKit/537.36 (KHTML, like Gecko) Chrome/114.0.0.0 Safari/537.36"
98.98.33.4 - - [22/Apr/2026:11:21:35 +0300] "GET /best-real-money-gambling-enterprise-programs-for-2026-10-finest-web-based-casinos/ HTTP/1.1" 200 75567 "-" "Mozilla/5.0 (Windows NT 10.0; Win64; x64) AppleWebKit/537.36 (KHTML, like Gecko) Chrome/124.0.0.0 Safari/537.36 Edg/124.0.0.0"
98.98.197.186 - - [22/Apr/2026:11:21:47 +0300] "POST /xmlrpc.php HTTP/1.1" 200 12089 "-" "Mozilla/5.0 (Windows NT 10.0; Win64; x64) AppleWebKit/537.36 (KHTML, like Gecko) Chrome/114.0.0.0 Safari/537.36"
98.98.197.186 - - [22/Apr/2026:11:22:01 +0300] "GET /gambling-enterprises-mit-paysafecard-2026-beste-paysafecard-gambling-enterprises/ HTTP/1.1" 200 73699 "-" "Mozilla/5.0 (Windows NT 10.0; Win64; x64; rv:125.0) Gecko/20100101 Firefox/125.0"
185.216.113.70 - - [22/Apr/2026:11:23:03 +0300] "POST /wp-cron.php?doing_wp_cron=1776846183.6698229312896728515625 HTTP/1.1" 200 448 "-" "WordPress/6.3.8; https://serhatburke.miroglu.net"
157.55.39.9 - - [22/Apr/2026:11:22:45 +0300] "GET /pop-harbors-resources-tips-and-methods-in-order-to-profit-big/ HTTP/2" 200 18519 "-" "Mozilla/5.0 AppleWebKit/537.36 (KHTML, like Gecko; compatible; bingbot/2.0; +http://www.bing.com/bingbot.htm) Chrome/116.0.1938.76 Safari/537.36"
52.167.144.187 - - [22/Apr/2026:11:22:49 +0300] "GET /albert-heijn-bonusfolder-frankenstein-slot-on-the-internet-bekijken/ HTTP/2" 200 18912 "-" "Mozilla/5.0 AppleWebKit/537.36 (KHTML, like Gecko; compatible; bingbot/2.0; +http://www.bing.com/bingbot.htm) Chrome/116.0.1938.76 Safari/537.36"
40.77.167.26 - - [22/Apr/2026:11:22:52 +0300] "GET /nya-casinon-sveriges-senaste-casino-and-lanseringar-2026/ HTTP/2" 200 18338 "-" "Mozilla/5.0 AppleWebKit/537.36 (KHTML, like Gecko; compatible; bingbot/2.0; +http://www.bing.com/bingbot.htm) Chrome/116.0.1938.76 Safari/537.36"
40.77.167.26 - - [22/Apr/2026:11:22:54 +0300] "GET /reel-rush-slot-review-2026-free-play-football-legends-ofertas-96-96-rtp/ HTTP/2" 200 18974 "-" "Mozilla/5.0 AppleWebKit/537.36 (KHTML, like Gecko; compatible; bingbot/2.0; +http://www.bing.com/bingbot.htm) Chrome/116.0.1938.76 Safari/537.36"
185.216.113.70 - - [22/Apr/2026:11:23:42 +0300] "POST /wp-cron.php?doing_wp_cron=1776846222.7465369701385498046875 HTTP/1.1" 200 448 "-" "WordPress/6.3.8; https://serhatburke.miroglu.net"
40.77.167.26 - - [22/Apr/2026:11:23:30 +0300] "GET /slot-a-long-time-ago-complete-review/ HTTP/2" 200 17696 "-" "Mozilla/5.0 AppleWebKit/537.36 (KHTML, like Gecko; compatible; bingbot/2.0; +http://www.bing.com/bingbot.htm) Chrome/116.0.1938.76 Safari/537.36"
98.98.9.39 - - [22/Apr/2026:11:23:52 +0300] "POST /xmlrpc.php HTTP/1.1" 200 630 "-" "Mozilla/5.0 (Windows NT 10.0; Win64; x64) AppleWebKit/537.36 (KHTML, like Gecko) Chrome/114.0.0.0 Safari/537.36"
185.216.113.70 - - [22/Apr/2026:11:24:25 +0300] "POST /wp-cron.php?doing_wp_cron=1776846265.6570549011230468750000 HTTP/1.1" 200 448 "-" "WordPress/6.3.8; https://serhatburke.miroglu.net"
98.98.9.39 - - [22/Apr/2026:11:24:12 +0300] "POST /xmlrpc.php HTTP/1.1" 200 11291 "-" "Mozilla/5.0 (Windows NT 10.0; Win64; x64) AppleWebKit/537.36 (KHTML, like Gecko) Chrome/114.0.0.0 Safari/537.36"
98.98.33.4 - - [22/Apr/2026:11:24:13 +0300] "POST /xmlrpc.php HTTP/1.1" 200 630 "-" "Mozilla/5.0 (Windows NT 10.0; Win64; x64) AppleWebKit/537.36 (KHTML, like Gecko) Chrome/114.0.0.0 Safari/537.36"
98.98.9.39 - - [22/Apr/2026:11:24:27 +0300] "GET /generate-my-personal-essay-interwetten-online-casino-for-me-personally-essay-writing-solution-for-your-documents/ HTTP/1.1" 200 73714 "-" "Mozilla/5.0 (Windows NT 10.0; Win64; x64) AppleWebKit/537.36 (KHTML, like Gecko) Chrome/123.0.0.0 Safari/537.36"
98.98.33.4 - - [22/Apr/2026:11:24:32 +0300] "POST /xmlrpc.php HTTP/1.1" 200 13084 "-" "Mozilla/5.0 (Windows NT 10.0; Win64; x64) AppleWebKit/537.36 (KHTML, like Gecko) Chrome/114.0.0.0 Safari/537.36"
98.98.33.4 - - [22/Apr/2026:11:24:50 +0300] "GET /local-casino-android-applications-on-the-internet-enjoy/ HTTP/1.1" 200 73791 "-" "Mozilla/5.0 (Windows NT 10.0; rv:109.0) Gecko/20100101 Firefox/115.0"
185.216.113.70 - - [22/Apr/2026:11:27:39 +0300] "POST /wp-cron.php?doing_wp_cron=1776846459.2317259311676025390625 HTTP/1.1" 200 448 "-" "WordPress/6.3.8; https://serhatburke.miroglu.net"
98.98.197.186 - - [22/Apr/2026:11:27:26 +0300] "POST /xmlrpc.php HTTP/1.1" 200 630 "-" "Mozilla/5.0 (Windows NT 10.0; Win64; x64) AppleWebKit/537.36 (KHTML, like Gecko) Chrome/114.0.0.0 Safari/537.36"
98.98.33.4 - - [22/Apr/2026:11:27:34 +0300] "POST /xmlrpc.php HTTP/1.1" 200 630 "-" "Mozilla/5.0 (Windows NT 10.0; Win64; x64) AppleWebKit/537.36 (KHTML, like Gecko) Chrome/114.0.0.0 Safari/537.36"
98.98.197.186 - - [22/Apr/2026:11:27:45 +0300] "POST /xmlrpc.php HTTP/1.1" 200 11728 "-" "Mozilla/5.0 (Windows NT 10.0; Win64; x64) AppleWebKit/537.36 (KHTML, like Gecko) Chrome/114.0.0.0 Safari/537.36"
98.98.33.4 - - [22/Apr/2026:11:27:54 +0300] "POST /xmlrpc.php HTTP/1.1" 200 13841 "-" "Mozilla/5.0 (Windows NT 10.0; Win64; x64) AppleWebKit/537.36 (KHTML, like Gecko) Chrome/114.0.0.0 Safari/537.36"
98.98.197.186 - - [22/Apr/2026:11:28:00 +0300] "GET /writeup-on-sphinx-three-dimensional-online-position-2026-enjoy-so-it-5-reel-video-game-totally-free/ HTTP/1.1" 200 73555 "-" "Mozilla/5.0 (Windows NT 10.0; rv:109.0) Gecko/20100101 Firefox/115.0"
165.73.240.122 - - [22/Apr/2026:11:28:01 +0300] "POST /xmlrpc.php HTTP/1.1" 200 630 "-" "Mozilla/5.0 (Windows NT 10.0; Win64; x64) AppleWebKit/537.36 (KHTML, like Gecko) Chrome/114.0.0.0 Safari/537.36"
98.98.33.4 - - [22/Apr/2026:11:28:14 +0300] "GET /courtroom-online-slots-in-america-where-to-play-for-real-money/ HTTP/1.1" 200 74898 "-" "Mozilla/5.0 (Windows NT 10.0; Win64; x64) AppleWebKit/537.36 (KHTML, like Gecko) Chrome/122.0.0.0 Safari/537.36"
185.216.113.70 - - [22/Apr/2026:11:28:42 +0300] "POST /wp-cron.php?doing_wp_cron=1776846521.9819009304046630859375 HTTP/1.1" 200 448 "-" "WordPress/6.3.8; https://serhatburke.miroglu.net"
128.1.218.166 - - [22/Apr/2026:11:28:23 +0300] "POST /xmlrpc.php HTTP/1.1" 200 630 "-" "Mozilla/5.0 (Windows NT 10.0; Win64; x64) AppleWebKit/537.36 (KHTML, like Gecko) Chrome/114.0.0.0 Safari/537.36"
165.73.240.122 - - [22/Apr/2026:11:28:26 +0300] "POST /xmlrpc.php HTTP/1.1" 200 16593 "-" "Mozilla/5.0 (Windows NT 10.0; Win64; x64) AppleWebKit/537.36 (KHTML, like Gecko) Chrome/114.0.0.0 Safari/537.36"
165.73.240.122 - - [22/Apr/2026:11:28:45 +0300] "GET /le-bon-gold-complet-deviner-avec-eye-of-ra-machine-a-sous-ma-kyrielle-paramount-que-vous-pourrez-binger-infos-associations/ HTTP/1.1" 200 79289 "-" "Mozilla/5.0 (Windows NT 10.0; Win64; x64) AppleWebKit/537.36 (KHTML, like Gecko) Chrome/124.0.0.0 Safari/537.36"
128.1.218.166 - - [22/Apr/2026:11:28:48 +0300] "POST /xmlrpc.php HTTP/1.1" 200 11922 "-" "Mozilla/5.0 (Windows NT 10.0; Win64; x64) AppleWebKit/537.36 (KHTML, like Gecko) Chrome/114.0.0.0 Safari/537.36"
52.167.144.187 - - [22/Apr/2026:11:28:48 +0300] "GET /kraken-dostup-i-sovety-po-bezopasnomu-vkhodu-v-darknet/ HTTP/2" 200 18107 "-" "Mozilla/5.0 AppleWebKit/537.36 (KHTML, like Gecko; compatible; bingbot/2.0; +http://www.bing.com/bingbot.htm) Chrome/116.0.1938.76 Safari/537.36"
40.77.167.61 - - [22/Apr/2026:11:28:53 +0300] "GET /paypal-kasinot-onlinekasinolla-com-2026/ HTTP/2" 200 17497 "-" "Mozilla/5.0 AppleWebKit/537.36 (KHTML, like Gecko; compatible; bingbot/2.0; +http://www.bing.com/bingbot.htm) Chrome/116.0.1938.76 Safari/537.36"
207.46.13.116 - - [22/Apr/2026:11:28:58 +0300] "GET /better-web-based-casinos-canada-within-the-2026-for-real-currency-betting/ HTTP/2" 200 18531 "-" "Mozilla/5.0 AppleWebKit/537.36 (KHTML, like Gecko; compatible; bingbot/2.0; +http://www.bing.com/bingbot.htm) Chrome/116.0.1938.76 Safari/537.36"
98.98.9.39 - - [22/Apr/2026:11:29:10 +0300] "POST /xmlrpc.php HTTP/1.1" 200 630 "-" "Mozilla/5.0 (Windows NT 10.0; Win64; x64) AppleWebKit/537.36 (KHTML, like Gecko) Chrome/114.0.0.0 Safari/537.36"
185.216.113.70 - - [22/Apr/2026:11:29:39 +0300] "POST /wp-cron.php?doing_wp_cron=1776846579.1658720970153808593750 HTTP/1.1" 200 448 "-" "WordPress/6.3.8; https://serhatburke.miroglu.net"
128.1.218.166 - - [22/Apr/2026:11:29:21 +0300] "GET /eye-retro-reels-online-casinos-of-horus-gratis-online-dadurch-echtgeld-deklamieren-mugshot-madness-1-pfand-2026/ HTTP/1.1" 200 74728 "-" "Mozilla/5.0 (Windows NT 10.0; Win64; x64) AppleWebKit/537.36 (KHTML, like Gecko) Chrome/123.0.0.0 Safari/537.36"
52.167.144.187 - - [22/Apr/2026:11:29:28 +0300] "GET /maszyny-do-odwiedzenia-gier-automaty-20-pln-kasyna-depozytowe-2026-do-odwiedzenia-gier-na-pieniadze-flippery/ HTTP/2" 200 18605 "-" "Mozilla/5.0 AppleWebKit/537.36 (KHTML, like Gecko; compatible; bingbot/2.0; +http://www.bing.com/bingbot.htm) Chrome/116.0.1938.76 Safari/537.36"
40.77.167.61 - - [22/Apr/2026:11:29:32 +0300] "GET /die-report-for-ra-spielregeln-%EF%BF%BD-so-verlauft-der-slot/ HTTP/2" 200 17656 "-" "Mozilla/5.0 AppleWebKit/537.36 (KHTML, like Gecko; compatible; bingbot/2.0; +http://www.bing.com/bingbot.htm) Chrome/116.0.1938.76 Safari/537.36"
98.98.9.39 - - [22/Apr/2026:11:29:39 +0300] "POST /xmlrpc.php HTTP/1.1" 200 11361 "-" "Mozilla/5.0 (Windows NT 10.0; Win64; x64) AppleWebKit/537.36 (KHTML, like Gecko) Chrome/114.0.0.0 Safari/537.36"
52.167.144.187 - - [22/Apr/2026:11:29:58 +0300] "GET /betify-casino-avis-bonus-exclusif-20269124/ HTTP/2" 200 17343 "-" "Mozilla/5.0 AppleWebKit/537.36 (KHTML, like Gecko; compatible; bingbot/2.0; +http://www.bing.com/bingbot.htm) Chrome/116.0.1938.76 Safari/537.36"
98.98.9.39 - - [22/Apr/2026:11:30:00 +0300] "GET /better-on-line-magic-stars-slot-machines-pokies-around-australia-pro-recognized-inside-2026/ HTTP/1.1" 200 73173 "-" "Mozilla/5.0 (Windows NT 10.0; Win64; x64) AppleWebKit/537.36 (KHTML, like Gecko) Chrome/123.0.0.0 Safari/537.36 OPR/109.0.0.0"
185.216.113.70 - - [22/Apr/2026:11:31:16 +0300] "POST /wp-cron.php?doing_wp_cron=1776846675.7925550937652587890625 HTTP/1.1" 200 448 "-" "WordPress/6.3.8; https://serhatburke.miroglu.net"
98.98.33.4 - - [22/Apr/2026:11:31:02 +0300] "POST /xmlrpc.php HTTP/1.1" 200 630 "-" "Mozilla/5.0 (Windows NT 10.0; Win64; x64) AppleWebKit/537.36 (KHTML, like Gecko) Chrome/114.0.0.0 Safari/537.36"
98.98.33.4 - - [22/Apr/2026:11:31:22 +0300] "POST /xmlrpc.php HTTP/1.1" 200 14999 "-" "Mozilla/5.0 (Windows NT 10.0; Win64; x64) AppleWebKit/537.36 (KHTML, like Gecko) Chrome/114.0.0.0 Safari/537.36"
185.216.113.70 - - [22/Apr/2026:11:31:47 +0300] "POST /wp-cron.php?doing_wp_cron=1776846707.4271829128265380859375 HTTP/1.1" 200 448 "-" "WordPress/6.3.8; https://serhatburke.miroglu.net"
98.98.33.4 - - [22/Apr/2026:11:31:35 +0300] "GET /mr-cashback-slot-machine-game-gamble-totally-free-playtech-slots-right-here/ HTTP/1.1" 200 76154 "-" "Mozilla/5.0 (Windows NT 10.0; rv:109.0) Gecko/20100101 Firefox/115.0"
98.98.197.186 - - [22/Apr/2026:11:31:52 +0300] "POST /xmlrpc.php HTTP/1.1" 200 630 "-" "Mozilla/5.0 (Windows NT 10.0; Win64; x64) AppleWebKit/537.36 (KHTML, like Gecko) Chrome/114.0.0.0 Safari/537.36"
217.9.250.102 - - [22/Apr/2026:11:31:53 +0300] "POST /xmlrpc.php HTTP/1.1" 200 144677 "-" "Mozilla/5.0 (Macintosh; Intel Mac OS X 10_15_7) AppleWebKit/537.36 (KHTML, like Gecko) Chrome/122.0.0.0 Safari/537.36"
185.216.113.70 - - [22/Apr/2026:11:32:29 +0300] "POST /wp-cron.php?doing_wp_cron=1776846749.7009010314941406250000 HTTP/1.1" 200 448 "-" "WordPress/6.3.8; https://serhatburke.miroglu.net"
98.98.197.186 - - [22/Apr/2026:11:32:17 +0300] "POST /xmlrpc.php HTTP/1.1" 200 11314 "-" "Mozilla/5.0 (Windows NT 10.0; Win64; x64) AppleWebKit/537.36 (KHTML, like Gecko) Chrome/114.0.0.0 Safari/537.36"
217.9.250.102 - - [22/Apr/2026:11:32:19 +0300] "POST /xmlrpc.php HTTP/1.1" 200 664 "-" "Mozilla/5.0 (Macintosh; Intel Mac OS X 10_15_7) AppleWebKit/537.36 (KHTML, like Gecko) Chrome/122.0.0.0 Safari/537.36"
98.98.9.39 - - [22/Apr/2026:11:32:30 +0300] "POST /xmlrpc.php HTTP/1.1" 200 630 "-" "Mozilla/5.0 (Windows NT 10.0; Win64; x64) AppleWebKit/537.36 (KHTML, like Gecko) Chrome/114.0.0.0 Safari/537.36"
