165.73.240.148 - - [22/Apr/2026:13:41:21 +0300] "GET /migliori-bisca-online-europei-vedere-qui-addirittura-affinche-dovresti-giocarci-prontamente/ HTTP/1.1" 200 73839 "-" "Mozilla/5.0 (Windows NT 10.0; Win64; x64) AppleWebKit/537.36 (KHTML, like Gecko) Chrome/123.0.0.0 Safari/537.36"
207.46.13.170 - - [22/Apr/2026:13:41:40 +0300] "GET /discover-the-safepal-wallet-and-maximize-your-crypto-security/ HTTP/2" 200 17111 "-" "Mozilla/5.0 AppleWebKit/537.36 (KHTML, like Gecko; compatible; bingbot/2.0; +http://www.bing.com/bingbot.htm) Chrome/116.0.1938.76 Safari/537.36"
52.167.144.139 - - [22/Apr/2026:13:41:43 +0300] "GET /spilleautomater-slot-games-wild-play-alle-hitnspin-bonuskoder-tiders-bet-pa-nett-dans-online/ HTTP/2" 200 17997 "-" "Mozilla/5.0 AppleWebKit/537.36 (KHTML, like Gecko; compatible; bingbot/2.0; +http://www.bing.com/bingbot.htm) Chrome/116.0.1938.76 Safari/537.36"
52.167.144.139 - - [22/Apr/2026:13:42:08 +0300] "GET /sitemap.xml HTTP/2" 200 1127 "-" "Mozilla/5.0 AppleWebKit/537.36 (KHTML, like Gecko; compatible; bingbot/2.0; +http://www.bing.com/bingbot.htm) Chrome/116.0.1938.76 Safari/537.36"
207.46.13.170 - - [22/Apr/2026:13:42:16 +0300] "GET /kraken-vash-putevoditel-po-darknetu-2026-4/ HTTP/2" 200 18317 "-" "Mozilla/5.0 AppleWebKit/537.36 (KHTML, like Gecko; compatible; bingbot/2.0; +http://www.bing.com/bingbot.htm) Chrome/116.0.1938.76 Safari/537.36"
185.216.113.70 - - [22/Apr/2026:13:43:08 +0300] "POST /wp-cron.php?doing_wp_cron=1776854588.5070950984954833984375 HTTP/1.1" 200 448 "-" "WordPress/6.3.8; https://serhatburke.miroglu.net"
193.36.38.228 - - [22/Apr/2026:13:42:52 +0300] "POST /xmlrpc.php HTTP/1.1" 200 692 "-" "Mozilla/5.0 (Windows NT 10.0; Win64; x64) AppleWebKit/537.36 (KHTML, like Gecko) Chrome/114.0.0.0 Safari/537.36"
165.73.240.148 - - [22/Apr/2026:13:42:55 +0300] "POST /xmlrpc.php HTTP/1.1" 200 630 "-" "Mozilla/5.0 (Windows NT 10.0; Win64; x64) AppleWebKit/537.36 (KHTML, like Gecko) Chrome/114.0.0.0 Safari/537.36"
155.94.236.24 - - [22/Apr/2026:13:43:05 +0300] "POST /xmlrpc.php HTTP/1.1" 200 630 "-" "Mozilla/5.0 (Windows NT 10.0; Win64; x64) AppleWebKit/537.36 (KHTML, like Gecko) Chrome/114.0.0.0 Safari/537.36"
193.36.38.228 - - [22/Apr/2026:13:43:15 +0300] "POST /xmlrpc.php HTTP/1.1" 200 10204 "-" "Mozilla/5.0 (Windows NT 10.0; Win64; x64) AppleWebKit/537.36 (KHTML, like Gecko) Chrome/114.0.0.0 Safari/537.36"
165.73.240.148 - - [22/Apr/2026:13:43:19 +0300] "POST /xmlrpc.php HTTP/1.1" 200 11993 "-" "Mozilla/5.0 (Windows NT 10.0; Win64; x64) AppleWebKit/537.36 (KHTML, like Gecko) Chrome/114.0.0.0 Safari/537.36"
185.216.113.70 - - [22/Apr/2026:13:43:51 +0300] "POST /wp-cron.php?doing_wp_cron=1776854630.8853399753570556640625 HTTP/1.1" 200 448 "-" "WordPress/6.3.8; https://serhatburke.miroglu.net"
155.94.236.24 - - [22/Apr/2026:13:43:33 +0300] "POST /xmlrpc.php HTTP/1.1" 200 10778 "-" "Mozilla/5.0 (Windows NT 10.0; Win64; x64) AppleWebKit/537.36 (KHTML, like Gecko) Chrome/114.0.0.0 Safari/537.36"
193.36.38.228 - - [22/Apr/2026:13:43:33 +0300] "GET /selbige-sternstunde-diverses-startkontos-sei-as-part-of-den-managen-einer-unter-anderem-welcher-spielinstitution-festgelegt/ HTTP/1.1" 200 73277 "-" "Mozilla/5.0 (Windows NT 10.0; Win64; x64) AppleWebKit/537.36 (KHTML, like Gecko) Chrome/123.0.0.0 Safari/537.36"
165.73.240.148 - - [22/Apr/2026:13:43:37 +0300] "GET /i-migliori-scompiglio-online-in-italia-trattato-registro-di-accesso-di-i24slot-completa-ai-sommita-siti-del-2026/ HTTP/1.1" 200 74552 "-" "Mozilla/5.0 (Windows NT 10.0; Win64; x64) AppleWebKit/537.36 (KHTML, like Gecko) Chrome/124.0.0.0 Safari/537.36 Edg/124.0.0.0"
155.94.236.24 - - [22/Apr/2026:13:43:51 +0300] "GET /das-ist-das-sinnvolle-spielbank-vermittlungsprovision-pro-natel-einzahlungen/ HTTP/1.1" 200 72861 "-" "Mozilla/5.0 (Windows NT 10.0; rv:109.0) Gecko/20100101 Firefox/115.0"
66.249.73.14 - - [22/Apr/2026:13:44:06 +0300] "GET /rollinoapp-uk-weekend-bonus-an-in-depth-review/ HTTP/1.1" 200 0 "https://yxmjneo.cyberwave-games.digital/" "Mozilla/5.0 (Linux; Android 6.0.1; Nexus 5X Build/MMB29P) AppleWebKit/537.36 (KHTML, like Gecko) Chrome/146.0.7680.177 Mobile Safari/537.36 (compatible; Googlebot/2.1; +http://www.google.com/bot.html)"
66.249.73.15 - - [22/Apr/2026:13:44:26 +0300] "GET /online-casino-2026-3/ HTTP/1.1" 200 216723 "-" "Mozilla/5.0 (Linux; Android 6.0.1; Nexus 5X Build/MMB29P) AppleWebKit/537.36 (KHTML, like Gecko) Chrome/146.0.7680.177 Mobile Safari/537.36 (compatible; Googlebot/2.1; +http://www.google.com/bot.html)"
185.216.113.70 - - [22/Apr/2026:13:44:59 +0300] "POST /wp-cron.php?doing_wp_cron=1776854699.1323089599609375000000 HTTP/1.1" 200 448 "-" "WordPress/6.3.8; https://serhatburke.miroglu.net"
40.77.167.27 - - [22/Apr/2026:13:44:35 +0300] "GET /sanodelucas-cl-la-primera-plataforma-de-educacion/ HTTP/2" 200 19933 "-" "Mozilla/5.0 AppleWebKit/537.36 (KHTML, like Gecko; compatible; bingbot/2.0; +http://www.bing.com/bingbot.htm) Chrome/116.0.1938.76 Safari/537.36"
40.77.167.123 - - [22/Apr/2026:13:44:36 +0300] "GET /jackpot-city-no-deposit-bonus-rules-to-have-march-2026/ HTTP/2" 200 19067 "-" "Mozilla/5.0 AppleWebKit/537.36 (KHTML, like Gecko; compatible; bingbot/2.0; +http://www.bing.com/bingbot.htm) Chrome/116.0.1938.76 Safari/537.36"
207.46.13.170 - - [22/Apr/2026:13:44:37 +0300] "GET /gain-total-control-with-safepal-wallet-for-your-crypto/ HTTP/2" 200 17943 "-" "Mozilla/5.0 AppleWebKit/537.36 (KHTML, like Gecko; compatible; bingbot/2.0; +http://www.bing.com/bingbot.htm) Chrome/116.0.1938.76 Safari/537.36"
40.77.167.27 - - [22/Apr/2026:13:44:43 +0300] "GET /demo-opcija-online-pozicije-dragon-shrine-dolphin-recenzija-kasina-royalgame-pearl-deluxe-potpuno-besplatna-za-vas-novac/ HTTP/2" 200 17667 "-" "Mozilla/5.0 AppleWebKit/537.36 (KHTML, like Gecko; compatible; bingbot/2.0; +http://www.bing.com/bingbot.htm) Chrome/116.0.1938.76 Safari/537.36"
165.73.240.148 - - [22/Apr/2026:13:45:10 +0300] "POST /xmlrpc.php HTTP/1.1" 200 630 "-" "Mozilla/5.0 (Windows NT 10.0; Win64; x64) AppleWebKit/537.36 (KHTML, like Gecko) Chrome/114.0.0.0 Safari/537.36"
207.46.13.170 - - [22/Apr/2026:13:45:11 +0300] "GET /enhancing-your-trades-with-raydium-swap-solutions/ HTTP/2" 200 17027 "-" "Mozilla/5.0 AppleWebKit/537.36 (KHTML, like Gecko; compatible; bingbot/2.0; +http://www.bing.com/bingbot.htm) Chrome/116.0.1938.76 Safari/537.36"
40.77.167.27 - - [22/Apr/2026:13:45:14 +0300] "GET /blox-fruit-rules-january-2026-xp-accelerates-and-you-can-stats-reset/ HTTP/2" 200 18392 "-" "Mozilla/5.0 AppleWebKit/537.36 (KHTML, like Gecko; compatible; bingbot/2.0; +http://www.bing.com/bingbot.htm) Chrome/116.0.1938.76 Safari/537.36"
185.216.113.70 - - [22/Apr/2026:13:45:47 +0300] "POST /wp-cron.php?doing_wp_cron=1776854747.1848609447479248046875 HTTP/1.1" 200 448 "-" "WordPress/6.3.8; https://serhatburke.miroglu.net"
165.73.240.148 - - [22/Apr/2026:13:45:33 +0300] "POST /xmlrpc.php HTTP/1.1" 200 12361 "-" "Mozilla/5.0 (Windows NT 10.0; Win64; x64) AppleWebKit/537.36 (KHTML, like Gecko) Chrome/114.0.0.0 Safari/537.36"
155.94.236.24 - - [22/Apr/2026:13:45:34 +0300] "POST /xmlrpc.php HTTP/1.1" 200 630 "-" "Mozilla/5.0 (Windows NT 10.0; Win64; x64) AppleWebKit/537.36 (KHTML, like Gecko) Chrome/114.0.0.0 Safari/537.36"
207.46.13.170 - - [22/Apr/2026:13:45:40 +0300] "GET /profitez-des-machines-pour-au-dessous-du-trajectoire-pour-en-tenant-largent-palpable-et-trouvez-bonhomme/ HTTP/2" 200 18902 "-" "Mozilla/5.0 AppleWebKit/537.36 (KHTML, like Gecko; compatible; bingbot/2.0; +http://www.bing.com/bingbot.htm) Chrome/116.0.1938.76 Safari/537.36"
165.73.240.148 - - [22/Apr/2026:13:45:48 +0300] "GET /casa-da-gioco-bonus-bonus-ybets-non-aams-per-giocatori-italiani-%EF%B8%8F-2024/ HTTP/1.1" 200 74207 "-" "Mozilla/5.0 (Windows NT 10.0; Win64; x64) AppleWebKit/537.36 (KHTML, like Gecko) Chrome/124.0.0.0 Safari/537.36 Edg/124.0.0.0"
155.94.236.24 - - [22/Apr/2026:13:45:55 +0300] "POST /xmlrpc.php HTTP/1.1" 200 10089 "-" "Mozilla/5.0 (Windows NT 10.0; Win64; x64) AppleWebKit/537.36 (KHTML, like Gecko) Chrome/114.0.0.0 Safari/537.36"
91.99.6.95 - - [22/Apr/2026:13:46:01 +0300] "GET /robots.txt HTTP/1.1" 200 649 "-" "Mozilla/5.0 (Windows NT 10.0; Win64; x64) AppleWebKit/537.36 (KHTML, like Gecko) Chrome/145.0.0.0 Safari/537.36"
155.94.236.24 - - [22/Apr/2026:13:46:14 +0300] "GET /nachfolgende-spielsaal-angebote-anpeilen-darauf-nicht-vor-neukunden-nach-engagieren-ferner-hartnackig-dahinter-schleppen/ HTTP/1.1" 200 73349 "-" "Mozilla/5.0 (Windows NT 10.0; Win64; x64) AppleWebKit/537.36 (KHTML, like Gecko) Chrome/124.0.0.0 Safari/537.36 Edg/124.0.0.0"
91.99.6.95 - - [22/Apr/2026:13:46:16 +0300] "GET /the-top-rated-electric-bike-for-every-kind-of/ HTTP/1.1" 200 455745 "-" "Mozilla/5.0 (Windows NT 10.0; Win64; x64) AppleWebKit/537.36 (KHTML, like Gecko) Chrome/145.0.0.0 Safari/537.36"
193.36.38.228 - - [22/Apr/2026:13:46:25 +0300] "POST /xmlrpc.php HTTP/1.1" 200 692 "-" "Mozilla/5.0 (Windows NT 10.0; Win64; x64) AppleWebKit/537.36 (KHTML, like Gecko) Chrome/114.0.0.0 Safari/537.36"
185.216.113.70 - - [22/Apr/2026:13:46:55 +0300] "POST /wp-cron.php?doing_wp_cron=1776854815.3313069343566894531250 HTTP/1.1" 200 448 "-" "WordPress/6.3.8; https://serhatburke.miroglu.net"
94.31.110.122 - - [22/Apr/2026:13:46:42 +0300] "POST /xmlrpc.php HTTP/2" 200 140 "-" "WordPress/XMLRPC Client"
193.36.38.228 - - [22/Apr/2026:13:46:45 +0300] "POST /xmlrpc.php HTTP/1.1" 200 9581 "-" "Mozilla/5.0 (Windows NT 10.0; Win64; x64) AppleWebKit/537.36 (KHTML, like Gecko) Chrome/114.0.0.0 Safari/537.36"
94.31.110.122 - - [22/Apr/2026:13:46:55 +0300] "GET /?p=127141 HTTP/2" 301 0 "-" "Mozilla/5.0 (Windows NT 10.0; Win64; x64) AppleWebKit/537.36 (KHTML, like Gecko) Chrome/120.0.0.0 Safari/537.36"
193.36.38.228 - - [22/Apr/2026:13:47:02 +0300] "GET /greatest-payments-bacanaplay-100000-bis-zu-100%EF%BF%BD-25-freispiele/ HTTP/1.1" 200 71524 "-" "Mozilla/5.0 (Windows NT 10.0; rv:125.0) Gecko/20100101 Firefox/125.0"
165.73.240.148 - - [22/Apr/2026:13:47:13 +0300] "POST /xmlrpc.php HTTP/1.1" 200 630 "-" "Mozilla/5.0 (Windows NT 10.0; Win64; x64) AppleWebKit/537.36 (KHTML, like Gecko) Chrome/114.0.0.0 Safari/537.36"
185.216.113.70 - - [22/Apr/2026:13:47:44 +0300] "POST /wp-cron.php?doing_wp_cron=1776854864.3598179817199707031250 HTTP/1.1" 200 448 "-" "WordPress/6.3.8; https://serhatburke.miroglu.net"
165.73.240.148 - - [22/Apr/2026:13:47:32 +0300] "POST /xmlrpc.php HTTP/1.1" 200 11717 "-" "Mozilla/5.0 (Windows NT 10.0; Win64; x64) AppleWebKit/537.36 (KHTML, like Gecko) Chrome/114.0.0.0 Safari/537.36"
165.73.240.148 - - [22/Apr/2026:13:47:46 +0300] "GET /big-contatti-yoyospins-scompiglio-recensioni-degli-esperti-del-reparto/ HTTP/1.1" 200 73105 "-" "Mozilla/5.0 (Windows NT 10.0; Win64; x64) AppleWebKit/537.36 (KHTML, like Gecko) Chrome/124.0.0.0 Safari/537.36"
155.94.236.24 - - [22/Apr/2026:13:47:58 +0300] "POST /xmlrpc.php HTTP/1.1" 200 630 "-" "Mozilla/5.0 (Windows NT 10.0; Win64; x64) AppleWebKit/537.36 (KHTML, like Gecko) Chrome/114.0.0.0 Safari/537.36"
185.216.113.70 - - [22/Apr/2026:13:48:29 +0300] "POST /wp-cron.php?doing_wp_cron=1776854909.6052379608154296875000 HTTP/1.1" 200 448 "-" "WordPress/6.3.8; https://serhatburke.miroglu.net"
155.94.236.24 - - [22/Apr/2026:13:48:17 +0300] "POST /xmlrpc.php HTTP/1.1" 200 9705 "-" "Mozilla/5.0 (Windows NT 10.0; Win64; x64) AppleWebKit/537.36 (KHTML, like Gecko) Chrome/114.0.0.0 Safari/537.36"
155.94.236.24 - - [22/Apr/2026:13:48:30 +0300] "GET /beschrankung-vos-betrags-bei-spielcasino-free-maklercourtage-exklusive-einzahlung/ HTTP/1.1" 200 72064 "-" "Mozilla/5.0 (Windows NT 10.0; Win64; x64) AppleWebKit/537.36 (KHTML, like Gecko) Chrome/124.0.0.0 Safari/537.36"
165.73.240.148 - - [22/Apr/2026:13:49:22 +0300] "POST /xmlrpc.php HTTP/1.1" 200 630 "-" "Mozilla/5.0 (Windows NT 10.0; Win64; x64) AppleWebKit/537.36 (KHTML, like Gecko) Chrome/114.0.0.0 Safari/537.36"
185.216.113.70 - - [22/Apr/2026:13:49:56 +0300] "POST /wp-cron.php?doing_wp_cron=1776854996.4936890602111816406250 HTTP/1.1" 200 448 "-" "WordPress/6.3.8; https://serhatburke.miroglu.net"
165.73.240.148 - - [22/Apr/2026:13:49:43 +0300] "POST /xmlrpc.php HTTP/1.1" 200 12909 "-" "Mozilla/5.0 (Windows NT 10.0; Win64; x64) AppleWebKit/537.36 (KHTML, like Gecko) Chrome/114.0.0.0 Safari/537.36"
193.36.38.228 - - [22/Apr/2026:13:49:46 +0300] "POST /xmlrpc.php HTTP/1.1" 200 692 "-" "Mozilla/5.0 (Windows NT 10.0; Win64; x64) AppleWebKit/537.36 (KHTML, like Gecko) Chrome/114.0.0.0 Safari/537.36"
165.73.240.148 - - [22/Apr/2026:13:49:57 +0300] "GET /scopri-il-seduzione-di-plinko-il-inganno-da-scommetti-su-book-of-ra-mystic-fortunes-online-bisca-ad-esempio-sta-conquistando-litalia/ HTTP/1.1" 200 75622 "-" "Mozilla/5.0 (Windows NT 10.0; Win64; x64) AppleWebKit/537.36 (KHTML, like Gecko) Chrome/123.0.0.0 Safari/537.36 OPR/109.0.0.0"
193.36.38.228 - - [22/Apr/2026:13:50:04 +0300] "POST /xmlrpc.php HTTP/1.1" 200 10226 "-" "Mozilla/5.0 (Windows NT 10.0; Win64; x64) AppleWebKit/537.36 (KHTML, like Gecko) Chrome/114.0.0.0 Safari/537.36"
155.94.236.24 - - [22/Apr/2026:13:50:15 +0300] "POST /xmlrpc.php HTTP/1.1" 200 630 "-" "Mozilla/5.0 (Windows NT 10.0; Win64; x64) AppleWebKit/537.36 (KHTML, like Gecko) Chrome/114.0.0.0 Safari/537.36"
185.216.113.70 - - [22/Apr/2026:13:50:36 +0300] "POST /wp-cron.php?doing_wp_cron=1776855036.5581130981445312500000 HTTP/1.1" 200 448 "-" "WordPress/6.3.8; https://serhatburke.miroglu.net"
98.98.33.4 - - [22/Apr/2026:13:50:22 +0300] "POST /xmlrpc.php HTTP/1.1" 200 630 "-" "Mozilla/5.0 (Windows NT 10.0; Win64; x64) AppleWebKit/537.36 (KHTML, like Gecko) Chrome/114.0.0.0 Safari/537.36"
193.36.38.228 - - [22/Apr/2026:13:50:25 +0300] "GET /hinsichtlich-bereits-erwahnt-ist-und-bleibt-unser-neue-deutsche-billigung-seitdem-2021-in-betrieb-ferner-reguliert-unvollkommen-hart/ HTTP/1.1" 200 73432 "-" "Mozilla/5.0 (Windows NT 10.0; rv:125.0) Gecko/20100101 Firefox/125.0"
155.94.236.24 - - [22/Apr/2026:13:50:36 +0300] "POST /xmlrpc.php HTTP/1.1" 200 9687 "-" "Mozilla/5.0 (Windows NT 10.0; Win64; x64) AppleWebKit/537.36 (KHTML, like Gecko) Chrome/114.0.0.0 Safari/537.36"
98.98.33.4 - - [22/Apr/2026:13:50:43 +0300] "POST /xmlrpc.php HTTP/1.1" 200 13535 "-" "Mozilla/5.0 (Windows NT 10.0; Win64; x64) AppleWebKit/537.36 (KHTML, like Gecko) Chrome/114.0.0.0 Safari/537.36"
155.94.236.24 - - [22/Apr/2026:13:50:55 +0300] "GET /live-casinodie-reside-casinospiele-umsorgen-within-einen-moglich-casinos-fur-einen-tollen-gespanntheit/ HTTP/1.1" 200 72345 "-" "Mozilla/5.0 (Windows NT 10.0; Win64; x64; rv:125.0) Gecko/20100101 Firefox/125.0"
98.98.33.4 - - [22/Apr/2026:13:51:01 +0300] "GET /thunderstruck-fifty-no-deposit-revolves-increase-of-your-own-empress-status-opinion-2026-gamble-online/ HTTP/1.1" 200 75393 "-" "Mozilla/5.0 (Windows NT 10.0; Win64; x64; rv:125.0) Gecko/20100101 Firefox/125.0"
207.46.13.7 - - [22/Apr/2026:13:51:20 +0300] "GET /dexscreener-guide-advanced-dex-scanner-strategies-2026/ HTTP/2" 200 17471 "-" "Mozilla/5.0 AppleWebKit/537.36 (KHTML, like Gecko; compatible; bingbot/2.0; +http://www.bing.com/bingbot.htm) Chrome/116.0.1938.76 Safari/537.36"
185.216.113.70 - - [22/Apr/2026:13:51:40 +0300] "POST /wp-cron.php?doing_wp_cron=1776855100.1202719211578369140625 HTTP/1.1" 200 448 "-" "WordPress/6.3.8; https://serhatburke.miroglu.net"
165.73.240.148 - - [22/Apr/2026:13:51:27 +0300] "POST /xmlrpc.php HTTP/1.1" 200 630 "-" "Mozilla/5.0 (Windows NT 10.0; Win64; x64) AppleWebKit/537.36 (KHTML, like Gecko) Chrome/114.0.0.0 Safari/537.36"
165.73.240.148 - - [22/Apr/2026:13:51:46 +0300] "POST /xmlrpc.php HTTP/1.1" 200 11793 "-" "Mozilla/5.0 (Windows NT 10.0; Win64; x64) AppleWebKit/537.36 (KHTML, like Gecko) Chrome/114.0.0.0 Safari/537.36"
165.73.240.148 - - [22/Apr/2026:13:52:01 +0300] "GET /roulette-deposito-del-casino-neteller-a-sbafo-gioca-per-posteriore-70-giochi-demo-online-nessun-download/ HTTP/1.1" 200 74349 "-" "Mozilla/5.0 (Windows NT 10.0; Win64; x64) AppleWebKit/537.36 (KHTML, like Gecko) Chrome/124.0.0.0 Safari/537.36 Edg/124.0.0.0"
155.94.236.24 - - [22/Apr/2026:13:52:22 +0300] "POST /xmlrpc.php HTTP/1.1" 200 630 "-" "Mozilla/5.0 (Windows NT 10.0; Win64; x64) AppleWebKit/537.36 (KHTML, like Gecko) Chrome/114.0.0.0 Safari/537.36"
157.245.242.157 - - [22/Apr/2026:13:52:22 +0300] "GET / HTTP/1.1" 200 19827 "-" "Mozilla/5.0 (X11; Linux x86_64) AppleWebKit/537.36 (KHTML, like Gecko) Chrome/142.0.0.0 Safari/537.36"
185.216.113.70 - - [22/Apr/2026:13:52:47 +0300] "POST /wp-cron.php?doing_wp_cron=1776855167.6368710994720458984375 HTTP/1.1" 200 448 "-" "WordPress/6.3.8; https://serhatburke.miroglu.net"
98.98.9.39 - - [22/Apr/2026:13:52:34 +0300] "POST /xmlrpc.php HTTP/1.1" 200 630 "-" "Mozilla/5.0 (Windows NT 10.0; Win64; x64) AppleWebKit/537.36 (KHTML, like Gecko) Chrome/114.0.0.0 Safari/537.36"
155.94.236.24 - - [22/Apr/2026:13:52:41 +0300] "POST /xmlrpc.php HTTP/1.1" 200 10328 "-" "Mozilla/5.0 (Windows NT 10.0; Win64; x64) AppleWebKit/537.36 (KHTML, like Gecko) Chrome/114.0.0.0 Safari/537.36"
98.98.9.39 - - [22/Apr/2026:13:52:54 +0300] "POST /xmlrpc.php HTTP/1.1" 200 11686 "-" "Mozilla/5.0 (Windows NT 10.0; Win64; x64) AppleWebKit/537.36 (KHTML, like Gecko) Chrome/114.0.0.0 Safari/537.36"
193.36.38.228 - - [22/Apr/2026:13:52:55 +0300] "POST /xmlrpc.php HTTP/1.1" 200 692 "-" "Mozilla/5.0 (Windows NT 10.0; Win64; x64) AppleWebKit/537.36 (KHTML, like Gecko) Chrome/114.0.0.0 Safari/537.36"
155.94.236.24 - - [22/Apr/2026:13:52:55 +0300] "GET /einzahlungen-hinter-tatigen-und-ihre-gewinne-auszuzahlen-ist-und-bleibt-der-kleinigkeit-bei-der-lucky-fetishes-spielsalon-app/ HTTP/1.1" 200 73602 "-" "Mozilla/5.0 (Windows NT 10.0; Win64; x64) AppleWebKit/537.36 (KHTML, like Gecko) Chrome/124.0.0.0 Safari/537.36"
98.98.9.39 - - [22/Apr/2026:13:53:18 +0300] "GET /play-thunderstruck-video-slot-free-free-spins-simba-games-20-casino-of-charge-2026/ HTTP/1.1" 200 73146 "-" "Mozilla/5.0 (Windows NT 10.0; Win64; x64; rv:124.0) Gecko/20100101 Firefox/124.0"
165.73.240.148 - - [22/Apr/2026:13:53:19 +0300] "POST /xmlrpc.php HTTP/1.1" 200 630 "-" "Mozilla/5.0 (Windows NT 10.0; Win64; x64) AppleWebKit/537.36 (KHTML, like Gecko) Chrome/114.0.0.0 Safari/537.36"
185.216.113.70 - - [22/Apr/2026:13:53:39 +0300] "POST /wp-cron.php?doing_wp_cron=1776855219.7148909568786621093750 HTTP/1.1" 200 448 "-" "WordPress/6.3.8; https://serhatburke.miroglu.net"
193.36.38.228 - - [22/Apr/2026:13:53:22 +0300] "POST /xmlrpc.php HTTP/1.1" 200 10247 "-" "Mozilla/5.0 (Windows NT 10.0; Win64; x64) AppleWebKit/537.36 (KHTML, like Gecko) Chrome/114.0.0.0 Safari/537.36"
193.36.38.228 - - [22/Apr/2026:13:53:39 +0300] "GET /selbige-lizenzierung-nicht-mehr-da-curacao-war-eine-ein-altesten-weiters-bekanntesten-glucksspiellizenzen-multinational/ HTTP/1.1" 200 73534 "-" "Mozilla/5.0 (Windows NT 10.0; Win64; x64) AppleWebKit/537.36 (KHTML, like Gecko) Chrome/109.0.0.0 Safari/537.36"
165.73.240.148 - - [22/Apr/2026:13:53:43 +0300] "POST /xmlrpc.php HTTP/1.1" 200 11319 "-" "Mozilla/5.0 (Windows NT 10.0; Win64; x64) AppleWebKit/537.36 (KHTML, like Gecko) Chrome/114.0.0.0 Safari/537.36"
165.73.240.148 - - [22/Apr/2026:13:54:00 +0300] "GET /il-ideale-bonus-casino-flexepin-dei-casino-legali-aams-con-italia/ HTTP/1.1" 200 73002 "-" "Mozilla/5.0 (Windows NT 10.0; rv:109.0) Gecko/20100101 Firefox/115.0"
155.94.236.24 - - [22/Apr/2026:13:54:01 +0300] "POST /xmlrpc.php HTTP/1.1" 200 630 "-" "Mozilla/5.0 (Windows NT 10.0; Win64; x64) AppleWebKit/537.36 (KHTML, like Gecko) Chrome/114.0.0.0 Safari/537.36"
193.194.106.44 - - [22/Apr/2026:13:54:07 +0300] "GET /robots.txt HTTP/1.1" 200 735 "-" "Mozilla/5.0 (Linux; Android 6.0.1; Nexus 5X Build/MMB29P) AppleWebKit/537.36 (KHTML, like Gecko) Chrome/139.0.7258.156 Mobile Safari/537.36 (compatible; Googlebot/2.1; +http://www.google.com/bot.html)"
185.216.113.70 - - [22/Apr/2026:13:54:42 +0300] "POST /wp-cron.php?doing_wp_cron=1776855282.4081559181213378906250 HTTP/1.1" 200 448 "-" "WordPress/6.3.8; https://serhatburke.miroglu.net"
193.194.106.44 - - [22/Apr/2026:13:54:25 +0300] "GET /bonus-5000-50-fs/ HTTP/1.1" 200 21305 "-" "Mozilla/5.0 (Linux; Android 6.0.1; Nexus 5X Build/MMB29P) AppleWebKit/537.36 (KHTML, like Gecko) Chrome/139.0.7258.156 Mobile Safari/537.36 (compatible; Googlebot/2.1; +http://www.google.com/bot.html)"
98.98.33.4 - - [22/Apr/2026:13:54:25 +0300] "POST /xmlrpc.php HTTP/1.1" 200 630 "-" "Mozilla/5.0 (Windows NT 10.0; Win64; x64) AppleWebKit/537.36 (KHTML, like Gecko) Chrome/114.0.0.0 Safari/537.36"
155.94.236.24 - - [22/Apr/2026:13:54:27 +0300] "POST /xmlrpc.php HTTP/1.1" 200 10270 "-" "Mozilla/5.0 (Windows NT 10.0; Win64; x64) AppleWebKit/537.36 (KHTML, like Gecko) Chrome/114.0.0.0 Safari/537.36"
155.94.236.24 - - [22/Apr/2026:13:54:47 +0300] "GET /checkliste-auf-diese-weise-findest-du-deinen-perfekten-spielbank-vermittlungsprovision-exklusive-umsatzbedingungen/ HTTP/1.1" 200 72821 "-" "Mozilla/5.0 (Windows NT 10.0; Win64; x64) AppleWebKit/537.36 (KHTML, like Gecko) Chrome/124.0.0.0 Safari/537.36"
98.98.33.4 - - [22/Apr/2026:13:54:50 +0300] "POST /xmlrpc.php HTTP/1.1" 200 13144 "-" "Mozilla/5.0 (Windows NT 10.0; Win64; x64) AppleWebKit/537.36 (KHTML, like Gecko) Chrome/114.0.0.0 Safari/537.36"
165.73.240.148 - - [22/Apr/2026:13:55:03 +0300] "POST /xmlrpc.php HTTP/1.1" 200 630 "-" "Mozilla/5.0 (Windows NT 10.0; Win64; x64) AppleWebKit/537.36 (KHTML, like Gecko) Chrome/114.0.0.0 Safari/537.36"
98.98.33.4 - - [22/Apr/2026:13:55:07 +0300] "GET /best-pokies-apps-2025-real-cash-and-you-may-free-mobile-pokies-apps/ HTTP/1.1" 200 74307 "-" "Mozilla/5.0 (Windows NT 10.0; Win64; x64) AppleWebKit/537.36 (KHTML, like Gecko) Chrome/123.0.0.0 Safari/537.36 OPR/109.0.0.0"
185.216.113.70 - - [22/Apr/2026:13:55:36 +0300] "POST /wp-cron.php?doing_wp_cron=1776855336.8921101093292236328125 HTTP/1.1" 200 448 "-" "WordPress/6.3.8; https://serhatburke.miroglu.net"
165.73.240.148 - - [22/Apr/2026:13:55:23 +0300] "POST /xmlrpc.php HTTP/1.1" 200 12101 "-" "Mozilla/5.0 (Windows NT 10.0; Win64; x64) AppleWebKit/537.36 (KHTML, like Gecko) Chrome/114.0.0.0 Safari/537.36"
165.73.240.148 - - [22/Apr/2026:13:55:39 +0300] "GET /gioca-per-paddy-primo-attore-ammaccatura-and-win-per-modalita-demo-suggerimenti-utili-100-gratis/ HTTP/1.1" 200 74173 "-" "Mozilla/5.0 (Windows NT 10.0; Win64; x64) AppleWebKit/537.36 (KHTML, like Gecko) Chrome/124.0.0.0 Safari/537.36 Edg/124.0.0.0"
155.94.236.24 - - [22/Apr/2026:13:55:56 +0300] "POST /xmlrpc.php HTTP/1.1" 200 630 "-" "Mozilla/5.0 (Windows NT 10.0; Win64; x64) AppleWebKit/537.36 (KHTML, like Gecko) Chrome/114.0.0.0 Safari/537.36"
193.36.38.228 - - [22/Apr/2026:13:56:01 +0300] "POST /xmlrpc.php HTTP/1.1" 200 692 "-" "Mozilla/5.0 (Windows NT 10.0; Win64; x64) AppleWebKit/537.36 (KHTML, like Gecko) Chrome/114.0.0.0 Safari/537.36"
185.216.113.70 - - [22/Apr/2026:13:56:28 +0300] "POST /wp-cron.php?doing_wp_cron=1776855388.7744760513305664062500 HTTP/1.1" 200 448 "-" "WordPress/6.3.8; https://serhatburke.miroglu.net"
155.94.236.24 - - [22/Apr/2026:13:56:16 +0300] "POST /xmlrpc.php HTTP/1.1" 200 9706 "-" "Mozilla/5.0 (Windows NT 10.0; Win64; x64) AppleWebKit/537.36 (KHTML, like Gecko) Chrome/114.0.0.0 Safari/537.36"
193.36.38.228 - - [22/Apr/2026:13:56:19 +0300] "POST /xmlrpc.php HTTP/1.1" 200 9726 "-" "Mozilla/5.0 (Windows NT 10.0; Win64; x64) AppleWebKit/537.36 (KHTML, like Gecko) Chrome/114.0.0.0 Safari/537.36"
155.94.236.24 - - [22/Apr/2026:13:56:29 +0300] "GET /unser-bonusangebot-uff-der-titelseite-des-eigenen-online-casinos-ist-reizend/ HTTP/1.1" 200 71531 "-" "Mozilla/5.0 (Windows NT 10.0; Win64; x64; rv:125.0) Gecko/20100101 Firefox/125.0"
193.36.38.228 - - [22/Apr/2026:13:56:35 +0300] "GET /du-findest-im-internet-zahlreiche-verbunden-casinos-%EF%BF%BD-jedoch-das-wird-dies-ausgezeichnete/ HTTP/1.1" 200 72076 "-" "Mozilla/5.0 (Windows NT 10.0; rv:125.0) Gecko/20100101 Firefox/125.0"
165.73.240.148 - - [22/Apr/2026:13:56:42 +0300] "POST /xmlrpc.php HTTP/1.1" 200 630 "-" "Mozilla/5.0 (Windows NT 10.0; Win64; x64) AppleWebKit/537.36 (KHTML, like Gecko) Chrome/114.0.0.0 Safari/537.36"
165.73.240.148 - - [22/Apr/2026:13:57:03 +0300] "POST /xmlrpc.php HTTP/1.1" 200 11850 "-" "Mozilla/5.0 (Windows NT 10.0; Win64; x64) AppleWebKit/537.36 (KHTML, like Gecko) Chrome/114.0.0.0 Safari/537.36"
165.73.240.148 - - [22/Apr/2026:13:57:17 +0300] "GET /migliori-casa-da-unlimluck-bonus-di-caca-niqueis-gioco-online-aams-sommita-10-siti-con-italia-nel-2026/ HTTP/1.1" 200 74267 "-" "Mozilla/5.0 (Windows NT 10.0; Win64; x64) AppleWebKit/537.36 (KHTML, like Gecko) Chrome/123.0.0.0 Safari/537.36 OPR/109.0.0.0"
185.216.113.70 - - [22/Apr/2026:13:57:46 +0300] "POST /wp-cron.php?doing_wp_cron=1776855466.2523970603942871093750 HTTP/1.1" 200 448 "-" "WordPress/6.3.8; https://serhatburke.miroglu.net"
155.94.236.24 - - [22/Apr/2026:13:57:33 +0300] "POST /xmlrpc.php HTTP/1.1" 200 630 "-" "Mozilla/5.0 (Windows NT 10.0; Win64; x64) AppleWebKit/537.36 (KHTML, like Gecko) Chrome/114.0.0.0 Safari/537.36"
207.46.13.7 - - [22/Apr/2026:13:57:51 +0300] "GET /how-bscscan-is-revolutionizing-crypto-trading/ HTTP/2" 200 17413 "-" "Mozilla/5.0 AppleWebKit/537.36 (KHTML, like Gecko; compatible; bingbot/2.0; +http://www.bing.com/bingbot.htm) Chrome/116.0.1938.76 Safari/537.36"
155.94.236.24 - - [22/Apr/2026:13:57:52 +0300] "POST /xmlrpc.php HTTP/1.1" 200 9670 "-" "Mozilla/5.0 (Windows NT 10.0; Win64; x64) AppleWebKit/537.36 (KHTML, like Gecko) Chrome/114.0.0.0 Safari/537.36"
40.77.167.24 - - [22/Apr/2026:13:57:56 +0300] "GET /discover-tronscan-your-ultimate-guide-to-tron-insights/ HTTP/2" 200 17398 "-" "Mozilla/5.0 AppleWebKit/537.36 (KHTML, like Gecko; compatible; bingbot/2.0; +http://www.bing.com/bingbot.htm) Chrome/116.0.1938.76 Safari/537.36"
155.94.236.24 - - [22/Apr/2026:13:58:15 +0300] "GET /wie-gleichfalls-darf-selbst-diesseitigen-european-country-casino-bonus-abzuglich-einzahlung-bedurfen/ HTTP/1.1" 200 72402 "-" "Mozilla/5.0 (Windows NT 10.0; Win64; x64) AppleWebKit/537.36 (KHTML, like Gecko) Chrome/123.0.0.0 Safari/537.36 OPR/109.0.0.0"
185.216.113.70 - - [22/Apr/2026:13:58:43 +0300] "POST /wp-cron.php?doing_wp_cron=1776855523.2859759330749511718750 HTTP/1.1" 200 448 "-" "WordPress/6.3.8; https://serhatburke.miroglu.net"
207.46.13.7 - - [22/Apr/2026:13:58:20 +0300] "GET /are-common-the-fresh-new-cellular-ports-incorporated-at-no-cost-towards-the-fresh-app/ HTTP/2" 200 17083 "-" "Mozilla/5.0 AppleWebKit/537.36 (KHTML, like Gecko; compatible; bingbot/2.0; +http://www.bing.com/bingbot.htm) Chrome/116.0.1938.76 Safari/537.36"
165.73.240.148 - - [22/Apr/2026:13:58:22 +0300] "POST /xmlrpc.php HTTP/1.1" 200 630 "-" "Mozilla/5.0 (Windows NT 10.0; Win64; x64) AppleWebKit/537.36 (KHTML, like Gecko) Chrome/114.0.0.0 Safari/537.36"
40.77.167.24 - - [22/Apr/2026:13:58:25 +0300] "GET /enhance-trading-efficiency-with-dexscreener-and-dex-scanners/ HTTP/2" 200 17475 "-" "Mozilla/5.0 AppleWebKit/537.36 (KHTML, like Gecko; compatible; bingbot/2.0; +http://www.bing.com/bingbot.htm) Chrome/116.0.1938.76 Safari/537.36"
98.98.33.4 - - [22/Apr/2026:13:58:28 +0300] "POST /xmlrpc.php HTTP/1.1" 200 630 "-" "Mozilla/5.0 (Windows NT 10.0; Win64; x64) AppleWebKit/537.36 (KHTML, like Gecko) Chrome/114.0.0.0 Safari/537.36"
193.36.38.228 - - [22/Apr/2026:13:58:39 +0300] "POST /xmlrpc.php HTTP/1.1" 200 692 "-" "Mozilla/5.0 (Windows NT 10.0; Win64; x64) AppleWebKit/537.36 (KHTML, like Gecko) Chrome/114.0.0.0 Safari/537.36"
165.73.240.148 - - [22/Apr/2026:13:58:57 +0300] "POST /xmlrpc.php HTTP/1.1" 200 12378 "-" "Mozilla/5.0 (Windows NT 10.0; Win64; x64) AppleWebKit/537.36 (KHTML, like Gecko) Chrome/114.0.0.0 Safari/537.36"
98.98.33.4 - - [22/Apr/2026:13:59:01 +0300] "POST /xmlrpc.php HTTP/1.1" 200 13763 "-" "Mozilla/5.0 (Windows NT 10.0; Win64; x64) AppleWebKit/537.36 (KHTML, like Gecko) Chrome/114.0.0.0 Safari/537.36"
193.36.38.228 - - [22/Apr/2026:13:59:06 +0300] "POST /xmlrpc.php HTTP/1.1" 200 9470 "-" "Mozilla/5.0 (Windows NT 10.0; Win64; x64) AppleWebKit/537.36 (KHTML, like Gecko) Chrome/114.0.0.0 Safari/537.36"
185.216.113.70 - - [22/Apr/2026:13:59:40 +0300] "POST /wp-cron.php?doing_wp_cron=1776855580.2658269405364990234375 HTTP/1.1" 200 448 "-" "WordPress/6.3.8; https://serhatburke.miroglu.net"
165.73.240.148 - - [22/Apr/2026:13:59:15 +0300] "GET /winspark-posto-pubblico-del-bisca-scarica-lapplicazione-di-login-beonbet-online-in-italia/ HTTP/1.1" 200 74476 "-" "Mozilla/5.0 (Windows NT 10.0; Win64; x64; rv:125.0) Gecko/20100101 Firefox/125.0"
155.94.236.24 - - [22/Apr/2026:13:59:18 +0300] "POST /xmlrpc.php HTTP/1.1" 200 630 "-" "Mozilla/5.0 (Windows NT 10.0; Win64; x64) AppleWebKit/537.36 (KHTML, like Gecko) Chrome/114.0.0.0 Safari/537.36"
98.98.33.4 - - [22/Apr/2026:13:59:19 +0300] "GET /a-real-income-on-line-pokies-around-australia-and-no-deposit-necessary-best-no-deposit-incentives-to-own-bien-au-a-real-income-pokie-participants/ HTTP/1.1" 200 76963 "-" "Mozilla/5.0 (Windows NT 10.0; Win64; x64) AppleWebKit/537.36 (KHTML, like Gecko) Chrome/122.0.0.0 Safari/537.36"
193.36.38.228 - - [22/Apr/2026:13:59:27 +0300] "GET /unser-sinnvolle-deutsche-verbunden-spielsalon-schutz-oder-zuverlassigkeit-der-spieler/ HTTP/1.1" 200 71970 "-" "Mozilla/5.0 (Windows NT 10.0; Win64; x64) AppleWebKit/537.36 (KHTML, like Gecko) Chrome/124.0.0.0 Safari/537.36 Edg/124.0.0.0"
155.94.236.24 - - [22/Apr/2026:13:59:50 +0300] "POST /xmlrpc.php HTTP/1.1" 200 10047 "-" "Mozilla/5.0 (Windows NT 10.0; Win64; x64) AppleWebKit/537.36 (KHTML, like Gecko) Chrome/114.0.0.0 Safari/537.36"
165.73.240.148 - - [22/Apr/2026:13:59:58 +0300] "POST /xmlrpc.php HTTP/1.1" 200 630 "-" "Mozilla/5.0 (Windows NT 10.0; Win64; x64) AppleWebKit/537.36 (KHTML, like Gecko) Chrome/114.0.0.0 Safari/537.36"
155.94.236.24 - - [22/Apr/2026:14:00:09 +0300] "GET /genau-so-wie-kann-adult-male-diesseitigen-spielcasino-vermittlungsprovision-frei-einzahlung-einzahlen/ HTTP/1.1" 200 72934 "-" "Mozilla/5.0 (Windows NT 10.0; Win64; x64) AppleWebKit/537.36 (KHTML, like Gecko) Chrome/124.0.0.0 Safari/537.36"
185.216.113.70 - - [22/Apr/2026:14:00:33 +0300] "POST /wp-cron.php?doing_wp_cron=1776855633.2897090911865234375000 HTTP/1.1" 200 448 "-" "WordPress/6.3.8; https://serhatburke.miroglu.net"
165.73.240.148 - - [22/Apr/2026:14:00:21 +0300] "POST /xmlrpc.php HTTP/1.1" 200 11351 "-" "Mozilla/5.0 (Windows NT 10.0; Win64; x64) AppleWebKit/537.36 (KHTML, like Gecko) Chrome/114.0.0.0 Safari/537.36"
165.73.240.148 - - [22/Apr/2026:14:00:35 +0300] "GET /888-quello-che-e-lapplicazione-abu-king-casino-gratifica-di-benvenuto-di-nuovo-opinioni/ HTTP/1.1" 200 73299 "-" "Mozilla/5.0 (Windows NT 10.0; Win64; x64; rv:124.0) Gecko/20100101 Firefox/124.0"
193.36.38.228 - - [22/Apr/2026:14:00:55 +0300] "POST /xmlrpc.php HTTP/1.1" 200 692 "-" "Mozilla/5.0 (Windows NT 10.0; Win64; x64) AppleWebKit/537.36 (KHTML, like Gecko) Chrome/114.0.0.0 Safari/537.36"
155.94.236.24 - - [22/Apr/2026:14:00:59 +0300] "POST /xmlrpc.php HTTP/1.1" 200 630 "-" "Mozilla/5.0 (Windows NT 10.0; Win64; x64) AppleWebKit/537.36 (KHTML, like Gecko) Chrome/114.0.0.0 Safari/537.36"
185.216.113.70 - - [22/Apr/2026:14:01:30 +0300] "POST /wp-cron.php?doing_wp_cron=1776855690.0637869834899902343750 HTTP/1.1" 200 448 "-" "WordPress/6.3.8; https://serhatburke.miroglu.net"
193.36.38.228 - - [22/Apr/2026:14:01:16 +0300] "POST /xmlrpc.php HTTP/1.1" 200 9842 "-" "Mozilla/5.0 (Windows NT 10.0; Win64; x64) AppleWebKit/537.36 (KHTML, like Gecko) Chrome/114.0.0.0 Safari/537.36"
155.94.236.24 - - [22/Apr/2026:14:01:18 +0300] "POST /xmlrpc.php HTTP/1.1" 200 10113 "-" "Mozilla/5.0 (Windows NT 10.0; Win64; x64) AppleWebKit/537.36 (KHTML, like Gecko) Chrome/114.0.0.0 Safari/537.36"
165.73.240.148 - - [22/Apr/2026:14:01:33 +0300] "POST /xmlrpc.php HTTP/1.1" 200 630 "-" "Mozilla/5.0 (Windows NT 10.0; Win64; x64) AppleWebKit/537.36 (KHTML, like Gecko) Chrome/114.0.0.0 Safari/537.36"
155.94.236.24 - - [22/Apr/2026:14:01:32 +0300] "GET /das-vergutungsfrei-provision-sei-wie-uber-wanneer-nebensachlich-praktisch-auf-implementiert-jedem-auf-wunsch/ HTTP/1.1" 200 73161 "-" "Mozilla/5.0 (Windows NT 10.0; Win64; x64) AppleWebKit/537.36 (KHTML, like Gecko) Chrome/123.0.0.0 Safari/537.36"
193.36.38.228 - - [22/Apr/2026:14:01:33 +0300] "GET /haufig-gestellte-fragen-%EF%BF%BD-faq-zur-verbunden-casinos-verkettete-liste/ HTTP/1.1" 200 71679 "-" "Mozilla/5.0 (Windows NT 10.0; rv:125.0) Gecko/20100101 Firefox/125.0"
165.73.240.148 - - [22/Apr/2026:14:02:05 +0300] "POST /xmlrpc.php HTTP/1.1" 200 11168 "-" "Mozilla/5.0 (Windows NT 10.0; Win64; x64) AppleWebKit/537.36 (KHTML, like Gecko) Chrome/114.0.0.0 Safari/537.36"
165.73.240.148 - - [22/Apr/2026:14:02:19 +0300] "GET /premio-saluto-2026-manuale-anche-lista-per-casino-visa-2024-giocatori-del-bisca/ HTTP/1.1" 200 72942 "-" "Mozilla/5.0 (Windows NT 10.0; Win64; x64; rv:124.0) Gecko/20100101 Firefox/124.0"
185.216.113.70 - - [22/Apr/2026:14:02:39 +0300] "POST /wp-cron.php?doing_wp_cron=1776855759.0723199844360351562500 HTTP/1.1" 200 448 "-" "WordPress/6.3.8; https://serhatburke.miroglu.net"
98.98.33.4 - - [22/Apr/2026:14:02:25 +0300] "POST /xmlrpc.php HTTP/1.1" 200 630 "-" "Mozilla/5.0 (Windows NT 10.0; Win64; x64) AppleWebKit/537.36 (KHTML, like Gecko) Chrome/114.0.0.0 Safari/537.36"
155.94.236.24 - - [22/Apr/2026:14:02:42 +0300] "POST /xmlrpc.php HTTP/1.1" 200 630 "-" "Mozilla/5.0 (Windows NT 10.0; Win64; x64) AppleWebKit/537.36 (KHTML, like Gecko) Chrome/114.0.0.0 Safari/537.36"
98.98.33.4 - - [22/Apr/2026:14:02:45 +0300] "POST /xmlrpc.php HTTP/1.1" 200 11993 "-" "Mozilla/5.0 (Windows NT 10.0; Win64; x64) AppleWebKit/537.36 (KHTML, like Gecko) Chrome/114.0.0.0 Safari/537.36"
165.73.240.148 - - [22/Apr/2026:14:02:56 +0300] "POST /xmlrpc.php HTTP/1.1" 200 630 "-" "Mozilla/5.0 (Windows NT 10.0; Win64; x64) AppleWebKit/537.36 (KHTML, like Gecko) Chrome/114.0.0.0 Safari/537.36"
173.252.70.30 - - [22/Apr/2026:14:03:13 +0300] "GET /robots.txt HTTP/2" 200 0 "-" "facebookexternalhit/1.1 (+http://www.facebook.com/externalhit_uatext.php)"
98.98.33.4 - - [22/Apr/2026:14:03:03 +0300] "GET /no-deposit-incentives-nz-greatest-discounts-to-own-2026/ HTTP/1.1" 200 72751 "-" "Mozilla/5.0 (Windows NT 10.0; Win64; x64) AppleWebKit/537.36 (KHTML, like Gecko) Chrome/123.0.0.0 Safari/537.36"
173.252.82.2 - - [22/Apr/2026:14:03:19 +0300] "GET /robots.txt HTTP/2" 200 0 "-" "facebookexternalhit/1.1 (+http://www.facebook.com/externalhit_uatext.php)"
155.94.236.24 - - [22/Apr/2026:14:03:05 +0300] "POST /xmlrpc.php HTTP/1.1" 200 10346 "-" "Mozilla/5.0 (Windows NT 10.0; Win64; x64) AppleWebKit/537.36 (KHTML, like Gecko) Chrome/114.0.0.0 Safari/537.36"
185.216.113.70 - - [22/Apr/2026:14:03:43 +0300] "POST /wp-cron.php?doing_wp_cron=1776855823.6500849723815917968750 HTTP/1.1" 200 448 "-" "WordPress/6.3.8; https://serhatburke.miroglu.net"
193.36.38.228 - - [22/Apr/2026:14:03:15 +0300] "POST /xmlrpc.php HTTP/1.1" 200 692 "-" "Mozilla/5.0 (Windows NT 10.0; Win64; x64) AppleWebKit/537.36 (KHTML, like Gecko) Chrome/114.0.0.0 Safari/537.36"
165.73.240.148 - - [22/Apr/2026:14:03:19 +0300] "POST /xmlrpc.php HTTP/1.1" 200 12116 "-" "Mozilla/5.0 (Windows NT 10.0; Win64; x64) AppleWebKit/537.36 (KHTML, like Gecko) Chrome/114.0.0.0 Safari/537.36"
89.23.120.67 - - [22/Apr/2026:14:03:28 +0300] "POST /xmlrpc.php HTTP/2" 200 0 "-" "WordPress/XMLRPC Client"
155.94.236.24 - - [22/Apr/2026:14:03:32 +0300] "GET /nachfolgende-complimentary-spins-seien-untergeordnet-dahinter-verschiedenen-gelegenheiten-verleihen-man-sagt-sie-seien-danach-uber-unterschiedlichen-regeln-verknupft/ HTTP/1.1" 200 74583 "-" "Mozilla/5.0 (Windows NT 10.0; Win64; x64; rv:125.0) Gecko/20100101 Firefox/125.0"
190.172.5.12 - - [22/Apr/2026:14:04:00 +0300] "POST /xmlrpc.php HTTP/2" 200 0 "-" "WordPress/XMLRPC Client"
157.55.39.9 - - [22/Apr/2026:14:04:02 +0300] "GET /casino-marbella-vibra-con-la-empuje-pictorica-sobre-jacob-asisten-doorn/ HTTP/2" 200 0 "-" "Mozilla/5.0 AppleWebKit/537.36 (KHTML, like Gecko; compatible; bingbot/2.0; +http://www.bing.com/bingbot.htm) Chrome/116.0.1938.76 Safari/537.36"
40.77.167.24 - - [22/Apr/2026:14:04:04 +0300] "GET /is-sind-quoten-bei-dem-ball-weiters-genau-so-wie-tun-welche/ HTTP/2" 200 0 "-" "Mozilla/5.0 AppleWebKit/537.36 (KHTML, like Gecko; compatible; bingbot/2.0; +http://www.bing.com/bingbot.htm) Chrome/116.0.1938.76 Safari/537.36"
185.216.113.70 - - [22/Apr/2026:14:04:54 +0300] "POST /wp-cron.php?doing_wp_cron=1776855893.9538779258728027343750 HTTP/1.1" 200 448 "-" "WordPress/6.3.8; https://serhatburke.miroglu.net"
40.77.167.17 - - [22/Apr/2026:14:04:05 +0300] "GET /unser-7-grosten-book-of-casino-online-power-stars-mobile-slots-dead-mythen-fur-jedes-2026-enthullt/ HTTP/2" 200 0 "-" "Mozilla/5.0 AppleWebKit/537.36 (KHTML, like Gecko; compatible; bingbot/2.0; +http://www.bing.com/bingbot.htm) Chrome/116.0.1938.76 Safari/537.36"
157.55.39.9 - - [22/Apr/2026:14:04:06 +0300] "GET /sfida-frammezzo-a-i-casa-da-gioco-online-mediante-bonus-privato-di-intricato/ HTTP/2" 200 0 "-" "Mozilla/5.0 AppleWebKit/537.36 (KHTML, like Gecko; compatible; bingbot/2.0; +http://www.bing.com/bingbot.htm) Chrome/116.0.1938.76 Safari/537.36"
165.73.240.148 - - [22/Apr/2026:14:03:53 +0300] "GET /gratifica-senza-deposito-del-bisca-attacco-siti-di-casino-con-flexepin-italia-premi-gratuiti/ HTTP/1.1" 200 74304 "-" "Mozilla/5.0 (Windows NT 10.0; Win64; x64) AppleWebKit/537.36 (KHTML, like Gecko) Chrome/123.0.0.0 Safari/537.36 OPR/109.0.0.0"
185.216.113.70 - - [22/Apr/2026:14:05:00 +0300] "POST /wp-cron.php?doing_wp_cron=1776855900.3372249603271484375000 HTTP/1.1" 200 448 "-" "WordPress/6.3.8; https://serhatburke.miroglu.net"
193.36.38.228 - - [22/Apr/2026:14:03:55 +0300] "POST /xmlrpc.php HTTP/1.1" 200 9957 "-" "Mozilla/5.0 (Windows NT 10.0; Win64; x64) AppleWebKit/537.36 (KHTML, like Gecko) Chrome/114.0.0.0 Safari/537.36"
39.62.193.224 - - [22/Apr/2026:14:04:32 +0300] "POST /xmlrpc.php HTTP/2" 200 0 "-" "WordPress/XMLRPC Client"
40.77.167.24 - - [22/Apr/2026:14:04:14 +0300] "GET /ultimat-online-casino-magic-love-onlinespelautomat-2025-komplett-guide-innan-svenska-sprake-lirar/ HTTP/2" 200 0 "-" "Mozilla/5.0 AppleWebKit/537.36 (KHTML, like Gecko; compatible; bingbot/2.0; +http://www.bing.com/bingbot.htm) Chrome/116.0.1938.76 Safari/537.36"
185.216.113.70 - - [22/Apr/2026:14:05:12 +0300] "POST /wp-cron.php?doing_wp_cron=1776855911.8995769023895263671875 HTTP/1.1" 200 448 "-" "WordPress/6.3.8; https://serhatburke.miroglu.net"
185.216.113.70 - - [22/Apr/2026:14:05:16 +0300] "POST /wp-cron.php?doing_wp_cron=1776855916.5800080299377441406250 HTTP/1.1" 200 448 "-" "WordPress/6.3.8; https://serhatburke.miroglu.net"
103.219.169.214 - - [22/Apr/2026:14:04:02 +0300] "POST /xmlrpc.php HTTP/1.1" 200 630 "-" "Mozilla/5.0 (Windows NT 10.0; Win64; x64) AppleWebKit/537.36 (KHTML, like Gecko) Chrome/114.0.0.0 Safari/537.36"
185.216.113.70 - - [22/Apr/2026:14:05:25 +0300] "POST /wp-cron.php?doing_wp_cron=1776855925.4510159492492675781250 HTTP/1.1" 200 448 "-" "WordPress/6.3.8; https://serhatburke.miroglu.net"
190.44.21.134 - - [22/Apr/2026:14:05:03 +0300] "POST /xmlrpc.php HTTP/2" 200 0 "-" "WordPress/XMLRPC Client"
185.216.113.70 - - [22/Apr/2026:14:05:34 +0300] "POST /wp-cron.php?doing_wp_cron=1776855934.1599390506744384765625 HTTP/1.1" 200 448 "-" "WordPress/6.3.8; https://serhatburke.miroglu.net"
155.94.236.24 - - [22/Apr/2026:14:04:17 +0300] "POST /xmlrpc.php HTTP/1.1" 200 630 "-" "Mozilla/5.0 (Windows NT 10.0; Win64; x64) AppleWebKit/537.36 (KHTML, like Gecko) Chrome/114.0.0.0 Safari/537.36"
157.55.39.9 - - [22/Apr/2026:14:05:02 +0300] "GET /7-basta-casino-online-the-money-drop-120-gratissnurr-i-sverige-2026/ HTTP/2" 200 0 "-" "Mozilla/5.0 AppleWebKit/537.36 (KHTML, like Gecko; compatible; bingbot/2.0; +http://www.bing.com/bingbot.htm) Chrome/116.0.1938.76 Safari/537.36"
185.216.113.70 - - [22/Apr/2026:14:05:51 +0300] "POST /wp-cron.php?doing_wp_cron=1776855951.8504910469055175781250 HTTP/1.1" 200 448 "-" "WordPress/6.3.8; https://serhatburke.miroglu.net"
98.98.9.39 - - [22/Apr/2026:14:04:32 +0300] "POST /xmlrpc.php HTTP/1.1" 200 630 "-" "Mozilla/5.0 (Windows NT 10.0; Win64; x64) AppleWebKit/537.36 (KHTML, like Gecko) Chrome/114.0.0.0 Safari/537.36"
185.216.113.70 - - [22/Apr/2026:14:06:01 +0300] "POST /wp-cron.php?doing_wp_cron=1776855961.7302520275115966796875 HTTP/1.1" 200 448 "-" "WordPress/6.3.8; https://serhatburke.miroglu.net"
165.73.240.148 - - [22/Apr/2026:14:04:41 +0300] "POST /xmlrpc.php HTTP/1.1" 200 630 "-" "Mozilla/5.0 (Windows NT 10.0; Win64; x64) AppleWebKit/537.36 (KHTML, like Gecko) Chrome/114.0.0.0 Safari/537.36"
170.168.172.175 - - [22/Apr/2026:14:05:33 +0300] "POST /xmlrpc.php HTTP/2" 200 0 "-" "WordPress/XMLRPC Client"
78.150.25.249 - - [22/Apr/2026:14:05:46 +0300] "POST /xmlrpc.php HTTP/2" 200 0 "-" "WordPress/XMLRPC Client"
193.36.38.228 - - [22/Apr/2026:14:05:00 +0300] "GET /selbige-three-besten-casino-boni-bekannt-gemacht-die-deals-darf-selbst-warmstens-anraten/ HTTP/1.1" 200 72469 "-" "Mozilla/5.0 (Windows NT 10.0; rv:125.0) Gecko/20100101 Firefox/125.0"
155.212.39.172 - - [22/Apr/2026:14:06:20 +0300] "POST /xmlrpc.php HTTP/2" 200 0 "-" "WordPress/XMLRPC Client"
193.36.38.228 - - [22/Apr/2026:14:05:36 +0300] "POST /xmlrpc.php HTTP/1.1" 200 692 "-" "Mozilla/5.0 (Windows NT 10.0; Win64; x64) AppleWebKit/537.36 (KHTML, like Gecko) Chrome/114.0.0.0 Safari/537.36"
103.219.169.214 - - [22/Apr/2026:14:05:23 +0300] "POST /xmlrpc.php HTTP/1.1" 200 11778 "-" "Mozilla/5.0 (Windows NT 10.0; Win64; x64) AppleWebKit/537.36 (KHTML, like Gecko) Chrome/114.0.0.0 Safari/537.36"
185.216.113.70 - - [22/Apr/2026:14:07:11 +0300] "POST /wp-cron.php?doing_wp_cron=1776856030.8314781188964843750000 HTTP/1.1" 200 448 "-" "WordPress/6.3.8; https://serhatburke.miroglu.net"
155.94.236.24 - - [22/Apr/2026:14:05:41 +0300] "POST /xmlrpc.php HTTP/1.1" 200 10628 "-" "Mozilla/5.0 (Windows NT 10.0; Win64; x64) AppleWebKit/537.36 (KHTML, like Gecko) Chrome/114.0.0.0 Safari/537.36"
155.94.236.24 - - [22/Apr/2026:14:05:50 +0300] "POST /xmlrpc.php HTTP/1.1" 200 630 "-" "Mozilla/5.0 (Windows NT 10.0; Win64; x64) AppleWebKit/537.36 (KHTML, like Gecko) Chrome/114.0.0.0 Safari/537.36"
185.216.113.70 - - [22/Apr/2026:14:07:39 +0300] "POST /wp-cron.php?doing_wp_cron=1776856058.9299669265747070312500 HTTP/1.1" 200 448 "-" "WordPress/6.3.8; https://serhatburke.miroglu.net"
165.73.240.148 - - [22/Apr/2026:14:06:09 +0300] "POST /xmlrpc.php HTTP/1.1" 200 12110 "-" "Mozilla/5.0 (Windows NT 10.0; Win64; x64) AppleWebKit/537.36 (KHTML, like Gecko) Chrome/114.0.0.0 Safari/537.36"
98.98.9.39 - - [22/Apr/2026:14:05:59 +0300] "POST /xmlrpc.php HTTP/1.1" 200 11435 "-" "Mozilla/5.0 (Windows NT 10.0; Win64; x64) AppleWebKit/537.36 (KHTML, like Gecko) Chrome/114.0.0.0 Safari/537.36"
185.216.113.70 - - [22/Apr/2026:14:07:44 +0300] "POST /wp-cron.php?doing_wp_cron=1776856064.1573719978332519531250 HTTP/1.1" 200 448 "-" "WordPress/6.3.8; https://serhatburke.miroglu.net"
98.98.33.4 - - [22/Apr/2026:14:06:15 +0300] "POST /xmlrpc.php HTTP/1.1" 200 630 "-" "Mozilla/5.0 (Windows NT 10.0; Win64; x64) AppleWebKit/537.36 (KHTML, like Gecko) Chrome/114.0.0.0 Safari/537.36"
185.216.113.70 - - [22/Apr/2026:14:07:46 +0300] "POST /wp-cron.php?doing_wp_cron=1776856066.3740270137786865234375 HTTP/1.1" 200 448 "-" "WordPress/6.3.8; https://serhatburke.miroglu.net"
165.73.240.148 - - [22/Apr/2026:14:06:08 +0300] "POST /xmlrpc.php HTTP/1.1" 200 630 "-" "Mozilla/5.0 (Windows NT 10.0; Win64; x64) AppleWebKit/537.36 (KHTML, like Gecko) Chrome/114.0.0.0 Safari/537.36"
203.9.211.150 - - [22/Apr/2026:14:07:21 +0300] "POST /xmlrpc.php HTTP/2" 200 0 "-" "WordPress/XMLRPC Client"
185.216.113.70 - - [22/Apr/2026:14:07:57 +0300] "POST /wp-cron.php?doing_wp_cron=1776856076.9546949863433837890625 HTTP/1.1" 200 448 "-" "WordPress/6.3.8; https://serhatburke.miroglu.net"
154.192.133.99 - - [22/Apr/2026:14:07:53 +0300] "POST /xmlrpc.php HTTP/2" 200 0 "-" "WordPress/XMLRPC Client"
185.216.113.70 - - [22/Apr/2026:14:08:30 +0300] "POST /wp-cron.php?doing_wp_cron=1776856110.0723669528961181640625 HTTP/1.1" 200 448 "-" "WordPress/6.3.8; https://serhatburke.miroglu.net"
193.36.38.228 - - [22/Apr/2026:14:07:00 +0300] "POST /xmlrpc.php HTTP/1.1" 200 9960 "-" "Mozilla/5.0 (Windows NT 10.0; Win64; x64) AppleWebKit/537.36 (KHTML, like Gecko) Chrome/114.0.0.0 Safari/537.36"
185.216.113.70 - - [22/Apr/2026:14:08:43 +0300] "POST /wp-cron.php?doing_wp_cron=1776856123.5904591083526611328125 HTTP/1.1" 200 448 "-" "WordPress/6.3.8; https://serhatburke.miroglu.net"
103.219.169.214 - - [22/Apr/2026:14:07:01 +0300] "GET /eye-of-horus-gratis-queen-hearts-deluxe-casino-slot-vortragen-traktandum-innerster-planet-spiele-2026/ HTTP/1.1" 200 74127 "-" "Mozilla/5.0 (Windows NT 10.0; Win64; x64) AppleWebKit/537.36 (KHTML, like Gecko) Chrome/124.0.0.0 Safari/537.36 Edg/124.0.0.0"
155.94.236.24 - - [22/Apr/2026:14:07:17 +0300] "POST /xmlrpc.php HTTP/1.1" 200 630 "-" "Mozilla/5.0 (Windows NT 10.0; Win64; x64) AppleWebKit/537.36 (KHTML, like Gecko) Chrome/114.0.0.0 Safari/537.36"
185.216.113.70 - - [22/Apr/2026:14:08:57 +0300] "POST /wp-cron.php?doing_wp_cron=1776856137.2579829692840576171875 HTTP/1.1" 200 448 "-" "WordPress/6.3.8; https://serhatburke.miroglu.net"
157.55.39.9 - - [22/Apr/2026:14:08:22 +0300] "GET /jagd1-de-jagdgelegenheiten-bundesweit-29-3/ HTTP/2" 200 0 "-" "Mozilla/5.0 AppleWebKit/537.36 (KHTML, like Gecko; compatible; bingbot/2.0; +http://www.bing.com/bingbot.htm) Chrome/116.0.1938.76 Safari/537.36"
185.216.113.70 - - [22/Apr/2026:14:09:11 +0300] "POST /wp-cron.php?doing_wp_cron=1776856150.7518930435180664062500 HTTP/1.1" 200 448 "-" "WordPress/6.3.8; https://serhatburke.miroglu.net"
185.216.113.70 - - [22/Apr/2026:14:09:12 +0300] "POST /wp-cron.php?doing_wp_cron=1776856151.8319869041442871093750 HTTP/1.1" 200 448 "-" "WordPress/6.3.8; https://serhatburke.miroglu.net"
155.94.236.24 - - [22/Apr/2026:14:07:12 +0300] "GET /nach-sorgfaltiger-test-durch-erlaubniskarte-image-unter-anderem-bonusbedingungen-lizenzieren-umherwandern-etliche-empfehlenswerte-casinos-ausgehen/ HTTP/1.1" 500 745 "-" "Mozilla/5.0 (Windows NT 10.0; rv:109.0) Gecko/20100101 Firefox/115.0"
98.98.9.39 - - [22/Apr/2026:14:07:22 +0300] "POST /xmlrpc.php HTTP/1.1" 200 630 "-" "Mozilla/5.0 (Windows NT 10.0; Win64; x64) AppleWebKit/537.36 (KHTML, like Gecko) Chrome/114.0.0.0 Safari/537.36"
52.167.144.204 - - [22/Apr/2026:14:08:26 +0300] "GET /kasino-pramie-abzuglich-einzahlung-2026-der-komplette-untersuchung-guide-via-auszahlungsgarantie/ HTTP/2" 200 0 "-" "Mozilla/5.0 AppleWebKit/537.36 (KHTML, like Gecko; compatible; bingbot/2.0; +http://www.bing.com/bingbot.htm) Chrome/116.0.1938.76 Safari/537.36"
155.94.236.24 - - [22/Apr/2026:14:07:30 +0300] "POST /xmlrpc.php HTTP/1.1" 500 745 "-" "Mozilla/5.0 (Windows NT 10.0; Win64; x64) AppleWebKit/537.36 (KHTML, like Gecko) Chrome/114.0.0.0 Safari/537.36"
165.73.240.148 - - [22/Apr/2026:14:07:40 +0300] "POST /xmlrpc.php HTTP/1.1" 500 745 "-" "Mozilla/5.0 (Windows NT 10.0; Win64; x64) AppleWebKit/537.36 (KHTML, like Gecko) Chrome/114.0.0.0 Safari/537.36"
165.73.240.148 - - [22/Apr/2026:14:07:40 +0300] "GET /il-premio-di-catalogazione-offre-20e-gratuiti-verso-i-nuovi-utenza-che-completano-la-incisione-classica-quando-coloro-come-scelgono-la-registrazione-accesso-spid-ricevono-un-gratifica-bonus-yoyospins/ HTTP/1.1" 500 745 "-" "Mozilla/5.0 (Windows NT 10.0; Win64; x64) AppleWebKit/537.36 (KHTML, like Gecko) Chrome/124.0.0.0 Safari/537.36 Edg/124.0.0.0"
98.98.9.39 - - [22/Apr/2026:14:07:44 +0300] "POST /xmlrpc.php HTTP/1.1" 500 745 "-" "Mozilla/5.0 (Windows NT 10.0; Win64; x64) AppleWebKit/537.36 (KHTML, like Gecko) Chrome/114.0.0.0 Safari/537.36"
165.73.240.148 - - [22/Apr/2026:14:07:48 +0300] "POST /xmlrpc.php HTTP/1.1" 500 745 "-" "Mozilla/5.0 (Windows NT 10.0; Win64; x64) AppleWebKit/537.36 (KHTML, like Gecko) Chrome/114.0.0.0 Safari/537.36"
98.98.33.4 - - [22/Apr/2026:14:07:53 +0300] "POST /xmlrpc.php HTTP/1.1" 500 745 "-" "Mozilla/5.0 (Windows NT 10.0; Win64; x64) AppleWebKit/537.36 (KHTML, like Gecko) Chrome/114.0.0.0 Safari/537.36"
193.36.38.228 - - [22/Apr/2026:14:07:58 +0300] "POST /xmlrpc.php HTTP/1.1" 500 807 "-" "Mozilla/5.0 (Windows NT 10.0; Win64; x64) AppleWebKit/537.36 (KHTML, like Gecko) Chrome/114.0.0.0 Safari/537.36"
98.98.9.39 - - [22/Apr/2026:14:09:54 +0300] "POST /xmlrpc.php HTTP/1.1" 503 386 "-" "Mozilla/5.0 (Windows NT 10.0; Win64; x64) AppleWebKit/537.36 (KHTML, like Gecko) Chrome/114.0.0.0 Safari/537.36"
52.167.144.204 - - [22/Apr/2026:14:09:36 +0300] "GET /natcasino-basta-svenska-natcasinon-2026-80-jackpot-6000-plats-upprakning/ HTTP/2" 503 28 "-" "Mozilla/5.0 AppleWebKit/537.36 (KHTML, like Gecko; compatible; bingbot/2.0; +http://www.bing.com/bingbot.htm) Chrome/116.0.1938.76 Safari/537.36"
157.55.39.9 - - [22/Apr/2026:14:09:23 +0300] "GET /better-tomb-raider-rtp-2025-up-to-date-statistics-information/ HTTP/2" 200 0 "-" "Mozilla/5.0 AppleWebKit/537.36 (KHTML, like Gecko; compatible; bingbot/2.0; +http://www.bing.com/bingbot.htm) Chrome/116.0.1938.76 Safari/537.36"
52.167.144.204 - - [22/Apr/2026:14:09:24 +0300] "GET /better-paysafecard-casinos-canada-2026/ HTTP/2" 200 0 "-" "Mozilla/5.0 AppleWebKit/537.36 (KHTML, like Gecko; compatible; bingbot/2.0; +http://www.bing.com/bingbot.htm) Chrome/116.0.1938.76 Safari/537.36"
157.55.39.9 - - [22/Apr/2026:14:09:27 +0300] "GET /tronscan-the-complete-tool-for-tron-possibilities/ HTTP/2" 200 0 "-" "Mozilla/5.0 AppleWebKit/537.36 (KHTML, like Gecko; compatible; bingbot/2.0; +http://www.bing.com/bingbot.htm) Chrome/116.0.1938.76 Safari/537.36"
185.216.113.70 - - [22/Apr/2026:14:10:06 +0300] "POST /wp-cron.php?doing_wp_cron=1776856206.5284090042114257812500 HTTP/1.1" 200 448 "-" "WordPress/6.3.8; https://serhatburke.miroglu.net"
193.36.38.228 - - [22/Apr/2026:14:08:33 +0300] "GET /herausragendes-spiele-gebot-spielbank-spiele-spielautomaten-ein-besten-spielehersteller/ HTTP/1.1" 500 604 "-" "Mozilla/5.0 (Windows NT 10.0; Win64; x64; rv:124.0) Gecko/20100101 Firefox/124.0"
103.219.169.214 - - [22/Apr/2026:14:08:41 +0300] "POST /xmlrpc.php HTTP/1.1" 500 745 "-" "Mozilla/5.0 (Windows NT 10.0; Win64; x64) AppleWebKit/537.36 (KHTML, like Gecko) Chrome/114.0.0.0 Safari/537.36"
