193.36.38.228 - - [22/Apr/2026:21:57:14 +0300] "POST /xmlrpc.php HTTP/1.1" 200 8048 "-" "Mozilla/5.0 (Windows NT 10.0; Win64; x64) AppleWebKit/537.36 (KHTML, like Gecko) Chrome/114.0.0.0 Safari/537.36"
193.36.38.228 - - [22/Apr/2026:21:57:26 +0300] "GET /discover-most-readily-useful-european-casinos-on-the-internet-top-10-selections-april-2026/ HTTP/1.1" 200 70274 "-" "Mozilla/5.0 (Windows NT 10.0; Win64; x64) AppleWebKit/537.36 (KHTML, like Gecko) Chrome/124.0.0.0 Safari/537.36 Edg/124.0.0.0"
98.98.197.180 - - [22/Apr/2026:21:58:07 +0300] "POST /xmlrpc.php HTTP/1.1" 200 630 "-" "Mozilla/5.0 (Windows NT 10.0; Win64; x64) AppleWebKit/537.36 (KHTML, like Gecko) Chrome/114.0.0.0 Safari/537.36"
140.174.179.8 - - [22/Apr/2026:21:58:17 +0300] "POST /xmlrpc.php HTTP/1.1" 200 630 "-" "Mozilla/5.0 (Windows NT 10.0; Win64; x64) AppleWebKit/537.36 (KHTML, like Gecko) Chrome/114.0.0.0 Safari/537.36"
185.216.113.70 - - [22/Apr/2026:21:58:38 +0300] "POST /wp-cron.php?doing_wp_cron=1776884318.6954998970031738281250 HTTP/1.1" 200 448 "-" "WordPress/6.3.8; https://serhatburke.miroglu.net"
98.98.197.180 - - [22/Apr/2026:21:58:26 +0300] "POST /xmlrpc.php HTTP/1.1" 200 10542 "-" "Mozilla/5.0 (Windows NT 10.0; Win64; x64) AppleWebKit/537.36 (KHTML, like Gecko) Chrome/114.0.0.0 Safari/537.36"
98.98.197.180 - - [22/Apr/2026:21:58:40 +0300] "GET /guia-criancice-armadilha-para-iniciantes-para-durar-dragon-tiger/ HTTP/1.1" 200 72286 "-" "Mozilla/5.0 (Windows NT 10.0; rv:109.0) Gecko/20100101 Firefox/115.0"
140.174.179.8 - - [22/Apr/2026:21:58:39 +0300] "POST /xmlrpc.php HTTP/1.1" 200 11583 "-" "Mozilla/5.0 (Windows NT 10.0; Win64; x64) AppleWebKit/537.36 (KHTML, like Gecko) Chrome/114.0.0.0 Safari/537.36"
193.194.106.44 - - [22/Apr/2026:21:58:44 +0300] "GET /robots.txt HTTP/1.1" 200 735 "-" "Mozilla/5.0 (Linux; Android 6.0.1; Nexus 5X Build/MMB29P) AppleWebKit/537.36 (KHTML, like Gecko) Chrome/139.0.7258.156 Mobile Safari/537.36 (compatible; Googlebot/2.1; +http://www.google.com/bot.html)"
193.36.38.228 - - [22/Apr/2026:21:58:54 +0300] "POST /xmlrpc.php HTTP/1.1" 200 692 "-" "Mozilla/5.0 (Windows NT 10.0; Win64; x64) AppleWebKit/537.36 (KHTML, like Gecko) Chrome/114.0.0.0 Safari/537.36"
193.194.106.44 - - [22/Apr/2026:21:59:04 +0300] "GET /play-the-best-uk-slot-games-at-slingo-spin-for-real-money/ HTTP/1.1" 200 20912 "-" "Mozilla/5.0 (Linux; Android 6.0.1; Nexus 5X Build/MMB29P) AppleWebKit/537.36 (KHTML, like Gecko) Chrome/139.0.7258.156 Mobile Safari/537.36 (compatible; Googlebot/2.1; +http://www.google.com/bot.html)"
140.174.179.8 - - [22/Apr/2026:21:59:07 +0300] "GET /better-five-hundred-put-bonus-gambling-enterprises-better-500-bonus-casinos/ HTTP/1.1" 200 72970 "-" "Mozilla/5.0 (Windows NT 10.0; rv:109.0) Gecko/20100101 Firefox/115.0"
193.36.38.228 - - [22/Apr/2026:21:59:20 +0300] "POST /xmlrpc.php HTTP/1.1" 200 7849 "-" "Mozilla/5.0 (Windows NT 10.0; Win64; x64) AppleWebKit/537.36 (KHTML, like Gecko) Chrome/114.0.0.0 Safari/537.36"
185.216.113.70 - - [22/Apr/2026:21:59:39 +0300] "POST /wp-cron.php?doing_wp_cron=1776884379.1318469047546386718750 HTTP/1.1" 200 448 "-" "WordPress/6.3.8; https://serhatburke.miroglu.net"
98.98.197.180 - - [22/Apr/2026:21:59:26 +0300] "POST /xmlrpc.php HTTP/1.1" 200 630 "-" "Mozilla/5.0 (Windows NT 10.0; Win64; x64) AppleWebKit/537.36 (KHTML, like Gecko) Chrome/114.0.0.0 Safari/537.36"
193.36.38.228 - - [22/Apr/2026:21:59:33 +0300] "GET /slots-acceptance-bonus-zero-wagering-ethical-doll-vending/ HTTP/1.1" 200 69021 "-" "Mozilla/5.0 (Windows NT 10.0; Win64; x64) AppleWebKit/537.36 (KHTML, like Gecko) Chrome/109.0.0.0 Safari/537.36"
98.98.197.180 - - [22/Apr/2026:21:59:46 +0300] "POST /xmlrpc.php HTTP/1.1" 200 8245 "-" "Mozilla/5.0 (Windows NT 10.0; Win64; x64) AppleWebKit/537.36 (KHTML, like Gecko) Chrome/114.0.0.0 Safari/537.36"
98.98.197.180 - - [22/Apr/2026:21:59:59 +0300] "GET /play-at-wildcasino-for-top-slots-table-games-live-dealers/ HTTP/1.1" 200 69985 "-" "Mozilla/5.0 (Windows NT 10.0; rv:109.0) Gecko/20100101 Firefox/115.0"
185.216.113.70 - - [22/Apr/2026:22:00:52 +0300] "POST /wp-cron.php?doing_wp_cron=1776884451.9468579292297363281250 HTTP/1.1" 200 448 "-" "WordPress/6.3.8; https://serhatburke.miroglu.net"
98.98.197.180 - - [22/Apr/2026:22:00:39 +0300] "POST /xmlrpc.php HTTP/1.1" 200 630 "-" "Mozilla/5.0 (Windows NT 10.0; Win64; x64) AppleWebKit/537.36 (KHTML, like Gecko) Chrome/114.0.0.0 Safari/537.36"
193.36.38.228 - - [22/Apr/2026:22:00:52 +0300] "POST /xmlrpc.php HTTP/1.1" 200 692 "-" "Mozilla/5.0 (Windows NT 10.0; Win64; x64) AppleWebKit/537.36 (KHTML, like Gecko) Chrome/114.0.0.0 Safari/537.36"
140.174.179.8 - - [22/Apr/2026:22:00:52 +0300] "POST /xmlrpc.php HTTP/1.1" 200 630 "-" "Mozilla/5.0 (Windows NT 10.0; Win64; x64) AppleWebKit/537.36 (KHTML, like Gecko) Chrome/114.0.0.0 Safari/537.36"
98.98.197.180 - - [22/Apr/2026:22:00:58 +0300] "POST /xmlrpc.php HTTP/1.1" 200 10263 "-" "Mozilla/5.0 (Windows NT 10.0; Win64; x64) AppleWebKit/537.36 (KHTML, like Gecko) Chrome/114.0.0.0 Safari/537.36"
185.216.113.70 - - [22/Apr/2026:22:01:39 +0300] "POST /wp-cron.php?doing_wp_cron=1776884499.4616029262542724609375 HTTP/1.1" 200 448 "-" "WordPress/6.3.8; https://serhatburke.miroglu.net"
193.36.38.228 - - [22/Apr/2026:22:01:23 +0300] "POST /xmlrpc.php HTTP/1.1" 200 8061 "-" "Mozilla/5.0 (Windows NT 10.0; Win64; x64) AppleWebKit/537.36 (KHTML, like Gecko) Chrome/114.0.0.0 Safari/537.36"
98.98.197.180 - - [22/Apr/2026:22:01:23 +0300] "GET /jogue-jogos-criancice-truco-indu-esportes-imaginacao-ganhe-premios-em-bagarote-real-diariamente/ HTTP/1.1" 200 72300 "-" "Mozilla/5.0 (Windows NT 10.0; Win64; x64; rv:125.0) Gecko/20100101 Firefox/125.0"
140.174.179.8 - - [22/Apr/2026:22:01:28 +0300] "POST /xmlrpc.php HTTP/1.1" 200 13958 "-" "Mozilla/5.0 (Windows NT 10.0; Win64; x64) AppleWebKit/537.36 (KHTML, like Gecko) Chrome/114.0.0.0 Safari/537.36"
193.36.38.228 - - [22/Apr/2026:22:01:39 +0300] "GET /well-known-video-game-from-the-888-gambling-establishment/ HTTP/1.1" 200 69085 "-" "Mozilla/5.0 (Windows NT 10.0; Win64; x64; rv:124.0) Gecko/20100101 Firefox/124.0"
98.98.197.180 - - [22/Apr/2026:22:01:53 +0300] "POST /xmlrpc.php HTTP/1.1" 200 630 "-" "Mozilla/5.0 (Windows NT 10.0; Win64; x64) AppleWebKit/537.36 (KHTML, like Gecko) Chrome/114.0.0.0 Safari/537.36"
140.174.179.8 - - [22/Apr/2026:22:01:51 +0300] "GET /%E5%AE%9E%E6%B5%8B%E6%9C%88%E6%9B%B42025%E5%B9%B4%E6%9C%BA%E6%A2%B0%E9%94%AE%E7%9B%98%E9%80%89%E8%B4%AD%E6%8C%87%E5%8D%97%EF%BC%8C%E5%85%A5%E5%9D%91%E5%BF%85%E7%9C%8B%EF%BC%81%E7%8E%A9%E6%B8%B8/ HTTP/1.1" 200 79530 "-" "Mozilla/5.0 (Windows NT 10.0; Win64; x64) AppleWebKit/537.36 (KHTML, like Gecko) Chrome/124.0.0.0 Safari/537.36"
98.98.9.30 - - [22/Apr/2026:22:02:07 +0300] "POST /xmlrpc.php HTTP/1.1" 200 630 "-" "Mozilla/5.0 (Windows NT 10.0; Win64; x64) AppleWebKit/537.36 (KHTML, like Gecko) Chrome/114.0.0.0 Safari/537.36"
185.216.113.70 - - [22/Apr/2026:22:02:31 +0300] "POST /wp-cron.php?doing_wp_cron=1776884551.6860389709472656250000 HTTP/1.1" 200 448 "-" "WordPress/6.3.8; https://serhatburke.miroglu.net"
98.98.197.180 - - [22/Apr/2026:22:02:18 +0300] "POST /xmlrpc.php HTTP/1.1" 200 10575 "-" "Mozilla/5.0 (Windows NT 10.0; Win64; x64) AppleWebKit/537.36 (KHTML, like Gecko) Chrome/114.0.0.0 Safari/537.36"
98.98.9.30 - - [22/Apr/2026:22:02:25 +0300] "POST /xmlrpc.php HTTP/1.1" 200 11284 "-" "Mozilla/5.0 (Windows NT 10.0; Win64; x64) AppleWebKit/537.36 (KHTML, like Gecko) Chrome/114.0.0.0 Safari/537.36"
98.98.197.180 - - [22/Apr/2026:22:02:33 +0300] "GET /portugal-acao-acostumado-como-free-spins-sem-deposito-2026/ HTTP/1.1" 200 71838 "-" "Mozilla/5.0 (Windows NT 10.0; Win64; x64) AppleWebKit/537.36 (KHTML, like Gecko) Chrome/123.0.0.0 Safari/537.36 OPR/109.0.0.0"
98.98.9.30 - - [22/Apr/2026:22:02:46 +0300] "GET /gunsbet-gambling-enterprise-opinion-get-to-bien-aua-thousand-spybet-slots-bonus-on-your-own-very-first-deposit-february-2026/ HTTP/1.1" 200 74131 "-" "Mozilla/5.0 (Windows NT 10.0; Win64; x64) AppleWebKit/537.36 (KHTML, like Gecko) Chrome/109.0.0.0 Safari/537.36"
98.98.197.180 - - [22/Apr/2026:22:02:57 +0300] "POST /xmlrpc.php HTTP/1.1" 200 630 "-" "Mozilla/5.0 (Windows NT 10.0; Win64; x64) AppleWebKit/537.36 (KHTML, like Gecko) Chrome/114.0.0.0 Safari/537.36"
193.36.38.228 - - [22/Apr/2026:22:02:59 +0300] "POST /xmlrpc.php HTTP/1.1" 200 692 "-" "Mozilla/5.0 (Windows NT 10.0; Win64; x64) AppleWebKit/537.36 (KHTML, like Gecko) Chrome/114.0.0.0 Safari/537.36"
98.98.197.180 - - [22/Apr/2026:22:03:17 +0300] "POST /xmlrpc.php HTTP/1.1" 200 11360 "-" "Mozilla/5.0 (Windows NT 10.0; Win64; x64) AppleWebKit/537.36 (KHTML, like Gecko) Chrome/114.0.0.0 Safari/537.36"
193.36.38.228 - - [22/Apr/2026:22:03:18 +0300] "POST /xmlrpc.php HTTP/1.1" 200 8183 "-" "Mozilla/5.0 (Windows NT 10.0; Win64; x64) AppleWebKit/537.36 (KHTML, like Gecko) Chrome/114.0.0.0 Safari/537.36"
185.216.113.70 - - [22/Apr/2026:22:03:42 +0300] "POST /wp-cron.php?doing_wp_cron=1776884622.8507869243621826171875 HTTP/1.1" 200 448 "-" "WordPress/6.3.8; https://serhatburke.miroglu.net"
140.174.179.8 - - [22/Apr/2026:22:03:23 +0300] "POST /xmlrpc.php HTTP/1.1" 200 630 "-" "Mozilla/5.0 (Windows NT 10.0; Win64; x64) AppleWebKit/537.36 (KHTML, like Gecko) Chrome/114.0.0.0 Safari/537.36"
193.36.38.228 - - [22/Apr/2026:22:03:33 +0300] "GET /united-states-internet-casino-ratings-2026/ HTTP/1.1" 200 69085 "-" "Mozilla/5.0 (Windows NT 10.0; Win64; x64) AppleWebKit/537.36 (KHTML, like Gecko) Chrome/124.0.0.0 Safari/537.36 Edg/124.0.0.0"
98.98.197.180 - - [22/Apr/2026:22:03:34 +0300] "GET /jogue-uma-vez-que-demanda-niqueis-tematicos/ HTTP/1.1" 200 72426 "-" "Mozilla/5.0 (Windows NT 10.0; Win64; x64) AppleWebKit/537.36 (KHTML, like Gecko) Chrome/124.0.0.0 Safari/537.36 Edg/124.0.0.0"
140.174.179.8 - - [22/Apr/2026:22:03:50 +0300] "POST /xmlrpc.php HTTP/1.1" 200 15688 "-" "Mozilla/5.0 (Windows NT 10.0; Win64; x64) AppleWebKit/537.36 (KHTML, like Gecko) Chrome/114.0.0.0 Safari/537.36"
98.98.197.180 - - [22/Apr/2026:22:03:56 +0300] "POST /xmlrpc.php HTTP/1.1" 200 630 "-" "Mozilla/5.0 (Windows NT 10.0; Win64; x64) AppleWebKit/537.36 (KHTML, like Gecko) Chrome/114.0.0.0 Safari/537.36"
98.98.9.30 - - [22/Apr/2026:22:04:06 +0300] "POST /xmlrpc.php HTTP/1.1" 200 630 "-" "Mozilla/5.0 (Windows NT 10.0; Win64; x64) AppleWebKit/537.36 (KHTML, like Gecko) Chrome/114.0.0.0 Safari/537.36"
98.98.197.180 - - [22/Apr/2026:22:04:15 +0300] "POST /xmlrpc.php HTTP/1.1" 200 10989 "-" "Mozilla/5.0 (Windows NT 10.0; Win64; x64) AppleWebKit/537.36 (KHTML, like Gecko) Chrome/114.0.0.0 Safari/537.36"
140.174.179.8 - - [22/Apr/2026:22:04:07 +0300] "GET /alaskan-angling-slot-remark-jackpot-rtp-online-game-info-microgaming/ HTTP/1.1" 200 76811 "-" "Mozilla/5.0 (Windows NT 10.0; Win64; x64) AppleWebKit/537.36 (KHTML, like Gecko) Chrome/123.0.0.0 Safari/537.36"
185.216.113.70 - - [22/Apr/2026:22:04:41 +0300] "POST /wp-cron.php?doing_wp_cron=1776884681.3866310119628906250000 HTTP/1.1" 200 448 "-" "WordPress/6.3.8; https://serhatburke.miroglu.net"
98.98.9.30 - - [22/Apr/2026:22:04:28 +0300] "POST /xmlrpc.php HTTP/1.1" 200 11190 "-" "Mozilla/5.0 (Windows NT 10.0; Win64; x64) AppleWebKit/537.36 (KHTML, like Gecko) Chrome/114.0.0.0 Safari/537.36"
98.98.197.180 - - [22/Apr/2026:22:04:31 +0300] "GET /jack-hammer-slot-review-97-rtp-netent-2026/ HTTP/1.1" 200 71858 "-" "Mozilla/5.0 (Windows NT 10.0; Win64; x64) AppleWebKit/537.36 (KHTML, like Gecko) Chrome/109.0.0.0 Safari/537.36"
98.98.9.30 - - [22/Apr/2026:22:04:43 +0300] "GET /haz-gambling-tequila-fiesta-slot-casino-enterprise-remark-incentives-campaigns-games/ HTTP/1.1" 200 72726 "-" "Mozilla/5.0 (Windows NT 10.0; Win64; x64; rv:124.0) Gecko/20100101 Firefox/124.0"
193.36.38.228 - - [22/Apr/2026:22:04:50 +0300] "POST /xmlrpc.php HTTP/1.1" 200 692 "-" "Mozilla/5.0 (Windows NT 10.0; Win64; x64) AppleWebKit/537.36 (KHTML, like Gecko) Chrome/114.0.0.0 Safari/537.36"
98.98.197.180 - - [22/Apr/2026:22:04:55 +0300] "POST /xmlrpc.php HTTP/1.1" 200 630 "-" "Mozilla/5.0 (Windows NT 10.0; Win64; x64) AppleWebKit/537.36 (KHTML, like Gecko) Chrome/114.0.0.0 Safari/537.36"
103.219.169.227 - - [22/Apr/2026:22:04:59 +0300] "POST /xmlrpc.php HTTP/1.1" 200 630 "-" "Mozilla/5.0 (Windows NT 10.0; Win64; x64) AppleWebKit/537.36 (KHTML, like Gecko) Chrome/114.0.0.0 Safari/537.36"
140.174.179.8 - - [22/Apr/2026:22:05:06 +0300] "POST /xmlrpc.php HTTP/1.1" 200 630 "-" "Mozilla/5.0 (Windows NT 10.0; Win64; x64) AppleWebKit/537.36 (KHTML, like Gecko) Chrome/114.0.0.0 Safari/537.36"
193.36.38.228 - - [22/Apr/2026:22:05:15 +0300] "POST /xmlrpc.php HTTP/1.1" 200 8079 "-" "Mozilla/5.0 (Windows NT 10.0; Win64; x64) AppleWebKit/537.36 (KHTML, like Gecko) Chrome/114.0.0.0 Safari/537.36"
185.216.113.70 - - [22/Apr/2026:22:05:49 +0300] "POST /wp-cron.php?doing_wp_cron=1776884749.4771020412445068359375 HTTP/1.1" 200 448 "-" "WordPress/6.3.8; https://serhatburke.miroglu.net"
98.98.197.180 - - [22/Apr/2026:22:05:21 +0300] "POST /xmlrpc.php HTTP/1.1" 200 10337 "-" "Mozilla/5.0 (Windows NT 10.0; Win64; x64) AppleWebKit/537.36 (KHTML, like Gecko) Chrome/114.0.0.0 Safari/537.36"
185.231.205.241 - - [22/Apr/2026:22:05:23 +0300] "GET /beste-casino-site-belgie-hoge-inzet/ HTTP/1.1" 200 0 "-" "Mozilla/5.0 (Windows NT 10.0; Win64; x64; rv:114.0) Gecko/20100101 Firefox/114.0"
103.219.169.227 - - [22/Apr/2026:22:05:26 +0300] "POST /xmlrpc.php HTTP/1.1" 200 10849 "-" "Mozilla/5.0 (Windows NT 10.0; Win64; x64) AppleWebKit/537.36 (KHTML, like Gecko) Chrome/114.0.0.0 Safari/537.36"
140.174.179.8 - - [22/Apr/2026:22:05:33 +0300] "POST /xmlrpc.php HTTP/1.1" 200 12834 "-" "Mozilla/5.0 (Windows NT 10.0; Win64; x64) AppleWebKit/537.36 (KHTML, like Gecko) Chrome/114.0.0.0 Safari/537.36"
193.36.38.228 - - [22/Apr/2026:22:05:35 +0300] "GET /top-klarna-gambling-enterprises-that-have-quick-distributions/ HTTP/1.1" 200 69267 "-" "Mozilla/5.0 (Windows NT 10.0; Win64; x64) AppleWebKit/537.36 (KHTML, like Gecko) Chrome/124.0.0.0 Safari/537.36"
98.98.197.180 - - [22/Apr/2026:22:05:47 +0300] "POST /xmlrpc.php HTTP/1.1" 200 630 "-" "Mozilla/5.0 (Windows NT 10.0; Win64; x64) AppleWebKit/537.36 (KHTML, like Gecko) Chrome/114.0.0.0 Safari/537.36"
98.98.197.180 - - [22/Apr/2026:22:05:51 +0300] "GET /mega-wheel-bonus-como-promocoes/ HTTP/1.1" 200 70824 "-" "Mozilla/5.0 (Windows NT 10.0; Win64; x64; rv:125.0) Gecko/20100101 Firefox/125.0"
98.98.9.30 - - [22/Apr/2026:22:06:01 +0300] "POST /xmlrpc.php HTTP/1.1" 200 630 "-" "Mozilla/5.0 (Windows NT 10.0; Win64; x64) AppleWebKit/537.36 (KHTML, like Gecko) Chrome/114.0.0.0 Safari/537.36"
103.219.169.227 - - [22/Apr/2026:22:06:02 +0300] "GET /online-casino-echtgeld-app-top-25-mobile-spielen-sie-buffalo-slot-spielbank-apps-2026/ HTTP/1.1" 200 72881 "-" "Mozilla/5.0 (Windows NT 10.0; Win64; x64) AppleWebKit/537.36 (KHTML, like Gecko) Chrome/122.0.0.0 Safari/537.36"
140.174.179.8 - - [22/Apr/2026:22:06:15 +0300] "GET /better-web-based-casinos-one-shell-out-a-real-income-march-2026/ HTTP/1.1" 200 73759 "-" "Mozilla/5.0 (Windows NT 10.0; rv:109.0) Gecko/20100101 Firefox/115.0"
185.216.113.70 - - [22/Apr/2026:22:06:59 +0300] "POST /wp-cron.php?doing_wp_cron=1776884819.1580491065979003906250 HTTP/1.1" 200 448 "-" "WordPress/6.3.8; https://serhatburke.miroglu.net"
98.98.197.180 - - [22/Apr/2026:22:06:33 +0300] "POST /xmlrpc.php HTTP/1.1" 200 10852 "-" "Mozilla/5.0 (Windows NT 10.0; Win64; x64) AppleWebKit/537.36 (KHTML, like Gecko) Chrome/114.0.0.0 Safari/537.36"
185.216.113.70 - - [22/Apr/2026:22:07:03 +0300] "POST /wp-cron.php?doing_wp_cron=1776884823.4527170658111572265625 HTTP/1.1" 200 448 "-" "WordPress/6.3.8; https://serhatburke.miroglu.net"
98.98.197.180 - - [22/Apr/2026:22:06:35 +0300] "POST /xmlrpc.php HTTP/1.1" 200 630 "-" "Mozilla/5.0 (Windows NT 10.0; Win64; x64) AppleWebKit/537.36 (KHTML, like Gecko) Chrome/114.0.0.0 Safari/537.36"
185.216.113.70 - - [22/Apr/2026:22:07:11 +0300] "POST /wp-cron.php?doing_wp_cron=1776884831.4698300361633300781250 HTTP/1.1" 200 448 "-" "WordPress/6.3.8; https://serhatburke.miroglu.net"
193.36.38.228 - - [22/Apr/2026:22:06:39 +0300] "POST /xmlrpc.php HTTP/1.1" 200 692 "-" "Mozilla/5.0 (Windows NT 10.0; Win64; x64) AppleWebKit/537.36 (KHTML, like Gecko) Chrome/114.0.0.0 Safari/537.36"
98.98.9.30 - - [22/Apr/2026:22:06:42 +0300] "POST /xmlrpc.php HTTP/1.1" 200 11288 "-" "Mozilla/5.0 (Windows NT 10.0; Win64; x64) AppleWebKit/537.36 (KHTML, like Gecko) Chrome/114.0.0.0 Safari/537.36"
140.174.179.8 - - [22/Apr/2026:22:06:44 +0300] "POST /xmlrpc.php HTTP/1.1" 200 630 "-" "Mozilla/5.0 (Windows NT 10.0; Win64; x64) AppleWebKit/537.36 (KHTML, like Gecko) Chrome/114.0.0.0 Safari/537.36"
98.98.197.180 - - [22/Apr/2026:22:07:00 +0300] "GET /bonus-sem-pari-hot-40-slot-armazem/ HTTP/1.1" 200 71679 "-" "Mozilla/5.0 (Windows NT 10.0; Win64; x64; rv:124.0) Gecko/20100101 Firefox/124.0"
98.98.197.180 - - [22/Apr/2026:22:07:10 +0300] "POST /xmlrpc.php HTTP/1.1" 200 10973 "-" "Mozilla/5.0 (Windows NT 10.0; Win64; x64) AppleWebKit/537.36 (KHTML, like Gecko) Chrome/114.0.0.0 Safari/537.36"
193.36.38.228 - - [22/Apr/2026:22:07:17 +0300] "POST /xmlrpc.php HTTP/1.1" 200 8160 "-" "Mozilla/5.0 (Windows NT 10.0; Win64; x64) AppleWebKit/537.36 (KHTML, like Gecko) Chrome/114.0.0.0 Safari/537.36"
185.216.113.70 - - [22/Apr/2026:22:08:15 +0300] "POST /wp-cron.php?doing_wp_cron=1776884894.9299829006195068359375 HTTP/1.1" 200 448 "-" "WordPress/6.3.8; https://serhatburke.miroglu.net"
98.98.197.180 - - [22/Apr/2026:22:07:19 +0300] "POST /xmlrpc.php HTTP/1.1" 200 630 "-" "Mozilla/5.0 (Windows NT 10.0; Win64; x64) AppleWebKit/537.36 (KHTML, like Gecko) Chrome/114.0.0.0 Safari/537.36"
185.216.113.70 - - [22/Apr/2026:22:08:16 +0300] "POST /wp-cron.php?doing_wp_cron=1776884896.1472029685974121093750 HTTP/1.1" 200 448 "-" "WordPress/6.3.8; https://serhatburke.miroglu.net"
98.98.9.30 - - [22/Apr/2026:22:07:23 +0300] "GET /gunsbet-com-gunsbet-queen-of-the-nile-pokie-app-symbols-local-casino-no-deposit-incentive-one-hundred-totally-free-revolves/ HTTP/1.1" 200 74008 "-" "Mozilla/5.0 (Windows NT 10.0; Win64; x64) AppleWebKit/537.36 (KHTML, like Gecko) Chrome/123.0.0.0 Safari/537.36 OPR/109.0.0.0"
185.216.113.70 - - [22/Apr/2026:22:08:30 +0300] "POST /wp-cron.php?doing_wp_cron=1776884910.0405499935150146484375 HTTP/1.1" 200 448 "-" "WordPress/6.3.8; https://serhatburke.miroglu.net"
98.98.9.30 - - [22/Apr/2026:22:07:40 +0300] "POST /xmlrpc.php HTTP/1.1" 200 630 "-" "Mozilla/5.0 (Windows NT 10.0; Win64; x64) AppleWebKit/537.36 (KHTML, like Gecko) Chrome/114.0.0.0 Safari/537.36"
185.216.113.70 - - [22/Apr/2026:22:08:32 +0300] "POST /wp-cron.php?doing_wp_cron=1776884912.6828119754791259765625 HTTP/1.1" 200 448 "-" "WordPress/6.3.8; https://serhatburke.miroglu.net"
140.174.179.8 - - [22/Apr/2026:22:07:33 +0300] "POST /xmlrpc.php HTTP/1.1" 200 12578 "-" "Mozilla/5.0 (Windows NT 10.0; Win64; x64) AppleWebKit/537.36 (KHTML, like Gecko) Chrome/114.0.0.0 Safari/537.36"
185.216.113.70 - - [22/Apr/2026:22:09:07 +0300] "POST /wp-cron.php?doing_wp_cron=1776884947.8297080993652343750000 HTTP/1.1" 200 448 "-" "WordPress/6.3.8; https://serhatburke.miroglu.net"
98.98.197.180 - - [22/Apr/2026:22:08:01 +0300] "POST /xmlrpc.php HTTP/1.1" 200 630 "-" "Mozilla/5.0 (Windows NT 10.0; Win64; x64) AppleWebKit/537.36 (KHTML, like Gecko) Chrome/114.0.0.0 Safari/537.36"
185.216.113.70 - - [22/Apr/2026:22:09:11 +0300] "POST /wp-cron.php?doing_wp_cron=1776884950.9481151103973388671875 HTTP/1.1" 200 448 "-" "WordPress/6.3.8; https://serhatburke.miroglu.net"
185.216.113.70 - - [22/Apr/2026:22:09:11 +0300] "POST /wp-cron.php?doing_wp_cron=1776884951.5678799152374267578125 HTTP/1.1" 200 448 "-" "WordPress/6.3.8; https://serhatburke.miroglu.net"
193.36.38.228 - - [22/Apr/2026:22:08:11 +0300] "GET /ideal-live-broker-casinos-games/ HTTP/1.1" 200 68876 "-" "Mozilla/5.0 (Windows NT 10.0; Win64; x64) AppleWebKit/537.36 (KHTML, like Gecko) Chrome/122.0.0.0 Safari/537.36"
98.98.197.180 - - [22/Apr/2026:22:08:08 +0300] "GET /big-top-slot-online-analise-completa-rtp-96-slots-brasil-areeiro-rica/ HTTP/1.1" 200 72696 "-" "Mozilla/5.0 (Windows NT 10.0; Win64; x64) AppleWebKit/537.36 (KHTML, like Gecko) Chrome/123.0.0.0 Safari/537.36"
185.216.113.70 - - [22/Apr/2026:22:09:34 +0300] "POST /wp-cron.php?doing_wp_cron=1776884974.4420750141143798828125 HTTP/1.1" 200 448 "-" "WordPress/6.3.8; https://serhatburke.miroglu.net"
140.174.179.8 - - [22/Apr/2026:22:08:16 +0300] "POST /xmlrpc.php HTTP/1.1" 200 630 "-" "Mozilla/5.0 (Windows NT 10.0; Win64; x64) AppleWebKit/537.36 (KHTML, like Gecko) Chrome/114.0.0.0 Safari/537.36"
185.216.113.70 - - [22/Apr/2026:22:09:38 +0300] "POST /wp-cron.php?doing_wp_cron=1776884978.7398910522460937500000 HTTP/1.1" 200 448 "-" "WordPress/6.3.8; https://serhatburke.miroglu.net"
98.98.197.180 - - [22/Apr/2026:22:08:21 +0300] "POST /xmlrpc.php HTTP/1.1" 200 11354 "-" "Mozilla/5.0 (Windows NT 10.0; Win64; x64) AppleWebKit/537.36 (KHTML, like Gecko) Chrome/114.0.0.0 Safari/537.36"
185.216.113.70 - - [22/Apr/2026:22:10:07 +0300] "POST /wp-cron.php?doing_wp_cron=1776885007.5689029693603515625000 HTTP/1.1" 200 448 "-" "WordPress/6.3.8; https://serhatburke.miroglu.net"
185.216.113.70 - - [22/Apr/2026:22:10:07 +0300] "POST /wp-cron.php?doing_wp_cron=1776885007.6599409580230712890625 HTTP/1.1" 200 448 "-" "WordPress/6.3.8; https://serhatburke.miroglu.net"
98.98.9.30 - - [22/Apr/2026:22:08:38 +0300] "POST /xmlrpc.php HTTP/1.1" 200 11164 "-" "Mozilla/5.0 (Windows NT 10.0; Win64; x64) AppleWebKit/537.36 (KHTML, like Gecko) Chrome/114.0.0.0 Safari/537.36"
52.167.144.142 - - [22/Apr/2026:22:09:19 +0300] "GET /harnessing-solscan-for-enhanced-crypto-trading-experience/ HTTP/2" 200 0 "-" "Mozilla/5.0 AppleWebKit/537.36 (KHTML, like Gecko; compatible; bingbot/2.0; +http://www.bing.com/bingbot.htm) Chrome/116.0.1938.76 Safari/537.36"
140.174.179.8 - - [22/Apr/2026:22:08:34 +0300] "GET /mobile-casino-games-on-line/ HTTP/1.1" 200 72508 "-" "Mozilla/5.0 (Windows NT 10.0; Win64; x64) AppleWebKit/537.36 (KHTML, like Gecko) Chrome/123.0.0.0 Safari/537.36 OPR/109.0.0.0"
40.77.167.16 - - [22/Apr/2026:22:09:24 +0300] "GET /5-reduced-slot-jade-connection-deposit-gambling-enterprises-british-min-put-websites-promos-2026/ HTTP/2" 200 0 "-" "Mozilla/5.0 AppleWebKit/537.36 (KHTML, like Gecko; compatible; bingbot/2.0; +http://www.bing.com/bingbot.htm) Chrome/116.0.1938.76 Safari/537.36"
185.216.113.70 - - [22/Apr/2026:22:10:15 +0300] "POST /wp-cron.php?doing_wp_cron=1776885015.0506799221038818359375 HTTP/1.1" 200 448 "-" "WordPress/6.3.8; https://serhatburke.miroglu.net"
193.36.38.228 - - [22/Apr/2026:22:08:35 +0300] "POST /xmlrpc.php HTTP/1.1" 200 692 "-" "Mozilla/5.0 (Windows NT 10.0; Win64; x64) AppleWebKit/537.36 (KHTML, like Gecko) Chrome/114.0.0.0 Safari/537.36"
185.216.113.70 - - [22/Apr/2026:22:10:35 +0300] "POST /wp-cron.php?doing_wp_cron=1776885035.7316060066223144531250 HTTP/1.1" 200 448 "-" "WordPress/6.3.8; https://serhatburke.miroglu.net"
98.98.197.180 - - [22/Apr/2026:22:08:44 +0300] "POST /xmlrpc.php HTTP/1.1" 200 630 "-" "Mozilla/5.0 (Windows NT 10.0; Win64; x64) AppleWebKit/537.36 (KHTML, like Gecko) Chrome/114.0.0.0 Safari/537.36"
98.98.9.30 - - [22/Apr/2026:22:09:11 +0300] "POST /xmlrpc.php HTTP/1.1" 200 630 "-" "Mozilla/5.0 (Windows NT 10.0; Win64; x64) AppleWebKit/537.36 (KHTML, like Gecko) Chrome/114.0.0.0 Safari/537.36"
40.77.167.79 - - [22/Apr/2026:22:10:11 +0300] "GET /to-have-a-much-deeper-view-mobile-have-comprehend-the-gold-pine-mobile-local-casino-review/ HTTP/2" 200 0 "-" "Mozilla/5.0 AppleWebKit/537.36 (KHTML, like Gecko; compatible; bingbot/2.0; +http://www.bing.com/bingbot.htm) Chrome/116.0.1938.76 Safari/537.36"
40.77.167.16 - - [22/Apr/2026:22:10:21 +0300] "GET /a-5-site-uri-casino-outback-la-alergai-live/ HTTP/2" 200 0 "-" "Mozilla/5.0 AppleWebKit/537.36 (KHTML, like Gecko; compatible; bingbot/2.0; +http://www.bing.com/bingbot.htm) Chrome/116.0.1938.76 Safari/537.36"
185.216.113.70 - - [22/Apr/2026:22:10:56 +0300] "POST /wp-cron.php?doing_wp_cron=1776885056.2619440555572509765625 HTTP/1.1" 200 448 "-" "WordPress/6.3.8; https://serhatburke.miroglu.net"
98.98.197.180 - - [22/Apr/2026:22:09:15 +0300] "POST /xmlrpc.php HTTP/1.1" 500 745 "-" "Mozilla/5.0 (Windows NT 10.0; Win64; x64) AppleWebKit/537.36 (KHTML, like Gecko) Chrome/114.0.0.0 Safari/537.36"
185.216.113.70 - - [22/Apr/2026:22:11:28 +0300] "POST /wp-cron.php?doing_wp_cron=1776885088.3553779125213623046875 HTTP/1.1" 200 448 "-" "WordPress/6.3.8; https://serhatburke.miroglu.net"
98.98.197.180 - - [22/Apr/2026:22:09:29 +0300] "POST /xmlrpc.php HTTP/1.1" 500 745 "-" "Mozilla/5.0 (Windows NT 10.0; Win64; x64) AppleWebKit/537.36 (KHTML, like Gecko) Chrome/114.0.0.0 Safari/537.36"
140.174.179.8 - - [22/Apr/2026:22:09:39 +0300] "POST /xmlrpc.php HTTP/1.1" 500 745 "-" "Mozilla/5.0 (Windows NT 10.0; Win64; x64) AppleWebKit/537.36 (KHTML, like Gecko) Chrome/114.0.0.0 Safari/537.36"
98.98.197.180 - - [22/Apr/2026:22:09:40 +0300] "GET /ranking-10-melhores-plataformas-com-bonus-acercade-2026/ HTTP/1.1" 500 745 "-" "Mozilla/5.0 (Windows NT 10.0; Win64; x64) AppleWebKit/537.36 (KHTML, like Gecko) Chrome/109.0.0.0 Safari/537.36"
140.174.179.8 - - [22/Apr/2026:22:09:42 +0300] "POST /xmlrpc.php HTTP/1.1" 500 745 "-" "Mozilla/5.0 (Windows NT 10.0; Win64; x64) AppleWebKit/537.36 (KHTML, like Gecko) Chrome/114.0.0.0 Safari/537.36"
40.77.167.79 - - [22/Apr/2026:22:11:13 +0300] "GET /such-as-the-newest-participants-who-entered-the-platform-emphasized-the-convenience-of-this-joining-the-platform/ HTTP/2" 200 0 "-" "Mozilla/5.0 AppleWebKit/537.36 (KHTML, like Gecko; compatible; bingbot/2.0; +http://www.bing.com/bingbot.htm) Chrome/116.0.1938.76 Safari/537.36"
185.216.113.70 - - [22/Apr/2026:22:12:03 +0300] "POST /wp-cron.php?doing_wp_cron=1776885123.7398560047149658203125 HTTP/1.1" 200 448 "-" "WordPress/6.3.8; https://serhatburke.miroglu.net"
98.98.197.180 - - [22/Apr/2026:22:10:06 +0300] "POST /xmlrpc.php HTTP/1.1" 500 745 "-" "Mozilla/5.0 (Windows NT 10.0; Win64; x64) AppleWebKit/537.36 (KHTML, like Gecko) Chrome/114.0.0.0 Safari/537.36"
98.98.9.30 - - [22/Apr/2026:22:10:10 +0300] "GET /top-casino-big-banker-10-cellular-gambling-enterprises-a-real-income-game-inside-2026/ HTTP/1.1" 500 745 "-" "Mozilla/5.0 (Windows NT 10.0; rv:125.0) Gecko/20100101 Firefox/125.0"
193.36.38.228 - - [22/Apr/2026:22:10:15 +0300] "POST /xmlrpc.php HTTP/1.1" 500 807 "-" "Mozilla/5.0 (Windows NT 10.0; Win64; x64) AppleWebKit/537.36 (KHTML, like Gecko) Chrome/114.0.0.0 Safari/537.36"
98.98.197.180 - - [22/Apr/2026:22:10:24 +0300] "POST /xmlrpc.php HTTP/1.1" 500 745 "-" "Mozilla/5.0 (Windows NT 10.0; Win64; x64) AppleWebKit/537.36 (KHTML, like Gecko) Chrome/114.0.0.0 Safari/537.36"
193.36.38.228 - - [22/Apr/2026:22:10:35 +0300] "POST /xmlrpc.php HTTP/1.1" 500 807 "-" "Mozilla/5.0 (Windows NT 10.0; Win64; x64) AppleWebKit/537.36 (KHTML, like Gecko) Chrome/114.0.0.0 Safari/537.36"
98.98.9.30 - - [22/Apr/2026:22:10:36 +0300] "POST /xmlrpc.php HTTP/1.1" 500 745 "-" "Mozilla/5.0 (Windows NT 10.0; Win64; x64) AppleWebKit/537.36 (KHTML, like Gecko) Chrome/114.0.0.0 Safari/537.36"
98.98.197.180 - - [22/Apr/2026:22:10:49 +0300] "POST /xmlrpc.php HTTP/1.1" 500 745 "-" "Mozilla/5.0 (Windows NT 10.0; Win64; x64) AppleWebKit/537.36 (KHTML, like Gecko) Chrome/114.0.0.0 Safari/537.36"
98.98.9.30 - - [22/Apr/2026:22:10:52 +0300] "POST /xmlrpc.php HTTP/1.1" 500 745 "-" "Mozilla/5.0 (Windows NT 10.0; Win64; x64) AppleWebKit/537.36 (KHTML, like Gecko) Chrome/114.0.0.0 Safari/537.36"
158.69.22.136 - - [22/Apr/2026:22:12:24 +0300] "GET /casino-online-skrill-prelievo-veloce/ HTTP/1.1" 200 0 "-" "Mozilla/5.0 (compatible; Googlebot/2.1; +http://www.google.com/bot.html)"
178.159.37.95 - - [22/Apr/2026:22:11:56 +0300] "POST /xmlrpc.php HTTP/1.1" 200 0 "-" "Mozilla/5.0 (Macintosh; Intel Mac OS X 10_15_7) AppleWebKit/537.36 (KHTML, like Gecko) Chrome/122.0.0.0 Safari/537.36"
98.98.197.180 - - [22/Apr/2026:22:11:00 +0300] "POST /xmlrpc.php HTTP/1.1" 500 745 "-" "Mozilla/5.0 (Windows NT 10.0; Win64; x64) AppleWebKit/537.36 (KHTML, like Gecko) Chrome/114.0.0.0 Safari/537.36"
185.216.113.70 - - [22/Apr/2026:22:12:52 +0300] "POST /wp-cron.php?doing_wp_cron=1776885172.6573860645294189453125 HTTP/1.1" 200 448 "-" "WordPress/6.3.8; https://serhatburke.miroglu.net"
98.98.197.180 - - [22/Apr/2026:22:11:09 +0300] "POST /xmlrpc.php HTTP/1.1" 500 745 "-" "Mozilla/5.0 (Windows NT 10.0; Win64; x64) AppleWebKit/537.36 (KHTML, like Gecko) Chrome/114.0.0.0 Safari/537.36"
140.174.179.8 - - [22/Apr/2026:22:11:13 +0300] "POST /xmlrpc.php HTTP/1.1" 500 745 "-" "Mozilla/5.0 (Windows NT 10.0; Win64; x64) AppleWebKit/537.36 (KHTML, like Gecko) Chrome/114.0.0.0 Safari/537.36"
140.174.179.8 - - [22/Apr/2026:22:11:19 +0300] "POST /xmlrpc.php HTTP/1.1" 500 745 "-" "Mozilla/5.0 (Windows NT 10.0; Win64; x64) AppleWebKit/537.36 (KHTML, like Gecko) Chrome/114.0.0.0 Safari/537.36"
98.98.197.180 - - [22/Apr/2026:22:11:20 +0300] "POST /xmlrpc.php HTTP/1.1" 500 745 "-" "Mozilla/5.0 (Windows NT 10.0; Win64; x64) AppleWebKit/537.36 (KHTML, like Gecko) Chrome/114.0.0.0 Safari/537.36"
98.98.197.180 - - [22/Apr/2026:22:11:27 +0300] "POST /xmlrpc.php HTTP/1.1" 500 745 "-" "Mozilla/5.0 (Windows NT 10.0; Win64; x64) AppleWebKit/537.36 (KHTML, like Gecko) Chrome/114.0.0.0 Safari/537.36"
140.174.179.8 - - [22/Apr/2026:22:11:27 +0300] "POST /xmlrpc.php HTTP/1.1" 500 745 "-" "Mozilla/5.0 (Windows NT 10.0; Win64; x64) AppleWebKit/537.36 (KHTML, like Gecko) Chrome/114.0.0.0 Safari/537.36"
40.77.167.79 - - [22/Apr/2026:22:12:43 +0300] "GET /igrayte-slot-igrata-charms-ice-casino-vkhod-blgariya-clovers-100-protsenta-bezplatna-demonstratsiya-onlayn/ HTTP/2" 200 0 "-" "Mozilla/5.0 AppleWebKit/537.36 (KHTML, like Gecko; compatible; bingbot/2.0; +http://www.bing.com/bingbot.htm) Chrome/116.0.1938.76 Safari/537.36"
40.77.167.16 - - [22/Apr/2026:22:12:53 +0300] "GET /esparcimiento-online-sobre-manera-fiable-unete-asi-spartacus-casino-como-hace-el-trabajo-ahora/ HTTP/2" 200 0 "-" "Mozilla/5.0 AppleWebKit/537.36 (KHTML, like Gecko; compatible; bingbot/2.0; +http://www.bing.com/bingbot.htm) Chrome/116.0.1938.76 Safari/537.36"
98.98.197.180 - - [22/Apr/2026:22:11:45 +0300] "POST /xmlrpc.php HTTP/1.1" 500 745 "-" "Mozilla/5.0 (Windows NT 10.0; Win64; x64) AppleWebKit/537.36 (KHTML, like Gecko) Chrome/114.0.0.0 Safari/537.36"
98.98.9.30 - - [22/Apr/2026:22:11:50 +0300] "POST /xmlrpc.php HTTP/1.1" 500 745 "-" "Mozilla/5.0 (Windows NT 10.0; Win64; x64) AppleWebKit/537.36 (KHTML, like Gecko) Chrome/114.0.0.0 Safari/537.36"
98.98.9.30 - - [22/Apr/2026:22:11:56 +0300] "POST /xmlrpc.php HTTP/1.1" 500 745 "-" "Mozilla/5.0 (Windows NT 10.0; Win64; x64) AppleWebKit/537.36 (KHTML, like Gecko) Chrome/114.0.0.0 Safari/537.36"
178.159.37.95 - - [22/Apr/2026:22:12:57 +0300] "POST /xmlrpc.php HTTP/1.1" 200 0 "-" "Mozilla/5.0 (Macintosh; Intel Mac OS X 10_15_7) AppleWebKit/537.36 (KHTML, like Gecko) Chrome/122.0.0.0 Safari/537.36"
193.36.38.228 - - [22/Apr/2026:22:12:00 +0300] "POST /xmlrpc.php HTTP/1.1" 500 807 "-" "Mozilla/5.0 (Windows NT 10.0; Win64; x64) AppleWebKit/537.36 (KHTML, like Gecko) Chrome/114.0.0.0 Safari/537.36"
193.194.106.44 - - [22/Apr/2026:22:12:03 +0300] "GET /robots.txt HTTP/1.1" 500 782 "-" "Mozilla/5.0 (Linux; Android 6.0.1; Nexus 5X Build/MMB29P) AppleWebKit/537.36 (KHTML, like Gecko) Chrome/139.0.7258.156 Mobile Safari/537.36 (compatible; Googlebot/2.1; +http://www.google.com/bot.html)"
98.98.197.180 - - [22/Apr/2026:22:12:09 +0300] "POST /xmlrpc.php HTTP/1.1" 500 745 "-" "Mozilla/5.0 (Windows NT 10.0; Win64; x64) AppleWebKit/537.36 (KHTML, like Gecko) Chrome/114.0.0.0 Safari/537.36"
98.98.197.180 - - [22/Apr/2026:22:12:10 +0300] "POST /xmlrpc.php HTTP/1.1" 500 745 "-" "Mozilla/5.0 (Windows NT 10.0; Win64; x64) AppleWebKit/537.36 (KHTML, like Gecko) Chrome/114.0.0.0 Safari/537.36"
193.36.38.228 - - [22/Apr/2026:22:12:15 +0300] "POST /xmlrpc.php HTTP/1.1" 500 807 "-" "Mozilla/5.0 (Windows NT 10.0; Win64; x64) AppleWebKit/537.36 (KHTML, like Gecko) Chrome/114.0.0.0 Safari/537.36"
98.98.9.30 - - [22/Apr/2026:22:12:16 +0300] "POST /xmlrpc.php HTTP/1.1" 500 745 "-" "Mozilla/5.0 (Windows NT 10.0; Win64; x64) AppleWebKit/537.36 (KHTML, like Gecko) Chrome/114.0.0.0 Safari/537.36"
193.194.106.44 - - [22/Apr/2026:22:12:23 +0300] "GET /best-sites-ranked/ HTTP/1.1" 500 782 "-" "Mozilla/5.0 (Linux; Android 6.0.1; Nexus 5X Build/MMB29P) AppleWebKit/537.36 (KHTML, like Gecko) Chrome/139.0.7258.156 Mobile Safari/537.36 (compatible; Googlebot/2.1; +http://www.google.com/bot.html)"
98.98.197.180 - - [22/Apr/2026:22:12:29 +0300] "POST /xmlrpc.php HTTP/1.1" 500 745 "-" "Mozilla/5.0 (Windows NT 10.0; Win64; x64) AppleWebKit/537.36 (KHTML, like Gecko) Chrome/114.0.0.0 Safari/537.36"
193.194.106.44 - - [22/Apr/2026:22:12:32 +0300] "GET /top-100-on-line-casinos-uk-full-record-april-2026/ HTTP/1.1" 500 782 "-" "Mozilla/5.0 (Linux; Android 6.0.1; Nexus 5X Build/MMB29P) AppleWebKit/537.36 (KHTML, like Gecko) Chrome/139.0.7258.156 Mobile Safari/537.36 (compatible; Googlebot/2.1; +http://www.google.com/bot.html)"
98.98.9.30 - - [22/Apr/2026:22:12:36 +0300] "POST /xmlrpc.php HTTP/1.1" 500 745 "-" "Mozilla/5.0 (Windows NT 10.0; Win64; x64) AppleWebKit/537.36 (KHTML, like Gecko) Chrome/114.0.0.0 Safari/537.36"
98.98.197.180 - - [22/Apr/2026:22:12:40 +0300] "GET /?p=128167 HTTP/1.1" 500 745 "-" "Mozilla/5.0 (Windows NT 10.0; Win64; x64; rv:124.0) Gecko/20100101 Firefox/124.0"
140.174.179.8 - - [22/Apr/2026:22:12:40 +0300] "POST /xmlrpc.php HTTP/1.1" 500 745 "-" "Mozilla/5.0 (Windows NT 10.0; Win64; x64) AppleWebKit/537.36 (KHTML, like Gecko) Chrome/114.0.0.0 Safari/537.36"
98.98.197.180 - - [22/Apr/2026:22:12:42 +0300] "POST /xmlrpc.php HTTP/1.1" 500 745 "-" "Mozilla/5.0 (Windows NT 10.0; Win64; x64) AppleWebKit/537.36 (KHTML, like Gecko) Chrome/114.0.0.0 Safari/537.36"
193.36.38.228 - - [22/Apr/2026:22:12:43 +0300] "POST /xmlrpc.php HTTP/1.1" 500 807 "-" "Mozilla/5.0 (Windows NT 10.0; Win64; x64) AppleWebKit/537.36 (KHTML, like Gecko) Chrome/114.0.0.0 Safari/537.36"
140.174.179.8 - - [22/Apr/2026:22:12:53 +0300] "POST /xmlrpc.php HTTP/1.1" 500 745 "-" "Mozilla/5.0 (Windows NT 10.0; Win64; x64) AppleWebKit/537.36 (KHTML, like Gecko) Chrome/114.0.0.0 Safari/537.36"
185.216.113.70 - - [22/Apr/2026:22:14:58 +0300] "POST /wp-cron.php?doing_wp_cron=1776885297.8417229652404785156250 HTTP/1.1" 200 448 "-" "WordPress/6.3.8; https://serhatburke.miroglu.net"
98.98.9.30 - - [22/Apr/2026:22:13:14 +0300] "POST /xmlrpc.php HTTP/1.1" 500 1102 "-" "Mozilla/5.0 (Windows NT 10.0; Win64; x64) AppleWebKit/537.36 (KHTML, like Gecko) Chrome/114.0.0.0 Safari/537.36"
178.159.37.95 - - [22/Apr/2026:22:13:58 +0300] "POST /xmlrpc.php HTTP/1.1" 200 0 "-" "Mozilla/5.0 (Macintosh; Intel Mac OS X 10_15_7) AppleWebKit/537.36 (KHTML, like Gecko) Chrome/122.0.0.0 Safari/537.36"
185.216.113.70 - - [22/Apr/2026:22:15:06 +0300] "POST /wp-cron.php?doing_wp_cron=1776885306.3525381088256835937500 HTTP/1.1" 200 448 "-" "WordPress/6.3.8; https://serhatburke.miroglu.net"
98.98.197.180 - - [22/Apr/2026:22:13:07 +0300] "POST /xmlrpc.php HTTP/1.1" 500 745 "-" "Mozilla/5.0 (Windows NT 10.0; Win64; x64) AppleWebKit/537.36 (KHTML, like Gecko) Chrome/114.0.0.0 Safari/537.36"
140.174.179.8 - - [22/Apr/2026:22:13:07 +0300] "GET /?p=128169 HTTP/1.1" 500 745 "-" "Mozilla/5.0 (Windows NT 10.0; Win64; x64; rv:125.0) Gecko/20100101 Firefox/125.0"
185.216.113.70 - - [22/Apr/2026:22:15:18 +0300] "POST /wp-cron.php?doing_wp_cron=1776885318.4299759864807128906250 HTTP/1.1" 200 448 "-" "WordPress/6.3.8; https://serhatburke.miroglu.net"
193.36.38.228 - - [22/Apr/2026:22:13:45 +0300] "POST /xmlrpc.php HTTP/1.1" 200 7871 "-" "Mozilla/5.0 (Windows NT 10.0; Win64; x64) AppleWebKit/537.36 (KHTML, like Gecko) Chrome/114.0.0.0 Safari/537.36"
185.216.113.70 - - [22/Apr/2026:22:15:36 +0300] "POST /wp-cron.php?doing_wp_cron=1776885336.4300758838653564453125 HTTP/1.1" 200 448 "-" "WordPress/6.3.8; https://serhatburke.miroglu.net"
98.98.197.180 - - [22/Apr/2026:22:13:55 +0300] "POST /xmlrpc.php HTTP/1.1" 200 10855 "-" "Mozilla/5.0 (Windows NT 10.0; Win64; x64) AppleWebKit/537.36 (KHTML, like Gecko) Chrome/114.0.0.0 Safari/537.36"
98.98.9.30 - - [22/Apr/2026:22:13:36 +0300] "POST /xmlrpc.php HTTP/1.1" 500 745 "-" "Mozilla/5.0 (Windows NT 10.0; Win64; x64) AppleWebKit/537.36 (KHTML, like Gecko) Chrome/114.0.0.0 Safari/537.36"
185.216.113.70 - - [22/Apr/2026:22:15:51 +0300] "POST /wp-cron.php?doing_wp_cron=1776885350.9535639286041259765625 HTTP/1.1" 200 448 "-" "WordPress/6.3.8; https://serhatburke.miroglu.net"
98.98.197.180 - - [22/Apr/2026:22:14:21 +0300] "POST /xmlrpc.php HTTP/1.1" 200 861 "-" "Mozilla/5.0 (Windows NT 10.0; Win64; x64) AppleWebKit/537.36 (KHTML, like Gecko) Chrome/114.0.0.0 Safari/537.36"
185.216.113.70 - - [22/Apr/2026:22:15:52 +0300] "POST /wp-cron.php?doing_wp_cron=1776885352.7541821002960205078125 HTTP/1.1" 200 448 "-" "WordPress/6.3.8; https://serhatburke.miroglu.net"
98.98.9.30 - - [22/Apr/2026:22:14:21 +0300] "POST /xmlrpc.php HTTP/1.1" 200 10737 "-" "Mozilla/5.0 (Windows NT 10.0; Win64; x64) AppleWebKit/537.36 (KHTML, like Gecko) Chrome/114.0.0.0 Safari/537.36"
185.216.113.70 - - [22/Apr/2026:22:15:58 +0300] "POST /wp-cron.php?doing_wp_cron=1776885357.9330260753631591796875 HTTP/1.1" 200 448 "-" "WordPress/6.3.8; https://serhatburke.miroglu.net"
140.174.179.8 - - [22/Apr/2026:22:14:20 +0300] "POST /xmlrpc.php HTTP/1.1" 500 1102 "-" "Mozilla/5.0 (Windows NT 10.0; Win64; x64) AppleWebKit/537.36 (KHTML, like Gecko) Chrome/114.0.0.0 Safari/537.36"
52.167.144.142 - - [22/Apr/2026:22:15:10 +0300] "GET /vstupte-do-sveta-vzruseni-bdmbet-casino-pro-ty-kteri-chteji/ HTTP/2" 200 0 "-" "Mozilla/5.0 AppleWebKit/537.36 (KHTML, like Gecko; compatible; bingbot/2.0; +http://www.bing.com/bingbot.htm) Chrome/116.0.1938.76 Safari/537.36"
178.159.37.95 - - [22/Apr/2026:22:14:59 +0300] "POST /xmlrpc.php HTTP/1.1" 200 0 "-" "Mozilla/5.0 (Macintosh; Intel Mac OS X 10_15_7) AppleWebKit/537.36 (KHTML, like Gecko) Chrome/122.0.0.0 Safari/537.36"
40.77.167.79 - - [22/Apr/2026:22:15:12 +0300] "GET /casino-online-jamfor-basta-ingen-insattningsbonus-hulk-50-lines-svenska-spraket-casinon-2026-upprakning/ HTTP/2" 200 0 "-" "Mozilla/5.0 AppleWebKit/537.36 (KHTML, like Gecko; compatible; bingbot/2.0; +http://www.bing.com/bingbot.htm) Chrome/116.0.1938.76 Safari/537.36"
185.216.113.70 - - [22/Apr/2026:22:16:16 +0300] "POST /wp-cron.php?doing_wp_cron=1776885375.8300340175628662109375 HTTP/1.1" 200 448 "-" "WordPress/6.3.8; https://serhatburke.miroglu.net"
140.174.179.8 - - [22/Apr/2026:22:14:47 +0300] "POST /xmlrpc.php HTTP/1.1" 200 627 "-" "Mozilla/5.0 (Windows NT 10.0; Win64; x64) AppleWebKit/537.36 (KHTML, like Gecko) Chrome/114.0.0.0 Safari/537.36"
185.216.113.70 - - [22/Apr/2026:22:16:18 +0300] "POST /wp-cron.php?doing_wp_cron=1776885378.1340301036834716796875 HTTP/1.1" 200 448 "-" "WordPress/6.3.8; https://serhatburke.miroglu.net"
178.159.37.95 - - [22/Apr/2026:22:15:32 +0300] "POST /xmlrpc.php HTTP/1.1" 200 0 "-" "Mozilla/5.0 (Windows NT 10.0; Win64; x64) AppleWebKit/537.36 (KHTML, like Gecko) Chrome/80.0.3987.132 Safari/537.36"
193.36.38.228 - - [22/Apr/2026:22:15:19 +0300] "GET /better-real-time-gambling-establishment-british-internet-%EF%B8%8F-top-10-live-online-casinos-2026-%EF%B8%8F/ HTTP/1.1" 200 70791 "-" "Mozilla/5.0 (Windows NT 10.0; Win64; x64; rv:124.0) Gecko/20100101 Firefox/124.0"
52.167.144.216 - - [22/Apr/2026:22:16:12 +0300] "GET /online-o-offline-descubre-cual-es-la-mejor-opcion/ HTTP/2" 200 0 "-" "Mozilla/5.0 AppleWebKit/537.36 (KHTML, like Gecko; compatible; bingbot/2.0; +http://www.bing.com/bingbot.htm) Chrome/116.0.1938.76 Safari/537.36"
98.98.9.30 - - [22/Apr/2026:22:15:56 +0300] "GET /gamble-slot-forest-jim-el-dorado-because-of-the-spinbetter-joining-bonus-microgaming/ HTTP/1.1" 200 73004 "-" "Mozilla/5.0 (Windows NT 10.0; rv:125.0) Gecko/20100101 Firefox/125.0"
98.98.197.180 - - [22/Apr/2026:22:15:35 +0300] "GET /?p=128173 HTTP/1.1" 301 637 "-" "Mozilla/5.0 (Windows NT 10.0; Win64; x64) AppleWebKit/537.36 (KHTML, like Gecko) Chrome/123.0.0.0 Safari/537.36 OPR/109.0.0.0"
185.216.113.70 - - [22/Apr/2026:22:17:21 +0300] "POST /wp-cron.php?doing_wp_cron=1776885441.1544370651245117187500 HTTP/1.1" 200 448 "-" "WordPress/6.3.8; https://serhatburke.miroglu.net"
66.249.73.1 - - [22/Apr/2026:22:15:36 +0300] "GET /gamblezen-casino-review-for-players-from-the-united-kingdom/ HTTP/1.1" 200 17987 "-" "Mozilla/5.0 (Linux; Android 6.0.1; Nexus 5X Build/MMB29P) AppleWebKit/537.36 (KHTML, like Gecko) Chrome/146.0.7680.177 Mobile Safari/537.36 (compatible; Googlebot/2.1; +http://www.google.com/bot.html)"
178.159.37.95 - - [22/Apr/2026:22:16:33 +0300] "POST /xmlrpc.php HTTP/1.1" 200 0 "-" "Mozilla/5.0 (Windows NT 10.0; Win64; x64) AppleWebKit/537.36 (KHTML, like Gecko) Chrome/80.0.3987.132 Safari/537.36"
185.216.113.70 - - [22/Apr/2026:22:17:38 +0300] "POST /wp-cron.php?doing_wp_cron=1776885458.2370929718017578125000 HTTP/1.1" 200 448 "-" "WordPress/6.3.8; https://serhatburke.miroglu.net"
103.219.169.227 - - [22/Apr/2026:22:16:30 +0300] "POST /xmlrpc.php HTTP/1.1" 200 630 "-" "Mozilla/5.0 (Windows NT 10.0; Win64; x64) AppleWebKit/537.36 (KHTML, like Gecko) Chrome/114.0.0.0 Safari/537.36"
185.216.113.70 - - [22/Apr/2026:22:17:44 +0300] "POST /wp-cron.php?doing_wp_cron=1776885464.8363139629364013671875 HTTP/1.1" 200 448 "-" "WordPress/6.3.8; https://serhatburke.miroglu.net"
57.128.22.95 - - [22/Apr/2026:22:16:51 +0300] "GET /novoline-casino-codice-bonus-registrazione/ HTTP/1.1" 200 17219 "-" "Mozilla/5.0 (compatible; Googlebot/2.1; +http://www.google.com/bot.html)"
185.216.113.70 - - [22/Apr/2026:22:18:00 +0300] "POST /wp-cron.php?doing_wp_cron=1776885480.5581378936767578125000 HTTP/1.1" 200 448 "-" "WordPress/6.3.8; https://serhatburke.miroglu.net"
98.98.197.180 - - [22/Apr/2026:22:17:15 +0300] "POST /xmlrpc.php HTTP/1.1" 200 861 "-" "Mozilla/5.0 (Windows NT 10.0; Win64; x64) AppleWebKit/537.36 (KHTML, like Gecko) Chrome/114.0.0.0 Safari/537.36"
185.216.113.70 - - [22/Apr/2026:22:18:05 +0300] "POST /wp-cron.php?doing_wp_cron=1776885484.9436099529266357421875 HTTP/1.1" 200 448 "-" "WordPress/6.3.8; https://serhatburke.miroglu.net"
66.249.73.14 - - [22/Apr/2026:22:17:54 +0300] "GET /gamblezen-casino-review-for-players-from-the-united-kingdom/undefined?ts=1775520000 HTTP/1.1" 200 0 "https://serhatburke.miroglu.net/gamblezen-casino-review-for-players-from-the-united-kingdom/" "Mozilla/5.0 (Linux; Android 6.0.1; Nexus 5X Build/MMB29P) AppleWebKit/537.36 (KHTML, like Gecko) Chrome/146.0.7680.177 Mobile Safari/537.36 (compatible; Googlebot/2.1; +http://www.google.com/bot.html)"
98.98.197.180 - - [22/Apr/2026:22:17:19 +0300] "GET /7-best-aztec-cribbage-slot-slots-playing-online/ HTTP/1.1" 200 72694 "-" "Mozilla/5.0 (Windows NT 10.0; Win64; x64) AppleWebKit/537.36 (KHTML, like Gecko) Chrome/123.0.0.0 Safari/537.36 OPR/109.0.0.0"
178.159.37.95 - - [22/Apr/2026:22:17:34 +0300] "POST /xmlrpc.php HTTP/1.1" 200 667 "-" "Mozilla/5.0 (Windows NT 10.0; Win64; x64) AppleWebKit/537.36 (KHTML, like Gecko) Chrome/80.0.3987.132 Safari/537.36"
103.219.169.227 - - [22/Apr/2026:22:17:45 +0300] "POST /xmlrpc.php HTTP/1.1" 200 11327 "-" "Mozilla/5.0 (Windows NT 10.0; Win64; x64) AppleWebKit/537.36 (KHTML, like Gecko) Chrome/114.0.0.0 Safari/537.36"
178.159.37.95 - - [22/Apr/2026:22:18:19 +0300] "POST /xmlrpc.php HTTP/1.1" 200 10559 "-" "Mozilla/5.0 (Windows NT 10.0; Win64; x64) AppleWebKit/537.36 (KHTML, like Gecko) Chrome/80.0.3987.132 Safari/537.36"
103.219.169.227 - - [22/Apr/2026:22:18:32 +0300] "GET /neue-angeschlossen-casinos-2026-humorlosigkeit-beste-online-casinos-bedingungen-ausschuttung-printec3d/ HTTP/1.1" 200 73835 "-" "Mozilla/5.0 (Windows NT 10.0; rv:109.0) Gecko/20100101 Firefox/115.0"
185.216.113.70 - - [22/Apr/2026:22:19:51 +0300] "POST /wp-cron.php?doing_wp_cron=1776885591.6257140636444091796875 HTTP/1.1" 200 448 "-" "WordPress/6.3.8; https://serhatburke.miroglu.net"
193.194.106.44 - - [22/Apr/2026:22:19:39 +0300] "GET /robots.txt HTTP/1.1" 200 735 "-" "Mozilla/5.0 (Linux; Android 6.0.1; Nexus 5X Build/MMB29P) AppleWebKit/537.36 (KHTML, like Gecko) Chrome/139.0.7258.156 Mobile Safari/537.36 (compatible; Googlebot/2.1; +http://www.google.com/bot.html)"
193.194.106.44 - - [22/Apr/2026:22:19:52 +0300] "GET /the-evolution-of-on-line-slot-gaming-from-basic-reels-to-progressive-themes/ HTTP/1.1" 200 20995 "-" "Mozilla/5.0 (Linux; Android 6.0.1; Nexus 5X Build/MMB29P) AppleWebKit/537.36 (KHTML, like Gecko) Chrome/139.0.7258.156 Mobile Safari/537.36 (compatible; Googlebot/2.1; +http://www.google.com/bot.html)"
185.216.113.70 - - [22/Apr/2026:22:21:28 +0300] "POST /wp-cron.php?doing_wp_cron=1776885688.3306679725646972656250 HTTP/1.1" 200 448 "-" "WordPress/6.3.8; https://serhatburke.miroglu.net"
40.77.167.67 - - [22/Apr/2026:22:21:10 +0300] "GET /zabawa-liczbowa-2-21-liter-wyrazenie-do-krzyzowki/ HTTP/2" 200 19012 "-" "Mozilla/5.0 AppleWebKit/537.36 (KHTML, like Gecko; compatible; bingbot/2.0; +http://www.bing.com/bingbot.htm) Chrome/116.0.1938.76 Safari/537.36"
52.167.144.216 - - [22/Apr/2026:22:21:14 +0300] "GET /consuming-attention-1-free-with-10x-multiplier-night-movements-trip-walkthrough-and-you-can-rewards-cyberpunk-2077/ HTTP/2" 200 18200 "-" "Mozilla/5.0 AppleWebKit/537.36 (KHTML, like Gecko; compatible; bingbot/2.0; +http://www.bing.com/bingbot.htm) Chrome/116.0.1938.76 Safari/537.36"
52.167.144.216 - - [22/Apr/2026:22:21:14 +0300] "GET /tabella-di-online-tumulto-quale-adultero-pada-oltre-a-nel-2025/ HTTP/2" 200 17243 "-" "Mozilla/5.0 AppleWebKit/537.36 (KHTML, like Gecko; compatible; bingbot/2.0; +http://www.bing.com/bingbot.htm) Chrome/116.0.1938.76 Safari/537.36"
40.77.167.132 - - [22/Apr/2026:22:21:24 +0300] "GET /hinein-seventy-six-unserer-assessments-erfolgte-selbige-echtgeld-auszahlung-blo-komplikationen/ HTTP/2" 200 17579 "-" "Mozilla/5.0 AppleWebKit/537.36 (KHTML, like Gecko; compatible; bingbot/2.0; +http://www.bing.com/bingbot.htm) Chrome/116.0.1938.76 Safari/537.36"
52.167.144.216 - - [22/Apr/2026:22:21:42 +0300] "GET /soluciona-de-balde-pharaohs-fortune-ranura-en-linea-en-mega-fortune-en-forma-demo/ HTTP/2" 200 19623 "-" "Mozilla/5.0 AppleWebKit/537.36 (KHTML, like Gecko; compatible; bingbot/2.0; +http://www.bing.com/bingbot.htm) Chrome/116.0.1938.76 Safari/537.36"
185.216.113.70 - - [22/Apr/2026:22:22:50 +0300] "POST /wp-cron.php?doing_wp_cron=1776885770.6472918987274169921875 HTTP/1.1" 200 448 "-" "WordPress/6.3.8; https://serhatburke.miroglu.net"
103.219.169.227 - - [22/Apr/2026:22:22:35 +0300] "POST /xmlrpc.php HTTP/1.1" 200 630 "-" "Mozilla/5.0 (Windows NT 10.0; Win64; x64) AppleWebKit/537.36 (KHTML, like Gecko) Chrome/114.0.0.0 Safari/537.36"
37.27.228.124 - - [22/Apr/2026:22:22:43 +0300] "POST /xmlrpc.php HTTP/1.1" 200 1155 "-" "Mozilla/5.0 (Macintosh; Intel Mac OS X 12_5) AppleWebKit/537.36 (KHTML, like Gecko) Chrome/114.0.0.0 Safari/537.36"
103.219.169.227 - - [22/Apr/2026:22:22:57 +0300] "POST /xmlrpc.php HTTP/1.1" 200 12223 "-" "Mozilla/5.0 (Windows NT 10.0; Win64; x64) AppleWebKit/537.36 (KHTML, like Gecko) Chrome/114.0.0.0 Safari/537.36"
103.219.169.227 - - [22/Apr/2026:22:23:13 +0300] "GET /eye-of-horus-fur-nusse-zum-besten-verhalten-ohne-seine-erklarung-diamond-dogs-angeschlossen-slot-registration-rtp-94-81/ HTTP/1.1" 200 74919 "-" "Mozilla/5.0 (Windows NT 10.0; Win64; x64) AppleWebKit/537.36 (KHTML, like Gecko) Chrome/122.0.0.0 Safari/537.36"
185.216.113.70 - - [22/Apr/2026:22:23:44 +0300] "POST /wp-cron.php?doing_wp_cron=1776885824.6350939273834228515625 HTTP/1.1" 200 448 "-" "WordPress/6.3.8; https://serhatburke.miroglu.net"
89.47.55.208 - - [22/Apr/2026:22:23:32 +0300] "POST /xmlrpc.php HTTP/2" 200 140 "-" "WordPress/XMLRPC Client"
89.47.55.208 - - [22/Apr/2026:22:23:44 +0300] "GET /?p=128187 HTTP/2" 301 0 "-" "Mozilla/5.0 (Windows NT 10.0; Win64; x64) AppleWebKit/537.36 (KHTML, like Gecko) Chrome/120.0.0.0 Safari/537.36"
185.216.113.70 - - [22/Apr/2026:22:26:21 +0300] "POST /wp-cron.php?doing_wp_cron=1776885981.5617220401763916015625 HTTP/1.1" 200 448 "-" "WordPress/6.3.8; https://serhatburke.miroglu.net"
52.167.144.216 - - [22/Apr/2026:22:26:03 +0300] "GET /online-slots-real-cash-no-casino-bitio-best-game-deposit-incentives-2026/ HTTP/2" 200 18629 "-" "Mozilla/5.0 AppleWebKit/537.36 (KHTML, like Gecko; compatible; bingbot/2.0; +http://www.bing.com/bingbot.htm) Chrome/116.0.1938.76 Safari/537.36"
40.77.167.67 - - [22/Apr/2026:22:26:01 +0300] "GET /harnessing-the-power-of-bscscan-for-crypto-success-3/ HTTP/2" 200 17747 "-" "Mozilla/5.0 AppleWebKit/537.36 (KHTML, like Gecko; compatible; bingbot/2.0; +http://www.bing.com/bingbot.htm) Chrome/116.0.1938.76 Safari/537.36"
40.77.167.67 - - [22/Apr/2026:22:26:04 +0300] "GET /kraken-bezopasnoe-podkliuchenie-k-darknetu-v-2026-2/ HTTP/2" 200 17874 "-" "Mozilla/5.0 AppleWebKit/537.36 (KHTML, like Gecko; compatible; bingbot/2.0; +http://www.bing.com/bingbot.htm) Chrome/116.0.1938.76 Safari/537.36"
158.69.22.136 - - [22/Apr/2026:22:26:19 +0300] "GET /casino-online-skrill-prelievo-veloce/ HTTP/1.1" 200 18145 "-" "Mozilla/5.0 (compatible; Googlebot/2.1; +http://www.google.com/bot.html)"
185.216.113.70 - - [22/Apr/2026:22:26:48 +0300] "POST /wp-cron.php?doing_wp_cron=1776886008.1483519077301025390625 HTTP/1.1" 200 448 "-" "WordPress/6.3.8; https://serhatburke.miroglu.net"
193.194.106.44 - - [22/Apr/2026:22:26:36 +0300] "GET /robots.txt HTTP/1.1" 200 735 "-" "Mozilla/5.0 (Linux; Android 6.0.1; Nexus 5X Build/MMB29P) AppleWebKit/537.36 (KHTML, like Gecko) Chrome/139.0.7258.156 Mobile Safari/537.36 (compatible; Googlebot/2.1; +http://www.google.com/bot.html)"
193.194.106.44 - - [22/Apr/2026:22:26:48 +0300] "GET /best-online-roulette-casinos-in-the-u-s-april-2026-top-real-money-sites-reviewed/ HTTP/1.1" 200 20815 "-" "Mozilla/5.0 (Linux; Android 6.0.1; Nexus 5X Build/MMB29P) AppleWebKit/537.36 (KHTML, like Gecko) Chrome/139.0.7258.156 Mobile Safari/537.36 (compatible; Googlebot/2.1; +http://www.google.com/bot.html)"
