31.144.52.14 - - [23/Apr/2026:02:54:11 +0300] "POST /xmlrpc.php HTTP/2" 200 1305 "-" "Opera/9.81 (X11; Linux i686; nl-NL) Presto/2.12.311 Version/10.00"
98.98.9.26 - - [23/Apr/2026:02:54:19 +0300] "POST /xmlrpc.php HTTP/1.1" 200 630 "-" "Mozilla/5.0 (Windows NT 10.0; Win64; x64) AppleWebKit/537.36 (KHTML, like Gecko) Chrome/114.0.0.0 Safari/537.36"
31.144.52.14 - - [23/Apr/2026:02:54:23 +0300] "POST /xmlrpc.php HTTP/2" 200 110 "-" "Opera/9.81 (X11; Linux i686; nl-NL) Presto/2.12.311 Version/10.00"
185.216.113.70 - - [23/Apr/2026:02:54:49 +0300] "POST /wp-cron.php?doing_wp_cron=1776902089.2715899944305419921875 HTTP/1.1" 200 448 "-" "WordPress/6.3.8; https://serhatburke.miroglu.net"
31.144.52.14 - - [23/Apr/2026:02:54:36 +0300] "POST /xmlrpc.php HTTP/2" 200 3134 "-" "Opera/9.81 (X11; Linux i686; nl-NL) Presto/2.12.311 Version/10.00"
98.98.9.26 - - [23/Apr/2026:02:54:39 +0300] "POST /xmlrpc.php HTTP/1.1" 200 10605 "-" "Mozilla/5.0 (Windows NT 10.0; Win64; x64) AppleWebKit/537.36 (KHTML, like Gecko) Chrome/114.0.0.0 Safari/537.36"
98.98.9.26 - - [23/Apr/2026:02:54:54 +0300] "GET /the-brand-new-pokies-lost-island-online-slot-on-line-2025-play-the-fresh-online-slots-games/ HTTP/1.1" 200 72472 "-" "Mozilla/5.0 (Windows NT 10.0; Win64; x64) AppleWebKit/537.36 (KHTML, like Gecko) Chrome/122.0.0.0 Safari/537.36"
161.248.5.142 - - [23/Apr/2026:02:55:00 +0300] "GET /casino-online-skrill-prelievo-veloce/ HTTP/1.1" 200 18145 "-" "Mozilla/5.0 (compatible; Googlebot/2.1; +http://www.google.com/bot.html)"
185.216.113.70 - - [23/Apr/2026:02:56:12 +0300] "POST /wp-cron.php?doing_wp_cron=1776902172.3683619499206542968750 HTTP/1.1" 200 448 "-" "WordPress/6.3.8; https://serhatburke.miroglu.net"
98.98.9.26 - - [23/Apr/2026:02:56:00 +0300] "POST /xmlrpc.php HTTP/1.1" 200 630 "-" "Mozilla/5.0 (Windows NT 10.0; Win64; x64) AppleWebKit/537.36 (KHTML, like Gecko) Chrome/114.0.0.0 Safari/537.36"
98.98.9.26 - - [23/Apr/2026:02:56:26 +0300] "POST /xmlrpc.php HTTP/1.1" 200 10841 "-" "Mozilla/5.0 (Windows NT 10.0; Win64; x64) AppleWebKit/537.36 (KHTML, like Gecko) Chrome/114.0.0.0 Safari/537.36"
185.216.113.70 - - [23/Apr/2026:02:56:53 +0300] "POST /wp-cron.php?doing_wp_cron=1776902213.3082489967346191406250 HTTP/1.1" 200 448 "-" "WordPress/6.3.8; https://serhatburke.miroglu.net"
98.98.9.26 - - [23/Apr/2026:02:56:41 +0300] "GET /online-pokies-australian-see-continent-best-real-money-pokies-internet-sites-2025/ HTTP/1.1" 200 72299 "-" "Mozilla/5.0 (Windows NT 10.0; Win64; x64) AppleWebKit/537.36 (KHTML, like Gecko) Chrome/122.0.0.0 Safari/537.36"
185.216.113.70 - - [23/Apr/2026:02:57:57 +0300] "POST /wp-cron.php?doing_wp_cron=1776902277.3637170791625976562500 HTTP/1.1" 200 448 "-" "WordPress/6.3.8; https://serhatburke.miroglu.net"
98.98.9.26 - - [23/Apr/2026:02:57:33 +0300] "POST /xmlrpc.php HTTP/1.1" 200 630 "-" "Mozilla/5.0 (Windows NT 10.0; Win64; x64) AppleWebKit/537.36 (KHTML, like Gecko) Chrome/114.0.0.0 Safari/537.36"
98.98.9.26 - - [23/Apr/2026:02:58:04 +0300] "POST /xmlrpc.php HTTP/1.1" 200 10876 "-" "Mozilla/5.0 (Windows NT 10.0; Win64; x64) AppleWebKit/537.36 (KHTML, like Gecko) Chrome/114.0.0.0 Safari/537.36"
98.98.9.26 - - [23/Apr/2026:02:58:19 +0300] "GET /beta138-puzzle-online-casino-lost-island-game-interaktif-resmi-dengan-graphic-menarik-dan-alur-stabil/ HTTP/1.1" 200 72760 "-" "Mozilla/5.0 (Windows NT 10.0; Win64; x64) AppleWebKit/537.36 (KHTML, like Gecko) Chrome/123.0.0.0 Safari/537.36 OPR/109.0.0.0"
185.216.113.70 - - [23/Apr/2026:02:58:56 +0300] "POST /wp-cron.php?doing_wp_cron=1776902336.2484500408172607421875 HTTP/1.1" 200 448 "-" "WordPress/6.3.8; https://serhatburke.miroglu.net"
57.128.22.95 - - [23/Apr/2026:02:58:44 +0300] "GET /novoline-casino-codice-bonus-registrazione/ HTTP/1.1" 200 17201 "https://serhatburke.miroglu.net/" "Mozilla/5.0 (Windows NT 10.0; Win64; x64; rv:140.0) Gecko/20100101 Firefox/140.0"
196.51.130.216 - - [23/Apr/2026:02:59:00 +0300] "GET /wp-includes/css/dist/block-library/style.min.css?ver=6.3.8 HTTP/1.1" 200 13578 "https://serhatburke.miroglu.net/novoline-casino-codice-bonus-registrazione/" "Mozilla/5.0 (Windows NT 10.0; Win64; x64) AppleWebKit/537.36 (KHTML, like Gecko) Chrome/145.0.0.0 Safari/537.36"
196.51.130.216 - - [23/Apr/2026:02:59:01 +0300] "GET /wp-content/plugins/contact-form-7/includes/css/styles.css?ver=5.8 HTTP/1.1" 200 1490 "https://serhatburke.miroglu.net/novoline-casino-codice-bonus-registrazione/" "Mozilla/5.0 (Windows NT 10.0; Win64; x64) AppleWebKit/537.36 (KHTML, like Gecko) Chrome/145.0.0.0 Safari/537.36"
196.51.130.216 - - [23/Apr/2026:02:59:03 +0300] "GET /wp-content/themes/toppic/css/fontello.css?ver=4.2 HTTP/1.1" 200 1802 "https://serhatburke.miroglu.net/novoline-casino-codice-bonus-registrazione/" "Mozilla/5.0 (Windows NT 10.0; Win64; x64) AppleWebKit/537.36 (KHTML, like Gecko) Chrome/145.0.0.0 Safari/537.36"
196.51.130.216 - - [23/Apr/2026:02:59:05 +0300] "GET /wp-content/themes/toppic/css/reset.css?ver=4.2 HTTP/1.1" 200 1178 "https://serhatburke.miroglu.net/novoline-casino-codice-bonus-registrazione/" "Mozilla/5.0 (Windows NT 10.0; Win64; x64) AppleWebKit/537.36 (KHTML, like Gecko) Chrome/145.0.0.0 Safari/537.36"
196.51.130.216 - - [23/Apr/2026:02:59:06 +0300] "GET /wp-content/themes/toppic/css/default.css?ver=4.2 HTTP/1.1" 200 1811 "https://serhatburke.miroglu.net/novoline-casino-codice-bonus-registrazione/" "Mozilla/5.0 (Windows NT 10.0; Win64; x64) AppleWebKit/537.36 (KHTML, like Gecko) Chrome/145.0.0.0 Safari/537.36"
196.51.130.216 - - [23/Apr/2026:02:59:08 +0300] "GET /wp-content/themes/toppic/style.css?ver=4.2 HTTP/1.1" 200 23398 "https://serhatburke.miroglu.net/novoline-casino-codice-bonus-registrazione/" "Mozilla/5.0 (Windows NT 10.0; Win64; x64) AppleWebKit/537.36 (KHTML, like Gecko) Chrome/145.0.0.0 Safari/537.36"
196.51.130.216 - - [23/Apr/2026:02:59:09 +0300] "GET /wp-content/themes/toppic/css/royalslider.css?ver=4.2 HTTP/1.1" 200 1887 "https://serhatburke.miroglu.net/novoline-casino-codice-bonus-registrazione/" "Mozilla/5.0 (Windows NT 10.0; Win64; x64) AppleWebKit/537.36 (KHTML, like Gecko) Chrome/145.0.0.0 Safari/537.36"
196.51.130.216 - - [23/Apr/2026:02:59:11 +0300] "GET /wp-content/themes/toppic/css/rs-default.css?ver=4.2 HTTP/1.1" 200 2625 "https://serhatburke.miroglu.net/novoline-casino-codice-bonus-registrazione/" "Mozilla/5.0 (Windows NT 10.0; Win64; x64) AppleWebKit/537.36 (KHTML, like Gecko) Chrome/145.0.0.0 Safari/537.36"
196.51.130.216 - - [23/Apr/2026:02:59:12 +0300] "GET /wp-content/themes/toppic/css/lightbox.css?ver=4.2 HTTP/1.1" 200 2956 "https://serhatburke.miroglu.net/novoline-casino-codice-bonus-registrazione/" "Mozilla/5.0 (Windows NT 10.0; Win64; x64) AppleWebKit/537.36 (KHTML, like Gecko) Chrome/145.0.0.0 Safari/537.36"
196.51.130.216 - - [23/Apr/2026:02:59:14 +0300] "GET /wp-content/themes/toppic/css/woocommerce.css?ver=4.2 HTTP/1.1" 200 2848 "https://serhatburke.miroglu.net/novoline-casino-codice-bonus-registrazione/" "Mozilla/5.0 (Windows NT 10.0; Win64; x64) AppleWebKit/537.36 (KHTML, like Gecko) Chrome/145.0.0.0 Safari/537.36"
196.51.130.216 - - [23/Apr/2026:02:59:15 +0300] "GET /wp-content/themes/toppic/css/responsive.css?ver=4.2 HTTP/1.1" 200 2796 "https://serhatburke.miroglu.net/novoline-casino-codice-bonus-registrazione/" "Mozilla/5.0 (Windows NT 10.0; Win64; x64) AppleWebKit/537.36 (KHTML, like Gecko) Chrome/145.0.0.0 Safari/537.36"
98.98.9.26 - - [23/Apr/2026:02:59:08 +0300] "POST /xmlrpc.php HTTP/1.1" 200 630 "-" "Mozilla/5.0 (Windows NT 10.0; Win64; x64) AppleWebKit/537.36 (KHTML, like Gecko) Chrome/114.0.0.0 Safari/537.36"
196.51.130.216 - - [23/Apr/2026:02:59:17 +0300] "POST /wp-comments-post.php HTTP/1.1" 200 1582 "https://serhatburke.miroglu.net/novoline-casino-codice-bonus-registrazione/" "Mozilla/5.0 (Windows NT 10.0; Win64; x64; rv:140.0) Gecko/20100101 Firefox/140.0"
185.216.113.70 - - [23/Apr/2026:02:59:43 +0300] "POST /wp-cron.php?doing_wp_cron=1776902383.1068150997161865234375 HTTP/1.1" 200 448 "-" "WordPress/6.3.8; https://serhatburke.miroglu.net"
98.98.9.26 - - [23/Apr/2026:02:59:28 +0300] "POST /xmlrpc.php HTTP/1.1" 200 10724 "-" "Mozilla/5.0 (Windows NT 10.0; Win64; x64) AppleWebKit/537.36 (KHTML, like Gecko) Chrome/114.0.0.0 Safari/537.36"
57.128.22.95 - - [23/Apr/2026:02:59:29 +0300] "GET /novoline-casino-codice-bonus-registrazione/ HTTP/1.1" 200 17219 "-" "Mozilla/5.0 (compatible; Googlebot/2.1; +http://www.google.com/bot.html)"
98.98.9.26 - - [23/Apr/2026:02:59:47 +0300] "GET /spread-out-harbors-slots-casino-cool-cat-mobile-software-online-enjoy/ HTTP/1.1" 200 72082 "-" "Mozilla/5.0 (Windows NT 10.0; Win64; x64) AppleWebKit/537.36 (KHTML, like Gecko) Chrome/124.0.0.0 Safari/537.36"
85.208.96.195 - - [23/Apr/2026:03:00:00 +0300] "GET /robots.txt HTTP/1.1" 200 605 "-" "Mozilla/5.0 (compatible; SemrushBot/7~bl; +http://www.semrush.com/bot.html)"
85.208.96.210 - - [23/Apr/2026:03:00:13 +0300] "GET /android-pokies-programs-2026-better-android-gambling-x-casino-welcome-bonus-enterprise-pokies/ HTTP/1.1" 200 20440 "-" "Mozilla/5.0 (compatible; SemrushBot/7~bl; +http://www.semrush.com/bot.html)"
185.216.113.70 - - [23/Apr/2026:03:00:52 +0300] "POST /wp-cron.php?doing_wp_cron=1776902452.0135869979858398437500 HTTP/1.1" 200 448 "-" "WordPress/6.3.8; https://serhatburke.miroglu.net"
98.98.9.26 - - [23/Apr/2026:03:00:40 +0300] "POST /xmlrpc.php HTTP/1.1" 200 630 "-" "Mozilla/5.0 (Windows NT 10.0; Win64; x64) AppleWebKit/537.36 (KHTML, like Gecko) Chrome/114.0.0.0 Safari/537.36"
66.249.73.15 - - [23/Apr/2026:03:00:42 +0300] "GET /robots.txt HTTP/1.1" 200 719 "-" "Mozilla/5.0 (compatible; Googlebot/2.1; +http://www.google.com/bot.html)"
57.128.22.95 - - [23/Apr/2026:03:00:54 +0300] "GET /novoline-casino-codice-bonus-registrazione/ HTTP/1.1" 200 17219 "-" "Mozilla/5.0 (compatible; Googlebot/2.1; +http://www.google.com/bot.html)"
98.98.9.26 - - [23/Apr/2026:03:00:59 +0300] "POST /xmlrpc.php HTTP/1.1" 200 10910 "-" "Mozilla/5.0 (Windows NT 10.0; Win64; x64) AppleWebKit/537.36 (KHTML, like Gecko) Chrome/114.0.0.0 Safari/537.36"
98.98.9.26 - - [23/Apr/2026:03:01:15 +0300] "GET /doubledown-gambling-silver-oak-casino-promo-enterprise-100-percent-free-codes-collect-500100000-totally-free-potato-chips/ HTTP/1.1" 200 73789 "-" "Mozilla/5.0 (Windows NT 10.0; Win64; x64) AppleWebKit/537.36 (KHTML, like Gecko) Chrome/124.0.0.0 Safari/537.36 Edg/124.0.0.0"
185.216.113.70 - - [23/Apr/2026:03:02:27 +0300] "POST /wp-cron.php?doing_wp_cron=1776902547.2858710289001464843750 HTTP/1.1" 200 448 "-" "WordPress/6.3.8; https://serhatburke.miroglu.net"
98.98.9.26 - - [23/Apr/2026:03:02:15 +0300] "POST /xmlrpc.php HTTP/1.1" 200 630 "-" "Mozilla/5.0 (Windows NT 10.0; Win64; x64) AppleWebKit/537.36 (KHTML, like Gecko) Chrome/114.0.0.0 Safari/537.36"
98.98.9.26 - - [23/Apr/2026:03:02:34 +0300] "POST /xmlrpc.php HTTP/1.1" 200 10573 "-" "Mozilla/5.0 (Windows NT 10.0; Win64; x64) AppleWebKit/537.36 (KHTML, like Gecko) Chrome/114.0.0.0 Safari/537.36"
66.249.73.14 - - [23/Apr/2026:03:02:40 +0300] "GET /rollinoapp-uk-weekend-bonus-an-in-depth-review/undefined?ts=1775520000 HTTP/1.1" 200 0 "https://serhatburke.miroglu.net/rollinoapp-uk-weekend-bonus-an-in-depth-review/" "Mozilla/5.0 (Linux; Android 6.0.1; Nexus 5X Build/MMB29P) AppleWebKit/537.36 (KHTML, like Gecko) Chrome/146.0.7680.177 Mobile Safari/537.36 (compatible; Googlebot/2.1; +http://www.google.com/bot.html)"
98.98.9.26 - - [23/Apr/2026:03:02:49 +0300] "GET /mobile-ports-gambling-casino-pocketwin-80-free-spins-enterprises-2026/ HTTP/1.1" 200 71800 "-" "Mozilla/5.0 (Windows NT 10.0; Win64; x64) AppleWebKit/537.36 (KHTML, like Gecko) Chrome/123.0.0.0 Safari/537.36 OPR/109.0.0.0"
185.216.113.70 - - [23/Apr/2026:03:03:58 +0300] "POST /wp-cron.php?doing_wp_cron=1776902638.7353041172027587890625 HTTP/1.1" 200 448 "-" "WordPress/6.3.8; https://serhatburke.miroglu.net"
207.180.201.99 - - [23/Apr/2026:03:03:46 +0300] "GET / HTTP/2" 200 17062 "-" "Mozilla/5.0 (Windows NT 10.0; Win64; x64; rv:121.0) Gecko/20100101 Firefox/121.0"
207.180.201.99 - - [23/Apr/2026:03:03:59 +0300] "GET /wp-includes/css/dist/block-library/style.min.css?ver=6.3.8 HTTP/2" 200 12962 "https://serhatburke.miroglu.net/" "Mozilla/5.0 (Windows NT 10.0; Win64; x64; rv:121.0) Gecko/20100101 Firefox/121.0"
207.180.201.99 - - [23/Apr/2026:03:03:59 +0300] "GET /wp-content/plugins/contact-form-7/includes/css/styles.css?ver=5.8 HTTP/2" 200 878 "https://serhatburke.miroglu.net/" "Mozilla/5.0 (Windows NT 10.0; Win64; x64; rv:121.0) Gecko/20100101 Firefox/121.0"
207.180.201.99 - - [23/Apr/2026:03:03:59 +0300] "GET /wp-content/themes/toppic/css/fontello.css?ver=4.2 HTTP/2" 200 1188 "https://serhatburke.miroglu.net/" "Mozilla/5.0 (Windows NT 10.0; Win64; x64; rv:121.0) Gecko/20100101 Firefox/121.0"
207.180.201.99 - - [23/Apr/2026:03:03:59 +0300] "GET /wp-content/themes/toppic/css/reset.css?ver=4.2 HTTP/2" 200 566 "https://serhatburke.miroglu.net/" "Mozilla/5.0 (Windows NT 10.0; Win64; x64; rv:121.0) Gecko/20100101 Firefox/121.0"
207.180.201.99 - - [23/Apr/2026:03:03:59 +0300] "GET /wp-content/themes/toppic/css/default.css?ver=4.2 HTTP/2" 200 1198 "https://serhatburke.miroglu.net/" "Mozilla/5.0 (Windows NT 10.0; Win64; x64; rv:121.0) Gecko/20100101 Firefox/121.0"
207.180.201.99 - - [23/Apr/2026:03:03:59 +0300] "GET /wp-content/themes/toppic/style.css?ver=4.2 HTTP/2" 200 22783 "https://serhatburke.miroglu.net/" "Mozilla/5.0 (Windows NT 10.0; Win64; x64; rv:121.0) Gecko/20100101 Firefox/121.0"
207.180.201.99 - - [23/Apr/2026:03:03:59 +0300] "GET /wp-content/themes/toppic/css/royalslider.css?ver=4.2 HTTP/2" 200 1273 "https://serhatburke.miroglu.net/" "Mozilla/5.0 (Windows NT 10.0; Win64; x64; rv:121.0) Gecko/20100101 Firefox/121.0"
207.180.201.99 - - [23/Apr/2026:03:03:59 +0300] "GET /wp-content/themes/toppic/css/rs-default.css?ver=4.2 HTTP/2" 200 2011 "https://serhatburke.miroglu.net/" "Mozilla/5.0 (Windows NT 10.0; Win64; x64; rv:121.0) Gecko/20100101 Firefox/121.0"
207.180.201.99 - - [23/Apr/2026:03:03:59 +0300] "GET /wp-content/themes/toppic/css/lightbox.css?ver=4.2 HTTP/2" 200 2342 "https://serhatburke.miroglu.net/" "Mozilla/5.0 (Windows NT 10.0; Win64; x64; rv:121.0) Gecko/20100101 Firefox/121.0"
207.180.201.99 - - [23/Apr/2026:03:03:59 +0300] "GET /wp-content/themes/toppic/css/woocommerce.css?ver=4.2 HTTP/2" 200 2234 "https://serhatburke.miroglu.net/" "Mozilla/5.0 (Windows NT 10.0; Win64; x64; rv:121.0) Gecko/20100101 Firefox/121.0"
207.180.201.99 - - [23/Apr/2026:03:03:59 +0300] "GET /wp-content/themes/toppic/css/responsive.css?ver=4.2 HTTP/2" 200 2182 "https://serhatburke.miroglu.net/" "Mozilla/5.0 (Windows NT 10.0; Win64; x64; rv:121.0) Gecko/20100101 Firefox/121.0"
207.180.201.99 - - [23/Apr/2026:03:03:59 +0300] "GET /wp-includes/js/jquery/jquery.min.js?ver=3.7.0 HTTP/2" 200 29712 "https://serhatburke.miroglu.net/" "Mozilla/5.0 (Windows NT 10.0; Win64; x64; rv:121.0) Gecko/20100101 Firefox/121.0"
207.180.201.99 - - [23/Apr/2026:03:03:59 +0300] "GET /wp-includes/js/jquery/jquery-migrate.min.js?ver=3.4.1 HTTP/2" 200 4678 "https://serhatburke.miroglu.net/" "Mozilla/5.0 (Windows NT 10.0; Win64; x64; rv:121.0) Gecko/20100101 Firefox/121.0"
207.180.201.99 - - [23/Apr/2026:03:03:59 +0300] "GET /wp-content/plugins/roses-like-this/likesScript.js?ver=6.3.8 HTTP/2" 200 619 "https://serhatburke.miroglu.net/" "Mozilla/5.0 (Windows NT 10.0; Win64; x64; rv:121.0) Gecko/20100101 Firefox/121.0"
207.180.201.99 - - [23/Apr/2026:03:03:59 +0300] "GET /wp-content/plugins/contact-form-7/includes/swv/js/index.js?ver=5.8 HTTP/2" 200 3061 "https://serhatburke.miroglu.net/" "Mozilla/5.0 (Windows NT 10.0; Win64; x64; rv:121.0) Gecko/20100101 Firefox/121.0"
207.180.201.99 - - [23/Apr/2026:03:03:59 +0300] "GET /wp-content/plugins/contact-form-7/includes/js/index.js?ver=5.8 HTTP/2" 200 3918 "https://serhatburke.miroglu.net/" "Mozilla/5.0 (Windows NT 10.0; Win64; x64; rv:121.0) Gecko/20100101 Firefox/121.0"
207.180.201.99 - - [23/Apr/2026:03:04:00 +0300] "GET /wp-content/themes/toppic/js/jquery.parallax.custom.js?ver=4.2 HTTP/2" 200 720 "https://serhatburke.miroglu.net/" "Mozilla/5.0 (Windows NT 10.0; Win64; x64; rv:121.0) Gecko/20100101 Firefox/121.0"
207.180.201.99 - - [23/Apr/2026:03:04:00 +0300] "GET /wp-content/themes/toppic/js/jquery.mtree.js?ver=4.2 HTTP/2" 200 883 "https://serhatburke.miroglu.net/" "Mozilla/5.0 (Windows NT 10.0; Win64; x64; rv:121.0) Gecko/20100101 Firefox/121.0"
207.180.201.99 - - [23/Apr/2026:03:04:00 +0300] "GET /wp-content/themes/toppic/js/jquery.tipsy.js?ver=4.2 HTTP/2" 200 829 "https://serhatburke.miroglu.net/" "Mozilla/5.0 (Windows NT 10.0; Win64; x64; rv:121.0) Gecko/20100101 Firefox/121.0"
207.180.201.99 - - [23/Apr/2026:03:04:00 +0300] "GET /wp-content/themes/toppic/js/jquery.transit.min.js?ver=4.2 HTTP/2" 200 2624 "https://serhatburke.miroglu.net/" "Mozilla/5.0 (Windows NT 10.0; Win64; x64; rv:121.0) Gecko/20100101 Firefox/121.0"
207.180.201.99 - - [23/Apr/2026:03:04:00 +0300] "GET /wp-content/themes/toppic/js/scrollMonitor.js?ver=4.2 HTTP/2" 200 2538 "https://serhatburke.miroglu.net/" "Mozilla/5.0 (Windows NT 10.0; Win64; x64; rv:121.0) Gecko/20100101 Firefox/121.0"
207.180.201.99 - - [23/Apr/2026:03:04:00 +0300] "GET /wp-content/themes/toppic/js/jquery.touchswipe.js?ver=4.2 HTTP/2" 200 4734 "https://serhatburke.miroglu.net/" "Mozilla/5.0 (Windows NT 10.0; Win64; x64; rv:121.0) Gecko/20100101 Firefox/121.0"
207.180.201.99 - - [23/Apr/2026:03:04:00 +0300] "GET /wp-content/themes/toppic/js/jquery.modernizr.custom.js?ver=4.2 HTTP/2" 200 2892 "https://serhatburke.miroglu.net/" "Mozilla/5.0 (Windows NT 10.0; Win64; x64; rv:121.0) Gecko/20100101 Firefox/121.0"
207.180.201.99 - - [23/Apr/2026:03:04:00 +0300] "GET /wp-content/themes/toppic/js/jquery.kenb.js?ver=4.2 HTTP/2" 200 1252 "https://serhatburke.miroglu.net/" "Mozilla/5.0 (Windows NT 10.0; Win64; x64; rv:121.0) Gecko/20100101 Firefox/121.0"
207.180.201.99 - - [23/Apr/2026:03:04:00 +0300] "GET /wp-content/themes/toppic/js/jquery.royalslider.min.js?ver=4.2 HTTP/2" 200 18024 "https://serhatburke.miroglu.net/" "Mozilla/5.0 (Windows NT 10.0; Win64; x64; rv:121.0) Gecko/20100101 Firefox/121.0"
207.180.201.99 - - [23/Apr/2026:03:04:00 +0300] "GET /wp-content/themes/toppic/js/jquery.magnific-popup.min.js?ver=4.2 HTTP/2" 200 7278 "https://serhatburke.miroglu.net/" "Mozilla/5.0 (Windows NT 10.0; Win64; x64; rv:121.0) Gecko/20100101 Firefox/121.0"
207.180.201.99 - - [23/Apr/2026:03:04:00 +0300] "GET /wp-content/themes/toppic/js/jquery.custom.js?ver=4.2 HTTP/2" 200 8215 "https://serhatburke.miroglu.net/" "Mozilla/5.0 (Windows NT 10.0; Win64; x64; rv:121.0) Gecko/20100101 Firefox/121.0"
207.180.201.99 - - [23/Apr/2026:03:04:00 +0300] "GET /wp-content/themes/toppic/js/lazysizes.min.js?ver=4.2 HTTP/2" 200 3175 "https://serhatburke.miroglu.net/" "Mozilla/5.0 (Windows NT 10.0; Win64; x64; rv:121.0) Gecko/20100101 Firefox/121.0"
207.180.201.99 - - [23/Apr/2026:03:04:00 +0300] "GET /wp-content/plugins/google-analytics-for-wordpress/assets/js/frontend-gtag.min.js?ver=10.1.2 HTTP/2" 200 3071 "https://serhatburke.miroglu.net/" "Mozilla/5.0 (Windows NT 10.0; Win64; x64; rv:121.0) Gecko/20100101 Firefox/121.0"
207.180.201.99 - - [23/Apr/2026:03:04:00 +0300] "GET /wp-content/uploads/2023/08/LOGO-1.png HTTP/2" 200 5530 "https://serhatburke.miroglu.net/" "Mozilla/5.0 (Windows NT 10.0; Win64; x64; rv:121.0) Gecko/20100101 Firefox/121.0"
207.180.201.99 - - [23/Apr/2026:03:04:00 +0300] "GET /wp-content/uploads/2023/08/favicon-16x16-3.png HTTP/2" 200 529 "https://serhatburke.miroglu.net/" "Mozilla/5.0 (Windows NT 10.0; Win64; x64; rv:121.0) Gecko/20100101 Firefox/121.0"
207.180.201.99 - - [23/Apr/2026:03:04:00 +0300] "GET /wp-content/themes/toppic/css/font/fontello.woff2?64692809 HTTP/2" 200 8356 "https://serhatburke.miroglu.net/wp-content/themes/toppic/css/fontello.css?ver=4.2" "Mozilla/5.0 (Windows NT 10.0; Win64; x64; rv:121.0) Gecko/20100101 Firefox/121.0"
207.180.201.99 - - [23/Apr/2026:03:04:01 +0300] "GET /wp-includes/js/wp-emoji-release.min.js?ver=6.3.8 HTTP/2" 200 4651 "https://serhatburke.miroglu.net/" "Mozilla/5.0 (Windows NT 10.0; Win64; x64; rv:121.0) Gecko/20100101 Firefox/121.0"
98.98.9.26 - - [23/Apr/2026:03:03:55 +0300] "POST /xmlrpc.php HTTP/1.1" 200 630 "-" "Mozilla/5.0 (Windows NT 10.0; Win64; x64) AppleWebKit/537.36 (KHTML, like Gecko) Chrome/114.0.0.0 Safari/537.36"
98.98.9.26 - - [23/Apr/2026:03:04:15 +0300] "POST /xmlrpc.php HTTP/1.1" 200 10799 "-" "Mozilla/5.0 (Windows NT 10.0; Win64; x64) AppleWebKit/537.36 (KHTML, like Gecko) Chrome/114.0.0.0 Safari/537.36"
185.216.113.70 - - [23/Apr/2026:03:04:44 +0300] "POST /wp-cron.php?doing_wp_cron=1776902683.9634408950805664062500 HTTP/1.1" 200 448 "-" "WordPress/6.3.8; https://serhatburke.miroglu.net"
98.98.9.26 - - [23/Apr/2026:03:04:31 +0300] "GET /happiest-christmas-tree-ports-advice-joyful-wins-reduce-go-out-gnome-slot-prepared-to-possess-mercantile-work-environment-options-pvt-ltd/ HTTP/1.1" 200 73777 "-" "Mozilla/5.0 (Windows NT 10.0; Win64; x64) AppleWebKit/537.36 (KHTML, like Gecko) Chrome/124.0.0.0 Safari/537.36"
185.216.113.70 - - [23/Apr/2026:03:05:46 +0300] "POST /wp-cron.php?doing_wp_cron=1776902746.9297549724578857421875 HTTP/1.1" 200 448 "-" "WordPress/6.3.8; https://serhatburke.miroglu.net"
98.98.9.26 - - [23/Apr/2026:03:05:29 +0300] "POST /xmlrpc.php HTTP/1.1" 200 630 "-" "Mozilla/5.0 (Windows NT 10.0; Win64; x64) AppleWebKit/537.36 (KHTML, like Gecko) Chrome/114.0.0.0 Safari/537.36"
98.98.9.26 - - [23/Apr/2026:03:05:53 +0300] "POST /xmlrpc.php HTTP/1.1" 200 10682 "-" "Mozilla/5.0 (Windows NT 10.0; Win64; x64) AppleWebKit/537.36 (KHTML, like Gecko) Chrome/114.0.0.0 Safari/537.36"
98.98.9.26 - - [23/Apr/2026:03:06:09 +0300] "GET /black-jack-means-pro-resources-and-buffalo-blitz-pokie-information/ HTTP/1.1" 200 71788 "-" "Mozilla/5.0 (Windows NT 10.0; Win64; x64) AppleWebKit/537.36 (KHTML, like Gecko) Chrome/124.0.0.0 Safari/537.36 Edg/124.0.0.0"
185.216.113.70 - - [23/Apr/2026:03:07:16 +0300] "POST /wp-cron.php?doing_wp_cron=1776902835.9956879615783691406250 HTTP/1.1" 200 448 "-" "WordPress/6.3.8; https://serhatburke.miroglu.net"
98.98.9.26 - - [23/Apr/2026:03:06:57 +0300] "POST /xmlrpc.php HTTP/1.1" 200 630 "-" "Mozilla/5.0 (Windows NT 10.0; Win64; x64) AppleWebKit/537.36 (KHTML, like Gecko) Chrome/114.0.0.0 Safari/537.36"
103.219.169.227 - - [23/Apr/2026:03:07:23 +0300] "POST /xmlrpc.php HTTP/1.1" 200 630 "-" "Mozilla/5.0 (Windows NT 10.0; Win64; x64) AppleWebKit/537.36 (KHTML, like Gecko) Chrome/114.0.0.0 Safari/537.36"
98.98.9.26 - - [23/Apr/2026:03:07:25 +0300] "POST /xmlrpc.php HTTP/1.1" 200 10665 "-" "Mozilla/5.0 (Windows NT 10.0; Win64; x64) AppleWebKit/537.36 (KHTML, like Gecko) Chrome/114.0.0.0 Safari/537.36"
185.216.113.70 - - [23/Apr/2026:03:07:55 +0300] "POST /wp-cron.php?doing_wp_cron=1776902875.8363840579986572265625 HTTP/1.1" 200 448 "-" "WordPress/6.3.8; https://serhatburke.miroglu.net"
103.219.169.227 - - [23/Apr/2026:03:07:43 +0300] "POST /xmlrpc.php HTTP/1.1" 200 10466 "-" "Mozilla/5.0 (Windows NT 10.0; Win64; x64) AppleWebKit/537.36 (KHTML, like Gecko) Chrome/114.0.0.0 Safari/537.36"
98.98.9.26 - - [23/Apr/2026:03:07:42 +0300] "GET /greatest-free-spins-casinos-february-2026-online-casino-with-fastest-withdrawal-no-deposit-ports/ HTTP/1.1" 200 72614 "-" "Mozilla/5.0 (Windows NT 10.0; Win64; x64) AppleWebKit/537.36 (KHTML, like Gecko) Chrome/123.0.0.0 Safari/537.36 OPR/109.0.0.0"
103.219.169.227 - - [23/Apr/2026:03:08:01 +0300] "GET /thunderstruck-position-games/ HTTP/1.1" 200 70946 "-" "Mozilla/5.0 (Windows NT 10.0; Win64; x64) AppleWebKit/537.36 (KHTML, like Gecko) Chrome/123.0.0.0 Safari/537.36"
98.98.9.26 - - [23/Apr/2026:03:08:08 +0300] "POST /xmlrpc.php HTTP/1.1" 200 630 "-" "Mozilla/5.0 (Windows NT 10.0; Win64; x64) AppleWebKit/537.36 (KHTML, like Gecko) Chrome/114.0.0.0 Safari/537.36"
185.216.113.70 - - [23/Apr/2026:03:08:42 +0300] "POST /wp-cron.php?doing_wp_cron=1776902922.7328200340270996093750 HTTP/1.1" 200 448 "-" "WordPress/6.3.8; https://serhatburke.miroglu.net"
98.98.9.26 - - [23/Apr/2026:03:08:29 +0300] "POST /xmlrpc.php HTTP/1.1" 200 10900 "-" "Mozilla/5.0 (Windows NT 10.0; Win64; x64) AppleWebKit/537.36 (KHTML, like Gecko) Chrome/114.0.0.0 Safari/537.36"
98.98.9.26 - - [23/Apr/2026:03:08:45 +0300] "GET /best-5-lowest-deposit-gambling-enterprises-inside-2026-rated-and-you-may-casino-coral-mobile-examined/ HTTP/1.1" 200 72943 "-" "Mozilla/5.0 (Windows NT 10.0; Win64; x64) AppleWebKit/537.36 (KHTML, like Gecko) Chrome/123.0.0.0 Safari/537.36"
98.98.9.26 - - [23/Apr/2026:03:09:25 +0300] "POST /xmlrpc.php HTTP/1.1" 200 630 "-" "Mozilla/5.0 (Windows NT 10.0; Win64; x64) AppleWebKit/537.36 (KHTML, like Gecko) Chrome/114.0.0.0 Safari/537.36"
185.216.113.70 - - [23/Apr/2026:03:09:57 +0300] "POST /wp-cron.php?doing_wp_cron=1776902997.3101320266723632812500 HTTP/1.1" 200 448 "-" "WordPress/6.3.8; https://serhatburke.miroglu.net"
98.98.9.26 - - [23/Apr/2026:03:09:44 +0300] "POST /xmlrpc.php HTTP/1.1" 200 10969 "-" "Mozilla/5.0 (Windows NT 10.0; Win64; x64) AppleWebKit/537.36 (KHTML, like Gecko) Chrome/114.0.0.0 Safari/537.36"
98.98.9.26 - - [23/Apr/2026:03:10:00 +0300] "GET /free-harbors-play-play-realistic-games-slots-8330-free-online-slot-machine-servers/ HTTP/1.1" 200 72524 "-" "Mozilla/5.0 (Windows NT 10.0; Win64; x64) AppleWebKit/537.36 (KHTML, like Gecko) Chrome/109.0.0.0 Safari/537.36"
62.12.118.38 - - [23/Apr/2026:03:10:20 +0300] "POST /xmlrpc.php HTTP/1.1" 200 630 "-" "Mozilla/5.0 (Windows NT 10.0; Win64; x64) AppleWebKit/537.36 (KHTML, like Gecko) Chrome/114.0.0.0 Safari/537.36"
185.216.113.70 - - [23/Apr/2026:03:10:50 +0300] "POST /wp-cron.php?doing_wp_cron=1776903049.9687778949737548828125 HTTP/1.1" 200 448 "-" "WordPress/6.3.8; https://serhatburke.miroglu.net"
98.98.9.26 - - [23/Apr/2026:03:10:37 +0300] "POST /xmlrpc.php HTTP/1.1" 200 630 "-" "Mozilla/5.0 (Windows NT 10.0; Win64; x64) AppleWebKit/537.36 (KHTML, like Gecko) Chrome/114.0.0.0 Safari/537.36"
62.12.118.38 - - [23/Apr/2026:03:10:38 +0300] "POST /xmlrpc.php HTTP/1.1" 200 10647 "-" "Mozilla/5.0 (Windows NT 10.0; Win64; x64) AppleWebKit/537.36 (KHTML, like Gecko) Chrome/114.0.0.0 Safari/537.36"
62.12.118.38 - - [23/Apr/2026:03:10:53 +0300] "GET /spielsaal-maklercourtage-ohne-gewinnchancen-tasty-win-einzahlung-2026-kostenfrei-echtgeld-boni/ HTTP/1.1" 200 72888 "-" "Mozilla/5.0 (Windows NT 10.0; Win64; x64) AppleWebKit/537.36 (KHTML, like Gecko) Chrome/124.0.0.0 Safari/537.36"
98.98.9.26 - - [23/Apr/2026:03:10:57 +0300] "POST /xmlrpc.php HTTP/1.1" 200 10685 "-" "Mozilla/5.0 (Windows NT 10.0; Win64; x64) AppleWebKit/537.36 (KHTML, like Gecko) Chrome/114.0.0.0 Safari/537.36"
98.98.9.26 - - [23/Apr/2026:03:11:13 +0300] "GET /higher-blue-slot-playtech-play-game-for-free-rtp-volatility-steamtower-slot-play-for-money-and-where-you-can-play-in-the-internet-casino/ HTTP/1.1" 200 73669 "-" "Mozilla/5.0 (Windows NT 10.0; rv:125.0) Gecko/20100101 Firefox/125.0"
185.216.113.70 - - [23/Apr/2026:03:11:58 +0300] "POST /wp-cron.php?doing_wp_cron=1776903117.8777298927307128906250 HTTP/1.1" 200 448 "-" "WordPress/6.3.8; https://serhatburke.miroglu.net"
98.98.9.26 - - [23/Apr/2026:03:11:43 +0300] "POST /xmlrpc.php HTTP/1.1" 200 630 "-" "Mozilla/5.0 (Windows NT 10.0; Win64; x64) AppleWebKit/537.36 (KHTML, like Gecko) Chrome/114.0.0.0 Safari/537.36"
98.98.9.26 - - [23/Apr/2026:03:12:05 +0300] "POST /xmlrpc.php HTTP/1.1" 200 11045 "-" "Mozilla/5.0 (Windows NT 10.0; Win64; x64) AppleWebKit/537.36 (KHTML, like Gecko) Chrome/114.0.0.0 Safari/537.36"
98.98.9.26 - - [23/Apr/2026:03:12:24 +0300] "GET /online-pokies-gamble-legitimate-las-vegas-local-casino-pokies-free-mobile-red-stag-casino-of-charge/ HTTP/1.1" 200 72860 "-" "Mozilla/5.0 (Windows NT 10.0; Win64; x64) AppleWebKit/537.36 (KHTML, like Gecko) Chrome/123.0.0.0 Safari/537.36 OPR/109.0.0.0"
185.216.113.70 - - [23/Apr/2026:03:12:53 +0300] "POST /wp-cron.php?doing_wp_cron=1776903173.4328899383544921875000 HTTP/1.1" 200 448 "-" "WordPress/6.3.8; https://serhatburke.miroglu.net"
96.44.154.147 - - [23/Apr/2026:03:12:42 +0300] "POST /xmlrpc.php HTTP/1.1" 200 630 "-" "Mozilla/5.0 (Windows NT 10.0; Win64; x64) AppleWebKit/537.36 (KHTML, like Gecko) Chrome/114.0.0.0 Safari/537.36"
98.98.9.26 - - [23/Apr/2026:03:12:55 +0300] "POST /xmlrpc.php HTTP/1.1" 200 630 "-" "Mozilla/5.0 (Windows NT 10.0; Win64; x64) AppleWebKit/537.36 (KHTML, like Gecko) Chrome/114.0.0.0 Safari/537.36"
96.44.154.147 - - [23/Apr/2026:03:12:59 +0300] "POST /xmlrpc.php HTTP/1.1" 200 10103 "-" "Mozilla/5.0 (Windows NT 10.0; Win64; x64) AppleWebKit/537.36 (KHTML, like Gecko) Chrome/114.0.0.0 Safari/537.36"
98.98.9.26 - - [23/Apr/2026:03:13:17 +0300] "POST /xmlrpc.php HTTP/1.1" 200 10428 "-" "Mozilla/5.0 (Windows NT 10.0; Win64; x64) AppleWebKit/537.36 (KHTML, like Gecko) Chrome/114.0.0.0 Safari/537.36"
96.44.154.147 - - [23/Apr/2026:03:13:17 +0300] "GET /better-record-is-pretty-long-and-it-also-would-take-ages-to-explain-the-work-with/ HTTP/1.1" 200 71733 "-" "Mozilla/5.0 (Windows NT 10.0; Win64; x64) AppleWebKit/537.36 (KHTML, like Gecko) Chrome/122.0.0.0 Safari/537.36"
185.216.113.70 - - [23/Apr/2026:03:13:43 +0300] "POST /wp-cron.php?doing_wp_cron=1776903223.4552841186523437500000 HTTP/1.1" 200 448 "-" "WordPress/6.3.8; https://serhatburke.miroglu.net"
98.98.9.26 - - [23/Apr/2026:03:13:32 +0300] "GET /finest-iphone-gambling-enterprises-applications-to-1-deposit-casino-bonus-own-2026/ HTTP/1.1" 200 71899 "-" "Mozilla/5.0 (Windows NT 10.0; Win64; x64) AppleWebKit/537.36 (KHTML, like Gecko) Chrome/122.0.0.0 Safari/537.36"
185.216.113.70 - - [23/Apr/2026:03:14:21 +0300] "POST /wp-cron.php?doing_wp_cron=1776903261.6521689891815185546875 HTTP/1.1" 200 448 "-" "WordPress/6.3.8; https://serhatburke.miroglu.net"
98.98.9.26 - - [23/Apr/2026:03:14:10 +0300] "POST /xmlrpc.php HTTP/1.1" 200 630 "-" "Mozilla/5.0 (Windows NT 10.0; Win64; x64) AppleWebKit/537.36 (KHTML, like Gecko) Chrome/114.0.0.0 Safari/537.36"
98.98.9.26 - - [23/Apr/2026:03:14:28 +0300] "POST /xmlrpc.php HTTP/1.1" 200 10561 "-" "Mozilla/5.0 (Windows NT 10.0; Win64; x64) AppleWebKit/537.36 (KHTML, like Gecko) Chrome/114.0.0.0 Safari/537.36"
185.216.113.70 - - [23/Apr/2026:03:14:52 +0300] "POST /wp-cron.php?doing_wp_cron=1776903292.2374780178070068359375 HTTP/1.1" 200 448 "-" "WordPress/6.3.8; https://serhatburke.miroglu.net"
98.98.197.186 - - [23/Apr/2026:03:14:40 +0300] "POST /xmlrpc.php HTTP/1.1" 200 630 "-" "Mozilla/5.0 (Windows NT 10.0; Win64; x64) AppleWebKit/537.36 (KHTML, like Gecko) Chrome/114.0.0.0 Safari/537.36"
98.98.9.26 - - [23/Apr/2026:03:14:42 +0300] "GET /punta-cana-princess-mr-green-casino-punta-cana-resorts-and-salon-people-only/ HTTP/1.1" 200 72082 "-" "Mozilla/5.0 (Windows NT 10.0; rv:109.0) Gecko/20100101 Firefox/115.0"
98.98.197.186 - - [23/Apr/2026:03:14:58 +0300] "POST /xmlrpc.php HTTP/1.1" 200 8510 "-" "Mozilla/5.0 (Windows NT 10.0; Win64; x64) AppleWebKit/537.36 (KHTML, like Gecko) Chrome/114.0.0.0 Safari/537.36"
98.98.197.186 - - [23/Apr/2026:03:15:12 +0300] "GET /endure-twist-get-davinci-diamonds-slot-hack-over/ HTTP/1.1" 200 69364 "-" "Mozilla/5.0 (Windows NT 10.0; rv:109.0) Gecko/20100101 Firefox/115.0"
98.98.9.26 - - [23/Apr/2026:03:15:22 +0300] "POST /xmlrpc.php HTTP/1.1" 200 630 "-" "Mozilla/5.0 (Windows NT 10.0; Win64; x64) AppleWebKit/537.36 (KHTML, like Gecko) Chrome/114.0.0.0 Safari/537.36"
185.216.113.70 - - [23/Apr/2026:03:15:51 +0300] "POST /wp-cron.php?doing_wp_cron=1776903351.6729719638824462890625 HTTP/1.1" 200 448 "-" "WordPress/6.3.8; https://serhatburke.miroglu.net"
103.219.169.227 - - [23/Apr/2026:03:15:27 +0300] "POST /xmlrpc.php HTTP/1.1" 200 630 "-" "Mozilla/5.0 (Windows NT 10.0; Win64; x64) AppleWebKit/537.36 (KHTML, like Gecko) Chrome/114.0.0.0 Safari/537.36"
98.98.9.26 - - [23/Apr/2026:03:15:41 +0300] "POST /xmlrpc.php HTTP/1.1" 200 10349 "-" "Mozilla/5.0 (Windows NT 10.0; Win64; x64) AppleWebKit/537.36 (KHTML, like Gecko) Chrome/114.0.0.0 Safari/537.36"
103.219.169.227 - - [23/Apr/2026:03:15:58 +0300] "POST /xmlrpc.php HTTP/1.1" 200 10948 "-" "Mozilla/5.0 (Windows NT 10.0; Win64; x64) AppleWebKit/537.36 (KHTML, like Gecko) Chrome/114.0.0.0 Safari/537.36"
98.98.9.26 - - [23/Apr/2026:03:15:57 +0300] "GET /gamble-app-hippodrome-casino-free-trial/ HTTP/1.1" 200 70627 "-" "Mozilla/5.0 (Windows NT 10.0; Win64; x64) AppleWebKit/537.36 (KHTML, like Gecko) Chrome/109.0.0.0 Safari/537.36"
103.219.169.227 - - [23/Apr/2026:03:16:15 +0300] "GET /indian-fantasizing-pokie-machine-take-pleasure-in-aristocrat-free-online-harbors-inspirational-golf-vacations/ HTTP/1.1" 200 73250 "-" "Mozilla/5.0 (Windows NT 10.0; Win64; x64) AppleWebKit/537.36 (KHTML, like Gecko) Chrome/123.0.0.0 Safari/537.36"
98.98.9.26 - - [23/Apr/2026:03:16:26 +0300] "POST /xmlrpc.php HTTP/1.1" 200 630 "-" "Mozilla/5.0 (Windows NT 10.0; Win64; x64) AppleWebKit/537.36 (KHTML, like Gecko) Chrome/114.0.0.0 Safari/537.36"
185.216.113.70 - - [23/Apr/2026:03:16:58 +0300] "POST /wp-cron.php?doing_wp_cron=1776903418.6560130119323730468750 HTTP/1.1" 200 448 "-" "WordPress/6.3.8; https://serhatburke.miroglu.net"
98.98.9.26 - - [23/Apr/2026:03:16:45 +0300] "POST /xmlrpc.php HTTP/1.1" 200 10737 "-" "Mozilla/5.0 (Windows NT 10.0; Win64; x64) AppleWebKit/537.36 (KHTML, like Gecko) Chrome/114.0.0.0 Safari/537.36"
98.98.9.26 - - [23/Apr/2026:03:17:02 +0300] "GET /simple-tips-to-earn-lord-of-the-ocean-slot-from-the-blackjack-a-great-beginners-book/ HTTP/1.1" 200 72454 "-" "Mozilla/5.0 (Windows NT 10.0; rv:125.0) Gecko/20100101 Firefox/125.0"
40.77.167.67 - - [23/Apr/2026:03:17:21 +0300] "GET /kraken-aktual-nye-ssylki-i-bezopasnost-pri-dostupe/ HTTP/2" 200 17926 "-" "Mozilla/5.0 AppleWebKit/537.36 (KHTML, like Gecko; compatible; bingbot/2.0; +http://www.bing.com/bingbot.htm) Chrome/116.0.1938.76 Safari/537.36"
185.216.113.70 - - [23/Apr/2026:03:17:44 +0300] "POST /wp-cron.php?doing_wp_cron=1776903464.2450048923492431640625 HTTP/1.1" 200 448 "-" "WordPress/6.3.8; https://serhatburke.miroglu.net"
40.77.167.67 - - [23/Apr/2026:03:17:25 +0300] "GET /playing-websites-with-free-casino-chumba-real-money-subscription-added-bonus-within-the-southern-africa/ HTTP/2" 200 18866 "-" "Mozilla/5.0 AppleWebKit/537.36 (KHTML, like Gecko; compatible; bingbot/2.0; +http://www.bing.com/bingbot.htm) Chrome/116.0.1938.76 Safari/537.36"
40.77.167.156 - - [23/Apr/2026:03:17:30 +0300] "GET /online-machance-bonus-how-to-use-casinos-inside-germany-providing-zimpler-for-2026/ HTTP/2" 200 19115 "-" "Mozilla/5.0 AppleWebKit/537.36 (KHTML, like Gecko; compatible; bingbot/2.0; +http://www.bing.com/bingbot.htm) Chrome/116.0.1938.76 Safari/537.36"
40.77.167.156 - - [23/Apr/2026:03:17:30 +0300] "GET /more-outlined-review/ HTTP/2" 200 17173 "-" "Mozilla/5.0 AppleWebKit/537.36 (KHTML, like Gecko; compatible; bingbot/2.0; +http://www.bing.com/bingbot.htm) Chrome/116.0.1938.76 Safari/537.36"
98.98.9.26 - - [23/Apr/2026:03:17:35 +0300] "POST /xmlrpc.php HTTP/1.1" 200 630 "-" "Mozilla/5.0 (Windows NT 10.0; Win64; x64) AppleWebKit/537.36 (KHTML, like Gecko) Chrome/114.0.0.0 Safari/537.36"
40.77.167.156 - - [23/Apr/2026:03:17:58 +0300] "GET /curso-de-cinema-e-audiovisual-30-freie-spins-triple-chance-uesb/ HTTP/2" 200 19296 "-" "Mozilla/5.0 AppleWebKit/537.36 (KHTML, like Gecko; compatible; bingbot/2.0; +http://www.bing.com/bingbot.htm) Chrome/116.0.1938.76 Safari/537.36"
185.216.113.70 - - [23/Apr/2026:03:18:28 +0300] "POST /wp-cron.php?doing_wp_cron=1776903508.7167789936065673828125 HTTP/1.1" 200 448 "-" "WordPress/6.3.8; https://serhatburke.miroglu.net"
98.98.9.26 - - [23/Apr/2026:03:18:16 +0300] "POST /xmlrpc.php HTTP/1.1" 200 10774 "-" "Mozilla/5.0 (Windows NT 10.0; Win64; x64) AppleWebKit/537.36 (KHTML, like Gecko) Chrome/114.0.0.0 Safari/537.36"
98.98.9.26 - - [23/Apr/2026:03:18:30 +0300] "GET /thunderstruck-position-game-a-detailed-view-showing-the-ice-hockey-pokie-for-money-basics/ HTTP/1.1" 200 72485 "-" "Mozilla/5.0 (Windows NT 10.0; Win64; x64) AppleWebKit/537.36 (KHTML, like Gecko) Chrome/124.0.0.0 Safari/537.36 Edg/124.0.0.0"
98.98.9.26 - - [23/Apr/2026:03:18:38 +0300] "POST /xmlrpc.php HTTP/1.1" 200 630 "-" "Mozilla/5.0 (Windows NT 10.0; Win64; x64) AppleWebKit/537.36 (KHTML, like Gecko) Chrome/114.0.0.0 Safari/537.36"
98.98.9.26 - - [23/Apr/2026:03:18:59 +0300] "POST /xmlrpc.php HTTP/1.1" 200 10679 "-" "Mozilla/5.0 (Windows NT 10.0; Win64; x64) AppleWebKit/537.36 (KHTML, like Gecko) Chrome/114.0.0.0 Safari/537.36"
98.98.9.26 - - [23/Apr/2026:03:19:13 +0300] "GET /ariana-bonne-biography-the-sword-and-the-grail-online-slot-artist-sinful-actor/ HTTP/1.1" 200 71982 "-" "Mozilla/5.0 (Windows NT 10.0; rv:125.0) Gecko/20100101 Firefox/125.0"
185.216.113.70 - - [23/Apr/2026:03:19:52 +0300] "POST /wp-cron.php?doing_wp_cron=1776903592.2922749519348144531250 HTTP/1.1" 200 448 "-" "WordPress/6.3.8; https://serhatburke.miroglu.net"
98.98.9.26 - - [23/Apr/2026:03:19:40 +0300] "POST /xmlrpc.php HTTP/1.1" 200 630 "-" "Mozilla/5.0 (Windows NT 10.0; Win64; x64) AppleWebKit/537.36 (KHTML, like Gecko) Chrome/114.0.0.0 Safari/537.36"
52.167.144.158 - - [23/Apr/2026:03:19:40 +0300] "GET /na-rozleglym-swiecie-kasyn-internetowego-premia-od-kiedy-depozytu-sa-zwyczajnie-dostepnym-detalem-promocyjnym/ HTTP/2" 200 17749 "-" "Mozilla/5.0 AppleWebKit/537.36 (KHTML, like Gecko; compatible; bingbot/2.0; +http://www.bing.com/bingbot.htm) Chrome/116.0.1938.76 Safari/537.36"
98.98.9.26 - - [23/Apr/2026:03:19:59 +0300] "POST /xmlrpc.php HTTP/1.1" 200 11062 "-" "Mozilla/5.0 (Windows NT 10.0; Win64; x64) AppleWebKit/537.36 (KHTML, like Gecko) Chrome/114.0.0.0 Safari/537.36"
185.216.113.70 - - [23/Apr/2026:03:20:04 +0300] "GET / HTTP/1.1" 200 20001 "-" "WordPress/6.3.8; https://serhatburke.miroglu.net"
185.216.113.70 - - [23/Apr/2026:03:20:09 +0300] "GET / HTTP/1.1" 200 20001 "-" "WordPress/6.3.8; https://serhatburke.miroglu.net"
216.73.217.0 - - [23/Apr/2026:03:20:14 +0300] "GET /robots.txt HTTP/2" 200 110 "-" "Mozilla/5.0 AppleWebKit/537.36 (KHTML, like Gecko; compatible; ClaudeBot/1.0; +claudebot@anthropic.com)"
98.98.9.26 - - [23/Apr/2026:03:20:15 +0300] "GET /mobile-pokies-applications-2026-best-mobile-gambling-casino-spin-station-100-free-spins-establishment-pokies/ HTTP/1.1" 200 73246 "-" "Mozilla/5.0 (Windows NT 10.0; Win64; x64; rv:125.0) Gecko/20100101 Firefox/125.0"
216.73.217.0 - - [23/Apr/2026:03:20:34 +0300] "GET /sitemap.rss HTTP/2" 200 0 "-" "Mozilla/5.0 AppleWebKit/537.36 (KHTML, like Gecko; compatible; ClaudeBot/1.0; +claudebot@anthropic.com)"
185.216.113.70 - - [23/Apr/2026:03:20:46 +0300] "POST /wp-cron.php?doing_wp_cron=1776903646.0944969654083251953125 HTTP/1.1" 200 448 "-" "WordPress/6.3.8; https://serhatburke.miroglu.net"
98.98.9.26 - - [23/Apr/2026:03:20:40 +0300] "POST /xmlrpc.php HTTP/1.1" 200 630 "-" "Mozilla/5.0 (Windows NT 10.0; Win64; x64) AppleWebKit/537.36 (KHTML, like Gecko) Chrome/114.0.0.0 Safari/537.36"
98.98.9.26 - - [23/Apr/2026:03:20:59 +0300] "POST /xmlrpc.php HTTP/1.1" 200 10508 "-" "Mozilla/5.0 (Windows NT 10.0; Win64; x64) AppleWebKit/537.36 (KHTML, like Gecko) Chrome/114.0.0.0 Safari/537.36"
62.12.118.38 - - [23/Apr/2026:03:21:09 +0300] "POST /xmlrpc.php HTTP/1.1" 200 630 "-" "Mozilla/5.0 (Windows NT 10.0; Win64; x64) AppleWebKit/537.36 (KHTML, like Gecko) Chrome/114.0.0.0 Safari/537.36"
98.98.9.26 - - [23/Apr/2026:03:21:13 +0300] "GET /a-perfect-black-jack-strategy-book-finest-ideas-and-gold-rush-casino-very-first-let/ HTTP/1.1" 200 72222 "-" "Mozilla/5.0 (Windows NT 10.0; Win64; x64) AppleWebKit/537.36 (KHTML, like Gecko) Chrome/123.0.0.0 Safari/537.36"
185.191.171.14 - - [23/Apr/2026:03:21:21 +0300] "GET /kraken-vash-nadezhnyi-dostup-v-darknet-2026/ HTTP/1.1" 200 21288 "-" "Mozilla/5.0 (compatible; SemrushBot/7~bl; +http://www.semrush.com/bot.html)"
185.216.113.70 - - [23/Apr/2026:03:21:40 +0300] "POST /wp-cron.php?doing_wp_cron=1776903700.7877709865570068359375 HTTP/1.1" 200 448 "-" "WordPress/6.3.8; https://serhatburke.miroglu.net"
62.12.118.38 - - [23/Apr/2026:03:21:28 +0300] "POST /xmlrpc.php HTTP/1.1" 200 10958 "-" "Mozilla/5.0 (Windows NT 10.0; Win64; x64) AppleWebKit/537.36 (KHTML, like Gecko) Chrome/114.0.0.0 Safari/537.36"
62.12.118.38 - - [23/Apr/2026:03:21:41 +0300] "GET /eye-of-horus-gladiator-spielplatz-angeschlossen-gratis-unter-einsatz-von-echtgeld-spielen/ HTTP/1.1" 200 72972 "-" "Mozilla/5.0 (Windows NT 10.0; Win64; x64; rv:125.0) Gecko/20100101 Firefox/125.0"
98.98.9.26 - - [23/Apr/2026:03:21:43 +0300] "POST /xmlrpc.php HTTP/1.1" 200 630 "-" "Mozilla/5.0 (Windows NT 10.0; Win64; x64) AppleWebKit/537.36 (KHTML, like Gecko) Chrome/114.0.0.0 Safari/537.36"
40.77.167.67 - - [23/Apr/2026:03:21:51 +0300] "GET /h1-your-essential-guide-to-mastering-tronscan-for-crypto-tracking-h1/ HTTP/2" 200 17164 "-" "Mozilla/5.0 AppleWebKit/537.36 (KHTML, like Gecko; compatible; bingbot/2.0; +http://www.bing.com/bingbot.htm) Chrome/116.0.1938.76 Safari/537.36"
40.77.167.156 - - [23/Apr/2026:03:22:00 +0300] "GET /instrument-a-sous-sweet-telecharger-lapplication-de-connexion-mafia-casino-bonanza-amuser-gratuitement/ HTTP/2" 200 18564 "-" "Mozilla/5.0 AppleWebKit/537.36 (KHTML, like Gecko; compatible; bingbot/2.0; +http://www.bing.com/bingbot.htm) Chrome/116.0.1938.76 Safari/537.36"
98.98.9.26 - - [23/Apr/2026:03:22:11 +0300] "POST /xmlrpc.php HTTP/1.1" 200 10626 "-" "Mozilla/5.0 (Windows NT 10.0; Win64; x64) AppleWebKit/537.36 (KHTML, like Gecko) Chrome/114.0.0.0 Safari/537.36"
40.77.167.156 - - [23/Apr/2026:03:22:20 +0300] "GET /absolutebet-online-casino-deposits-withdrawals-and-payment/ HTTP/2" 200 17158 "-" "Mozilla/5.0 AppleWebKit/537.36 (KHTML, like Gecko; compatible; bingbot/2.0; +http://www.bing.com/bingbot.htm) Chrome/116.0.1938.76 Safari/537.36"
185.216.113.70 - - [23/Apr/2026:03:22:39 +0300] "POST /wp-cron.php?doing_wp_cron=1776903759.7953860759735107421875 HTTP/1.1" 200 448 "-" "WordPress/6.3.8; https://serhatburke.miroglu.net"
40.77.167.67 - - [23/Apr/2026:03:22:24 +0300] "GET /beste-casinos-exklusive-einzahlungsbonus-as-part-reactoonz-slot-bonus-of-land-der-dichter-und-denker-2026-vollstandige-aktualisierte-liste/ HTTP/2" 200 19747 "-" "Mozilla/5.0 AppleWebKit/537.36 (KHTML, like Gecko; compatible; bingbot/2.0; +http://www.bing.com/bingbot.htm) Chrome/116.0.1938.76 Safari/537.36"
98.98.9.26 - - [23/Apr/2026:03:22:27 +0300] "GET /limited-habanero-games-list-country/ HTTP/1.1" 200 70889 "-" "Mozilla/5.0 (Windows NT 10.0; Win64; x64) AppleWebKit/537.36 (KHTML, like Gecko) Chrome/124.0.0.0 Safari/537.36"
98.98.9.26 - - [23/Apr/2026:03:22:44 +0300] "POST /xmlrpc.php HTTP/1.1" 200 630 "-" "Mozilla/5.0 (Windows NT 10.0; Win64; x64) AppleWebKit/537.36 (KHTML, like Gecko) Chrome/114.0.0.0 Safari/537.36"
103.219.169.227 - - [23/Apr/2026:03:22:53 +0300] "POST /xmlrpc.php HTTP/1.1" 200 630 "-" "Mozilla/5.0 (Windows NT 10.0; Win64; x64) AppleWebKit/537.36 (KHTML, like Gecko) Chrome/114.0.0.0 Safari/537.36"
185.216.113.70 - - [23/Apr/2026:03:23:16 +0300] "POST /wp-cron.php?doing_wp_cron=1776903796.0104401111602783203125 HTTP/1.1" 200 448 "-" "WordPress/6.3.8; https://serhatburke.miroglu.net"
98.98.9.26 - - [23/Apr/2026:03:23:03 +0300] "POST /xmlrpc.php HTTP/1.1" 200 10827 "-" "Mozilla/5.0 (Windows NT 10.0; Win64; x64) AppleWebKit/537.36 (KHTML, like Gecko) Chrome/114.0.0.0 Safari/537.36"
103.219.169.227 - - [23/Apr/2026:03:23:13 +0300] "POST /xmlrpc.php HTTP/1.1" 200 10650 "-" "Mozilla/5.0 (Windows NT 10.0; Win64; x64) AppleWebKit/537.36 (KHTML, like Gecko) Chrome/114.0.0.0 Safari/537.36"
98.98.9.26 - - [23/Apr/2026:03:23:19 +0300] "GET /triple-diamond-free-ports-5-deposit-casino-super-nudge-6000-enjoy-100-percent-free-slot-machine-from-the-igt-no-download/ HTTP/1.1" 200 73421 "-" "Mozilla/5.0 (Windows NT 10.0; Win64; x64; rv:124.0) Gecko/20100101 Firefox/124.0"
103.219.169.227 - - [23/Apr/2026:03:23:29 +0300] "GET /hot-because-the-hades-position-comment-gamble-microgaming-slot-for-free/ HTTP/1.1" 200 71895 "-" "Mozilla/5.0 (Windows NT 10.0; Win64; x64) AppleWebKit/537.36 (KHTML, like Gecko) Chrome/123.0.0.0 Safari/537.36 OPR/109.0.0.0"
185.216.113.70 - - [23/Apr/2026:03:24:27 +0300] "POST /wp-cron.php?doing_wp_cron=1776903867.6032719612121582031250 HTTP/1.1" 200 448 "-" "WordPress/6.3.8; https://serhatburke.miroglu.net"
62.12.118.38 - - [23/Apr/2026:03:24:08 +0300] "POST /xmlrpc.php HTTP/1.1" 200 630 "-" "Mozilla/5.0 (Windows NT 10.0; Win64; x64) AppleWebKit/537.36 (KHTML, like Gecko) Chrome/114.0.0.0 Safari/537.36"
66.249.73.14 - - [23/Apr/2026:03:24:19 +0300] "GET /rollinoapp-uk-weekend-bonus-an-in-depth-review/ HTTP/1.1" 200 0 "https://qlyrb.cyberwave-games.digital/" "Mozilla/5.0 (Linux; Android 6.0.1; Nexus 5X Build/MMB29P) AppleWebKit/537.36 (KHTML, like Gecko) Chrome/146.0.7680.177 Mobile Safari/537.36 (compatible; Googlebot/2.1; +http://www.google.com/bot.html)"
62.12.118.38 - - [23/Apr/2026:03:24:34 +0300] "POST /xmlrpc.php HTTP/1.1" 200 9839 "-" "Mozilla/5.0 (Windows NT 10.0; Win64; x64) AppleWebKit/537.36 (KHTML, like Gecko) Chrome/114.0.0.0 Safari/537.36"
165.73.242.7 - - [23/Apr/2026:03:24:47 +0300] "POST /xmlrpc.php HTTP/1.1" 200 630 "-" "Mozilla/5.0 (Windows NT 10.0; Win64; x64) AppleWebKit/537.36 (KHTML, like Gecko) Chrome/114.0.0.0 Safari/537.36"
62.12.118.38 - - [23/Apr/2026:03:24:47 +0300] "GET /diese-besten-online-casinos-within-brd-tricks-spielautomaten-book-of-ra-2026/ HTTP/1.1" 200 72207 "-" "Mozilla/5.0 (Windows NT 10.0; Win64; x64) AppleWebKit/537.36 (KHTML, like Gecko) Chrome/123.0.0.0 Safari/537.36"
96.44.154.147 - - [23/Apr/2026:03:24:59 +0300] "POST /xmlrpc.php HTTP/1.1" 200 630 "-" "Mozilla/5.0 (Windows NT 10.0; Win64; x64) AppleWebKit/537.36 (KHTML, like Gecko) Chrome/114.0.0.0 Safari/537.36"
185.216.113.70 - - [23/Apr/2026:03:25:19 +0300] "POST /wp-cron.php?doing_wp_cron=1776903919.0633358955383300781250 HTTP/1.1" 200 448 "-" "WordPress/6.3.8; https://serhatburke.miroglu.net"
165.73.242.7 - - [23/Apr/2026:03:25:06 +0300] "POST /xmlrpc.php HTTP/1.1" 200 10171 "-" "Mozilla/5.0 (Windows NT 10.0; Win64; x64) AppleWebKit/537.36 (KHTML, like Gecko) Chrome/114.0.0.0 Safari/537.36"
216.73.217.0 - - [23/Apr/2026:03:25:28 +0300] "GET /sitemap.xml HTTP/2" 200 0 "-" "Mozilla/5.0 AppleWebKit/537.36 (KHTML, like Gecko; compatible; ClaudeBot/1.0; +claudebot@anthropic.com)"
31.144.152.69 - - [23/Apr/2026:03:25:13 +0300] "POST /xmlrpc.php HTTP/2" 200 1305 "-" "Mozilla/5.0 (compatible; MSIE 10.0; Windows NT 6.2; Trident/4.1)"
66.249.73.15 - - [23/Apr/2026:03:25:27 +0300] "GET /gamblezen-casino-review-for-players-from-the-united-kingdom/undefined?ts=1775520000 HTTP/1.1" 200 0 "https://serhatburke.miroglu.net/gamblezen-casino-review-for-players-from-the-united-kingdom/" "Mozilla/5.0 (Linux; Android 6.0.1; Nexus 5X Build/MMB29P) AppleWebKit/537.36 (KHTML, like Gecko) Chrome/146.0.7680.177 Mobile Safari/537.36 (compatible; Googlebot/2.1; +http://www.google.com/bot.html)"
66.249.73.14 - - [23/Apr/2026:03:25:34 +0300] "GET /gamblezen-casino-review-for-players-from-the-united-kingdom/undefined?ts=1775520000 HTTP/1.1" 200 0 "https://serhatburke.miroglu.net/gamblezen-casino-review-for-players-from-the-united-kingdom/" "Mozilla/5.0 (Linux; Android 6.0.1; Nexus 5X Build/MMB29P) AppleWebKit/537.36 (KHTML, like Gecko) Chrome/146.0.7680.177 Mobile Safari/537.36 (compatible; Googlebot/2.1; +http://www.google.com/bot.html)"
66.249.73.14 - - [23/Apr/2026:03:25:39 +0300] "GET /gamblezen-casino-review-for-players-from-the-united-kingdom/undefined?ts=1775520000 HTTP/1.1" 200 0 "https://serhatburke.miroglu.net/gamblezen-casino-review-for-players-from-the-united-kingdom/" "Mozilla/5.0 (Linux; Android 6.0.1; Nexus 5X Build/MMB29P) AppleWebKit/537.36 (KHTML, like Gecko) Chrome/146.0.7680.177 Mobile Safari/537.36 (compatible; Googlebot/2.1; +http://www.google.com/bot.html)"
66.249.73.14 - - [23/Apr/2026:03:25:43 +0300] "GET /gamblezen-casino-review-for-players-from-the-united-kingdom/undefined?ts=1775520000 HTTP/1.1" 200 0 "https://serhatburke.miroglu.net/gamblezen-casino-review-for-players-from-the-united-kingdom/" "Mozilla/5.0 (Linux; Android 6.0.1; Nexus 5X Build/MMB29P) AppleWebKit/537.36 (KHTML, like Gecko) Chrome/146.0.7680.177 Mobile Safari/537.36 (compatible; Googlebot/2.1; +http://www.google.com/bot.html)"
96.44.154.147 - - [23/Apr/2026:03:25:19 +0300] "POST /xmlrpc.php HTTP/1.1" 200 9113 "-" "Mozilla/5.0 (Windows NT 10.0; Win64; x64) AppleWebKit/537.36 (KHTML, like Gecko) Chrome/114.0.0.0 Safari/537.36"
98.98.197.186 - - [23/Apr/2026:03:25:21 +0300] "POST /xmlrpc.php HTTP/1.1" 200 630 "-" "Mozilla/5.0 (Windows NT 10.0; Win64; x64) AppleWebKit/537.36 (KHTML, like Gecko) Chrome/114.0.0.0 Safari/537.36"
165.73.242.7 - - [23/Apr/2026:03:25:20 +0300] "GET /blox-fruits-requirements-january-2026-xp-increases-and-you-eastern-dragon-casino-can-statistics-reset/ HTTP/1.1" 200 72349 "-" "Mozilla/5.0 (Windows NT 10.0; Win64; x64; rv:125.0) Gecko/20100101 Firefox/125.0"
66.249.73.14 - - [23/Apr/2026:03:25:55 +0300] "GET /gamblezen-casino-review-for-players-from-the-united-kingdom/undefined?ts=1775520000 HTTP/1.1" 200 0 "https://serhatburke.miroglu.net/gamblezen-casino-review-for-players-from-the-united-kingdom/" "Mozilla/5.0 (Linux; Android 6.0.1; Nexus 5X Build/MMB29P) AppleWebKit/537.36 (KHTML, like Gecko) Chrome/146.0.7680.177 Mobile Safari/537.36 (compatible; Googlebot/2.1; +http://www.google.com/bot.html)"
31.144.152.69 - - [23/Apr/2026:03:25:38 +0300] "POST /xmlrpc.php HTTP/2" 200 108 "-" "Mozilla/5.0 (compatible; MSIE 10.0; Windows NT 6.2; Trident/4.1)"
96.44.154.147 - - [23/Apr/2026:03:25:58 +0300] "GET /whenever-a-gambling-establishment-claims-instant-detachment-they-typically-mean-the-brand-new-birth-action-is-quick-immediately-following-accepted/ HTTP/1.1" 200 72742 "-" "Mozilla/5.0 (Windows NT 10.0; Win64; x64; rv:124.0) Gecko/20100101 Firefox/124.0"
98.98.197.186 - - [23/Apr/2026:03:26:05 +0300] "POST /xmlrpc.php HTTP/1.1" 200 9833 "-" "Mozilla/5.0 (Windows NT 10.0; Win64; x64) AppleWebKit/537.36 (KHTML, like Gecko) Chrome/114.0.0.0 Safari/537.36"
31.144.152.69 - - [23/Apr/2026:03:26:07 +0300] "POST /xmlrpc.php HTTP/2" 200 3229 "-" "Mozilla/5.0 (compatible; MSIE 10.0; Windows NT 6.2; Trident/4.1)"
