35.224.168.243 - - [22/Apr/2026:12:24:43 +0300] "GET /wp-content/plugins/all-in-one-seo-pack/dist/Lite/assets/js/Phone.023f585f.js HTTP/2" 200 118465 "https://serhatburke.miroglu.net/wp-admin/post.php?post=2740&action=edit" "Mozilla/5.0 (X11; Linux x86_64) AppleWebKit/537.36 (KHTML, like Gecko) HeadlessChrome/136.0.7103.25 Safari/537.36"
35.224.168.243 - - [22/Apr/2026:12:24:43 +0300] "GET /wp-includes/js/dist/components.min.js?ver=23dc8a806ade5de20b37 HTTP/2" 200 233203 "https://serhatburke.miroglu.net/wp-admin/post.php?post=2740&action=edit" "Mozilla/5.0 (X11; Linux x86_64) AppleWebKit/537.36 (KHTML, like Gecko) HeadlessChrome/136.0.7103.25 Safari/537.36"
35.224.168.243 - - [22/Apr/2026:12:24:43 +0300] "GET /wp-includes/js/dist/block-editor.min.js?ver=5b3c5b2d1d1dc8892128 HTTP/2" 200 219908 "https://serhatburke.miroglu.net/wp-admin/post.php?post=2740&action=edit" "Mozilla/5.0 (X11; Linux x86_64) AppleWebKit/537.36 (KHTML, like Gecko) HeadlessChrome/136.0.7103.25 Safari/537.36"
35.224.168.243 - - [22/Apr/2026:12:24:43 +0300] "GET /wp-content/plugins/js_composer/assets/vc/logo/wpb-logo.svg HTTP/2" 200 717 "https://serhatburke.miroglu.net/wp-admin/post.php?post=2740&action=edit" "Mozilla/5.0 (X11; Linux x86_64) AppleWebKit/537.36 (KHTML, like Gecko) HeadlessChrome/136.0.7103.25 Safari/537.36"
35.224.168.243 - - [22/Apr/2026:12:24:43 +0300] "GET /wp-admin/load-styles.php?c=1&dir=ltr&load%5Bchunk_0%5D=wp-color-picker,farbtastic&ver=6.3.8 HTTP/2" 200 984 "https://serhatburke.miroglu.net/wp-admin/post.php?post=2740&action=edit" "Mozilla/5.0 (X11; Linux x86_64) AppleWebKit/537.36 (KHTML, like Gecko) HeadlessChrome/136.0.7103.25 Safari/537.36"
35.224.168.243 - - [22/Apr/2026:12:24:44 +0300] "GET /wp-content/plugins/js_composer/assets/css/ui-custom-theme/jquery-ui-less.custom.min.css?ver=6.13.0 HTTP/2" 200 2200 "https://serhatburke.miroglu.net/wp-admin/post.php?post=2740&action=edit" "Mozilla/5.0 (X11; Linux x86_64) AppleWebKit/537.36 (KHTML, like Gecko) HeadlessChrome/136.0.7103.25 Safari/537.36"
35.224.168.243 - - [22/Apr/2026:12:24:44 +0300] "GET /wp-content/plugins/js_composer/assets/lib/bower/font-awesome/css/v4-shims.min.css?ver=6.13.0 HTTP/2" 200 3952 "https://serhatburke.miroglu.net/wp-admin/post.php?post=2740&action=edit" "Mozilla/5.0 (X11; Linux x86_64) AppleWebKit/537.36 (KHTML, like Gecko) HeadlessChrome/136.0.7103.25 Safari/537.36"
35.224.168.243 - - [22/Apr/2026:12:24:44 +0300] "GET /wp-content/plugins/js_composer/assets/lib/bower/font-awesome/css/all.min.css?ver=6.13.0 HTTP/2" 200 11728 "https://serhatburke.miroglu.net/wp-admin/post.php?post=2740&action=edit" "Mozilla/5.0 (X11; Linux x86_64) AppleWebKit/537.36 (KHTML, like Gecko) HeadlessChrome/136.0.7103.25 Safari/537.36"
35.224.168.243 - - [22/Apr/2026:12:24:44 +0300] "GET /wp-content/plugins/js_composer/assets/lib/bower/animate-css/animate.min.css?ver=6.13.0 HTTP/2" 200 2248 "https://serhatburke.miroglu.net/wp-admin/post.php?post=2740&action=edit" "Mozilla/5.0 (X11; Linux x86_64) AppleWebKit/537.36 (KHTML, like Gecko) HeadlessChrome/136.0.7103.25 Safari/537.36"
35.224.168.243 - - [22/Apr/2026:12:24:44 +0300] "GET /wp-content/plugins/js_composer/assets/css/js_composer_backend_editor.min.css?ver=6.13.0 HTTP/2" 200 49046 "https://serhatburke.miroglu.net/wp-admin/post.php?post=2740&action=edit" "Mozilla/5.0 (X11; Linux x86_64) AppleWebKit/537.36 (KHTML, like Gecko) HeadlessChrome/136.0.7103.25 Safari/537.36"
35.224.168.243 - - [22/Apr/2026:12:24:44 +0300] "GET /wp-content/plugins/js_composer/assets/lib/bower/vcIconPicker/css/jquery.fonticonpicker.min.css?ver=6.13.0 HTTP/2" 200 668 "https://serhatburke.miroglu.net/wp-admin/post.php?post=2740&action=edit" "Mozilla/5.0 (X11; Linux x86_64) AppleWebKit/537.36 (KHTML, like Gecko) HeadlessChrome/136.0.7103.25 Safari/537.36"
35.224.168.243 - - [22/Apr/2026:12:24:44 +0300] "GET /wp-content/plugins/js_composer/assets/lib/bower/vcIconPicker/themes/grey-theme/jquery.fonticonpicker.vcgrey.min.css?ver=6.13.0 HTTP/2" 200 388 "https://serhatburke.miroglu.net/wp-admin/post.php?post=2740&action=edit" "Mozilla/5.0 (X11; Linux x86_64) AppleWebKit/537.36 (KHTML, like Gecko) HeadlessChrome/136.0.7103.25 Safari/537.36"
35.224.168.243 - - [22/Apr/2026:12:24:44 +0300] "GET /wp-content/plugins/js_composer/assets/css/lib/vc-open-iconic/vc_openiconic.min.css?ver=6.13.0 HTTP/2" 200 1276 "https://serhatburke.miroglu.net/wp-admin/post.php?post=2740&action=edit" "Mozilla/5.0 (X11; Linux x86_64) AppleWebKit/537.36 (KHTML, like Gecko) HeadlessChrome/136.0.7103.25 Safari/537.36"
35.224.168.243 - - [22/Apr/2026:12:24:44 +0300] "GET /wp-content/plugins/js_composer/assets/css/lib/typicons/src/font/typicons.min.css?ver=6.13.0 HTTP/2" 200 2367 "https://serhatburke.miroglu.net/wp-admin/post.php?post=2740&action=edit" "Mozilla/5.0 (X11; Linux x86_64) AppleWebKit/537.36 (KHTML, like Gecko) HeadlessChrome/136.0.7103.25 Safari/537.36"
35.224.168.243 - - [22/Apr/2026:12:24:44 +0300] "GET /wp-content/plugins/js_composer/assets/css/lib/vc-entypo/vc_entypo.min.css?ver=6.13.0 HTTP/2" 200 2361 "https://serhatburke.miroglu.net/wp-admin/post.php?post=2740&action=edit" "Mozilla/5.0 (X11; Linux x86_64) AppleWebKit/537.36 (KHTML, like Gecko) HeadlessChrome/136.0.7103.25 Safari/537.36"
35.224.168.243 - - [22/Apr/2026:12:24:44 +0300] "GET /wp-content/plugins/js_composer/assets/css/lib/vc-linecons/vc_linecons_icons.min.css?ver=6.13.0 HTTP/2" 200 570 "https://serhatburke.miroglu.net/wp-admin/post.php?post=2740&action=edit" "Mozilla/5.0 (X11; Linux x86_64) AppleWebKit/537.36 (KHTML, like Gecko) HeadlessChrome/136.0.7103.25 Safari/537.36"
35.224.168.243 - - [22/Apr/2026:12:24:44 +0300] "GET /wp-content/plugins/js_composer/assets/css/lib/monosocialiconsfont/monosocialiconsfont.min.css?ver=6.13.0 HTTP/2" 200 1092 "https://serhatburke.miroglu.net/wp-admin/post.php?post=2740&action=edit" "Mozilla/5.0 (X11; Linux x86_64) AppleWebKit/537.36 (KHTML, like Gecko) HeadlessChrome/136.0.7103.25 Safari/537.36"
35.224.168.243 - - [22/Apr/2026:12:24:44 +0300] "GET /wp-content/plugins/js_composer/assets/css/lib/vc-material/vc_material.min.css?ver=6.13.0 HTTP/2" 200 7104 "https://serhatburke.miroglu.net/wp-admin/post.php?post=2740&action=edit" "Mozilla/5.0 (X11; Linux x86_64) AppleWebKit/537.36 (KHTML, like Gecko) HeadlessChrome/136.0.7103.25 Safari/537.36"
35.224.168.243 - - [22/Apr/2026:12:24:44 +0300] "GET /wp-includes/js/thickbox/thickbox.css?ver=6.3.8 HTTP/2" 200 824 "https://serhatburke.miroglu.net/wp-admin/post.php?post=2740&action=edit" "Mozilla/5.0 (X11; Linux x86_64) AppleWebKit/537.36 (KHTML, like Gecko) HeadlessChrome/136.0.7103.25 Safari/537.36"
35.224.168.243 - - [22/Apr/2026:12:24:44 +0300] "GET /wp-includes/js/dist/core-data.min.js?ver=b19b1b1045a3d2c45c69 HTTP/2" 200 15950 "https://serhatburke.miroglu.net/wp-admin/post.php?post=2740&action=edit" "Mozilla/5.0 (X11; Linux x86_64) AppleWebKit/537.36 (KHTML, like Gecko) HeadlessChrome/136.0.7103.25 Safari/537.36"
35.224.168.243 - - [22/Apr/2026:12:24:44 +0300] "GET /wp-content/plugins/js_composer/assets/lib/bower/font-awesome/webfonts/fa-solid-900.woff2 HTTP/2" 200 75760 "https://serhatburke.miroglu.net/wp-content/plugins/js_composer/assets/lib/bower/font-awesome/css/all.min.css?ver=6.13.0" "Mozilla/5.0 (X11; Linux x86_64) AppleWebKit/537.36 (KHTML, like Gecko) HeadlessChrome/136.0.7103.25 Safari/537.36"
35.224.168.243 - - [22/Apr/2026:12:24:44 +0300] "GET /wp-admin/load-scripts.php?c=1&load%5Bchunk_0%5D=hoverIntent&ver=6.3.8 HTTP/2" 200 712 "https://serhatburke.miroglu.net/wp-admin/post.php?post=2740&action=edit" "Mozilla/5.0 (X11; Linux x86_64) AppleWebKit/537.36 (KHTML, like Gecko) HeadlessChrome/136.0.7103.25 Safari/537.36"
35.224.168.243 - - [22/Apr/2026:12:24:44 +0300] "GET /wp-includes/js/dist/reusable-blocks.min.js?ver=ba0edecdf1360ec259cd HTTP/2" 200 2564 "https://serhatburke.miroglu.net/wp-admin/post.php?post=2740&action=edit" "Mozilla/5.0 (X11; Linux x86_64) AppleWebKit/537.36 (KHTML, like Gecko) HeadlessChrome/136.0.7103.25 Safari/537.36"
35.224.168.243 - - [22/Apr/2026:12:24:44 +0300] "GET /wp-includes/js/dist/server-side-render.min.js?ver=81299db67c0fa2c65479 HTTP/2" 200 1808 "https://serhatburke.miroglu.net/wp-admin/post.php?post=2740&action=edit" "Mozilla/5.0 (X11; Linux x86_64) AppleWebKit/537.36 (KHTML, like Gecko) HeadlessChrome/136.0.7103.25 Safari/537.36"
35.224.168.243 - - [22/Apr/2026:12:24:44 +0300] "GET /wp-includes/js/dist/viewport.min.js?ver=1fbef8175bb335c5603b HTTP/2" 200 904 "https://serhatburke.miroglu.net/wp-admin/post.php?post=2740&action=edit" "Mozilla/5.0 (X11; Linux x86_64) AppleWebKit/537.36 (KHTML, like Gecko) HeadlessChrome/136.0.7103.25 Safari/537.36"
35.224.168.243 - - [22/Apr/2026:12:24:44 +0300] "GET /wp-admin/js/editor.min.js?ver=6.3.8 HTTP/2" 200 4506 "https://serhatburke.miroglu.net/wp-admin/post.php?post=2740&action=edit" "Mozilla/5.0 (X11; Linux x86_64) AppleWebKit/537.36 (KHTML, like Gecko) HeadlessChrome/136.0.7103.25 Safari/537.36"
35.224.168.243 - - [22/Apr/2026:12:24:44 +0300] "GET /wp-includes/js/dist/block-library.min.js?ver=c4928240a198a3ee8a22 HTTP/2" 200 186311 "https://serhatburke.miroglu.net/wp-admin/post.php?post=2740&action=edit" "Mozilla/5.0 (X11; Linux x86_64) AppleWebKit/537.36 (KHTML, like Gecko) HeadlessChrome/136.0.7103.25 Safari/537.36"
35.224.168.243 - - [22/Apr/2026:12:24:44 +0300] "GET /wp-includes/js/dist/commands.min.js?ver=03c9cb0672219c4cc0e7 HTTP/2" 200 15176 "https://serhatburke.miroglu.net/wp-admin/post.php?post=2740&action=edit" "Mozilla/5.0 (X11; Linux x86_64) AppleWebKit/537.36 (KHTML, like Gecko) HeadlessChrome/136.0.7103.25 Safari/537.36"
35.224.168.243 - - [22/Apr/2026:12:24:44 +0300] "GET /wp-includes/js/dist/router.min.js?ver=a759460e1b445966c37f HTTP/2" 200 1804 "https://serhatburke.miroglu.net/wp-admin/post.php?post=2740&action=edit" "Mozilla/5.0 (X11; Linux x86_64) AppleWebKit/537.36 (KHTML, like Gecko) HeadlessChrome/136.0.7103.25 Safari/537.36"
35.224.168.243 - - [22/Apr/2026:12:24:44 +0300] "GET /wp-includes/js/dist/core-commands.min.js?ver=90e1ba010f5600297bd1 HTTP/2" 200 2180 "https://serhatburke.miroglu.net/wp-admin/post.php?post=2740&action=edit" "Mozilla/5.0 (X11; Linux x86_64) AppleWebKit/537.36 (KHTML, like Gecko) HeadlessChrome/136.0.7103.25 Safari/537.36"
35.224.168.243 - - [22/Apr/2026:12:24:44 +0300] "GET /wp-includes/js/dist/media-utils.min.js?ver=bcd60e7a2fb568f38015 HTTP/2" 200 2750 "https://serhatburke.miroglu.net/wp-admin/post.php?post=2740&action=edit" "Mozilla/5.0 (X11; Linux x86_64) AppleWebKit/537.36 (KHTML, like Gecko) HeadlessChrome/136.0.7103.25 Safari/537.36"
35.224.168.243 - - [22/Apr/2026:12:24:44 +0300] "GET /wp-includes/js/dist/editor.min.js?ver=235f671dae61a6fd3deb HTTP/2" 200 43524 "https://serhatburke.miroglu.net/wp-admin/post.php?post=2740&action=edit" "Mozilla/5.0 (X11; Linux x86_64) AppleWebKit/537.36 (KHTML, like Gecko) HeadlessChrome/136.0.7103.25 Safari/537.36"
35.224.168.243 - - [22/Apr/2026:12:24:44 +0300] "GET /wp-includes/js/dist/plugins.min.js?ver=463143a2aeec9687ac69 HTTP/2" 200 1679 "https://serhatburke.miroglu.net/wp-admin/post.php?post=2740&action=edit" "Mozilla/5.0 (X11; Linux x86_64) AppleWebKit/537.36 (KHTML, like Gecko) HeadlessChrome/136.0.7103.25 Safari/537.36"
35.224.168.243 - - [22/Apr/2026:12:24:44 +0300] "GET /wp-includes/js/dist/widgets.min.js?ver=621e7f3fe3b0fbe4c0f6 HTTP/2" 200 6945 "https://serhatburke.miroglu.net/wp-admin/post.php?post=2740&action=edit" "Mozilla/5.0 (X11; Linux x86_64) AppleWebKit/537.36 (KHTML, like Gecko) HeadlessChrome/136.0.7103.25 Safari/537.36"
35.224.168.243 - - [22/Apr/2026:12:24:44 +0300] "GET /wp-includes/js/backbone.min.js?ver=1.4.1 HTTP/2" 200 7691 "https://serhatburke.miroglu.net/wp-admin/post.php?post=2740&action=edit" "Mozilla/5.0 (X11; Linux x86_64) AppleWebKit/537.36 (KHTML, like Gecko) HeadlessChrome/136.0.7103.25 Safari/537.36"
35.224.168.243 - - [22/Apr/2026:12:24:44 +0300] "GET /wp-includes/js/wp-backbone.min.js?ver=6.3.8 HTTP/2" 200 1086 "https://serhatburke.miroglu.net/wp-admin/post.php?post=2740&action=edit" "Mozilla/5.0 (X11; Linux x86_64) AppleWebKit/537.36 (KHTML, like Gecko) HeadlessChrome/136.0.7103.25 Safari/537.36"
35.224.168.243 - - [22/Apr/2026:12:24:44 +0300] "GET /wp-includes/js/media-models.min.js?ver=6.3.8 HTTP/2" 200 4008 "https://serhatburke.miroglu.net/wp-admin/post.php?post=2740&action=edit" "Mozilla/5.0 (X11; Linux x86_64) AppleWebKit/537.36 (KHTML, like Gecko) HeadlessChrome/136.0.7103.25 Safari/537.36"
35.224.168.243 - - [22/Apr/2026:12:24:44 +0300] "GET /wp-includes/js/plupload/wp-plupload.min.js?ver=6.3.8 HTTP/2" 200 2169 "https://serhatburke.miroglu.net/wp-admin/post.php?post=2740&action=edit" "Mozilla/5.0 (X11; Linux x86_64) AppleWebKit/537.36 (KHTML, like Gecko) HeadlessChrome/136.0.7103.25 Safari/537.36"
35.224.168.243 - - [22/Apr/2026:12:24:44 +0300] "GET /wp-includes/js/jquery/ui/core.min.js?ver=1.13.2 HTTP/2" 200 6801 "https://serhatburke.miroglu.net/wp-admin/post.php?post=2740&action=edit" "Mozilla/5.0 (X11; Linux x86_64) AppleWebKit/537.36 (KHTML, like Gecko) HeadlessChrome/136.0.7103.25 Safari/537.36"
35.224.168.243 - - [22/Apr/2026:12:24:44 +0300] "GET /wp-includes/js/jquery/ui/mouse.min.js?ver=1.13.2 HTTP/2" 200 1001 "https://serhatburke.miroglu.net/wp-admin/post.php?post=2740&action=edit" "Mozilla/5.0 (X11; Linux x86_64) AppleWebKit/537.36 (KHTML, like Gecko) HeadlessChrome/136.0.7103.25 Safari/537.36"
35.224.168.243 - - [22/Apr/2026:12:24:44 +0300] "GET /wp-includes/js/jquery/ui/sortable.min.js?ver=1.13.2 HTTP/2" 200 6333 "https://serhatburke.miroglu.net/wp-admin/post.php?post=2740&action=edit" "Mozilla/5.0 (X11; Linux x86_64) AppleWebKit/537.36 (KHTML, like Gecko) HeadlessChrome/136.0.7103.25 Safari/537.36"
35.224.168.243 - - [22/Apr/2026:12:24:44 +0300] "GET /wp-includes/js/mediaelement/mediaelement-and-player.min.js?ver=4.2.17 HTTP/2" 200 36433 "https://serhatburke.miroglu.net/wp-admin/post.php?post=2740&action=edit" "Mozilla/5.0 (X11; Linux x86_64) AppleWebKit/537.36 (KHTML, like Gecko) HeadlessChrome/136.0.7103.25 Safari/537.36"
35.224.168.243 - - [22/Apr/2026:12:24:44 +0300] "GET /wp-includes/js/mediaelement/mediaelement-migrate.min.js?ver=6.3.8 HTTP/2" 200 479 "https://serhatburke.miroglu.net/wp-admin/post.php?post=2740&action=edit" "Mozilla/5.0 (X11; Linux x86_64) AppleWebKit/537.36 (KHTML, like Gecko) HeadlessChrome/136.0.7103.25 Safari/537.36"
35.224.168.243 - - [22/Apr/2026:12:24:44 +0300] "GET /wp-includes/js/mediaelement/wp-mediaelement.min.js?ver=6.3.8 HTTP/2" 200 453 "https://serhatburke.miroglu.net/wp-admin/post.php?post=2740&action=edit" "Mozilla/5.0 (X11; Linux x86_64) AppleWebKit/537.36 (KHTML, like Gecko) HeadlessChrome/136.0.7103.25 Safari/537.36"
35.224.168.243 - - [22/Apr/2026:12:24:44 +0300] "GET /wp-includes/js/api-request.min.js?ver=6.3.8 HTTP/2" 200 530 "https://serhatburke.miroglu.net/wp-admin/post.php?post=2740&action=edit" "Mozilla/5.0 (X11; Linux x86_64) AppleWebKit/537.36 (KHTML, like Gecko) HeadlessChrome/136.0.7103.25 Safari/537.36"
35.224.168.243 - - [22/Apr/2026:12:24:44 +0300] "GET /wp-includes/js/clipboard.min.js?ver=2.0.11 HTTP/2" 200 2989 "https://serhatburke.miroglu.net/wp-admin/post.php?post=2740&action=edit" "Mozilla/5.0 (X11; Linux x86_64) AppleWebKit/537.36 (KHTML, like Gecko) HeadlessChrome/136.0.7103.25 Safari/537.36"
35.224.168.243 - - [22/Apr/2026:12:24:45 +0300] "GET /wp-includes/js/media-views.min.js?ver=6.3.8 HTTP/2" 200 24763 "https://serhatburke.miroglu.net/wp-admin/post.php?post=2740&action=edit" "Mozilla/5.0 (X11; Linux x86_64) AppleWebKit/537.36 (KHTML, like Gecko) HeadlessChrome/136.0.7103.25 Safari/537.36"
35.224.168.243 - - [22/Apr/2026:12:24:45 +0300] "GET /wp-admin/js/postbox.min.js?ver=6.3.8 HTTP/2" 200 2053 "https://serhatburke.miroglu.net/wp-admin/post.php?post=2740&action=edit" "Mozilla/5.0 (X11; Linux x86_64) AppleWebKit/537.36 (KHTML, like Gecko) HeadlessChrome/136.0.7103.25 Safari/537.36"
35.224.168.243 - - [22/Apr/2026:12:24:45 +0300] "GET /wp-includes/js/dist/edit-post.min.js?ver=f80cf449718896dc7e2d HTTP/2" 200 33261 "https://serhatburke.miroglu.net/wp-admin/post.php?post=2740&action=edit" "Mozilla/5.0 (X11; Linux x86_64) AppleWebKit/537.36 (KHTML, like Gecko) HeadlessChrome/136.0.7103.25 Safari/537.36"
35.224.168.243 - - [22/Apr/2026:12:24:45 +0300] "GET /wp-includes/js/shortcode.min.js?ver=6.3.8 HTTP/2" 200 1078 "https://serhatburke.miroglu.net/wp-admin/post.php?post=2740&action=edit" "Mozilla/5.0 (X11; Linux x86_64) AppleWebKit/537.36 (KHTML, like Gecko) HeadlessChrome/136.0.7103.25 Safari/537.36"
35.224.168.243 - - [22/Apr/2026:12:24:45 +0300] "GET /wp-includes/js/media-editor.min.js?ver=6.3.8 HTTP/2" 200 3457 "https://serhatburke.miroglu.net/wp-admin/post.php?post=2740&action=edit" "Mozilla/5.0 (X11; Linux x86_64) AppleWebKit/537.36 (KHTML, like Gecko) HeadlessChrome/136.0.7103.25 Safari/537.36"
35.224.168.243 - - [22/Apr/2026:12:24:45 +0300] "GET /wp-includes/js/media-audiovideo.min.js?ver=6.3.8 HTTP/2" 200 3152 "https://serhatburke.miroglu.net/wp-admin/post.php?post=2740&action=edit" "Mozilla/5.0 (X11; Linux x86_64) AppleWebKit/537.36 (KHTML, like Gecko) HeadlessChrome/136.0.7103.25 Safari/537.36"
35.224.168.243 - - [22/Apr/2026:12:24:45 +0300] "GET /wp-includes/js/mce-view.min.js?ver=6.3.8 HTTP/2" 200 3470 "https://serhatburke.miroglu.net/wp-admin/post.php?post=2740&action=edit" "Mozilla/5.0 (X11; Linux x86_64) AppleWebKit/537.36 (KHTML, like Gecko) HeadlessChrome/136.0.7103.25 Safari/537.36"
35.224.168.243 - - [22/Apr/2026:12:24:45 +0300] "GET /wp-includes/js/imgareaselect/jquery.imgareaselect.min.js?ver=6.3.8 HTTP/2" 200 3588 "https://serhatburke.miroglu.net/wp-admin/post.php?post=2740&action=edit" "Mozilla/5.0 (X11; Linux x86_64) AppleWebKit/537.36 (KHTML, like Gecko) HeadlessChrome/136.0.7103.25 Safari/537.36"
35.224.168.243 - - [22/Apr/2026:12:24:45 +0300] "GET /wp-admin/js/image-edit.min.js?ver=6.3.8 HTTP/2" 200 4218 "https://serhatburke.miroglu.net/wp-admin/post.php?post=2740&action=edit" "Mozilla/5.0 (X11; Linux x86_64) AppleWebKit/537.36 (KHTML, like Gecko) HeadlessChrome/136.0.7103.25 Safari/537.36"
35.224.168.243 - - [22/Apr/2026:12:24:45 +0300] "GET /wp-includes/js/quicktags.min.js?ver=6.3.8 HTTP/2" 200 3331 "https://serhatburke.miroglu.net/wp-admin/post.php?post=2740&action=edit" "Mozilla/5.0 (X11; Linux x86_64) AppleWebKit/537.36 (KHTML, like Gecko) HeadlessChrome/136.0.7103.25 Safari/537.36"
35.224.168.243 - - [22/Apr/2026:12:24:45 +0300] "GET /wp-content/plugins/all-in-one-seo-pack/dist/Lite/assets//link-format/link-format-classic.js?ver=4.4.4 HTTP/2" 200 4340 "https://serhatburke.miroglu.net/wp-admin/post.php?post=2740&action=edit" "Mozilla/5.0 (X11; Linux x86_64) AppleWebKit/537.36 (KHTML, like Gecko) HeadlessChrome/136.0.7103.25 Safari/537.36"
35.224.168.243 - - [22/Apr/2026:12:24:45 +0300] "GET /wp-includes/js/jquery/ui/menu.min.js?ver=1.13.2 HTTP/2" 200 2883 "https://serhatburke.miroglu.net/wp-admin/post.php?post=2740&action=edit" "Mozilla/5.0 (X11; Linux x86_64) AppleWebKit/537.36 (KHTML, like Gecko) HeadlessChrome/136.0.7103.25 Safari/537.36"
35.224.168.243 - - [22/Apr/2026:12:24:45 +0300] "GET /wp-includes/js/jquery/ui/autocomplete.min.js?ver=1.13.2 HTTP/2" 200 2677 "https://serhatburke.miroglu.net/wp-admin/post.php?post=2740&action=edit" "Mozilla/5.0 (X11; Linux x86_64) AppleWebKit/537.36 (KHTML, like Gecko) HeadlessChrome/136.0.7103.25 Safari/537.36"
35.224.168.243 - - [22/Apr/2026:12:24:45 +0300] "GET /wp-includes/js/thickbox/thickbox.js?ver=3.1-20121105 HTTP/2" 200 3991 "https://serhatburke.miroglu.net/wp-admin/post.php?post=2740&action=edit" "Mozilla/5.0 (X11; Linux x86_64) AppleWebKit/537.36 (KHTML, like Gecko) HeadlessChrome/136.0.7103.25 Safari/537.36"
35.224.168.243 - - [22/Apr/2026:12:24:45 +0300] "GET /wp-admin/js/media-upload.min.js?ver=6.3.8 HTTP/2" 200 540 "https://serhatburke.miroglu.net/wp-admin/post.php?post=2740&action=edit" "Mozilla/5.0 (X11; Linux x86_64) AppleWebKit/537.36 (KHTML, like Gecko) HeadlessChrome/136.0.7103.25 Safari/537.36"
35.224.168.243 - - [22/Apr/2026:12:24:45 +0300] "GET /wp-includes/js/dist/block-directory.min.js?ver=cf69143cf8a7a08f7e0f HTTP/2" 200 6647 "https://serhatburke.miroglu.net/wp-admin/post.php?post=2740&action=edit" "Mozilla/5.0 (X11; Linux x86_64) AppleWebKit/537.36 (KHTML, like Gecko) HeadlessChrome/136.0.7103.25 Safari/537.36"
35.224.168.243 - - [22/Apr/2026:12:24:45 +0300] "GET /wp-includes/js/dist/format-library.min.js?ver=841596d9c9d3cabeaec1 HTTP/2" 200 7303 "https://serhatburke.miroglu.net/wp-admin/post.php?post=2740&action=edit" "Mozilla/5.0 (X11; Linux x86_64) AppleWebKit/537.36 (KHTML, like Gecko) HeadlessChrome/136.0.7103.25 Safari/537.36"
35.224.168.243 - - [22/Apr/2026:12:24:45 +0300] "GET /wp-content/plugins/google-analytics-for-wordpress/assets/gutenberg/js/editor.js?ver=10.1.2 HTTP/2" 200 75108 "https://serhatburke.miroglu.net/wp-admin/post.php?post=2740&action=edit" "Mozilla/5.0 (X11; Linux x86_64) AppleWebKit/537.36 (KHTML, like Gecko) HeadlessChrome/136.0.7103.25 Safari/537.36"
35.224.168.243 - - [22/Apr/2026:12:24:45 +0300] "GET /wp-content/plugins/wpforms-lite/assets/js/components/admin/gutenberg/formselector.es5.min.js?ver=1.8.3.1 HTTP/2" 200 5391 "https://serhatburke.miroglu.net/wp-admin/post.php?post=2740&action=edit" "Mozilla/5.0 (X11; Linux x86_64) AppleWebKit/537.36 (KHTML, like Gecko) HeadlessChrome/136.0.7103.25 Safari/537.36"
35.224.168.243 - - [22/Apr/2026:12:24:45 +0300] "GET /wp-content/plugins/wpforms-lite/assets/js/wpforms-modern.min.js?ver=1.8.3.1 HTTP/2" 200 1821 "https://serhatburke.miroglu.net/wp-admin/post.php?post=2740&action=edit" "Mozilla/5.0 (X11; Linux x86_64) AppleWebKit/537.36 (KHTML, like Gecko) HeadlessChrome/136.0.7103.25 Safari/537.36"
35.224.168.243 - - [22/Apr/2026:12:24:45 +0300] "GET /wp-includes/js/wp-api.min.js?ver=6.3.8 HTTP/2" 200 3983 "https://serhatburke.miroglu.net/wp-admin/post.php?post=2740&action=edit" "Mozilla/5.0 (X11; Linux x86_64) AppleWebKit/537.36 (KHTML, like Gecko) HeadlessChrome/136.0.7103.25 Safari/537.36"
35.224.168.243 - - [22/Apr/2026:12:24:45 +0300] "GET /wp-content/plugins/all-in-one-seo-pack/dist/Lite/assets/link-format/link-format-block.js?ver=4.4.4 HTTP/2" 200 6894 "https://serhatburke.miroglu.net/wp-admin/post.php?post=2740&action=edit" "Mozilla/5.0 (X11; Linux x86_64) AppleWebKit/537.36 (KHTML, like Gecko) HeadlessChrome/136.0.7103.25 Safari/537.36"
35.224.168.243 - - [22/Apr/2026:12:24:45 +0300] "GET /wp-content/plugins/wpforms-lite/assets/lib/choices.min.js?ver=9.0.1 HTTP/2" 200 18545 "https://serhatburke.miroglu.net/wp-admin/post.php?post=2740&action=edit" "Mozilla/5.0 (X11; Linux x86_64) AppleWebKit/537.36 (KHTML, like Gecko) HeadlessChrome/136.0.7103.25 Safari/537.36"
35.224.168.243 - - [22/Apr/2026:12:24:45 +0300] "GET /wp-content/plugins/wpforms-lite/assets/lite/js/admin/education/lite-connect.min.js?ver=1.8.3.1 HTTP/2" 200 1480 "https://serhatburke.miroglu.net/wp-admin/post.php?post=2740&action=edit" "Mozilla/5.0 (X11; Linux x86_64) AppleWebKit/537.36 (KHTML, like Gecko) HeadlessChrome/136.0.7103.25 Safari/537.36"
35.224.168.243 - - [22/Apr/2026:12:24:45 +0300] "GET /wp-content/plugins/meta-box/meta-box/js/script.js?ver=5.2.4 HTTP/2" 200 341 "https://serhatburke.miroglu.net/wp-admin/post.php?post=2740&action=edit" "Mozilla/5.0 (X11; Linux x86_64) AppleWebKit/537.36 (KHTML, like Gecko) HeadlessChrome/136.0.7103.25 Safari/537.36"
35.224.168.243 - - [22/Apr/2026:12:24:45 +0300] "GET /wp-content/plugins/meta-box/meta-box/js/select.js?ver=5.2.4 HTTP/2" 200 259 "https://serhatburke.miroglu.net/wp-admin/post.php?post=2740&action=edit" "Mozilla/5.0 (X11; Linux x86_64) AppleWebKit/537.36 (KHTML, like Gecko) HeadlessChrome/136.0.7103.25 Safari/537.36"
35.224.168.243 - - [22/Apr/2026:12:24:45 +0300] "GET /wp-includes/js/media-grid.min.js?ver=6.3.8 HTTP/2" 200 3654 "https://serhatburke.miroglu.net/wp-admin/post.php?post=2740&action=edit" "Mozilla/5.0 (X11; Linux x86_64) AppleWebKit/537.36 (KHTML, like Gecko) HeadlessChrome/136.0.7103.25 Safari/537.36"
35.224.168.243 - - [22/Apr/2026:12:24:45 +0300] "GET /wp-content/plugins/meta-box/meta-box/js/media.js?ver=5.2.4 HTTP/2" 200 4140 "https://serhatburke.miroglu.net/wp-admin/post.php?post=2740&action=edit" "Mozilla/5.0 (X11; Linux x86_64) AppleWebKit/537.36 (KHTML, like Gecko) HeadlessChrome/136.0.7103.25 Safari/537.36"
35.224.168.243 - - [22/Apr/2026:12:24:45 +0300] "GET /wp-content/plugins/meta-box/meta-box/js/file.js?ver=5.2.4 HTTP/2" 200 1185 "https://serhatburke.miroglu.net/wp-admin/post.php?post=2740&action=edit" "Mozilla/5.0 (X11; Linux x86_64) AppleWebKit/537.36 (KHTML, like Gecko) HeadlessChrome/136.0.7103.25 Safari/537.36"
35.224.168.243 - - [22/Apr/2026:12:24:45 +0300] "GET /wp-content/plugins/all-in-one-seo-pack/dist/Lite/assets/js/AddPlus.fd1914a5.js HTTP/2" 200 482 "https://serhatburke.miroglu.net/wp-content/plugins/all-in-one-seo-pack/dist/Lite/assets/blocks.12b02266.js?ver=4.4.4" "Mozilla/5.0 (X11; Linux x86_64) AppleWebKit/537.36 (KHTML, like Gecko) HeadlessChrome/136.0.7103.25 Safari/537.36"
35.224.168.243 - - [22/Apr/2026:12:24:45 +0300] "GET /wp-content/plugins/all-in-one-seo-pack/dist/Lite/assets/js/HighlightToggle.ce133bc9.js HTTP/2" 200 946 "https://serhatburke.miroglu.net/wp-content/plugins/all-in-one-seo-pack/dist/Lite/assets/blocks.12b02266.js?ver=4.4.4" "Mozilla/5.0 (X11; Linux x86_64) AppleWebKit/537.36 (KHTML, like Gecko) HeadlessChrome/136.0.7103.25 Safari/537.36"
35.224.168.243 - - [22/Apr/2026:12:24:45 +0300] "GET /wp-content/plugins/all-in-one-seo-pack/dist/Lite/assets/js/vue.runtime.esm-bundler.60c71097.js HTTP/2" 200 134 "https://serhatburke.miroglu.net/wp-content/plugins/all-in-one-seo-pack/dist/Lite/assets/blocks.12b02266.js?ver=4.4.4" "Mozilla/5.0 (X11; Linux x86_64) AppleWebKit/537.36 (KHTML, like Gecko) HeadlessChrome/136.0.7103.25 Safari/537.36"
35.224.168.243 - - [22/Apr/2026:12:24:45 +0300] "GET /wp-content/plugins/all-in-one-seo-pack/dist/Lite/assets/js/Drag.9683a277.js HTTP/2" 200 33361 "https://serhatburke.miroglu.net/wp-content/plugins/all-in-one-seo-pack/dist/Lite/assets/blocks.12b02266.js?ver=4.4.4" "Mozilla/5.0 (X11; Linux x86_64) AppleWebKit/537.36 (KHTML, like Gecko) HeadlessChrome/136.0.7103.25 Safari/537.36"
35.224.168.243 - - [22/Apr/2026:12:24:45 +0300] "GET /wp-content/plugins/meta-box/meta-box/js/image-advanced.js?ver=5.2.4 HTTP/2" 200 495 "https://serhatburke.miroglu.net/wp-admin/post.php?post=2740&action=edit" "Mozilla/5.0 (X11; Linux x86_64) AppleWebKit/537.36 (KHTML, like Gecko) HeadlessChrome/136.0.7103.25 Safari/537.36"
35.224.168.243 - - [22/Apr/2026:12:24:45 +0300] "GET /wp-content/plugins/meta-box/meta-box/js/file-input.js?ver=5.2.4 HTTP/2" 200 464 "https://serhatburke.miroglu.net/wp-admin/post.php?post=2740&action=edit" "Mozilla/5.0 (X11; Linux x86_64) AppleWebKit/537.36 (KHTML, like Gecko) HeadlessChrome/136.0.7103.25 Safari/537.36"
35.224.168.243 - - [22/Apr/2026:12:24:45 +0300] "GET /wp-content/plugins/meta-box/meta-box/js/button-group.js?ver=5.2.4 HTTP/2" 200 342 "https://serhatburke.miroglu.net/wp-admin/post.php?post=2740&action=edit" "Mozilla/5.0 (X11; Linux x86_64) AppleWebKit/537.36 (KHTML, like Gecko) HeadlessChrome/136.0.7103.25 Safari/537.36"
35.224.168.243 - - [22/Apr/2026:12:24:45 +0300] "GET /wp-content/plugins/meta-box/meta-box/js/input-list.js?ver=5.2.4 HTTP/2" 200 381 "https://serhatburke.miroglu.net/wp-admin/post.php?post=2740&action=edit" "Mozilla/5.0 (X11; Linux x86_64) AppleWebKit/537.36 (KHTML, like Gecko) HeadlessChrome/136.0.7103.25 Safari/537.36"
35.224.168.243 - - [22/Apr/2026:12:24:45 +0300] "GET /wp-content/plugins/meta-box/meta-box/js/select-tree.js?ver=5.2.4 HTTP/2" 200 523 "https://serhatburke.miroglu.net/wp-admin/post.php?post=2740&action=edit" "Mozilla/5.0 (X11; Linux x86_64) AppleWebKit/537.36 (KHTML, like Gecko) HeadlessChrome/136.0.7103.25 Safari/537.36"
35.224.168.243 - - [22/Apr/2026:12:24:45 +0300] "GET /wp-content/plugins/meta-box/meta-box/js/select2/select2.min.js?ver=4.0.10 HTTP/2" 200 18372 "https://serhatburke.miroglu.net/wp-admin/post.php?post=2740&action=edit" "Mozilla/5.0 (X11; Linux x86_64) AppleWebKit/537.36 (KHTML, like Gecko) HeadlessChrome/136.0.7103.25 Safari/537.36"
35.224.168.243 - - [22/Apr/2026:12:24:45 +0300] "GET /wp-content/plugins/meta-box/meta-box/js/select2/i18n/tr.js?ver=4.0.10 HTTP/2" 200 390 "https://serhatburke.miroglu.net/wp-admin/post.php?post=2740&action=edit" "Mozilla/5.0 (X11; Linux x86_64) AppleWebKit/537.36 (KHTML, like Gecko) HeadlessChrome/136.0.7103.25 Safari/537.36"
35.224.168.243 - - [22/Apr/2026:12:24:46 +0300] "GET /wp-content/plugins/meta-box/meta-box/js/select-advanced.js?ver=5.2.4 HTTP/2" 200 1122 "https://serhatburke.miroglu.net/wp-admin/post.php?post=2740&action=edit" "Mozilla/5.0 (X11; Linux x86_64) AppleWebKit/537.36 (KHTML, like Gecko) HeadlessChrome/136.0.7103.25 Safari/537.36"
35.224.168.243 - - [22/Apr/2026:12:24:46 +0300] "GET /wp-content/plugins/meta-box/meta-box/js/taxonomy.js?ver=5.2.4 HTTP/2" 200 154 "https://serhatburke.miroglu.net/wp-admin/post.php?post=2740&action=edit" "Mozilla/5.0 (X11; Linux x86_64) AppleWebKit/537.36 (KHTML, like Gecko) HeadlessChrome/136.0.7103.25 Safari/537.36"
35.224.168.243 - - [22/Apr/2026:12:24:46 +0300] "GET /wp-content/plugins/meta-box/meta-box/js/wysiwyg.js?ver=5.2.4 HTTP/2" 200 1639 "https://serhatburke.miroglu.net/wp-admin/post.php?post=2740&action=edit" "Mozilla/5.0 (X11; Linux x86_64) AppleWebKit/537.36 (KHTML, like Gecko) HeadlessChrome/136.0.7103.25 Safari/537.36"
35.224.168.243 - - [22/Apr/2026:12:24:46 +0300] "GET /wp-content/plugins/meta-box/meta-box-tabs/tabs.js?ver=1.0.0 HTTP/2" 200 481 "https://serhatburke.miroglu.net/wp-admin/post.php?post=2740&action=edit" "Mozilla/5.0 (X11; Linux x86_64) AppleWebKit/537.36 (KHTML, like Gecko) HeadlessChrome/136.0.7103.25 Safari/537.36"
35.224.168.243 - - [22/Apr/2026:12:24:46 +0300] "GET /wp-content/plugins/meta-box/meta-box-conditional-logic/conditional-logic.js?ver=1.5 HTTP/2" 200 4434 "https://serhatburke.miroglu.net/wp-admin/post.php?post=2740&action=edit" "Mozilla/5.0 (X11; Linux x86_64) AppleWebKit/537.36 (KHTML, like Gecko) HeadlessChrome/136.0.7103.25 Safari/537.36"
35.224.168.243 - - [22/Apr/2026:12:24:46 +0300] "GET /wp-content/plugins/wpforms-lite/assets/lite/js/admin/edit-post-education.es5.min.js?ver=1.8.3.1 HTTP/2" 200 2087 "https://serhatburke.miroglu.net/wp-admin/post.php?post=2740&action=edit" "Mozilla/5.0 (X11; Linux x86_64) AppleWebKit/537.36 (KHTML, like Gecko) HeadlessChrome/136.0.7103.25 Safari/537.36"
35.224.168.243 - - [22/Apr/2026:12:24:46 +0300] "GET /wp-includes/js/wp-pointer.min.js?ver=6.3.8 HTTP/2" 200 1221 "https://serhatburke.miroglu.net/wp-admin/post.php?post=2740&action=edit" "Mozilla/5.0 (X11; Linux x86_64) AppleWebKit/537.36 (KHTML, like Gecko) HeadlessChrome/136.0.7103.25 Safari/537.36"
35.224.168.243 - - [22/Apr/2026:12:24:46 +0300] "GET /wp-includes/js/jquery/ui/draggable.min.js?ver=1.13.2 HTTP/2" 200 4652 "https://serhatburke.miroglu.net/wp-admin/post.php?post=2740&action=edit" "Mozilla/5.0 (X11; Linux x86_64) AppleWebKit/537.36 (KHTML, like Gecko) HeadlessChrome/136.0.7103.25 Safari/537.36"
35.224.168.243 - - [22/Apr/2026:12:24:46 +0300] "GET /wp-includes/js/jquery/ui/slider.min.js?ver=1.13.2 HTTP/2" 200 2980 "https://serhatburke.miroglu.net/wp-admin/post.php?post=2740&action=edit" "Mozilla/5.0 (X11; Linux x86_64) AppleWebKit/537.36 (KHTML, like Gecko) HeadlessChrome/136.0.7103.25 Safari/537.36"
35.224.168.243 - - [22/Apr/2026:12:24:46 +0300] "GET /wp-includes/js/jquery/jquery.ui.touch-punch.js?ver=0.2.2 HTTP/2" 200 509 "https://serhatburke.miroglu.net/wp-admin/post.php?post=2740&action=edit" "Mozilla/5.0 (X11; Linux x86_64) AppleWebKit/537.36 (KHTML, like Gecko) HeadlessChrome/136.0.7103.25 Safari/537.36"
35.224.168.243 - - [22/Apr/2026:12:24:46 +0300] "GET /wp-admin/js/iris.min.js?ver=1.1.1 HTTP/2" 200 7724 "https://serhatburke.miroglu.net/wp-admin/post.php?post=2740&action=edit" "Mozilla/5.0 (X11; Linux x86_64) AppleWebKit/537.36 (KHTML, like Gecko) HeadlessChrome/136.0.7103.25 Safari/537.36"
35.224.168.243 - - [22/Apr/2026:12:24:46 +0300] "GET /wp-admin/js/color-picker.min.js?ver=6.3.8 HTTP/2" 200 1064 "https://serhatburke.miroglu.net/wp-admin/post.php?post=2740&action=edit" "Mozilla/5.0 (X11; Linux x86_64) AppleWebKit/537.36 (KHTML, like Gecko) HeadlessChrome/136.0.7103.25 Safari/537.36"
35.224.168.243 - - [22/Apr/2026:12:24:46 +0300] "GET /wp-includes/js/jquery/ui/droppable.min.js?ver=1.13.2 HTTP/2" 200 1900 "https://serhatburke.miroglu.net/wp-admin/post.php?post=2740&action=edit" "Mozilla/5.0 (X11; Linux x86_64) AppleWebKit/537.36 (KHTML, like Gecko) HeadlessChrome/136.0.7103.25 Safari/537.36"
35.224.168.243 - - [22/Apr/2026:12:24:46 +0300] "GET /wp-includes/js/jquery/ui/resizable.min.js?ver=1.13.2 HTTP/2" 200 5128 "https://serhatburke.miroglu.net/wp-admin/post.php?post=2740&action=edit" "Mozilla/5.0 (X11; Linux x86_64) AppleWebKit/537.36 (KHTML, like Gecko) HeadlessChrome/136.0.7103.25 Safari/537.36"
35.224.168.243 - - [22/Apr/2026:12:24:46 +0300] "GET /wp-includes/js/jquery/ui/tabs.min.js?ver=1.13.2 HTTP/2" 200 3760 "https://serhatburke.miroglu.net/wp-admin/post.php?post=2740&action=edit" "Mozilla/5.0 (X11; Linux x86_64) AppleWebKit/537.36 (KHTML, like Gecko) HeadlessChrome/136.0.7103.25 Safari/537.36"
35.224.168.243 - - [22/Apr/2026:12:24:46 +0300] "GET /wp-includes/js/jquery/ui/accordion.min.js?ver=1.13.2 HTTP/2" 200 2650 "https://serhatburke.miroglu.net/wp-admin/post.php?post=2740&action=edit" "Mozilla/5.0 (X11; Linux x86_64) AppleWebKit/537.36 (KHTML, like Gecko) HeadlessChrome/136.0.7103.25 Safari/537.36"
35.224.168.243 - - [22/Apr/2026:12:24:46 +0300] "GET /wp-content/plugins/js_composer/assets/lib/vc_accordion/vc-accordion.min.js?ver=6.13.0 HTTP/2" 200 2498 "https://serhatburke.miroglu.net/wp-admin/post.php?post=2740&action=edit" "Mozilla/5.0 (X11; Linux x86_64) AppleWebKit/537.36 (KHTML, like Gecko) HeadlessChrome/136.0.7103.25 Safari/537.36"
35.224.168.243 - - [22/Apr/2026:12:24:46 +0300] "GET /wp-content/plugins/js_composer/assets/lib/php.default/php.default.min.js?ver=6.13.0 HTTP/2" 200 36287 "https://serhatburke.miroglu.net/wp-admin/post.php?post=2740&action=edit" "Mozilla/5.0 (X11; Linux x86_64) AppleWebKit/537.36 (KHTML, like Gecko) HeadlessChrome/136.0.7103.25 Safari/537.36"
35.224.168.243 - - [22/Apr/2026:12:24:46 +0300] "GET /wp-content/plugins/js_composer/assets/lib/bower/json-js/json2.min.js?ver=6.13.0 HTTP/2" 200 1398 "https://serhatburke.miroglu.net/wp-admin/post.php?post=2740&action=edit" "Mozilla/5.0 (X11; Linux x86_64) AppleWebKit/537.36 (KHTML, like Gecko) HeadlessChrome/136.0.7103.25 Safari/537.36"
35.224.168.243 - - [22/Apr/2026:12:24:46 +0300] "GET /wp-content/plugins/js_composer/assets/lib/bower/ace-builds/src-min-noconflict/ace.js?ver=6.13.0 HTTP/2" 200 87593 "https://serhatburke.miroglu.net/wp-admin/post.php?post=2740&action=edit" "Mozilla/5.0 (X11; Linux x86_64) AppleWebKit/537.36 (KHTML, like Gecko) HeadlessChrome/136.0.7103.25 Safari/537.36"
35.224.168.243 - - [22/Apr/2026:12:24:46 +0300] "GET /wp-content/plugins/js_composer/assets/js/dist/backend-actions.min.js?ver=6.13.0 HTTP/2" 200 1316 "https://serhatburke.miroglu.net/wp-admin/post.php?post=2740&action=edit" "Mozilla/5.0 (X11; Linux x86_64) AppleWebKit/537.36 (KHTML, like Gecko) HeadlessChrome/136.0.7103.25 Safari/537.36"
35.224.168.243 - - [22/Apr/2026:12:24:46 +0300] "GET /wp-content/plugins/js_composer/assets/js/dist/backend.min.js?ver=6.13.0 HTTP/2" 200 61561 "https://serhatburke.miroglu.net/wp-admin/post.php?post=2740&action=edit" "Mozilla/5.0 (X11; Linux x86_64) AppleWebKit/537.36 (KHTML, like Gecko) HeadlessChrome/136.0.7103.25 Safari/537.36"
35.224.168.243 - - [22/Apr/2026:12:24:46 +0300] "GET /wp-content/plugins/js_composer/assets/lib/vc_tabs/vc-tabs.min.js?ver=6.13.0 HTTP/2" 200 1178 "https://serhatburke.miroglu.net/wp-admin/post.php?post=2740&action=edit" "Mozilla/5.0 (X11; Linux x86_64) AppleWebKit/537.36 (KHTML, like Gecko) HeadlessChrome/136.0.7103.25 Safari/537.36"
35.224.168.243 - - [22/Apr/2026:12:24:46 +0300] "GET /wp-content/plugins/js_composer/assets/lib/bower/vcIconPicker/jquery.fonticonpicker.min.js?ver=6.13.0 HTTP/2" 200 3360 "https://serhatburke.miroglu.net/wp-admin/post.php?post=2740&action=edit" "Mozilla/5.0 (X11; Linux x86_64) AppleWebKit/537.36 (KHTML, like Gecko) HeadlessChrome/136.0.7103.25 Safari/537.36"
35.224.168.243 - - [22/Apr/2026:12:24:46 +0300] "GET /wp-content/plugins/wpforms-lite/assets/js/admin-editor.min.js?ver=1.8.3.1 HTTP/2" 200 321 "https://serhatburke.miroglu.net/wp-admin/post.php?post=2740&action=edit" "Mozilla/5.0 (X11; Linux x86_64) AppleWebKit/537.36 (KHTML, like Gecko) HeadlessChrome/136.0.7103.25 Safari/537.36"
35.224.168.243 - - [22/Apr/2026:12:24:46 +0300] "GET /wp-includes/js/wp-embed.min.js?ver=6.3.8 HTTP/2" 200 740 "https://serhatburke.miroglu.net/wp-admin/post.php?post=2740&action=edit" "Mozilla/5.0 (X11; Linux x86_64) AppleWebKit/537.36 (KHTML, like Gecko) HeadlessChrome/136.0.7103.25 Safari/537.36"
35.224.168.243 - - [22/Apr/2026:12:24:46 +0300] "GET /wp-content/plugins/wpforms-lite/assets/images/sullie-vc.png HTTP/2" 200 4395 "https://serhatburke.miroglu.net/wp-admin/post.php?post=2740&action=edit" "Mozilla/5.0 (X11; Linux x86_64) AppleWebKit/537.36 (KHTML, like Gecko) HeadlessChrome/136.0.7103.25 Safari/537.36"
35.224.168.243 - - [22/Apr/2026:12:24:47 +0300] "GET /wp-includes/js/thickbox/loadingAnimation.gif HTTP/2" 200 15238 "https://serhatburke.miroglu.net/wp-admin/post.php?post=2740&action=edit" "Mozilla/5.0 (X11; Linux x86_64) AppleWebKit/537.36 (KHTML, like Gecko) HeadlessChrome/136.0.7103.25 Safari/537.36"
35.224.168.243 - - [22/Apr/2026:12:24:47 +0300] "GET /wp-content/plugins/js_composer/assets/fonts/vc_icons_v2/fonts/vcpb-plugin-icons.ttf?f6ud62 HTTP/2" 200 7464 "https://serhatburke.miroglu.net/wp-content/plugins/js_composer/assets/css/js_composer_backend_editor.min.css?ver=6.13.0" "Mozilla/5.0 (X11; Linux x86_64) AppleWebKit/537.36 (KHTML, like Gecko) HeadlessChrome/136.0.7103.25 Safari/537.36"
35.224.168.243 - - [22/Apr/2026:12:24:47 +0300] "GET /wp-content/plugins/js_composer/assets/vc/logo/wpb-logo-white.svg HTTP/2" 200 715 "https://serhatburke.miroglu.net/wp-content/plugins/js_composer/assets/css/js_composer_backend_editor.min.css?ver=6.13.0" "Mozilla/5.0 (X11; Linux x86_64) AppleWebKit/537.36 (KHTML, like Gecko) HeadlessChrome/136.0.7103.25 Safari/537.36"
35.224.168.243 - - [22/Apr/2026:12:24:48 +0300] "GET /wp-content/plugins/all-in-one-seo-pack/dist/Lite/assets/main-20ad6c21.js HTTP/2" 200 479345 "https://serhatburke.miroglu.net/wp-admin/post.php?post=2740&action=edit" "Mozilla/5.0 (X11; Linux x86_64) AppleWebKit/537.36 (KHTML, like Gecko) HeadlessChrome/136.0.7103.25 Safari/537.36"
35.224.168.243 - - [22/Apr/2026:12:24:47 +0300] "GET / HTTP/2" 200 0 "-" "Mozilla/5.0 (X11; Linux x86_64) AppleWebKit/537.36 (KHTML, like Gecko) HeadlessChrome/136.0.7103.25 Safari/537.36"
35.224.168.243 - - [22/Apr/2026:12:25:19 +0300] "GET /?nocache=1776849918361 HTTP/1.1" 200 0 "-" "node"
201.239.35.50 - - [22/Apr/2026:12:25:06 +0300] "POST /xmlrpc.php HTTP/2" 200 0 "-" "WordPress/XMLRPC Client"
130.49.77.243 - - [22/Apr/2026:12:24:58 +0300] "GET / HTTP/2" 200 0 "-" "Mozilla/5.0 (Macintosh; Intel Mac OS X 10_15_7) AppleWebKit/537.36 (KHTML, like Gecko) Chrome/120.0.0.0 Safari/537.36"
35.224.168.243 - - [22/Apr/2026:12:24:45 +0300] "GET /wp-json/wp/v2/ HTTP/2" 200 10764 "https://serhatburke.miroglu.net/wp-admin/post.php?post=2740&action=edit" "Mozilla/5.0 (X11; Linux x86_64) AppleWebKit/537.36 (KHTML, like Gecko) HeadlessChrome/136.0.7103.25 Safari/537.36"
35.224.168.243 - - [22/Apr/2026:12:24:47 +0300] "GET /wp-json/aioseo/v1/ping/ HTTP/2" 200 20 "https://serhatburke.miroglu.net/wp-admin/post.php?post=2740&action=edit" "Mozilla/5.0 (X11; Linux x86_64) AppleWebKit/537.36 (KHTML, like Gecko) HeadlessChrome/136.0.7103.25 Safari/537.36"
185.216.113.70 - - [22/Apr/2026:12:25:55 +0300] "POST /wp-cron.php?doing_wp_cron=1776849955.5440430641174316406250 HTTP/1.1" 200 448 "-" "WordPress/6.3.8; https://serhatburke.miroglu.net"
35.224.168.243 - - [22/Apr/2026:12:24:48 +0300] "OPTIONS /wp-json/wp/v2/pages/2740?_locale=user HTTP/2" 200 1860 "https://serhatburke.miroglu.net/wp-admin/post.php?post=2740&action=edit" "Mozilla/5.0 (X11; Linux x86_64) AppleWebKit/537.36 (KHTML, like Gecko) HeadlessChrome/136.0.7103.25 Safari/537.36"
35.224.168.243 - - [22/Apr/2026:12:24:48 +0300] "GET /wp-json/wp/v2/users?context=view&who=authors&per_page=50&_fields=id%2Cname&_locale=user HTTP/2" 200 6 "https://serhatburke.miroglu.net/wp-admin/post.php?post=2740&action=edit" "Mozilla/5.0 (X11; Linux x86_64) AppleWebKit/537.36 (KHTML, like Gecko) HeadlessChrome/136.0.7103.25 Safari/537.36"
185.216.113.70 - - [22/Apr/2026:12:26:02 +0300] "POST /wp-cron.php?doing_wp_cron=1776849962.5439341068267822265625 HTTP/1.1" 200 448 "-" "WordPress/6.3.8; https://serhatburke.miroglu.net"
35.224.168.243 - - [22/Apr/2026:12:24:48 +0300] "GET /wp-json/?_fields=description%2Cgmt_offset%2Chome%2Cname%2Csite_icon%2Csite_icon_url%2Csite_logo%2Ctimezone_string%2Curl&_locale=user HTTP/2" 200 347 "https://serhatburke.miroglu.net/wp-admin/post.php?post=2740&action=edit" "Mozilla/5.0 (X11; Linux x86_64) AppleWebKit/537.36 (KHTML, like Gecko) HeadlessChrome/136.0.7103.25 Safari/537.36"
35.224.168.243 - - [22/Apr/2026:12:26:03 +0300] "GET /wp-content/uploads/2023/08/favicon-16x16-3.png HTTP/2" 200 529 "https://serhatburke.miroglu.net/wp-admin/post.php?post=2740&action=edit" "Mozilla/5.0 (X11; Linux x86_64) AppleWebKit/537.36 (KHTML, like Gecko) HeadlessChrome/136.0.7103.25 Safari/537.36"
35.224.168.243 - - [22/Apr/2026:12:25:28 +0300] "GET /?nocache=1776849918361 HTTP/2" 200 0 "-" "Mozilla/5.0 (X11; Linux x86_64) AppleWebKit/537.36 (KHTML, like Gecko) HeadlessChrome/136.0.7103.25 Safari/537.36"
35.224.168.243 - - [22/Apr/2026:12:24:48 +0300] "GET /wp-json/wp/v2/taxonomies?context=edit&per_page=100&_locale=user HTTP/2" 200 1367 "https://serhatburke.miroglu.net/wp-admin/post.php?post=2740&action=edit" "Mozilla/5.0 (X11; Linux x86_64) AppleWebKit/537.36 (KHTML, like Gecko) HeadlessChrome/136.0.7103.25 Safari/537.36"
185.216.113.70 - - [22/Apr/2026:12:26:05 +0300] "POST /wp-cron.php?doing_wp_cron=1776849965.4373729228973388671875 HTTP/1.1" 200 448 "-" "WordPress/6.3.8; https://serhatburke.miroglu.net"
35.224.168.243 - - [22/Apr/2026:12:24:48 +0300] "GET /wp-json/wp/v2/block-patterns/categories?_locale=user HTTP/2" 200 810 "https://serhatburke.miroglu.net/wp-admin/post.php?post=2740&action=edit" "Mozilla/5.0 (X11; Linux x86_64) AppleWebKit/537.36 (KHTML, like Gecko) HeadlessChrome/136.0.7103.25 Safari/537.36"
185.216.113.70 - - [22/Apr/2026:12:26:05 +0300] "POST /wp-cron.php?doing_wp_cron=1776849965.7587659358978271484375 HTTP/1.1" 200 448 "-" "WordPress/6.3.8; https://serhatburke.miroglu.net"
35.224.168.243 - - [22/Apr/2026:12:24:48 +0300] "GET /wp-json/wp/v2/blocks?context=edit&per_page=100&_locale=user HTTP/2" 200 6 "https://serhatburke.miroglu.net/wp-admin/post.php?post=2740&action=edit" "Mozilla/5.0 (X11; Linux x86_64) AppleWebKit/537.36 (KHTML, like Gecko) HeadlessChrome/136.0.7103.25 Safari/537.36"
185.216.113.70 - - [22/Apr/2026:12:25:47 +0300] "POST /wp-cron.php?doing_wp_cron=1776849947.4299380779266357421875 HTTP/1.1" 200 448 "-" "WordPress/6.3.8; https://serhatburke.miroglu.net"
185.216.113.70 - - [22/Apr/2026:12:25:51 +0300] "POST /wp-cron.php?doing_wp_cron=1776849951.1421620845794677734375 HTTP/1.1" 200 448 "-" "WordPress/6.3.8; https://serhatburke.miroglu.net"
35.224.168.243 - - [22/Apr/2026:12:25:55 +0300] "GET /?nocache=1776849954362 HTTP/1.1" 200 0 "-" "node"
185.216.113.70 - - [22/Apr/2026:12:26:01 +0300] "POST /wp-cron.php?doing_wp_cron=1776849961.1525371074676513671875 HTTP/1.1" 200 448 "-" "WordPress/6.3.8; https://serhatburke.miroglu.net"
185.216.113.70 - - [22/Apr/2026:12:26:04 +0300] "POST /wp-cron.php?doing_wp_cron=1776849963.9460558891296386718750 HTTP/1.1" 200 448 "-" "WordPress/6.3.8; https://serhatburke.miroglu.net"
35.224.168.243 - - [22/Apr/2026:12:24:47 +0300] "POST /wp-json/aioseo/v1/analyze-headline/ HTTP/2" 200 256 "https://serhatburke.miroglu.net/wp-admin/post.php?post=2740&action=edit" "Mozilla/5.0 (X11; Linux x86_64) AppleWebKit/537.36 (KHTML, like Gecko) HeadlessChrome/136.0.7103.25 Safari/537.36"
185.216.113.70 - - [22/Apr/2026:12:26:05 +0300] "POST /wp-cron.php?doing_wp_cron=1776849965.3392419815063476562500 HTTP/1.1" 200 448 "-" "WordPress/6.3.8; https://serhatburke.miroglu.net"
5.227.28.161 - - [22/Apr/2026:12:25:37 +0300] "POST /xmlrpc.php HTTP/2" 200 0 "-" "WordPress/XMLRPC Client"
185.216.113.70 - - [22/Apr/2026:12:26:09 +0300] "POST /wp-cron.php?doing_wp_cron=1776849968.8468599319458007812500 HTTP/1.1" 200 448 "-" "WordPress/6.3.8; https://serhatburke.miroglu.net"
35.224.168.243 - - [22/Apr/2026:12:24:48 +0300] "GET /wp-json/wp/v2/block-patterns/patterns?_locale=user HTTP/2" 200 27225 "https://serhatburke.miroglu.net/wp-admin/post.php?post=2740&action=edit" "Mozilla/5.0 (X11; Linux x86_64) AppleWebKit/537.36 (KHTML, like Gecko) HeadlessChrome/136.0.7103.25 Safari/537.36"
35.224.168.243 - - [22/Apr/2026:12:25:47 +0300] "POST /wp-admin/admin-ajax.php HTTP/2" 200 0 "https://serhatburke.miroglu.net/wp-admin/post.php?post=2740&action=edit" "Mozilla/5.0 (X11; Linux x86_64) AppleWebKit/537.36 (KHTML, like Gecko) HeadlessChrome/136.0.7103.25 Safari/537.36"
5.183.255.197 - - [22/Apr/2026:12:25:38 +0300] "GET / HTTP/2" 200 0 "-" "Mozilla/5.0 (Macintosh; Intel Mac OS X 10_15_7) AppleWebKit/537.36 (KHTML, like Gecko) Chrome/120.0.0.0 Safari/537.36"
99.227.157.20 - - [22/Apr/2026:12:26:08 +0300] "POST /xmlrpc.php HTTP/2" 200 0 "-" "WordPress/XMLRPC Client"
35.224.168.243 - - [22/Apr/2026:12:26:04 +0300] "GET /?nocache=1776849954362 HTTP/2" 200 0 "-" "Mozilla/5.0 (X11; Linux x86_64) AppleWebKit/537.36 (KHTML, like Gecko) HeadlessChrome/136.0.7103.25 Safari/537.36"
35.224.168.243 - - [22/Apr/2026:12:26:33 +0300] "GET /?nocache=1776849993363 HTTP/1.1" 200 0 "-" "node"
35.224.168.243 - - [22/Apr/2026:12:24:48 +0300] "GET /wp-json/wp/v2/themes?context=edit&status=active&_locale=user HTTP/2" 500 384 "https://serhatburke.miroglu.net/wp-admin/post.php?post=2740&action=edit" "Mozilla/5.0 (X11; Linux x86_64) AppleWebKit/537.36 (KHTML, like Gecko) HeadlessChrome/136.0.7103.25 Safari/537.36"
170.168.30.143 - - [22/Apr/2026:12:26:20 +0300] "GET / HTTP/2" 200 0 "-" "Mozilla/5.0 (Macintosh; Intel Mac OS X 10_15_7) AppleWebKit/537.36 (KHTML, like Gecko) Chrome/120.0.0.0 Safari/537.36"
35.224.168.243 - - [22/Apr/2026:12:26:43 +0300] "GET /?nocache=1776849993363 HTTP/2" 200 0 "-" "Mozilla/5.0 (X11; Linux x86_64) AppleWebKit/537.36 (KHTML, like Gecko) HeadlessChrome/136.0.7103.25 Safari/537.36"
35.224.168.243 - - [22/Apr/2026:12:25:12 +0300] "POST /wp-json/wp/v2/users/me?_locale=user HTTP/2" 200 0 "https://serhatburke.miroglu.net/wp-admin/post.php?post=2740&action=edit" "Mozilla/5.0 (X11; Linux x86_64) AppleWebKit/537.36 (KHTML, like Gecko) HeadlessChrome/136.0.7103.25 Safari/537.36"
35.224.168.243 - - [22/Apr/2026:12:25:13 +0300] "POST /wp-json/wp/v2/pages/2740?_locale=user HTTP/2" 200 0 "https://serhatburke.miroglu.net/wp-admin/post.php?post=2740&action=edit" "Mozilla/5.0 (X11; Linux x86_64) AppleWebKit/537.36 (KHTML, like Gecko) HeadlessChrome/136.0.7103.25 Safari/537.36"
35.224.168.243 - - [22/Apr/2026:12:25:43 +0300] "POST /wp-admin/admin-ajax.php HTTP/2" 200 0 "https://serhatburke.miroglu.net/wp-admin/post.php?post=2740&action=edit" "Mozilla/5.0 (X11; Linux x86_64) AppleWebKit/537.36 (KHTML, like Gecko) HeadlessChrome/136.0.7103.25 Safari/537.36"
35.224.168.243 - - [22/Apr/2026:12:26:23 +0300] "POST /wp-admin/admin-ajax.php HTTP/2" 200 0 "https://serhatburke.miroglu.net/wp-admin/post.php?post=2740&action=edit" "Mozilla/5.0 (X11; Linux x86_64) AppleWebKit/537.36 (KHTML, like Gecko) HeadlessChrome/136.0.7103.25 Safari/537.36"
35.224.168.243 - - [22/Apr/2026:12:26:47 +0300] "POST /wp-admin/admin-ajax.php HTTP/2" 200 0 "https://serhatburke.miroglu.net/wp-admin/post.php?post=2740&action=edit" "Mozilla/5.0 (X11; Linux x86_64) AppleWebKit/537.36 (KHTML, like Gecko) HeadlessChrome/136.0.7103.25 Safari/537.36"
35.224.168.243 - - [22/Apr/2026:12:26:58 +0300] "POST /wp-admin/admin-ajax.php HTTP/2" 200 0 "https://serhatburke.miroglu.net/wp-admin/post.php?post=2740&action=edit" "Mozilla/5.0 (X11; Linux x86_64) AppleWebKit/537.36 (KHTML, like Gecko) HeadlessChrome/136.0.7103.25 Safari/537.36"
181.55.68.72 - - [22/Apr/2026:12:26:40 +0300] "POST /xmlrpc.php HTTP/2" 200 0 "-" "WordPress/XMLRPC Client"
185.216.113.70 - - [22/Apr/2026:12:27:38 +0300] "POST /wp-cron.php?doing_wp_cron=1776850058.2818679809570312500000 HTTP/1.1" 200 448 "-" "WordPress/6.3.8; https://serhatburke.miroglu.net"
98.98.197.186 - - [22/Apr/2026:12:25:39 +0300] "POST /xmlrpc.php HTTP/1.1" 500 745 "-" "Mozilla/5.0 (Windows NT 10.0; Win64; x64) AppleWebKit/537.36 (KHTML, like Gecko) Chrome/114.0.0.0 Safari/537.36"
186.105.210.30 - - [22/Apr/2026:12:27:12 +0300] "POST /xmlrpc.php HTTP/2" 200 0 "-" "WordPress/XMLRPC Client"
193.203.9.76 - - [22/Apr/2026:12:27:02 +0300] "GET / HTTP/2" 200 0 "-" "Mozilla/5.0 (Macintosh; Intel Mac OS X 10_15_7) AppleWebKit/537.36 (KHTML, like Gecko) Chrome/120.0.0.0 Safari/537.36"
192.142.53.92 - - [22/Apr/2026:12:27:26 +0300] "GET /the-top-rated-electric-bike-for-every-kind-of/ HTTP/2" 200 0 "-" "Mozilla/5.0 (Windows NT 10.0; Win64; x64) AppleWebKit/537.36 (KHTML, like Gecko) Chrome/124.0.0.0 Safari/537.36"
98.98.33.4 - - [22/Apr/2026:12:25:48 +0300] "POST /xmlrpc.php HTTP/1.1" 500 745 "-" "Mozilla/5.0 (Windows NT 10.0; Win64; x64) AppleWebKit/537.36 (KHTML, like Gecko) Chrome/114.0.0.0 Safari/537.36"
192.142.53.92 - - [22/Apr/2026:12:27:47 +0300] "GET /the-top-rated-electric-bike-for-every-kind-of/ HTTP/2" 200 0 "-" "Mozilla/5.0 (Windows NT 10.0; Win64; x64) AppleWebKit/537.36 (KHTML, like Gecko) Chrome/124.0.0.0 Safari/537.36"
