98.98.197.186 - - [23/Apr/2026:03:26:23 +0300] "GET /fa-fa-fa-2-demonstration-play-funky-fruits-slot-machine-free-position-online-game/ HTTP/1.1" 200 71650 "-" "Mozilla/5.0 (Windows NT 10.0; Win64; x64; rv:124.0) Gecko/20100101 Firefox/124.0"
185.216.113.70 - - [23/Apr/2026:03:26:47 +0300] "POST /wp-cron.php?doing_wp_cron=1776904006.9552659988403320312500 HTTP/1.1" 200 448 "-" "WordPress/6.3.8; https://serhatburke.miroglu.net"
96.44.154.147 - - [23/Apr/2026:03:26:35 +0300] "POST /xmlrpc.php HTTP/1.1" 200 630 "-" "Mozilla/5.0 (Windows NT 10.0; Win64; x64) AppleWebKit/537.36 (KHTML, like Gecko) Chrome/114.0.0.0 Safari/537.36"
98.98.197.186 - - [23/Apr/2026:03:26:39 +0300] "POST /xmlrpc.php HTTP/1.1" 200 630 "-" "Mozilla/5.0 (Windows NT 10.0; Win64; x64) AppleWebKit/537.36 (KHTML, like Gecko) Chrome/114.0.0.0 Safari/537.36"
96.44.154.147 - - [23/Apr/2026:03:26:53 +0300] "POST /xmlrpc.php HTTP/1.1" 200 9327 "-" "Mozilla/5.0 (Windows NT 10.0; Win64; x64) AppleWebKit/537.36 (KHTML, like Gecko) Chrome/114.0.0.0 Safari/537.36"
66.249.73.14 - - [23/Apr/2026:03:27:01 +0300] "GET /rollinoapp-uk-weekend-bonus-an-in-depth-review/ HTTP/1.1" 200 0 "https://mqojf.frost-games.com.es/" "Mozilla/5.0 (Linux; Android 6.0.1; Nexus 5X Build/MMB29P) AppleWebKit/537.36 (KHTML, like Gecko) Chrome/146.0.7680.177 Mobile Safari/537.36 (compatible; Googlebot/2.1; +http://www.google.com/bot.html)"
98.98.197.186 - - [23/Apr/2026:03:26:58 +0300] "POST /xmlrpc.php HTTP/1.1" 200 11110 "-" "Mozilla/5.0 (Windows NT 10.0; Win64; x64) AppleWebKit/537.36 (KHTML, like Gecko) Chrome/114.0.0.0 Safari/537.36"
96.44.154.147 - - [23/Apr/2026:03:27:10 +0300] "GET /responsible-gambling-ensures-that-the-experience-stays-enjoyable-versus-ruining-consequences/ HTTP/1.1" 200 71255 "-" "Mozilla/5.0 (Windows NT 10.0; Win64; x64) AppleWebKit/537.36 (KHTML, like Gecko) Chrome/122.0.0.0 Safari/537.36"
62.12.118.38 - - [23/Apr/2026:03:27:12 +0300] "POST /xmlrpc.php HTTP/1.1" 200 630 "-" "Mozilla/5.0 (Windows NT 10.0; Win64; x64) AppleWebKit/537.36 (KHTML, like Gecko) Chrome/114.0.0.0 Safari/537.36"
98.98.197.186 - - [23/Apr/2026:03:27:18 +0300] "GET /finest-15-game-including-casinos4u-casino-no-deposit-codes-fafafa-for-android/ HTTP/1.1" 200 72383 "-" "Mozilla/5.0 (Windows NT 10.0; Win64; x64; rv:125.0) Gecko/20100101 Firefox/125.0"
185.216.113.70 - - [23/Apr/2026:03:27:42 +0300] "POST /wp-cron.php?doing_wp_cron=1776904062.6184279918670654296875 HTTP/1.1" 200 448 "-" "WordPress/6.3.8; https://serhatburke.miroglu.net"
98.98.9.26 - - [23/Apr/2026:03:27:27 +0300] "POST /xmlrpc.php HTTP/1.1" 200 630 "-" "Mozilla/5.0 (Windows NT 10.0; Win64; x64) AppleWebKit/537.36 (KHTML, like Gecko) Chrome/114.0.0.0 Safari/537.36"
62.12.118.38 - - [23/Apr/2026:03:27:40 +0300] "POST /xmlrpc.php HTTP/1.1" 200 10514 "-" "Mozilla/5.0 (Windows NT 10.0; Win64; x64) AppleWebKit/537.36 (KHTML, like Gecko) Chrome/114.0.0.0 Safari/537.36"
98.98.9.26 - - [23/Apr/2026:03:27:50 +0300] "POST /xmlrpc.php HTTP/1.1" 200 10709 "-" "Mozilla/5.0 (Windows NT 10.0; Win64; x64) AppleWebKit/537.36 (KHTML, like Gecko) Chrome/114.0.0.0 Safari/537.36"
62.12.118.38 - - [23/Apr/2026:03:27:56 +0300] "GET /spielsaal-freispiele-ohne-power-stars-slot-jackpot-einzahlung-2023-fur-nusse-spins-in-registration/ HTTP/1.1" 200 73000 "-" "Mozilla/5.0 (Windows NT 10.0; Win64; x64) AppleWebKit/537.36 (KHTML, like Gecko) Chrome/123.0.0.0 Safari/537.36"
98.98.197.186 - - [23/Apr/2026:03:28:03 +0300] "POST /xmlrpc.php HTTP/1.1" 200 630 "-" "Mozilla/5.0 (Windows NT 10.0; Win64; x64) AppleWebKit/537.36 (KHTML, like Gecko) Chrome/114.0.0.0 Safari/537.36"
98.98.9.26 - - [23/Apr/2026:03:28:08 +0300] "GET /greatest-video-slot-actions-resources-ways-and-50-free-spins-santa-on-registration-no-deposit-simple-tips-to-enjoy-harbors/ HTTP/1.1" 200 73317 "-" "Mozilla/5.0 (Windows NT 10.0; Win64; x64; rv:124.0) Gecko/20100101 Firefox/124.0"
185.216.113.70 - - [23/Apr/2026:03:28:37 +0300] "POST /wp-cron.php?doing_wp_cron=1776904117.4308578968048095703125 HTTP/1.1" 200 448 "-" "WordPress/6.3.8; https://serhatburke.miroglu.net"
98.98.197.186 - - [23/Apr/2026:03:28:24 +0300] "POST /xmlrpc.php HTTP/1.1" 200 11341 "-" "Mozilla/5.0 (Windows NT 10.0; Win64; x64) AppleWebKit/537.36 (KHTML, like Gecko) Chrome/114.0.0.0 Safari/537.36"
96.44.154.147 - - [23/Apr/2026:03:28:26 +0300] "POST /xmlrpc.php HTTP/1.1" 200 630 "-" "Mozilla/5.0 (Windows NT 10.0; Win64; x64) AppleWebKit/537.36 (KHTML, like Gecko) Chrome/114.0.0.0 Safari/537.36"
98.98.197.186 - - [23/Apr/2026:03:28:39 +0300] "GET /goldilocks-step-three-restricted-put-local-casino-online-casino-with-paysafecard-deposit-mercantile-work-environment-systems-pvt-ltd/ HTTP/1.1" 200 74289 "-" "Mozilla/5.0 (Windows NT 10.0; Win64; x64) AppleWebKit/537.36 (KHTML, like Gecko) Chrome/124.0.0.0 Safari/537.36 Edg/124.0.0.0"
96.44.154.147 - - [23/Apr/2026:03:28:47 +0300] "POST /xmlrpc.php HTTP/1.1" 200 10137 "-" "Mozilla/5.0 (Windows NT 10.0; Win64; x64) AppleWebKit/537.36 (KHTML, like Gecko) Chrome/114.0.0.0 Safari/537.36"
96.44.154.147 - - [23/Apr/2026:03:29:04 +0300] "GET /this-will-help-you-quickly-see-gambling-enterprises-one-to-suit-your-prominent-payment-strategy/ HTTP/1.1" 200 72293 "-" "Mozilla/5.0 (Windows NT 10.0; Win64; x64) AppleWebKit/537.36 (KHTML, like Gecko) Chrome/123.0.0.0 Safari/537.36 OPR/109.0.0.0"
52.167.144.179 - - [23/Apr/2026:03:29:10 +0300] "GET /danh-gia-ve-tro-choi-slot-dragon-dance-96-10-ty-le-hoan-tra-rtp-52-microgaming-nam-2026/ HTTP/2" 200 18626 "-" "Mozilla/5.0 AppleWebKit/537.36 (KHTML, like Gecko; compatible; bingbot/2.0; +http://www.bing.com/bingbot.htm) Chrome/116.0.1938.76 Safari/537.36"
52.167.144.213 - - [23/Apr/2026:03:29:14 +0300] "GET /los-licencias-internacionales-llegan-a-convertirse-en-focos-de-luces-estan-adaptando-a-estos-cambios/ HTTP/2" 200 17201 "-" "Mozilla/5.0 AppleWebKit/537.36 (KHTML, like Gecko; compatible; bingbot/2.0; +http://www.bing.com/bingbot.htm) Chrome/116.0.1938.76 Safari/537.36"
98.98.197.186 - - [23/Apr/2026:03:29:22 +0300] "POST /xmlrpc.php HTTP/1.1" 200 630 "-" "Mozilla/5.0 (Windows NT 10.0; Win64; x64) AppleWebKit/537.36 (KHTML, like Gecko) Chrome/114.0.0.0 Safari/537.36"
185.216.113.70 - - [23/Apr/2026:03:29:46 +0300] "POST /wp-cron.php?doing_wp_cron=1776904186.2717289924621582031250 HTTP/1.1" 200 448 "-" "WordPress/6.3.8; https://serhatburke.miroglu.net"
52.167.144.179 - - [23/Apr/2026:03:29:31 +0300] "GET /discover-the-key-features-of-sushiswap-for-traders/ HTTP/2" 200 17093 "-" "Mozilla/5.0 AppleWebKit/537.36 (KHTML, like Gecko; compatible; bingbot/2.0; +http://www.bing.com/bingbot.htm) Chrome/116.0.1938.76 Safari/537.36"
98.98.197.186 - - [23/Apr/2026:03:29:42 +0300] "POST /xmlrpc.php HTTP/1.1" 200 10538 "-" "Mozilla/5.0 (Windows NT 10.0; Win64; x64) AppleWebKit/537.36 (KHTML, like Gecko) Chrome/114.0.0.0 Safari/537.36"
98.98.197.186 - - [23/Apr/2026:03:29:59 +0300] "GET /best-web-based-casino-roxy-palace-50-free-spins-casinos-the-real-deal-currency-choosing-the-major-on-line-casino-to-have-2026/ HTTP/1.1" 200 73107 "-" "Mozilla/5.0 (Windows NT 10.0; Win64; x64) AppleWebKit/537.36 (KHTML, like Gecko) Chrome/123.0.0.0 Safari/537.36"
96.44.154.147 - - [23/Apr/2026:03:30:01 +0300] "POST /xmlrpc.php HTTP/1.1" 200 630 "-" "Mozilla/5.0 (Windows NT 10.0; Win64; x64) AppleWebKit/537.36 (KHTML, like Gecko) Chrome/114.0.0.0 Safari/537.36"
62.12.118.38 - - [23/Apr/2026:03:30:11 +0300] "POST /xmlrpc.php HTTP/1.1" 200 630 "-" "Mozilla/5.0 (Windows NT 10.0; Win64; x64) AppleWebKit/537.36 (KHTML, like Gecko) Chrome/114.0.0.0 Safari/537.36"
185.216.113.70 - - [23/Apr/2026:03:30:37 +0300] "POST /wp-cron.php?doing_wp_cron=1776904237.7444219589233398437500 HTTP/1.1" 200 448 "-" "WordPress/6.3.8; https://serhatburke.miroglu.net"
96.44.154.147 - - [23/Apr/2026:03:30:23 +0300] "POST /xmlrpc.php HTTP/1.1" 200 12230 "-" "Mozilla/5.0 (Windows NT 10.0; Win64; x64) AppleWebKit/537.36 (KHTML, like Gecko) Chrome/114.0.0.0 Safari/537.36"
40.77.167.79 - - [23/Apr/2026:03:30:23 +0300] "GET /kasyna-wideo-paysafecard-recenzje-bonusy-dolphin-cash-automat-najkorzystniejsze-zabawy-dzieki-finanse/ HTTP/2" 200 20183 "-" "Mozilla/5.0 AppleWebKit/537.36 (KHTML, like Gecko; compatible; bingbot/2.0; +http://www.bing.com/bingbot.htm) Chrome/116.0.1938.76 Safari/537.36"
66.249.73.1 - - [23/Apr/2026:03:30:44 +0300] "GET /gamblezen-casino-review-for-players-from-the-united-kingdom/ HTTP/1.1" 200 0 "https://tgyna.driftlogic-games.biz/" "Mozilla/5.0 (Linux; Android 6.0.1; Nexus 5X Build/MMB29P) AppleWebKit/537.36 (KHTML, like Gecko) Chrome/146.0.7680.177 Mobile Safari/537.36 (compatible; Googlebot/2.1; +http://www.google.com/bot.html)"
62.12.118.38 - - [23/Apr/2026:03:30:31 +0300] "POST /xmlrpc.php HTTP/1.1" 200 10621 "-" "Mozilla/5.0 (Windows NT 10.0; Win64; x64) AppleWebKit/537.36 (KHTML, like Gecko) Chrome/114.0.0.0 Safari/537.36"
52.167.144.179 - - [23/Apr/2026:03:30:34 +0300] "GET /musisz-uzyc-wlasciwie-wpasc-w-kasyno-zet-ze-swojego-telefonu/ HTTP/2" 200 17586 "-" "Mozilla/5.0 AppleWebKit/537.36 (KHTML, like Gecko; compatible; bingbot/2.0; +http://www.bing.com/bingbot.htm) Chrome/116.0.1938.76 Safari/537.36"
98.98.197.186 - - [23/Apr/2026:03:30:39 +0300] "POST /xmlrpc.php HTTP/1.1" 200 630 "-" "Mozilla/5.0 (Windows NT 10.0; Win64; x64) AppleWebKit/537.36 (KHTML, like Gecko) Chrome/114.0.0.0 Safari/537.36"
96.44.154.147 - - [23/Apr/2026:03:30:39 +0300] "GET /sure-all-legitimate-british-casinos-on-the-internet-provide-live-casino-games/ HTTP/1.1" 200 73917 "-" "Mozilla/5.0 (Windows NT 10.0; Win64; x64) AppleWebKit/537.36 (KHTML, like Gecko) Chrome/109.0.0.0 Safari/537.36"
62.12.118.38 - - [23/Apr/2026:03:31:00 +0300] "GET /casino-pramie-blos-einzahlung-2026-die-apocalypse-quest-slot-echtes-geld-ernahrer-bezahlen-nur-nicht-mehr-slot-erreichbar-magic-landstrich-da-der-grose-praxis-erprobung-enns/ HTTP/1.1" 200 75253 "-" "Mozilla/5.0 (Windows NT 10.0; Win64; x64) AppleWebKit/537.36 (KHTML, like Gecko) Chrome/123.0.0.0 Safari/537.36"
96.44.154.147 - - [23/Apr/2026:03:31:15 +0300] "POST /xmlrpc.php HTTP/1.1" 200 630 "-" "Mozilla/5.0 (Windows NT 10.0; Win64; x64) AppleWebKit/537.36 (KHTML, like Gecko) Chrome/114.0.0.0 Safari/537.36"
98.98.197.186 - - [23/Apr/2026:03:31:16 +0300] "POST /xmlrpc.php HTTP/1.1" 200 11015 "-" "Mozilla/5.0 (Windows NT 10.0; Win64; x64) AppleWebKit/537.36 (KHTML, like Gecko) Chrome/114.0.0.0 Safari/537.36"
185.216.113.70 - - [23/Apr/2026:03:31:43 +0300] "POST /wp-cron.php?doing_wp_cron=1776904303.0551290512084960937500 HTTP/1.1" 200 448 "-" "WordPress/6.3.8; https://serhatburke.miroglu.net"
98.98.197.186 - - [23/Apr/2026:03:31:31 +0300] "GET /mighty-fu-casino-pokies-slots-apps-on-casino-coral-free-spins-sign-up-the-internet-play/ HTTP/1.1" 200 72672 "-" "Mozilla/5.0 (Windows NT 10.0; Win64; x64) AppleWebKit/537.36 (KHTML, like Gecko) Chrome/109.0.0.0 Safari/537.36"
96.44.154.147 - - [23/Apr/2026:03:31:34 +0300] "POST /xmlrpc.php HTTP/1.1" 200 12920 "-" "Mozilla/5.0 (Windows NT 10.0; Win64; x64) AppleWebKit/537.36 (KHTML, like Gecko) Chrome/114.0.0.0 Safari/537.36"
96.44.154.147 - - [23/Apr/2026:03:31:48 +0300] "GET /curacaos-global-amicable-method-renders-online-gambling-available-to-players-regarding-numerous-nations/ HTTP/1.1" 200 75270 "-" "Mozilla/5.0 (Windows NT 10.0; rv:125.0) Gecko/20100101 Firefox/125.0"
98.98.197.186 - - [23/Apr/2026:03:31:59 +0300] "POST /xmlrpc.php HTTP/1.1" 200 630 "-" "Mozilla/5.0 (Windows NT 10.0; Win64; x64) AppleWebKit/537.36 (KHTML, like Gecko) Chrome/114.0.0.0 Safari/537.36"
185.216.113.70 - - [23/Apr/2026:03:32:30 +0300] "POST /wp-cron.php?doing_wp_cron=1776904350.4299509525299072265625 HTTP/1.1" 200 448 "-" "WordPress/6.3.8; https://serhatburke.miroglu.net"
98.98.197.186 - - [23/Apr/2026:03:32:18 +0300] "POST /xmlrpc.php HTTP/1.1" 200 10136 "-" "Mozilla/5.0 (Windows NT 10.0; Win64; x64) AppleWebKit/537.36 (KHTML, like Gecko) Chrome/114.0.0.0 Safari/537.36"
98.98.197.186 - - [23/Apr/2026:03:32:31 +0300] "GET /fafafa-slot-review-wager-free-pokies-australia-100-percent-free-real-money-now/ HTTP/1.1" 200 71661 "-" "Mozilla/5.0 (Windows NT 10.0; Win64; x64) AppleWebKit/537.36 (KHTML, like Gecko) Chrome/122.0.0.0 Safari/537.36"
96.44.154.147 - - [23/Apr/2026:03:32:45 +0300] "POST /xmlrpc.php HTTP/1.1" 200 630 "-" "Mozilla/5.0 (Windows NT 10.0; Win64; x64) AppleWebKit/537.36 (KHTML, like Gecko) Chrome/114.0.0.0 Safari/537.36"
85.208.96.205 - - [23/Apr/2026:03:32:47 +0300] "GET /choy-sunshine-doa-position-comment-free-play-demonstration-otherwise-real-money/ HTTP/1.1" 200 21363 "-" "Mozilla/5.0 (compatible; SemrushBot/7~bl; +http://www.semrush.com/bot.html)"
185.216.113.70 - - [23/Apr/2026:03:33:16 +0300] "POST /wp-cron.php?doing_wp_cron=1776904396.7577030658721923828125 HTTP/1.1" 200 448 "-" "WordPress/6.3.8; https://serhatburke.miroglu.net"
96.44.154.147 - - [23/Apr/2026:03:33:04 +0300] "POST /xmlrpc.php HTTP/1.1" 200 10599 "-" "Mozilla/5.0 (Windows NT 10.0; Win64; x64) AppleWebKit/537.36 (KHTML, like Gecko) Chrome/114.0.0.0 Safari/537.36"
62.12.118.38 - - [23/Apr/2026:03:33:10 +0300] "POST /xmlrpc.php HTTP/1.1" 200 630 "-" "Mozilla/5.0 (Windows NT 10.0; Win64; x64) AppleWebKit/537.36 (KHTML, like Gecko) Chrome/114.0.0.0 Safari/537.36"
98.98.197.186 - - [23/Apr/2026:03:33:15 +0300] "POST /xmlrpc.php HTTP/1.1" 200 630 "-" "Mozilla/5.0 (Windows NT 10.0; Win64; x64) AppleWebKit/537.36 (KHTML, like Gecko) Chrome/114.0.0.0 Safari/537.36"
96.44.154.147 - - [23/Apr/2026:03:33:21 +0300] "GET /when-youre-every-offshore-casinos-i-encourage-was-safer-betonlines-steps-wade-a-step-subsequent/ HTTP/1.1" 200 72989 "-" "Mozilla/5.0 (Windows NT 10.0; Win64; x64) AppleWebKit/537.36 (KHTML, like Gecko) Chrome/123.0.0.0 Safari/537.36 OPR/109.0.0.0"
62.12.118.38 - - [23/Apr/2026:03:33:32 +0300] "POST /xmlrpc.php HTTP/1.1" 200 10559 "-" "Mozilla/5.0 (Windows NT 10.0; Win64; x64) AppleWebKit/537.36 (KHTML, like Gecko) Chrome/114.0.0.0 Safari/537.36"
98.98.197.186 - - [23/Apr/2026:03:33:42 +0300] "POST /xmlrpc.php HTTP/1.1" 200 9960 "-" "Mozilla/5.0 (Windows NT 10.0; Win64; x64) AppleWebKit/537.36 (KHTML, like Gecko) Chrome/114.0.0.0 Safari/537.36"
185.216.113.70 - - [23/Apr/2026:03:33:59 +0300] "POST /wp-cron.php?doing_wp_cron=1776904438.9556639194488525390625 HTTP/1.1" 200 448 "-" "WordPress/6.3.8; https://serhatburke.miroglu.net"
62.12.118.38 - - [23/Apr/2026:03:33:47 +0300] "GET /beste-verbunden-spielothek-inside-teutonia-400-sizzling-hot-online-casino-paypal-freispiele-pro-1/ HTTP/1.1" 200 72969 "-" "Mozilla/5.0 (Windows NT 10.0; Win64; x64) AppleWebKit/537.36 (KHTML, like Gecko) Chrome/122.0.0.0 Safari/537.36"
98.98.197.186 - - [23/Apr/2026:03:33:55 +0300] "GET /twist-to-online-pokies-help-you-winnings-a-newbies-help-guide-to-slot-online-game-has-and-you-will-incentives-in-the-ireland/ HTTP/1.1" 200 72562 "-" "Mozilla/5.0 (Windows NT 10.0; Win64; x64) AppleWebKit/537.36 (KHTML, like Gecko) Chrome/122.0.0.0 Safari/537.36"
165.73.242.7 - - [23/Apr/2026:03:33:57 +0300] "POST /xmlrpc.php HTTP/1.1" 200 630 "-" "Mozilla/5.0 (Windows NT 10.0; Win64; x64) AppleWebKit/537.36 (KHTML, like Gecko) Chrome/114.0.0.0 Safari/537.36"
96.44.154.147 - - [23/Apr/2026:03:34:12 +0300] "POST /xmlrpc.php HTTP/1.1" 200 630 "-" "Mozilla/5.0 (Windows NT 10.0; Win64; x64) AppleWebKit/537.36 (KHTML, like Gecko) Chrome/114.0.0.0 Safari/537.36"
98.98.197.186 - - [23/Apr/2026:03:34:19 +0300] "POST /xmlrpc.php HTTP/1.1" 200 630 "-" "Mozilla/5.0 (Windows NT 10.0; Win64; x64) AppleWebKit/537.36 (KHTML, like Gecko) Chrome/114.0.0.0 Safari/537.36"
165.73.242.7 - - [23/Apr/2026:03:34:22 +0300] "POST /xmlrpc.php HTTP/1.1" 200 10076 "-" "Mozilla/5.0 (Windows NT 10.0; Win64; x64) AppleWebKit/537.36 (KHTML, like Gecko) Chrome/114.0.0.0 Safari/537.36"
185.216.113.70 - - [23/Apr/2026:03:34:58 +0300] "POST /wp-cron.php?doing_wp_cron=1776904498.6559031009674072265625 HTTP/1.1" 200 448 "-" "WordPress/6.3.8; https://serhatburke.miroglu.net"
96.44.154.147 - - [23/Apr/2026:03:34:34 +0300] "POST /xmlrpc.php HTTP/1.1" 200 9076 "-" "Mozilla/5.0 (Windows NT 10.0; Win64; x64) AppleWebKit/537.36 (KHTML, like Gecko) Chrome/114.0.0.0 Safari/537.36"
165.73.242.7 - - [23/Apr/2026:03:34:39 +0300] "GET /da-vinci-expensive-diamonds-are-a-good-5-reel-3-range-video-slot-butterfly-hot-20-casino-and-also-by-igt/ HTTP/1.1" 200 72113 "-" "Mozilla/5.0 (Windows NT 10.0; Win64; x64) AppleWebKit/537.36 (KHTML, like Gecko) Chrome/124.0.0.0 Safari/537.36 Edg/124.0.0.0"
98.98.197.186 - - [23/Apr/2026:03:34:39 +0300] "POST /xmlrpc.php HTTP/1.1" 200 11095 "-" "Mozilla/5.0 (Windows NT 10.0; Win64; x64) AppleWebKit/537.36 (KHTML, like Gecko) Chrome/114.0.0.0 Safari/537.36"
40.77.167.17 - - [23/Apr/2026:03:34:41 +0300] "GET /keus-huidig-spins-gedurende-nederlandse-casinos-2026/ HTTP/2" 200 17871 "-" "Mozilla/5.0 AppleWebKit/537.36 (KHTML, like Gecko; compatible; bingbot/2.0; +http://www.bing.com/bingbot.htm) Chrome/116.0.1938.76 Safari/537.36"
40.77.167.17 - - [23/Apr/2026:03:34:42 +0300] "GET /casino-macchinoso-offre-in-realta-unapplicazione-dedicata-come-per-la-partita-casa-da-gioco-che-razza-di-per-quella-sportiva/ HTTP/2" 200 17416 "-" "Mozilla/5.0 AppleWebKit/537.36 (KHTML, like Gecko; compatible; bingbot/2.0; +http://www.bing.com/bingbot.htm) Chrome/116.0.1938.76 Safari/537.36"
40.77.167.78 - - [23/Apr/2026:03:34:46 +0300] "GET /how-can-i-would-an-account-within-tea-spins/ HTTP/2" 200 18322 "-" "Mozilla/5.0 AppleWebKit/537.36 (KHTML, like Gecko; compatible; bingbot/2.0; +http://www.bing.com/bingbot.htm) Chrome/116.0.1938.76 Safari/537.36"
96.44.154.147 - - [23/Apr/2026:03:35:00 +0300] "GET /when-you-have-inserted-all-of-your-pointers-double-take-a-look-at-it-to-make-sure-you-havent-generated-one-mistakes/ HTTP/1.1" 200 71778 "-" "Mozilla/5.0 (Windows NT 10.0; Win64; x64) AppleWebKit/537.36 (KHTML, like Gecko) Chrome/122.0.0.0 Safari/537.36"
98.98.197.186 - - [23/Apr/2026:03:35:17 +0300] "GET /the-fresh-80-funky-fruits-no-deposit-fantastic-five-basic-steps-popcorn-bucket-vacations-details/ HTTP/1.1" 200 72849 "-" "Mozilla/5.0 (Windows NT 10.0; Win64; x64; rv:124.0) Gecko/20100101 Firefox/124.0"
98.98.197.186 - - [23/Apr/2026:03:35:29 +0300] "POST /xmlrpc.php HTTP/1.1" 200 630 "-" "Mozilla/5.0 (Windows NT 10.0; Win64; x64) AppleWebKit/537.36 (KHTML, like Gecko) Chrome/114.0.0.0 Safari/537.36"
185.216.113.70 - - [23/Apr/2026:03:35:50 +0300] "POST /wp-cron.php?doing_wp_cron=1776904549.9832429885864257812500 HTTP/1.1" 200 448 "-" "WordPress/6.3.8; https://serhatburke.miroglu.net"
96.44.154.147 - - [23/Apr/2026:03:35:36 +0300] "POST /xmlrpc.php HTTP/1.1" 200 630 "-" "Mozilla/5.0 (Windows NT 10.0; Win64; x64) AppleWebKit/537.36 (KHTML, like Gecko) Chrome/114.0.0.0 Safari/537.36"
98.98.197.186 - - [23/Apr/2026:03:35:49 +0300] "POST /xmlrpc.php HTTP/1.1" 200 11958 "-" "Mozilla/5.0 (Windows NT 10.0; Win64; x64) AppleWebKit/537.36 (KHTML, like Gecko) Chrome/114.0.0.0 Safari/537.36"
96.44.154.147 - - [23/Apr/2026:03:35:56 +0300] "POST /xmlrpc.php HTTP/1.1" 200 10441 "-" "Mozilla/5.0 (Windows NT 10.0; Win64; x64) AppleWebKit/537.36 (KHTML, like Gecko) Chrome/114.0.0.0 Safari/537.36"
66.249.73.14 - - [23/Apr/2026:03:36:16 +0300] "GET /rollinoapp-uk-weekend-bonus-an-in-depth-review/undefined?ts=1775520000 HTTP/1.1" 200 0 "https://serhatburke.miroglu.net/rollinoapp-uk-weekend-bonus-an-in-depth-review/" "Mozilla/5.0 (Linux; Android 6.0.1; Nexus 5X Build/MMB29P) AppleWebKit/537.36 (KHTML, like Gecko) Chrome/146.0.7680.177 Mobile Safari/537.36 (compatible; Googlebot/2.1; +http://www.google.com/bot.html)"
98.98.197.186 - - [23/Apr/2026:03:36:07 +0300] "GET /big-four-discharge-time-cast-director-and-everything-casino-888-50-free-spins-else-we-realize/ HTTP/1.1" 200 74089 "-" "Mozilla/5.0 (Windows NT 10.0; Win64; x64) AppleWebKit/537.36 (KHTML, like Gecko) Chrome/122.0.0.0 Safari/537.36"
62.12.118.38 - - [23/Apr/2026:03:36:08 +0300] "POST /xmlrpc.php HTTP/1.1" 200 630 "-" "Mozilla/5.0 (Windows NT 10.0; Win64; x64) AppleWebKit/537.36 (KHTML, like Gecko) Chrome/114.0.0.0 Safari/537.36"
96.44.154.147 - - [23/Apr/2026:03:36:15 +0300] "GET /while-doing-so-members-in-the-usa-can-take-advantage-of-exact-same-big-date-detachment-options-delivering-immediate-access-on-their-earnings/ HTTP/1.1" 200 73791 "-" "Mozilla/5.0 (Windows NT 10.0; Win64; x64) AppleWebKit/537.36 (KHTML, like Gecko) Chrome/124.0.0.0 Safari/537.36"
66.249.73.14 - - [23/Apr/2026:03:36:32 +0300] "GET /rollinoapp-uk-weekend-bonus-an-in-depth-review/undefined?ts=1775520000 HTTP/1.1" 200 0 "https://serhatburke.miroglu.net/rollinoapp-uk-weekend-bonus-an-in-depth-review/" "Mozilla/5.0 (Linux; Android 6.0.1; Nexus 5X Build/MMB29P) AppleWebKit/537.36 (KHTML, like Gecko) Chrome/146.0.7680.177 Mobile Safari/537.36 (compatible; Googlebot/2.1; +http://www.google.com/bot.html)"
66.249.73.14 - - [23/Apr/2026:03:36:39 +0300] "GET /rollinoapp-uk-weekend-bonus-an-in-depth-review/undefined?ts=1775520000 HTTP/1.1" 200 0 "https://serhatburke.miroglu.net/rollinoapp-uk-weekend-bonus-an-in-depth-review/" "Mozilla/5.0 (Linux; Android 6.0.1; Nexus 5X Build/MMB29P) AppleWebKit/537.36 (KHTML, like Gecko) Chrome/146.0.7680.177 Mobile Safari/537.36 (compatible; Googlebot/2.1; +http://www.google.com/bot.html)"
185.216.113.70 - - [23/Apr/2026:03:36:51 +0300] "POST /wp-cron.php?doing_wp_cron=1776904610.9468190670013427734375 HTTP/1.1" 200 448 "-" "WordPress/6.3.8; https://serhatburke.miroglu.net"
165.73.242.7 - - [23/Apr/2026:03:36:27 +0300] "POST /xmlrpc.php HTTP/1.1" 200 630 "-" "Mozilla/5.0 (Windows NT 10.0; Win64; x64) AppleWebKit/537.36 (KHTML, like Gecko) Chrome/114.0.0.0 Safari/537.36"
62.12.118.38 - - [23/Apr/2026:03:36:34 +0300] "POST /xmlrpc.php HTTP/1.1" 200 9891 "-" "Mozilla/5.0 (Windows NT 10.0; Win64; x64) AppleWebKit/537.36 (KHTML, like Gecko) Chrome/114.0.0.0 Safari/537.36"
66.249.73.14 - - [23/Apr/2026:03:36:51 +0300] "GET /rollinoapp-uk-weekend-bonus-an-in-depth-review/undefined?ts=1775520000 HTTP/1.1" 200 0 "https://serhatburke.miroglu.net/rollinoapp-uk-weekend-bonus-an-in-depth-review/" "Mozilla/5.0 (Linux; Android 6.0.1; Nexus 5X Build/MMB29P) AppleWebKit/537.36 (KHTML, like Gecko) Chrome/146.0.7680.177 Mobile Safari/537.36 (compatible; Googlebot/2.1; +http://www.google.com/bot.html)"
98.98.197.186 - - [23/Apr/2026:03:36:37 +0300] "POST /xmlrpc.php HTTP/1.1" 200 630 "-" "Mozilla/5.0 (Windows NT 10.0; Win64; x64) AppleWebKit/537.36 (KHTML, like Gecko) Chrome/114.0.0.0 Safari/537.36"
165.73.242.7 - - [23/Apr/2026:03:36:58 +0300] "POST /xmlrpc.php HTTP/1.1" 200 9470 "-" "Mozilla/5.0 (Windows NT 10.0; Win64; x64) AppleWebKit/537.36 (KHTML, like Gecko) Chrome/114.0.0.0 Safari/537.36"
96.44.154.147 - - [23/Apr/2026:03:36:58 +0300] "POST /xmlrpc.php HTTP/1.1" 200 630 "-" "Mozilla/5.0 (Windows NT 10.0; Win64; x64) AppleWebKit/537.36 (KHTML, like Gecko) Chrome/114.0.0.0 Safari/537.36"
62.12.118.38 - - [23/Apr/2026:03:37:02 +0300] "GET /bonanza-game-25-euro-bonus-ohne-einzahlung-100-freispiele-abzuglich-einzahlung/ HTTP/1.1" 200 71991 "-" "Mozilla/5.0 (Windows NT 10.0; Win64; x64; rv:125.0) Gecko/20100101 Firefox/125.0"
98.98.197.186 - - [23/Apr/2026:03:37:11 +0300] "POST /xmlrpc.php HTTP/1.1" 200 9916 "-" "Mozilla/5.0 (Windows NT 10.0; Win64; x64) AppleWebKit/537.36 (KHTML, like Gecko) Chrome/114.0.0.0 Safari/537.36"
185.216.113.70 - - [23/Apr/2026:03:37:44 +0300] "POST /wp-cron.php?doing_wp_cron=1776904664.8746430873870849609375 HTTP/1.1" 200 448 "-" "WordPress/6.3.8; https://serhatburke.miroglu.net"
165.73.242.7 - - [23/Apr/2026:03:37:28 +0300] "GET /best-gambling-enterprise-incentives-casino-free-spins-no-deposit-no-wager-ratings/ HTTP/1.1" 200 71001 "-" "Mozilla/5.0 (Windows NT 10.0; Win64; x64; rv:124.0) Gecko/20100101 Firefox/124.0"
98.98.197.186 - - [23/Apr/2026:03:37:34 +0300] "GET /ten-finest-on-the-web-pragmatic-site-pokies-and-you-can-local-casino-web-sites-around-australia-2026/ HTTP/1.1" 200 72181 "-" "Mozilla/5.0 (Windows NT 10.0; rv:109.0) Gecko/20100101 Firefox/115.0"
96.44.154.147 - - [23/Apr/2026:03:37:35 +0300] "POST /xmlrpc.php HTTP/1.1" 200 11612 "-" "Mozilla/5.0 (Windows NT 10.0; Win64; x64) AppleWebKit/537.36 (KHTML, like Gecko) Chrome/114.0.0.0 Safari/537.36"
98.98.197.186 - - [23/Apr/2026:03:37:39 +0300] "POST /xmlrpc.php HTTP/1.1" 200 630 "-" "Mozilla/5.0 (Windows NT 10.0; Win64; x64) AppleWebKit/537.36 (KHTML, like Gecko) Chrome/114.0.0.0 Safari/537.36"
96.44.154.147 - - [23/Apr/2026:03:38:04 +0300] "POST /xmlrpc.php HTTP/1.1" 200 630 "-" "Mozilla/5.0 (Windows NT 10.0; Win64; x64) AppleWebKit/537.36 (KHTML, like Gecko) Chrome/114.0.0.0 Safari/537.36"
96.44.154.147 - - [23/Apr/2026:03:38:05 +0300] "GET /casino-bonuses-as-well-as-greeting-has-the-benefit-of-respect-benefits-and-you-will-games-particular-promotions-normally-enlarge-their-playing-journey/ HTTP/1.1" 200 75373 "-" "Mozilla/5.0 (Windows NT 10.0; Win64; x64) AppleWebKit/537.36 (KHTML, like Gecko) Chrome/123.0.0.0 Safari/537.36 OPR/109.0.0.0"
62.12.118.38 - - [23/Apr/2026:03:38:09 +0300] "POST /xmlrpc.php HTTP/1.1" 200 630 "-" "Mozilla/5.0 (Windows NT 10.0; Win64; x64) AppleWebKit/537.36 (KHTML, like Gecko) Chrome/114.0.0.0 Safari/537.36"
165.73.242.7 - - [23/Apr/2026:03:38:11 +0300] "POST /xmlrpc.php HTTP/1.1" 200 630 "-" "Mozilla/5.0 (Windows NT 10.0; Win64; x64) AppleWebKit/537.36 (KHTML, like Gecko) Chrome/114.0.0.0 Safari/537.36"
185.216.113.70 - - [23/Apr/2026:03:38:39 +0300] "POST /wp-cron.php?doing_wp_cron=1776904719.8256618976593017578125 HTTP/1.1" 200 448 "-" "WordPress/6.3.8; https://serhatburke.miroglu.net"
98.98.197.186 - - [23/Apr/2026:03:38:15 +0300] "POST /xmlrpc.php HTTP/1.1" 200 10441 "-" "Mozilla/5.0 (Windows NT 10.0; Win64; x64) AppleWebKit/537.36 (KHTML, like Gecko) Chrome/114.0.0.0 Safari/537.36"
96.44.154.147 - - [23/Apr/2026:03:38:39 +0300] "POST /xmlrpc.php HTTP/1.1" 200 10163 "-" "Mozilla/5.0 (Windows NT 10.0; Win64; x64) AppleWebKit/537.36 (KHTML, like Gecko) Chrome/114.0.0.0 Safari/537.36"
62.12.118.38 - - [23/Apr/2026:03:38:43 +0300] "POST /xmlrpc.php HTTP/1.1" 200 10915 "-" "Mozilla/5.0 (Windows NT 10.0; Win64; x64) AppleWebKit/537.36 (KHTML, like Gecko) Chrome/114.0.0.0 Safari/537.36"
98.98.197.186 - - [23/Apr/2026:03:38:42 +0300] "GET /body-weight-santa-push-gaming-trial-cobber-casino-bonus-code-no-deposit-and-you-will-slot-opinion/ HTTP/1.1" 200 72324 "-" "Mozilla/5.0 (Windows NT 10.0; Win64; x64; rv:124.0) Gecko/20100101 Firefox/124.0"
98.98.197.186 - - [23/Apr/2026:03:38:46 +0300] "POST /xmlrpc.php HTTP/1.1" 200 630 "-" "Mozilla/5.0 (Windows NT 10.0; Win64; x64) AppleWebKit/537.36 (KHTML, like Gecko) Chrome/114.0.0.0 Safari/537.36"
165.73.242.7 - - [23/Apr/2026:03:38:45 +0300] "POST /xmlrpc.php HTTP/1.1" 200 9540 "-" "Mozilla/5.0 (Windows NT 10.0; Win64; x64) AppleWebKit/537.36 (KHTML, like Gecko) Chrome/114.0.0.0 Safari/537.36"
185.216.113.70 - - [23/Apr/2026:03:39:40 +0300] "POST /wp-cron.php?doing_wp_cron=1776904780.3548209667205810546875 HTTP/1.1" 200 448 "-" "WordPress/6.3.8; https://serhatburke.miroglu.net"
96.44.154.147 - - [23/Apr/2026:03:39:12 +0300] "GET /normally-such-limitations-is-a-complete-turnoff/ HTTP/1.1" 200 70993 "-" "Mozilla/5.0 (Windows NT 10.0; Win64; x64) AppleWebKit/537.36 (KHTML, like Gecko) Chrome/123.0.0.0 Safari/537.36"
185.216.113.70 - - [23/Apr/2026:03:39:52 +0300] "POST /wp-cron.php?doing_wp_cron=1776904792.3474071025848388671875 HTTP/1.1" 200 448 "-" "WordPress/6.3.8; https://serhatburke.miroglu.net"
62.12.118.38 - - [23/Apr/2026:03:39:18 +0300] "GET /sweet-bonanza-fur-nusse-ohne-registration-zum-book-of-ra-tricks-download-besten-geben/ HTTP/1.1" 200 72924 "-" "Mozilla/5.0 (Windows NT 10.0; Win64; x64) AppleWebKit/537.36 (KHTML, like Gecko) Chrome/109.0.0.0 Safari/537.36"
185.216.113.70 - - [23/Apr/2026:03:39:58 +0300] "POST /wp-cron.php?doing_wp_cron=1776904798.6394178867340087890625 HTTP/1.1" 200 448 "-" "WordPress/6.3.8; https://serhatburke.miroglu.net"
96.44.154.147 - - [23/Apr/2026:03:39:20 +0300] "POST /xmlrpc.php HTTP/1.1" 200 630 "-" "Mozilla/5.0 (Windows NT 10.0; Win64; x64) AppleWebKit/537.36 (KHTML, like Gecko) Chrome/114.0.0.0 Safari/537.36"
185.216.113.70 - - [23/Apr/2026:03:40:00 +0300] "POST /wp-cron.php?doing_wp_cron=1776904800.6621100902557373046875 HTTP/1.1" 200 448 "-" "WordPress/6.3.8; https://serhatburke.miroglu.net"
165.73.242.7 - - [23/Apr/2026:03:39:21 +0300] "GET /immortal-love-play-jacks-or-better-double-up-slots-2-stormcraft-studios-position-remark-trial/ HTTP/1.1" 200 71302 "-" "Mozilla/5.0 (Windows NT 10.0; Win64; x64) AppleWebKit/537.36 (KHTML, like Gecko) Chrome/122.0.0.0 Safari/537.36"
185.216.113.70 - - [23/Apr/2026:03:40:11 +0300] "POST /wp-cron.php?doing_wp_cron=1776904811.4447851181030273437500 HTTP/1.1" 200 448 "-" "WordPress/6.3.8; https://serhatburke.miroglu.net"
98.98.197.186 - - [23/Apr/2026:03:39:25 +0300] "POST /xmlrpc.php HTTP/1.1" 200 10380 "-" "Mozilla/5.0 (Windows NT 10.0; Win64; x64) AppleWebKit/537.36 (KHTML, like Gecko) Chrome/114.0.0.0 Safari/537.36"
38.180.240.102 - - [23/Apr/2026:03:39:43 +0300] "POST /xmlrpc.php HTTP/2" 200 0 "-" "Mozilla/5.0 (Windows NT 10.0; Win64; x64) AppleWebKit/537.36 (KHTML, like Gecko) Chrome/119.0.0.0 Safari/537.36 Edg/119.0.0.0"
165.73.242.7 - - [23/Apr/2026:03:39:29 +0300] "POST /xmlrpc.php HTTP/1.1" 200 630 "-" "Mozilla/5.0 (Windows NT 10.0; Win64; x64) AppleWebKit/537.36 (KHTML, like Gecko) Chrome/114.0.0.0 Safari/537.36"
38.180.240.102 - - [23/Apr/2026:03:40:13 +0300] "POST /xmlrpc.php HTTP/2" 200 0 "-" "Mozilla/5.0 (Windows NT 10.0; Win64; x64) AppleWebKit/537.36 (KHTML, like Gecko) Chrome/119.0.0.0 Safari/537.36 Edg/119.0.0.0"
98.98.197.186 - - [23/Apr/2026:03:39:39 +0300] "POST /xmlrpc.php HTTP/1.1" 200 630 "-" "Mozilla/5.0 (Windows NT 10.0; Win64; x64) AppleWebKit/537.36 (KHTML, like Gecko) Chrome/114.0.0.0 Safari/537.36"
62.12.118.38 - - [23/Apr/2026:03:39:54 +0300] "POST /xmlrpc.php HTTP/1.1" 200 630 "-" "Mozilla/5.0 (Windows NT 10.0; Win64; x64) AppleWebKit/537.36 (KHTML, like Gecko) Chrome/114.0.0.0 Safari/537.36"
185.216.113.70 - - [23/Apr/2026:03:41:12 +0300] "POST /wp-cron.php?doing_wp_cron=1776904872.2546050548553466796875 HTTP/1.1" 200 448 "-" "WordPress/6.3.8; https://serhatburke.miroglu.net"
98.98.197.186 - - [23/Apr/2026:03:40:13 +0300] "GET /pounds-santa-slot-opinion-mobile-on-the-internet-force-mobile-phone-casino-gaming/ HTTP/1.1" 200 71875 "-" "Mozilla/5.0 (Windows NT 10.0; Win64; x64) AppleWebKit/537.36 (KHTML, like Gecko) Chrome/122.0.0.0 Safari/537.36"
96.44.154.147 - - [23/Apr/2026:03:40:07 +0300] "POST /xmlrpc.php HTTP/1.1" 200 10311 "-" "Mozilla/5.0 (Windows NT 10.0; Win64; x64) AppleWebKit/537.36 (KHTML, like Gecko) Chrome/114.0.0.0 Safari/537.36"
185.216.113.70 - - [23/Apr/2026:03:41:23 +0300] "POST /wp-cron.php?doing_wp_cron=1776904883.0498800277709960937500 HTTP/1.1" 200 448 "-" "WordPress/6.3.8; https://serhatburke.miroglu.net"
96.44.154.147 - - [23/Apr/2026:03:40:23 +0300] "POST /xmlrpc.php HTTP/1.1" 200 630 "-" "Mozilla/5.0 (Windows NT 10.0; Win64; x64) AppleWebKit/537.36 (KHTML, like Gecko) Chrome/114.0.0.0 Safari/537.36"
185.216.113.70 - - [23/Apr/2026:03:41:28 +0300] "POST /wp-cron.php?doing_wp_cron=1776904888.0296859741210937500000 HTTP/1.1" 200 448 "-" "WordPress/6.3.8; https://serhatburke.miroglu.net"
165.73.242.7 - - [23/Apr/2026:03:40:25 +0300] "POST /xmlrpc.php HTTP/1.1" 200 10328 "-" "Mozilla/5.0 (Windows NT 10.0; Win64; x64) AppleWebKit/537.36 (KHTML, like Gecko) Chrome/114.0.0.0 Safari/537.36"
185.216.113.70 - - [23/Apr/2026:03:41:41 +0300] "POST /wp-cron.php?doing_wp_cron=1776904901.5527999401092529296875 HTTP/1.1" 200 448 "-" "WordPress/6.3.8; https://serhatburke.miroglu.net"
165.73.242.7 - - [23/Apr/2026:03:40:49 +0300] "POST /xmlrpc.php HTTP/1.1" 200 630 "-" "Mozilla/5.0 (Windows NT 10.0; Win64; x64) AppleWebKit/537.36 (KHTML, like Gecko) Chrome/114.0.0.0 Safari/537.36"
185.216.113.70 - - [23/Apr/2026:03:41:43 +0300] "POST /wp-cron.php?doing_wp_cron=1776904903.4565761089324951171875 HTTP/1.1" 200 448 "-" "WordPress/6.3.8; https://serhatburke.miroglu.net"
185.216.113.70 - - [23/Apr/2026:03:41:43 +0300] "POST /wp-cron.php?doing_wp_cron=1776904903.2576620578765869140625 HTTP/1.1" 200 448 "-" "WordPress/6.3.8; https://serhatburke.miroglu.net"
98.98.197.186 - - [23/Apr/2026:03:40:49 +0300] "POST /xmlrpc.php HTTP/1.1" 200 10888 "-" "Mozilla/5.0 (Windows NT 10.0; Win64; x64) AppleWebKit/537.36 (KHTML, like Gecko) Chrome/114.0.0.0 Safari/537.36"
98.98.197.186 - - [23/Apr/2026:03:40:51 +0300] "POST /xmlrpc.php HTTP/1.1" 200 630 "-" "Mozilla/5.0 (Windows NT 10.0; Win64; x64) AppleWebKit/537.36 (KHTML, like Gecko) Chrome/114.0.0.0 Safari/537.36"
185.216.113.70 - - [23/Apr/2026:03:42:19 +0300] "POST /wp-cron.php?doing_wp_cron=1776904939.4438641071319580078125 HTTP/1.1" 200 448 "-" "WordPress/6.3.8; https://serhatburke.miroglu.net"
96.44.154.147 - - [23/Apr/2026:03:41:16 +0300] "GET /kahnawake-betting-commission-out-of-canada-and-you-will-gibraltar-licensing-power-as-well-as-control-reliable-overseas-platforms/ HTTP/1.1" 200 73458 "-" "Mozilla/5.0 (Windows NT 10.0; Win64; x64) AppleWebKit/537.36 (KHTML, like Gecko) Chrome/124.0.0.0 Safari/537.36"
185.216.113.70 - - [23/Apr/2026:03:42:36 +0300] "POST /wp-cron.php?doing_wp_cron=1776904956.2453529834747314453125 HTTP/1.1" 200 448 "-" "WordPress/6.3.8; https://serhatburke.miroglu.net"
165.73.242.7 - - [23/Apr/2026:03:41:30 +0300] "GET /immortal-romance-harbors-not-on-dragon-maiden-free-80-spins-gamstop-immortal-romance-additional-gamstop-2026/ HTTP/1.1" 200 72595 "-" "Mozilla/5.0 (Windows NT 10.0; Win64; x64) AppleWebKit/537.36 (KHTML, like Gecko) Chrome/123.0.0.0 Safari/537.36"
185.216.113.70 - - [23/Apr/2026:03:42:38 +0300] "POST /wp-cron.php?doing_wp_cron=1776904958.1515350341796875000000 HTTP/1.1" 200 448 "-" "WordPress/6.3.8; https://serhatburke.miroglu.net"
96.44.154.147 - - [23/Apr/2026:03:41:31 +0300] "POST /xmlrpc.php HTTP/1.1" 200 10051 "-" "Mozilla/5.0 (Windows NT 10.0; Win64; x64) AppleWebKit/537.36 (KHTML, like Gecko) Chrome/114.0.0.0 Safari/537.36"
185.216.113.70 - - [23/Apr/2026:03:43:02 +0300] "POST /wp-cron.php?doing_wp_cron=1776904982.7514090538024902343750 HTTP/1.1" 200 448 "-" "WordPress/6.3.8; https://serhatburke.miroglu.net"
98.98.197.186 - - [23/Apr/2026:03:41:45 +0300] "GET /weight-santas-16-inch-pizza-pie-challenge-w-16-50-free-spins-no-deposit-beach-toppings-inside-the-father-christmas-indiana/ HTTP/1.1" 200 73382 "-" "Mozilla/5.0 (Windows NT 10.0; rv:125.0) Gecko/20100101 Firefox/125.0"
185.216.113.70 - - [23/Apr/2026:03:43:07 +0300] "POST /wp-cron.php?doing_wp_cron=1776904987.1505239009857177734375 HTTP/1.1" 200 448 "-" "WordPress/6.3.8; https://serhatburke.miroglu.net"
96.44.154.147 - - [23/Apr/2026:03:41:52 +0300] "POST /xmlrpc.php HTTP/1.1" 200 630 "-" "Mozilla/5.0 (Windows NT 10.0; Win64; x64) AppleWebKit/537.36 (KHTML, like Gecko) Chrome/114.0.0.0 Safari/537.36"
185.216.113.70 - - [23/Apr/2026:03:43:17 +0300] "POST /wp-cron.php?doing_wp_cron=1776904997.1414709091186523437500 HTTP/1.1" 200 448 "-" "WordPress/6.3.8; https://serhatburke.miroglu.net"
98.98.197.186 - - [23/Apr/2026:03:41:50 +0300] "POST /xmlrpc.php HTTP/1.1" 200 10652 "-" "Mozilla/5.0 (Windows NT 10.0; Win64; x64) AppleWebKit/537.36 (KHTML, like Gecko) Chrome/114.0.0.0 Safari/537.36"
90.29.63.80 - - [23/Apr/2026:03:42:53 +0300] "POST /xmlrpc.php HTTP/2" 200 0 "-" "Mozilla/5.0 (Windows NT 10.0; Win64; x64) AppleWebKit/537.36 (KHTML, like Gecko) Chrome/120.0.0.0 Safari/537.36"
185.216.113.70 - - [23/Apr/2026:03:43:25 +0300] "POST /wp-cron.php?doing_wp_cron=1776905005.3822970390319824218750 HTTP/1.1" 200 448 "-" "WordPress/6.3.8; https://serhatburke.miroglu.net"
165.73.242.7 - - [23/Apr/2026:03:41:49 +0300] "POST /xmlrpc.php HTTP/1.1" 200 10353 "-" "Mozilla/5.0 (Windows NT 10.0; Win64; x64) AppleWebKit/537.36 (KHTML, like Gecko) Chrome/114.0.0.0 Safari/537.36"
98.98.197.186 - - [23/Apr/2026:03:41:54 +0300] "POST /xmlrpc.php HTTP/1.1" 200 630 "-" "Mozilla/5.0 (Windows NT 10.0; Win64; x64) AppleWebKit/537.36 (KHTML, like Gecko) Chrome/114.0.0.0 Safari/537.36"
185.216.113.70 - - [23/Apr/2026:03:43:38 +0300] "POST /wp-cron.php?doing_wp_cron=1776905017.9487969875335693359375 HTTP/1.1" 200 448 "-" "WordPress/6.3.8; https://serhatburke.miroglu.net"
185.216.113.70 - - [23/Apr/2026:03:43:40 +0300] "POST /wp-cron.php?doing_wp_cron=1776905020.6554450988769531250000 HTTP/1.1" 200 448 "-" "WordPress/6.3.8; https://serhatburke.miroglu.net"
165.73.242.7 - - [23/Apr/2026:03:42:08 +0300] "POST /xmlrpc.php HTTP/1.1" 200 630 "-" "Mozilla/5.0 (Windows NT 10.0; Win64; x64) AppleWebKit/537.36 (KHTML, like Gecko) Chrome/114.0.0.0 Safari/537.36"
86.45.214.77 - - [23/Apr/2026:03:43:24 +0300] "POST /xmlrpc.php HTTP/2" 200 0 "-" "Mozilla/5.0 (Windows NT 10.0; Win64; x64; rv:121.0) Gecko/20100101 Firefox/121.0"
185.216.113.70 - - [23/Apr/2026:03:44:25 +0300] "POST /wp-cron.php?doing_wp_cron=1776905065.2452020645141601562500 HTTP/1.1" 200 448 "-" "WordPress/6.3.8; https://serhatburke.miroglu.net"
185.216.113.70 - - [23/Apr/2026:03:44:25 +0300] "POST /wp-cron.php?doing_wp_cron=1776905065.3299579620361328125000 HTTP/1.1" 200 448 "-" "WordPress/6.3.8; https://serhatburke.miroglu.net"
98.98.9.26 - - [23/Apr/2026:03:42:50 +0300] "POST /xmlrpc.php HTTP/1.1" 200 630 "-" "Mozilla/5.0 (Windows NT 10.0; Win64; x64) AppleWebKit/537.36 (KHTML, like Gecko) Chrome/114.0.0.0 Safari/537.36"
96.44.154.147 - - [23/Apr/2026:03:42:40 +0300] "GET /ensure-the-business-label-suits-the-name-placed-in-the-latest-casinos-conditions-and-terms/ HTTP/1.1" 200 72170 "-" "Mozilla/5.0 (Windows NT 10.0; Win64; x64) AppleWebKit/537.36 (KHTML, like Gecko) Chrome/109.0.0.0 Safari/537.36"
86.82.179.187 - - [23/Apr/2026:03:44:04 +0300] "POST /xmlrpc.php HTTP/2" 200 0 "-" "Mozilla/5.0 (Macintosh; Intel Mac OS X 10_15_7) AppleWebKit/537.36 (KHTML, like Gecko) Chrome/120.0.0.0 Safari/537.36"
185.216.113.70 - - [23/Apr/2026:03:44:45 +0300] "POST /wp-cron.php?doing_wp_cron=1776905085.7302129268646240234375 HTTP/1.1" 200 448 "-" "WordPress/6.3.8; https://serhatburke.miroglu.net"
98.98.197.186 - - [23/Apr/2026:03:42:50 +0300] "POST /xmlrpc.php HTTP/1.1" 200 630 "-" "Mozilla/5.0 (Windows NT 10.0; Win64; x64) AppleWebKit/537.36 (KHTML, like Gecko) Chrome/114.0.0.0 Safari/537.36"
96.44.154.147 - - [23/Apr/2026:03:43:14 +0300] "POST /xmlrpc.php HTTP/1.1" 200 9768 "-" "Mozilla/5.0 (Windows NT 10.0; Win64; x64) AppleWebKit/537.36 (KHTML, like Gecko) Chrome/114.0.0.0 Safari/537.36"
78.130.251.177 - - [23/Apr/2026:03:44:34 +0300] "POST /xmlrpc.php HTTP/2" 200 0 "-" "Mozilla/5.0 (Windows NT 10.0; Win64; x64; rv:121.0) Gecko/20100101 Firefox/121.0"
185.216.113.70 - - [23/Apr/2026:03:44:58 +0300] "POST /wp-cron.php?doing_wp_cron=1776905098.7459731101989746093750 HTTP/1.1" 200 448 "-" "WordPress/6.3.8; https://serhatburke.miroglu.net"
96.44.154.147 - - [23/Apr/2026:03:43:09 +0300] "POST /xmlrpc.php HTTP/1.1" 500 745 "-" "Mozilla/5.0 (Windows NT 10.0; Win64; x64) AppleWebKit/537.36 (KHTML, like Gecko) Chrome/114.0.0.0 Safari/537.36"
98.98.197.186 - - [23/Apr/2026:03:43:19 +0300] "GET /today-let-you-know-for-the-nbc-casino-pharaohs-fortune-website-visitors-weekly-episode-plan-2026/ HTTP/1.1" 500 745 "-" "Mozilla/5.0 (Windows NT 10.0; Win64; x64) AppleWebKit/537.36 (KHTML, like Gecko) Chrome/123.0.0.0 Safari/537.36"
185.216.113.70 - - [23/Apr/2026:03:45:22 +0300] "POST /wp-cron.php?doing_wp_cron=1776905121.6444449424743652343750 HTTP/1.1" 200 448 "-" "WordPress/6.3.8; https://serhatburke.miroglu.net"
165.73.242.7 - - [23/Apr/2026:03:43:27 +0300] "GET /immortal-relationship-slot-is-reel-circus-slot-sites-a-good-killer-dream-slot/ HTTP/1.1" 500 745 "-" "Mozilla/5.0 (Windows NT 10.0; Win64; x64) AppleWebKit/537.36 (KHTML, like Gecko) Chrome/109.0.0.0 Safari/537.36"
165.73.242.7 - - [23/Apr/2026:03:43:33 +0300] "POST /xmlrpc.php HTTP/1.1" 500 745 "-" "Mozilla/5.0 (Windows NT 10.0; Win64; x64) AppleWebKit/537.36 (KHTML, like Gecko) Chrome/114.0.0.0 Safari/537.36"
98.98.197.186 - - [23/Apr/2026:03:43:34 +0300] "POST /xmlrpc.php HTTP/1.1" 500 745 "-" "Mozilla/5.0 (Windows NT 10.0; Win64; x64) AppleWebKit/537.36 (KHTML, like Gecko) Chrome/114.0.0.0 Safari/537.36"
185.216.113.70 - - [23/Apr/2026:03:45:37 +0300] "POST /wp-cron.php?doing_wp_cron=1776905136.8468561172485351562500 HTTP/1.1" 200 448 "-" "WordPress/6.3.8; https://serhatburke.miroglu.net"
165.73.242.7 - - [23/Apr/2026:03:43:47 +0300] "POST /xmlrpc.php HTTP/1.1" 500 745 "-" "Mozilla/5.0 (Windows NT 10.0; Win64; x64) AppleWebKit/537.36 (KHTML, like Gecko) Chrome/114.0.0.0 Safari/537.36"
98.98.197.186 - - [23/Apr/2026:03:43:53 +0300] "POST /xmlrpc.php HTTP/1.1" 500 745 "-" "Mozilla/5.0 (Windows NT 10.0; Win64; x64) AppleWebKit/537.36 (KHTML, like Gecko) Chrome/114.0.0.0 Safari/537.36"
185.216.113.70 - - [23/Apr/2026:03:45:44 +0300] "POST /wp-cron.php?doing_wp_cron=1776905143.8704030513763427734375 HTTP/1.1" 200 448 "-" "WordPress/6.3.8; https://serhatburke.miroglu.net"
96.44.154.147 - - [23/Apr/2026:03:44:21 +0300] "POST /xmlrpc.php HTTP/1.1" 500 745 "-" "Mozilla/5.0 (Windows NT 10.0; Win64; x64) AppleWebKit/537.36 (KHTML, like Gecko) Chrome/114.0.0.0 Safari/537.36"
96.44.154.147 - - [23/Apr/2026:03:44:21 +0300] "POST /xmlrpc.php HTTP/1.1" 500 745 "-" "Mozilla/5.0 (Windows NT 10.0; Win64; x64) AppleWebKit/537.36 (KHTML, like Gecko) Chrome/114.0.0.0 Safari/537.36"
47.128.51.199 - - [23/Apr/2026:03:46:08 +0300] "GET /robots.txt HTTP/1.1" 200 0 "-" "Mozilla/5.0 (Linux; Android 5.0) AppleWebKit/537.36 (KHTML, like Gecko) Mobile Safari/537.36 (compatible; Bytespider; spider-feedback@bytedance.com)"
47.128.51.164 - - [23/Apr/2026:03:45:26 +0300] "GET /gratis-spins-gedurende-casino-shadow-of-the-panthe-nederlands-casinos-februari-2026/ HTTP/2" 200 0 "-" "Mozilla/5.0 (Linux; Android 5.0) AppleWebKit/537.36 (KHTML, like Gecko) Mobile Safari/537.36 (compatible; Bytespider; spider-feedback@bytedance.com)"
98.98.197.186 - - [23/Apr/2026:03:44:30 +0300] "POST /xmlrpc.php HTTP/1.1" 500 745 "-" "Mozilla/5.0 (Windows NT 10.0; Win64; x64) AppleWebKit/537.36 (KHTML, like Gecko) Chrome/114.0.0.0 Safari/537.36"
98.98.9.26 - - [23/Apr/2026:03:44:33 +0300] "POST /xmlrpc.php HTTP/1.1" 500 745 "-" "Mozilla/5.0 (Windows NT 10.0; Win64; x64) AppleWebKit/537.36 (KHTML, like Gecko) Chrome/114.0.0.0 Safari/537.36"
165.73.242.7 - - [23/Apr/2026:03:44:40 +0300] "POST /xmlrpc.php HTTP/1.1" 500 745 "-" "Mozilla/5.0 (Windows NT 10.0; Win64; x64) AppleWebKit/537.36 (KHTML, like Gecko) Chrome/114.0.0.0 Safari/537.36"
96.44.154.147 - - [23/Apr/2026:03:44:47 +0300] "POST /xmlrpc.php HTTP/1.1" 500 745 "-" "Mozilla/5.0 (Windows NT 10.0; Win64; x64) AppleWebKit/537.36 (KHTML, like Gecko) Chrome/114.0.0.0 Safari/537.36"
98.98.197.186 - - [23/Apr/2026:03:44:50 +0300] "POST /xmlrpc.php HTTP/1.1" 500 745 "-" "Mozilla/5.0 (Windows NT 10.0; Win64; x64) AppleWebKit/537.36 (KHTML, like Gecko) Chrome/114.0.0.0 Safari/537.36"
98.98.197.186 - - [23/Apr/2026:03:44:58 +0300] "POST /xmlrpc.php HTTP/1.1" 500 745 "-" "Mozilla/5.0 (Windows NT 10.0; Win64; x64) AppleWebKit/537.36 (KHTML, like Gecko) Chrome/114.0.0.0 Safari/537.36"
96.44.154.147 - - [23/Apr/2026:03:45:00 +0300] "POST /xmlrpc.php HTTP/1.1" 500 745 "-" "Mozilla/5.0 (Windows NT 10.0; Win64; x64) AppleWebKit/537.36 (KHTML, like Gecko) Chrome/114.0.0.0 Safari/537.36"
165.73.242.7 - - [23/Apr/2026:03:45:07 +0300] "POST /xmlrpc.php HTTP/1.1" 500 745 "-" "Mozilla/5.0 (Windows NT 10.0; Win64; x64) AppleWebKit/537.36 (KHTML, like Gecko) Chrome/114.0.0.0 Safari/537.36"
98.98.9.26 - - [23/Apr/2026:03:45:08 +0300] "POST /xmlrpc.php HTTP/1.1" 500 745 "-" "Mozilla/5.0 (Windows NT 10.0; Win64; x64) AppleWebKit/537.36 (KHTML, like Gecko) Chrome/114.0.0.0 Safari/537.36"
31.144.181.122 - - [23/Apr/2026:03:46:43 +0300] "POST /xmlrpc.php HTTP/2" 200 0 "-" "Mozilla/5.0 (compatible; MSIE 9.0; Windows NT 6.2; Trident/4.1)"
165.73.242.7 - - [23/Apr/2026:03:45:13 +0300] "POST /xmlrpc.php HTTP/1.1" 500 745 "-" "Mozilla/5.0 (Windows NT 10.0; Win64; x64) AppleWebKit/537.36 (KHTML, like Gecko) Chrome/114.0.0.0 Safari/537.36"
96.44.154.147 - - [23/Apr/2026:03:45:15 +0300] "POST /xmlrpc.php HTTP/1.1" 500 745 "-" "Mozilla/5.0 (Windows NT 10.0; Win64; x64) AppleWebKit/537.36 (KHTML, like Gecko) Chrome/114.0.0.0 Safari/537.36"
98.98.197.186 - - [23/Apr/2026:03:45:19 +0300] "POST /xmlrpc.php HTTP/1.1" 500 745 "-" "Mozilla/5.0 (Windows NT 10.0; Win64; x64) AppleWebKit/537.36 (KHTML, like Gecko) Chrome/114.0.0.0 Safari/537.36"
165.73.242.7 - - [23/Apr/2026:03:45:33 +0300] "POST /xmlrpc.php HTTP/1.1" 500 745 "-" "Mozilla/5.0 (Windows NT 10.0; Win64; x64) AppleWebKit/537.36 (KHTML, like Gecko) Chrome/114.0.0.0 Safari/537.36"
98.98.197.186 - - [23/Apr/2026:03:45:33 +0300] "POST /xmlrpc.php HTTP/1.1" 500 745 "-" "Mozilla/5.0 (Windows NT 10.0; Win64; x64) AppleWebKit/537.36 (KHTML, like Gecko) Chrome/114.0.0.0 Safari/537.36"
185.216.113.70 - - [23/Apr/2026:03:47:44 +0300] "POST /wp-cron.php?doing_wp_cron=1776905264.1430189609527587890625 HTTP/1.1" 200 448 "-" "WordPress/6.3.8; https://serhatburke.miroglu.net"
98.98.197.186 - - [23/Apr/2026:03:45:50 +0300] "POST /xmlrpc.php HTTP/1.1" 500 745 "-" "Mozilla/5.0 (Windows NT 10.0; Win64; x64) AppleWebKit/537.36 (KHTML, like Gecko) Chrome/114.0.0.0 Safari/537.36"
165.73.242.7 - - [23/Apr/2026:03:45:56 +0300] "POST /xmlrpc.php HTTP/1.1" 500 745 "-" "Mozilla/5.0 (Windows NT 10.0; Win64; x64) AppleWebKit/537.36 (KHTML, like Gecko) Chrome/114.0.0.0 Safari/537.36"
96.44.154.147 - - [23/Apr/2026:03:45:59 +0300] "POST /xmlrpc.php HTTP/1.1" 500 745 "-" "Mozilla/5.0 (Windows NT 10.0; Win64; x64) AppleWebKit/537.36 (KHTML, like Gecko) Chrome/114.0.0.0 Safari/537.36"
185.216.113.70 - - [23/Apr/2026:03:48:08 +0300] "POST /wp-cron.php?doing_wp_cron=1776905288.4494979381561279296875 HTTP/1.1" 200 448 "-" "WordPress/6.3.8; https://serhatburke.miroglu.net"
98.98.197.186 - - [23/Apr/2026:03:46:16 +0300] "POST /xmlrpc.php HTTP/1.1" 500 745 "-" "Mozilla/5.0 (Windows NT 10.0; Win64; x64) AppleWebKit/537.36 (KHTML, like Gecko) Chrome/114.0.0.0 Safari/537.36"
98.98.9.26 - - [23/Apr/2026:03:46:18 +0300] "POST /xmlrpc.php HTTP/1.1" 500 745 "-" "Mozilla/5.0 (Windows NT 10.0; Win64; x64) AppleWebKit/537.36 (KHTML, like Gecko) Chrome/114.0.0.0 Safari/537.36"
165.73.242.7 - - [23/Apr/2026:03:46:20 +0300] "POST /xmlrpc.php HTTP/1.1" 500 745 "-" "Mozilla/5.0 (Windows NT 10.0; Win64; x64) AppleWebKit/537.36 (KHTML, like Gecko) Chrome/114.0.0.0 Safari/537.36"
185.216.113.70 - - [23/Apr/2026:03:48:24 +0300] "POST /wp-cron.php?doing_wp_cron=1776905303.9331319332122802734375 HTTP/1.1" 200 448 "-" "WordPress/6.3.8; https://serhatburke.miroglu.net"
96.44.154.147 - - [23/Apr/2026:03:46:40 +0300] "GET /?p=128949 HTTP/1.1" 301 719 "-" "Mozilla/5.0 (Windows NT 10.0; Win64; x64; rv:124.0) Gecko/20100101 Firefox/124.0"
98.98.197.186 - - [23/Apr/2026:03:46:30 +0300] "POST /xmlrpc.php HTTP/1.1" 500 745 "-" "Mozilla/5.0 (Windows NT 10.0; Win64; x64) AppleWebKit/537.36 (KHTML, like Gecko) Chrome/114.0.0.0 Safari/537.36"
185.216.113.70 - - [23/Apr/2026:03:48:38 +0300] "POST /wp-cron.php?doing_wp_cron=1776905318.2420959472656250000000 HTTP/1.1" 200 448 "-" "WordPress/6.3.8; https://serhatburke.miroglu.net"
98.98.197.186 - - [23/Apr/2026:03:47:04 +0300] "POST /xmlrpc.php HTTP/1.1" 200 9698 "-" "Mozilla/5.0 (Windows NT 10.0; Win64; x64) AppleWebKit/537.36 (KHTML, like Gecko) Chrome/114.0.0.0 Safari/537.36"
185.216.113.70 - - [23/Apr/2026:03:48:40 +0300] "POST /wp-cron.php?doing_wp_cron=1776905320.1299738883972167968750 HTTP/1.1" 200 448 "-" "WordPress/6.3.8; https://serhatburke.miroglu.net"
98.98.9.26 - - [23/Apr/2026:03:46:46 +0300] "POST /xmlrpc.php HTTP/1.1" 500 745 "-" "Mozilla/5.0 (Windows NT 10.0; Win64; x64) AppleWebKit/537.36 (KHTML, like Gecko) Chrome/114.0.0.0 Safari/537.36"
185.216.113.70 - - [23/Apr/2026:03:48:55 +0300] "POST /wp-cron.php?doing_wp_cron=1776905334.8496201038360595703125 HTTP/1.1" 200 448 "-" "WordPress/6.3.8; https://serhatburke.miroglu.net"
96.44.154.147 - - [23/Apr/2026:03:46:55 +0300] "POST /xmlrpc.php HTTP/1.1" 500 1102 "-" "Mozilla/5.0 (Windows NT 10.0; Win64; x64) AppleWebKit/537.36 (KHTML, like Gecko) Chrome/114.0.0.0 Safari/537.36"
185.216.113.70 - - [23/Apr/2026:03:48:58 +0300] "POST /wp-cron.php?doing_wp_cron=1776905338.6554191112518310546875 HTTP/1.1" 200 448 "-" "WordPress/6.3.8; https://serhatburke.miroglu.net"
98.98.9.26 - - [23/Apr/2026:03:47:15 +0300] "POST /xmlrpc.php HTTP/1.1" 200 630 "-" "Mozilla/5.0 (Windows NT 10.0; Win64; x64) AppleWebKit/537.36 (KHTML, like Gecko) Chrome/114.0.0.0 Safari/537.36"
165.73.242.7 - - [23/Apr/2026:03:47:13 +0300] "GET /?p=128953 HTTP/1.1" 500 745 "-" "Mozilla/5.0 (Windows NT 10.0; Win64; x64) AppleWebKit/537.36 (KHTML, like Gecko) Chrome/124.0.0.0 Safari/537.36 Edg/124.0.0.0"
185.216.113.70 - - [23/Apr/2026:03:49:18 +0300] "POST /wp-cron.php?doing_wp_cron=1776905358.6300210952758789062500 HTTP/1.1" 200 448 "-" "WordPress/6.3.8; https://serhatburke.miroglu.net"
165.73.242.7 - - [23/Apr/2026:03:47:36 +0300] "POST /xmlrpc.php HTTP/1.1" 500 1102 "-" "Mozilla/5.0 (Windows NT 10.0; Win64; x64) AppleWebKit/537.36 (KHTML, like Gecko) Chrome/114.0.0.0 Safari/537.36"
57.128.22.95 - - [23/Apr/2026:03:48:28 +0300] "GET /35849-2/ HTTP/1.1" 200 0 "-" "Mozilla/5.0 (compatible; Googlebot/2.1; +http://www.google.com/bot.html)"
185.216.113.70 - - [23/Apr/2026:03:49:38 +0300] "POST /wp-cron.php?doing_wp_cron=1776905378.2353029251098632812500 HTTP/1.1" 200 448 "-" "WordPress/6.3.8; https://serhatburke.miroglu.net"
98.98.197.186 - - [23/Apr/2026:03:48:01 +0300] "POST /xmlrpc.php HTTP/1.1" 200 10975 "-" "Mozilla/5.0 (Windows NT 10.0; Win64; x64) AppleWebKit/537.36 (KHTML, like Gecko) Chrome/114.0.0.0 Safari/537.36"
185.216.113.70 - - [23/Apr/2026:03:49:45 +0300] "POST /wp-cron.php?doing_wp_cron=1776905384.8492379188537597656250 HTTP/1.1" 200 448 "-" "WordPress/6.3.8; https://serhatburke.miroglu.net"
96.44.154.147 - - [23/Apr/2026:03:48:20 +0300] "POST /xmlrpc.php HTTP/1.1" 200 627 "-" "Mozilla/5.0 (Windows NT 10.0; Win64; x64) AppleWebKit/537.36 (KHTML, like Gecko) Chrome/114.0.0.0 Safari/537.36"
