185.216.113.70 - - [22/Apr/2026:22:27:58 +0300] "POST /wp-cron.php?doing_wp_cron=1776886078.1109359264373779296875 HTTP/1.1" 200 448 "-" "WordPress/6.3.8; https://serhatburke.miroglu.net"
40.77.167.156 - - [22/Apr/2026:22:27:45 +0300] "GET /kraken-bezopasnye-sposoby-vkhoda-v-darknet-2026-3/ HTTP/2" 200 17982 "-" "Mozilla/5.0 AppleWebKit/537.36 (KHTML, like Gecko; compatible; bingbot/2.0; +http://www.bing.com/bingbot.htm) Chrome/116.0.1938.76 Safari/537.36"
40.77.167.67 - - [22/Apr/2026:22:27:50 +0300] "GET /embrace-the-future-of-trading-with-raydium-exchange/ HTTP/2" 200 16844 "-" "Mozilla/5.0 AppleWebKit/537.36 (KHTML, like Gecko; compatible; bingbot/2.0; +http://www.bing.com/bingbot.htm) Chrome/116.0.1938.76 Safari/537.36"
40.77.167.156 - - [22/Apr/2026:22:28:13 +0300] "GET /enhancing-trading-success-with-dexscreener-tools/ HTTP/2" 200 16966 "-" "Mozilla/5.0 AppleWebKit/537.36 (KHTML, like Gecko; compatible; bingbot/2.0; +http://www.bing.com/bingbot.htm) Chrome/116.0.1938.76 Safari/537.36"
185.216.113.70 - - [22/Apr/2026:22:29:05 +0300] "POST /wp-cron.php?doing_wp_cron=1776886145.6074988842010498046875 HTTP/1.1" 200 448 "-" "WordPress/6.3.8; https://serhatburke.miroglu.net"
103.219.169.227 - - [22/Apr/2026:22:28:53 +0300] "POST /xmlrpc.php HTTP/1.1" 200 630 "-" "Mozilla/5.0 (Windows NT 10.0; Win64; x64) AppleWebKit/537.36 (KHTML, like Gecko) Chrome/114.0.0.0 Safari/537.36"
103.219.169.227 - - [22/Apr/2026:22:29:12 +0300] "POST /xmlrpc.php HTTP/1.1" 200 10691 "-" "Mozilla/5.0 (Windows NT 10.0; Win64; x64) AppleWebKit/537.36 (KHTML, like Gecko) Chrome/114.0.0.0 Safari/537.36"
185.216.113.70 - - [22/Apr/2026:22:29:39 +0300] "POST /wp-cron.php?doing_wp_cron=1776886179.1975600719451904296875 HTTP/1.1" 200 448 "-" "WordPress/6.3.8; https://serhatburke.miroglu.net"
103.219.169.227 - - [22/Apr/2026:22:29:26 +0300] "GET /beste-angeschlossen-casinos-2026-220-geprufte-casinos-im-book-of-dead-jackpot-slot-vergleich/ HTTP/1.1" 200 73071 "-" "Mozilla/5.0 (Windows NT 10.0; Win64; x64; rv:124.0) Gecko/20100101 Firefox/124.0"
185.216.113.70 - - [22/Apr/2026:22:34:24 +0300] "POST /wp-cron.php?doing_wp_cron=1776886464.4848248958587646484375 HTTP/1.1" 200 448 "-" "WordPress/6.3.8; https://serhatburke.miroglu.net"
103.219.169.227 - - [22/Apr/2026:22:34:11 +0300] "POST /xmlrpc.php HTTP/1.1" 200 630 "-" "Mozilla/5.0 (Windows NT 10.0; Win64; x64) AppleWebKit/537.36 (KHTML, like Gecko) Chrome/114.0.0.0 Safari/537.36"
103.219.169.227 - - [22/Apr/2026:22:34:31 +0300] "POST /xmlrpc.php HTTP/1.1" 200 12079 "-" "Mozilla/5.0 (Windows NT 10.0; Win64; x64) AppleWebKit/537.36 (KHTML, like Gecko) Chrome/114.0.0.0 Safari/537.36"
65.109.104.153 - - [22/Apr/2026:22:34:35 +0300] "GET /beste-casino-site-belgie-hoge-inzet/ HTTP/1.1" 200 18588 "https://serhatburke.miroglu.net/" "Mozilla/5.0 (X11; Linux x86_64) AppleWebKit/537.36 (KHTML, like Gecko) Chrome/114.0.0.0 Safari/537.36 OPR/89.0.4447.51"
185.216.113.70 - - [22/Apr/2026:22:34:58 +0300] "POST /wp-cron.php?doing_wp_cron=1776886498.2354950904846191406250 HTTP/1.1" 200 448 "-" "WordPress/6.3.8; https://serhatburke.miroglu.net"
103.219.169.227 - - [22/Apr/2026:22:34:46 +0300] "GET /neue-erreichbar-spielen-sie-online-slots-echtes-geld-casinos-monat-des-fruhlingsbeginns-2026/ HTTP/1.1" 200 73983 "-" "Mozilla/5.0 (Windows NT 10.0; Win64; x64) AppleWebKit/537.36 (KHTML, like Gecko) Chrome/124.0.0.0 Safari/537.36 Edg/124.0.0.0"
65.109.104.153 - - [22/Apr/2026:22:34:50 +0300] "GET /wp-login.php?action=register HTTP/1.1" 302 702 "https://serhatburke.miroglu.net/beste-casino-site-belgie-hoge-inzet/" "Mozilla/5.0 (Windows NT 6.3; Win64; x64) AppleWebKit/537.36 (KHTML, like Gecko) Chrome/103.0.0.0 Safari/537.36"
65.109.104.153 - - [22/Apr/2026:22:35:03 +0300] "GET /wp-login.php?registration=disabled HTTP/1.1" 200 3805 "https://serhatburke.miroglu.net/wp-login.php?action=register" "Mozilla/5.0 (Windows NT 6.3; Win64; x64) AppleWebKit/537.36 (KHTML, like Gecko) Chrome/103.0.0.0 Safari/537.36"
185.216.113.70 - - [22/Apr/2026:22:36:32 +0300] "POST /wp-cron.php?doing_wp_cron=1776886592.1139318943023681640625 HTTP/1.1" 200 448 "-" "WordPress/6.3.8; https://serhatburke.miroglu.net"
158.69.22.136 - - [22/Apr/2026:22:36:19 +0300] "GET /casino-online-skrill-prelievo-veloce/ HTTP/1.1" 200 18145 "-" "Mozilla/5.0 (compatible; Googlebot/2.1; +http://www.google.com/bot.html)"
185.216.113.70 - - [22/Apr/2026:22:40:55 +0300] "POST /wp-cron.php?doing_wp_cron=1776886855.3113141059875488281250 HTTP/1.1" 200 448 "-" "WordPress/6.3.8; https://serhatburke.miroglu.net"
103.219.169.227 - - [22/Apr/2026:22:40:26 +0300] "POST /xmlrpc.php HTTP/1.1" 200 630 "-" "Mozilla/5.0 (Windows NT 10.0; Win64; x64) AppleWebKit/537.36 (KHTML, like Gecko) Chrome/114.0.0.0 Safari/537.36"
103.219.169.227 - - [22/Apr/2026:22:41:02 +0300] "POST /xmlrpc.php HTTP/1.1" 200 10844 "-" "Mozilla/5.0 (Windows NT 10.0; Win64; x64) AppleWebKit/537.36 (KHTML, like Gecko) Chrome/114.0.0.0 Safari/537.36"
103.219.169.227 - - [22/Apr/2026:22:41:18 +0300] "GET /bestes-online-kasino-echtgeld-2026-spiele-casino-leon-login-uber-echtem-piepen/ HTTP/1.1" 200 73016 "-" "Mozilla/5.0 (Windows NT 10.0; Win64; x64; rv:124.0) Gecko/20100101 Firefox/124.0"
66.249.73.14 - - [22/Apr/2026:22:42:18 +0300] "GET /rollinoapp-uk-weekend-bonus-an-in-depth-review/undefined?ts=1775520000 HTTP/1.1" 200 0 "https://serhatburke.miroglu.net/rollinoapp-uk-weekend-bonus-an-in-depth-review/" "Mozilla/5.0 (Linux; Android 6.0.1; Nexus 5X Build/MMB29P) AppleWebKit/537.36 (KHTML, like Gecko) Chrome/146.0.7680.177 Mobile Safari/537.36 (compatible; Googlebot/2.1; +http://www.google.com/bot.html)"
185.216.113.70 - - [22/Apr/2026:22:43:44 +0300] "POST /wp-cron.php?doing_wp_cron=1776887024.5700490474700927734375 HTTP/1.1" 200 448 "-" "WordPress/6.3.8; https://serhatburke.miroglu.net"
94.59.159.21 - - [22/Apr/2026:22:43:31 +0300] "POST /xmlrpc.php HTTP/2" 200 140 "-" "WordPress/XMLRPC Client"
94.59.159.21 - - [22/Apr/2026:22:43:45 +0300] "GET /?p=128195 HTTP/2" 301 0 "-" "Mozilla/5.0 (Windows NT 10.0; Win64; x64) AppleWebKit/537.36 (KHTML, like Gecko) Chrome/120.0.0.0 Safari/537.36"
185.216.113.70 - - [22/Apr/2026:22:45:41 +0300] "POST /wp-cron.php?doing_wp_cron=1776887141.8380808830261230468750 HTTP/1.1" 200 448 "-" "WordPress/6.3.8; https://serhatburke.miroglu.net"
103.219.169.227 - - [22/Apr/2026:22:45:28 +0300] "POST /xmlrpc.php HTTP/1.1" 200 630 "-" "Mozilla/5.0 (Windows NT 10.0; Win64; x64) AppleWebKit/537.36 (KHTML, like Gecko) Chrome/114.0.0.0 Safari/537.36"
103.219.169.227 - - [22/Apr/2026:22:45:49 +0300] "POST /xmlrpc.php HTTP/1.1" 200 12041 "-" "Mozilla/5.0 (Windows NT 10.0; Win64; x64) AppleWebKit/537.36 (KHTML, like Gecko) Chrome/114.0.0.0 Safari/537.36"
103.219.169.227 - - [22/Apr/2026:22:46:03 +0300] "GET /windows-ist-und-bleibt-keineswegs-rundum-wafer-empfiehlt-jenes-fantastic-four-casinos-nachrust-kompilation/ HTTP/1.1" 200 74884 "-" "Mozilla/5.0 (Windows NT 10.0; rv:125.0) Gecko/20100101 Firefox/125.0"
158.69.22.136 - - [22/Apr/2026:22:46:18 +0300] "GET /casino-online-skrill-prelievo-veloce/ HTTP/1.1" 200 18145 "-" "Mozilla/5.0 (compatible; Googlebot/2.1; +http://www.google.com/bot.html)"
185.216.113.70 - - [22/Apr/2026:22:47:58 +0300] "POST /wp-cron.php?doing_wp_cron=1776887278.7316589355468750000000 HTTP/1.1" 200 448 "-" "WordPress/6.3.8; https://serhatburke.miroglu.net"
40.77.167.131 - - [22/Apr/2026:22:47:45 +0300] "GET /kraken-bezopasnyi-dostup-k-onion-ssylkam-2026-42/ HTTP/2" 200 18022 "-" "Mozilla/5.0 AppleWebKit/537.36 (KHTML, like Gecko; compatible; bingbot/2.0; +http://www.bing.com/bingbot.htm) Chrome/116.0.1938.76 Safari/537.36"
66.249.73.14 - - [22/Apr/2026:22:48:00 +0300] "GET /rollinoapp-uk-weekend-bonus-an-in-depth-review/undefined?ts=1775520000 HTTP/1.1" 200 0 "https://serhatburke.miroglu.net/rollinoapp-uk-weekend-bonus-an-in-depth-review/" "Mozilla/5.0 (Linux; Android 6.0.1; Nexus 5X Build/MMB29P) AppleWebKit/537.36 (KHTML, like Gecko) Chrome/146.0.7680.177 Mobile Safari/537.36 (compatible; Googlebot/2.1; +http://www.google.com/bot.html)"
185.216.113.70 - - [22/Apr/2026:22:50:28 +0300] "POST /wp-cron.php?doing_wp_cron=1776887428.5854721069335937500000 HTTP/1.1" 200 448 "-" "WordPress/6.3.8; https://serhatburke.miroglu.net"
98.98.197.180 - - [22/Apr/2026:22:50:15 +0300] "POST /xmlrpc.php HTTP/1.1" 200 630 "-" "Mozilla/5.0 (Windows NT 10.0; Win64; x64) AppleWebKit/537.36 (KHTML, like Gecko) Chrome/114.0.0.0 Safari/537.36"
98.98.197.180 - - [22/Apr/2026:22:50:34 +0300] "POST /xmlrpc.php HTTP/1.1" 200 10851 "-" "Mozilla/5.0 (Windows NT 10.0; Win64; x64) AppleWebKit/537.36 (KHTML, like Gecko) Chrome/114.0.0.0 Safari/537.36"
98.98.197.180 - - [22/Apr/2026:22:50:48 +0300] "GET /pacanele-sizzling-hot-geab/ HTTP/1.1" 200 71262 "-" "Mozilla/5.0 (Windows NT 10.0; Win64; x64) AppleWebKit/537.36 (KHTML, like Gecko) Chrome/109.0.0.0 Safari/537.36"
103.219.169.227 - - [22/Apr/2026:22:50:57 +0300] "POST /xmlrpc.php HTTP/1.1" 200 630 "-" "Mozilla/5.0 (Windows NT 10.0; Win64; x64) AppleWebKit/537.36 (KHTML, like Gecko) Chrome/114.0.0.0 Safari/537.36"
185.216.113.70 - - [22/Apr/2026:22:51:30 +0300] "POST /wp-cron.php?doing_wp_cron=1776887490.9470469951629638671875 HTTP/1.1" 200 448 "-" "WordPress/6.3.8; https://serhatburke.miroglu.net"
103.219.169.227 - - [22/Apr/2026:22:51:17 +0300] "POST /xmlrpc.php HTTP/1.1" 200 12104 "-" "Mozilla/5.0 (Windows NT 10.0; Win64; x64) AppleWebKit/537.36 (KHTML, like Gecko) Chrome/114.0.0.0 Safari/537.36"
185.216.113.70 - - [22/Apr/2026:22:51:32 +0300] "POST /wp-cron.php?doing_wp_cron=1776887492.3304760456085205078125 HTTP/1.1" 200 448 "-" "WordPress/6.3.8; https://serhatburke.miroglu.net"
98.98.9.30 - - [22/Apr/2026:22:51:19 +0300] "POST /xmlrpc.php HTTP/1.1" 200 630 "-" "Mozilla/5.0 (Windows NT 10.0; Win64; x64) AppleWebKit/537.36 (KHTML, like Gecko) Chrome/114.0.0.0 Safari/537.36"
40.77.167.243 - - [22/Apr/2026:22:51:34 +0300] "GET /southern-bombastic-casino-slots-park/ HTTP/2" 200 17597 "-" "Mozilla/5.0 AppleWebKit/537.36 (KHTML, like Gecko; compatible; bingbot/2.0; +http://www.bing.com/bingbot.htm) Chrome/116.0.1938.76 Safari/537.36"
98.98.9.30 - - [22/Apr/2026:22:51:39 +0300] "POST /xmlrpc.php HTTP/1.1" 200 12080 "-" "Mozilla/5.0 (Windows NT 10.0; Win64; x64) AppleWebKit/537.36 (KHTML, like Gecko) Chrome/114.0.0.0 Safari/537.36"
40.77.167.40 - - [22/Apr/2026:22:51:38 +0300] "GET /casino-tillsammans-rapp-uttag-verde-casino-sverige-2026-trustly-swish-samt-bankid/ HTTP/2" 200 18660 "-" "Mozilla/5.0 AppleWebKit/537.36 (KHTML, like Gecko; compatible; bingbot/2.0; +http://www.bing.com/bingbot.htm) Chrome/116.0.1938.76 Safari/537.36"
103.219.169.227 - - [22/Apr/2026:22:51:41 +0300] "GET /die-besten-echtgeld-online-casino-5-euro-bonus-ohne-einzahlung-casinos-damit-echtes-bares-serios-auffuhren-2026/ HTTP/1.1" 200 74734 "-" "Mozilla/5.0 (Windows NT 10.0; Win64; x64) AppleWebKit/537.36 (KHTML, like Gecko) Chrome/124.0.0.0 Safari/537.36"
98.98.9.30 - - [22/Apr/2026:22:52:10 +0300] "GET /return-hawaiian-slots-for-iphone-to-athlete-rtp/ HTTP/1.1" 200 72569 "-" "Mozilla/5.0 (Windows NT 10.0; Win64; x64) AppleWebKit/537.36 (KHTML, like Gecko) Chrome/122.0.0.0 Safari/537.36"
185.216.113.70 - - [22/Apr/2026:22:53:18 +0300] "POST /wp-cron.php?doing_wp_cron=1776887598.3375608921051025390625 HTTP/1.1" 200 448 "-" "WordPress/6.3.8; https://serhatburke.miroglu.net"
98.98.197.180 - - [22/Apr/2026:22:53:05 +0300] "POST /xmlrpc.php HTTP/1.1" 200 630 "-" "Mozilla/5.0 (Windows NT 10.0; Win64; x64) AppleWebKit/537.36 (KHTML, like Gecko) Chrome/114.0.0.0 Safari/537.36"
85.208.96.198 - - [22/Apr/2026:22:53:25 +0300] "GET /robots.txt HTTP/1.1" 200 0 "-" "Mozilla/5.0 (compatible; SemrushBot/7~bl; +http://www.semrush.com/bot.html)"
98.98.197.180 - - [22/Apr/2026:22:53:24 +0300] "POST /xmlrpc.php HTTP/1.1" 200 11069 "-" "Mozilla/5.0 (Windows NT 10.0; Win64; x64) AppleWebKit/537.36 (KHTML, like Gecko) Chrome/114.0.0.0 Safari/537.36"
185.216.113.70 - - [22/Apr/2026:22:53:52 +0300] "POST /wp-cron.php?doing_wp_cron=1776887632.0053050518035888671875 HTTP/1.1" 200 448 "-" "WordPress/6.3.8; https://serhatburke.miroglu.net"
85.208.96.198 - - [22/Apr/2026:22:53:40 +0300] "GET /robots.txt HTTP/1.1" 200 605 "-" "Mozilla/5.0 (compatible; SemrushBot/7~bl; +http://www.semrush.com/bot.html)"
98.98.197.180 - - [22/Apr/2026:22:53:41 +0300] "GET /top-cazinouri-online-in-romania-2026/ HTTP/1.1" 200 71700 "-" "Mozilla/5.0 (Windows NT 10.0; Win64; x64) AppleWebKit/537.36 (KHTML, like Gecko) Chrome/124.0.0.0 Safari/537.36 Edg/124.0.0.0"
185.191.171.14 - - [22/Apr/2026:22:53:52 +0300] "GET /freispiele-blos-einzahlung-casinos-qua-free-spins-2026/ HTTP/1.1" 200 23781 "-" "Mozilla/5.0 (compatible; SemrushBot/7~bl; +http://www.semrush.com/bot.html)"
185.216.113.70 - - [22/Apr/2026:22:55:16 +0300] "POST /wp-cron.php?doing_wp_cron=1776887716.4176640510559082031250 HTTP/1.1" 200 448 "-" "WordPress/6.3.8; https://serhatburke.miroglu.net"
52.167.144.173 - - [22/Apr/2026:22:55:03 +0300] "GET /hugo-gwiazdkowa-historia-hugo-pc-calendar-duza-encyklopedia-dolphin-cash-automat-gierek/ HTTP/2" 200 19937 "-" "Mozilla/5.0 AppleWebKit/537.36 (KHTML, like Gecko; compatible; bingbot/2.0; +http://www.bing.com/bingbot.htm) Chrome/116.0.1938.76 Safari/537.36"
185.216.113.70 - - [22/Apr/2026:22:56:12 +0300] "POST /wp-cron.php?doing_wp_cron=1776887772.7066099643707275390625 HTTP/1.1" 200 448 "-" "WordPress/6.3.8; https://serhatburke.miroglu.net"
103.219.169.227 - - [22/Apr/2026:22:55:58 +0300] "POST /xmlrpc.php HTTP/1.1" 200 630 "-" "Mozilla/5.0 (Windows NT 10.0; Win64; x64) AppleWebKit/537.36 (KHTML, like Gecko) Chrome/114.0.0.0 Safari/537.36"
158.69.22.136 - - [22/Apr/2026:22:56:17 +0300] "GET /casino-online-skrill-prelievo-veloce/ HTTP/1.1" 200 18145 "-" "Mozilla/5.0 (compatible; Googlebot/2.1; +http://www.google.com/bot.html)"
103.219.169.227 - - [22/Apr/2026:22:56:19 +0300] "POST /xmlrpc.php HTTP/1.1" 200 11409 "-" "Mozilla/5.0 (Windows NT 10.0; Win64; x64) AppleWebKit/537.36 (KHTML, like Gecko) Chrome/114.0.0.0 Safari/537.36"
185.216.113.70 - - [22/Apr/2026:22:56:49 +0300] "POST /wp-cron.php?doing_wp_cron=1776887809.4638159275054931640625 HTTP/1.1" 200 448 "-" "WordPress/6.3.8; https://serhatburke.miroglu.net"
103.219.169.227 - - [22/Apr/2026:22:56:37 +0300] "GET /zum-besten-geben-sie-online-gebuhrenfrei-blackjack-gewinnchancen-great-blue-wie-geschmiert-nur-zum-entzuckung/ HTTP/1.1" 200 74390 "-" "Mozilla/5.0 (Windows NT 10.0; Win64; x64) AppleWebKit/537.36 (KHTML, like Gecko) Chrome/122.0.0.0 Safari/537.36"
185.216.113.70 - - [22/Apr/2026:22:58:40 +0300] "POST /wp-cron.php?doing_wp_cron=1776887920.7833640575408935546875 HTTP/1.1" 200 448 "-" "WordPress/6.3.8; https://serhatburke.miroglu.net"
52.167.144.173 - - [22/Apr/2026:22:58:24 +0300] "GET /online-kasino-unter-einsatz-von-paypal-2026-casino-quasar-gaming-geradlinig-auf-jeden-fall-einzahlen/ HTTP/2" 200 19801 "-" "Mozilla/5.0 AppleWebKit/537.36 (KHTML, like Gecko; compatible; bingbot/2.0; +http://www.bing.com/bingbot.htm) Chrome/116.0.1938.76 Safari/537.36"
84.54.80.41 - - [22/Apr/2026:22:58:29 +0300] "POST /xmlrpc.php HTTP/2" 200 140 "-" "WordPress/XMLRPC Client"
52.167.144.195 - - [22/Apr/2026:22:58:28 +0300] "GET /the-method-by-which-visual-interface-architecture-defines-end-user-interpretation/ HTTP/2" 200 20324 "-" "Mozilla/5.0 AppleWebKit/537.36 (KHTML, like Gecko; compatible; bingbot/2.0; +http://www.bing.com/bingbot.htm) Chrome/116.0.1938.76 Safari/537.36"
84.54.80.41 - - [22/Apr/2026:22:58:48 +0300] "GET /?p=128209 HTTP/2" 301 0 "-" "Mozilla/5.0 (Windows NT 10.0; Win64; x64) AppleWebKit/537.36 (KHTML, like Gecko) Chrome/120.0.0.0 Safari/537.36"
185.216.113.70 - - [22/Apr/2026:23:01:44 +0300] "POST /wp-cron.php?doing_wp_cron=1776888104.5122621059417724609375 HTTP/1.1" 200 448 "-" "WordPress/6.3.8; https://serhatburke.miroglu.net"
104.194.152.141 - - [22/Apr/2026:23:01:31 +0300] "GET /beste-casino-site-belgie-hoge-inzet/ HTTP/1.1" 200 18588 "https://serhatburke.miroglu.net/" "Mozilla/5.0 (Macintosh; Intel Mac OS X 12_5) AppleWebKit/537.36 (KHTML, like Gecko) Chrome/114.0.0.0 Safari/537.36 OPR/89.0.4447.51"
104.194.152.141 - - [22/Apr/2026:23:01:47 +0300] "GET /wp-includes/css/dist/block-library/style.min.css?ver=6.3.8 HTTP/1.1" 200 13578 "https://serhatburke.miroglu.net/beste-casino-site-belgie-hoge-inzet/" "Mozilla/5.0 (Windows NT 10.0; Win64; x64) AppleWebKit/537.36 (KHTML, like Gecko) Chrome/143.0.0.0 Safari/537.36"
104.194.152.141 - - [22/Apr/2026:23:01:47 +0300] "GET /wp-content/plugins/contact-form-7/includes/css/styles.css?ver=5.8 HTTP/1.1" 200 1490 "https://serhatburke.miroglu.net/beste-casino-site-belgie-hoge-inzet/" "Mozilla/5.0 (Windows NT 10.0; Win64; x64) AppleWebKit/537.36 (KHTML, like Gecko) Chrome/143.0.0.0 Safari/537.36"
104.194.152.141 - - [22/Apr/2026:23:01:48 +0300] "GET /wp-content/themes/toppic/css/fontello.css?ver=4.2 HTTP/1.1" 200 1802 "https://serhatburke.miroglu.net/beste-casino-site-belgie-hoge-inzet/" "Mozilla/5.0 (Windows NT 10.0; Win64; x64) AppleWebKit/537.36 (KHTML, like Gecko) Chrome/143.0.0.0 Safari/537.36"
104.194.152.141 - - [22/Apr/2026:23:01:49 +0300] "GET /wp-content/themes/toppic/css/reset.css?ver=4.2 HTTP/1.1" 200 1178 "https://serhatburke.miroglu.net/beste-casino-site-belgie-hoge-inzet/" "Mozilla/5.0 (Windows NT 10.0; Win64; x64) AppleWebKit/537.36 (KHTML, like Gecko) Chrome/143.0.0.0 Safari/537.36"
104.194.152.141 - - [22/Apr/2026:23:01:50 +0300] "GET /wp-content/themes/toppic/css/default.css?ver=4.2 HTTP/1.1" 200 1811 "https://serhatburke.miroglu.net/beste-casino-site-belgie-hoge-inzet/" "Mozilla/5.0 (Windows NT 10.0; Win64; x64) AppleWebKit/537.36 (KHTML, like Gecko) Chrome/143.0.0.0 Safari/537.36"
104.194.152.141 - - [22/Apr/2026:23:01:50 +0300] "GET /wp-content/themes/toppic/style.css?ver=4.2 HTTP/1.1" 200 23398 "https://serhatburke.miroglu.net/beste-casino-site-belgie-hoge-inzet/" "Mozilla/5.0 (Windows NT 10.0; Win64; x64) AppleWebKit/537.36 (KHTML, like Gecko) Chrome/143.0.0.0 Safari/537.36"
104.194.152.141 - - [22/Apr/2026:23:01:51 +0300] "GET /wp-content/themes/toppic/css/royalslider.css?ver=4.2 HTTP/1.1" 200 1887 "https://serhatburke.miroglu.net/beste-casino-site-belgie-hoge-inzet/" "Mozilla/5.0 (Windows NT 10.0; Win64; x64) AppleWebKit/537.36 (KHTML, like Gecko) Chrome/143.0.0.0 Safari/537.36"
104.194.152.141 - - [22/Apr/2026:23:01:52 +0300] "GET /wp-content/themes/toppic/css/rs-default.css?ver=4.2 HTTP/1.1" 200 2625 "https://serhatburke.miroglu.net/beste-casino-site-belgie-hoge-inzet/" "Mozilla/5.0 (Windows NT 10.0; Win64; x64) AppleWebKit/537.36 (KHTML, like Gecko) Chrome/143.0.0.0 Safari/537.36"
104.194.152.141 - - [22/Apr/2026:23:01:53 +0300] "GET /wp-content/themes/toppic/css/lightbox.css?ver=4.2 HTTP/1.1" 200 2956 "https://serhatburke.miroglu.net/beste-casino-site-belgie-hoge-inzet/" "Mozilla/5.0 (Windows NT 10.0; Win64; x64) AppleWebKit/537.36 (KHTML, like Gecko) Chrome/143.0.0.0 Safari/537.36"
104.194.152.141 - - [22/Apr/2026:23:01:54 +0300] "GET /wp-content/themes/toppic/css/woocommerce.css?ver=4.2 HTTP/1.1" 200 2848 "https://serhatburke.miroglu.net/beste-casino-site-belgie-hoge-inzet/" "Mozilla/5.0 (Windows NT 10.0; Win64; x64) AppleWebKit/537.36 (KHTML, like Gecko) Chrome/143.0.0.0 Safari/537.36"
104.194.152.141 - - [22/Apr/2026:23:01:54 +0300] "GET /wp-content/themes/toppic/css/responsive.css?ver=4.2 HTTP/1.1" 200 2796 "https://serhatburke.miroglu.net/beste-casino-site-belgie-hoge-inzet/" "Mozilla/5.0 (Windows NT 10.0; Win64; x64) AppleWebKit/537.36 (KHTML, like Gecko) Chrome/143.0.0.0 Safari/537.36"
104.194.152.141 - - [22/Apr/2026:23:01:55 +0300] "POST /wp-comments-post.php HTTP/1.1" 302 1083 "https://serhatburke.miroglu.net/beste-casino-site-belgie-hoge-inzet/" "Mozilla/5.0 (Macintosh; Intel Mac OS X 12_5) AppleWebKit/537.36 (KHTML, like Gecko) Chrome/114.0.0.0 Safari/537.36 OPR/89.0.4447.51"
104.194.152.141 - - [22/Apr/2026:23:02:08 +0300] "GET /beste-casino-site-belgie-hoge-inzet/?unapproved=574&moderation-hash=c6b5049e72b8bfc8b713f45648d2903a HTTP/1.1" 200 19080 "https://serhatburke.miroglu.net/wp-comments-post.php" "Mozilla/5.0 (Macintosh; Intel Mac OS X 12_5) AppleWebKit/537.36 (KHTML, like Gecko) Chrome/114.0.0.0 Safari/537.36 OPR/89.0.4447.51"
104.194.152.141 - - [22/Apr/2026:23:02:21 +0300] "GET /beste-casino-site-belgie-hoge-inzet/ HTTP/1.1" 200 18552 "-" "Mozilla/5.0 (compatible; Googlebot/2.1; +http://www.google.com/bot.html)"
185.216.113.70 - - [22/Apr/2026:23:02:42 +0300] "POST /wp-cron.php?doing_wp_cron=1776888162.8239750862121582031250 HTTP/1.1" 200 448 "-" "WordPress/6.3.8; https://serhatburke.miroglu.net"
98.98.9.30 - - [22/Apr/2026:23:02:30 +0300] "POST /xmlrpc.php HTTP/1.1" 200 630 "-" "Mozilla/5.0 (Windows NT 10.0; Win64; x64) AppleWebKit/537.36 (KHTML, like Gecko) Chrome/114.0.0.0 Safari/537.36"
98.98.9.30 - - [22/Apr/2026:23:02:49 +0300] "POST /xmlrpc.php HTTP/1.1" 200 10955 "-" "Mozilla/5.0 (Windows NT 10.0; Win64; x64) AppleWebKit/537.36 (KHTML, like Gecko) Chrome/114.0.0.0 Safari/537.36"
52.167.144.173 - - [22/Apr/2026:23:03:04 +0300] "GET /%D8%B9%D8%B4%D8%B1-%D9%81%D8%AA%D8%AD%D8%A7%D8%AA-%D8%A3%D9%81%D8%B6%D9%84-%D8%B9%D8%A8%D8%B1-%D8%A7%D9%84%D8%A5%D9%86%D8%AA%D8%B1%D9%86%D8%AA-%D9%84%D9%83%D8%A7%D8%B2%D9%8A%D9%86%D9%88%D9%87%D8%A7/ HTTP/2" 200 19295 "-" "Mozilla/5.0 AppleWebKit/537.36 (KHTML, like Gecko; compatible; bingbot/2.0; +http://www.bing.com/bingbot.htm) Chrome/116.0.1938.76 Safari/537.36"
98.98.9.30 - - [22/Apr/2026:23:03:04 +0300] "GET /finest-online-pokies-in-australia-triple-diamond-rtp-online-slot-2025-update/ HTTP/1.1" 200 72434 "-" "Mozilla/5.0 (Windows NT 10.0; Win64; x64) AppleWebKit/537.36 (KHTML, like Gecko) Chrome/109.0.0.0 Safari/537.36"
185.216.113.70 - - [22/Apr/2026:23:03:43 +0300] "POST /wp-cron.php?doing_wp_cron=1776888223.1823260784149169921875 HTTP/1.1" 200 448 "-" "WordPress/6.3.8; https://serhatburke.miroglu.net"
52.167.144.180 - - [22/Apr/2026:23:03:07 +0300] "GET /harbors-payout-proportions-explained-inside-the-depth-publication-to-have-2026/ HTTP/2" 200 18117 "-" "Mozilla/5.0 AppleWebKit/537.36 (KHTML, like Gecko; compatible; bingbot/2.0; +http://www.bing.com/bingbot.htm) Chrome/116.0.1938.76 Safari/537.36"
52.167.144.142 - - [22/Apr/2026:23:03:08 +0300] "GET /osrs-wilderness-value-quest-exactly-cobber-casino-app-download-for-android-how-difficult-is-it/ HTTP/2" 200 19514 "-" "Mozilla/5.0 AppleWebKit/537.36 (KHTML, like Gecko; compatible; bingbot/2.0; +http://www.bing.com/bingbot.htm) Chrome/116.0.1938.76 Safari/537.36"
98.98.197.180 - - [22/Apr/2026:23:03:12 +0300] "POST /xmlrpc.php HTTP/1.1" 200 630 "-" "Mozilla/5.0 (Windows NT 10.0; Win64; x64) AppleWebKit/537.36 (KHTML, like Gecko) Chrome/114.0.0.0 Safari/537.36"
52.167.144.180 - - [22/Apr/2026:23:03:17 +0300] "GET /luxury-prada-sunglasses-for-women-extra-savings-today/ HTTP/2" 200 18668 "-" "Mozilla/5.0 AppleWebKit/537.36 (KHTML, like Gecko; compatible; bingbot/2.0; +http://www.bing.com/bingbot.htm) Chrome/116.0.1938.76 Safari/537.36"
103.122.2.107 - - [22/Apr/2026:23:03:43 +0300] "GET /casino-online-skrill-prelievo-veloce/ HTTP/1.1" 200 18118 "https://serhatburke.miroglu.net/" "Mozilla/5.0 (Windows NT 10.0; WOW64) AppleWebKit/537.36 (KHTML, like Gecko) Chrome/114.0.0.0 YaBrowser/22.7.0 Yowser/2.5 Safari/537.36"
40.77.167.136 - - [22/Apr/2026:23:03:45 +0300] "GET /ramses-book-slots-esquerdo-hot-hot-fruit-sigl-deposito-gratis-como-ensaio/ HTTP/2" 200 20444 "-" "Mozilla/5.0 AppleWebKit/537.36 (KHTML, like Gecko; compatible; bingbot/2.0; +http://www.bing.com/bingbot.htm) Chrome/116.0.1938.76 Safari/537.36"
98.98.197.180 - - [22/Apr/2026:23:03:54 +0300] "POST /xmlrpc.php HTTP/1.1" 200 9654 "-" "Mozilla/5.0 (Windows NT 10.0; Win64; x64) AppleWebKit/537.36 (KHTML, like Gecko) Chrome/114.0.0.0 Safari/537.36"
98.98.197.180 - - [22/Apr/2026:23:04:16 +0300] "GET /casino-tillag-via-mata-allihopa-svenska-casino-bonusar-2026/ HTTP/1.1" 200 71150 "-" "Mozilla/5.0 (Windows NT 10.0; Win64; x64) AppleWebKit/537.36 (KHTML, like Gecko) Chrome/124.0.0.0 Safari/537.36 Edg/124.0.0.0"
185.216.113.70 - - [22/Apr/2026:23:04:42 +0300] "POST /wp-cron.php?doing_wp_cron=1776888282.4987399578094482421875 HTTP/1.1" 200 448 "-" "WordPress/6.3.8; https://serhatburke.miroglu.net"
40.77.167.136 - - [22/Apr/2026:23:04:24 +0300] "GET /freispiele-ohne-einzahlung-2026-spielautomaten-as-part-of-deutschland-vortragen/ HTTP/2" 200 17329 "-" "Mozilla/5.0 AppleWebKit/537.36 (KHTML, like Gecko; compatible; bingbot/2.0; +http://www.bing.com/bingbot.htm) Chrome/116.0.1938.76 Safari/537.36"
98.98.9.30 - - [22/Apr/2026:23:04:27 +0300] "POST /xmlrpc.php HTTP/1.1" 200 630 "-" "Mozilla/5.0 (Windows NT 10.0; Win64; x64) AppleWebKit/537.36 (KHTML, like Gecko) Chrome/114.0.0.0 Safari/537.36"
52.167.144.180 - - [22/Apr/2026:23:04:29 +0300] "GET /discover-the-features-and-benefits-of-atomic-wallet/ HTTP/2" 200 17087 "-" "Mozilla/5.0 AppleWebKit/537.36 (KHTML, like Gecko; compatible; bingbot/2.0; +http://www.bing.com/bingbot.htm) Chrome/116.0.1938.76 Safari/537.36"
103.219.169.227 - - [22/Apr/2026:23:04:46 +0300] "POST /xmlrpc.php HTTP/1.1" 200 630 "-" "Mozilla/5.0 (Windows NT 10.0; Win64; x64) AppleWebKit/537.36 (KHTML, like Gecko) Chrome/114.0.0.0 Safari/537.36"
40.77.167.136 - - [22/Apr/2026:23:04:54 +0300] "GET /top-download-abrasado-aplicativo-novibet-este-hipervinculo-slots-uma-vez-que-arame-contemporaneo-abicar-brasil-arrolamento-2026-praia-rica/ HTTP/2" 200 18693 "-" "Mozilla/5.0 AppleWebKit/537.36 (KHTML, like Gecko; compatible; bingbot/2.0; +http://www.bing.com/bingbot.htm) Chrome/116.0.1938.76 Safari/537.36"
98.98.9.30 - - [22/Apr/2026:23:04:54 +0300] "POST /xmlrpc.php HTTP/1.1" 200 11961 "-" "Mozilla/5.0 (Windows NT 10.0; Win64; x64) AppleWebKit/537.36 (KHTML, like Gecko) Chrome/114.0.0.0 Safari/537.36"
98.98.197.180 - - [22/Apr/2026:23:04:55 +0300] "POST /xmlrpc.php HTTP/1.1" 200 630 "-" "Mozilla/5.0 (Windows NT 10.0; Win64; x64) AppleWebKit/537.36 (KHTML, like Gecko) Chrome/114.0.0.0 Safari/537.36"
185.216.113.70 - - [22/Apr/2026:23:05:30 +0300] "POST /wp-cron.php?doing_wp_cron=1776888330.3057210445404052734375 HTTP/1.1" 200 448 "-" "WordPress/6.3.8; https://serhatburke.miroglu.net"
103.219.169.227 - - [22/Apr/2026:23:05:15 +0300] "POST /xmlrpc.php HTTP/1.1" 200 10681 "-" "Mozilla/5.0 (Windows NT 10.0; Win64; x64) AppleWebKit/537.36 (KHTML, like Gecko) Chrome/114.0.0.0 Safari/537.36"
98.98.9.30 - - [22/Apr/2026:23:05:20 +0300] "GET /danger-high-voltage-casino-spin-play-position-comment-96-22percent-rtp-big-time-betting-2026/ HTTP/1.1" 200 73636 "-" "Mozilla/5.0 (Windows NT 10.0; Win64; x64) AppleWebKit/537.36 (KHTML, like Gecko) Chrome/124.0.0.0 Safari/537.36"
98.98.197.180 - - [22/Apr/2026:23:05:26 +0300] "POST /xmlrpc.php HTTP/1.1" 200 9747 "-" "Mozilla/5.0 (Windows NT 10.0; Win64; x64) AppleWebKit/537.36 (KHTML, like Gecko) Chrome/114.0.0.0 Safari/537.36"
163.61.182.63 - - [22/Apr/2026:23:05:30 +0300] "GET /28563-2/ HTTP/1.1" 200 0 "-" "Mozilla/5.0 (compatible; Googlebot/2.1; +http://www.google.com/bot.html)"
181.26.191.10 - - [22/Apr/2026:23:05:38 +0300] "POST /xmlrpc.php HTTP/2" 200 0 "-" "WordPress/XMLRPC Client"
103.219.169.227 - - [22/Apr/2026:23:05:31 +0300] "GET /blackjack-10-euro-gratis-casino-geld-online-abzuglich-eintragung/ HTTP/1.1" 200 72645 "-" "Mozilla/5.0 (Windows NT 10.0; Win64; x64) AppleWebKit/537.36 (KHTML, like Gecko) Chrome/124.0.0.0 Safari/537.36 Edg/124.0.0.0"
98.98.197.180 - - [22/Apr/2026:23:05:55 +0300] "GET /svenska-sprake-spelsajter-lokalisera-sveriges-ultimat-spelsidor-for-2026/ HTTP/1.1" 200 71219 "-" "Mozilla/5.0 (Windows NT 10.0; Win64; x64; rv:125.0) Gecko/20100101 Firefox/125.0"
178.120.1.128 - - [22/Apr/2026:23:06:08 +0300] "POST /xmlrpc.php HTTP/2" 200 140 "-" "WordPress/XMLRPC Client"
185.216.113.70 - - [22/Apr/2026:23:06:42 +0300] "POST /wp-cron.php?doing_wp_cron=1776888402.4691059589385986328125 HTTP/1.1" 200 448 "-" "WordPress/6.3.8; https://serhatburke.miroglu.net"
98.98.197.180 - - [22/Apr/2026:23:06:13 +0300] "POST /xmlrpc.php HTTP/1.1" 200 630 "-" "Mozilla/5.0 (Windows NT 10.0; Win64; x64) AppleWebKit/537.36 (KHTML, like Gecko) Chrome/114.0.0.0 Safari/537.36"
185.216.113.70 - - [22/Apr/2026:23:06:43 +0300] "POST /wp-cron.php?doing_wp_cron=1776888403.7440659999847412109375 HTTP/1.1" 200 448 "-" "WordPress/6.3.8; https://serhatburke.miroglu.net"
158.69.22.136 - - [22/Apr/2026:23:06:15 +0300] "GET /casino-online-skrill-prelievo-veloce/ HTTP/1.1" 200 18145 "-" "Mozilla/5.0 (compatible; Googlebot/2.1; +http://www.google.com/bot.html)"
178.120.1.128 - - [22/Apr/2026:23:06:30 +0300] "GET /?p=128222 HTTP/2" 200 0 "-" "Mozilla/5.0 (Windows NT 10.0; Win64; x64) AppleWebKit/537.36 (KHTML, like Gecko) Chrome/120.0.0.0 Safari/537.36"
185.216.113.70 - - [22/Apr/2026:23:07:15 +0300] "POST /wp-cron.php?doing_wp_cron=1776888435.1942000389099121093750 HTTP/1.1" 200 448 "-" "WordPress/6.3.8; https://serhatburke.miroglu.net"
98.98.9.30 - - [22/Apr/2026:23:06:28 +0300] "POST /xmlrpc.php HTTP/1.1" 200 630 "-" "Mozilla/5.0 (Windows NT 10.0; Win64; x64) AppleWebKit/537.36 (KHTML, like Gecko) Chrome/114.0.0.0 Safari/537.36"
185.216.113.70 - - [22/Apr/2026:23:07:19 +0300] "POST /wp-cron.php?doing_wp_cron=1776888439.7432510852813720703125 HTTP/1.1" 200 448 "-" "WordPress/6.3.8; https://serhatburke.miroglu.net"
185.216.113.70 - - [22/Apr/2026:23:07:25 +0300] "POST /wp-cron.php?doing_wp_cron=1776888445.1739699840545654296875 HTTP/1.1" 200 448 "-" "WordPress/6.3.8; https://serhatburke.miroglu.net"
185.216.113.70 - - [22/Apr/2026:23:07:25 +0300] "POST /wp-cron.php?doing_wp_cron=1776888445.2737729549407958984375 HTTP/1.1" 200 448 "-" "WordPress/6.3.8; https://serhatburke.miroglu.net"
104.238.7.224 - - [22/Apr/2026:23:06:34 +0300] "POST /xmlrpc.php HTTP/1.1" 200 730 "-" "axios/1.11.0"
193.36.38.228 - - [22/Apr/2026:23:06:35 +0300] "POST /xmlrpc.php HTTP/1.1" 200 692 "-" "Mozilla/5.0 (Windows NT 10.0; Win64; x64) AppleWebKit/537.36 (KHTML, like Gecko) Chrome/114.0.0.0 Safari/537.36"
154.6.116.58 - - [22/Apr/2026:23:06:43 +0300] "POST /xmlrpc.php HTTP/1.1" 200 730 "-" "axios/1.11.0"
185.216.113.70 - - [22/Apr/2026:23:07:50 +0300] "POST /wp-cron.php?doing_wp_cron=1776888470.3091080188751220703125 HTTP/1.1" 200 448 "-" "WordPress/6.3.8; https://serhatburke.miroglu.net"
98.98.197.180 - - [22/Apr/2026:23:06:49 +0300] "POST /xmlrpc.php HTTP/1.1" 200 10106 "-" "Mozilla/5.0 (Windows NT 10.0; Win64; x64) AppleWebKit/537.36 (KHTML, like Gecko) Chrome/114.0.0.0 Safari/537.36"
185.216.113.70 - - [22/Apr/2026:23:08:27 +0300] "POST /wp-cron.php?doing_wp_cron=1776888506.9375538825988769531250 HTTP/1.1" 200 448 "-" "WordPress/6.3.8; https://serhatburke.miroglu.net"
98.98.197.180 - - [22/Apr/2026:23:07:19 +0300] "POST /xmlrpc.php HTTP/1.1" 200 630 "-" "Mozilla/5.0 (Windows NT 10.0; Win64; x64) AppleWebKit/537.36 (KHTML, like Gecko) Chrome/114.0.0.0 Safari/537.36"
185.216.113.70 - - [22/Apr/2026:23:08:28 +0300] "POST /wp-cron.php?doing_wp_cron=1776888508.2534420490264892578125 HTTP/1.1" 200 448 "-" "WordPress/6.3.8; https://serhatburke.miroglu.net"
98.98.9.30 - - [22/Apr/2026:23:07:22 +0300] "POST /xmlrpc.php HTTP/1.1" 200 12372 "-" "Mozilla/5.0 (Windows NT 10.0; Win64; x64) AppleWebKit/537.36 (KHTML, like Gecko) Chrome/114.0.0.0 Safari/537.36"
185.216.113.70 - - [22/Apr/2026:23:08:35 +0300] "POST /wp-cron.php?doing_wp_cron=1776888515.5374219417572021484375 HTTP/1.1" 200 448 "-" "WordPress/6.3.8; https://serhatburke.miroglu.net"
193.36.38.228 - - [22/Apr/2026:23:07:31 +0300] "POST /xmlrpc.php HTTP/1.1" 200 7945 "-" "Mozilla/5.0 (Windows NT 10.0; Win64; x64) AppleWebKit/537.36 (KHTML, like Gecko) Chrome/114.0.0.0 Safari/537.36"
185.216.113.70 - - [22/Apr/2026:23:08:58 +0300] "POST /wp-cron.php?doing_wp_cron=1776888538.8427200317382812500000 HTTP/1.1" 200 448 "-" "WordPress/6.3.8; https://serhatburke.miroglu.net"
98.98.197.180 - - [22/Apr/2026:23:07:51 +0300] "GET /allihopa-underrattelse-ni-behover/ HTTP/1.1" 200 70985 "-" "Mozilla/5.0 (Windows NT 10.0; Win64; x64; rv:125.0) Gecko/20100101 Firefox/125.0"
104.194.152.141 - - [22/Apr/2026:23:08:36 +0300] "GET /beste-casino-site-belgie-hoge-inzet/ HTTP/1.1" 200 0 "-" "Mozilla/5.0 (compatible; Googlebot/2.1; +http://www.google.com/bot.html)"
185.216.113.70 - - [22/Apr/2026:23:09:19 +0300] "POST /wp-cron.php?doing_wp_cron=1776888559.1348340511322021484375 HTTP/1.1" 200 448 "-" "WordPress/6.3.8; https://serhatburke.miroglu.net"
98.98.9.30 - - [22/Apr/2026:23:08:09 +0300] "POST /xmlrpc.php HTTP/1.1" 200 630 "-" "Mozilla/5.0 (Windows NT 10.0; Win64; x64) AppleWebKit/537.36 (KHTML, like Gecko) Chrome/114.0.0.0 Safari/537.36"
185.216.113.70 - - [22/Apr/2026:23:09:20 +0300] "POST /wp-cron.php?doing_wp_cron=1776888560.4709379673004150390625 HTTP/1.1" 200 448 "-" "WordPress/6.3.8; https://serhatburke.miroglu.net"
98.98.197.180 - - [22/Apr/2026:23:08:14 +0300] "POST /xmlrpc.php HTTP/1.1" 200 630 "-" "Mozilla/5.0 (Windows NT 10.0; Win64; x64) AppleWebKit/537.36 (KHTML, like Gecko) Chrome/114.0.0.0 Safari/537.36"
52.167.144.142 - - [22/Apr/2026:23:08:45 +0300] "GET /casino-online-bani-reali-jocuri-si-site-uri-agent-jane-blonde-1-depozit-sa-top-din-2025/ HTTP/2" 200 0 "-" "Mozilla/5.0 AppleWebKit/537.36 (KHTML, like Gecko; compatible; bingbot/2.0; +http://www.bing.com/bingbot.htm) Chrome/116.0.1938.76 Safari/537.36"
185.216.113.70 - - [22/Apr/2026:23:09:40 +0300] "POST /wp-cron.php?doing_wp_cron=1776888580.6451239585876464843750 HTTP/1.1" 200 448 "-" "WordPress/6.3.8; https://serhatburke.miroglu.net"
185.216.113.70 - - [22/Apr/2026:23:09:40 +0300] "POST /wp-cron.php?doing_wp_cron=1776888580.7645740509033203125000 HTTP/1.1" 200 448 "-" "WordPress/6.3.8; https://serhatburke.miroglu.net"
98.98.197.180 - - [22/Apr/2026:23:08:34 +0300] "POST /xmlrpc.php HTTP/1.1" 200 9848 "-" "Mozilla/5.0 (Windows NT 10.0; Win64; x64) AppleWebKit/537.36 (KHTML, like Gecko) Chrome/114.0.0.0 Safari/537.36"
98.98.9.30 - - [22/Apr/2026:23:08:30 +0300] "GET /da-vinci-diamonds-casino-slot-games-ladbrokes-20-free-spins-no-deposit-casino-gamble-so-it-igt-slot-100percent-free/ HTTP/1.1" 200 74603 "-" "Mozilla/5.0 (Windows NT 10.0; Win64; x64) AppleWebKit/537.36 (KHTML, like Gecko) Chrome/124.0.0.0 Safari/537.36 Edg/124.0.0.0"
185.216.113.70 - - [22/Apr/2026:23:09:50 +0300] "POST /wp-cron.php?doing_wp_cron=1776888590.2862839698791503906250 HTTP/1.1" 200 448 "-" "WordPress/6.3.8; https://serhatburke.miroglu.net"
193.36.38.228 - - [22/Apr/2026:23:08:36 +0300] "GET /best-internet-poker-internet-during-the-2026-with-a-high-tourist/ HTTP/1.1" 200 69356 "-" "Mozilla/5.0 (Windows NT 10.0; Win64; x64) AppleWebKit/537.36 (KHTML, like Gecko) Chrome/124.0.0.0 Safari/537.36"
185.216.113.70 - - [22/Apr/2026:23:10:17 +0300] "POST /wp-cron.php?doing_wp_cron=1776888617.6350169181823730468750 HTTP/1.1" 200 448 "-" "WordPress/6.3.8; https://serhatburke.miroglu.net"
98.98.197.180 - - [22/Apr/2026:23:09:09 +0300] "POST /xmlrpc.php HTTP/1.1" 200 630 "-" "Mozilla/5.0 (Windows NT 10.0; Win64; x64) AppleWebKit/537.36 (KHTML, like Gecko) Chrome/114.0.0.0 Safari/537.36"
185.216.113.70 - - [22/Apr/2026:23:10:43 +0300] "POST /wp-cron.php?doing_wp_cron=1776888643.0507910251617431640625 HTTP/1.1" 200 448 "-" "WordPress/6.3.8; https://serhatburke.miroglu.net"
98.98.197.180 - - [22/Apr/2026:23:09:27 +0300] "POST /xmlrpc.php HTTP/1.1" 200 9611 "-" "Mozilla/5.0 (Windows NT 10.0; Win64; x64) AppleWebKit/537.36 (KHTML, like Gecko) Chrome/114.0.0.0 Safari/537.36"
185.216.113.70 - - [22/Apr/2026:23:10:49 +0300] "POST /wp-cron.php?doing_wp_cron=1776888649.3455319404602050781250 HTTP/1.1" 200 448 "-" "WordPress/6.3.8; https://serhatburke.miroglu.net"
98.98.9.30 - - [22/Apr/2026:23:09:26 +0300] "POST /xmlrpc.php HTTP/1.1" 200 11348 "-" "Mozilla/5.0 (Windows NT 10.0; Win64; x64) AppleWebKit/537.36 (KHTML, like Gecko) Chrome/114.0.0.0 Safari/537.36"
185.216.113.70 - - [22/Apr/2026:23:10:50 +0300] "POST /wp-cron.php?doing_wp_cron=1776888650.5341479778289794921875 HTTP/1.1" 200 448 "-" "WordPress/6.3.8; https://serhatburke.miroglu.net"
98.98.9.30 - - [22/Apr/2026:23:09:40 +0300] "POST /xmlrpc.php HTTP/1.1" 200 630 "-" "Mozilla/5.0 (Windows NT 10.0; Win64; x64) AppleWebKit/537.36 (KHTML, like Gecko) Chrome/114.0.0.0 Safari/537.36"
185.216.113.70 - - [22/Apr/2026:23:10:52 +0300] "POST /wp-cron.php?doing_wp_cron=1776888651.7555339336395263671875 HTTP/1.1" 200 448 "-" "WordPress/6.3.8; https://serhatburke.miroglu.net"
98.98.197.180 - - [22/Apr/2026:23:09:42 +0300] "GET /casino-tillsammans-rakning-casinofakturor-bekosta-tillsamman-mobilfaktura/ HTTP/1.1" 200 71490 "-" "Mozilla/5.0 (Windows NT 10.0; Win64; x64) AppleWebKit/537.36 (KHTML, like Gecko) Chrome/122.0.0.0 Safari/537.36"
185.216.113.70 - - [22/Apr/2026:23:11:08 +0300] "POST /wp-cron.php?doing_wp_cron=1776888668.0300090312957763671875 HTTP/1.1" 200 448 "-" "WordPress/6.3.8; https://serhatburke.miroglu.net"
98.98.197.180 - - [22/Apr/2026:23:09:59 +0300] "POST /xmlrpc.php HTTP/1.1" 200 630 "-" "Mozilla/5.0 (Windows NT 10.0; Win64; x64) AppleWebKit/537.36 (KHTML, like Gecko) Chrome/114.0.0.0 Safari/537.36"
185.216.113.70 - - [22/Apr/2026:23:11:41 +0300] "POST /wp-cron.php?doing_wp_cron=1776888700.9301800727844238281250 HTTP/1.1" 200 448 "-" "WordPress/6.3.8; https://serhatburke.miroglu.net"
98.98.197.180 - - [22/Apr/2026:23:10:24 +0300] "POST /xmlrpc.php HTTP/1.1" 200 10510 "-" "Mozilla/5.0 (Windows NT 10.0; Win64; x64) AppleWebKit/537.36 (KHTML, like Gecko) Chrome/114.0.0.0 Safari/537.36"
185.216.113.70 - - [22/Apr/2026:23:11:56 +0300] "POST /wp-cron.php?doing_wp_cron=1776888716.8516159057617187500000 HTTP/1.1" 200 448 "-" "WordPress/6.3.8; https://serhatburke.miroglu.net"
98.98.197.180 - - [22/Apr/2026:23:10:44 +0300] "GET /casino-inte-me-svensk-koncession-guide-mo-suveran-casinon-inte-me-spelpaus/ HTTP/1.1" 200 71481 "-" "Mozilla/5.0 (Windows NT 10.0; rv:125.0) Gecko/20100101 Firefox/125.0"
185.216.113.70 - - [22/Apr/2026:23:12:00 +0300] "POST /wp-cron.php?doing_wp_cron=1776888720.0332159996032714843750 HTTP/1.1" 200 448 "-" "WordPress/6.3.8; https://serhatburke.miroglu.net"
98.98.197.180 - - [22/Apr/2026:23:10:42 +0300] "POST /xmlrpc.php HTTP/1.1" 200 630 "-" "Mozilla/5.0 (Windows NT 10.0; Win64; x64) AppleWebKit/537.36 (KHTML, like Gecko) Chrome/114.0.0.0 Safari/537.36"
185.216.113.70 - - [22/Apr/2026:23:12:09 +0300] "POST /wp-cron.php?doing_wp_cron=1776888729.0301349163055419921875 HTTP/1.1" 200 448 "-" "WordPress/6.3.8; https://serhatburke.miroglu.net"
98.98.9.30 - - [22/Apr/2026:23:10:51 +0300] "GET /brief-struck-ports-real-cash-slot-machine-game-flashdash-bonuses-and-free-play-trial/ HTTP/1.1" 200 72740 "-" "Mozilla/5.0 (Windows NT 10.0; Win64; x64) AppleWebKit/537.36 (KHTML, like Gecko) Chrome/123.0.0.0 Safari/537.36"
185.216.113.70 - - [22/Apr/2026:23:12:32 +0300] "POST /wp-cron.php?doing_wp_cron=1776888752.2556269168853759765625 HTTP/1.1" 200 448 "-" "WordPress/6.3.8; https://serhatburke.miroglu.net"
98.98.9.30 - - [22/Apr/2026:23:10:58 +0300] "POST /xmlrpc.php HTTP/1.1" 200 11212 "-" "Mozilla/5.0 (Windows NT 10.0; Win64; x64) AppleWebKit/537.36 (KHTML, like Gecko) Chrome/114.0.0.0 Safari/537.36"
185.216.113.70 - - [22/Apr/2026:23:12:51 +0300] "POST /wp-cron.php?doing_wp_cron=1776888770.8619489669799804687500 HTTP/1.1" 200 448 "-" "WordPress/6.3.8; https://serhatburke.miroglu.net"
98.98.197.180 - - [22/Apr/2026:23:11:15 +0300] "POST /xmlrpc.php HTTP/1.1" 200 10428 "-" "Mozilla/5.0 (Windows NT 10.0; Win64; x64) AppleWebKit/537.36 (KHTML, like Gecko) Chrome/114.0.0.0 Safari/537.36"
98.98.9.30 - - [22/Apr/2026:23:11:03 +0300] "POST /xmlrpc.php HTTP/1.1" 500 745 "-" "Mozilla/5.0 (Windows NT 10.0; Win64; x64) AppleWebKit/537.36 (KHTML, like Gecko) Chrome/114.0.0.0 Safari/537.36"
185.216.113.70 - - [22/Apr/2026:23:13:11 +0300] "POST /wp-cron.php?doing_wp_cron=1776888791.6422500610351562500000 HTTP/1.1" 200 448 "-" "WordPress/6.3.8; https://serhatburke.miroglu.net"
98.98.197.180 - - [22/Apr/2026:23:11:26 +0300] "POST /xmlrpc.php HTTP/1.1" 200 630 "-" "Mozilla/5.0 (Windows NT 10.0; Win64; x64) AppleWebKit/537.36 (KHTML, like Gecko) Chrome/114.0.0.0 Safari/537.36"
185.153.197.8 - - [22/Apr/2026:23:11:54 +0300] "POST /xmlrpc.php HTTP/1.1" 200 10428 "-" "Mozilla/5.0 (Windows NT 10.0; Win64; x64) AppleWebKit/537.36 (KHTML, like Gecko) Chrome/114.0.0.0 Safari/537.36"
185.216.113.70 - - [22/Apr/2026:23:13:42 +0300] "POST /wp-cron.php?doing_wp_cron=1776888822.0769469738006591796875 HTTP/1.1" 200 448 "-" "WordPress/6.3.8; https://serhatburke.miroglu.net"
185.153.197.8 - - [22/Apr/2026:23:11:49 +0300] "POST /xmlrpc.php HTTP/1.1" 500 1102 "-" "Mozilla/5.0 (Windows NT 10.0; Win64; x64) AppleWebKit/537.36 (KHTML, like Gecko) Chrome/114.0.0.0 Safari/537.36"
98.98.197.180 - - [22/Apr/2026:23:11:43 +0300] "GET /casino-gallande-webben-fortecknin-tillsamman-sveriges-basta-online-casino-2026/ HTTP/1.1" 500 745 "-" "Mozilla/5.0 (Windows NT 10.0; rv:125.0) Gecko/20100101 Firefox/125.0"
185.216.113.70 - - [22/Apr/2026:23:13:38 +0300] "POST /wp-cron.php?doing_wp_cron=1776888818.7319540977478027343750 HTTP/1.1" 200 448 "-" "WordPress/6.3.8; https://serhatburke.miroglu.net"
185.153.197.8 - - [22/Apr/2026:23:11:49 +0300] "GET /casino-inte-me-svensk-koncession-guide-mo-suveran-casinon-inte-me-spelpaus/ HTTP/1.1" 500 745 "-" "Mozilla/5.0 (Windows NT 10.0; rv:125.0) Gecko/20100101 Firefox/125.0"
185.153.197.8 - - [22/Apr/2026:23:11:49 +0300] "GET /casino-gallande-webben-fortecknin-tillsamman-sveriges-basta-online-casino-2026/ HTTP/1.1" 500 745 "-" "Mozilla/5.0 (Windows NT 10.0; rv:125.0) Gecko/20100101 Firefox/125.0"
185.153.197.8 - - [22/Apr/2026:23:11:49 +0300] "POST /xmlrpc.php HTTP/1.1" 500 745 "-" "Mozilla/5.0 (Windows NT 10.0; Win64; x64) AppleWebKit/537.36 (KHTML, like Gecko) Chrome/114.0.0.0 Safari/537.36"
188.30.63.81 - - [22/Apr/2026:23:11:54 +0300] "POST /xmlrpc.php HTTP/2" 200 0 "-" "XML-RPC for PHP 4.11.1"
185.153.197.8 - - [22/Apr/2026:23:11:58 +0300] "POST /xmlrpc.php HTTP/1.1" 500 745 "-" "Mozilla/5.0 (Windows NT 10.0; Win64; x64) AppleWebKit/537.36 (KHTML, like Gecko) Chrome/114.0.0.0 Safari/537.36"
98.98.9.30 - - [22/Apr/2026:23:12:20 +0300] "POST /xmlrpc.php HTTP/1.1" 500 745 "-" "Mozilla/5.0 (Windows NT 10.0; Win64; x64) AppleWebKit/537.36 (KHTML, like Gecko) Chrome/114.0.0.0 Safari/537.36"
185.216.113.70 - - [22/Apr/2026:23:14:28 +0300] "POST /wp-cron.php?doing_wp_cron=1776888868.8347079753875732421875 HTTP/1.1" 200 448 "-" "WordPress/6.3.8; https://serhatburke.miroglu.net"
98.98.197.215 - - [22/Apr/2026:23:12:29 +0300] "POST /xmlrpc.php HTTP/1.1" 500 745 "-" "Mozilla/5.0 (Windows NT 10.0; Win64; x64) AppleWebKit/537.36 (KHTML, like Gecko) Chrome/114.0.0.0 Safari/537.36"
98.98.9.30 - - [22/Apr/2026:23:12:34 +0300] "GET /da-vinci-casino-jax-deposit-bonus-expensive-diamonds-dual-play-pokie-wager-totally-free-and-realize-comment/ HTTP/1.1" 200 73468 "-" "Mozilla/5.0 (Windows NT 10.0; Win64; x64; rv:124.0) Gecko/20100101 Firefox/124.0"
98.98.197.215 - - [22/Apr/2026:23:12:36 +0300] "POST /xmlrpc.php HTTP/1.1" 500 745 "-" "Mozilla/5.0 (Windows NT 10.0; Win64; x64) AppleWebKit/537.36 (KHTML, like Gecko) Chrome/114.0.0.0 Safari/537.36"
185.216.113.70 - - [22/Apr/2026:23:14:42 +0300] "POST /wp-cron.php?doing_wp_cron=1776888882.3473250865936279296875 HTTP/1.1" 200 448 "-" "WordPress/6.3.8; https://serhatburke.miroglu.net"
98.98.9.30 - - [22/Apr/2026:23:12:43 +0300] "POST /xmlrpc.php HTTP/1.1" 500 1102 "-" "Mozilla/5.0 (Windows NT 10.0; Win64; x64) AppleWebKit/537.36 (KHTML, like Gecko) Chrome/114.0.0.0 Safari/537.36"
185.216.113.70 - - [22/Apr/2026:23:15:01 +0300] "POST /wp-cron.php?doing_wp_cron=1776888901.4755868911743164062500 HTTP/1.1" 200 448 "-" "WordPress/6.3.8; https://serhatburke.miroglu.net"
98.98.197.215 - - [22/Apr/2026:23:13:09 +0300] "POST /xmlrpc.php HTTP/1.1" 200 630 "-" "Mozilla/5.0 (Windows NT 10.0; Win64; x64) AppleWebKit/537.36 (KHTML, like Gecko) Chrome/114.0.0.0 Safari/537.36"
185.216.113.70 - - [22/Apr/2026:23:15:16 +0300] "POST /wp-cron.php?doing_wp_cron=1776888916.0840539932250976562500 HTTP/1.1" 200 448 "-" "WordPress/6.3.8; https://serhatburke.miroglu.net"
185.216.113.70 - - [22/Apr/2026:23:15:16 +0300] "POST /wp-cron.php?doing_wp_cron=1776888916.1562080383300781250000 HTTP/1.1" 200 448 "-" "WordPress/6.3.8; https://serhatburke.miroglu.net"
98.98.197.215 - - [22/Apr/2026:23:13:23 +0300] "POST /xmlrpc.php HTTP/1.1" 200 627 "-" "Mozilla/5.0 (Windows NT 10.0; Win64; x64) AppleWebKit/537.36 (KHTML, like Gecko) Chrome/114.0.0.0 Safari/537.36"
98.98.9.30 - - [22/Apr/2026:23:13:34 +0300] "POST /xmlrpc.php HTTP/1.1" 200 630 "-" "Mozilla/5.0 (Windows NT 10.0; Win64; x64) AppleWebKit/537.36 (KHTML, like Gecko) Chrome/114.0.0.0 Safari/537.36"
185.216.113.70 - - [22/Apr/2026:23:15:31 +0300] "POST /wp-cron.php?doing_wp_cron=1776888930.8581979274749755859375 HTTP/1.1" 200 448 "-" "WordPress/6.3.8; https://serhatburke.miroglu.net"
98.98.197.215 - - [22/Apr/2026:23:13:39 +0300] "POST /xmlrpc.php HTTP/1.1" 500 1102 "-" "Mozilla/5.0 (Windows NT 10.0; Win64; x64) AppleWebKit/537.36 (KHTML, like Gecko) Chrome/114.0.0.0 Safari/537.36"
98.98.197.215 - - [22/Apr/2026:23:13:34 +0300] "GET /?p=128240 HTTP/1.1" 500 745 "-" "Mozilla/5.0 (Windows NT 10.0; Win64; x64) AppleWebKit/537.36 (KHTML, like Gecko) Chrome/109.0.0.0 Safari/537.36"
185.216.113.70 - - [22/Apr/2026:23:15:48 +0300] "POST /wp-cron.php?doing_wp_cron=1776888948.1452200412750244140625 HTTP/1.1" 200 448 "-" "WordPress/6.3.8; https://serhatburke.miroglu.net"
98.98.9.30 - - [22/Apr/2026:23:14:00 +0300] "POST /xmlrpc.php HTTP/1.1" 500 1102 "-" "Mozilla/5.0 (Windows NT 10.0; Win64; x64) AppleWebKit/537.36 (KHTML, like Gecko) Chrome/114.0.0.0 Safari/537.36"
185.216.113.70 - - [22/Apr/2026:23:15:51 +0300] "POST /wp-cron.php?doing_wp_cron=1776888951.8528490066528320312500 HTTP/1.1" 200 448 "-" "WordPress/6.3.8; https://serhatburke.miroglu.net"
98.98.197.215 - - [22/Apr/2026:23:14:16 +0300] "POST /xmlrpc.php HTTP/1.1" 500 1102 "-" "Mozilla/5.0 (Windows NT 10.0; Win64; x64) AppleWebKit/537.36 (KHTML, like Gecko) Chrome/114.0.0.0 Safari/537.36"
185.216.113.70 - - [22/Apr/2026:23:15:57 +0300] "POST /wp-cron.php?doing_wp_cron=1776888957.4316549301147460937500 HTTP/1.1" 200 448 "-" "WordPress/6.3.8; https://serhatburke.miroglu.net"
98.98.9.30 - - [22/Apr/2026:23:14:14 +0300] "POST /xmlrpc.php HTTP/1.1" 200 627 "-" "Mozilla/5.0 (Windows NT 10.0; Win64; x64) AppleWebKit/537.36 (KHTML, like Gecko) Chrome/114.0.0.0 Safari/537.36"
45.186.28.132 - - [22/Apr/2026:23:15:39 +0300] "POST /xmlrpc.php HTTP/2" 200 0 "-" "WordPress/XMLRPC Client"
185.216.113.70 - - [22/Apr/2026:23:16:25 +0300] "POST /wp-cron.php?doing_wp_cron=1776888984.9339840412139892578125 HTTP/1.1" 200 448 "-" "WordPress/6.3.8; https://serhatburke.miroglu.net"
98.98.197.215 - - [22/Apr/2026:23:14:48 +0300] "POST /xmlrpc.php HTTP/1.1" 500 1102 "-" "Mozilla/5.0 (Windows NT 10.0; Win64; x64) AppleWebKit/537.36 (KHTML, like Gecko) Chrome/114.0.0.0 Safari/537.36"
158.69.22.136 - - [22/Apr/2026:23:16:13 +0300] "GET /casino-online-skrill-prelievo-veloce/ HTTP/1.1" 200 0 "-" "Mozilla/5.0 (compatible; Googlebot/2.1; +http://www.google.com/bot.html)"
186.1.186.51 - - [22/Apr/2026:23:16:11 +0300] "POST /xmlrpc.php HTTP/2" 200 0 "-" "WordPress/XMLRPC Client"
185.216.113.70 - - [22/Apr/2026:23:16:45 +0300] "POST /wp-cron.php?doing_wp_cron=1776889005.4408080577850341796875 HTTP/1.1" 200 448 "-" "WordPress/6.3.8; https://serhatburke.miroglu.net"
98.98.197.215 - - [22/Apr/2026:23:15:15 +0300] "POST /xmlrpc.php HTTP/1.1" 200 627 "-" "Mozilla/5.0 (Windows NT 10.0; Win64; x64) AppleWebKit/537.36 (KHTML, like Gecko) Chrome/114.0.0.0 Safari/537.36"
185.216.113.70 - - [22/Apr/2026:23:16:48 +0300] "POST /wp-cron.php?doing_wp_cron=1776889008.1488580703735351562500 HTTP/1.1" 200 448 "-" "WordPress/6.3.8; https://serhatburke.miroglu.net"
98.98.9.30 - - [22/Apr/2026:23:15:14 +0300] "POST /xmlrpc.php HTTP/1.1" 500 1102 "-" "Mozilla/5.0 (Windows NT 10.0; Win64; x64) AppleWebKit/537.36 (KHTML, like Gecko) Chrome/114.0.0.0 Safari/537.36"
189.85.155.28 - - [22/Apr/2026:23:16:42 +0300] "POST /xmlrpc.php HTTP/2" 200 0 "-" "WordPress/XMLRPC Client"
185.216.113.70 - - [22/Apr/2026:23:17:33 +0300] "POST /wp-cron.php?doing_wp_cron=1776889053.3392810821533203125000 HTTP/1.1" 200 448 "-" "WordPress/6.3.8; https://serhatburke.miroglu.net"
185.216.113.70 - - [22/Apr/2026:23:17:33 +0300] "POST /wp-cron.php?doing_wp_cron=1776889053.4578990936279296875000 HTTP/1.1" 200 448 "-" "WordPress/6.3.8; https://serhatburke.miroglu.net"
98.98.197.215 - - [22/Apr/2026:23:16:31 +0300] "POST /xmlrpc.php HTTP/1.1" 200 8576 "-" "Mozilla/5.0 (Windows NT 10.0; Win64; x64) AppleWebKit/537.36 (KHTML, like Gecko) Chrome/114.0.0.0 Safari/537.36"
103.219.169.227 - - [22/Apr/2026:23:16:35 +0300] "POST /xmlrpc.php HTTP/1.1" 200 630 "-" "Mozilla/5.0 (Windows NT 10.0; Win64; x64) AppleWebKit/537.36 (KHTML, like Gecko) Chrome/114.0.0.0 Safari/537.36"
185.216.113.70 - - [22/Apr/2026:23:17:38 +0300] "POST /wp-cron.php?doing_wp_cron=1776889057.9338040351867675781250 HTTP/1.1" 200 448 "-" "WordPress/6.3.8; https://serhatburke.miroglu.net"
171.225.198.120 - - [22/Apr/2026:23:17:14 +0300] "POST /xmlrpc.php HTTP/2" 200 0 "-" "WordPress/XMLRPC Client"
185.216.113.70 - - [22/Apr/2026:23:17:49 +0300] "POST /wp-cron.php?doing_wp_cron=1776889069.6573350429534912109375 HTTP/1.1" 200 448 "-" "WordPress/6.3.8; https://serhatburke.miroglu.net"
98.98.9.30 - - [22/Apr/2026:23:16:55 +0300] "POST /xmlrpc.php HTTP/1.1" 200 10384 "-" "Mozilla/5.0 (Windows NT 10.0; Win64; x64) AppleWebKit/537.36 (KHTML, like Gecko) Chrome/114.0.0.0 Safari/537.36"
185.216.113.70 - - [22/Apr/2026:23:18:05 +0300] "POST /wp-cron.php?doing_wp_cron=1776889085.6850419044494628906250 HTTP/1.1" 200 448 "-" "WordPress/6.3.8; https://serhatburke.miroglu.net"
103.163.182.212 - - [22/Apr/2026:23:17:46 +0300] "POST /xmlrpc.php HTTP/2" 200 0 "-" "WordPress/XMLRPC Client"
98.98.197.215 - - [22/Apr/2026:23:17:34 +0300] "GET /genom-listar-sveriges-basta-casino-bonusar-2026/ HTTP/1.1" 200 70496 "-" "Mozilla/5.0 (Windows NT 10.0; Win64; x64) AppleWebKit/537.36 (KHTML, like Gecko) Chrome/122.0.0.0 Safari/537.36"
