216.73.217.140 - - [22/Apr/2026:12:09:09 +0300] "GET /robots.txt HTTP/2" 200 110 "-" "Mozilla/5.0 AppleWebKit/537.36 (KHTML, like Gecko; compatible; ClaudeBot/1.0; +claudebot@anthropic.com)"
98.98.197.186 - - [22/Apr/2026:12:09:21 +0300] "GET /real-money-on-the-web-pokies-greatest-pokies-casinos-2026/ HTTP/1.1" 200 72416 "-" "Mozilla/5.0 (Windows NT 10.0; Win64; x64) AppleWebKit/537.36 (KHTML, like Gecko) Chrome/122.0.0.0 Safari/537.36"
216.73.217.140 - - [22/Apr/2026:12:09:56 +0300] "GET /jeux-battle-royale-en-lignejeux-casino/ HTTP/2" 200 0 "-" "Mozilla/5.0 AppleWebKit/537.36 (KHTML, like Gecko; compatible; ClaudeBot/1.0; +claudebot@anthropic.com)"
216.73.217.140 - - [22/Apr/2026:12:09:56 +0300] "GET /donbet-casino-review-for-uk-players/ HTTP/2" 200 0 "-" "Mozilla/5.0 AppleWebKit/537.36 (KHTML, like Gecko; compatible; ClaudeBot/1.0; +claudebot@anthropic.com)"
52.167.144.171 - - [22/Apr/2026:12:09:43 +0300] "GET /need-to-allege-incentive-through-current-email-address-pop-up-my-membership-inside-a-couple-of-days/ HTTP/2" 200 18008 "-" "Mozilla/5.0 AppleWebKit/537.36 (KHTML, like Gecko; compatible; bingbot/2.0; +http://www.bing.com/bingbot.htm) Chrome/116.0.1938.76 Safari/537.36"
157.55.39.63 - - [22/Apr/2026:12:09:48 +0300] "GET /discover-the-benefits-of-the-ledger-live-app-for-crypto/ HTTP/2" 200 16851 "-" "Mozilla/5.0 AppleWebKit/537.36 (KHTML, like Gecko; compatible; bingbot/2.0; +http://www.bing.com/bingbot.htm) Chrome/116.0.1938.76 Safari/537.36"
185.216.113.70 - - [22/Apr/2026:12:11:14 +0300] "POST /wp-cron.php?doing_wp_cron=1776849074.0742039680480957031250 HTTP/1.1" 200 448 "-" "WordPress/6.3.8; https://serhatburke.miroglu.net"
157.55.39.63 - - [22/Apr/2026:12:10:45 +0300] "GET /77777-rambo-jeden-przechowanie-2025-sizzling-hot-slot-najlepsza-owocowka-w-internecie/ HTTP/2" 200 18982 "-" "Mozilla/5.0 AppleWebKit/537.36 (KHTML, like Gecko; compatible; bingbot/2.0; +http://www.bing.com/bingbot.htm) Chrome/116.0.1938.76 Safari/537.36"
47.128.51.137 - - [22/Apr/2026:12:10:48 +0300] "GET /eye-of-bonusschlitz-jurassic-jackpot-horus-entdecke-unser-horus-spielsaal-ereignis/ HTTP/2" 200 19263 "-" "Mozilla/5.0 (Linux; Android 5.0) AppleWebKit/537.36 (KHTML, like Gecko) Mobile Safari/537.36 (compatible; Bytespider; spider-feedback@bytedance.com)"
47.128.51.137 - - [22/Apr/2026:12:11:18 +0300] "GET /wp-content/themes/toppic/css/reset.css?ver=4.2 HTTP/2" 200 566 "https://serhatburke.miroglu.net/eye-of-bonusschlitz-jurassic-jackpot-horus-entdecke-unser-horus-spielsaal-ereignis/" "Mozilla/5.0 (Linux; Android 5.0) AppleWebKit/537.36 (KHTML, like Gecko) Mobile Safari/537.36 (compatible; Bytespider; spider-feedback@bytedance.com)"
47.128.51.137 - - [22/Apr/2026:12:11:18 +0300] "GET /wp-content/themes/toppic/style.css?ver=4.2 HTTP/2" 200 22783 "https://serhatburke.miroglu.net/eye-of-bonusschlitz-jurassic-jackpot-horus-entdecke-unser-horus-spielsaal-ereignis/" "Mozilla/5.0 (Linux; Android 5.0) AppleWebKit/537.36 (KHTML, like Gecko) Mobile Safari/537.36 (compatible; Bytespider; spider-feedback@bytedance.com)"
98.98.33.4 - - [22/Apr/2026:12:11:04 +0300] "POST /xmlrpc.php HTTP/1.1" 200 630 "-" "Mozilla/5.0 (Windows NT 10.0; Win64; x64) AppleWebKit/537.36 (KHTML, like Gecko) Chrome/114.0.0.0 Safari/537.36"
57.128.22.95 - - [22/Apr/2026:12:11:15 +0300] "GET /novoline-casino-codice-bonus-registrazione/ HTTP/1.1" 200 17219 "-" "Mozilla/5.0 (compatible; Googlebot/2.1; +http://www.google.com/bot.html)"
157.55.39.63 - - [22/Apr/2026:12:11:20 +0300] "GET /discovering-tronscan-your-tool-for-tron-insights/ HTTP/2" 200 17129 "-" "Mozilla/5.0 AppleWebKit/537.36 (KHTML, like Gecko; compatible; bingbot/2.0; +http://www.bing.com/bingbot.htm) Chrome/116.0.1938.76 Safari/537.36"
98.98.33.4 - - [22/Apr/2026:12:11:35 +0300] "POST /xmlrpc.php HTTP/1.1" 200 13890 "-" "Mozilla/5.0 (Windows NT 10.0; Win64; x64) AppleWebKit/537.36 (KHTML, like Gecko) Chrome/114.0.0.0 Safari/537.36"
185.216.113.70 - - [22/Apr/2026:12:12:02 +0300] "POST /wp-cron.php?doing_wp_cron=1776849121.9944798946380615234375 HTTP/1.1" 200 448 "-" "WordPress/6.3.8; https://serhatburke.miroglu.net"
98.98.33.4 - - [22/Apr/2026:12:11:49 +0300] "GET /luckyfish-local-casino-no-deposit-added-bonus-start-to-play-at-no-cost/ HTTP/1.1" 200 74936 "-" "Mozilla/5.0 (Windows NT 10.0; Win64; x64) AppleWebKit/537.36 (KHTML, like Gecko) Chrome/109.0.0.0 Safari/537.36"
157.55.39.63 - - [22/Apr/2026:12:11:50 +0300] "GET /absolutely-nothing-embers-rise-in-the-display-screen-bottom-while-the-game-play-goes-on/ HTTP/2" 200 18082 "-" "Mozilla/5.0 AppleWebKit/537.36 (KHTML, like Gecko; compatible; bingbot/2.0; +http://www.bing.com/bingbot.htm) Chrome/116.0.1938.76 Safari/537.36"
157.55.39.63 - - [22/Apr/2026:12:12:11 +0300] "GET /no-deposit-gambling-enterprise-incentives-latest-extra-requirements-and-now-offers-2026/ HTTP/2" 200 17787 "-" "Mozilla/5.0 AppleWebKit/537.36 (KHTML, like Gecko; compatible; bingbot/2.0; +http://www.bing.com/bingbot.htm) Chrome/116.0.1938.76 Safari/537.36"
185.216.113.70 - - [22/Apr/2026:12:13:58 +0300] "POST /wp-cron.php?doing_wp_cron=1776849238.1578879356384277343750 HTTP/1.1" 200 448 "-" "WordPress/6.3.8; https://serhatburke.miroglu.net"
98.98.197.186 - - [22/Apr/2026:12:13:39 +0300] "POST /xmlrpc.php HTTP/1.1" 200 630 "-" "Mozilla/5.0 (Windows NT 10.0; Win64; x64) AppleWebKit/537.36 (KHTML, like Gecko) Chrome/114.0.0.0 Safari/537.36"
157.55.39.63 - - [22/Apr/2026:12:13:41 +0300] "GET /exploring-the-versatility-of-solscan-for-crypto-tracking/ HTTP/2" 200 17139 "-" "Mozilla/5.0 AppleWebKit/537.36 (KHTML, like Gecko; compatible; bingbot/2.0; +http://www.bing.com/bingbot.htm) Chrome/116.0.1938.76 Safari/537.36"
52.167.144.171 - - [22/Apr/2026:12:13:45 +0300] "GET /essential-insights-on-dexscreener-for-crypto-traders-3/ HTTP/2" 200 17037 "-" "Mozilla/5.0 AppleWebKit/537.36 (KHTML, like Gecko; compatible; bingbot/2.0; +http://www.bing.com/bingbot.htm) Chrome/116.0.1938.76 Safari/537.36"
165.73.240.122 - - [22/Apr/2026:12:13:56 +0300] "POST /xmlrpc.php HTTP/1.1" 200 630 "-" "Mozilla/5.0 (Windows NT 10.0; Win64; x64) AppleWebKit/537.36 (KHTML, like Gecko) Chrome/114.0.0.0 Safari/537.36"
98.98.197.186 - - [22/Apr/2026:12:14:05 +0300] "POST /xmlrpc.php HTTP/1.1" 200 11358 "-" "Mozilla/5.0 (Windows NT 10.0; Win64; x64) AppleWebKit/537.36 (KHTML, like Gecko) Chrome/114.0.0.0 Safari/537.36"
47.128.51.204 - - [22/Apr/2026:12:14:20 +0300] "GET /robots.txt HTTP/1.1" 200 0 "-" "Mozilla/5.0 (Linux; Android 5.0) AppleWebKit/537.36 (KHTML, like Gecko) Mobile Safari/537.36 (compatible; Bytespider; spider-feedback@bytedance.com)"
185.216.113.70 - - [22/Apr/2026:12:14:48 +0300] "POST /wp-cron.php?doing_wp_cron=1776849288.1218309402465820312500 HTTP/1.1" 200 448 "-" "WordPress/6.3.8; https://serhatburke.miroglu.net"
98.98.197.186 - - [22/Apr/2026:12:14:27 +0300] "GET /greatest-online-casinos-inside-the-canada-secure-internet-sites-march-2026/ HTTP/1.1" 200 72672 "-" "Mozilla/5.0 (Windows NT 10.0; Win64; x64; rv:124.0) Gecko/20100101 Firefox/124.0"
165.73.240.122 - - [22/Apr/2026:12:14:29 +0300] "POST /xmlrpc.php HTTP/1.1" 200 16620 "-" "Mozilla/5.0 (Windows NT 10.0; Win64; x64) AppleWebKit/537.36 (KHTML, like Gecko) Chrome/114.0.0.0 Safari/537.36"
98.98.33.4 - - [22/Apr/2026:12:14:37 +0300] "POST /xmlrpc.php HTTP/1.1" 200 630 "-" "Mozilla/5.0 (Windows NT 10.0; Win64; x64) AppleWebKit/537.36 (KHTML, like Gecko) Chrome/114.0.0.0 Safari/537.36"
165.73.240.122 - - [22/Apr/2026:12:14:54 +0300] "GET /nouvelle-permet-de-opportune-via-petite-voiture-tentative-10t-offerts-gratification-pas-de-depot-billionairespin-1er-archive-jusqua-490/ HTTP/1.1" 200 79939 "-" "Mozilla/5.0 (Windows NT 10.0; Win64; x64) AppleWebKit/537.36 (KHTML, like Gecko) Chrome/109.0.0.0 Safari/537.36"
98.98.33.4 - - [22/Apr/2026:12:15:04 +0300] "POST /xmlrpc.php HTTP/1.1" 200 13440 "-" "Mozilla/5.0 (Windows NT 10.0; Win64; x64) AppleWebKit/537.36 (KHTML, like Gecko) Chrome/114.0.0.0 Safari/537.36"
98.98.33.4 - - [22/Apr/2026:12:15:17 +0300] "GET /thunderstruck-ii-harbors-opinion-liberated-to-play-gambling-enterprise-online-game/ HTTP/1.1" 200 75170 "-" "Mozilla/5.0 (Windows NT 10.0; rv:109.0) Gecko/20100101 Firefox/115.0"
185.216.113.70 - - [22/Apr/2026:12:16:46 +0300] "POST /wp-cron.php?doing_wp_cron=1776849406.2473709583282470703125 HTTP/1.1" 200 448 "-" "WordPress/6.3.8; https://serhatburke.miroglu.net"
84.200.80.218 - - [22/Apr/2026:12:16:33 +0300] "POST /xmlrpc.php HTTP/1.1" 200 145418 "-" "Mozilla/5.0 (Windows NT 10.0; Win64; x64) AppleWebKit/537.36 (KHTML, like Gecko) Chrome/80.0.3987.122 Safari/537.36 Edg/80.0.361.62"
212.34.148.156 - - [22/Apr/2026:12:16:37 +0300] "GET /zotabet-casino-bonus-premier-depot-2026/ HTTP/1.1" 200 18520 "-" "Mozilla/5.0 (compatible; Googlebot/2.1; +http://www.google.com/bot.html)"
84.200.80.218 - - [22/Apr/2026:12:16:46 +0300] "POST /xmlrpc.php HTTP/1.1" 200 486 "-" "Mozilla/5.0 (Windows NT 10.0; Win64; x64) AppleWebKit/537.36 (KHTML, like Gecko) Chrome/80.0.3987.122 Safari/537.36 Edg/80.0.361.62"
84.200.80.218 - - [22/Apr/2026:12:17:04 +0300] "POST /xmlrpc.php HTTP/1.1" 200 489 "-" "Mozilla/5.0 (Windows NT 10.0; Win64; x64) AppleWebKit/537.36 (KHTML, like Gecko) Chrome/80.0.3987.122 Safari/537.36 Edg/80.0.361.62"
185.216.113.70 - - [22/Apr/2026:12:17:27 +0300] "POST /wp-cron.php?doing_wp_cron=1776849447.7467100620269775390625 HTTP/1.1" 200 448 "-" "WordPress/6.3.8; https://serhatburke.miroglu.net"
84.200.80.218 - - [22/Apr/2026:12:17:16 +0300] "POST /xmlrpc.php HTTP/1.1" 200 365079 "-" "Mozilla/5.0 (Windows NT 10.0; Win64; x64) AppleWebKit/537.36 (KHTML, like Gecko) Chrome/80.0.3987.122 Safari/537.36 Edg/80.0.361.62"
98.98.197.186 - - [22/Apr/2026:12:17:37 +0300] "POST /xmlrpc.php HTTP/1.1" 200 630 "-" "Mozilla/5.0 (Windows NT 10.0; Win64; x64) AppleWebKit/537.36 (KHTML, like Gecko) Chrome/114.0.0.0 Safari/537.36"
98.98.197.186 - - [22/Apr/2026:12:17:59 +0300] "POST /xmlrpc.php HTTP/1.1" 200 11111 "-" "Mozilla/5.0 (Windows NT 10.0; Win64; x64) AppleWebKit/537.36 (KHTML, like Gecko) Chrome/114.0.0.0 Safari/537.36"
185.216.113.70 - - [22/Apr/2026:12:18:42 +0300] "POST /wp-cron.php?doing_wp_cron=1776849522.0386428833007812500000 HTTP/1.1" 200 448 "-" "WordPress/6.3.8; https://serhatburke.miroglu.net"
157.55.39.63 - - [22/Apr/2026:12:18:11 +0300] "GET /top-mr-resource/ HTTP/2" 200 17174 "-" "Mozilla/5.0 AppleWebKit/537.36 (KHTML, like Gecko; compatible; bingbot/2.0; +http://www.bing.com/bingbot.htm) Chrome/116.0.1938.76 Safari/537.36"
98.98.197.186 - - [22/Apr/2026:12:18:13 +0300] "GET /rating-one-hundred-k-100-percent-free-gold-coins/ HTTP/1.1" 200 71546 "-" "Mozilla/5.0 (Windows NT 10.0; Win64; x64; rv:125.0) Gecko/20100101 Firefox/125.0"
52.167.144.205 - - [22/Apr/2026:12:18:15 +0300] "GET /discovering-bscscan-the-premier-blockchain-explorer/ HTTP/2" 200 17286 "-" "Mozilla/5.0 AppleWebKit/537.36 (KHTML, like Gecko; compatible; bingbot/2.0; +http://www.bing.com/bingbot.htm) Chrome/116.0.1938.76 Safari/537.36"
52.167.144.189 - - [22/Apr/2026:12:18:16 +0300] "GET /obgleich-paypal-hohe-sicherheitsstandards-verlangt-sollen-zocker-auch-eigene-manahmen-schnappen/ HTTP/2" 200 17774 "-" "Mozilla/5.0 AppleWebKit/537.36 (KHTML, like Gecko; compatible; bingbot/2.0; +http://www.bing.com/bingbot.htm) Chrome/116.0.1938.76 Safari/537.36"
98.98.33.4 - - [22/Apr/2026:12:18:26 +0300] "POST /xmlrpc.php HTTP/1.1" 200 630 "-" "Mozilla/5.0 (Windows NT 10.0; Win64; x64) AppleWebKit/537.36 (KHTML, like Gecko) Chrome/114.0.0.0 Safari/537.36"
213.110.145.234 - - [22/Apr/2026:12:18:31 +0300] "GET /robots.txt HTTP/1.1" 200 642 "-" "Screaming Frog SEO Spider/23.2"
157.55.39.63 - - [22/Apr/2026:12:18:51 +0300] "GET /gratisspinn-attmed-registrering-uten-almisse-norge-2026/ HTTP/2" 200 17592 "-" "Mozilla/5.0 AppleWebKit/537.36 (KHTML, like Gecko; compatible; bingbot/2.0; +http://www.bing.com/bingbot.htm) Chrome/116.0.1938.76 Safari/537.36"
213.110.145.234 - - [22/Apr/2026:12:18:51 +0300] "GET /ufabet/ HTTP/1.1" 200 126402 "-" "Screaming Frog SEO Spider/23.2"
98.98.33.4 - - [22/Apr/2026:12:19:15 +0300] "POST /xmlrpc.php HTTP/1.1" 200 14221 "-" "Mozilla/5.0 (Windows NT 10.0; Win64; x64) AppleWebKit/537.36 (KHTML, like Gecko) Chrome/114.0.0.0 Safari/537.36"
185.216.113.70 - - [22/Apr/2026:12:19:40 +0300] "POST /wp-cron.php?doing_wp_cron=1776849580.7243919372558593750000 HTTP/1.1" 200 448 "-" "WordPress/6.3.8; https://serhatburke.miroglu.net"
98.98.33.4 - - [22/Apr/2026:12:19:29 +0300] "GET /eatery-casino-grows-no-deposit-bonus-offerings-nyc-today/ HTTP/1.1" 200 74987 "-" "Mozilla/5.0 (Windows NT 10.0; Win64; x64) AppleWebKit/537.36 (KHTML, like Gecko) Chrome/123.0.0.0 Safari/537.36"
185.216.113.70 - - [22/Apr/2026:12:21:06 +0300] "POST /wp-cron.php?doing_wp_cron=1776849666.4581840038299560546875 HTTP/1.1" 200 448 "-" "WordPress/6.3.8; https://serhatburke.miroglu.net"
128.1.218.166 - - [22/Apr/2026:12:20:48 +0300] "POST /xmlrpc.php HTTP/1.1" 200 630 "-" "Mozilla/5.0 (Windows NT 10.0; Win64; x64) AppleWebKit/537.36 (KHTML, like Gecko) Chrome/114.0.0.0 Safari/537.36"
128.1.218.166 - - [22/Apr/2026:12:21:13 +0300] "POST /xmlrpc.php HTTP/1.1" 200 11688 "-" "Mozilla/5.0 (Windows NT 10.0; Win64; x64) AppleWebKit/537.36 (KHTML, like Gecko) Chrome/114.0.0.0 Safari/537.36"
185.216.113.70 - - [22/Apr/2026:12:21:41 +0300] "POST /wp-cron.php?doing_wp_cron=1776849700.9855940341949462890625 HTTP/1.1" 200 448 "-" "WordPress/6.3.8; https://serhatburke.miroglu.net"
128.1.218.166 - - [22/Apr/2026:12:21:27 +0300] "GET /eye-of-horus-tricks-tipps-provision-enthullt-all-lucky-clovers-20-1-kaution-2026/ HTTP/1.1" 200 73417 "-" "Mozilla/5.0 (Windows NT 10.0; Win64; x64; rv:125.0) Gecko/20100101 Firefox/125.0"
185.216.113.70 - - [22/Apr/2026:12:21:54 +0300] "POST /wp-cron.php?doing_wp_cron=1776849714.3730370998382568359375 HTTP/1.1" 200 448 "-" "WordPress/6.3.8; https://serhatburke.miroglu.net"
98.98.197.186 - - [22/Apr/2026:12:21:40 +0300] "POST /xmlrpc.php HTTP/1.1" 200 630 "-" "Mozilla/5.0 (Windows NT 10.0; Win64; x64) AppleWebKit/537.36 (KHTML, like Gecko) Chrome/114.0.0.0 Safari/537.36"
216.73.217.140 - - [22/Apr/2026:12:21:54 +0300] "GET /unlock-top-benefits-with-bonus-code-gamblezen-casino-for-uk-players/ HTTP/2" 200 0 "-" "Mozilla/5.0 AppleWebKit/537.36 (KHTML, like Gecko; compatible; ClaudeBot/1.0; +claudebot@anthropic.com)"
216.73.217.140 - - [22/Apr/2026:12:21:54 +0300] "GET /quickwin-casino-opinie-i-bonusy-2026/ HTTP/2" 200 0 "-" "Mozilla/5.0 AppleWebKit/537.36 (KHTML, like Gecko; compatible; ClaudeBot/1.0; +claudebot@anthropic.com)"
98.98.197.186 - - [22/Apr/2026:12:22:01 +0300] "POST /xmlrpc.php HTTP/1.1" 200 11365 "-" "Mozilla/5.0 (Windows NT 10.0; Win64; x64) AppleWebKit/537.36 (KHTML, like Gecko) Chrome/114.0.0.0 Safari/537.36"
98.98.33.4 - - [22/Apr/2026:12:22:14 +0300] "POST /xmlrpc.php HTTP/1.1" 200 630 "-" "Mozilla/5.0 (Windows NT 10.0; Win64; x64) AppleWebKit/537.36 (KHTML, like Gecko) Chrome/114.0.0.0 Safari/537.36"
98.98.197.186 - - [22/Apr/2026:12:22:18 +0300] "GET /gamble-22900-100-percent-free-gambling-games-slots-zero-obtain/ HTTP/1.1" 200 72663 "-" "Mozilla/5.0 (Windows NT 10.0; Win64; x64) AppleWebKit/537.36 (KHTML, like Gecko) Chrome/124.0.0.0 Safari/537.36 Edg/124.0.0.0"
121.170.203.144 - - [22/Apr/2026:12:22:30 +0300] "GET /quickwin-casino-opinie-i-bonusy-2026/ HTTP/1.1" 200 18034 "https://serhatburke.miroglu.net/" "Mozilla/5.0 (X11; Linux x86_64) AppleWebKit/537.36 (KHTML, like Gecko) Chrome/142.0.0.0 Safari/537.36"
98.98.33.4 - - [22/Apr/2026:12:22:32 +0300] "POST /xmlrpc.php HTTP/1.1" 200 12592 "-" "Mozilla/5.0 (Windows NT 10.0; Win64; x64) AppleWebKit/537.36 (KHTML, like Gecko) Chrome/114.0.0.0 Safari/537.36"
185.216.113.70 - - [22/Apr/2026:12:22:58 +0300] "POST /wp-cron.php?doing_wp_cron=1776849778.2218120098114013671875 HTTP/1.1" 200 448 "-" "WordPress/6.3.8; https://serhatburke.miroglu.net"
185.216.113.70 - - [22/Apr/2026:12:22:58 +0300] "POST /wp-cron.php?doing_wp_cron=1776849778.3902390003204345703125 HTTP/1.1" 200 448 "-" "WordPress/6.3.8; https://serhatburke.miroglu.net"
121.170.203.144 - - [22/Apr/2026:12:22:46 +0300] "GET /?p=26951 HTTP/1.1" 301 663 "https://serhatburke.miroglu.net/quickwin-casino-opinie-i-bonusy-2026/" "Mozilla/5.0 (X11; Linux x86_64) AppleWebKit/537.36 (KHTML, like Gecko) Chrome/142.0.0.0 Safari/537.36"
98.98.33.4 - - [22/Apr/2026:12:22:46 +0300] "GET /greatest-no-deposit-extra-gambling-enterprises-2026-gamble-online-instead-of-investing/ HTTP/1.1" 200 74164 "-" "Mozilla/5.0 (Windows NT 10.0; Win64; x64; rv:125.0) Gecko/20100101 Firefox/125.0"
121.170.203.144 - - [22/Apr/2026:12:23:00 +0300] "GET /quickwin-casino-opinie-i-bonusy-2026/ HTTP/1.1" 200 18069 "https://serhatburke.miroglu.net/?p=26951" "Mozilla/5.0 (X11; Linux x86_64) AppleWebKit/537.36 (KHTML, like Gecko) Chrome/142.0.0.0 Safari/537.36"
185.216.113.70 - - [22/Apr/2026:12:23:50 +0300] "POST /wp-cron.php?doing_wp_cron=1776849830.2702860832214355468750 HTTP/1.1" 200 448 "-" "WordPress/6.3.8; https://serhatburke.miroglu.net"
35.224.168.243 - - [22/Apr/2026:12:23:38 +0300] "GET /wp-admin/options-reading.php HTTP/2" 302 0 "-" "Mozilla/5.0 (X11; Linux x86_64) AppleWebKit/537.36 (KHTML, like Gecko) HeadlessChrome/136.0.7103.25 Safari/537.36"
35.224.168.243 - - [22/Apr/2026:12:23:50 +0300] "GET /wp-login.php?redirect_to=https%3A%2F%2Fserhatburke.miroglu.net%2Fwp-admin%2Foptions-reading.php&reauth=1 HTTP/2" 200 3117 "-" "Mozilla/5.0 (X11; Linux x86_64) AppleWebKit/537.36 (KHTML, like Gecko) HeadlessChrome/136.0.7103.25 Safari/537.36"
35.224.168.243 - - [22/Apr/2026:12:24:03 +0300] "GET /wp-includes/css/dashicons.min.css?ver=6.3.8 HTTP/2" 200 35110 "https://serhatburke.miroglu.net/wp-login.php?redirect_to=https%3A%2F%2Fserhatburke.miroglu.net%2Fwp-admin%2Foptions-reading.php&reauth=1" "Mozilla/5.0 (X11; Linux x86_64) AppleWebKit/537.36 (KHTML, like Gecko) HeadlessChrome/136.0.7103.25 Safari/537.36"
35.224.168.243 - - [22/Apr/2026:12:24:03 +0300] "GET /wp-includes/css/buttons.min.css?ver=6.3.8 HTTP/2" 200 1255 "https://serhatburke.miroglu.net/wp-login.php?redirect_to=https%3A%2F%2Fserhatburke.miroglu.net%2Fwp-admin%2Foptions-reading.php&reauth=1" "Mozilla/5.0 (X11; Linux x86_64) AppleWebKit/537.36 (KHTML, like Gecko) HeadlessChrome/136.0.7103.25 Safari/537.36"
35.224.168.243 - - [22/Apr/2026:12:24:03 +0300] "GET /wp-admin/css/forms.min.css?ver=6.3.8 HTTP/2" 200 6209 "https://serhatburke.miroglu.net/wp-login.php?redirect_to=https%3A%2F%2Fserhatburke.miroglu.net%2Fwp-admin%2Foptions-reading.php&reauth=1" "Mozilla/5.0 (X11; Linux x86_64) AppleWebKit/537.36 (KHTML, like Gecko) HeadlessChrome/136.0.7103.25 Safari/537.36"
35.224.168.243 - - [22/Apr/2026:12:24:03 +0300] "GET /wp-admin/css/l10n.min.css?ver=6.3.8 HTTP/2" 200 596 "https://serhatburke.miroglu.net/wp-login.php?redirect_to=https%3A%2F%2Fserhatburke.miroglu.net%2Fwp-admin%2Foptions-reading.php&reauth=1" "Mozilla/5.0 (X11; Linux x86_64) AppleWebKit/537.36 (KHTML, like Gecko) HeadlessChrome/136.0.7103.25 Safari/537.36"
35.224.168.243 - - [22/Apr/2026:12:24:03 +0300] "GET /wp-admin/css/login.min.css?ver=6.3.8 HTTP/2" 200 1948 "https://serhatburke.miroglu.net/wp-login.php?redirect_to=https%3A%2F%2Fserhatburke.miroglu.net%2Fwp-admin%2Foptions-reading.php&reauth=1" "Mozilla/5.0 (X11; Linux x86_64) AppleWebKit/537.36 (KHTML, like Gecko) HeadlessChrome/136.0.7103.25 Safari/537.36"
35.224.168.243 - - [22/Apr/2026:12:24:03 +0300] "GET /wp-includes/js/jquery/jquery.min.js?ver=3.7.0 HTTP/2" 200 29712 "https://serhatburke.miroglu.net/wp-login.php?redirect_to=https%3A%2F%2Fserhatburke.miroglu.net%2Fwp-admin%2Foptions-reading.php&reauth=1" "Mozilla/5.0 (X11; Linux x86_64) AppleWebKit/537.36 (KHTML, like Gecko) HeadlessChrome/136.0.7103.25 Safari/537.36"
35.224.168.243 - - [22/Apr/2026:12:24:03 +0300] "GET /wp-includes/js/jquery/jquery-migrate.min.js?ver=3.4.1 HTTP/2" 200 4678 "https://serhatburke.miroglu.net/wp-login.php?redirect_to=https%3A%2F%2Fserhatburke.miroglu.net%2Fwp-admin%2Foptions-reading.php&reauth=1" "Mozilla/5.0 (X11; Linux x86_64) AppleWebKit/537.36 (KHTML, like Gecko) HeadlessChrome/136.0.7103.25 Safari/537.36"
35.224.168.243 - - [22/Apr/2026:12:24:03 +0300] "GET /wp-includes/js/zxcvbn-async.min.js?ver=1.0 HTTP/2" 200 187 "https://serhatburke.miroglu.net/wp-login.php?redirect_to=https%3A%2F%2Fserhatburke.miroglu.net%2Fwp-admin%2Foptions-reading.php&reauth=1" "Mozilla/5.0 (X11; Linux x86_64) AppleWebKit/537.36 (KHTML, like Gecko) HeadlessChrome/136.0.7103.25 Safari/537.36"
35.224.168.243 - - [22/Apr/2026:12:24:03 +0300] "GET /wp-includes/js/dist/vendor/wp-polyfill-inert.min.js?ver=3.1.2 HTTP/2" 200 2320 "https://serhatburke.miroglu.net/wp-login.php?redirect_to=https%3A%2F%2Fserhatburke.miroglu.net%2Fwp-admin%2Foptions-reading.php&reauth=1" "Mozilla/5.0 (X11; Linux x86_64) AppleWebKit/537.36 (KHTML, like Gecko) HeadlessChrome/136.0.7103.25 Safari/537.36"
35.224.168.243 - - [22/Apr/2026:12:24:03 +0300] "GET /wp-includes/js/dist/vendor/regenerator-runtime.min.js?ver=0.13.11 HTTP/2" 200 2398 "https://serhatburke.miroglu.net/wp-login.php?redirect_to=https%3A%2F%2Fserhatburke.miroglu.net%2Fwp-admin%2Foptions-reading.php&reauth=1" "Mozilla/5.0 (X11; Linux x86_64) AppleWebKit/537.36 (KHTML, like Gecko) HeadlessChrome/136.0.7103.25 Safari/537.36"
35.224.168.243 - - [22/Apr/2026:12:24:03 +0300] "GET /wp-includes/js/dist/vendor/wp-polyfill.min.js?ver=3.15.0 HTTP/2" 200 5718 "https://serhatburke.miroglu.net/wp-login.php?redirect_to=https%3A%2F%2Fserhatburke.miroglu.net%2Fwp-admin%2Foptions-reading.php&reauth=1" "Mozilla/5.0 (X11; Linux x86_64) AppleWebKit/537.36 (KHTML, like Gecko) HeadlessChrome/136.0.7103.25 Safari/537.36"
35.224.168.243 - - [22/Apr/2026:12:24:03 +0300] "GET /wp-includes/js/dist/hooks.min.js?ver=c6aec9a8d4e5a5d543a1 HTTP/2" 200 1486 "https://serhatburke.miroglu.net/wp-login.php?redirect_to=https%3A%2F%2Fserhatburke.miroglu.net%2Fwp-admin%2Foptions-reading.php&reauth=1" "Mozilla/5.0 (X11; Linux x86_64) AppleWebKit/537.36 (KHTML, like Gecko) HeadlessChrome/136.0.7103.25 Safari/537.36"
35.224.168.243 - - [22/Apr/2026:12:24:03 +0300] "GET /wp-includes/js/dist/i18n.min.js?ver=7701b0c3857f914212ef HTTP/2" 200 3568 "https://serhatburke.miroglu.net/wp-login.php?redirect_to=https%3A%2F%2Fserhatburke.miroglu.net%2Fwp-admin%2Foptions-reading.php&reauth=1" "Mozilla/5.0 (X11; Linux x86_64) AppleWebKit/537.36 (KHTML, like Gecko) HeadlessChrome/136.0.7103.25 Safari/537.36"
35.224.168.243 - - [22/Apr/2026:12:24:03 +0300] "GET /wp-admin/js/password-strength-meter.min.js?ver=6.3.8 HTTP/2" 200 558 "https://serhatburke.miroglu.net/wp-login.php?redirect_to=https%3A%2F%2Fserhatburke.miroglu.net%2Fwp-admin%2Foptions-reading.php&reauth=1" "Mozilla/5.0 (X11; Linux x86_64) AppleWebKit/537.36 (KHTML, like Gecko) HeadlessChrome/136.0.7103.25 Safari/537.36"
35.224.168.243 - - [22/Apr/2026:12:24:03 +0300] "GET /wp-includes/js/underscore.min.js?ver=1.13.4 HTTP/2" 200 7179 "https://serhatburke.miroglu.net/wp-login.php?redirect_to=https%3A%2F%2Fserhatburke.miroglu.net%2Fwp-admin%2Foptions-reading.php&reauth=1" "Mozilla/5.0 (X11; Linux x86_64) AppleWebKit/537.36 (KHTML, like Gecko) HeadlessChrome/136.0.7103.25 Safari/537.36"
35.224.168.243 - - [22/Apr/2026:12:24:03 +0300] "GET /wp-includes/js/wp-util.min.js?ver=6.3.8 HTTP/2" 200 693 "https://serhatburke.miroglu.net/wp-login.php?redirect_to=https%3A%2F%2Fserhatburke.miroglu.net%2Fwp-admin%2Foptions-reading.php&reauth=1" "Mozilla/5.0 (X11; Linux x86_64) AppleWebKit/537.36 (KHTML, like Gecko) HeadlessChrome/136.0.7103.25 Safari/537.36"
35.224.168.243 - - [22/Apr/2026:12:24:03 +0300] "GET /wp-admin/js/user-profile.min.js?ver=6.3.8 HTTP/2" 200 2150 "https://serhatburke.miroglu.net/wp-login.php?redirect_to=https%3A%2F%2Fserhatburke.miroglu.net%2Fwp-admin%2Foptions-reading.php&reauth=1" "Mozilla/5.0 (X11; Linux x86_64) AppleWebKit/537.36 (KHTML, like Gecko) HeadlessChrome/136.0.7103.25 Safari/537.36"
35.224.168.243 - - [22/Apr/2026:12:24:03 +0300] "GET /wp-admin/images/wordpress-logo.svg?ver=20131107 HTTP/2" 200 759 "https://serhatburke.miroglu.net/wp-admin/css/login.min.css?ver=6.3.8" "Mozilla/5.0 (X11; Linux x86_64) AppleWebKit/537.36 (KHTML, like Gecko) HeadlessChrome/136.0.7103.25 Safari/537.36"
35.224.168.243 - - [22/Apr/2026:12:24:03 +0300] "GET /wp-includes/js/zxcvbn.min.js HTTP/2" 200 389493 "https://serhatburke.miroglu.net/wp-login.php?redirect_to=https%3A%2F%2Fserhatburke.miroglu.net%2Fwp-admin%2Foptions-reading.php&reauth=1" "Mozilla/5.0 (X11; Linux x86_64) AppleWebKit/537.36 (KHTML, like Gecko) HeadlessChrome/136.0.7103.25 Safari/537.36"
35.224.168.243 - - [22/Apr/2026:12:24:03 +0300] "POST /wp-login.php HTTP/2" 302 0 "https://serhatburke.miroglu.net/wp-login.php?redirect_to=https%3A%2F%2Fserhatburke.miroglu.net%2Fwp-admin%2Foptions-reading.php&reauth=1" "Mozilla/5.0 (X11; Linux x86_64) AppleWebKit/537.36 (KHTML, like Gecko) HeadlessChrome/136.0.7103.25 Safari/537.36"
35.224.168.243 - - [22/Apr/2026:12:24:15 +0300] "GET /wp-admin/options-reading.php HTTP/2" 200 113645 "https://serhatburke.miroglu.net/wp-login.php?redirect_to=https%3A%2F%2Fserhatburke.miroglu.net%2Fwp-admin%2Foptions-reading.php&reauth=1" "Mozilla/5.0 (X11; Linux x86_64) AppleWebKit/537.36 (KHTML, like Gecko) HeadlessChrome/136.0.7103.25 Safari/537.36"
35.224.168.243 - - [22/Apr/2026:12:24:28 +0300] "GET /wp-content/plugins/all-in-one-seo-pack/dist/Lite/assets/css/main.2ac0cc67.css?ver=4.4.4 HTTP/2" 200 271 "https://serhatburke.miroglu.net/wp-admin/options-reading.php" "Mozilla/5.0 (X11; Linux x86_64) AppleWebKit/537.36 (KHTML, like Gecko) HeadlessChrome/136.0.7103.25 Safari/537.36"
35.224.168.243 - - [22/Apr/2026:12:24:28 +0300] "GET /wp-content/plugins/all-in-one-seo-pack/dist/Lite/assets/css/main.0ab815b6.css?ver=4.4.4 HTTP/2" 200 5345 "https://serhatburke.miroglu.net/wp-admin/options-reading.php" "Mozilla/5.0 (X11; Linux x86_64) AppleWebKit/537.36 (KHTML, like Gecko) HeadlessChrome/136.0.7103.25 Safari/537.36"
35.224.168.243 - - [22/Apr/2026:12:24:28 +0300] "GET /wp-content/plugins/wp-file-manager/css/fm_common.css?ver=6.3.8 HTTP/2" 200 153 "https://serhatburke.miroglu.net/wp-admin/options-reading.php" "Mozilla/5.0 (X11; Linux x86_64) AppleWebKit/537.36 (KHTML, like Gecko) HeadlessChrome/136.0.7103.25 Safari/537.36"
35.224.168.243 - - [22/Apr/2026:12:24:28 +0300] "GET /wp-content/plugins/google-analytics-for-wordpress/assets/css/admin-common.min.css?ver=10.1.2 HTTP/2" 200 409 "https://serhatburke.miroglu.net/wp-admin/options-reading.php" "Mozilla/5.0 (X11; Linux x86_64) AppleWebKit/537.36 (KHTML, like Gecko) HeadlessChrome/136.0.7103.25 Safari/537.36"
35.224.168.243 - - [22/Apr/2026:12:24:28 +0300] "GET /wp-content/plugins/google-analytics-for-wordpress/lite/assets/vue/css/admin.css?ver=10.1.2 HTTP/2" 200 362 "https://serhatburke.miroglu.net/wp-admin/options-reading.php" "Mozilla/5.0 (X11; Linux x86_64) AppleWebKit/537.36 (KHTML, like Gecko) HeadlessChrome/136.0.7103.25 Safari/537.36"
35.224.168.243 - - [22/Apr/2026:12:24:28 +0300] "GET /wp-content/plugins/google-analytics-for-wordpress/assets/css/admin-metabox-sitenotes.css?ver=10.1.2 HTTP/2" 200 176 "https://serhatburke.miroglu.net/wp-admin/options-reading.php" "Mozilla/5.0 (X11; Linux x86_64) AppleWebKit/537.36 (KHTML, like Gecko) HeadlessChrome/136.0.7103.25 Safari/537.36"
35.224.168.243 - - [22/Apr/2026:12:24:28 +0300] "GET /wp-content/themes/toppic/css/meta-style.css?ver=4.2 HTTP/2" 200 979 "https://serhatburke.miroglu.net/wp-admin/options-reading.php" "Mozilla/5.0 (X11; Linux x86_64) AppleWebKit/537.36 (KHTML, like Gecko) HeadlessChrome/136.0.7103.25 Safari/537.36"
35.224.168.243 - - [22/Apr/2026:12:24:28 +0300] "GET /wp-admin/load-styles.php?c=1&dir=ltr&load%5Bchunk_0%5D=dashicons,admin-bar,common,forms,admin-menu,dashboard,list-tables,edit,revisions,media,themes,about,nav-menus,wp-pointer,widgets&load%5Bchunk_1%5D=,site-icon,l10n,buttons,wp-auth-check&ver=6.3.8 HTTP/2" 200 101668 "https://serhatburke.miroglu.net/wp-admin/options-reading.php" "Mozilla/5.0 (X11; Linux x86_64) AppleWebKit/537.36 (KHTML, like Gecko) HeadlessChrome/136.0.7103.25 Safari/537.36"
35.224.168.243 - - [22/Apr/2026:12:24:28 +0300] "GET /wp-content/plugins/wpforms-lite/assets/css/admin-bar.min.css?ver=1.8.3.1 HTTP/2" 200 397 "https://serhatburke.miroglu.net/wp-admin/options-reading.php" "Mozilla/5.0 (X11; Linux x86_64) AppleWebKit/537.36 (KHTML, like Gecko) HeadlessChrome/136.0.7103.25 Safari/537.36"
35.224.168.243 - - [22/Apr/2026:12:24:28 +0300] "GET /wp-content/plugins/google-analytics-for-wordpress/assets/js/admin-metabox-sitenotes.js?ver=10.1.2 HTTP/2" 200 277 "https://serhatburke.miroglu.net/wp-admin/options-reading.php" "Mozilla/5.0 (X11; Linux x86_64) AppleWebKit/537.36 (KHTML, like Gecko) HeadlessChrome/136.0.7103.25 Safari/537.36"
35.224.168.243 - - [22/Apr/2026:12:24:28 +0300] "GET /wp-content/plugins/all-in-one-seo-pack/dist/Lite/assets/js/_plugin-vue_export-helper.b97bdf23.js HTTP/2" 200 212 "https://serhatburke.miroglu.net/wp-admin/options-reading.php" "Mozilla/5.0 (X11; Linux x86_64) AppleWebKit/537.36 (KHTML, like Gecko) HeadlessChrome/136.0.7103.25 Safari/537.36"
35.224.168.243 - - [22/Apr/2026:12:24:28 +0300] "GET /wp-content/plugins/all-in-one-seo-pack/dist/Lite/assets/js/vue.runtime.esm-bundler.b39e1078.js HTTP/2" 200 39772 "https://serhatburke.miroglu.net/wp-admin/options-reading.php" "Mozilla/5.0 (X11; Linux x86_64) AppleWebKit/537.36 (KHTML, like Gecko) HeadlessChrome/136.0.7103.25 Safari/537.36"
35.224.168.243 - - [22/Apr/2026:12:24:28 +0300] "GET /wp-content/plugins/all-in-one-seo-pack/dist/Lite/assets/js/links.23796d97.js HTTP/2" 200 46535 "https://serhatburke.miroglu.net/wp-admin/options-reading.php" "Mozilla/5.0 (X11; Linux x86_64) AppleWebKit/537.36 (KHTML, like Gecko) HeadlessChrome/136.0.7103.25 Safari/537.36"
35.224.168.243 - - [22/Apr/2026:12:24:28 +0300] "GET /wp-content/plugins/all-in-one-seo-pack/dist/Lite/assets/js/translations.6e7b2383.js HTTP/2" 200 339 "https://serhatburke.miroglu.net/wp-admin/options-reading.php" "Mozilla/5.0 (X11; Linux x86_64) AppleWebKit/537.36 (KHTML, like Gecko) HeadlessChrome/136.0.7103.25 Safari/537.36"
35.224.168.243 - - [22/Apr/2026:12:24:28 +0300] "GET /wp-content/plugins/all-in-one-seo-pack/dist/Lite/assets/js/default-i18n.3881921e.js HTTP/2" 200 4578 "https://serhatburke.miroglu.net/wp-admin/options-reading.php" "Mozilla/5.0 (X11; Linux x86_64) AppleWebKit/537.36 (KHTML, like Gecko) HeadlessChrome/136.0.7103.25 Safari/537.36"
35.224.168.243 - - [22/Apr/2026:12:24:28 +0300] "GET /wp-content/plugins/all-in-one-seo-pack/dist/Lite/assets/js/isArrayLikeObject.22a096cb.js HTTP/2" 200 14929 "https://serhatburke.miroglu.net/wp-admin/options-reading.php" "Mozilla/5.0 (X11; Linux x86_64) AppleWebKit/537.36 (KHTML, like Gecko) HeadlessChrome/136.0.7103.25 Safari/537.36"
35.224.168.243 - - [22/Apr/2026:12:24:28 +0300] "GET /wp-admin/load-scripts.php?c=1&load%5Bchunk_0%5D=jquery-core,jquery-migrate,utils&ver=6.3.8 HTTP/2" 200 36164 "https://serhatburke.miroglu.net/wp-admin/options-reading.php" "Mozilla/5.0 (X11; Linux x86_64) AppleWebKit/537.36 (KHTML, like Gecko) HeadlessChrome/136.0.7103.25 Safari/537.36"
35.224.168.243 - - [22/Apr/2026:12:24:28 +0300] "GET /wp-content/plugins/all-in-one-seo-pack/dist/Lite/assets/notifications.e3899576.js?ver=4.4.4 HTTP/2" 200 688 "https://serhatburke.miroglu.net/wp-admin/options-reading.php" "Mozilla/5.0 (X11; Linux x86_64) AppleWebKit/537.36 (KHTML, like Gecko) HeadlessChrome/136.0.7103.25 Safari/537.36"
35.224.168.243 - - [22/Apr/2026:12:24:28 +0300] "GET /wp-content/plugins/all-in-one-seo-pack/dist/Lite/assets/app.7d8c6b04.js?ver=4.4.4 HTTP/2" 200 456 "https://serhatburke.miroglu.net/wp-admin/options-reading.php" "Mozilla/5.0 (X11; Linux x86_64) AppleWebKit/537.36 (KHTML, like Gecko) HeadlessChrome/136.0.7103.25 Safari/537.36"
35.224.168.243 - - [22/Apr/2026:12:24:28 +0300] "GET /wp-content/plugins/js_composer/assets/vc/logo/wpb-logo-white_32.svg HTTP/2" 200 713 "https://serhatburke.miroglu.net/wp-admin/options-reading.php" "Mozilla/5.0 (X11; Linux x86_64) AppleWebKit/537.36 (KHTML, like Gecko) HeadlessChrome/136.0.7103.25 Safari/537.36"
35.224.168.243 - - [22/Apr/2026:12:24:28 +0300] "GET /wp-content/plugins/wp-file-manager/images/wp_file_manager.svg HTTP/2" 200 1199 "https://serhatburke.miroglu.net/wp-admin/options-reading.php" "Mozilla/5.0 (X11; Linux x86_64) AppleWebKit/537.36 (KHTML, like Gecko) HeadlessChrome/136.0.7103.25 Safari/537.36"
35.224.168.243 - - [22/Apr/2026:12:24:28 +0300] "GET /wp-content/plugins/google-analytics-for-wordpress/assets/images/monsterinsights-notice-box-logo.svg HTTP/2" 200 6163 "https://serhatburke.miroglu.net/wp-admin/options-reading.php" "Mozilla/5.0 (X11; Linux x86_64) AppleWebKit/537.36 (KHTML, like Gecko) HeadlessChrome/136.0.7103.25 Safari/537.36"
35.224.168.243 - - [22/Apr/2026:12:24:29 +0300] "GET /wp-admin/js/common.min.js?ver=6.3.8 HTTP/2" 200 6355 "https://serhatburke.miroglu.net/wp-admin/options-reading.php" "Mozilla/5.0 (X11; Linux x86_64) AppleWebKit/537.36 (KHTML, like Gecko) HeadlessChrome/136.0.7103.25 Safari/537.36"
35.224.168.243 - - [22/Apr/2026:12:24:29 +0300] "GET /wp-includes/js/hoverintent-js.min.js?ver=2.2.1 HTTP/2" 200 665 "https://serhatburke.miroglu.net/wp-admin/options-reading.php" "Mozilla/5.0 (X11; Linux x86_64) AppleWebKit/537.36 (KHTML, like Gecko) HeadlessChrome/136.0.7103.25 Safari/537.36"
35.224.168.243 - - [22/Apr/2026:12:24:29 +0300] "GET /wp-includes/js/admin-bar.min.js?ver=6.3.8 HTTP/2" 200 1264 "https://serhatburke.miroglu.net/wp-admin/options-reading.php" "Mozilla/5.0 (X11; Linux x86_64) AppleWebKit/537.36 (KHTML, like Gecko) HeadlessChrome/136.0.7103.25 Safari/537.36"
35.224.168.243 - - [22/Apr/2026:12:24:29 +0300] "GET /wp-admin/js/svg-painter.js?ver=6.3.8 HTTP/2" 200 1971 "https://serhatburke.miroglu.net/wp-admin/options-reading.php" "Mozilla/5.0 (X11; Linux x86_64) AppleWebKit/537.36 (KHTML, like Gecko) HeadlessChrome/136.0.7103.25 Safari/537.36"
35.224.168.243 - - [22/Apr/2026:12:24:29 +0300] "GET /wp-admin/load-scripts.php?c=1&load%5Bchunk_0%5D=hoverIntent,wp-polyfill-inert,regenerator-runtime,wp-polyfill,wp-hooks&ver=6.3.8 HTTP/2" 200 12561 "https://serhatburke.miroglu.net/wp-admin/options-reading.php" "Mozilla/5.0 (X11; Linux x86_64) AppleWebKit/537.36 (KHTML, like Gecko) HeadlessChrome/136.0.7103.25 Safari/537.36"
35.224.168.243 - - [22/Apr/2026:12:24:29 +0300] "GET /wp-includes/js/heartbeat.min.js?ver=6.3.8 HTTP/2" 200 1925 "https://serhatburke.miroglu.net/wp-admin/options-reading.php" "Mozilla/5.0 (X11; Linux x86_64) AppleWebKit/537.36 (KHTML, like Gecko) HeadlessChrome/136.0.7103.25 Safari/537.36"
35.224.168.243 - - [22/Apr/2026:12:24:29 +0300] "GET /wp-includes/js/wp-auth-check.min.js?ver=6.3.8 HTTP/2" 200 691 "https://serhatburke.miroglu.net/wp-admin/options-reading.php" "Mozilla/5.0 (X11; Linux x86_64) AppleWebKit/537.36 (KHTML, like Gecko) HeadlessChrome/136.0.7103.25 Safari/537.36"
35.224.168.243 - - [22/Apr/2026:12:24:29 +0300] "GET /wp-content/plugins/google-analytics-for-wordpress/assets/js/admin-common.min.js?ver=10.1.2 HTTP/2" 200 513 "https://serhatburke.miroglu.net/wp-admin/options-reading.php" "Mozilla/5.0 (X11; Linux x86_64) AppleWebKit/537.36 (KHTML, like Gecko) HeadlessChrome/136.0.7103.25 Safari/537.36"
35.224.168.243 - - [22/Apr/2026:12:24:29 +0300] "GET /wp-content/plugins/google-analytics-for-wordpress/assets/js/admin-setup-wizard.js?ver=10.1.2 HTTP/2" 200 738 "https://serhatburke.miroglu.net/wp-admin/options-reading.php" "Mozilla/5.0 (X11; Linux x86_64) AppleWebKit/537.36 (KHTML, like Gecko) HeadlessChrome/136.0.7103.25 Safari/537.36"
185.216.113.70 - - [22/Apr/2026:12:24:41 +0300] "POST /wp-cron.php?doing_wp_cron=1776849881.0827710628509521484375 HTTP/1.1" 200 448 "-" "WordPress/6.3.8; https://serhatburke.miroglu.net"
35.224.168.243 - - [22/Apr/2026:12:24:42 +0300] "GET /wp-includes/js/mediaelement/mediaelementplayer-legacy.min.css?ver=4.2.17 HTTP/2" 200 2394 "https://serhatburke.miroglu.net/wp-admin/post.php?post=2740&action=edit" "Mozilla/5.0 (X11; Linux x86_64) AppleWebKit/537.36 (KHTML, like Gecko) HeadlessChrome/136.0.7103.25 Safari/537.36"
35.224.168.243 - - [22/Apr/2026:12:24:42 +0300] "GET /wp-includes/js/mediaelement/wp-mediaelement.min.css?ver=6.3.8 HTTP/2" 200 982 "https://serhatburke.miroglu.net/wp-admin/post.php?post=2740&action=edit" "Mozilla/5.0 (X11; Linux x86_64) AppleWebKit/537.36 (KHTML, like Gecko) HeadlessChrome/136.0.7103.25 Safari/537.36"
35.224.168.243 - - [22/Apr/2026:12:24:42 +0300] "GET /wp-includes/js/imgareaselect/imgareaselect.css?ver=0.9.8 HTTP/2" 200 215 "https://serhatburke.miroglu.net/wp-admin/post.php?post=2740&action=edit" "Mozilla/5.0 (X11; Linux x86_64) AppleWebKit/537.36 (KHTML, like Gecko) HeadlessChrome/136.0.7103.25 Safari/537.36"
35.224.168.243 - - [22/Apr/2026:12:24:42 +0300] "GET /wp-content/plugins/wpforms-lite/assets/css/admin-integrations.min.css?ver=1.8.3.1 HTTP/2" 200 4145 "https://serhatburke.miroglu.net/wp-admin/post.php?post=2740&action=edit" "Mozilla/5.0 (X11; Linux x86_64) AppleWebKit/537.36 (KHTML, like Gecko) HeadlessChrome/136.0.7103.25 Safari/537.36"
35.224.168.243 - - [22/Apr/2026:12:24:42 +0300] "GET /wp-content/plugins/wpforms-lite/assets/css/frontend/modern/wpforms-full.min.css?ver=1.8.3.1 HTTP/2" 200 10003 "https://serhatburke.miroglu.net/wp-admin/post.php?post=2740&action=edit" "Mozilla/5.0 (X11; Linux x86_64) AppleWebKit/537.36 (KHTML, like Gecko) HeadlessChrome/136.0.7103.25 Safari/537.36"
35.224.168.243 - - [22/Apr/2026:12:24:42 +0300] "GET /wp-content/plugins/all-in-one-seo-pack/dist/Lite/assets/css/main.b143f638.css?ver=4.4.4 HTTP/2" 200 3224 "https://serhatburke.miroglu.net/wp-admin/post.php?post=2740&action=edit" "Mozilla/5.0 (X11; Linux x86_64) AppleWebKit/537.36 (KHTML, like Gecko) HeadlessChrome/136.0.7103.25 Safari/537.36"
35.224.168.243 - - [22/Apr/2026:12:24:42 +0300] "GET /wp-content/plugins/google-analytics-for-wordpress/assets/gutenberg/css/editor.css?ver=10.1.2 HTTP/2" 200 7338 "https://serhatburke.miroglu.net/wp-admin/post.php?post=2740&action=edit" "Mozilla/5.0 (X11; Linux x86_64) AppleWebKit/537.36 (KHTML, like Gecko) HeadlessChrome/136.0.7103.25 Safari/537.36"
35.224.168.243 - - [22/Apr/2026:12:24:42 +0300] "GET /wp-content/plugins/all-in-one-seo-pack/dist/Lite/assets//link-format/link-format-block.css?ver=4.4.4 HTTP/2" 200 504 "https://serhatburke.miroglu.net/wp-admin/post.php?post=2740&action=edit" "Mozilla/5.0 (X11; Linux x86_64) AppleWebKit/537.36 (KHTML, like Gecko) HeadlessChrome/136.0.7103.25 Safari/537.36"
35.224.168.243 - - [22/Apr/2026:12:24:42 +0300] "GET /wp-content/themes/toppic/css/gutenberg-style.css?ver=4.2 HTTP/2" 200 2348 "https://serhatburke.miroglu.net/wp-admin/post.php?post=2740&action=edit" "Mozilla/5.0 (X11; Linux x86_64) AppleWebKit/537.36 (KHTML, like Gecko) HeadlessChrome/136.0.7103.25 Safari/537.36"
35.224.168.243 - - [22/Apr/2026:12:24:42 +0300] "GET /wp-content/plugins/all-in-one-seo-pack/dist/Lite/assets/css/main.4c7e386f.css?ver=4.4.4 HTTP/2" 200 2583 "https://serhatburke.miroglu.net/wp-admin/post.php?post=2740&action=edit" "Mozilla/5.0 (X11; Linux x86_64) AppleWebKit/537.36 (KHTML, like Gecko) HeadlessChrome/136.0.7103.25 Safari/537.36"
35.224.168.243 - - [22/Apr/2026:12:24:42 +0300] "GET /wp-content/plugins/all-in-one-seo-pack/dist/Lite/assets/css/Row.d88b2bb9.css?ver=4.4.4 HTTP/2" 200 2005 "https://serhatburke.miroglu.net/wp-admin/post.php?post=2740&action=edit" "Mozilla/5.0 (X11; Linux x86_64) AppleWebKit/537.36 (KHTML, like Gecko) HeadlessChrome/136.0.7103.25 Safari/537.36"
35.224.168.243 - - [22/Apr/2026:12:24:42 +0300] "GET /wp-content/plugins/all-in-one-seo-pack/dist/Lite/assets/css/Index.05ebc121.css?ver=4.4.4 HTTP/2" 200 1148 "https://serhatburke.miroglu.net/wp-admin/post.php?post=2740&action=edit" "Mozilla/5.0 (X11; Linux x86_64) AppleWebKit/537.36 (KHTML, like Gecko) HeadlessChrome/136.0.7103.25 Safari/537.36"
35.224.168.243 - - [22/Apr/2026:12:24:42 +0300] "GET /wp-content/plugins/all-in-one-seo-pack/dist/Lite/assets/css/Index.518f837a.css?ver=4.4.4 HTTP/2" 200 857 "https://serhatburke.miroglu.net/wp-admin/post.php?post=2740&action=edit" "Mozilla/5.0 (X11; Linux x86_64) AppleWebKit/537.36 (KHTML, like Gecko) HeadlessChrome/136.0.7103.25 Safari/537.36"
35.224.168.243 - - [22/Apr/2026:12:24:42 +0300] "GET /wp-content/plugins/all-in-one-seo-pack/dist/Lite/assets/css/blocks-editor.ff3c2caf.css?ver=4.4.4 HTTP/2" 200 313 "https://serhatburke.miroglu.net/wp-admin/post.php?post=2740&action=edit" "Mozilla/5.0 (X11; Linux x86_64) AppleWebKit/537.36 (KHTML, like Gecko) HeadlessChrome/136.0.7103.25 Safari/537.36"
35.224.168.243 - - [22/Apr/2026:12:24:42 +0300] "GET /wp-content/plugins/wpforms-lite/assets/css/choices.min.css?ver=9.0.1 HTTP/2" 200 2073 "https://serhatburke.miroglu.net/wp-admin/post.php?post=2740&action=edit" "Mozilla/5.0 (X11; Linux x86_64) AppleWebKit/537.36 (KHTML, like Gecko) HeadlessChrome/136.0.7103.25 Safari/537.36"
35.224.168.243 - - [22/Apr/2026:12:24:42 +0300] "GET /wp-content/plugins/all-in-one-seo-pack/dist/Lite/assets/css/index.f13cbef6.css?ver=4.4.4 HTTP/2" 200 3697 "https://serhatburke.miroglu.net/wp-admin/post.php?post=2740&action=edit" "Mozilla/5.0 (X11; Linux x86_64) AppleWebKit/537.36 (KHTML, like Gecko) HeadlessChrome/136.0.7103.25 Safari/537.36"
35.224.168.243 - - [22/Apr/2026:12:24:42 +0300] "GET /wp-content/plugins/all-in-one-seo-pack/dist/Lite/assets/css/App.4ec331f1.css?ver=4.4.4 HTTP/2" 200 9588 "https://serhatburke.miroglu.net/wp-admin/post.php?post=2740&action=edit" "Mozilla/5.0 (X11; Linux x86_64) AppleWebKit/537.36 (KHTML, like Gecko) HeadlessChrome/136.0.7103.25 Safari/537.36"
35.224.168.243 - - [22/Apr/2026:12:24:42 +0300] "GET /wp-content/plugins/all-in-one-seo-pack/dist/Lite/assets/css/main.354fe50d.css?ver=4.4.4 HTTP/2" 200 2132 "https://serhatburke.miroglu.net/wp-admin/post.php?post=2740&action=edit" "Mozilla/5.0 (X11; Linux x86_64) AppleWebKit/537.36 (KHTML, like Gecko) HeadlessChrome/136.0.7103.25 Safari/537.36"
35.224.168.243 - - [22/Apr/2026:12:24:42 +0300] "GET /wp-content/plugins/all-in-one-seo-pack/dist/Lite/assets/css/Caret.82e4ef18.css?ver=4.4.4 HTTP/2" 200 957 "https://serhatburke.miroglu.net/wp-admin/post.php?post=2740&action=edit" "Mozilla/5.0 (X11; Linux x86_64) AppleWebKit/537.36 (KHTML, like Gecko) HeadlessChrome/136.0.7103.25 Safari/537.36"
35.224.168.243 - - [22/Apr/2026:12:24:42 +0300] "GET /wp-content/plugins/all-in-one-seo-pack/dist/Lite/assets/css/SettingsRow.b9fdc14f.css?ver=4.4.4 HTTP/2" 200 433 "https://serhatburke.miroglu.net/wp-admin/post.php?post=2740&action=edit" "Mozilla/5.0 (X11; Linux x86_64) AppleWebKit/537.36 (KHTML, like Gecko) HeadlessChrome/136.0.7103.25 Safari/537.36"
35.224.168.243 - - [22/Apr/2026:12:24:42 +0300] "GET /wp-content/plugins/all-in-one-seo-pack/dist/Lite/assets/css/Phone.85a95941.css?ver=4.4.4 HTTP/2" 200 3549 "https://serhatburke.miroglu.net/wp-admin/post.php?post=2740&action=edit" "Mozilla/5.0 (X11; Linux x86_64) AppleWebKit/537.36 (KHTML, like Gecko) HeadlessChrome/136.0.7103.25 Safari/537.36"
35.224.168.243 - - [22/Apr/2026:12:24:42 +0300] "GET /wp-content/plugins/all-in-one-seo-pack/dist/Lite/assets/css/Tabs.ec7cb519.css?ver=4.4.4 HTTP/2" 200 1518 "https://serhatburke.miroglu.net/wp-admin/post.php?post=2740&action=edit" "Mozilla/5.0 (X11; Linux x86_64) AppleWebKit/537.36 (KHTML, like Gecko) HeadlessChrome/136.0.7103.25 Safari/537.36"
35.224.168.243 - - [22/Apr/2026:12:24:42 +0300] "GET /wp-content/plugins/all-in-one-seo-pack/dist/Lite/assets/css/Checkbox.46c4f4db.css?ver=4.4.4 HTTP/2" 200 525 "https://serhatburke.miroglu.net/wp-admin/post.php?post=2740&action=edit" "Mozilla/5.0 (X11; Linux x86_64) AppleWebKit/537.36 (KHTML, like Gecko) HeadlessChrome/136.0.7103.25 Safari/537.36"
35.224.168.243 - - [22/Apr/2026:12:24:42 +0300] "GET /wp-content/plugins/all-in-one-seo-pack/dist/Lite/assets/css/RadioToggle.5183d076.css?ver=4.4.4 HTTP/2" 200 519 "https://serhatburke.miroglu.net/wp-admin/post.php?post=2740&action=edit" "Mozilla/5.0 (X11; Linux x86_64) AppleWebKit/537.36 (KHTML, like Gecko) HeadlessChrome/136.0.7103.25 Safari/537.36"
35.224.168.243 - - [22/Apr/2026:12:24:42 +0300] "GET /wp-content/plugins/all-in-one-seo-pack/dist/Lite/assets/css/LicenseKeyBar.9dee709b.css?ver=4.4.4 HTTP/2" 200 284 "https://serhatburke.miroglu.net/wp-admin/post.php?post=2740&action=edit" "Mozilla/5.0 (X11; Linux x86_64) AppleWebKit/537.36 (KHTML, like Gecko) HeadlessChrome/136.0.7103.25 Safari/537.36"
35.224.168.243 - - [22/Apr/2026:12:24:42 +0300] "GET /wp-content/plugins/all-in-one-seo-pack/dist/Lite/assets/css/Tooltip.c2302985.css?ver=4.4.4 HTTP/2" 200 456 "https://serhatburke.miroglu.net/wp-admin/post.php?post=2740&action=edit" "Mozilla/5.0 (X11; Linux x86_64) AppleWebKit/537.36 (KHTML, like Gecko) HeadlessChrome/136.0.7103.25 Safari/537.36"
35.224.168.243 - - [22/Apr/2026:12:24:42 +0300] "GET /wp-content/plugins/all-in-one-seo-pack/dist/Lite/assets/css/Editor.107b0dcd.css?ver=4.4.4 HTTP/2" 200 5004 "https://serhatburke.miroglu.net/wp-admin/post.php?post=2740&action=edit" "Mozilla/5.0 (X11; Linux x86_64) AppleWebKit/537.36 (KHTML, like Gecko) HeadlessChrome/136.0.7103.25 Safari/537.36"
35.224.168.243 - - [22/Apr/2026:12:24:42 +0300] "GET /wp-content/plugins/all-in-one-seo-pack/dist/Lite/assets/css/Blur.02feb373.css?ver=4.4.4 HTTP/2" 200 93 "https://serhatburke.miroglu.net/wp-admin/post.php?post=2740&action=edit" "Mozilla/5.0 (X11; Linux x86_64) AppleWebKit/537.36 (KHTML, like Gecko) HeadlessChrome/136.0.7103.25 Safari/537.36"
35.224.168.243 - - [22/Apr/2026:12:24:42 +0300] "GET /wp-content/plugins/all-in-one-seo-pack/dist/Lite/assets/css/GoogleSearchPreview.7d51503b.css?ver=4.4.4 HTTP/2" 200 485 "https://serhatburke.miroglu.net/wp-admin/post.php?post=2740&action=edit" "Mozilla/5.0 (X11; Linux x86_64) AppleWebKit/537.36 (KHTML, like Gecko) HeadlessChrome/136.0.7103.25 Safari/537.36"
35.224.168.243 - - [22/Apr/2026:12:24:42 +0300] "GET /wp-content/plugins/all-in-one-seo-pack/dist/Lite/assets/css/HtmlTagsEditor.9fbc7912.css?ver=4.4.4 HTTP/2" 200 494 "https://serhatburke.miroglu.net/wp-admin/post.php?post=2740&action=edit" "Mozilla/5.0 (X11; Linux x86_64) AppleWebKit/537.36 (KHTML, like Gecko) HeadlessChrome/136.0.7103.25 Safari/537.36"
35.224.168.243 - - [22/Apr/2026:12:24:42 +0300] "GET /wp-content/plugins/all-in-one-seo-pack/dist/Lite/assets/css/Table.5fc34407.css?ver=4.4.4 HTTP/2" 200 1440 "https://serhatburke.miroglu.net/wp-admin/post.php?post=2740&action=edit" "Mozilla/5.0 (X11; Linux x86_64) AppleWebKit/537.36 (KHTML, like Gecko) HeadlessChrome/136.0.7103.25 Safari/537.36"
35.224.168.243 - - [22/Apr/2026:12:24:42 +0300] "GET /wp-content/plugins/all-in-one-seo-pack/dist/Lite/assets/css/FacebookPreview.602923a4.css?ver=4.4.4 HTTP/2" 200 800 "https://serhatburke.miroglu.net/wp-admin/post.php?post=2740&action=edit" "Mozilla/5.0 (X11; Linux x86_64) AppleWebKit/537.36 (KHTML, like Gecko) HeadlessChrome/136.0.7103.25 Safari/537.36"
35.224.168.243 - - [22/Apr/2026:12:24:42 +0300] "GET /wp-content/plugins/all-in-one-seo-pack/dist/Lite/assets/css/ImageUploader.e2227810.css?ver=4.4.4 HTTP/2" 200 404 "https://serhatburke.miroglu.net/wp-admin/post.php?post=2740&action=edit" "Mozilla/5.0 (X11; Linux x86_64) AppleWebKit/537.36 (KHTML, like Gecko) HeadlessChrome/136.0.7103.25 Safari/537.36"
35.224.168.243 - - [22/Apr/2026:12:24:42 +0300] "GET /wp-content/plugins/all-in-one-seo-pack/dist/Lite/assets/css/TwitterPreview.8e2452b0.css?ver=4.4.4 HTTP/2" 200 825 "https://serhatburke.miroglu.net/wp-admin/post.php?post=2740&action=edit" "Mozilla/5.0 (X11; Linux x86_64) AppleWebKit/537.36 (KHTML, like Gecko) HeadlessChrome/136.0.7103.25 Safari/537.36"
35.224.168.243 - - [22/Apr/2026:12:24:42 +0300] "GET /wp-content/plugins/all-in-one-seo-pack/dist/Lite/assets/css/Index.8c8c1878.css?ver=4.4.4 HTTP/2" 200 1674 "https://serhatburke.miroglu.net/wp-admin/post.php?post=2740&action=edit" "Mozilla/5.0 (X11; Linux x86_64) AppleWebKit/537.36 (KHTML, like Gecko) HeadlessChrome/136.0.7103.25 Safari/537.36"
35.224.168.243 - - [22/Apr/2026:12:24:42 +0300] "GET /wp-content/plugins/all-in-one-seo-pack/dist/Lite/assets/css/ProBadge.e2a3dc3b.css?ver=4.4.4 HTTP/2" 200 183 "https://serhatburke.miroglu.net/wp-admin/post.php?post=2740&action=edit" "Mozilla/5.0 (X11; Linux x86_64) AppleWebKit/537.36 (KHTML, like Gecko) HeadlessChrome/136.0.7103.25 Safari/537.36"
35.224.168.243 - - [22/Apr/2026:12:24:42 +0300] "GET /wp-content/plugins/all-in-one-seo-pack/dist/Lite/assets/css/Card.4d35fa5e.css?ver=4.4.4 HTTP/2" 200 692 "https://serhatburke.miroglu.net/wp-admin/post.php?post=2740&action=edit" "Mozilla/5.0 (X11; Linux x86_64) AppleWebKit/537.36 (KHTML, like Gecko) HeadlessChrome/136.0.7103.25 Safari/537.36"
35.224.168.243 - - [22/Apr/2026:12:24:42 +0300] "GET /wp-content/plugins/all-in-one-seo-pack/dist/Lite/assets/css/Upsell.aef1c2de.css?ver=4.4.4 HTTP/2" 200 155 "https://serhatburke.miroglu.net/wp-admin/post.php?post=2740&action=edit" "Mozilla/5.0 (X11; Linux x86_64) AppleWebKit/537.36 (KHTML, like Gecko) HeadlessChrome/136.0.7103.25 Safari/537.36"
35.224.168.243 - - [22/Apr/2026:12:24:42 +0300] "GET /wp-content/plugins/all-in-one-seo-pack/dist/Lite/assets/css/main.514aa3f6.css?ver=4.4.4 HTTP/2" 200 498 "https://serhatburke.miroglu.net/wp-admin/post.php?post=2740&action=edit" "Mozilla/5.0 (X11; Linux x86_64) AppleWebKit/537.36 (KHTML, like Gecko) HeadlessChrome/136.0.7103.25 Safari/537.36"
35.224.168.243 - - [22/Apr/2026:12:24:42 +0300] "GET /wp-content/plugins/all-in-one-seo-pack/dist/Lite/assets/css/main.748c6d4f.css?ver=4.4.4 HTTP/2" 200 200 "https://serhatburke.miroglu.net/wp-admin/post.php?post=2740&action=edit" "Mozilla/5.0 (X11; Linux x86_64) AppleWebKit/537.36 (KHTML, like Gecko) HeadlessChrome/136.0.7103.25 Safari/537.36"
35.224.168.243 - - [22/Apr/2026:12:24:42 +0300] "GET /wp-content/plugins/all-in-one-seo-pack/dist/Lite/assets/css/main.d1b22e44.css?ver=4.4.4 HTTP/2" 200 240 "https://serhatburke.miroglu.net/wp-admin/post.php?post=2740&action=edit" "Mozilla/5.0 (X11; Linux x86_64) AppleWebKit/537.36 (KHTML, like Gecko) HeadlessChrome/136.0.7103.25 Safari/537.36"
