98.98.197.196 - - [22/Apr/2026:08:41:51 +0300] "POST /xmlrpc.php HTTP/1.1" 200 11682 "-" "Mozilla/5.0 (Windows NT 10.0; Win64; x64) AppleWebKit/537.36 (KHTML, like Gecko) Chrome/114.0.0.0 Safari/537.36"
128.1.218.166 - - [22/Apr/2026:08:41:51 +0300] "POST /xmlrpc.php HTTP/1.1" 200 12030 "-" "Mozilla/5.0 (Windows NT 10.0; Win64; x64) AppleWebKit/537.36 (KHTML, like Gecko) Chrome/114.0.0.0 Safari/537.36"
128.1.218.166 - - [22/Apr/2026:08:42:08 +0300] "GET /eye-of-horus-080-beste-el-torero-spielstellen-barcrest-spiele-low-stake-kalkul-echte-ergebnisse-%E6%B7%A8%E7%BE%8E%E7%9A%AE%E8%86%9A%E7%A7%91%E8%A8%BA%E6%89%80/ HTTP/1.1" 200 76055 "-" "Mozilla/5.0 (Windows NT 10.0; Win64; x64; rv:125.0) Gecko/20100101 Firefox/125.0"
98.98.197.196 - - [22/Apr/2026:08:42:07 +0300] "GET /indian-thinking-pokie-totally-free-enjoy-by-the-aristocrat-comment-2026/ HTTP/1.1" 200 73016 "-" "Mozilla/5.0 (Windows NT 10.0; Win64; x64) AppleWebKit/537.36 (KHTML, like Gecko) Chrome/123.0.0.0 Safari/537.36 OPR/109.0.0.0"
185.216.113.70 - - [22/Apr/2026:08:42:41 +0300] "POST /wp-cron.php?doing_wp_cron=1776836561.6750938892364501953125 HTTP/1.1" 200 448 "-" "WordPress/6.3.8; https://serhatburke.miroglu.net"
98.98.9.39 - - [22/Apr/2026:08:42:29 +0300] "POST /xmlrpc.php HTTP/1.1" 200 630 "-" "Mozilla/5.0 (Windows NT 10.0; Win64; x64) AppleWebKit/537.36 (KHTML, like Gecko) Chrome/114.0.0.0 Safari/537.36"
98.98.9.39 - - [22/Apr/2026:08:42:48 +0300] "POST /xmlrpc.php HTTP/1.1" 200 11014 "-" "Mozilla/5.0 (Windows NT 10.0; Win64; x64) AppleWebKit/537.36 (KHTML, like Gecko) Chrome/114.0.0.0 Safari/537.36"
98.98.9.39 - - [22/Apr/2026:08:43:02 +0300] "GET /raging-rhino-position-comment-2026-enjoy-today-castle-builder-rtp-1-deposit-victory-real-cash/ HTTP/1.1" 200 72879 "-" "Mozilla/5.0 (Windows NT 10.0; Win64; x64) AppleWebKit/537.36 (KHTML, like Gecko) Chrome/109.0.0.0 Safari/537.36"
66.249.73.1 - - [22/Apr/2026:08:43:46 +0300] "GET /wp-content/themes/toppic/css/reset.css?ver=4.2 HTTP/1.1" 200 1178 "https://serhatburke.miroglu.net/rollinoapp-uk-weekend-bonus-an-in-depth-review/" "Mozilla/5.0 (Linux; Android 6.0.1; Nexus 5X Build/MMB29P) AppleWebKit/537.36 (KHTML, like Gecko) Chrome/146.0.7680.177 Mobile Safari/537.36 (compatible; Googlebot/2.1; +http://www.google.com/bot.html)"
66.249.73.15 - - [22/Apr/2026:08:43:49 +0300] "GET /wp-includes/js/jquery/jquery.min.js?ver=3.7.0 HTTP/1.1" 200 30342 "https://serhatburke.miroglu.net/rollinoapp-uk-weekend-bonus-an-in-depth-review/" "Mozilla/5.0 (Linux; Android 6.0.1; Nexus 5X Build/MMB29P) AppleWebKit/537.36 (KHTML, like Gecko) Chrome/146.0.7680.177 Mobile Safari/537.36 (compatible; Googlebot/2.1; +http://www.google.com/bot.html)"
185.216.113.70 - - [22/Apr/2026:08:44:08 +0300] "POST /wp-cron.php?doing_wp_cron=1776836648.0894110202789306640625 HTTP/1.1" 200 448 "-" "WordPress/6.3.8; https://serhatburke.miroglu.net"
207.46.13.124 - - [22/Apr/2026:08:43:55 +0300] "GET /arreglado-de-probar-de-balde-treasures-of-the-pyramids/ HTTP/2" 200 18470 "-" "Mozilla/5.0 AppleWebKit/537.36 (KHTML, like Gecko; compatible; bingbot/2.0; +http://www.bing.com/bingbot.htm) Chrome/116.0.1938.76 Safari/537.36"
52.167.144.229 - - [22/Apr/2026:08:43:55 +0300] "GET /pragmatic-play-este-printre-cele-mai-multe-care-dintre-ei-poate-obine-renumii-i-mai-activi-dezvoltatori-off-romania/ HTTP/2" 200 17194 "-" "Mozilla/5.0 AppleWebKit/537.36 (KHTML, like Gecko; compatible; bingbot/2.0; +http://www.bing.com/bingbot.htm) Chrome/116.0.1938.76 Safari/537.36"
52.167.144.229 - - [22/Apr/2026:08:44:12 +0300] "GET /kraken-bezopasnyi-dostup-k-onion-ssylkam-v-2026-9/ HTTP/2" 200 18013 "-" "Mozilla/5.0 AppleWebKit/537.36 (KHTML, like Gecko; compatible; bingbot/2.0; +http://www.bing.com/bingbot.htm) Chrome/116.0.1938.76 Safari/537.36"
66.249.73.15 - - [22/Apr/2026:08:44:28 +0300] "GET /rollinoapp-uk-weekend-bonus-an-in-depth-review/undefined?ts=1775520000 HTTP/1.1" 200 0 "https://serhatburke.miroglu.net/rollinoapp-uk-weekend-bonus-an-in-depth-review/" "Mozilla/5.0 (Linux; Android 6.0.1; Nexus 5X Build/MMB29P) AppleWebKit/537.36 (KHTML, like Gecko) Chrome/146.0.7680.177 Mobile Safari/537.36 (compatible; Googlebot/2.1; +http://www.google.com/bot.html)"
185.216.113.70 - - [22/Apr/2026:08:44:40 +0300] "POST /wp-cron.php?doing_wp_cron=1776836680.5445849895477294921875 HTTP/1.1" 200 448 "-" "WordPress/6.3.8; https://serhatburke.miroglu.net"
52.167.144.229 - - [22/Apr/2026:08:45:03 +0300] "GET /log-in/ HTTP/2" 200 18059 "-" "Mozilla/5.0 AppleWebKit/537.36 (KHTML, like Gecko; compatible; bingbot/2.0; +http://www.bing.com/bingbot.htm) Chrome/116.0.1938.76 Safari/537.36"
185.216.113.70 - - [22/Apr/2026:08:45:41 +0300] "POST /wp-cron.php?doing_wp_cron=1776836741.6703069210052490234375 HTTP/1.1" 200 448 "-" "WordPress/6.3.8; https://serhatburke.miroglu.net"
207.46.13.124 - - [22/Apr/2026:08:45:22 +0300] "GET /diese-besten-curacao-casinos-2026-ihr-arbeitsweise-fur-jedes-sicheres-auffuhren/ HTTP/2" 200 18954 "-" "Mozilla/5.0 AppleWebKit/537.36 (KHTML, like Gecko; compatible; bingbot/2.0; +http://www.bing.com/bingbot.htm) Chrome/116.0.1938.76 Safari/537.36"
40.77.167.45 - - [22/Apr/2026:08:45:24 +0300] "GET /gaming-skulls-of-legend-1-deposit-esports-youth-people/ HTTP/2" 200 18881 "-" "Mozilla/5.0 AppleWebKit/537.36 (KHTML, like Gecko; compatible; bingbot/2.0; +http://www.bing.com/bingbot.htm) Chrome/116.0.1938.76 Safari/537.36"
98.98.197.196 - - [22/Apr/2026:08:45:27 +0300] "POST /xmlrpc.php HTTP/1.1" 200 630 "-" "Mozilla/5.0 (Windows NT 10.0; Win64; x64) AppleWebKit/537.36 (KHTML, like Gecko) Chrome/114.0.0.0 Safari/537.36"
98.98.9.39 - - [22/Apr/2026:08:45:31 +0300] "POST /xmlrpc.php HTTP/1.1" 200 630 "-" "Mozilla/5.0 (Windows NT 10.0; Win64; x64) AppleWebKit/537.36 (KHTML, like Gecko) Chrome/114.0.0.0 Safari/537.36"
47.128.51.167 - - [22/Apr/2026:08:45:36 +0300] "GET /unlock-top-benefits-with-bonus-code-gamblezen-casino-for-uk-players/ HTTP/2" 200 17385 "-" "Mozilla/5.0 (Linux; Android 5.0) AppleWebKit/537.36 (KHTML, like Gecko) Mobile Safari/537.36 (compatible; Bytespider; spider-feedback@bytedance.com)"
47.128.51.167 - - [22/Apr/2026:08:46:03 +0300] "GET /wp-content/themes/toppic/css/reset.css?ver=4.2 HTTP/2" 200 566 "https://serhatburke.miroglu.net/unlock-top-benefits-with-bonus-code-gamblezen-casino-for-uk-players/" "Mozilla/5.0 (Linux; Android 5.0) AppleWebKit/537.36 (KHTML, like Gecko) Mobile Safari/537.36 (compatible; Bytespider; spider-feedback@bytedance.com)"
47.128.51.167 - - [22/Apr/2026:08:46:03 +0300] "GET /wp-content/themes/toppic/style.css?ver=4.2 HTTP/2" 200 22783 "https://serhatburke.miroglu.net/unlock-top-benefits-with-bonus-code-gamblezen-casino-for-uk-players/" "Mozilla/5.0 (Linux; Android 5.0) AppleWebKit/537.36 (KHTML, like Gecko) Mobile Safari/537.36 (compatible; Bytespider; spider-feedback@bytedance.com)"
47.128.51.167 - - [22/Apr/2026:08:46:03 +0300] "GET /wp-content/themes/toppic/css/royalslider.css?ver=4.2 HTTP/2" 200 1273 "https://serhatburke.miroglu.net/unlock-top-benefits-with-bonus-code-gamblezen-casino-for-uk-players/" "Mozilla/5.0 (Linux; Android 5.0) AppleWebKit/537.36 (KHTML, like Gecko) Mobile Safari/537.36 (compatible; Bytespider; spider-feedback@bytedance.com)"
47.128.51.167 - - [22/Apr/2026:08:46:03 +0300] "GET /wp-content/themes/toppic/css/woocommerce.css?ver=4.2 HTTP/2" 200 2234 "https://serhatburke.miroglu.net/unlock-top-benefits-with-bonus-code-gamblezen-casino-for-uk-players/" "Mozilla/5.0 (Linux; Android 5.0) AppleWebKit/537.36 (KHTML, like Gecko) Mobile Safari/537.36 (compatible; Bytespider; spider-feedback@bytedance.com)"
98.98.197.196 - - [22/Apr/2026:08:45:59 +0300] "POST /xmlrpc.php HTTP/1.1" 200 10963 "-" "Mozilla/5.0 (Windows NT 10.0; Win64; x64) AppleWebKit/537.36 (KHTML, like Gecko) Chrome/114.0.0.0 Safari/537.36"
40.77.167.45 - - [22/Apr/2026:08:45:53 +0300] "GET /top-features-of-dexscreener-your-ultimate-dex-scanner-guide-2/ HTTP/2" 200 17346 "-" "Mozilla/5.0 AppleWebKit/537.36 (KHTML, like Gecko; compatible; bingbot/2.0; +http://www.bing.com/bingbot.htm) Chrome/116.0.1938.76 Safari/537.36"
98.98.9.39 - - [22/Apr/2026:08:46:04 +0300] "POST /xmlrpc.php HTTP/1.1" 200 11501 "-" "Mozilla/5.0 (Windows NT 10.0; Win64; x64) AppleWebKit/537.36 (KHTML, like Gecko) Chrome/114.0.0.0 Safari/537.36"
98.98.197.196 - - [22/Apr/2026:08:46:18 +0300] "GET /100-percent-free-revolves-incentives-no-deposit-expected/ HTTP/1.1" 200 72057 "-" "Mozilla/5.0 (Windows NT 10.0; Win64; x64; rv:125.0) Gecko/20100101 Firefox/125.0"
98.98.9.39 - - [22/Apr/2026:08:46:22 +0300] "GET /ramses-dream-palace-mobile-casino-publication-position-gamble-on-line/ HTTP/1.1" 200 72812 "-" "Mozilla/5.0 (Windows NT 10.0; rv:109.0) Gecko/20100101 Firefox/115.0"
185.216.113.70 - - [22/Apr/2026:08:47:10 +0300] "POST /wp-cron.php?doing_wp_cron=1776836830.5663919448852539062500 HTTP/1.1" 200 448 "-" "WordPress/6.3.8; https://serhatburke.miroglu.net"
165.73.240.122 - - [22/Apr/2026:08:46:57 +0300] "POST /xmlrpc.php HTTP/1.1" 200 630 "-" "Mozilla/5.0 (Windows NT 10.0; Win64; x64) AppleWebKit/537.36 (KHTML, like Gecko) Chrome/114.0.0.0 Safari/537.36"
165.73.240.122 - - [22/Apr/2026:08:47:17 +0300] "POST /xmlrpc.php HTTP/1.1" 200 12025 "-" "Mozilla/5.0 (Windows NT 10.0; Win64; x64) AppleWebKit/537.36 (KHTML, like Gecko) Chrome/114.0.0.0 Safari/537.36"
185.216.113.70 - - [22/Apr/2026:08:47:42 +0300] "POST /wp-cron.php?doing_wp_cron=1776836862.2044100761413574218750 HTTP/1.1" 200 448 "-" "WordPress/6.3.8; https://serhatburke.miroglu.net"
165.73.240.122 - - [22/Apr/2026:08:47:30 +0300] "GET /epoca-casino-500-up-to-doscientas-bonus-free-play-yoyospins-codigo-de-promocion-en-linea-gratuito-spins/ HTTP/1.1" 200 74378 "-" "Mozilla/5.0 (Windows NT 10.0; Win64; x64) AppleWebKit/537.36 (KHTML, like Gecko) Chrome/123.0.0.0 Safari/537.36"
128.1.218.166 - - [22/Apr/2026:08:47:50 +0300] "POST /xmlrpc.php HTTP/1.1" 200 630 "-" "Mozilla/5.0 (Windows NT 10.0; Win64; x64) AppleWebKit/537.36 (KHTML, like Gecko) Chrome/114.0.0.0 Safari/537.36"
185.216.113.70 - - [22/Apr/2026:08:48:20 +0300] "POST /wp-cron.php?doing_wp_cron=1776836900.7349140644073486328125 HTTP/1.1" 200 448 "-" "WordPress/6.3.8; https://serhatburke.miroglu.net"
128.1.218.166 - - [22/Apr/2026:08:48:09 +0300] "POST /xmlrpc.php HTTP/1.1" 200 12054 "-" "Mozilla/5.0 (Windows NT 10.0; Win64; x64) AppleWebKit/537.36 (KHTML, like Gecko) Chrome/114.0.0.0 Safari/537.36"
128.1.218.166 - - [22/Apr/2026:08:48:22 +0300] "GET /eye-of-horus-fur-nusse-erreichbar-damit-echtgeld-zum-besten-spielen-sie-quest-for-gold-echtes-geld-geben-2026-partner2connect/ HTTP/1.1" 200 74782 "-" "Mozilla/5.0 (Windows NT 10.0; Win64; x64; rv:124.0) Gecko/20100101 Firefox/124.0"
40.77.167.254 - - [22/Apr/2026:08:48:26 +0300] "GET /kraken-bezopasnye-sposoby-dostupa-v-darknet-2026/ HTTP/2" 200 18226 "-" "Mozilla/5.0 AppleWebKit/537.36 (KHTML, like Gecko; compatible; bingbot/2.0; +http://www.bing.com/bingbot.htm) Chrome/116.0.1938.76 Safari/537.36"
98.98.197.196 - - [22/Apr/2026:08:48:42 +0300] "POST /xmlrpc.php HTTP/1.1" 200 630 "-" "Mozilla/5.0 (Windows NT 10.0; Win64; x64) AppleWebKit/537.36 (KHTML, like Gecko) Chrome/114.0.0.0 Safari/537.36"
104.194.152.141 - - [22/Apr/2026:08:48:40 +0300] "GET /beste-casino-site-belgie-hoge-inzet/ HTTP/1.1" 200 18576 "-" "Mozilla/5.0 (compatible; Googlebot/2.1; +http://www.google.com/bot.html)"
207.46.13.124 - - [22/Apr/2026:08:48:40 +0300] "GET /better-gambling-enterprise-programs-2026-betting-software-for-real-currency/ HTTP/2" 200 19575 "-" "Mozilla/5.0 AppleWebKit/537.36 (KHTML, like Gecko; compatible; bingbot/2.0; +http://www.bing.com/bingbot.htm) Chrome/116.0.1938.76 Safari/537.36"
185.216.113.70 - - [22/Apr/2026:08:49:10 +0300] "POST /wp-cron.php?doing_wp_cron=1776836950.1981859207153320312500 HTTP/1.1" 200 448 "-" "WordPress/6.3.8; https://serhatburke.miroglu.net"
40.77.167.254 - - [22/Apr/2026:08:48:56 +0300] "GET /analise-bonus-de-deposito-spinbetter-completa-da-slot-6-appeal/ HTTP/2" 200 18960 "-" "Mozilla/5.0 AppleWebKit/537.36 (KHTML, like Gecko; compatible; bingbot/2.0; +http://www.bing.com/bingbot.htm) Chrome/116.0.1938.76 Safari/537.36"
98.98.197.196 - - [22/Apr/2026:08:49:07 +0300] "POST /xmlrpc.php HTTP/1.1" 200 10864 "-" "Mozilla/5.0 (Windows NT 10.0; Win64; x64) AppleWebKit/537.36 (KHTML, like Gecko) Chrome/114.0.0.0 Safari/537.36"
207.46.13.124 - - [22/Apr/2026:08:49:14 +0300] "GET /igre-sa-uslovima-za-tomb-raider-ko%D1%98e-mozhete-verde-casino-bonus-kodovi-iskusiti-potpuno-besplatno-i-uz-pravu-zaradu/ HTTP/2" 200 19043 "-" "Mozilla/5.0 AppleWebKit/537.36 (KHTML, like Gecko; compatible; bingbot/2.0; +http://www.bing.com/bingbot.htm) Chrome/116.0.1938.76 Safari/537.36"
98.98.197.196 - - [22/Apr/2026:08:49:25 +0300] "GET /finest-jack-and-also-the-beanstalk-web-based-casinos/ HTTP/1.1" 200 71598 "-" "Mozilla/5.0 (Windows NT 10.0; rv:125.0) Gecko/20100101 Firefox/125.0"
40.77.167.254 - - [22/Apr/2026:08:49:26 +0300] "GET /por-lo-que-son-tan-esgrimidas-los-juegos-de-tragamonedas/ HTTP/2" 200 17722 "-" "Mozilla/5.0 AppleWebKit/537.36 (KHTML, like Gecko; compatible; bingbot/2.0; +http://www.bing.com/bingbot.htm) Chrome/116.0.1938.76 Safari/537.36"
185.216.113.70 - - [22/Apr/2026:08:49:57 +0300] "POST /wp-cron.php?doing_wp_cron=1776836997.7673459053039550781250 HTTP/1.1" 200 448 "-" "WordPress/6.3.8; https://serhatburke.miroglu.net"
207.46.13.124 - - [22/Apr/2026:08:49:45 +0300] "GET /iron-man-3-slot-comment-2026-gamble-totally-free-demonstration/ HTTP/2" 200 20339 "-" "Mozilla/5.0 AppleWebKit/537.36 (KHTML, like Gecko; compatible; bingbot/2.0; +http://www.bing.com/bingbot.htm) Chrome/116.0.1938.76 Safari/537.36"
207.46.13.124 - - [22/Apr/2026:08:49:49 +0300] "GET /seriose-angeschlossen-casinos-2026-welche-person-uberzeugt-slot-book-of-gold-2-double-hit-inoffizieller-mitarbeiter-faktencheck-durch-slotexperte-de/ HTTP/2" 200 18714 "-" "Mozilla/5.0 AppleWebKit/537.36 (KHTML, like Gecko; compatible; bingbot/2.0; +http://www.bing.com/bingbot.htm) Chrome/116.0.1938.76 Safari/537.36"
207.46.13.124 - - [22/Apr/2026:08:50:16 +0300] "GET /las-22-mejores-juegos-sobre-maniobra-con-el-fin-sparta-ranura-en-linea-de-para/ HTTP/2" 200 23229 "-" "Mozilla/5.0 AppleWebKit/537.36 (KHTML, like Gecko; compatible; bingbot/2.0; +http://www.bing.com/bingbot.htm) Chrome/116.0.1938.76 Safari/537.36"
185.216.113.70 - - [22/Apr/2026:08:50:41 +0300] "POST /wp-cron.php?doing_wp_cron=1776837041.0061259269714355468750 HTTP/1.1" 200 448 "-" "WordPress/6.3.8; https://serhatburke.miroglu.net"
98.98.33.4 - - [22/Apr/2026:08:50:29 +0300] "POST /xmlrpc.php HTTP/1.1" 200 630 "-" "Mozilla/5.0 (Windows NT 10.0; Win64; x64) AppleWebKit/537.36 (KHTML, like Gecko) Chrome/114.0.0.0 Safari/537.36"
105.157.171.29 - - [22/Apr/2026:08:50:44 +0300] "POST /xmlrpc.php HTTP/2" 200 141 "-" "WordPress/XMLRPC Client"
98.98.33.4 - - [22/Apr/2026:08:50:51 +0300] "POST /xmlrpc.php HTTP/1.1" 200 14139 "-" "Mozilla/5.0 (Windows NT 10.0; Win64; x64) AppleWebKit/537.36 (KHTML, like Gecko) Chrome/114.0.0.0 Safari/537.36"
105.157.171.29 - - [22/Apr/2026:08:50:58 +0300] "GET /?p=126698 HTTP/2" 301 0 "-" "Mozilla/5.0 (Windows NT 10.0; Win64; x64) AppleWebKit/537.36 (KHTML, like Gecko) Chrome/120.0.0.0 Safari/537.36"
98.98.33.4 - - [22/Apr/2026:08:51:07 +0300] "GET /holly-jolly-penguins-slot-remark-play-holly-jolly-penguins-slots-from-the-the-fresh-microgaming-costa-rica/ HTTP/1.1" 200 76068 "-" "Mozilla/5.0 (Windows NT 10.0; Win64; x64) AppleWebKit/537.36 (KHTML, like Gecko) Chrome/123.0.0.0 Safari/537.36 OPR/109.0.0.0"
207.46.13.141 - - [22/Apr/2026:08:51:21 +0300] "GET /thunderstruck-slot-on-the-internet-no-obtain-while-the-a-tremendous-potential-to-happiness-inside-the-beach-life-giros-sin-ranura-staking-without-having-any-money-risk/ HTTP/2" 200 17390 "-" "Mozilla/5.0 AppleWebKit/537.36 (KHTML, like Gecko; compatible; bingbot/2.0; +http://www.bing.com/bingbot.htm) Chrome/116.0.1938.76 Safari/537.36"
40.77.167.45 - - [22/Apr/2026:08:51:24 +0300] "GET /eye-away-from-horus-techniques-wirklich-thus-king-tusk-game-spielst-du-thru-plan-statt-mythos/ HTTP/2" 200 17464 "-" "Mozilla/5.0 AppleWebKit/537.36 (KHTML, like Gecko; compatible; bingbot/2.0; +http://www.bing.com/bingbot.htm) Chrome/116.0.1938.76 Safari/537.36"
185.216.113.70 - - [22/Apr/2026:08:51:56 +0300] "POST /wp-cron.php?doing_wp_cron=1776837116.4465980529785156250000 HTTP/1.1" 200 448 "-" "WordPress/6.3.8; https://serhatburke.miroglu.net"
40.77.167.45 - - [22/Apr/2026:08:51:44 +0300] "GET /casino-zonder-cruks-2026-vergelijk-veiligste-goksites-nl/ HTTP/2" 200 17285 "-" "Mozilla/5.0 AppleWebKit/537.36 (KHTML, like Gecko; compatible; bingbot/2.0; +http://www.bing.com/bingbot.htm) Chrome/116.0.1938.76 Safari/537.36"
98.98.197.196 - - [22/Apr/2026:08:52:00 +0300] "POST /xmlrpc.php HTTP/1.1" 200 630 "-" "Mozilla/5.0 (Windows NT 10.0; Win64; x64) AppleWebKit/537.36 (KHTML, like Gecko) Chrome/114.0.0.0 Safari/537.36"
185.216.113.70 - - [22/Apr/2026:08:52:32 +0300] "POST /wp-cron.php?doing_wp_cron=1776837152.2308599948883056640625 HTTP/1.1" 200 448 "-" "WordPress/6.3.8; https://serhatburke.miroglu.net"
98.98.197.196 - - [22/Apr/2026:08:52:19 +0300] "POST /xmlrpc.php HTTP/1.1" 200 11381 "-" "Mozilla/5.0 (Windows NT 10.0; Win64; x64) AppleWebKit/537.36 (KHTML, like Gecko) Chrome/114.0.0.0 Safari/537.36"
98.98.197.196 - - [22/Apr/2026:08:52:33 +0300] "GET /jingle-english-meaning/ HTTP/1.1" 200 71540 "-" "Mozilla/5.0 (Windows NT 10.0; Win64; x64) AppleWebKit/537.36 (KHTML, like Gecko) Chrome/124.0.0.0 Safari/537.36 Edg/124.0.0.0"
66.249.73.14 - - [22/Apr/2026:08:53:19 +0300] "GET /rollinoapp-uk-weekend-bonus-an-in-depth-review/ HTTP/1.1" 200 0 "https://mqitpyo.magmaflow-games.biz/" "Mozilla/5.0 (Linux; Android 6.0.1; Nexus 5X Build/MMB29P) AppleWebKit/537.36 (KHTML, like Gecko) Chrome/146.0.7680.177 Mobile Safari/537.36 (compatible; Googlebot/2.1; +http://www.google.com/bot.html)"
185.216.113.70 - - [22/Apr/2026:08:54:27 +0300] "POST /wp-cron.php?doing_wp_cron=1776837267.6091239452362060546875 HTTP/1.1" 200 448 "-" "WordPress/6.3.8; https://serhatburke.miroglu.net"
98.98.33.4 - - [22/Apr/2026:08:54:13 +0300] "POST /xmlrpc.php HTTP/1.1" 200 630 "-" "Mozilla/5.0 (Windows NT 10.0; Win64; x64) AppleWebKit/537.36 (KHTML, like Gecko) Chrome/114.0.0.0 Safari/537.36"
128.1.218.166 - - [22/Apr/2026:08:54:16 +0300] "POST /xmlrpc.php HTTP/1.1" 200 630 "-" "Mozilla/5.0 (Windows NT 10.0; Win64; x64) AppleWebKit/537.36 (KHTML, like Gecko) Chrome/114.0.0.0 Safari/537.36"
98.98.33.4 - - [22/Apr/2026:08:54:36 +0300] "POST /xmlrpc.php HTTP/1.1" 200 14085 "-" "Mozilla/5.0 (Windows NT 10.0; Win64; x64) AppleWebKit/537.36 (KHTML, like Gecko) Chrome/114.0.0.0 Safari/537.36"
128.1.218.166 - - [22/Apr/2026:08:54:37 +0300] "POST /xmlrpc.php HTTP/1.1" 200 11884 "-" "Mozilla/5.0 (Windows NT 10.0; Win64; x64) AppleWebKit/537.36 (KHTML, like Gecko) Chrome/114.0.0.0 Safari/537.36"
98.98.9.39 - - [22/Apr/2026:08:54:43 +0300] "POST /xmlrpc.php HTTP/1.1" 200 630 "-" "Mozilla/5.0 (Windows NT 10.0; Win64; x64) AppleWebKit/537.36 (KHTML, like Gecko) Chrome/114.0.0.0 Safari/537.36"
98.98.33.4 - - [22/Apr/2026:08:54:56 +0300] "GET /these-trailers-are-usually-made-of-material-or-aluminium-and-have-structure-and-you-may-a-threshold-to-help-keep-your-hot-shot-load-safe-there-are-various-form-of-trailers-to-have-hot-shot-transporta/ HTTP/1.1" 200 80481 "-" "Mozilla/5.0 (Windows NT 10.0; Win64; x64) AppleWebKit/537.36 (KHTML, like Gecko) Chrome/124.0.0.0 Safari/537.36"
128.1.218.166 - - [22/Apr/2026:08:54:59 +0300] "GET /50-freispiele-book-of-was-ist-vulkan-vegas-casino-dead-abzuglich-einzahlung-2026/ HTTP/1.1" 200 73729 "-" "Mozilla/5.0 (Windows NT 10.0; Win64; x64) AppleWebKit/537.36 (KHTML, like Gecko) Chrome/122.0.0.0 Safari/537.36"
185.216.113.70 - - [22/Apr/2026:08:55:21 +0300] "POST /wp-cron.php?doing_wp_cron=1776837321.7981019020080566406250 HTTP/1.1" 200 448 "-" "WordPress/6.3.8; https://serhatburke.miroglu.net"
98.98.9.39 - - [22/Apr/2026:08:55:08 +0300] "POST /xmlrpc.php HTTP/1.1" 200 11506 "-" "Mozilla/5.0 (Windows NT 10.0; Win64; x64) AppleWebKit/537.36 (KHTML, like Gecko) Chrome/114.0.0.0 Safari/537.36"
98.98.9.39 - - [22/Apr/2026:08:55:23 +0300] "GET /ramses-dos-casino-slot-wild-shamrock-free-spins-150-games-enjoy-now-no-downloads/ HTTP/1.1" 200 72761 "-" "Mozilla/5.0 (Windows NT 10.0; Win64; x64) AppleWebKit/537.36 (KHTML, like Gecko) Chrome/109.0.0.0 Safari/537.36"
185.216.113.70 - - [22/Apr/2026:08:56:03 +0300] "POST /wp-cron.php?doing_wp_cron=1776837363.7719960212707519531250 HTTP/1.1" 200 448 "-" "WordPress/6.3.8; https://serhatburke.miroglu.net"
98.98.197.196 - - [22/Apr/2026:08:55:51 +0300] "POST /xmlrpc.php HTTP/1.1" 200 630 "-" "Mozilla/5.0 (Windows NT 10.0; Win64; x64) AppleWebKit/537.36 (KHTML, like Gecko) Chrome/114.0.0.0 Safari/537.36"
98.98.197.196 - - [22/Apr/2026:08:56:10 +0300] "POST /xmlrpc.php HTTP/1.1" 200 11840 "-" "Mozilla/5.0 (Windows NT 10.0; Win64; x64) AppleWebKit/537.36 (KHTML, like Gecko) Chrome/114.0.0.0 Safari/537.36"
96.62.197.221 - - [22/Apr/2026:08:56:11 +0300] "GET /jeux-battle-royale-en-lignejeux-casino/ HTTP/1.1" 200 18501 "https://serhatburke.miroglu.net/" "Mozilla/5.0 (X11; Linux x86_64; rv:147.0) Gecko/20100101 Firefox/147.0"
185.216.113.70 - - [22/Apr/2026:08:56:40 +0300] "POST /wp-cron.php?doing_wp_cron=1776837399.9928760528564453125000 HTTP/1.1" 200 448 "-" "WordPress/6.3.8; https://serhatburke.miroglu.net"
98.98.197.196 - - [22/Apr/2026:08:56:26 +0300] "GET /jungle-jim-el-dorado-position-moving-reels-win-multipliers/ HTTP/1.1" 200 72609 "-" "Mozilla/5.0 (Windows NT 10.0; Win64; x64) AppleWebKit/537.36 (KHTML, like Gecko) Chrome/124.0.0.0 Safari/537.36"
96.62.197.221 - - [22/Apr/2026:08:56:31 +0300] "GET /wp-login.php?action=register HTTP/1.1" 302 702 "https://serhatburke.miroglu.net/jeux-battle-royale-en-lignejeux-casino/" "Mozilla/5.0 (Windows NT 6.3; Win64; x64) AppleWebKit/537.36 (KHTML, like Gecko) Chrome/103.0.0.0 Safari/537.36"
96.62.197.221 - - [22/Apr/2026:08:56:47 +0300] "GET /wp-login.php?registration=disabled HTTP/1.1" 200 3806 "https://serhatburke.miroglu.net/wp-login.php?action=register" "Mozilla/5.0 (Windows NT 6.3; Win64; x64) AppleWebKit/537.36 (KHTML, like Gecko) Chrome/103.0.0.0 Safari/537.36"
165.73.240.122 - - [22/Apr/2026:08:57:22 +0300] "POST /xmlrpc.php HTTP/1.1" 200 630 "-" "Mozilla/5.0 (Windows NT 10.0; Win64; x64) AppleWebKit/537.36 (KHTML, like Gecko) Chrome/114.0.0.0 Safari/537.36"
185.216.113.70 - - [22/Apr/2026:08:57:45 +0300] "POST /wp-cron.php?doing_wp_cron=1776837465.1439490318298339843750 HTTP/1.1" 200 448 "-" "WordPress/6.3.8; https://serhatburke.miroglu.net"
207.46.13.141 - - [22/Apr/2026:08:57:31 +0300] "GET /alegerea-celui-mai-bun-agenie-de-jocuri-pentru-a-juca-sloturi-spaiu-virtual-in-romania/ HTTP/2" 200 16909 "-" "Mozilla/5.0 AppleWebKit/537.36 (KHTML, like Gecko; compatible; bingbot/2.0; +http://www.bing.com/bingbot.htm) Chrome/116.0.1938.76 Safari/537.36"
52.167.144.138 - - [22/Apr/2026:08:57:35 +0300] "GET /gratis-zum-besten-geben-king-of-cards-1-einzahlung-2026-vollstandiger-guide/ HTTP/2" 200 19407 "-" "Mozilla/5.0 AppleWebKit/537.36 (KHTML, like Gecko; compatible; bingbot/2.0; +http://www.bing.com/bingbot.htm) Chrome/116.0.1938.76 Safari/537.36"
165.73.240.122 - - [22/Apr/2026:08:57:42 +0300] "POST /xmlrpc.php HTTP/1.1" 200 12711 "-" "Mozilla/5.0 (Windows NT 10.0; Win64; x64) AppleWebKit/537.36 (KHTML, like Gecko) Chrome/114.0.0.0 Safari/537.36"
207.46.13.141 - - [22/Apr/2026:08:57:51 +0300] "GET /grand-mondial-casino-rules-provide-canadian-users-commitment-advantages/ HTTP/2" 200 17001 "-" "Mozilla/5.0 AppleWebKit/537.36 (KHTML, like Gecko; compatible; bingbot/2.0; +http://www.bing.com/bingbot.htm) Chrome/116.0.1938.76 Safari/537.36"
52.167.144.138 - - [22/Apr/2026:08:57:55 +0300] "GET /together-with-there-is-no-live-cam-studio-offered-even-though-internet-casino-professionals-thru-current-email-address-or-cellphone/ HTTP/2" 200 17092 "-" "Mozilla/5.0 AppleWebKit/537.36 (KHTML, like Gecko; compatible; bingbot/2.0; +http://www.bing.com/bingbot.htm) Chrome/116.0.1938.76 Safari/537.36"
207.46.13.141 - - [22/Apr/2026:08:57:55 +0300] "GET /king-of-the-nile-2-harbors-best-bitcoin-poker-free-zero-casino-slotsmagic-obtain-playaristocrat-merchant-comp4200/ HTTP/2" 200 17751 "-" "Mozilla/5.0 AppleWebKit/537.36 (KHTML, like Gecko; compatible; bingbot/2.0; +http://www.bing.com/bingbot.htm) Chrome/116.0.1938.76 Safari/537.36"
52.167.144.138 - - [22/Apr/2026:08:58:05 +0300] "GET /fifty-free-spins-no-deposit-incentive-best-burning-reels-play-picks-2026/ HTTP/2" 200 18396 "-" "Mozilla/5.0 AppleWebKit/537.36 (KHTML, like Gecko; compatible; bingbot/2.0; +http://www.bing.com/bingbot.htm) Chrome/116.0.1938.76 Safari/537.36"
165.73.240.122 - - [22/Apr/2026:08:58:07 +0300] "GET /soluciona-resident-iwinfortune-codigos-de-promocion-gratuitos-de-casino-evil-playstation-gratuito-en-internet-sobre-su-buscador/ HTTP/1.1" 200 75751 "-" "Mozilla/5.0 (Windows NT 10.0; Win64; x64) AppleWebKit/537.36 (KHTML, like Gecko) Chrome/123.0.0.0 Safari/537.36 OPR/109.0.0.0"
185.216.113.70 - - [22/Apr/2026:08:58:45 +0300] "POST /wp-cron.php?doing_wp_cron=1776837525.0558269023895263671875 HTTP/1.1" 200 448 "-" "WordPress/6.3.8; https://serhatburke.miroglu.net"
207.46.13.141 - - [22/Apr/2026:08:58:32 +0300] "GET /avustralyada-book-of-bet-para-yatirma-bonusu-2026-yilinin-en-iyi-cevrimici-gercek-para-kumarhaneleri/ HTTP/2" 200 17922 "-" "Mozilla/5.0 AppleWebKit/537.36 (KHTML, like Gecko; compatible; bingbot/2.0; +http://www.bing.com/bingbot.htm) Chrome/116.0.1938.76 Safari/537.36"
98.98.197.196 - - [22/Apr/2026:08:58:40 +0300] "POST /xmlrpc.php HTTP/1.1" 200 630 "-" "Mozilla/5.0 (Windows NT 10.0; Win64; x64) AppleWebKit/537.36 (KHTML, like Gecko) Chrome/114.0.0.0 Safari/537.36"
98.98.33.4 - - [22/Apr/2026:08:58:46 +0300] "POST /xmlrpc.php HTTP/1.1" 200 630 "-" "Mozilla/5.0 (Windows NT 10.0; Win64; x64) AppleWebKit/537.36 (KHTML, like Gecko) Chrome/114.0.0.0 Safari/537.36"
98.98.197.196 - - [22/Apr/2026:08:59:03 +0300] "POST /xmlrpc.php HTTP/1.1" 200 11562 "-" "Mozilla/5.0 (Windows NT 10.0; Win64; x64) AppleWebKit/537.36 (KHTML, like Gecko) Chrome/114.0.0.0 Safari/537.36"
185.216.113.70 - - [22/Apr/2026:08:59:30 +0300] "POST /wp-cron.php?doing_wp_cron=1776837570.4726300239562988281250 HTTP/1.1" 200 448 "-" "WordPress/6.3.8; https://serhatburke.miroglu.net"
52.167.144.138 - - [22/Apr/2026:08:59:04 +0300] "GET /chicken-spain-2026/ HTTP/2" 200 17133 "-" "Mozilla/5.0 AppleWebKit/537.36 (KHTML, like Gecko; compatible; bingbot/2.0; +http://www.bing.com/bingbot.htm) Chrome/116.0.1938.76 Safari/537.36"
196.196.160.113 - - [22/Apr/2026:08:59:08 +0300] "GET /wp-login.php HTTP/1.1" 200 3750 "https://serhatburke.miroglu.net/" "Mozilla/5.0 (X11; Linux x86_64) AppleWebKit/537.36 (KHTML, like Gecko) Chrome/125.0.0.0 Safari/537.36"
52.167.144.212 - - [22/Apr/2026:08:59:09 +0300] "GET /%D8%A7%D8%B3%D8%AA%D9%85%D8%AA%D8%B9-%D8%A8%D9%80-fantastic-four-50-lines-harbours-%D8%B9%D8%A8%D8%B1-%D8%A7%D9%84%D8%A5%D9%86%D8%AA%D8%B1%D9%86%D8%AA-%D9%88%D8%A5%D9%84%D8%A7-%D8%B9%D9%84%D9%89/ HTTP/2" 200 19391 "-" "Mozilla/5.0 AppleWebKit/537.36 (KHTML, like Gecko; compatible; bingbot/2.0; +http://www.bing.com/bingbot.htm) Chrome/116.0.1938.76 Safari/537.36"
98.98.33.4 - - [22/Apr/2026:08:59:10 +0300] "POST /xmlrpc.php HTTP/1.1" 200 14764 "-" "Mozilla/5.0 (Windows NT 10.0; Win64; x64) AppleWebKit/537.36 (KHTML, like Gecko) Chrome/114.0.0.0 Safari/537.36"
98.98.197.196 - - [22/Apr/2026:08:59:30 +0300] "GET /gonzos-quest-slot-enjoy-95-97-rtp-2200-xbet-maximum-win/ HTTP/1.1" 200 72516 "-" "Mozilla/5.0 (Windows NT 10.0; Win64; x64) AppleWebKit/537.36 (KHTML, like Gecko) Chrome/123.0.0.0 Safari/537.36"
196.196.160.113 - - [22/Apr/2026:08:59:42 +0300] "GET /wp-login.php HTTP/1.1" 200 3750 "https://serhatburke.miroglu.net/wp-login.php" "Mozilla/5.0 (Windows NT 6.3; Win64; x64) AppleWebKit/537.36 (KHTML, like Gecko) Chrome/103.0.0.0 Safari/537.36"
196.196.160.113 - - [22/Apr/2026:09:00:07 +0300] "GET /wp-includes/css/dashicons.min.css?ver=6.3.8 HTTP/1.1" 200 35725 "https://serhatburke.miroglu.net/wp-login.php" "Mozilla/5.0 (Windows NT 10.0; Win64; x64) AppleWebKit/537.36 (KHTML, like Gecko) Chrome/145.0.0.0 Safari/537.36"
196.196.160.113 - - [22/Apr/2026:09:00:08 +0300] "GET /wp-includes/css/buttons.min.css?ver=6.3.8 HTTP/1.1" 200 1869 "https://serhatburke.miroglu.net/wp-login.php" "Mozilla/5.0 (Windows NT 10.0; Win64; x64) AppleWebKit/537.36 (KHTML, like Gecko) Chrome/145.0.0.0 Safari/537.36"
196.196.160.113 - - [22/Apr/2026:09:00:08 +0300] "GET /wp-admin/css/forms.min.css?ver=6.3.8 HTTP/1.1" 200 6823 "https://serhatburke.miroglu.net/wp-login.php" "Mozilla/5.0 (Windows NT 10.0; Win64; x64) AppleWebKit/537.36 (KHTML, like Gecko) Chrome/145.0.0.0 Safari/537.36"
196.196.160.113 - - [22/Apr/2026:09:00:09 +0300] "GET /wp-admin/css/l10n.min.css?ver=6.3.8 HTTP/1.1" 200 1208 "https://serhatburke.miroglu.net/wp-login.php" "Mozilla/5.0 (Windows NT 10.0; Win64; x64) AppleWebKit/537.36 (KHTML, like Gecko) Chrome/145.0.0.0 Safari/537.36"
98.98.33.4 - - [22/Apr/2026:08:59:45 +0300] "GET /household-away-from-enjoyable-reception-update-shorter-perks-hot-ports/ HTTP/1.1" 200 75982 "-" "Mozilla/5.0 (Windows NT 10.0; Win64; x64) AppleWebKit/537.36 (KHTML, like Gecko) Chrome/123.0.0.0 Safari/537.36"
196.196.160.113 - - [22/Apr/2026:09:00:10 +0300] "GET /wp-admin/css/login.min.css?ver=6.3.8 HTTP/1.1" 200 2562 "https://serhatburke.miroglu.net/wp-login.php" "Mozilla/5.0 (Windows NT 10.0; Win64; x64) AppleWebKit/537.36 (KHTML, like Gecko) Chrome/145.0.0.0 Safari/537.36"
196.196.160.113 - - [22/Apr/2026:09:00:11 +0300] "POST /wp-login.php HTTP/1.1" 302 1537 "https://serhatburke.miroglu.net/wp-login.php" "Mozilla/5.0 (Windows NT 6.3; Win64; x64) AppleWebKit/537.36 (KHTML, like Gecko) Chrome/103.0.0.0 Safari/537.36"
196.196.160.113 - - [22/Apr/2026:09:00:24 +0300] "GET /wp-admin/ HTTP/1.1" 200 215691 "https://serhatburke.miroglu.net/wp-login.php" "Mozilla/5.0 (Windows NT 6.3; Win64; x64) AppleWebKit/537.36 (KHTML, like Gecko) Chrome/103.0.0.0 Safari/537.36"
185.216.113.70 - - [22/Apr/2026:09:00:52 +0300] "POST /wp-cron.php?doing_wp_cron=1776837652.3858261108398437500000 HTTP/1.1" 200 448 "-" "WordPress/6.3.8; https://serhatburke.miroglu.net"
196.196.160.113 - - [22/Apr/2026:09:00:40 +0300] "GET /xmlrpc.php HTTP/1.1" 405 606 "https://serhatburke.miroglu.net/wp-admin/" "Mozilla/5.0 (Windows NT 6.3; Win64; x64) AppleWebKit/537.36 (KHTML, like Gecko) Chrome/103.0.0.0 Safari/537.36"
185.216.113.70 - - [22/Apr/2026:09:00:39 +0300] "POST /wp-admin/admin-ajax.php?action=as_async_request_queue_runner&nonce=dfb2884491 HTTP/1.1" 200 1039 "-" "WordPress/6.3.8; https://serhatburke.miroglu.net"
196.196.160.113 - - [22/Apr/2026:09:00:55 +0300] "POST /xmlrpc.php HTTP/1.1" 200 631 "https://serhatburke.miroglu.net/xmlrpc.php" "Mozilla/5.0 (Windows NT 6.3; Win64; x64) AppleWebKit/537.36 (KHTML, like Gecko) Chrome/103.0.0.0 Safari/537.36"
196.196.160.113 - - [22/Apr/2026:09:01:09 +0300] "POST /xmlrpc.php HTTP/1.1" 200 641 "https://serhatburke.miroglu.net/xmlrpc.php" "Mozilla/5.0 (Windows NT 6.3; Win64; x64) AppleWebKit/537.36 (KHTML, like Gecko) Chrome/103.0.0.0 Safari/537.36"
185.216.113.70 - - [22/Apr/2026:09:01:33 +0300] "POST /wp-cron.php?doing_wp_cron=1776837693.9204480648040771484375 HTTP/1.1" 200 448 "-" "WordPress/6.3.8; https://serhatburke.miroglu.net"
196.196.160.113 - - [22/Apr/2026:09:01:21 +0300] "GET /?p=126716 HTTP/1.1" 301 843 "https://serhatburke.miroglu.net/xmlrpc.php" "Mozilla/5.0 (Windows NT 6.3; Win64; x64) AppleWebKit/537.36 (KHTML, like Gecko) Chrome/103.0.0.0 Safari/537.36"
196.196.160.113 - - [22/Apr/2026:09:01:36 +0300] "GET /%d1%80%d0%b5%d0%b9%d1%82%d0%b8%d0%bd%d0%b3-%d0%bb%d1%83%d1%87%d1%88%d0%b8%d1%85-%d0%be%d0%bd%d0%bb%d0%b0%d0%b9%d0%bd-%d0%ba%d0%b0%d0%b7%d0%b8%d0%bd%d0%be-%d1%81-%d0%b4%d0%b5%d1%82%d0%b0%d0%bb%d1%8c/ HTTP/1.1" 200 117177 "https://serhatburke.miroglu.net/?p=126716" "Mozilla/5.0 (Windows NT 6.3; Win64; x64) AppleWebKit/537.36 (KHTML, like Gecko) Chrome/103.0.0.0 Safari/537.36"
185.216.113.70 - - [22/Apr/2026:09:03:28 +0300] "POST /wp-cron.php?doing_wp_cron=1776837808.6885960102081298828125 HTTP/1.1" 200 448 "-" "WordPress/6.3.8; https://serhatburke.miroglu.net"
98.98.33.4 - - [22/Apr/2026:09:03:14 +0300] "POST /xmlrpc.php HTTP/1.1" 200 630 "-" "Mozilla/5.0 (Windows NT 10.0; Win64; x64) AppleWebKit/537.36 (KHTML, like Gecko) Chrome/114.0.0.0 Safari/537.36"
98.98.33.4 - - [22/Apr/2026:09:03:35 +0300] "POST /xmlrpc.php HTTP/1.1" 200 13871 "-" "Mozilla/5.0 (Windows NT 10.0; Win64; x64) AppleWebKit/537.36 (KHTML, like Gecko) Chrome/114.0.0.0 Safari/537.36"
196.196.160.113 - - [22/Apr/2026:09:03:40 +0300] "GET /%d1%80%d0%b5%d0%b9%d1%82%d0%b8%d0%bd%d0%b3-%d0%bb%d1%83%d1%87%d1%88%d0%b8%d1%85-%d0%be%d0%bd%d0%bb%d0%b0%d0%b9%d0%bd-%d0%ba%d0%b0%d0%b7%d0%b8%d0%bd%d0%be-%d1%81-%d0%b4%d0%b5%d1%82%d0%b0%d0%bb%d1%8c/ HTTP/1.1" 200 24317 "-" "Mozilla/5.0 (compatible; Googlebot/2.1; +http://www.google.com/bot.html)"
98.98.33.4 - - [22/Apr/2026:09:03:49 +0300] "GET /free-online-pokies-queen-of-your-own-nile/ HTTP/1.1" 200 74277 "-" "Mozilla/5.0 (Windows NT 10.0; rv:125.0) Gecko/20100101 Firefox/125.0"
185.216.113.70 - - [22/Apr/2026:09:05:48 +0300] "POST /wp-cron.php?doing_wp_cron=1776837948.7602689266204833984375 HTTP/1.1" 200 448 "-" "WordPress/6.3.8; https://serhatburke.miroglu.net"
128.1.218.166 - - [22/Apr/2026:09:05:34 +0300] "POST /xmlrpc.php HTTP/1.1" 200 630 "-" "Mozilla/5.0 (Windows NT 10.0; Win64; x64) AppleWebKit/537.36 (KHTML, like Gecko) Chrome/114.0.0.0 Safari/537.36"
128.1.218.166 - - [22/Apr/2026:09:05:55 +0300] "POST /xmlrpc.php HTTP/1.1" 200 11489 "-" "Mozilla/5.0 (Windows NT 10.0; Win64; x64) AppleWebKit/537.36 (KHTML, like Gecko) Chrome/114.0.0.0 Safari/537.36"
128.1.218.166 - - [22/Apr/2026:09:06:08 +0300] "GET /as-part-google-pay-bonus-casino-of-the-blink-of-an-eye-2026-wikipedia/ HTTP/1.1" 200 73071 "-" "Mozilla/5.0 (Windows NT 10.0; Win64; x64) AppleWebKit/537.36 (KHTML, like Gecko) Chrome/109.0.0.0 Safari/537.36"
185.216.113.70 - - [22/Apr/2026:09:07:14 +0300] "POST /wp-cron.php?doing_wp_cron=1776838034.0675470829010009765625 HTTP/1.1" 200 448 "-" "WordPress/6.3.8; https://serhatburke.miroglu.net"
165.73.240.122 - - [22/Apr/2026:09:07:01 +0300] "POST /xmlrpc.php HTTP/1.1" 200 630 "-" "Mozilla/5.0 (Windows NT 10.0; Win64; x64) AppleWebKit/537.36 (KHTML, like Gecko) Chrome/114.0.0.0 Safari/537.36"
165.73.240.122 - - [22/Apr/2026:09:07:21 +0300] "POST /xmlrpc.php HTTP/1.1" 200 13623 "-" "Mozilla/5.0 (Windows NT 10.0; Win64; x64) AppleWebKit/537.36 (KHTML, like Gecko) Chrome/114.0.0.0 Safari/537.36"
185.216.113.70 - - [22/Apr/2026:09:07:47 +0300] "POST /wp-cron.php?doing_wp_cron=1776838067.8661069869995117187500 HTTP/1.1" 200 448 "-" "WordPress/6.3.8; https://serhatburke.miroglu.net"
165.73.240.122 - - [22/Apr/2026:09:07:36 +0300] "GET /tic-aplicacion-afiliada-fairspin-tac-take-tragaperras-en-internet/ HTTP/1.1" 200 74846 "-" "Mozilla/5.0 (Windows NT 10.0; Win64; x64) AppleWebKit/537.36 (KHTML, like Gecko) Chrome/124.0.0.0 Safari/537.36"
98.98.33.4 - - [22/Apr/2026:09:07:55 +0300] "POST /xmlrpc.php HTTP/1.1" 200 630 "-" "Mozilla/5.0 (Windows NT 10.0; Win64; x64) AppleWebKit/537.36 (KHTML, like Gecko) Chrome/114.0.0.0 Safari/537.36"
45.175.145.77 - - [22/Apr/2026:09:08:02 +0300] "POST /xmlrpc.php HTTP/2" 200 141 "-" "WordPress/XMLRPC Client"
185.216.113.70 - - [22/Apr/2026:09:08:34 +0300] "POST /wp-cron.php?doing_wp_cron=1776838114.2676560878753662109375 HTTP/1.1" 200 448 "-" "WordPress/6.3.8; https://serhatburke.miroglu.net"
98.98.33.4 - - [22/Apr/2026:09:08:15 +0300] "POST /xmlrpc.php HTTP/1.1" 200 13950 "-" "Mozilla/5.0 (Windows NT 10.0; Win64; x64) AppleWebKit/537.36 (KHTML, like Gecko) Chrome/114.0.0.0 Safari/537.36"
45.175.145.77 - - [22/Apr/2026:09:08:16 +0300] "GET /?p=126726 HTTP/2" 301 0 "-" "Mozilla/5.0 (Windows NT 10.0; Win64; x64) AppleWebKit/537.36 (KHTML, like Gecko) Chrome/120.0.0.0 Safari/537.36"
98.98.197.196 - - [22/Apr/2026:09:08:18 +0300] "POST /xmlrpc.php HTTP/1.1" 200 630 "-" "Mozilla/5.0 (Windows NT 10.0; Win64; x64) AppleWebKit/537.36 (KHTML, like Gecko) Chrome/114.0.0.0 Safari/537.36"
98.98.33.4 - - [22/Apr/2026:09:08:35 +0300] "GET /immortal-love-sarahs-secret-slot-100-percent-free-demonstration-gamble/ HTTP/1.1" 200 75592 "-" "Mozilla/5.0 (Windows NT 10.0; Win64; x64) AppleWebKit/537.36 (KHTML, like Gecko) Chrome/122.0.0.0 Safari/537.36"
98.98.197.196 - - [22/Apr/2026:09:08:45 +0300] "POST /xmlrpc.php HTTP/1.1" 200 11463 "-" "Mozilla/5.0 (Windows NT 10.0; Win64; x64) AppleWebKit/537.36 (KHTML, like Gecko) Chrome/114.0.0.0 Safari/537.36"
66.249.73.14 - - [22/Apr/2026:09:09:04 +0300] "GET /robots.txt HTTP/1.1" 200 719 "-" "Mozilla/5.0 (compatible; Googlebot/2.1; +http://www.google.com/bot.html)"
98.98.197.196 - - [22/Apr/2026:09:09:03 +0300] "GET /no-deposit-free-spins-nz-40-incentives-claimed-2026-2/ HTTP/1.1" 200 72679 "-" "Mozilla/5.0 (Windows NT 10.0; Win64; x64) AppleWebKit/537.36 (KHTML, like Gecko) Chrome/123.0.0.0 Safari/537.36 OPR/109.0.0.0"
207.46.13.150 - - [22/Apr/2026:09:09:13 +0300] "GET /der-geldaustausch-entdeckt-direkt-unter-unserem-spielcasino-ihr-krypto-wallet-zugunsten/ HTTP/2" 200 17639 "-" "Mozilla/5.0 AppleWebKit/537.36 (KHTML, like Gecko; compatible; bingbot/2.0; +http://www.bing.com/bingbot.htm) Chrome/116.0.1938.76 Safari/537.36"
52.167.144.213 - - [22/Apr/2026:09:09:20 +0300] "GET /unlocking-your-crypto-potential-with-atomic-wallet-2/ HTTP/2" 200 17239 "-" "Mozilla/5.0 AppleWebKit/537.36 (KHTML, like Gecko; compatible; bingbot/2.0; +http://www.bing.com/bingbot.htm) Chrome/116.0.1938.76 Safari/537.36"
185.216.113.70 - - [22/Apr/2026:09:09:41 +0300] "POST /wp-cron.php?doing_wp_cron=1776838181.7122509479522705078125 HTTP/1.1" 200 448 "-" "WordPress/6.3.8; https://serhatburke.miroglu.net"
40.77.167.53 - - [22/Apr/2026:09:09:26 +0300] "GET /h1-tronscan-navigating-the-tron-blockchain-with-ease-h1-8/ HTTP/2" 200 16826 "-" "Mozilla/5.0 AppleWebKit/537.36 (KHTML, like Gecko; compatible; bingbot/2.0; +http://www.bing.com/bingbot.htm) Chrome/116.0.1938.76 Safari/537.36"
207.46.13.150 - - [22/Apr/2026:09:09:43 +0300] "GET /unleashing-the-power-of-jupiter-swap-for-traders/ HTTP/2" 200 16920 "-" "Mozilla/5.0 AppleWebKit/537.36 (KHTML, like Gecko; compatible; bingbot/2.0; +http://www.bing.com/bingbot.htm) Chrome/116.0.1938.76 Safari/537.36"
207.46.13.150 - - [22/Apr/2026:09:10:03 +0300] "GET /gratisspinn-treasure-island-spilleautomat-attmed-registrering-uten-gave-norge-2026/ HTTP/2" 200 18646 "-" "Mozilla/5.0 AppleWebKit/537.36 (KHTML, like Gecko; compatible; bingbot/2.0; +http://www.bing.com/bingbot.htm) Chrome/116.0.1938.76 Safari/537.36"
207.46.13.150 - - [22/Apr/2026:09:10:23 +0300] "GET /runde-gratuite-gratuite-cu-depunere-%EF%BF%BD-bonusuri-si-dezavantaje/ HTTP/2" 200 16734 "-" "Mozilla/5.0 AppleWebKit/537.36 (KHTML, like Gecko; compatible; bingbot/2.0; +http://www.bing.com/bingbot.htm) Chrome/116.0.1938.76 Safari/537.36"
185.216.113.70 - - [22/Apr/2026:09:10:54 +0300] "POST /wp-cron.php?doing_wp_cron=1776838254.5493440628051757812500 HTTP/1.1" 200 448 "-" "WordPress/6.3.8; https://serhatburke.miroglu.net"
207.46.13.150 - - [22/Apr/2026:09:10:42 +0300] "GET /funky-tuesday-rules-march-casino-forbidden-slot-2026/ HTTP/2" 200 18938 "-" "Mozilla/5.0 AppleWebKit/537.36 (KHTML, like Gecko; compatible; bingbot/2.0; +http://www.bing.com/bingbot.htm) Chrome/116.0.1938.76 Safari/537.36"
185.216.113.70 - - [22/Apr/2026:09:12:26 +0300] "POST /wp-cron.php?doing_wp_cron=1776838346.3162569999694824218750 HTTP/1.1" 200 448 "-" "WordPress/6.3.8; https://serhatburke.miroglu.net"
151.244.111.202 - - [22/Apr/2026:09:12:13 +0300] "POST /xmlrpc.php HTTP/1.1" 200 144683 "-" "Mozilla/5.0 (Windows NT 10.0; Win64; x64; Xbox; Xbox One) AppleWebKit/537.36 (KHTML, like Gecko) Chrome/114.0.0.0 Safari/537.36 Edge/44.18363.8131"
151.244.111.202 - - [22/Apr/2026:09:12:26 +0300] "POST /xmlrpc.php HTTP/1.1" 200 489 "-" "Mozilla/5.0 (Windows NT 10.0; Win64; x64; Xbox; Xbox One) AppleWebKit/537.36 (KHTML, like Gecko) Chrome/114.0.0.0 Safari/537.36 Edge/44.18363.8131"
98.98.33.4 - - [22/Apr/2026:09:12:39 +0300] "POST /xmlrpc.php HTTP/1.1" 200 630 "-" "Mozilla/5.0 (Windows NT 10.0; Win64; x64) AppleWebKit/537.36 (KHTML, like Gecko) Chrome/114.0.0.0 Safari/537.36"
185.216.113.70 - - [22/Apr/2026:09:12:55 +0300] "POST /wp-cron.php?doing_wp_cron=1776838375.2960810661315917968750 HTTP/1.1" 200 448 "-" "WordPress/6.3.8; https://serhatburke.miroglu.net"
151.244.111.202 - - [22/Apr/2026:09:12:41 +0300] "POST /xmlrpc.php HTTP/1.1" 200 32649 "-" "Mozilla/5.0 (Windows NT 10.0; Win64; x64; Xbox; Xbox One) AppleWebKit/537.36 (KHTML, like Gecko) Chrome/114.0.0.0 Safari/537.36 Edge/44.18363.8131"
98.98.33.4 - - [22/Apr/2026:09:13:00 +0300] "POST /xmlrpc.php HTTP/1.1" 200 14277 "-" "Mozilla/5.0 (Windows NT 10.0; Win64; x64) AppleWebKit/537.36 (KHTML, like Gecko) Chrome/114.0.0.0 Safari/537.36"
66.249.73.14 - - [22/Apr/2026:09:13:00 +0300] "GET /robots.txt HTTP/1.1" 200 719 "-" "Mozilla/5.0 (compatible; Googlebot/2.1; +http://www.google.com/bot.html)"
98.98.33.4 - - [22/Apr/2026:09:13:21 +0300] "GET /immortal-love-on-the-web-slot-machine-2026-remark-cuatro-bonus-video-game/ HTTP/1.1" 200 75612 "-" "Mozilla/5.0 (Windows NT 10.0; Win64; x64) AppleWebKit/537.36 (KHTML, like Gecko) Chrome/122.0.0.0 Safari/537.36"
185.216.113.70 - - [22/Apr/2026:09:13:47 +0300] "POST /wp-cron.php?doing_wp_cron=1776838427.5259399414062500000000 HTTP/1.1" 200 448 "-" "WordPress/6.3.8; https://serhatburke.miroglu.net"
98.98.197.196 - - [22/Apr/2026:09:13:34 +0300] "POST /xmlrpc.php HTTP/1.1" 200 630 "-" "Mozilla/5.0 (Windows NT 10.0; Win64; x64) AppleWebKit/537.36 (KHTML, like Gecko) Chrome/114.0.0.0 Safari/537.36"
66.249.73.14 - - [22/Apr/2026:09:13:51 +0300] "GET /gamblezen-casino-review-for-players-from-the-united-kingdom/ HTTP/1.1" 200 17987 "-" "Mozilla/5.0 (Linux; Android 6.0.1; Nexus 5X Build/MMB29P) AppleWebKit/537.36 (KHTML, like Gecko) Chrome/146.0.7680.177 Mobile Safari/537.36 (compatible; Googlebot/2.1; +http://www.google.com/bot.html)"
98.98.197.196 - - [22/Apr/2026:09:13:53 +0300] "POST /xmlrpc.php HTTP/1.1" 200 11961 "-" "Mozilla/5.0 (Windows NT 10.0; Win64; x64) AppleWebKit/537.36 (KHTML, like Gecko) Chrome/114.0.0.0 Safari/537.36"
91.99.6.95 - - [22/Apr/2026:09:14:12 +0300] "GET /robots.txt HTTP/1.1" 200 649 "-" "Mozilla/5.0 (Windows NT 10.0; Win64; x64) AppleWebKit/537.36 (KHTML, like Gecko) Chrome/145.0.0.0 Safari/537.36"
98.98.197.196 - - [22/Apr/2026:09:14:12 +0300] "GET /queen-of-your-nile-2-totally-free-dracula-slot-machine-game-aristocrat-ports/ HTTP/1.1" 200 73196 "-" "Mozilla/5.0 (Windows NT 10.0; Win64; x64) AppleWebKit/537.36 (KHTML, like Gecko) Chrome/124.0.0.0 Safari/537.36"
91.99.6.95 - - [22/Apr/2026:09:14:25 +0300] "GET /page-1162/ HTTP/1.1" 200 261265 "-" "Mozilla/5.0 (Windows NT 10.0; Win64; x64) AppleWebKit/537.36 (KHTML, like Gecko) Chrome/145.0.0.0 Safari/537.36"
66.249.73.14 - - [22/Apr/2026:09:14:53 +0300] "GET /gamblezen-casino-review-for-players-from-the-united-kingdom/undefined?ts=1775520000 HTTP/1.1" 200 0 "https://serhatburke.miroglu.net/gamblezen-casino-review-for-players-from-the-united-kingdom/" "Mozilla/5.0 (Linux; Android 6.0.1; Nexus 5X Build/MMB29P) AppleWebKit/537.36 (KHTML, like Gecko) Chrome/146.0.7680.177 Mobile Safari/537.36 (compatible; Googlebot/2.1; +http://www.google.com/bot.html)"
185.216.113.70 - - [22/Apr/2026:09:15:05 +0300] "POST /wp-cron.php?doing_wp_cron=1776838505.6127231121063232421875 HTTP/1.1" 200 448 "-" "WordPress/6.3.8; https://serhatburke.miroglu.net"
66.249.73.14 - - [22/Apr/2026:09:14:53 +0300] "GET /robots.txt HTTP/1.1" 200 719 "-" "Mozilla/5.0 (compatible; Googlebot/2.1; +http://www.google.com/bot.html)"
185.216.113.70 - - [22/Apr/2026:09:16:18 +0300] "POST /wp-cron.php?doing_wp_cron=1776838578.2931659221649169921875 HTTP/1.1" 200 448 "-" "WordPress/6.3.8; https://serhatburke.miroglu.net"
165.73.240.122 - - [22/Apr/2026:09:16:06 +0300] "POST /xmlrpc.php HTTP/1.1" 200 630 "-" "Mozilla/5.0 (Windows NT 10.0; Win64; x64) AppleWebKit/537.36 (KHTML, like Gecko) Chrome/114.0.0.0 Safari/537.36"
165.73.240.122 - - [22/Apr/2026:09:16:25 +0300] "POST /xmlrpc.php HTTP/1.1" 200 13125 "-" "Mozilla/5.0 (Windows NT 10.0; Win64; x64) AppleWebKit/537.36 (KHTML, like Gecko) Chrome/114.0.0.0 Safari/537.36"
185.216.113.70 - - [22/Apr/2026:09:16:53 +0300] "POST /wp-cron.php?doing_wp_cron=1776838613.4209859371185302734375 HTTP/1.1" 200 448 "-" "WordPress/6.3.8; https://serhatburke.miroglu.net"
165.73.240.122 - - [22/Apr/2026:09:16:40 +0300] "GET /hace-el-trabajo-bier-haus-1-deposito-an-una-ruleta-de-balde-online/ HTTP/1.1" 200 74256 "-" "Mozilla/5.0 (Windows NT 10.0; Win64; x64; rv:125.0) Gecko/20100101 Firefox/125.0"
98.98.33.4 - - [22/Apr/2026:09:16:45 +0300] "POST /xmlrpc.php HTTP/1.1" 200 630 "-" "Mozilla/5.0 (Windows NT 10.0; Win64; x64) AppleWebKit/537.36 (KHTML, like Gecko) Chrome/114.0.0.0 Safari/537.36"
98.98.197.196 - - [22/Apr/2026:09:17:05 +0300] "POST /xmlrpc.php HTTP/1.1" 200 630 "-" "Mozilla/5.0 (Windows NT 10.0; Win64; x64) AppleWebKit/537.36 (KHTML, like Gecko) Chrome/114.0.0.0 Safari/537.36"
98.98.33.4 - - [22/Apr/2026:09:17:05 +0300] "POST /xmlrpc.php HTTP/1.1" 200 12565 "-" "Mozilla/5.0 (Windows NT 10.0; Win64; x64) AppleWebKit/537.36 (KHTML, like Gecko) Chrome/114.0.0.0 Safari/537.36"
27.50.29.178 - - [22/Apr/2026:09:17:07 +0300] "GET /casino-online-skrill-prelievo-veloce/ HTTP/1.1" 200 18118 "https://serhatburke.miroglu.net/" "Mozilla/5.0 (Macintosh; Intel Mac OS X 12.5; rv:114.0) Gecko/20100101 Firefox/114.0"
27.50.29.178 - - [22/Apr/2026:09:17:26 +0300] "GET /wp-includes/css/dist/block-library/style.min.css?ver=6.3.8 HTTP/1.1" 200 13578 "https://serhatburke.miroglu.net/casino-online-skrill-prelievo-veloce/" "Mozilla/5.0 (Windows NT 10.0; Win64; x64) AppleWebKit/537.36 (KHTML, like Gecko) Chrome/143.0.0.0 Safari/537.36"
27.50.29.178 - - [22/Apr/2026:09:17:27 +0300] "GET /wp-content/plugins/contact-form-7/includes/css/styles.css?ver=5.8 HTTP/1.1" 200 1490 "https://serhatburke.miroglu.net/casino-online-skrill-prelievo-veloce/" "Mozilla/5.0 (Windows NT 10.0; Win64; x64) AppleWebKit/537.36 (KHTML, like Gecko) Chrome/143.0.0.0 Safari/537.36"
27.50.29.178 - - [22/Apr/2026:09:17:28 +0300] "GET /wp-content/themes/toppic/css/fontello.css?ver=4.2 HTTP/1.1" 200 1802 "https://serhatburke.miroglu.net/casino-online-skrill-prelievo-veloce/" "Mozilla/5.0 (Windows NT 10.0; Win64; x64) AppleWebKit/537.36 (KHTML, like Gecko) Chrome/143.0.0.0 Safari/537.36"
27.50.29.178 - - [22/Apr/2026:09:17:29 +0300] "GET /wp-content/themes/toppic/css/reset.css?ver=4.2 HTTP/1.1" 200 1178 "https://serhatburke.miroglu.net/casino-online-skrill-prelievo-veloce/" "Mozilla/5.0 (Windows NT 10.0; Win64; x64) AppleWebKit/537.36 (KHTML, like Gecko) Chrome/143.0.0.0 Safari/537.36"
27.50.29.178 - - [22/Apr/2026:09:17:30 +0300] "GET /wp-content/themes/toppic/css/default.css?ver=4.2 HTTP/1.1" 200 1811 "https://serhatburke.miroglu.net/casino-online-skrill-prelievo-veloce/" "Mozilla/5.0 (Windows NT 10.0; Win64; x64) AppleWebKit/537.36 (KHTML, like Gecko) Chrome/143.0.0.0 Safari/537.36"
27.50.29.178 - - [22/Apr/2026:09:17:31 +0300] "GET /wp-content/themes/toppic/style.css?ver=4.2 HTTP/1.1" 200 23398 "https://serhatburke.miroglu.net/casino-online-skrill-prelievo-veloce/" "Mozilla/5.0 (Windows NT 10.0; Win64; x64) AppleWebKit/537.36 (KHTML, like Gecko) Chrome/143.0.0.0 Safari/537.36"
27.50.29.178 - - [22/Apr/2026:09:17:32 +0300] "GET /wp-content/themes/toppic/css/royalslider.css?ver=4.2 HTTP/1.1" 200 1887 "https://serhatburke.miroglu.net/casino-online-skrill-prelievo-veloce/" "Mozilla/5.0 (Windows NT 10.0; Win64; x64) AppleWebKit/537.36 (KHTML, like Gecko) Chrome/143.0.0.0 Safari/537.36"
27.50.29.178 - - [22/Apr/2026:09:17:32 +0300] "GET /wp-content/themes/toppic/css/rs-default.css?ver=4.2 HTTP/1.1" 200 2625 "https://serhatburke.miroglu.net/casino-online-skrill-prelievo-veloce/" "Mozilla/5.0 (Windows NT 10.0; Win64; x64) AppleWebKit/537.36 (KHTML, like Gecko) Chrome/143.0.0.0 Safari/537.36"
27.50.29.178 - - [22/Apr/2026:09:17:33 +0300] "GET /wp-content/themes/toppic/css/lightbox.css?ver=4.2 HTTP/1.1" 200 2956 "https://serhatburke.miroglu.net/casino-online-skrill-prelievo-veloce/" "Mozilla/5.0 (Windows NT 10.0; Win64; x64) AppleWebKit/537.36 (KHTML, like Gecko) Chrome/143.0.0.0 Safari/537.36"
27.50.29.178 - - [22/Apr/2026:09:17:34 +0300] "GET /wp-content/themes/toppic/css/woocommerce.css?ver=4.2 HTTP/1.1" 200 2848 "https://serhatburke.miroglu.net/casino-online-skrill-prelievo-veloce/" "Mozilla/5.0 (Windows NT 10.0; Win64; x64) AppleWebKit/537.36 (KHTML, like Gecko) Chrome/143.0.0.0 Safari/537.36"
27.50.29.178 - - [22/Apr/2026:09:17:35 +0300] "GET /wp-content/themes/toppic/css/responsive.css?ver=4.2 HTTP/1.1" 200 2796 "https://serhatburke.miroglu.net/casino-online-skrill-prelievo-veloce/" "Mozilla/5.0 (Windows NT 10.0; Win64; x64) AppleWebKit/537.36 (KHTML, like Gecko) Chrome/143.0.0.0 Safari/537.36"
185.216.113.70 - - [22/Apr/2026:09:17:41 +0300] "POST /wp-cron.php?doing_wp_cron=1776838661.1663439273834228515625 HTTP/1.1" 200 448 "-" "WordPress/6.3.8; https://serhatburke.miroglu.net"
98.98.33.4 - - [22/Apr/2026:09:17:25 +0300] "GET /indian-thinking-casino-slot-games-remark-free-gamble-demonstration/ HTTP/1.1" 200 73813 "-" "Mozilla/5.0 (Windows NT 10.0; Win64; x64; rv:124.0) Gecko/20100101 Firefox/124.0"
98.98.197.196 - - [22/Apr/2026:09:17:28 +0300] "POST /xmlrpc.php HTTP/1.1" 200 11864 "-" "Mozilla/5.0 (Windows NT 10.0; Win64; x64) AppleWebKit/537.36 (KHTML, like Gecko) Chrome/114.0.0.0 Safari/537.36"
27.50.29.178 - - [22/Apr/2026:09:17:36 +0300] "POST /wp-comments-post.php HTTP/1.1" 302 1084 "https://serhatburke.miroglu.net/casino-online-skrill-prelievo-veloce/" "Mozilla/5.0 (Macintosh; Intel Mac OS X 12.5; rv:114.0) Gecko/20100101 Firefox/114.0"
