128.1.171.152 - - [22/Apr/2026:21:31:38 +0300] "POST /xmlrpc.php HTTP/1.1" 200 630 "-" "Mozilla/5.0 (Windows NT 10.0; Win64; x64) AppleWebKit/537.36 (KHTML, like Gecko) Chrome/114.0.0.0 Safari/537.36"
193.36.38.228 - - [22/Apr/2026:21:31:53 +0300] "POST /xmlrpc.php HTTP/1.1" 200 692 "-" "Mozilla/5.0 (Windows NT 10.0; Win64; x64) AppleWebKit/537.36 (KHTML, like Gecko) Chrome/114.0.0.0 Safari/537.36"
128.1.171.152 - - [22/Apr/2026:21:31:56 +0300] "POST /xmlrpc.php HTTP/1.1" 200 9440 "-" "Mozilla/5.0 (Windows NT 10.0; Win64; x64) AppleWebKit/537.36 (KHTML, like Gecko) Chrome/114.0.0.0 Safari/537.36"
193.36.38.228 - - [22/Apr/2026:21:32:14 +0300] "POST /xmlrpc.php HTTP/1.1" 200 8017 "-" "Mozilla/5.0 (Windows NT 10.0; Win64; x64) AppleWebKit/537.36 (KHTML, like Gecko) Chrome/114.0.0.0 Safari/537.36"
128.1.171.152 - - [22/Apr/2026:21:32:12 +0300] "GET /tu-disponibil-multe-dintre-acestea-metode-din-cauza-contact-prima-casino-rapide-i-eficiente-pe-asistena/ HTTP/1.1" 200 71582 "-" "Mozilla/5.0 (Windows NT 10.0; Win64; x64; rv:125.0) Gecko/20100101 Firefox/125.0"
193.36.38.228 - - [22/Apr/2026:21:32:26 +0300] "GET /most-readily-useful-internet-rated/ HTTP/1.1" 200 68602 "-" "Mozilla/5.0 (Windows NT 10.0; Win64; x64) AppleWebKit/537.36 (KHTML, like Gecko) Chrome/124.0.0.0 Safari/537.36"
185.216.113.70 - - [22/Apr/2026:21:33:30 +0300] "POST /wp-cron.php?doing_wp_cron=1776882810.2004580497741699218750 HTTP/1.1" 200 448 "-" "WordPress/6.3.8; https://serhatburke.miroglu.net"
178.159.37.83 - - [22/Apr/2026:21:33:16 +0300] "POST /xmlrpc.php HTTP/1.1" 200 154272 "-" "Mozilla/5.0 (Windows NT 10.0; Win64; x64) AppleWebKit/537.36 (KHTML, like Gecko) Chrome/78.0.3904.108 Safari/537.36"
178.159.37.83 - - [22/Apr/2026:21:33:33 +0300] "POST /xmlrpc.php HTTP/1.1" 200 667 "-" "Mozilla/5.0 (Windows NT 10.0; Win64; x64) AppleWebKit/537.36 (KHTML, like Gecko) Chrome/78.0.3904.108 Safari/537.36"
128.1.171.152 - - [22/Apr/2026:21:33:44 +0300] "POST /xmlrpc.php HTTP/1.1" 200 630 "-" "Mozilla/5.0 (Windows NT 10.0; Win64; x64) AppleWebKit/537.36 (KHTML, like Gecko) Chrome/114.0.0.0 Safari/537.36"
185.216.113.70 - - [22/Apr/2026:21:34:00 +0300] "POST /wp-cron.php?doing_wp_cron=1776882840.6939020156860351562500 HTTP/1.1" 200 448 "-" "WordPress/6.3.8; https://serhatburke.miroglu.net"
178.159.37.83 - - [22/Apr/2026:21:33:48 +0300] "POST /xmlrpc.php HTTP/1.1" 200 20898 "-" "Mozilla/5.0 (Windows NT 10.0; Win64; x64) AppleWebKit/537.36 (KHTML, like Gecko) Chrome/78.0.3904.108 Safari/537.36"
128.1.171.152 - - [22/Apr/2026:21:34:02 +0300] "POST /xmlrpc.php HTTP/1.1" 200 9664 "-" "Mozilla/5.0 (Windows NT 10.0; Win64; x64) AppleWebKit/537.36 (KHTML, like Gecko) Chrome/114.0.0.0 Safari/537.36"
128.1.171.152 - - [22/Apr/2026:21:34:15 +0300] "GET /promoii-de-a-revenit-imbunataete-increderea-jucatorilor-in-timpul-returnarea-unei-zone-din-fondurile-pierdute/ HTTP/1.1" 200 72290 "-" "Mozilla/5.0 (Windows NT 10.0; Win64; x64) AppleWebKit/537.36 (KHTML, like Gecko) Chrome/123.0.0.0 Safari/537.36 OPR/109.0.0.0"
185.216.113.70 - - [22/Apr/2026:21:34:41 +0300] "POST /wp-cron.php?doing_wp_cron=1776882881.9157450199127197265625 HTTP/1.1" 200 448 "-" "WordPress/6.3.8; https://serhatburke.miroglu.net"
193.36.38.228 - - [22/Apr/2026:21:34:29 +0300] "POST /xmlrpc.php HTTP/1.1" 200 692 "-" "Mozilla/5.0 (Windows NT 10.0; Win64; x64) AppleWebKit/537.36 (KHTML, like Gecko) Chrome/114.0.0.0 Safari/537.36"
103.219.169.227 - - [22/Apr/2026:21:34:35 +0300] "POST /xmlrpc.php HTTP/1.1" 200 630 "-" "Mozilla/5.0 (Windows NT 10.0; Win64; x64) AppleWebKit/537.36 (KHTML, like Gecko) Chrome/114.0.0.0 Safari/537.36"
193.36.38.228 - - [22/Apr/2026:21:34:47 +0300] "POST /xmlrpc.php HTTP/1.1" 200 8076 "-" "Mozilla/5.0 (Windows NT 10.0; Win64; x64) AppleWebKit/537.36 (KHTML, like Gecko) Chrome/114.0.0.0 Safari/537.36"
103.219.169.227 - - [22/Apr/2026:21:34:55 +0300] "POST /xmlrpc.php HTTP/1.1" 200 10527 "-" "Mozilla/5.0 (Windows NT 10.0; Win64; x64) AppleWebKit/537.36 (KHTML, like Gecko) Chrome/114.0.0.0 Safari/537.36"
193.36.38.228 - - [22/Apr/2026:21:35:00 +0300] "GET /finest-15-you-internet-casino-bonuses-campaigns-april-2026/ HTTP/1.1" 200 69592 "-" "Mozilla/5.0 (Windows NT 10.0; Win64; x64; rv:124.0) Gecko/20100101 Firefox/124.0"
103.219.169.227 - - [22/Apr/2026:21:35:12 +0300] "GET /unser-besten-nutzlicher-link-androide-casinos-syllabus-ein-echtgeld-apps-2026/ HTTP/1.1" 200 72414 "-" "Mozilla/5.0 (Windows NT 10.0; Win64; x64; rv:124.0) Gecko/20100101 Firefox/124.0"
185.216.113.70 - - [22/Apr/2026:21:35:54 +0300] "POST /wp-cron.php?doing_wp_cron=1776882954.3506870269775390625000 HTTP/1.1" 200 448 "-" "WordPress/6.3.8; https://serhatburke.miroglu.net"
128.1.171.152 - - [22/Apr/2026:21:35:42 +0300] "POST /xmlrpc.php HTTP/1.1" 200 630 "-" "Mozilla/5.0 (Windows NT 10.0; Win64; x64) AppleWebKit/537.36 (KHTML, like Gecko) Chrome/114.0.0.0 Safari/537.36"
128.1.171.152 - - [22/Apr/2026:21:36:00 +0300] "POST /xmlrpc.php HTTP/1.1" 200 8317 "-" "Mozilla/5.0 (Windows NT 10.0; Win64; x64) AppleWebKit/537.36 (KHTML, like Gecko) Chrome/114.0.0.0 Safari/537.36"
128.1.171.152 - - [22/Apr/2026:21:36:13 +0300] "GET /sfaturi-i-trucuri-i-invinge-mainile-de-sloturi/ HTTP/1.1" 200 69180 "-" "Mozilla/5.0 (Windows NT 10.0; rv:125.0) Gecko/20100101 Firefox/125.0"
185.216.113.70 - - [22/Apr/2026:21:36:40 +0300] "POST /wp-cron.php?doing_wp_cron=1776883000.7601680755615234375000 HTTP/1.1" 200 448 "-" "WordPress/6.3.8; https://serhatburke.miroglu.net"
52.167.144.17 - - [22/Apr/2026:21:36:27 +0300] "GET /besten-mr-cash-slot-free-spins-bitcoin-casinos-2026-kollationieren-boni-untersuchung/ HTTP/2" 200 20294 "-" "Mozilla/5.0 AppleWebKit/537.36 (KHTML, like Gecko; compatible; bingbot/2.0; +http://www.bing.com/bingbot.htm) Chrome/116.0.1938.76 Safari/537.36"
98.98.197.180 - - [22/Apr/2026:21:36:37 +0300] "POST /xmlrpc.php HTTP/1.1" 200 630 "-" "Mozilla/5.0 (Windows NT 10.0; Win64; x64) AppleWebKit/537.36 (KHTML, like Gecko) Chrome/114.0.0.0 Safari/537.36"
40.77.167.26 - - [22/Apr/2026:21:36:37 +0300] "GET /the-power-of-dexscreener-transforming-dex-trading-experience/ HTTP/2" 200 17303 "-" "Mozilla/5.0 AppleWebKit/537.36 (KHTML, like Gecko; compatible; bingbot/2.0; +http://www.bing.com/bingbot.htm) Chrome/116.0.1938.76 Safari/537.36"
52.167.144.161 - - [22/Apr/2026:21:36:41 +0300] "GET /greatest-pokie-online-dead-or-alive-2-free-signal-upwards-bonus-to-have-sa-gamblers-2026/ HTTP/2" 200 18484 "-" "Mozilla/5.0 AppleWebKit/537.36 (KHTML, like Gecko; compatible; bingbot/2.0; +http://www.bing.com/bingbot.htm) Chrome/116.0.1938.76 Safari/537.36"
193.36.38.228 - - [22/Apr/2026:21:37:03 +0300] "POST /xmlrpc.php HTTP/1.1" 200 692 "-" "Mozilla/5.0 (Windows NT 10.0; Win64; x64) AppleWebKit/537.36 (KHTML, like Gecko) Chrome/114.0.0.0 Safari/537.36"
98.98.197.180 - - [22/Apr/2026:21:37:06 +0300] "POST /xmlrpc.php HTTP/1.1" 200 12852 "-" "Mozilla/5.0 (Windows NT 10.0; Win64; x64) AppleWebKit/537.36 (KHTML, like Gecko) Chrome/114.0.0.0 Safari/537.36"
52.167.144.161 - - [22/Apr/2026:21:37:09 +0300] "GET /grosvenorcasino-also-offers-a-captivating-and-you-can-varied-online-game-library-that-fits-all-players-preference/ HTTP/2" 200 16930 "-" "Mozilla/5.0 AppleWebKit/537.36 (KHTML, like Gecko; compatible; bingbot/2.0; +http://www.bing.com/bingbot.htm) Chrome/116.0.1938.76 Safari/537.36"
185.216.113.70 - - [22/Apr/2026:21:37:46 +0300] "POST /wp-cron.php?doing_wp_cron=1776883065.9878849983215332031250 HTTP/1.1" 200 448 "-" "WordPress/6.3.8; https://serhatburke.miroglu.net"
193.36.38.228 - - [22/Apr/2026:21:37:25 +0300] "POST /xmlrpc.php HTTP/1.1" 200 7969 "-" "Mozilla/5.0 (Windows NT 10.0; Win64; x64) AppleWebKit/537.36 (KHTML, like Gecko) Chrome/114.0.0.0 Safari/537.36"
128.1.171.152 - - [22/Apr/2026:21:37:26 +0300] "POST /xmlrpc.php HTTP/1.1" 200 630 "-" "Mozilla/5.0 (Windows NT 10.0; Win64; x64) AppleWebKit/537.36 (KHTML, like Gecko) Chrome/114.0.0.0 Safari/537.36"
98.98.197.180 - - [22/Apr/2026:21:37:25 +0300] "GET /angling-within-the-alaska-alaska-department-away-from-seafood-and-games/ HTTP/1.1" 200 73896 "-" "Mozilla/5.0 (Windows NT 10.0; Win64; x64) AppleWebKit/537.36 (KHTML, like Gecko) Chrome/123.0.0.0 Safari/537.36 OPR/109.0.0.0"
163.61.182.63 - - [22/Apr/2026:21:37:39 +0300] "GET /beste-casino-site-belgie-hoge-inzet/ HTTP/1.1" 200 18588 "https://serhatburke.miroglu.net/" "Mozilla/5.0 (Windows NT 10.0; Win64; x64; rv:149.0) Gecko/20100101 Firefox/149.0"
163.61.182.63 - - [22/Apr/2026:21:38:06 +0300] "GET /wp-includes/css/dist/block-library/style.min.css?ver=6.3.8 HTTP/1.1" 200 13578 "https://serhatburke.miroglu.net/beste-casino-site-belgie-hoge-inzet/" "Mozilla/5.0 (Windows NT 10.0; Win64; x64) AppleWebKit/537.36 (KHTML, like Gecko) Chrome/145.0.0.0 Safari/537.36"
163.61.182.63 - - [22/Apr/2026:21:38:08 +0300] "GET /wp-content/plugins/contact-form-7/includes/css/styles.css?ver=5.8 HTTP/1.1" 200 1490 "https://serhatburke.miroglu.net/beste-casino-site-belgie-hoge-inzet/" "Mozilla/5.0 (Windows NT 10.0; Win64; x64) AppleWebKit/537.36 (KHTML, like Gecko) Chrome/145.0.0.0 Safari/537.36"
193.36.38.228 - - [22/Apr/2026:21:37:46 +0300] "GET /ideal-gambling-enterprise-bonus-and-you-can-welcome-offers-to-possess-british-members-april-2026/ HTTP/1.1" 200 70378 "-" "Mozilla/5.0 (Windows NT 10.0; Win64; x64) AppleWebKit/537.36 (KHTML, like Gecko) Chrome/124.0.0.0 Safari/537.36 Edg/124.0.0.0"
163.61.182.63 - - [22/Apr/2026:21:38:10 +0300] "GET /wp-content/themes/toppic/css/fontello.css?ver=4.2 HTTP/1.1" 200 1802 "https://serhatburke.miroglu.net/beste-casino-site-belgie-hoge-inzet/" "Mozilla/5.0 (Windows NT 10.0; Win64; x64) AppleWebKit/537.36 (KHTML, like Gecko) Chrome/145.0.0.0 Safari/537.36"
163.61.182.63 - - [22/Apr/2026:21:38:11 +0300] "GET /wp-content/themes/toppic/css/reset.css?ver=4.2 HTTP/1.1" 200 1178 "https://serhatburke.miroglu.net/beste-casino-site-belgie-hoge-inzet/" "Mozilla/5.0 (Windows NT 10.0; Win64; x64) AppleWebKit/537.36 (KHTML, like Gecko) Chrome/145.0.0.0 Safari/537.36"
128.1.171.152 - - [22/Apr/2026:21:37:52 +0300] "POST /xmlrpc.php HTTP/1.1" 200 8382 "-" "Mozilla/5.0 (Windows NT 10.0; Win64; x64) AppleWebKit/537.36 (KHTML, like Gecko) Chrome/114.0.0.0 Safari/537.36"
163.61.182.63 - - [22/Apr/2026:21:38:12 +0300] "GET /wp-content/themes/toppic/css/default.css?ver=4.2 HTTP/1.1" 200 1811 "https://serhatburke.miroglu.net/beste-casino-site-belgie-hoge-inzet/" "Mozilla/5.0 (Windows NT 10.0; Win64; x64) AppleWebKit/537.36 (KHTML, like Gecko) Chrome/145.0.0.0 Safari/537.36"
163.61.182.63 - - [22/Apr/2026:21:38:13 +0300] "GET /wp-content/themes/toppic/style.css?ver=4.2 HTTP/1.1" 200 23398 "https://serhatburke.miroglu.net/beste-casino-site-belgie-hoge-inzet/" "Mozilla/5.0 (Windows NT 10.0; Win64; x64) AppleWebKit/537.36 (KHTML, like Gecko) Chrome/145.0.0.0 Safari/537.36"
163.61.182.63 - - [22/Apr/2026:21:38:15 +0300] "GET /wp-content/themes/toppic/css/royalslider.css?ver=4.2 HTTP/1.1" 200 1887 "https://serhatburke.miroglu.net/beste-casino-site-belgie-hoge-inzet/" "Mozilla/5.0 (Windows NT 10.0; Win64; x64) AppleWebKit/537.36 (KHTML, like Gecko) Chrome/145.0.0.0 Safari/537.36"
163.61.182.63 - - [22/Apr/2026:21:38:16 +0300] "GET /wp-content/themes/toppic/css/rs-default.css?ver=4.2 HTTP/1.1" 200 2625 "https://serhatburke.miroglu.net/beste-casino-site-belgie-hoge-inzet/" "Mozilla/5.0 (Windows NT 10.0; Win64; x64) AppleWebKit/537.36 (KHTML, like Gecko) Chrome/145.0.0.0 Safari/537.36"
163.61.182.63 - - [22/Apr/2026:21:38:17 +0300] "GET /wp-content/themes/toppic/css/lightbox.css?ver=4.2 HTTP/1.1" 200 2956 "https://serhatburke.miroglu.net/beste-casino-site-belgie-hoge-inzet/" "Mozilla/5.0 (Windows NT 10.0; Win64; x64) AppleWebKit/537.36 (KHTML, like Gecko) Chrome/145.0.0.0 Safari/537.36"
163.61.182.63 - - [22/Apr/2026:21:38:20 +0300] "GET /wp-content/themes/toppic/css/woocommerce.css?ver=4.2 HTTP/1.1" 200 2848 "https://serhatburke.miroglu.net/beste-casino-site-belgie-hoge-inzet/" "Mozilla/5.0 (Windows NT 10.0; Win64; x64) AppleWebKit/537.36 (KHTML, like Gecko) Chrome/145.0.0.0 Safari/537.36"
163.61.182.63 - - [22/Apr/2026:21:38:21 +0300] "GET /wp-content/themes/toppic/css/responsive.css?ver=4.2 HTTP/1.1" 200 2796 "https://serhatburke.miroglu.net/beste-casino-site-belgie-hoge-inzet/" "Mozilla/5.0 (Windows NT 10.0; Win64; x64) AppleWebKit/537.36 (KHTML, like Gecko) Chrome/145.0.0.0 Safari/537.36"
128.1.171.152 - - [22/Apr/2026:21:38:11 +0300] "GET /sloturi-pe-ce-ce-faci-juca-on-royal-slots/ HTTP/1.1" 200 69008 "-" "Mozilla/5.0 (Windows NT 10.0; Win64; x64) AppleWebKit/537.36 (KHTML, like Gecko) Chrome/109.0.0.0 Safari/537.36"
163.61.182.63 - - [22/Apr/2026:21:38:23 +0300] "POST /wp-comments-post.php HTTP/1.1" 302 1083 "https://serhatburke.miroglu.net/beste-casino-site-belgie-hoge-inzet/" "Mozilla/5.0 (Windows NT 10.0; Win64; x64; rv:149.0) Gecko/20100101 Firefox/149.0"
185.216.113.70 - - [22/Apr/2026:21:38:45 +0300] "POST /wp-cron.php?doing_wp_cron=1776883125.3737881183624267578125 HTTP/1.1" 200 448 "-" "WordPress/6.3.8; https://serhatburke.miroglu.net"
52.167.144.161 - - [22/Apr/2026:21:38:29 +0300] "GET /nizej-niz-znajduje-sie-zwiekszony-badania-ktory-ma-dodatkowe-bardzo-wazne-informacje-wewnetrzne-i-to-pomoga-tych-ktorzy-pracuja-procesie-podejmowania-decyzji/ HTTP/2" 200 17551 "-" "Mozilla/5.0 AppleWebKit/537.36 (KHTML, like Gecko; compatible; bingbot/2.0; +http://www.bing.com/bingbot.htm) Chrome/116.0.1938.76 Safari/537.36"
52.167.144.17 - - [22/Apr/2026:21:38:37 +0300] "GET /athlete-help-direction-and-you-may-issues/ HTTP/2" 200 17607 "-" "Mozilla/5.0 AppleWebKit/537.36 (KHTML, like Gecko; compatible; bingbot/2.0; +http://www.bing.com/bingbot.htm) Chrome/116.0.1938.76 Safari/537.36"
163.61.182.63 - - [22/Apr/2026:21:38:37 +0300] "GET /beste-casino-site-belgie-hoge-inzet/?unapproved=573&moderation-hash=51437c710d1b9e4c8c224b27af534923 HTTP/1.1" 200 19106 "https://serhatburke.miroglu.net/wp-comments-post.php" "Mozilla/5.0 (Windows NT 10.0; Win64; x64; rv:149.0) Gecko/20100101 Firefox/149.0"
52.167.144.17 - - [22/Apr/2026:21:38:40 +0300] "GET /kraken-vash-putevoditel-po-darknetu-2026-2/ HTTP/2" 200 17833 "-" "Mozilla/5.0 AppleWebKit/537.36 (KHTML, like Gecko; compatible; bingbot/2.0; +http://www.bing.com/bingbot.htm) Chrome/116.0.1938.76 Safari/537.36"
128.1.171.152 - - [22/Apr/2026:21:38:59 +0300] "POST /xmlrpc.php HTTP/1.1" 200 630 "-" "Mozilla/5.0 (Windows NT 10.0; Win64; x64) AppleWebKit/537.36 (KHTML, like Gecko) Chrome/114.0.0.0 Safari/537.36"
163.61.182.63 - - [22/Apr/2026:21:39:05 +0300] "GET /beste-casino-site-belgie-hoge-inzet/ HTTP/1.1" 200 18576 "-" "Mozilla/5.0 (compatible; Googlebot/2.1; +http://www.google.com/bot.html)"
193.194.106.44 - - [22/Apr/2026:21:39:14 +0300] "GET /robots.txt HTTP/1.1" 200 735 "-" "Mozilla/5.0 (Linux; Android 6.0.1; Nexus 5X Build/MMB29P) AppleWebKit/537.36 (KHTML, like Gecko) Chrome/139.0.7258.156 Mobile Safari/537.36 (compatible; Googlebot/2.1; +http://www.google.com/bot.html)"
185.216.113.70 - - [22/Apr/2026:21:39:36 +0300] "POST /wp-cron.php?doing_wp_cron=1776883176.4563579559326171875000 HTTP/1.1" 200 448 "-" "WordPress/6.3.8; https://serhatburke.miroglu.net"
52.167.144.17 - - [22/Apr/2026:21:39:18 +0300] "GET /500-tiradas-regalado-falto-deposito-estatuto-de-bono-playbest-referente-a-estrella-casino/ HTTP/2" 200 17065 "-" "Mozilla/5.0 AppleWebKit/537.36 (KHTML, like Gecko; compatible; bingbot/2.0; +http://www.bing.com/bingbot.htm) Chrome/116.0.1938.76 Safari/537.36"
128.1.171.152 - - [22/Apr/2026:21:39:21 +0300] "POST /xmlrpc.php HTTP/1.1" 200 8989 "-" "Mozilla/5.0 (Windows NT 10.0; Win64; x64) AppleWebKit/537.36 (KHTML, like Gecko) Chrome/114.0.0.0 Safari/537.36"
193.194.106.44 - - [22/Apr/2026:21:39:30 +0300] "GET /best-online-casino-uk-compare-140-top-casino-sites-2026/ HTTP/1.1" 200 20309 "-" "Mozilla/5.0 (Linux; Android 6.0.1; Nexus 5X Build/MMB29P) AppleWebKit/537.36 (KHTML, like Gecko) Chrome/139.0.7258.156 Mobile Safari/537.36 (compatible; Googlebot/2.1; +http://www.google.com/bot.html)"
193.36.38.228 - - [22/Apr/2026:21:39:34 +0300] "POST /xmlrpc.php HTTP/1.1" 200 692 "-" "Mozilla/5.0 (Windows NT 10.0; Win64; x64) AppleWebKit/537.36 (KHTML, like Gecko) Chrome/114.0.0.0 Safari/537.36"
128.1.171.152 - - [22/Apr/2026:21:39:41 +0300] "GET /rotirile-gratuite-ii-permit-sa-joci-mai-degraba-decat-a-cheltui-greva-in-la-i-chiar-pe-fiecare-genereaza/ HTTP/1.1" 200 71488 "-" "Mozilla/5.0 (Windows NT 10.0; rv:109.0) Gecko/20100101 Firefox/115.0"
103.219.169.227 - - [22/Apr/2026:21:39:56 +0300] "POST /xmlrpc.php HTTP/1.1" 200 630 "-" "Mozilla/5.0 (Windows NT 10.0; Win64; x64) AppleWebKit/537.36 (KHTML, like Gecko) Chrome/114.0.0.0 Safari/537.36"
193.36.38.228 - - [22/Apr/2026:21:40:01 +0300] "POST /xmlrpc.php HTTP/1.1" 200 8024 "-" "Mozilla/5.0 (Windows NT 10.0; Win64; x64) AppleWebKit/537.36 (KHTML, like Gecko) Chrome/114.0.0.0 Safari/537.36"
163.61.182.63 - - [22/Apr/2026:21:40:03 +0300] "GET /beste-casino-site-belgie-hoge-inzet/ HTTP/1.1" 200 18552 "-" "Mozilla/5.0 (compatible; Googlebot/2.1; +http://www.google.com/bot.html)"
185.216.113.70 - - [22/Apr/2026:21:40:41 +0300] "POST /wp-cron.php?doing_wp_cron=1776883241.2514688968658447265625 HTTP/1.1" 200 448 "-" "WordPress/6.3.8; https://serhatburke.miroglu.net"
193.36.38.228 - - [22/Apr/2026:21:40:22 +0300] "GET /fast-detachment-casinos-british-2026-quick-exact-same-big-date-payment-internet/ HTTP/1.1" 200 70055 "-" "Mozilla/5.0 (Windows NT 10.0; Win64; x64; rv:124.0) Gecko/20100101 Firefox/124.0"
103.219.169.227 - - [22/Apr/2026:21:40:23 +0300] "POST /xmlrpc.php HTTP/1.1" 200 11608 "-" "Mozilla/5.0 (Windows NT 10.0; Win64; x64) AppleWebKit/537.36 (KHTML, like Gecko) Chrome/114.0.0.0 Safari/537.36"
128.1.171.152 - - [22/Apr/2026:21:40:33 +0300] "POST /xmlrpc.php HTTP/1.1" 200 630 "-" "Mozilla/5.0 (Windows NT 10.0; Win64; x64) AppleWebKit/537.36 (KHTML, like Gecko) Chrome/114.0.0.0 Safari/537.36"
103.219.169.227 - - [22/Apr/2026:21:40:44 +0300] "GET /angeschlossen-kasino-abzuglich-verifizierung-2026-blos-kyc-zum-casino-mr-green-besten-geben/ HTTP/1.1" 200 73823 "-" "Mozilla/5.0 (Windows NT 10.0; Win64; x64) AppleWebKit/537.36 (KHTML, like Gecko) Chrome/122.0.0.0 Safari/537.36"
40.77.167.26 - - [22/Apr/2026:21:40:46 +0300] "GET /love-lova-vestidos-invitadas-graduaciones-y-novias-4/ HTTP/2" 200 20751 "-" "Mozilla/5.0 AppleWebKit/537.36 (KHTML, like Gecko; compatible; bingbot/2.0; +http://www.bing.com/bingbot.htm) Chrome/116.0.1938.76 Safari/537.36"
52.167.144.161 - - [22/Apr/2026:21:40:51 +0300] "GET /corrente-ti-consente-di-fondare-verso-scommettere-immediatamente-senza-contare-compromettere-i-tuoi-soldi/ HTTP/2" 200 17372 "-" "Mozilla/5.0 AppleWebKit/537.36 (KHTML, like Gecko; compatible; bingbot/2.0; +http://www.bing.com/bingbot.htm) Chrome/116.0.1938.76 Safari/537.36"
128.1.171.152 - - [22/Apr/2026:21:40:59 +0300] "POST /xmlrpc.php HTTP/1.1" 200 8873 "-" "Mozilla/5.0 (Windows NT 10.0; Win64; x64) AppleWebKit/537.36 (KHTML, like Gecko) Chrome/114.0.0.0 Safari/537.36"
40.77.167.26 - - [22/Apr/2026:21:41:16 +0300] "GET /why-traders-choose-dexscreener-for-accurate-dex-analysis/ HTTP/2" 200 17680 "-" "Mozilla/5.0 AppleWebKit/537.36 (KHTML, like Gecko; compatible; bingbot/2.0; +http://www.bing.com/bingbot.htm) Chrome/116.0.1938.76 Safari/537.36"
128.1.171.152 - - [22/Apr/2026:21:41:18 +0300] "GET /pentru-mult-mai-mult-detalii-despre-bonusurile-disponibile-enumerate-mai-jos-sunt-unele-contul-privat-teatru-de-operare-parte-din-bonus-shop/ HTTP/1.1" 200 72035 "-" "Mozilla/5.0 (Windows NT 10.0; Win64; x64; rv:125.0) Gecko/20100101 Firefox/125.0"
185.216.113.70 - - [22/Apr/2026:21:41:44 +0300] "POST /wp-cron.php?doing_wp_cron=1776883304.1692390441894531250000 HTTP/1.1" 200 448 "-" "WordPress/6.3.8; https://serhatburke.miroglu.net"
98.98.197.180 - - [22/Apr/2026:21:41:31 +0300] "POST /xmlrpc.php HTTP/1.1" 200 630 "-" "Mozilla/5.0 (Windows NT 10.0; Win64; x64) AppleWebKit/537.36 (KHTML, like Gecko) Chrome/114.0.0.0 Safari/537.36"
40.77.167.26 - - [22/Apr/2026:21:41:36 +0300] "GET /have-fun-with-the-maximum-bonus-you-happen-to-be-our-very-own-2nd-happy-winner/ HTTP/2" 200 16725 "-" "Mozilla/5.0 AppleWebKit/537.36 (KHTML, like Gecko; compatible; bingbot/2.0; +http://www.bing.com/bingbot.htm) Chrome/116.0.1938.76 Safari/537.36"
193.36.38.228 - - [22/Apr/2026:21:41:45 +0300] "POST /xmlrpc.php HTTP/1.1" 200 692 "-" "Mozilla/5.0 (Windows NT 10.0; Win64; x64) AppleWebKit/537.36 (KHTML, like Gecko) Chrome/114.0.0.0 Safari/537.36"
98.98.197.180 - - [22/Apr/2026:21:41:50 +0300] "POST /xmlrpc.php HTTP/1.1" 200 11191 "-" "Mozilla/5.0 (Windows NT 10.0; Win64; x64) AppleWebKit/537.36 (KHTML, like Gecko) Chrome/114.0.0.0 Safari/537.36"
128.1.171.152 - - [22/Apr/2026:21:41:53 +0300] "POST /xmlrpc.php HTTP/1.1" 200 630 "-" "Mozilla/5.0 (Windows NT 10.0; Win64; x64) AppleWebKit/537.36 (KHTML, like Gecko) Chrome/114.0.0.0 Safari/537.36"
193.36.38.228 - - [22/Apr/2026:21:42:12 +0300] "POST /xmlrpc.php HTTP/1.1" 200 8068 "-" "Mozilla/5.0 (Windows NT 10.0; Win64; x64) AppleWebKit/537.36 (KHTML, like Gecko) Chrome/114.0.0.0 Safari/537.36"
98.98.197.180 - - [22/Apr/2026:21:42:11 +0300] "GET /real-money-and-you-may-societal-2026/ HTTP/1.1" 200 71731 "-" "Mozilla/5.0 (Windows NT 10.0; Win64; x64) AppleWebKit/537.36 (KHTML, like Gecko) Chrome/123.0.0.0 Safari/537.36 OPR/109.0.0.0"
128.1.171.152 - - [22/Apr/2026:21:42:17 +0300] "POST /xmlrpc.php HTTP/1.1" 200 8393 "-" "Mozilla/5.0 (Windows NT 10.0; Win64; x64) AppleWebKit/537.36 (KHTML, like Gecko) Chrome/114.0.0.0 Safari/537.36"
185.216.113.70 - - [22/Apr/2026:21:42:40 +0300] "POST /wp-cron.php?doing_wp_cron=1776883360.0501799583435058593750 HTTP/1.1" 200 448 "-" "WordPress/6.3.8; https://serhatburke.miroglu.net"
193.36.38.228 - - [22/Apr/2026:21:42:27 +0300] "GET /top-web-based-casinos-british-rated-gambling-enterprise-web-sites-february-2026/ HTTP/1.1" 200 70057 "-" "Mozilla/5.0 (Windows NT 10.0; Win64; x64) AppleWebKit/537.36 (KHTML, like Gecko) Chrome/123.0.0.0 Safari/537.36"
128.1.171.152 - - [22/Apr/2026:21:42:34 +0300] "GET /locuit-casino-%EF%BF%BD-tot-ce-trebuie-sa-ai-pentru-ca-i-ori-de-cate-ori-joci/ HTTP/1.1" 200 69838 "-" "Mozilla/5.0 (Windows NT 10.0; Win64; x64) AppleWebKit/537.36 (KHTML, like Gecko) Chrome/123.0.0.0 Safari/537.36 OPR/109.0.0.0"
66.249.73.14 - - [22/Apr/2026:21:42:45 +0300] "GET /robots.txt HTTP/1.1" 200 719 "-" "Mozilla/5.0 (compatible; Googlebot/2.1; +http://www.google.com/bot.html)"
66.249.73.1 - - [22/Apr/2026:21:42:45 +0300] "GET /locowin-casino-im-test-2026-bis-zu-1-850-500-freispiele/ HTTP/1.1" 200 17748 "-" "Mozilla/5.0 (Linux; Android 6.0.1; Nexus 5X Build/MMB29P) AppleWebKit/537.36 (KHTML, like Gecko) Chrome/146.0.7680.177 Mobile Safari/537.36 (compatible; Googlebot/2.1; +http://www.google.com/bot.html)"
66.249.73.14 - - [22/Apr/2026:21:43:08 +0300] "GET /wp-content/themes/toppic/js/jquery.modernizr.custom.js?ver=4.2 HTTP/1.1" 200 3520 "https://serhatburke.miroglu.net/locowin-casino-im-test-2026-bis-zu-1-850-500-freispiele/" "Mozilla/5.0 (Linux; Android 6.0.1; Nexus 5X Build/MMB29P) AppleWebKit/537.36 (KHTML, like Gecko) Chrome/146.0.7680.177 Mobile Safari/537.36 (compatible; Googlebot/2.1; +http://www.google.com/bot.html)"
66.249.73.14 - - [22/Apr/2026:21:43:15 +0300] "GET /wp-content/themes/toppic/js/scrollMonitor.js?ver=4.2 HTTP/1.1" 200 3166 "https://serhatburke.miroglu.net/locowin-casino-im-test-2026-bis-zu-1-850-500-freispiele/" "Mozilla/5.0 (Linux; Android 6.0.1; Nexus 5X Build/MMB29P) AppleWebKit/537.36 (KHTML, like Gecko) Chrome/146.0.7680.177 Mobile Safari/537.36 (compatible; Googlebot/2.1; +http://www.google.com/bot.html)"
185.191.171.15 - - [22/Apr/2026:21:43:01 +0300] "GET /kraken-zashchishchennyi-vkhod-i-novye-ssylki-na-2026/ HTTP/1.1" 200 21200 "-" "Mozilla/5.0 (compatible; SemrushBot/7~bl; +http://www.semrush.com/bot.html)"
185.191.171.4 - - [22/Apr/2026:21:43:17 +0300] "GET /gratifica-mucchio-online-2026-i-i-migliori-offerte-codice-bonus-vegas-plus-saluto/ HTTP/1.1" 200 22043 "-" "Mozilla/5.0 (compatible; SemrushBot/7~bl; +http://www.semrush.com/bot.html)"
185.216.113.70 - - [22/Apr/2026:21:43:39 +0300] "POST /wp-cron.php?doing_wp_cron=1776883419.5952200889587402343750 HTTP/1.1" 200 448 "-" "WordPress/6.3.8; https://serhatburke.miroglu.net"
128.1.171.152 - - [22/Apr/2026:21:43:26 +0300] "POST /xmlrpc.php HTTP/1.1" 200 630 "-" "Mozilla/5.0 (Windows NT 10.0; Win64; x64) AppleWebKit/537.36 (KHTML, like Gecko) Chrome/114.0.0.0 Safari/537.36"
66.249.73.14 - - [22/Apr/2026:21:43:43 +0300] "GET /locowin-casino-im-test-2026-bis-zu-1-850-500-freispiele/undefined?ts=1775520000 HTTP/1.1" 200 0 "https://serhatburke.miroglu.net/locowin-casino-im-test-2026-bis-zu-1-850-500-freispiele/" "Mozilla/5.0 (Linux; Android 6.0.1; Nexus 5X Build/MMB29P) AppleWebKit/537.36 (KHTML, like Gecko) Chrome/146.0.7680.177 Mobile Safari/537.36 (compatible; Googlebot/2.1; +http://www.google.com/bot.html)"
128.1.171.152 - - [22/Apr/2026:21:43:45 +0300] "POST /xmlrpc.php HTTP/1.1" 200 8785 "-" "Mozilla/5.0 (Windows NT 10.0; Win64; x64) AppleWebKit/537.36 (KHTML, like Gecko) Chrome/114.0.0.0 Safari/537.36"
193.36.38.228 - - [22/Apr/2026:21:44:01 +0300] "POST /xmlrpc.php HTTP/1.1" 200 692 "-" "Mozilla/5.0 (Windows NT 10.0; Win64; x64) AppleWebKit/537.36 (KHTML, like Gecko) Chrome/114.0.0.0 Safari/537.36"
128.1.171.152 - - [22/Apr/2026:21:44:01 +0300] "GET /atmosfera-moda-de-asemenea-i-sofisticata-sarah-totul-rune-manager-argosy-casino/ HTTP/1.1" 200 70320 "-" "Mozilla/5.0 (Windows NT 10.0; Win64; x64; rv:124.0) Gecko/20100101 Firefox/124.0"
185.216.113.70 - - [22/Apr/2026:21:44:31 +0300] "POST /wp-cron.php?doing_wp_cron=1776883471.1744539737701416015625 HTTP/1.1" 200 448 "-" "WordPress/6.3.8; https://serhatburke.miroglu.net"
193.36.38.228 - - [22/Apr/2026:21:44:19 +0300] "POST /xmlrpc.php HTTP/1.1" 200 8031 "-" "Mozilla/5.0 (Windows NT 10.0; Win64; x64) AppleWebKit/537.36 (KHTML, like Gecko) Chrome/114.0.0.0 Safari/537.36"
193.36.38.228 - - [22/Apr/2026:21:44:31 +0300] "GET /mr-las-vegas-canada-local-casino-opinion-incentives-have-plus-2026/ HTTP/1.1" 200 69433 "-" "Mozilla/5.0 (Windows NT 10.0; Win64; x64) AppleWebKit/537.36 (KHTML, like Gecko) Chrome/123.0.0.0 Safari/537.36 OPR/109.0.0.0"
128.1.171.152 - - [22/Apr/2026:21:44:41 +0300] "POST /xmlrpc.php HTTP/1.1" 200 630 "-" "Mozilla/5.0 (Windows NT 10.0; Win64; x64) AppleWebKit/537.36 (KHTML, like Gecko) Chrome/114.0.0.0 Safari/537.36"
128.1.171.152 - - [22/Apr/2026:21:45:00 +0300] "POST /xmlrpc.php HTTP/1.1" 200 9384 "-" "Mozilla/5.0 (Windows NT 10.0; Win64; x64) AppleWebKit/537.36 (KHTML, like Gecko) Chrome/114.0.0.0 Safari/537.36"
178.159.37.5 - - [22/Apr/2026:21:45:01 +0300] "POST /xmlrpc.php HTTP/1.1" 200 154272 "-" "Mozilla/5.0 (Macintosh; Intel Mac OS X 10_14_6) AppleWebKit/537.36 (KHTML, like Gecko) Chrome/80.0.3987.132 Safari/537.36"
103.219.169.227 - - [22/Apr/2026:21:45:12 +0300] "POST /xmlrpc.php HTTP/1.1" 200 630 "-" "Mozilla/5.0 (Windows NT 10.0; Win64; x64) AppleWebKit/537.36 (KHTML, like Gecko) Chrome/114.0.0.0 Safari/537.36"
128.1.171.152 - - [22/Apr/2026:21:45:14 +0300] "GET /million-casino-telecomanda-ridica-te-stres-la-noutatea-sloturilor-pagina-din-pacanele-au-fost-acum-calitatea-sa-principala/ HTTP/1.1" 200 72191 "-" "Mozilla/5.0 (Windows NT 10.0; rv:109.0) Gecko/20100101 Firefox/115.0"
178.159.37.5 - - [22/Apr/2026:21:45:18 +0300] "POST /xmlrpc.php HTTP/1.1" 200 667 "-" "Mozilla/5.0 (Macintosh; Intel Mac OS X 10_14_6) AppleWebKit/537.36 (KHTML, like Gecko) Chrome/80.0.3987.132 Safari/537.36"
185.216.113.70 - - [22/Apr/2026:21:45:56 +0300] "POST /wp-cron.php?doing_wp_cron=1776883556.4413449764251708984375 HTTP/1.1" 200 448 "-" "WordPress/6.3.8; https://serhatburke.miroglu.net"
103.219.169.227 - - [22/Apr/2026:21:45:35 +0300] "POST /xmlrpc.php HTTP/1.1" 200 11419 "-" "Mozilla/5.0 (Windows NT 10.0; Win64; x64) AppleWebKit/537.36 (KHTML, like Gecko) Chrome/114.0.0.0 Safari/537.36"
178.159.37.5 - - [22/Apr/2026:21:45:38 +0300] "POST /xmlrpc.php HTTP/1.1" 200 19927 "-" "Mozilla/5.0 (Macintosh; Intel Mac OS X 10_14_6) AppleWebKit/537.36 (KHTML, like Gecko) Chrome/80.0.3987.132 Safari/537.36"
40.77.167.59 - - [22/Apr/2026:21:45:40 +0300] "GET /en-caso-de-que-algun-participante-cae-sobre-5-simbolos-identicos-sobre-dragon-suele-conseguir-incluso-dos/ HTTP/2" 200 17131 "-" "Mozilla/5.0 AppleWebKit/537.36 (KHTML, like Gecko; compatible; bingbot/2.0; +http://www.bing.com/bingbot.htm) Chrome/116.0.1938.76 Safari/537.36"
98.98.197.180 - - [22/Apr/2026:21:45:42 +0300] "POST /xmlrpc.php HTTP/1.1" 200 630 "-" "Mozilla/5.0 (Windows NT 10.0; Win64; x64) AppleWebKit/537.36 (KHTML, like Gecko) Chrome/114.0.0.0 Safari/537.36"
52.167.144.17 - - [22/Apr/2026:21:45:49 +0300] "GET /kasino-bonus-12-euro-bonus-codes-angebote-februar-2026/ HTTP/2" 200 0 "-" "Mozilla/5.0 AppleWebKit/537.36 (KHTML, like Gecko; compatible; bingbot/2.0; +http://www.bing.com/bingbot.htm) Chrome/116.0.1938.76 Safari/537.36"
40.77.167.151 - - [22/Apr/2026:21:45:53 +0300] "GET /licencias-y-no-ha-transpirado-regulacion-una-base-sobre-cualquier-casino-legal/ HTTP/2" 200 0 "-" "Mozilla/5.0 AppleWebKit/537.36 (KHTML, like Gecko; compatible; bingbot/2.0; +http://www.bing.com/bingbot.htm) Chrome/116.0.1938.76 Safari/537.36"
40.77.167.151 - - [22/Apr/2026:21:45:53 +0300] "GET /burning-attention-slots-comment-243-play-ojo-games-play-casino-slots-a-method-to-earn-huge/ HTTP/2" 200 0 "-" "Mozilla/5.0 AppleWebKit/537.36 (KHTML, like Gecko; compatible; bingbot/2.0; +http://www.bing.com/bingbot.htm) Chrome/116.0.1938.76 Safari/537.36"
128.1.171.152 - - [22/Apr/2026:21:45:58 +0300] "POST /xmlrpc.php HTTP/1.1" 200 630 "-" "Mozilla/5.0 (Windows NT 10.0; Win64; x64) AppleWebKit/537.36 (KHTML, like Gecko) Chrome/114.0.0.0 Safari/537.36"
103.219.169.227 - - [22/Apr/2026:21:45:58 +0300] "GET /genau-vulkan-vegas-casino-osterreich-so-wie-funktioniert-das-casino-rewards-programm/ HTTP/1.1" 200 73700 "-" "Mozilla/5.0 (Windows NT 10.0; rv:125.0) Gecko/20100101 Firefox/125.0"
193.36.38.228 - - [22/Apr/2026:21:46:09 +0300] "POST /xmlrpc.php HTTP/1.1" 200 692 "-" "Mozilla/5.0 (Windows NT 10.0; Win64; x64) AppleWebKit/537.36 (KHTML, like Gecko) Chrome/114.0.0.0 Safari/537.36"
185.216.113.70 - - [22/Apr/2026:21:47:09 +0300] "POST /wp-cron.php?doing_wp_cron=1776883628.9315590858459472656250 HTTP/1.1" 200 448 "-" "WordPress/6.3.8; https://serhatburke.miroglu.net"
98.98.197.180 - - [22/Apr/2026:21:46:33 +0300] "POST /xmlrpc.php HTTP/1.1" 200 11894 "-" "Mozilla/5.0 (Windows NT 10.0; Win64; x64) AppleWebKit/537.36 (KHTML, like Gecko) Chrome/114.0.0.0 Safari/537.36"
185.216.113.70 - - [22/Apr/2026:21:47:14 +0300] "POST /wp-cron.php?doing_wp_cron=1776883634.1298971176147460937500 HTTP/1.1" 200 448 "-" "WordPress/6.3.8; https://serhatburke.miroglu.net"
40.77.167.59 - - [22/Apr/2026:21:46:42 +0300] "GET /atomic-wallet-simplifying-your-crypto-experience/ HTTP/2" 200 17244 "-" "Mozilla/5.0 AppleWebKit/537.36 (KHTML, like Gecko; compatible; bingbot/2.0; +http://www.bing.com/bingbot.htm) Chrome/116.0.1938.76 Safari/537.36"
185.216.113.70 - - [22/Apr/2026:21:47:24 +0300] "POST /wp-cron.php?doing_wp_cron=1776883644.3580160140991210937500 HTTP/1.1" 200 448 "-" "WordPress/6.3.8; https://serhatburke.miroglu.net"
52.167.144.209 - - [22/Apr/2026:21:46:49 +0300] "GET /disregard-it-it-would-not-compensation-your-a-great-breadstick/ HTTP/2" 200 16871 "-" "Mozilla/5.0 AppleWebKit/537.36 (KHTML, like Gecko; compatible; bingbot/2.0; +http://www.bing.com/bingbot.htm) Chrome/116.0.1938.76 Safari/537.36"
40.77.167.151 - - [22/Apr/2026:21:46:54 +0300] "GET /play-mobile-pokies-in-australia-critical-hyperlink-safer-start-for-beginners/ HTTP/2" 200 20137 "-" "Mozilla/5.0 AppleWebKit/537.36 (KHTML, like Gecko; compatible; bingbot/2.0; +http://www.bing.com/bingbot.htm) Chrome/116.0.1938.76 Safari/537.36"
128.1.171.152 - - [22/Apr/2026:21:46:55 +0300] "POST /xmlrpc.php HTTP/1.1" 200 8686 "-" "Mozilla/5.0 (Windows NT 10.0; Win64; x64) AppleWebKit/537.36 (KHTML, like Gecko) Chrome/114.0.0.0 Safari/537.36"
185.216.113.70 - - [22/Apr/2026:21:47:40 +0300] "POST /wp-cron.php?doing_wp_cron=1776883660.5639240741729736328125 HTTP/1.1" 200 448 "-" "WordPress/6.3.8; https://serhatburke.miroglu.net"
193.36.38.228 - - [22/Apr/2026:21:46:58 +0300] "POST /xmlrpc.php HTTP/1.1" 200 8243 "-" "Mozilla/5.0 (Windows NT 10.0; Win64; x64) AppleWebKit/537.36 (KHTML, like Gecko) Chrome/114.0.0.0 Safari/537.36"
98.98.197.180 - - [22/Apr/2026:21:47:10 +0300] "GET /manchester-stadium-bombing-wikipedia/ HTTP/1.1" 200 72079 "-" "Mozilla/5.0 (Windows NT 10.0; Win64; x64) AppleWebKit/537.36 (KHTML, like Gecko) Chrome/124.0.0.0 Safari/537.36 Edg/124.0.0.0"
128.1.171.152 - - [22/Apr/2026:21:47:27 +0300] "POST /xmlrpc.php HTTP/1.1" 200 630 "-" "Mozilla/5.0 (Windows NT 10.0; Win64; x64) AppleWebKit/537.36 (KHTML, like Gecko) Chrome/114.0.0.0 Safari/537.36"
128.1.171.152 - - [22/Apr/2026:21:47:35 +0300] "GET /devino-player-vip-i-ai-utilizare-din-cauza-distracie-fara-limite/ HTTP/1.1" 200 69959 "-" "Mozilla/5.0 (Windows NT 10.0; rv:109.0) Gecko/20100101 Firefox/115.0"
193.36.38.228 - - [22/Apr/2026:21:47:40 +0300] "GET /finest-gambling-enterprise-sites-british-all-better-web-based-casinos-british-rated-%EF%B8%8F/ HTTP/1.1" 200 70466 "-" "Mozilla/5.0 (Windows NT 10.0; Win64; x64) AppleWebKit/537.36 (KHTML, like Gecko) Chrome/123.0.0.0 Safari/537.36"
128.1.171.152 - - [22/Apr/2026:21:48:15 +0300] "POST /xmlrpc.php HTTP/1.1" 200 8667 "-" "Mozilla/5.0 (Windows NT 10.0; Win64; x64) AppleWebKit/537.36 (KHTML, like Gecko) Chrome/114.0.0.0 Safari/537.36"
185.216.113.70 - - [22/Apr/2026:21:48:39 +0300] "POST /wp-cron.php?doing_wp_cron=1776883719.7197899818420410156250 HTTP/1.1" 200 448 "-" "WordPress/6.3.8; https://serhatburke.miroglu.net"
193.36.38.228 - - [22/Apr/2026:21:48:21 +0300] "POST /xmlrpc.php HTTP/1.1" 200 692 "-" "Mozilla/5.0 (Windows NT 10.0; Win64; x64) AppleWebKit/537.36 (KHTML, like Gecko) Chrome/114.0.0.0 Safari/537.36"
128.1.171.152 - - [22/Apr/2026:21:48:31 +0300] "GET /in-timpul-cazinourile-pe-internet-vei-putea-intalni-o-serie-dintre-acestea-tipuri-de-din-stimulent-fara-depunere/ HTTP/1.1" 200 70973 "-" "Mozilla/5.0 (Windows NT 10.0; Win64; x64) AppleWebKit/537.36 (KHTML, like Gecko) Chrome/109.0.0.0 Safari/537.36"
128.1.171.152 - - [22/Apr/2026:21:48:37 +0300] "POST /xmlrpc.php HTTP/1.1" 200 630 "-" "Mozilla/5.0 (Windows NT 10.0; Win64; x64) AppleWebKit/537.36 (KHTML, like Gecko) Chrome/114.0.0.0 Safari/537.36"
140.174.179.8 - - [22/Apr/2026:21:48:31 +0300] "POST /xmlrpc.php HTTP/1.1" 200 630 "-" "Mozilla/5.0 (Windows NT 10.0; Win64; x64) AppleWebKit/537.36 (KHTML, like Gecko) Chrome/114.0.0.0 Safari/537.36"
193.36.38.228 - - [22/Apr/2026:21:48:46 +0300] "POST /xmlrpc.php HTTP/1.1" 200 8062 "-" "Mozilla/5.0 (Windows NT 10.0; Win64; x64) AppleWebKit/537.36 (KHTML, like Gecko) Chrome/114.0.0.0 Safari/537.36"
193.36.38.228 - - [22/Apr/2026:21:49:10 +0300] "GET /finest-non-swedish-licensed-gambling-enterprises-2023-safe-gambling/ HTTP/1.1" 200 69674 "-" "Mozilla/5.0 (Windows NT 10.0; Win64; x64; rv:124.0) Gecko/20100101 Firefox/124.0"
128.1.171.152 - - [22/Apr/2026:21:49:13 +0300] "POST /xmlrpc.php HTTP/1.1" 200 8541 "-" "Mozilla/5.0 (Windows NT 10.0; Win64; x64) AppleWebKit/537.36 (KHTML, like Gecko) Chrome/114.0.0.0 Safari/537.36"
140.174.179.8 - - [22/Apr/2026:21:49:14 +0300] "POST /xmlrpc.php HTTP/1.1" 200 15112 "-" "Mozilla/5.0 (Windows NT 10.0; Win64; x64) AppleWebKit/537.36 (KHTML, like Gecko) Chrome/114.0.0.0 Safari/537.36"
185.216.113.70 - - [22/Apr/2026:21:49:40 +0300] "POST /wp-cron.php?doing_wp_cron=1776883779.9808189868927001953125 HTTP/1.1" 200 448 "-" "WordPress/6.3.8; https://serhatburke.miroglu.net"
98.98.197.180 - - [22/Apr/2026:21:49:24 +0300] "POST /xmlrpc.php HTTP/1.1" 200 630 "-" "Mozilla/5.0 (Windows NT 10.0; Win64; x64) AppleWebKit/537.36 (KHTML, like Gecko) Chrome/114.0.0.0 Safari/537.36"
128.1.171.152 - - [22/Apr/2026:21:49:32 +0300] "GET /dupa-aceea-poti-alegei-daca-merita-sa-depui-moneda/ HTTP/1.1" 200 69738 "-" "Mozilla/5.0 (Windows NT 10.0; Win64; x64) AppleWebKit/537.36 (KHTML, like Gecko) Chrome/124.0.0.0 Safari/537.36"
185.216.113.70 - - [22/Apr/2026:21:50:03 +0300] "POST /wp-cron.php?doing_wp_cron=1776883803.8747029304504394531250 HTTP/1.1" 200 448 "-" "WordPress/6.3.8; https://serhatburke.miroglu.net"
140.174.179.8 - - [22/Apr/2026:21:49:38 +0300] "GET /wolf-silver-comment-free-demo-simple-mobile-play-inside-the-2026/ HTTP/1.1" 200 76041 "-" "Mozilla/5.0 (Windows NT 10.0; Win64; x64) AppleWebKit/537.36 (KHTML, like Gecko) Chrome/124.0.0.0 Safari/537.36 Edg/124.0.0.0"
128.1.171.152 - - [22/Apr/2026:21:49:45 +0300] "POST /xmlrpc.php HTTP/1.1" 200 630 "-" "Mozilla/5.0 (Windows NT 10.0; Win64; x64) AppleWebKit/537.36 (KHTML, like Gecko) Chrome/114.0.0.0 Safari/537.36"
98.98.197.180 - - [22/Apr/2026:21:49:46 +0300] "POST /xmlrpc.php HTTP/1.1" 200 10817 "-" "Mozilla/5.0 (Windows NT 10.0; Win64; x64) AppleWebKit/537.36 (KHTML, like Gecko) Chrome/114.0.0.0 Safari/537.36"
98.98.197.180 - - [22/Apr/2026:21:50:10 +0300] "GET /jogue-slots-online-apostar-slots-vegas-777-gratis/ HTTP/1.1" 200 72045 "-" "Mozilla/5.0 (Windows NT 10.0; Win64; x64; rv:125.0) Gecko/20100101 Firefox/125.0"
128.1.171.152 - - [22/Apr/2026:21:50:14 +0300] "POST /xmlrpc.php HTTP/1.1" 200 8929 "-" "Mozilla/5.0 (Windows NT 10.0; Win64; x64) AppleWebKit/537.36 (KHTML, like Gecko) Chrome/114.0.0.0 Safari/537.36"
103.219.169.227 - - [22/Apr/2026:21:50:16 +0300] "POST /xmlrpc.php HTTP/1.1" 200 630 "-" "Mozilla/5.0 (Windows NT 10.0; Win64; x64) AppleWebKit/537.36 (KHTML, like Gecko) Chrome/114.0.0.0 Safari/537.36"
128.1.171.152 - - [22/Apr/2026:21:50:31 +0300] "GET /bucks-fara-depunere-prezinta-avantajul-pentru-ca-deuce-poti-gestiona-dupa-frumos-plac/ HTTP/1.1" 200 70530 "-" "Mozilla/5.0 (Windows NT 10.0; Win64; x64) AppleWebKit/537.36 (KHTML, like Gecko) Chrome/122.0.0.0 Safari/537.36"
193.36.38.228 - - [22/Apr/2026:21:50:37 +0300] "POST /xmlrpc.php HTTP/1.1" 200 692 "-" "Mozilla/5.0 (Windows NT 10.0; Win64; x64) AppleWebKit/537.36 (KHTML, like Gecko) Chrome/114.0.0.0 Safari/537.36"
103.219.169.227 - - [22/Apr/2026:21:50:38 +0300] "POST /xmlrpc.php HTTP/1.1" 200 11612 "-" "Mozilla/5.0 (Windows NT 10.0; Win64; x64) AppleWebKit/537.36 (KHTML, like Gecko) Chrome/114.0.0.0 Safari/537.36"
185.216.113.70 - - [22/Apr/2026:21:51:08 +0300] "POST /wp-cron.php?doing_wp_cron=1776883868.8428969383239746093750 HTTP/1.1" 200 448 "-" "WordPress/6.3.8; https://serhatburke.miroglu.net"
103.219.169.227 - - [22/Apr/2026:21:50:54 +0300] "GET /mahjong-spiele-fur-nusse-verbunden-spielen-auf-fantasini-master-mystery-1-kaution-play123/ HTTP/1.1" 200 74025 "-" "Mozilla/5.0 (Windows NT 10.0; Win64; x64) AppleWebKit/537.36 (KHTML, like Gecko) Chrome/124.0.0.0 Safari/537.36 Edg/124.0.0.0"
185.216.113.70 - - [22/Apr/2026:21:51:13 +0300] "POST /wp-cron.php?doing_wp_cron=1776883873.5750429630279541015625 HTTP/1.1" 200 448 "-" "WordPress/6.3.8; https://serhatburke.miroglu.net"
193.36.38.228 - - [22/Apr/2026:21:50:56 +0300] "POST /xmlrpc.php HTTP/1.1" 200 8338 "-" "Mozilla/5.0 (Windows NT 10.0; Win64; x64) AppleWebKit/537.36 (KHTML, like Gecko) Chrome/114.0.0.0 Safari/537.36"
185.216.113.70 - - [22/Apr/2026:21:51:24 +0300] "POST /wp-cron.php?doing_wp_cron=1776883884.0596339702606201171875 HTTP/1.1" 200 448 "-" "WordPress/6.3.8; https://serhatburke.miroglu.net"
128.1.171.152 - - [22/Apr/2026:21:51:00 +0300] "POST /xmlrpc.php HTTP/1.1" 200 630 "-" "Mozilla/5.0 (Windows NT 10.0; Win64; x64) AppleWebKit/537.36 (KHTML, like Gecko) Chrome/114.0.0.0 Safari/537.36"
185.216.113.70 - - [22/Apr/2026:21:51:39 +0300] "POST /wp-cron.php?doing_wp_cron=1776883899.2544479370117187500000 HTTP/1.1" 200 448 "-" "WordPress/6.3.8; https://serhatburke.miroglu.net"
98.98.9.30 - - [22/Apr/2026:21:51:08 +0300] "POST /xmlrpc.php HTTP/1.1" 200 630 "-" "Mozilla/5.0 (Windows NT 10.0; Win64; x64) AppleWebKit/537.36 (KHTML, like Gecko) Chrome/114.0.0.0 Safari/537.36"
193.36.38.228 - - [22/Apr/2026:21:51:13 +0300] "GET /most-readily-useful-online-casino-bonuses-united-kingdom-2026-best-rated-has-the-benefit-of/ HTTP/1.1" 200 70411 "-" "Mozilla/5.0 (Windows NT 10.0; Win64; x64) AppleWebKit/537.36 (KHTML, like Gecko) Chrome/123.0.0.0 Safari/537.36"
128.1.171.152 - - [22/Apr/2026:21:51:29 +0300] "POST /xmlrpc.php HTTP/1.1" 200 8727 "-" "Mozilla/5.0 (Windows NT 10.0; Win64; x64) AppleWebKit/537.36 (KHTML, like Gecko) Chrome/114.0.0.0 Safari/537.36"
35.224.168.243 - - [22/Apr/2026:21:51:42 +0300] "GET /wp-admin/options-reading.php HTTP/2" 200 0 "-" "Mozilla/5.0 (X11; Linux x86_64) AppleWebKit/537.36 (KHTML, like Gecko) HeadlessChrome/147.0.7727.15 Safari/537.36"
66.249.73.14 - - [22/Apr/2026:21:52:04 +0300] "GET /rollinoapp-uk-weekend-bonus-an-in-depth-review/ HTTP/1.1" 200 0 "https://sxkpfnm.driftengine-games.info/" "Mozilla/5.0 (Linux; Android 6.0.1; Nexus 5X Build/MMB29P) AppleWebKit/537.36 (KHTML, like Gecko) Chrome/146.0.7680.177 Mobile Safari/537.36 (compatible; Googlebot/2.1; +http://www.google.com/bot.html)"
98.98.9.30 - - [22/Apr/2026:21:51:46 +0300] "POST /xmlrpc.php HTTP/1.1" 200 11679 "-" "Mozilla/5.0 (Windows NT 10.0; Win64; x64) AppleWebKit/537.36 (KHTML, like Gecko) Chrome/114.0.0.0 Safari/537.36"
35.224.168.243 - - [22/Apr/2026:21:52:13 +0300] "GET /wp-admin/options-reading.php HTTP/2" 200 0 "-" "Mozilla/5.0 (X11; Linux x86_64) AppleWebKit/537.36 (KHTML, like Gecko) HeadlessChrome/147.0.7727.15 Safari/537.36"
185.216.113.70 - - [22/Apr/2026:21:52:48 +0300] "POST /wp-cron.php?doing_wp_cron=1776883967.8467559814453125000000 HTTP/1.1" 200 448 "-" "WordPress/6.3.8; https://serhatburke.miroglu.net"
128.1.171.152 - - [22/Apr/2026:21:52:02 +0300] "GET /tip-ruleta-de-cel-mai-bun-din-care-poi-juca-gratuit/ HTTP/1.1" 200 69254 "-" "Mozilla/5.0 (Windows NT 10.0; rv:125.0) Gecko/20100101 Firefox/125.0"
185.216.113.70 - - [22/Apr/2026:21:52:55 +0300] "POST /wp-cron.php?doing_wp_cron=1776883975.3387479782104492187500 HTTP/1.1" 200 448 "-" "WordPress/6.3.8; https://serhatburke.miroglu.net"
66.249.73.15 - - [22/Apr/2026:21:52:05 +0300] "GET /robots.txt HTTP/1.1" 200 719 "-" "Mozilla/5.0 (compatible; Googlebot/2.1; +http://www.google.com/bot.html)"
185.216.113.70 - - [22/Apr/2026:21:52:57 +0300] "POST /wp-cron.php?doing_wp_cron=1776883977.4309089183807373046875 HTTP/1.1" 200 448 "-" "WordPress/6.3.8; https://serhatburke.miroglu.net"
52.167.144.209 - - [22/Apr/2026:21:52:18 +0300] "GET /kraken-vse-dostupnye-sposoby-vkhoda-v-darknet-2026/ HTTP/2" 200 0 "-" "Mozilla/5.0 AppleWebKit/537.36 (KHTML, like Gecko; compatible; bingbot/2.0; +http://www.bing.com/bingbot.htm) Chrome/116.0.1938.76 Safari/537.36"
185.216.113.70 - - [22/Apr/2026:21:53:11 +0300] "POST /wp-cron.php?doing_wp_cron=1776883991.3352930545806884765625 HTTP/1.1" 200 448 "-" "WordPress/6.3.8; https://serhatburke.miroglu.net"
40.77.167.59 - - [22/Apr/2026:21:52:22 +0300] "GET /exploring-the-safepal-wallet-key-features-and-benefits-2/ HTTP/2" 200 0 "-" "Mozilla/5.0 AppleWebKit/537.36 (KHTML, like Gecko; compatible; bingbot/2.0; +http://www.bing.com/bingbot.htm) Chrome/116.0.1938.76 Safari/537.36"
35.224.168.243 - - [22/Apr/2026:21:52:45 +0300] "GET /wp-admin/options-reading.php HTTP/2" 200 0 "-" "Mozilla/5.0 (X11; Linux x86_64) AppleWebKit/537.36 (KHTML, like Gecko) HeadlessChrome/147.0.7727.15 Safari/537.36"
40.77.167.151 - - [22/Apr/2026:21:52:29 +0300] "GET /exactly-what-do-you-have-made-to-own-at-least-deposit-off-1/ HTTP/2" 200 0 "-" "Mozilla/5.0 AppleWebKit/537.36 (KHTML, like Gecko; compatible; bingbot/2.0; +http://www.bing.com/bingbot.htm) Chrome/116.0.1938.76 Safari/537.36"
185.216.113.70 - - [22/Apr/2026:21:53:22 +0300] "POST /wp-cron.php?doing_wp_cron=1776884002.0423579216003417968750 HTTP/1.1" 200 448 "-" "WordPress/6.3.8; https://serhatburke.miroglu.net"
185.216.113.70 - - [22/Apr/2026:21:53:26 +0300] "POST /wp-cron.php?doing_wp_cron=1776884006.5605340003967285156250 HTTP/1.1" 200 448 "-" "WordPress/6.3.8; https://serhatburke.miroglu.net"
185.216.113.70 - - [22/Apr/2026:21:53:26 +0300] "POST /wp-cron.php?doing_wp_cron=1776884006.4568231105804443359375 HTTP/1.1" 200 448 "-" "WordPress/6.3.8; https://serhatburke.miroglu.net"
140.174.179.8 - - [22/Apr/2026:21:52:19 +0300] "POST /xmlrpc.php HTTP/1.1" 200 630 "-" "Mozilla/5.0 (Windows NT 10.0; Win64; x64) AppleWebKit/537.36 (KHTML, like Gecko) Chrome/114.0.0.0 Safari/537.36"
185.216.113.70 - - [22/Apr/2026:21:53:28 +0300] "POST /wp-cron.php?doing_wp_cron=1776884008.2537109851837158203125 HTTP/1.1" 200 448 "-" "WordPress/6.3.8; https://serhatburke.miroglu.net"
185.216.113.70 - - [22/Apr/2026:21:52:13 +0300] "POST /wp-admin/admin-ajax.php?action=as_async_request_queue_runner&nonce=40d42cec2b HTTP/1.1" 200 1030 "-" "WordPress/6.3.8; https://serhatburke.miroglu.net"
98.98.9.30 - - [22/Apr/2026:21:52:19 +0300] "GET /50-dragons-online-casino-gala-100-free-spins-no-deposit-slot-gamble-pokie-servers-at-no-cost-from-the-aristocrat/ HTTP/1.1" 200 73722 "-" "Mozilla/5.0 (Windows NT 10.0; Win64; x64) AppleWebKit/537.36 (KHTML, like Gecko) Chrome/123.0.0.0 Safari/537.36 OPR/109.0.0.0"
185.216.113.70 - - [22/Apr/2026:21:53:56 +0300] "POST /wp-cron.php?doing_wp_cron=1776884036.1325929164886474609375 HTTP/1.1" 200 448 "-" "WordPress/6.3.8; https://serhatburke.miroglu.net"
193.36.38.228 - - [22/Apr/2026:21:52:43 +0300] "POST /xmlrpc.php HTTP/1.1" 200 692 "-" "Mozilla/5.0 (Windows NT 10.0; Win64; x64) AppleWebKit/537.36 (KHTML, like Gecko) Chrome/114.0.0.0 Safari/537.36"
40.77.167.43 - - [22/Apr/2026:21:53:19 +0300] "GET /better-on-line-casino-number-usa-february-2026/ HTTP/2" 200 0 "-" "Mozilla/5.0 AppleWebKit/537.36 (KHTML, like Gecko; compatible; bingbot/2.0; +http://www.bing.com/bingbot.htm) Chrome/116.0.1938.76 Safari/537.36"
185.216.113.70 - - [22/Apr/2026:21:54:14 +0300] "POST /wp-cron.php?doing_wp_cron=1776884054.6639049053192138671875 HTTP/1.1" 200 448 "-" "WordPress/6.3.8; https://serhatburke.miroglu.net"
185.216.113.70 - - [22/Apr/2026:21:53:11 +0300] "POST /wp-admin/admin-ajax.php?action=as_async_request_queue_runner&nonce=40d42cec2b HTTP/1.1" 200 1030 "-" "WordPress/6.3.8; https://serhatburke.miroglu.net"
185.216.113.70 - - [22/Apr/2026:21:54:35 +0300] "POST /wp-cron.php?doing_wp_cron=1776884075.9303081035614013671875 HTTP/1.1" 200 448 "-" "WordPress/6.3.8; https://serhatburke.miroglu.net"
140.174.179.8 - - [22/Apr/2026:21:53:34 +0300] "POST /xmlrpc.php HTTP/1.1" 200 14344 "-" "Mozilla/5.0 (Windows NT 10.0; Win64; x64) AppleWebKit/537.36 (KHTML, like Gecko) Chrome/114.0.0.0 Safari/537.36"
193.36.38.228 - - [22/Apr/2026:21:54:01 +0300] "POST /xmlrpc.php HTTP/1.1" 200 8229 "-" "Mozilla/5.0 (Windows NT 10.0; Win64; x64) AppleWebKit/537.36 (KHTML, like Gecko) Chrome/114.0.0.0 Safari/537.36"
5.157.5.129 - - [22/Apr/2026:21:54:36 +0300] "GET /automaty-hazard-online/ HTTP/1.1" 200 17774 "-" "Mozilla/5.0 (compatible; Googlebot/2.1; +http://www.google.com/bot.html)"
140.174.179.8 - - [22/Apr/2026:21:54:37 +0300] "GET /lucky-joker-christmas-time-dice-position-remark-gambling-enterprise-pirates-silver-2026-totally-free-enjoy-demonstration/ HTTP/1.1" 200 76707 "-" "Mozilla/5.0 (Windows NT 10.0; Win64; x64) AppleWebKit/537.36 (KHTML, like Gecko) Chrome/123.0.0.0 Safari/537.36"
193.36.38.228 - - [22/Apr/2026:21:54:45 +0300] "GET /top-level-options-for-2026/ HTTP/1.1" 200 68692 "-" "Mozilla/5.0 (Windows NT 10.0; Win64; x64) AppleWebKit/537.36 (KHTML, like Gecko) Chrome/123.0.0.0 Safari/537.36"
103.219.169.227 - - [22/Apr/2026:21:54:48 +0300] "POST /xmlrpc.php HTTP/1.1" 200 630 "-" "Mozilla/5.0 (Windows NT 10.0; Win64; x64) AppleWebKit/537.36 (KHTML, like Gecko) Chrome/114.0.0.0 Safari/537.36"
193.36.38.228 - - [22/Apr/2026:21:54:52 +0300] "POST /xmlrpc.php HTTP/1.1" 200 692 "-" "Mozilla/5.0 (Windows NT 10.0; Win64; x64) AppleWebKit/537.36 (KHTML, like Gecko) Chrome/114.0.0.0 Safari/537.36"
185.216.113.70 - - [22/Apr/2026:21:55:39 +0300] "POST /wp-cron.php?doing_wp_cron=1776884139.2261180877685546875000 HTTP/1.1" 200 448 "-" "WordPress/6.3.8; https://serhatburke.miroglu.net"
103.219.169.227 - - [22/Apr/2026:21:55:24 +0300] "POST /xmlrpc.php HTTP/1.1" 200 10771 "-" "Mozilla/5.0 (Windows NT 10.0; Win64; x64) AppleWebKit/537.36 (KHTML, like Gecko) Chrome/114.0.0.0 Safari/537.36"
193.36.38.228 - - [22/Apr/2026:21:55:25 +0300] "POST /xmlrpc.php HTTP/1.1" 200 7964 "-" "Mozilla/5.0 (Windows NT 10.0; Win64; x64) AppleWebKit/537.36 (KHTML, like Gecko) Chrome/114.0.0.0 Safari/537.36"
193.36.38.228 - - [22/Apr/2026:21:55:39 +0300] "GET /greatest-gambling-enterprise-deposit-extra-2023/ HTTP/1.1" 200 68864 "-" "Mozilla/5.0 (Windows NT 10.0; Win64; x64) AppleWebKit/537.36 (KHTML, like Gecko) Chrome/122.0.0.0 Safari/537.36"
103.219.169.227 - - [22/Apr/2026:21:55:40 +0300] "GET /beste-casino-forest-of-wonders-erreichbar-casinos-deutschland-top-spielbank-seiten-2026/ HTTP/1.1" 200 72681 "-" "Mozilla/5.0 (Windows NT 10.0; Win64; x64) AppleWebKit/537.36 (KHTML, like Gecko) Chrome/124.0.0.0 Safari/537.36 Edg/124.0.0.0"
140.174.179.8 - - [22/Apr/2026:21:55:44 +0300] "POST /xmlrpc.php HTTP/1.1" 200 630 "-" "Mozilla/5.0 (Windows NT 10.0; Win64; x64) AppleWebKit/537.36 (KHTML, like Gecko) Chrome/114.0.0.0 Safari/537.36"
140.174.179.8 - - [22/Apr/2026:21:56:16 +0300] "POST /xmlrpc.php HTTP/1.1" 200 12942 "-" "Mozilla/5.0 (Windows NT 10.0; Win64; x64) AppleWebKit/537.36 (KHTML, like Gecko) Chrome/114.0.0.0 Safari/537.36"
185.216.113.70 - - [22/Apr/2026:21:56:46 +0300] "POST /wp-cron.php?doing_wp_cron=1776884206.9165990352630615234375 HTTP/1.1" 200 448 "-" "WordPress/6.3.8; https://serhatburke.miroglu.net"
140.174.179.8 - - [22/Apr/2026:21:56:32 +0300] "GET /online-yahtzee-game-play-having-family-get-dice-now/ HTTP/1.1" 200 73897 "-" "Mozilla/5.0 (Windows NT 10.0; rv:109.0) Gecko/20100101 Firefox/115.0"
193.36.38.228 - - [22/Apr/2026:21:56:57 +0300] "POST /xmlrpc.php HTTP/1.1" 200 692 "-" "Mozilla/5.0 (Windows NT 10.0; Win64; x64) AppleWebKit/537.36 (KHTML, like Gecko) Chrome/114.0.0.0 Safari/537.36"
185.216.113.70 - - [22/Apr/2026:21:57:26 +0300] "POST /wp-cron.php?doing_wp_cron=1776884246.2659139633178710937500 HTTP/1.1" 200 448 "-" "WordPress/6.3.8; https://serhatburke.miroglu.net"
