40.77.167.73 - - [22/Apr/2026:09:54:32 +0300] "GET /casinos-en-espana-con-manga-larga-deposito-de-5-mejores-400-bonificacion-del-casino-2026-paypal-posibilidades/ HTTP/2" 200 20245 "-" "Mozilla/5.0 AppleWebKit/537.36 (KHTML, like Gecko; compatible; bingbot/2.0; +http://www.bing.com/bingbot.htm) Chrome/116.0.1938.76 Safari/537.36"
52.167.144.147 - - [22/Apr/2026:09:54:33 +0300] "GET /gamble-thunderstruck-online-status-betsafe-50-free-spins-no-deposit-in-britain-2026/ HTTP/2" 200 18739 "-" "Mozilla/5.0 AppleWebKit/537.36 (KHTML, like Gecko; compatible; bingbot/2.0; +http://www.bing.com/bingbot.htm) Chrome/116.0.1938.76 Safari/537.36"
40.77.167.73 - - [22/Apr/2026:09:54:43 +0300] "GET /nettikolikkopelit-i24slot-tilini-oikealla-rahalla/ HTTP/2" 200 17540 "-" "Mozilla/5.0 AppleWebKit/537.36 (KHTML, like Gecko; compatible; bingbot/2.0; +http://www.bing.com/bingbot.htm) Chrome/116.0.1938.76 Safari/537.36"
98.98.33.4 - - [22/Apr/2026:09:55:12 +0300] "POST /xmlrpc.php HTTP/1.1" 200 630 "-" "Mozilla/5.0 (Windows NT 10.0; Win64; x64) AppleWebKit/537.36 (KHTML, like Gecko) Chrome/114.0.0.0 Safari/537.36"
185.216.113.70 - - [22/Apr/2026:09:56:01 +0300] "POST /wp-cron.php?doing_wp_cron=1776840961.5804479122161865234375 HTTP/1.1" 200 448 "-" "WordPress/6.3.8; https://serhatburke.miroglu.net"
165.73.240.122 - - [22/Apr/2026:09:55:26 +0300] "POST /xmlrpc.php HTTP/1.1" 200 16529 "-" "Mozilla/5.0 (Windows NT 10.0; Win64; x64) AppleWebKit/537.36 (KHTML, like Gecko) Chrome/114.0.0.0 Safari/537.36"
185.216.113.70 - - [22/Apr/2026:09:56:04 +0300] "POST /wp-cron.php?doing_wp_cron=1776840964.0801529884338378906250 HTTP/1.1" 200 448 "-" "WordPress/6.3.8; https://serhatburke.miroglu.net"
52.167.144.147 - - [22/Apr/2026:09:55:30 +0300] "GET /deutsche-normal-eye-verschlingen-die-einen-artikel-born-verknupfung-of-horus-demo-150-freispiel-bewertungen-casinos-2025-im-konvention-uniprocessus/ HTTP/2" 200 20629 "-" "Mozilla/5.0 AppleWebKit/537.36 (KHTML, like Gecko; compatible; bingbot/2.0; +http://www.bing.com/bingbot.htm) Chrome/116.0.1938.76 Safari/537.36"
185.216.113.70 - - [22/Apr/2026:09:56:40 +0300] "POST /wp-cron.php?doing_wp_cron=1776841000.0357999801635742187500 HTTP/1.1" 200 448 "-" "WordPress/6.3.8; https://serhatburke.miroglu.net"
98.98.33.4 - - [22/Apr/2026:09:55:54 +0300] "POST /xmlrpc.php HTTP/1.1" 200 14850 "-" "Mozilla/5.0 (Windows NT 10.0; Win64; x64) AppleWebKit/537.36 (KHTML, like Gecko) Chrome/114.0.0.0 Safari/537.36"
94.59.73.238 - - [22/Apr/2026:09:56:18 +0300] "POST /xmlrpc.php HTTP/2" 200 0 "-" "WordPress/XMLRPC Client"
52.167.144.147 - - [22/Apr/2026:09:56:09 +0300] "GET /ad-esempio-preferire-indivis-situazione-slot-online-per-contante-veri-i-consigli-di-bollettino/ HTTP/2" 200 0 "-" "Mozilla/5.0 AppleWebKit/537.36 (KHTML, like Gecko; compatible; bingbot/2.0; +http://www.bing.com/bingbot.htm) Chrome/116.0.1938.76 Safari/537.36"
165.73.240.122 - - [22/Apr/2026:09:56:03 +0300] "GET /keno-un-brin-jeu-gratis-et-roulettino-dans-argent-effectif-dans-un-pays-europeen-2026/ HTTP/1.1" 200 78088 "-" "Mozilla/5.0 (Windows NT 10.0; Win64; x64) AppleWebKit/537.36 (KHTML, like Gecko) Chrome/123.0.0.0 Safari/537.36 OPR/109.0.0.0"
98.98.197.196 - - [22/Apr/2026:09:56:08 +0300] "POST /xmlrpc.php HTTP/1.1" 200 630 "-" "Mozilla/5.0 (Windows NT 10.0; Win64; x64) AppleWebKit/537.36 (KHTML, like Gecko) Chrome/114.0.0.0 Safari/537.36"
66.249.73.1 - - [22/Apr/2026:09:57:03 +0300] "GET /rollinoapp-uk-weekend-bonus-an-in-depth-review/undefined?ts=1775520000 HTTP/1.1" 200 0 "https://serhatburke.miroglu.net/rollinoapp-uk-weekend-bonus-an-in-depth-review/" "Mozilla/5.0 (Linux; Android 6.0.1; Nexus 5X Build/MMB29P) AppleWebKit/537.36 (KHTML, like Gecko) Chrome/146.0.7680.177 Mobile Safari/537.36 (compatible; Googlebot/2.1; +http://www.google.com/bot.html)"
102.180.95.152 - - [22/Apr/2026:09:56:49 +0300] "POST /xmlrpc.php HTTP/2" 200 0 "-" "WordPress/XMLRPC Client"
128.1.218.166 - - [22/Apr/2026:09:56:30 +0300] "POST /xmlrpc.php HTTP/1.1" 200 630 "-" "Mozilla/5.0 (Windows NT 10.0; Win64; x64) AppleWebKit/537.36 (KHTML, like Gecko) Chrome/114.0.0.0 Safari/537.36"
66.249.73.15 - - [22/Apr/2026:09:57:27 +0300] "GET /rollinoapp-uk-weekend-bonus-an-in-depth-review/undefined?ts=1775520000 HTTP/1.1" 200 0 "https://serhatburke.miroglu.net/rollinoapp-uk-weekend-bonus-an-in-depth-review/" "Mozilla/5.0 (Linux; Android 6.0.1; Nexus 5X Build/MMB29P) AppleWebKit/537.36 (KHTML, like Gecko) Chrome/146.0.7680.177 Mobile Safari/537.36 (compatible; Googlebot/2.1; +http://www.google.com/bot.html)"
185.216.113.70 - - [22/Apr/2026:09:57:42 +0300] "POST /wp-cron.php?doing_wp_cron=1776841062.7543060779571533203125 HTTP/1.1" 200 448 "-" "WordPress/6.3.8; https://serhatburke.miroglu.net"
98.98.33.4 - - [22/Apr/2026:09:56:42 +0300] "GET /ikkari-breakthrough/ HTTP/1.1" 200 74650 "-" "Mozilla/5.0 (Windows NT 10.0; rv:109.0) Gecko/20100101 Firefox/115.0"
181.20.47.51 - - [22/Apr/2026:09:57:20 +0300] "POST /xmlrpc.php HTTP/2" 200 0 "-" "WordPress/XMLRPC Client"
40.77.167.73 - - [22/Apr/2026:09:57:02 +0300] "GET /begin-your-journey-with-sushiswap-a-dex-overview/ HTTP/2" 200 0 "-" "Mozilla/5.0 AppleWebKit/537.36 (KHTML, like Gecko; compatible; bingbot/2.0; +http://www.bing.com/bingbot.htm) Chrome/116.0.1938.76 Safari/537.36"
66.249.73.14 - - [22/Apr/2026:09:57:48 +0300] "GET /rollinoapp-uk-weekend-bonus-an-in-depth-review/undefined?ts=1775520000 HTTP/1.1" 200 0 "https://serhatburke.miroglu.net/rollinoapp-uk-weekend-bonus-an-in-depth-review/" "Mozilla/5.0 (Linux; Android 6.0.1; Nexus 5X Build/MMB29P) AppleWebKit/537.36 (KHTML, like Gecko) Chrome/146.0.7680.177 Mobile Safari/537.36 (compatible; Googlebot/2.1; +http://www.google.com/bot.html)"
52.167.144.147 - - [22/Apr/2026:09:57:11 +0300] "GET /kraken-vash-portal-v-darknet-2026-2/ HTTP/2" 200 0 "-" "Mozilla/5.0 AppleWebKit/537.36 (KHTML, like Gecko; compatible; bingbot/2.0; +http://www.bing.com/bingbot.htm) Chrome/116.0.1938.76 Safari/537.36"
185.216.113.70 - - [22/Apr/2026:09:58:03 +0300] "POST /wp-cron.php?doing_wp_cron=1776841083.8515529632568359375000 HTTP/1.1" 200 448 "-" "WordPress/6.3.8; https://serhatburke.miroglu.net"
185.216.113.70 - - [22/Apr/2026:09:58:05 +0300] "POST /wp-cron.php?doing_wp_cron=1776841085.5424020290374755859375 HTTP/1.1" 200 448 "-" "WordPress/6.3.8; https://serhatburke.miroglu.net"
185.216.113.70 - - [22/Apr/2026:09:58:16 +0300] "POST /wp-cron.php?doing_wp_cron=1776841096.1778039932250976562500 HTTP/1.1" 200 448 "-" "WordPress/6.3.8; https://serhatburke.miroglu.net"
185.216.113.70 - - [22/Apr/2026:09:58:20 +0300] "POST /wp-cron.php?doing_wp_cron=1776841100.3425619602203369140625 HTTP/1.1" 200 448 "-" "WordPress/6.3.8; https://serhatburke.miroglu.net"
98.98.197.196 - - [22/Apr/2026:09:57:15 +0300] "POST /xmlrpc.php HTTP/1.1" 200 11746 "-" "Mozilla/5.0 (Windows NT 10.0; Win64; x64) AppleWebKit/537.36 (KHTML, like Gecko) Chrome/114.0.0.0 Safari/537.36"
45.140.207.203 - - [22/Apr/2026:09:57:52 +0300] "POST /xmlrpc.php HTTP/2" 200 0 "-" "WordPress/XMLRPC Client"
148.135.195.139 - - [22/Apr/2026:09:57:52 +0300] "POST /xmlrpc.php HTTP/1.1" 200 0 "-" "Mozilla/5.0 (Macintosh; Intel Mac OS X 12_5) AppleWebKit/537.36 (KHTML, like Gecko) Chrome/114.0.0.0 Safari/537.36"
186.189.89.134 - - [22/Apr/2026:09:58:24 +0300] "POST /xmlrpc.php HTTP/2" 200 0 "-" "WordPress/XMLRPC Client"
185.216.113.70 - - [22/Apr/2026:09:59:00 +0300] "POST /wp-cron.php?doing_wp_cron=1776841140.6066739559173583984375 HTTP/1.1" 200 448 "-" "WordPress/6.3.8; https://serhatburke.miroglu.net"
128.1.218.166 - - [22/Apr/2026:09:57:42 +0300] "POST /xmlrpc.php HTTP/1.1" 200 11994 "-" "Mozilla/5.0 (Windows NT 10.0; Win64; x64) AppleWebKit/537.36 (KHTML, like Gecko) Chrome/114.0.0.0 Safari/537.36"
52.167.144.147 - - [22/Apr/2026:09:58:12 +0300] "GET /eye-of-horus-tricks-tipps-pramie-enthullt-2026-nachrichten-spielautomaten-echtes-geld-mercuryweb-script-satis-temasi/ HTTP/2" 200 0 "-" "Mozilla/5.0 AppleWebKit/537.36 (KHTML, like Gecko; compatible; bingbot/2.0; +http://www.bing.com/bingbot.htm) Chrome/116.0.1938.76 Safari/537.36"
185.216.113.70 - - [22/Apr/2026:09:59:10 +0300] "POST /wp-cron.php?doing_wp_cron=1776841150.0463550090789794921875 HTTP/1.1" 200 448 "-" "WordPress/6.3.8; https://serhatburke.miroglu.net"
185.216.113.70 - - [22/Apr/2026:09:59:43 +0300] "POST /wp-cron.php?doing_wp_cron=1776841183.5439789295196533203125 HTTP/1.1" 200 448 "-" "WordPress/6.3.8; https://serhatburke.miroglu.net"
98.98.197.196 - - [22/Apr/2026:09:58:22 +0300] "GET /happy-twins-hook-win-position-gamble-totally-free-demonstration-on-the-internet/ HTTP/1.1" 200 73113 "-" "Mozilla/5.0 (Windows NT 10.0; Win64; x64) AppleWebKit/537.36 (KHTML, like Gecko) Chrome/109.0.0.0 Safari/537.36"
148.135.195.139 - - [22/Apr/2026:09:58:53 +0300] "POST /xmlrpc.php HTTP/1.1" 200 0 "-" "Mozilla/5.0 (Macintosh; Intel Mac OS X 12_5) AppleWebKit/537.36 (KHTML, like Gecko) Chrome/114.0.0.0 Safari/537.36"
185.216.113.70 - - [22/Apr/2026:10:00:09 +0300] "POST /wp-cron.php?doing_wp_cron=1776841209.5564448833465576171875 HTTP/1.1" 200 448 "-" "WordPress/6.3.8; https://serhatburke.miroglu.net"
98.98.9.39 - - [22/Apr/2026:09:58:52 +0300] "POST /xmlrpc.php HTTP/1.1" 200 630 "-" "Mozilla/5.0 (Windows NT 10.0; Win64; x64) AppleWebKit/537.36 (KHTML, like Gecko) Chrome/114.0.0.0 Safari/537.36"
185.216.113.70 - - [22/Apr/2026:10:00:20 +0300] "POST /wp-cron.php?doing_wp_cron=1776841220.2489500045776367187500 HTTP/1.1" 200 448 "-" "WordPress/6.3.8; https://serhatburke.miroglu.net"
128.1.218.166 - - [22/Apr/2026:09:59:02 +0300] "GET /entdecke-eye-of-goldbet-casino-spiele-spielen-sie-supreme-hot-slots-horus-gratis-ohne-registration-wirklich-so-spielst-du-nur-option-costa-rica/ HTTP/1.1" 200 75648 "-" "Mozilla/5.0 (Windows NT 10.0; Win64; x64; rv:124.0) Gecko/20100101 Firefox/124.0"
47.128.51.165 - - [22/Apr/2026:09:59:50 +0300] "GET /gratis-spins-gedurende-casino-shadow-of-the-panthe-nederlands-casinos-februari-2026/ HTTP/2" 200 0 "-" "Mozilla/5.0 (Linux; Android 5.0) AppleWebKit/537.36 (KHTML, like Gecko) Mobile Safari/537.36 (compatible; Bytespider; spider-feedback@bytedance.com)"
148.135.195.139 - - [22/Apr/2026:09:59:54 +0300] "POST /xmlrpc.php HTTP/1.1" 200 0 "-" "Mozilla/5.0 (Macintosh; Intel Mac OS X 12_5) AppleWebKit/537.36 (KHTML, like Gecko) Chrome/114.0.0.0 Safari/537.36"
185.216.113.70 - - [22/Apr/2026:10:00:58 +0300] "POST /wp-cron.php?doing_wp_cron=1776841258.5367829799652099609375 HTTP/1.1" 200 448 "-" "WordPress/6.3.8; https://serhatburke.miroglu.net"
98.98.33.4 - - [22/Apr/2026:09:59:35 +0300] "POST /xmlrpc.php HTTP/1.1" 200 630 "-" "Mozilla/5.0 (Windows NT 10.0; Win64; x64) AppleWebKit/537.36 (KHTML, like Gecko) Chrome/114.0.0.0 Safari/537.36"
52.167.144.147 - - [22/Apr/2026:10:00:10 +0300] "GET /discover-tronscan-your-key-to-comprehensive-crypto-tracking-2/ HTTP/2" 200 0 "-" "Mozilla/5.0 AppleWebKit/537.36 (KHTML, like Gecko; compatible; bingbot/2.0; +http://www.bing.com/bingbot.htm) Chrome/116.0.1938.76 Safari/537.36"
157.55.39.51 - - [22/Apr/2026:10:00:18 +0300] "GET /top-cazinouri-online-romania-2026-casinohex-betstro-recolta/ HTTP/2" 200 0 "-" "Mozilla/5.0 AppleWebKit/537.36 (KHTML, like Gecko; compatible; bingbot/2.0; +http://www.bing.com/bingbot.htm) Chrome/116.0.1938.76 Safari/537.36"
185.216.113.70 - - [22/Apr/2026:10:01:13 +0300] "POST /wp-cron.php?doing_wp_cron=1776841273.6302518844604492187500 HTTP/1.1" 200 448 "-" "WordPress/6.3.8; https://serhatburke.miroglu.net"
98.98.197.186 - - [22/Apr/2026:09:59:46 +0300] "POST /xmlrpc.php HTTP/1.1" 200 630 "-" "Mozilla/5.0 (Windows NT 10.0; Win64; x64) AppleWebKit/537.36 (KHTML, like Gecko) Chrome/114.0.0.0 Safari/537.36"
185.216.113.70 - - [22/Apr/2026:10:01:21 +0300] "POST /wp-cron.php?doing_wp_cron=1776841281.0658309459686279296875 HTTP/1.1" 200 448 "-" "WordPress/6.3.8; https://serhatburke.miroglu.net"
185.216.113.70 - - [22/Apr/2026:10:01:21 +0300] "POST /wp-cron.php?doing_wp_cron=1776841281.6558840274810791015625 HTTP/1.1" 200 448 "-" "WordPress/6.3.8; https://serhatburke.miroglu.net"
98.98.197.186 - - [22/Apr/2026:09:59:46 +0300] "POST /xmlrpc.php HTTP/1.1" 200 627 "-" "Mozilla/5.0 (Windows NT 10.0; Win64; x64) AppleWebKit/537.36 (KHTML, like Gecko) Chrome/114.0.0.0 Safari/537.36"
148.135.195.139 - - [22/Apr/2026:10:00:55 +0300] "POST /xmlrpc.php HTTP/1.1" 200 0 "-" "Mozilla/5.0 (Macintosh; Intel Mac OS X 12_5) AppleWebKit/537.36 (KHTML, like Gecko) Chrome/114.0.0.0 Safari/537.36"
52.167.144.147 - - [22/Apr/2026:10:01:10 +0300] "GET /nasza-chopine-probuje-specjalnosc-w-uzytkownikow-wiekszosc-wersji-produkty-w-tym-urzadzenia-mobilne-tablety-oraz-komputery/ HTTP/2" 200 0 "-" "Mozilla/5.0 AppleWebKit/537.36 (KHTML, like Gecko; compatible; bingbot/2.0; +http://www.bing.com/bingbot.htm) Chrome/116.0.1938.76 Safari/537.36"
185.216.113.70 - - [22/Apr/2026:10:02:01 +0300] "POST /wp-cron.php?doing_wp_cron=1776841321.2308909893035888671875 HTTP/1.1" 200 448 "-" "WordPress/6.3.8; https://serhatburke.miroglu.net"
98.98.9.39 - - [22/Apr/2026:10:00:18 +0300] "POST /xmlrpc.php HTTP/1.1" 200 11452 "-" "Mozilla/5.0 (Windows NT 10.0; Win64; x64) AppleWebKit/537.36 (KHTML, like Gecko) Chrome/114.0.0.0 Safari/537.36"
185.216.113.70 - - [22/Apr/2026:10:02:16 +0300] "POST /wp-cron.php?doing_wp_cron=1776841336.3529369831085205078125 HTTP/1.1" 200 448 "-" "WordPress/6.3.8; https://serhatburke.miroglu.net"
47.128.51.151 - - [22/Apr/2026:10:01:19 +0300] "GET /gratis-spins-gedurende-casino-shadow-of-the-panthe-nederlands-casinos-februari-2026/ HTTP/2" 200 0 "-" "Mozilla/5.0 (Linux; Android 5.0) AppleWebKit/537.36 (KHTML, like Gecko) Mobile Safari/537.36 (compatible; Bytespider; spider-feedback@bytedance.com)"
98.98.197.186 - - [22/Apr/2026:10:00:39 +0300] "POST /xmlrpc.php HTTP/1.1" 500 1102 "-" "Mozilla/5.0 (Windows NT 10.0; Win64; x64) AppleWebKit/537.36 (KHTML, like Gecko) Chrome/114.0.0.0 Safari/537.36"
185.216.113.70 - - [22/Apr/2026:10:02:26 +0300] "POST /wp-cron.php?doing_wp_cron=1776841346.4311249256134033203125 HTTP/1.1" 200 448 "-" "WordPress/6.3.8; https://serhatburke.miroglu.net"
198.202.171.22 - - [22/Apr/2026:10:00:48 +0300] "GET /beste-casino-site-belgie-hoge-inzet/ HTTP/1.1" 200 18703 "https://serhatburke.miroglu.net/" "Mozilla/5.0 (X11; Ubuntu; Linux i686; rv:114.0) Gecko/20100101 Firefox/114.0"
198.202.171.22 - - [22/Apr/2026:10:02:31 +0300] "GET /wp-includes/css/dist/block-library/style.min.css?ver=6.3.8 HTTP/1.1" 200 13578 "https://serhatburke.miroglu.net/beste-casino-site-belgie-hoge-inzet/" "Mozilla/5.0 (Windows NT 10.0; Win64; x64) AppleWebKit/537.36 (KHTML, like Gecko) Chrome/143.0.0.0 Safari/537.36"
198.202.171.22 - - [22/Apr/2026:10:02:33 +0300] "GET /wp-content/plugins/contact-form-7/includes/css/styles.css?ver=5.8 HTTP/1.1" 200 1490 "https://serhatburke.miroglu.net/beste-casino-site-belgie-hoge-inzet/" "Mozilla/5.0 (Windows NT 10.0; Win64; x64) AppleWebKit/537.36 (KHTML, like Gecko) Chrome/143.0.0.0 Safari/537.36"
198.202.171.22 - - [22/Apr/2026:10:02:34 +0300] "GET /wp-content/themes/toppic/css/fontello.css?ver=4.2 HTTP/1.1" 200 1802 "https://serhatburke.miroglu.net/beste-casino-site-belgie-hoge-inzet/" "Mozilla/5.0 (Windows NT 10.0; Win64; x64) AppleWebKit/537.36 (KHTML, like Gecko) Chrome/143.0.0.0 Safari/537.36"
185.216.113.70 - - [22/Apr/2026:10:02:34 +0300] "POST /wp-cron.php?doing_wp_cron=1776841354.3607449531555175781250 HTTP/1.1" 200 448 "-" "WordPress/6.3.8; https://serhatburke.miroglu.net"
98.98.33.4 - - [22/Apr/2026:10:01:05 +0300] "POST /xmlrpc.php HTTP/1.1" 200 12141 "-" "Mozilla/5.0 (Windows NT 10.0; Win64; x64) AppleWebKit/537.36 (KHTML, like Gecko) Chrome/114.0.0.0 Safari/537.36"
198.202.171.22 - - [22/Apr/2026:10:02:35 +0300] "GET /wp-content/themes/toppic/css/reset.css?ver=4.2 HTTP/1.1" 200 1178 "https://serhatburke.miroglu.net/beste-casino-site-belgie-hoge-inzet/" "Mozilla/5.0 (Windows NT 10.0; Win64; x64) AppleWebKit/537.36 (KHTML, like Gecko) Chrome/143.0.0.0 Safari/537.36"
198.202.171.22 - - [22/Apr/2026:10:02:36 +0300] "GET /wp-content/themes/toppic/css/default.css?ver=4.2 HTTP/1.1" 200 1811 "https://serhatburke.miroglu.net/beste-casino-site-belgie-hoge-inzet/" "Mozilla/5.0 (Windows NT 10.0; Win64; x64) AppleWebKit/537.36 (KHTML, like Gecko) Chrome/143.0.0.0 Safari/537.36"
198.202.171.22 - - [22/Apr/2026:10:02:37 +0300] "GET /wp-content/themes/toppic/style.css?ver=4.2 HTTP/1.1" 200 23398 "https://serhatburke.miroglu.net/beste-casino-site-belgie-hoge-inzet/" "Mozilla/5.0 (Windows NT 10.0; Win64; x64) AppleWebKit/537.36 (KHTML, like Gecko) Chrome/143.0.0.0 Safari/537.36"
198.202.171.22 - - [22/Apr/2026:10:02:38 +0300] "GET /wp-content/themes/toppic/css/royalslider.css?ver=4.2 HTTP/1.1" 200 1887 "https://serhatburke.miroglu.net/beste-casino-site-belgie-hoge-inzet/" "Mozilla/5.0 (Windows NT 10.0; Win64; x64) AppleWebKit/537.36 (KHTML, like Gecko) Chrome/143.0.0.0 Safari/537.36"
198.202.171.22 - - [22/Apr/2026:10:02:39 +0300] "GET /wp-content/themes/toppic/css/rs-default.css?ver=4.2 HTTP/1.1" 200 2625 "https://serhatburke.miroglu.net/beste-casino-site-belgie-hoge-inzet/" "Mozilla/5.0 (Windows NT 10.0; Win64; x64) AppleWebKit/537.36 (KHTML, like Gecko) Chrome/143.0.0.0 Safari/537.36"
198.202.171.22 - - [22/Apr/2026:10:02:40 +0300] "GET /wp-content/themes/toppic/css/lightbox.css?ver=4.2 HTTP/1.1" 200 2956 "https://serhatburke.miroglu.net/beste-casino-site-belgie-hoge-inzet/" "Mozilla/5.0 (Windows NT 10.0; Win64; x64) AppleWebKit/537.36 (KHTML, like Gecko) Chrome/143.0.0.0 Safari/537.36"
198.202.171.22 - - [22/Apr/2026:10:02:41 +0300] "GET /wp-content/themes/toppic/css/woocommerce.css?ver=4.2 HTTP/1.1" 200 2848 "https://serhatburke.miroglu.net/beste-casino-site-belgie-hoge-inzet/" "Mozilla/5.0 (Windows NT 10.0; Win64; x64) AppleWebKit/537.36 (KHTML, like Gecko) Chrome/143.0.0.0 Safari/537.36"
198.202.171.22 - - [22/Apr/2026:10:02:43 +0300] "GET /wp-content/themes/toppic/css/responsive.css?ver=4.2 HTTP/1.1" 200 2796 "https://serhatburke.miroglu.net/beste-casino-site-belgie-hoge-inzet/" "Mozilla/5.0 (Windows NT 10.0; Win64; x64) AppleWebKit/537.36 (KHTML, like Gecko) Chrome/143.0.0.0 Safari/537.36"
52.167.144.147 - - [22/Apr/2026:10:02:09 +0300] "GET /pramie-zum-tiefgang-word-of-thoth-casino-versteuern/ HTTP/2" 200 0 "-" "Mozilla/5.0 AppleWebKit/537.36 (KHTML, like Gecko; compatible; bingbot/2.0; +http://www.bing.com/bingbot.htm) Chrome/116.0.1938.76 Safari/537.36"
185.216.113.70 - - [22/Apr/2026:10:03:15 +0300] "POST /wp-cron.php?doing_wp_cron=1776841395.3681778907775878906250 HTTP/1.1" 200 448 "-" "WordPress/6.3.8; https://serhatburke.miroglu.net"
98.98.9.39 - - [22/Apr/2026:10:02:03 +0300] "POST /xmlrpc.php HTTP/1.1" 200 11452 "-" "Mozilla/5.0 (Windows NT 10.0; Win64; x64) AppleWebKit/537.36 (KHTML, like Gecko) Chrome/114.0.0.0 Safari/537.36"
185.216.113.70 - - [22/Apr/2026:10:03:42 +0300] "POST /wp-cron.php?doing_wp_cron=1776841421.6472260951995849609375 HTTP/1.1" 200 448 "-" "WordPress/6.3.8; https://serhatburke.miroglu.net"
98.98.197.186 - - [22/Apr/2026:10:02:23 +0300] "POST /xmlrpc.php HTTP/1.1" 200 10843 "-" "Mozilla/5.0 (Windows NT 10.0; Win64; x64) AppleWebKit/537.36 (KHTML, like Gecko) Chrome/114.0.0.0 Safari/537.36"
185.216.113.70 - - [22/Apr/2026:10:03:52 +0300] "POST /wp-cron.php?doing_wp_cron=1776841432.2770769596099853515625 HTTP/1.1" 200 448 "-" "WordPress/6.3.8; https://serhatburke.miroglu.net"
98.98.33.4 - - [22/Apr/2026:10:02:36 +0300] "GET /jackpot-victories-harbors-local-casino-software-on-google-gamble/ HTTP/1.1" 200 73289 "-" "Mozilla/5.0 (Windows NT 10.0; Win64; x64) AppleWebKit/537.36 (KHTML, like Gecko) Chrome/123.0.0.0 Safari/537.36"
52.167.144.167 - - [22/Apr/2026:10:03:11 +0300] "GET /note-excite-have-a-look-at-our-very-own-style-of-conclusions-in-the-tcs-test-here/ HTTP/2" 200 0 "-" "Mozilla/5.0 AppleWebKit/537.36 (KHTML, like Gecko; compatible; bingbot/2.0; +http://www.bing.com/bingbot.htm) Chrome/116.0.1938.76 Safari/537.36"
185.216.113.70 - - [22/Apr/2026:10:04:03 +0300] "POST /wp-cron.php?doing_wp_cron=1776841443.3877210617065429687500 HTTP/1.1" 200 448 "-" "WordPress/6.3.8; https://serhatburke.miroglu.net"
198.202.171.22 - - [22/Apr/2026:10:02:44 +0300] "POST /wp-comments-post.php HTTP/1.1" 302 1083 "https://serhatburke.miroglu.net/beste-casino-site-belgie-hoge-inzet/" "Mozilla/5.0 (X11; Ubuntu; Linux i686; rv:114.0) Gecko/20100101 Firefox/114.0"
52.167.144.189 - - [22/Apr/2026:10:03:43 +0300] "GET /kraken-vash-portal-v-mir-darkneta-i-oniona-2026/ HTTP/2" 200 0 "-" "Mozilla/5.0 AppleWebKit/537.36 (KHTML, like Gecko; compatible; bingbot/2.0; +http://www.bing.com/bingbot.htm) Chrome/116.0.1938.76 Safari/537.36"
157.55.39.51 - - [22/Apr/2026:10:03:48 +0300] "GET /kasino-medmindre-rofus-fruit-mania-slot-2026-idraetsgren-pa-medmindre-forudsat-rofus/ HTTP/2" 200 0 "-" "Mozilla/5.0 AppleWebKit/537.36 (KHTML, like Gecko; compatible; bingbot/2.0; +http://www.bing.com/bingbot.htm) Chrome/116.0.1938.76 Safari/537.36"
157.55.39.51 - - [22/Apr/2026:10:03:52 +0300] "GET /kraken-bezopasnye-onion-ssylki-i-dostup-k-darknetu-2/ HTTP/2" 200 0 "-" "Mozilla/5.0 AppleWebKit/537.36 (KHTML, like Gecko; compatible; bingbot/2.0; +http://www.bing.com/bingbot.htm) Chrome/116.0.1938.76 Safari/537.36"
185.216.113.70 - - [22/Apr/2026:10:04:42 +0300] "POST /wp-cron.php?doing_wp_cron=1776841482.5341420173645019531250 HTTP/1.1" 200 448 "-" "WordPress/6.3.8; https://serhatburke.miroglu.net"
185.216.113.70 - - [22/Apr/2026:10:04:50 +0300] "POST /wp-cron.php?doing_wp_cron=1776841490.3374989032745361328125 HTTP/1.1" 200 448 "-" "WordPress/6.3.8; https://serhatburke.miroglu.net"
98.98.9.39 - - [22/Apr/2026:10:03:16 +0300] "GET /best-on-the-web-pokies-australian-atlantis-rtp-1-deposit-2023-continent-for-real-currency-2026/ HTTP/1.1" 200 73497 "-" "Mozilla/5.0 (Windows NT 10.0; rv:109.0) Gecko/20100101 Firefox/115.0"
52.167.144.167 - - [22/Apr/2026:10:04:11 +0300] "GET /maximum-fifty-revolves-to-the-large-trout-q-the-fresh-splash-during-the-10p-for-each-spin/ HTTP/2" 200 0 "-" "Mozilla/5.0 AppleWebKit/537.36 (KHTML, like Gecko; compatible; bingbot/2.0; +http://www.bing.com/bingbot.htm) Chrome/116.0.1938.76 Safari/537.36"
52.167.144.189 - - [22/Apr/2026:10:04:43 +0300] "GET /repayments-currency-and-help-most-of-the-on-the-account-webpage/ HTTP/2" 200 0 "-" "Mozilla/5.0 AppleWebKit/537.36 (KHTML, like Gecko; compatible; bingbot/2.0; +http://www.bing.com/bingbot.htm) Chrome/116.0.1938.76 Safari/537.36"
185.216.113.70 - - [22/Apr/2026:10:05:33 +0300] "POST /wp-cron.php?doing_wp_cron=1776841533.3808779716491699218750 HTTP/1.1" 200 448 "-" "WordPress/6.3.8; https://serhatburke.miroglu.net"
98.98.33.4 - - [22/Apr/2026:10:03:39 +0300] "POST /xmlrpc.php HTTP/1.1" 200 630 "-" "Mozilla/5.0 (Windows NT 10.0; Win64; x64) AppleWebKit/537.36 (KHTML, like Gecko) Chrome/114.0.0.0 Safari/537.36"
185.216.113.70 - - [22/Apr/2026:10:05:35 +0300] "POST /wp-cron.php?doing_wp_cron=1776841535.0548601150512695312500 HTTP/1.1" 200 448 "-" "WordPress/6.3.8; https://serhatburke.miroglu.net"
185.216.113.70 - - [22/Apr/2026:10:05:36 +0300] "POST /wp-cron.php?doing_wp_cron=1776841536.3330450057983398437500 HTTP/1.1" 200 448 "-" "WordPress/6.3.8; https://serhatburke.miroglu.net"
52.167.144.189 - - [22/Apr/2026:10:04:47 +0300] "GET /darmowe-dwadziescia-zl-bez-depozytu-chce-do-energy-casino/ HTTP/2" 200 0 "-" "Mozilla/5.0 AppleWebKit/537.36 (KHTML, like Gecko; compatible; bingbot/2.0; +http://www.bing.com/bingbot.htm) Chrome/116.0.1938.76 Safari/537.36"
157.55.39.51 - - [22/Apr/2026:10:04:48 +0300] "GET /valores-de-las-terminos-ranura-wings-of-gold-en-el-blackjack/ HTTP/2" 200 0 "-" "Mozilla/5.0 AppleWebKit/537.36 (KHTML, like Gecko; compatible; bingbot/2.0; +http://www.bing.com/bingbot.htm) Chrome/116.0.1938.76 Safari/537.36"
98.98.197.186 - - [22/Apr/2026:10:03:43 +0300] "GET /miss-kitty-play-with-it-totally-free-casino-slot-games/ HTTP/1.1" 200 72332 "-" "Mozilla/5.0 (Windows NT 10.0; rv:109.0) Gecko/20100101 Firefox/115.0"
185.216.113.70 - - [22/Apr/2026:10:05:41 +0300] "POST /wp-cron.php?doing_wp_cron=1776841541.3587720394134521484375 HTTP/1.1" 200 448 "-" "WordPress/6.3.8; https://serhatburke.miroglu.net"
52.167.144.167 - - [22/Apr/2026:10:05:10 +0300] "GET /jak-funguje-vyherni-automat/ HTTP/2" 200 0 "-" "Mozilla/5.0 AppleWebKit/537.36 (KHTML, like Gecko; compatible; bingbot/2.0; +http://www.bing.com/bingbot.htm) Chrome/116.0.1938.76 Safari/537.36"
185.216.113.70 - - [22/Apr/2026:10:06:00 +0300] "POST /wp-cron.php?doing_wp_cron=1776841560.5515820980072021484375 HTTP/1.1" 200 448 "-" "WordPress/6.3.8; https://serhatburke.miroglu.net"
198.202.171.22 - - [22/Apr/2026:10:04:04 +0300] "GET /beste-casino-site-belgie-hoge-inzet/?unapproved=559&moderation-hash=154b2d2d21d3d7937c8aee3f730cad7b HTTP/1.1" 200 19153 "https://serhatburke.miroglu.net/wp-comments-post.php" "Mozilla/5.0 (X11; Ubuntu; Linux i686; rv:114.0) Gecko/20100101 Firefox/114.0"
52.167.144.189 - - [22/Apr/2026:10:05:43 +0300] "GET /jogar-gratuitamente-dynasty-of-ra-online/ HTTP/2" 200 0 "-" "Mozilla/5.0 AppleWebKit/537.36 (KHTML, like Gecko; compatible; bingbot/2.0; +http://www.bing.com/bingbot.htm) Chrome/116.0.1938.76 Safari/537.36"
98.98.9.39 - - [22/Apr/2026:10:04:57 +0300] "POST /xmlrpc.php HTTP/1.1" 500 745 "-" "Mozilla/5.0 (Windows NT 10.0; Win64; x64) AppleWebKit/537.36 (KHTML, like Gecko) Chrome/114.0.0.0 Safari/537.36"
52.167.144.167 - - [22/Apr/2026:10:06:10 +0300] "GET /better-real-cash-online-casinos-starburst-1-deposit-top-ten-inside-the-february-2026/ HTTP/2" 200 0 "-" "Mozilla/5.0 AppleWebKit/537.36 (KHTML, like Gecko; compatible; bingbot/2.0; +http://www.bing.com/bingbot.htm) Chrome/116.0.1938.76 Safari/537.36"
185.216.113.70 - - [22/Apr/2026:10:07:16 +0300] "POST /wp-cron.php?doing_wp_cron=1776841636.3533959388732910156250 HTTP/1.1" 200 448 "-" "WordPress/6.3.8; https://serhatburke.miroglu.net"
98.98.33.4 - - [22/Apr/2026:10:05:19 +0300] "POST /xmlrpc.php HTTP/1.1" 500 1102 "-" "Mozilla/5.0 (Windows NT 10.0; Win64; x64) AppleWebKit/537.36 (KHTML, like Gecko) Chrome/114.0.0.0 Safari/537.36"
185.216.113.70 - - [22/Apr/2026:10:07:18 +0300] "POST /wp-cron.php?doing_wp_cron=1776841638.1736850738525390625000 HTTP/1.1" 200 448 "-" "WordPress/6.3.8; https://serhatburke.miroglu.net"
98.98.197.186 - - [22/Apr/2026:10:05:23 +0300] "POST /xmlrpc.php HTTP/1.1" 200 861 "-" "Mozilla/5.0 (Windows NT 10.0; Win64; x64) AppleWebKit/537.36 (KHTML, like Gecko) Chrome/114.0.0.0 Safari/537.36"
185.216.113.70 - - [22/Apr/2026:10:07:26 +0300] "POST /wp-cron.php?doing_wp_cron=1776841646.7537899017333984375000 HTTP/1.1" 200 448 "-" "WordPress/6.3.8; https://serhatburke.miroglu.net"
185.216.113.70 - - [22/Apr/2026:10:07:32 +0300] "POST /wp-cron.php?doing_wp_cron=1776841652.7379479408264160156250 HTTP/1.1" 200 448 "-" "WordPress/6.3.8; https://serhatburke.miroglu.net"
198.202.171.22 - - [22/Apr/2026:10:06:03 +0300] "GET /beste-casino-site-belgie-hoge-inzet/ HTTP/1.1" 200 18576 "-" "Mozilla/5.0 (X11; Ubuntu; Linux i686; rv:114.0) Gecko/20100101 Firefox/114.0"
185.216.113.70 - - [22/Apr/2026:10:07:45 +0300] "POST /wp-cron.php?doing_wp_cron=1776841665.5661840438842773437500 HTTP/1.1" 200 448 "-" "WordPress/6.3.8; https://serhatburke.miroglu.net"
185.216.113.70 - - [22/Apr/2026:10:07:46 +0300] "POST /wp-cron.php?doing_wp_cron=1776841666.0369539260864257812500 HTTP/1.1" 200 448 "-" "WordPress/6.3.8; https://serhatburke.miroglu.net"
186.179.42.145 - - [22/Apr/2026:10:06:27 +0300] "GET /beste-casino-site-belgie-hoge-inzet/ HTTP/1.1" 200 18576 "-" "Mozilla/5.0 (Windows NT 10.0; Win64; x64; rv:114.0) Gecko/20100101 Firefox/114.0"
128.1.218.166 - - [22/Apr/2026:10:06:21 +0300] "POST /xmlrpc.php HTTP/1.1" 200 630 "-" "Mozilla/5.0 (Windows NT 10.0; Win64; x64) AppleWebKit/537.36 (KHTML, like Gecko) Chrome/114.0.0.0 Safari/537.36"
185.216.113.70 - - [22/Apr/2026:10:08:03 +0300] "POST /wp-cron.php?doing_wp_cron=1776841683.4471390247344970703125 HTTP/1.1" 200 448 "-" "WordPress/6.3.8; https://serhatburke.miroglu.net"
165.73.240.122 - - [22/Apr/2026:10:06:57 +0300] "POST /xmlrpc.php HTTP/1.1" 200 630 "-" "Mozilla/5.0 (Windows NT 10.0; Win64; x64) AppleWebKit/537.36 (KHTML, like Gecko) Chrome/114.0.0.0 Safari/537.36"
185.216.113.70 - - [22/Apr/2026:10:08:16 +0300] "POST /wp-cron.php?doing_wp_cron=1776841696.1437280178070068359375 HTTP/1.1" 200 448 "-" "WordPress/6.3.8; https://serhatburke.miroglu.net"
98.98.33.4 - - [22/Apr/2026:10:07:04 +0300] "POST /xmlrpc.php HTTP/1.1" 200 12907 "-" "Mozilla/5.0 (Windows NT 10.0; Win64; x64) AppleWebKit/537.36 (KHTML, like Gecko) Chrome/114.0.0.0 Safari/537.36"
185.216.113.70 - - [22/Apr/2026:10:08:38 +0300] "POST /wp-cron.php?doing_wp_cron=1776841718.2591319084167480468750 HTTP/1.1" 200 448 "-" "WordPress/6.3.8; https://serhatburke.miroglu.net"
98.98.33.4 - - [22/Apr/2026:10:07:38 +0300] "POST /xmlrpc.php HTTP/1.1" 500 1102 "-" "Mozilla/5.0 (Windows NT 10.0; Win64; x64) AppleWebKit/537.36 (KHTML, like Gecko) Chrome/114.0.0.0 Safari/537.36"
185.216.113.70 - - [22/Apr/2026:10:08:53 +0300] "POST /wp-cron.php?doing_wp_cron=1776841732.8488190174102783203125 HTTP/1.1" 200 448 "-" "WordPress/6.3.8; https://serhatburke.miroglu.net"
128.1.218.166 - - [22/Apr/2026:10:07:53 +0300] "POST /xmlrpc.php HTTP/1.1" 200 11531 "-" "Mozilla/5.0 (Windows NT 10.0; Win64; x64) AppleWebKit/537.36 (KHTML, like Gecko) Chrome/114.0.0.0 Safari/537.36"
185.216.113.70 - - [22/Apr/2026:10:09:10 +0300] "POST /wp-cron.php?doing_wp_cron=1776841750.6608688831329345703125 HTTP/1.1" 200 448 "-" "WordPress/6.3.8; https://serhatburke.miroglu.net"
198.202.171.22 - - [22/Apr/2026:10:08:10 +0300] "GET /beste-casino-site-belgie-hoge-inzet/ HTTP/1.1" 200 18690 "-" "Mozilla/5.0 (Windows NT 10.0; Win64; x64; rv:114.0) Gecko/20100101 Firefox/114.0"
185.216.113.70 - - [22/Apr/2026:10:09:15 +0300] "POST /wp-cron.php?doing_wp_cron=1776841754.9378719329833984375000 HTTP/1.1" 200 448 "-" "WordPress/6.3.8; https://serhatburke.miroglu.net"
165.73.240.122 - - [22/Apr/2026:10:08:11 +0300] "POST /xmlrpc.php HTTP/1.1" 200 16404 "-" "Mozilla/5.0 (Windows NT 10.0; Win64; x64) AppleWebKit/537.36 (KHTML, like Gecko) Chrome/114.0.0.0 Safari/537.36"
66.249.73.15 - - [22/Apr/2026:10:09:04 +0300] "GET /rollinoapp-uk-weekend-bonus-an-in-depth-review/undefined?ts=1775520000 HTTP/1.1" 200 0 "https://serhatburke.miroglu.net/rollinoapp-uk-weekend-bonus-an-in-depth-review/" "Mozilla/5.0 (Linux; Android 6.0.1; Nexus 5X Build/MMB29P) AppleWebKit/537.36 (KHTML, like Gecko) Chrome/146.0.7680.177 Mobile Safari/537.36 (compatible; Googlebot/2.1; +http://www.google.com/bot.html)"
98.98.33.4 - - [22/Apr/2026:10:08:17 +0300] "GET /gamble-leprechaun-happens-egypt-on-line-casino-online-game/ HTTP/1.1" 200 74457 "-" "Mozilla/5.0 (Windows NT 10.0; Win64; x64) AppleWebKit/537.36 (KHTML, like Gecko) Chrome/124.0.0.0 Safari/537.36 Edg/124.0.0.0"
66.249.73.14 - - [22/Apr/2026:10:09:30 +0300] "GET /rollinoapp-uk-weekend-bonus-an-in-depth-review/undefined?ts=1775520000 HTTP/1.1" 200 0 "https://serhatburke.miroglu.net/rollinoapp-uk-weekend-bonus-an-in-depth-review/" "Mozilla/5.0 (Linux; Android 6.0.1; Nexus 5X Build/MMB29P) AppleWebKit/537.36 (KHTML, like Gecko) Chrome/146.0.7680.177 Mobile Safari/537.36 (compatible; Googlebot/2.1; +http://www.google.com/bot.html)"
128.1.218.166 - - [22/Apr/2026:10:08:54 +0300] "GET /eye-of-horus-gratis-zum-besten-beste-bitcoin-slots-laden-verde-spielbank-app-verhalten-blos-registrierung-partner2connect/ HTTP/1.1" 200 74706 "-" "Mozilla/5.0 (Windows NT 10.0; Win64; x64; rv:124.0) Gecko/20100101 Firefox/124.0"
181.69.251.194 - - [22/Apr/2026:10:08:59 +0300] "POST /xmlrpc.php HTTP/2" 200 204 "-" "XML-RPC for PHP 4.11.1"
185.216.113.70 - - [22/Apr/2026:10:09:53 +0300] "POST /wp-cron.php?doing_wp_cron=1776841793.4490840435028076171875 HTTP/1.1" 200 448 "-" "WordPress/6.3.8; https://serhatburke.miroglu.net"
165.73.240.122 - - [22/Apr/2026:10:09:17 +0300] "GET /casinos-periodes-gratuits-gratification-20-50-free-spins-sans-eye-of-ra-emplacement-en-ligne-conserve/ HTTP/1.1" 200 78408 "-" "Mozilla/5.0 (Windows NT 10.0; Win64; x64) AppleWebKit/537.36 (KHTML, like Gecko) Chrome/123.0.0.0 Safari/537.36 OPR/109.0.0.0"
185.216.113.70 - - [22/Apr/2026:10:10:59 +0300] "POST /wp-cron.php?doing_wp_cron=1776841859.7625720500946044921875 HTTP/1.1" 200 448 "-" "WordPress/6.3.8; https://serhatburke.miroglu.net"
216.73.217.140 - - [22/Apr/2026:10:10:48 +0300] "GET /robots.txt HTTP/2" 200 110 "-" "Mozilla/5.0 AppleWebKit/537.36 (KHTML, like Gecko; compatible; ClaudeBot/1.0; +claudebot@anthropic.com)"
216.73.217.140 - - [22/Apr/2026:10:11:00 +0300] "GET /sitemap.xml HTTP/2" 200 0 "-" "Mozilla/5.0 AppleWebKit/537.36 (KHTML, like Gecko; compatible; ClaudeBot/1.0; +claudebot@anthropic.com)"
185.216.113.70 - - [22/Apr/2026:10:12:17 +0300] "POST /wp-cron.php?doing_wp_cron=1776841937.7438869476318359375000 HTTP/1.1" 200 448 "-" "WordPress/6.3.8; https://serhatburke.miroglu.net"
157.55.39.63 - - [22/Apr/2026:10:12:01 +0300] "GET /vuelta-a-espana-2025-channel-research-key-stages-and-you-will-bikers-to-view/ HTTP/2" 200 18558 "-" "Mozilla/5.0 AppleWebKit/537.36 (KHTML, like Gecko; compatible; bingbot/2.0; +http://www.bing.com/bingbot.htm) Chrome/116.0.1938.76 Safari/537.36"
40.77.167.55 - - [22/Apr/2026:10:12:04 +0300] "GET /juegos-sobre-casino-de-escuadras-moviles-para-los-esposos-costumbres/ HTTP/2" 200 17516 "-" "Mozilla/5.0 AppleWebKit/537.36 (KHTML, like Gecko; compatible; bingbot/2.0; +http://www.bing.com/bingbot.htm) Chrome/116.0.1938.76 Safari/537.36"
52.167.144.167 - - [22/Apr/2026:10:12:05 +0300] "GET /harnessing-bscscan-for-effective-crypto-investment-strategies/ HTTP/2" 200 17341 "-" "Mozilla/5.0 AppleWebKit/537.36 (KHTML, like Gecko; compatible; bingbot/2.0; +http://www.bing.com/bingbot.htm) Chrome/116.0.1938.76 Safari/537.36"
185.216.113.70 - - [22/Apr/2026:10:15:07 +0300] "POST /wp-cron.php?doing_wp_cron=1776842107.1301689147949218750000 HTTP/1.1" 200 448 "-" "WordPress/6.3.8; https://serhatburke.miroglu.net"
130.49.114.199 - - [22/Apr/2026:10:14:53 +0300] "POST /xmlrpc.php HTTP/2" 200 141 "-" "WordPress/XMLRPC Client"
130.49.114.199 - - [22/Apr/2026:10:15:08 +0300] "GET /?p=126843 HTTP/2" 301 0 "-" "Mozilla/5.0 (Windows NT 10.0; Win64; x64) AppleWebKit/537.36 (KHTML, like Gecko) Chrome/120.0.0.0 Safari/537.36"
157.55.39.63 - - [22/Apr/2026:10:15:09 +0300] "GET /thunderstruck-ii%E3%82%92%E3%83%9E%E3%82%B9%E3%82%BF%E3%83%BC%E3%81%99%E3%82%8B%EF%BC%9A%E5%A4%A7%E5%8B%9D%E5%88%A9%E3%82%92%E6%8E%B4%E3%82%80%E3%81%9F%E3%82%81%E3%81%AE%E6%83%85%E5%A0%B1%E3%81%A8/ HTTP/2" 200 24579 "-" "Mozilla/5.0 AppleWebKit/537.36 (KHTML, like Gecko; compatible; bingbot/2.0; +http://www.bing.com/bingbot.htm) Chrome/116.0.1938.76 Safari/537.36"
185.216.113.70 - - [22/Apr/2026:10:15:51 +0300] "POST /wp-cron.php?doing_wp_cron=1776842151.2391469478607177734375 HTTP/1.1" 200 448 "-" "WordPress/6.3.8; https://serhatburke.miroglu.net"
157.55.39.63 - - [22/Apr/2026:10:15:39 +0300] "GET /top-ten-casinos-on-the-internet-for-real-currency-enjoy-inside-you-feb-2026/ HTTP/2" 200 18565 "-" "Mozilla/5.0 AppleWebKit/537.36 (KHTML, like Gecko; compatible; bingbot/2.0; +http://www.bing.com/bingbot.htm) Chrome/116.0.1938.76 Safari/537.36"
157.55.39.63 - - [22/Apr/2026:10:15:59 +0300] "GET /login-500-bonus-na-registratie/ HTTP/2" 200 17112 "-" "Mozilla/5.0 AppleWebKit/537.36 (KHTML, like Gecko; compatible; bingbot/2.0; +http://www.bing.com/bingbot.htm) Chrome/116.0.1938.76 Safari/537.36"
185.216.113.70 - - [22/Apr/2026:10:17:05 +0300] "POST /wp-cron.php?doing_wp_cron=1776842225.5124349594116210937500 HTTP/1.1" 200 448 "-" "WordPress/6.3.8; https://serhatburke.miroglu.net"
190.141.121.134 - - [22/Apr/2026:10:16:52 +0300] "POST /xmlrpc.php HTTP/2" 200 141 "-" "WordPress/XMLRPC Client"
190.141.121.134 - - [22/Apr/2026:10:17:06 +0300] "GET /?p=126845 HTTP/2" 301 0 "-" "Mozilla/5.0 (Windows NT 10.0; Win64; x64) AppleWebKit/537.36 (KHTML, like Gecko) Chrome/120.0.0.0 Safari/537.36"
185.216.113.70 - - [22/Apr/2026:10:19:26 +0300] "POST /wp-cron.php?doing_wp_cron=1776842366.5212841033935546875000 HTTP/1.1" 200 448 "-" "WordPress/6.3.8; https://serhatburke.miroglu.net"
128.1.218.166 - - [22/Apr/2026:10:19:13 +0300] "POST /xmlrpc.php HTTP/1.1" 200 630 "-" "Mozilla/5.0 (Windows NT 10.0; Win64; x64) AppleWebKit/537.36 (KHTML, like Gecko) Chrome/114.0.0.0 Safari/537.36"
128.1.218.166 - - [22/Apr/2026:10:19:33 +0300] "POST /xmlrpc.php HTTP/1.1" 200 12088 "-" "Mozilla/5.0 (Windows NT 10.0; Win64; x64) AppleWebKit/537.36 (KHTML, like Gecko) Chrome/114.0.0.0 Safari/537.36"
185.216.113.70 - - [22/Apr/2026:10:20:03 +0300] "POST /wp-cron.php?doing_wp_cron=1776842402.8789439201354980468750 HTTP/1.1" 200 448 "-" "WordPress/6.3.8; https://serhatburke.miroglu.net"
178.159.37.5 - - [22/Apr/2026:10:19:48 +0300] "POST /xmlrpc.php HTTP/1.1" 200 1155 "-" "Mozilla/5.0 (Macintosh; Intel Mac OS X 12_5) AppleWebKit/537.36 (KHTML, like Gecko) Chrome/114.0.0.0 Safari/537.36"
128.1.218.166 - - [22/Apr/2026:10:19:47 +0300] "GET /innerster-planet-slot-mobil-slot-achilles-auffuhren/ HTTP/1.1" 200 73133 "-" "Mozilla/5.0 (Windows NT 10.0; rv:125.0) Gecko/20100101 Firefox/125.0"
165.73.240.122 - - [22/Apr/2026:10:19:52 +0300] "POST /xmlrpc.php HTTP/1.1" 200 630 "-" "Mozilla/5.0 (Windows NT 10.0; Win64; x64) AppleWebKit/537.36 (KHTML, like Gecko) Chrome/114.0.0.0 Safari/537.36"
165.73.240.122 - - [22/Apr/2026:10:20:16 +0300] "POST /xmlrpc.php HTTP/1.1" 200 16539 "-" "Mozilla/5.0 (Windows NT 10.0; Win64; x64) AppleWebKit/537.36 (KHTML, like Gecko) Chrome/114.0.0.0 Safari/537.36"
185.216.113.70 - - [22/Apr/2026:10:20:42 +0300] "POST /wp-cron.php?doing_wp_cron=1776842442.4421799182891845703125 HTTP/1.1" 200 448 "-" "WordPress/6.3.8; https://serhatburke.miroglu.net"
165.73.240.122 - - [22/Apr/2026:10:20:30 +0300] "GET /book-of-ra-12-gratuit-de-ligne-ballonix-slot-mobile-sans-nul-ecrit-%E2%AD%90/ HTTP/1.1" 200 77922 "-" "Mozilla/5.0 (Windows NT 10.0; Win64; x64) AppleWebKit/537.36 (KHTML, like Gecko) Chrome/109.0.0.0 Safari/537.36"
185.216.113.70 - - [22/Apr/2026:10:23:06 +0300] "POST /wp-cron.php?doing_wp_cron=1776842585.9857919216156005859375 HTTP/1.1" 200 448 "-" "WordPress/6.3.8; https://serhatburke.miroglu.net"
207.46.13.7 - - [22/Apr/2026:10:22:50 +0300] "GET /mybet-rocky-mobile-slot-spielbank-erfahrungen-letter-100-bonus-beschutzen-2026/ HTTP/2" 200 18682 "-" "Mozilla/5.0 AppleWebKit/537.36 (KHTML, like Gecko; compatible; bingbot/2.0; +http://www.bing.com/bingbot.htm) Chrome/116.0.1938.76 Safari/537.36"
52.167.144.159 - - [22/Apr/2026:10:22:55 +0300] "GET /beste-echtgeld-casinos-2026-ohne-bauernfangerei-um-echtes-slot-steam-tower-geld-spielen/ HTTP/2" 200 19770 "-" "Mozilla/5.0 AppleWebKit/537.36 (KHTML, like Gecko; compatible; bingbot/2.0; +http://www.bing.com/bingbot.htm) Chrome/116.0.1938.76 Safari/537.36"
52.167.144.176 - - [22/Apr/2026:10:22:59 +0300] "GET /entdecken-sie-die-bunte-welt-von-sugar-rush-ein-se/ HTTP/2" 200 17339 "-" "Mozilla/5.0 AppleWebKit/537.36 (KHTML, like Gecko; compatible; bingbot/2.0; +http://www.bing.com/bingbot.htm) Chrome/116.0.1938.76 Safari/537.36"
207.46.13.7 - - [22/Apr/2026:10:23:09 +0300] "GET /traktandum-50-casinos-um-echtes-bimbes-vortragen-2026/ HTTP/2" 200 18770 "-" "Mozilla/5.0 AppleWebKit/537.36 (KHTML, like Gecko; compatible; bingbot/2.0; +http://www.bing.com/bingbot.htm) Chrome/116.0.1938.76 Safari/537.36"
216.73.217.140 - - [22/Apr/2026:10:23:24 +0300] "GET /sitemap.rss HTTP/2" 200 0 "-" "Mozilla/5.0 AppleWebKit/537.36 (KHTML, like Gecko; compatible; ClaudeBot/1.0; +claudebot@anthropic.com)"
52.167.144.176 - - [22/Apr/2026:10:23:24 +0300] "GET /ll-angeschlossen-casinos-blos-registration-und-kontoverbindung-registration/ HTTP/2" 200 19920 "-" "Mozilla/5.0 AppleWebKit/537.36 (KHTML, like Gecko; compatible; bingbot/2.0; +http://www.bing.com/bingbot.htm) Chrome/116.0.1938.76 Safari/537.36"
185.216.113.70 - - [22/Apr/2026:10:23:42 +0300] "POST /wp-cron.php?doing_wp_cron=1776842622.4407169818878173828125 HTTP/1.1" 200 448 "-" "WordPress/6.3.8; https://serhatburke.miroglu.net"
158.69.22.136 - - [22/Apr/2026:10:24:06 +0300] "GET /casino-online-skrill-prelievo-veloce/ HTTP/1.1" 200 18120 "-" "Mozilla/5.0 (compatible; Googlebot/2.1; +http://www.google.com/bot.html)"
66.249.73.14 - - [22/Apr/2026:10:24:19 +0300] "GET /robots.txt HTTP/1.1" 200 719 "-" "Mozilla/5.0 (compatible; Googlebot/2.1; +http://www.google.com/bot.html)"
52.167.144.169 - - [22/Apr/2026:10:24:21 +0300] "GET /post-sitemap5.xml HTTP/2" 200 107460 "-" "Mozilla/5.0 AppleWebKit/537.36 (KHTML, like Gecko; compatible; bingbot/2.0; +http://www.bing.com/bingbot.htm) Chrome/116.0.1938.76 Safari/537.36"
66.249.73.14 - - [22/Apr/2026:10:25:00 +0300] "GET /rollinoapp-uk-weekend-bonus-an-in-depth-review/undefined?ts=1775520000 HTTP/1.1" 200 0 "https://serhatburke.miroglu.net/rollinoapp-uk-weekend-bonus-an-in-depth-review/" "Mozilla/5.0 (Linux; Android 6.0.1; Nexus 5X Build/MMB29P) AppleWebKit/537.36 (KHTML, like Gecko) Chrome/146.0.7680.177 Mobile Safari/537.36 (compatible; Googlebot/2.1; +http://www.google.com/bot.html)"
185.216.113.70 - - [22/Apr/2026:10:25:44 +0300] "POST /wp-cron.php?doing_wp_cron=1776842744.3872420787811279296875 HTTP/1.1" 200 448 "-" "WordPress/6.3.8; https://serhatburke.miroglu.net"
84.200.80.218 - - [22/Apr/2026:10:25:32 +0300] "POST /xmlrpc.php HTTP/1.1" 200 144677 "-" "Mozilla/5.0 (Windows NT 10.0; Win64; x64) AppleWebKit/537.36 (KHTML, like Gecko) Chrome/79.0.3945.130 Safari/537.36"
84.200.80.218 - - [22/Apr/2026:10:25:45 +0300] "POST /xmlrpc.php HTTP/1.1" 200 489 "-" "Mozilla/5.0 (Windows NT 10.0; Win64; x64) AppleWebKit/537.36 (KHTML, like Gecko) Chrome/79.0.3945.130 Safari/537.36"
185.216.113.70 - - [22/Apr/2026:10:26:10 +0300] "POST /wp-cron.php?doing_wp_cron=1776842770.6429309844970703125000 HTTP/1.1" 200 448 "-" "WordPress/6.3.8; https://serhatburke.miroglu.net"
84.200.80.218 - - [22/Apr/2026:10:25:58 +0300] "POST /xmlrpc.php HTTP/1.1" 200 167425 "-" "Mozilla/5.0 (Windows NT 10.0; Win64; x64) AppleWebKit/537.36 (KHTML, like Gecko) Chrome/79.0.3945.130 Safari/537.36"
185.216.113.70 - - [22/Apr/2026:10:27:23 +0300] "POST /wp-cron.php?doing_wp_cron=1776842843.0598840713500976562500 HTTP/1.1" 200 448 "-" "WordPress/6.3.8; https://serhatburke.miroglu.net"
216.132.143.166 - - [22/Apr/2026:10:27:11 +0300] "POST /xmlrpc.php HTTP/1.1" 200 761 "-" "Mozilla/5.0 (Windows NT 10.0; WOW64; rv:45.0) Gecko/20100101 Firefox/45.0"
216.132.143.166 - - [22/Apr/2026:10:27:27 +0300] "POST /xmlrpc.php HTTP/1.1" 200 674 "-" "Mozilla/5.0 (Windows NT 10.0; WOW64; rv:45.0) Gecko/20100101 Firefox/45.0"
185.216.113.70 - - [22/Apr/2026:10:27:55 +0300] "POST /wp-cron.php?doing_wp_cron=1776842875.0259380340576171875000 HTTP/1.1" 200 448 "-" "WordPress/6.3.8; https://serhatburke.miroglu.net"
216.132.143.166 - - [22/Apr/2026:10:27:43 +0300] "POST /xmlrpc.php HTTP/1.1" 200 5679 "-" "Mozilla/5.0 (Windows NT 10.0; WOW64; rv:45.0) Gecko/20100101 Firefox/45.0"
128.1.218.166 - - [22/Apr/2026:10:27:47 +0300] "POST /xmlrpc.php HTTP/1.1" 200 630 "-" "Mozilla/5.0 (Windows NT 10.0; Win64; x64) AppleWebKit/537.36 (KHTML, like Gecko) Chrome/114.0.0.0 Safari/537.36"
216.132.143.166 - - [22/Apr/2026:10:27:56 +0300] "GET /polos-make-a-bold-statement/ HTTP/1.1" 200 23053 "-" "Mozilla/5.0 (Windows NT 10.0; WOW64; rv:45.0) Gecko/20100101 Firefox/45.0"
128.1.218.166 - - [22/Apr/2026:10:28:08 +0300] "POST /xmlrpc.php HTTP/1.1" 200 11749 "-" "Mozilla/5.0 (Windows NT 10.0; Win64; x64) AppleWebKit/537.36 (KHTML, like Gecko) Chrome/114.0.0.0 Safari/537.36"
128.1.218.166 - - [22/Apr/2026:10:28:22 +0300] "GET /eye-of-horus-slot-in-rtg-die-lucky-grace-charm-slot-maschine-blueprint-gaming-horus-wilds-nach-walzen-2-4-weiten-symbole-within-12-freispielen-upgraden-9631-rtp-keine-einzahlung-casinos-kostenlo/ HTTP/1.1" 200 77126 "-" "Mozilla/5.0 (Windows NT 10.0; Win64; x64) AppleWebKit/537.36 (KHTML, like Gecko) Chrome/124.0.0.0 Safari/537.36 Edg/124.0.0.0"
45.117.62.125 - - [22/Apr/2026:10:30:20 +0300] "POST /xmlrpc.php HTTP/2" 200 0 "-" "WordPress/XMLRPC Client"
185.216.113.70 - - [22/Apr/2026:10:31:06 +0300] "POST /wp-cron.php?doing_wp_cron=1776843066.0385739803314208984375 HTTP/1.1" 200 448 "-" "WordPress/6.3.8; https://serhatburke.miroglu.net"
187.190.159.1 - - [22/Apr/2026:10:30:52 +0300] "POST /xmlrpc.php HTTP/2" 200 141 "-" "WordPress/XMLRPC Client"
187.190.159.1 - - [22/Apr/2026:10:31:06 +0300] "GET /?p=126857 HTTP/2" 301 0 "-" "Mozilla/5.0 (Windows NT 10.0; Win64; x64) AppleWebKit/537.36 (KHTML, like Gecko) Chrome/120.0.0.0 Safari/537.36"
185.216.113.70 - - [22/Apr/2026:10:33:38 +0300] "POST /wp-cron.php?doing_wp_cron=1776843218.4651000499725341796875 HTTP/1.1" 200 448 "-" "WordPress/6.3.8; https://serhatburke.miroglu.net"
84.200.80.218 - - [22/Apr/2026:10:33:22 +0300] "GET /beste-casinos-ohne-verifizierung-2026-hier-anonym-8/ HTTP/1.1" 200 157924 "-" "Screaming Frog SEO Spider/18.1"
185.216.113.70 - - [22/Apr/2026:10:35:21 +0300] "POST /wp-cron.php?doing_wp_cron=1776843321.3388810157775878906250 HTTP/1.1" 200 448 "-" "WordPress/6.3.8; https://serhatburke.miroglu.net"
160.250.186.93 - - [22/Apr/2026:10:35:08 +0300] "GET /casino-online-skrill-prelievo-veloce/ HTTP/1.1" 200 18145 "-" "Mozilla/5.0 (compatible; Googlebot/2.1; +http://www.google.com/bot.html)"
185.216.113.70 - - [22/Apr/2026:10:35:55 +0300] "POST /wp-cron.php?doing_wp_cron=1776843355.4479370117187500000000 HTTP/1.1" 200 448 "-" "WordPress/6.3.8; https://serhatburke.miroglu.net"
128.1.218.166 - - [22/Apr/2026:10:35:43 +0300] "POST /xmlrpc.php HTTP/1.1" 200 630 "-" "Mozilla/5.0 (Windows NT 10.0; Win64; x64) AppleWebKit/537.36 (KHTML, like Gecko) Chrome/114.0.0.0 Safari/537.36"
128.1.218.166 - - [22/Apr/2026:10:36:02 +0300] "POST /xmlrpc.php HTTP/1.1" 200 12677 "-" "Mozilla/5.0 (Windows NT 10.0; Win64; x64) AppleWebKit/537.36 (KHTML, like Gecko) Chrome/114.0.0.0 Safari/537.36"
128.1.218.166 - - [22/Apr/2026:10:36:16 +0300] "GET /alles-eye-of-horus-tipps-tricks-book-of-ra-paypal-zum-besten-geben-zum-spas-wichtige-nach-den-ausblick-hacked-by-xploitednoob/ HTTP/1.1" 200 75598 "-" "Mozilla/5.0 (Windows NT 10.0; rv:109.0) Gecko/20100101 Firefox/115.0"
185.216.113.70 - - [22/Apr/2026:10:36:53 +0300] "POST /wp-cron.php?doing_wp_cron=1776843413.0475718975067138671875 HTTP/1.1" 200 448 "-" "WordPress/6.3.8; https://serhatburke.miroglu.net"
207.46.13.141 - - [22/Apr/2026:10:36:31 +0300] "GET /9-kwiff-book-opportunity-increases-has-the-benefit-of-to-own-alive-gambling/ HTTP/2" 200 16917 "-" "Mozilla/5.0 AppleWebKit/537.36 (KHTML, like Gecko; compatible; bingbot/2.0; +http://www.bing.com/bingbot.htm) Chrome/116.0.1938.76 Safari/537.36"
40.77.167.74 - - [22/Apr/2026:10:36:34 +0300] "GET /discover-why-dexscreener-is-a-must-have-for-traders/ HTTP/2" 200 17079 "-" "Mozilla/5.0 AppleWebKit/537.36 (KHTML, like Gecko; compatible; bingbot/2.0; +http://www.bing.com/bingbot.htm) Chrome/116.0.1938.76 Safari/537.36"
207.46.13.141 - - [22/Apr/2026:10:36:35 +0300] "GET /kraken-bezopasnye-metody-dostupa-v-darknet-2026-11/ HTTP/2" 200 17940 "-" "Mozilla/5.0 AppleWebKit/537.36 (KHTML, like Gecko; compatible; bingbot/2.0; +http://www.bing.com/bingbot.htm) Chrome/116.0.1938.76 Safari/537.36"
52.167.144.17 - - [22/Apr/2026:10:36:38 +0300] "GET /exploring-the-versatile-features-of-solscan-for-traders/ HTTP/2" 200 17091 "-" "Mozilla/5.0 AppleWebKit/537.36 (KHTML, like Gecko; compatible; bingbot/2.0; +http://www.bing.com/bingbot.htm) Chrome/116.0.1938.76 Safari/537.36"
52.167.144.17 - - [22/Apr/2026:10:36:39 +0300] "GET /ra-deluxe-novomatic-demonstration-d%D2%AFken%D1%96nen-bronda%D2%A3yz-depozits%D1%96z-kazino-goldbet-sonda-s%D1%96z-pozitsiya%D2%93a-sholu-zhasay-alasyz/ HTTP/2" 200 18860 "-" "Mozilla/5.0 AppleWebKit/537.36 (KHTML, like Gecko; compatible; bingbot/2.0; +http://www.bing.com/bingbot.htm) Chrome/116.0.1938.76 Safari/537.36"
40.77.167.74 - - [22/Apr/2026:10:36:44 +0300] "GET /ma-bedste-og-vaerste-magic-love-casino-spilleban-skuespil-pr-pa-casinoer-2026/ HTTP/2" 200 18974 "-" "Mozilla/5.0 AppleWebKit/537.36 (KHTML, like Gecko; compatible; bingbot/2.0; +http://www.bing.com/bingbot.htm) Chrome/116.0.1938.76 Safari/537.36"
207.46.13.141 - - [22/Apr/2026:10:37:12 +0300] "GET /revolutionize-your-trades-with-innovative-jupiter-swap/ HTTP/2" 200 17462 "-" "Mozilla/5.0 AppleWebKit/537.36 (KHTML, like Gecko; compatible; bingbot/2.0; +http://www.bing.com/bingbot.htm) Chrome/116.0.1938.76 Safari/537.36"
40.77.167.74 - - [22/Apr/2026:10:37:24 +0300] "GET /une-des-raison-pour-laquelle-magius-casino-avait-t-il-deploye-votre-solution-dadhesion-appareil/ HTTP/2" 200 17324 "-" "Mozilla/5.0 AppleWebKit/537.36 (KHTML, like Gecko; compatible; bingbot/2.0; +http://www.bing.com/bingbot.htm) Chrome/116.0.1938.76 Safari/537.36"
185.216.113.70 - - [22/Apr/2026:10:38:23 +0300] "POST /wp-cron.php?doing_wp_cron=1776843503.8148679733276367187500 HTTP/1.1" 200 448 "-" "WordPress/6.3.8; https://serhatburke.miroglu.net"
103.49.228.102 - - [22/Apr/2026:10:38:05 +0300] "POST /xmlrpc.php HTTP/2" 200 141 "-" "WordPress/XMLRPC Client"
52.167.144.17 - - [22/Apr/2026:10:38:07 +0300] "GET /100-giros-gratuito-sin-tanque-sobre-espana-bonos-con-manga-larga-500-giros/ HTTP/2" 200 19200 "-" "Mozilla/5.0 AppleWebKit/537.36 (KHTML, like Gecko; compatible; bingbot/2.0; +http://www.bing.com/bingbot.htm) Chrome/116.0.1938.76 Safari/537.36"
207.46.13.141 - - [22/Apr/2026:10:38:12 +0300] "GET /promozioni-poker-888-come-trasferire-il-bonus-verde-casino-sul-conto-principale-poker-italia/ HTTP/2" 200 19005 "-" "Mozilla/5.0 AppleWebKit/537.36 (KHTML, like Gecko; compatible; bingbot/2.0; +http://www.bing.com/bingbot.htm) Chrome/116.0.1938.76 Safari/537.36"
103.49.228.102 - - [22/Apr/2026:10:38:24 +0300] "GET /?p=126861 HTTP/2" 301 0 "-" "Mozilla/5.0 (Windows NT 10.0; Win64; x64) AppleWebKit/537.36 (KHTML, like Gecko) Chrome/120.0.0.0 Safari/537.36"
52.167.144.17 - - [22/Apr/2026:10:38:37 +0300] "GET /rotiri-gratuite-dar-achitare-mega-jack-jocuri-cu-sloturi-2026/ HTTP/2" 200 19485 "-" "Mozilla/5.0 AppleWebKit/537.36 (KHTML, like Gecko; compatible; bingbot/2.0; +http://www.bing.com/bingbot.htm) Chrome/116.0.1938.76 Safari/537.36"
