185.216.113.70 - - [22/Apr/2026:13:09:37 +0300] "POST /wp-cron.php?doing_wp_cron=1776852577.6624178886413574218750 HTTP/1.1" 200 448 "-" "WordPress/6.3.8; https://serhatburke.miroglu.net"
34.116.28.32 - - [22/Apr/2026:13:09:15 +0300] "GET /hoe-krijgt-u-hulp-in-windows-11207044/ HTTP/1.1" 200 16336 "-" "Mozilla/5.0 (compatible; Google-Apps-Script; beanserver; +https://script.google.com; id: UAEmdDd98-IqFHPQ7FFTjM1LThi7WIa68nzw)"
185.216.113.70 - - [22/Apr/2026:13:09:42 +0300] "POST /wp-cron.php?doing_wp_cron=1776852582.1411590576171875000000 HTTP/1.1" 200 448 "-" "WordPress/6.3.8; https://serhatburke.miroglu.net"
40.77.167.79 - - [22/Apr/2026:13:09:19 +0300] "GET /merely-three-hundred-bonuses-or-over-for-24-slot-slot-rtp-2026/ HTTP/2" 200 18374 "-" "Mozilla/5.0 AppleWebKit/537.36 (KHTML, like Gecko; compatible; bingbot/2.0; +http://www.bing.com/bingbot.htm) Chrome/116.0.1938.76 Safari/537.36"
40.77.167.123 - - [22/Apr/2026:13:09:23 +0300] "GET /dexscreener-deep-dive-advanced-dex-scanner-features-2/ HTTP/2" 200 18926 "-" "Mozilla/5.0 AppleWebKit/537.36 (KHTML, like Gecko; compatible; bingbot/2.0; +http://www.bing.com/bingbot.htm) Chrome/116.0.1938.76 Safari/537.36"
52.167.144.236 - - [22/Apr/2026:13:09:48 +0300] "GET /kraken-aktual-nye-ssylki-i-bezopasnyi-dostup-v-darknet/ HTTP/2" 200 17733 "-" "Mozilla/5.0 AppleWebKit/537.36 (KHTML, like Gecko; compatible; bingbot/2.0; +http://www.bing.com/bingbot.htm) Chrome/116.0.1938.76 Safari/537.36"
98.98.9.39 - - [22/Apr/2026:13:10:06 +0300] "POST /xmlrpc.php HTTP/1.1" 200 630 "-" "Mozilla/5.0 (Windows NT 10.0; Win64; x64) AppleWebKit/537.36 (KHTML, like Gecko) Chrome/114.0.0.0 Safari/537.36"
34.116.28.32 - - [22/Apr/2026:13:10:10 +0300] "GET /verify-your-youtube-account-youtube-help246739/ HTTP/1.1" 200 17859 "-" "Mozilla/5.0 (compatible; Google-Apps-Script; beanserver; +https://script.google.com; id: UAEmdDd98-IqFHPQ7FFTjM1LThi7WIa68nzw)"
165.73.240.148 - - [22/Apr/2026:13:10:13 +0300] "POST /xmlrpc.php HTTP/1.1" 200 630 "-" "Mozilla/5.0 (Windows NT 10.0; Win64; x64) AppleWebKit/537.36 (KHTML, like Gecko) Chrome/114.0.0.0 Safari/537.36"
185.216.113.70 - - [22/Apr/2026:13:10:41 +0300] "POST /wp-cron.php?doing_wp_cron=1776852641.8521959781646728515625 HTTP/1.1" 200 448 "-" "WordPress/6.3.8; https://serhatburke.miroglu.net"
52.167.144.236 - - [22/Apr/2026:13:10:17 +0300] "GET /nesmrtelna-romance-poznamka-prihlasovaci-aplikace-abu-king-k-vyhernimu-automatu-s-upiry-podsveti/ HTTP/2" 200 18423 "-" "Mozilla/5.0 AppleWebKit/537.36 (KHTML, like Gecko; compatible; bingbot/2.0; +http://www.bing.com/bingbot.htm) Chrome/116.0.1938.76 Safari/537.36"
66.249.73.1 - - [22/Apr/2026:13:10:42 +0300] "GET /gamblezen-casino-review-for-players-from-the-united-kingdom/undefined?ts=1775520000 HTTP/1.1" 200 0 "https://serhatburke.miroglu.net/gamblezen-casino-review-for-players-from-the-united-kingdom/" "Mozilla/5.0 (Linux; Android 6.0.1; Nexus 5X Build/MMB29P) AppleWebKit/537.36 (KHTML, like Gecko) Chrome/146.0.7680.177 Mobile Safari/537.36 (compatible; Googlebot/2.1; +http://www.google.com/bot.html)"
98.98.9.39 - - [22/Apr/2026:13:10:41 +0300] "POST /xmlrpc.php HTTP/1.1" 200 11065 "-" "Mozilla/5.0 (Windows NT 10.0; Win64; x64) AppleWebKit/537.36 (KHTML, like Gecko) Chrome/114.0.0.0 Safari/537.36"
165.73.240.148 - - [22/Apr/2026:13:10:46 +0300] "POST /xmlrpc.php HTTP/1.1" 200 16979 "-" "Mozilla/5.0 (Windows NT 10.0; Win64; x64) AppleWebKit/537.36 (KHTML, like Gecko) Chrome/114.0.0.0 Safari/537.36"
52.167.144.236 - - [22/Apr/2026:13:10:47 +0300] "GET /bitcoin-e-la-crypto-oltre-a-usata-sui-mucchio-online/ HTTP/2" 200 17053 "-" "Mozilla/5.0 AppleWebKit/537.36 (KHTML, like Gecko; compatible; bingbot/2.0; +http://www.bing.com/bingbot.htm) Chrome/116.0.1938.76 Safari/537.36"
98.98.9.39 - - [22/Apr/2026:13:11:12 +0300] "GET /titanbet-gambling-enterprise-remark-invited-extra-promo-password-and-shoot-slot-bonus-100-percent-free-spins/ HTTP/1.1" 200 73119 "-" "Mozilla/5.0 (Windows NT 10.0; Win64; x64) AppleWebKit/537.36 (KHTML, like Gecko) Chrome/122.0.0.0 Safari/537.36"
165.73.240.148 - - [22/Apr/2026:13:11:16 +0300] "GET /microgaming-publiciste-de-jeux-avec-salle-de-jeu-detail-au-top-mon-lien-hypertexte-salle-de-jeu/ HTTP/1.1" 200 79085 "-" "Mozilla/5.0 (Windows NT 10.0; Win64; x64) AppleWebKit/537.36 (KHTML, like Gecko) Chrome/124.0.0.0 Safari/537.36 Edg/124.0.0.0"
98.98.33.4 - - [22/Apr/2026:13:11:20 +0300] "POST /xmlrpc.php HTTP/1.1" 200 630 "-" "Mozilla/5.0 (Windows NT 10.0; Win64; x64) AppleWebKit/537.36 (KHTML, like Gecko) Chrome/114.0.0.0 Safari/537.36"
185.216.113.70 - - [22/Apr/2026:13:11:48 +0300] "POST /wp-cron.php?doing_wp_cron=1776852708.8318340778350830078125 HTTP/1.1" 200 448 "-" "WordPress/6.3.8; https://serhatburke.miroglu.net"
98.98.9.39 - - [22/Apr/2026:13:11:36 +0300] "POST /xmlrpc.php HTTP/1.1" 200 630 "-" "Mozilla/5.0 (Windows NT 10.0; Win64; x64) AppleWebKit/537.36 (KHTML, like Gecko) Chrome/114.0.0.0 Safari/537.36"
98.98.33.4 - - [22/Apr/2026:13:11:41 +0300] "POST /xmlrpc.php HTTP/1.1" 200 13626 "-" "Mozilla/5.0 (Windows NT 10.0; Win64; x64) AppleWebKit/537.36 (KHTML, like Gecko) Chrome/114.0.0.0 Safari/537.36"
98.98.33.4 - - [22/Apr/2026:13:11:54 +0300] "GET /the-new-sweepstakes-gambling-enterprises-6-the-brand-new-sweeps-bucks-local-casino-websites-to-test-inside-the-2026/ HTTP/1.1" 200 75954 "-" "Mozilla/5.0 (Windows NT 10.0; Win64; x64) AppleWebKit/537.36 (KHTML, like Gecko) Chrome/109.0.0.0 Safari/537.36"
98.98.9.39 - - [22/Apr/2026:13:11:55 +0300] "POST /xmlrpc.php HTTP/1.1" 200 11454 "-" "Mozilla/5.0 (Windows NT 10.0; Win64; x64) AppleWebKit/537.36 (KHTML, like Gecko) Chrome/114.0.0.0 Safari/537.36"
98.98.9.39 - - [22/Apr/2026:13:12:13 +0300] "GET /totally-free-harbors-on-the-web-casino-mega-moolah-tips-las-vegas-gambling-games/ HTTP/1.1" 200 73080 "-" "Mozilla/5.0 (Windows NT 10.0; rv:109.0) Gecko/20100101 Firefox/115.0"
185.216.113.70 - - [22/Apr/2026:13:12:40 +0300] "POST /wp-cron.php?doing_wp_cron=1776852760.4371678829193115234375 HTTP/1.1" 200 448 "-" "WordPress/6.3.8; https://serhatburke.miroglu.net"
216.73.217.140 - - [22/Apr/2026:13:12:27 +0300] "GET /robots.txt HTTP/2" 200 110 "-" "Mozilla/5.0 AppleWebKit/537.36 (KHTML, like Gecko; compatible; ClaudeBot/1.0; +claudebot@anthropic.com)"
216.73.217.140 - - [22/Apr/2026:13:12:41 +0300] "GET /sitemap.xml HTTP/2" 200 0 "-" "Mozilla/5.0 AppleWebKit/537.36 (KHTML, like Gecko; compatible; ClaudeBot/1.0; +claudebot@anthropic.com)"
40.77.167.123 - - [22/Apr/2026:13:12:31 +0300] "GET /kraken-bezuprechnye-metody-dostupa-v-darknet-2026/ HTTP/2" 200 17948 "-" "Mozilla/5.0 AppleWebKit/537.36 (KHTML, like Gecko; compatible; bingbot/2.0; +http://www.bing.com/bingbot.htm) Chrome/116.0.1938.76 Safari/537.36"
207.46.13.107 - - [22/Apr/2026:13:12:37 +0300] "GET /sic-bo-online-con-licencia/ HTTP/2" 200 17472 "-" "Mozilla/5.0 AppleWebKit/537.36 (KHTML, like Gecko; compatible; bingbot/2.0; +http://www.bing.com/bingbot.htm) Chrome/116.0.1938.76 Safari/537.36"
52.167.144.236 - - [22/Apr/2026:13:12:40 +0300] "GET /discovering-bscscan-your-essential-guide-to-blockchain-insight/ HTTP/2" 200 17249 "-" "Mozilla/5.0 AppleWebKit/537.36 (KHTML, like Gecko; compatible; bingbot/2.0; +http://www.bing.com/bingbot.htm) Chrome/116.0.1938.76 Safari/537.36"
165.73.240.148 - - [22/Apr/2026:13:12:44 +0300] "POST /xmlrpc.php HTTP/1.1" 200 630 "-" "Mozilla/5.0 (Windows NT 10.0; Win64; x64) AppleWebKit/537.36 (KHTML, like Gecko) Chrome/114.0.0.0 Safari/537.36"
177.55.232.3 - - [22/Apr/2026:13:13:01 +0300] "POST /xmlrpc.php HTTP/2" 200 0 "-" "WordPress/XMLRPC Client"
185.216.113.70 - - [22/Apr/2026:13:13:46 +0300] "POST /wp-cron.php?doing_wp_cron=1776852826.0822300910949707031250 HTTP/1.1" 200 448 "-" "WordPress/6.3.8; https://serhatburke.miroglu.net"
40.77.167.123 - - [22/Apr/2026:13:13:00 +0300] "GET /unser-elektronische-geldsack-paypal-wird-des-ein-bekanntesten-geld-inoffizieller-mitarbeiter-netz/ HTTP/2" 200 18043 "-" "Mozilla/5.0 AppleWebKit/537.36 (KHTML, like Gecko; compatible; bingbot/2.0; +http://www.bing.com/bingbot.htm) Chrome/116.0.1938.76 Safari/537.36"
185.216.113.70 - - [22/Apr/2026:13:13:50 +0300] "POST /wp-cron.php?doing_wp_cron=1776852830.2354030609130859375000 HTTP/1.1" 200 448 "-" "WordPress/6.3.8; https://serhatburke.miroglu.net"
40.77.167.123 - - [22/Apr/2026:13:13:05 +0300] "GET /ten-best-casinos-on-the-internet-in-australia-the-real-deal-profit-novomatic-gaming-slots-2025/ HTTP/2" 200 19189 "-" "Mozilla/5.0 AppleWebKit/537.36 (KHTML, like Gecko; compatible; bingbot/2.0; +http://www.bing.com/bingbot.htm) Chrome/116.0.1938.76 Safari/537.36"
185.216.113.70 - - [22/Apr/2026:13:13:52 +0300] "POST /wp-cron.php?doing_wp_cron=1776852832.8507239818572998046875 HTTP/1.1" 200 448 "-" "WordPress/6.3.8; https://serhatburke.miroglu.net"
98.98.197.186 - - [22/Apr/2026:13:13:08 +0300] "POST /xmlrpc.php HTTP/1.1" 200 630 "-" "Mozilla/5.0 (Windows NT 10.0; Win64; x64) AppleWebKit/537.36 (KHTML, like Gecko) Chrome/114.0.0.0 Safari/537.36"
185.216.113.70 - - [22/Apr/2026:13:13:54 +0300] "POST /wp-cron.php?doing_wp_cron=1776852833.7609789371490478515625 HTTP/1.1" 200 448 "-" "WordPress/6.3.8; https://serhatburke.miroglu.net"
98.98.9.39 - - [22/Apr/2026:13:13:05 +0300] "POST /xmlrpc.php HTTP/1.1" 200 630 "-" "Mozilla/5.0 (Windows NT 10.0; Win64; x64) AppleWebKit/537.36 (KHTML, like Gecko) Chrome/114.0.0.0 Safari/537.36"
184.179.143.67 - - [22/Apr/2026:13:13:32 +0300] "POST /xmlrpc.php HTTP/2" 200 0 "-" "WordPress/XMLRPC Client"
185.216.113.70 - - [22/Apr/2026:13:14:05 +0300] "POST /wp-cron.php?doing_wp_cron=1776852845.2416059970855712890625 HTTP/1.1" 200 448 "-" "WordPress/6.3.8; https://serhatburke.miroglu.net"
207.46.13.107 - - [22/Apr/2026:13:13:17 +0300] "GET /bonusy-z-brakiem-depozytu-2025-kody-bonusowe-kasyna-abu-king-najpozytywniejsze-oferty-kasyn-internetowego/ HTTP/2" 200 19058 "-" "Mozilla/5.0 AppleWebKit/537.36 (KHTML, like Gecko; compatible; bingbot/2.0; +http://www.bing.com/bingbot.htm) Chrome/116.0.1938.76 Safari/537.36"
185.216.113.70 - - [22/Apr/2026:13:14:22 +0300] "POST /wp-cron.php?doing_wp_cron=1776852862.4336950778961181640625 HTTP/1.1" 200 448 "-" "WordPress/6.3.8; https://serhatburke.miroglu.net"
165.73.240.148 - - [22/Apr/2026:13:13:35 +0300] "POST /xmlrpc.php HTTP/1.1" 200 17131 "-" "Mozilla/5.0 (Windows NT 10.0; Win64; x64) AppleWebKit/537.36 (KHTML, like Gecko) Chrome/114.0.0.0 Safari/537.36"
87.117.56.13 - - [22/Apr/2026:13:14:03 +0300] "POST /xmlrpc.php HTTP/2" 200 0 "-" "WordPress/XMLRPC Client"
98.98.197.186 - - [22/Apr/2026:13:13:59 +0300] "POST /xmlrpc.php HTTP/1.1" 200 11732 "-" "Mozilla/5.0 (Windows NT 10.0; Win64; x64) AppleWebKit/537.36 (KHTML, like Gecko) Chrome/114.0.0.0 Safari/537.36"
98.98.9.39 - - [22/Apr/2026:13:14:01 +0300] "POST /xmlrpc.php HTTP/1.1" 200 11713 "-" "Mozilla/5.0 (Windows NT 10.0; Win64; x64) AppleWebKit/537.36 (KHTML, like Gecko) Chrome/114.0.0.0 Safari/537.36"
186.189.98.220 - - [22/Apr/2026:13:14:35 +0300] "POST /xmlrpc.php HTTP/2" 200 0 "-" "WordPress/XMLRPC Client"
185.216.113.70 - - [22/Apr/2026:13:15:23 +0300] "POST /wp-cron.php?doing_wp_cron=1776852923.6669979095458984375000 HTTP/1.1" 200 448 "-" "WordPress/6.3.8; https://serhatburke.miroglu.net"
98.98.9.39 - - [22/Apr/2026:13:14:26 +0300] "POST /xmlrpc.php HTTP/1.1" 200 630 "-" "Mozilla/5.0 (Windows NT 10.0; Win64; x64) AppleWebKit/537.36 (KHTML, like Gecko) Chrome/114.0.0.0 Safari/537.36"
165.73.240.148 - - [22/Apr/2026:13:14:27 +0300] "GET /au-top-salle-de-jeu-quelque-peu-bonus-dinscription-i24slot-2026-guide-leurs-principaux-emploi-de-gaming/ HTTP/1.1" 200 79310 "-" "Mozilla/5.0 (Windows NT 10.0; Win64; x64) AppleWebKit/537.36 (KHTML, like Gecko) Chrome/109.0.0.0 Safari/537.36"
185.216.113.70 - - [22/Apr/2026:13:15:30 +0300] "POST /wp-cron.php?doing_wp_cron=1776852930.0351479053497314453125 HTTP/1.1" 200 448 "-" "WordPress/6.3.8; https://serhatburke.miroglu.net"
98.98.33.4 - - [22/Apr/2026:13:14:33 +0300] "POST /xmlrpc.php HTTP/1.1" 200 630 "-" "Mozilla/5.0 (Windows NT 10.0; Win64; x64) AppleWebKit/537.36 (KHTML, like Gecko) Chrome/114.0.0.0 Safari/537.36"
188.32.50.113 - - [22/Apr/2026:13:15:05 +0300] "POST /xmlrpc.php HTTP/2" 200 0 "-" "WordPress/XMLRPC Client"
185.216.113.70 - - [22/Apr/2026:13:15:50 +0300] "POST /wp-cron.php?doing_wp_cron=1776852949.9563500881195068359375 HTTP/1.1" 200 448 "-" "WordPress/6.3.8; https://serhatburke.miroglu.net"
160.250.186.93 - - [22/Apr/2026:13:14:59 +0300] "GET /zotabet-casino-bonus-premier-depot-2026/ HTTP/1.1" 200 18520 "-" "Mozilla/5.0 (compatible; Googlebot/2.1; +http://www.google.com/bot.html)"
200.53.203.170 - - [22/Apr/2026:13:15:26 +0300] "POST /xmlrpc.php HTTP/2" 200 0 "-" "WordPress/XMLRPC Client"
185.216.113.70 - - [22/Apr/2026:13:15:57 +0300] "POST /wp-cron.php?doing_wp_cron=1776852957.3589260578155517578125 HTTP/1.1" 200 448 "-" "WordPress/6.3.8; https://serhatburke.miroglu.net"
98.98.197.186 - - [22/Apr/2026:13:15:04 +0300] "GET /what-exactly-is-yahtzee-which-have-friends-faqs-information-campaigns/ HTTP/1.1" 200 72653 "-" "Mozilla/5.0 (Windows NT 10.0; Win64; x64) AppleWebKit/537.36 (KHTML, like Gecko) Chrome/123.0.0.0 Safari/537.36 OPR/109.0.0.0"
185.216.113.70 - - [22/Apr/2026:13:16:01 +0300] "POST /wp-cron.php?doing_wp_cron=1776852961.7431199550628662109375 HTTP/1.1" 200 448 "-" "WordPress/6.3.8; https://serhatburke.miroglu.net"
98.98.9.39 - - [22/Apr/2026:13:15:05 +0300] "GET /bikini-party-slot-game-review-2026-unprejudiced-opinion-to-own-2026-casino-min-deposit-5-incentives/ HTTP/1.1" 200 73674 "-" "Mozilla/5.0 (Windows NT 10.0; rv:125.0) Gecko/20100101 Firefox/125.0"
185.216.113.70 - - [22/Apr/2026:13:16:03 +0300] "POST /wp-cron.php?doing_wp_cron=1776852963.3808429241180419921875 HTTP/1.1" 200 448 "-" "WordPress/6.3.8; https://serhatburke.miroglu.net"
185.216.113.70 - - [22/Apr/2026:13:16:32 +0300] "POST /wp-cron.php?doing_wp_cron=1776852992.6668460369110107421875 HTTP/1.1" 200 448 "-" "WordPress/6.3.8; https://serhatburke.miroglu.net"
165.73.240.148 - - [22/Apr/2026:13:15:27 +0300] "POST /xmlrpc.php HTTP/1.1" 200 630 "-" "Mozilla/5.0 (Windows NT 10.0; Win64; x64) AppleWebKit/537.36 (KHTML, like Gecko) Chrome/114.0.0.0 Safari/537.36"
185.216.113.70 - - [22/Apr/2026:13:16:40 +0300] "POST /wp-cron.php?doing_wp_cron=1776853000.4688720703125000000000 HTTP/1.1" 200 448 "-" "WordPress/6.3.8; https://serhatburke.miroglu.net"
98.98.9.39 - - [22/Apr/2026:13:15:33 +0300] "POST /xmlrpc.php HTTP/1.1" 200 11923 "-" "Mozilla/5.0 (Windows NT 10.0; Win64; x64) AppleWebKit/537.36 (KHTML, like Gecko) Chrome/114.0.0.0 Safari/537.36"
185.216.113.70 - - [22/Apr/2026:13:16:48 +0300] "POST /wp-cron.php?doing_wp_cron=1776853007.9834959506988525390625 HTTP/1.1" 200 448 "-" "WordPress/6.3.8; https://serhatburke.miroglu.net"
185.216.113.70 - - [22/Apr/2026:13:16:48 +0300] "POST /wp-cron.php?doing_wp_cron=1776853008.8307790756225585937500 HTTP/1.1" 200 448 "-" "WordPress/6.3.8; https://serhatburke.miroglu.net"
98.98.33.4 - - [22/Apr/2026:13:15:36 +0300] "POST /xmlrpc.php HTTP/1.1" 200 13408 "-" "Mozilla/5.0 (Windows NT 10.0; Win64; x64) AppleWebKit/537.36 (KHTML, like Gecko) Chrome/114.0.0.0 Safari/537.36"
88.218.45.217 - - [22/Apr/2026:13:16:27 +0300] "POST /xmlrpc.php HTTP/2" 200 0 "-" "WordPress/XMLRPC Client"
185.216.113.70 - - [22/Apr/2026:13:17:09 +0300] "POST /wp-cron.php?doing_wp_cron=1776853029.4460461139678955078125 HTTP/1.1" 200 448 "-" "WordPress/6.3.8; https://serhatburke.miroglu.net"
98.98.9.39 - - [22/Apr/2026:13:15:46 +0300] "POST /xmlrpc.php HTTP/1.1" 200 630 "-" "Mozilla/5.0 (Windows NT 10.0; Win64; x64) AppleWebKit/537.36 (KHTML, like Gecko) Chrome/114.0.0.0 Safari/537.36"
93.112.181.62 - - [22/Apr/2026:13:16:58 +0300] "POST /xmlrpc.php HTTP/2" 200 0 "-" "WordPress/XMLRPC Client"
52.167.144.236 - - [22/Apr/2026:13:17:09 +0300] "GET /according-to-legend-an-ancient-emperor-rules-a-kingdom-labeled-as-immortal/ HTTP/2" 200 0 "-" "Mozilla/5.0 AppleWebKit/537.36 (KHTML, like Gecko; compatible; bingbot/2.0; +http://www.bing.com/bingbot.htm) Chrome/116.0.1938.76 Safari/537.36"
97.251.132.16 - - [22/Apr/2026:13:17:30 +0300] "POST /xmlrpc.php HTTP/2" 200 0 "-" "WordPress/XMLRPC Client"
52.167.144.175 - - [22/Apr/2026:13:17:14 +0300] "GET /sheer-gaming/ HTTP/2" 200 0 "-" "Mozilla/5.0 AppleWebKit/537.36 (KHTML, like Gecko; compatible; bingbot/2.0; +http://www.bing.com/bingbot.htm) Chrome/116.0.1938.76 Safari/537.36"
157.55.39.200 - - [22/Apr/2026:13:17:19 +0300] "GET /higher-blue-position-comment-how-good-could-it-play-gonzos-quest-slots-be-and-you-may-where-to-play-it/ HTTP/2" 200 0 "-" "Mozilla/5.0 AppleWebKit/537.36 (KHTML, like Gecko; compatible; bingbot/2.0; +http://www.bing.com/bingbot.htm) Chrome/116.0.1938.76 Safari/537.36"
185.216.113.70 - - [22/Apr/2026:13:18:08 +0300] "POST /wp-cron.php?doing_wp_cron=1776853088.4444060325622558593750 HTTP/1.1" 200 448 "-" "WordPress/6.3.8; https://serhatburke.miroglu.net"
193.194.106.44 - - [22/Apr/2026:13:16:37 +0300] "GET /robots.txt HTTP/1.1" 200 735 "-" "Mozilla/5.0 (Linux; Android 6.0.1; Nexus 5X Build/MMB29P) AppleWebKit/537.36 (KHTML, like Gecko) Chrome/139.0.7258.156 Mobile Safari/537.36 (compatible; Googlebot/2.1; +http://www.google.com/bot.html)"
185.216.113.70 - - [22/Apr/2026:13:18:16 +0300] "POST /wp-cron.php?doing_wp_cron=1776853096.1494779586791992187500 HTTP/1.1" 200 448 "-" "WordPress/6.3.8; https://serhatburke.miroglu.net"
98.98.33.4 - - [22/Apr/2026:13:16:50 +0300] "GET /top-10-online-casinos-accepting-paysafecard-in-the-2026/ HTTP/1.1" 200 74428 "-" "Mozilla/5.0 (Windows NT 10.0; Win64; x64) AppleWebKit/537.36 (KHTML, like Gecko) Chrome/109.0.0.0 Safari/537.36"
185.216.113.70 - - [22/Apr/2026:13:18:24 +0300] "POST /wp-cron.php?doing_wp_cron=1776853104.2577800750732421875000 HTTP/1.1" 200 448 "-" "WordPress/6.3.8; https://serhatburke.miroglu.net"
185.216.113.70 - - [22/Apr/2026:13:18:24 +0300] "POST /wp-cron.php?doing_wp_cron=1776853104.4347519874572753906250 HTTP/1.1" 200 448 "-" "WordPress/6.3.8; https://serhatburke.miroglu.net"
98.98.9.39 - - [22/Apr/2026:13:16:43 +0300] "GET /all-your-help-guide-to-no-put-local-casino-bonuses-reactoonz-rtp-slot-big-win-within-the-canada/ HTTP/1.1" 200 73725 "-" "Mozilla/5.0 (Windows NT 10.0; rv:109.0) Gecko/20100101 Firefox/115.0"
193.194.106.44 - - [22/Apr/2026:13:16:57 +0300] "GET /bonus-5000-50-fs/ HTTP/1.1" 200 21483 "-" "Mozilla/5.0 (Linux; Android 6.0.1; Nexus 5X Build/MMB29P) AppleWebKit/537.36 (KHTML, like Gecko) Chrome/139.0.7258.156 Mobile Safari/537.36 (compatible; Googlebot/2.1; +http://www.google.com/bot.html)"
185.216.113.70 - - [22/Apr/2026:13:18:27 +0300] "POST /wp-cron.php?doing_wp_cron=1776853107.2351078987121582031250 HTTP/1.1" 200 448 "-" "WordPress/6.3.8; https://serhatburke.miroglu.net"
165.73.240.148 - - [22/Apr/2026:13:16:39 +0300] "POST /xmlrpc.php HTTP/1.1" 200 17091 "-" "Mozilla/5.0 (Windows NT 10.0; Win64; x64) AppleWebKit/537.36 (KHTML, like Gecko) Chrome/114.0.0.0 Safari/537.36"
185.216.113.70 - - [22/Apr/2026:13:18:36 +0300] "POST /wp-cron.php?doing_wp_cron=1776853116.3398520946502685546875 HTTP/1.1" 200 448 "-" "WordPress/6.3.8; https://serhatburke.miroglu.net"
52.167.144.236 - - [22/Apr/2026:13:18:09 +0300] "GET /plait-il-aneantir-en-tenant-la-maille-leurs-casinos-legerement-lequel-offrent-nos-bonus-sans-nul-classe/ HTTP/2" 200 0 "-" "Mozilla/5.0 AppleWebKit/537.36 (KHTML, like Gecko; compatible; bingbot/2.0; +http://www.bing.com/bingbot.htm) Chrome/116.0.1938.76 Safari/537.36"
52.167.144.175 - - [22/Apr/2026:13:18:13 +0300] "GET /fa-fa-fa-gamble-real-money-ports-look-at-this-online/ HTTP/2" 200 0 "-" "Mozilla/5.0 AppleWebKit/537.36 (KHTML, like Gecko; compatible; bingbot/2.0; +http://www.bing.com/bingbot.htm) Chrome/116.0.1938.76 Safari/537.36"
185.216.113.70 - - [22/Apr/2026:13:19:05 +0300] "POST /wp-cron.php?doing_wp_cron=1776853144.9361629486083984375000 HTTP/1.1" 200 448 "-" "WordPress/6.3.8; https://serhatburke.miroglu.net"
98.98.9.39 - - [22/Apr/2026:13:17:04 +0300] "POST /xmlrpc.php HTTP/1.1" 500 745 "-" "Mozilla/5.0 (Windows NT 10.0; Win64; x64) AppleWebKit/537.36 (KHTML, like Gecko) Chrome/114.0.0.0 Safari/537.36"
98.98.9.39 - - [22/Apr/2026:13:17:17 +0300] "POST /xmlrpc.php HTTP/1.1" 200 11415 "-" "Mozilla/5.0 (Windows NT 10.0; Win64; x64) AppleWebKit/537.36 (KHTML, like Gecko) Chrome/114.0.0.0 Safari/537.36"
98.98.197.186 - - [22/Apr/2026:13:17:19 +0300] "POST /xmlrpc.php HTTP/1.1" 500 745 "-" "Mozilla/5.0 (Windows NT 10.0; Win64; x64) AppleWebKit/537.36 (KHTML, like Gecko) Chrome/114.0.0.0 Safari/537.36"
171.100.251.53 - - [22/Apr/2026:13:18:55 +0300] "POST /xmlrpc.php HTTP/1.1" 200 0 "-" "Mozilla/5.0 (Windows NT 10.0; Win64; x64) AppleWebKit/537.36 (KHTML, like Gecko) Chrome/114.0.0.0 Safari/537.36 Vivaldi/5.3.2679.68"
52.167.144.236 - - [22/Apr/2026:13:19:08 +0300] "GET /post-sitemap4.xml HTTP/2" 200 0 "-" "Mozilla/5.0 AppleWebKit/537.36 (KHTML, like Gecko; compatible; bingbot/2.0; +http://www.bing.com/bingbot.htm) Chrome/116.0.1938.76 Safari/537.36"
185.216.113.70 - - [22/Apr/2026:13:20:02 +0300] "POST /wp-cron.php?doing_wp_cron=1776853202.2401349544525146484375 HTTP/1.1" 200 448 "-" "WordPress/6.3.8; https://serhatburke.miroglu.net"
185.216.113.70 - - [22/Apr/2026:13:20:03 +0300] "POST /wp-cron.php?doing_wp_cron=1776853203.0721459388732910156250 HTTP/1.1" 200 448 "-" "WordPress/6.3.8; https://serhatburke.miroglu.net"
165.73.240.148 - - [22/Apr/2026:13:18:15 +0300] "POST /xmlrpc.php HTTP/1.1" 200 630 "-" "Mozilla/5.0 (Windows NT 10.0; Win64; x64) AppleWebKit/537.36 (KHTML, like Gecko) Chrome/114.0.0.0 Safari/537.36"
185.216.113.70 - - [22/Apr/2026:13:20:16 +0300] "POST /wp-cron.php?doing_wp_cron=1776853216.7498989105224609375000 HTTP/1.1" 200 448 "-" "WordPress/6.3.8; https://serhatburke.miroglu.net"
98.98.9.39 - - [22/Apr/2026:13:18:23 +0300] "POST /xmlrpc.php HTTP/1.1" 200 627 "-" "Mozilla/5.0 (Windows NT 10.0; Win64; x64) AppleWebKit/537.36 (KHTML, like Gecko) Chrome/114.0.0.0 Safari/537.36"
98.98.9.39 - - [22/Apr/2026:13:18:18 +0300] "POST /xmlrpc.php HTTP/1.1" 500 745 "-" "Mozilla/5.0 (Windows NT 10.0; Win64; x64) AppleWebKit/537.36 (KHTML, like Gecko) Chrome/114.0.0.0 Safari/537.36"
98.98.33.4 - - [22/Apr/2026:13:18:22 +0300] "POST /xmlrpc.php HTTP/1.1" 500 745 "-" "Mozilla/5.0 (Windows NT 10.0; Win64; x64) AppleWebKit/537.36 (KHTML, like Gecko) Chrome/114.0.0.0 Safari/537.36"
165.73.240.148 - - [22/Apr/2026:13:18:25 +0300] "POST /xmlrpc.php HTTP/1.1" 500 745 "-" "Mozilla/5.0 (Windows NT 10.0; Win64; x64) AppleWebKit/537.36 (KHTML, like Gecko) Chrome/114.0.0.0 Safari/537.36"
185.216.113.70 - - [22/Apr/2026:13:20:31 +0300] "POST /wp-cron.php?doing_wp_cron=1776853231.7749779224395751953125 HTTP/1.1" 200 448 "-" "WordPress/6.3.8; https://serhatburke.miroglu.net"
98.98.9.39 - - [22/Apr/2026:13:19:03 +0300] "POST /xmlrpc.php HTTP/1.1" 200 11415 "-" "Mozilla/5.0 (Windows NT 10.0; Win64; x64) AppleWebKit/537.36 (KHTML, like Gecko) Chrome/114.0.0.0 Safari/537.36"
185.216.113.70 - - [22/Apr/2026:13:20:34 +0300] "POST /wp-cron.php?doing_wp_cron=1776853233.8431251049041748046875 HTTP/1.1" 200 448 "-" "WordPress/6.3.8; https://serhatburke.miroglu.net"
185.216.113.70 - - [22/Apr/2026:13:20:44 +0300] "POST /wp-cron.php?doing_wp_cron=1776853244.5500349998474121093750 HTTP/1.1" 200 448 "-" "WordPress/6.3.8; https://serhatburke.miroglu.net"
98.98.197.186 - - [22/Apr/2026:13:19:00 +0300] "POST /xmlrpc.php HTTP/1.1" 500 1102 "-" "Mozilla/5.0 (Windows NT 10.0; Win64; x64) AppleWebKit/537.36 (KHTML, like Gecko) Chrome/114.0.0.0 Safari/537.36"
98.98.9.39 - - [22/Apr/2026:13:18:45 +0300] "POST /xmlrpc.php HTTP/1.1" 500 745 "-" "Mozilla/5.0 (Windows NT 10.0; Win64; x64) AppleWebKit/537.36 (KHTML, like Gecko) Chrome/114.0.0.0 Safari/537.36"
185.144.63.40 - - [22/Apr/2026:13:19:59 +0300] "POST /xmlrpc.php HTTP/1.1" 200 0 "-" "Mozilla/5.0 (Windows NT 10.0; Win64; x64) AppleWebKit/537.36 (KHTML, like Gecko) Chrome/114.0.0.0 Safari/537.36 Vivaldi/5.3.2679.68"
128.1.218.166 - - [22/Apr/2026:13:19:20 +0300] "POST /xmlrpc.php HTTP/1.1" 500 745 "-" "Mozilla/5.0 (Windows NT 10.0; Win64; x64) AppleWebKit/537.36 (KHTML, like Gecko) Chrome/114.0.0.0 Safari/537.36"
98.98.9.39 - - [22/Apr/2026:13:19:31 +0300] "POST /xmlrpc.php HTTP/1.1" 500 745 "-" "Mozilla/5.0 (Windows NT 10.0; Win64; x64) AppleWebKit/537.36 (KHTML, like Gecko) Chrome/114.0.0.0 Safari/537.36"
185.216.113.70 - - [22/Apr/2026:13:21:38 +0300] "POST /wp-cron.php?doing_wp_cron=1776853298.0531120300292968750000 HTTP/1.1" 200 448 "-" "WordPress/6.3.8; https://serhatburke.miroglu.net"
98.98.9.39 - - [22/Apr/2026:13:19:58 +0300] "POST /xmlrpc.php HTTP/1.1" 500 1102 "-" "Mozilla/5.0 (Windows NT 10.0; Win64; x64) AppleWebKit/537.36 (KHTML, like Gecko) Chrome/114.0.0.0 Safari/537.36"
185.216.113.70 - - [22/Apr/2026:13:21:48 +0300] "POST /wp-cron.php?doing_wp_cron=1776853308.8414509296417236328125 HTTP/1.1" 200 448 "-" "WordPress/6.3.8; https://serhatburke.miroglu.net"
185.216.113.70 - - [22/Apr/2026:13:21:49 +0300] "POST /wp-cron.php?doing_wp_cron=1776853309.0310709476470947265625 HTTP/1.1" 200 448 "-" "WordPress/6.3.8; https://serhatburke.miroglu.net"
165.73.240.148 - - [22/Apr/2026:13:19:55 +0300] "POST /xmlrpc.php HTTP/1.1" 500 1102 "-" "Mozilla/5.0 (Windows NT 10.0; Win64; x64) AppleWebKit/537.36 (KHTML, like Gecko) Chrome/114.0.0.0 Safari/537.36"
165.73.240.148 - - [22/Apr/2026:13:20:04 +0300] "GET /?p=127093 HTTP/1.1" 301 722 "-" "Mozilla/5.0 (Windows NT 10.0; rv:109.0) Gecko/20100101 Firefox/115.0"
98.98.33.4 - - [22/Apr/2026:13:20:02 +0300] "POST /xmlrpc.php HTTP/1.1" 500 745 "-" "Mozilla/5.0 (Windows NT 10.0; Win64; x64) AppleWebKit/537.36 (KHTML, like Gecko) Chrome/114.0.0.0 Safari/537.36"
203.215.174.107 - - [22/Apr/2026:13:21:12 +0300] "POST /xmlrpc.php HTTP/1.1" 200 0 "-" "Mozilla/5.0 (Windows NT 10.0; Win64; x64) AppleWebKit/537.36 (KHTML, like Gecko) Chrome/114.0.0.0 Safari/537.36 Vivaldi/5.3.2679.68"
185.216.113.70 - - [22/Apr/2026:13:22:21 +0300] "POST /wp-cron.php?doing_wp_cron=1776853341.3088159561157226562500 HTTP/1.1" 200 448 "-" "WordPress/6.3.8; https://serhatburke.miroglu.net"
98.98.9.39 - - [22/Apr/2026:13:20:34 +0300] "GET /dolphins-pearl-deluxe-no-deposit-casino-bob-for-existing-players-demo-slot-liberated-to-gamble/ HTTP/1.1" 200 73364 "-" "Mozilla/5.0 (Windows NT 10.0; Win64; x64) AppleWebKit/537.36 (KHTML, like Gecko) Chrome/124.0.0.0 Safari/537.36"
185.216.113.70 - - [22/Apr/2026:13:22:33 +0300] "POST /wp-cron.php?doing_wp_cron=1776853353.0490241050720214843750 HTTP/1.1" 200 448 "-" "WordPress/6.3.8; https://serhatburke.miroglu.net"
34.241.169.109 - - [22/Apr/2026:13:20:59 +0300] "GET /28563-2/ HTTP/1.1" 200 20818 "http://littlemumsunshine.fr/2018/10/18/maman/souvenirs-album-photos-carteland-maman-bebe/" "Mozilla/5.0 (Macintosh; Intel Mac OS X 10_15_5) AppleWebKit/537.36 (KHTML, like Gecko) Chrome/83.0.4103.61 Safari/537.36"
185.216.113.70 - - [22/Apr/2026:13:22:42 +0300] "POST /wp-cron.php?doing_wp_cron=1776853362.5569798946380615234375 HTTP/1.1" 200 448 "-" "WordPress/6.3.8; https://serhatburke.miroglu.net"
34.241.169.109 - - [22/Apr/2026:13:21:09 +0300] "GET /28563-2/ HTTP/1.1" 200 20818 "http://littlemumsunshine.fr/2018/10/18/maman/souvenirs-album-photos-carteland-maman-bebe/" "Mozilla/5.0 (Macintosh; Intel Mac OS X 10_15_5) AppleWebKit/537.36 (KHTML, like Gecko) Chrome/83.0.4103.61 Safari/537.36"
185.216.113.70 - - [22/Apr/2026:13:22:46 +0300] "POST /wp-cron.php?doing_wp_cron=1776853365.9816870689392089843750 HTTP/1.1" 200 448 "-" "WordPress/6.3.8; https://serhatburke.miroglu.net"
165.73.240.148 - - [22/Apr/2026:13:20:52 +0300] "POST /xmlrpc.php HTTP/1.1" 200 630 "-" "Mozilla/5.0 (Windows NT 10.0; Win64; x64) AppleWebKit/537.36 (KHTML, like Gecko) Chrome/114.0.0.0 Safari/537.36"
34.241.169.109 - - [22/Apr/2026:13:20:49 +0300] "GET /28563-2/ HTTP/1.1" 500 745 "http://littlemumsunshine.fr/2018/10/18/maman/souvenirs-album-photos-carteland-maman-bebe/" "Mozilla/5.0 (Macintosh; Intel Mac OS X 10_15_5) AppleWebKit/537.36 (KHTML, like Gecko) Chrome/83.0.4103.61 Safari/537.36"
185.216.113.70 - - [22/Apr/2026:13:22:56 +0300] "POST /wp-cron.php?doing_wp_cron=1776853376.6412360668182373046875 HTTP/1.1" 200 448 "-" "WordPress/6.3.8; https://serhatburke.miroglu.net"
128.1.218.166 - - [22/Apr/2026:13:20:59 +0300] "POST /xmlrpc.php HTTP/1.1" 500 1102 "-" "Mozilla/5.0 (Windows NT 10.0; Win64; x64) AppleWebKit/537.36 (KHTML, like Gecko) Chrome/114.0.0.0 Safari/537.36"
185.216.113.70 - - [22/Apr/2026:13:23:12 +0300] "POST /wp-cron.php?doing_wp_cron=1776853392.1529018878936767578125 HTTP/1.1" 200 448 "-" "WordPress/6.3.8; https://serhatburke.miroglu.net"
98.98.9.39 - - [22/Apr/2026:13:21:11 +0300] "POST /xmlrpc.php HTTP/1.1" 500 745 "-" "Mozilla/5.0 (Windows NT 10.0; Win64; x64) AppleWebKit/537.36 (KHTML, like Gecko) Chrome/114.0.0.0 Safari/537.36"
31.135.134.188 - - [22/Apr/2026:13:22:13 +0300] "POST /xmlrpc.php HTTP/1.1" 200 0 "-" "Mozilla/5.0 (Windows NT 10.0; Win64; x64) AppleWebKit/537.36 (KHTML, like Gecko) Chrome/114.0.0.0 Safari/537.36 Vivaldi/5.3.2679.68"
185.216.113.70 - - [22/Apr/2026:13:23:28 +0300] "POST /wp-cron.php?doing_wp_cron=1776853407.9650690555572509765625 HTTP/1.1" 200 448 "-" "WordPress/6.3.8; https://serhatburke.miroglu.net"
98.98.33.4 - - [22/Apr/2026:13:21:37 +0300] "POST /xmlrpc.php HTTP/1.1" 200 630 "-" "Mozilla/5.0 (Windows NT 10.0; Win64; x64) AppleWebKit/537.36 (KHTML, like Gecko) Chrome/114.0.0.0 Safari/537.36"
185.216.113.70 - - [22/Apr/2026:13:23:31 +0300] "POST /wp-cron.php?doing_wp_cron=1776853411.3383450508117675781250 HTTP/1.1" 200 448 "-" "WordPress/6.3.8; https://serhatburke.miroglu.net"
185.216.113.70 - - [22/Apr/2026:13:23:31 +0300] "POST /wp-cron.php?doing_wp_cron=1776853411.3723230361938476562500 HTTP/1.1" 200 448 "-" "WordPress/6.3.8; https://serhatburke.miroglu.net"
165.73.240.148 - - [22/Apr/2026:13:21:54 +0300] "POST /xmlrpc.php HTTP/1.1" 200 15457 "-" "Mozilla/5.0 (Windows NT 10.0; Win64; x64) AppleWebKit/537.36 (KHTML, like Gecko) Chrome/114.0.0.0 Safari/537.36"
165.73.240.148 - - [22/Apr/2026:13:21:52 +0300] "GET /souci-en-compagnie-de-retrait-sur-mybet-resolu-sos-salle-de-jeu-accolement-sos-book-of-ra-mystic-fortunes-tournures-gratuites-casino/ HTTP/1.1" 200 79789 "-" "Mozilla/5.0 (Windows NT 10.0; rv:109.0) Gecko/20100101 Firefox/115.0"
185.216.113.70 - - [22/Apr/2026:13:23:42 +0300] "POST /wp-cron.php?doing_wp_cron=1776853422.3429191112518310546875 HTTP/1.1" 200 448 "-" "WordPress/6.3.8; https://serhatburke.miroglu.net"
98.98.9.39 - - [22/Apr/2026:13:22:14 +0300] "POST /xmlrpc.php HTTP/1.1" 200 627 "-" "Mozilla/5.0 (Windows NT 10.0; Win64; x64) AppleWebKit/537.36 (KHTML, like Gecko) Chrome/114.0.0.0 Safari/537.36"
185.216.113.70 - - [22/Apr/2026:13:23:46 +0300] "POST /wp-cron.php?doing_wp_cron=1776853426.5340330600738525390625 HTTP/1.1" 200 448 "-" "WordPress/6.3.8; https://serhatburke.miroglu.net"
165.73.240.148 - - [22/Apr/2026:13:21:53 +0300] "POST /xmlrpc.php HTTP/1.1" 200 861 "-" "Mozilla/5.0 (Windows NT 10.0; Win64; x64) AppleWebKit/537.36 (KHTML, like Gecko) Chrome/114.0.0.0 Safari/537.36"
185.216.113.70 - - [22/Apr/2026:13:24:05 +0300] "POST /wp-cron.php?doing_wp_cron=1776853444.8601689338684082031250 HTTP/1.1" 200 448 "-" "WordPress/6.3.8; https://serhatburke.miroglu.net"
165.73.240.148 - - [22/Apr/2026:13:22:32 +0300] "POST /xmlrpc.php HTTP/1.1" 500 1102 "-" "Mozilla/5.0 (Windows NT 10.0; Win64; x64) AppleWebKit/537.36 (KHTML, like Gecko) Chrome/114.0.0.0 Safari/537.36"
185.216.113.70 - - [22/Apr/2026:13:24:35 +0300] "POST /wp-cron.php?doing_wp_cron=1776853475.6616079807281494140625 HTTP/1.1" 200 448 "-" "WordPress/6.3.8; https://serhatburke.miroglu.net"
98.98.33.4 - - [22/Apr/2026:13:23:17 +0300] "POST /xmlrpc.php HTTP/1.1" 500 1102 "-" "Mozilla/5.0 (Windows NT 10.0; Win64; x64) AppleWebKit/537.36 (KHTML, like Gecko) Chrome/114.0.0.0 Safari/537.36"
185.216.113.70 - - [22/Apr/2026:13:24:53 +0300] "POST /wp-cron.php?doing_wp_cron=1776853493.6914188861846923828125 HTTP/1.1" 200 448 "-" "WordPress/6.3.8; https://serhatburke.miroglu.net"
185.216.113.70 - - [22/Apr/2026:13:24:54 +0300] "POST /wp-cron.php?doing_wp_cron=1776853494.1638250350952148437500 HTTP/1.1" 200 448 "-" "WordPress/6.3.8; https://serhatburke.miroglu.net"
172.245.229.79 - - [22/Apr/2026:13:23:42 +0300] "GET /28563-2/ HTTP/1.1" 200 18702 "https://serhatburke.miroglu.net/" "Mozilla/5.0 (Windows NT 10.0; Win64; x64; Xbox; Xbox One) AppleWebKit/537.36 (KHTML, like Gecko) Chrome/114.0.0.0 Safari/537.36 Edge/44.18363.8131"
165.73.240.148 - - [22/Apr/2026:13:23:33 +0300] "GET /ramses-book-limite-en-compagnie-de-turnover-ou-de-deuil-le-site-appareil/ HTTP/1.1" 200 77587 "-" "Mozilla/5.0 (Windows NT 10.0; Win64; x64) AppleWebKit/537.36 (KHTML, like Gecko) Chrome/123.0.0.0 Safari/537.36 OPR/109.0.0.0"
172.245.229.79 - - [22/Apr/2026:13:24:59 +0300] "GET /wp-includes/css/dist/block-library/style.min.css?ver=6.3.8 HTTP/1.1" 200 13578 "https://serhatburke.miroglu.net/28563-2/" "Mozilla/5.0 (Windows NT 10.0; Win64; x64) AppleWebKit/537.36 (KHTML, like Gecko) Chrome/143.0.0.0 Safari/537.36"
172.245.229.79 - - [22/Apr/2026:13:25:02 +0300] "GET /wp-content/plugins/contact-form-7/includes/css/styles.css?ver=5.8 HTTP/1.1" 200 1490 "https://serhatburke.miroglu.net/28563-2/" "Mozilla/5.0 (Windows NT 10.0; Win64; x64) AppleWebKit/537.36 (KHTML, like Gecko) Chrome/143.0.0.0 Safari/537.36"
172.245.229.79 - - [22/Apr/2026:13:25:04 +0300] "GET /wp-content/themes/toppic/css/fontello.css?ver=4.2 HTTP/1.1" 200 1802 "https://serhatburke.miroglu.net/28563-2/" "Mozilla/5.0 (Windows NT 10.0; Win64; x64) AppleWebKit/537.36 (KHTML, like Gecko) Chrome/143.0.0.0 Safari/537.36"
172.245.229.79 - - [22/Apr/2026:13:25:05 +0300] "GET /wp-content/themes/toppic/css/reset.css?ver=4.2 HTTP/1.1" 200 1178 "https://serhatburke.miroglu.net/28563-2/" "Mozilla/5.0 (Windows NT 10.0; Win64; x64) AppleWebKit/537.36 (KHTML, like Gecko) Chrome/143.0.0.0 Safari/537.36"
172.245.229.79 - - [22/Apr/2026:13:25:07 +0300] "GET /wp-content/themes/toppic/css/default.css?ver=4.2 HTTP/1.1" 200 1811 "https://serhatburke.miroglu.net/28563-2/" "Mozilla/5.0 (Windows NT 10.0; Win64; x64) AppleWebKit/537.36 (KHTML, like Gecko) Chrome/143.0.0.0 Safari/537.36"
185.216.113.70 - - [22/Apr/2026:13:25:09 +0300] "POST /wp-cron.php?doing_wp_cron=1776853509.4519050121307373046875 HTTP/1.1" 200 448 "-" "WordPress/6.3.8; https://serhatburke.miroglu.net"
172.245.229.79 - - [22/Apr/2026:13:25:09 +0300] "GET /wp-content/themes/toppic/style.css?ver=4.2 HTTP/1.1" 200 23398 "https://serhatburke.miroglu.net/28563-2/" "Mozilla/5.0 (Windows NT 10.0; Win64; x64) AppleWebKit/537.36 (KHTML, like Gecko) Chrome/143.0.0.0 Safari/537.36"
165.73.240.148 - - [22/Apr/2026:13:24:11 +0300] "POST /xmlrpc.php HTTP/1.1" 200 15205 "-" "Mozilla/5.0 (Windows NT 10.0; Win64; x64) AppleWebKit/537.36 (KHTML, like Gecko) Chrome/114.0.0.0 Safari/537.36"
172.245.229.79 - - [22/Apr/2026:13:25:11 +0300] "GET /wp-content/themes/toppic/css/royalslider.css?ver=4.2 HTTP/1.1" 200 1887 "https://serhatburke.miroglu.net/28563-2/" "Mozilla/5.0 (Windows NT 10.0; Win64; x64) AppleWebKit/537.36 (KHTML, like Gecko) Chrome/143.0.0.0 Safari/537.36"
172.245.229.79 - - [22/Apr/2026:13:25:13 +0300] "GET /wp-content/themes/toppic/css/rs-default.css?ver=4.2 HTTP/1.1" 200 2625 "https://serhatburke.miroglu.net/28563-2/" "Mozilla/5.0 (Windows NT 10.0; Win64; x64) AppleWebKit/537.36 (KHTML, like Gecko) Chrome/143.0.0.0 Safari/537.36"
172.245.229.79 - - [22/Apr/2026:13:25:15 +0300] "GET /wp-content/themes/toppic/css/lightbox.css?ver=4.2 HTTP/1.1" 200 2956 "https://serhatburke.miroglu.net/28563-2/" "Mozilla/5.0 (Windows NT 10.0; Win64; x64) AppleWebKit/537.36 (KHTML, like Gecko) Chrome/143.0.0.0 Safari/537.36"
172.245.229.79 - - [22/Apr/2026:13:25:18 +0300] "GET /wp-content/themes/toppic/css/woocommerce.css?ver=4.2 HTTP/1.1" 200 2848 "https://serhatburke.miroglu.net/28563-2/" "Mozilla/5.0 (Windows NT 10.0; Win64; x64) AppleWebKit/537.36 (KHTML, like Gecko) Chrome/143.0.0.0 Safari/537.36"
172.245.229.79 - - [22/Apr/2026:13:25:20 +0300] "GET /wp-content/themes/toppic/css/responsive.css?ver=4.2 HTTP/1.1" 200 2796 "https://serhatburke.miroglu.net/28563-2/" "Mozilla/5.0 (Windows NT 10.0; Win64; x64) AppleWebKit/537.36 (KHTML, like Gecko) Chrome/143.0.0.0 Safari/537.36"
98.98.33.4 - - [22/Apr/2026:13:24:42 +0300] "POST /xmlrpc.php HTTP/1.1" 200 14251 "-" "Mozilla/5.0 (Windows NT 10.0; Win64; x64) AppleWebKit/537.36 (KHTML, like Gecko) Chrome/114.0.0.0 Safari/537.36"
172.245.229.79 - - [22/Apr/2026:13:25:22 +0300] "POST /wp-comments-post.php HTTP/1.1" 302 1055 "https://serhatburke.miroglu.net/28563-2/" "Mozilla/5.0 (Windows NT 10.0; Win64; x64; Xbox; Xbox One) AppleWebKit/537.36 (KHTML, like Gecko) Chrome/114.0.0.0 Safari/537.36 Edge/44.18363.8131"
165.73.240.148 - - [22/Apr/2026:13:25:11 +0300] "GET /revoici-lescape-jeu-au-mieux-anormal-de-chaque-book-of-ra-6-play-slot-paris/ HTTP/1.1" 200 77126 "-" "Mozilla/5.0 (Windows NT 10.0; Win64; x64; rv:125.0) Gecko/20100101 Firefox/125.0"
98.98.33.4 - - [22/Apr/2026:13:25:30 +0300] "GET /inside-system-exactly-how-online-casinos-keep-slot-gamble-reasonable-and-you-will-enjoyable/ HTTP/1.1" 200 76725 "-" "Mozilla/5.0 (Windows NT 10.0; Win64; x64; rv:124.0) Gecko/20100101 Firefox/124.0"
172.245.229.79 - - [22/Apr/2026:13:25:48 +0300] "GET /28563-2/?unapproved=567&moderation-hash=9d173ae150c84e89c4b3e6def14bd467 HTTP/1.1" 200 19195 "https://serhatburke.miroglu.net/wp-comments-post.php" "Mozilla/5.0 (Windows NT 10.0; Win64; x64; Xbox; Xbox One) AppleWebKit/537.36 (KHTML, like Gecko) Chrome/114.0.0.0 Safari/537.36 Edge/44.18363.8131"
172.245.229.79 - - [22/Apr/2026:13:26:04 +0300] "GET /28563-2/ HTTP/1.1" 200 18658 "-" "Mozilla/5.0 (Windows NT 10.0; Win64; x64; Xbox; Xbox One) AppleWebKit/537.36 (KHTML, like Gecko) Chrome/114.0.0.0 Safari/537.36 Edge/44.18363.8131"
185.216.113.70 - - [22/Apr/2026:13:26:43 +0300] "POST /wp-cron.php?doing_wp_cron=1776853603.8226029872894287109375 HTTP/1.1" 200 448 "-" "WordPress/6.3.8; https://serhatburke.miroglu.net"
40.77.167.72 - - [22/Apr/2026:13:26:30 +0300] "GET /25-comedy-gift-exchange-online-game-facts/ HTTP/2" 200 19626 "-" "Mozilla/5.0 AppleWebKit/537.36 (KHTML, like Gecko; compatible; bingbot/2.0; +http://www.bing.com/bingbot.htm) Chrome/116.0.1938.76 Safari/537.36"
52.167.144.175 - - [22/Apr/2026:13:26:42 +0300] "GET /pa-spilleban-bedste-danske-bitkingz-casino-bonusser-sparta-pa-jagtslot-tilslutte-casinoer-2026-costa-rica/ HTTP/2" 200 20001 "-" "Mozilla/5.0 AppleWebKit/537.36 (KHTML, like Gecko; compatible; bingbot/2.0; +http://www.bing.com/bingbot.htm) Chrome/116.0.1938.76 Safari/537.36"
40.77.167.72 - - [22/Apr/2026:13:26:59 +0300] "GET /spielsaal-zurich-anhalt-phs-private-handelsschule-dr-h-stracke/ HTTP/2" 200 18777 "-" "Mozilla/5.0 AppleWebKit/537.36 (KHTML, like Gecko; compatible; bingbot/2.0; +http://www.bing.com/bingbot.htm) Chrome/116.0.1938.76 Safari/537.36"
172.245.229.79 - - [22/Apr/2026:13:27:06 +0300] "GET /28563-2/ HTTP/1.1" 200 18658 "-" "Mozilla/5.0 (Windows NT 10.0; Win64; x64; rv:114.0) Gecko/20100101 Firefox/114.0"
40.77.167.72 - - [22/Apr/2026:13:27:19 +0300] "GET /online-bezahlen-methoden-beat-the-beast-mighty-sphinx-spiel-im-gesamtschau/ HTTP/2" 200 19102 "-" "Mozilla/5.0 AppleWebKit/537.36 (KHTML, like Gecko; compatible; bingbot/2.0; +http://www.bing.com/bingbot.htm) Chrome/116.0.1938.76 Safari/537.36"
185.216.113.70 - - [22/Apr/2026:13:29:59 +0300] "POST /wp-cron.php?doing_wp_cron=1776853799.0246200561523437500000 HTTP/1.1" 200 448 "-" "WordPress/6.3.8; https://serhatburke.miroglu.net"
193.36.38.228 - - [22/Apr/2026:13:29:46 +0300] "POST /xmlrpc.php HTTP/1.1" 200 692 "-" "Mozilla/5.0 (Windows NT 10.0; Win64; x64) AppleWebKit/537.36 (KHTML, like Gecko) Chrome/114.0.0.0 Safari/537.36"
193.36.38.228 - - [22/Apr/2026:13:30:04 +0300] "POST /xmlrpc.php HTTP/1.1" 200 9968 "-" "Mozilla/5.0 (Windows NT 10.0; Win64; x64) AppleWebKit/537.36 (KHTML, like Gecko) Chrome/114.0.0.0 Safari/537.36"
158.69.22.136 - - [22/Apr/2026:13:30:15 +0300] "GET /casino-online-skrill-prelievo-veloce/ HTTP/1.1" 200 18145 "-" "Mozilla/5.0 (compatible; Googlebot/2.1; +http://www.google.com/bot.html)"
193.36.38.228 - - [22/Apr/2026:13:30:20 +0300] "GET /dies-ist-via-entfernung-ihr-umfangreichste-vermittlungsprovision-da-bei-keramiken-schon-a-was-auch-immer-gedacht-ist-und-bleibt/ HTTP/1.1" 200 72945 "-" "Mozilla/5.0 (Windows NT 10.0; Win64; x64; rv:125.0) Gecko/20100101 Firefox/125.0"
185.216.113.70 - - [22/Apr/2026:13:30:54 +0300] "POST /wp-cron.php?doing_wp_cron=1776853853.8857789039611816406250 HTTP/1.1" 200 448 "-" "WordPress/6.3.8; https://serhatburke.miroglu.net"
168.194.67.178 - - [22/Apr/2026:13:30:41 +0300] "POST /xmlrpc.php HTTP/2" 200 140 "-" "WordPress/XMLRPC Client"
168.194.67.178 - - [22/Apr/2026:13:30:54 +0300] "GET /?p=127117 HTTP/2" 301 0 "-" "Mozilla/5.0 (Windows NT 10.0; Win64; x64) AppleWebKit/537.36 (KHTML, like Gecko) Chrome/120.0.0.0 Safari/537.36"
52.167.144.21 - - [22/Apr/2026:13:31:03 +0300] "GET /el-torero-gratis-spielen-sie-domnitors-slots-spielen-dies-tagesordnungspunkt-durchlauf-durch-merkur/ HTTP/2" 200 19105 "-" "Mozilla/5.0 AppleWebKit/537.36 (KHTML, like Gecko; compatible; bingbot/2.0; +http://www.bing.com/bingbot.htm) Chrome/116.0.1938.76 Safari/537.36"
52.167.144.21 - - [22/Apr/2026:13:31:07 +0300] "GET /the-original-fully-electromechanical-casino-slot-games-was-developed-by-the-bally-for-the-1963/ HTTP/2" 200 16928 "-" "Mozilla/5.0 AppleWebKit/537.36 (KHTML, like Gecko; compatible; bingbot/2.0; +http://www.bing.com/bingbot.htm) Chrome/116.0.1938.76 Safari/537.36"
185.216.113.70 - - [22/Apr/2026:13:32:02 +0300] "POST /wp-cron.php?doing_wp_cron=1776853922.7616961002349853515625 HTTP/1.1" 200 448 "-" "WordPress/6.3.8; https://serhatburke.miroglu.net"
52.167.144.21 - - [22/Apr/2026:13:31:44 +0300] "GET /twenty-five-free-revolves-no-deposit-slot-magic-fruits-4-incentive-codes-best-picks-2026/ HTTP/2" 200 19555 "-" "Mozilla/5.0 AppleWebKit/537.36 (KHTML, like Gecko; compatible; bingbot/2.0; +http://www.bing.com/bingbot.htm) Chrome/116.0.1938.76 Safari/537.36"
155.94.236.24 - - [22/Apr/2026:13:32:18 +0300] "POST /xmlrpc.php HTTP/1.1" 200 630 "-" "Mozilla/5.0 (Windows NT 10.0; Win64; x64) AppleWebKit/537.36 (KHTML, like Gecko) Chrome/114.0.0.0 Safari/537.36"
185.216.113.70 - - [22/Apr/2026:13:32:48 +0300] "POST /wp-cron.php?doing_wp_cron=1776853968.5176610946655273437500 HTTP/1.1" 200 448 "-" "WordPress/6.3.8; https://serhatburke.miroglu.net"
155.94.236.24 - - [22/Apr/2026:13:32:36 +0300] "POST /xmlrpc.php HTTP/1.1" 200 10292 "-" "Mozilla/5.0 (Windows NT 10.0; Win64; x64) AppleWebKit/537.36 (KHTML, like Gecko) Chrome/114.0.0.0 Safari/537.36"
155.94.236.24 - - [22/Apr/2026:13:32:49 +0300] "GET /contemporaine-rechtslage-zum-gangbar-spiel-bzgl-erreichbar-casinos-within-teutonia/ HTTP/1.1" 200 72704 "-" "Mozilla/5.0 (Windows NT 10.0; Win64; x64) AppleWebKit/537.36 (KHTML, like Gecko) Chrome/124.0.0.0 Safari/537.36"
185.216.113.70 - - [22/Apr/2026:13:34:54 +0300] "POST /wp-cron.php?doing_wp_cron=1776854094.1869308948516845703125 HTTP/1.1" 200 448 "-" "WordPress/6.3.8; https://serhatburke.miroglu.net"
160.250.186.93 - - [22/Apr/2026:13:34:41 +0300] "GET /35849-2/ HTTP/1.1" 200 17680 "-" "Mozilla/5.0 (compatible; Googlebot/2.1; +http://www.google.com/bot.html)"
165.73.240.148 - - [22/Apr/2026:13:35:03 +0300] "POST /xmlrpc.php HTTP/1.1" 200 630 "-" "Mozilla/5.0 (Windows NT 10.0; Win64; x64) AppleWebKit/537.36 (KHTML, like Gecko) Chrome/114.0.0.0 Safari/537.36"
185.216.113.70 - - [22/Apr/2026:13:35:34 +0300] "POST /wp-cron.php?doing_wp_cron=1776854133.9507060050964355468750 HTTP/1.1" 200 448 "-" "WordPress/6.3.8; https://serhatburke.miroglu.net"
165.73.240.148 - - [22/Apr/2026:13:35:21 +0300] "POST /xmlrpc.php HTTP/1.1" 200 12127 "-" "Mozilla/5.0 (Windows NT 10.0; Win64; x64) AppleWebKit/537.36 (KHTML, like Gecko) Chrome/114.0.0.0 Safari/537.36"
52.167.144.139 - - [22/Apr/2026:13:35:31 +0300] "GET /ideal-suggestions-to-pick-the-best-local-casino-bonuses-which-have-fair-terms-and-conditions-in-america/ HTTP/2" 200 17969 "-" "Mozilla/5.0 AppleWebKit/537.36 (KHTML, like Gecko; compatible; bingbot/2.0; +http://www.bing.com/bingbot.htm) Chrome/116.0.1938.76 Safari/537.36"
52.167.144.21 - - [22/Apr/2026:13:35:35 +0300] "GET /free-spins-heutig-zweiter-monat-des-jahres-2026/ HTTP/2" 200 17800 "-" "Mozilla/5.0 AppleWebKit/537.36 (KHTML, like Gecko; compatible; bingbot/2.0; +http://www.bing.com/bingbot.htm) Chrome/116.0.1938.76 Safari/537.36"
165.73.240.148 - - [22/Apr/2026:13:35:35 +0300] "GET /i-migliori-giochi-dei-confusione-klarna-nessun-scaricare-gratuito-di-book-of-ra-taluno-guardata-al-stringa/ HTTP/1.1" 200 74424 "-" "Mozilla/5.0 (Windows NT 10.0; Win64; x64) AppleWebKit/537.36 (KHTML, like Gecko) Chrome/109.0.0.0 Safari/537.36"
207.46.13.92 - - [22/Apr/2026:13:35:41 +0300] "GET /5-reasonsis-the-best-public-casino-having-californians-to-tackle-in-the/ HTTP/2" 200 18156 "-" "Mozilla/5.0 AppleWebKit/537.36 (KHTML, like Gecko; compatible; bingbot/2.0; +http://www.bing.com/bingbot.htm) Chrome/116.0.1938.76 Safari/537.36"
52.167.144.21 - - [22/Apr/2026:13:36:15 +0300] "GET /no-deposit-bonus-gambling-enterprises-added-slot-hammer-of-thor-bonus-requirements-canada-march-2026/ HTTP/2" 200 18321 "-" "Mozilla/5.0 AppleWebKit/537.36 (KHTML, like Gecko; compatible; bingbot/2.0; +http://www.bing.com/bingbot.htm) Chrome/116.0.1938.76 Safari/537.36"
185.216.113.70 - - [22/Apr/2026:13:37:26 +0300] "POST /wp-cron.php?doing_wp_cron=1776854246.7976779937744140625000 HTTP/1.1" 200 448 "-" "WordPress/6.3.8; https://serhatburke.miroglu.net"
185.156.43.91 - - [22/Apr/2026:13:37:14 +0300] "POST /xmlrpc.php HTTP/1.1" 200 761 "-" "Mozilla/5.0 (Windows NT 10.0; WOW64; rv:45.0) Gecko/20100101 Firefox/45.0"
185.156.43.91 - - [22/Apr/2026:13:37:30 +0300] "POST /xmlrpc.php HTTP/1.1" 200 496 "-" "Mozilla/5.0 (Windows NT 10.0; WOW64; rv:45.0) Gecko/20100101 Firefox/45.0"
185.216.113.70 - - [22/Apr/2026:13:37:57 +0300] "POST /wp-cron.php?doing_wp_cron=1776854277.2048799991607666015625 HTTP/1.1" 200 448 "-" "WordPress/6.3.8; https://serhatburke.miroglu.net"
185.156.43.91 - - [22/Apr/2026:13:37:45 +0300] "POST /xmlrpc.php HTTP/1.1" 200 5765 "-" "Mozilla/5.0 (Windows NT 10.0; WOW64; rv:45.0) Gecko/20100101 Firefox/45.0"
185.156.43.91 - - [22/Apr/2026:13:37:57 +0300] "GET /luxury-fashion-sweatpants-same-day-ship/ HTTP/1.1" 200 22966 "-" "Mozilla/5.0 (Windows NT 10.0; WOW64; rv:45.0) Gecko/20100101 Firefox/45.0"
192.210.190.41 - - [22/Apr/2026:13:38:23 +0300] "GET /beste-casino-site-belgie-hoge-inzet/ HTTP/1.1" 200 18638 "-" "Mozilla/5.0 (Windows NT 10.0; Win64; x64; rv:114.0) Gecko/20100101 Firefox/114.0"
185.216.113.70 - - [22/Apr/2026:13:38:56 +0300] "POST /wp-cron.php?doing_wp_cron=1776854336.2102060317993164062500 HTTP/1.1" 200 448 "-" "WordPress/6.3.8; https://serhatburke.miroglu.net"
165.73.240.148 - - [22/Apr/2026:13:38:44 +0300] "POST /xmlrpc.php HTTP/1.1" 200 630 "-" "Mozilla/5.0 (Windows NT 10.0; Win64; x64) AppleWebKit/537.36 (KHTML, like Gecko) Chrome/114.0.0.0 Safari/537.36"
165.73.240.148 - - [22/Apr/2026:13:39:03 +0300] "POST /xmlrpc.php HTTP/1.1" 200 11610 "-" "Mozilla/5.0 (Windows NT 10.0; Win64; x64) AppleWebKit/537.36 (KHTML, like Gecko) Chrome/114.0.0.0 Safari/537.36"
165.73.240.148 - - [22/Apr/2026:13:39:18 +0300] "GET /qualunque-i-bisca-online-sicuri-clicca-qui-per-leggere-anche-legali-aams-adm-consigliati/ HTTP/1.1" 200 73330 "-" "Mozilla/5.0 (Windows NT 10.0; Win64; x64) AppleWebKit/537.36 (KHTML, like Gecko) Chrome/123.0.0.0 Safari/537.36"
185.216.113.70 - - [22/Apr/2026:13:40:07 +0300] "POST /wp-cron.php?doing_wp_cron=1776854407.4219090938568115234375 HTTP/1.1" 200 448 "-" "WordPress/6.3.8; https://serhatburke.miroglu.net"
40.77.167.27 - - [22/Apr/2026:13:39:53 +0300] "GET /doar-ce-energie-un-casino-online-mai-tinereasca-sfarete-sa-fii-un-bun/ HTTP/2" 200 17231 "-" "Mozilla/5.0 AppleWebKit/537.36 (KHTML, like Gecko; compatible; bingbot/2.0; +http://www.bing.com/bingbot.htm) Chrome/116.0.1938.76 Safari/537.36"
207.46.13.170 - - [22/Apr/2026:13:39:59 +0300] "GET /unlocking-dexscreener-the-ultimate-dex-scanner-for-traders/ HTTP/2" 200 17243 "-" "Mozilla/5.0 AppleWebKit/537.36 (KHTML, like Gecko; compatible; bingbot/2.0; +http://www.bing.com/bingbot.htm) Chrome/116.0.1938.76 Safari/537.36"
40.77.167.27 - - [22/Apr/2026:13:40:13 +0300] "GET /harnessing-the-power-of-bscscan-for-crypto-investors/ HTTP/2" 200 17117 "-" "Mozilla/5.0 AppleWebKit/537.36 (KHTML, like Gecko; compatible; bingbot/2.0; +http://www.bing.com/bingbot.htm) Chrome/116.0.1938.76 Safari/537.36"
185.216.113.70 - - [22/Apr/2026:13:40:46 +0300] "POST /wp-cron.php?doing_wp_cron=1776854446.2552700042724609375000 HTTP/1.1" 200 448 "-" "WordPress/6.3.8; https://serhatburke.miroglu.net"
40.77.167.27 - - [22/Apr/2026:13:40:34 +0300] "GET /jogar-luxor-gold-hold-and-win-no-ademane-demonio-100percent-acessivel/ HTTP/2" 200 19356 "-" "Mozilla/5.0 AppleWebKit/537.36 (KHTML, like Gecko; compatible; bingbot/2.0; +http://www.bing.com/bingbot.htm) Chrome/116.0.1938.76 Safari/537.36"
165.73.240.148 - - [22/Apr/2026:13:40:47 +0300] "POST /xmlrpc.php HTTP/1.1" 200 630 "-" "Mozilla/5.0 (Windows NT 10.0; Win64; x64) AppleWebKit/537.36 (KHTML, like Gecko) Chrome/114.0.0.0 Safari/537.36"
185.216.113.70 - - [22/Apr/2026:13:41:20 +0300] "POST /wp-cron.php?doing_wp_cron=1776854480.0602281093597412109375 HTTP/1.1" 200 448 "-" "WordPress/6.3.8; https://serhatburke.miroglu.net"
165.73.240.148 - - [22/Apr/2026:13:41:06 +0300] "POST /xmlrpc.php HTTP/1.1" 200 11925 "-" "Mozilla/5.0 (Windows NT 10.0; Win64; x64) AppleWebKit/537.36 (KHTML, like Gecko) Chrome/114.0.0.0 Safari/537.36"
216.73.217.140 - - [22/Apr/2026:13:41:22 +0300] "GET /sitemap.xml HTTP/2" 200 0 "-" "Mozilla/5.0 AppleWebKit/537.36 (KHTML, like Gecko; compatible; ClaudeBot/1.0; +claudebot@anthropic.com)"
216.73.217.140 - - [22/Apr/2026:13:41:22 +0300] "GET /sitemap.rss HTTP/2" 200 0 "-" "Mozilla/5.0 AppleWebKit/537.36 (KHTML, like Gecko; compatible; ClaudeBot/1.0; +claudebot@anthropic.com)"
