103.219.169.227 - - [22/Apr/2026:23:17:40 +0300] "POST /xmlrpc.php HTTP/1.1" 200 11719 "-" "Mozilla/5.0 (Windows NT 10.0; Win64; x64) AppleWebKit/537.36 (KHTML, like Gecko) Chrome/114.0.0.0 Safari/537.36"
98.98.9.30 - - [22/Apr/2026:23:17:51 +0300] "GET /inactive-or-alive-slot-trial-and-spybet-casino-bonus-review-netent/ HTTP/1.1" 200 72143 "-" "Mozilla/5.0 (Windows NT 10.0; Win64; x64) AppleWebKit/537.36 (KHTML, like Gecko) Chrome/124.0.0.0 Safari/537.36 Edg/124.0.0.0"
103.219.169.227 - - [22/Apr/2026:23:18:34 +0300] "GET /echtgeld-blackjack-casino-online-beste-zahlungsmethoden-erreichbar-spielen-geprufte-casinos-2026/ HTTP/1.1" 200 74229 "-" "Mozilla/5.0 (Windows NT 10.0; Win64; x64) AppleWebKit/537.36 (KHTML, like Gecko) Chrome/122.0.0.0 Safari/537.36"
185.216.113.70 - - [22/Apr/2026:23:19:53 +0300] "POST /wp-cron.php?doing_wp_cron=1776889193.3349299430847167968750 HTTP/1.1" 200 448 "-" "WordPress/6.3.8; https://serhatburke.miroglu.net"
193.36.38.228 - - [22/Apr/2026:23:19:40 +0300] "POST /xmlrpc.php HTTP/1.1" 200 692 "-" "Mozilla/5.0 (Windows NT 10.0; Win64; x64) AppleWebKit/537.36 (KHTML, like Gecko) Chrome/114.0.0.0 Safari/537.36"
193.36.38.228 - - [22/Apr/2026:23:19:58 +0300] "POST /xmlrpc.php HTTP/1.1" 200 8350 "-" "Mozilla/5.0 (Windows NT 10.0; Win64; x64) AppleWebKit/537.36 (KHTML, like Gecko) Chrome/114.0.0.0 Safari/537.36"
193.36.38.228 - - [22/Apr/2026:23:20:14 +0300] "GET /buffalo-gold-position-remark-demonstration/ HTTP/1.1" 200 69327 "-" "Mozilla/5.0 (Windows NT 10.0; rv:125.0) Gecko/20100101 Firefox/125.0"
66.249.73.15 - - [22/Apr/2026:23:20:23 +0300] "GET /robots.txt HTTP/1.1" 200 719 "-" "Mozilla/5.0 (compatible; Googlebot/2.1; +http://www.google.com/bot.html)"
66.249.73.15 - - [22/Apr/2026:23:20:57 +0300] "GET /gamblezen-casino-review-for-players-from-the-united-kingdom/ HTTP/1.1" 200 0 "https://gths.solarscope-games.info/" "Mozilla/5.0 (Linux; Android 6.0.1; Nexus 5X Build/MMB29P) AppleWebKit/537.36 (KHTML, like Gecko) Chrome/146.0.7680.177 Mobile Safari/537.36 (compatible; Googlebot/2.1; +http://www.google.com/bot.html)"
66.249.73.14 - - [22/Apr/2026:23:21:26 +0300] "GET /rollinoapp-uk-weekend-bonus-an-in-depth-review/undefined?ts=1775520000 HTTP/1.1" 200 0 "https://serhatburke.miroglu.net/rollinoapp-uk-weekend-bonus-an-in-depth-review/" "Mozilla/5.0 (Linux; Android 6.0.1; Nexus 5X Build/MMB29P) AppleWebKit/537.36 (KHTML, like Gecko) Chrome/146.0.7680.177 Mobile Safari/537.36 (compatible; Googlebot/2.1; +http://www.google.com/bot.html)"
185.216.113.70 - - [22/Apr/2026:23:22:30 +0300] "POST /wp-cron.php?doing_wp_cron=1776889350.6647400856018066406250 HTTP/1.1" 200 448 "-" "WordPress/6.3.8; https://serhatburke.miroglu.net"
193.36.38.228 - - [22/Apr/2026:23:22:16 +0300] "POST /xmlrpc.php HTTP/1.1" 200 692 "-" "Mozilla/5.0 (Windows NT 10.0; Win64; x64) AppleWebKit/537.36 (KHTML, like Gecko) Chrome/114.0.0.0 Safari/537.36"
160.250.186.93 - - [22/Apr/2026:23:22:17 +0300] "GET /zotabet-casino-bonus-premier-depot-2026/ HTTP/1.1" 200 18520 "-" "Mozilla/5.0 (compatible; Googlebot/2.1; +http://www.google.com/bot.html)"
193.36.38.228 - - [22/Apr/2026:23:22:36 +0300] "POST /xmlrpc.php HTTP/1.1" 200 8227 "-" "Mozilla/5.0 (Windows NT 10.0; Win64; x64) AppleWebKit/537.36 (KHTML, like Gecko) Chrome/114.0.0.0 Safari/537.36"
193.36.38.228 - - [22/Apr/2026:23:22:48 +0300] "GET /top-ten-highest-payment-web-based-casinos-when-you-look-at-the-2026/ HTTP/1.1" 200 69661 "-" "Mozilla/5.0 (Windows NT 10.0; Win64; x64) AppleWebKit/537.36 (KHTML, like Gecko) Chrome/124.0.0.0 Safari/537.36"
103.219.169.227 - - [22/Apr/2026:23:23:05 +0300] "POST /xmlrpc.php HTTP/1.1" 200 630 "-" "Mozilla/5.0 (Windows NT 10.0; Win64; x64) AppleWebKit/537.36 (KHTML, like Gecko) Chrome/114.0.0.0 Safari/537.36"
185.216.113.70 - - [22/Apr/2026:23:23:39 +0300] "POST /wp-cron.php?doing_wp_cron=1776889419.1578779220581054687500 HTTP/1.1" 200 448 "-" "WordPress/6.3.8; https://serhatburke.miroglu.net"
103.219.169.227 - - [22/Apr/2026:23:23:23 +0300] "POST /xmlrpc.php HTTP/1.1" 200 11689 "-" "Mozilla/5.0 (Windows NT 10.0; Win64; x64) AppleWebKit/537.36 (KHTML, like Gecko) Chrome/114.0.0.0 Safari/537.36"
103.219.169.227 - - [22/Apr/2026:23:23:40 +0300] "GET /weltraum-300-spielsaal-bonuses-valid-for-fruit-cocktail-online-slot-2026/ HTTP/1.1" 200 73660 "-" "Mozilla/5.0 (Windows NT 10.0; rv:109.0) Gecko/20100101 Firefox/115.0"
2.59.50.9 - - [22/Apr/2026:23:24:00 +0300] "GET /zotabet-casino-bonus-premier-depot-2026/ HTTP/1.1" 200 18515 "https://serhatburke.miroglu.net/" "Mozilla/5.0 (X11; Linux x86_64) AppleWebKit/537.36 (KHTML, like Gecko) Chrome/114.0.0.0 Safari/537.36 Vivaldi/5.3.2679.68"
40.77.167.73 - - [22/Apr/2026:23:24:08 +0300] "GET /discovering-bscscan-your-gateway-to-blockchain-insights/ HTTP/2" 200 17021 "-" "Mozilla/5.0 AppleWebKit/537.36 (KHTML, like Gecko; compatible; bingbot/2.0; +http://www.bing.com/bingbot.htm) Chrome/116.0.1938.76 Safari/537.36"
2.59.50.9 - - [22/Apr/2026:23:24:14 +0300] "GET /wp-login.php?action=register HTTP/1.1" 302 702 "https://serhatburke.miroglu.net/zotabet-casino-bonus-premier-depot-2026/" "Mozilla/5.0 (Windows NT 6.3; Win64; x64) AppleWebKit/537.36 (KHTML, like Gecko) Chrome/103.0.0.0 Safari/537.36"
185.216.113.70 - - [22/Apr/2026:23:24:40 +0300] "POST /wp-cron.php?doing_wp_cron=1776889480.2245790958404541015625 HTTP/1.1" 200 448 "-" "WordPress/6.3.8; https://serhatburke.miroglu.net"
2.59.50.9 - - [22/Apr/2026:23:24:27 +0300] "GET /wp-login.php?registration=disabled HTTP/1.1" 200 3805 "https://serhatburke.miroglu.net/wp-login.php?action=register" "Mozilla/5.0 (Windows NT 6.3; Win64; x64) AppleWebKit/537.36 (KHTML, like Gecko) Chrome/103.0.0.0 Safari/537.36"
40.77.167.73 - - [22/Apr/2026:23:24:39 +0300] "GET /great-rhino-cata-arame-analise-completa-otimo-post-para-ler-rtp-96percent-slots-brasil-namaa-infologistics/ HTTP/2" 200 18995 "-" "Mozilla/5.0 AppleWebKit/537.36 (KHTML, like Gecko; compatible; bingbot/2.0; +http://www.bing.com/bingbot.htm) Chrome/116.0.1938.76 Safari/537.36"
40.77.167.73 - - [22/Apr/2026:23:24:58 +0300] "GET /genz-stix/ HTTP/2" 200 17924 "-" "Mozilla/5.0 AppleWebKit/537.36 (KHTML, like Gecko; compatible; bingbot/2.0; +http://www.bing.com/bingbot.htm) Chrome/116.0.1938.76 Safari/537.36"
193.36.38.228 - - [22/Apr/2026:23:25:03 +0300] "POST /xmlrpc.php HTTP/1.1" 200 692 "-" "Mozilla/5.0 (Windows NT 10.0; Win64; x64) AppleWebKit/537.36 (KHTML, like Gecko) Chrome/114.0.0.0 Safari/537.36"
185.216.113.70 - - [22/Apr/2026:23:25:33 +0300] "POST /wp-cron.php?doing_wp_cron=1776889533.2912869453430175781250 HTTP/1.1" 200 448 "-" "WordPress/6.3.8; https://serhatburke.miroglu.net"
193.36.38.228 - - [22/Apr/2026:23:25:21 +0300] "POST /xmlrpc.php HTTP/1.1" 200 7884 "-" "Mozilla/5.0 (Windows NT 10.0; Win64; x64) AppleWebKit/537.36 (KHTML, like Gecko) Chrome/114.0.0.0 Safari/537.36"
193.36.38.228 - - [22/Apr/2026:23:25:33 +0300] "GET /higher-rtp-gambling-establishment-websites/ HTTP/1.1" 200 68985 "-" "Mozilla/5.0 (Windows NT 10.0; rv:109.0) Gecko/20100101 Firefox/115.0"
158.69.22.136 - - [22/Apr/2026:23:26:15 +0300] "GET /casino-online-skrill-prelievo-veloce/ HTTP/1.1" 200 18145 "-" "Mozilla/5.0 (compatible; Googlebot/2.1; +http://www.google.com/bot.html)"
185.216.113.70 - - [22/Apr/2026:23:27:44 +0300] "POST /wp-cron.php?doing_wp_cron=1776889664.6418750286102294921875 HTTP/1.1" 200 448 "-" "WordPress/6.3.8; https://serhatburke.miroglu.net"
193.36.38.228 - - [22/Apr/2026:23:27:32 +0300] "POST /xmlrpc.php HTTP/1.1" 200 692 "-" "Mozilla/5.0 (Windows NT 10.0; Win64; x64) AppleWebKit/537.36 (KHTML, like Gecko) Chrome/114.0.0.0 Safari/537.36"
193.36.38.228 - - [22/Apr/2026:23:27:49 +0300] "POST /xmlrpc.php HTTP/1.1" 200 7948 "-" "Mozilla/5.0 (Windows NT 10.0; Win64; x64) AppleWebKit/537.36 (KHTML, like Gecko) Chrome/114.0.0.0 Safari/537.36"
193.36.38.228 - - [22/Apr/2026:23:28:02 +0300] "GET /top-paysafecard-web-based-casinos-to-relax-and-play-inside-the-april-2026/ HTTP/1.1" 200 69593 "-" "Mozilla/5.0 (Windows NT 10.0; Win64; x64) AppleWebKit/537.36 (KHTML, like Gecko) Chrome/123.0.0.0 Safari/537.36 OPR/109.0.0.0"
185.216.113.70 - - [22/Apr/2026:23:29:16 +0300] "POST /wp-cron.php?doing_wp_cron=1776889756.6582639217376708984375 HTTP/1.1" 200 448 "-" "WordPress/6.3.8; https://serhatburke.miroglu.net"
40.77.167.57 - - [22/Apr/2026:23:28:57 +0300] "GET /how-bscscan-revolutionizes-crypto-trading-in-2023/ HTTP/2" 200 17166 "-" "Mozilla/5.0 AppleWebKit/537.36 (KHTML, like Gecko; compatible; bingbot/2.0; +http://www.bing.com/bingbot.htm) Chrome/116.0.1938.76 Safari/537.36"
40.77.167.48 - - [22/Apr/2026:23:29:08 +0300] "GET /their-variation-is-effective-at-spending-payouts-nonetheless-it-called-for-deciding-to-make-the-machines-smoother/ HTTP/2" 200 17067 "-" "Mozilla/5.0 AppleWebKit/537.36 (KHTML, like Gecko; compatible; bingbot/2.0; +http://www.bing.com/bingbot.htm) Chrome/116.0.1938.76 Safari/537.36"
212.47.73.90 - - [22/Apr/2026:23:29:08 +0300] "GET /zotabet-casino-bonus-premier-depot-2026/ HTTP/1.1" 200 18531 "https://serhatburke.miroglu.net/" "Mozilla/5.0 (Macintosh; Intel Mac OS X 10_15_7) AppleWebKit/537.36 (KHTML, like Gecko) Chrome/139.0.0.0 Safari/537.36"
40.77.167.73 - - [22/Apr/2026:23:29:14 +0300] "GET /los-que-resultan-los-maquinas-que-pero-pagan-acerca-de-los-casinos/ HTTP/2" 200 20647 "-" "Mozilla/5.0 AppleWebKit/537.36 (KHTML, like Gecko; compatible; bingbot/2.0; +http://www.bing.com/bingbot.htm) Chrome/116.0.1938.76 Safari/537.36"
40.77.167.73 - - [22/Apr/2026:23:29:18 +0300] "GET /casino-safety-uk/ HTTP/2" 200 16714 "-" "Mozilla/5.0 AppleWebKit/537.36 (KHTML, like Gecko; compatible; bingbot/2.0; +http://www.bing.com/bingbot.htm) Chrome/116.0.1938.76 Safari/537.36"
212.47.73.90 - - [22/Apr/2026:23:29:39 +0300] "GET /zotabet-casino-bonus-premier-depot-2026/ HTTP/1.1" 200 18531 "https://serhatburke.miroglu.net/" "Mozilla/5.0 (Macintosh; Intel Mac OS X 10_15_7) AppleWebKit/537.36 (KHTML, like Gecko) Chrome/139.0.0.0 Safari/537.36"
212.47.73.90 - - [22/Apr/2026:23:29:56 +0300] "GET /wp-includes/css/dist/block-library/style.min.css?ver=6.3.8 HTTP/1.1" 200 13578 "https://serhatburke.miroglu.net/zotabet-casino-bonus-premier-depot-2026/" "Mozilla/5.0 (Windows NT 10.0; Win64; x64) AppleWebKit/537.36 (KHTML, like Gecko) Chrome/145.0.0.0 Safari/537.36"
212.47.73.90 - - [22/Apr/2026:23:29:56 +0300] "GET /wp-content/plugins/contact-form-7/includes/css/styles.css?ver=5.8 HTTP/1.1" 200 1490 "https://serhatburke.miroglu.net/zotabet-casino-bonus-premier-depot-2026/" "Mozilla/5.0 (Windows NT 10.0; Win64; x64) AppleWebKit/537.36 (KHTML, like Gecko) Chrome/145.0.0.0 Safari/537.36"
212.47.73.90 - - [22/Apr/2026:23:29:56 +0300] "GET /wp-content/themes/toppic/css/fontello.css?ver=4.2 HTTP/1.1" 200 1802 "https://serhatburke.miroglu.net/zotabet-casino-bonus-premier-depot-2026/" "Mozilla/5.0 (Windows NT 10.0; Win64; x64) AppleWebKit/537.36 (KHTML, like Gecko) Chrome/145.0.0.0 Safari/537.36"
212.47.73.90 - - [22/Apr/2026:23:29:57 +0300] "GET /wp-content/themes/toppic/css/reset.css?ver=4.2 HTTP/1.1" 200 1178 "https://serhatburke.miroglu.net/zotabet-casino-bonus-premier-depot-2026/" "Mozilla/5.0 (Windows NT 10.0; Win64; x64) AppleWebKit/537.36 (KHTML, like Gecko) Chrome/145.0.0.0 Safari/537.36"
212.47.73.90 - - [22/Apr/2026:23:29:57 +0300] "GET /wp-content/themes/toppic/css/default.css?ver=4.2 HTTP/1.1" 200 1811 "https://serhatburke.miroglu.net/zotabet-casino-bonus-premier-depot-2026/" "Mozilla/5.0 (Windows NT 10.0; Win64; x64) AppleWebKit/537.36 (KHTML, like Gecko) Chrome/145.0.0.0 Safari/537.36"
212.47.73.90 - - [22/Apr/2026:23:29:57 +0300] "GET /wp-content/themes/toppic/style.css?ver=4.2 HTTP/1.1" 200 23398 "https://serhatburke.miroglu.net/zotabet-casino-bonus-premier-depot-2026/" "Mozilla/5.0 (Windows NT 10.0; Win64; x64) AppleWebKit/537.36 (KHTML, like Gecko) Chrome/145.0.0.0 Safari/537.36"
212.47.73.90 - - [22/Apr/2026:23:29:57 +0300] "GET /wp-content/themes/toppic/css/royalslider.css?ver=4.2 HTTP/1.1" 200 1887 "https://serhatburke.miroglu.net/zotabet-casino-bonus-premier-depot-2026/" "Mozilla/5.0 (Windows NT 10.0; Win64; x64) AppleWebKit/537.36 (KHTML, like Gecko) Chrome/145.0.0.0 Safari/537.36"
212.47.73.90 - - [22/Apr/2026:23:29:57 +0300] "GET /wp-content/themes/toppic/css/rs-default.css?ver=4.2 HTTP/1.1" 200 2625 "https://serhatburke.miroglu.net/zotabet-casino-bonus-premier-depot-2026/" "Mozilla/5.0 (Windows NT 10.0; Win64; x64) AppleWebKit/537.36 (KHTML, like Gecko) Chrome/145.0.0.0 Safari/537.36"
212.47.73.90 - - [22/Apr/2026:23:29:58 +0300] "GET /wp-content/themes/toppic/css/lightbox.css?ver=4.2 HTTP/1.1" 200 2956 "https://serhatburke.miroglu.net/zotabet-casino-bonus-premier-depot-2026/" "Mozilla/5.0 (Windows NT 10.0; Win64; x64) AppleWebKit/537.36 (KHTML, like Gecko) Chrome/145.0.0.0 Safari/537.36"
212.47.73.90 - - [22/Apr/2026:23:29:58 +0300] "GET /wp-content/themes/toppic/css/woocommerce.css?ver=4.2 HTTP/1.1" 200 2848 "https://serhatburke.miroglu.net/zotabet-casino-bonus-premier-depot-2026/" "Mozilla/5.0 (Windows NT 10.0; Win64; x64) AppleWebKit/537.36 (KHTML, like Gecko) Chrome/145.0.0.0 Safari/537.36"
212.47.73.90 - - [22/Apr/2026:23:29:58 +0300] "GET /wp-content/themes/toppic/css/responsive.css?ver=4.2 HTTP/1.1" 200 2796 "https://serhatburke.miroglu.net/zotabet-casino-bonus-premier-depot-2026/" "Mozilla/5.0 (Windows NT 10.0; Win64; x64) AppleWebKit/537.36 (KHTML, like Gecko) Chrome/145.0.0.0 Safari/537.36"
212.47.73.90 - - [22/Apr/2026:23:29:58 +0300] "POST /wp-comments-post.php HTTP/1.1" 302 1087 "https://serhatburke.miroglu.net/zotabet-casino-bonus-premier-depot-2026/" "Mozilla/5.0 (Macintosh; Intel Mac OS X 10_15_7) AppleWebKit/537.36 (KHTML, like Gecko) Chrome/139.0.0.0 Safari/537.36"
193.36.38.228 - - [22/Apr/2026:23:30:04 +0300] "POST /xmlrpc.php HTTP/1.1" 200 692 "-" "Mozilla/5.0 (Windows NT 10.0; Win64; x64) AppleWebKit/537.36 (KHTML, like Gecko) Chrome/114.0.0.0 Safari/537.36"
212.47.73.90 - - [22/Apr/2026:23:30:11 +0300] "GET /zotabet-casino-bonus-premier-depot-2026/?unapproved=575&moderation-hash=5aa5540c64555f7e055df4920dc78125 HTTP/1.1" 200 18948 "https://serhatburke.miroglu.net/wp-comments-post.php" "Mozilla/5.0 (Macintosh; Intel Mac OS X 10_15_7) AppleWebKit/537.36 (KHTML, like Gecko) Chrome/139.0.0.0 Safari/537.36"
185.216.113.70 - - [22/Apr/2026:23:30:36 +0300] "POST /wp-cron.php?doing_wp_cron=1776889836.4660539627075195312500 HTTP/1.1" 200 448 "-" "WordPress/6.3.8; https://serhatburke.miroglu.net"
193.36.38.228 - - [22/Apr/2026:23:30:23 +0300] "POST /xmlrpc.php HTTP/1.1" 200 7855 "-" "Mozilla/5.0 (Windows NT 10.0; Win64; x64) AppleWebKit/537.36 (KHTML, like Gecko) Chrome/114.0.0.0 Safari/537.36"
212.47.73.90 - - [22/Apr/2026:23:30:24 +0300] "GET /zotabet-casino-bonus-premier-depot-2026/ HTTP/1.1" 200 18520 "-" "Mozilla/5.0 (compatible; Googlebot/2.1; +http://www.google.com/bot.html)"
193.36.38.228 - - [22/Apr/2026:23:30:36 +0300] "GET /most-readily-useful-quickspin-casinos-2025-web-based-casinos-that-have-quickspin-slots/ HTTP/1.1" 200 69814 "-" "Mozilla/5.0 (Windows NT 10.0; Win64; x64) AppleWebKit/537.36 (KHTML, like Gecko) Chrome/109.0.0.0 Safari/537.36"
185.153.199.155 - - [22/Apr/2026:23:30:38 +0300] "POST /xmlrpc.php HTTP/1.1" 500 1102 "-" "Mozilla/5.0 (Windows NT 10.0; Win64; x64) AppleWebKit/537.36 (KHTML, like Gecko) Chrome/114.0.0.0 Safari/537.36"
185.216.113.70 - - [22/Apr/2026:23:31:42 +0300] "POST /wp-cron.php?doing_wp_cron=1776889902.1198430061340332031250 HTTP/1.1" 200 448 "-" "WordPress/6.3.8; https://serhatburke.miroglu.net"
40.77.167.73 - - [22/Apr/2026:23:31:29 +0300] "GET /izbaudiet-hitnspin-bonusa-konta-iznemsana-mystery-jack-spelu-automatu-lord-out-of-one-ocean-pilnigi-bez-maksas-parskats-par-speli-have-costa-rica/ HTTP/2" 200 18386 "-" "Mozilla/5.0 AppleWebKit/537.36 (KHTML, like Gecko; compatible; bingbot/2.0; +http://www.bing.com/bingbot.htm) Chrome/116.0.1938.76 Safari/537.36"
40.77.167.48 - - [22/Apr/2026:23:31:39 +0300] "GET /harnessing-solscan-your-ultimate-crypto-exploration-tool/ HTTP/2" 200 17103 "-" "Mozilla/5.0 AppleWebKit/537.36 (KHTML, like Gecko; compatible; bingbot/2.0; +http://www.bing.com/bingbot.htm) Chrome/116.0.1938.76 Safari/537.36"
40.77.167.48 - - [22/Apr/2026:23:32:11 +0300] "GET /kraken-bezopasnye-metody-dostupa-k-darknetu-2026-19/ HTTP/2" 200 17619 "-" "Mozilla/5.0 AppleWebKit/537.36 (KHTML, like Gecko; compatible; bingbot/2.0; +http://www.bing.com/bingbot.htm) Chrome/116.0.1938.76 Safari/537.36"
193.36.38.228 - - [22/Apr/2026:23:32:19 +0300] "POST /xmlrpc.php HTTP/1.1" 200 692 "-" "Mozilla/5.0 (Windows NT 10.0; Win64; x64) AppleWebKit/537.36 (KHTML, like Gecko) Chrome/114.0.0.0 Safari/537.36"
185.216.113.70 - - [22/Apr/2026:23:32:49 +0300] "POST /wp-cron.php?doing_wp_cron=1776889969.1728520393371582031250 HTTP/1.1" 200 448 "-" "WordPress/6.3.8; https://serhatburke.miroglu.net"
193.36.38.228 - - [22/Apr/2026:23:32:37 +0300] "POST /xmlrpc.php HTTP/1.1" 200 8261 "-" "Mozilla/5.0 (Windows NT 10.0; Win64; x64) AppleWebKit/537.36 (KHTML, like Gecko) Chrome/114.0.0.0 Safari/537.36"
193.36.38.228 - - [22/Apr/2026:23:32:49 +0300] "GET /internet-casino-real-money-finest-local-casino-web-sites-to-have-april-2026/ HTTP/1.1" 200 69895 "-" "Mozilla/5.0 (Windows NT 10.0; rv:109.0) Gecko/20100101 Firefox/115.0"
212.47.73.90 - - [22/Apr/2026:23:33:12 +0300] "GET /zotabet-casino-bonus-premier-depot-2026/ HTTP/1.1" 200 18520 "-" "Mozilla/5.0 (compatible; Googlebot/2.1; +http://www.google.com/bot.html)"
185.216.113.70 - - [22/Apr/2026:23:35:05 +0300] "POST /wp-cron.php?doing_wp_cron=1776890104.8975949287414550781250 HTTP/1.1" 200 448 "-" "WordPress/6.3.8; https://serhatburke.miroglu.net"
193.36.38.228 - - [22/Apr/2026:23:34:50 +0300] "POST /xmlrpc.php HTTP/1.1" 200 692 "-" "Mozilla/5.0 (Windows NT 10.0; Win64; x64) AppleWebKit/537.36 (KHTML, like Gecko) Chrome/114.0.0.0 Safari/537.36"
40.77.167.132 - - [22/Apr/2026:23:34:57 +0300] "GET /exploring-the-versatile-features-of-safepal-wallet-3/ HTTP/2" 200 17145 "-" "Mozilla/5.0 AppleWebKit/537.36 (KHTML, like Gecko; compatible; bingbot/2.0; +http://www.bing.com/bingbot.htm) Chrome/116.0.1938.76 Safari/537.36"
52.167.144.64 - - [22/Apr/2026:23:35:11 +0300] "GET /robots.txt HTTP/2" 200 0 "-" "Mozilla/5.0 AppleWebKit/537.36 (KHTML, like Gecko; compatible; bingbot/2.0; +http://www.bing.com/bingbot.htm) Chrome/116.0.1938.76 Safari/537.36"
40.77.167.57 - - [22/Apr/2026:23:35:01 +0300] "GET /we-recommend-getting-for-the-best-rates-assume-loading-minutes-to-2/ HTTP/2" 200 17868 "-" "Mozilla/5.0 AppleWebKit/537.36 (KHTML, like Gecko; compatible; bingbot/2.0; +http://www.bing.com/bingbot.htm) Chrome/116.0.1938.76 Safari/537.36"
193.36.38.228 - - [22/Apr/2026:23:35:10 +0300] "POST /xmlrpc.php HTTP/1.1" 200 8017 "-" "Mozilla/5.0 (Windows NT 10.0; Win64; x64) AppleWebKit/537.36 (KHTML, like Gecko) Chrome/114.0.0.0 Safari/537.36"
160.250.186.93 - - [22/Apr/2026:23:35:12 +0300] "GET /35849-2/ HTTP/1.1" 200 17680 "-" "Mozilla/5.0 (compatible; Googlebot/2.1; +http://www.google.com/bot.html)"
185.216.113.70 - - [22/Apr/2026:23:35:44 +0300] "POST /wp-cron.php?doing_wp_cron=1776890144.6994309425354003906250 HTTP/1.1" 200 448 "-" "WordPress/6.3.8; https://serhatburke.miroglu.net"
193.36.38.228 - - [22/Apr/2026:23:35:33 +0300] "GET /top-internet-casino-incentives-and-campaigns-2026/ HTTP/1.1" 200 69064 "-" "Mozilla/5.0 (Windows NT 10.0; Win64; x64; rv:125.0) Gecko/20100101 Firefox/125.0"
40.77.167.57 - - [22/Apr/2026:23:35:36 +0300] "GET /tous-les-instrument-pour-par-dessous-conformistes-ceci-retour-aux-differents-ascendances/ HTTP/2" 200 18189 "-" "Mozilla/5.0 AppleWebKit/537.36 (KHTML, like Gecko; compatible; bingbot/2.0; +http://www.bing.com/bingbot.htm) Chrome/116.0.1938.76 Safari/537.36"
158.69.22.136 - - [22/Apr/2026:23:36:11 +0300] "GET /casino-online-skrill-prelievo-veloce/ HTTP/1.1" 200 18145 "-" "Mozilla/5.0 (compatible; Googlebot/2.1; +http://www.google.com/bot.html)"
185.216.113.70 - - [22/Apr/2026:23:36:58 +0300] "POST /wp-cron.php?doing_wp_cron=1776890218.0728158950805664062500 HTTP/1.1" 200 448 "-" "WordPress/6.3.8; https://serhatburke.miroglu.net"
186.189.97.240 - - [22/Apr/2026:23:36:45 +0300] "POST /xmlrpc.php HTTP/2" 200 140 "-" "WordPress/XMLRPC Client"
186.189.97.240 - - [22/Apr/2026:23:36:58 +0300] "GET /?p=128282 HTTP/2" 301 0 "-" "Mozilla/5.0 (Windows NT 10.0; Win64; x64) AppleWebKit/537.36 (KHTML, like Gecko) Chrome/120.0.0.0 Safari/537.36"
193.36.38.228 - - [22/Apr/2026:23:37:02 +0300] "POST /xmlrpc.php HTTP/1.1" 200 692 "-" "Mozilla/5.0 (Windows NT 10.0; Win64; x64) AppleWebKit/537.36 (KHTML, like Gecko) Chrome/114.0.0.0 Safari/537.36"
193.36.38.228 - - [22/Apr/2026:23:37:23 +0300] "POST /xmlrpc.php HTTP/1.1" 200 8122 "-" "Mozilla/5.0 (Windows NT 10.0; Win64; x64) AppleWebKit/537.36 (KHTML, like Gecko) Chrome/114.0.0.0 Safari/537.36"
185.216.113.70 - - [22/Apr/2026:23:37:47 +0300] "POST /wp-cron.php?doing_wp_cron=1776890267.6452629566192626953125 HTTP/1.1" 200 448 "-" "WordPress/6.3.8; https://serhatburke.miroglu.net"
193.36.38.228 - - [22/Apr/2026:23:37:35 +0300] "GET /most-useful-skrill-casinos-gambling-enterprises-you-to-accept-skrill-april-2026/ HTTP/1.1" 200 70141 "-" "Mozilla/5.0 (Windows NT 10.0; rv:109.0) Gecko/20100101 Firefox/115.0"
52.167.144.163 - - [22/Apr/2026:23:38:21 +0300] "GET /how-raydium-is-shaping-the-future-of-crypto-swaps/ HTTP/2" 200 17369 "-" "Mozilla/5.0 AppleWebKit/537.36 (KHTML, like Gecko; compatible; bingbot/2.0; +http://www.bing.com/bingbot.htm) Chrome/116.0.1938.76 Safari/537.36"
185.216.113.70 - - [22/Apr/2026:23:38:46 +0300] "POST /wp-cron.php?doing_wp_cron=1776890326.1528980731964111328125 HTTP/1.1" 200 448 "-" "WordPress/6.3.8; https://serhatburke.miroglu.net"
52.167.144.163 - - [22/Apr/2026:23:38:25 +0300] "GET /unleashing-opportunities-with-jupiter-swap-in-crypto/ HTTP/2" 200 17213 "-" "Mozilla/5.0 AppleWebKit/537.36 (KHTML, like Gecko; compatible; bingbot/2.0; +http://www.bing.com/bingbot.htm) Chrome/116.0.1938.76 Safari/537.36"
52.167.144.234 - - [22/Apr/2026:23:38:29 +0300] "GET /revolutionary-benefits-of-jupiter-swap-for-traders/ HTTP/2" 200 17295 "-" "Mozilla/5.0 AppleWebKit/537.36 (KHTML, like Gecko; compatible; bingbot/2.0; +http://www.bing.com/bingbot.htm) Chrome/116.0.1938.76 Safari/537.36"
40.77.167.132 - - [22/Apr/2026:23:38:30 +0300] "GET /discover-the-unique-features-of-sushiswap-dex-today-2/ HTTP/2" 200 17003 "-" "Mozilla/5.0 AppleWebKit/537.36 (KHTML, like Gecko; compatible; bingbot/2.0; +http://www.bing.com/bingbot.htm) Chrome/116.0.1938.76 Safari/537.36"
52.167.144.234 - - [22/Apr/2026:23:38:40 +0300] "GET /revolutionize-your-trades-with-jupiter-swap-innovations-2/ HTTP/2" 200 17293 "-" "Mozilla/5.0 AppleWebKit/537.36 (KHTML, like Gecko; compatible; bingbot/2.0; +http://www.bing.com/bingbot.htm) Chrome/116.0.1938.76 Safari/537.36"
52.167.144.163 - - [22/Apr/2026:23:39:02 +0300] "GET /greatest-online-50-free-spins-on-deck-the-halls-no-deposit-casinos-around-australia-ranked-from-the-benefits-2026/ HTTP/2" 200 19022 "-" "Mozilla/5.0 AppleWebKit/537.36 (KHTML, like Gecko; compatible; bingbot/2.0; +http://www.bing.com/bingbot.htm) Chrome/116.0.1938.76 Safari/537.36"
52.167.144.234 - - [22/Apr/2026:23:39:10 +0300] "GET /mastering-the-raydium-experience-for-crypto-trading/ HTTP/2" 200 17501 "-" "Mozilla/5.0 AppleWebKit/537.36 (KHTML, like Gecko; compatible; bingbot/2.0; +http://www.bing.com/bingbot.htm) Chrome/116.0.1938.76 Safari/537.36"
193.36.38.228 - - [22/Apr/2026:23:39:16 +0300] "POST /xmlrpc.php HTTP/1.1" 200 692 "-" "Mozilla/5.0 (Windows NT 10.0; Win64; x64) AppleWebKit/537.36 (KHTML, like Gecko) Chrome/114.0.0.0 Safari/537.36"
185.216.113.70 - - [22/Apr/2026:23:39:46 +0300] "POST /wp-cron.php?doing_wp_cron=1776890386.0981090068817138671875 HTTP/1.1" 200 448 "-" "WordPress/6.3.8; https://serhatburke.miroglu.net"
193.36.38.228 - - [22/Apr/2026:23:39:34 +0300] "POST /xmlrpc.php HTTP/1.1" 200 8298 "-" "Mozilla/5.0 (Windows NT 10.0; Win64; x64) AppleWebKit/537.36 (KHTML, like Gecko) Chrome/114.0.0.0 Safari/537.36"
193.36.38.228 - - [22/Apr/2026:23:39:46 +0300] "GET /trustly-gambling-enterprises-april-2026-online-casinos-you-to-definitely-deal-with-trustly-deposits/ HTTP/1.1" 200 70415 "-" "Mozilla/5.0 (Windows NT 10.0; Win64; x64) AppleWebKit/537.36 (KHTML, like Gecko) Chrome/109.0.0.0 Safari/537.36"
185.216.113.70 - - [22/Apr/2026:23:41:43 +0300] "POST /wp-cron.php?doing_wp_cron=1776890503.5367269515991210937500 HTTP/1.1" 200 448 "-" "WordPress/6.3.8; https://serhatburke.miroglu.net"
193.36.38.228 - - [22/Apr/2026:23:41:30 +0300] "POST /xmlrpc.php HTTP/1.1" 200 692 "-" "Mozilla/5.0 (Windows NT 10.0; Win64; x64) AppleWebKit/537.36 (KHTML, like Gecko) Chrome/114.0.0.0 Safari/537.36"
193.36.38.228 - - [22/Apr/2026:23:41:48 +0300] "POST /xmlrpc.php HTTP/1.1" 200 8388 "-" "Mozilla/5.0 (Windows NT 10.0; Win64; x64) AppleWebKit/537.36 (KHTML, like Gecko) Chrome/114.0.0.0 Safari/537.36"
193.36.38.228 - - [22/Apr/2026:23:42:01 +0300] "GET /ideal-aristocrat-desktop-computer-video-game-pokies-and-you-may-casinos-2026-aslan-neferler-tim/ HTTP/1.1" 200 70818 "-" "Mozilla/5.0 (Windows NT 10.0; rv:125.0) Gecko/20100101 Firefox/125.0"
185.216.113.70 - - [22/Apr/2026:23:43:01 +0300] "POST /wp-cron.php?doing_wp_cron=1776890581.8549399375915527343750 HTTP/1.1" 200 448 "-" "WordPress/6.3.8; https://serhatburke.miroglu.net"
178.159.37.156 - - [22/Apr/2026:23:42:46 +0300] "POST /xmlrpc.php HTTP/1.1" 200 1155 "-" "Mozilla/5.0 (Windows NT 10.0; Win64; x64) AppleWebKit/537.36 (KHTML, like Gecko) Chrome/64.0.3282.140 Safari/537.36 Edge/18.17763"
52.167.144.234 - - [22/Apr/2026:23:42:48 +0300] "GET /abbiamo-addirittura-confusione-non-aams-ad-caso-richiedono-excretion-gremito-minuscolo-di-2-ovvero-3/ HTTP/2" 200 17385 "-" "Mozilla/5.0 AppleWebKit/537.36 (KHTML, like Gecko; compatible; bingbot/2.0; +http://www.bing.com/bingbot.htm) Chrome/116.0.1938.76 Safari/537.36"
52.167.144.163 - - [22/Apr/2026:23:42:53 +0300] "GET /druckgluck-erfahrungen-and-casino-bust-the-bank-bonus-2026/ HTTP/2" 200 18196 "-" "Mozilla/5.0 AppleWebKit/537.36 (KHTML, like Gecko; compatible; bingbot/2.0; +http://www.bing.com/bingbot.htm) Chrome/116.0.1938.76 Safari/537.36"
52.167.144.166 - - [22/Apr/2026:23:43:20 +0300] "GET /galet-occidentale-quelque-peu-des-recentes-plateformes-dont-brillent-cet-strip-avec-las-vegas-dans-2024/ HTTP/2" 200 20728 "-" "Mozilla/5.0 AppleWebKit/537.36 (KHTML, like Gecko; compatible; bingbot/2.0; +http://www.bing.com/bingbot.htm) Chrome/116.0.1938.76 Safari/537.36"
185.216.113.70 - - [22/Apr/2026:23:43:52 +0300] "POST /wp-cron.php?doing_wp_cron=1776890632.1281740665435791015625 HTTP/1.1" 200 448 "-" "WordPress/6.3.8; https://serhatburke.miroglu.net"
193.36.38.228 - - [22/Apr/2026:23:43:40 +0300] "POST /xmlrpc.php HTTP/1.1" 200 692 "-" "Mozilla/5.0 (Windows NT 10.0; Win64; x64) AppleWebKit/537.36 (KHTML, like Gecko) Chrome/114.0.0.0 Safari/537.36"
193.36.38.228 - - [22/Apr/2026:23:43:57 +0300] "POST /xmlrpc.php HTTP/1.1" 200 7904 "-" "Mozilla/5.0 (Windows NT 10.0; Win64; x64) AppleWebKit/537.36 (KHTML, like Gecko) Chrome/114.0.0.0 Safari/537.36"
193.36.38.228 - - [22/Apr/2026:23:44:09 +0300] "GET /local-casino-websites-united-kingdom-best-the-casinos-on-the-internet-april-2026/ HTTP/1.1" 200 69868 "-" "Mozilla/5.0 (Windows NT 10.0; Win64; x64) AppleWebKit/537.36 (KHTML, like Gecko) Chrome/123.0.0.0 Safari/537.36 OPR/109.0.0.0"
185.216.113.70 - - [22/Apr/2026:23:45:54 +0300] "POST /wp-cron.php?doing_wp_cron=1776890753.9521241188049316406250 HTTP/1.1" 200 448 "-" "WordPress/6.3.8; https://serhatburke.miroglu.net"
193.36.38.228 - - [22/Apr/2026:23:45:40 +0300] "POST /xmlrpc.php HTTP/1.1" 200 692 "-" "Mozilla/5.0 (Windows NT 10.0; Win64; x64) AppleWebKit/537.36 (KHTML, like Gecko) Chrome/114.0.0.0 Safari/537.36"
193.36.38.228 - - [22/Apr/2026:23:45:59 +0300] "POST /xmlrpc.php HTTP/1.1" 200 7900 "-" "Mozilla/5.0 (Windows NT 10.0; Win64; x64) AppleWebKit/537.36 (KHTML, like Gecko) Chrome/114.0.0.0 Safari/537.36"
158.69.22.136 - - [22/Apr/2026:23:46:12 +0300] "GET /casino-online-skrill-prelievo-veloce/ HTTP/1.1" 200 18145 "-" "Mozilla/5.0 (compatible; Googlebot/2.1; +http://www.google.com/bot.html)"
193.36.38.228 - - [22/Apr/2026:23:46:12 +0300] "GET /greatest-web-based-casinos-canada-2026-canadian-casinos-on-the-internet/ HTTP/1.1" 200 69472 "-" "Mozilla/5.0 (Windows NT 10.0; rv:125.0) Gecko/20100101 Firefox/125.0"
185.216.113.70 - - [22/Apr/2026:23:48:13 +0300] "POST /wp-cron.php?doing_wp_cron=1776890893.3133420944213867187500 HTTP/1.1" 200 448 "-" "WordPress/6.3.8; https://serhatburke.miroglu.net"
193.36.38.228 - - [22/Apr/2026:23:48:00 +0300] "POST /xmlrpc.php HTTP/1.1" 200 692 "-" "Mozilla/5.0 (Windows NT 10.0; Win64; x64) AppleWebKit/537.36 (KHTML, like Gecko) Chrome/114.0.0.0 Safari/537.36"
193.36.38.228 - - [22/Apr/2026:23:48:18 +0300] "POST /xmlrpc.php HTTP/1.1" 200 8032 "-" "Mozilla/5.0 (Windows NT 10.0; Win64; x64) AppleWebKit/537.36 (KHTML, like Gecko) Chrome/114.0.0.0 Safari/537.36"
185.216.113.70 - - [22/Apr/2026:23:48:42 +0300] "POST /wp-cron.php?doing_wp_cron=1776890922.2733240127563476562500 HTTP/1.1" 200 448 "-" "WordPress/6.3.8; https://serhatburke.miroglu.net"
193.36.38.228 - - [22/Apr/2026:23:48:30 +0300] "GET /7-greatest-yggdrasil-gambling-enterprises-in-2026/ HTTP/1.1" 200 68950 "-" "Mozilla/5.0 (Windows NT 10.0; Win64; x64) AppleWebKit/537.36 (KHTML, like Gecko) Chrome/122.0.0.0 Safari/537.36"
185.216.113.70 - - [22/Apr/2026:23:50:23 +0300] "POST /wp-cron.php?doing_wp_cron=1776891023.2008109092712402343750 HTTP/1.1" 200 448 "-" "WordPress/6.3.8; https://serhatburke.miroglu.net"
193.36.38.228 - - [22/Apr/2026:23:50:09 +0300] "POST /xmlrpc.php HTTP/1.1" 200 692 "-" "Mozilla/5.0 (Windows NT 10.0; Win64; x64) AppleWebKit/537.36 (KHTML, like Gecko) Chrome/114.0.0.0 Safari/537.36"
193.36.38.228 - - [22/Apr/2026:23:50:28 +0300] "POST /xmlrpc.php HTTP/1.1" 200 8138 "-" "Mozilla/5.0 (Windows NT 10.0; Win64; x64) AppleWebKit/537.36 (KHTML, like Gecko) Chrome/114.0.0.0 Safari/537.36"
193.36.38.228 - - [22/Apr/2026:23:50:44 +0300] "GET /finest-internet-casino-bonuses-getting-april-2026/ HTTP/1.1" 200 69162 "-" "Mozilla/5.0 (Windows NT 10.0; Win64; x64; rv:124.0) Gecko/20100101 Firefox/124.0"
185.216.113.70 - - [22/Apr/2026:23:51:32 +0300] "POST /wp-cron.php?doing_wp_cron=1776891092.1456658840179443359375 HTTP/1.1" 200 448 "-" "WordPress/6.3.8; https://serhatburke.miroglu.net"
98.98.9.26 - - [22/Apr/2026:23:51:20 +0300] "POST /xmlrpc.php HTTP/1.1" 200 630 "-" "Mozilla/5.0 (Windows NT 10.0; Win64; x64) AppleWebKit/537.36 (KHTML, like Gecko) Chrome/114.0.0.0 Safari/537.36"
98.98.9.26 - - [22/Apr/2026:23:51:39 +0300] "POST /xmlrpc.php HTTP/1.1" 200 11093 "-" "Mozilla/5.0 (Windows NT 10.0; Win64; x64) AppleWebKit/537.36 (KHTML, like Gecko) Chrome/114.0.0.0 Safari/537.36"
113.191.11.26 - - [22/Apr/2026:23:51:50 +0300] "POST /xmlrpc.php HTTP/2" 200 140 "-" "WordPress/XMLRPC Client"
98.98.9.26 - - [22/Apr/2026:23:51:53 +0300] "GET /miles-teller-says-fantastic-four-got-fucked-up-by-one-very-important-lobstermania-legal-casino-person/ HTTP/1.1" 200 73581 "-" "Mozilla/5.0 (Windows NT 10.0; rv:125.0) Gecko/20100101 Firefox/125.0"
185.216.113.70 - - [22/Apr/2026:23:52:15 +0300] "POST /wp-cron.php?doing_wp_cron=1776891135.4808130264282226562500 HTTP/1.1" 200 448 "-" "WordPress/6.3.8; https://serhatburke.miroglu.net"
113.191.11.26 - - [22/Apr/2026:23:52:03 +0300] "GET /?p=128300 HTTP/2" 301 0 "-" "Mozilla/5.0 (Windows NT 10.0; Win64; x64) AppleWebKit/537.36 (KHTML, like Gecko) Chrome/120.0.0.0 Safari/537.36"
193.36.38.228 - - [22/Apr/2026:23:52:09 +0300] "POST /xmlrpc.php HTTP/1.1" 200 692 "-" "Mozilla/5.0 (Windows NT 10.0; Win64; x64) AppleWebKit/537.36 (KHTML, like Gecko) Chrome/114.0.0.0 Safari/537.36"
193.36.38.228 - - [22/Apr/2026:23:52:26 +0300] "POST /xmlrpc.php HTTP/1.1" 200 7888 "-" "Mozilla/5.0 (Windows NT 10.0; Win64; x64) AppleWebKit/537.36 (KHTML, like Gecko) Chrome/114.0.0.0 Safari/537.36"
185.216.113.70 - - [22/Apr/2026:23:52:51 +0300] "POST /wp-cron.php?doing_wp_cron=1776891171.3815789222717285156250 HTTP/1.1" 200 448 "-" "WordPress/6.3.8; https://serhatburke.miroglu.net"
193.36.38.228 - - [22/Apr/2026:23:52:38 +0300] "GET /finest-online-casinos-in-britain-2026-a-hundred-ratings/ HTTP/1.1" 200 69297 "-" "Mozilla/5.0 (Windows NT 10.0; Win64; x64) AppleWebKit/537.36 (KHTML, like Gecko) Chrome/124.0.0.0 Safari/537.36 Edg/124.0.0.0"
185.216.113.70 - - [22/Apr/2026:23:54:30 +0300] "POST /wp-cron.php?doing_wp_cron=1776891270.6847159862518310546875 HTTP/1.1" 200 448 "-" "WordPress/6.3.8; https://serhatburke.miroglu.net"
193.36.38.228 - - [22/Apr/2026:23:54:17 +0300] "POST /xmlrpc.php HTTP/1.1" 200 692 "-" "Mozilla/5.0 (Windows NT 10.0; Win64; x64) AppleWebKit/537.36 (KHTML, like Gecko) Chrome/114.0.0.0 Safari/537.36"
193.36.38.228 - - [22/Apr/2026:23:54:36 +0300] "POST /xmlrpc.php HTTP/1.1" 200 7979 "-" "Mozilla/5.0 (Windows NT 10.0; Win64; x64) AppleWebKit/537.36 (KHTML, like Gecko) Chrome/114.0.0.0 Safari/537.36"
193.36.38.228 - - [22/Apr/2026:23:54:48 +0300] "GET /best-on-line-casino-two-hundred-extra-totally-free-revolves-in-the-world-7/ HTTP/1.1" 200 69694 "-" "Mozilla/5.0 (Windows NT 10.0; rv:125.0) Gecko/20100101 Firefox/125.0"
40.77.167.23 - - [22/Apr/2026:23:54:59 +0300] "GET /migliori-casa-da-gioco-online-circa-neteller-2026-lista-dei-migliori-tumulto-quale-accettano-neteller/ HTTP/2" 200 17531 "-" "Mozilla/5.0 AppleWebKit/537.36 (KHTML, like Gecko; compatible; bingbot/2.0; +http://www.bing.com/bingbot.htm) Chrome/116.0.1938.76 Safari/537.36"
40.77.167.73 - - [22/Apr/2026:23:55:02 +0300] "GET /revolutionize-your-crypto-journey-with-jupiter-swap-3/ HTTP/2" 200 16945 "-" "Mozilla/5.0 AppleWebKit/537.36 (KHTML, like Gecko; compatible; bingbot/2.0; +http://www.bing.com/bingbot.htm) Chrome/116.0.1938.76 Safari/537.36"
52.167.144.167 - - [22/Apr/2026:23:55:03 +0300] "GET /no-deposit-casino-incentives-rules/ HTTP/2" 200 18833 "-" "Mozilla/5.0 AppleWebKit/537.36 (KHTML, like Gecko; compatible; bingbot/2.0; +http://www.bing.com/bingbot.htm) Chrome/116.0.1938.76 Safari/537.36"
185.216.113.70 - - [22/Apr/2026:23:55:41 +0300] "POST /wp-cron.php?doing_wp_cron=1776891341.4769721031188964843750 HTTP/1.1" 200 448 "-" "WordPress/6.3.8; https://serhatburke.miroglu.net"
40.77.167.23 - - [22/Apr/2026:23:55:29 +0300] "GET /kraken-bezopasnye-vkhodnye-ssylki-i-ispol-zovanie-v-2026/ HTTP/2" 200 17864 "-" "Mozilla/5.0 AppleWebKit/537.36 (KHTML, like Gecko; compatible; bingbot/2.0; +http://www.bing.com/bingbot.htm) Chrome/116.0.1938.76 Safari/537.36"
193.36.38.228 - - [22/Apr/2026:23:56:18 +0300] "POST /xmlrpc.php HTTP/1.1" 200 692 "-" "Mozilla/5.0 (Windows NT 10.0; Win64; x64) AppleWebKit/537.36 (KHTML, like Gecko) Chrome/114.0.0.0 Safari/537.36"
185.216.113.70 - - [22/Apr/2026:23:56:51 +0300] "POST /wp-cron.php?doing_wp_cron=1776891410.9967589378356933593750 HTTP/1.1" 200 448 "-" "WordPress/6.3.8; https://serhatburke.miroglu.net"
193.36.38.228 - - [22/Apr/2026:23:56:36 +0300] "POST /xmlrpc.php HTTP/1.1" 200 8278 "-" "Mozilla/5.0 (Windows NT 10.0; Win64; x64) AppleWebKit/537.36 (KHTML, like Gecko) Chrome/114.0.0.0 Safari/537.36"
158.69.22.136 - - [22/Apr/2026:23:56:41 +0300] "GET /casino-online-skrill-prelievo-veloce/ HTTP/1.1" 200 18145 "-" "Mozilla/5.0 (compatible; Googlebot/2.1; +http://www.google.com/bot.html)"
193.36.38.228 - - [22/Apr/2026:23:56:51 +0300] "GET /the-new-gambling-establishment-web-sites-in-the-uk-april-2026-most-readily-useful-11-better-the-new-gambling-enterprise-web-sites/ HTTP/1.1" 200 71283 "-" "Mozilla/5.0 (Windows NT 10.0; rv:109.0) Gecko/20100101 Firefox/115.0"
185.216.113.70 - - [22/Apr/2026:23:58:27 +0300] "POST /wp-cron.php?doing_wp_cron=1776891507.7427210807800292968750 HTTP/1.1" 200 448 "-" "WordPress/6.3.8; https://serhatburke.miroglu.net"
193.36.38.228 - - [22/Apr/2026:23:58:15 +0300] "POST /xmlrpc.php HTTP/1.1" 200 692 "-" "Mozilla/5.0 (Windows NT 10.0; Win64; x64) AppleWebKit/537.36 (KHTML, like Gecko) Chrome/114.0.0.0 Safari/537.36"
193.36.38.228 - - [22/Apr/2026:23:58:33 +0300] "POST /xmlrpc.php HTTP/1.1" 200 8264 "-" "Mozilla/5.0 (Windows NT 10.0; Win64; x64) AppleWebKit/537.36 (KHTML, like Gecko) Chrome/114.0.0.0 Safari/537.36"
193.36.38.228 - - [22/Apr/2026:23:58:45 +0300] "GET /top-10-web-based-casinos-greatest-uk-online-casinos-april/ HTTP/1.1" 200 69569 "-" "Mozilla/5.0 (Windows NT 10.0; rv:109.0) Gecko/20100101 Firefox/115.0"
185.216.113.70 - - [23/Apr/2026:00:00:28 +0300] "POST /wp-cron.php?doing_wp_cron=1776891628.0938289165496826171875 HTTP/1.1" 200 448 "-" "WordPress/6.3.8; https://serhatburke.miroglu.net"
193.36.38.228 - - [23/Apr/2026:00:00:13 +0300] "POST /xmlrpc.php HTTP/1.1" 200 692 "-" "Mozilla/5.0 (Windows NT 10.0; Win64; x64) AppleWebKit/537.36 (KHTML, like Gecko) Chrome/114.0.0.0 Safari/537.36"
193.36.38.228 - - [23/Apr/2026:00:00:33 +0300] "POST /xmlrpc.php HTTP/1.1" 200 8264 "-" "Mozilla/5.0 (Windows NT 10.0; Win64; x64) AppleWebKit/537.36 (KHTML, like Gecko) Chrome/114.0.0.0 Safari/537.36"
40.77.167.73 - - [23/Apr/2026:00:00:43 +0300] "GET /kraken-bezopasnye-onion-ssylki-dlia-2026-goda-5/ HTTP/2" 200 18008 "-" "Mozilla/5.0 AppleWebKit/537.36 (KHTML, like Gecko; compatible; bingbot/2.0; +http://www.bing.com/bingbot.htm) Chrome/116.0.1938.76 Safari/537.36"
193.36.38.228 - - [23/Apr/2026:00:00:47 +0300] "GET /an-informed-online-casinos-around-australia-to-have-2025-rated-because-of-the-australian-bettors-partner2connect/ HTTP/1.1" 200 70964 "-" "Mozilla/5.0 (Windows NT 10.0; rv:109.0) Gecko/20100101 Firefox/115.0"
52.167.144.167 - - [23/Apr/2026:00:00:51 +0300] "GET /etoto-%EF%BF%BD-zaawansowane-obsluga-oszukiwanie-w-dwoch-systemow-operacyjnych/ HTTP/2" 200 17736 "-" "Mozilla/5.0 AppleWebKit/537.36 (KHTML, like Gecko; compatible; bingbot/2.0; +http://www.bing.com/bingbot.htm) Chrome/116.0.1938.76 Safari/537.36"
98.98.197.166 - - [23/Apr/2026:00:00:59 +0300] "POST /xmlrpc.php HTTP/1.1" 200 630 "-" "Mozilla/5.0 (Windows NT 10.0; Win64; x64) AppleWebKit/537.36 (KHTML, like Gecko) Chrome/114.0.0.0 Safari/537.36"
52.167.144.138 - - [23/Apr/2026:00:00:52 +0300] "GET /getting-started-with-sushiswap-a-comprehensive-guide/ HTTP/2" 200 16995 "-" "Mozilla/5.0 AppleWebKit/537.36 (KHTML, like Gecko; compatible; bingbot/2.0; +http://www.bing.com/bingbot.htm) Chrome/116.0.1938.76 Safari/537.36"
52.167.144.138 - - [23/Apr/2026:00:00:54 +0300] "GET /riddle-of-ones-sphinx-deposit-10-get-100-spins-on-the-internet-slot-twist-the-new-old-reels/ HTTP/2" 200 18542 "-" "Mozilla/5.0 AppleWebKit/537.36 (KHTML, like Gecko; compatible; bingbot/2.0; +http://www.bing.com/bingbot.htm) Chrome/116.0.1938.76 Safari/537.36"
40.77.167.73 - - [23/Apr/2026:00:01:10 +0300] "GET /eye-of-horus-tricks-tipps-bonus-enthullt-2026/ HTTP/2" 200 18203 "-" "Mozilla/5.0 AppleWebKit/537.36 (KHTML, like Gecko; compatible; bingbot/2.0; +http://www.bing.com/bingbot.htm) Chrome/116.0.1938.76 Safari/537.36"
185.216.113.70 - - [23/Apr/2026:00:01:47 +0300] "POST /wp-cron.php?doing_wp_cron=1776891707.2288908958435058593750 HTTP/1.1" 200 448 "-" "WordPress/6.3.8; https://serhatburke.miroglu.net"
98.98.197.166 - - [23/Apr/2026:00:01:34 +0300] "POST /xmlrpc.php HTTP/1.1" 200 9492 "-" "Mozilla/5.0 (Windows NT 10.0; Win64; x64) AppleWebKit/537.36 (KHTML, like Gecko) Chrome/114.0.0.0 Safari/537.36"
98.98.197.166 - - [23/Apr/2026:00:01:48 +0300] "GET /casinostugan-utvardering-25-prova-fran-uttag-fart/ HTTP/1.1" 200 70813 "-" "Mozilla/5.0 (Windows NT 10.0; Win64; x64) AppleWebKit/537.36 (KHTML, like Gecko) Chrome/124.0.0.0 Safari/537.36"
98.98.9.26 - - [23/Apr/2026:00:02:13 +0300] "POST /xmlrpc.php HTTP/1.1" 200 630 "-" "Mozilla/5.0 (Windows NT 10.0; Win64; x64) AppleWebKit/537.36 (KHTML, like Gecko) Chrome/114.0.0.0 Safari/537.36"
193.36.38.228 - - [23/Apr/2026:00:02:16 +0300] "POST /xmlrpc.php HTTP/1.1" 200 692 "-" "Mozilla/5.0 (Windows NT 10.0; Win64; x64) AppleWebKit/537.36 (KHTML, like Gecko) Chrome/114.0.0.0 Safari/537.36"
185.216.113.70 - - [23/Apr/2026:00:02:46 +0300] "POST /wp-cron.php?doing_wp_cron=1776891766.0035259723663330078125 HTTP/1.1" 200 448 "-" "WordPress/6.3.8; https://serhatburke.miroglu.net"
98.98.9.26 - - [23/Apr/2026:00:02:32 +0300] "POST /xmlrpc.php HTTP/1.1" 200 11776 "-" "Mozilla/5.0 (Windows NT 10.0; Win64; x64) AppleWebKit/537.36 (KHTML, like Gecko) Chrome/114.0.0.0 Safari/537.36"
193.36.38.228 - - [23/Apr/2026:00:02:35 +0300] "POST /xmlrpc.php HTTP/1.1" 200 7971 "-" "Mozilla/5.0 (Windows NT 10.0; Win64; x64) AppleWebKit/537.36 (KHTML, like Gecko) Chrome/114.0.0.0 Safari/537.36"
98.98.9.26 - - [23/Apr/2026:00:02:47 +0300] "GET /body-weight-santa-slot-remark-totally-free-spins-tips-spartacus-call-to-arms-casino-rtp/ HTTP/1.1" 200 73306 "-" "Mozilla/5.0 (Windows NT 10.0; Win64; x64; rv:125.0) Gecko/20100101 Firefox/125.0"
193.36.38.228 - - [23/Apr/2026:00:02:47 +0300] "GET /most-useful-commission-casinos-on-the-internet-2026-large-rtp-affirmed-profit-rates/ HTTP/1.1" 200 69765 "-" "Mozilla/5.0 (Windows NT 10.0; Win64; x64) AppleWebKit/537.36 (KHTML, like Gecko) Chrome/122.0.0.0 Safari/537.36"
98.98.197.166 - - [23/Apr/2026:00:03:16 +0300] "POST /xmlrpc.php HTTP/1.1" 200 630 "-" "Mozilla/5.0 (Windows NT 10.0; Win64; x64) AppleWebKit/537.36 (KHTML, like Gecko) Chrome/114.0.0.0 Safari/537.36"
185.153.199.155 - - [23/Apr/2026:00:03:26 +0300] "POST /xmlrpc.php HTTP/1.1" 200 630 "-" "Mozilla/5.0 (Windows NT 10.0; Win64; x64) AppleWebKit/537.36 (KHTML, like Gecko) Chrome/114.0.0.0 Safari/537.36"
185.216.113.70 - - [23/Apr/2026:00:03:49 +0300] "POST /wp-cron.php?doing_wp_cron=1776891829.4398970603942871093750 HTTP/1.1" 200 448 "-" "WordPress/6.3.8; https://serhatburke.miroglu.net"
98.98.197.166 - - [23/Apr/2026:00:03:34 +0300] "POST /xmlrpc.php HTTP/1.1" 200 9745 "-" "Mozilla/5.0 (Windows NT 10.0; Win64; x64) AppleWebKit/537.36 (KHTML, like Gecko) Chrome/114.0.0.0 Safari/537.36"
85.208.96.208 - - [23/Apr/2026:00:03:44 +0300] "GET /robots.txt HTTP/1.1" 200 0 "-" "Mozilla/5.0 (compatible; SemrushBot/7~bl; +http://www.semrush.com/bot.html)"
185.153.199.155 - - [23/Apr/2026:00:03:44 +0300] "POST /xmlrpc.php HTTP/1.1" 200 11330 "-" "Mozilla/5.0 (Windows NT 10.0; Win64; x64) AppleWebKit/537.36 (KHTML, like Gecko) Chrome/114.0.0.0 Safari/537.36"
85.208.96.208 - - [23/Apr/2026:00:03:59 +0300] "GET /robots.txt HTTP/1.1" 200 0 "-" "Mozilla/5.0 (compatible; SemrushBot/7~bl; +http://www.semrush.com/bot.html)"
98.98.197.166 - - [23/Apr/2026:00:03:50 +0300] "GET /cherry-casino-recension-2026-100-bonus-innan-nya-lirare/ HTTP/1.1" 200 71144 "-" "Mozilla/5.0 (Windows NT 10.0; rv:109.0) Gecko/20100101 Firefox/115.0"
185.153.199.155 - - [23/Apr/2026:00:04:09 +0300] "GET /ihr-faszinierender-slot-birthday-slot-unteilbar-charmanten-agyptischen-thema/ HTTP/1.1" 200 73022 "-" "Mozilla/5.0 (Windows NT 10.0; rv:125.0) Gecko/20100101 Firefox/125.0"
85.208.96.193 - - [23/Apr/2026:00:04:14 +0300] "GET /beste-casino-site-belgie-hoge-inzet/ HTTP/1.1" 200 20735 "-" "Mozilla/5.0 (compatible; SemrushBot/7~bl; +http://www.semrush.com/bot.html)"
185.216.113.70 - - [23/Apr/2026:00:05:24 +0300] "POST /wp-cron.php?doing_wp_cron=1776891924.1083281040191650390625 HTTP/1.1" 200 448 "-" "WordPress/6.3.8; https://serhatburke.miroglu.net"
98.98.9.26 - - [23/Apr/2026:00:05:11 +0300] "POST /xmlrpc.php HTTP/1.1" 200 630 "-" "Mozilla/5.0 (Windows NT 10.0; Win64; x64) AppleWebKit/537.36 (KHTML, like Gecko) Chrome/114.0.0.0 Safari/537.36"
98.98.197.166 - - [23/Apr/2026:00:05:11 +0300] "POST /xmlrpc.php HTTP/1.1" 200 630 "-" "Mozilla/5.0 (Windows NT 10.0; Win64; x64) AppleWebKit/537.36 (KHTML, like Gecko) Chrome/114.0.0.0 Safari/537.36"
98.98.9.26 - - [23/Apr/2026:00:05:31 +0300] "POST /xmlrpc.php HTTP/1.1" 200 10788 "-" "Mozilla/5.0 (Windows NT 10.0; Win64; x64) AppleWebKit/537.36 (KHTML, like Gecko) Chrome/114.0.0.0 Safari/537.36"
98.98.197.166 - - [23/Apr/2026:00:05:30 +0300] "POST /xmlrpc.php HTTP/1.1" 200 9422 "-" "Mozilla/5.0 (Windows NT 10.0; Win64; x64) AppleWebKit/537.36 (KHTML, like Gecko) Chrome/114.0.0.0 Safari/537.36"
185.216.113.70 - - [23/Apr/2026:00:06:00 +0300] "POST /wp-cron.php?doing_wp_cron=1776891960.5438599586486816406250 HTTP/1.1" 200 448 "-" "WordPress/6.3.8; https://serhatburke.miroglu.net"
98.98.9.26 - - [23/Apr/2026:00:05:47 +0300] "GET /public-royalgame-local-casino/ HTTP/1.1" 200 70933 "-" "Mozilla/5.0 (Windows NT 10.0; rv:125.0) Gecko/20100101 Firefox/125.0"
98.98.197.166 - - [23/Apr/2026:00:05:51 +0300] "GET /det-mesta-av-det-ultimat-mo-ett-utmarkt-kostnad/ HTTP/1.1" 200 70420 "-" "Mozilla/5.0 (Windows NT 10.0; Win64; x64; rv:124.0) Gecko/20100101 Firefox/124.0"
185.216.113.70 - - [23/Apr/2026:00:07:12 +0300] "POST /wp-cron.php?doing_wp_cron=1776892032.1968851089477539062500 HTTP/1.1" 200 448 "-" "WordPress/6.3.8; https://serhatburke.miroglu.net"
98.98.197.166 - - [23/Apr/2026:00:06:59 +0300] "POST /xmlrpc.php HTTP/1.1" 200 630 "-" "Mozilla/5.0 (Windows NT 10.0; Win64; x64) AppleWebKit/537.36 (KHTML, like Gecko) Chrome/114.0.0.0 Safari/537.36"
216.73.217.140 - - [23/Apr/2026:00:07:14 +0300] "GET /robots.txt HTTP/2" 200 110 "-" "Mozilla/5.0 AppleWebKit/537.36 (KHTML, like Gecko; compatible; ClaudeBot/1.0; +claudebot@anthropic.com)"
98.98.197.166 - - [23/Apr/2026:00:07:18 +0300] "POST /xmlrpc.php HTTP/1.1" 200 9746 "-" "Mozilla/5.0 (Windows NT 10.0; Win64; x64) AppleWebKit/537.36 (KHTML, like Gecko) Chrome/114.0.0.0 Safari/537.36"
37.27.228.124 - - [23/Apr/2026:00:07:22 +0300] "POST /xmlrpc.php HTTP/1.1" 200 154272 "-" "Mozilla/5.0 (Windows NT 10.0) AppleWebKit/537.36 (KHTML, like Gecko) Chrome/114.0.0.0 Safari/537.36"
185.216.113.70 - - [23/Apr/2026:00:07:52 +0300] "POST /wp-cron.php?doing_wp_cron=1776892072.1476109027862548828125 HTTP/1.1" 200 448 "-" "WordPress/6.3.8; https://serhatburke.miroglu.net"
98.98.197.166 - - [23/Apr/2026:00:07:38 +0300] "GET /tillagg-inte-me-insattning-bringa-40-free-spins-inte-med-insattning/ HTTP/1.1" 200 71191 "-" "Mozilla/5.0 (Windows NT 10.0; rv:125.0) Gecko/20100101 Firefox/125.0"
37.27.228.124 - - [23/Apr/2026:00:07:40 +0300] "POST /xmlrpc.php HTTP/1.1" 200 667 "-" "Mozilla/5.0 (Windows NT 10.0) AppleWebKit/537.36 (KHTML, like Gecko) Chrome/114.0.0.0 Safari/537.36"
98.98.9.26 - - [23/Apr/2026:00:07:52 +0300] "POST /xmlrpc.php HTTP/1.1" 200 630 "-" "Mozilla/5.0 (Windows NT 10.0; Win64; x64) AppleWebKit/537.36 (KHTML, like Gecko) Chrome/114.0.0.0 Safari/537.36"
37.27.228.124 - - [23/Apr/2026:00:07:55 +0300] "POST /xmlrpc.php HTTP/1.1" 200 25571 "-" "Mozilla/5.0 (Windows NT 10.0) AppleWebKit/537.36 (KHTML, like Gecko) Chrome/114.0.0.0 Safari/537.36"
185.216.113.70 - - [23/Apr/2026:00:08:32 +0300] "POST /wp-cron.php?doing_wp_cron=1776892112.9333310127258300781250 HTTP/1.1" 200 448 "-" "WordPress/6.3.8; https://serhatburke.miroglu.net"
98.98.9.26 - - [23/Apr/2026:00:08:18 +0300] "POST /xmlrpc.php HTTP/1.1" 200 12118 "-" "Mozilla/5.0 (Windows NT 10.0; Win64; x64) AppleWebKit/537.36 (KHTML, like Gecko) Chrome/114.0.0.0 Safari/537.36"
40.77.167.57 - - [23/Apr/2026:00:08:22 +0300] "GET /eye-of-horus-app-land-der-dichter-und-denker-variabel-auffuhren-blos-sieh-dir-das-an-download/ HTTP/2" 200 17923 "-" "Mozilla/5.0 AppleWebKit/537.36 (KHTML, like Gecko; compatible; bingbot/2.0; +http://www.bing.com/bingbot.htm) Chrome/116.0.1938.76 Safari/537.36"
52.167.144.138 - - [23/Apr/2026:00:08:30 +0300] "GET /gamee-prizes-60-fun-games-descarca-si-meci-spre-aflati-mai-multe-pc-magazinul-google-play/ HTTP/2" 200 18491 "-" "Mozilla/5.0 AppleWebKit/537.36 (KHTML, like Gecko; compatible; bingbot/2.0; +http://www.bing.com/bingbot.htm) Chrome/116.0.1938.76 Safari/537.36"
40.77.167.35 - - [23/Apr/2026:00:08:35 +0300] "GET /kraken-vkhod-v-darknet-s-aktual-nymi-ssylkami-2026/ HTTP/2" 200 18488 "-" "Mozilla/5.0 AppleWebKit/537.36 (KHTML, like Gecko; compatible; bingbot/2.0; +http://www.bing.com/bingbot.htm) Chrome/116.0.1938.76 Safari/537.36"
98.98.197.166 - - [23/Apr/2026:00:08:40 +0300] "POST /xmlrpc.php HTTP/1.1" 200 630 "-" "Mozilla/5.0 (Windows NT 10.0; Win64; x64) AppleWebKit/537.36 (KHTML, like Gecko) Chrome/114.0.0.0 Safari/537.36"
98.98.9.26 - - [23/Apr/2026:00:08:34 +0300] "GET /fifty-totally-free-spins-no-deposit-added-bonus-nz-online-casino-gossip-slots-100-free-spins-fifty-100-percent-free-spins-for-the-registration/ HTTP/1.1" 200 68115 "-" "Mozilla/5.0 (Windows NT 10.0; Win64; x64) AppleWebKit/537.36 (KHTML, like Gecko) Chrome/109.0.0.0 Safari/537.36"
40.77.167.57 - - [23/Apr/2026:00:08:53 +0300] "GET /what-are-an-informed-position-incentives-during-the-2026/ HTTP/2" 200 17037 "-" "Mozilla/5.0 AppleWebKit/537.36 (KHTML, like Gecko; compatible; bingbot/2.0; +http://www.bing.com/bingbot.htm) Chrome/116.0.1938.76 Safari/537.36"
52.167.144.138 - - [23/Apr/2026:00:09:12 +0300] "GET /greatest-neteller-online-casino-casinoland-25-free-spins-websites-apps-inside-the-february-2026/ HTTP/2" 200 18407 "-" "Mozilla/5.0 AppleWebKit/537.36 (KHTML, like Gecko; compatible; bingbot/2.0; +http://www.bing.com/bingbot.htm) Chrome/116.0.1938.76 Safari/537.36"
98.98.197.166 - - [23/Apr/2026:00:09:14 +0300] "POST /xmlrpc.php HTTP/1.1" 200 10245 "-" "Mozilla/5.0 (Windows NT 10.0; Win64; x64) AppleWebKit/537.36 (KHTML, like Gecko) Chrome/114.0.0.0 Safari/537.36"
185.216.113.70 - - [23/Apr/2026:00:09:39 +0300] "POST /wp-cron.php?doing_wp_cron=1776892179.2595930099487304687500 HTTP/1.1" 200 448 "-" "WordPress/6.3.8; https://serhatburke.miroglu.net"
40.77.167.57 - - [23/Apr/2026:00:09:23 +0300] "GET /mastering-raydium-your-guide-to-seamless-crypto-swaps/ HTTP/2" 200 16812 "-" "Mozilla/5.0 AppleWebKit/537.36 (KHTML, like Gecko; compatible; bingbot/2.0; +http://www.bing.com/bingbot.htm) Chrome/116.0.1938.76 Safari/537.36"
98.98.197.166 - - [23/Apr/2026:00:09:27 +0300] "GET /natbingo-forsoka-bingo-pa-inter-med-ultimat-bingobonusar/ HTTP/1.1" 200 71521 "-" "Mozilla/5.0 (Windows NT 10.0; rv:125.0) Gecko/20100101 Firefox/125.0"
40.77.167.57 - - [23/Apr/2026:00:09:28 +0300] "GET /discover-the-benefits-of-ledger-live-for-crypto-management-2/ HTTP/2" 200 16742 "-" "Mozilla/5.0 AppleWebKit/537.36 (KHTML, like Gecko; compatible; bingbot/2.0; +http://www.bing.com/bingbot.htm) Chrome/116.0.1938.76 Safari/537.36"
