193.36.38.228 - - [22/Apr/2026:15:55:02 +0300] "GET /denn-auf-keinen-fall-dennoch-neue-spieler-sollen-im-spielsalon-durch-mehrwert-profitieren-vermogen/ HTTP/1.1" 200 72099 "-" "Mozilla/5.0 (Windows NT 10.0; Win64; x64; rv:125.0) Gecko/20100101 Firefox/125.0"
155.94.236.24 - - [22/Apr/2026:15:55:11 +0300] "GET /konnte-person-im-angeschlossen-casinos-deutschland-via-paypal-begleichen/ HTTP/1.1" 200 71693 "-" "Mozilla/5.0 (Windows NT 10.0; Win64; x64) AppleWebKit/537.36 (KHTML, like Gecko) Chrome/124.0.0.0 Safari/537.36 Edg/124.0.0.0"
106.215.146.34 - - [22/Apr/2026:15:55:21 +0300] "POST /xmlrpc.php HTTP/1.1" 200 25 "-" "Mozilla/5.0 (Windows NT 10.0; Win64; x64) AppleWebKit/537.36 (KHTML, like Gecko) Chrome/114.0.0.0 Safari/537.36"
185.216.113.70 - - [22/Apr/2026:15:55:39 +0300] "POST /wp-cron.php?doing_wp_cron=1776862539.4402968883514404296875 HTTP/1.1" 200 448 "-" "WordPress/6.3.8; https://serhatburke.miroglu.net"
155.94.236.24 - - [22/Apr/2026:15:55:25 +0300] "POST /xmlrpc.php HTTP/1.1" 200 630 "-" "Mozilla/5.0 (Windows NT 10.0; Win64; x64) AppleWebKit/537.36 (KHTML, like Gecko) Chrome/114.0.0.0 Safari/537.36"
103.219.169.227 - - [22/Apr/2026:15:55:34 +0300] "POST /xmlrpc.php HTTP/1.1" 200 630 "-" "Mozilla/5.0 (Windows NT 10.0; Win64; x64) AppleWebKit/537.36 (KHTML, like Gecko) Chrome/114.0.0.0 Safari/537.36"
193.36.38.228 - - [22/Apr/2026:15:55:35 +0300] "POST /xmlrpc.php HTTP/1.1" 200 692 "-" "Mozilla/5.0 (Windows NT 10.0; Win64; x64) AppleWebKit/537.36 (KHTML, like Gecko) Chrome/114.0.0.0 Safari/537.36"
52.167.144.203 - - [22/Apr/2026:15:55:44 +0300] "GET /exact-cum-sa-alegi-cel-mai-potrivit-extra-fara-depunere/ HTTP/2" 200 17150 "-" "Mozilla/5.0 AppleWebKit/537.36 (KHTML, like Gecko; compatible; bingbot/2.0; +http://www.bing.com/bingbot.htm) Chrome/116.0.1938.76 Safari/537.36"
40.77.167.2 - - [22/Apr/2026:15:55:49 +0300] "GET /you-unlock-picks-forecasts-possibility-to-have-2025-pga-journey-feel/ HTTP/2" 200 18053 "-" "Mozilla/5.0 AppleWebKit/537.36 (KHTML, like Gecko; compatible; bingbot/2.0; +http://www.bing.com/bingbot.htm) Chrome/116.0.1938.76 Safari/537.36"
155.94.236.24 - - [22/Apr/2026:15:55:51 +0300] "POST /xmlrpc.php HTTP/1.1" 200 10128 "-" "Mozilla/5.0 (Windows NT 10.0; Win64; x64) AppleWebKit/537.36 (KHTML, like Gecko) Chrome/114.0.0.0 Safari/537.36"
185.216.113.70 - - [22/Apr/2026:15:56:44 +0300] "POST /wp-cron.php?doing_wp_cron=1776862603.9664390087127685546875 HTTP/1.1" 200 448 "-" "WordPress/6.3.8; https://serhatburke.miroglu.net"
193.194.106.44 - - [22/Apr/2026:15:55:58 +0300] "GET /robots.txt HTTP/1.1" 200 735 "-" "Mozilla/5.0 (Linux; Android 6.0.1; Nexus 5X Build/MMB29P) AppleWebKit/537.36 (KHTML, like Gecko) Chrome/139.0.7258.156 Mobile Safari/537.36 (compatible; Googlebot/2.1; +http://www.google.com/bot.html)"
185.216.113.70 - - [22/Apr/2026:15:56:57 +0300] "POST /wp-cron.php?doing_wp_cron=1776862617.7537629604339599609375 HTTP/1.1" 200 448 "-" "WordPress/6.3.8; https://serhatburke.miroglu.net"
155.94.236.24 - - [22/Apr/2026:15:56:09 +0300] "POST /xmlrpc.php HTTP/1.1" 200 630 "-" "Mozilla/5.0 (Windows NT 10.0; Win64; x64) AppleWebKit/537.36 (KHTML, like Gecko) Chrome/114.0.0.0 Safari/537.36"
185.216.113.70 - - [22/Apr/2026:15:57:00 +0300] "POST /wp-cron.php?doing_wp_cron=1776862620.5626239776611328125000 HTTP/1.1" 200 448 "-" "WordPress/6.3.8; https://serhatburke.miroglu.net"
103.219.169.227 - - [22/Apr/2026:15:56:09 +0300] "POST /xmlrpc.php HTTP/1.1" 200 11806 "-" "Mozilla/5.0 (Windows NT 10.0; Win64; x64) AppleWebKit/537.36 (KHTML, like Gecko) Chrome/114.0.0.0 Safari/537.36"
185.216.113.70 - - [22/Apr/2026:15:57:01 +0300] "POST /wp-cron.php?doing_wp_cron=1776862621.0644450187683105468750 HTTP/1.1" 200 448 "-" "WordPress/6.3.8; https://serhatburke.miroglu.net"
193.36.38.228 - - [22/Apr/2026:15:56:13 +0300] "POST /xmlrpc.php HTTP/1.1" 200 9888 "-" "Mozilla/5.0 (Windows NT 10.0; Win64; x64) AppleWebKit/537.36 (KHTML, like Gecko) Chrome/114.0.0.0 Safari/537.36"
193.194.106.44 - - [22/Apr/2026:15:56:18 +0300] "GET /bonus-5000-50-fs/ HTTP/1.1" 200 18974 "-" "Mozilla/5.0 (Linux; Android 6.0.1; Nexus 5X Build/MMB29P) AppleWebKit/537.36 (KHTML, like Gecko) Chrome/139.0.7258.156 Mobile Safari/537.36 (compatible; Googlebot/2.1; +http://www.google.com/bot.html)"
193.36.38.228 - - [22/Apr/2026:15:56:27 +0300] "POST /xmlrpc.php HTTP/1.1" 200 692 "-" "Mozilla/5.0 (Windows NT 10.0; Win64; x64) AppleWebKit/537.36 (KHTML, like Gecko) Chrome/114.0.0.0 Safari/537.36"
129.227.39.122 - - [22/Apr/2026:15:56:37 +0300] "POST /xmlrpc.php HTTP/1.1" 200 630 "-" "Mozilla/5.0 (Windows NT 10.0; Win64; x64) AppleWebKit/537.36 (KHTML, like Gecko) Chrome/114.0.0.0 Safari/537.36"
155.94.236.24 - - [22/Apr/2026:15:56:34 +0300] "GET /sei-online-kasino-brd-serios-und-unter-betrug-alle/ HTTP/1.1" 200 71459 "-" "Mozilla/5.0 (Windows NT 10.0; Win64; x64) AppleWebKit/537.36 (KHTML, like Gecko) Chrome/123.0.0.0 Safari/537.36 OPR/109.0.0.0"
185.216.113.70 - - [22/Apr/2026:15:58:09 +0300] "POST /wp-cron.php?doing_wp_cron=1776862689.3737809658050537109375 HTTP/1.1" 200 448 "-" "WordPress/6.3.8; https://serhatburke.miroglu.net"
155.94.236.24 - - [22/Apr/2026:15:56:59 +0300] "POST /xmlrpc.php HTTP/1.1" 200 630 "-" "Mozilla/5.0 (Windows NT 10.0; Win64; x64) AppleWebKit/537.36 (KHTML, like Gecko) Chrome/114.0.0.0 Safari/537.36"
185.216.113.70 - - [22/Apr/2026:15:58:14 +0300] "POST /wp-cron.php?doing_wp_cron=1776862694.0824570655822753906250 HTTP/1.1" 200 448 "-" "WordPress/6.3.8; https://serhatburke.miroglu.net"
185.216.113.70 - - [22/Apr/2026:15:58:16 +0300] "POST /wp-cron.php?doing_wp_cron=1776862695.8824739456176757812500 HTTP/1.1" 200 448 "-" "WordPress/6.3.8; https://serhatburke.miroglu.net"
155.94.236.24 - - [22/Apr/2026:15:57:04 +0300] "POST /xmlrpc.php HTTP/1.1" 200 10050 "-" "Mozilla/5.0 (Windows NT 10.0; Win64; x64) AppleWebKit/537.36 (KHTML, like Gecko) Chrome/114.0.0.0 Safari/537.36"
193.36.38.228 - - [22/Apr/2026:15:57:01 +0300] "GET /inaktive-online-casinos-in-brd-unser-ten-euroletten-vermittlungsprovision-frei-einzahlung-anbieten/ HTTP/1.1" 200 72637 "-" "Mozilla/5.0 (Windows NT 10.0; rv:125.0) Gecko/20100101 Firefox/125.0"
185.216.113.70 - - [22/Apr/2026:15:58:20 +0300] "POST /wp-cron.php?doing_wp_cron=1776862700.5302340984344482421875 HTTP/1.1" 200 448 "-" "WordPress/6.3.8; https://serhatburke.miroglu.net"
103.219.169.227 - - [22/Apr/2026:15:57:03 +0300] "GET /beste-echtgeld-verbunden-extra-cash-online-slot-casinos-in-teutonia-2026/ HTTP/1.1" 200 73740 "-" "Mozilla/5.0 (Windows NT 10.0; Win64; x64; rv:125.0) Gecko/20100101 Firefox/125.0"
185.216.113.70 - - [22/Apr/2026:15:58:24 +0300] "POST /wp-cron.php?doing_wp_cron=1776862704.2440369129180908203125 HTTP/1.1" 200 448 "-" "WordPress/6.3.8; https://serhatburke.miroglu.net"
193.36.38.228 - - [22/Apr/2026:15:57:13 +0300] "POST /xmlrpc.php HTTP/1.1" 200 692 "-" "Mozilla/5.0 (Windows NT 10.0; Win64; x64) AppleWebKit/537.36 (KHTML, like Gecko) Chrome/114.0.0.0 Safari/537.36"
185.216.113.70 - - [22/Apr/2026:15:59:04 +0300] "POST /wp-cron.php?doing_wp_cron=1776862744.7448909282684326171875 HTTP/1.1" 200 448 "-" "WordPress/6.3.8; https://serhatburke.miroglu.net"
193.36.38.228 - - [22/Apr/2026:15:57:33 +0300] "POST /xmlrpc.php HTTP/1.1" 200 10159 "-" "Mozilla/5.0 (Windows NT 10.0; Win64; x64) AppleWebKit/537.36 (KHTML, like Gecko) Chrome/114.0.0.0 Safari/537.36"
185.216.113.70 - - [22/Apr/2026:15:59:10 +0300] "POST /wp-cron.php?doing_wp_cron=1776862749.9411859512329101562500 HTTP/1.1" 200 448 "-" "WordPress/6.3.8; https://serhatburke.miroglu.net"
155.94.236.24 - - [22/Apr/2026:15:57:43 +0300] "POST /xmlrpc.php HTTP/1.1" 200 630 "-" "Mozilla/5.0 (Windows NT 10.0; Win64; x64) AppleWebKit/537.36 (KHTML, like Gecko) Chrome/114.0.0.0 Safari/537.36"
185.216.113.70 - - [22/Apr/2026:15:59:13 +0300] "POST /wp-cron.php?doing_wp_cron=1776862753.2458899021148681640625 HTTP/1.1" 200 448 "-" "WordPress/6.3.8; https://serhatburke.miroglu.net"
129.227.39.122 - - [22/Apr/2026:15:57:44 +0300] "POST /xmlrpc.php HTTP/1.1" 200 13829 "-" "Mozilla/5.0 (Windows NT 10.0; Win64; x64) AppleWebKit/537.36 (KHTML, like Gecko) Chrome/114.0.0.0 Safari/537.36"
185.216.113.70 - - [22/Apr/2026:15:59:20 +0300] "POST /wp-cron.php?doing_wp_cron=1776862760.0320150852203369140625 HTTP/1.1" 200 448 "-" "WordPress/6.3.8; https://serhatburke.miroglu.net"
193.36.38.228 - - [22/Apr/2026:15:58:06 +0300] "POST /xmlrpc.php HTTP/1.1" 200 692 "-" "Mozilla/5.0 (Windows NT 10.0; Win64; x64) AppleWebKit/537.36 (KHTML, like Gecko) Chrome/114.0.0.0 Safari/537.36"
185.216.113.70 - - [22/Apr/2026:15:59:42 +0300] "POST /wp-cron.php?doing_wp_cron=1776862782.7830181121826171875000 HTTP/1.1" 200 448 "-" "WordPress/6.3.8; https://serhatburke.miroglu.net"
128.1.227.229 - - [22/Apr/2026:15:58:04 +0300] "POST /xmlrpc.php HTTP/1.1" 200 630 "-" "Mozilla/5.0 (Windows NT 10.0; Win64; x64) AppleWebKit/537.36 (KHTML, like Gecko) Chrome/114.0.0.0 Safari/537.36"
185.216.113.70 - - [22/Apr/2026:16:00:01 +0300] "POST /wp-cron.php?doing_wp_cron=1776862801.3332269191741943359375 HTTP/1.1" 200 448 "-" "WordPress/6.3.8; https://serhatburke.miroglu.net"
193.36.38.228 - - [22/Apr/2026:15:58:33 +0300] "POST /xmlrpc.php HTTP/1.1" 200 9857 "-" "Mozilla/5.0 (Windows NT 10.0; Win64; x64) AppleWebKit/537.36 (KHTML, like Gecko) Chrome/114.0.0.0 Safari/537.36"
155.94.236.24 - - [22/Apr/2026:15:58:18 +0300] "POST /xmlrpc.php HTTP/1.1" 500 745 "-" "Mozilla/5.0 (Windows NT 10.0; Win64; x64) AppleWebKit/537.36 (KHTML, like Gecko) Chrome/114.0.0.0 Safari/537.36"
185.216.113.70 - - [22/Apr/2026:16:00:19 +0300] "POST /wp-cron.php?doing_wp_cron=1776862818.9352679252624511718750 HTTP/1.1" 200 448 "-" "WordPress/6.3.8; https://serhatburke.miroglu.net"
155.94.236.24 - - [22/Apr/2026:15:58:20 +0300] "GET /gleichwohl-kasino-freispiele-blo-einzahlung-hatten-den-herausragenden-relevanz-bei-der-casinobranche/ HTTP/1.1" 500 745 "-" "Mozilla/5.0 (Windows NT 10.0; Win64; x64) AppleWebKit/537.36 (KHTML, like Gecko) Chrome/109.0.0.0 Safari/537.36"
185.216.113.70 - - [22/Apr/2026:16:00:34 +0300] "POST /wp-cron.php?doing_wp_cron=1776862834.8454730510711669921875 HTTP/1.1" 200 448 "-" "WordPress/6.3.8; https://serhatburke.miroglu.net"
155.94.236.24 - - [22/Apr/2026:15:58:35 +0300] "POST /xmlrpc.php HTTP/1.1" 200 630 "-" "Mozilla/5.0 (Windows NT 10.0; Win64; x64) AppleWebKit/537.36 (KHTML, like Gecko) Chrome/114.0.0.0 Safari/537.36"
40.77.167.2 - - [22/Apr/2026:15:59:56 +0300] "GET /thunderstruck-ii-videoleikkeet-neko-gamesin-bingo-ottelusta-nauti-taysin-ilmaisista-bingopeleista/ HTTP/2" 200 0 "-" "Mozilla/5.0 AppleWebKit/537.36 (KHTML, like Gecko; compatible; bingbot/2.0; +http://www.bing.com/bingbot.htm) Chrome/116.0.1938.76 Safari/537.36"
40.77.167.78 - - [22/Apr/2026:16:00:07 +0300] "GET /having-been-in-the-business-getting-parece-that-fits-for-each-and-every-players-means/ HTTP/2" 200 0 "-" "Mozilla/5.0 AppleWebKit/537.36 (KHTML, like Gecko; compatible; bingbot/2.0; +http://www.bing.com/bingbot.htm) Chrome/116.0.1938.76 Safari/537.36"
40.77.167.78 - - [22/Apr/2026:16:00:10 +0300] "GET /there-is-loads-of-locations-that-you-may-enjoy-it-slot/ HTTP/2" 200 0 "-" "Mozilla/5.0 AppleWebKit/537.36 (KHTML, like Gecko; compatible; bingbot/2.0; +http://www.bing.com/bingbot.htm) Chrome/116.0.1938.76 Safari/537.36"
193.36.38.228 - - [22/Apr/2026:15:59:06 +0300] "GET /casinos-uber-paysafecard-exklusive-oasis-verbinden-zuversichtlichkeit-anonymitat-und-echte-freiheit/ HTTP/1.1" 500 604 "-" "Mozilla/5.0 (Windows NT 10.0; Win64; x64) AppleWebKit/537.36 (KHTML, like Gecko) Chrome/124.0.0.0 Safari/537.36 Edg/124.0.0.0"
129.227.39.122 - - [22/Apr/2026:15:59:14 +0300] "GET /fre-spins-casinos-wegens-20-meerdere-betaallijnen-gokkast-nederland-3326x-voor-optreden/ HTTP/1.1" 500 745 "-" "Mozilla/5.0 (Windows NT 10.0; rv:125.0) Gecko/20100101 Firefox/125.0"
155.94.236.24 - - [22/Apr/2026:15:59:17 +0300] "POST /xmlrpc.php HTTP/1.1" 500 745 "-" "Mozilla/5.0 (Windows NT 10.0; Win64; x64) AppleWebKit/537.36 (KHTML, like Gecko) Chrome/114.0.0.0 Safari/537.36"
155.94.236.24 - - [22/Apr/2026:15:59:25 +0300] "POST /xmlrpc.php HTTP/1.1" 500 745 "-" "Mozilla/5.0 (Windows NT 10.0; Win64; x64) AppleWebKit/537.36 (KHTML, like Gecko) Chrome/114.0.0.0 Safari/537.36"
185.216.113.70 - - [22/Apr/2026:16:01:29 +0300] "POST /wp-cron.php?doing_wp_cron=1776862889.1386530399322509765625 HTTP/1.1" 200 448 "-" "WordPress/6.3.8; https://serhatburke.miroglu.net"
193.36.38.228 - - [22/Apr/2026:15:59:28 +0300] "POST /xmlrpc.php HTTP/1.1" 500 629 "-" "Mozilla/5.0 (Windows NT 10.0; Win64; x64) AppleWebKit/537.36 (KHTML, like Gecko) Chrome/114.0.0.0 Safari/537.36"
193.36.38.228 - - [22/Apr/2026:15:59:29 +0300] "POST /xmlrpc.php HTTP/1.1" 500 807 "-" "Mozilla/5.0 (Windows NT 10.0; Win64; x64) AppleWebKit/537.36 (KHTML, like Gecko) Chrome/114.0.0.0 Safari/537.36"
128.1.227.229 - - [22/Apr/2026:15:59:44 +0300] "POST /xmlrpc.php HTTP/1.1" 500 745 "-" "Mozilla/5.0 (Windows NT 10.0; Win64; x64) AppleWebKit/537.36 (KHTML, like Gecko) Chrome/114.0.0.0 Safari/537.36"
40.77.167.2 - - [22/Apr/2026:16:00:56 +0300] "GET /sobre-como-liberar-y-nuevos-casinos-en-linea-aprobados-instalar-una-app-sobre-goldenpark-klaren-technology/ HTTP/2" 200 0 "-" "Mozilla/5.0 AppleWebKit/537.36 (KHTML, like Gecko; compatible; bingbot/2.0; +http://www.bing.com/bingbot.htm) Chrome/116.0.1938.76 Safari/537.36"
155.94.236.24 - - [22/Apr/2026:15:59:59 +0300] "POST /xmlrpc.php HTTP/1.1" 500 745 "-" "Mozilla/5.0 (Windows NT 10.0; Win64; x64) AppleWebKit/537.36 (KHTML, like Gecko) Chrome/114.0.0.0 Safari/537.36"
155.94.236.24 - - [22/Apr/2026:16:00:01 +0300] "POST /xmlrpc.php HTTP/1.1" 500 745 "-" "Mozilla/5.0 (Windows NT 10.0; Win64; x64) AppleWebKit/537.36 (KHTML, like Gecko) Chrome/114.0.0.0 Safari/537.36"
155.94.236.24 - - [22/Apr/2026:16:00:04 +0300] "POST /xmlrpc.php HTTP/1.1" 500 745 "-" "Mozilla/5.0 (Windows NT 10.0; Win64; x64) AppleWebKit/537.36 (KHTML, like Gecko) Chrome/114.0.0.0 Safari/537.36"
193.36.38.228 - - [22/Apr/2026:16:00:07 +0300] "GET /haufig-gestellte-fragen-%EF%BF%BD-faq-zur-erreichbar-casinos-tabelle/ HTTP/1.1" 500 604 "-" "Mozilla/5.0 (Windows NT 10.0; Win64; x64) AppleWebKit/537.36 (KHTML, like Gecko) Chrome/124.0.0.0 Safari/537.36"
155.94.236.24 - - [22/Apr/2026:16:00:15 +0300] "POST /xmlrpc.php HTTP/1.1" 500 745 "-" "Mozilla/5.0 (Windows NT 10.0; Win64; x64) AppleWebKit/537.36 (KHTML, like Gecko) Chrome/114.0.0.0 Safari/537.36"
193.36.38.228 - - [22/Apr/2026:16:00:16 +0300] "POST /xmlrpc.php HTTP/1.1" 500 807 "-" "Mozilla/5.0 (Windows NT 10.0; Win64; x64) AppleWebKit/537.36 (KHTML, like Gecko) Chrome/114.0.0.0 Safari/537.36"
155.94.236.24 - - [22/Apr/2026:16:00:41 +0300] "POST /xmlrpc.php HTTP/1.1" 500 745 "-" "Mozilla/5.0 (Windows NT 10.0; Win64; x64) AppleWebKit/537.36 (KHTML, like Gecko) Chrome/114.0.0.0 Safari/537.36"
193.36.38.228 - - [22/Apr/2026:16:00:46 +0300] "POST /xmlrpc.php HTTP/1.1" 500 807 "-" "Mozilla/5.0 (Windows NT 10.0; Win64; x64) AppleWebKit/537.36 (KHTML, like Gecko) Chrome/114.0.0.0 Safari/537.36"
129.227.39.122 - - [22/Apr/2026:16:00:54 +0300] "POST /xmlrpc.php HTTP/1.1" 500 745 "-" "Mozilla/5.0 (Windows NT 10.0; Win64; x64) AppleWebKit/537.36 (KHTML, like Gecko) Chrome/114.0.0.0 Safari/537.36"
193.36.38.228 - - [22/Apr/2026:16:01:16 +0300] "POST /xmlrpc.php HTTP/1.1" 200 9661 "-" "Mozilla/5.0 (Windows NT 10.0; Win64; x64) AppleWebKit/537.36 (KHTML, like Gecko) Chrome/114.0.0.0 Safari/537.36"
155.94.236.24 - - [22/Apr/2026:16:01:03 +0300] "POST /xmlrpc.php HTTP/1.1" 500 745 "-" "Mozilla/5.0 (Windows NT 10.0; Win64; x64) AppleWebKit/537.36 (KHTML, like Gecko) Chrome/114.0.0.0 Safari/537.36"
155.94.236.24 - - [22/Apr/2026:16:01:05 +0300] "POST /xmlrpc.php HTTP/1.1" 500 745 "-" "Mozilla/5.0 (Windows NT 10.0; Win64; x64) AppleWebKit/537.36 (KHTML, like Gecko) Chrome/114.0.0.0 Safari/537.36"
193.36.38.228 - - [22/Apr/2026:16:01:05 +0300] "POST /xmlrpc.php HTTP/1.1" 500 807 "-" "Mozilla/5.0 (Windows NT 10.0; Win64; x64) AppleWebKit/537.36 (KHTML, like Gecko) Chrome/114.0.0.0 Safari/537.36"
185.216.113.70 - - [22/Apr/2026:16:02:57 +0300] "POST /wp-cron.php?doing_wp_cron=1776862977.0550339221954345703125 HTTP/1.1" 200 448 "-" "WordPress/6.3.8; https://serhatburke.miroglu.net"
185.216.113.70 - - [22/Apr/2026:16:03:05 +0300] "POST /wp-cron.php?doing_wp_cron=1776862985.4698081016540527343750 HTTP/1.1" 200 448 "-" "WordPress/6.3.8; https://serhatburke.miroglu.net"
193.36.38.228 - - [22/Apr/2026:16:01:08 +0300] "POST /xmlrpc.php HTTP/1.1" 500 807 "-" "Mozilla/5.0 (Windows NT 10.0; Win64; x64) AppleWebKit/537.36 (KHTML, like Gecko) Chrome/114.0.0.0 Safari/537.36"
128.1.227.229 - - [22/Apr/2026:16:01:29 +0300] "POST /xmlrpc.php HTTP/1.1" 200 13523 "-" "Mozilla/5.0 (Windows NT 10.0; Win64; x64) AppleWebKit/537.36 (KHTML, like Gecko) Chrome/114.0.0.0 Safari/537.36"
155.94.236.24 - - [22/Apr/2026:16:01:32 +0300] "POST /xmlrpc.php HTTP/1.1" 500 745 "-" "Mozilla/5.0 (Windows NT 10.0; Win64; x64) AppleWebKit/537.36 (KHTML, like Gecko) Chrome/114.0.0.0 Safari/537.36"
185.216.113.70 - - [22/Apr/2026:16:03:20 +0300] "POST /wp-cron.php?doing_wp_cron=1776863000.5391619205474853515625 HTTP/1.1" 200 448 "-" "WordPress/6.3.8; https://serhatburke.miroglu.net"
155.94.236.24 - - [22/Apr/2026:16:01:41 +0300] "GET /?p=127462 HTTP/1.1" 500 745 "-" "Mozilla/5.0 (Windows NT 10.0; Win64; x64; rv:125.0) Gecko/20100101 Firefox/125.0"
155.94.236.24 - - [22/Apr/2026:16:01:46 +0300] "POST /xmlrpc.php HTTP/1.1" 500 745 "-" "Mozilla/5.0 (Windows NT 10.0; Win64; x64) AppleWebKit/537.36 (KHTML, like Gecko) Chrome/114.0.0.0 Safari/537.36"
129.227.39.122 - - [22/Apr/2026:16:01:47 +0300] "POST /xmlrpc.php HTTP/1.1" 500 745 "-" "Mozilla/5.0 (Windows NT 10.0; Win64; x64) AppleWebKit/537.36 (KHTML, like Gecko) Chrome/114.0.0.0 Safari/537.36"
193.36.38.228 - - [22/Apr/2026:16:01:48 +0300] "POST /xmlrpc.php HTTP/1.1" 500 807 "-" "Mozilla/5.0 (Windows NT 10.0; Win64; x64) AppleWebKit/537.36 (KHTML, like Gecko) Chrome/114.0.0.0 Safari/537.36"
193.36.38.228 - - [22/Apr/2026:16:01:56 +0300] "POST /xmlrpc.php HTTP/1.1" 500 807 "-" "Mozilla/5.0 (Windows NT 10.0; Win64; x64) AppleWebKit/537.36 (KHTML, like Gecko) Chrome/114.0.0.0 Safari/537.36"
193.36.38.228 - - [22/Apr/2026:16:01:58 +0300] "POST /xmlrpc.php HTTP/1.1" 500 807 "-" "Mozilla/5.0 (Windows NT 10.0; Win64; x64) AppleWebKit/537.36 (KHTML, like Gecko) Chrome/114.0.0.0 Safari/537.36"
155.94.236.24 - - [22/Apr/2026:16:02:01 +0300] "POST /xmlrpc.php HTTP/1.1" 500 745 "-" "Mozilla/5.0 (Windows NT 10.0; Win64; x64) AppleWebKit/537.36 (KHTML, like Gecko) Chrome/114.0.0.0 Safari/537.36"
185.216.113.70 - - [22/Apr/2026:16:04:23 +0300] "POST /wp-cron.php?doing_wp_cron=1776863063.1519610881805419921875 HTTP/1.1" 200 448 "-" "WordPress/6.3.8; https://serhatburke.miroglu.net"
155.94.236.24 - - [22/Apr/2026:16:02:22 +0300] "POST /xmlrpc.php HTTP/1.1" 500 745 "-" "Mozilla/5.0 (Windows NT 10.0; Win64; x64) AppleWebKit/537.36 (KHTML, like Gecko) Chrome/114.0.0.0 Safari/537.36"
185.153.197.137 - - [22/Apr/2026:16:02:56 +0300] "POST /xmlrpc.php HTTP/1.1" 500 1102 "-" "Mozilla/5.0 (Windows NT 10.0; Win64; x64) AppleWebKit/537.36 (KHTML, like Gecko) Chrome/114.0.0.0 Safari/537.36"
155.94.236.24 - - [22/Apr/2026:16:02:43 +0300] "GET /?p=127466 HTTP/1.1" 500 745 "-" "Mozilla/5.0 (Windows NT 10.0; rv:125.0) Gecko/20100101 Firefox/125.0"
193.36.38.228 - - [22/Apr/2026:16:02:45 +0300] "POST /xmlrpc.php HTTP/1.1" 500 807 "-" "Mozilla/5.0 (Windows NT 10.0; Win64; x64) AppleWebKit/537.36 (KHTML, like Gecko) Chrome/114.0.0.0 Safari/537.36"
185.216.113.70 - - [22/Apr/2026:16:04:48 +0300] "POST /wp-cron.php?doing_wp_cron=1776863088.6363289356231689453125 HTTP/1.1" 200 448 "-" "WordPress/6.3.8; https://serhatburke.miroglu.net"
193.36.38.228 - - [22/Apr/2026:16:02:55 +0300] "GET /?p=127468 HTTP/1.1" 500 782 "-" "Mozilla/5.0 (Windows NT 10.0; rv:125.0) Gecko/20100101 Firefox/125.0"
98.98.210.134 - - [22/Apr/2026:16:02:57 +0300] "POST /xmlrpc.php HTTP/1.1" 500 745 "-" "Mozilla/5.0 (Windows NT 10.0; Win64; x64) AppleWebKit/537.36 (KHTML, like Gecko) Chrome/114.0.0.0 Safari/537.36"
185.216.113.70 - - [22/Apr/2026:16:05:05 +0300] "POST /wp-cron.php?doing_wp_cron=1776863105.0154910087585449218750 HTTP/1.1" 200 448 "-" "WordPress/6.3.8; https://serhatburke.miroglu.net"
155.94.236.24 - - [22/Apr/2026:16:03:22 +0300] "POST /xmlrpc.php HTTP/1.1" 200 861 "-" "Mozilla/5.0 (Windows NT 10.0; Win64; x64) AppleWebKit/537.36 (KHTML, like Gecko) Chrome/114.0.0.0 Safari/537.36"
155.94.236.24 - - [22/Apr/2026:16:03:12 +0300] "POST /xmlrpc.php HTTP/1.1" 500 745 "-" "Mozilla/5.0 (Windows NT 10.0; Win64; x64) AppleWebKit/537.36 (KHTML, like Gecko) Chrome/114.0.0.0 Safari/537.36"
185.216.113.70 - - [22/Apr/2026:16:05:14 +0300] "POST /wp-cron.php?doing_wp_cron=1776863114.2499089241027832031250 HTTP/1.1" 200 448 "-" "WordPress/6.3.8; https://serhatburke.miroglu.net"
45.250.252.179 - - [22/Apr/2026:16:03:18 +0300] "POST /xmlrpc.php HTTP/1.1" 200 630 "-" "Mozilla/5.0 (Windows NT 10.0; Win64; x64) AppleWebKit/537.36 (KHTML, like Gecko) Chrome/114.0.0.0 Safari/537.36"
128.1.227.229 - - [22/Apr/2026:16:03:14 +0300] "POST /xmlrpc.php HTTP/1.1" 500 745 "-" "Mozilla/5.0 (Windows NT 10.0; Win64; x64) AppleWebKit/537.36 (KHTML, like Gecko) Chrome/114.0.0.0 Safari/537.36"
185.216.113.70 - - [22/Apr/2026:16:05:34 +0300] "POST /wp-cron.php?doing_wp_cron=1776863133.8581619262695312500000 HTTP/1.1" 200 448 "-" "WordPress/6.3.8; https://serhatburke.miroglu.net"
103.219.169.227 - - [22/Apr/2026:16:03:48 +0300] "POST /xmlrpc.php HTTP/1.1" 200 630 "-" "Mozilla/5.0 (Windows NT 10.0; Win64; x64) AppleWebKit/537.36 (KHTML, like Gecko) Chrome/114.0.0.0 Safari/537.36"
217.64.126.39 - - [22/Apr/2026:16:03:35 +0300] "GET /?p=127470 HTTP/1.1" 500 745 "-" "Mozilla/5.0 (Windows NT 10.0; Win64; x64) AppleWebKit/537.36 (KHTML, like Gecko) Chrome/123.0.0.0 Safari/537.36 OPR/109.0.0.0"
193.36.38.228 - - [22/Apr/2026:16:03:38 +0300] "POST /xmlrpc.php HTTP/1.1" 500 807 "-" "Mozilla/5.0 (Windows NT 10.0; Win64; x64) AppleWebKit/537.36 (KHTML, like Gecko) Chrome/114.0.0.0 Safari/537.36"
155.94.236.24 - - [22/Apr/2026:16:03:46 +0300] "POST /xmlrpc.php HTTP/1.1" 500 745 "-" "Mozilla/5.0 (Windows NT 10.0; Win64; x64) AppleWebKit/537.36 (KHTML, like Gecko) Chrome/114.0.0.0 Safari/537.36"
217.64.126.39 - - [22/Apr/2026:16:03:56 +0300] "POST /xmlrpc.php HTTP/1.1" 500 745 "-" "Mozilla/5.0 (Windows NT 10.0; Win64; x64) AppleWebKit/537.36 (KHTML, like Gecko) Chrome/114.0.0.0 Safari/537.36"
185.216.113.70 - - [22/Apr/2026:16:06:05 +0300] "POST /wp-cron.php?doing_wp_cron=1776863165.7300140857696533203125 HTTP/1.1" 200 448 "-" "WordPress/6.3.8; https://serhatburke.miroglu.net"
155.94.236.24 - - [22/Apr/2026:16:04:22 +0300] "POST /xmlrpc.php HTTP/1.1" 200 861 "-" "Mozilla/5.0 (Windows NT 10.0; Win64; x64) AppleWebKit/537.36 (KHTML, like Gecko) Chrome/114.0.0.0 Safari/537.36"
185.216.113.70 - - [22/Apr/2026:16:06:15 +0300] "POST /wp-cron.php?doing_wp_cron=1776863175.5462129116058349609375 HTTP/1.1" 200 448 "-" "WordPress/6.3.8; https://serhatburke.miroglu.net"
193.36.38.228 - - [22/Apr/2026:16:04:36 +0300] "POST /xmlrpc.php HTTP/1.1" 200 689 "-" "Mozilla/5.0 (Windows NT 10.0; Win64; x64) AppleWebKit/537.36 (KHTML, like Gecko) Chrome/114.0.0.0 Safari/537.36"
185.216.113.70 - - [22/Apr/2026:16:06:26 +0300] "POST /wp-cron.php?doing_wp_cron=1776863185.9313249588012695312500 HTTP/1.1" 200 448 "-" "WordPress/6.3.8; https://serhatburke.miroglu.net"
98.98.210.134 - - [22/Apr/2026:16:04:37 +0300] "POST /xmlrpc.php HTTP/1.1" 500 1102 "-" "Mozilla/5.0 (Windows NT 10.0; Win64; x64) AppleWebKit/537.36 (KHTML, like Gecko) Chrome/114.0.0.0 Safari/537.36"
185.216.113.70 - - [22/Apr/2026:16:06:37 +0300] "POST /wp-cron.php?doing_wp_cron=1776863196.9469480514526367187500 HTTP/1.1" 200 448 "-" "WordPress/6.3.8; https://serhatburke.miroglu.net"
155.94.236.24 - - [22/Apr/2026:16:05:26 +0300] "GET /?p=127472 HTTP/1.1" 301 688 "-" "Mozilla/5.0 (Windows NT 10.0; Win64; x64) AppleWebKit/537.36 (KHTML, like Gecko) Chrome/122.0.0.0 Safari/537.36"
185.216.113.70 - - [22/Apr/2026:16:06:42 +0300] "POST /wp-cron.php?doing_wp_cron=1776863201.9299800395965576171875 HTTP/1.1" 200 448 "-" "WordPress/6.3.8; https://serhatburke.miroglu.net"
103.219.169.227 - - [22/Apr/2026:16:05:28 +0300] "POST /xmlrpc.php HTTP/1.1" 500 1102 "-" "Mozilla/5.0 (Windows NT 10.0; Win64; x64) AppleWebKit/537.36 (KHTML, like Gecko) Chrome/114.0.0.0 Safari/537.36"
185.216.113.70 - - [22/Apr/2026:16:06:43 +0300] "POST /wp-cron.php?doing_wp_cron=1776863203.4397099018096923828125 HTTP/1.1" 200 448 "-" "WordPress/6.3.8; https://serhatburke.miroglu.net"
45.250.252.179 - - [22/Apr/2026:16:04:57 +0300] "POST /xmlrpc.php HTTP/1.1" 500 1102 "-" "Mozilla/5.0 (Windows NT 10.0; Win64; x64) AppleWebKit/537.36 (KHTML, like Gecko) Chrome/114.0.0.0 Safari/537.36"
185.216.113.70 - - [22/Apr/2026:16:06:49 +0300] "POST /wp-cron.php?doing_wp_cron=1776863208.8554968833923339843750 HTTP/1.1" 200 448 "-" "WordPress/6.3.8; https://serhatburke.miroglu.net"
217.64.126.39 - - [22/Apr/2026:16:05:07 +0300] "POST /xmlrpc.php HTTP/1.1" 200 861 "-" "Mozilla/5.0 (Windows NT 10.0; Win64; x64) AppleWebKit/537.36 (KHTML, like Gecko) Chrome/114.0.0.0 Safari/537.36"
185.216.113.70 - - [22/Apr/2026:16:07:53 +0300] "POST /wp-cron.php?doing_wp_cron=1776863273.2396190166473388671875 HTTP/1.1" 200 448 "-" "WordPress/6.3.8; https://serhatburke.miroglu.net"
45.250.252.179 - - [22/Apr/2026:16:06:31 +0300] "POST /xmlrpc.php HTTP/1.1" 200 630 "-" "Mozilla/5.0 (Windows NT 10.0; Win64; x64) AppleWebKit/537.36 (KHTML, like Gecko) Chrome/114.0.0.0 Safari/537.36"
185.216.113.70 - - [22/Apr/2026:16:07:57 +0300] "POST /wp-cron.php?doing_wp_cron=1776863276.9463179111480712890625 HTTP/1.1" 200 448 "-" "WordPress/6.3.8; https://serhatburke.miroglu.net"
155.94.236.24 - - [22/Apr/2026:16:06:39 +0300] "GET /daselbst-gibt-es-zwei-manche-varianten-nachfolgende-von-dasjenige-kasino-umgesetzt-werden-vermogen/ HTTP/1.1" 200 71988 "-" "Mozilla/5.0 (Windows NT 10.0; Win64; x64) AppleWebKit/537.36 (KHTML, like Gecko) Chrome/122.0.0.0 Safari/537.36"
185.216.113.70 - - [22/Apr/2026:16:08:00 +0300] "POST /wp-cron.php?doing_wp_cron=1776863280.3678109645843505859375 HTTP/1.1" 200 448 "-" "WordPress/6.3.8; https://serhatburke.miroglu.net"
185.216.113.70 - - [22/Apr/2026:16:08:01 +0300] "POST /wp-cron.php?doing_wp_cron=1776863281.2637739181518554687500 HTTP/1.1" 200 448 "-" "WordPress/6.3.8; https://serhatburke.miroglu.net"
103.219.169.227 - - [22/Apr/2026:16:06:48 +0300] "POST /xmlrpc.php HTTP/1.1" 200 11184 "-" "Mozilla/5.0 (Windows NT 10.0; Win64; x64) AppleWebKit/537.36 (KHTML, like Gecko) Chrome/114.0.0.0 Safari/537.36"
185.216.113.70 - - [22/Apr/2026:16:08:06 +0300] "POST /wp-cron.php?doing_wp_cron=1776863286.4378829002380371093750 HTTP/1.1" 200 448 "-" "WordPress/6.3.8; https://serhatburke.miroglu.net"
45.250.252.179 - - [22/Apr/2026:16:06:42 +0300] "POST /xmlrpc.php HTTP/1.1" 200 11404 "-" "Mozilla/5.0 (Windows NT 10.0; Win64; x64) AppleWebKit/537.36 (KHTML, like Gecko) Chrome/114.0.0.0 Safari/537.36"
143.44.185.22 - - [22/Apr/2026:16:07:58 +0300] "POST /xmlrpc.php HTTP/1.1" 200 25 "-" "Mozilla/5.0 (Windows NT 10.0; Win64; x64) AppleWebKit/537.36 (KHTML, like Gecko) Chrome/114.0.0.0 Safari/537.36"
185.216.113.70 - - [22/Apr/2026:16:08:20 +0300] "POST /wp-cron.php?doing_wp_cron=1776863300.4065940380096435546875 HTTP/1.1" 200 448 "-" "WordPress/6.3.8; https://serhatburke.miroglu.net"
155.94.236.24 - - [22/Apr/2026:16:07:07 +0300] "POST /xmlrpc.php HTTP/1.1" 200 861 "-" "Mozilla/5.0 (Windows NT 10.0; Win64; x64) AppleWebKit/537.36 (KHTML, like Gecko) Chrome/114.0.0.0 Safari/537.36"
143.44.185.22 - - [22/Apr/2026:16:08:10 +0300] "POST /xmlrpc.php HTTP/1.1" 200 25 "-" "Mozilla/5.0 (Windows NT 10.0; Win64; x64) AppleWebKit/537.36 (KHTML, like Gecko) Chrome/114.0.0.0 Safari/537.36"
185.216.113.70 - - [22/Apr/2026:16:09:13 +0300] "POST /wp-cron.php?doing_wp_cron=1776863353.2551140785217285156250 HTTP/1.1" 200 448 "-" "WordPress/6.3.8; https://serhatburke.miroglu.net"
45.250.252.179 - - [22/Apr/2026:16:07:55 +0300] "POST /xmlrpc.php HTTP/1.1" 500 1102 "-" "Mozilla/5.0 (Windows NT 10.0; Win64; x64) AppleWebKit/537.36 (KHTML, like Gecko) Chrome/114.0.0.0 Safari/537.36"
185.216.113.70 - - [22/Apr/2026:16:09:16 +0300] "POST /wp-cron.php?doing_wp_cron=1776863356.7551429271697998046875 HTTP/1.1" 200 448 "-" "WordPress/6.3.8; https://serhatburke.miroglu.net"
98.98.197.186 - - [22/Apr/2026:16:08:05 +0300] "POST /xmlrpc.php HTTP/1.1" 200 630 "-" "Mozilla/5.0 (Windows NT 10.0; Win64; x64) AppleWebKit/537.36 (KHTML, like Gecko) Chrome/114.0.0.0 Safari/537.36"
185.216.113.70 - - [22/Apr/2026:16:09:20 +0300] "POST /wp-cron.php?doing_wp_cron=1776863360.1299529075622558593750 HTTP/1.1" 200 448 "-" "WordPress/6.3.8; https://serhatburke.miroglu.net"
103.219.169.227 - - [22/Apr/2026:16:08:02 +0300] "GET /sofortgeld-bingo-top-casino-keine-einzahlungsboni-auffuhren/ HTTP/1.1" 200 73593 "-" "Mozilla/5.0 (Windows NT 10.0; Win64; x64) AppleWebKit/537.36 (KHTML, like Gecko) Chrome/109.0.0.0 Safari/537.36"
185.216.113.70 - - [22/Apr/2026:16:09:22 +0300] "POST /wp-cron.php?doing_wp_cron=1776863362.8464748859405517578125 HTTP/1.1" 200 448 "-" "WordPress/6.3.8; https://serhatburke.miroglu.net"
45.250.252.179 - - [22/Apr/2026:16:08:08 +0300] "GET /odds-probability-mega-hamster-gambling-game-calculator/ HTTP/1.1" 200 72291 "-" "Mozilla/5.0 (Windows NT 10.0; rv:125.0) Gecko/20100101 Firefox/125.0"
185.216.113.70 - - [22/Apr/2026:16:09:37 +0300] "POST /wp-cron.php?doing_wp_cron=1776863377.8533959388732910156250 HTTP/1.1" 200 448 "-" "WordPress/6.3.8; https://serhatburke.miroglu.net"
223.165.69.7 - - [22/Apr/2026:16:08:36 +0300] "POST /xmlrpc.php HTTP/1.1" 200 655 "-" "Mozilla/5.0 (Windows NT 10.0; Win64; x64) AppleWebKit/537.36 (KHTML, like Gecko) Chrome/114.0.0.0 Safari/537.36"
185.216.113.70 - - [22/Apr/2026:16:09:51 +0300] "POST /wp-cron.php?doing_wp_cron=1776863391.5463459491729736328125 HTTP/1.1" 200 448 "-" "WordPress/6.3.8; https://serhatburke.miroglu.net"
217.64.126.39 - - [22/Apr/2026:16:08:59 +0300] "POST /xmlrpc.php HTTP/1.1" 200 655 "-" "Mozilla/5.0 (Windows NT 10.0; Win64; x64) AppleWebKit/537.36 (KHTML, like Gecko) Chrome/114.0.0.0 Safari/537.36"
84.200.80.218 - - [22/Apr/2026:16:06:44 +0300] "GET /the-best-crash-gambling-sites-for-us-players-in-115/ HTTP/1.1" 200 94351 "-" "Screaming Frog SEO Spider/18.1"
98.98.197.186 - - [22/Apr/2026:16:09:23 +0300] "POST /xmlrpc.php HTTP/1.1" 200 11121 "-" "Mozilla/5.0 (Windows NT 10.0; Win64; x64) AppleWebKit/537.36 (KHTML, like Gecko) Chrome/114.0.0.0 Safari/537.36"
223.165.69.7 - - [22/Apr/2026:16:09:45 +0300] "POST /xmlrpc.php HTTP/1.1" 200 3791 "-" "Mozilla/5.0 (Windows NT 10.0; Win64; x64) AppleWebKit/537.36 (KHTML, like Gecko) Chrome/114.0.0.0 Safari/537.36"
217.64.126.39 - - [22/Apr/2026:16:09:59 +0300] "POST /xmlrpc.php HTTP/1.1" 200 3791 "-" "Mozilla/5.0 (Windows NT 10.0; Win64; x64) AppleWebKit/537.36 (KHTML, like Gecko) Chrome/114.0.0.0 Safari/537.36"
98.98.197.186 - - [22/Apr/2026:16:10:14 +0300] "GET /small-struck-harbors-self-help-guide-to-the-brand-new-brief-struck-harbors-video-game-series/ HTTP/1.1" 200 72774 "-" "Mozilla/5.0 (Windows NT 10.0; Win64; x64) AppleWebKit/537.36 (KHTML, like Gecko) Chrome/124.0.0.0 Safari/537.36 Edg/124.0.0.0"
223.165.69.7 - - [22/Apr/2026:16:10:32 +0300] "GET /test-post-title-6/ HTTP/1.1" 200 62330 "-" "Mozilla/5.0 (Windows NT 10.0; Win64; x64) AppleWebKit/537.36 (KHTML, like Gecko) Chrome/122.0.0.0 Safari/537.36"
185.216.113.70 - - [22/Apr/2026:16:10:49 +0300] "POST /wp-cron.php?doing_wp_cron=1776863448.9880568981170654296875 HTTP/1.1" 200 448 "-" "WordPress/6.3.8; https://serhatburke.miroglu.net"
217.64.126.39 - - [22/Apr/2026:16:10:36 +0300] "GET /test-post-title-9/ HTTP/1.1" 200 62349 "-" "Mozilla/5.0 (Windows NT 10.0; rv:125.0) Gecko/20100101 Firefox/125.0"
223.165.69.7 - - [22/Apr/2026:16:10:50 +0300] "POST /xmlrpc.php HTTP/1.1" 200 652 "-" "Mozilla/5.0 (Windows NT 10.0; Win64; x64) AppleWebKit/537.36 (KHTML, like Gecko) Chrome/114.0.0.0 Safari/537.36"
217.64.126.39 - - [22/Apr/2026:16:10:53 +0300] "POST /xmlrpc.php HTTP/1.1" 200 652 "-" "Mozilla/5.0 (Windows NT 10.0; Win64; x64) AppleWebKit/537.36 (KHTML, like Gecko) Chrome/114.0.0.0 Safari/537.36"
52.167.144.171 - - [22/Apr/2026:16:11:26 +0300] "GET /harnessing-bscscan-for-effective-crypto-tracking/ HTTP/2" 200 17188 "-" "Mozilla/5.0 AppleWebKit/537.36 (KHTML, like Gecko; compatible; bingbot/2.0; +http://www.bing.com/bingbot.htm) Chrome/116.0.1938.76 Safari/537.36"
185.216.113.70 - - [22/Apr/2026:16:11:52 +0300] "POST /wp-cron.php?doing_wp_cron=1776863512.6900300979614257812500 HTTP/1.1" 200 448 "-" "WordPress/6.3.8; https://serhatburke.miroglu.net"
52.167.144.171 - - [22/Apr/2026:16:11:37 +0300] "GET /greatest-5-50-dragons-free-spins-150-money-bonuses-inside-2026/ HTTP/2" 200 18587 "-" "Mozilla/5.0 AppleWebKit/537.36 (KHTML, like Gecko; compatible; bingbot/2.0; +http://www.bing.com/bingbot.htm) Chrome/116.0.1938.76 Safari/537.36"
178.159.37.83 - - [22/Apr/2026:16:11:40 +0300] "POST /xmlrpc.php HTTP/1.1" 200 151412 "-" "Mozilla/5.0 (Windows NT 10.0; WOW64) AppleWebKit/537.36 (KHTML, like Gecko) Chrome/114.0.0.0 Safari/537.36 Vivaldi/5.3.2679.68"
52.167.144.171 - - [22/Apr/2026:16:11:45 +0300] "GET /no-deposit-bonus-2026/ HTTP/2" 200 17930 "-" "Mozilla/5.0 AppleWebKit/537.36 (KHTML, like Gecko; compatible; bingbot/2.0; +http://www.bing.com/bingbot.htm) Chrome/116.0.1938.76 Safari/537.36"
52.167.144.171 - - [22/Apr/2026:16:11:57 +0300] "GET /indijski-miselni-polozaj-popolnoma-brezplacno-uzivajte-v-prijava-agenta-ice-casino-demonstracijskem-okolju/ HTTP/2" 200 17642 "-" "Mozilla/5.0 AppleWebKit/537.36 (KHTML, like Gecko; compatible; bingbot/2.0; +http://www.bing.com/bingbot.htm) Chrome/116.0.1938.76 Safari/537.36"
178.159.37.83 - - [22/Apr/2026:16:11:59 +0300] "POST /xmlrpc.php HTTP/1.1" 200 884 "-" "Mozilla/5.0 (Windows NT 10.0; WOW64) AppleWebKit/537.36 (KHTML, like Gecko) Chrome/114.0.0.0 Safari/537.36 Vivaldi/5.3.2679.68"
65.21.110.111 - - [22/Apr/2026:16:12:15 +0300] "POST /xmlrpc.php HTTP/1.1" 200 602 "-" "Mozilla/5.0 (Windows NT 10.0; Win64; x64) AppleWebKit/537.36 (KHTML, like Gecko) Chrome/108.0.0.0 Safari/537.36"
185.216.113.70 - - [22/Apr/2026:16:12:41 +0300] "POST /wp-cron.php?doing_wp_cron=1776863561.5541799068450927734375 HTTP/1.1" 200 448 "-" "WordPress/6.3.8; https://serhatburke.miroglu.net"
65.21.110.111 - - [22/Apr/2026:16:12:29 +0300] "POST /xmlrpc.php HTTP/1.1" 200 594 "-" "Mozilla/5.0 (Windows NT 10.0; Win64; x64) AppleWebKit/537.36 (KHTML, like Gecko) Chrome/108.0.0.0 Safari/537.36"
178.47.221.95 - - [22/Apr/2026:16:13:08 +0300] "GET /wp-login.php HTTP/2" 200 3091 "-" "Mozilla/5.0 (Macintosh; Intel Mac OS X 10_15_7) AppleWebKit/605.1.15 (KHTML, like Gecko) Version/18.0 Safari/605.1.15"
185.216.113.70 - - [22/Apr/2026:16:13:44 +0300] "POST /wp-cron.php?doing_wp_cron=1776863622.6551520824432373046875 HTTP/1.1" 200 448 "-" "WordPress/6.3.8; https://serhatburke.miroglu.net"
98.98.197.186 - - [22/Apr/2026:16:13:28 +0300] "POST /xmlrpc.php HTTP/1.1" 200 630 "-" "Mozilla/5.0 (Windows NT 10.0; Win64; x64) AppleWebKit/537.36 (KHTML, like Gecko) Chrome/114.0.0.0 Safari/537.36"
98.98.197.186 - - [22/Apr/2026:16:13:52 +0300] "POST /xmlrpc.php HTTP/1.1" 200 11461 "-" "Mozilla/5.0 (Windows NT 10.0; Win64; x64) AppleWebKit/537.36 (KHTML, like Gecko) Chrome/114.0.0.0 Safari/537.36"
98.98.197.186 - - [22/Apr/2026:16:14:07 +0300] "GET /greatest-no-deposit-incentives-mar-2026-fifty-100-percent-free/ HTTP/1.1" 200 72398 "-" "Mozilla/5.0 (Windows NT 10.0; Win64; x64) AppleWebKit/537.36 (KHTML, like Gecko) Chrome/109.0.0.0 Safari/537.36"
185.216.113.70 - - [22/Apr/2026:16:17:16 +0300] "POST /wp-cron.php?doing_wp_cron=1776863835.9852778911590576171875 HTTP/1.1" 200 448 "-" "WordPress/6.3.8; https://serhatburke.miroglu.net"
98.98.197.186 - - [22/Apr/2026:16:17:02 +0300] "POST /xmlrpc.php HTTP/1.1" 200 630 "-" "Mozilla/5.0 (Windows NT 10.0; Win64; x64) AppleWebKit/537.36 (KHTML, like Gecko) Chrome/114.0.0.0 Safari/537.36"
103.219.169.227 - - [22/Apr/2026:16:17:19 +0300] "POST /xmlrpc.php HTTP/1.1" 500 1102 "-" "Mozilla/5.0 (Windows NT 10.0; Win64; x64) AppleWebKit/537.36 (KHTML, like Gecko) Chrome/114.0.0.0 Safari/537.36"
98.98.197.186 - - [22/Apr/2026:16:17:22 +0300] "POST /xmlrpc.php HTTP/1.1" 200 11839 "-" "Mozilla/5.0 (Windows NT 10.0; Win64; x64) AppleWebKit/537.36 (KHTML, like Gecko) Chrome/114.0.0.0 Safari/537.36"
185.216.113.70 - - [22/Apr/2026:16:17:53 +0300] "POST /wp-cron.php?doing_wp_cron=1776863873.8714630603790283203125 HTTP/1.1" 200 448 "-" "WordPress/6.3.8; https://serhatburke.miroglu.net"
98.98.197.186 - - [22/Apr/2026:16:17:41 +0300] "GET /twist-those-reels/ HTTP/1.1" 200 71815 "-" "Mozilla/5.0 (Windows NT 10.0; Win64; x64) AppleWebKit/537.36 (KHTML, like Gecko) Chrome/109.0.0.0 Safari/537.36"
98.98.197.186 - - [22/Apr/2026:16:20:32 +0300] "POST /xmlrpc.php HTTP/1.1" 200 630 "-" "Mozilla/5.0 (Windows NT 10.0; Win64; x64) AppleWebKit/537.36 (KHTML, like Gecko) Chrome/114.0.0.0 Safari/537.36"
98.98.197.186 - - [22/Apr/2026:16:20:58 +0300] "POST /xmlrpc.php HTTP/1.1" 200 11721 "-" "Mozilla/5.0 (Windows NT 10.0; Win64; x64) AppleWebKit/537.36 (KHTML, like Gecko) Chrome/114.0.0.0 Safari/537.36"
98.98.197.186 - - [22/Apr/2026:16:21:12 +0300] "GET /best-aztec-driven-ports-50-totally-free-spins-no-deposit-bonus-2026-50-free-spins-raging-rhino-finest-video-game-determined-by-the-current-currency-horny-chilled-water-dispensers-singapore-communit/ HTTP/1.1" 200 77059 "-" "Mozilla/5.0 (Windows NT 10.0; Win64; x64) AppleWebKit/537.36 (KHTML, like Gecko) Chrome/123.0.0.0 Safari/537.36"
40.77.167.7 - - [22/Apr/2026:16:21:17 +0300] "GET /santastic-position-rtg-opinion/ HTTP/2" 200 17827 "-" "Mozilla/5.0 AppleWebKit/537.36 (KHTML, like Gecko; compatible; bingbot/2.0; +http://www.bing.com/bingbot.htm) Chrome/116.0.1938.76 Safari/537.36"
185.216.113.70 - - [22/Apr/2026:16:21:47 +0300] "POST /wp-cron.php?doing_wp_cron=1776864107.3001229763031005859375 HTTP/1.1" 200 448 "-" "WordPress/6.3.8; https://serhatburke.miroglu.net"
52.167.144.234 - - [22/Apr/2026:16:21:18 +0300] "GET /casino-online-kolla-det-inom-sverige/ HTTP/2" 200 18003 "-" "Mozilla/5.0 AppleWebKit/537.36 (KHTML, like Gecko; compatible; bingbot/2.0; +http://www.bing.com/bingbot.htm) Chrome/116.0.1938.76 Safari/537.36"
185.216.113.70 - - [22/Apr/2026:16:21:53 +0300] "POST /wp-cron.php?doing_wp_cron=1776864113.0081999301910400390625 HTTP/1.1" 200 448 "-" "WordPress/6.3.8; https://serhatburke.miroglu.net"
52.167.144.195 - - [22/Apr/2026:16:21:21 +0300] "GET /mon-va-tout-production-video-est-un-amusement-pour-autres-supports-tres-proletaire/ HTTP/2" 200 16841 "-" "Mozilla/5.0 AppleWebKit/537.36 (KHTML, like Gecko; compatible; bingbot/2.0; +http://www.bing.com/bingbot.htm) Chrome/116.0.1938.76 Safari/537.36"
185.216.113.70 - - [22/Apr/2026:16:22:04 +0300] "POST /wp-cron.php?doing_wp_cron=1776864124.4823400974273681640625 HTTP/1.1" 200 448 "-" "WordPress/6.3.8; https://serhatburke.miroglu.net"
52.167.144.234 - - [22/Apr/2026:16:21:28 +0300] "GET /czemu-jest-sie-korzystac-razem-z-bonusow-wyjawszy-depozytu/ HTTP/2" 200 18318 "-" "Mozilla/5.0 AppleWebKit/537.36 (KHTML, like Gecko; compatible; bingbot/2.0; +http://www.bing.com/bingbot.htm) Chrome/116.0.1938.76 Safari/537.36"
185.216.113.70 - - [22/Apr/2026:16:22:09 +0300] "POST /wp-cron.php?doing_wp_cron=1776864129.4381129741668701171875 HTTP/1.1" 200 448 "-" "WordPress/6.3.8; https://serhatburke.miroglu.net"
52.167.144.234 - - [22/Apr/2026:16:21:32 +0300] "GET /bast-casino-bonus-igenom-mata-samtliga-bonusar-pa-casino-arabian-nights-plats-2026/ HTTP/2" 200 18159 "-" "Mozilla/5.0 AppleWebKit/537.36 (KHTML, like Gecko; compatible; bingbot/2.0; +http://www.bing.com/bingbot.htm) Chrome/116.0.1938.76 Safari/537.36"
52.167.144.195 - - [22/Apr/2026:16:22:07 +0300] "GET /exactly-why-is-it-titled-a-good-bogey-the-definition-at-the-rear-of-golfs-very-annoying-rating/ HTTP/2" 200 18301 "-" "Mozilla/5.0 AppleWebKit/537.36 (KHTML, like Gecko; compatible; bingbot/2.0; +http://www.bing.com/bingbot.htm) Chrome/116.0.1938.76 Safari/537.36"
52.167.144.234 - - [22/Apr/2026:16:22:20 +0300] "GET /each-other-give-obvious-tcs-as-they-are-higher-level-systems-that-have-7000-and-you-will-8eight-hundred-games-correspondingly/ HTTP/2" 200 17050 "-" "Mozilla/5.0 AppleWebKit/537.36 (KHTML, like Gecko; compatible; bingbot/2.0; +http://www.bing.com/bingbot.htm) Chrome/116.0.1938.76 Safari/537.36"
185.216.113.70 - - [22/Apr/2026:16:23:12 +0300] "POST /wp-cron.php?doing_wp_cron=1776864192.3425409793853759765625 HTTP/1.1" 200 448 "-" "WordPress/6.3.8; https://serhatburke.miroglu.net"
52.167.144.195 - - [22/Apr/2026:16:22:47 +0300] "GET /free-spins-2026-noppes-spins-zonder-aanheffen-24/ HTTP/2" 200 17676 "-" "Mozilla/5.0 AppleWebKit/537.36 (KHTML, like Gecko; compatible; bingbot/2.0; +http://www.bing.com/bingbot.htm) Chrome/116.0.1938.76 Safari/537.36"
52.167.144.195 - - [22/Apr/2026:16:23:06 +0300] "GET /volatility-labeled-as-difference-relates-to-the-danger-level-of-a-position-games/ HTTP/2" 200 16995 "-" "Mozilla/5.0 AppleWebKit/537.36 (KHTML, like Gecko; compatible; bingbot/2.0; +http://www.bing.com/bingbot.htm) Chrome/116.0.1938.76 Safari/537.36"
40.77.167.150 - - [22/Apr/2026:16:23:19 +0300] "GET /betfred-local-casino-incentive-code-uk-march-2026-wake-casino-zon-mobile-up-to-two-hundred-free-spins/ HTTP/2" 200 17490 "-" "Mozilla/5.0 AppleWebKit/537.36 (KHTML, like Gecko; compatible; bingbot/2.0; +http://www.bing.com/bingbot.htm) Chrome/116.0.1938.76 Safari/537.36"
185.216.113.70 - - [22/Apr/2026:16:23:41 +0300] "POST /wp-cron.php?doing_wp_cron=1776864221.2369539737701416015625 HTTP/1.1" 200 448 "-" "WordPress/6.3.8; https://serhatburke.miroglu.net"
52.167.144.195 - - [22/Apr/2026:16:23:27 +0300] "GET /best-online-casino-games-in-2026/ HTTP/2" 200 18292 "-" "Mozilla/5.0 AppleWebKit/537.36 (KHTML, like Gecko; compatible; bingbot/2.0; +http://www.bing.com/bingbot.htm) Chrome/116.0.1938.76 Safari/537.36"
52.167.144.195 - - [22/Apr/2026:16:23:46 +0300] "GET /kraken-vash-gid-po-bezopasnomu-dostupu-v-darknet-3/ HTTP/2" 200 17789 "-" "Mozilla/5.0 AppleWebKit/537.36 (KHTML, like Gecko; compatible; bingbot/2.0; +http://www.bing.com/bingbot.htm) Chrome/116.0.1938.76 Safari/537.36"
98.98.197.186 - - [22/Apr/2026:16:23:57 +0300] "POST /xmlrpc.php HTTP/1.1" 200 630 "-" "Mozilla/5.0 (Windows NT 10.0; Win64; x64) AppleWebKit/537.36 (KHTML, like Gecko) Chrome/114.0.0.0 Safari/537.36"
52.167.144.195 - - [22/Apr/2026:16:24:06 +0300] "GET /jogue-20000-slots-online-acessivel-2026-bem-aqui-sem-download-nem-colecao/ HTTP/2" 200 18109 "-" "Mozilla/5.0 AppleWebKit/537.36 (KHTML, like Gecko; compatible; bingbot/2.0; +http://www.bing.com/bingbot.htm) Chrome/116.0.1938.76 Safari/537.36"
185.216.113.70 - - [22/Apr/2026:16:24:29 +0300] "POST /wp-cron.php?doing_wp_cron=1776864269.5738298892974853515625 HTTP/1.1" 200 448 "-" "WordPress/6.3.8; https://serhatburke.miroglu.net"
98.98.197.186 - - [22/Apr/2026:16:24:15 +0300] "POST /xmlrpc.php HTTP/1.1" 200 11954 "-" "Mozilla/5.0 (Windows NT 10.0; Win64; x64) AppleWebKit/537.36 (KHTML, like Gecko) Chrome/114.0.0.0 Safari/537.36"
135.237.164.21 - - [22/Apr/2026:16:24:22 +0300] "POST /wp-admin/admin-ajax.php HTTP/1.1" 200 0 "-" "Mozilla/5.0"
52.167.144.195 - - [22/Apr/2026:16:24:26 +0300] "GET /kraken-vse-o-tekushchikh-ssylkakh-i-bezopasnom-dostupe/ HTTP/2" 200 17965 "-" "Mozilla/5.0 AppleWebKit/537.36 (KHTML, like Gecko; compatible; bingbot/2.0; +http://www.bing.com/bingbot.htm) Chrome/116.0.1938.76 Safari/537.36"
98.98.197.186 - - [22/Apr/2026:16:24:30 +0300] "GET /dumneata-71-cazinouri-1-depozit-ramses-book-on-the-web-deasupra-2025-cazinouri-noi-romania-isayev-lab-motivational-tennis-holidays/ HTTP/1.1" 200 74646 "-" "Mozilla/5.0 (Windows NT 10.0; Win64; x64) AppleWebKit/537.36 (KHTML, like Gecko) Chrome/123.0.0.0 Safari/537.36"
185.216.113.70 - - [22/Apr/2026:16:24:43 +0300] "POST /wp-admin/admin-ajax.php?action=as_async_request_queue_runner&nonce=40d42cec2b HTTP/1.1" 200 1030 "-" "WordPress/6.3.8; https://serhatburke.miroglu.net"
45.148.234.91 - - [22/Apr/2026:16:25:04 +0300] "GET / HTTP/2" 200 19165 "-" "Mozilla/5.0 (Macintosh; Intel Mac OS X 10_15_7) AppleWebKit/537.36 (KHTML, like Gecko) Chrome/120.0.0.0 Safari/537.36"
185.216.113.70 - - [22/Apr/2026:16:26:18 +0300] "POST /wp-cron.php?doing_wp_cron=1776864378.0477740764617919921875 HTTP/1.1" 200 448 "-" "WordPress/6.3.8; https://serhatburke.miroglu.net"
40.77.167.150 - - [22/Apr/2026:16:25:58 +0300] "GET /juegos-con-manga-larga-ser-descargado-frente-a-juegos-carente-descarga-todas-mas-grandes/ HTTP/2" 200 17188 "-" "Mozilla/5.0 AppleWebKit/537.36 (KHTML, like Gecko; compatible; bingbot/2.0; +http://www.bing.com/bingbot.htm) Chrome/116.0.1938.76 Safari/537.36"
40.77.167.22 - - [22/Apr/2026:16:26:07 +0300] "GET /soluciona-a-juegos-sobre-bejeweled-an-isladejuegos-ranura-the-dark-knight-rises-gratuito-de-todo-el-mundo/ HTTP/2" 200 22171 "-" "Mozilla/5.0 AppleWebKit/537.36 (KHTML, like Gecko; compatible; bingbot/2.0; +http://www.bing.com/bingbot.htm) Chrome/116.0.1938.76 Safari/537.36"
176.102.223.198 - - [22/Apr/2026:16:26:06 +0300] "GET /beste-casino-site-belgie-hoge-inzet/ HTTP/1.1" 200 18588 "https://serhatburke.miroglu.net/" "Mozilla/5.0 (Macintosh; Intel Mac OS X 10_15_7) AppleWebKit/605.1.15 (KHTML, like Gecko) Version/26.1 Safari/605.1.15"
52.167.144.195 - - [22/Apr/2026:16:26:16 +0300] "GET /kraken-vash-provodnik-po-darknetu-2026/ HTTP/2" 200 17555 "-" "Mozilla/5.0 AppleWebKit/537.36 (KHTML, like Gecko; compatible; bingbot/2.0; +http://www.bing.com/bingbot.htm) Chrome/116.0.1938.76 Safari/537.36"
216.73.217.140 - - [22/Apr/2026:16:26:24 +0300] "GET /robots.txt HTTP/2" 200 110 "-" "Mozilla/5.0 AppleWebKit/537.36 (KHTML, like Gecko; compatible; ClaudeBot/1.0; +claudebot@anthropic.com)"
176.102.223.198 - - [22/Apr/2026:16:26:36 +0300] "GET /beste-casino-site-belgie-hoge-inzet/ HTTP/1.1" 200 18588 "https://serhatburke.miroglu.net/" "Mozilla/5.0 (Macintosh; Intel Mac OS X 10_15_7) AppleWebKit/605.1.15 (KHTML, like Gecko) Version/26.1 Safari/605.1.15"
216.73.217.140 - - [22/Apr/2026:16:26:53 +0300] "GET /sitemap.rss HTTP/2" 200 0 "-" "Mozilla/5.0 AppleWebKit/537.36 (KHTML, like Gecko; compatible; ClaudeBot/1.0; +claudebot@anthropic.com)"
176.102.223.198 - - [22/Apr/2026:16:27:00 +0300] "GET /wp-includes/css/dist/block-library/style.min.css?ver=6.3.8 HTTP/1.1" 200 13578 "https://serhatburke.miroglu.net/beste-casino-site-belgie-hoge-inzet/" "Mozilla/5.0 (Windows NT 10.0; Win64; x64) AppleWebKit/537.36 (KHTML, like Gecko) Chrome/145.0.0.0 Safari/537.36"
176.102.223.198 - - [22/Apr/2026:16:27:01 +0300] "GET /wp-content/plugins/contact-form-7/includes/css/styles.css?ver=5.8 HTTP/1.1" 200 1490 "https://serhatburke.miroglu.net/beste-casino-site-belgie-hoge-inzet/" "Mozilla/5.0 (Windows NT 10.0; Win64; x64) AppleWebKit/537.36 (KHTML, like Gecko) Chrome/145.0.0.0 Safari/537.36"
176.102.223.198 - - [22/Apr/2026:16:27:01 +0300] "GET /wp-content/themes/toppic/css/fontello.css?ver=4.2 HTTP/1.1" 200 1802 "https://serhatburke.miroglu.net/beste-casino-site-belgie-hoge-inzet/" "Mozilla/5.0 (Windows NT 10.0; Win64; x64) AppleWebKit/537.36 (KHTML, like Gecko) Chrome/145.0.0.0 Safari/537.36"
176.102.223.198 - - [22/Apr/2026:16:27:01 +0300] "GET /wp-content/themes/toppic/css/reset.css?ver=4.2 HTTP/1.1" 200 1178 "https://serhatburke.miroglu.net/beste-casino-site-belgie-hoge-inzet/" "Mozilla/5.0 (Windows NT 10.0; Win64; x64) AppleWebKit/537.36 (KHTML, like Gecko) Chrome/145.0.0.0 Safari/537.36"
176.102.223.198 - - [22/Apr/2026:16:27:02 +0300] "GET /wp-content/themes/toppic/css/default.css?ver=4.2 HTTP/1.1" 200 1811 "https://serhatburke.miroglu.net/beste-casino-site-belgie-hoge-inzet/" "Mozilla/5.0 (Windows NT 10.0; Win64; x64) AppleWebKit/537.36 (KHTML, like Gecko) Chrome/145.0.0.0 Safari/537.36"
176.102.223.198 - - [22/Apr/2026:16:27:02 +0300] "GET /wp-content/themes/toppic/style.css?ver=4.2 HTTP/1.1" 200 23398 "https://serhatburke.miroglu.net/beste-casino-site-belgie-hoge-inzet/" "Mozilla/5.0 (Windows NT 10.0; Win64; x64) AppleWebKit/537.36 (KHTML, like Gecko) Chrome/145.0.0.0 Safari/537.36"
40.77.167.22 - - [22/Apr/2026:16:26:48 +0300] "GET /czym-jest-vavada-i-wlasnie-dlaczego-warte-kazdego-grosza-ktorzy-maja-niej-ucieczke-do/ HTTP/2" 200 17999 "-" "Mozilla/5.0 AppleWebKit/537.36 (KHTML, like Gecko; compatible; bingbot/2.0; +http://www.bing.com/bingbot.htm) Chrome/116.0.1938.76 Safari/537.36"
176.102.223.198 - - [22/Apr/2026:16:27:03 +0300] "GET /wp-content/themes/toppic/css/royalslider.css?ver=4.2 HTTP/1.1" 200 1887 "https://serhatburke.miroglu.net/beste-casino-site-belgie-hoge-inzet/" "Mozilla/5.0 (Windows NT 10.0; Win64; x64) AppleWebKit/537.36 (KHTML, like Gecko) Chrome/145.0.0.0 Safari/537.36"
176.102.223.198 - - [22/Apr/2026:16:27:03 +0300] "GET /wp-content/themes/toppic/css/rs-default.css?ver=4.2 HTTP/1.1" 200 2625 "https://serhatburke.miroglu.net/beste-casino-site-belgie-hoge-inzet/" "Mozilla/5.0 (Windows NT 10.0; Win64; x64) AppleWebKit/537.36 (KHTML, like Gecko) Chrome/145.0.0.0 Safari/537.36"
176.102.223.198 - - [22/Apr/2026:16:27:04 +0300] "GET /wp-content/themes/toppic/css/lightbox.css?ver=4.2 HTTP/1.1" 200 2956 "https://serhatburke.miroglu.net/beste-casino-site-belgie-hoge-inzet/" "Mozilla/5.0 (Windows NT 10.0; Win64; x64) AppleWebKit/537.36 (KHTML, like Gecko) Chrome/145.0.0.0 Safari/537.36"
176.102.223.198 - - [22/Apr/2026:16:27:04 +0300] "GET /wp-content/themes/toppic/css/woocommerce.css?ver=4.2 HTTP/1.1" 200 2848 "https://serhatburke.miroglu.net/beste-casino-site-belgie-hoge-inzet/" "Mozilla/5.0 (Windows NT 10.0; Win64; x64) AppleWebKit/537.36 (KHTML, like Gecko) Chrome/145.0.0.0 Safari/537.36"
176.102.223.198 - - [22/Apr/2026:16:27:04 +0300] "GET /wp-content/themes/toppic/css/responsive.css?ver=4.2 HTTP/1.1" 200 2796 "https://serhatburke.miroglu.net/beste-casino-site-belgie-hoge-inzet/" "Mozilla/5.0 (Windows NT 10.0; Win64; x64) AppleWebKit/537.36 (KHTML, like Gecko) Chrome/145.0.0.0 Safari/537.36"
