185.216.113.70 - - [22/Apr/2026:19:37:23 +0300] "POST /wp-cron.php?doing_wp_cron=1776875842.9685380458831787109375 HTTP/1.1" 200 448 "-" "WordPress/6.3.8; https://serhatburke.miroglu.net"
40.77.167.77 - - [22/Apr/2026:19:37:04 +0300] "GET /atomic-wallet-your-path-to-optimal-crypto-management/ HTTP/2" 200 16829 "-" "Mozilla/5.0 AppleWebKit/537.36 (KHTML, like Gecko; compatible; bingbot/2.0; +http://www.bing.com/bingbot.htm) Chrome/116.0.1938.76 Safari/537.36"
40.77.167.131 - - [22/Apr/2026:19:37:07 +0300] "GET /you-can-find-actually-tens-of-thousands-of-web-based-casinos-for-the-around-the-globe-net/ HTTP/2" 200 17033 "-" "Mozilla/5.0 AppleWebKit/537.36 (KHTML, like Gecko; compatible; bingbot/2.0; +http://www.bing.com/bingbot.htm) Chrome/116.0.1938.76 Safari/537.36"
52.167.144.176 - - [22/Apr/2026:19:37:08 +0300] "GET /liefste-mobiele-casinos-beste-online-casino-bonussen-van-holland-om-2026/ HTTP/2" 200 18302 "-" "Mozilla/5.0 AppleWebKit/537.36 (KHTML, like Gecko; compatible; bingbot/2.0; +http://www.bing.com/bingbot.htm) Chrome/116.0.1938.76 Safari/537.36"
185.216.113.70 - - [22/Apr/2026:19:39:24 +0300] "POST /wp-cron.php?doing_wp_cron=1776875964.1935839653015136718750 HTTP/1.1" 200 448 "-" "WordPress/6.3.8; https://serhatburke.miroglu.net"
85.208.96.202 - - [22/Apr/2026:19:39:09 +0300] "GET /jeux-battle-royale-en-lignejeux-casino/ HTTP/1.1" 200 20613 "-" "Mozilla/5.0 (compatible; SemrushBot/7~bl; +http://www.semrush.com/bot.html)"
185.216.113.70 - - [22/Apr/2026:19:41:24 +0300] "POST /wp-cron.php?doing_wp_cron=1776876084.1957979202270507812500 HTTP/1.1" 200 448 "-" "WordPress/6.3.8; https://serhatburke.miroglu.net"
40.77.167.77 - - [22/Apr/2026:19:41:10 +0300] "GET /six-million-dollar-gold-rush-slot-por-dinero-real-man/ HTTP/2" 200 19745 "-" "Mozilla/5.0 AppleWebKit/537.36 (KHTML, like Gecko; compatible; bingbot/2.0; +http://www.bing.com/bingbot.htm) Chrome/116.0.1938.76 Safari/537.36"
185.216.113.70 - - [22/Apr/2026:19:43:29 +0300] "POST /wp-cron.php?doing_wp_cron=1776876209.6361041069030761718750 HTTP/1.1" 200 448 "-" "WordPress/6.3.8; https://serhatburke.miroglu.net"
92.62.78.227 - - [22/Apr/2026:19:43:16 +0300] "GET /understanding-mod-grf-1-a-comprehensive-overview/ HTTP/1.1" 200 66837 "-" "GuzzleHttp/7"
52.167.144.169 - - [22/Apr/2026:19:43:58 +0300] "GET /battue-madness-slots-book-of-ra-deluxe-examen-demo-gratuitement-ou-annotation/ HTTP/2" 200 18891 "-" "Mozilla/5.0 AppleWebKit/537.36 (KHTML, like Gecko; compatible; bingbot/2.0; +http://www.bing.com/bingbot.htm) Chrome/116.0.1938.76 Safari/537.36"
66.249.73.1 - - [22/Apr/2026:19:43:58 +0300] "GET /rollinoapp-uk-weekend-bonus-an-in-depth-review/ HTTP/1.1" 200 18848 "-" "Mozilla/5.0 (Linux; Android 6.0.1; Nexus 5X Build/MMB29P) AppleWebKit/537.36 (KHTML, like Gecko) Chrome/146.0.7680.177 Mobile Safari/537.36 (compatible; Googlebot/2.1; +http://www.google.com/bot.html)"
92.59.225.82 - - [22/Apr/2026:19:44:12 +0300] "GET /optimizing-bodybuilding-the-safe-and-effective-use-of-steroids/ HTTP/1.1" 200 67741 "-" "GuzzleHttp/7"
66.249.73.14 - - [22/Apr/2026:19:44:32 +0300] "GET /rollinoapp-uk-weekend-bonus-an-in-depth-review/undefined?ts=1775520000 HTTP/1.1" 200 0 "https://serhatburke.miroglu.net/rollinoapp-uk-weekend-bonus-an-in-depth-review/" "Mozilla/5.0 (Linux; Android 6.0.1; Nexus 5X Build/MMB29P) AppleWebKit/537.36 (KHTML, like Gecko) Chrome/146.0.7680.177 Mobile Safari/537.36 (compatible; Googlebot/2.1; +http://www.google.com/bot.html)"
52.167.144.169 - - [22/Apr/2026:19:44:26 +0300] "GET /to-interact-this-provide-put-a-minimum-of-20-and-apply-the-advantage-password-lower-than/ HTTP/2" 200 17552 "-" "Mozilla/5.0 AppleWebKit/537.36 (KHTML, like Gecko; compatible; bingbot/2.0; +http://www.bing.com/bingbot.htm) Chrome/116.0.1938.76 Safari/537.36"
185.216.113.70 - - [22/Apr/2026:19:44:44 +0300] "POST /wp-cron.php?doing_wp_cron=1776876284.1868939399719238281250 HTTP/1.1" 200 448 "-" "WordPress/6.3.8; https://serhatburke.miroglu.net"
66.249.73.15 - - [22/Apr/2026:19:45:01 +0300] "GET /rollinoapp-uk-weekend-bonus-an-in-depth-review/undefined?ts=1775520000 HTTP/1.1" 200 0 "https://serhatburke.miroglu.net/rollinoapp-uk-weekend-bonus-an-in-depth-review/" "Mozilla/5.0 (Linux; Android 6.0.1; Nexus 5X Build/MMB29P) AppleWebKit/537.36 (KHTML, like Gecko) Chrome/146.0.7680.177 Mobile Safari/537.36 (compatible; Googlebot/2.1; +http://www.google.com/bot.html)"
66.249.73.14 - - [22/Apr/2026:19:45:09 +0300] "GET /rollinoapp-uk-weekend-bonus-an-in-depth-review/undefined?ts=1775520000 HTTP/1.1" 200 0 "https://serhatburke.miroglu.net/rollinoapp-uk-weekend-bonus-an-in-depth-review/" "Mozilla/5.0 (Linux; Android 6.0.1; Nexus 5X Build/MMB29P) AppleWebKit/537.36 (KHTML, like Gecko) Chrome/146.0.7680.177 Mobile Safari/537.36 (compatible; Googlebot/2.1; +http://www.google.com/bot.html)"
52.167.144.176 - - [22/Apr/2026:19:44:55 +0300] "GET /offlin-poke-holland-2026-uitgelezene-legale-poke-sites/ HTTP/2" 200 19696 "-" "Mozilla/5.0 AppleWebKit/537.36 (KHTML, like Gecko; compatible; bingbot/2.0; +http://www.bing.com/bingbot.htm) Chrome/116.0.1938.76 Safari/537.36"
52.167.144.169 - - [22/Apr/2026:19:45:00 +0300] "GET /esoteric-wolf-pokie-comment-2026-gamble-now-for-real-cash/ HTTP/2" 200 18978 "-" "Mozilla/5.0 AppleWebKit/537.36 (KHTML, like Gecko; compatible; bingbot/2.0; +http://www.bing.com/bingbot.htm) Chrome/116.0.1938.76 Safari/537.36"
40.77.167.74 - - [22/Apr/2026:19:45:00 +0300] "GET /free-spins-zero-wagering-bonuses-in-britain-march-2026/ HTTP/2" 200 18960 "-" "Mozilla/5.0 AppleWebKit/537.36 (KHTML, like Gecko; compatible; bingbot/2.0; +http://www.bing.com/bingbot.htm) Chrome/116.0.1938.76 Safari/537.36"
52.167.144.169 - - [22/Apr/2026:19:45:10 +0300] "GET /kraken-bezopasnyi-i-udobnyi-dostup-k-darknetu-2026/ HTTP/2" 200 18202 "-" "Mozilla/5.0 AppleWebKit/537.36 (KHTML, like Gecko; compatible; bingbot/2.0; +http://www.bing.com/bingbot.htm) Chrome/116.0.1938.76 Safari/537.36"
185.216.113.70 - - [22/Apr/2026:19:45:40 +0300] "POST /wp-cron.php?doing_wp_cron=1776876340.3259339332580566406250 HTTP/1.1" 200 448 "-" "WordPress/6.3.8; https://serhatburke.miroglu.net"
178.120.58.24 - - [22/Apr/2026:19:45:27 +0300] "POST /xmlrpc.php HTTP/2" 200 140 "-" "WordPress/XMLRPC Client"
52.167.144.20 - - [22/Apr/2026:19:45:26 +0300] "GET /discover-the-power-of-bscscan-for-crypto-analysis/ HTTP/2" 200 16982 "-" "Mozilla/5.0 AppleWebKit/537.36 (KHTML, like Gecko; compatible; bingbot/2.0; +http://www.bing.com/bingbot.htm) Chrome/116.0.1938.76 Safari/537.36"
178.120.58.24 - - [22/Apr/2026:19:45:41 +0300] "GET /?p=127779 HTTP/2" 301 0 "-" "Mozilla/5.0 (Windows NT 10.0; Win64; x64) AppleWebKit/537.36 (KHTML, like Gecko) Chrome/120.0.0.0 Safari/537.36"
185.216.113.70 - - [22/Apr/2026:19:46:52 +0300] "POST /wp-cron.php?doing_wp_cron=1776876412.1432709693908691406250 HTTP/1.1" 200 448 "-" "WordPress/6.3.8; https://serhatburke.miroglu.net"
185.244.183.170 - - [22/Apr/2026:19:46:40 +0300] "POST /xmlrpc.php HTTP/1.1" 200 153547 "-" "Mozilla/5.0 (Windows NT 10.0; WOW64) AppleWebKit/537.36 (KHTML, like Gecko) Chrome/114.0.0.0 Safari/537.36"
185.244.183.170 - - [22/Apr/2026:19:47:00 +0300] "POST /xmlrpc.php HTTP/1.1" 200 725 "-" "Mozilla/5.0 (Windows NT 10.0; WOW64) AppleWebKit/537.36 (KHTML, like Gecko) Chrome/114.0.0.0 Safari/537.36"
185.216.113.70 - - [22/Apr/2026:19:47:53 +0300] "POST /wp-cron.php?doing_wp_cron=1776876473.0171890258789062500000 HTTP/1.1" 200 448 "-" "WordPress/6.3.8; https://serhatburke.miroglu.net"
185.244.183.170 - - [22/Apr/2026:19:47:40 +0300] "POST /xmlrpc.php HTTP/1.1" 200 667 "-" "Mozilla/5.0 (Windows NT 10.0; WOW64) AppleWebKit/537.36 (KHTML, like Gecko) Chrome/114.0.0.0 Safari/537.36"
185.244.183.170 - - [22/Apr/2026:19:47:54 +0300] "POST /xmlrpc.php HTTP/1.1" 200 706 "-" "Mozilla/5.0 (Windows NT 10.0; WOW64) AppleWebKit/537.36 (KHTML, like Gecko) Chrome/114.0.0.0 Safari/537.36"
185.216.113.70 - - [22/Apr/2026:19:51:08 +0300] "POST /wp-cron.php?doing_wp_cron=1776876668.6240310668945312500000 HTTP/1.1" 200 448 "-" "WordPress/6.3.8; https://serhatburke.miroglu.net"
98.98.210.134 - - [22/Apr/2026:19:50:54 +0300] "POST /xmlrpc.php HTTP/1.1" 200 630 "-" "Mozilla/5.0 (Windows NT 10.0; Win64; x64) AppleWebKit/537.36 (KHTML, like Gecko) Chrome/114.0.0.0 Safari/537.36"
98.98.210.134 - - [22/Apr/2026:19:51:14 +0300] "POST /xmlrpc.php HTTP/1.1" 200 9456 "-" "Mozilla/5.0 (Windows NT 10.0; Win64; x64) AppleWebKit/537.36 (KHTML, like Gecko) Chrome/114.0.0.0 Safari/537.36"
98.98.9.30 - - [22/Apr/2026:19:51:21 +0300] "POST /xmlrpc.php HTTP/1.1" 200 630 "-" "Mozilla/5.0 (Windows NT 10.0; Win64; x64) AppleWebKit/537.36 (KHTML, like Gecko) Chrome/114.0.0.0 Safari/537.36"
140.174.179.8 - - [22/Apr/2026:19:51:23 +0300] "POST /xmlrpc.php HTTP/1.1" 200 630 "-" "Mozilla/5.0 (Windows NT 10.0; Win64; x64) AppleWebKit/537.36 (KHTML, like Gecko) Chrome/114.0.0.0 Safari/537.36"
98.98.210.134 - - [22/Apr/2026:19:51:30 +0300] "GET /bet-casino-rowniez-zapewnia-swoim-uzytkownikom-nie-tylko-gry-kasynowe-rowniez-wybor-obstawiania-zakladow/ HTTP/1.1" 200 71973 "-" "Mozilla/5.0 (Windows NT 10.0; Win64; x64) AppleWebKit/537.36 (KHTML, like Gecko) Chrome/123.0.0.0 Safari/537.36 OPR/109.0.0.0"
98.98.9.30 - - [22/Apr/2026:19:51:46 +0300] "POST /xmlrpc.php HTTP/1.1" 200 12199 "-" "Mozilla/5.0 (Windows NT 10.0; Win64; x64) AppleWebKit/537.36 (KHTML, like Gecko) Chrome/114.0.0.0 Safari/537.36"
140.174.179.8 - - [22/Apr/2026:19:51:50 +0300] "POST /xmlrpc.php HTTP/1.1" 200 12873 "-" "Mozilla/5.0 (Windows NT 10.0; Win64; x64) AppleWebKit/537.36 (KHTML, like Gecko) Chrome/114.0.0.0 Safari/537.36"
185.216.113.70 - - [22/Apr/2026:19:52:13 +0300] "POST /wp-cron.php?doing_wp_cron=1776876733.5537559986114501953125 HTTP/1.1" 200 448 "-" "WordPress/6.3.8; https://serhatburke.miroglu.net"
98.98.9.30 - - [22/Apr/2026:19:52:00 +0300] "GET /buffalo-the-initial-laden-with-larger-victory-quick-hits-slot-position-possible/ HTTP/1.1" 200 73643 "-" "Mozilla/5.0 (Windows NT 10.0; Win64; x64; rv:124.0) Gecko/20100101 Firefox/124.0"
185.216.113.70 - - [22/Apr/2026:19:52:26 +0300] "POST /wp-cron.php?doing_wp_cron=1776876746.0162990093231201171875 HTTP/1.1" 200 448 "-" "WordPress/6.3.8; https://serhatburke.miroglu.net"
185.216.113.70 - - [22/Apr/2026:19:52:27 +0300] "POST /wp-cron.php?doing_wp_cron=1776876747.7555310726165771484375 HTTP/1.1" 200 448 "-" "WordPress/6.3.8; https://serhatburke.miroglu.net"
40.77.167.74 - - [22/Apr/2026:19:52:09 +0300] "GET /streamline-your-trading-strategies-with-dexscreener-insights/ HTTP/2" 200 17582 "-" "Mozilla/5.0 AppleWebKit/537.36 (KHTML, like Gecko; compatible; bingbot/2.0; +http://www.bing.com/bingbot.htm) Chrome/116.0.1938.76 Safari/537.36"
140.174.179.8 - - [22/Apr/2026:19:52:08 +0300] "GET /best-harbors-to-experience-online-the-real-deal-money/ HTTP/1.1" 200 73678 "-" "Mozilla/5.0 (Windows NT 10.0; Win64; x64) AppleWebKit/537.36 (KHTML, like Gecko) Chrome/124.0.0.0 Safari/537.36"
40.77.167.48 - - [22/Apr/2026:19:52:39 +0300] "GET /noahs-ark-slots/ HTTP/2" 200 18050 "-" "Mozilla/5.0 AppleWebKit/537.36 (KHTML, like Gecko; compatible; bingbot/2.0; +http://www.bing.com/bingbot.htm) Chrome/116.0.1938.76 Safari/537.36"
185.216.113.70 - - [22/Apr/2026:19:54:44 +0300] "POST /wp-cron.php?doing_wp_cron=1776876884.6659770011901855468750 HTTP/1.1" 200 448 "-" "WordPress/6.3.8; https://serhatburke.miroglu.net"
85.208.96.197 - - [22/Apr/2026:19:54:30 +0300] "GET /super-moolah-status-remark-free-demonstration/ HTTP/1.1" 200 22683 "-" "Mozilla/5.0 (compatible; SemrushBot/7~bl; +http://www.semrush.com/bot.html)"
185.216.113.70 - - [22/Apr/2026:19:57:07 +0300] "POST /wp-cron.php?doing_wp_cron=1776877027.2002310752868652343750 HTTP/1.1" 200 448 "-" "WordPress/6.3.8; https://serhatburke.miroglu.net"
185.244.183.170 - - [22/Apr/2026:19:56:53 +0300] "POST /xmlrpc.php HTTP/1.1" 200 153547 "-" "Mozilla/5.0 (Windows NT 10.0; Win64; x64) AppleWebKit/537.36 (KHTML, like Gecko) Chrome/79.0.3945.130 Safari/537.36"
185.244.183.170 - - [22/Apr/2026:19:57:10 +0300] "POST /xmlrpc.php HTTP/1.1" 200 725 "-" "Mozilla/5.0 (Windows NT 10.0; Win64; x64) AppleWebKit/537.36 (KHTML, like Gecko) Chrome/79.0.3945.130 Safari/537.36"
185.216.113.70 - - [22/Apr/2026:19:58:01 +0300] "POST /wp-cron.php?doing_wp_cron=1776877081.8397600650787353515625 HTTP/1.1" 200 448 "-" "WordPress/6.3.8; https://serhatburke.miroglu.net"
185.244.183.170 - - [22/Apr/2026:19:57:46 +0300] "POST /xmlrpc.php HTTP/1.1" 200 667 "-" "Mozilla/5.0 (Windows NT 10.0; Win64; x64) AppleWebKit/537.36 (KHTML, like Gecko) Chrome/79.0.3945.130 Safari/537.36"
185.244.183.170 - - [22/Apr/2026:19:58:03 +0300] "POST /xmlrpc.php HTTP/1.1" 200 706 "-" "Mozilla/5.0 (Windows NT 10.0; Win64; x64) AppleWebKit/537.36 (KHTML, like Gecko) Chrome/79.0.3945.130 Safari/537.36"
185.216.113.70 - - [22/Apr/2026:19:59:23 +0300] "POST /wp-cron.php?doing_wp_cron=1776877163.6864910125732421875000 HTTP/1.1" 200 448 "-" "WordPress/6.3.8; https://serhatburke.miroglu.net"
85.208.96.193 - - [22/Apr/2026:19:59:11 +0300] "GET /household-of-enjoyable-casino-europa-no-deposit-bonus-2023-totally-free-gold-coins-and-revolves-extra-enthusiast/ HTTP/1.1" 200 21058 "-" "Mozilla/5.0 (compatible; SemrushBot/7~bl; +http://www.semrush.com/bot.html)"
185.216.113.70 - - [22/Apr/2026:19:59:53 +0300] "POST /wp-cron.php?doing_wp_cron=1776877193.3980939388275146484375 HTTP/1.1" 200 448 "-" "WordPress/6.3.8; https://serhatburke.miroglu.net"
140.174.179.8 - - [22/Apr/2026:19:59:38 +0300] "POST /xmlrpc.php HTTP/1.1" 200 630 "-" "Mozilla/5.0 (Windows NT 10.0; Win64; x64) AppleWebKit/537.36 (KHTML, like Gecko) Chrome/114.0.0.0 Safari/537.36"
140.174.179.8 - - [22/Apr/2026:20:00:00 +0300] "POST /xmlrpc.php HTTP/1.1" 200 14341 "-" "Mozilla/5.0 (Windows NT 10.0; Win64; x64) AppleWebKit/537.36 (KHTML, like Gecko) Chrome/114.0.0.0 Safari/537.36"
140.174.179.8 - - [22/Apr/2026:20:00:21 +0300] "GET /the-newest-mother-operation-wikipedia/ HTTP/1.1" 200 74412 "-" "Mozilla/5.0 (Windows NT 10.0; Win64; x64) AppleWebKit/537.36 (KHTML, like Gecko) Chrome/123.0.0.0 Safari/537.36"
185.216.113.70 - - [22/Apr/2026:20:01:27 +0300] "POST /wp-cron.php?doing_wp_cron=1776877287.3272368907928466796875 HTTP/1.1" 200 448 "-" "WordPress/6.3.8; https://serhatburke.miroglu.net"
177.104.216.85 - - [22/Apr/2026:20:01:13 +0300] "GET / HTTP/1.1" 200 20021 "-" "Mozilla/5.0 (Windows NT 10.0; Win64; x64) AppleWebKit/537.36 (KHTML, like Gecko) Chrome/120.0.0.0 Safari/537.36"
185.216.113.70 - - [22/Apr/2026:20:03:30 +0300] "POST /wp-cron.php?doing_wp_cron=1776877410.2218449115753173828125 HTTP/1.1" 200 448 "-" "WordPress/6.3.8; https://serhatburke.miroglu.net"
98.98.9.30 - - [22/Apr/2026:20:03:16 +0300] "POST /xmlrpc.php HTTP/1.1" 200 630 "-" "Mozilla/5.0 (Windows NT 10.0; Win64; x64) AppleWebKit/537.36 (KHTML, like Gecko) Chrome/114.0.0.0 Safari/537.36"
155.94.236.24 - - [22/Apr/2026:20:03:29 +0300] "POST /xmlrpc.php HTTP/1.1" 200 630 "-" "Mozilla/5.0 (Windows NT 10.0; Win64; x64) AppleWebKit/537.36 (KHTML, like Gecko) Chrome/114.0.0.0 Safari/537.36"
172.245.80.67 - - [22/Apr/2026:20:03:33 +0300] "GET /beste-casino-site-belgie-hoge-inzet/ HTTP/1.1" 200 18551 "https://serhatburke.miroglu.net/" "Mozilla/5.0 (Macintosh; Intel Mac OS X 10.15; rv:147.0) Gecko/20100101 Firefox/147.0"
98.98.9.30 - - [22/Apr/2026:20:03:37 +0300] "POST /xmlrpc.php HTTP/1.1" 200 11396 "-" "Mozilla/5.0 (Windows NT 10.0; Win64; x64) AppleWebKit/537.36 (KHTML, like Gecko) Chrome/114.0.0.0 Safari/537.36"
155.94.236.24 - - [22/Apr/2026:20:03:54 +0300] "POST /xmlrpc.php HTTP/1.1" 200 7182 "-" "Mozilla/5.0 (Windows NT 10.0; Win64; x64) AppleWebKit/537.36 (KHTML, like Gecko) Chrome/114.0.0.0 Safari/537.36"
98.98.9.30 - - [22/Apr/2026:20:03:58 +0300] "GET /greatest-web-golden-new-world-offers-based-casinos-for-real-currency-2026/ HTTP/1.1" 200 72662 "-" "Mozilla/5.0 (Windows NT 10.0; Win64; x64) AppleWebKit/537.36 (KHTML, like Gecko) Chrome/109.0.0.0 Safari/537.36"
155.94.236.24 - - [22/Apr/2026:20:04:09 +0300] "GET /erreichbar-spielsalon-vermittlungsprovision-ohne-einzahlung-2026-no-anzahlung-vermittlungsprovision/ HTTP/1.1" 200 70095 "-" "Mozilla/5.0 (Windows NT 10.0; Win64; x64) AppleWebKit/537.36 (KHTML, like Gecko) Chrome/123.0.0.0 Safari/537.36"
185.216.113.70 - - [22/Apr/2026:20:05:46 +0300] "POST /wp-cron.php?doing_wp_cron=1776877546.6533470153808593750000 HTTP/1.1" 200 448 "-" "WordPress/6.3.8; https://serhatburke.miroglu.net"
103.219.169.227 - - [22/Apr/2026:20:05:28 +0300] "POST /xmlrpc.php HTTP/1.1" 200 630 "-" "Mozilla/5.0 (Windows NT 10.0; Win64; x64) AppleWebKit/537.36 (KHTML, like Gecko) Chrome/114.0.0.0 Safari/537.36"
103.219.169.227 - - [22/Apr/2026:20:05:53 +0300] "POST /xmlrpc.php HTTP/1.1" 200 10885 "-" "Mozilla/5.0 (Windows NT 10.0; Win64; x64) AppleWebKit/537.36 (KHTML, like Gecko) Chrome/114.0.0.0 Safari/537.36"
98.98.9.30 - - [22/Apr/2026:20:05:53 +0300] "POST /xmlrpc.php HTTP/1.1" 200 630 "-" "Mozilla/5.0 (Windows NT 10.0; Win64; x64) AppleWebKit/537.36 (KHTML, like Gecko) Chrome/114.0.0.0 Safari/537.36"
103.219.169.227 - - [22/Apr/2026:20:06:13 +0300] "GET /partyspiele-fur-erwachsene-20-lustige-richtige-spiele-cool-jewels-1-einzahlung-2023-je-drinnen-und-im-freien/ HTTP/1.1" 200 73692 "-" "Mozilla/5.0 (Windows NT 10.0; Win64; x64) AppleWebKit/537.36 (KHTML, like Gecko) Chrome/124.0.0.0 Safari/537.36 Edg/124.0.0.0"
98.98.9.30 - - [22/Apr/2026:20:06:20 +0300] "POST /xmlrpc.php HTTP/1.1" 200 11205 "-" "Mozilla/5.0 (Windows NT 10.0; Win64; x64) AppleWebKit/537.36 (KHTML, like Gecko) Chrome/114.0.0.0 Safari/537.36"
185.216.113.70 - - [22/Apr/2026:20:06:42 +0300] "POST /wp-cron.php?doing_wp_cron=1776877602.6586298942565917968750 HTTP/1.1" 200 448 "-" "WordPress/6.3.8; https://serhatburke.miroglu.net"
62.12.118.35 - - [22/Apr/2026:20:06:28 +0300] "POST /xmlrpc.php HTTP/1.1" 200 630 "-" "Mozilla/5.0 (Windows NT 10.0; Win64; x64) AppleWebKit/537.36 (KHTML, like Gecko) Chrome/114.0.0.0 Safari/537.36"
98.98.9.30 - - [22/Apr/2026:20:06:35 +0300] "GET /play-on-the-web-pokies-500-free-spins-no-deposit-bonus-2024-real-money-greatest-real-cash-pokies-sites/ HTTP/1.1" 200 73093 "-" "Mozilla/5.0 (Windows NT 10.0; Win64; x64) AppleWebKit/537.36 (KHTML, like Gecko) Chrome/124.0.0.0 Safari/537.36 Edg/124.0.0.0"
62.12.118.35 - - [22/Apr/2026:20:06:49 +0300] "POST /xmlrpc.php HTTP/1.1" 200 13523 "-" "Mozilla/5.0 (Windows NT 10.0; Win64; x64) AppleWebKit/537.36 (KHTML, like Gecko) Chrome/114.0.0.0 Safari/537.36"
62.12.118.35 - - [22/Apr/2026:20:07:05 +0300] "GET /darmowe-gry-hazardowe-zagraj-przy-kasyno-rozrywki-billionairespin-promo-casino-w-polsce/ HTTP/1.1" 200 76046 "-" "Mozilla/5.0 (Windows NT 10.0; Win64; x64) AppleWebKit/537.36 (KHTML, like Gecko) Chrome/109.0.0.0 Safari/537.36"
66.249.73.14 - - [22/Apr/2026:20:07:27 +0300] "GET /rollinoapp-uk-weekend-bonus-an-in-depth-review/undefined?ts=1775520000 HTTP/1.1" 200 0 "https://serhatburke.miroglu.net/rollinoapp-uk-weekend-bonus-an-in-depth-review/" "Mozilla/5.0 (Linux; Android 6.0.1; Nexus 5X Build/MMB29P) AppleWebKit/537.36 (KHTML, like Gecko) Chrome/146.0.7680.177 Mobile Safari/537.36 (compatible; Googlebot/2.1; +http://www.google.com/bot.html)"
185.216.113.70 - - [22/Apr/2026:20:07:39 +0300] "POST /wp-cron.php?doing_wp_cron=1776877659.5731859207153320312500 HTTP/1.1" 200 448 "-" "WordPress/6.3.8; https://serhatburke.miroglu.net"
66.249.73.14 - - [22/Apr/2026:20:07:56 +0300] "GET /rollinoapp-uk-weekend-bonus-an-in-depth-review/undefined?ts=1775520000 HTTP/1.1" 200 0 "https://serhatburke.miroglu.net/rollinoapp-uk-weekend-bonus-an-in-depth-review/" "Mozilla/5.0 (Linux; Android 6.0.1; Nexus 5X Build/MMB29P) AppleWebKit/537.36 (KHTML, like Gecko) Chrome/146.0.7680.177 Mobile Safari/537.36 (compatible; Googlebot/2.1; +http://www.google.com/bot.html)"
98.98.210.134 - - [22/Apr/2026:20:07:57 +0300] "POST /xmlrpc.php HTTP/1.1" 200 630 "-" "Mozilla/5.0 (Windows NT 10.0; Win64; x64) AppleWebKit/537.36 (KHTML, like Gecko) Chrome/114.0.0.0 Safari/537.36"
140.174.179.8 - - [22/Apr/2026:20:08:10 +0300] "POST /xmlrpc.php HTTP/1.1" 200 630 "-" "Mozilla/5.0 (Windows NT 10.0; Win64; x64) AppleWebKit/537.36 (KHTML, like Gecko) Chrome/114.0.0.0 Safari/537.36"
185.216.113.70 - - [22/Apr/2026:20:08:32 +0300] "POST /wp-cron.php?doing_wp_cron=1776877712.3236920833587646484375 HTTP/1.1" 200 448 "-" "WordPress/6.3.8; https://serhatburke.miroglu.net"
98.98.210.134 - - [22/Apr/2026:20:08:16 +0300] "POST /xmlrpc.php HTTP/1.1" 200 9807 "-" "Mozilla/5.0 (Windows NT 10.0; Win64; x64) AppleWebKit/537.36 (KHTML, like Gecko) Chrome/114.0.0.0 Safari/537.36"
98.98.9.30 - - [22/Apr/2026:20:08:25 +0300] "POST /xmlrpc.php HTTP/1.1" 200 630 "-" "Mozilla/5.0 (Windows NT 10.0; Win64; x64) AppleWebKit/537.36 (KHTML, like Gecko) Chrome/114.0.0.0 Safari/537.36"
98.98.197.186 - - [22/Apr/2026:20:08:36 +0300] "POST /xmlrpc.php HTTP/1.1" 200 630 "-" "Mozilla/5.0 (Windows NT 10.0; Win64; x64) AppleWebKit/537.36 (KHTML, like Gecko) Chrome/114.0.0.0 Safari/537.36"
140.174.179.8 - - [22/Apr/2026:20:08:35 +0300] "POST /xmlrpc.php HTTP/1.1" 200 12764 "-" "Mozilla/5.0 (Windows NT 10.0; Win64; x64) AppleWebKit/537.36 (KHTML, like Gecko) Chrome/114.0.0.0 Safari/537.36"
98.98.210.134 - - [22/Apr/2026:20:08:33 +0300] "GET /oferujemy-wieczne-zmienna-stochastyczna-gier-stolowych-spersonalizowane-do-preferencji-polskich-graczy/ HTTP/1.1" 200 72437 "-" "Mozilla/5.0 (Windows NT 10.0; Win64; x64) AppleWebKit/537.36 (KHTML, like Gecko) Chrome/123.0.0.0 Safari/537.36 OPR/109.0.0.0"
185.216.113.70 - - [22/Apr/2026:20:09:34 +0300] "POST /wp-cron.php?doing_wp_cron=1776877774.0880429744720458984375 HTTP/1.1" 200 448 "-" "WordPress/6.3.8; https://serhatburke.miroglu.net"
98.98.9.30 - - [22/Apr/2026:20:09:00 +0300] "POST /xmlrpc.php HTTP/1.1" 200 11560 "-" "Mozilla/5.0 (Windows NT 10.0; Win64; x64) AppleWebKit/537.36 (KHTML, like Gecko) Chrome/114.0.0.0 Safari/537.36"
185.216.113.70 - - [22/Apr/2026:20:09:41 +0300] "POST /wp-cron.php?doing_wp_cron=1776877781.0471889972686767578125 HTTP/1.1" 200 448 "-" "WordPress/6.3.8; https://serhatburke.miroglu.net"
98.98.210.134 - - [22/Apr/2026:20:09:11 +0300] "POST /xmlrpc.php HTTP/1.1" 200 630 "-" "Mozilla/5.0 (Windows NT 10.0; Win64; x64) AppleWebKit/537.36 (KHTML, like Gecko) Chrome/114.0.0.0 Safari/537.36"
185.216.113.70 - - [22/Apr/2026:20:09:51 +0300] "POST /wp-cron.php?doing_wp_cron=1776877790.8653340339660644531250 HTTP/1.1" 200 448 "-" "WordPress/6.3.8; https://serhatburke.miroglu.net"
140.174.179.8 - - [22/Apr/2026:20:09:19 +0300] "GET /gamble-celebrity-trek-casino-slot-games-at-no-cost-2026/ HTTP/1.1" 200 73553 "-" "Mozilla/5.0 (Windows NT 10.0; Win64; x64) AppleWebKit/537.36 (KHTML, like Gecko) Chrome/109.0.0.0 Safari/537.36"
185.216.113.70 - - [22/Apr/2026:20:09:53 +0300] "POST /wp-cron.php?doing_wp_cron=1776877793.1317360401153564453125 HTTP/1.1" 200 448 "-" "WordPress/6.3.8; https://serhatburke.miroglu.net"
98.98.197.186 - - [22/Apr/2026:20:09:22 +0300] "POST /xmlrpc.php HTTP/1.1" 200 11964 "-" "Mozilla/5.0 (Windows NT 10.0; Win64; x64) AppleWebKit/537.36 (KHTML, like Gecko) Chrome/114.0.0.0 Safari/537.36"
98.98.9.30 - - [22/Apr/2026:20:09:35 +0300] "GET /play-online-slots-games-finest-free-and-you-can-real-cash-big-bear-rtp-slot-online-ports/ HTTP/1.1" 200 73129 "-" "Mozilla/5.0 (Windows NT 10.0; Win64; x64; rv:124.0) Gecko/20100101 Firefox/124.0"
98.98.210.134 - - [22/Apr/2026:20:09:47 +0300] "POST /xmlrpc.php HTTP/1.1" 200 9504 "-" "Mozilla/5.0 (Windows NT 10.0; Win64; x64) AppleWebKit/537.36 (KHTML, like Gecko) Chrome/114.0.0.0 Safari/537.36"
98.98.197.186 - - [22/Apr/2026:20:09:54 +0300] "GET /trusted-casino-playing-guide-for-31-years/ HTTP/1.1" 200 72203 "-" "Mozilla/5.0 (Windows NT 10.0; Win64; x64) AppleWebKit/537.36 (KHTML, like Gecko) Chrome/123.0.0.0 Safari/537.36 OPR/109.0.0.0"
98.98.210.134 - - [22/Apr/2026:20:10:29 +0300] "POST /xmlrpc.php HTTP/1.1" 200 630 "-" "Mozilla/5.0 (Windows NT 10.0; Win64; x64) AppleWebKit/537.36 (KHTML, like Gecko) Chrome/114.0.0.0 Safari/537.36"
98.98.210.134 - - [22/Apr/2026:20:10:31 +0300] "GET /w-nowych-graczy-potrzebuje-naparzajacy-program-powitalny-z-dodatkowymi-srodkami-oraz-darmowymi-spinami/ HTTP/1.1" 200 71799 "-" "Mozilla/5.0 (Windows NT 10.0; rv:109.0) Gecko/20100101 Firefox/115.0"
185.216.113.70 - - [22/Apr/2026:20:10:59 +0300] "POST /wp-cron.php?doing_wp_cron=1776877859.5098309516906738281250 HTTP/1.1" 200 448 "-" "WordPress/6.3.8; https://serhatburke.miroglu.net"
98.98.9.30 - - [22/Apr/2026:20:10:45 +0300] "POST /xmlrpc.php HTTP/1.1" 200 630 "-" "Mozilla/5.0 (Windows NT 10.0; Win64; x64) AppleWebKit/537.36 (KHTML, like Gecko) Chrome/114.0.0.0 Safari/537.36"
98.98.210.134 - - [22/Apr/2026:20:10:54 +0300] "POST /xmlrpc.php HTTP/1.1" 200 9613 "-" "Mozilla/5.0 (Windows NT 10.0; Win64; x64) AppleWebKit/537.36 (KHTML, like Gecko) Chrome/114.0.0.0 Safari/537.36"
98.98.9.30 - - [22/Apr/2026:20:11:06 +0300] "POST /xmlrpc.php HTTP/1.1" 200 11478 "-" "Mozilla/5.0 (Windows NT 10.0; Win64; x64) AppleWebKit/537.36 (KHTML, like Gecko) Chrome/114.0.0.0 Safari/537.36"
98.98.210.134 - - [22/Apr/2026:20:11:09 +0300] "GET /odwiedzajac-nasza-strone-masz-dostep-do-znacznie-lepiej-zredagowanych-rzetelnych-raport-o-kasyn-siec/ HTTP/1.1" 200 72040 "-" "Mozilla/5.0 (Windows NT 10.0; Win64; x64; rv:125.0) Gecko/20100101 Firefox/125.0"
193.24.211.72 - - [22/Apr/2026:20:11:25 +0300] "GET /wp-login.php HTTP/2" 200 3091 "-" "Mozilla/5.0 (Windows NT 10.0; Win64; x64; rv:127.0) Gecko/20100101 Firefox/127.0"
185.216.113.70 - - [22/Apr/2026:20:11:39 +0300] "POST /wp-cron.php?doing_wp_cron=1776877899.8025839328765869140625 HTTP/1.1" 200 448 "-" "WordPress/6.3.8; https://serhatburke.miroglu.net"
98.98.9.30 - - [22/Apr/2026:20:11:26 +0300] "GET /cashapillar-trial-from-the-video-gate777-bonus-how-to-use-game-international-100-percent-free-position-and-game-opinion/ HTTP/1.1" 200 73935 "-" "Mozilla/5.0 (Windows NT 10.0; rv:125.0) Gecko/20100101 Firefox/125.0"
98.98.210.134 - - [22/Apr/2026:20:11:50 +0300] "POST /xmlrpc.php HTTP/1.1" 200 630 "-" "Mozilla/5.0 (Windows NT 10.0; Win64; x64) AppleWebKit/537.36 (KHTML, like Gecko) Chrome/114.0.0.0 Safari/537.36"
60.15.209.232 - - [22/Apr/2026:20:11:51 +0300] "GET /wp-login.php HTTP/2" 200 24 "-" "Mozilla/5.0 (Windows NT 10.0; Win64; x64) AppleWebKit/537.36 (KHTML, like Gecko) Chrome/124.0.6367.207 Safari/537.36"
62.12.118.35 - - [22/Apr/2026:20:11:52 +0300] "POST /xmlrpc.php HTTP/1.1" 200 630 "-" "Mozilla/5.0 (Windows NT 10.0; Win64; x64) AppleWebKit/537.36 (KHTML, like Gecko) Chrome/114.0.0.0 Safari/537.36"
185.216.113.70 - - [22/Apr/2026:20:12:28 +0300] "POST /wp-cron.php?doing_wp_cron=1776877948.8118290901184082031250 HTTP/1.1" 200 448 "-" "WordPress/6.3.8; https://serhatburke.miroglu.net"
98.98.210.134 - - [22/Apr/2026:20:12:15 +0300] "POST /xmlrpc.php HTTP/1.1" 200 9129 "-" "Mozilla/5.0 (Windows NT 10.0; Win64; x64) AppleWebKit/537.36 (KHTML, like Gecko) Chrome/114.0.0.0 Safari/537.36"
62.12.118.35 - - [22/Apr/2026:20:12:17 +0300] "POST /xmlrpc.php HTTP/1.1" 200 13736 "-" "Mozilla/5.0 (Windows NT 10.0; Win64; x64) AppleWebKit/537.36 (KHTML, like Gecko) Chrome/114.0.0.0 Safari/537.36"
98.98.210.134 - - [22/Apr/2026:20:12:29 +0300] "GET /system-bison-casino-dodatkowy-cieszy-sie-dla-kazdego-gracza-%EF%BF%BD-promocje-zaczynaja-sie-juz-od-rejestracji/ HTTP/1.1" 200 71446 "-" "Mozilla/5.0 (Windows NT 10.0; Win64; x64; rv:124.0) Gecko/20100101 Firefox/124.0"
62.12.118.35 - - [22/Apr/2026:20:12:32 +0300] "GET /premia-rzuc-okiem-na-hiperlacze-wyjawszy-depozytu-ewidencja-kasyn-pochodzace-z-bonusami-z-brakiem-wplaty-wlasnej/ HTTP/1.1" 200 76871 "-" "Mozilla/5.0 (Windows NT 10.0; Win64; x64; rv:124.0) Gecko/20100101 Firefox/124.0"
98.98.9.30 - - [22/Apr/2026:20:13:06 +0300] "POST /xmlrpc.php HTTP/1.1" 200 630 "-" "Mozilla/5.0 (Windows NT 10.0; Win64; x64) AppleWebKit/537.36 (KHTML, like Gecko) Chrome/114.0.0.0 Safari/537.36"
185.216.113.70 - - [22/Apr/2026:20:13:36 +0300] "POST /wp-cron.php?doing_wp_cron=1776878016.7317249774932861328125 HTTP/1.1" 200 448 "-" "WordPress/6.3.8; https://serhatburke.miroglu.net"
40.77.167.79 - - [22/Apr/2026:20:13:20 +0300] "GET /kraken-bezopasnye-metody-dostupa-k-darknetu-2026-29/ HTTP/2" 200 18003 "-" "Mozilla/5.0 AppleWebKit/537.36 (KHTML, like Gecko; compatible; bingbot/2.0; +http://www.bing.com/bingbot.htm) Chrome/116.0.1938.76 Safari/537.36"
98.98.9.30 - - [22/Apr/2026:20:13:25 +0300] "POST /xmlrpc.php HTTP/1.1" 200 11301 "-" "Mozilla/5.0 (Windows NT 10.0; Win64; x64) AppleWebKit/537.36 (KHTML, like Gecko) Chrome/114.0.0.0 Safari/537.36"
52.167.144.211 - - [22/Apr/2026:20:13:24 +0300] "GET /call-us-assist-champion-rwanda/ HTTP/2" 200 17868 "-" "Mozilla/5.0 AppleWebKit/537.36 (KHTML, like Gecko; compatible; bingbot/2.0; +http://www.bing.com/bingbot.htm) Chrome/116.0.1938.76 Safari/537.36"
98.98.9.30 - - [22/Apr/2026:20:13:47 +0300] "GET /red-sizzling-hot-online-casino-coral-internet-casino-acceptance-extra-february-2026-deposit-10-rating-one-hundred-totally-free-spins/ HTTP/1.1" 200 74146 "-" "Mozilla/5.0 (Windows NT 10.0; Win64; x64) AppleWebKit/537.36 (KHTML, like Gecko) Chrome/124.0.0.0 Safari/537.36"
98.98.197.186 - - [22/Apr/2026:20:13:54 +0300] "POST /xmlrpc.php HTTP/1.1" 200 630 "-" "Mozilla/5.0 (Windows NT 10.0; Win64; x64) AppleWebKit/537.36 (KHTML, like Gecko) Chrome/114.0.0.0 Safari/537.36"
52.167.144.211 - - [22/Apr/2026:20:14:04 +0300] "GET /unleash-your-crypto-potential-with-jupiter-swap-2/ HTTP/2" 200 18432 "-" "Mozilla/5.0 AppleWebKit/537.36 (KHTML, like Gecko; compatible; bingbot/2.0; +http://www.bing.com/bingbot.htm) Chrome/116.0.1938.76 Safari/537.36"
185.216.113.70 - - [22/Apr/2026:20:14:25 +0300] "POST /wp-cron.php?doing_wp_cron=1776878065.5594348907470703125000 HTTP/1.1" 200 448 "-" "WordPress/6.3.8; https://serhatburke.miroglu.net"
98.98.197.186 - - [22/Apr/2026:20:14:12 +0300] "POST /xmlrpc.php HTTP/1.1" 200 12131 "-" "Mozilla/5.0 (Windows NT 10.0; Win64; x64) AppleWebKit/537.36 (KHTML, like Gecko) Chrome/114.0.0.0 Safari/537.36"
98.98.197.186 - - [22/Apr/2026:20:14:27 +0300] "GET /bucks-splash-big-jackpots-awaits-you/ HTTP/1.1" 200 72392 "-" "Mozilla/5.0 (Windows NT 10.0; rv:125.0) Gecko/20100101 Firefox/125.0"
62.12.118.35 - - [22/Apr/2026:20:14:30 +0300] "POST /xmlrpc.php HTTP/1.1" 200 630 "-" "Mozilla/5.0 (Windows NT 10.0; Win64; x64) AppleWebKit/537.36 (KHTML, like Gecko) Chrome/114.0.0.0 Safari/537.36"
62.12.118.35 - - [22/Apr/2026:20:14:56 +0300] "POST /xmlrpc.php HTTP/1.1" 200 14693 "-" "Mozilla/5.0 (Windows NT 10.0; Win64; x64) AppleWebKit/537.36 (KHTML, like Gecko) Chrome/114.0.0.0 Safari/537.36"
140.174.179.8 - - [22/Apr/2026:20:15:04 +0300] "POST /xmlrpc.php HTTP/1.1" 200 630 "-" "Mozilla/5.0 (Windows NT 10.0; Win64; x64) AppleWebKit/537.36 (KHTML, like Gecko) Chrome/114.0.0.0 Safari/537.36"
98.98.9.30 - - [22/Apr/2026:20:15:08 +0300] "POST /xmlrpc.php HTTP/1.1" 200 630 "-" "Mozilla/5.0 (Windows NT 10.0; Win64; x64) AppleWebKit/537.36 (KHTML, like Gecko) Chrome/114.0.0.0 Safari/537.36"
98.98.210.134 - - [22/Apr/2026:20:15:15 +0300] "POST /xmlrpc.php HTTP/1.1" 200 630 "-" "Mozilla/5.0 (Windows NT 10.0; Win64; x64) AppleWebKit/537.36 (KHTML, like Gecko) Chrome/114.0.0.0 Safari/537.36"
62.12.118.35 - - [22/Apr/2026:20:15:12 +0300] "GET /nasze-panstwo-telewizja-internetowa-prepiady-komputerowe-jak-i-rowniez-sceny-graj-w-golden-ticket-na-prawdziwe-pieniadze-filmowe-za-darmo-sieciowy-jak-i-rowniez-prawnie-telewizja/ HTTP/1.1" 200 79196 "-" "Mozilla/5.0 (Windows NT 10.0; Win64; x64; rv:125.0) Gecko/20100101 Firefox/125.0"
185.216.113.70 - - [22/Apr/2026:20:15:50 +0300] "POST /wp-cron.php?doing_wp_cron=1776878150.0508780479431152343750 HTTP/1.1" 200 448 "-" "WordPress/6.3.8; https://serhatburke.miroglu.net"
140.174.179.8 - - [22/Apr/2026:20:15:31 +0300] "POST /xmlrpc.php HTTP/1.1" 200 14990 "-" "Mozilla/5.0 (Windows NT 10.0; Win64; x64) AppleWebKit/537.36 (KHTML, like Gecko) Chrome/114.0.0.0 Safari/537.36"
98.98.9.30 - - [22/Apr/2026:20:15:34 +0300] "POST /xmlrpc.php HTTP/1.1" 200 11335 "-" "Mozilla/5.0 (Windows NT 10.0; Win64; x64) AppleWebKit/537.36 (KHTML, like Gecko) Chrome/114.0.0.0 Safari/537.36"
98.98.210.134 - - [22/Apr/2026:20:15:38 +0300] "POST /xmlrpc.php HTTP/1.1" 200 9881 "-" "Mozilla/5.0 (Windows NT 10.0; Win64; x64) AppleWebKit/537.36 (KHTML, like Gecko) Chrome/114.0.0.0 Safari/537.36"
46.224.140.177 - - [22/Apr/2026:20:15:47 +0300] "POST /xmlrpc.php HTTP/1.1" 200 602 "-" "Mozilla/5.0 (Windows NT 10.0; Win64; x64) AppleWebKit/537.36 (KHTML, like Gecko) Chrome/108.0.0.0 Safari/537.36"
98.98.9.30 - - [22/Apr/2026:20:15:52 +0300] "GET /greatest-no-deposit-incentive-gambling-enterprises-and-promos-critical-hyperlink-within-the-you-for-february-2026/ HTTP/1.1" 200 73630 "-" "Mozilla/5.0 (Windows NT 10.0; rv:109.0) Gecko/20100101 Firefox/115.0"
140.174.179.8 - - [22/Apr/2026:20:15:51 +0300] "GET /thunderstruck-royalty-free-tunes-foot-acdc-bad-boy-envato/ HTTP/1.1" 200 75813 "-" "Mozilla/5.0 (Windows NT 10.0; rv:109.0) Gecko/20100101 Firefox/115.0"
52.167.144.157 - - [22/Apr/2026:20:15:59 +0300] "GET /discover-the-exceptional-features-of-solscan-for-investors/ HTTP/2" 200 17117 "-" "Mozilla/5.0 AppleWebKit/537.36 (KHTML, like Gecko; compatible; bingbot/2.0; +http://www.bing.com/bingbot.htm) Chrome/116.0.1938.76 Safari/537.36"
98.98.210.134 - - [22/Apr/2026:20:16:01 +0300] "GET /pariu-bazate-pe-rotiri-alternativ-nu-au-strategie-stabilii-un-buton-on-rata-din-returnat/ HTTP/1.1" 200 71782 "-" "Mozilla/5.0 (Windows NT 10.0; Win64; x64; rv:125.0) Gecko/20100101 Firefox/125.0"
40.77.167.25 - - [22/Apr/2026:20:16:03 +0300] "GET /nye-norske-besog-hjemmesiden-casino-2026-topplisten-goldbet-kasino-avance-nye-norsk-casinoer-pa-nett-i-norge-costa-rica/ HTTP/2" 200 19496 "-" "Mozilla/5.0 AppleWebKit/537.36 (KHTML, like Gecko; compatible; bingbot/2.0; +http://www.bing.com/bingbot.htm) Chrome/116.0.1938.76 Safari/537.36"
40.77.167.67 - - [22/Apr/2026:20:16:09 +0300] "GET /bloodshot-spielautomat-%EF%BF%BD-gewinne-freund-und-feind-freispielen-umsetzen-oder-lohnen/ HTTP/2" 200 19031 "-" "Mozilla/5.0 AppleWebKit/537.36 (KHTML, like Gecko; compatible; bingbot/2.0; +http://www.bing.com/bingbot.htm) Chrome/116.0.1938.76 Safari/537.36"
40.77.167.25 - - [22/Apr/2026:20:16:51 +0300] "GET /kraken-vash-navigator-v-darknete-2026/ HTTP/2" 200 16112 "-" "Mozilla/5.0 AppleWebKit/537.36 (KHTML, like Gecko; compatible; bingbot/2.0; +http://www.bing.com/bingbot.htm) Chrome/116.0.1938.76 Safari/537.36"
62.12.118.35 - - [22/Apr/2026:20:16:55 +0300] "POST /xmlrpc.php HTTP/1.1" 200 630 "-" "Mozilla/5.0 (Windows NT 10.0; Win64; x64) AppleWebKit/537.36 (KHTML, like Gecko) Chrome/114.0.0.0 Safari/537.36"
40.77.167.67 - - [22/Apr/2026:20:16:58 +0300] "GET /betify-casino-avis-bonus-exclusif-202615241-2/ HTTP/2" 200 17798 "-" "Mozilla/5.0 AppleWebKit/537.36 (KHTML, like Gecko; compatible; bingbot/2.0; +http://www.bing.com/bingbot.htm) Chrome/116.0.1938.76 Safari/537.36"
98.98.9.30 - - [22/Apr/2026:20:17:01 +0300] "POST /xmlrpc.php HTTP/1.1" 200 630 "-" "Mozilla/5.0 (Windows NT 10.0; Win64; x64) AppleWebKit/537.36 (KHTML, like Gecko) Chrome/114.0.0.0 Safari/537.36"
98.98.197.186 - - [22/Apr/2026:20:17:09 +0300] "POST /xmlrpc.php HTTP/1.1" 200 630 "-" "Mozilla/5.0 (Windows NT 10.0; Win64; x64) AppleWebKit/537.36 (KHTML, like Gecko) Chrome/114.0.0.0 Safari/537.36"
185.216.113.70 - - [22/Apr/2026:20:17:39 +0300] "POST /wp-cron.php?doing_wp_cron=1776878259.1717050075531005859375 HTTP/1.1" 200 448 "-" "WordPress/6.3.8; https://serhatburke.miroglu.net"
103.219.169.227 - - [22/Apr/2026:20:17:21 +0300] "POST /xmlrpc.php HTTP/1.1" 200 630 "-" "Mozilla/5.0 (Windows NT 10.0; Win64; x64) AppleWebKit/537.36 (KHTML, like Gecko) Chrome/114.0.0.0 Safari/537.36"
62.12.118.35 - - [22/Apr/2026:20:17:24 +0300] "POST /xmlrpc.php HTTP/1.1" 200 13833 "-" "Mozilla/5.0 (Windows NT 10.0; Win64; x64) AppleWebKit/537.36 (KHTML, like Gecko) Chrome/114.0.0.0 Safari/537.36"
98.98.9.30 - - [22/Apr/2026:20:17:29 +0300] "POST /xmlrpc.php HTTP/1.1" 200 11650 "-" "Mozilla/5.0 (Windows NT 10.0; Win64; x64) AppleWebKit/537.36 (KHTML, like Gecko) Chrome/114.0.0.0 Safari/537.36"
98.98.197.186 - - [22/Apr/2026:20:17:35 +0300] "POST /xmlrpc.php HTTP/1.1" 200 11957 "-" "Mozilla/5.0 (Windows NT 10.0; Win64; x64) AppleWebKit/537.36 (KHTML, like Gecko) Chrome/114.0.0.0 Safari/537.36"
103.219.169.227 - - [22/Apr/2026:20:17:46 +0300] "POST /xmlrpc.php HTTP/1.1" 200 10820 "-" "Mozilla/5.0 (Windows NT 10.0; Win64; x64) AppleWebKit/537.36 (KHTML, like Gecko) Chrome/114.0.0.0 Safari/537.36"
62.12.118.35 - - [22/Apr/2026:20:17:46 +0300] "GET /nadprogram-wyjawszy-depozytu-2025-w-celu-mlodych-polakow-darmowe-kasyno-pochodzace-beonbet-strona-internetowa-z-bonusem-w-ciagu-rejestracje/ HTTP/1.1" 200 77431 "-" "Mozilla/5.0 (Windows NT 10.0; Win64; x64; rv:125.0) Gecko/20100101 Firefox/125.0"
98.98.9.30 - - [22/Apr/2026:20:17:54 +0300] "GET /777-local-casino-100-percent-free-local-play-absolute-super-reels-online-casino-added-bonus-with-no-deposit-required-2026/ HTTP/1.1" 200 74518 "-" "Mozilla/5.0 (Windows NT 10.0; Win64; x64) AppleWebKit/537.36 (KHTML, like Gecko) Chrome/124.0.0.0 Safari/537.36 Edg/124.0.0.0"
98.98.197.186 - - [22/Apr/2026:20:18:02 +0300] "GET /finest-on-the-web-nfl-survivor-swimming-pools-inside-the-2025-26-totally-free-real-cash/ HTTP/1.1" 200 73796 "-" "Mozilla/5.0 (Windows NT 10.0; rv:109.0) Gecko/20100101 Firefox/115.0"
103.219.169.227 - - [22/Apr/2026:20:18:16 +0300] "GET /kasino-pramie-abzuglich-einzahlung-2026-agent-jane-blonde-spielautomat-valley-of-the-gods-spielbank-neue-no-vorleistung-boni/ HTTP/1.1" 200 74107 "-" "Mozilla/5.0 (Windows NT 10.0; Win64; x64) AppleWebKit/537.36 (KHTML, like Gecko) Chrome/109.0.0.0 Safari/537.36"
185.216.113.70 - - [22/Apr/2026:20:18:42 +0300] "POST /wp-cron.php?doing_wp_cron=1776878322.2195370197296142578125 HTTP/1.1" 200 448 "-" "WordPress/6.3.8; https://serhatburke.miroglu.net"
91.107.208.255 - - [22/Apr/2026:20:18:29 +0300] "POST /xmlrpc.php HTTP/1.1" 200 602 "-" "Mozilla/5.0 (Windows NT 10.0; Win64; x64) AppleWebKit/537.36 (KHTML, like Gecko) Chrome/108.0.0.0 Safari/537.36"
91.107.208.255 - - [22/Apr/2026:20:18:43 +0300] "POST /xmlrpc.php HTTP/1.1" 200 3930 "-" "Mozilla/5.0 (Windows NT 10.0; Win64; x64) AppleWebKit/537.36 (KHTML, like Gecko) Chrome/108.0.0.0 Safari/537.36"
98.98.9.30 - - [22/Apr/2026:20:18:48 +0300] "POST /xmlrpc.php HTTP/1.1" 200 630 "-" "Mozilla/5.0 (Windows NT 10.0; Win64; x64) AppleWebKit/537.36 (KHTML, like Gecko) Chrome/114.0.0.0 Safari/537.36"
91.107.208.255 - - [22/Apr/2026:20:19:04 +0300] "GET /jeux-de-casino-en-ligne-gratuits-2/ HTTP/1.1" 200 18584 "-" "Mozilla/5.0 (Windows NT 10.0; Win64; x64) AppleWebKit/537.36 (KHTML, like Gecko) Chrome/108.0.0.0 Safari/537.36"
98.98.9.30 - - [22/Apr/2026:20:19:11 +0300] "POST /xmlrpc.php HTTP/1.1" 200 11415 "-" "Mozilla/5.0 (Windows NT 10.0; Win64; x64) AppleWebKit/537.36 (KHTML, like Gecko) Chrome/114.0.0.0 Safari/537.36"
62.12.118.35 - - [22/Apr/2026:20:19:15 +0300] "POST /xmlrpc.php HTTP/1.1" 200 630 "-" "Mozilla/5.0 (Windows NT 10.0; Win64; x64) AppleWebKit/537.36 (KHTML, like Gecko) Chrome/114.0.0.0 Safari/537.36"
185.216.113.70 - - [22/Apr/2026:20:19:38 +0300] "POST /wp-cron.php?doing_wp_cron=1776878378.3419880867004394531250 HTTP/1.1" 200 448 "-" "WordPress/6.3.8; https://serhatburke.miroglu.net"
98.98.9.30 - - [22/Apr/2026:20:19:26 +0300] "GET /100percent-to-200-77-casino-jackpotcity-login-no-deposit-free-spins/ HTTP/1.1" 200 72566 "-" "Mozilla/5.0 (Windows NT 10.0; Win64; x64; rv:125.0) Gecko/20100101 Firefox/125.0"
62.12.118.35 - - [22/Apr/2026:20:19:36 +0300] "POST /xmlrpc.php HTTP/1.1" 200 14029 "-" "Mozilla/5.0 (Windows NT 10.0; Win64; x64) AppleWebKit/537.36 (KHTML, like Gecko) Chrome/114.0.0.0 Safari/537.36"
62.12.118.35 - - [22/Apr/2026:20:19:52 +0300] "GET /odnajdz-rzeczywistosc-wyjasnienie-bonusu-kasynowego-leovegas-darmowych-konsol-przez-internet-gwoli-doroslych-z-szeroka-paleta-ekscytujacych-opinii/ HTTP/1.1" 200 77875 "-" "Mozilla/5.0 (Windows NT 10.0; rv:125.0) Gecko/20100101 Firefox/125.0"
91.245.236.158 - - [22/Apr/2026:20:20:23 +0300] "POST /xmlrpc.php HTTP/2" 200 141 "-" "WordPress/XMLRPC Client"
185.216.113.70 - - [22/Apr/2026:20:20:47 +0300] "POST /wp-cron.php?doing_wp_cron=1776878447.3733420372009277343750 HTTP/1.1" 200 448 "-" "WordPress/6.3.8; https://serhatburke.miroglu.net"
98.98.197.186 - - [22/Apr/2026:20:20:30 +0300] "POST /xmlrpc.php HTTP/1.1" 200 630 "-" "Mozilla/5.0 (Windows NT 10.0; Win64; x64) AppleWebKit/537.36 (KHTML, like Gecko) Chrome/114.0.0.0 Safari/537.36"
98.98.9.30 - - [22/Apr/2026:20:20:33 +0300] "POST /xmlrpc.php HTTP/1.1" 200 630 "-" "Mozilla/5.0 (Windows NT 10.0; Win64; x64) AppleWebKit/537.36 (KHTML, like Gecko) Chrome/114.0.0.0 Safari/537.36"
91.245.236.158 - - [22/Apr/2026:20:20:37 +0300] "GET /?p=127849 HTTP/2" 301 0 "-" "Mozilla/5.0 (Windows NT 10.0; Win64; x64) AppleWebKit/537.36 (KHTML, like Gecko) Chrome/120.0.0.0 Safari/537.36"
98.98.197.186 - - [22/Apr/2026:20:20:53 +0300] "POST /xmlrpc.php HTTP/1.1" 200 11273 "-" "Mozilla/5.0 (Windows NT 10.0; Win64; x64) AppleWebKit/537.36 (KHTML, like Gecko) Chrome/114.0.0.0 Safari/537.36"
98.98.9.30 - - [22/Apr/2026:20:20:58 +0300] "POST /xmlrpc.php HTTP/1.1" 200 11105 "-" "Mozilla/5.0 (Windows NT 10.0; Win64; x64) AppleWebKit/537.36 (KHTML, like Gecko) Chrome/114.0.0.0 Safari/537.36"
140.174.179.8 - - [22/Apr/2026:20:20:56 +0300] "POST /xmlrpc.php HTTP/1.1" 200 630 "-" "Mozilla/5.0 (Windows NT 10.0; Win64; x64) AppleWebKit/537.36 (KHTML, like Gecko) Chrome/114.0.0.0 Safari/537.36"
98.98.197.186 - - [22/Apr/2026:20:21:15 +0300] "GET /dps-calculator-to-own-ruin-for-each-2nd-math/ HTTP/1.1" 200 71749 "-" "Mozilla/5.0 (Windows NT 10.0; Win64; x64) AppleWebKit/537.36 (KHTML, like Gecko) Chrome/124.0.0.0 Safari/537.36 Edg/124.0.0.0"
98.98.9.30 - - [22/Apr/2026:20:21:19 +0300] "GET /broker-spins-siberian-storm-rtp-150-free-spins-local-casino-agentspins-gambling-establishment-official-uk-log-in/ HTTP/1.1" 200 73814 "-" "Mozilla/5.0 (Windows NT 10.0; Win64; x64) AppleWebKit/537.36 (KHTML, like Gecko) Chrome/123.0.0.0 Safari/537.36"
185.216.113.70 - - [22/Apr/2026:20:21:42 +0300] "POST /wp-cron.php?doing_wp_cron=1776878502.4931509494781494140625 HTTP/1.1" 200 448 "-" "WordPress/6.3.8; https://serhatburke.miroglu.net"
62.12.118.35 - - [22/Apr/2026:20:21:24 +0300] "POST /xmlrpc.php HTTP/1.1" 200 630 "-" "Mozilla/5.0 (Windows NT 10.0; Win64; x64) AppleWebKit/537.36 (KHTML, like Gecko) Chrome/114.0.0.0 Safari/537.36"
140.174.179.8 - - [22/Apr/2026:20:21:27 +0300] "POST /xmlrpc.php HTTP/1.1" 200 14176 "-" "Mozilla/5.0 (Windows NT 10.0; Win64; x64) AppleWebKit/537.36 (KHTML, like Gecko) Chrome/114.0.0.0 Safari/537.36"
40.77.167.57 - - [22/Apr/2026:20:21:39 +0300] "GET /fantasy-football-victory-dollars-prizes/ HTTP/2" 200 17360 "-" "Mozilla/5.0 AppleWebKit/537.36 (KHTML, like Gecko; compatible; bingbot/2.0; +http://www.bing.com/bingbot.htm) Chrome/116.0.1938.76 Safari/537.36"
40.77.167.25 - - [22/Apr/2026:20:21:44 +0300] "GET /na-malina-kasyna-zachety-i-mozesz-kody-kuponow-odgrywaja-kluczowa-role-w-zwiekszaniu-przyjemnosci-z-gry/ HTTP/2" 200 18339 "-" "Mozilla/5.0 AppleWebKit/537.36 (KHTML, like Gecko; compatible; bingbot/2.0; +http://www.bing.com/bingbot.htm) Chrome/116.0.1938.76 Safari/537.36"
62.12.118.35 - - [22/Apr/2026:20:21:49 +0300] "POST /xmlrpc.php HTTP/1.1" 200 13420 "-" "Mozilla/5.0 (Windows NT 10.0; Win64; x64) AppleWebKit/537.36 (KHTML, like Gecko) Chrome/114.0.0.0 Safari/537.36"
140.174.179.8 - - [22/Apr/2026:20:21:50 +0300] "GET /stream-thunderstruck-2012-view-it-on-the-netflix-primary-video-clips-hulu-much-more/ HTTP/1.1" 200 75643 "-" "Mozilla/5.0 (Windows NT 10.0; rv:109.0) Gecko/20100101 Firefox/115.0"
40.77.167.57 - - [22/Apr/2026:20:22:09 +0300] "GET /kraken-bezopasnyi-dostup-k-resursam-darkneta-2026-20/ HTTP/2" 200 17901 "-" "Mozilla/5.0 AppleWebKit/537.36 (KHTML, like Gecko; compatible; bingbot/2.0; +http://www.bing.com/bingbot.htm) Chrome/116.0.1938.76 Safari/537.36"
62.12.118.35 - - [22/Apr/2026:20:22:15 +0300] "GET /biezace-bonusy-bez-kasyno-leovegas-depozytu-zbyt-rejestracje-w-kasynach/ HTTP/1.1" 200 75572 "-" "Mozilla/5.0 (Windows NT 10.0; rv:125.0) Gecko/20100101 Firefox/125.0"
98.98.9.30 - - [22/Apr/2026:20:22:19 +0300] "POST /xmlrpc.php HTTP/1.1" 200 630 "-" "Mozilla/5.0 (Windows NT 10.0; Win64; x64) AppleWebKit/537.36 (KHTML, like Gecko) Chrome/114.0.0.0 Safari/537.36"
185.216.113.70 - - [22/Apr/2026:20:22:39 +0300] "POST /wp-cron.php?doing_wp_cron=1776878559.2789559364318847656250 HTTP/1.1" 200 448 "-" "WordPress/6.3.8; https://serhatburke.miroglu.net"
40.77.167.25 - - [22/Apr/2026:20:22:22 +0300] "GET /low-minimum-betfair-promo-codes-deposit-casinos-nz-1-minimal-put-2026/ HTTP/2" 200 18312 "-" "Mozilla/5.0 AppleWebKit/537.36 (KHTML, like Gecko; compatible; bingbot/2.0; +http://www.bing.com/bingbot.htm) Chrome/116.0.1938.76 Safari/537.36"
40.77.167.57 - - [22/Apr/2026:20:22:38 +0300] "GET /the-essential-atomic-wallet-app-for-today-s-crypto-traders/ HTTP/2" 200 17031 "-" "Mozilla/5.0 AppleWebKit/537.36 (KHTML, like Gecko; compatible; bingbot/2.0; +http://www.bing.com/bingbot.htm) Chrome/116.0.1938.76 Safari/537.36"
98.98.9.30 - - [22/Apr/2026:20:22:46 +0300] "POST /xmlrpc.php HTTP/1.1" 200 11435 "-" "Mozilla/5.0 (Windows NT 10.0; Win64; x64) AppleWebKit/537.36 (KHTML, like Gecko) Chrome/114.0.0.0 Safari/537.36"
40.77.167.25 - - [22/Apr/2026:20:22:51 +0300] "GET /winspark-casino-en-buffalo-blitz-casinos-internet-analisis-y-opiniones-argentina-2026/ HTTP/2" 200 21671 "-" "Mozilla/5.0 AppleWebKit/537.36 (KHTML, like Gecko; compatible; bingbot/2.0; +http://www.bing.com/bingbot.htm) Chrome/116.0.1938.76 Safari/537.36"
40.77.167.25 - - [22/Apr/2026:20:23:02 +0300] "GET /20-000-jogos-criancice-casino-acessivel-2026-sem-anais/ HTTP/2" 200 19628 "-" "Mozilla/5.0 AppleWebKit/537.36 (KHTML, like Gecko; compatible; bingbot/2.0; +http://www.bing.com/bingbot.htm) Chrome/116.0.1938.76 Safari/537.36"
85.208.96.205 - - [22/Apr/2026:20:23:11 +0300] "GET /robots.txt HTTP/1.1" 200 0 "-" "Mozilla/5.0 (compatible; SemrushBot/7~bl; +http://www.semrush.com/bot.html)"
98.98.9.30 - - [22/Apr/2026:20:23:04 +0300] "GET /better-online-casinos-for-australian-players-online-casino-incentives-and-the-ways-to-stop-common-barriers/ HTTP/1.1" 200 73729 "-" "Mozilla/5.0 (Windows NT 10.0; Win64; x64) AppleWebKit/537.36 (KHTML, like Gecko) Chrome/124.0.0.0 Safari/537.36"
185.216.113.70 - - [22/Apr/2026:20:23:41 +0300] "POST /wp-cron.php?doing_wp_cron=1776878621.1717998981475830078125 HTTP/1.1" 200 448 "-" "WordPress/6.3.8; https://serhatburke.miroglu.net"
85.208.96.205 - - [22/Apr/2026:20:23:26 +0300] "GET /robots.txt HTTP/1.1" 200 0 "-" "Mozilla/5.0 (compatible; SemrushBot/7~bl; +http://www.semrush.com/bot.html)"
185.216.113.70 - - [22/Apr/2026:20:23:41 +0300] "POST /wp-cron.php?doing_wp_cron=1776878621.5610170364379882812500 HTTP/1.1" 200 448 "-" "WordPress/6.3.8; https://serhatburke.miroglu.net"
103.219.169.227 - - [22/Apr/2026:20:23:10 +0300] "POST /xmlrpc.php HTTP/1.1" 200 630 "-" "Mozilla/5.0 (Windows NT 10.0; Win64; x64) AppleWebKit/537.36 (KHTML, like Gecko) Chrome/114.0.0.0 Safari/537.36"
40.77.167.57 - - [22/Apr/2026:20:23:10 +0300] "GET /verbunden-poker-ermoglicht-spannende-varianten-entsprechend-texas-holdem-omaha-oder-spielbank-holdem/ HTTP/2" 200 17822 "-" "Mozilla/5.0 AppleWebKit/537.36 (KHTML, like Gecko; compatible; bingbot/2.0; +http://www.bing.com/bingbot.htm) Chrome/116.0.1938.76 Safari/537.36"
185.216.113.70 - - [22/Apr/2026:20:23:47 +0300] "POST /wp-cron.php?doing_wp_cron=1776878627.2613279819488525390625 HTTP/1.1" 200 448 "-" "WordPress/6.3.8; https://serhatburke.miroglu.net"
40.77.167.67 - - [22/Apr/2026:20:23:15 +0300] "GET /what-you-should-look-out-for-in-an-excellent-and-legitimate-online-casino/ HTTP/2" 200 17243 "-" "Mozilla/5.0 AppleWebKit/537.36 (KHTML, like Gecko; compatible; bingbot/2.0; +http://www.bing.com/bingbot.htm) Chrome/116.0.1938.76 Safari/537.36"
62.12.118.35 - - [22/Apr/2026:20:23:31 +0300] "POST /xmlrpc.php HTTP/1.1" 200 630 "-" "Mozilla/5.0 (Windows NT 10.0; Win64; x64) AppleWebKit/537.36 (KHTML, like Gecko) Chrome/114.0.0.0 Safari/537.36"
40.77.167.25 - - [22/Apr/2026:20:23:31 +0300] "GET /discovering-solscan-a-comprehensive-tool-for-crypto-analysis/ HTTP/2" 200 17140 "-" "Mozilla/5.0 AppleWebKit/537.36 (KHTML, like Gecko; compatible; bingbot/2.0; +http://www.bing.com/bingbot.htm) Chrome/116.0.1938.76 Safari/537.36"
185.191.171.6 - - [22/Apr/2026:20:23:42 +0300] "GET /hyperino-freispiele-2026-free-spins-ohne-einzahlung-within-hyperino/ HTTP/1.1" 200 21641 "-" "Mozilla/5.0 (compatible; SemrushBot/7~bl; +http://www.semrush.com/bot.html)"
98.98.197.186 - - [22/Apr/2026:20:23:50 +0300] "POST /xmlrpc.php HTTP/1.1" 200 630 "-" "Mozilla/5.0 (Windows NT 10.0; Win64; x64) AppleWebKit/537.36 (KHTML, like Gecko) Chrome/114.0.0.0 Safari/537.36"
103.219.169.227 - - [22/Apr/2026:20:23:48 +0300] "POST /xmlrpc.php HTTP/1.1" 200 11247 "-" "Mozilla/5.0 (Windows NT 10.0; Win64; x64) AppleWebKit/537.36 (KHTML, like Gecko) Chrome/114.0.0.0 Safari/537.36"
98.98.9.30 - - [22/Apr/2026:20:24:03 +0300] "POST /xmlrpc.php HTTP/1.1" 200 630 "-" "Mozilla/5.0 (Windows NT 10.0; Win64; x64) AppleWebKit/537.36 (KHTML, like Gecko) Chrome/114.0.0.0 Safari/537.36"
185.216.113.70 - - [22/Apr/2026:20:24:54 +0300] "POST /wp-cron.php?doing_wp_cron=1776878694.5723009109497070312500 HTTP/1.1" 200 448 "-" "WordPress/6.3.8; https://serhatburke.miroglu.net"
62.12.118.35 - - [22/Apr/2026:20:24:23 +0300] "POST /xmlrpc.php HTTP/1.1" 200 14008 "-" "Mozilla/5.0 (Windows NT 10.0; Win64; x64) AppleWebKit/537.36 (KHTML, like Gecko) Chrome/114.0.0.0 Safari/537.36"
185.216.113.70 - - [22/Apr/2026:20:25:01 +0300] "POST /wp-cron.php?doing_wp_cron=1776878700.7311980724334716796875 HTTP/1.1" 200 448 "-" "WordPress/6.3.8; https://serhatburke.miroglu.net"
185.191.171.6 - - [22/Apr/2026:20:24:32 +0300] "GET /hyperino-freispiele-2026-free-spins-ohne-einzahlung-within-hyperino/ HTTP/1.1" 200 21641 "-" "Mozilla/5.0 (compatible; SemrushBot/7~bl; +http://www.semrush.com/bot.html)"
