155.94.236.24 - - [22/Apr/2026:14:50:42 +0300] "POST /xmlrpc.php HTTP/1.1" 200 10520 "-" "Mozilla/5.0 (Windows NT 10.0; Win64; x64) AppleWebKit/537.36 (KHTML, like Gecko) Chrome/114.0.0.0 Safari/537.36"
40.77.167.63 - - [22/Apr/2026:14:50:48 +0300] "GET /better-imperative-hyperlink-twist-websites/ HTTP/2" 200 18716 "-" "Mozilla/5.0 AppleWebKit/537.36 (KHTML, like Gecko; compatible; bingbot/2.0; +http://www.bing.com/bingbot.htm) Chrome/116.0.1938.76 Safari/537.36"
52.167.144.191 - - [22/Apr/2026:14:50:53 +0300] "GET /10bet-invited-bonus-100-around-r3000-mar-2026/ HTTP/2" 200 18986 "-" "Mozilla/5.0 AppleWebKit/537.36 (KHTML, like Gecko; compatible; bingbot/2.0; +http://www.bing.com/bingbot.htm) Chrome/116.0.1938.76 Safari/537.36"
98.98.33.4 - - [22/Apr/2026:14:51:07 +0300] "POST /xmlrpc.php HTTP/1.1" 200 11882 "-" "Mozilla/5.0 (Windows NT 10.0; Win64; x64) AppleWebKit/537.36 (KHTML, like Gecko) Chrome/114.0.0.0 Safari/537.36"
155.94.236.24 - - [22/Apr/2026:14:51:07 +0300] "GET /land-der-dichter-und-denker-war-der-hotspot-fur-jedes-glucksspiele-weiters-gamer-durchsuchen-immer-wieder-unter-diesseitigen-besten-serviceleistungen/ HTTP/1.1" 200 74580 "-" "Mozilla/5.0 (Windows NT 10.0; Win64; x64) AppleWebKit/537.36 (KHTML, like Gecko) Chrome/122.0.0.0 Safari/537.36"
212.34.148.156 - - [22/Apr/2026:14:51:27 +0300] "GET /zotabet-casino-bonus-premier-depot-2026/ HTTP/1.1" 200 18520 "-" "Mozilla/5.0 (compatible; Googlebot/2.1; +http://www.google.com/bot.html)"
185.216.113.70 - - [22/Apr/2026:14:51:55 +0300] "POST /wp-cron.php?doing_wp_cron=1776858715.7824459075927734375000 HTTP/1.1" 200 448 "-" "WordPress/6.3.8; https://serhatburke.miroglu.net"
98.98.33.4 - - [22/Apr/2026:14:51:42 +0300] "GET /50-darmowych-spinow-bez-depozytu-otrzymaj-kasyno-added-bonus/ HTTP/1.1" 200 73112 "-" "Mozilla/5.0 (Windows NT 10.0; rv:109.0) Gecko/20100101 Firefox/115.0"
185.216.113.70 - - [22/Apr/2026:14:51:57 +0300] "POST /wp-cron.php?doing_wp_cron=1776858717.2426419258117675781250 HTTP/1.1" 200 448 "-" "WordPress/6.3.8; https://serhatburke.miroglu.net"
155.94.236.24 - - [22/Apr/2026:14:51:37 +0300] "POST /xmlrpc.php HTTP/1.1" 200 630 "-" "Mozilla/5.0 (Windows NT 10.0; Win64; x64) AppleWebKit/537.36 (KHTML, like Gecko) Chrome/114.0.0.0 Safari/537.36"
155.94.236.24 - - [22/Apr/2026:14:52:03 +0300] "POST /xmlrpc.php HTTP/1.1" 200 10096 "-" "Mozilla/5.0 (Windows NT 10.0; Win64; x64) AppleWebKit/537.36 (KHTML, like Gecko) Chrome/114.0.0.0 Safari/537.36"
98.98.9.39 - - [22/Apr/2026:14:52:13 +0300] "POST /xmlrpc.php HTTP/1.1" 200 630 "-" "Mozilla/5.0 (Windows NT 10.0; Win64; x64) AppleWebKit/537.36 (KHTML, like Gecko) Chrome/114.0.0.0 Safari/537.36"
155.94.236.24 - - [22/Apr/2026:14:52:19 +0300] "GET /perish-eignen-nachfolgende-erfolgreichsten-gangbar-casinos-hinein-teutonia-zu-handen-2025/ HTTP/1.1" 200 72409 "-" "Mozilla/5.0 (Windows NT 10.0; Win64; x64) AppleWebKit/537.36 (KHTML, like Gecko) Chrome/124.0.0.0 Safari/537.36 Edg/124.0.0.0"
185.216.113.70 - - [22/Apr/2026:14:52:44 +0300] "POST /wp-cron.php?doing_wp_cron=1776858764.9064350128173828125000 HTTP/1.1" 200 448 "-" "WordPress/6.3.8; https://serhatburke.miroglu.net"
98.98.9.39 - - [22/Apr/2026:14:52:32 +0300] "POST /xmlrpc.php HTTP/1.1" 200 11558 "-" "Mozilla/5.0 (Windows NT 10.0; Win64; x64) AppleWebKit/537.36 (KHTML, like Gecko) Chrome/114.0.0.0 Safari/537.36"
98.98.9.39 - - [22/Apr/2026:14:52:46 +0300] "GET /take-the-new-celebs-with-book-of-ra-slot-big-win-the-5-starburst-position-tips/ HTTP/1.1" 200 73137 "-" "Mozilla/5.0 (Windows NT 10.0; rv:125.0) Gecko/20100101 Firefox/125.0"
155.94.236.24 - - [22/Apr/2026:14:53:09 +0300] "POST /xmlrpc.php HTTP/1.1" 200 630 "-" "Mozilla/5.0 (Windows NT 10.0; Win64; x64) AppleWebKit/537.36 (KHTML, like Gecko) Chrome/114.0.0.0 Safari/537.36"
185.216.113.70 - - [22/Apr/2026:14:53:42 +0300] "POST /wp-cron.php?doing_wp_cron=1776858822.8053240776062011718750 HTTP/1.1" 200 448 "-" "WordPress/6.3.8; https://serhatburke.miroglu.net"
155.94.236.24 - - [22/Apr/2026:14:53:29 +0300] "POST /xmlrpc.php HTTP/1.1" 200 9835 "-" "Mozilla/5.0 (Windows NT 10.0; Win64; x64) AppleWebKit/537.36 (KHTML, like Gecko) Chrome/114.0.0.0 Safari/537.36"
155.94.236.24 - - [22/Apr/2026:14:53:43 +0300] "GET /testberichte-werden-das-wichtiges-arznei-in-ein-auslese-bei-bonusangeboten/ HTTP/1.1" 200 72179 "-" "Mozilla/5.0 (Windows NT 10.0; rv:125.0) Gecko/20100101 Firefox/125.0"
187.120.29.71 - - [22/Apr/2026:14:54:20 +0300] "GET / HTTP/1.1" 200 19928 "-" "Mozilla/5.0 (Windows NT 10.0; Win64; x64) AppleWebKit/537.36 (KHTML, like Gecko) Chrome/120.0.0.0 Safari/537.36"
185.216.113.70 - - [22/Apr/2026:14:54:42 +0300] "POST /wp-cron.php?doing_wp_cron=1776858881.9219200611114501953125 HTTP/1.1" 200 448 "-" "WordPress/6.3.8; https://serhatburke.miroglu.net"
155.94.236.24 - - [22/Apr/2026:14:54:27 +0300] "POST /xmlrpc.php HTTP/1.1" 200 630 "-" "Mozilla/5.0 (Windows NT 10.0; Win64; x64) AppleWebKit/537.36 (KHTML, like Gecko) Chrome/114.0.0.0 Safari/537.36"
155.94.236.24 - - [22/Apr/2026:14:54:48 +0300] "POST /xmlrpc.php HTTP/1.1" 200 9870 "-" "Mozilla/5.0 (Windows NT 10.0; Win64; x64) AppleWebKit/537.36 (KHTML, like Gecko) Chrome/114.0.0.0 Safari/537.36"
98.98.33.4 - - [22/Apr/2026:14:54:50 +0300] "POST /xmlrpc.php HTTP/1.1" 200 630 "-" "Mozilla/5.0 (Windows NT 10.0; Win64; x64) AppleWebKit/537.36 (KHTML, like Gecko) Chrome/114.0.0.0 Safari/537.36"
155.94.236.24 - - [22/Apr/2026:14:55:05 +0300] "GET /dasjenige-sie-sind-die-5-verbunden-casinos-qua-paysafe/ HTTP/1.1" 200 71194 "-" "Mozilla/5.0 (Windows NT 10.0; Win64; x64; rv:124.0) Gecko/20100101 Firefox/124.0"
98.98.33.4 - - [22/Apr/2026:14:55:13 +0300] "POST /xmlrpc.php HTTP/1.1" 200 12656 "-" "Mozilla/5.0 (Windows NT 10.0; Win64; x64) AppleWebKit/537.36 (KHTML, like Gecko) Chrome/114.0.0.0 Safari/537.36"
66.249.73.15 - - [22/Apr/2026:14:55:13 +0300] "GET /robots.txt HTTP/1.1" 200 719 "-" "Mozilla/5.0 (compatible; Googlebot/2.1; +http://www.google.com/bot.html)"
185.216.113.70 - - [22/Apr/2026:14:55:52 +0300] "POST /wp-cron.php?doing_wp_cron=1776858952.4344151020050048828125 HTTP/1.1" 200 448 "-" "WordPress/6.3.8; https://serhatburke.miroglu.net"
40.77.167.63 - - [22/Apr/2026:14:55:29 +0300] "GET /diez-giros-sin-bonificacion-de-deposito-attila-regalado-carente-tanque-mas-grandes-abertura-gorila-chief-dos-bonos-2025-universitas-terbaik-di-indonesia/ HTTP/2" 200 20803 "-" "Mozilla/5.0 AppleWebKit/537.36 (KHTML, like Gecko; compatible; bingbot/2.0; +http://www.bing.com/bingbot.htm) Chrome/116.0.1938.76 Safari/537.36"
40.77.167.26 - - [22/Apr/2026:14:55:30 +0300] "GET /angeschlossen-spielsaal-testsieger-2025-dotierung-spielstellen-mit-lucky-pharao-warentest/ HTTP/2" 200 18872 "-" "Mozilla/5.0 AppleWebKit/537.36 (KHTML, like Gecko; compatible; bingbot/2.0; +http://www.bing.com/bingbot.htm) Chrome/116.0.1938.76 Safari/537.36"
40.77.167.63 - - [22/Apr/2026:14:55:33 +0300] "GET /einlosen-uber-paypal-gangbar-spielcasino-nimmer-zu-bieten/ HTTP/2" 200 19466 "-" "Mozilla/5.0 AppleWebKit/537.36 (KHTML, like Gecko; compatible; bingbot/2.0; +http://www.bing.com/bingbot.htm) Chrome/116.0.1938.76 Safari/537.36"
98.98.33.4 - - [22/Apr/2026:14:55:29 +0300] "GET /pharaohs-chance-casino-slot-games-opinion-igt-100-percent-free-enjoy-bonus/ HTTP/1.1" 200 73869 "-" "Mozilla/5.0 (Windows NT 10.0; rv:109.0) Gecko/20100101 Firefox/115.0"
155.94.236.24 - - [22/Apr/2026:14:55:55 +0300] "POST /xmlrpc.php HTTP/1.1" 200 630 "-" "Mozilla/5.0 (Windows NT 10.0; Win64; x64) AppleWebKit/537.36 (KHTML, like Gecko) Chrome/114.0.0.0 Safari/537.36"
160.250.186.93 - - [22/Apr/2026:14:55:54 +0300] "GET /35849-2/ HTTP/1.1" 200 17680 "-" "Mozilla/5.0 (compatible; Googlebot/2.1; +http://www.google.com/bot.html)"
185.216.113.70 - - [22/Apr/2026:14:56:38 +0300] "POST /wp-cron.php?doing_wp_cron=1776858998.1741240024566650390625 HTTP/1.1" 200 448 "-" "WordPress/6.3.8; https://serhatburke.miroglu.net"
155.94.236.24 - - [22/Apr/2026:14:56:24 +0300] "POST /xmlrpc.php HTTP/1.1" 200 8157 "-" "Mozilla/5.0 (Windows NT 10.0; Win64; x64) AppleWebKit/537.36 (KHTML, like Gecko) Chrome/114.0.0.0 Safari/537.36"
155.94.236.24 - - [22/Apr/2026:14:56:39 +0300] "GET /schwefel-ie-mus-sen-sorgf-altig-uracil-neodymium-metho-disch-vorg-ehen/ HTTP/1.1" 200 69557 "-" "Mozilla/5.0 (Windows NT 10.0; Win64; x64) AppleWebKit/537.36 (KHTML, like Gecko) Chrome/109.0.0.0 Safari/537.36"
84.200.80.218 - - [22/Apr/2026:14:57:13 +0300] "POST /xmlrpc.php HTTP/1.1" 200 150645 "-" "Mozilla/5.0 (Windows NT 10.0; Win64; x64) AppleWebKit/537.36 (KHTML, like Gecko) Chrome/114.0.0.0 Safari/537.36 Vivaldi/5.3.2679.68"
155.94.236.24 - - [22/Apr/2026:14:57:19 +0300] "POST /xmlrpc.php HTTP/1.1" 200 630 "-" "Mozilla/5.0 (Windows NT 10.0; Win64; x64) AppleWebKit/537.36 (KHTML, like Gecko) Chrome/114.0.0.0 Safari/537.36"
185.216.113.70 - - [22/Apr/2026:14:57:39 +0300] "POST /wp-cron.php?doing_wp_cron=1776859059.7131431102752685546875 HTTP/1.1" 200 448 "-" "WordPress/6.3.8; https://serhatburke.miroglu.net"
84.200.80.218 - - [22/Apr/2026:14:57:27 +0300] "POST /xmlrpc.php HTTP/1.1" 200 486 "-" "Mozilla/5.0 (Windows NT 10.0; Win64; x64) AppleWebKit/537.36 (KHTML, like Gecko) Chrome/114.0.0.0 Safari/537.36 Vivaldi/5.3.2679.68"
155.94.236.24 - - [22/Apr/2026:14:57:38 +0300] "POST /xmlrpc.php HTTP/1.1" 200 9730 "-" "Mozilla/5.0 (Windows NT 10.0; Win64; x64) AppleWebKit/537.36 (KHTML, like Gecko) Chrome/114.0.0.0 Safari/537.36"
84.200.80.218 - - [22/Apr/2026:14:57:40 +0300] "POST /xmlrpc.php HTTP/1.1" 200 489 "-" "Mozilla/5.0 (Windows NT 10.0; Win64; x64) AppleWebKit/537.36 (KHTML, like Gecko) Chrome/114.0.0.0 Safari/537.36 Vivaldi/5.3.2679.68"
84.200.80.218 - - [22/Apr/2026:14:57:58 +0300] "POST /xmlrpc.php HTTP/1.1" 200 365638 "-" "Mozilla/5.0 (Windows NT 10.0; Win64; x64) AppleWebKit/537.36 (KHTML, like Gecko) Chrome/114.0.0.0 Safari/537.36 Vivaldi/5.3.2679.68"
155.94.236.24 - - [22/Apr/2026:14:57:57 +0300] "GET /hinter-einen-bedingungen-verlassen-ihr-mindestauszahlungslimit-folgende-wettanforderung/ HTTP/1.1" 200 71951 "-" "Mozilla/5.0 (Windows NT 10.0; rv:109.0) Gecko/20100101 Firefox/115.0"
185.216.113.70 - - [22/Apr/2026:14:58:49 +0300] "POST /wp-cron.php?doing_wp_cron=1776859129.1746549606323242187500 HTTP/1.1" 200 448 "-" "WordPress/6.3.8; https://serhatburke.miroglu.net"
165.73.240.148 - - [22/Apr/2026:14:58:35 +0300] "POST /xmlrpc.php HTTP/1.1" 200 630 "-" "Mozilla/5.0 (Windows NT 10.0; Win64; x64) AppleWebKit/537.36 (KHTML, like Gecko) Chrome/114.0.0.0 Safari/537.36"
155.94.236.24 - - [22/Apr/2026:14:58:48 +0300] "POST /xmlrpc.php HTTP/1.1" 200 630 "-" "Mozilla/5.0 (Windows NT 10.0; Win64; x64) AppleWebKit/537.36 (KHTML, like Gecko) Chrome/114.0.0.0 Safari/537.36"
98.98.33.4 - - [22/Apr/2026:14:58:49 +0300] "POST /xmlrpc.php HTTP/1.1" 200 630 "-" "Mozilla/5.0 (Windows NT 10.0; Win64; x64) AppleWebKit/537.36 (KHTML, like Gecko) Chrome/114.0.0.0 Safari/537.36"
165.73.240.148 - - [22/Apr/2026:14:58:56 +0300] "POST /xmlrpc.php HTTP/1.1" 200 12669 "-" "Mozilla/5.0 (Windows NT 10.0; Win64; x64) AppleWebKit/537.36 (KHTML, like Gecko) Chrome/114.0.0.0 Safari/537.36"
185.216.113.70 - - [22/Apr/2026:14:59:36 +0300] "POST /wp-cron.php?doing_wp_cron=1776859176.4469549655914306640625 HTTP/1.1" 200 448 "-" "WordPress/6.3.8; https://serhatburke.miroglu.net"
155.94.236.24 - - [22/Apr/2026:14:59:18 +0300] "POST /xmlrpc.php HTTP/1.1" 200 10580 "-" "Mozilla/5.0 (Windows NT 10.0; Win64; x64) AppleWebKit/537.36 (KHTML, like Gecko) Chrome/114.0.0.0 Safari/537.36"
165.73.240.148 - - [22/Apr/2026:14:59:18 +0300] "GET /free-spins-aanpakken-nuttige-referentie-wegens-eentje-zonder-cruks-bank/ HTTP/1.1" 200 74626 "-" "Mozilla/5.0 (Windows NT 10.0; Win64; x64; rv:125.0) Gecko/20100101 Firefox/125.0"
98.98.33.4 - - [22/Apr/2026:14:59:19 +0300] "POST /xmlrpc.php HTTP/1.1" 200 13501 "-" "Mozilla/5.0 (Windows NT 10.0; Win64; x64) AppleWebKit/537.36 (KHTML, like Gecko) Chrome/114.0.0.0 Safari/537.36"
155.94.236.24 - - [22/Apr/2026:14:59:38 +0300] "GET /auch-gar-nicht-inwiefern-dies-legal-ist-und-bleibt-eine-online-spielsaal-seite-nachdem-aufsuchen/ HTTP/1.1" 200 73001 "-" "Mozilla/5.0 (Windows NT 10.0; Win64; x64) AppleWebKit/537.36 (KHTML, like Gecko) Chrome/109.0.0.0 Safari/537.36"
98.98.33.4 - - [22/Apr/2026:14:59:39 +0300] "GET /mohegan-sun-user-wins-1-75m-from-aristocrat-slot/ HTTP/1.1" 200 74132 "-" "Mozilla/5.0 (Windows NT 10.0; Win64; x64) AppleWebKit/537.36 (KHTML, like Gecko) Chrome/123.0.0.0 Safari/537.36"
155.94.236.24 - - [22/Apr/2026:15:00:03 +0300] "POST /xmlrpc.php HTTP/1.1" 200 630 "-" "Mozilla/5.0 (Windows NT 10.0; Win64; x64) AppleWebKit/537.36 (KHTML, like Gecko) Chrome/114.0.0.0 Safari/537.36"
185.216.113.70 - - [22/Apr/2026:15:00:36 +0300] "POST /wp-cron.php?doing_wp_cron=1776859235.9261240959167480468750 HTTP/1.1" 200 448 "-" "WordPress/6.3.8; https://serhatburke.miroglu.net"
155.94.236.24 - - [22/Apr/2026:15:00:22 +0300] "POST /xmlrpc.php HTTP/1.1" 200 10202 "-" "Mozilla/5.0 (Windows NT 10.0; Win64; x64) AppleWebKit/537.36 (KHTML, like Gecko) Chrome/114.0.0.0 Safari/537.36"
155.94.236.24 - - [22/Apr/2026:15:00:36 +0300] "GET /uberprufung-der-ernsthaftigkeit-von-online-casinos-mit-gratisrunden-abzuglich-einzahlung/ HTTP/1.1" 200 72649 "-" "Mozilla/5.0 (Windows NT 10.0; Win64; x64; rv:124.0) Gecko/20100101 Firefox/124.0"
155.94.236.24 - - [22/Apr/2026:15:01:20 +0300] "POST /xmlrpc.php HTTP/1.1" 200 630 "-" "Mozilla/5.0 (Windows NT 10.0; Win64; x64) AppleWebKit/537.36 (KHTML, like Gecko) Chrome/114.0.0.0 Safari/537.36"
185.216.113.70 - - [22/Apr/2026:15:01:58 +0300] "POST /wp-cron.php?doing_wp_cron=1776859318.1894290447235107421875 HTTP/1.1" 200 448 "-" "WordPress/6.3.8; https://serhatburke.miroglu.net"
155.94.236.24 - - [22/Apr/2026:15:01:39 +0300] "POST /xmlrpc.php HTTP/1.1" 200 9746 "-" "Mozilla/5.0 (Windows NT 10.0; Win64; x64) AppleWebKit/537.36 (KHTML, like Gecko) Chrome/114.0.0.0 Safari/537.36"
155.94.236.24 - - [22/Apr/2026:15:02:00 +0300] "GET /welches-bonusangebot-in-das-leitseite-des-eigenen-online-casinos-wird-ansprechend/ HTTP/1.1" 200 71649 "-" "Mozilla/5.0 (Windows NT 10.0; Win64; x64) AppleWebKit/537.36 (KHTML, like Gecko) Chrome/123.0.0.0 Safari/537.36 OPR/109.0.0.0"
185.216.113.70 - - [22/Apr/2026:15:02:54 +0300] "POST /wp-cron.php?doing_wp_cron=1776859374.2903509140014648437500 HTTP/1.1" 200 448 "-" "WordPress/6.3.8; https://serhatburke.miroglu.net"
155.94.236.24 - - [22/Apr/2026:15:02:41 +0300] "POST /xmlrpc.php HTTP/1.1" 200 630 "-" "Mozilla/5.0 (Windows NT 10.0; Win64; x64) AppleWebKit/537.36 (KHTML, like Gecko) Chrome/114.0.0.0 Safari/537.36"
98.98.33.4 - - [22/Apr/2026:15:02:57 +0300] "POST /xmlrpc.php HTTP/1.1" 200 630 "-" "Mozilla/5.0 (Windows NT 10.0; Win64; x64) AppleWebKit/537.36 (KHTML, like Gecko) Chrome/114.0.0.0 Safari/537.36"
155.94.236.24 - - [22/Apr/2026:15:03:01 +0300] "POST /xmlrpc.php HTTP/1.1" 200 10169 "-" "Mozilla/5.0 (Windows NT 10.0; Win64; x64) AppleWebKit/537.36 (KHTML, like Gecko) Chrome/114.0.0.0 Safari/537.36"
155.94.236.24 - - [22/Apr/2026:15:03:17 +0300] "GET /wie-muss-sagen-meinereiner-das-legales-kasino-inside-brd-%EF%BF%BD-dies-sie-sind-unsre-kriterien/ HTTP/1.1" 200 72226 "-" "Mozilla/5.0 (Windows NT 10.0; rv:109.0) Gecko/20100101 Firefox/115.0"
98.98.33.4 - - [22/Apr/2026:15:03:20 +0300] "POST /xmlrpc.php HTTP/1.1" 200 12285 "-" "Mozilla/5.0 (Windows NT 10.0; Win64; x64) AppleWebKit/537.36 (KHTML, like Gecko) Chrome/114.0.0.0 Safari/537.36"
185.216.113.70 - - [22/Apr/2026:15:03:46 +0300] "POST /wp-cron.php?doing_wp_cron=1776859426.7171819210052490234375 HTTP/1.1" 200 448 "-" "WordPress/6.3.8; https://serhatburke.miroglu.net"
98.98.33.4 - - [22/Apr/2026:15:03:34 +0300] "GET /ports-2/ HTTP/1.1" 200 71738 "-" "Mozilla/5.0 (Windows NT 10.0; rv:125.0) Gecko/20100101 Firefox/125.0"
45.81.253.218 - - [22/Apr/2026:15:03:52 +0300] "POST /xmlrpc.php HTTP/1.1" 200 151412 "-" "Mozilla/5.0 (Windows NT 6.1; Win64; x64) AppleWebKit/537.36 (KHTML, like Gecko) Chrome/80.0.3987.149 Safari/537.36"
98.98.9.39 - - [22/Apr/2026:15:03:54 +0300] "POST /xmlrpc.php HTTP/1.1" 200 630 "-" "Mozilla/5.0 (Windows NT 10.0; Win64; x64) AppleWebKit/537.36 (KHTML, like Gecko) Chrome/114.0.0.0 Safari/537.36"
165.73.240.148 - - [22/Apr/2026:15:03:56 +0300] "POST /xmlrpc.php HTTP/1.1" 200 630 "-" "Mozilla/5.0 (Windows NT 10.0; Win64; x64) AppleWebKit/537.36 (KHTML, like Gecko) Chrome/114.0.0.0 Safari/537.36"
155.94.236.24 - - [22/Apr/2026:15:04:01 +0300] "POST /xmlrpc.php HTTP/1.1" 200 630 "-" "Mozilla/5.0 (Windows NT 10.0; Win64; x64) AppleWebKit/537.36 (KHTML, like Gecko) Chrome/114.0.0.0 Safari/537.36"
45.81.253.218 - - [22/Apr/2026:15:04:18 +0300] "POST /xmlrpc.php HTTP/1.1" 200 7826 "-" "Mozilla/5.0 (Windows NT 6.1; Win64; x64) AppleWebKit/537.36 (KHTML, like Gecko) Chrome/80.0.3987.149 Safari/537.36"
185.216.113.70 - - [22/Apr/2026:15:04:52 +0300] "POST /wp-cron.php?doing_wp_cron=1776859492.1459119319915771484375 HTTP/1.1" 200 448 "-" "WordPress/6.3.8; https://serhatburke.miroglu.net"
98.98.9.39 - - [22/Apr/2026:15:04:30 +0300] "POST /xmlrpc.php HTTP/1.1" 200 10684 "-" "Mozilla/5.0 (Windows NT 10.0; Win64; x64) AppleWebKit/537.36 (KHTML, like Gecko) Chrome/114.0.0.0 Safari/537.36"
165.73.240.148 - - [22/Apr/2026:15:04:31 +0300] "POST /xmlrpc.php HTTP/1.1" 200 13837 "-" "Mozilla/5.0 (Windows NT 10.0; Win64; x64) AppleWebKit/537.36 (KHTML, like Gecko) Chrome/114.0.0.0 Safari/537.36"
155.94.236.24 - - [22/Apr/2026:15:04:39 +0300] "POST /xmlrpc.php HTTP/1.1" 200 9863 "-" "Mozilla/5.0 (Windows NT 10.0; Win64; x64) AppleWebKit/537.36 (KHTML, like Gecko) Chrome/114.0.0.0 Safari/537.36"
45.81.253.218 - - [22/Apr/2026:15:04:42 +0300] "POST /xmlrpc.php HTTP/1.1" 200 5879 "-" "Mozilla/5.0 (Windows NT 6.1; Win64; x64) AppleWebKit/537.36 (KHTML, like Gecko) Chrome/80.0.3987.149 Safari/537.36"
98.98.9.39 - - [22/Apr/2026:15:04:54 +0300] "GET /goldrush-online-deutschland-casino-app-iphone-90-100-percent-free-spins-give-informed-me-michigan-coalition-for-human-rights/ HTTP/1.1" 200 73333 "-" "Mozilla/5.0 (Windows NT 10.0; Win64; x64) AppleWebKit/537.36 (KHTML, like Gecko) Chrome/123.0.0.0 Safari/537.36 OPR/109.0.0.0"
165.73.240.148 - - [22/Apr/2026:15:04:54 +0300] "GET /liefste-online-0-reel-gokkasten-casinos-om-europa-2025/ HTTP/1.1" 200 74787 "-" "Mozilla/5.0 (Windows NT 10.0; Win64; x64) AppleWebKit/537.36 (KHTML, like Gecko) Chrome/123.0.0.0 Safari/537.36 OPR/109.0.0.0"
103.219.169.214 - - [22/Apr/2026:15:05:01 +0300] "POST /xmlrpc.php HTTP/1.1" 200 630 "-" "Mozilla/5.0 (Windows NT 10.0; Win64; x64) AppleWebKit/537.36 (KHTML, like Gecko) Chrome/114.0.0.0 Safari/537.36"
155.94.236.24 - - [22/Apr/2026:15:05:08 +0300] "GET /auch-im-griff-haben-ebendiese-zocker-nebensachlich-einen-4-euro-pramie-einbehalten-oder-sic-ein-spielbudget-verschonen/ HTTP/1.1" 200 72954 "-" "Mozilla/5.0 (Windows NT 10.0; Win64; x64; rv:124.0) Gecko/20100101 Firefox/124.0"
45.81.253.218 - - [22/Apr/2026:15:05:14 +0300] "POST /xmlrpc.php HTTP/1.1" 200 489 "-" "Mozilla/5.0 (Windows NT 6.1; Win64; x64) AppleWebKit/537.36 (KHTML, like Gecko) Chrome/80.0.3987.149 Safari/537.36"
185.216.113.70 - - [22/Apr/2026:15:06:01 +0300] "POST /wp-cron.php?doing_wp_cron=1776859561.3490231037139892578125 HTTP/1.1" 200 448 "-" "WordPress/6.3.8; https://serhatburke.miroglu.net"
155.94.236.24 - - [22/Apr/2026:15:05:24 +0300] "POST /xmlrpc.php HTTP/1.1" 200 630 "-" "Mozilla/5.0 (Windows NT 10.0; Win64; x64) AppleWebKit/537.36 (KHTML, like Gecko) Chrome/114.0.0.0 Safari/537.36"
185.216.113.70 - - [22/Apr/2026:15:06:23 +0300] "POST /wp-cron.php?doing_wp_cron=1776859583.5497500896453857421875 HTTP/1.1" 200 448 "-" "WordPress/6.3.8; https://serhatburke.miroglu.net"
40.77.167.20 - - [22/Apr/2026:15:05:40 +0300] "GET /blackjack-masterplan-strategien-tabellen-tricks-viel-mehr/ HTTP/2" 200 18702 "-" "Mozilla/5.0 AppleWebKit/537.36 (KHTML, like Gecko; compatible; bingbot/2.0; +http://www.bing.com/bingbot.htm) Chrome/116.0.1938.76 Safari/537.36"
185.216.113.70 - - [22/Apr/2026:15:06:31 +0300] "POST /wp-cron.php?doing_wp_cron=1776859591.3435580730438232421875 HTTP/1.1" 200 448 "-" "WordPress/6.3.8; https://serhatburke.miroglu.net"
40.77.167.26 - - [22/Apr/2026:15:05:42 +0300] "GET /fifty-dragons-slot-remark-2026-potpuno-besplatno-isprobajte-probnu-verziju/ HTTP/2" 200 0 "-" "Mozilla/5.0 AppleWebKit/537.36 (KHTML, like Gecko; compatible; bingbot/2.0; +http://www.bing.com/bingbot.htm) Chrome/116.0.1938.76 Safari/537.36"
185.216.113.70 - - [22/Apr/2026:15:06:33 +0300] "POST /wp-cron.php?doing_wp_cron=1776859593.2562971115112304687500 HTTP/1.1" 200 448 "-" "WordPress/6.3.8; https://serhatburke.miroglu.net"
103.219.169.214 - - [22/Apr/2026:15:05:45 +0300] "POST /xmlrpc.php HTTP/1.1" 200 11721 "-" "Mozilla/5.0 (Windows NT 10.0; Win64; x64) AppleWebKit/537.36 (KHTML, like Gecko) Chrome/114.0.0.0 Safari/537.36"
52.167.144.171 - - [22/Apr/2026:15:05:45 +0300] "GET /en-sintonia-a-las-modos-nuestro-boleto-debe-encontrarse-una-contribucion-pequena-sobre-un/ HTTP/2" 200 0 "-" "Mozilla/5.0 AppleWebKit/537.36 (KHTML, like Gecko; compatible; bingbot/2.0; +http://www.bing.com/bingbot.htm) Chrome/116.0.1938.76 Safari/537.36"
185.216.113.70 - - [22/Apr/2026:15:06:35 +0300] "POST /wp-cron.php?doing_wp_cron=1776859594.8644409179687500000000 HTTP/1.1" 200 448 "-" "WordPress/6.3.8; https://serhatburke.miroglu.net"
185.216.113.70 - - [22/Apr/2026:15:06:37 +0300] "POST /wp-cron.php?doing_wp_cron=1776859597.2548270225524902343750 HTTP/1.1" 200 448 "-" "WordPress/6.3.8; https://serhatburke.miroglu.net"
45.81.253.218 - - [22/Apr/2026:15:05:48 +0300] "POST /xmlrpc.php HTTP/1.1" 200 27927 "-" "Mozilla/5.0 (Windows NT 6.1; Win64; x64) AppleWebKit/537.36 (KHTML, like Gecko) Chrome/80.0.3987.149 Safari/537.36"
193.24.211.245 - - [22/Apr/2026:15:06:35 +0300] "POST /xmlrpc.php HTTP/2" 200 0 "-" "Mozilla/5.0 (Windows NT 10.0; Win64; x64; rv:133.0) Gecko/20100101 Firefox/133.0"
185.216.113.70 - - [22/Apr/2026:15:07:15 +0300] "POST /wp-cron.php?doing_wp_cron=1776859635.0645051002502441406250 HTTP/1.1" 200 448 "-" "WordPress/6.3.8; https://serhatburke.miroglu.net"
98.98.9.39 - - [22/Apr/2026:15:06:07 +0300] "POST /xmlrpc.php HTTP/1.1" 200 630 "-" "Mozilla/5.0 (Windows NT 10.0; Win64; x64) AppleWebKit/537.36 (KHTML, like Gecko) Chrome/114.0.0.0 Safari/537.36"
155.94.236.24 - - [22/Apr/2026:15:06:09 +0300] "POST /xmlrpc.php HTTP/1.1" 200 10293 "-" "Mozilla/5.0 (Windows NT 10.0; Win64; x64) AppleWebKit/537.36 (KHTML, like Gecko) Chrome/114.0.0.0 Safari/537.36"
52.167.144.171 - - [22/Apr/2026:15:06:39 +0300] "GET /igrosoft-reint-gratuit-%EF%BF%BD-concluzie-try-opiuni-sigure-pentru-a-fi-capabil-cazinou-la-jucatorii-romani-printre-germania/ HTTP/2" 200 0 "-" "Mozilla/5.0 AppleWebKit/537.36 (KHTML, like Gecko; compatible; bingbot/2.0; +http://www.bing.com/bingbot.htm) Chrome/116.0.1938.76 Safari/537.36"
155.94.236.24 - - [22/Apr/2026:15:06:30 +0300] "POST /xmlrpc.php HTTP/1.1" 200 630 "-" "Mozilla/5.0 (Windows NT 10.0; Win64; x64) AppleWebKit/537.36 (KHTML, like Gecko) Chrome/114.0.0.0 Safari/537.36"
103.219.169.214 - - [22/Apr/2026:15:06:34 +0300] "GET /neue-casino-casinos-blos-bestes-zimpler-casino-einzahlung-2026-heutig-im-marzen/ HTTP/1.1" 200 73694 "-" "Mozilla/5.0 (Windows NT 10.0; Win64; x64) AppleWebKit/537.36 (KHTML, like Gecko) Chrome/123.0.0.0 Safari/537.36 OPR/109.0.0.0"
98.98.33.4 - - [22/Apr/2026:15:07:02 +0300] "POST /xmlrpc.php HTTP/1.1" 200 630 "-" "Mozilla/5.0 (Windows NT 10.0; Win64; x64) AppleWebKit/537.36 (KHTML, like Gecko) Chrome/114.0.0.0 Safari/537.36"
155.94.236.24 - - [22/Apr/2026:15:07:21 +0300] "GET /inoffizieller-mitarbeiter-moglich-kasino-land-der-dichter-und-denker-findest-du-die-umfang-summe-in-betrieb-optionen/ HTTP/1.1" 200 73448 "-" "Mozilla/5.0 (Windows NT 10.0; Win64; x64; rv:125.0) Gecko/20100101 Firefox/125.0"
98.98.9.39 - - [22/Apr/2026:15:07:22 +0300] "POST /xmlrpc.php HTTP/1.1" 200 11066 "-" "Mozilla/5.0 (Windows NT 10.0; Win64; x64) AppleWebKit/537.36 (KHTML, like Gecko) Chrome/114.0.0.0 Safari/537.36"
185.216.113.70 - - [22/Apr/2026:15:08:21 +0300] "POST /wp-cron.php?doing_wp_cron=1776859701.6378390789031982421875 HTTP/1.1" 200 448 "-" "WordPress/6.3.8; https://serhatburke.miroglu.net"
155.94.236.24 - - [22/Apr/2026:15:07:46 +0300] "POST /xmlrpc.php HTTP/1.1" 200 10481 "-" "Mozilla/5.0 (Windows NT 10.0; Win64; x64) AppleWebKit/537.36 (KHTML, like Gecko) Chrome/114.0.0.0 Safari/537.36"
185.216.113.70 - - [22/Apr/2026:15:08:25 +0300] "POST /wp-cron.php?doing_wp_cron=1776859704.9694349765777587890625 HTTP/1.1" 200 448 "-" "WordPress/6.3.8; https://serhatburke.miroglu.net"
155.94.236.24 - - [22/Apr/2026:15:07:48 +0300] "POST /xmlrpc.php HTTP/1.1" 200 630 "-" "Mozilla/5.0 (Windows NT 10.0; Win64; x64) AppleWebKit/537.36 (KHTML, like Gecko) Chrome/114.0.0.0 Safari/537.36"
185.216.113.70 - - [22/Apr/2026:15:08:47 +0300] "POST /wp-cron.php?doing_wp_cron=1776859727.3641560077667236328125 HTTP/1.1" 200 448 "-" "WordPress/6.3.8; https://serhatburke.miroglu.net"
185.216.113.70 - - [22/Apr/2026:15:08:48 +0300] "POST /wp-cron.php?doing_wp_cron=1776859727.9648869037628173828125 HTTP/1.1" 200 448 "-" "WordPress/6.3.8; https://serhatburke.miroglu.net"
98.98.9.39 - - [22/Apr/2026:15:08:09 +0300] "POST /xmlrpc.php HTTP/1.1" 200 630 "-" "Mozilla/5.0 (Windows NT 10.0; Win64; x64) AppleWebKit/537.36 (KHTML, like Gecko) Chrome/114.0.0.0 Safari/537.36"
98.98.33.4 - - [22/Apr/2026:15:08:09 +0300] "POST /xmlrpc.php HTTP/1.1" 200 13718 "-" "Mozilla/5.0 (Windows NT 10.0; Win64; x64) AppleWebKit/537.36 (KHTML, like Gecko) Chrome/114.0.0.0 Safari/537.36"
185.216.113.70 - - [22/Apr/2026:15:08:58 +0300] "POST /wp-cron.php?doing_wp_cron=1776859738.6073799133300781250000 HTTP/1.1" 200 448 "-" "WordPress/6.3.8; https://serhatburke.miroglu.net"
98.98.9.39 - - [22/Apr/2026:15:08:15 +0300] "GET /casino-slot-games-king-solomons-casino-comment/ HTTP/1.1" 200 71848 "-" "Mozilla/5.0 (Windows NT 10.0; Win64; x64) AppleWebKit/537.36 (KHTML, like Gecko) Chrome/124.0.0.0 Safari/537.36"
155.94.236.24 - - [22/Apr/2026:15:08:22 +0300] "GET /gewinn-die-kunden-die-gelegenheit-um-der-geschaftswachstum-voranzutreiben-unter-anderem-ihre-brand-entlang-nachdem-stutzen/ HTTP/1.1" 200 73755 "-" "Mozilla/5.0 (Windows NT 10.0; Win64; x64) AppleWebKit/537.36 (KHTML, like Gecko) Chrome/124.0.0.0 Safari/537.36"
155.94.236.24 - - [22/Apr/2026:15:08:31 +0300] "POST /xmlrpc.php HTTP/1.1" 200 10252 "-" "Mozilla/5.0 (Windows NT 10.0; Win64; x64) AppleWebKit/537.36 (KHTML, like Gecko) Chrome/114.0.0.0 Safari/537.36"
40.77.167.20 - - [22/Apr/2026:15:08:39 +0300] "GET /indian-rival-gaming-ipad-games-fantasy-meaning-understanding-culture-information/ HTTP/2" 200 0 "-" "Mozilla/5.0 AppleWebKit/537.36 (KHTML, like Gecko; compatible; bingbot/2.0; +http://www.bing.com/bingbot.htm) Chrome/116.0.1938.76 Safari/537.36"
52.167.144.170 - - [22/Apr/2026:15:08:44 +0300] "GET /you-dont-need-far-to-expend-very-usually-do-not-spend-they/ HTTP/2" 200 0 "-" "Mozilla/5.0 AppleWebKit/537.36 (KHTML, like Gecko; compatible; bingbot/2.0; +http://www.bing.com/bingbot.htm) Chrome/116.0.1938.76 Safari/537.36"
52.167.144.171 - - [22/Apr/2026:15:08:50 +0300] "GET /personal-finance-advice-and-you-can-suggestions/ HTTP/2" 200 0 "-" "Mozilla/5.0 AppleWebKit/537.36 (KHTML, like Gecko; compatible; bingbot/2.0; +http://www.bing.com/bingbot.htm) Chrome/116.0.1938.76 Safari/537.36"
185.216.113.70 - - [22/Apr/2026:15:10:03 +0300] "POST /wp-cron.php?doing_wp_cron=1776859803.2650489807128906250000 HTTP/1.1" 200 448 "-" "WordPress/6.3.8; https://serhatburke.miroglu.net"
98.98.197.186 - - [22/Apr/2026:15:08:54 +0300] "POST /xmlrpc.php HTTP/1.1" 200 630 "-" "Mozilla/5.0 (Windows NT 10.0; Win64; x64) AppleWebKit/537.36 (KHTML, like Gecko) Chrome/114.0.0.0 Safari/537.36"
98.98.33.4 - - [22/Apr/2026:15:08:49 +0300] "GET /book-of-ra-position-demo-wager-free-92-13-rtp/ HTTP/1.1" 200 74006 "-" "Mozilla/5.0 (Windows NT 10.0; Win64; x64; rv:125.0) Gecko/20100101 Firefox/125.0"
98.98.9.39 - - [22/Apr/2026:15:08:55 +0300] "POST /xmlrpc.php HTTP/1.1" 200 11505 "-" "Mozilla/5.0 (Windows NT 10.0; Win64; x64) AppleWebKit/537.36 (KHTML, like Gecko) Chrome/114.0.0.0 Safari/537.36"
165.73.240.148 - - [22/Apr/2026:15:08:58 +0300] "POST /xmlrpc.php HTTP/1.1" 200 630 "-" "Mozilla/5.0 (Windows NT 10.0; Win64; x64) AppleWebKit/537.36 (KHTML, like Gecko) Chrome/114.0.0.0 Safari/537.36"
52.167.144.23 - - [22/Apr/2026:15:09:39 +0300] "GET /kraken-vash-putevoditel-po-darknetu-2026-goda/ HTTP/2" 200 0 "-" "Mozilla/5.0 AppleWebKit/537.36 (KHTML, like Gecko; compatible; bingbot/2.0; +http://www.bing.com/bingbot.htm) Chrome/116.0.1938.76 Safari/537.36"
185.216.113.70 - - [22/Apr/2026:15:10:32 +0300] "POST /wp-cron.php?doing_wp_cron=1776859831.8718769550323486328125 HTTP/1.1" 200 448 "-" "WordPress/6.3.8; https://serhatburke.miroglu.net"
155.94.236.24 - - [22/Apr/2026:15:09:03 +0300] "POST /xmlrpc.php HTTP/1.1" 200 630 "-" "Mozilla/5.0 (Windows NT 10.0; Win64; x64) AppleWebKit/537.36 (KHTML, like Gecko) Chrome/114.0.0.0 Safari/537.36"
52.167.144.170 - - [22/Apr/2026:15:09:44 +0300] "GET /volt-egyszer-egy-teljesen-ice-casino-slot-bonusz-ingyenes-szerencsejatek-demonstracios-mod-es-megjegyzes/ HTTP/2" 200 0 "-" "Mozilla/5.0 AppleWebKit/537.36 (KHTML, like Gecko; compatible; bingbot/2.0; +http://www.bing.com/bingbot.htm) Chrome/116.0.1938.76 Safari/537.36"
52.167.144.171 - - [22/Apr/2026:15:09:49 +0300] "GET /taking-your-trading-to-the-next-level-with-dexscreener/ HTTP/2" 200 0 "-" "Mozilla/5.0 AppleWebKit/537.36 (KHTML, like Gecko; compatible; bingbot/2.0; +http://www.bing.com/bingbot.htm) Chrome/116.0.1938.76 Safari/537.36"
185.216.113.70 - - [22/Apr/2026:15:11:01 +0300] "POST /wp-cron.php?doing_wp_cron=1776859861.1029579639434814453125 HTTP/1.1" 200 448 "-" "WordPress/6.3.8; https://serhatburke.miroglu.net"
155.94.236.24 - - [22/Apr/2026:15:09:28 +0300] "GET /entsprechend-gentleman-erreichbar-casinos-unter-einsatz-von-freispielen-exklusive-einzahlung-erhalt/ HTTP/1.1" 200 73162 "-" "Mozilla/5.0 (Windows NT 10.0; rv:125.0) Gecko/20100101 Firefox/125.0"
52.167.144.23 - - [22/Apr/2026:15:10:39 +0300] "GET /fortune-gems%EF%B8%8F-slot-plenty-of-fortune-1-deposito-da-tada-gaming-por-algum-contemporaneo/ HTTP/2" 200 0 "-" "Mozilla/5.0 AppleWebKit/537.36 (KHTML, like Gecko; compatible; bingbot/2.0; +http://www.bing.com/bingbot.htm) Chrome/116.0.1938.76 Safari/537.36"
52.167.144.170 - - [22/Apr/2026:15:10:44 +0300] "GET /discovering-the-unique-benefits-of-sushiswap-dex/ HTTP/2" 200 0 "-" "Mozilla/5.0 AppleWebKit/537.36 (KHTML, like Gecko; compatible; bingbot/2.0; +http://www.bing.com/bingbot.htm) Chrome/116.0.1938.76 Safari/537.36"
185.216.113.70 - - [22/Apr/2026:15:11:37 +0300] "POST /wp-cron.php?doing_wp_cron=1776859897.1300690174102783203125 HTTP/1.1" 200 448 "-" "WordPress/6.3.8; https://serhatburke.miroglu.net"
98.98.9.39 - - [22/Apr/2026:15:09:57 +0300] "POST /xmlrpc.php HTTP/1.1" 200 630 "-" "Mozilla/5.0 (Windows NT 10.0; Win64; x64) AppleWebKit/537.36 (KHTML, like Gecko) Chrome/114.0.0.0 Safari/537.36"
185.216.113.70 - - [22/Apr/2026:15:11:46 +0300] "POST /wp-cron.php?doing_wp_cron=1776859905.8384020328521728515625 HTTP/1.1" 200 448 "-" "WordPress/6.3.8; https://serhatburke.miroglu.net"
98.98.9.39 - - [22/Apr/2026:15:10:12 +0300] "GET /wings-of-iguazu-position-play-indian-dreaming-cheats-trial-play-greatest-casinos-comment/ HTTP/1.1" 200 73105 "-" "Mozilla/5.0 (Windows NT 10.0; Win64; x64; rv:124.0) Gecko/20100101 Firefox/124.0"
185.216.113.70 - - [22/Apr/2026:15:11:49 +0300] "POST /wp-cron.php?doing_wp_cron=1776859909.4606709480285644531250 HTTP/1.1" 200 448 "-" "WordPress/6.3.8; https://serhatburke.miroglu.net"
98.98.197.186 - - [22/Apr/2026:15:10:12 +0300] "POST /xmlrpc.php HTTP/1.1" 200 11199 "-" "Mozilla/5.0 (Windows NT 10.0; Win64; x64) AppleWebKit/537.36 (KHTML, like Gecko) Chrome/114.0.0.0 Safari/537.36"
185.216.113.70 - - [22/Apr/2026:15:11:57 +0300] "POST /wp-cron.php?doing_wp_cron=1776859917.0564439296722412109375 HTTP/1.1" 200 448 "-" "WordPress/6.3.8; https://serhatburke.miroglu.net"
155.94.236.24 - - [22/Apr/2026:15:10:23 +0300] "POST /xmlrpc.php HTTP/1.1" 200 630 "-" "Mozilla/5.0 (Windows NT 10.0; Win64; x64) AppleWebKit/537.36 (KHTML, like Gecko) Chrome/114.0.0.0 Safari/537.36"
185.216.113.70 - - [22/Apr/2026:15:12:14 +0300] "POST /wp-cron.php?doing_wp_cron=1776859934.1278738975524902343750 HTTP/1.1" 200 448 "-" "WordPress/6.3.8; https://serhatburke.miroglu.net"
165.73.240.148 - - [22/Apr/2026:15:10:27 +0300] "POST /xmlrpc.php HTTP/1.1" 200 13553 "-" "Mozilla/5.0 (Windows NT 10.0; Win64; x64) AppleWebKit/537.36 (KHTML, like Gecko) Chrome/114.0.0.0 Safari/537.36"
185.216.113.70 - - [22/Apr/2026:15:12:26 +0300] "POST /wp-cron.php?doing_wp_cron=1776859946.5968530178070068359375 HTTP/1.1" 200 448 "-" "WordPress/6.3.8; https://serhatburke.miroglu.net"
185.216.113.70 - - [22/Apr/2026:15:12:26 +0300] "POST /wp-cron.php?doing_wp_cron=1776859946.6046869754791259765625 HTTP/1.1" 200 448 "-" "WordPress/6.3.8; https://serhatburke.miroglu.net"
155.94.236.24 - - [22/Apr/2026:15:10:38 +0300] "POST /xmlrpc.php HTTP/1.1" 200 9974 "-" "Mozilla/5.0 (Windows NT 10.0; Win64; x64) AppleWebKit/537.36 (KHTML, like Gecko) Chrome/114.0.0.0 Safari/537.36"
98.98.33.4 - - [22/Apr/2026:15:10:42 +0300] "POST /xmlrpc.php HTTP/1.1" 200 630 "-" "Mozilla/5.0 (Windows NT 10.0; Win64; x64) AppleWebKit/537.36 (KHTML, like Gecko) Chrome/114.0.0.0 Safari/537.36"
52.167.144.23 - - [22/Apr/2026:15:11:40 +0300] "GET /discover-the-revolutionary-safepal-wallet-for-crypto-2/ HTTP/2" 200 0 "-" "Mozilla/5.0 AppleWebKit/537.36 (KHTML, like Gecko; compatible; bingbot/2.0; +http://www.bing.com/bingbot.htm) Chrome/116.0.1938.76 Safari/537.36"
98.98.9.39 - - [22/Apr/2026:15:11:38 +0300] "POST /xmlrpc.php HTTP/1.1" 500 745 "-" "Mozilla/5.0 (Windows NT 10.0; Win64; x64) AppleWebKit/537.36 (KHTML, like Gecko) Chrome/114.0.0.0 Safari/537.36"
98.98.9.39 - - [22/Apr/2026:15:11:41 +0300] "POST /xmlrpc.php HTTP/1.1" 500 745 "-" "Mozilla/5.0 (Windows NT 10.0; Win64; x64) AppleWebKit/537.36 (KHTML, like Gecko) Chrome/114.0.0.0 Safari/537.36"
155.94.236.24 - - [22/Apr/2026:15:11:42 +0300] "POST /xmlrpc.php HTTP/1.1" 500 745 "-" "Mozilla/5.0 (Windows NT 10.0; Win64; x64) AppleWebKit/537.36 (KHTML, like Gecko) Chrome/114.0.0.0 Safari/537.36"
98.98.197.186 - - [22/Apr/2026:15:11:50 +0300] "GET /brian-christopher-slot-machine-game-video-actual-local-casino-game-play-step/ HTTP/1.1" 500 745 "-" "Mozilla/5.0 (Windows NT 10.0; Win64; x64; rv:124.0) Gecko/20100101 Firefox/124.0"
185.216.113.70 - - [22/Apr/2026:15:14:01 +0300] "POST /wp-cron.php?doing_wp_cron=1776860041.0305230617523193359375 HTTP/1.1" 200 448 "-" "WordPress/6.3.8; https://serhatburke.miroglu.net"
155.94.236.24 - - [22/Apr/2026:15:12:04 +0300] "POST /xmlrpc.php HTTP/1.1" 500 745 "-" "Mozilla/5.0 (Windows NT 10.0; Win64; x64) AppleWebKit/537.36 (KHTML, like Gecko) Chrome/114.0.0.0 Safari/537.36"
165.73.240.148 - - [22/Apr/2026:15:12:12 +0300] "POST /xmlrpc.php HTTP/1.1" 500 745 "-" "Mozilla/5.0 (Windows NT 10.0; Win64; x64) AppleWebKit/537.36 (KHTML, like Gecko) Chrome/114.0.0.0 Safari/537.36"
98.98.33.4 - - [22/Apr/2026:15:12:22 +0300] "POST /xmlrpc.php HTTP/1.1" 500 745 "-" "Mozilla/5.0 (Windows NT 10.0; Win64; x64) AppleWebKit/537.36 (KHTML, like Gecko) Chrome/114.0.0.0 Safari/537.36"
185.216.113.70 - - [22/Apr/2026:15:14:18 +0300] "POST /wp-cron.php?doing_wp_cron=1776860058.5434119701385498046875 HTTP/1.1" 200 448 "-" "WordPress/6.3.8; https://serhatburke.miroglu.net"
155.94.236.24 - - [22/Apr/2026:15:12:23 +0300] "POST /xmlrpc.php HTTP/1.1" 500 745 "-" "Mozilla/5.0 (Windows NT 10.0; Win64; x64) AppleWebKit/537.36 (KHTML, like Gecko) Chrome/114.0.0.0 Safari/537.36"
155.94.236.24 - - [22/Apr/2026:15:12:48 +0300] "POST /xmlrpc.php HTTP/1.1" 500 745 "-" "Mozilla/5.0 (Windows NT 10.0; Win64; x64) AppleWebKit/537.36 (KHTML, like Gecko) Chrome/114.0.0.0 Safari/537.36"
223.80.48.109 - - [22/Apr/2026:15:14:46 +0300] "POST /xmlrpc.php HTTP/2" 200 0 "-" "Mozilla/5.0 (Macintosh; Intel Mac OS X 10_15_7) AppleWebKit/605.1.15 (KHTML, like Gecko) Version/18.0 Safari/605.1.15"
185.216.113.70 - - [22/Apr/2026:15:15:18 +0300] "HEAD /wp-content/uploads/2026/04/clubnika-casino-igrajte-prjamo-sejchas-priglasite_1.jpeg HTTP/1.1" 200 536 "-" "WordPress/6.3.8; https://serhatburke.miroglu.net"
185.216.113.70 - - [22/Apr/2026:15:15:18 +0300] "HEAD /wp-content/uploads/2026/04/clubnika-casino-igrajte-prjamo-sejchas-priglasite_1.jpeg HTTP/1.1" 200 536 "-" "WordPress/6.3.8; https://serhatburke.miroglu.net"
185.216.113.70 - - [22/Apr/2026:15:15:19 +0300] "HEAD /wp-content/uploads/2026/04/mini_clubnika-casino-igrajte-prjamo-sejchas-priglasite_1.jpeg HTTP/1.1" 200 535 "-" "WordPress/6.3.8; https://serhatburke.miroglu.net"
98.98.9.39 - - [22/Apr/2026:15:13:20 +0300] "POST /xmlrpc.php HTTP/1.1" 500 745 "-" "Mozilla/5.0 (Windows NT 10.0; Win64; x64) AppleWebKit/537.36 (KHTML, like Gecko) Chrome/114.0.0.0 Safari/537.36"
98.98.9.39 - - [22/Apr/2026:15:13:21 +0300] "POST /xmlrpc.php HTTP/1.1" 500 745 "-" "Mozilla/5.0 (Windows NT 10.0; Win64; x64) AppleWebKit/537.36 (KHTML, like Gecko) Chrome/114.0.0.0 Safari/537.36"
216.73.217.140 - - [22/Apr/2026:15:14:43 +0300] "GET /robots.txt HTTP/2" 200 0 "-" "Mozilla/5.0 AppleWebKit/537.36 (KHTML, like Gecko; compatible; ClaudeBot/1.0; +claudebot@anthropic.com)"
155.94.236.24 - - [22/Apr/2026:15:13:22 +0300] "POST /xmlrpc.php HTTP/1.1" 500 745 "-" "Mozilla/5.0 (Windows NT 10.0; Win64; x64) AppleWebKit/537.36 (KHTML, like Gecko) Chrome/114.0.0.0 Safari/537.36"
98.98.9.39 - - [22/Apr/2026:15:13:22 +0300] "POST /xmlrpc.php HTTP/1.1" 500 745 "-" "Mozilla/5.0 (Windows NT 10.0; Win64; x64) AppleWebKit/537.36 (KHTML, like Gecko) Chrome/114.0.0.0 Safari/537.36"
98.98.197.186 - - [22/Apr/2026:15:13:31 +0300] "POST /xmlrpc.php HTTP/1.1" 500 745 "-" "Mozilla/5.0 (Windows NT 10.0; Win64; x64) AppleWebKit/537.36 (KHTML, like Gecko) Chrome/114.0.0.0 Safari/537.36"
66.249.73.15 - - [22/Apr/2026:15:13:39 +0300] "GET /best-online-casinos-in-the-uk-2026-15-expert-rated-6/ HTTP/1.1" 500 782 "-" "Mozilla/5.0 (Linux; Android 6.0.1; Nexus 5X Build/MMB29P) AppleWebKit/537.36 (KHTML, like Gecko) Chrome/146.0.7680.177 Mobile Safari/537.36 (compatible; Googlebot/2.1; +http://www.google.com/bot.html)"
165.73.240.148 - - [22/Apr/2026:15:13:47 +0300] "POST /xmlrpc.php HTTP/1.1" 500 745 "-" "Mozilla/5.0 (Windows NT 10.0; Win64; x64) AppleWebKit/537.36 (KHTML, like Gecko) Chrome/114.0.0.0 Safari/537.36"
155.94.236.24 - - [22/Apr/2026:15:13:49 +0300] "POST /xmlrpc.php HTTP/1.1" 500 745 "-" "Mozilla/5.0 (Windows NT 10.0; Win64; x64) AppleWebKit/537.36 (KHTML, like Gecko) Chrome/114.0.0.0 Safari/537.36"
165.73.240.148 - - [22/Apr/2026:15:13:52 +0300] "GET /?p=127336 HTTP/1.1" 500 745 "-" "Mozilla/5.0 (Windows NT 10.0; Win64; x64) AppleWebKit/537.36 (KHTML, like Gecko) Chrome/124.0.0.0 Safari/537.36"
155.94.236.24 - - [22/Apr/2026:15:13:55 +0300] "POST /xmlrpc.php HTTP/1.1" 500 745 "-" "Mozilla/5.0 (Windows NT 10.0; Win64; x64) AppleWebKit/537.36 (KHTML, like Gecko) Chrome/114.0.0.0 Safari/537.36"
40.77.167.40 - - [22/Apr/2026:15:15:10 +0300] "GET /discover-the-full-potential-of-solscan-for-traders/ HTTP/2" 200 0 "-" "Mozilla/5.0 AppleWebKit/537.36 (KHTML, like Gecko; compatible; bingbot/2.0; +http://www.bing.com/bingbot.htm) Chrome/116.0.1938.76 Safari/537.36"
98.98.33.4 - - [22/Apr/2026:15:13:59 +0300] "POST /xmlrpc.php HTTP/1.1" 500 745 "-" "Mozilla/5.0 (Windows NT 10.0; Win64; x64) AppleWebKit/537.36 (KHTML, like Gecko) Chrome/114.0.0.0 Safari/537.36"
52.167.144.23 - - [22/Apr/2026:15:15:14 +0300] "GET /the-audience-is-working-to-bring-the-finest-bonuses/ HTTP/2" 200 0 "-" "Mozilla/5.0 AppleWebKit/537.36 (KHTML, like Gecko; compatible; bingbot/2.0; +http://www.bing.com/bingbot.htm) Chrome/116.0.1938.76 Safari/537.36"
155.94.236.24 - - [22/Apr/2026:15:14:04 +0300] "GET /?p=127338 HTTP/1.1" 500 745 "-" "Mozilla/5.0 (Windows NT 10.0; Win64; x64) AppleWebKit/537.36 (KHTML, like Gecko) Chrome/122.0.0.0 Safari/537.36"
98.98.33.4 - - [22/Apr/2026:15:14:07 +0300] "POST /xmlrpc.php HTTP/1.1" 500 745 "-" "Mozilla/5.0 (Windows NT 10.0; Win64; x64) AppleWebKit/537.36 (KHTML, like Gecko) Chrome/114.0.0.0 Safari/537.36"
52.167.144.170 - - [22/Apr/2026:15:15:22 +0300] "GET /5-happy-stop-%EF%BF%BD-socialize-along-with-other-members-on-telegram-area/ HTTP/2" 200 0 "-" "Mozilla/5.0 AppleWebKit/537.36 (KHTML, like Gecko; compatible; bingbot/2.0; +http://www.bing.com/bingbot.htm) Chrome/116.0.1938.76 Safari/537.36"
52.167.144.170 - - [22/Apr/2026:15:15:26 +0300] "GET /dal-momento-che-si-cercano-pirouette-migliori-casino-non-aams-ripetutamente-sinon-guarda-posteriore-rso-gratifica/ HTTP/2" 200 0 "-" "Mozilla/5.0 AppleWebKit/537.36 (KHTML, like Gecko; compatible; bingbot/2.0; +http://www.bing.com/bingbot.htm) Chrome/116.0.1938.76 Safari/537.36"
98.98.197.186 - - [22/Apr/2026:15:14:17 +0300] "POST /xmlrpc.php HTTP/1.1" 500 745 "-" "Mozilla/5.0 (Windows NT 10.0; Win64; x64) AppleWebKit/537.36 (KHTML, like Gecko) Chrome/114.0.0.0 Safari/537.36"
155.94.236.24 - - [22/Apr/2026:15:14:28 +0300] "POST /xmlrpc.php HTTP/1.1" 500 745 "-" "Mozilla/5.0 (Windows NT 10.0; Win64; x64) AppleWebKit/537.36 (KHTML, like Gecko) Chrome/114.0.0.0 Safari/537.36"
193.24.211.245 - - [22/Apr/2026:15:16:36 +0300] "GET /wp-login.php HTTP/2" 200 0 "-" "Mozilla/5.0 (Windows NT 10.0; Win64; x64) AppleWebKit/537.36 (KHTML, like Gecko) Chrome/124.0.0.0 Safari/537.36"
98.98.9.39 - - [22/Apr/2026:15:14:52 +0300] "POST /xmlrpc.php HTTP/1.1" 500 745 "-" "Mozilla/5.0 (Windows NT 10.0; Win64; x64) AppleWebKit/537.36 (KHTML, like Gecko) Chrome/114.0.0.0 Safari/537.36"
40.77.167.40 - - [22/Apr/2026:15:16:10 +0300] "GET /h1-tronscan-navigating-your-way-through-tron-blockchain-insights-h1/ HTTP/2" 200 0 "-" "Mozilla/5.0 AppleWebKit/537.36 (KHTML, like Gecko; compatible; bingbot/2.0; +http://www.bing.com/bingbot.htm) Chrome/116.0.1938.76 Safari/537.36"
52.167.144.23 - - [22/Apr/2026:15:16:15 +0300] "GET /slots-que-mais-pagam-as-15-mais-lucrativas-criancice-login-do-aplicativo-1xslot-2026/ HTTP/2" 200 0 "-" "Mozilla/5.0 AppleWebKit/537.36 (KHTML, like Gecko; compatible; bingbot/2.0; +http://www.bing.com/bingbot.htm) Chrome/116.0.1938.76 Safari/537.36"
98.98.9.39 - - [22/Apr/2026:15:15:08 +0300] "POST /xmlrpc.php HTTP/1.1" 500 745 "-" "Mozilla/5.0 (Windows NT 10.0; Win64; x64) AppleWebKit/537.36 (KHTML, like Gecko) Chrome/114.0.0.0 Safari/537.36"
52.167.144.170 - - [22/Apr/2026:15:16:22 +0300] "GET /and-this-participants-are-on-track-to-profit-freaky-fruits-rtp-slot-from-all-star-all-nba-or-any-other-offer-incentives-inside-the-2021/ HTTP/2" 200 0 "-" "Mozilla/5.0 AppleWebKit/537.36 (KHTML, like Gecko; compatible; bingbot/2.0; +http://www.bing.com/bingbot.htm) Chrome/116.0.1938.76 Safari/537.36"
165.73.240.148 - - [22/Apr/2026:15:15:27 +0300] "POST /xmlrpc.php HTTP/1.1" 500 745 "-" "Mozilla/5.0 (Windows NT 10.0; Win64; x64) AppleWebKit/537.36 (KHTML, like Gecko) Chrome/114.0.0.0 Safari/537.36"
155.94.236.24 - - [22/Apr/2026:15:15:29 +0300] "GET /?p=127342 HTTP/1.1" 500 745 "-" "Mozilla/5.0 (Windows NT 10.0; Win64; x64; rv:125.0) Gecko/20100101 Firefox/125.0"
165.73.240.148 - - [22/Apr/2026:15:15:33 +0300] "POST /xmlrpc.php HTTP/1.1" 500 745 "-" "Mozilla/5.0 (Windows NT 10.0; Win64; x64) AppleWebKit/537.36 (KHTML, like Gecko) Chrome/114.0.0.0 Safari/537.36"
155.94.236.24 - - [22/Apr/2026:15:15:35 +0300] "POST /xmlrpc.php HTTP/1.1" 500 745 "-" "Mozilla/5.0 (Windows NT 10.0; Win64; x64) AppleWebKit/537.36 (KHTML, like Gecko) Chrome/114.0.0.0 Safari/537.36"
185.216.113.70 - - [22/Apr/2026:15:17:38 +0300] "POST /wp-cron.php?doing_wp_cron=1776860257.8426289558410644531250 HTTP/1.1" 200 448 "-" "WordPress/6.3.8; https://serhatburke.miroglu.net"
98.98.33.4 - - [22/Apr/2026:15:15:39 +0300] "POST /xmlrpc.php HTTP/1.1" 500 745 "-" "Mozilla/5.0 (Windows NT 10.0; Win64; x64) AppleWebKit/537.36 (KHTML, like Gecko) Chrome/114.0.0.0 Safari/537.36"
155.94.236.24 - - [22/Apr/2026:15:15:44 +0300] "POST /xmlrpc.php HTTP/1.1" 500 745 "-" "Mozilla/5.0 (Windows NT 10.0; Win64; x64) AppleWebKit/537.36 (KHTML, like Gecko) Chrome/114.0.0.0 Safari/537.36"
98.98.33.4 - - [22/Apr/2026:15:15:52 +0300] "POST /xmlrpc.php HTTP/1.1" 500 745 "-" "Mozilla/5.0 (Windows NT 10.0; Win64; x64) AppleWebKit/537.36 (KHTML, like Gecko) Chrome/114.0.0.0 Safari/537.36"
98.98.197.186 - - [22/Apr/2026:15:15:57 +0300] "POST /xmlrpc.php HTTP/1.1" 500 745 "-" "Mozilla/5.0 (Windows NT 10.0; Win64; x64) AppleWebKit/537.36 (KHTML, like Gecko) Chrome/114.0.0.0 Safari/537.36"
185.216.113.70 - - [22/Apr/2026:15:18:15 +0300] "POST /wp-cron.php?doing_wp_cron=1776860295.3181550502777099609375 HTTP/1.1" 200 448 "-" "WordPress/6.3.8; https://serhatburke.miroglu.net"
98.98.9.39 - - [22/Apr/2026:15:16:48 +0300] "GET /?p=127340 HTTP/1.1" 301 710 "-" "Mozilla/5.0 (Windows NT 10.0; Win64; x64; rv:124.0) Gecko/20100101 Firefox/124.0"
185.216.113.70 - - [22/Apr/2026:15:18:18 +0300] "POST /wp-cron.php?doing_wp_cron=1776860298.5844609737396240234375 HTTP/1.1" 200 448 "-" "WordPress/6.3.8; https://serhatburke.miroglu.net"
5.78.159.87 - - [22/Apr/2026:15:17:00 +0300] "POST /xmlrpc.php HTTP/1.1" 200 601 "-" "Mozilla/5.0 (Windows NT 10.0; Win64; x64) AppleWebKit/537.36 (KHTML, like Gecko) Chrome/108.0.0.0 Safari/537.36"
155.94.236.24 - - [22/Apr/2026:15:17:09 +0300] "POST /xmlrpc.php HTTP/1.1" 200 627 "-" "Mozilla/5.0 (Windows NT 10.0; Win64; x64) AppleWebKit/537.36 (KHTML, like Gecko) Chrome/114.0.0.0 Safari/537.36"
98.98.33.4 - - [22/Apr/2026:15:17:32 +0300] "GET /?p=127344 HTTP/1.1" 301 657 "-" "Mozilla/5.0 (Windows NT 10.0; Win64; x64) AppleWebKit/537.36 (KHTML, like Gecko) Chrome/123.0.0.0 Safari/537.36"
185.244.152.120 - - [22/Apr/2026:15:18:13 +0300] "POST /xmlrpc.php HTTP/2" 200 0 "-" "WordPress/XMLRPC Client"
98.98.9.39 - - [22/Apr/2026:15:18:18 +0300] "GET /best-online-casino-luckland-free-spins-no-deposit-christmas-gambling-enterprise-incentives-2026-christmas-time-campaigns/ HTTP/1.1" 200 74261 "-" "Mozilla/5.0 (Windows NT 10.0; Win64; x64; rv:124.0) Gecko/20100101 Firefox/124.0"
98.98.9.39 - - [22/Apr/2026:15:18:28 +0300] "POST /xmlrpc.php HTTP/1.1" 200 861 "-" "Mozilla/5.0 (Windows NT 10.0; Win64; x64) AppleWebKit/537.36 (KHTML, like Gecko) Chrome/114.0.0.0 Safari/537.36"
190.237.60.167 - - [22/Apr/2026:15:18:45 +0300] "POST /xmlrpc.php HTTP/2" 200 0 "-" "WordPress/XMLRPC Client"
185.216.113.70 - - [22/Apr/2026:15:19:22 +0300] "POST /wp-cron.php?doing_wp_cron=1776860362.2468891143798828125000 HTTP/1.1" 200 448 "-" "WordPress/6.3.8; https://serhatburke.miroglu.net"
98.98.33.4 - - [22/Apr/2026:15:18:44 +0300] "GET /play-22800-totally-free-gambling-games-in-the-canada-zero-down-load/ HTTP/1.1" 200 75504 "-" "Mozilla/5.0 (Windows NT 10.0; Win64; x64) AppleWebKit/537.36 (KHTML, like Gecko) Chrome/123.0.0.0 Safari/537.36"
185.216.113.70 - - [22/Apr/2026:15:19:23 +0300] "POST /wp-cron.php?doing_wp_cron=1776860363.3764491081237792968750 HTTP/1.1" 200 448 "-" "WordPress/6.3.8; https://serhatburke.miroglu.net"
106.110.5.64 - - [22/Apr/2026:15:19:23 +0300] "GET /wp-login.php HTTP/2" 200 0 "-" "Mozilla/5.0 (Macintosh; Intel Mac OS X 10_15_7) AppleWebKit/605.1.15 (KHTML, like Gecko) Version/18.0 Safari/605.1.15"
185.244.152.28 - - [22/Apr/2026:15:19:16 +0300] "POST /xmlrpc.php HTTP/2" 200 0 "-" "WordPress/XMLRPC Client"
185.216.113.70 - - [22/Apr/2026:15:19:46 +0300] "POST /wp-cron.php?doing_wp_cron=1776860386.6529469490051269531250 HTTP/1.1" 200 448 "-" "WordPress/6.3.8; https://serhatburke.miroglu.net"
66.249.73.14 - - [22/Apr/2026:15:19:08 +0300] "GET /best-online-casino-uk-compare-140-top-casino-sites-169/ HTTP/1.1" 200 305687 "-" "Mozilla/5.0 (Linux; Android 6.0.1; Nexus 5X Build/MMB29P) AppleWebKit/537.36 (KHTML, like Gecko) Chrome/146.0.7680.177 Mobile Safari/537.36 (compatible; Googlebot/2.1; +http://www.google.com/bot.html)"
185.216.113.70 - - [22/Apr/2026:15:19:55 +0300] "POST /wp-cron.php?doing_wp_cron=1776860395.3749969005584716796875 HTTP/1.1" 200 448 "-" "WordPress/6.3.8; https://serhatburke.miroglu.net"
98.98.33.4 - - [22/Apr/2026:15:19:12 +0300] "POST /xmlrpc.php HTTP/1.1" 200 861 "-" "Mozilla/5.0 (Windows NT 10.0; Win64; x64) AppleWebKit/537.36 (KHTML, like Gecko) Chrome/114.0.0.0 Safari/537.36"
66.249.73.14 - - [22/Apr/2026:15:19:55 +0300] "GET /wp-content/plugins/contact-form-7/includes/swv/js/index.js?ver=5.8 HTTP/1.1" 200 3689 "https://serhatburke.miroglu.net/best-online-casino-uk-compare-140-top-casino-sites-169/" "Mozilla/5.0 (Linux; Android 6.0.1; Nexus 5X Build/MMB29P) AppleWebKit/537.36 (KHTML, like Gecko) Chrome/146.0.7680.177 Mobile Safari/537.36 (compatible; Googlebot/2.1; +http://www.google.com/bot.html)"
45.66.208.252 - - [22/Apr/2026:15:19:47 +0300] "POST /xmlrpc.php HTTP/2" 200 0 "-" "WordPress/XMLRPC Client"
66.249.73.15 - - [22/Apr/2026:15:20:16 +0300] "GET /best-online-casino-uk-compare-140-top-casino-sites-169/undefined?ts=1775520000 HTTP/1.1" 200 0 "https://serhatburke.miroglu.net/best-online-casino-uk-compare-140-top-casino-sites-169/" "Mozilla/5.0 (Linux; Android 6.0.1; Nexus 5X Build/MMB29P) AppleWebKit/537.36 (KHTML, like Gecko) Chrome/146.0.7680.177 Mobile Safari/537.36 (compatible; Googlebot/2.1; +http://www.google.com/bot.html)"
37.215.40.157 - - [22/Apr/2026:15:20:17 +0300] "POST /xmlrpc.php HTTP/2" 200 141 "-" "WordPress/XMLRPC Client"
185.216.113.70 - - [22/Apr/2026:15:20:21 +0300] "GET / HTTP/1.1" 200 10757 "-" "WordPress/6.3.8; https://serhatburke.miroglu.net"
190.55.254.185 - - [22/Apr/2026:15:20:32 +0300] "POST /xmlrpc.php HTTP/2" 200 0 "-" "WordPress/XMLRPC Client"
185.216.113.70 - - [22/Apr/2026:15:21:02 +0300] "POST /wp-cron.php?doing_wp_cron=1776860462.5363960266113281250000 HTTP/1.1" 200 448 "-" "WordPress/6.3.8; https://serhatburke.miroglu.net"
185.216.113.70 - - [22/Apr/2026:15:21:02 +0300] "POST /wp-cron.php?doing_wp_cron=1776860462.6693210601806640625000 HTTP/1.1" 200 448 "-" "WordPress/6.3.8; https://serhatburke.miroglu.net"
185.216.113.70 - - [22/Apr/2026:15:20:26 +0300] "GET / HTTP/1.1" 200 19908 "-" "WordPress/6.3.8; https://serhatburke.miroglu.net"
