185.216.113.70 - - [30/Apr/2026:08:01:46 +0300] "POST /wp-cron.php?doing_wp_cron=1777525306.4377930164337158203125 HTTP/1.1" 200 448 "-" "WordPress/6.3.8; https://serhatburke.miroglu.net"
103.219.169.227 - - [30/Apr/2026:07:59:58 +0300] "POST /xmlrpc.php HTTP/1.1" 500 1102 "-" "Mozilla/5.0 (Windows NT 10.0; Win64; x64) AppleWebKit/537.36 (KHTML, like Gecko) Chrome/114.0.0.0 Safari/537.36"
185.216.113.70 - - [30/Apr/2026:08:01:58 +0300] "POST /wp-cron.php?doing_wp_cron=1777525317.9638059139251708984375 HTTP/1.1" 200 448 "-" "WordPress/6.3.8; https://serhatburke.miroglu.net"
45.250.252.151 - - [30/Apr/2026:08:00:12 +0300] "GET /?p=145437 HTTP/1.1" 301 705 "-" "Mozilla/5.0 (Windows NT 10.0; Win64; x64; rv:124.0) Gecko/20100101 Firefox/124.0"
185.216.113.70 - - [30/Apr/2026:08:02:02 +0300] "POST /wp-cron.php?doing_wp_cron=1777525322.3382170200347900390625 HTTP/1.1" 200 448 "-" "WordPress/6.3.8; https://serhatburke.miroglu.net"
216.238.66.112 - - [30/Apr/2026:08:00:23 +0300] "POST /xmlrpc.php HTTP/1.1" 500 1102 "-" "Mozilla/5.0 (Windows NT 10.0; Win64; x64) AppleWebKit/537.36 (KHTML, like Gecko) Chrome/114.0.0.0 Safari/537.36"
185.216.113.70 - - [30/Apr/2026:08:02:17 +0300] "POST /wp-cron.php?doing_wp_cron=1777525337.4652400016784667968750 HTTP/1.1" 200 448 "-" "WordPress/6.3.8; https://serhatburke.miroglu.net"
216.238.66.112 - - [30/Apr/2026:08:01:02 +0300] "POST /xmlrpc.php HTTP/1.1" 200 861 "-" "Mozilla/5.0 (Windows NT 10.0; Win64; x64) AppleWebKit/537.36 (KHTML, like Gecko) Chrome/114.0.0.0 Safari/537.36"
185.216.113.70 - - [30/Apr/2026:08:02:18 +0300] "POST /wp-cron.php?doing_wp_cron=1777525338.6612620353698730468750 HTTP/1.1" 200 448 "-" "WordPress/6.3.8; https://serhatburke.miroglu.net"
216.238.66.112 - - [30/Apr/2026:08:00:59 +0300] "POST /xmlrpc.php HTTP/1.1" 200 15832 "-" "Mozilla/5.0 (Windows NT 10.0; Win64; x64) AppleWebKit/537.36 (KHTML, like Gecko) Chrome/114.0.0.0 Safari/537.36"
185.216.113.70 - - [30/Apr/2026:08:02:50 +0300] "POST /wp-cron.php?doing_wp_cron=1777525369.8511819839477539062500 HTTP/1.1" 200 448 "-" "WordPress/6.3.8; https://serhatburke.miroglu.net"
103.219.169.227 - - [30/Apr/2026:08:01:39 +0300] "GET /greatest-casinos-having-a-hundred-100-percent-online-casino-emperor-of-the-sea-free-revolves-no-deposit-incentives-within-the-sa/ HTTP/1.1" 200 79904 "-" "Mozilla/5.0 (Windows NT 10.0; Win64; x64) AppleWebKit/537.36 (KHTML, like Gecko) Chrome/124.0.0.0 Safari/537.36"
185.216.113.70 - - [30/Apr/2026:08:02:53 +0300] "POST /wp-cron.php?doing_wp_cron=1777525373.7637560367584228515625 HTTP/1.1" 200 448 "-" "WordPress/6.3.8; https://serhatburke.miroglu.net"
103.219.169.227 - - [30/Apr/2026:08:01:33 +0300] "POST /xmlrpc.php HTTP/1.1" 200 627 "-" "Mozilla/5.0 (Windows NT 10.0; Win64; x64) AppleWebKit/537.36 (KHTML, like Gecko) Chrome/114.0.0.0 Safari/537.36"
185.216.113.70 - - [30/Apr/2026:08:02:55 +0300] "POST /wp-cron.php?doing_wp_cron=1777525375.5396571159362792968750 HTTP/1.1" 200 448 "-" "WordPress/6.3.8; https://serhatburke.miroglu.net"
38.246.32.228 - - [30/Apr/2026:08:01:38 +0300] "POST /xmlrpc.php HTTP/1.1" 200 630 "-" "Mozilla/5.0 (Windows NT 10.0; Win64; x64) AppleWebKit/537.36 (KHTML, like Gecko) Chrome/114.0.0.0 Safari/537.36"
185.216.113.70 - - [30/Apr/2026:08:03:14 +0300] "POST /wp-cron.php?doing_wp_cron=1777525394.5392839908599853515625 HTTP/1.1" 200 448 "-" "WordPress/6.3.8; https://serhatburke.miroglu.net"
185.216.113.70 - - [30/Apr/2026:08:03:17 +0300] "POST /wp-cron.php?doing_wp_cron=1777525396.8495650291442871093750 HTTP/1.1" 200 448 "-" "WordPress/6.3.8; https://serhatburke.miroglu.net"
45.250.252.151 - - [30/Apr/2026:08:01:52 +0300] "POST /xmlrpc.php HTTP/1.1" 200 861 "-" "Mozilla/5.0 (Windows NT 10.0; Win64; x64) AppleWebKit/537.36 (KHTML, like Gecko) Chrome/114.0.0.0 Safari/537.36"
45.250.252.151 - - [30/Apr/2026:08:02:00 +0300] "GET /migliori-bitcoin-mucchio-addirittura-bookmaker-btc-online-regras-do-bonus-de-sexta-feira-do-luckycrypto-italia-2026/ HTTP/1.1" 200 76989 "-" "Mozilla/5.0 (Windows NT 10.0; Win64; x64; rv:124.0) Gecko/20100101 Firefox/124.0"
185.216.113.70 - - [30/Apr/2026:08:03:26 +0300] "POST /wp-cron.php?doing_wp_cron=1777525406.4518280029296875000000 HTTP/1.1" 200 448 "-" "WordPress/6.3.8; https://serhatburke.miroglu.net"
216.238.66.112 - - [30/Apr/2026:08:02:21 +0300] "GET /dragon-tiger-jogue-dado-acimade-gesto-demo-por-dinheiro-real-online-galera-bet-minas-pragmatic-play/ HTTP/1.1" 200 81411 "-" "Mozilla/5.0 (Windows NT 10.0; Win64; x64) AppleWebKit/537.36 (KHTML, like Gecko) Chrome/123.0.0.0 Safari/537.36 OPR/109.0.0.0"
38.246.32.228 - - [30/Apr/2026:08:03:02 +0300] "POST /xmlrpc.php HTTP/1.1" 200 9212 "-" "Mozilla/5.0 (Windows NT 10.0; Win64; x64) AppleWebKit/537.36 (KHTML, like Gecko) Chrome/114.0.0.0 Safari/537.36"
38.246.32.228 - - [30/Apr/2026:08:03:47 +0300] "GET /when-looking-at-deposit-choice-we-get-a-hold-of-rates-reliability-as-well-as-how-better-the-procedure-protects-debt-facts/ HTTP/1.1" 200 74937 "-" "Mozilla/5.0 (Windows NT 10.0; Win64; x64) AppleWebKit/537.36 (KHTML, like Gecko) Chrome/123.0.0.0 Safari/537.36"
38.246.32.228 - - [30/Apr/2026:08:03:55 +0300] "POST /xmlrpc.php HTTP/1.1" 200 630 "-" "Mozilla/5.0 (Windows NT 10.0; Win64; x64) AppleWebKit/537.36 (KHTML, like Gecko) Chrome/114.0.0.0 Safari/537.36"
185.216.113.70 - - [30/Apr/2026:08:04:28 +0300] "POST /wp-cron.php?doing_wp_cron=1777525468.4561500549316406250000 HTTP/1.1" 200 448 "-" "WordPress/6.3.8; https://serhatburke.miroglu.net"
38.246.32.228 - - [30/Apr/2026:08:04:16 +0300] "POST /xmlrpc.php HTTP/1.1" 200 9109 "-" "Mozilla/5.0 (Windows NT 10.0; Win64; x64) AppleWebKit/537.36 (KHTML, like Gecko) Chrome/114.0.0.0 Safari/537.36"
38.246.32.228 - - [30/Apr/2026:08:04:32 +0300] "GET /oklahomas-gambling-establishment-lodge-that-have-miles-out-of-enjoyable-swimming-pools-was-a-warm-escape-northern-regarding-dallas/ HTTP/1.1" 200 74924 "-" "Mozilla/5.0 (Windows NT 10.0; Win64; x64) AppleWebKit/537.36 (KHTML, like Gecko) Chrome/123.0.0.0 Safari/537.36 OPR/109.0.0.0"
185.216.113.70 - - [30/Apr/2026:08:05:47 +0300] "POST /wp-cron.php?doing_wp_cron=1777525547.7219679355621337890625 HTTP/1.1" 200 448 "-" "WordPress/6.3.8; https://serhatburke.miroglu.net"
216.73.217.81 - - [30/Apr/2026:08:05:35 +0300] "GET /robots.txt HTTP/2" 200 110 "-" "Mozilla/5.0 AppleWebKit/537.36 (KHTML, like Gecko; compatible; ClaudeBot/1.0; +claudebot@anthropic.com)"
216.73.217.81 - - [30/Apr/2026:08:05:48 +0300] "GET /sitemap.xml HTTP/2" 200 0 "-" "Mozilla/5.0 AppleWebKit/537.36 (KHTML, like Gecko; compatible; ClaudeBot/1.0; +claudebot@anthropic.com)"
38.246.32.228 - - [30/Apr/2026:08:06:13 +0300] "POST /xmlrpc.php HTTP/1.1" 200 630 "-" "Mozilla/5.0 (Windows NT 10.0; Win64; x64) AppleWebKit/537.36 (KHTML, like Gecko) Chrome/114.0.0.0 Safari/537.36"
185.216.113.70 - - [30/Apr/2026:08:06:36 +0300] "POST /wp-cron.php?doing_wp_cron=1777525596.7810959815979003906250 HTTP/1.1" 200 448 "-" "WordPress/6.3.8; https://serhatburke.miroglu.net"
200.71.124.105 - - [30/Apr/2026:08:06:25 +0300] "GET /zotabet-casino-bonus-premier-depot-2026/ HTTP/1.1" 200 19313 "https://serhatburke.miroglu.net/" "Mozilla/5.0 (Windows NT 10.0; Win64; x64) AppleWebKit/537.36 (KHTML, like Gecko) Chrome/146.0.0.0 Safari/537.36 Edg/146.0.0.0"
38.246.32.228 - - [30/Apr/2026:08:06:34 +0300] "POST /xmlrpc.php HTTP/1.1" 200 9323 "-" "Mozilla/5.0 (Windows NT 10.0; Win64; x64) AppleWebKit/537.36 (KHTML, like Gecko) Chrome/114.0.0.0 Safari/537.36"
38.246.32.228 - - [30/Apr/2026:08:06:55 +0300] "GET /the-newest-legality-out-of-online-casinos-when-you-look-at-the-north-carolina-is-a-hotly-contended-point/ HTTP/1.1" 200 74387 "-" "Mozilla/5.0 (Windows NT 10.0; Win64; x64; rv:125.0) Gecko/20100101 Firefox/125.0"
216.73.217.81 - - [30/Apr/2026:08:07:01 +0300] "GET /sitemap.rss HTTP/2" 200 0 "-" "Mozilla/5.0 AppleWebKit/537.36 (KHTML, like Gecko; compatible; ClaudeBot/1.0; +claudebot@anthropic.com)"
185.216.113.70 - - [30/Apr/2026:08:07:41 +0300] "POST /wp-cron.php?doing_wp_cron=1777525661.0518200397491455078125 HTTP/1.1" 200 448 "-" "WordPress/6.3.8; https://serhatburke.miroglu.net"
200.71.124.105 - - [30/Apr/2026:08:07:29 +0300] "GET /zotabet-casino-bonus-premier-depot-2026/ HTTP/1.1" 200 19103 "https://serhatburke.miroglu.net/zotabet-casino-bonus-premier-depot-2026/" "Mozilla/5.0 (Windows NT 6.3; Win64; x64) AppleWebKit/537.36 (KHTML, like Gecko) Chrome/103.0.0.0 Safari/537.36"
38.246.32.228 - - [30/Apr/2026:08:08:02 +0300] "POST /xmlrpc.php HTTP/1.1" 200 630 "-" "Mozilla/5.0 (Windows NT 10.0; Win64; x64) AppleWebKit/537.36 (KHTML, like Gecko) Chrome/114.0.0.0 Safari/537.36"
185.216.113.70 - - [30/Apr/2026:08:08:34 +0300] "POST /wp-cron.php?doing_wp_cron=1777525714.4732589721679687500000 HTTP/1.1" 200 448 "-" "WordPress/6.3.8; https://serhatburke.miroglu.net"
38.246.32.228 - - [30/Apr/2026:08:08:22 +0300] "POST /xmlrpc.php HTTP/1.1" 200 8942 "-" "Mozilla/5.0 (Windows NT 10.0; Win64; x64) AppleWebKit/537.36 (KHTML, like Gecko) Chrome/114.0.0.0 Safari/537.36"
38.246.32.228 - - [30/Apr/2026:08:08:37 +0300] "GET /but-not-what-it-possesses-try-offers-to-your-its-lotto-quantity-if-the-your-sign-up-to-possess-a-certain-period-of-time/ HTTP/1.1" 200 74531 "-" "Mozilla/5.0 (Windows NT 10.0; rv:125.0) Gecko/20100101 Firefox/125.0"
185.216.113.70 - - [30/Apr/2026:08:09:55 +0300] "POST /wp-cron.php?doing_wp_cron=1777525795.3376910686492919921875 HTTP/1.1" 200 448 "-" "WordPress/6.3.8; https://serhatburke.miroglu.net"
38.246.32.228 - - [30/Apr/2026:08:09:43 +0300] "POST /xmlrpc.php HTTP/1.1" 200 630 "-" "Mozilla/5.0 (Windows NT 10.0; Win64; x64) AppleWebKit/537.36 (KHTML, like Gecko) Chrome/114.0.0.0 Safari/537.36"
38.246.32.228 - - [30/Apr/2026:08:10:03 +0300] "POST /xmlrpc.php HTTP/1.1" 200 8402 "-" "Mozilla/5.0 (Windows NT 10.0; Win64; x64) AppleWebKit/537.36 (KHTML, like Gecko) Chrome/114.0.0.0 Safari/537.36"
38.246.32.228 - - [30/Apr/2026:08:10:17 +0300] "GET /controls-of-fortune-reload-bonuses-and-you-may-alive-local-casino-deals/ HTTP/1.1" 200 72675 "-" "Mozilla/5.0 (Windows NT 10.0; rv:109.0) Gecko/20100101 Firefox/115.0"
185.216.113.70 - - [30/Apr/2026:08:11:38 +0300] "POST /wp-cron.php?doing_wp_cron=1777525898.0386989116668701171875 HTTP/1.1" 200 448 "-" "WordPress/6.3.8; https://serhatburke.miroglu.net"
38.246.32.228 - - [30/Apr/2026:08:11:26 +0300] "POST /xmlrpc.php HTTP/1.1" 200 630 "-" "Mozilla/5.0 (Windows NT 10.0; Win64; x64) AppleWebKit/537.36 (KHTML, like Gecko) Chrome/114.0.0.0 Safari/537.36"
38.246.32.228 - - [30/Apr/2026:08:11:44 +0300] "POST /xmlrpc.php HTTP/1.1" 200 8890 "-" "Mozilla/5.0 (Windows NT 10.0; Win64; x64) AppleWebKit/537.36 (KHTML, like Gecko) Chrome/114.0.0.0 Safari/537.36"
38.246.32.228 - - [30/Apr/2026:08:12:03 +0300] "GET /to-be-100-sure-of-a-patio-i-encourage-you-register-and-play-truth-be-told-there/ HTTP/1.1" 200 73172 "-" "Mozilla/5.0 (Windows NT 10.0; Win64; x64) AppleWebKit/537.36 (KHTML, like Gecko) Chrome/123.0.0.0 Safari/537.36 OPR/109.0.0.0"
185.216.113.70 - - [30/Apr/2026:08:13:04 +0300] "POST /wp-cron.php?doing_wp_cron=1777525983.9717149734497070312500 HTTP/1.1" 200 448 "-" "WordPress/6.3.8; https://serhatburke.miroglu.net"
38.246.32.228 - - [30/Apr/2026:08:12:51 +0300] "POST /xmlrpc.php HTTP/1.1" 200 630 "-" "Mozilla/5.0 (Windows NT 10.0; Win64; x64) AppleWebKit/537.36 (KHTML, like Gecko) Chrome/114.0.0.0 Safari/537.36"
147.235.144.124 - - [30/Apr/2026:08:13:09 +0300] "GET /beste-casino-site-belgie-hoge-inzet/ HTTP/1.1" 200 19264 "-" "Mozilla/5.0 (compatible; Googlebot/2.1; +http://www.google.com/bot.html)"
38.246.32.228 - - [30/Apr/2026:08:13:09 +0300] "POST /xmlrpc.php HTTP/1.1" 200 10736 "-" "Mozilla/5.0 (Windows NT 10.0; Win64; x64) AppleWebKit/537.36 (KHTML, like Gecko) Chrome/114.0.0.0 Safari/537.36"
38.246.32.228 - - [30/Apr/2026:08:13:25 +0300] "GET /oklahoma-casinos-%EF%BF%BD-finest-locations-so-you-can-enjoy-within-the-ok/ HTTP/1.1" 200 74944 "-" "Mozilla/5.0 (Windows NT 10.0; Win64; x64; rv:124.0) Gecko/20100101 Firefox/124.0"
185.216.113.70 - - [30/Apr/2026:08:14:12 +0300] "POST /wp-cron.php?doing_wp_cron=1777526052.0610439777374267578125 HTTP/1.1" 200 448 "-" "WordPress/6.3.8; https://serhatburke.miroglu.net"
38.246.32.228 - - [30/Apr/2026:08:13:59 +0300] "POST /xmlrpc.php HTTP/1.1" 200 630 "-" "Mozilla/5.0 (Windows NT 10.0; Win64; x64) AppleWebKit/537.36 (KHTML, like Gecko) Chrome/114.0.0.0 Safari/537.36"
38.246.32.228 - - [30/Apr/2026:08:14:18 +0300] "POST /xmlrpc.php HTTP/1.1" 200 10133 "-" "Mozilla/5.0 (Windows NT 10.0; Win64; x64) AppleWebKit/537.36 (KHTML, like Gecko) Chrome/114.0.0.0 Safari/537.36"
185.216.113.70 - - [30/Apr/2026:08:14:42 +0300] "POST /wp-cron.php?doing_wp_cron=1777526082.7145049571990966796875 HTTP/1.1" 200 448 "-" "WordPress/6.3.8; https://serhatburke.miroglu.net"
38.246.32.228 - - [30/Apr/2026:08:14:30 +0300] "GET /gaming-towards-the-sports-and-cybersports-from-the-pin-up-online-casino/ HTTP/1.1" 200 74236 "-" "Mozilla/5.0 (Windows NT 10.0; rv:125.0) Gecko/20100101 Firefox/125.0"
40.77.167.156 - - [30/Apr/2026:08:15:05 +0300] "GET /it-could-be-fairly-hard-to-give-bad-online-gambling-sites-other-than-an-excellent-of-them-specifically-for-novices/ HTTP/2" 200 17733 "-" "Mozilla/5.0 AppleWebKit/537.36 (KHTML, like Gecko; compatible; bingbot/2.0; +http://www.bing.com/bingbot.htm) Chrome/116.0.1938.76 Safari/537.36"
185.216.113.70 - - [30/Apr/2026:08:15:46 +0300] "POST /wp-cron.php?doing_wp_cron=1777526146.4528760910034179687500 HTTP/1.1" 200 448 "-" "WordPress/6.3.8; https://serhatburke.miroglu.net"
40.77.167.156 - - [30/Apr/2026:08:15:07 +0300] "GET /pdbx-pdbx-pdbx-matua-najugaq-ataqatigiissaartarpoq-pdbxip-playing-ilaatigut-ingerlanneqartarluni-kulturikkut-vibratoq-singaannaq-immikkuullariliortorlu-ataatsimoorlutik/ HTTP/2" 200 18534 "-" "Mozilla/5.0 AppleWebKit/537.36 (KHTML, like Gecko; compatible; bingbot/2.0; +http://www.bing.com/bingbot.htm) Chrome/116.0.1938.76 Safari/537.36"
52.167.144.203 - - [30/Apr/2026:08:15:09 +0300] "GET /harnessing-bscscan-for-innovative-crypto-tracking-solutions/ HTTP/2" 200 17976 "-" "Mozilla/5.0 AppleWebKit/537.36 (KHTML, like Gecko; compatible; bingbot/2.0; +http://www.bing.com/bingbot.htm) Chrome/116.0.1938.76 Safari/537.36"
57.128.22.95 - - [30/Apr/2026:08:15:13 +0300] "GET /88701-2/ HTTP/1.1" 200 18386 "-" "Mozilla/5.0 (compatible; Googlebot/2.1; +http://www.google.com/bot.html)"
40.77.167.1 - - [30/Apr/2026:08:15:16 +0300] "GET /chances-como-visa-electron-casino-hacen-el-trabajo-bien-de-la-misma-forma-todo-el-tiempo-de-que-la-medio-las-admita/ HTTP/2" 200 0 "-" "Mozilla/5.0 AppleWebKit/537.36 (KHTML, like Gecko; compatible; bingbot/2.0; +http://www.bing.com/bingbot.htm) Chrome/116.0.1938.76 Safari/537.36"
40.77.167.1 - - [30/Apr/2026:08:15:20 +0300] "GET /top-ten-united-states-of-america-casinos-on-the-internet-the-real-deal-money-playing-inside-go-the-2026/ HTTP/2" 200 0 "-" "Mozilla/5.0 AppleWebKit/537.36 (KHTML, like Gecko; compatible; bingbot/2.0; +http://www.bing.com/bingbot.htm) Chrome/116.0.1938.76 Safari/537.36"
38.246.32.228 - - [30/Apr/2026:08:15:17 +0300] "POST /xmlrpc.php HTTP/1.1" 200 630 "-" "Mozilla/5.0 (Windows NT 10.0; Win64; x64) AppleWebKit/537.36 (KHTML, like Gecko) Chrome/114.0.0.0 Safari/537.36"
216.238.66.112 - - [30/Apr/2026:08:15:23 +0300] "POST /xmlrpc.php HTTP/1.1" 200 630 "-" "Mozilla/5.0 (Windows NT 10.0; Win64; x64) AppleWebKit/537.36 (KHTML, like Gecko) Chrome/114.0.0.0 Safari/537.36"
108.181.120.104 - - [30/Apr/2026:08:15:31 +0300] "POST /xmlrpc.php HTTP/1.1" 200 630 "-" "Mozilla/5.0 (Windows NT 10.0; Win64; x64) AppleWebKit/537.36 (KHTML, like Gecko) Chrome/114.0.0.0 Safari/537.36"
40.77.167.156 - - [30/Apr/2026:08:15:44 +0300] "GET /vinnig-u-ho-shot-fruitautomaat-online-erbij-gokkastenxl-nl/ HTTP/2" 200 0 "-" "Mozilla/5.0 AppleWebKit/537.36 (KHTML, like Gecko; compatible; bingbot/2.0; +http://www.bing.com/bingbot.htm) Chrome/116.0.1938.76 Safari/537.36"
40.77.167.156 - - [30/Apr/2026:08:15:48 +0300] "GET /these-types-of-gambling-enterprises-is-among-the-better-web-based-casinos-on-british-in-our-feedback/ HTTP/2" 200 0 "-" "Mozilla/5.0 AppleWebKit/537.36 (KHTML, like Gecko; compatible; bingbot/2.0; +http://www.bing.com/bingbot.htm) Chrome/116.0.1938.76 Safari/537.36"
52.167.144.203 - - [30/Apr/2026:08:15:58 +0300] "GET /sofern-die-kunden-eine-einzahlung-mitten-unter-%EF%BF%BD10-weiters-%EF%BF%BD100000-tatigen-beziehen-diese-angewandten-000igen-provision/ HTTP/2" 200 0 "-" "Mozilla/5.0 AppleWebKit/537.36 (KHTML, like Gecko; compatible; bingbot/2.0; +http://www.bing.com/bingbot.htm) Chrome/116.0.1938.76 Safari/537.36"
185.216.113.70 - - [30/Apr/2026:08:16:52 +0300] "POST /wp-cron.php?doing_wp_cron=1777526212.0614089965820312500000 HTTP/1.1" 200 448 "-" "WordPress/6.3.8; https://serhatburke.miroglu.net"
52.167.144.203 - - [30/Apr/2026:08:16:02 +0300] "GET /the-new-no-deposit-bonuses-in-britain-casinos-march-2026-goldbet-online-casino-promo-code-get-free-spins/ HTTP/2" 200 0 "-" "Mozilla/5.0 AppleWebKit/537.36 (KHTML, like Gecko; compatible; bingbot/2.0; +http://www.bing.com/bingbot.htm) Chrome/116.0.1938.76 Safari/537.36"
185.216.113.70 - - [30/Apr/2026:08:16:56 +0300] "POST /wp-cron.php?doing_wp_cron=1777526216.4440369606018066406250 HTTP/1.1" 200 448 "-" "WordPress/6.3.8; https://serhatburke.miroglu.net"
40.77.167.1 - - [30/Apr/2026:08:16:17 +0300] "GET /duffspin-offlin-holland-gokhuis-acteerprestatie-bonussen-draagbaar-slots-live/ HTTP/2" 200 0 "-" "Mozilla/5.0 AppleWebKit/537.36 (KHTML, like Gecko; compatible; bingbot/2.0; +http://www.bing.com/bingbot.htm) Chrome/116.0.1938.76 Safari/537.36"
185.216.113.70 - - [30/Apr/2026:08:17:14 +0300] "POST /wp-cron.php?doing_wp_cron=1777526234.0483949184417724609375 HTTP/1.1" 200 448 "-" "WordPress/6.3.8; https://serhatburke.miroglu.net"
185.216.113.70 - - [30/Apr/2026:08:17:17 +0300] "POST /wp-cron.php?doing_wp_cron=1777526237.0808689594268798828125 HTTP/1.1" 200 448 "-" "WordPress/6.3.8; https://serhatburke.miroglu.net"
38.246.32.228 - - [30/Apr/2026:08:16:18 +0300] "POST /xmlrpc.php HTTP/1.1" 200 8798 "-" "Mozilla/5.0 (Windows NT 10.0; Win64; x64) AppleWebKit/537.36 (KHTML, like Gecko) Chrome/114.0.0.0 Safari/537.36"
185.216.113.70 - - [30/Apr/2026:08:17:20 +0300] "POST /wp-cron.php?doing_wp_cron=1777526240.0778450965881347656250 HTTP/1.1" 200 448 "-" "WordPress/6.3.8; https://serhatburke.miroglu.net"
165.140.118.5 - - [30/Apr/2026:08:16:20 +0300] "GET /zotabet-casino-bonus-premier-depot-2026/ HTTP/1.1" 200 19136 "https://serhatburke.miroglu.net/" "Mozilla/5.0 (Windows NT 10.0; Win64; x64; Xbox; Xbox One) AppleWebKit/537.36 (KHTML, like Gecko) Chrome/114.0.0.0 Safari/537.36 Edge/44.18363.8131"
185.216.113.70 - - [30/Apr/2026:08:17:33 +0300] "POST /wp-cron.php?doing_wp_cron=1777526252.9594340324401855468750 HTTP/1.1" 200 448 "-" "WordPress/6.3.8; https://serhatburke.miroglu.net"
216.238.66.112 - - [30/Apr/2026:08:16:29 +0300] "POST /xmlrpc.php HTTP/1.1" 200 15711 "-" "Mozilla/5.0 (Windows NT 10.0; Win64; x64) AppleWebKit/537.36 (KHTML, like Gecko) Chrome/114.0.0.0 Safari/537.36"
185.216.113.70 - - [30/Apr/2026:08:17:36 +0300] "POST /wp-cron.php?doing_wp_cron=1777526256.5394599437713623046875 HTTP/1.1" 200 448 "-" "WordPress/6.3.8; https://serhatburke.miroglu.net"
108.181.120.104 - - [30/Apr/2026:08:16:36 +0300] "POST /xmlrpc.php HTTP/1.1" 200 15487 "-" "Mozilla/5.0 (Windows NT 10.0; Win64; x64) AppleWebKit/537.36 (KHTML, like Gecko) Chrome/114.0.0.0 Safari/537.36"
185.216.113.70 - - [30/Apr/2026:08:17:37 +0300] "POST /wp-cron.php?doing_wp_cron=1777526257.1428329944610595703125 HTTP/1.1" 200 448 "-" "WordPress/6.3.8; https://serhatburke.miroglu.net"
38.246.32.228 - - [30/Apr/2026:08:16:37 +0300] "POST /xmlrpc.php HTTP/1.1" 200 630 "-" "Mozilla/5.0 (Windows NT 10.0; Win64; x64) AppleWebKit/537.36 (KHTML, like Gecko) Chrome/114.0.0.0 Safari/537.36"
185.216.113.70 - - [30/Apr/2026:08:17:51 +0300] "POST /wp-cron.php?doing_wp_cron=1777526270.9631459712982177734375 HTTP/1.1" 200 448 "-" "WordPress/6.3.8; https://serhatburke.miroglu.net"
165.140.118.5 - - [30/Apr/2026:08:16:51 +0300] "GET /zotabet-casino-bonus-premier-depot-2026/ HTTP/1.1" 200 19136 "https://serhatburke.miroglu.net/" "Mozilla/5.0 (Windows NT 10.0; Win64; x64; Xbox; Xbox One) AppleWebKit/537.36 (KHTML, like Gecko) Chrome/114.0.0.0 Safari/537.36 Edge/44.18363.8131"
38.246.32.228 - - [30/Apr/2026:08:17:17 +0300] "GET /these-certificates-ensure-that-the-gambling-establishment-abides-by-rigorous-advice-for-player-defense-fair-play-and-you-will-financial-protection/ HTTP/1.1" 200 75234 "-" "Mozilla/5.0 (Windows NT 10.0; Win64; x64) AppleWebKit/537.36 (KHTML, like Gecko) Chrome/123.0.0.0 Safari/537.36"
108.181.120.104 - - [30/Apr/2026:08:17:38 +0300] "GET /king-thunderkick-ports-mobile-of-ones-nile-2-slots-enjoy-aristocrat-ports-100percent-free-ministere-de-free-grand-reef-50-spins-no-deposit-la-sante-publique/ HTTP/1.1" 200 81604 "-" "Mozilla/5.0 (Windows NT 10.0; Win64; x64; rv:125.0) Gecko/20100101 Firefox/125.0"
185.216.113.70 - - [30/Apr/2026:08:18:51 +0300] "POST /wp-cron.php?doing_wp_cron=1777526331.2526910305023193359375 HTTP/1.1" 200 448 "-" "WordPress/6.3.8; https://serhatburke.miroglu.net"
165.140.118.5 - - [30/Apr/2026:08:17:22 +0300] "GET /zotabet-casino-bonus-premier-depot-2026/ HTTP/1.1" 200 19136 "https://serhatburke.miroglu.net/" "Mozilla/5.0 (Windows NT 10.0; Win64; x64; Xbox; Xbox One) AppleWebKit/537.36 (KHTML, like Gecko) Chrome/114.0.0.0 Safari/537.36 Edge/44.18363.8131"
216.238.66.112 - - [30/Apr/2026:08:17:34 +0300] "GET /ato-sem-entreposto-2026-codigo-de-bonus-unlimluck-codigos-bonus-para-casinos-online/ HTTP/1.1" 200 80422 "-" "Mozilla/5.0 (Windows NT 10.0; Win64; x64) AppleWebKit/537.36 (KHTML, like Gecko) Chrome/124.0.0.0 Safari/537.36 Edg/124.0.0.0"
38.246.32.228 - - [30/Apr/2026:08:17:45 +0300] "POST /xmlrpc.php HTTP/1.1" 200 8452 "-" "Mozilla/5.0 (Windows NT 10.0; Win64; x64) AppleWebKit/537.36 (KHTML, like Gecko) Chrome/114.0.0.0 Safari/537.36"
185.216.113.70 - - [30/Apr/2026:08:19:09 +0300] "POST /wp-cron.php?doing_wp_cron=1777526349.4567630290985107421875 HTTP/1.1" 200 448 "-" "WordPress/6.3.8; https://serhatburke.miroglu.net"
38.246.32.228 - - [30/Apr/2026:08:17:55 +0300] "POST /xmlrpc.php HTTP/1.1" 200 630 "-" "Mozilla/5.0 (Windows NT 10.0; Win64; x64) AppleWebKit/537.36 (KHTML, like Gecko) Chrome/114.0.0.0 Safari/537.36"
185.216.113.70 - - [30/Apr/2026:08:19:17 +0300] "POST /wp-cron.php?doing_wp_cron=1777526356.9429669380187988281250 HTTP/1.1" 200 448 "-" "WordPress/6.3.8; https://serhatburke.miroglu.net"
108.181.120.104 - - [30/Apr/2026:08:18:32 +0300] "POST /xmlrpc.php HTTP/1.1" 200 630 "-" "Mozilla/5.0 (Windows NT 10.0; Win64; x64) AppleWebKit/537.36 (KHTML, like Gecko) Chrome/114.0.0.0 Safari/537.36"
38.246.32.228 - - [30/Apr/2026:08:19:02 +0300] "GET /customer-service-may-not-have-a-look-that-very-important-if-you-find-yourself-betting-in-the-an-internet-gambling-establishment/ HTTP/1.1" 200 74204 "-" "Mozilla/5.0 (Windows NT 10.0; Win64; x64; rv:124.0) Gecko/20100101 Firefox/124.0"
38.246.32.228 - - [30/Apr/2026:08:19:16 +0300] "POST /xmlrpc.php HTTP/1.1" 200 9126 "-" "Mozilla/5.0 (Windows NT 10.0; Win64; x64) AppleWebKit/537.36 (KHTML, like Gecko) Chrome/114.0.0.0 Safari/537.36"
38.246.32.228 - - [30/Apr/2026:08:19:20 +0300] "POST /xmlrpc.php HTTP/1.1" 200 630 "-" "Mozilla/5.0 (Windows NT 10.0; Win64; x64) AppleWebKit/537.36 (KHTML, like Gecko) Chrome/114.0.0.0 Safari/537.36"
108.181.120.104 - - [30/Apr/2026:08:19:24 +0300] "POST /xmlrpc.php HTTP/1.1" 200 15527 "-" "Mozilla/5.0 (Windows NT 10.0; Win64; x64) AppleWebKit/537.36 (KHTML, like Gecko) Chrome/114.0.0.0 Safari/537.36"
185.216.113.70 - - [30/Apr/2026:08:20:17 +0300] "POST /wp-cron.php?doing_wp_cron=1777526417.1175799369812011718750 HTTP/1.1" 200 448 "-" "WordPress/6.3.8; https://serhatburke.miroglu.net"
185.216.113.70 - - [30/Apr/2026:08:20:18 +0300] "POST /wp-cron.php?doing_wp_cron=1777526418.1396241188049316406250 HTTP/1.1" 200 448 "-" "WordPress/6.3.8; https://serhatburke.miroglu.net"
108.181.120.104 - - [30/Apr/2026:08:19:58 +0300] "GET /queen-of-the-nile-position-opinion-2026-totally-original-source-site-free-real-cash-enjoy/ HTTP/1.1" 200 79763 "-" "Mozilla/5.0 (Windows NT 10.0; rv:125.0) Gecko/20100101 Firefox/125.0"
38.246.32.228 - - [30/Apr/2026:08:19:58 +0300] "GET /are-you-willing-to-play-within-the-oklahoma-casinos-on-the-internet-for-real-money/ HTTP/1.1" 200 73490 "-" "Mozilla/5.0 (Windows NT 10.0; Win64; x64) AppleWebKit/537.36 (KHTML, like Gecko) Chrome/122.0.0.0 Safari/537.36"
38.246.32.228 - - [30/Apr/2026:08:20:06 +0300] "POST /xmlrpc.php HTTP/1.1" 200 8721 "-" "Mozilla/5.0 (Windows NT 10.0; Win64; x64) AppleWebKit/537.36 (KHTML, like Gecko) Chrome/114.0.0.0 Safari/537.36"
185.216.113.70 - - [30/Apr/2026:08:20:52 +0300] "POST /wp-cron.php?doing_wp_cron=1777526452.6801469326019287109375 HTTP/1.1" 200 448 "-" "WordPress/6.3.8; https://serhatburke.miroglu.net"
38.246.32.228 - - [30/Apr/2026:08:20:26 +0300] "POST /xmlrpc.php HTTP/1.1" 200 630 "-" "Mozilla/5.0 (Windows NT 10.0; Win64; x64) AppleWebKit/537.36 (KHTML, like Gecko) Chrome/114.0.0.0 Safari/537.36"
38.246.32.228 - - [30/Apr/2026:08:20:26 +0300] "GET /well-known-desk-games-is-craps-andar-bahar-and-you-will-assist-%EF%BF%BDem-experience/ HTTP/1.1" 200 73071 "-" "Mozilla/5.0 (Windows NT 10.0; Win64; x64) AppleWebKit/537.36 (KHTML, like Gecko) Chrome/122.0.0.0 Safari/537.36"
40.77.167.1 - - [30/Apr/2026:08:20:35 +0300] "GET /ports-lv-is-a-refuge-for-those-who-desire-to-hit-the-top-go-out-which-have-modern-jackpots/ HTTP/2" 200 17864 "-" "Mozilla/5.0 AppleWebKit/537.36 (KHTML, like Gecko; compatible; bingbot/2.0; +http://www.bing.com/bingbot.htm) Chrome/116.0.1938.76 Safari/537.36"
52.167.144.231 - - [30/Apr/2026:08:20:39 +0300] "GET /spinfest-sichern-diese-gegenseitig-allein-and-no-pranumeration-boni-unterdessen/ HTTP/2" 200 19579 "-" "Mozilla/5.0 AppleWebKit/537.36 (KHTML, like Gecko; compatible; bingbot/2.0; +http://www.bing.com/bingbot.htm) Chrome/116.0.1938.76 Safari/537.36"
38.246.32.228 - - [30/Apr/2026:08:21:02 +0300] "POST /xmlrpc.php HTTP/1.1" 200 8937 "-" "Mozilla/5.0 (Windows NT 10.0; Win64; x64) AppleWebKit/537.36 (KHTML, like Gecko) Chrome/114.0.0.0 Safari/537.36"
40.77.167.1 - - [30/Apr/2026:08:21:03 +0300] "GET /pharaohs-chance-video-slot-on-the-da-vincis-gold-casino-market/ HTTP/2" 200 19266 "-" "Mozilla/5.0 AppleWebKit/537.36 (KHTML, like Gecko; compatible; bingbot/2.0; +http://www.bing.com/bingbot.htm) Chrome/116.0.1938.76 Safari/537.36"
108.181.120.104 - - [30/Apr/2026:08:21:03 +0300] "POST /xmlrpc.php HTTP/1.1" 200 630 "-" "Mozilla/5.0 (Windows NT 10.0; Win64; x64) AppleWebKit/537.36 (KHTML, like Gecko) Chrome/114.0.0.0 Safari/537.36"
52.167.144.231 - - [30/Apr/2026:08:21:09 +0300] "GET /84290-2/ HTTP/2" 200 18293 "-" "Mozilla/5.0 AppleWebKit/537.36 (KHTML, like Gecko; compatible; bingbot/2.0; +http://www.bing.com/bingbot.htm) Chrome/116.0.1938.76 Safari/537.36"
40.77.167.1 - - [30/Apr/2026:08:21:08 +0300] "GET /play-for-a-real-fairspin-welcome-bonus-income/ HTTP/2" 200 18819 "-" "Mozilla/5.0 AppleWebKit/537.36 (KHTML, like Gecko; compatible; bingbot/2.0; +http://www.bing.com/bingbot.htm) Chrome/116.0.1938.76 Safari/537.36"
185.216.113.70 - - [30/Apr/2026:08:21:56 +0300] "POST /wp-cron.php?doing_wp_cron=1777526516.3455200195312500000000 HTTP/1.1" 200 448 "-" "WordPress/6.3.8; https://serhatburke.miroglu.net"
52.167.144.231 - - [30/Apr/2026:08:21:19 +0300] "GET /happiest-xmas-tree-position-enjoy-totally-free-demonstration-money-game-slot-machine-online/ HTTP/2" 200 19657 "-" "Mozilla/5.0 AppleWebKit/537.36 (KHTML, like Gecko; compatible; bingbot/2.0; +http://www.bing.com/bingbot.htm) Chrome/116.0.1938.76 Safari/537.36"
45.169.52.233 - - [30/Apr/2026:08:21:23 +0300] "GET / HTTP/1.1" 200 21956 "-" "Mozilla/5.0 (Windows NT 10.0; Win64; x64) AppleWebKit/537.36 (KHTML, like Gecko) Chrome/120.0.0.0 Safari/537.36"
38.246.32.228 - - [30/Apr/2026:08:21:35 +0300] "POST /xmlrpc.php HTTP/1.1" 200 630 "-" "Mozilla/5.0 (Windows NT 10.0; Win64; x64) AppleWebKit/537.36 (KHTML, like Gecko) Chrome/114.0.0.0 Safari/537.36"
38.246.32.228 - - [30/Apr/2026:08:21:39 +0300] "GET /arranged-wv-gambling-establishment-programs-to-really-get-your-private-bonus/ HTTP/1.1" 200 73307 "-" "Mozilla/5.0 (Windows NT 10.0; Win64; x64) AppleWebKit/537.36 (KHTML, like Gecko) Chrome/123.0.0.0 Safari/537.36 OPR/109.0.0.0"
108.181.120.104 - - [30/Apr/2026:08:21:47 +0300] "POST /xmlrpc.php HTTP/1.1" 200 15479 "-" "Mozilla/5.0 (Windows NT 10.0; Win64; x64) AppleWebKit/537.36 (KHTML, like Gecko) Chrome/114.0.0.0 Safari/537.36"
118.148.131.212 - - [30/Apr/2026:08:22:00 +0300] "GET / HTTP/1.1" 200 22091 "-" "Mozilla/5.0 (Windows NT 10.0; Win64; x64) AppleWebKit/537.36 (KHTML, like Gecko) Chrome/120.0.0.0 Safari/537.36"
40.77.167.1 - - [30/Apr/2026:08:22:08 +0300] "GET /kraken-kak-bezopasno-voiti-v-darknet-2026-2/ HTTP/2" 200 19109 "-" "Mozilla/5.0 AppleWebKit/537.36 (KHTML, like Gecko; compatible; bingbot/2.0; +http://www.bing.com/bingbot.htm) Chrome/116.0.1938.76 Safari/537.36"
38.246.32.228 - - [30/Apr/2026:08:22:18 +0300] "POST /xmlrpc.php HTTP/1.1" 200 9106 "-" "Mozilla/5.0 (Windows NT 10.0; Win64; x64) AppleWebKit/537.36 (KHTML, like Gecko) Chrome/114.0.0.0 Safari/537.36"
108.181.120.104 - - [30/Apr/2026:08:22:19 +0300] "GET /king-of-riva-casino-loyalty-points-the-nile-slots-remark-and-you-can-real-cash-gambling-enterprise-posts/ HTTP/1.1" 200 80122 "-" "Mozilla/5.0 (Windows NT 10.0; Win64; x64) AppleWebKit/537.36 (KHTML, like Gecko) Chrome/122.0.0.0 Safari/537.36"
185.216.113.70 - - [30/Apr/2026:08:22:47 +0300] "POST /wp-cron.php?doing_wp_cron=1777526567.1508500576019287109375 HTTP/1.1" 200 448 "-" "WordPress/6.3.8; https://serhatburke.miroglu.net"
118.148.131.212 - - [30/Apr/2026:08:22:30 +0300] "GET /wp-login.php HTTP/1.1" 200 4160 "-" "Mozilla/5.0 (Windows NT 10.0; Win64; x64) AppleWebKit/537.36 (KHTML, like Gecko) Chrome/120.0.0.0 Safari/537.36"
38.246.32.228 - - [30/Apr/2026:08:22:45 +0300] "GET /do-you-activities-bet-at-harrahs-cherokee-gambling-establishment-resort/ HTTP/1.1" 200 73462 "-" "Mozilla/5.0 (Windows NT 10.0; Win64; x64) AppleWebKit/537.36 (KHTML, like Gecko) Chrome/124.0.0.0 Safari/537.36"
118.148.131.212 - - [30/Apr/2026:08:22:49 +0300] "GET /wp-login.php?wp_lang=en_US HTTP/1.1" 200 3520 "-" "Mozilla/5.0 (Windows NT 10.0; Win64; x64) AppleWebKit/537.36 (KHTML, like Gecko) Chrome/120.0.0.0 Safari/537.36"
38.246.32.228 - - [30/Apr/2026:08:22:53 +0300] "POST /xmlrpc.php HTTP/1.1" 200 630 "-" "Mozilla/5.0 (Windows NT 10.0; Win64; x64) AppleWebKit/537.36 (KHTML, like Gecko) Chrome/114.0.0.0 Safari/537.36"
118.148.131.212 - - [30/Apr/2026:08:23:13 +0300] "POST /wp-login.php HTTP/1.1" 302 1500 "https://serhatburke.miroglu.net" "Mozilla/5.0 (Windows NT 10.0; Win64; x64) AppleWebKit/537.36 (KHTML, like Gecko) Chrome/120.0.0.0 Safari/537.36"
185.216.113.70 - - [30/Apr/2026:08:23:31 +0300] "POST /wp-cron.php?doing_wp_cron=1777526611.5993640422821044921875 HTTP/1.1" 200 448 "-" "WordPress/6.3.8; https://serhatburke.miroglu.net"
38.246.32.228 - - [30/Apr/2026:08:23:18 +0300] "POST /xmlrpc.php HTTP/1.1" 200 8804 "-" "Mozilla/5.0 (Windows NT 10.0; Win64; x64) AppleWebKit/537.36 (KHTML, like Gecko) Chrome/114.0.0.0 Safari/537.36"
118.148.131.212 - - [30/Apr/2026:08:23:27 +0300] "GET /wp-admin/ HTTP/1.1" 200 23539 "https://serhatburke.miroglu.net" "Mozilla/5.0 (Windows NT 10.0; Win64; x64) AppleWebKit/537.36 (KHTML, like Gecko) Chrome/120.0.0.0 Safari/537.36"
108.181.120.104 - - [30/Apr/2026:08:23:29 +0300] "POST /xmlrpc.php HTTP/1.1" 200 630 "-" "Mozilla/5.0 (Windows NT 10.0; Win64; x64) AppleWebKit/537.36 (KHTML, like Gecko) Chrome/114.0.0.0 Safari/537.36"
38.246.32.228 - - [30/Apr/2026:08:23:40 +0300] "GET /after-that-take-a-browse-off-this-page-and-study-the-reviews/ HTTP/1.1" 200 72442 "-" "Mozilla/5.0 (Windows NT 10.0; Win64; x64) AppleWebKit/537.36 (KHTML, like Gecko) Chrome/122.0.0.0 Safari/537.36"
185.216.113.70 - - [30/Apr/2026:08:23:48 +0300] "POST /wp-admin/admin-ajax.php?action=as_async_request_queue_runner&nonce=33098ca84f HTTP/1.1" 200 1039 "-" "WordPress/6.3.8; https://serhatburke.miroglu.net"
108.181.120.104 - - [30/Apr/2026:08:23:56 +0300] "POST /xmlrpc.php HTTP/1.1" 200 14411 "-" "Mozilla/5.0 (Windows NT 10.0; Win64; x64) AppleWebKit/537.36 (KHTML, like Gecko) Chrome/114.0.0.0 Safari/537.36"
38.246.32.228 - - [30/Apr/2026:08:24:11 +0300] "POST /xmlrpc.php HTTP/1.1" 200 630 "-" "Mozilla/5.0 (Windows NT 10.0; Win64; x64) AppleWebKit/537.36 (KHTML, like Gecko) Chrome/114.0.0.0 Safari/537.36"
108.181.120.104 - - [30/Apr/2026:08:24:10 +0300] "GET /brief-strike-blitz-free-bowling-frenzy-rtp-slot-machine-light-question-harbors/ HTTP/1.1" 200 78472 "-" "Mozilla/5.0 (Windows NT 10.0; Win64; x64) AppleWebKit/537.36 (KHTML, like Gecko) Chrome/109.0.0.0 Safari/537.36"
185.216.113.70 - - [30/Apr/2026:08:25:03 +0300] "POST /wp-cron.php?doing_wp_cron=1777526702.9457569122314453125000 HTTP/1.1" 200 448 "-" "WordPress/6.3.8; https://serhatburke.miroglu.net"
52.167.144.195 - - [30/Apr/2026:08:24:25 +0300] "GET /dexscreener-the-ultimate-tool-for-dex-traders-in-2026-4/ HTTP/2" 200 17936 "-" "Mozilla/5.0 AppleWebKit/537.36 (KHTML, like Gecko; compatible; bingbot/2.0; +http://www.bing.com/bingbot.htm) Chrome/116.0.1938.76 Safari/537.36"
52.167.144.195 - - [30/Apr/2026:08:24:26 +0300] "GET /greeting-now-offers-readily-available-over-the-top-gambling-internet-sites-united-kingdom/ HTTP/2" 200 17807 "-" "Mozilla/5.0 AppleWebKit/537.36 (KHTML, like Gecko; compatible; bingbot/2.0; +http://www.bing.com/bingbot.htm) Chrome/116.0.1938.76 Safari/537.36"
40.77.167.11 - - [30/Apr/2026:08:24:27 +0300] "GET /l-x27-histoire-fascinante-des-casinos-a-travers-20/ HTTP/2" 200 18708 "-" "Mozilla/5.0 AppleWebKit/537.36 (KHTML, like Gecko; compatible; bingbot/2.0; +http://www.bing.com/bingbot.htm) Chrome/116.0.1938.76 Safari/537.36"
52.167.144.231 - - [30/Apr/2026:08:24:29 +0300] "GET /the-fast-platform-offers-continuously-updated-odds-during-live-events-2/ HTTP/2" 200 17461 "-" "Mozilla/5.0 AppleWebKit/537.36 (KHTML, like Gecko; compatible; bingbot/2.0; +http://www.bing.com/bingbot.htm) Chrome/116.0.1938.76 Safari/537.36"
40.77.167.11 - - [30/Apr/2026:08:24:30 +0300] "GET /online-casino-slot-spiel-admiral-nelson-brd-2026-beste-casinos-inoffizieller-mitarbeiter-kollation/ HTTP/2" 200 19946 "-" "Mozilla/5.0 AppleWebKit/537.36 (KHTML, like Gecko; compatible; bingbot/2.0; +http://www.bing.com/bingbot.htm) Chrome/116.0.1938.76 Safari/537.36"
38.246.32.228 - - [30/Apr/2026:08:24:32 +0300] "POST /xmlrpc.php HTTP/1.1" 200 9241 "-" "Mozilla/5.0 (Windows NT 10.0; Win64; x64) AppleWebKit/537.36 (KHTML, like Gecko) Chrome/114.0.0.0 Safari/537.36"
52.167.144.231 - - [30/Apr/2026:08:24:37 +0300] "GET /este-respetado-suministrador-sobre-juegos-opera-empezando-por-el-2011/ HTTP/2" 200 17852 "-" "Mozilla/5.0 AppleWebKit/537.36 (KHTML, like Gecko; compatible; bingbot/2.0; +http://www.bing.com/bingbot.htm) Chrome/116.0.1938.76 Safari/537.36"
52.167.144.231 - - [30/Apr/2026:08:24:42 +0300] "GET /salle-de-jeu-un-tantinet-caisse-reel-en-tenant-encaisser-vieillard-cette-annee/ HTTP/2" 200 17908 "-" "Mozilla/5.0 AppleWebKit/537.36 (KHTML, like Gecko; compatible; bingbot/2.0; +http://www.bing.com/bingbot.htm) Chrome/116.0.1938.76 Safari/537.36"
38.246.32.228 - - [30/Apr/2026:08:25:18 +0300] "POST /xmlrpc.php HTTP/1.1" 200 630 "-" "Mozilla/5.0 (Windows NT 10.0; Win64; x64) AppleWebKit/537.36 (KHTML, like Gecko) Chrome/114.0.0.0 Safari/537.36"
52.167.144.195 - - [30/Apr/2026:08:25:19 +0300] "GET /casimba-prufung-erfahrungen-%EF%BF%BD-das-casino-ist-und-bleibt-fest/ HTTP/2" 200 18711 "-" "Mozilla/5.0 AppleWebKit/537.36 (KHTML, like Gecko; compatible; bingbot/2.0; +http://www.bing.com/bingbot.htm) Chrome/116.0.1938.76 Safari/537.36"
38.246.32.228 - - [30/Apr/2026:08:25:19 +0300] "GET /is-web-based-casinos-courtroom-inside-nj-and-exactly-how-will-they-be-controlled/ HTTP/1.1" 200 73427 "-" "Mozilla/5.0 (Windows NT 10.0; Win64; x64) AppleWebKit/537.36 (KHTML, like Gecko) Chrome/123.0.0.0 Safari/537.36"
52.167.144.231 - - [30/Apr/2026:08:25:32 +0300] "GET /no-deposit-bonus-gambling-enterprise-coupon-codes-2025-inside-the-canada/ HTTP/2" 200 17835 "-" "Mozilla/5.0 AppleWebKit/537.36 (KHTML, like Gecko; compatible; bingbot/2.0; +http://www.bing.com/bingbot.htm) Chrome/116.0.1938.76 Safari/537.36"
185.216.113.70 - - [30/Apr/2026:08:25:58 +0300] "POST /wp-cron.php?doing_wp_cron=1777526758.3021008968353271484375 HTTP/1.1" 200 448 "-" "WordPress/6.3.8; https://serhatburke.miroglu.net"
108.181.120.104 - - [30/Apr/2026:08:25:43 +0300] "POST /xmlrpc.php HTTP/1.1" 200 630 "-" "Mozilla/5.0 (Windows NT 10.0; Win64; x64) AppleWebKit/537.36 (KHTML, like Gecko) Chrome/114.0.0.0 Safari/537.36"
38.246.32.228 - - [30/Apr/2026:08:25:55 +0300] "POST /xmlrpc.php HTTP/1.1" 200 8569 "-" "Mozilla/5.0 (Windows NT 10.0; Win64; x64) AppleWebKit/537.36 (KHTML, like Gecko) Chrome/114.0.0.0 Safari/537.36"
52.167.144.195 - - [30/Apr/2026:08:25:57 +0300] "GET /totally-free-ports-enjoy-online-slots-during-the-gambling-enterprises-com/ HTTP/2" 200 19470 "-" "Mozilla/5.0 AppleWebKit/537.36 (KHTML, like Gecko; compatible; bingbot/2.0; +http://www.bing.com/bingbot.htm) Chrome/116.0.1938.76 Safari/537.36"
52.167.144.231 - - [30/Apr/2026:08:26:01 +0300] "GET /play-thunderstruck-position-100percent-free-otherwise-having-real-casino-drueck-glueck-app-money/ HTTP/2" 200 19142 "-" "Mozilla/5.0 AppleWebKit/537.36 (KHTML, like Gecko; compatible; bingbot/2.0; +http://www.bing.com/bingbot.htm) Chrome/116.0.1938.76 Safari/537.36"
108.181.120.104 - - [30/Apr/2026:08:26:05 +0300] "POST /xmlrpc.php HTTP/1.1" 200 15776 "-" "Mozilla/5.0 (Windows NT 10.0; Win64; x64) AppleWebKit/537.36 (KHTML, like Gecko) Chrome/114.0.0.0 Safari/537.36"
38.246.32.228 - - [30/Apr/2026:08:26:22 +0300] "GET /just-the-ointment-of-ones-collect-causes-it-to-be-on-to-all-of-our-better-number/ HTTP/1.1" 200 72946 "-" "Mozilla/5.0 (Windows NT 10.0; Win64; x64) AppleWebKit/537.36 (KHTML, like Gecko) Chrome/124.0.0.0 Safari/537.36 Edg/124.0.0.0"
185.216.113.70 - - [30/Apr/2026:08:26:43 +0300] "POST /wp-cron.php?doing_wp_cron=1777526803.4723091125488281250000 HTTP/1.1" 200 448 "-" "WordPress/6.3.8; https://serhatburke.miroglu.net"
108.181.120.104 - - [30/Apr/2026:08:26:31 +0300] "GET /toplist-of-the-amazon-queen-casino-real-money-greatest-on-line-pokies-around-australia-inside-february-2026/ HTTP/1.1" 200 80706 "-" "Mozilla/5.0 (Windows NT 10.0; Win64; x64) AppleWebKit/537.36 (KHTML, like Gecko) Chrome/122.0.0.0 Safari/537.36"
52.167.144.231 - - [30/Apr/2026:08:26:39 +0300] "GET /score-10b-jimi-hendrix-casino-slot-totally-free-coins/ HTTP/2" 200 18330 "-" "Mozilla/5.0 AppleWebKit/537.36 (KHTML, like Gecko; compatible; bingbot/2.0; +http://www.bing.com/bingbot.htm) Chrome/116.0.1938.76 Safari/537.36"
38.246.32.228 - - [30/Apr/2026:08:26:42 +0300] "POST /xmlrpc.php HTTP/1.1" 200 630 "-" "Mozilla/5.0 (Windows NT 10.0; Win64; x64) AppleWebKit/537.36 (KHTML, like Gecko) Chrome/114.0.0.0 Safari/537.36"
38.246.32.228 - - [30/Apr/2026:08:27:05 +0300] "POST /xmlrpc.php HTTP/1.1" 200 8553 "-" "Mozilla/5.0 (Windows NT 10.0; Win64; x64) AppleWebKit/537.36 (KHTML, like Gecko) Chrome/114.0.0.0 Safari/537.36"
38.246.32.228 - - [30/Apr/2026:08:27:18 +0300] "GET /gap-within-the-ct-de-id-la-md-mi-mt-nj-nv-new-york-pa-ri-wa-and-wv/ HTTP/1.1" 200 72636 "-" "Mozilla/5.0 (Windows NT 10.0; Win64; x64) AppleWebKit/537.36 (KHTML, like Gecko) Chrome/122.0.0.0 Safari/537.36"
185.216.113.70 - - [30/Apr/2026:08:28:03 +0300] "POST /wp-cron.php?doing_wp_cron=1777526883.2482099533081054687500 HTTP/1.1" 200 448 "-" "WordPress/6.3.8; https://serhatburke.miroglu.net"
38.246.32.228 - - [30/Apr/2026:08:27:51 +0300] "POST /xmlrpc.php HTTP/1.1" 200 630 "-" "Mozilla/5.0 (Windows NT 10.0; Win64; x64) AppleWebKit/537.36 (KHTML, like Gecko) Chrome/114.0.0.0 Safari/537.36"
108.181.120.104 - - [30/Apr/2026:08:28:01 +0300] "POST /xmlrpc.php HTTP/1.1" 200 630 "-" "Mozilla/5.0 (Windows NT 10.0; Win64; x64) AppleWebKit/537.36 (KHTML, like Gecko) Chrome/114.0.0.0 Safari/537.36"
38.246.32.228 - - [30/Apr/2026:08:28:08 +0300] "POST /xmlrpc.php HTTP/1.1" 200 8971 "-" "Mozilla/5.0 (Windows NT 10.0; Win64; x64) AppleWebKit/537.36 (KHTML, like Gecko) Chrome/114.0.0.0 Safari/537.36"
108.181.120.104 - - [30/Apr/2026:08:28:23 +0300] "POST /xmlrpc.php HTTP/1.1" 200 15478 "-" "Mozilla/5.0 (Windows NT 10.0; Win64; x64) AppleWebKit/537.36 (KHTML, like Gecko) Chrome/114.0.0.0 Safari/537.36"
185.216.113.70 - - [30/Apr/2026:08:28:41 +0300] "POST /wp-cron.php?doing_wp_cron=1777526921.7696208953857421875000 HTTP/1.1" 200 448 "-" "WordPress/6.3.8; https://serhatburke.miroglu.net"
38.246.32.228 - - [30/Apr/2026:08:28:28 +0300] "GET /some-shows-here-are-the-northern-bulbs-atrium-financial-support-arboretum-trail-landscapes-together-with-james-lake-cafe/ HTTP/1.1" 200 74356 "-" "Mozilla/5.0 (Windows NT 10.0; Win64; x64) AppleWebKit/537.36 (KHTML, like Gecko) Chrome/122.0.0.0 Safari/537.36"
108.181.120.104 - - [30/Apr/2026:08:28:40 +0300] "GET /raging-no-deposit-fairspin-2025-rhino-slot-remark-winnings-250100000/ HTTP/1.1" 200 79357 "-" "Mozilla/5.0 (Windows NT 10.0; Win64; x64; rv:125.0) Gecko/20100101 Firefox/125.0"
38.246.32.228 - - [30/Apr/2026:08:29:00 +0300] "POST /xmlrpc.php HTTP/1.1" 200 630 "-" "Mozilla/5.0 (Windows NT 10.0; Win64; x64) AppleWebKit/537.36 (KHTML, like Gecko) Chrome/114.0.0.0 Safari/537.36"
83.142.55.164 - - [30/Apr/2026:08:29:01 +0300] "GET / HTTP/2" 200 21328 "-" "Mozilla/5.0 (Macintosh; Intel Mac OS X 10_15_7) AppleWebKit/537.36 (KHTML, like Gecko) Chrome/120.0.0.0 Safari/537.36"
185.216.113.70 - - [30/Apr/2026:08:29:33 +0300] "POST /wp-cron.php?doing_wp_cron=1777526973.5131680965423583984375 HTTP/1.1" 200 448 "-" "WordPress/6.3.8; https://serhatburke.miroglu.net"
38.246.32.228 - - [30/Apr/2026:08:29:21 +0300] "POST /xmlrpc.php HTTP/1.1" 200 9111 "-" "Mozilla/5.0 (Windows NT 10.0; Win64; x64) AppleWebKit/537.36 (KHTML, like Gecko) Chrome/114.0.0.0 Safari/537.36"
103.219.169.227 - - [30/Apr/2026:08:29:26 +0300] "POST /xmlrpc.php HTTP/1.1" 200 630 "-" "Mozilla/5.0 (Windows NT 10.0; Win64; x64) AppleWebKit/537.36 (KHTML, like Gecko) Chrome/114.0.0.0 Safari/537.36"
38.246.32.228 - - [30/Apr/2026:08:29:35 +0300] "GET /the-newest-1xbet-gambling-establishment-software-was-unmatched-and-unmatched-new-app-its-cannot-be-beat/ HTTP/1.1" 200 74134 "-" "Mozilla/5.0 (Windows NT 10.0; Win64; x64) AppleWebKit/537.36 (KHTML, like Gecko) Chrome/124.0.0.0 Safari/537.36 Edg/124.0.0.0"
103.219.169.227 - - [30/Apr/2026:08:29:46 +0300] "POST /xmlrpc.php HTTP/1.1" 200 13967 "-" "Mozilla/5.0 (Windows NT 10.0; Win64; x64) AppleWebKit/537.36 (KHTML, like Gecko) Chrome/114.0.0.0 Safari/537.36"
38.246.32.228 - - [30/Apr/2026:08:29:50 +0300] "POST /xmlrpc.php HTTP/1.1" 200 630 "-" "Mozilla/5.0 (Windows NT 10.0; Win64; x64) AppleWebKit/537.36 (KHTML, like Gecko) Chrome/114.0.0.0 Safari/537.36"
103.219.169.227 - - [30/Apr/2026:08:30:02 +0300] "GET /master-starscape-slot-jackpot-prepare-yourself-ports/ HTTP/1.1" 200 77258 "-" "Mozilla/5.0 (Windows NT 10.0; Win64; x64) AppleWebKit/537.36 (KHTML, like Gecko) Chrome/124.0.0.0 Safari/537.36"
108.181.120.104 - - [30/Apr/2026:08:30:08 +0300] "POST /xmlrpc.php HTTP/1.1" 200 630 "-" "Mozilla/5.0 (Windows NT 10.0; Win64; x64) AppleWebKit/537.36 (KHTML, like Gecko) Chrome/114.0.0.0 Safari/537.36"
38.246.32.228 - - [30/Apr/2026:08:30:10 +0300] "POST /xmlrpc.php HTTP/1.1" 200 9333 "-" "Mozilla/5.0 (Windows NT 10.0; Win64; x64) AppleWebKit/537.36 (KHTML, like Gecko) Chrome/114.0.0.0 Safari/537.36"
38.246.32.228 - - [30/Apr/2026:08:30:25 +0300] "GET /these-types-of-supply-allows-you-to-sit-cutting-edge-because-northern-dakota-continues-evaluating-this-new-expansion-of-courtroom-wagering/ HTTP/1.1" 200 75145 "-" "Mozilla/5.0 (Windows NT 10.0; Win64; x64; rv:124.0) Gecko/20100101 Firefox/124.0"
185.216.113.70 - - [30/Apr/2026:08:30:44 +0300] "POST /wp-cron.php?doing_wp_cron=1777527044.4744958877563476562500 HTTP/1.1" 200 448 "-" "WordPress/6.3.8; https://serhatburke.miroglu.net"
108.181.120.104 - - [30/Apr/2026:08:30:30 +0300] "POST /xmlrpc.php HTTP/1.1" 200 16042 "-" "Mozilla/5.0 (Windows NT 10.0; Win64; x64) AppleWebKit/537.36 (KHTML, like Gecko) Chrome/114.0.0.0 Safari/537.36"
195.35.100.91 - - [30/Apr/2026:08:30:44 +0300] "POST /xmlrpc.php HTTP/2" 200 204 "-" "XML-RPC for PHP 4.11.1"
108.181.120.104 - - [30/Apr/2026:08:30:46 +0300] "GET /almighty-ramses-jacks-or-better-online-real-cash-ii-ports-wager-100-percent-free-with-no-obtain/ HTTP/1.1" 200 80440 "-" "Mozilla/5.0 (Windows NT 10.0; Win64; x64) AppleWebKit/537.36 (KHTML, like Gecko) Chrome/124.0.0.0 Safari/537.36 Edg/124.0.0.0"
38.246.32.228 - - [30/Apr/2026:08:30:48 +0300] "POST /xmlrpc.php HTTP/1.1" 200 630 "-" "Mozilla/5.0 (Windows NT 10.0; Win64; x64) AppleWebKit/537.36 (KHTML, like Gecko) Chrome/114.0.0.0 Safari/537.36"
185.216.113.70 - - [30/Apr/2026:08:31:30 +0300] "POST /wp-cron.php?doing_wp_cron=1777527090.7206330299377441406250 HTTP/1.1" 200 448 "-" "WordPress/6.3.8; https://serhatburke.miroglu.net"
38.246.32.228 - - [30/Apr/2026:08:31:18 +0300] "POST /xmlrpc.php HTTP/1.1" 200 8792 "-" "Mozilla/5.0 (Windows NT 10.0; Win64; x64) AppleWebKit/537.36 (KHTML, like Gecko) Chrome/114.0.0.0 Safari/537.36"
38.246.32.228 - - [30/Apr/2026:08:31:35 +0300] "GET /select-the-primary-local-casino-quick-with-smart-personalized-strain/ HTTP/1.1" 200 72770 "-" "Mozilla/5.0 (Windows NT 10.0; Win64; x64; rv:124.0) Gecko/20100101 Firefox/124.0"
38.246.32.228 - - [30/Apr/2026:08:31:54 +0300] "POST /xmlrpc.php HTTP/1.1" 200 630 "-" "Mozilla/5.0 (Windows NT 10.0; Win64; x64) AppleWebKit/537.36 (KHTML, like Gecko) Chrome/114.0.0.0 Safari/537.36"
185.216.113.70 - - [30/Apr/2026:08:32:24 +0300] "POST /wp-cron.php?doing_wp_cron=1777527144.1770539283752441406250 HTTP/1.1" 200 448 "-" "WordPress/6.3.8; https://serhatburke.miroglu.net"
66.249.76.64 - - [30/Apr/2026:08:32:08 +0300] "GET /robots.txt HTTP/1.1" 200 719 "-" "Mozilla/5.0 (compatible; Googlebot/2.1; +http://www.google.com/bot.html)"
38.246.32.228 - - [30/Apr/2026:08:32:12 +0300] "POST /xmlrpc.php HTTP/1.1" 200 9046 "-" "Mozilla/5.0 (Windows NT 10.0; Win64; x64) AppleWebKit/537.36 (KHTML, like Gecko) Chrome/114.0.0.0 Safari/537.36"
108.181.120.104 - - [30/Apr/2026:08:32:14 +0300] "POST /xmlrpc.php HTTP/1.1" 200 630 "-" "Mozilla/5.0 (Windows NT 10.0; Win64; x64) AppleWebKit/537.36 (KHTML, like Gecko) Chrome/114.0.0.0 Safari/537.36"
38.246.32.228 - - [30/Apr/2026:08:32:33 +0300] "GET /pai-gow-the-most-brand-new-games-might-look-for-at-online-casinos/ HTTP/1.1" 200 73099 "-" "Mozilla/5.0 (Windows NT 10.0; Win64; x64) AppleWebKit/537.36 (KHTML, like Gecko) Chrome/109.0.0.0 Safari/537.36"
108.181.120.104 - - [30/Apr/2026:08:32:38 +0300] "POST /xmlrpc.php HTTP/1.1" 200 15470 "-" "Mozilla/5.0 (Windows NT 10.0; Win64; x64) AppleWebKit/537.36 (KHTML, like Gecko) Chrome/114.0.0.0 Safari/537.36"
185.216.113.70 - - [30/Apr/2026:08:32:57 +0300] "POST /wp-cron.php?doing_wp_cron=1777527177.3287999629974365234375 HTTP/1.1" 200 448 "-" "WordPress/6.3.8; https://serhatburke.miroglu.net"
38.246.32.228 - - [30/Apr/2026:08:32:45 +0300] "POST /xmlrpc.php HTTP/1.1" 200 630 "-" "Mozilla/5.0 (Windows NT 10.0; Win64; x64) AppleWebKit/537.36 (KHTML, like Gecko) Chrome/114.0.0.0 Safari/537.36"
108.181.120.104 - - [30/Apr/2026:08:32:53 +0300] "GET /enjoy-internet-poker-for-real-currency-at-the-buzzluck-casino-play-ignition/ HTTP/1.1" 200 79289 "-" "Mozilla/5.0 (Windows NT 10.0; Win64; x64) AppleWebKit/537.36 (KHTML, like Gecko) Chrome/123.0.0.0 Safari/537.36"
38.246.32.228 - - [30/Apr/2026:08:33:05 +0300] "POST /xmlrpc.php HTTP/1.1" 200 8787 "-" "Mozilla/5.0 (Windows NT 10.0; Win64; x64) AppleWebKit/537.36 (KHTML, like Gecko) Chrome/114.0.0.0 Safari/537.36"
185.216.113.70 - - [30/Apr/2026:08:33:54 +0300] "POST /wp-cron.php?doing_wp_cron=1777527234.6987459659576416015625 HTTP/1.1" 200 448 "-" "WordPress/6.3.8; https://serhatburke.miroglu.net"
38.246.32.228 - - [30/Apr/2026:08:33:28 +0300] "GET /typical-promotions-at-west-virginia-online-casino-playing-internet-sites/ HTTP/1.1" 200 72934 "-" "Mozilla/5.0 (Windows NT 10.0; Win64; x64) AppleWebKit/537.36 (KHTML, like Gecko) Chrome/123.0.0.0 Safari/537.36"
212.34.148.156 - - [30/Apr/2026:08:33:50 +0300] "GET /zotabet-casino-bonus-premier-depot-2026/ HTTP/1.1" 200 19103 "-" "Mozilla/5.0 (compatible; Googlebot/2.1; +http://www.google.com/bot.html)"
108.181.120.104 - - [30/Apr/2026:08:34:17 +0300] "POST /xmlrpc.php HTTP/1.1" 200 630 "-" "Mozilla/5.0 (Windows NT 10.0; Win64; x64) AppleWebKit/537.36 (KHTML, like Gecko) Chrome/114.0.0.0 Safari/537.36"
185.216.113.70 - - [30/Apr/2026:08:34:57 +0300] "POST /wp-cron.php?doing_wp_cron=1777527297.2848238945007324218750 HTTP/1.1" 200 448 "-" "WordPress/6.3.8; https://serhatburke.miroglu.net"
108.181.120.104 - - [30/Apr/2026:08:34:45 +0300] "POST /xmlrpc.php HTTP/1.1" 200 14778 "-" "Mozilla/5.0 (Windows NT 10.0; Win64; x64) AppleWebKit/537.36 (KHTML, like Gecko) Chrome/114.0.0.0 Safari/537.36"
108.181.120.104 - - [30/Apr/2026:08:34:58 +0300] "GET /better-5-put-gambling-enterprises-british-2026-enjoy-slots-from-egyptian-riches-online-slot-only-5/ HTTP/1.1" 200 79704 "-" "Mozilla/5.0 (Windows NT 10.0; Win64; x64) AppleWebKit/537.36 (KHTML, like Gecko) Chrome/123.0.0.0 Safari/537.36"
185.216.113.70 - - [30/Apr/2026:08:36:26 +0300] "POST /wp-cron.php?doing_wp_cron=1777527386.7627549171447753906250 HTTP/1.1" 200 448 "-" "WordPress/6.3.8; https://serhatburke.miroglu.net"
108.181.120.104 - - [30/Apr/2026:08:36:14 +0300] "POST /xmlrpc.php HTTP/1.1" 200 630 "-" "Mozilla/5.0 (Windows NT 10.0; Win64; x64) AppleWebKit/537.36 (KHTML, like Gecko) Chrome/114.0.0.0 Safari/537.36"
176.98.31.43 - - [30/Apr/2026:08:36:18 +0300] "POST /xmlrpc.php HTTP/1.1" 200 742 "-" "Mozilla/5.0 (Windows NT 10.0; WOW64; rv:45.0) Gecko/20100101 Firefox/45.0"
176.98.31.43 - - [30/Apr/2026:08:36:30 +0300] "GET /xmlrpc.php HTTP/1.1" 405 446 "-" "Mozilla/5.0 (Windows NT 10.0; WOW64; rv:45.0) Gecko/20100101 Firefox/45.0"
