108.181.120.104 - - [30/Apr/2026:18:10:46 +0300] "POST /xmlrpc.php HTTP/1.1" 200 13961 "-" "Mozilla/5.0 (Windows NT 10.0; Win64; x64) AppleWebKit/537.36 (KHTML, like Gecko) Chrome/114.0.0.0 Safari/537.36"
172.58.118.243 - - [30/Apr/2026:18:10:52 +0300] "GET /?p=146440 HTTP/2" 301 0 "-" "Mozilla/5.0 (Windows NT 10.0; Win64; x64) AppleWebKit/537.36 (KHTML, like Gecko) Chrome/120.0.0.0 Safari/537.36"
154.195.108.155 - - [30/Apr/2026:18:11:05 +0300] "GET /beste-casino-site-belgie-hoge-inzet/?unapproved=966&moderation-hash=f985d5e243f6e177178a6b03411791e0 HTTP/1.1" 200 19665 "https://serhatburke.miroglu.net/wp-comments-post.php" "Mozilla/5.0 (Windows NT 6.3; Win64; x64) AppleWebKit/537.36 (KHTML, like Gecko) Chrome/103.0.0.0 Safari/537.36"
104.166.164.2 - - [30/Apr/2026:18:11:12 +0300] "POST /xmlrpc.php HTTP/1.1" 200 630 "-" "Mozilla/5.0 (Windows NT 10.0; Win64; x64) AppleWebKit/537.36 (KHTML, like Gecko) Chrome/114.0.0.0 Safari/537.36"
108.181.120.104 - - [30/Apr/2026:18:11:10 +0300] "GET /free-revolves-cats-online-pokie-machine-extra-bucks-watch-for/ HTTP/1.1" 200 77943 "-" "Mozilla/5.0 (Windows NT 10.0; Win64; x64) AppleWebKit/537.36 (KHTML, like Gecko) Chrome/122.0.0.0 Safari/537.36"
185.216.113.70 - - [30/Apr/2026:18:11:39 +0300] "POST /wp-cron.php?doing_wp_cron=1777561899.5370171070098876953125 HTTP/1.1" 200 448 "-" "WordPress/6.3.8; https://serhatburke.miroglu.net"
154.195.108.155 - - [30/Apr/2026:18:11:26 +0300] "GET /beste-casino-site-belgie-hoge-inzet/ HTTP/1.1" 200 19264 "-" "Mozilla/5.0 (compatible; Googlebot/2.1; +http://www.google.com/bot.html)"
104.166.164.2 - - [30/Apr/2026:18:11:38 +0300] "POST /xmlrpc.php HTTP/1.1" 200 15332 "-" "Mozilla/5.0 (Windows NT 10.0; Win64; x64) AppleWebKit/537.36 (KHTML, like Gecko) Chrome/114.0.0.0 Safari/537.36"
104.166.164.2 - - [30/Apr/2026:18:11:53 +0300] "GET /playn-go-position-jurassic-world-online-slot-christmas-joker/ HTTP/1.1" 200 78945 "-" "Mozilla/5.0 (Windows NT 10.0; Win64; x64) AppleWebKit/537.36 (KHTML, like Gecko) Chrome/124.0.0.0 Safari/537.36"
185.216.113.70 - - [30/Apr/2026:18:13:05 +0300] "POST /wp-cron.php?doing_wp_cron=1777561985.7080430984497070312500 HTTP/1.1" 200 448 "-" "WordPress/6.3.8; https://serhatburke.miroglu.net"
104.166.164.2 - - [30/Apr/2026:18:12:53 +0300] "POST /xmlrpc.php HTTP/1.1" 200 630 "-" "Mozilla/5.0 (Windows NT 10.0; Win64; x64) AppleWebKit/537.36 (KHTML, like Gecko) Chrome/114.0.0.0 Safari/537.36"
104.166.164.2 - - [30/Apr/2026:18:13:13 +0300] "POST /xmlrpc.php HTTP/1.1" 200 15116 "-" "Mozilla/5.0 (Windows NT 10.0; Win64; x64) AppleWebKit/537.36 (KHTML, like Gecko) Chrome/114.0.0.0 Safari/537.36"
185.216.113.70 - - [30/Apr/2026:18:13:41 +0300] "POST /wp-cron.php?doing_wp_cron=1777562021.2503459453582763671875 HTTP/1.1" 200 448 "-" "WordPress/6.3.8; https://serhatburke.miroglu.net"
107.173.136.74 - - [30/Apr/2026:18:13:26 +0300] "GET /beste-casino-site-belgie-hoge-inzet/ HTTP/1.1" 200 19280 "https://serhatburke.miroglu.net/" "Mozilla/5.0 (X11; Linux x86_64) AppleWebKit/537.36 (KHTML, like Gecko) Chrome/114.0.0.0 Safari/537.36 OPR/89.0.4447.51"
104.166.164.2 - - [30/Apr/2026:18:13:28 +0300] "GET /raging-rhino-position-remark-free-lucks-fifty-spins-no-deposit-casinos4u-promo-code-no-deposit-gambling-enterprises-rigged-if-not-secure-in-order-to-twist-costa-rica/ HTTP/1.1" 200 81737 "-" "Mozilla/5.0 (Windows NT 10.0; Win64; x64; rv:124.0) Gecko/20100101 Firefox/124.0"
103.219.169.226 - - [30/Apr/2026:18:13:32 +0300] "POST /xmlrpc.php HTTP/1.1" 200 630 "-" "Mozilla/5.0 (Windows NT 10.0; Win64; x64) AppleWebKit/537.36 (KHTML, like Gecko) Chrome/114.0.0.0 Safari/537.36"
107.173.136.74 - - [30/Apr/2026:18:13:44 +0300] "GET /beste-casino-site-belgie-hoge-inzet/ HTTP/1.1" 200 19264 "https://serhatburke.miroglu.net/beste-casino-site-belgie-hoge-inzet/" "Mozilla/5.0 (Windows NT 6.3; Win64; x64) AppleWebKit/537.36 (KHTML, like Gecko) Chrome/103.0.0.0 Safari/537.36"
107.173.136.74 - - [30/Apr/2026:18:14:02 +0300] "GET /wp-includes/css/dist/block-library/style.min.css?ver=6.3.8 HTTP/1.1" 200 13578 "https://serhatburke.miroglu.net/beste-casino-site-belgie-hoge-inzet/" "Mozilla/5.0 (Windows NT 10.0; Win64; x64) AppleWebKit/537.36 (KHTML, like Gecko) Chrome/143.0.0.0 Safari/537.36"
108.181.120.104 - - [30/Apr/2026:18:13:53 +0300] "POST /xmlrpc.php HTTP/1.1" 200 630 "-" "Mozilla/5.0 (Windows NT 10.0; Win64; x64) AppleWebKit/537.36 (KHTML, like Gecko) Chrome/114.0.0.0 Safari/537.36"
103.219.169.226 - - [30/Apr/2026:18:13:56 +0300] "POST /xmlrpc.php HTTP/1.1" 200 17650 "-" "Mozilla/5.0 (Windows NT 10.0; Win64; x64) AppleWebKit/537.36 (KHTML, like Gecko) Chrome/114.0.0.0 Safari/537.36"
154.195.108.155 - - [30/Apr/2026:18:14:10 +0300] "GET /beste-casino-site-belgie-hoge-inzet/ HTTP/1.1" 200 19425 "-" "Mozilla/5.0 (compatible; Googlebot/2.1; +http://www.google.com/bot.html)"
103.219.169.226 - - [30/Apr/2026:18:14:12 +0300] "GET /soluciona-en-el-slots-desplazandolo-hacia-el-pelo-bingo-online-sin-embargo-grande-sobre-chile/ HTTP/1.1" 200 82410 "-" "Mozilla/5.0 (Windows NT 10.0; Win64; x64) AppleWebKit/537.36 (KHTML, like Gecko) Chrome/122.0.0.0 Safari/537.36"
108.181.120.104 - - [30/Apr/2026:18:14:15 +0300] "POST /xmlrpc.php HTTP/1.1" 200 14083 "-" "Mozilla/5.0 (Windows NT 10.0; Win64; x64) AppleWebKit/537.36 (KHTML, like Gecko) Chrome/114.0.0.0 Safari/537.36"
107.173.136.74 - - [30/Apr/2026:18:14:32 +0300] "GET /wp-content/plugins/contact-form-7/includes/css/styles.css?ver=5.8 HTTP/1.1" 200 1490 "https://serhatburke.miroglu.net/beste-casino-site-belgie-hoge-inzet/" "Mozilla/5.0 (Windows NT 10.0; Win64; x64) AppleWebKit/537.36 (KHTML, like Gecko) Chrome/143.0.0.0 Safari/537.36"
107.173.136.74 - - [30/Apr/2026:18:14:33 +0300] "GET /wp-content/themes/toppic/css/fontello.css?ver=4.2 HTTP/1.1" 200 1802 "https://serhatburke.miroglu.net/beste-casino-site-belgie-hoge-inzet/" "Mozilla/5.0 (Windows NT 10.0; Win64; x64) AppleWebKit/537.36 (KHTML, like Gecko) Chrome/143.0.0.0 Safari/537.36"
107.173.136.74 - - [30/Apr/2026:18:14:33 +0300] "GET /wp-content/themes/toppic/css/reset.css?ver=4.2 HTTP/1.1" 200 1178 "https://serhatburke.miroglu.net/beste-casino-site-belgie-hoge-inzet/" "Mozilla/5.0 (Windows NT 10.0; Win64; x64) AppleWebKit/537.36 (KHTML, like Gecko) Chrome/143.0.0.0 Safari/537.36"
107.173.136.74 - - [30/Apr/2026:18:14:34 +0300] "GET /wp-content/themes/toppic/css/default.css?ver=4.2 HTTP/1.1" 200 1811 "https://serhatburke.miroglu.net/beste-casino-site-belgie-hoge-inzet/" "Mozilla/5.0 (Windows NT 10.0; Win64; x64) AppleWebKit/537.36 (KHTML, like Gecko) Chrome/143.0.0.0 Safari/537.36"
107.173.136.74 - - [30/Apr/2026:18:14:34 +0300] "GET /wp-content/themes/toppic/style.css?ver=4.2 HTTP/1.1" 200 23398 "https://serhatburke.miroglu.net/beste-casino-site-belgie-hoge-inzet/" "Mozilla/5.0 (Windows NT 10.0; Win64; x64) AppleWebKit/537.36 (KHTML, like Gecko) Chrome/143.0.0.0 Safari/537.36"
107.173.136.74 - - [30/Apr/2026:18:14:35 +0300] "GET /wp-content/themes/toppic/css/royalslider.css?ver=4.2 HTTP/1.1" 200 1887 "https://serhatburke.miroglu.net/beste-casino-site-belgie-hoge-inzet/" "Mozilla/5.0 (Windows NT 10.0; Win64; x64) AppleWebKit/537.36 (KHTML, like Gecko) Chrome/143.0.0.0 Safari/537.36"
107.173.136.74 - - [30/Apr/2026:18:14:35 +0300] "GET /wp-content/themes/toppic/css/rs-default.css?ver=4.2 HTTP/1.1" 200 2625 "https://serhatburke.miroglu.net/beste-casino-site-belgie-hoge-inzet/" "Mozilla/5.0 (Windows NT 10.0; Win64; x64) AppleWebKit/537.36 (KHTML, like Gecko) Chrome/143.0.0.0 Safari/537.36"
107.173.136.74 - - [30/Apr/2026:18:14:36 +0300] "GET /wp-content/themes/toppic/css/lightbox.css?ver=4.2 HTTP/1.1" 200 2956 "https://serhatburke.miroglu.net/beste-casino-site-belgie-hoge-inzet/" "Mozilla/5.0 (Windows NT 10.0; Win64; x64) AppleWebKit/537.36 (KHTML, like Gecko) Chrome/143.0.0.0 Safari/537.36"
107.173.136.74 - - [30/Apr/2026:18:14:37 +0300] "GET /wp-content/themes/toppic/css/woocommerce.css?ver=4.2 HTTP/1.1" 200 2848 "https://serhatburke.miroglu.net/beste-casino-site-belgie-hoge-inzet/" "Mozilla/5.0 (Windows NT 10.0; Win64; x64) AppleWebKit/537.36 (KHTML, like Gecko) Chrome/143.0.0.0 Safari/537.36"
107.173.136.74 - - [30/Apr/2026:18:14:38 +0300] "GET /wp-content/themes/toppic/css/responsive.css?ver=4.2 HTTP/1.1" 200 2796 "https://serhatburke.miroglu.net/beste-casino-site-belgie-hoge-inzet/" "Mozilla/5.0 (Windows NT 10.0; Win64; x64) AppleWebKit/537.36 (KHTML, like Gecko) Chrome/143.0.0.0 Safari/537.36"
185.216.113.70 - - [30/Apr/2026:18:14:47 +0300] "POST /wp-cron.php?doing_wp_cron=1777562087.4388659000396728515625 HTTP/1.1" 200 448 "-" "WordPress/6.3.8; https://serhatburke.miroglu.net"
104.166.164.2 - - [30/Apr/2026:18:14:29 +0300] "POST /xmlrpc.php HTTP/1.1" 200 630 "-" "Mozilla/5.0 (Windows NT 10.0; Win64; x64) AppleWebKit/537.36 (KHTML, like Gecko) Chrome/114.0.0.0 Safari/537.36"
108.181.120.104 - - [30/Apr/2026:18:14:32 +0300] "GET /ariana-slot-club-player-casino-promotion-code-rtp-trial/ HTTP/1.1" 200 77543 "-" "Mozilla/5.0 (Windows NT 10.0; Win64; x64) AppleWebKit/537.36 (KHTML, like Gecko) Chrome/123.0.0.0 Safari/537.36 OPR/109.0.0.0"
107.173.136.74 - - [30/Apr/2026:18:14:38 +0300] "POST /wp-comments-post.php HTTP/1.1" 302 1083 "https://serhatburke.miroglu.net/beste-casino-site-belgie-hoge-inzet/" "Mozilla/5.0 (Windows NT 6.3; Win64; x64) AppleWebKit/537.36 (KHTML, like Gecko) Chrome/103.0.0.0 Safari/537.36"
147.235.144.124 - - [30/Apr/2026:18:14:53 +0300] "GET /beste-casino-site-belgie-hoge-inzet/ HTTP/1.1" 200 19425 "-" "Mozilla/5.0 (compatible; Googlebot/2.1; +http://www.google.com/bot.html)"
104.166.164.2 - - [30/Apr/2026:18:14:54 +0300] "POST /xmlrpc.php HTTP/1.1" 200 14531 "-" "Mozilla/5.0 (Windows NT 10.0; Win64; x64) AppleWebKit/537.36 (KHTML, like Gecko) Chrome/114.0.0.0 Safari/537.36"
107.173.136.74 - - [30/Apr/2026:18:14:57 +0300] "GET /beste-casino-site-belgie-hoge-inzet/?unapproved=967&moderation-hash=af1e3b6864af8bd50c258e6ef5208263 HTTP/1.1" 200 19746 "https://serhatburke.miroglu.net/wp-comments-post.php" "Mozilla/5.0 (Windows NT 6.3; Win64; x64) AppleWebKit/537.36 (KHTML, like Gecko) Chrome/103.0.0.0 Safari/537.36"
104.166.164.2 - - [30/Apr/2026:18:15:18 +0300] "GET /enjoy-free-slots-to-the-las-vegas-40-casino-rich-casino-totally-free-revolves-no-deposit-2026-worlds-vegas-community/ HTTP/1.1" 200 79603 "-" "Mozilla/5.0 (Windows NT 10.0; Win64; x64; rv:124.0) Gecko/20100101 Firefox/124.0"
185.216.113.70 - - [30/Apr/2026:18:16:11 +0300] "POST /wp-cron.php?doing_wp_cron=1777562171.5813519954681396484375 HTTP/1.1" 200 448 "-" "WordPress/6.3.8; https://serhatburke.miroglu.net"
104.166.164.2 - - [30/Apr/2026:18:15:54 +0300] "POST /xmlrpc.php HTTP/1.1" 200 630 "-" "Mozilla/5.0 (Windows NT 10.0; Win64; x64) AppleWebKit/537.36 (KHTML, like Gecko) Chrome/114.0.0.0 Safari/537.36"
104.166.164.2 - - [30/Apr/2026:18:16:18 +0300] "POST /xmlrpc.php HTTP/1.1" 200 15064 "-" "Mozilla/5.0 (Windows NT 10.0; Win64; x64) AppleWebKit/537.36 (KHTML, like Gecko) Chrome/114.0.0.0 Safari/537.36"
185.216.113.70 - - [30/Apr/2026:18:16:49 +0300] "POST /wp-cron.php?doing_wp_cron=1777562209.2905790805816650390625 HTTP/1.1" 200 448 "-" "WordPress/6.3.8; https://serhatburke.miroglu.net"
40.77.167.61 - - [30/Apr/2026:18:16:39 +0300] "GET /post_tag-sitemap.xml HTTP/2" 200 1926 "-" "Mozilla/5.0 AppleWebKit/537.36 (KHTML, like Gecko; compatible; bingbot/2.0; +http://www.bing.com/bingbot.htm) Chrome/116.0.1938.76 Safari/537.36"
104.166.164.2 - - [30/Apr/2026:18:16:37 +0300] "GET /better-20-harbors-on-the-better-possibility-to-experience-80-free-spins-no-deposit-bonuses-inside-the-2024/ HTTP/1.1" 200 79609 "-" "Mozilla/5.0 (Windows NT 10.0; Win64; x64) AppleWebKit/537.36 (KHTML, like Gecko) Chrome/123.0.0.0 Safari/537.36"
103.219.169.226 - - [30/Apr/2026:18:16:49 +0300] "POST /xmlrpc.php HTTP/1.1" 200 630 "-" "Mozilla/5.0 (Windows NT 10.0; Win64; x64) AppleWebKit/537.36 (KHTML, like Gecko) Chrome/114.0.0.0 Safari/537.36"
185.216.113.70 - - [30/Apr/2026:18:17:29 +0300] "POST /wp-cron.php?doing_wp_cron=1777562249.4705679416656494140625 HTTP/1.1" 200 448 "-" "WordPress/6.3.8; https://serhatburke.miroglu.net"
103.219.169.226 - - [30/Apr/2026:18:17:09 +0300] "POST /xmlrpc.php HTTP/1.1" 200 16572 "-" "Mozilla/5.0 (Windows NT 10.0; Win64; x64) AppleWebKit/537.36 (KHTML, like Gecko) Chrome/114.0.0.0 Safari/537.36"
104.166.164.2 - - [30/Apr/2026:18:17:14 +0300] "POST /xmlrpc.php HTTP/1.1" 200 630 "-" "Mozilla/5.0 (Windows NT 10.0; Win64; x64) AppleWebKit/537.36 (KHTML, like Gecko) Chrome/114.0.0.0 Safari/537.36"
108.181.120.104 - - [30/Apr/2026:18:17:15 +0300] "POST /xmlrpc.php HTTP/1.1" 200 630 "-" "Mozilla/5.0 (Windows NT 10.0; Win64; x64) AppleWebKit/537.36 (KHTML, like Gecko) Chrome/114.0.0.0 Safari/537.36"
84.200.80.218 - - [30/Apr/2026:18:17:17 +0300] "POST /xmlrpc.php HTTP/1.1" 200 243803 "-" "Mozilla/5.0 (Windows NT 10.0; Win64; x64) AppleWebKit/537.36 (KHTML, like Gecko) Chrome/121.0.0.0 Safari/537.36 Edg/121.0.0.0"
96.44.167.86 - - [30/Apr/2026:18:17:22 +0300] "POST /xmlrpc.php HTTP/1.1" 200 630 "-" "Mozilla/5.0 (Windows NT 10.0; Win64; x64) AppleWebKit/537.36 (KHTML, like Gecko) Chrome/114.0.0.0 Safari/537.36"
103.219.169.226 - - [30/Apr/2026:18:17:31 +0300] "GET /pragmatic-play-nuestro-mejor-abastecedor-de-slots-asi-como-software-juegos/ HTTP/1.1" 200 80811 "-" "Mozilla/5.0 (Windows NT 10.0; Win64; x64) AppleWebKit/537.36 (KHTML, like Gecko) Chrome/124.0.0.0 Safari/537.36"
104.166.164.2 - - [30/Apr/2026:18:17:47 +0300] "POST /xmlrpc.php HTTP/1.1" 200 14870 "-" "Mozilla/5.0 (Windows NT 10.0; Win64; x64) AppleWebKit/537.36 (KHTML, like Gecko) Chrome/114.0.0.0 Safari/537.36"
84.200.80.218 - - [30/Apr/2026:18:17:48 +0300] "POST /xmlrpc.php HTTP/1.1" 200 489 "-" "Mozilla/5.0 (Windows NT 10.0; Win64; x64) AppleWebKit/537.36 (KHTML, like Gecko) Chrome/121.0.0.0 Safari/537.36 Edg/121.0.0.0"
108.181.120.104 - - [30/Apr/2026:18:17:53 +0300] "POST /xmlrpc.php HTTP/1.1" 200 14481 "-" "Mozilla/5.0 (Windows NT 10.0; Win64; x64) AppleWebKit/537.36 (KHTML, like Gecko) Chrome/114.0.0.0 Safari/537.36"
96.44.167.86 - - [30/Apr/2026:18:17:58 +0300] "POST /xmlrpc.php HTTP/1.1" 200 12965 "-" "Mozilla/5.0 (Windows NT 10.0; Win64; x64) AppleWebKit/537.36 (KHTML, like Gecko) Chrome/114.0.0.0 Safari/537.36"
185.216.113.70 - - [30/Apr/2026:18:18:40 +0300] "POST /wp-cron.php?doing_wp_cron=1777562320.7501649856567382812500 HTTP/1.1" 200 448 "-" "WordPress/6.3.8; https://serhatburke.miroglu.net"
157.90.114.254 - - [30/Apr/2026:18:18:08 +0300] "POST /xmlrpc.php HTTP/1.1" 200 603 "-" "Mozilla/5.0 (Windows NT 10.0; Win64; x64) AppleWebKit/537.36 (KHTML, like Gecko) Chrome/108.0.0.0 Safari/537.36"
185.216.113.70 - - [30/Apr/2026:18:18:55 +0300] "POST /wp-cron.php?doing_wp_cron=1777562335.4459159374237060546875 HTTP/1.1" 200 448 "-" "WordPress/6.3.8; https://serhatburke.miroglu.net"
84.200.80.218 - - [30/Apr/2026:18:18:17 +0300] "POST /xmlrpc.php HTTP/1.1" 200 247000 "-" "Mozilla/5.0 (Windows NT 10.0; Win64; x64) AppleWebKit/537.36 (KHTML, like Gecko) Chrome/121.0.0.0 Safari/537.36 Edg/121.0.0.0"
185.216.113.70 - - [30/Apr/2026:18:18:57 +0300] "POST /wp-cron.php?doing_wp_cron=1777562337.6833770275115966796875 HTTP/1.1" 200 448 "-" "WordPress/6.3.8; https://serhatburke.miroglu.net"
104.166.164.2 - - [30/Apr/2026:18:18:18 +0300] "GET /mastering-online-slots-an-intensive-help-guide-to-real-money-pokies-australia-profitable-actions-and-you-will-video-game-options/ HTTP/1.1" 200 80136 "-" "Mozilla/5.0 (Windows NT 10.0; Win64; x64) AppleWebKit/537.36 (KHTML, like Gecko) Chrome/123.0.0.0 Safari/537.36"
185.216.113.70 - - [30/Apr/2026:18:19:09 +0300] "POST /wp-cron.php?doing_wp_cron=1777562349.7540459632873535156250 HTTP/1.1" 200 448 "-" "WordPress/6.3.8; https://serhatburke.miroglu.net"
185.216.113.70 - - [30/Apr/2026:18:19:11 +0300] "POST /wp-cron.php?doing_wp_cron=1777562351.5546131134033203125000 HTTP/1.1" 200 448 "-" "WordPress/6.3.8; https://serhatburke.miroglu.net"
37.27.132.190 - - [30/Apr/2026:18:18:25 +0300] "GET / HTTP/1.1" 200 19640 "-" "Mozilla/5.0 (X11; Linux x86_64; rv:140.0) Gecko/20100101 Firefox/140.0"
108.181.120.104 - - [30/Apr/2026:18:18:25 +0300] "GET /steeped-gambling-enterprise-remark-80-totally-free-no-deposit-casino-7sultans-no-deposit-bonus-incentive-give-2025/ HTTP/1.1" 200 79619 "-" "Mozilla/5.0 (Windows NT 10.0; Win64; x64) AppleWebKit/537.36 (KHTML, like Gecko) Chrome/124.0.0.0 Safari/537.36"
185.216.113.70 - - [30/Apr/2026:18:19:20 +0300] "POST /wp-cron.php?doing_wp_cron=1777562360.2419219017028808593750 HTTP/1.1" 200 448 "-" "WordPress/6.3.8; https://serhatburke.miroglu.net"
96.44.167.86 - - [30/Apr/2026:18:18:28 +0300] "GET /basta-blackjack-casinon-online-2026-vara-eagles-wings-spelautomat-experters-alternativ/ HTTP/1.1" 200 77793 "-" "Mozilla/5.0 (Windows NT 10.0; Win64; x64) AppleWebKit/537.36 (KHTML, like Gecko) Chrome/109.0.0.0 Safari/537.36"
185.216.113.70 - - [30/Apr/2026:18:19:36 +0300] "POST /wp-cron.php?doing_wp_cron=1777562375.8619499206542968750000 HTTP/1.1" 200 448 "-" "WordPress/6.3.8; https://serhatburke.miroglu.net"
200.25.47.108 - - [30/Apr/2026:18:18:35 +0300] "POST /xmlrpc.php HTTP/1.1" 200 630 "-" "Mozilla/5.0 (Windows NT 10.0; Win64; x64) AppleWebKit/537.36 (KHTML, like Gecko) Chrome/114.0.0.0 Safari/537.36"
104.166.164.2 - - [30/Apr/2026:18:18:41 +0300] "POST /xmlrpc.php HTTP/1.1" 200 630 "-" "Mozilla/5.0 (Windows NT 10.0; Win64; x64) AppleWebKit/537.36 (KHTML, like Gecko) Chrome/114.0.0.0 Safari/537.36"
185.216.113.70 - - [30/Apr/2026:18:20:11 +0300] "POST /wp-cron.php?doing_wp_cron=1777562411.8795690536499023437500 HTTP/1.1" 200 448 "-" "WordPress/6.3.8; https://serhatburke.miroglu.net"
96.44.167.86 - - [30/Apr/2026:18:19:03 +0300] "POST /xmlrpc.php HTTP/1.1" 200 630 "-" "Mozilla/5.0 (Windows NT 10.0; Win64; x64) AppleWebKit/537.36 (KHTML, like Gecko) Chrome/114.0.0.0 Safari/537.36"
185.216.113.70 - - [30/Apr/2026:18:20:18 +0300] "POST /wp-cron.php?doing_wp_cron=1777562418.3573079109191894531250 HTTP/1.1" 200 448 "-" "WordPress/6.3.8; https://serhatburke.miroglu.net"
37.27.132.190 - - [30/Apr/2026:18:18:55 +0300] "GET / HTTP/1.1" 200 19651 "-" "Mozilla/5.0 (X11; Linux x86_64; rv:140.0) Gecko/20100101 Firefox/140.0"
40.77.167.61 - - [30/Apr/2026:18:19:34 +0300] "GET /discover-tronscan-your-guide-to-tron-insights/ HTTP/2" 200 0 "-" "Mozilla/5.0 AppleWebKit/537.36 (KHTML, like Gecko; compatible; bingbot/2.0; +http://www.bing.com/bingbot.htm) Chrome/116.0.1938.76 Safari/537.36"
185.216.113.70 - - [30/Apr/2026:18:20:40 +0300] "POST /wp-cron.php?doing_wp_cron=1777562440.2702450752258300781250 HTTP/1.1" 200 448 "-" "WordPress/6.3.8; https://serhatburke.miroglu.net"
185.216.113.70 - - [30/Apr/2026:18:20:41 +0300] "POST /wp-cron.php?doing_wp_cron=1777562441.1546080112457275390625 HTTP/1.1" 200 448 "-" "WordPress/6.3.8; https://serhatburke.miroglu.net"
37.27.132.190 - - [30/Apr/2026:18:19:25 +0300] "GET / HTTP/1.1" 200 19651 "-" "Mozilla/5.0 (X11; Linux x86_64; rv:140.0) Gecko/20100101 Firefox/140.0"
66.249.73.14 - - [30/Apr/2026:18:19:06 +0300] "GET /online-klaenje-i-casino-igre-27/ HTTP/1.1" 200 314214 "-" "Mozilla/5.0 (Linux; Android 6.0.1; Nexus 5X Build/MMB29P) AppleWebKit/537.36 (KHTML, like Gecko) Chrome/147.0.7727.116 Mobile Safari/537.36 (compatible; Googlebot/2.1; +http://www.google.com/bot.html)"
185.216.113.70 - - [30/Apr/2026:18:20:53 +0300] "POST /wp-cron.php?doing_wp_cron=1777562453.2574150562286376953125 HTTP/1.1" 200 448 "-" "WordPress/6.3.8; https://serhatburke.miroglu.net"
104.166.164.2 - - [30/Apr/2026:18:19:47 +0300] "POST /xmlrpc.php HTTP/1.1" 200 14644 "-" "Mozilla/5.0 (Windows NT 10.0; Win64; x64) AppleWebKit/537.36 (KHTML, like Gecko) Chrome/114.0.0.0 Safari/537.36"
185.216.113.70 - - [30/Apr/2026:18:21:10 +0300] "POST /wp-cron.php?doing_wp_cron=1777562469.8606181144714355468750 HTTP/1.1" 200 448 "-" "WordPress/6.3.8; https://serhatburke.miroglu.net"
103.219.169.226 - - [30/Apr/2026:18:19:58 +0300] "POST /xmlrpc.php HTTP/1.1" 200 630 "-" "Mozilla/5.0 (Windows NT 10.0; Win64; x64) AppleWebKit/537.36 (KHTML, like Gecko) Chrome/114.0.0.0 Safari/537.36"
185.216.113.70 - - [30/Apr/2026:18:21:20 +0300] "POST /wp-cron.php?doing_wp_cron=1777562480.7006969451904296875000 HTTP/1.1" 200 448 "-" "WordPress/6.3.8; https://serhatburke.miroglu.net"
200.25.47.108 - - [30/Apr/2026:18:19:43 +0300] "POST /xmlrpc.php HTTP/1.1" 200 9424 "-" "Mozilla/5.0 (Windows NT 10.0; Win64; x64) AppleWebKit/537.36 (KHTML, like Gecko) Chrome/114.0.0.0 Safari/537.36"
40.77.167.61 - - [30/Apr/2026:18:20:39 +0300] "GET /essential-dexscreener-revolutionizing-dex-trading-strategies-2/ HTTP/2" 200 0 "-" "Mozilla/5.0 AppleWebKit/537.36 (KHTML, like Gecko; compatible; bingbot/2.0; +http://www.bing.com/bingbot.htm) Chrome/116.0.1938.76 Safari/537.36"
66.249.76.78 - - [30/Apr/2026:18:21:25 +0300] "GET /online-klaenje-i-casino-igre-27/undefined?ts=1775520000 HTTP/1.1" 200 0 "https://serhatburke.miroglu.net/online-klaenje-i-casino-igre-27/" "Mozilla/5.0 (Linux; Android 6.0.1; Nexus 5X Build/MMB29P) AppleWebKit/537.36 (KHTML, like Gecko) Chrome/147.0.7727.116 Mobile Safari/537.36 (compatible; Googlebot/2.1; +http://www.google.com/bot.html)"
185.216.113.70 - - [30/Apr/2026:18:21:39 +0300] "POST /wp-cron.php?doing_wp_cron=1777562499.6379210948944091796875 HTTP/1.1" 200 448 "-" "WordPress/6.3.8; https://serhatburke.miroglu.net"
104.166.164.2 - - [30/Apr/2026:18:20:07 +0300] "POST /xmlrpc.php HTTP/1.1" 200 630 "-" "Mozilla/5.0 (Windows NT 10.0; Win64; x64) AppleWebKit/537.36 (KHTML, like Gecko) Chrome/114.0.0.0 Safari/537.36"
185.216.113.70 - - [30/Apr/2026:18:21:50 +0300] "POST /wp-cron.php?doing_wp_cron=1777562510.4786119461059570312500 HTTP/1.1" 200 448 "-" "WordPress/6.3.8; https://serhatburke.miroglu.net"
96.44.167.86 - - [30/Apr/2026:18:20:19 +0300] "POST /xmlrpc.php HTTP/1.1" 200 13275 "-" "Mozilla/5.0 (Windows NT 10.0; Win64; x64) AppleWebKit/537.36 (KHTML, like Gecko) Chrome/114.0.0.0 Safari/537.36"
52.167.144.161 - - [30/Apr/2026:18:21:25 +0300] "GET /casino-inloggning-med-bankid/ HTTP/2" 200 0 "-" "Mozilla/5.0 AppleWebKit/537.36 (KHTML, like Gecko; compatible; bingbot/2.0; +http://www.bing.com/bingbot.htm) Chrome/116.0.1938.76 Safari/537.36"
108.181.120.104 - - [30/Apr/2026:18:20:27 +0300] "POST /xmlrpc.php HTTP/1.1" 500 745 "-" "Mozilla/5.0 (Windows NT 10.0; Win64; x64) AppleWebKit/537.36 (KHTML, like Gecko) Chrome/114.0.0.0 Safari/537.36"
185.216.113.70 - - [30/Apr/2026:18:22:28 +0300] "POST /wp-cron.php?doing_wp_cron=1777562548.1380760669708251953125 HTTP/1.1" 200 448 "-" "WordPress/6.3.8; https://serhatburke.miroglu.net"
96.44.167.86 - - [30/Apr/2026:18:20:28 +0300] "POST /xmlrpc.php HTTP/1.1" 500 745 "-" "Mozilla/5.0 (Windows NT 10.0; Win64; x64) AppleWebKit/537.36 (KHTML, like Gecko) Chrome/114.0.0.0 Safari/537.36"
185.216.113.70 - - [30/Apr/2026:18:22:34 +0300] "POST /wp-cron.php?doing_wp_cron=1777562554.4659841060638427734375 HTTP/1.1" 200 448 "-" "WordPress/6.3.8; https://serhatburke.miroglu.net"
104.253.81.179 - - [30/Apr/2026:18:20:54 +0300] "GET /a-big-candy-casino-sweet-deals-for-quick-wins/ HTTP/1.1" 500 782 "-" "Python/3.14 aiohttp/3.13.3"
104.166.164.2 - - [30/Apr/2026:18:20:55 +0300] "GET /120-100-percent-free-spins-for-real-mrbet-no-deposit-bonus-currency-us-2026-discover-a-bonus/ HTTP/1.1" 500 745 "-" "Mozilla/5.0 (Windows NT 10.0; Win64; x64) AppleWebKit/537.36 (KHTML, like Gecko) Chrome/124.0.0.0 Safari/537.36 Edg/124.0.0.0"
185.216.113.70 - - [30/Apr/2026:18:22:58 +0300] "POST /wp-cron.php?doing_wp_cron=1777562578.5481340885162353515625 HTTP/1.1" 200 448 "-" "WordPress/6.3.8; https://serhatburke.miroglu.net"
46.203.159.45 - - [30/Apr/2026:18:21:03 +0300] "GET /a-big-candy-casino-sweet-deals-for-quick-wins/ HTTP/1.1" 500 782 "-" "Python/3.14 aiohttp/3.13.3"
103.219.169.226 - - [30/Apr/2026:18:21:17 +0300] "POST /xmlrpc.php HTTP/1.1" 500 745 "-" "Mozilla/5.0 (Windows NT 10.0; Win64; x64) AppleWebKit/537.36 (KHTML, like Gecko) Chrome/114.0.0.0 Safari/537.36"
200.25.47.108 - - [30/Apr/2026:18:21:22 +0300] "GET /eye-of-horus-gratis-via-echtgeld-geben/ HTTP/1.1" 500 745 "-" "Mozilla/5.0 (Windows NT 10.0; Win64; x64) AppleWebKit/537.36 (KHTML, like Gecko) Chrome/123.0.0.0 Safari/537.36"
104.166.164.2 - - [30/Apr/2026:18:21:31 +0300] "POST /xmlrpc.php HTTP/1.1" 500 745 "-" "Mozilla/5.0 (Windows NT 10.0; Win64; x64) AppleWebKit/537.36 (KHTML, like Gecko) Chrome/114.0.0.0 Safari/537.36"
52.167.144.175 - - [30/Apr/2026:18:22:46 +0300] "GET /exploring-the-unique-features-of-the-safepal-wallet-5/ HTTP/2" 200 0 "-" "Mozilla/5.0 AppleWebKit/537.36 (KHTML, like Gecko; compatible; bingbot/2.0; +http://www.bing.com/bingbot.htm) Chrome/116.0.1938.76 Safari/537.36"
185.216.113.70 - - [30/Apr/2026:18:23:36 +0300] "POST /wp-cron.php?doing_wp_cron=1777562616.2376461029052734375000 HTTP/1.1" 200 448 "-" "WordPress/6.3.8; https://serhatburke.miroglu.net"
96.44.167.86 - - [30/Apr/2026:18:21:42 +0300] "POST /xmlrpc.php HTTP/1.1" 500 745 "-" "Mozilla/5.0 (Windows NT 10.0; Win64; x64) AppleWebKit/537.36 (KHTML, like Gecko) Chrome/114.0.0.0 Safari/537.36"
104.166.164.2 - - [30/Apr/2026:18:21:48 +0300] "POST /xmlrpc.php HTTP/1.1" 500 745 "-" "Mozilla/5.0 (Windows NT 10.0; Win64; x64) AppleWebKit/537.36 (KHTML, like Gecko) Chrome/114.0.0.0 Safari/537.36"
96.44.167.86 - - [30/Apr/2026:18:21:52 +0300] "GET /hugo-casino-komplett-guida-av-inregistrering-casino-casinoluck-recension-at-uttag/ HTTP/1.1" 500 745 "-" "Mozilla/5.0 (Windows NT 10.0; rv:125.0) Gecko/20100101 Firefox/125.0"
108.181.120.104 - - [30/Apr/2026:18:22:07 +0300] "POST /xmlrpc.php HTTP/1.1" 500 745 "-" "Mozilla/5.0 (Windows NT 10.0; Win64; x64) AppleWebKit/537.36 (KHTML, like Gecko) Chrome/114.0.0.0 Safari/537.36"
96.44.167.86 - - [30/Apr/2026:18:22:08 +0300] "POST /xmlrpc.php HTTP/1.1" 500 745 "-" "Mozilla/5.0 (Windows NT 10.0; Win64; x64) AppleWebKit/537.36 (KHTML, like Gecko) Chrome/114.0.0.0 Safari/537.36"
52.167.144.238 - - [30/Apr/2026:18:23:38 +0300] "GET /bonus-casino-pamper-legit-requirements/ HTTP/2" 200 0 "-" "Mozilla/5.0 AppleWebKit/537.36 (KHTML, like Gecko; compatible; bingbot/2.0; +http://www.bing.com/bingbot.htm) Chrome/116.0.1938.76 Safari/537.36"
185.216.113.70 - - [30/Apr/2026:18:23:56 +0300] "POST /wp-cron.php?doing_wp_cron=1777562636.4583868980407714843750 HTTP/1.1" 200 448 "-" "WordPress/6.3.8; https://serhatburke.miroglu.net"
104.166.164.2 - - [30/Apr/2026:18:22:36 +0300] "POST /xmlrpc.php HTTP/1.1" 500 745 "-" "Mozilla/5.0 (Windows NT 10.0; Win64; x64) AppleWebKit/537.36 (KHTML, like Gecko) Chrome/114.0.0.0 Safari/537.36"
40.77.167.61 - - [30/Apr/2026:18:23:54 +0300] "GET /libra-spins-bombastic-casino-app-apk-download-opinion-%EF%B8%8E-opinions-from-british-professionals/ HTTP/2" 200 0 "-" "Mozilla/5.0 AppleWebKit/537.36 (KHTML, like Gecko; compatible; bingbot/2.0; +http://www.bing.com/bingbot.htm) Chrome/116.0.1938.76 Safari/537.36"
96.44.167.86 - - [30/Apr/2026:18:22:43 +0300] "POST /xmlrpc.php HTTP/1.1" 500 745 "-" "Mozilla/5.0 (Windows NT 10.0; Win64; x64) AppleWebKit/537.36 (KHTML, like Gecko) Chrome/114.0.0.0 Safari/537.36"
185.216.113.70 - - [30/Apr/2026:18:24:44 +0300] "POST /wp-cron.php?doing_wp_cron=1777562684.4469180107116699218750 HTTP/1.1" 200 448 "-" "WordPress/6.3.8; https://serhatburke.miroglu.net"
200.25.47.108 - - [30/Apr/2026:18:23:02 +0300] "POST /xmlrpc.php HTTP/1.1" 200 627 "-" "Mozilla/5.0 (Windows NT 10.0; Win64; x64) AppleWebKit/537.36 (KHTML, like Gecko) Chrome/114.0.0.0 Safari/537.36"
52.167.144.161 - - [30/Apr/2026:18:23:59 +0300] "GET /papel-do-slot-wolf-gold-power-jackpot-jogue-aplicativo-desassazonado-casino-c-aparelho-acessivel-carsons-journey/ HTTP/2" 200 0 "-" "Mozilla/5.0 AppleWebKit/537.36 (KHTML, like Gecko; compatible; bingbot/2.0; +http://www.bing.com/bingbot.htm) Chrome/116.0.1938.76 Safari/537.36"
185.216.113.70 - - [30/Apr/2026:18:24:53 +0300] "POST /wp-cron.php?doing_wp_cron=1777562693.2947618961334228515625 HTTP/1.1" 200 448 "-" "WordPress/6.3.8; https://serhatburke.miroglu.net"
104.166.164.2 - - [30/Apr/2026:18:22:57 +0300] "POST /xmlrpc.php HTTP/1.1" 500 745 "-" "Mozilla/5.0 (Windows NT 10.0; Win64; x64) AppleWebKit/537.36 (KHTML, like Gecko) Chrome/114.0.0.0 Safari/537.36"
103.219.169.226 - - [30/Apr/2026:18:23:00 +0300] "POST /xmlrpc.php HTTP/1.1" 500 745 "-" "Mozilla/5.0 (Windows NT 10.0; Win64; x64) AppleWebKit/537.36 (KHTML, like Gecko) Chrome/114.0.0.0 Safari/537.36"
103.219.169.226 - - [30/Apr/2026:18:23:02 +0300] "POST /xmlrpc.php HTTP/1.1" 500 745 "-" "Mozilla/5.0 (Windows NT 10.0; Win64; x64) AppleWebKit/537.36 (KHTML, like Gecko) Chrome/114.0.0.0 Safari/537.36"
104.166.164.2 - - [30/Apr/2026:18:23:11 +0300] "POST /xmlrpc.php HTTP/1.1" 500 745 "-" "Mozilla/5.0 (Windows NT 10.0; Win64; x64) AppleWebKit/537.36 (KHTML, like Gecko) Chrome/114.0.0.0 Safari/537.36"
185.216.113.70 - - [30/Apr/2026:18:25:15 +0300] "POST /wp-cron.php?doing_wp_cron=1777562715.6826770305633544921875 HTTP/1.1" 200 448 "-" "WordPress/6.3.8; https://serhatburke.miroglu.net"
96.44.167.86 - - [30/Apr/2026:18:23:22 +0300] "POST /xmlrpc.php HTTP/1.1" 500 1102 "-" "Mozilla/5.0 (Windows NT 10.0; Win64; x64) AppleWebKit/537.36 (KHTML, like Gecko) Chrome/114.0.0.0 Safari/537.36"
96.44.167.86 - - [30/Apr/2026:18:23:32 +0300] "POST /xmlrpc.php HTTP/1.1" 500 745 "-" "Mozilla/5.0 (Windows NT 10.0; Win64; x64) AppleWebKit/537.36 (KHTML, like Gecko) Chrome/114.0.0.0 Safari/537.36"
104.166.164.2 - - [30/Apr/2026:18:23:33 +0300] "POST /xmlrpc.php HTTP/1.1" 500 745 "-" "Mozilla/5.0 (Windows NT 10.0; Win64; x64) AppleWebKit/537.36 (KHTML, like Gecko) Chrome/114.0.0.0 Safari/537.36"
107.152.46.202 - - [30/Apr/2026:18:23:37 +0300] "GET /zotabet-casino-bonus-premier-depot-2026/ HTTP/1.1" 500 782 "https://serhatburke.miroglu.net/" "Mozilla/5.0 (X11; Ubuntu; Linux x86_64; rv:114.0) Gecko/20100101 Firefox/114.0"
108.181.120.104 - - [30/Apr/2026:18:23:44 +0300] "POST /xmlrpc.php HTTP/1.1" 500 745 "-" "Mozilla/5.0 (Windows NT 10.0; Win64; x64) AppleWebKit/537.36 (KHTML, like Gecko) Chrome/114.0.0.0 Safari/537.36"
96.44.167.86 - - [30/Apr/2026:18:23:45 +0300] "POST /xmlrpc.php HTTP/1.1" 500 745 "-" "Mozilla/5.0 (Windows NT 10.0; Win64; x64) AppleWebKit/537.36 (KHTML, like Gecko) Chrome/114.0.0.0 Safari/537.36"
52.167.144.191 - - [30/Apr/2026:18:25:16 +0300] "GET /online-casino-games-play-10-no-deposit-free-spins-free-internet-games/ HTTP/2" 200 0 "-" "Mozilla/5.0 AppleWebKit/537.36 (KHTML, like Gecko; compatible; bingbot/2.0; +http://www.bing.com/bingbot.htm) Chrome/116.0.1938.76 Safari/537.36"
104.166.164.2 - - [30/Apr/2026:18:24:08 +0300] "POST /xmlrpc.php HTTP/1.1" 500 745 "-" "Mozilla/5.0 (Windows NT 10.0; Win64; x64) AppleWebKit/537.36 (KHTML, like Gecko) Chrome/114.0.0.0 Safari/537.36"
52.167.144.238 - - [30/Apr/2026:18:25:25 +0300] "GET /harbors-greeting-bonuses-big-enjoy-incentives-can-boost-their-gamble-harbors-on-line-win-actual-money-experience/ HTTP/2" 200 0 "-" "Mozilla/5.0 AppleWebKit/537.36 (KHTML, like Gecko; compatible; bingbot/2.0; +http://www.bing.com/bingbot.htm) Chrome/116.0.1938.76 Safari/537.36"
96.44.167.86 - - [30/Apr/2026:18:24:23 +0300] "POST /xmlrpc.php HTTP/1.1" 500 745 "-" "Mozilla/5.0 (Windows NT 10.0; Win64; x64) AppleWebKit/537.36 (KHTML, like Gecko) Chrome/114.0.0.0 Safari/537.36"
185.216.113.70 - - [30/Apr/2026:18:26:25 +0300] "POST /wp-cron.php?doing_wp_cron=1777562785.2539529800415039062500 HTTP/1.1" 200 448 "-" "WordPress/6.3.8; https://serhatburke.miroglu.net"
185.216.113.70 - - [30/Apr/2026:18:26:32 +0300] "POST /wp-cron.php?doing_wp_cron=1777562791.7448759078979492187500 HTTP/1.1" 200 448 "-" "WordPress/6.3.8; https://serhatburke.miroglu.net"
185.216.113.70 - - [30/Apr/2026:18:26:33 +0300] "POST /wp-cron.php?doing_wp_cron=1777562792.9379479885101318359375 HTTP/1.1" 200 448 "-" "WordPress/6.3.8; https://serhatburke.miroglu.net"
104.166.164.2 - - [30/Apr/2026:18:24:37 +0300] "POST /xmlrpc.php HTTP/1.1" 500 1102 "-" "Mozilla/5.0 (Windows NT 10.0; Win64; x64) AppleWebKit/537.36 (KHTML, like Gecko) Chrome/114.0.0.0 Safari/537.36"
185.216.113.70 - - [30/Apr/2026:18:26:41 +0300] "POST /wp-cron.php?doing_wp_cron=1777562800.9946649074554443359375 HTTP/1.1" 200 448 "-" "WordPress/6.3.8; https://serhatburke.miroglu.net"
103.219.169.226 - - [30/Apr/2026:18:24:40 +0300] "POST /xmlrpc.php HTTP/1.1" 500 745 "-" "Mozilla/5.0 (Windows NT 10.0; Win64; x64) AppleWebKit/537.36 (KHTML, like Gecko) Chrome/114.0.0.0 Safari/537.36"
103.219.169.226 - - [30/Apr/2026:18:24:42 +0300] "GET /?p=146472 HTTP/1.1" 500 745 "-" "Mozilla/5.0 (Windows NT 10.0; Win64; x64) AppleWebKit/537.36 (KHTML, like Gecko) Chrome/124.0.0.0 Safari/537.36 Edg/124.0.0.0"
185.216.113.70 - - [30/Apr/2026:18:26:58 +0300] "POST /wp-cron.php?doing_wp_cron=1777562818.0540220737457275390625 HTTP/1.1" 200 448 "-" "WordPress/6.3.8; https://serhatburke.miroglu.net"
103.219.169.226 - - [30/Apr/2026:18:25:37 +0300] "POST /xmlrpc.php HTTP/1.1" 200 630 "-" "Mozilla/5.0 (Windows NT 10.0; Win64; x64) AppleWebKit/537.36 (KHTML, like Gecko) Chrome/114.0.0.0 Safari/537.36"
185.216.113.70 - - [30/Apr/2026:18:27:00 +0300] "POST /wp-cron.php?doing_wp_cron=1777562819.9444789886474609375000 HTTP/1.1" 200 448 "-" "WordPress/6.3.8; https://serhatburke.miroglu.net"
52.167.144.191 - - [30/Apr/2026:18:26:11 +0300] "GET /very-hot-harbors-real-gems-riches-casino-cash-slot-machine-game-100-percent-free-play-trial/ HTTP/2" 200 0 "-" "Mozilla/5.0 AppleWebKit/537.36 (KHTML, like Gecko; compatible; bingbot/2.0; +http://www.bing.com/bingbot.htm) Chrome/116.0.1938.76 Safari/537.36"
209.242.203.110 - - [30/Apr/2026:18:25:35 +0300] "GET /legacy-of-dead-slot-tauchen-sie-ein-in-das-quickfi/ HTTP/1.1" 200 23132 "-" "Python/3.14 aiohttp/3.13.3"
52.167.144.238 - - [30/Apr/2026:18:26:23 +0300] "GET /wager-ten-rating-forty-requirements-wr-4x-bonus-10x-put-min/ HTTP/2" 200 0 "-" "Mozilla/5.0 AppleWebKit/537.36 (KHTML, like Gecko; compatible; bingbot/2.0; +http://www.bing.com/bingbot.htm) Chrome/116.0.1938.76 Safari/537.36"
104.166.164.2 - - [30/Apr/2026:18:25:14 +0300] "GET /?p=146474 HTTP/1.1" 500 745 "-" "Mozilla/5.0 (Windows NT 10.0; Win64; x64; rv:125.0) Gecko/20100101 Firefox/125.0"
108.181.120.104 - - [30/Apr/2026:18:25:23 +0300] "POST /xmlrpc.php HTTP/1.1" 500 745 "-" "Mozilla/5.0 (Windows NT 10.0; Win64; x64) AppleWebKit/537.36 (KHTML, like Gecko) Chrome/114.0.0.0 Safari/537.36"
185.216.113.70 - - [30/Apr/2026:18:27:25 +0300] "POST /wp-cron.php?doing_wp_cron=1777562845.1528689861297607421875 HTTP/1.1" 200 448 "-" "WordPress/6.3.8; https://serhatburke.miroglu.net"
96.44.167.86 - - [30/Apr/2026:18:25:25 +0300] "POST /xmlrpc.php HTTP/1.1" 500 745 "-" "Mozilla/5.0 (Windows NT 10.0; Win64; x64) AppleWebKit/537.36 (KHTML, like Gecko) Chrome/114.0.0.0 Safari/537.36"
107.152.46.202 - - [30/Apr/2026:18:25:28 +0300] "GET /zotabet-casino-bonus-premier-depot-2026/ HTTP/1.1" 500 782 "https://serhatburke.miroglu.net/" "Mozilla/5.0 (X11; Ubuntu; Linux x86_64; rv:114.0) Gecko/20100101 Firefox/114.0"
185.216.113.70 - - [30/Apr/2026:18:27:33 +0300] "POST /wp-cron.php?doing_wp_cron=1777562853.3639841079711914062500 HTTP/1.1" 200 448 "-" "WordPress/6.3.8; https://serhatburke.miroglu.net"
104.166.164.2 - - [30/Apr/2026:18:25:51 +0300] "POST /xmlrpc.php HTTP/1.1" 500 1102 "-" "Mozilla/5.0 (Windows NT 10.0; Win64; x64) AppleWebKit/537.36 (KHTML, like Gecko) Chrome/114.0.0.0 Safari/537.36"
185.216.113.70 - - [30/Apr/2026:18:27:57 +0300] "POST /wp-cron.php?doing_wp_cron=1777562877.8764150142669677734375 HTTP/1.1" 200 448 "-" "WordPress/6.3.8; https://serhatburke.miroglu.net"
103.219.169.226 - - [30/Apr/2026:18:26:22 +0300] "POST /xmlrpc.php HTTP/1.1" 200 627 "-" "Mozilla/5.0 (Windows NT 10.0; Win64; x64) AppleWebKit/537.36 (KHTML, like Gecko) Chrome/114.0.0.0 Safari/537.36"
185.216.113.70 - - [30/Apr/2026:18:28:11 +0300] "POST /wp-cron.php?doing_wp_cron=1777562891.1625208854675292968750 HTTP/1.1" 200 448 "-" "WordPress/6.3.8; https://serhatburke.miroglu.net"
104.166.164.2 - - [30/Apr/2026:18:26:53 +0300] "POST /xmlrpc.php HTTP/1.1" 200 627 "-" "Mozilla/5.0 (Windows NT 10.0; Win64; x64) AppleWebKit/537.36 (KHTML, like Gecko) Chrome/114.0.0.0 Safari/537.36"
185.216.113.70 - - [30/Apr/2026:18:28:15 +0300] "POST /wp-cron.php?doing_wp_cron=1777562894.8507540225982666015625 HTTP/1.1" 200 448 "-" "WordPress/6.3.8; https://serhatburke.miroglu.net"
103.219.169.226 - - [30/Apr/2026:18:27:06 +0300] "POST /xmlrpc.php HTTP/1.1" 200 16761 "-" "Mozilla/5.0 (Windows NT 10.0; Win64; x64) AppleWebKit/537.36 (KHTML, like Gecko) Chrome/114.0.0.0 Safari/537.36"
185.216.113.70 - - [30/Apr/2026:18:28:19 +0300] "POST /wp-cron.php?doing_wp_cron=1777562899.7392880916595458984375 HTTP/1.1" 200 448 "-" "WordPress/6.3.8; https://serhatburke.miroglu.net"
107.152.46.202 - - [30/Apr/2026:18:27:18 +0300] "GET /zotabet-casino-bonus-premier-depot-2026/ HTTP/1.1" 200 19136 "https://serhatburke.miroglu.net/" "Mozilla/5.0 (X11; Ubuntu; Linux x86_64; rv:114.0) Gecko/20100101 Firefox/114.0"
103.219.169.226 - - [30/Apr/2026:18:28:16 +0300] "GET /maquinas-tragamonedas-de-3-carretes/ HTTP/1.1" 200 80031 "-" "Mozilla/5.0 (Windows NT 10.0; Win64; x64) AppleWebKit/537.36 (KHTML, like Gecko) Chrome/124.0.0.0 Safari/537.36"
107.152.46.202 - - [30/Apr/2026:18:28:27 +0300] "POST /wp-comments-post.php HTTP/1.1" 302 1087 "https://serhatburke.miroglu.net/zotabet-casino-bonus-premier-depot-2026/" "Mozilla/5.0 (X11; Ubuntu; Linux x86_64; rv:114.0) Gecko/20100101 Firefox/114.0"
52.167.144.238 - - [30/Apr/2026:18:28:50 +0300] "GET /diese-besten-curacao-casinos-2026-ihr-arbeitsweise-fur-jedes-sicheres-auffuhren/ HTTP/2" 200 19705 "-" "Mozilla/5.0 AppleWebKit/537.36 (KHTML, like Gecko; compatible; bingbot/2.0; +http://www.bing.com/bingbot.htm) Chrome/116.0.1938.76 Safari/537.36"
107.152.46.202 - - [30/Apr/2026:18:29:11 +0300] "GET /zotabet-casino-bonus-premier-depot-2026/?unapproved=968&moderation-hash=189361b23401e09506ca1735002d58cc HTTP/1.1" 200 19539 "https://serhatburke.miroglu.net/wp-comments-post.php" "Mozilla/5.0 (X11; Ubuntu; Linux x86_64; rv:114.0) Gecko/20100101 Firefox/114.0"
185.216.113.70 - - [30/Apr/2026:18:29:57 +0300] "POST /wp-cron.php?doing_wp_cron=1777562997.0916318893432617187500 HTTP/1.1" 200 448 "-" "WordPress/6.3.8; https://serhatburke.miroglu.net"
107.152.46.202 - - [30/Apr/2026:18:29:39 +0300] "GET /zotabet-casino-bonus-premier-depot-2026/ HTTP/1.1" 200 19103 "-" "Mozilla/5.0 (X11; Ubuntu; Linux x86_64; rv:114.0) Gecko/20100101 Firefox/114.0"
52.167.144.238 - - [30/Apr/2026:18:29:34 +0300] "GET /owcs-2026-season-aggressive-information-overwatch-2-blizzard-information/ HTTP/2" 200 20250 "-" "Mozilla/5.0 AppleWebKit/537.36 (KHTML, like Gecko; compatible; bingbot/2.0; +http://www.bing.com/bingbot.htm) Chrome/116.0.1938.76 Safari/537.36"
73.230.50.148 - - [30/Apr/2026:18:29:55 +0300] "POST /xmlrpc.php HTTP/2" 200 141 "-" "WordPress/XMLRPC Client"
73.230.50.148 - - [30/Apr/2026:18:30:11 +0300] "GET /?p=146483 HTTP/2" 301 0 "-" "Mozilla/5.0 (Windows NT 10.0; Win64; x64) AppleWebKit/537.36 (KHTML, like Gecko) Chrome/120.0.0.0 Safari/537.36"
65.109.104.153 - - [30/Apr/2026:18:30:17 +0300] "GET /beste-casino-site-belgie-hoge-inzet/ HTTP/1.1" 200 19280 "https://serhatburke.miroglu.net/" "Mozilla/5.0 (Windows NT 10.0) AppleWebKit/537.36 (KHTML, like Gecko) Chrome/114.0.0.0 Safari/537.36"
52.167.144.191 - - [30/Apr/2026:18:30:19 +0300] "GET /mobile-hitnspin-login-spielbank-apps-via-echtgeld-within-deutschland-2026/ HTTP/2" 200 19807 "-" "Mozilla/5.0 AppleWebKit/537.36 (KHTML, like Gecko; compatible; bingbot/2.0; +http://www.bing.com/bingbot.htm) Chrome/116.0.1938.76 Safari/537.36"
185.216.113.70 - - [30/Apr/2026:18:30:59 +0300] "POST /wp-cron.php?doing_wp_cron=1777563059.7779939174652099609375 HTTP/1.1" 200 448 "-" "WordPress/6.3.8; https://serhatburke.miroglu.net"
65.109.104.153 - - [30/Apr/2026:18:30:37 +0300] "GET /beste-casino-site-belgie-hoge-inzet/ HTTP/1.1" 200 19264 "https://serhatburke.miroglu.net/beste-casino-site-belgie-hoge-inzet/" "Mozilla/5.0 (Windows NT 6.3; Win64; x64) AppleWebKit/537.36 (KHTML, like Gecko) Chrome/103.0.0.0 Safari/537.36"
52.167.144.238 - - [30/Apr/2026:18:30:38 +0300] "GET /now-let-you-know-to-the-nbc-website-visitors-per-week-event-agenda-2026/ HTTP/2" 200 20266 "-" "Mozilla/5.0 AppleWebKit/537.36 (KHTML, like Gecko; compatible; bingbot/2.0; +http://www.bing.com/bingbot.htm) Chrome/116.0.1938.76 Safari/537.36"
60.53.32.196 - - [30/Apr/2026:18:30:39 +0300] "POST /xmlrpc.php HTTP/2" 200 141 "-" "WordPress/XMLRPC Client"
52.167.144.191 - - [30/Apr/2026:18:30:42 +0300] "GET /pin-up-uz-yangi-oyinchilar-uchun-royxatdan-otish-qoidalari-va/ HTTP/2" 200 18118 "-" "Mozilla/5.0 AppleWebKit/537.36 (KHTML, like Gecko; compatible; bingbot/2.0; +http://www.bing.com/bingbot.htm) Chrome/116.0.1938.76 Safari/537.36"
65.109.104.153 - - [30/Apr/2026:18:31:00 +0300] "POST /wp-comments-post.php HTTP/1.1" 302 1083 "https://serhatburke.miroglu.net/beste-casino-site-belgie-hoge-inzet/" "Mozilla/5.0 (Windows NT 6.3; Win64; x64) AppleWebKit/537.36 (KHTML, like Gecko) Chrome/103.0.0.0 Safari/537.36"
146.158.127.34 - - [30/Apr/2026:18:31:10 +0300] "POST /xmlrpc.php HTTP/2" 200 141 "-" "WordPress/XMLRPC Client"
107.152.46.202 - - [30/Apr/2026:18:31:21 +0300] "GET /zotabet-casino-bonus-premier-depot-2026/ HTTP/1.1" 200 19103 "-" "Mozilla/5.0 (X11; Linux i686; rv:114.0) Gecko/20100101 Firefox/114.0"
185.216.113.70 - - [30/Apr/2026:18:31:56 +0300] "POST /wp-cron.php?doing_wp_cron=1777563116.0575339794158935546875 HTTP/1.1" 200 448 "-" "WordPress/6.3.8; https://serhatburke.miroglu.net"
65.109.104.153 - - [30/Apr/2026:18:31:28 +0300] "GET /beste-casino-site-belgie-hoge-inzet/?unapproved=969&moderation-hash=77f325ef96f3863b84648aaad9c681a3 HTTP/1.1" 200 19647 "https://serhatburke.miroglu.net/wp-comments-post.php" "Mozilla/5.0 (Windows NT 6.3; Win64; x64) AppleWebKit/537.36 (KHTML, like Gecko) Chrome/103.0.0.0 Safari/537.36"
178.159.37.83 - - [30/Apr/2026:18:31:31 +0300] "POST /xmlrpc.php HTTP/1.1" 200 243803 "-" "Mozilla/5.0 (Windows NT 10.0; Win64; x64) AppleWebKit/537.36 (KHTML, like Gecko) Chrome/114.0.0.0 Safari/537.36 Edg/114.0.1823.43"
146.158.127.34 - - [30/Apr/2026:18:31:34 +0300] "GET /?p=146487 HTTP/2" 200 0 "-" "Mozilla/5.0 (Windows NT 10.0; Win64; x64) AppleWebKit/537.36 (KHTML, like Gecko) Chrome/120.0.0.0 Safari/537.36"
40.77.167.10 - - [30/Apr/2026:18:31:32 +0300] "GET /%D9%85%D9%83%D8%A7%D9%81%D8%A3%D8%A9-%D8%AA%D8%B3%D8%AC%D9%8A%D9%84-%D9%85%D8%AC%D8%A7%D9%86%D9%8A%D8%A9-%D8%A8%D9%82%D9%8A%D9%85%D8%A9-50-%D8%B1%D8%A7%D9%86%D8%AF-%D8%A8%D9%86%D8%B3%D8%A8%D8%A9-100/ HTTP/2" 200 20087 "-" "Mozilla/5.0 AppleWebKit/537.36 (KHTML, like Gecko; compatible; bingbot/2.0; +http://www.bing.com/bingbot.htm) Chrome/116.0.1938.76 Safari/537.36"
65.109.104.153 - - [30/Apr/2026:18:31:57 +0300] "GET /beste-casino-site-belgie-hoge-inzet/ HTTP/1.1" 200 19264 "-" "Mozilla/5.0 (Windows NT 6.3; Win64; x64) AppleWebKit/537.36 (KHTML, like Gecko) Chrome/103.0.0.0 Safari/537.36"
178.159.37.83 - - [30/Apr/2026:18:32:19 +0300] "POST /xmlrpc.php HTTP/1.1" 200 664 "-" "Mozilla/5.0 (Windows NT 10.0; Win64; x64) AppleWebKit/537.36 (KHTML, like Gecko) Chrome/114.0.0.0 Safari/537.36 Edg/114.0.1823.43"
52.167.144.191 - - [30/Apr/2026:18:32:20 +0300] "GET /kraken-aktual-nye-metody-anonimnogo-vkhoda-v-darknet/ HTTP/2" 200 19047 "-" "Mozilla/5.0 AppleWebKit/537.36 (KHTML, like Gecko; compatible; bingbot/2.0; +http://www.bing.com/bingbot.htm) Chrome/116.0.1938.76 Safari/537.36"
185.216.113.70 - - [30/Apr/2026:18:32:47 +0300] "POST /wp-cron.php?doing_wp_cron=1777563167.3484630584716796875000 HTTP/1.1" 200 448 "-" "WordPress/6.3.8; https://serhatburke.miroglu.net"
40.77.167.42 - - [30/Apr/2026:18:32:26 +0300] "GET /thunderstruck-microgaming-position-review-demonstration-january-2026/ HTTP/2" 200 19894 "-" "Mozilla/5.0 AppleWebKit/537.36 (KHTML, like Gecko; compatible; bingbot/2.0; +http://www.bing.com/bingbot.htm) Chrome/116.0.1938.76 Safari/537.36"
84.200.80.218 - - [30/Apr/2026:18:32:31 +0300] "GET /link-alternatif-qqmamibet-resmi-anti-blokir/ HTTP/1.1" 200 105297 "-" "Screaming Frog SEO Spider/18.1"
178.159.37.83 - - [30/Apr/2026:18:32:37 +0300] "POST /xmlrpc.php HTTP/1.1" 200 664 "-" "Mozilla/5.0 (Windows NT 10.0; Win64; x64) AppleWebKit/537.36 (KHTML, like Gecko) Chrome/114.0.0.0 Safari/537.36 Edg/114.0.1823.43"
52.167.144.191 - - [30/Apr/2026:18:32:49 +0300] "GET /big-four-the-moon-princess-slot-machine-games/ HTTP/2" 200 18136 "-" "Mozilla/5.0 AppleWebKit/537.36 (KHTML, like Gecko; compatible; bingbot/2.0; +http://www.bing.com/bingbot.htm) Chrome/116.0.1938.76 Safari/537.36"
185.216.113.70 - - [30/Apr/2026:18:33:40 +0300] "POST /wp-cron.php?doing_wp_cron=1777563220.1045339107513427734375 HTTP/1.1" 200 448 "-" "WordPress/6.3.8; https://serhatburke.miroglu.net"
178.159.37.83 - - [30/Apr/2026:18:33:28 +0300] "POST /xmlrpc.php HTTP/1.1" 200 884 "-" "Mozilla/5.0 (Windows NT 10.0; Win64; x64) AppleWebKit/537.36 (KHTML, like Gecko) Chrome/114.0.0.0 Safari/537.36 Edg/114.0.1823.43"
65.109.104.153 - - [30/Apr/2026:18:33:53 +0300] "GET /beste-casino-site-belgie-hoge-inzet/ HTTP/1.1" 200 19264 "-" "Mozilla/5.0 (X11; Linux i686; rv:114.0) Gecko/20100101 Firefox/114.0"
185.216.113.70 - - [30/Apr/2026:18:34:54 +0300] "POST /wp-cron.php?doing_wp_cron=1777563294.5224840641021728515625 HTTP/1.1" 200 448 "-" "WordPress/6.3.8; https://serhatburke.miroglu.net"
207.46.13.64 - - [30/Apr/2026:18:34:42 +0300] "GET /best-online-casino-incentives-in-my-hyperlink-america-in-the-march-2026/ HTTP/2" 200 20841 "-" "Mozilla/5.0 AppleWebKit/537.36 (KHTML, like Gecko; compatible; bingbot/2.0; +http://www.bing.com/bingbot.htm) Chrome/116.0.1938.76 Safari/537.36"
84.239.42.140 - - [30/Apr/2026:18:35:16 +0300] "GET /wp-login.php HTTP/2" 200 3093 "-" "Mozilla/5.0 (Macintosh; Intel Mac OS X 13_5) AppleWebKit/605.1.15 (KHTML, like Gecko) Version/17.5 Safari/605.1.15"
185.216.113.70 - - [30/Apr/2026:18:35:53 +0300] "POST /wp-cron.php?doing_wp_cron=1777563353.4064700603485107421875 HTTP/1.1" 200 448 "-" "WordPress/6.3.8; https://serhatburke.miroglu.net"
51.210.104.134 - - [30/Apr/2026:18:35:39 +0300] "POST /xmlrpc.php HTTP/2" 200 108 "-" "Mozilla/5.0 (Macintosh; Intel Mac OS X 13_5) AppleWebKit/605.1.15 (KHTML, like Gecko) Version/17.5 Safari/605.1.15"
40.77.167.10 - - [30/Apr/2026:18:35:56 +0300] "GET /unlock-bi-wins-on-thesis-bordspe-your-ultimate-guide-totdat-mobile-casinos-wegens-year-vegas-style-slots/ HTTP/2" 200 21127 "-" "Mozilla/5.0 AppleWebKit/537.36 (KHTML, like Gecko; compatible; bingbot/2.0; +http://www.bing.com/bingbot.htm) Chrome/116.0.1938.76 Safari/537.36"
51.210.104.134 - - [30/Apr/2026:18:36:04 +0300] "POST /xmlrpc.php HTTP/2" 200 4406 "-" "Mozilla/5.0 (Macintosh; Intel Mac OS X 13_5) AppleWebKit/605.1.15 (KHTML, like Gecko) Version/17.5 Safari/605.1.15"
185.216.113.70 - - [30/Apr/2026:18:36:41 +0300] "POST /wp-cron.php?doing_wp_cron=1777563401.7954421043395996093750 HTTP/1.1" 200 448 "-" "WordPress/6.3.8; https://serhatburke.miroglu.net"
40.77.167.42 - - [30/Apr/2026:18:36:19 +0300] "GET /tronscan-the-definitive-resource-for-tron-enthusiasts-3/ HTTP/2" 200 17934 "-" "Mozilla/5.0 AppleWebKit/537.36 (KHTML, like Gecko; compatible; bingbot/2.0; +http://www.bing.com/bingbot.htm) Chrome/116.0.1938.76 Safari/537.36"
216.73.217.81 - - [30/Apr/2026:18:36:59 +0300] "GET /robots.txt HTTP/2" 200 110 "-" "Mozilla/5.0 AppleWebKit/537.36 (KHTML, like Gecko; compatible; ClaudeBot/1.0; +claudebot@anthropic.com)"
40.77.167.126 - - [30/Apr/2026:18:36:49 +0300] "GET /gmx-zugang-casino-drueckglueck-login-samtliche-reibungslos/ HTTP/2" 200 21039 "-" "Mozilla/5.0 AppleWebKit/537.36 (KHTML, like Gecko; compatible; bingbot/2.0; +http://www.bing.com/bingbot.htm) Chrome/116.0.1938.76 Safari/537.36"
185.216.113.70 - - [30/Apr/2026:18:39:15 +0300] "POST /wp-cron.php?doing_wp_cron=1777563555.3072290420532226562500 HTTP/1.1" 200 448 "-" "WordPress/6.3.8; https://serhatburke.miroglu.net"
40.77.167.241 - - [30/Apr/2026:18:38:59 +0300] "GET /best-on-line-crypto-gambling-enterprises-to-own-asia-2026/ HTTP/2" 200 20466 "-" "Mozilla/5.0 AppleWebKit/537.36 (KHTML, like Gecko; compatible; bingbot/2.0; +http://www.bing.com/bingbot.htm) Chrome/116.0.1938.76 Safari/537.36"