196.16.5.214 - - [30/Apr/2026:16:11:56 +0300] "GET /wp-content/plugins/meta-box/meta-box/js/wysiwyg.js?ver=5.2.4 HTTP/2" 200 1639 "https://serhatburke.miroglu.net/wp-admin/post-new.php" "Mozilla/5.0 (Windows NT 10.0; Win64; x64) AppleWebKit/537.36 (KHTML, like Gecko) Chrome/147.0.0.0 Safari/537.36"
196.16.5.214 - - [30/Apr/2026:16:11:56 +0300] "GET /wp-content/plugins/meta-box/meta-box-conditional-logic/conditional-logic.js?ver=1.5 HTTP/2" 200 4434 "https://serhatburke.miroglu.net/wp-admin/post-new.php" "Mozilla/5.0 (Windows NT 10.0; Win64; x64) AppleWebKit/537.36 (KHTML, like Gecko) Chrome/147.0.0.0 Safari/537.36"
196.16.5.214 - - [30/Apr/2026:16:11:56 +0300] "GET /wp-content/plugins/meta-box/meta-box-tabs/tabs.js?ver=1.0.0 HTTP/2" 200 481 "https://serhatburke.miroglu.net/wp-admin/post-new.php" "Mozilla/5.0 (Windows NT 10.0; Win64; x64) AppleWebKit/537.36 (KHTML, like Gecko) Chrome/147.0.0.0 Safari/537.36"
196.16.5.214 - - [30/Apr/2026:16:11:56 +0300] "GET /wp-content/plugins/wpforms-lite/assets/lite/js/admin/edit-post-education.es5.min.js?ver=1.8.3.1 HTTP/2" 200 2087 "https://serhatburke.miroglu.net/wp-admin/post-new.php" "Mozilla/5.0 (Windows NT 10.0; Win64; x64) AppleWebKit/537.36 (KHTML, like Gecko) Chrome/147.0.0.0 Safari/537.36"
196.16.5.214 - - [30/Apr/2026:16:11:56 +0300] "GET /wp-content/plugins/wpforms-lite/assets/js/admin-editor.min.js?ver=1.8.3.1 HTTP/2" 200 321 "https://serhatburke.miroglu.net/wp-admin/post-new.php" "Mozilla/5.0 (Windows NT 10.0; Win64; x64) AppleWebKit/537.36 (KHTML, like Gecko) Chrome/147.0.0.0 Safari/537.36"
196.16.5.214 - - [30/Apr/2026:16:11:56 +0300] "GET /wp-includes/js/wp-embed.min.js?ver=6.3.8 HTTP/2" 200 740 "https://serhatburke.miroglu.net/wp-admin/post-new.php" "Mozilla/5.0 (Windows NT 10.0; Win64; x64) AppleWebKit/537.36 (KHTML, like Gecko) Chrome/147.0.0.0 Safari/537.36"
196.16.5.214 - - [30/Apr/2026:16:11:56 +0300] "GET /wp-includes/js/imgareaselect/jquery.imgareaselect.min.js?ver=6.3.8 HTTP/2" 200 3588 "https://serhatburke.miroglu.net/wp-admin/post-new.php" "Mozilla/5.0 (Windows NT 10.0; Win64; x64) AppleWebKit/537.36 (KHTML, like Gecko) Chrome/147.0.0.0 Safari/537.36"
196.16.5.214 - - [30/Apr/2026:16:11:56 +0300] "GET /wp-admin/js/image-edit.min.js?ver=6.3.8 HTTP/2" 200 4218 "https://serhatburke.miroglu.net/wp-admin/post-new.php" "Mozilla/5.0 (Windows NT 10.0; Win64; x64) AppleWebKit/537.36 (KHTML, like Gecko) Chrome/147.0.0.0 Safari/537.36"
196.16.5.214 - - [30/Apr/2026:16:11:56 +0300] "GET /wp-includes/js/media-models.min.js?ver=6.3.8 HTTP/2" 200 4008 "https://serhatburke.miroglu.net/wp-admin/post-new.php" "Mozilla/5.0 (Windows NT 10.0; Win64; x64) AppleWebKit/537.36 (KHTML, like Gecko) Chrome/147.0.0.0 Safari/537.36"
196.16.5.214 - - [30/Apr/2026:16:11:56 +0300] "GET /wp-includes/js/dist/editor.min.js?ver=235f671dae61a6fd3deb HTTP/2" 200 43524 "https://serhatburke.miroglu.net/wp-admin/post-new.php" "Mozilla/5.0 (Windows NT 10.0; Win64; x64) AppleWebKit/537.36 (KHTML, like Gecko) Chrome/147.0.0.0 Safari/537.36"
196.16.5.214 - - [30/Apr/2026:16:11:56 +0300] "GET /wp-content/plugins/google-analytics-for-wordpress/assets/gutenberg/js/editor.js?ver=10.1.3 HTTP/2" 200 75108 "https://serhatburke.miroglu.net/wp-admin/post-new.php" "Mozilla/5.0 (Windows NT 10.0; Win64; x64) AppleWebKit/537.36 (KHTML, like Gecko) Chrome/147.0.0.0 Safari/537.36"
196.16.5.214 - - [30/Apr/2026:16:11:56 +0300] "GET /wp-content/plugins/wpforms-lite/assets/lib/choices.min.js?ver=9.0.1 HTTP/2" 200 18545 "https://serhatburke.miroglu.net/wp-admin/post-new.php" "Mozilla/5.0 (Windows NT 10.0; Win64; x64) AppleWebKit/537.36 (KHTML, like Gecko) Chrome/147.0.0.0 Safari/537.36"
196.16.5.214 - - [30/Apr/2026:16:11:56 +0300] "GET /wp-admin/load-scripts.php?c=1&load%5Bchunk_0%5D=hoverIntent&ver=6.3.8 HTTP/2" 200 712 "https://serhatburke.miroglu.net/wp-admin/post-new.php" "Mozilla/5.0 (Windows NT 10.0; Win64; x64) AppleWebKit/537.36 (KHTML, like Gecko) Chrome/147.0.0.0 Safari/537.36"
196.16.5.214 - - [30/Apr/2026:16:11:56 +0300] "GET /wp-includes/js/dist/block-library.min.js?ver=c4928240a198a3ee8a22 HTTP/2" 200 186311 "https://serhatburke.miroglu.net/wp-admin/post-new.php" "Mozilla/5.0 (Windows NT 10.0; Win64; x64) AppleWebKit/537.36 (KHTML, like Gecko) Chrome/147.0.0.0 Safari/537.36"
196.16.5.214 - - [30/Apr/2026:16:11:57 +0300] "GET /wp-content/plugins/all-in-one-seo-pack/dist/Lite/assets/js/AddPlus.fd1914a5.js HTTP/2" 200 482 "https://serhatburke.miroglu.net/wp-content/plugins/all-in-one-seo-pack/dist/Lite/assets/blocks.12b02266.js?ver=4.4.4" "Mozilla/5.0 (Windows NT 10.0; Win64; x64) AppleWebKit/537.36 (KHTML, like Gecko) Chrome/147.0.0.0 Safari/537.36"
196.16.5.214 - - [30/Apr/2026:16:11:57 +0300] "GET /wp-content/plugins/all-in-one-seo-pack/dist/Lite/assets/js/HighlightToggle.ce133bc9.js HTTP/2" 200 946 "https://serhatburke.miroglu.net/wp-content/plugins/all-in-one-seo-pack/dist/Lite/assets/blocks.12b02266.js?ver=4.4.4" "Mozilla/5.0 (Windows NT 10.0; Win64; x64) AppleWebKit/537.36 (KHTML, like Gecko) Chrome/147.0.0.0 Safari/537.36"
196.16.5.214 - - [30/Apr/2026:16:11:57 +0300] "GET /wp-content/plugins/all-in-one-seo-pack/dist/Lite/assets/js/vue.runtime.esm-bundler.60c71097.js HTTP/2" 200 134 "https://serhatburke.miroglu.net/wp-content/plugins/all-in-one-seo-pack/dist/Lite/assets/blocks.12b02266.js?ver=4.4.4" "Mozilla/5.0 (Windows NT 10.0; Win64; x64) AppleWebKit/537.36 (KHTML, like Gecko) Chrome/147.0.0.0 Safari/537.36"
196.16.5.214 - - [30/Apr/2026:16:11:57 +0300] "GET /wp-content/plugins/all-in-one-seo-pack/dist/Lite/assets/js/Drag.9683a277.js HTTP/2" 200 33361 "https://serhatburke.miroglu.net/wp-content/plugins/all-in-one-seo-pack/dist/Lite/assets/blocks.12b02266.js?ver=4.4.4" "Mozilla/5.0 (Windows NT 10.0; Win64; x64) AppleWebKit/537.36 (KHTML, like Gecko) Chrome/147.0.0.0 Safari/537.36"
196.16.5.214 - - [30/Apr/2026:16:11:59 +0300] "GET /wp-content/plugins/all-in-one-seo-pack/dist/Lite/assets/main-20ad6c21.js HTTP/2" 200 479345 "https://serhatburke.miroglu.net/wp-admin/post-new.php" "Mozilla/5.0 (Windows NT 10.0; Win64; x64) AppleWebKit/537.36 (KHTML, like Gecko) Chrome/147.0.0.0 Safari/537.36"
45.41.160.89 - - [30/Apr/2026:16:10:38 +0300] "GET /sava-spin-tragamonedas-de-quickhit-y-accin-en-vivo/ HTTP/1.1" 200 22940 "-" "Python/3.14 aiohttp/3.13.3"
196.16.5.214 - - [30/Apr/2026:16:12:02 +0300] "GET /wp-content/plugins/all-in-one-seo-pack/dist/Lite/assets/main-20ad6c21.js HTTP/2" 200 458902 "https://serhatburke.miroglu.net/wp-admin/post-new.php" "Mozilla/5.0 (Windows NT 10.0; Win64; x64) AppleWebKit/537.36 (KHTML, like Gecko) Chrome/147.0.0.0 Safari/537.36"
154.73.249.126 - - [30/Apr/2026:16:10:51 +0300] "GET /sava-spin-tragamonedas-de-quickhit-y-accin-en-vivo/ HTTP/1.1" 200 22940 "-" "Python/3.14 aiohttp/3.13.3"
66.249.76.64 - - [30/Apr/2026:16:12:07 +0300] "GET /wp-content/themes/toppic/js/jquery.transit.min.js?ver=4.2 HTTP/1.1" 200 3252 "https://serhatburke.miroglu.net/shufflecasino-uk-reward-program-review-exclusive-benefits-for-british-players/" "Mozilla/5.0 (Linux; Android 6.0.1; Nexus 5X Build/MMB29P) AppleWebKit/537.36 (KHTML, like Gecko) Chrome/147.0.7727.116 Mobile Safari/537.36 (compatible; Googlebot/2.1; +http://www.google.com/bot.html)"
40.77.167.75 - - [30/Apr/2026:16:11:18 +0300] "GET /check-it-out-and-find-out-which-offer-fits-your-thing-finest/ HTTP/2" 200 0 "-" "Mozilla/5.0 AppleWebKit/537.36 (KHTML, like Gecko; compatible; bingbot/2.0; +http://www.bing.com/bingbot.htm) Chrome/116.0.1938.76 Safari/537.36"
196.16.5.214 - - [30/Apr/2026:16:12:09 +0300] "GET /wp-content/plugins/all-in-one-seo-pack/dist/Lite/assets/main-20ad6c21.js HTTP/2" 200 458902 "https://serhatburke.miroglu.net/wp-admin/post-new.php" "Mozilla/5.0 (Windows NT 10.0; Win64; x64) AppleWebKit/537.36 (KHTML, like Gecko) Chrome/147.0.0.0 Safari/537.36"
104.166.164.2 - - [30/Apr/2026:16:11:02 +0300] "POST /xmlrpc.php HTTP/1.1" 200 630 "-" "Mozilla/5.0 (Windows NT 10.0; Win64; x64) AppleWebKit/537.36 (KHTML, like Gecko) Chrome/114.0.0.0 Safari/537.36"
66.249.76.78 - - [30/Apr/2026:16:12:09 +0300] "GET /shufflecasino-uk-reward-program-review-exclusive-benefits-for-british-players/undefined?ts=1775520000 HTTP/1.1" 200 0 "https://serhatburke.miroglu.net/shufflecasino-uk-reward-program-review-exclusive-benefits-for-british-players/" "Mozilla/5.0 (Linux; Android 6.0.1; Nexus 5X Build/MMB29P) AppleWebKit/537.36 (KHTML, like Gecko) Chrome/147.0.7727.116 Mobile Safari/537.36 (compatible; Googlebot/2.1; +http://www.google.com/bot.html)"
196.16.5.214 - - [30/Apr/2026:16:12:21 +0300] "GET /wp-content/plugins/all-in-one-seo-pack/dist/Lite/assets/main-20ad6c21.js HTTP/2" 200 458902 "https://serhatburke.miroglu.net/wp-admin/post-new.php" "Mozilla/5.0 (Windows NT 10.0; Win64; x64) AppleWebKit/537.36 (KHTML, like Gecko) Chrome/147.0.0.0 Safari/537.36"
196.16.5.214 - - [30/Apr/2026:16:12:28 +0300] "GET /wp-content/plugins/all-in-one-seo-pack/dist/Lite/assets/main-20ad6c21.js HTTP/2" 200 458902 "https://serhatburke.miroglu.net/wp-admin/post-new.php" "Mozilla/5.0 (Windows NT 10.0; Win64; x64) AppleWebKit/537.36 (KHTML, like Gecko) Chrome/147.0.0.0 Safari/537.36"
196.16.5.214 - - [30/Apr/2026:16:12:33 +0300] "GET /wp-content/plugins/all-in-one-seo-pack/dist/Lite/assets/main-20ad6c21.js HTTP/2" 200 458902 "https://serhatburke.miroglu.net/wp-admin/post-new.php" "Mozilla/5.0 (Windows NT 10.0; Win64; x64) AppleWebKit/537.36 (KHTML, like Gecko) Chrome/147.0.0.0 Safari/537.36"
196.16.5.214 - - [30/Apr/2026:16:12:34 +0300] "GET /wp-content/plugins/all-in-one-seo-pack/dist/Lite/assets/main-20ad6c21.js HTTP/2" 200 458902 "https://serhatburke.miroglu.net/wp-admin/post-new.php" "Mozilla/5.0 (Windows NT 10.0; Win64; x64) AppleWebKit/537.36 (KHTML, like Gecko) Chrome/147.0.0.0 Safari/537.36"
66.249.76.77 - - [30/Apr/2026:16:12:31 +0300] "GET /shufflecasino-uk-reward-program-review-exclusive-benefits-for-british-players/undefined?ts=1775520000 HTTP/1.1" 200 0 "https://serhatburke.miroglu.net/shufflecasino-uk-reward-program-review-exclusive-benefits-for-british-players/" "Mozilla/5.0 (Linux; Android 6.0.1; Nexus 5X Build/MMB29P) AppleWebKit/537.36 (KHTML, like Gecko) Chrome/147.0.7727.116 Mobile Safari/537.36 (compatible; Googlebot/2.1; +http://www.google.com/bot.html)"
66.249.73.14 - - [30/Apr/2026:16:12:32 +0300] "GET /shufflecasino-uk-reward-program-review-exclusive-benefits-for-british-players/undefined?ts=1775520000 HTTP/1.1" 200 0 "https://serhatburke.miroglu.net/shufflecasino-uk-reward-program-review-exclusive-benefits-for-british-players/" "Mozilla/5.0 (Linux; Android 6.0.1; Nexus 5X Build/MMB29P) AppleWebKit/537.36 (KHTML, like Gecko) Chrome/147.0.7727.116 Mobile Safari/537.36 (compatible; Googlebot/2.1; +http://www.google.com/bot.html)"
66.249.73.14 - - [30/Apr/2026:16:12:44 +0300] "GET /shufflecasino-uk-reward-program-review-exclusive-benefits-for-british-players/undefined?ts=1775520000 HTTP/1.1" 200 0 "https://serhatburke.miroglu.net/shufflecasino-uk-reward-program-review-exclusive-benefits-for-british-players/" "Mozilla/5.0 (Linux; Android 6.0.1; Nexus 5X Build/MMB29P) AppleWebKit/537.36 (KHTML, like Gecko) Chrome/147.0.7727.116 Mobile Safari/537.36 (compatible; Googlebot/2.1; +http://www.google.com/bot.html)"
66.249.76.77 - - [30/Apr/2026:16:12:56 +0300] "GET /shufflecasino-uk-reward-program-review-exclusive-benefits-for-british-players/undefined?ts=1775520000 HTTP/1.1" 200 0 "https://serhatburke.miroglu.net/shufflecasino-uk-reward-program-review-exclusive-benefits-for-british-players/" "Mozilla/5.0 (Linux; Android 6.0.1; Nexus 5X Build/MMB29P) AppleWebKit/537.36 (KHTML, like Gecko) Chrome/147.0.7727.116 Mobile Safari/537.36 (compatible; Googlebot/2.1; +http://www.google.com/bot.html)"
196.16.5.214 - - [30/Apr/2026:16:11:58 +0300] "GET /wp-json/wp/v2/blocks?context=edit&per_page=100&_locale=user HTTP/2" 200 6 "https://serhatburke.miroglu.net/wp-admin/post-new.php" "Mozilla/5.0 (Windows NT 10.0; Win64; x64) AppleWebKit/537.36 (KHTML, like Gecko) Chrome/147.0.0.0 Safari/537.36"
196.16.5.214 - - [30/Apr/2026:16:13:15 +0300] "GET /wp-content/plugins/all-in-one-seo-pack/dist/Lite/assets/main-20ad6c21.js HTTP/2" 200 458902 "https://serhatburke.miroglu.net/wp-admin/post-new.php" "Mozilla/5.0 (Windows NT 10.0; Win64; x64) AppleWebKit/537.36 (KHTML, like Gecko) Chrome/147.0.0.0 Safari/537.36"
185.216.113.70 - - [30/Apr/2026:16:13:17 +0300] "POST /wp-cron.php?doing_wp_cron=1777554796.8517589569091796875000 HTTP/1.1" 200 448 "-" "WordPress/6.3.8; https://serhatburke.miroglu.net"
196.16.5.214 - - [30/Apr/2026:16:11:58 +0300] "OPTIONS /wp-json/wp/v2/posts/146221?_locale=user HTTP/2" 200 2113 "https://serhatburke.miroglu.net/wp-admin/post-new.php" "Mozilla/5.0 (Windows NT 10.0; Win64; x64) AppleWebKit/537.36 (KHTML, like Gecko) Chrome/147.0.0.0 Safari/537.36"
196.16.5.214 - - [30/Apr/2026:16:11:58 +0300] "GET /wp-json/wp/v2/users?context=view&who=authors&per_page=50&_fields=id%2Cname&_locale=user HTTP/2" 200 6 "https://serhatburke.miroglu.net/wp-admin/post-new.php" "Mozilla/5.0 (Windows NT 10.0; Win64; x64) AppleWebKit/537.36 (KHTML, like Gecko) Chrome/147.0.0.0 Safari/537.36"
185.216.113.70 - - [30/Apr/2026:16:12:11 +0300] "POST /wp-cron.php?doing_wp_cron=1777554731.4376430511474609375000 HTTP/1.1" 200 448 "-" "WordPress/6.3.8; https://serhatburke.miroglu.net"
196.16.5.214 - - [30/Apr/2026:16:13:18 +0300] "GET /wp-content/plugins/all-in-one-seo-pack/dist/Lite/assets/main-20ad6c21.js HTTP/2" 200 458902 "https://serhatburke.miroglu.net/wp-admin/post-new.php" "Mozilla/5.0 (Windows NT 10.0; Win64; x64) AppleWebKit/537.36 (KHTML, like Gecko) Chrome/147.0.0.0 Safari/537.36"
196.16.5.214 - - [30/Apr/2026:16:11:58 +0300] "GET /wp-json/?_fields=description%2Cgmt_offset%2Chome%2Cname%2Csite_icon%2Csite_icon_url%2Csite_logo%2Ctimezone_string%2Curl&_locale=user HTTP/2" 200 347 "https://serhatburke.miroglu.net/wp-admin/post-new.php" "Mozilla/5.0 (Windows NT 10.0; Win64; x64) AppleWebKit/537.36 (KHTML, like Gecko) Chrome/147.0.0.0 Safari/537.36"
196.16.5.214 - - [30/Apr/2026:16:13:18 +0300] "GET /wp-content/uploads/2023/08/favicon-16x16-3.png HTTP/2" 200 529 "https://serhatburke.miroglu.net/wp-admin/post-new.php" "Mozilla/5.0 (Windows NT 10.0; Win64; x64) AppleWebKit/537.36 (KHTML, like Gecko) Chrome/147.0.0.0 Safari/537.36"
196.16.5.214 - - [30/Apr/2026:16:13:19 +0300] "GET /wp-content/plugins/all-in-one-seo-pack/dist/Lite/assets/main-20ad6c21.js HTTP/2" 200 458902 "https://serhatburke.miroglu.net/wp-admin/post-new.php" "Mozilla/5.0 (Windows NT 10.0; Win64; x64) AppleWebKit/537.36 (KHTML, like Gecko) Chrome/147.0.0.0 Safari/537.36"
185.216.113.70 - - [30/Apr/2026:16:13:19 +0300] "POST /wp-cron.php?doing_wp_cron=1777554799.5687749385833740234375 HTTP/1.1" 200 448 "-" "WordPress/6.3.8; https://serhatburke.miroglu.net"
196.16.5.214 - - [30/Apr/2026:16:11:58 +0300] "GET /wp-json/wp/v2/block-patterns/categories?_locale=user HTTP/2" 200 810 "https://serhatburke.miroglu.net/wp-admin/post-new.php" "Mozilla/5.0 (Windows NT 10.0; Win64; x64) AppleWebKit/537.36 (KHTML, like Gecko) Chrome/147.0.0.0 Safari/537.36"
196.16.5.214 - - [30/Apr/2026:16:11:58 +0300] "GET /wp-json/wp/v2/block-patterns/patterns?_locale=user HTTP/2" 200 27530 "https://serhatburke.miroglu.net/wp-admin/post-new.php" "Mozilla/5.0 (Windows NT 10.0; Win64; x64) AppleWebKit/537.36 (KHTML, like Gecko) Chrome/147.0.0.0 Safari/537.36"
196.16.5.214 - - [30/Apr/2026:16:13:21 +0300] "GET /wp-content/plugins/all-in-one-seo-pack/dist/Lite/assets/main-20ad6c21.js HTTP/2" 200 458902 "https://serhatburke.miroglu.net/wp-admin/post-new.php" "Mozilla/5.0 (Windows NT 10.0; Win64; x64) AppleWebKit/537.36 (KHTML, like Gecko) Chrome/147.0.0.0 Safari/537.36"
185.216.113.70 - - [30/Apr/2026:16:13:21 +0300] "POST /wp-cron.php?doing_wp_cron=1777554801.8457479476928710937500 HTTP/1.1" 200 448 "-" "WordPress/6.3.8; https://serhatburke.miroglu.net"
196.16.5.214 - - [30/Apr/2026:16:11:58 +0300] "GET /wp-json/wp/v2/taxonomies?context=edit&per_page=100&_locale=user HTTP/2" 200 1367 "https://serhatburke.miroglu.net/wp-admin/post-new.php" "Mozilla/5.0 (Windows NT 10.0; Win64; x64) AppleWebKit/537.36 (KHTML, like Gecko) Chrome/147.0.0.0 Safari/537.36"
196.16.5.214 - - [30/Apr/2026:16:13:23 +0300] "GET /wp-content/plugins/all-in-one-seo-pack/dist/Lite/assets/main-20ad6c21.js HTTP/2" 200 458902 "https://serhatburke.miroglu.net/wp-admin/post-new.php" "Mozilla/5.0 (Windows NT 10.0; Win64; x64) AppleWebKit/537.36 (KHTML, like Gecko) Chrome/147.0.0.0 Safari/537.36"
196.16.5.214 - - [30/Apr/2026:16:11:57 +0300] "GET /wp-json/wp/v2/ HTTP/2" 200 10945 "https://serhatburke.miroglu.net/wp-admin/post-new.php" "Mozilla/5.0 (Windows NT 10.0; Win64; x64) AppleWebKit/537.36 (KHTML, like Gecko) Chrome/147.0.0.0 Safari/537.36"
185.216.113.70 - - [30/Apr/2026:16:13:25 +0300] "POST /wp-cron.php?doing_wp_cron=1777554805.5616090297698974609375 HTTP/1.1" 200 448 "-" "WordPress/6.3.8; https://serhatburke.miroglu.net"
196.16.5.214 - - [30/Apr/2026:16:11:57 +0300] "GET /wp-json/aioseo/v1/ping/ HTTP/2" 200 20 "https://serhatburke.miroglu.net/wp-admin/post-new.php" "Mozilla/5.0 (Windows NT 10.0; Win64; x64) AppleWebKit/537.36 (KHTML, like Gecko) Chrome/147.0.0.0 Safari/537.36"
185.216.113.70 - - [30/Apr/2026:16:13:13 +0300] "POST /wp-cron.php?doing_wp_cron=1777554792.8577849864959716796875 HTTP/1.1" 200 448 "-" "WordPress/6.3.8; https://serhatburke.miroglu.net"
185.216.113.70 - - [30/Apr/2026:16:13:15 +0300] "POST /wp-cron.php?doing_wp_cron=1777554795.3589339256286621093750 HTTP/1.1" 200 448 "-" "WordPress/6.3.8; https://serhatburke.miroglu.net"
196.16.5.214 - - [30/Apr/2026:16:12:57 +0300] "POST /wp-admin/admin-ajax.php HTTP/2" 200 0 "https://serhatburke.miroglu.net/wp-admin/post-new.php" "Mozilla/5.0 (Windows NT 10.0; Win64; x64) AppleWebKit/537.36 (KHTML, like Gecko) Chrome/147.0.0.0 Safari/537.36"
185.216.113.70 - - [30/Apr/2026:16:13:31 +0300] "POST /wp-cron.php?doing_wp_cron=1777554811.0373690128326416015625 HTTP/1.1" 200 448 "-" "WordPress/6.3.8; https://serhatburke.miroglu.net"
196.16.5.214 - - [30/Apr/2026:16:11:58 +0300] "GET /wp-json/wp/v2/themes?context=edit&status=active&_locale=user HTTP/2" 200 799 "https://serhatburke.miroglu.net/wp-admin/post-new.php" "Mozilla/5.0 (Windows NT 10.0; Win64; x64) AppleWebKit/537.36 (KHTML, like Gecko) Chrome/147.0.0.0 Safari/537.36"
185.216.113.70 - - [30/Apr/2026:16:13:16 +0300] "POST /wp-cron.php?doing_wp_cron=1777554796.0835719108581542968750 HTTP/1.1" 200 448 "-" "WordPress/6.3.8; https://serhatburke.miroglu.net"
185.216.113.70 - - [30/Apr/2026:16:13:17 +0300] "POST /wp-cron.php?doing_wp_cron=1777554797.0566790103912353515625 HTTP/1.1" 200 448 "-" "WordPress/6.3.8; https://serhatburke.miroglu.net"
185.216.113.70 - - [30/Apr/2026:16:13:24 +0300] "POST /wp-cron.php?doing_wp_cron=1777554803.9635820388793945312500 HTTP/1.1" 200 448 "-" "WordPress/6.3.8; https://serhatburke.miroglu.net"
196.16.5.214 - - [30/Apr/2026:16:13:32 +0300] "GET /wp-content/plugins/all-in-one-seo-pack/dist/Lite/assets/main-20ad6c21.js HTTP/2" 200 458902 "https://serhatburke.miroglu.net/wp-admin/post-new.php" "Mozilla/5.0 (Windows NT 10.0; Win64; x64) AppleWebKit/537.36 (KHTML, like Gecko) Chrome/147.0.0.0 Safari/537.36"
185.216.113.70 - - [30/Apr/2026:16:13:40 +0300] "POST /wp-cron.php?doing_wp_cron=1777554820.4656438827514648437500 HTTP/1.1" 200 448 "-" "WordPress/6.3.8; https://serhatburke.miroglu.net"
103.219.169.226 - - [30/Apr/2026:16:12:12 +0300] "POST /xmlrpc.php HTTP/1.1" 200 630 "-" "Mozilla/5.0 (Windows NT 10.0; Win64; x64) AppleWebKit/537.36 (KHTML, like Gecko) Chrome/114.0.0.0 Safari/537.36"
179.48.110.166 - - [30/Apr/2026:16:13:24 +0300] "POST /xmlrpc.php HTTP/2" 200 0 "-" "WordPress/XMLRPC Client"
104.166.164.2 - - [30/Apr/2026:16:12:19 +0300] "POST /xmlrpc.php HTTP/1.1" 200 14133 "-" "Mozilla/5.0 (Windows NT 10.0; Win64; x64) AppleWebKit/537.36 (KHTML, like Gecko) Chrome/114.0.0.0 Safari/537.36"
66.249.73.15 - - [30/Apr/2026:16:12:03 +0300] "GET /robots.txt HTTP/1.1" 500 782 "-" "Mozilla/5.0 (compatible; Googlebot/2.1; +http://www.google.com/bot.html)"
185.216.113.70 - - [30/Apr/2026:16:13:56 +0300] "POST /wp-cron.php?doing_wp_cron=1777554835.7556140422821044921875 HTTP/1.1" 200 448 "-" "WordPress/6.3.8; https://serhatburke.miroglu.net"
181.118.72.141 - - [30/Apr/2026:16:13:56 +0300] "POST /xmlrpc.php HTTP/2" 200 0 "-" "WordPress/XMLRPC Client"
196.16.5.214 - - [30/Apr/2026:16:13:57 +0300] "POST /wp-admin/admin-ajax.php HTTP/2" 200 0 "https://serhatburke.miroglu.net/wp-admin/post-new.php" "Mozilla/5.0 (Windows NT 10.0; Win64; x64) AppleWebKit/537.36 (KHTML, like Gecko) Chrome/147.0.0.0 Safari/537.36"
196.16.5.214 - - [30/Apr/2026:16:12:33 +0300] "GET /wp-json/wp/v2/taxonomies/post_tag?context=edit&_locale=user HTTP/2" 500 384 "https://serhatburke.miroglu.net/wp-admin/post-new.php" "Mozilla/5.0 (Windows NT 10.0; Win64; x64) AppleWebKit/537.36 (KHTML, like Gecko) Chrome/147.0.0.0 Safari/537.36"
196.16.5.214 - - [30/Apr/2026:16:12:33 +0300] "GET /wp-json/wp/v2/taxonomies/category?context=edit&_locale=user HTTP/2" 500 384 "https://serhatburke.miroglu.net/wp-admin/post-new.php" "Mozilla/5.0 (Windows NT 10.0; Win64; x64) AppleWebKit/537.36 (KHTML, like Gecko) Chrome/147.0.0.0 Safari/537.36"
196.16.5.214 - - [30/Apr/2026:16:12:33 +0300] "GET /wp-json/wp/v2/categories/1?context=edit&_locale=user HTTP/2" 500 384 "https://serhatburke.miroglu.net/wp-admin/post-new.php" "Mozilla/5.0 (Windows NT 10.0; Win64; x64) AppleWebKit/537.36 (KHTML, like Gecko) Chrome/147.0.0.0 Safari/537.36"
196.16.5.214 - - [30/Apr/2026:16:14:35 +0300] "GET /wp-content/plugins/all-in-one-seo-pack/dist/Lite/assets/main-20ad6c21.js HTTP/2" 200 458902 "https://serhatburke.miroglu.net/wp-admin/post-new.php" "Mozilla/5.0 (Windows NT 10.0; Win64; x64) AppleWebKit/537.36 (KHTML, like Gecko) Chrome/147.0.0.0 Safari/537.36"
186.189.97.229 - - [30/Apr/2026:16:14:28 +0300] "POST /xmlrpc.php HTTP/2" 200 0 "-" "WordPress/XMLRPC Client"
196.16.5.214 - - [30/Apr/2026:16:12:02 +0300] "POST /wp-json/wp/v2/users/me?_locale=user HTTP/2" 500 384 "https://serhatburke.miroglu.net/wp-admin/post-new.php" "Mozilla/5.0 (Windows NT 10.0; Win64; x64) AppleWebKit/537.36 (KHTML, like Gecko) Chrome/147.0.0.0 Safari/537.36"
196.16.5.214 - - [30/Apr/2026:16:13:15 +0300] "GET /wp-admin/post-new.php?post_type=page HTTP/2" 500 384 "-" "Mozilla/5.0 (Windows NT 10.0; Win64; x64) AppleWebKit/537.36 (KHTML, like Gecko) Chrome/147.0.0.0 Safari/537.36"
196.16.5.214 - - [30/Apr/2026:16:12:34 +0300] "POST /wp-json/wp/v2/posts/146221?_locale=user HTTP/2" 200 0 "https://serhatburke.miroglu.net/wp-admin/post-new.php" "Mozilla/5.0 (Windows NT 10.0; Win64; x64) AppleWebKit/537.36 (KHTML, like Gecko) Chrome/147.0.0.0 Safari/537.36"
196.16.5.214 - - [30/Apr/2026:16:12:30 +0300] "POST /wp-json/aioseo/v1/analyze-headline/ HTTP/2" 200 0 "https://serhatburke.miroglu.net/wp-admin/post-new.php" "Mozilla/5.0 (Windows NT 10.0; Win64; x64) AppleWebKit/537.36 (KHTML, like Gecko) Chrome/147.0.0.0 Safari/537.36"
196.16.5.214 - - [30/Apr/2026:16:14:57 +0300] "POST /wp-admin/admin-ajax.php HTTP/2" 200 0 "https://serhatburke.miroglu.net/wp-admin/post-new.php" "Mozilla/5.0 (Windows NT 10.0; Win64; x64) AppleWebKit/537.36 (KHTML, like Gecko) Chrome/147.0.0.0 Safari/537.36"
196.16.5.214 - - [30/Apr/2026:16:15:16 +0300] "GET /favicon.ico HTTP/2" 200 926 "https://serhatburke.miroglu.net/wp-admin/post-new.php?post_type=page" "Mozilla/5.0 (Windows NT 10.0; Win64; x64) AppleWebKit/537.36 (KHTML, like Gecko) Chrome/147.0.0.0 Safari/537.36"
104.166.164.2 - - [30/Apr/2026:16:13:15 +0300] "POST /xmlrpc.php HTTP/1.1" 500 745 "-" "Mozilla/5.0 (Windows NT 10.0; Win64; x64) AppleWebKit/537.36 (KHTML, like Gecko) Chrome/114.0.0.0 Safari/537.36"
196.16.5.214 - - [30/Apr/2026:16:13:15 +0300] "POST /wp-admin/admin-ajax.php HTTP/2" 500 384 "https://serhatburke.miroglu.net/wp-admin/post-new.php" "Mozilla/5.0 (Windows NT 10.0; Win64; x64) AppleWebKit/537.36 (KHTML, like Gecko) Chrome/147.0.0.0 Safari/537.36"
130.49.9.179 - - [30/Apr/2026:16:14:58 +0300] "POST /xmlrpc.php HTTP/2" 200 0 "-" "WordPress/XMLRPC Client"
185.216.113.70 - - [30/Apr/2026:16:15:39 +0300] "POST /wp-cron.php?doing_wp_cron=1777554939.4670660495758056640625 HTTP/1.1" 200 448 "-" "WordPress/6.3.8; https://serhatburke.miroglu.net"
103.219.169.226 - - [30/Apr/2026:16:13:47 +0300] "POST /xmlrpc.php HTTP/1.1" 500 745 "-" "Mozilla/5.0 (Windows NT 10.0; Win64; x64) AppleWebKit/537.36 (KHTML, like Gecko) Chrome/114.0.0.0 Safari/537.36"
185.216.113.70 - - [30/Apr/2026:16:15:53 +0300] "POST /wp-cron.php?doing_wp_cron=1777554952.8550651073455810546875 HTTP/1.1" 200 448 "-" "WordPress/6.3.8; https://serhatburke.miroglu.net"
185.216.113.70 - - [30/Apr/2026:16:15:57 +0300] "POST /wp-cron.php?doing_wp_cron=1777554956.9600620269775390625000 HTTP/1.1" 200 448 "-" "WordPress/6.3.8; https://serhatburke.miroglu.net"
103.157.48.109 - - [30/Apr/2026:16:15:29 +0300] "POST /xmlrpc.php HTTP/2" 200 0 "-" "WordPress/XMLRPC Client"
104.166.164.2 - - [30/Apr/2026:16:13:59 +0300] "GET /gamble-sheer-platinum-position-2026-position-comment-once-upon-a-time-slot-bonus-provides/ HTTP/1.1" 500 745 "-" "Mozilla/5.0 (Windows NT 10.0; Win64; x64) AppleWebKit/537.36 (KHTML, like Gecko) Chrome/124.0.0.0 Safari/537.36"
103.219.169.226 - - [30/Apr/2026:16:14:04 +0300] "POST /xmlrpc.php HTTP/1.1" 500 745 "-" "Mozilla/5.0 (Windows NT 10.0; Win64; x64) AppleWebKit/537.36 (KHTML, like Gecko) Chrome/114.0.0.0 Safari/537.36"
45.201.151.166 - - [30/Apr/2026:16:14:17 +0300] "GET /zotabet-casino-bonus-premier-depot-2026/ HTTP/1.1" 500 782 "https://serhatburke.miroglu.net/" "Mozilla/5.0 (Windows NT 10.0; Win64; x64) AppleWebKit/537.36 (KHTML, like Gecko) Chrome/142.0.0.0 Safari/537.36"
83.142.53.125 - - [30/Apr/2026:16:16:04 +0300] "POST /xmlrpc.php HTTP/2" 200 0 "-" "WordPress/XMLRPC Client"
45.201.151.166 - - [30/Apr/2026:16:14:48 +0300] "GET /zotabet-casino-bonus-premier-depot-2026/ HTTP/1.1" 500 782 "https://serhatburke.miroglu.net/" "Mozilla/5.0 (Windows NT 10.0; Win64; x64) AppleWebKit/537.36 (KHTML, like Gecko) Chrome/142.0.0.0 Safari/537.36"
104.166.164.2 - - [30/Apr/2026:16:14:55 +0300] "POST /xmlrpc.php HTTP/1.1" 500 745 "-" "Mozilla/5.0 (Windows NT 10.0; Win64; x64) AppleWebKit/537.36 (KHTML, like Gecko) Chrome/114.0.0.0 Safari/537.36"
138.84.34.66 - - [30/Apr/2026:16:16:36 +0300] "POST /xmlrpc.php HTTP/2" 200 0 "-" "WordPress/XMLRPC Client"
185.216.113.70 - - [30/Apr/2026:16:17:10 +0300] "POST /wp-cron.php?doing_wp_cron=1777555030.2658360004425048828125 HTTP/1.1" 200 448 "-" "WordPress/6.3.8; https://serhatburke.miroglu.net"
104.166.164.2 - - [30/Apr/2026:16:15:12 +0300] "POST /xmlrpc.php HTTP/1.1" 500 745 "-" "Mozilla/5.0 (Windows NT 10.0; Win64; x64) AppleWebKit/537.36 (KHTML, like Gecko) Chrome/114.0.0.0 Safari/537.36"
66.249.73.1 - - [30/Apr/2026:16:15:29 +0300] "GET /super-slots-casino-100-free-spins-bonus-2026-qia-43/ HTTP/1.1" 200 700970 "-" "Mozilla/5.0 (Linux; Android 6.0.1; Nexus 5X Build/MMB29P) AppleWebKit/537.36 (KHTML, like Gecko) Chrome/147.0.7727.116 Mobile Safari/537.36 (compatible; Googlebot/2.1; +http://www.google.com/bot.html)"
45.201.151.166 - - [30/Apr/2026:16:15:18 +0300] "GET /zotabet-casino-bonus-premier-depot-2026/ HTTP/1.1" 500 782 "https://serhatburke.miroglu.net/" "Mozilla/5.0 (Windows NT 10.0; Win64; x64) AppleWebKit/537.36 (KHTML, like Gecko) Chrome/142.0.0.0 Safari/537.36"
66.249.76.64 - - [30/Apr/2026:16:15:23 +0300] "GET /robots.txt HTTP/1.1" 500 782 "-" "Mozilla/5.0 (compatible; Googlebot/2.1; +http://www.google.com/bot.html)"
66.249.76.77 - - [30/Apr/2026:16:15:24 +0300] "GET /better-1-minimal-deposit-casino-internet-no-8/ HTTP/1.1" 500 782 "-" "Mozilla/5.0 (Linux; Android 6.0.1; Nexus 5X Build/MMB29P) AppleWebKit/537.36 (KHTML, like Gecko) Chrome/147.0.7727.116 Mobile Safari/537.36 (compatible; Googlebot/2.1; +http://www.google.com/bot.html)"
103.219.169.226 - - [30/Apr/2026:16:15:32 +0300] "POST /xmlrpc.php HTTP/1.1" 500 745 "-" "Mozilla/5.0 (Windows NT 10.0; Win64; x64) AppleWebKit/537.36 (KHTML, like Gecko) Chrome/114.0.0.0 Safari/537.36"
201.239.176.75 - - [30/Apr/2026:16:17:07 +0300] "POST /xmlrpc.php HTTP/2" 200 0 "-" "WordPress/XMLRPC Client"
104.166.164.2 - - [30/Apr/2026:16:15:39 +0300] "POST /xmlrpc.php HTTP/1.1" 500 745 "-" "Mozilla/5.0 (Windows NT 10.0; Win64; x64) AppleWebKit/537.36 (KHTML, like Gecko) Chrome/114.0.0.0 Safari/537.36"
146.103.1.209 - - [30/Apr/2026:16:15:44 +0300] "GET /bdm-bet-casino-rchle-vhry-vysokointenzvne-sloty-pr/ HTTP/1.1" 500 782 "-" "Python/3.14 aiohttp/3.13.3"
103.219.169.226 - - [30/Apr/2026:16:15:44 +0300] "POST /xmlrpc.php HTTP/1.1" 500 745 "-" "Mozilla/5.0 (Windows NT 10.0; Win64; x64) AppleWebKit/537.36 (KHTML, like Gecko) Chrome/114.0.0.0 Safari/537.36"
185.216.113.70 - - [30/Apr/2026:16:17:46 +0300] "POST /wp-cron.php?doing_wp_cron=1777555066.6687960624694824218750 HTTP/1.1" 200 448 "-" "WordPress/6.3.8; https://serhatburke.miroglu.net"
196.16.5.214 - - [30/Apr/2026:16:15:46 +0300] "GET /wp-admin/post-new.php?post_type=page HTTP/2" 500 384 "-" "Mozilla/5.0 (Windows NT 10.0; Win64; x64) AppleWebKit/537.36 (KHTML, like Gecko) Chrome/147.0.0.0 Safari/537.36"
103.219.169.226 - - [30/Apr/2026:16:15:54 +0300] "POST /xmlrpc.php HTTP/1.1" 200 630 "-" "Mozilla/5.0 (Windows NT 10.0; Win64; x64) AppleWebKit/537.36 (KHTML, like Gecko) Chrome/114.0.0.0 Safari/537.36"
181.214.13.103 - - [30/Apr/2026:16:15:55 +0300] "GET /bdm-bet-casino-rchle-vhry-vysokointenzvne-sloty-pr/ HTTP/1.1" 500 782 "-" "Python/3.14 aiohttp/3.13.3"
181.43.33.252 - - [30/Apr/2026:16:17:39 +0300] "POST /xmlrpc.php HTTP/2" 200 0 "-" "WordPress/XMLRPC Client"
201.138.131.73 - - [30/Apr/2026:16:17:39 +0300] "GET /wp-login.php HTTP/2" 200 0 "-" "Mozilla/5.0 (Windows NT 10.0; Win64; x64) AppleWebKit/537.36"
37.27.228.124 - - [30/Apr/2026:16:17:14 +0300] "POST /xmlrpc.php HTTP/1.1" 200 0 "-" "Mozilla/5.0 (Windows NT 10.0; Win64; x64) AppleWebKit/537.36 (KHTML, like Gecko) Chrome/79.0.3945.130 Safari/537.36"
34.116.28.32 - - [30/Apr/2026:16:16:18 +0300] "GET /pokerdom-oficialnyj-sajt-onlajn-kazino-poker-dom-3/ HTTP/1.1" 500 782 "-" "Mozilla/5.0 (compatible; Google-Apps-Script; beanserver; +https://script.google.com; id: UAEmdDd_w0O9VrNXUtN3dpWLxGhCUbrq1cYg)"
57.128.22.95 - - [30/Apr/2026:16:17:24 +0300] "GET /28563-2/ HTTP/1.1" 200 0 "-" "Mozilla/5.0 (compatible; Googlebot/2.1; +http://www.google.com/bot.html)"
185.216.113.70 - - [30/Apr/2026:16:18:27 +0300] "POST /wp-cron.php?doing_wp_cron=1777555107.4608259201049804687500 HTTP/1.1" 200 448 "-" "WordPress/6.3.8; https://serhatburke.miroglu.net"
185.216.113.70 - - [30/Apr/2026:16:18:30 +0300] "POST /wp-cron.php?doing_wp_cron=1777555109.8625369071960449218750 HTTP/1.1" 200 448 "-" "WordPress/6.3.8; https://serhatburke.miroglu.net"
103.219.169.226 - - [30/Apr/2026:16:17:12 +0300] "GET /?p=146224 HTTP/1.1" 301 646 "-" "Mozilla/5.0 (Windows NT 10.0; Win64; x64) AppleWebKit/537.36 (KHTML, like Gecko) Chrome/123.0.0.0 Safari/537.36 OPR/109.0.0.0"
178.20.30.117 - - [30/Apr/2026:16:18:10 +0300] "GET /wp-login.php HTTP/2" 200 0 "-" "Mozilla/5.0 (Windows NT 10.0; Win64; x64) AppleWebKit/537.36"
185.216.113.70 - - [30/Apr/2026:16:18:48 +0300] "POST /wp-cron.php?doing_wp_cron=1777555128.3497760295867919921875 HTTP/1.1" 200 448 "-" "WordPress/6.3.8; https://serhatburke.miroglu.net"
104.166.164.2 - - [30/Apr/2026:16:16:52 +0300] "POST /xmlrpc.php HTTP/1.1" 500 1102 "-" "Mozilla/5.0 (Windows NT 10.0; Win64; x64) AppleWebKit/537.36 (KHTML, like Gecko) Chrome/114.0.0.0 Safari/537.36"
52.167.144.159 - - [30/Apr/2026:16:18:01 +0300] "GET /the-higher-minimal-deposit-you-will-defer-much-more-chance-averse-punters-even-when/ HTTP/2" 200 0 "-" "Mozilla/5.0 AppleWebKit/537.36 (KHTML, like Gecko; compatible; bingbot/2.0; +http://www.bing.com/bingbot.htm) Chrome/116.0.1938.76 Safari/537.36"
185.216.113.70 - - [30/Apr/2026:16:19:11 +0300] "POST /wp-cron.php?doing_wp_cron=1777555151.1551239490509033203125 HTTP/1.1" 200 448 "-" "WordPress/6.3.8; https://serhatburke.miroglu.net"
185.216.113.70 - - [30/Apr/2026:16:19:12 +0300] "POST /wp-cron.php?doing_wp_cron=1777555151.8559029102325439453125 HTTP/1.1" 200 448 "-" "WordPress/6.3.8; https://serhatburke.miroglu.net"
190.246.33.88 - - [30/Apr/2026:16:18:42 +0300] "GET /wp-login.php HTTP/2" 200 0 "-" "Mozilla/5.0 (Windows NT 10.0; Win64; x64) AppleWebKit/537.36"
96.44.167.86 - - [30/Apr/2026:16:17:41 +0300] "POST /xmlrpc.php HTTP/1.1" 200 630 "-" "Mozilla/5.0 (Windows NT 10.0; Win64; x64) AppleWebKit/537.36 (KHTML, like Gecko) Chrome/114.0.0.0 Safari/537.36"
185.216.113.70 - - [30/Apr/2026:16:19:14 +0300] "POST /wp-cron.php?doing_wp_cron=1777555154.1646230220794677734375 HTTP/1.1" 200 448 "-" "WordPress/6.3.8; https://serhatburke.miroglu.net"
103.219.169.226 - - [30/Apr/2026:16:17:34 +0300] "POST /xmlrpc.php HTTP/1.1" 500 1102 "-" "Mozilla/5.0 (Windows NT 10.0; Win64; x64) AppleWebKit/537.36 (KHTML, like Gecko) Chrome/114.0.0.0 Safari/537.36"
66.249.73.1 - - [30/Apr/2026:16:17:47 +0300] "GET /just-bet-supreme-ventures-group-jamaica-39/ HTTP/1.1" 200 249352 "-" "Mozilla/5.0 (Linux; Android 6.0.1; Nexus 5X Build/MMB29P) AppleWebKit/537.36 (KHTML, like Gecko) Chrome/147.0.7727.116 Mobile Safari/537.36 (compatible; Googlebot/2.1; +http://www.google.com/bot.html)"
185.216.113.70 - - [30/Apr/2026:16:19:36 +0300] "POST /wp-cron.php?doing_wp_cron=1777555176.7654008865356445312500 HTTP/1.1" 200 448 "-" "WordPress/6.3.8; https://serhatburke.miroglu.net"
196.16.5.214 - - [30/Apr/2026:16:19:40 +0300] "GET /wp-includes/js/mediaelement/mediaelementplayer-legacy.min.css?ver=4.2.17 HTTP/2" 200 2394 "https://serhatburke.miroglu.net/wp-admin/post-new.php?post_type=page" "Mozilla/5.0 (Windows NT 10.0; Win64; x64) AppleWebKit/537.36 (KHTML, like Gecko) Chrome/147.0.0.0 Safari/537.36"
196.16.5.214 - - [30/Apr/2026:16:19:40 +0300] "GET /wp-includes/js/imgareaselect/imgareaselect.css?ver=0.9.8 HTTP/2" 200 215 "https://serhatburke.miroglu.net/wp-admin/post-new.php?post_type=page" "Mozilla/5.0 (Windows NT 10.0; Win64; x64) AppleWebKit/537.36 (KHTML, like Gecko) Chrome/147.0.0.0 Safari/537.36"
196.16.5.214 - - [30/Apr/2026:16:19:40 +0300] "GET /wp-content/plugins/wpforms-lite/assets/css/admin-integrations.min.css?ver=1.8.3.1 HTTP/2" 200 4145 "https://serhatburke.miroglu.net/wp-admin/post-new.php?post_type=page" "Mozilla/5.0 (Windows NT 10.0; Win64; x64) AppleWebKit/537.36 (KHTML, like Gecko) Chrome/147.0.0.0 Safari/537.36"
196.16.5.214 - - [30/Apr/2026:16:19:40 +0300] "GET /wp-includes/js/mediaelement/wp-mediaelement.min.css?ver=6.3.8 HTTP/2" 200 982 "https://serhatburke.miroglu.net/wp-admin/post-new.php?post_type=page" "Mozilla/5.0 (Windows NT 10.0; Win64; x64) AppleWebKit/537.36 (KHTML, like Gecko) Chrome/147.0.0.0 Safari/537.36"
196.16.5.214 - - [30/Apr/2026:16:19:40 +0300] "GET /wp-content/plugins/wpforms-lite/assets/css/frontend/modern/wpforms-full.min.css?ver=1.8.3.1 HTTP/2" 200 10003 "https://serhatburke.miroglu.net/wp-admin/post-new.php?post_type=page" "Mozilla/5.0 (Windows NT 10.0; Win64; x64) AppleWebKit/537.36 (KHTML, like Gecko) Chrome/147.0.0.0 Safari/537.36"
196.16.5.214 - - [30/Apr/2026:16:19:40 +0300] "GET /wp-content/plugins/all-in-one-seo-pack/dist/Lite/assets/css/main.b143f638.css?ver=4.4.4 HTTP/2" 200 3224 "https://serhatburke.miroglu.net/wp-admin/post-new.php?post_type=page" "Mozilla/5.0 (Windows NT 10.0; Win64; x64) AppleWebKit/537.36 (KHTML, like Gecko) Chrome/147.0.0.0 Safari/537.36"
196.16.5.214 - - [30/Apr/2026:16:19:40 +0300] "GET /wp-content/plugins/google-analytics-for-wordpress/assets/gutenberg/css/editor.css?ver=10.1.3 HTTP/2" 200 7338 "https://serhatburke.miroglu.net/wp-admin/post-new.php?post_type=page" "Mozilla/5.0 (Windows NT 10.0; Win64; x64) AppleWebKit/537.36 (KHTML, like Gecko) Chrome/147.0.0.0 Safari/537.36"
196.16.5.214 - - [30/Apr/2026:16:19:40 +0300] "GET /wp-content/plugins/all-in-one-seo-pack/dist/Lite/assets//link-format/link-format-block.css?ver=4.4.4 HTTP/2" 200 504 "https://serhatburke.miroglu.net/wp-admin/post-new.php?post_type=page" "Mozilla/5.0 (Windows NT 10.0; Win64; x64) AppleWebKit/537.36 (KHTML, like Gecko) Chrome/147.0.0.0 Safari/537.36"
196.16.5.214 - - [30/Apr/2026:16:19:40 +0300] "GET /wp-content/themes/toppic/css/gutenberg-style.css?ver=4.2 HTTP/2" 200 2348 "https://serhatburke.miroglu.net/wp-admin/post-new.php?post_type=page" "Mozilla/5.0 (Windows NT 10.0; Win64; x64) AppleWebKit/537.36 (KHTML, like Gecko) Chrome/147.0.0.0 Safari/537.36"
196.16.5.214 - - [30/Apr/2026:16:19:40 +0300] "GET /wp-content/plugins/all-in-one-seo-pack/dist/Lite/assets/css/main.4c7e386f.css?ver=4.4.4 HTTP/2" 200 2583 "https://serhatburke.miroglu.net/wp-admin/post-new.php?post_type=page" "Mozilla/5.0 (Windows NT 10.0; Win64; x64) AppleWebKit/537.36 (KHTML, like Gecko) Chrome/147.0.0.0 Safari/537.36"
196.16.5.214 - - [30/Apr/2026:16:19:40 +0300] "GET /wp-content/plugins/all-in-one-seo-pack/dist/Lite/assets/css/Row.d88b2bb9.css?ver=4.4.4 HTTP/2" 200 2005 "https://serhatburke.miroglu.net/wp-admin/post-new.php?post_type=page" "Mozilla/5.0 (Windows NT 10.0; Win64; x64) AppleWebKit/537.36 (KHTML, like Gecko) Chrome/147.0.0.0 Safari/537.36"
196.16.5.214 - - [30/Apr/2026:16:19:40 +0300] "GET /wp-content/plugins/all-in-one-seo-pack/dist/Lite/assets/css/Index.05ebc121.css?ver=4.4.4 HTTP/2" 200 1148 "https://serhatburke.miroglu.net/wp-admin/post-new.php?post_type=page" "Mozilla/5.0 (Windows NT 10.0; Win64; x64) AppleWebKit/537.36 (KHTML, like Gecko) Chrome/147.0.0.0 Safari/537.36"
196.16.5.214 - - [30/Apr/2026:16:19:40 +0300] "GET /wp-content/plugins/all-in-one-seo-pack/dist/Lite/assets/css/Index.518f837a.css?ver=4.4.4 HTTP/2" 200 857 "https://serhatburke.miroglu.net/wp-admin/post-new.php?post_type=page" "Mozilla/5.0 (Windows NT 10.0; Win64; x64) AppleWebKit/537.36 (KHTML, like Gecko) Chrome/147.0.0.0 Safari/537.36"
196.16.5.214 - - [30/Apr/2026:16:19:40 +0300] "GET /wp-content/plugins/all-in-one-seo-pack/dist/Lite/assets/css/blocks-editor.ff3c2caf.css?ver=4.4.4 HTTP/2" 200 313 "https://serhatburke.miroglu.net/wp-admin/post-new.php?post_type=page" "Mozilla/5.0 (Windows NT 10.0; Win64; x64) AppleWebKit/537.36 (KHTML, like Gecko) Chrome/147.0.0.0 Safari/537.36"
196.16.5.214 - - [30/Apr/2026:16:19:40 +0300] "GET /wp-content/plugins/wpforms-lite/assets/css/choices.min.css?ver=9.0.1 HTTP/2" 200 2073 "https://serhatburke.miroglu.net/wp-admin/post-new.php?post_type=page" "Mozilla/5.0 (Windows NT 10.0; Win64; x64) AppleWebKit/537.36 (KHTML, like Gecko) Chrome/147.0.0.0 Safari/537.36"
196.16.5.214 - - [30/Apr/2026:16:19:40 +0300] "GET /wp-content/plugins/all-in-one-seo-pack/dist/Lite/assets/css/index.f13cbef6.css?ver=4.4.4 HTTP/2" 200 3697 "https://serhatburke.miroglu.net/wp-admin/post-new.php?post_type=page" "Mozilla/5.0 (Windows NT 10.0; Win64; x64) AppleWebKit/537.36 (KHTML, like Gecko) Chrome/147.0.0.0 Safari/537.36"
196.16.5.214 - - [30/Apr/2026:16:19:40 +0300] "GET /wp-content/plugins/all-in-one-seo-pack/dist/Lite/assets/css/App.4ec331f1.css?ver=4.4.4 HTTP/2" 200 9588 "https://serhatburke.miroglu.net/wp-admin/post-new.php?post_type=page" "Mozilla/5.0 (Windows NT 10.0; Win64; x64) AppleWebKit/537.36 (KHTML, like Gecko) Chrome/147.0.0.0 Safari/537.36"
196.16.5.214 - - [30/Apr/2026:16:19:40 +0300] "GET /wp-content/plugins/all-in-one-seo-pack/dist/Lite/assets/css/main.354fe50d.css?ver=4.4.4 HTTP/2" 200 2132 "https://serhatburke.miroglu.net/wp-admin/post-new.php?post_type=page" "Mozilla/5.0 (Windows NT 10.0; Win64; x64) AppleWebKit/537.36 (KHTML, like Gecko) Chrome/147.0.0.0 Safari/537.36"
196.16.5.214 - - [30/Apr/2026:16:19:40 +0300] "GET /wp-content/plugins/all-in-one-seo-pack/dist/Lite/assets/css/Caret.82e4ef18.css?ver=4.4.4 HTTP/2" 200 957 "https://serhatburke.miroglu.net/wp-admin/post-new.php?post_type=page" "Mozilla/5.0 (Windows NT 10.0; Win64; x64) AppleWebKit/537.36 (KHTML, like Gecko) Chrome/147.0.0.0 Safari/537.36"
196.16.5.214 - - [30/Apr/2026:16:19:40 +0300] "GET /wp-content/plugins/all-in-one-seo-pack/dist/Lite/assets/css/SettingsRow.b9fdc14f.css?ver=4.4.4 HTTP/2" 200 433 "https://serhatburke.miroglu.net/wp-admin/post-new.php?post_type=page" "Mozilla/5.0 (Windows NT 10.0; Win64; x64) AppleWebKit/537.36 (KHTML, like Gecko) Chrome/147.0.0.0 Safari/537.36"
196.16.5.214 - - [30/Apr/2026:16:19:40 +0300] "GET /wp-content/plugins/all-in-one-seo-pack/dist/Lite/assets/css/Phone.85a95941.css?ver=4.4.4 HTTP/2" 200 3549 "https://serhatburke.miroglu.net/wp-admin/post-new.php?post_type=page" "Mozilla/5.0 (Windows NT 10.0; Win64; x64) AppleWebKit/537.36 (KHTML, like Gecko) Chrome/147.0.0.0 Safari/537.36"
196.16.5.214 - - [30/Apr/2026:16:19:40 +0300] "GET /wp-content/plugins/all-in-one-seo-pack/dist/Lite/assets/css/Tabs.ec7cb519.css?ver=4.4.4 HTTP/2" 200 1518 "https://serhatburke.miroglu.net/wp-admin/post-new.php?post_type=page" "Mozilla/5.0 (Windows NT 10.0; Win64; x64) AppleWebKit/537.36 (KHTML, like Gecko) Chrome/147.0.0.0 Safari/537.36"
196.16.5.214 - - [30/Apr/2026:16:19:40 +0300] "GET /wp-content/plugins/all-in-one-seo-pack/dist/Lite/assets/css/Checkbox.46c4f4db.css?ver=4.4.4 HTTP/2" 200 525 "https://serhatburke.miroglu.net/wp-admin/post-new.php?post_type=page" "Mozilla/5.0 (Windows NT 10.0; Win64; x64) AppleWebKit/537.36 (KHTML, like Gecko) Chrome/147.0.0.0 Safari/537.36"
196.16.5.214 - - [30/Apr/2026:16:19:40 +0300] "GET /wp-content/plugins/all-in-one-seo-pack/dist/Lite/assets/css/RadioToggle.5183d076.css?ver=4.4.4 HTTP/2" 200 519 "https://serhatburke.miroglu.net/wp-admin/post-new.php?post_type=page" "Mozilla/5.0 (Windows NT 10.0; Win64; x64) AppleWebKit/537.36 (KHTML, like Gecko) Chrome/147.0.0.0 Safari/537.36"
196.16.5.214 - - [30/Apr/2026:16:19:40 +0300] "GET /wp-content/plugins/all-in-one-seo-pack/dist/Lite/assets/css/LicenseKeyBar.9dee709b.css?ver=4.4.4 HTTP/2" 200 284 "https://serhatburke.miroglu.net/wp-admin/post-new.php?post_type=page" "Mozilla/5.0 (Windows NT 10.0; Win64; x64) AppleWebKit/537.36 (KHTML, like Gecko) Chrome/147.0.0.0 Safari/537.36"
196.16.5.214 - - [30/Apr/2026:16:19:40 +0300] "GET /wp-content/plugins/all-in-one-seo-pack/dist/Lite/assets/css/Tooltip.c2302985.css?ver=4.4.4 HTTP/2" 200 456 "https://serhatburke.miroglu.net/wp-admin/post-new.php?post_type=page" "Mozilla/5.0 (Windows NT 10.0; Win64; x64) AppleWebKit/537.36 (KHTML, like Gecko) Chrome/147.0.0.0 Safari/537.36"
196.16.5.214 - - [30/Apr/2026:16:19:40 +0300] "GET /wp-content/plugins/all-in-one-seo-pack/dist/Lite/assets/css/Editor.107b0dcd.css?ver=4.4.4 HTTP/2" 200 5004 "https://serhatburke.miroglu.net/wp-admin/post-new.php?post_type=page" "Mozilla/5.0 (Windows NT 10.0; Win64; x64) AppleWebKit/537.36 (KHTML, like Gecko) Chrome/147.0.0.0 Safari/537.36"
196.16.5.214 - - [30/Apr/2026:16:19:40 +0300] "GET /wp-content/plugins/all-in-one-seo-pack/dist/Lite/assets/css/Blur.02feb373.css?ver=4.4.4 HTTP/2" 200 93 "https://serhatburke.miroglu.net/wp-admin/post-new.php?post_type=page" "Mozilla/5.0 (Windows NT 10.0; Win64; x64) AppleWebKit/537.36 (KHTML, like Gecko) Chrome/147.0.0.0 Safari/537.36"
196.16.5.214 - - [30/Apr/2026:16:19:40 +0300] "GET /wp-content/plugins/all-in-one-seo-pack/dist/Lite/assets/css/GoogleSearchPreview.7d51503b.css?ver=4.4.4 HTTP/2" 200 485 "https://serhatburke.miroglu.net/wp-admin/post-new.php?post_type=page" "Mozilla/5.0 (Windows NT 10.0; Win64; x64) AppleWebKit/537.36 (KHTML, like Gecko) Chrome/147.0.0.0 Safari/537.36"
196.16.5.214 - - [30/Apr/2026:16:19:40 +0300] "GET /wp-content/plugins/all-in-one-seo-pack/dist/Lite/assets/css/HtmlTagsEditor.9fbc7912.css?ver=4.4.4 HTTP/2" 200 494 "https://serhatburke.miroglu.net/wp-admin/post-new.php?post_type=page" "Mozilla/5.0 (Windows NT 10.0; Win64; x64) AppleWebKit/537.36 (KHTML, like Gecko) Chrome/147.0.0.0 Safari/537.36"
196.16.5.214 - - [30/Apr/2026:16:19:40 +0300] "GET /wp-content/plugins/all-in-one-seo-pack/dist/Lite/assets/css/Table.5fc34407.css?ver=4.4.4 HTTP/2" 200 1440 "https://serhatburke.miroglu.net/wp-admin/post-new.php?post_type=page" "Mozilla/5.0 (Windows NT 10.0; Win64; x64) AppleWebKit/537.36 (KHTML, like Gecko) Chrome/147.0.0.0 Safari/537.36"
196.16.5.214 - - [30/Apr/2026:16:19:40 +0300] "GET /wp-content/plugins/all-in-one-seo-pack/dist/Lite/assets/css/FacebookPreview.602923a4.css?ver=4.4.4 HTTP/2" 200 800 "https://serhatburke.miroglu.net/wp-admin/post-new.php?post_type=page" "Mozilla/5.0 (Windows NT 10.0; Win64; x64) AppleWebKit/537.36 (KHTML, like Gecko) Chrome/147.0.0.0 Safari/537.36"
196.16.5.214 - - [30/Apr/2026:16:19:40 +0300] "GET /wp-content/plugins/all-in-one-seo-pack/dist/Lite/assets/css/ImageUploader.e2227810.css?ver=4.4.4 HTTP/2" 200 404 "https://serhatburke.miroglu.net/wp-admin/post-new.php?post_type=page" "Mozilla/5.0 (Windows NT 10.0; Win64; x64) AppleWebKit/537.36 (KHTML, like Gecko) Chrome/147.0.0.0 Safari/537.36"
196.16.5.214 - - [30/Apr/2026:16:19:40 +0300] "GET /wp-content/plugins/all-in-one-seo-pack/dist/Lite/assets/css/TwitterPreview.8e2452b0.css?ver=4.4.4 HTTP/2" 200 825 "https://serhatburke.miroglu.net/wp-admin/post-new.php?post_type=page" "Mozilla/5.0 (Windows NT 10.0; Win64; x64) AppleWebKit/537.36 (KHTML, like Gecko) Chrome/147.0.0.0 Safari/537.36"
196.16.5.214 - - [30/Apr/2026:16:19:40 +0300] "GET /wp-content/plugins/all-in-one-seo-pack/dist/Lite/assets/css/Index.8c8c1878.css?ver=4.4.4 HTTP/2" 200 1674 "https://serhatburke.miroglu.net/wp-admin/post-new.php?post_type=page" "Mozilla/5.0 (Windows NT 10.0; Win64; x64) AppleWebKit/537.36 (KHTML, like Gecko) Chrome/147.0.0.0 Safari/537.36"
196.16.5.214 - - [30/Apr/2026:16:19:40 +0300] "GET /wp-content/plugins/all-in-one-seo-pack/dist/Lite/assets/css/ProBadge.e2a3dc3b.css?ver=4.4.4 HTTP/2" 200 183 "https://serhatburke.miroglu.net/wp-admin/post-new.php?post_type=page" "Mozilla/5.0 (Windows NT 10.0; Win64; x64) AppleWebKit/537.36 (KHTML, like Gecko) Chrome/147.0.0.0 Safari/537.36"
196.16.5.214 - - [30/Apr/2026:16:19:40 +0300] "GET /wp-content/plugins/all-in-one-seo-pack/dist/Lite/assets/css/Card.4d35fa5e.css?ver=4.4.4 HTTP/2" 200 692 "https://serhatburke.miroglu.net/wp-admin/post-new.php?post_type=page" "Mozilla/5.0 (Windows NT 10.0; Win64; x64) AppleWebKit/537.36 (KHTML, like Gecko) Chrome/147.0.0.0 Safari/537.36"
196.16.5.214 - - [30/Apr/2026:16:19:40 +0300] "GET /wp-content/plugins/all-in-one-seo-pack/dist/Lite/assets/css/Upsell.aef1c2de.css?ver=4.4.4 HTTP/2" 200 155 "https://serhatburke.miroglu.net/wp-admin/post-new.php?post_type=page" "Mozilla/5.0 (Windows NT 10.0; Win64; x64) AppleWebKit/537.36 (KHTML, like Gecko) Chrome/147.0.0.0 Safari/537.36"
196.16.5.214 - - [30/Apr/2026:16:19:40 +0300] "GET /wp-content/plugins/all-in-one-seo-pack/dist/Lite/assets/css/main.514aa3f6.css?ver=4.4.4 HTTP/2" 200 498 "https://serhatburke.miroglu.net/wp-admin/post-new.php?post_type=page" "Mozilla/5.0 (Windows NT 10.0; Win64; x64) AppleWebKit/537.36 (KHTML, like Gecko) Chrome/147.0.0.0 Safari/537.36"
196.16.5.214 - - [30/Apr/2026:16:19:40 +0300] "GET /wp-content/plugins/all-in-one-seo-pack/dist/Lite/assets/css/main.748c6d4f.css?ver=4.4.4 HTTP/2" 200 200 "https://serhatburke.miroglu.net/wp-admin/post-new.php?post_type=page" "Mozilla/5.0 (Windows NT 10.0; Win64; x64) AppleWebKit/537.36 (KHTML, like Gecko) Chrome/147.0.0.0 Safari/537.36"
196.16.5.214 - - [30/Apr/2026:16:19:41 +0300] "GET /wp-content/plugins/all-in-one-seo-pack/dist/Lite/assets/css/main.d1b22e44.css?ver=4.4.4 HTTP/2" 200 240 "https://serhatburke.miroglu.net/wp-admin/post-new.php?post_type=page" "Mozilla/5.0 (Windows NT 10.0; Win64; x64) AppleWebKit/537.36 (KHTML, like Gecko) Chrome/147.0.0.0 Safari/537.36"
196.16.5.214 - - [30/Apr/2026:16:19:41 +0300] "GET /wp-content/plugins/all-in-one-seo-pack/dist/Lite/assets/css/main.0fb95abf.css?ver=4.4.4 HTTP/2" 200 633 "https://serhatburke.miroglu.net/wp-admin/post-new.php?post_type=page" "Mozilla/5.0 (Windows NT 10.0; Win64; x64) AppleWebKit/537.36 (KHTML, like Gecko) Chrome/147.0.0.0 Safari/537.36"
196.16.5.214 - - [30/Apr/2026:16:19:41 +0300] "GET /wp-content/plugins/all-in-one-seo-pack/dist/Lite/assets/css/main.2ac0cc67.css?ver=4.4.4 HTTP/2" 200 271 "https://serhatburke.miroglu.net/wp-admin/post-new.php?post_type=page" "Mozilla/5.0 (Windows NT 10.0; Win64; x64) AppleWebKit/537.36 (KHTML, like Gecko) Chrome/147.0.0.0 Safari/537.36"
196.16.5.214 - - [30/Apr/2026:16:19:41 +0300] "GET /wp-content/plugins/all-in-one-seo-pack/dist/Lite/assets/css/main.0ab815b6.css?ver=4.4.4 HTTP/2" 200 5345 "https://serhatburke.miroglu.net/wp-admin/post-new.php?post_type=page" "Mozilla/5.0 (Windows NT 10.0; Win64; x64) AppleWebKit/537.36 (KHTML, like Gecko) Chrome/147.0.0.0 Safari/537.36"
196.16.5.214 - - [30/Apr/2026:16:19:41 +0300] "GET /wp-content/plugins/wp-file-manager/css/fm_common.css?ver=6.3.8 HTTP/2" 200 153 "https://serhatburke.miroglu.net/wp-admin/post-new.php?post_type=page" "Mozilla/5.0 (Windows NT 10.0; Win64; x64) AppleWebKit/537.36 (KHTML, like Gecko) Chrome/147.0.0.0 Safari/537.36"
196.16.5.214 - - [30/Apr/2026:16:19:41 +0300] "GET /wp-content/plugins/google-analytics-for-wordpress/assets/css/admin-common.min.css?ver=10.1.3 HTTP/2" 200 409 "https://serhatburke.miroglu.net/wp-admin/post-new.php?post_type=page" "Mozilla/5.0 (Windows NT 10.0; Win64; x64) AppleWebKit/537.36 (KHTML, like Gecko) Chrome/147.0.0.0 Safari/537.36"
196.16.5.214 - - [30/Apr/2026:16:19:41 +0300] "GET /wp-content/plugins/google-analytics-for-wordpress/lite/assets/vue/css/admin.css?ver=10.1.3 HTTP/2" 200 362 "https://serhatburke.miroglu.net/wp-admin/post-new.php?post_type=page" "Mozilla/5.0 (Windows NT 10.0; Win64; x64) AppleWebKit/537.36 (KHTML, like Gecko) Chrome/147.0.0.0 Safari/537.36"
196.16.5.214 - - [30/Apr/2026:16:19:41 +0300] "GET /wp-content/themes/toppic/css/meta-style.css?ver=4.2 HTTP/2" 200 979 "https://serhatburke.miroglu.net/wp-admin/post-new.php?post_type=page" "Mozilla/5.0 (Windows NT 10.0; Win64; x64) AppleWebKit/537.36 (KHTML, like Gecko) Chrome/147.0.0.0 Safari/537.36"
