96.44.167.86 - - [30/Apr/2026:13:35:01 +0300] "GET /7-melhores-atividade-sem-casa-para-casino-roulettino-e-seguro-mocidade-2026/ HTTP/1.1" 200 79646 "-" "Mozilla/5.0 (Windows NT 10.0; Win64; x64) AppleWebKit/537.36 (KHTML, like Gecko) Chrome/124.0.0.0 Safari/537.36 Edg/124.0.0.0"
52.167.144.173 - - [30/Apr/2026:13:35:15 +0300] "GET /the-latest-mountainside-lodge-can-be-known-as-caesars-republic-sonoma-county-during-summer-from-2027/ HTTP/2" 200 19040 "-" "Mozilla/5.0 AppleWebKit/537.36 (KHTML, like Gecko; compatible; bingbot/2.0; +http://www.bing.com/bingbot.htm) Chrome/116.0.1938.76 Safari/537.36"
185.216.113.70 - - [30/Apr/2026:13:35:42 +0300] "POST /wp-cron.php?doing_wp_cron=1777545342.8396039009094238281250 HTTP/1.1" 200 448 "-" "WordPress/6.3.8; https://serhatburke.miroglu.net"
40.77.167.22 - - [30/Apr/2026:13:35:18 +0300] "GET /superb-casinobonusar-2026-aktuella-100-gratissnurr-utan-insattning-winnings-of-oz-erbjudanden-kungen-onlinecasinon/ HTTP/2" 200 18732 "-" "Mozilla/5.0 AppleWebKit/537.36 (KHTML, like Gecko; compatible; bingbot/2.0; +http://www.bing.com/bingbot.htm) Chrome/116.0.1938.76 Safari/537.36"
52.167.144.173 - - [30/Apr/2026:13:35:18 +0300] "GET /nejstastnejsi-vanoce-poznamka-k-bonus-fairspin-lesni-pozicni-hre-2026/ HTTP/2" 200 18565 "-" "Mozilla/5.0 AppleWebKit/537.36 (KHTML, like Gecko; compatible; bingbot/2.0; +http://www.bing.com/bingbot.htm) Chrome/116.0.1938.76 Safari/537.36"
40.77.167.22 - - [30/Apr/2026:13:35:28 +0300] "GET /zodiac-casino-review-2026-greatest-bonuses-and-betvictor-casino-app-ios-you-can-vip-system/ HTTP/2" 200 18600 "-" "Mozilla/5.0 AppleWebKit/537.36 (KHTML, like Gecko; compatible; bingbot/2.0; +http://www.bing.com/bingbot.htm) Chrome/116.0.1938.76 Safari/537.36"
37.139.53.240 - - [30/Apr/2026:13:35:21 +0300] "POST / HTTP/2" 200 18881 "-" "Mozilla/5.0 (Macintosh; Intel Mac OS X 10_15_7) AppleWebKit/605.1.15 (KHTML, like Gecko) Version/18.0 Safari/605.1.15"
52.167.144.173 - - [30/Apr/2026:13:35:56 +0300] "GET /gamble-cashapillar-because-of-the-microgaming-at-no-cost-no-download-no-membership/ HTTP/2" 200 19988 "-" "Mozilla/5.0 AppleWebKit/537.36 (KHTML, like Gecko; compatible; bingbot/2.0; +http://www.bing.com/bingbot.htm) Chrome/116.0.1938.76 Safari/537.36"
40.77.167.22 - - [30/Apr/2026:13:36:00 +0300] "GET /lucky-days-casino-direkt-von-der-quelle-test-2026-willkommenspaket-freispiele/ HTTP/2" 200 20358 "-" "Mozilla/5.0 AppleWebKit/537.36 (KHTML, like Gecko; compatible; bingbot/2.0; +http://www.bing.com/bingbot.htm) Chrome/116.0.1938.76 Safari/537.36"
52.167.144.173 - - [30/Apr/2026:13:36:15 +0300] "GET /complete-online-pokies-publication-from-cosmic-cat-casino-game-the-pokieslab/ HTTP/2" 200 18459 "-" "Mozilla/5.0 AppleWebKit/537.36 (KHTML, like Gecko; compatible; bingbot/2.0; +http://www.bing.com/bingbot.htm) Chrome/116.0.1938.76 Safari/537.36"
185.216.113.70 - - [30/Apr/2026:13:36:48 +0300] "POST /wp-cron.php?doing_wp_cron=1777545408.0395801067352294921875 HTTP/1.1" 200 448 "-" "WordPress/6.3.8; https://serhatburke.miroglu.net"
52.167.144.173 - - [30/Apr/2026:13:36:35 +0300] "GET /put-ten-get-100-100-percent-free-revolves-slot-games-treasures-of-egypt-best-10-casino-bonuses-united-kingdom/ HTTP/2" 200 20399 "-" "Mozilla/5.0 AppleWebKit/537.36 (KHTML, like Gecko; compatible; bingbot/2.0; +http://www.bing.com/bingbot.htm) Chrome/116.0.1938.76 Safari/537.36"
40.77.167.22 - - [30/Apr/2026:13:36:40 +0300] "GET /kraken-bezopasnoe-podkliuchenie-i-rabochie-ssylki-2026/ HTTP/2" 200 18810 "-" "Mozilla/5.0 AppleWebKit/537.36 (KHTML, like Gecko; compatible; bingbot/2.0; +http://www.bing.com/bingbot.htm) Chrome/116.0.1938.76 Safari/537.36"
185.216.113.70 - - [30/Apr/2026:13:37:07 +0300] "POST /wp-cron.php?doing_wp_cron=1777545427.4523570537567138671875 HTTP/1.1" 200 448 "-" "WordPress/6.3.8; https://serhatburke.miroglu.net"
23.236.167.88 - - [30/Apr/2026:13:36:47 +0300] "POST /xmlrpc.php HTTP/1.1" 200 1695 "-" "Mozilla/5.0 (Windows NT 10.0; Win64; x64; rv:125.0) Gecko/20100101 Firefox/125.0"
52.167.144.173 - - [30/Apr/2026:13:36:55 +0300] "GET /%E1%90%88-penny-slots-totally-free-video-slot-online-enjoy-games-zero-identity-harbors/ HTTP/2" 200 18787 "-" "Mozilla/5.0 AppleWebKit/537.36 (KHTML, like Gecko; compatible; bingbot/2.0; +http://www.bing.com/bingbot.htm) Chrome/116.0.1938.76 Safari/537.36"
185.216.113.70 - - [30/Apr/2026:13:39:33 +0300] "POST /wp-cron.php?doing_wp_cron=1777545573.6237111091613769531250 HTTP/1.1" 200 448 "-" "WordPress/6.3.8; https://serhatburke.miroglu.net"
104.166.164.21 - - [30/Apr/2026:13:39:18 +0300] "POST /xmlrpc.php HTTP/1.1" 200 630 "-" "Mozilla/5.0 (Windows NT 10.0; Win64; x64) AppleWebKit/537.36 (KHTML, like Gecko) Chrome/114.0.0.0 Safari/537.36"
40.77.167.55 - - [30/Apr/2026:13:39:36 +0300] "GET /5-deposit-gaming-sites-usa-dolphin-quest-symbols-2026/ HTTP/2" 200 19537 "-" "Mozilla/5.0 AppleWebKit/537.36 (KHTML, like Gecko; compatible; bingbot/2.0; +http://www.bing.com/bingbot.htm) Chrome/116.0.1938.76 Safari/537.36"
40.77.167.17 - - [30/Apr/2026:13:39:39 +0300] "GET /kraken-bezopasnoe-ispol-zovanie-darkneta-v-2026-6/ HTTP/2" 200 18390 "-" "Mozilla/5.0 AppleWebKit/537.36 (KHTML, like Gecko; compatible; bingbot/2.0; +http://www.bing.com/bingbot.htm) Chrome/116.0.1938.76 Safari/537.36"
104.166.164.21 - - [30/Apr/2026:13:39:41 +0300] "POST /xmlrpc.php HTTP/1.1" 200 14933 "-" "Mozilla/5.0 (Windows NT 10.0; Win64; x64) AppleWebKit/537.36 (KHTML, like Gecko) Chrome/114.0.0.0 Safari/537.36"
40.77.167.55 - - [30/Apr/2026:13:39:40 +0300] "GET /cat-glitter-position-high-roller-online-review-larger-gains-with-30-paylines/ HTTP/2" 200 20223 "-" "Mozilla/5.0 AppleWebKit/537.36 (KHTML, like Gecko; compatible; bingbot/2.0; +http://www.bing.com/bingbot.htm) Chrome/116.0.1938.76 Safari/537.36"
40.77.167.17 - - [30/Apr/2026:13:39:48 +0300] "GET /quale-prendere-il-miglior-posto-di-scommesse-escludendo-documentazione/ HTTP/2" 200 17723 "-" "Mozilla/5.0 AppleWebKit/537.36 (KHTML, like Gecko; compatible; bingbot/2.0; +http://www.bing.com/bingbot.htm) Chrome/116.0.1938.76 Safari/537.36"
185.216.113.70 - - [30/Apr/2026:13:40:42 +0300] "POST /wp-cron.php?doing_wp_cron=1777545642.1916849613189697265625 HTTP/1.1" 200 448 "-" "WordPress/6.3.8; https://serhatburke.miroglu.net"
200.25.47.108 - - [30/Apr/2026:13:40:21 +0300] "POST /xmlrpc.php HTTP/1.1" 200 630 "-" "Mozilla/5.0 (Windows NT 10.0; Win64; x64) AppleWebKit/537.36 (KHTML, like Gecko) Chrome/114.0.0.0 Safari/537.36"
104.166.164.21 - - [30/Apr/2026:13:40:22 +0300] "GET /enjoy-jungle-jurassic-globe-rtp-1-put-jim-el-deposit-10-play-with-50-online-casino-dorado-video-slot-for-free-2026/ HTTP/1.1" 200 80059 "-" "Mozilla/5.0 (Windows NT 10.0; rv:109.0) Gecko/20100101 Firefox/115.0"
40.77.167.55 - - [30/Apr/2026:13:40:26 +0300] "GET /live-dealer-online-casino-games/ HTTP/2" 200 17892 "-" "Mozilla/5.0 AppleWebKit/537.36 (KHTML, like Gecko; compatible; bingbot/2.0; +http://www.bing.com/bingbot.htm) Chrome/116.0.1938.76 Safari/537.36"
200.25.47.108 - - [30/Apr/2026:13:40:49 +0300] "POST /xmlrpc.php HTTP/1.1" 200 9387 "-" "Mozilla/5.0 (Windows NT 10.0; Win64; x64) AppleWebKit/537.36 (KHTML, like Gecko) Chrome/114.0.0.0 Safari/537.36"
40.77.167.55 - - [30/Apr/2026:13:40:57 +0300] "GET /100-percent-free-slots-safari-slot-100-percent-free-casino-games-on-the-internet/ HTTP/2" 200 19710 "-" "Mozilla/5.0 AppleWebKit/537.36 (KHTML, like Gecko; compatible; bingbot/2.0; +http://www.bing.com/bingbot.htm) Chrome/116.0.1938.76 Safari/537.36"
200.25.47.108 - - [30/Apr/2026:13:41:06 +0300] "GET /tagesordnungspunkt-eye-of-horus-casinos-qua-pramie-echtgeld-zum-besten-geben/ HTTP/1.1" 200 74287 "-" "Mozilla/5.0 (Windows NT 10.0; Win64; x64) AppleWebKit/537.36 (KHTML, like Gecko) Chrome/123.0.0.0 Safari/537.36"
185.216.113.70 - - [30/Apr/2026:13:41:57 +0300] "POST /wp-cron.php?doing_wp_cron=1777545717.2712390422821044921875 HTTP/1.1" 200 448 "-" "WordPress/6.3.8; https://serhatburke.miroglu.net"
40.77.167.8 - - [30/Apr/2026:13:41:25 +0300] "GET /przeksztalc-wieczory-w-wygrywajace-chwile-dzieki-nvcasino/ HTTP/2" 200 19130 "-" "Mozilla/5.0 AppleWebKit/537.36 (KHTML, like Gecko; compatible; bingbot/2.0; +http://www.bing.com/bingbot.htm) Chrome/116.0.1938.76 Safari/537.36"
38.246.32.195 - - [30/Apr/2026:13:41:26 +0300] "POST /xmlrpc.php HTTP/1.1" 200 630 "-" "Mozilla/5.0 (Windows NT 10.0; Win64; x64) AppleWebKit/537.36 (KHTML, like Gecko) Chrome/114.0.0.0 Safari/537.36"
40.77.167.55 - - [30/Apr/2026:13:41:27 +0300] "GET /these-will-need-to-be-installed-regarding-the-relevant-software-store-depending-on-the-systems-you-are-powering/ HTTP/2" 200 17666 "-" "Mozilla/5.0 AppleWebKit/537.36 (KHTML, like Gecko; compatible; bingbot/2.0; +http://www.bing.com/bingbot.htm) Chrome/116.0.1938.76 Safari/537.36"
40.77.167.55 - - [30/Apr/2026:13:41:29 +0300] "GET /winning-contests-during-the-modo-gambling-establishment-%EF%BF%BDhere-is-what-you-need/ HTTP/2" 200 17957 "-" "Mozilla/5.0 AppleWebKit/537.36 (KHTML, like Gecko; compatible; bingbot/2.0; +http://www.bing.com/bingbot.htm) Chrome/116.0.1938.76 Safari/537.36"
40.77.167.17 - - [30/Apr/2026:13:41:30 +0300] "GET /bedste-indbetalingsbonus-online-kasino-pr-2024-komme-sammen-med-listen-herhen-kasino/ HTTP/2" 200 19752 "-" "Mozilla/5.0 AppleWebKit/537.36 (KHTML, like Gecko; compatible; bingbot/2.0; +http://www.bing.com/bingbot.htm) Chrome/116.0.1938.76 Safari/537.36"
40.77.167.17 - - [30/Apr/2026:13:41:39 +0300] "GET /betfair-gambling-establishment-shines-for-a-few-reasons-so-its-an-enticing-selection-for-on-the-internet-bettors/ HTTP/2" 200 18822 "-" "Mozilla/5.0 AppleWebKit/537.36 (KHTML, like Gecko; compatible; bingbot/2.0; +http://www.bing.com/bingbot.htm) Chrome/116.0.1938.76 Safari/537.36"
38.246.32.195 - - [30/Apr/2026:13:42:09 +0300] "POST /xmlrpc.php HTTP/1.1" 200 8957 "-" "Mozilla/5.0 (Windows NT 10.0; Win64; x64) AppleWebKit/537.36 (KHTML, like Gecko) Chrome/114.0.0.0 Safari/537.36"
40.77.167.8 - - [30/Apr/2026:13:42:07 +0300] "GET /experience-the-benefits-of-ledger-live-for-crypto/ HTTP/2" 200 17508 "-" "Mozilla/5.0 AppleWebKit/537.36 (KHTML, like Gecko; compatible; bingbot/2.0; +http://www.bing.com/bingbot.htm) Chrome/116.0.1938.76 Safari/537.36"
40.77.167.55 - - [30/Apr/2026:13:42:16 +0300] "GET /selbige-erfolgreichsten-verbunden-casinos-zu-handen-iphone-z-hd-die-kunden-synoptisch/ HTTP/2" 200 18428 "-" "Mozilla/5.0 AppleWebKit/537.36 (KHTML, like Gecko; compatible; bingbot/2.0; +http://www.bing.com/bingbot.htm) Chrome/116.0.1938.76 Safari/537.36"
185.216.113.70 - - [30/Apr/2026:13:42:44 +0300] "POST /wp-cron.php?doing_wp_cron=1777545764.4076719284057617187500 HTTP/1.1" 200 448 "-" "WordPress/6.3.8; https://serhatburke.miroglu.net"
38.246.32.195 - - [30/Apr/2026:13:42:31 +0300] "GET /there-are-several-an-effective-way-to-unlock-virtual-credit-at-greatest-vermont-online-casinos/ HTTP/1.1" 200 73582 "-" "Mozilla/5.0 (Windows NT 10.0; Win64; x64) AppleWebKit/537.36 (KHTML, like Gecko) Chrome/123.0.0.0 Safari/537.36"
40.77.167.55 - - [30/Apr/2026:13:42:45 +0300] "GET /uillinn-irish-english-dictionary-fire-twenty-deluxe-slot-free-spins-translations/ HTTP/2" 200 18078 "-" "Mozilla/5.0 AppleWebKit/537.36 (KHTML, like Gecko; compatible; bingbot/2.0; +http://www.bing.com/bingbot.htm) Chrome/116.0.1938.76 Safari/537.36"
66.249.73.1 - - [30/Apr/2026:13:43:04 +0300] "GET /robots.txt HTTP/1.1" 200 719 "-" "Mozilla/5.0 (compatible; Googlebot/2.1; +http://www.google.com/bot.html)"
185.216.113.70 - - [30/Apr/2026:13:44:32 +0300] "POST /wp-cron.php?doing_wp_cron=1777545872.1628479957580566406250 HTTP/1.1" 200 448 "-" "WordPress/6.3.8; https://serhatburke.miroglu.net"
200.25.47.108 - - [30/Apr/2026:13:44:19 +0300] "POST /xmlrpc.php HTTP/1.1" 200 630 "-" "Mozilla/5.0 (Windows NT 10.0; Win64; x64) AppleWebKit/537.36 (KHTML, like Gecko) Chrome/114.0.0.0 Safari/537.36"
200.25.47.108 - - [30/Apr/2026:13:44:39 +0300] "POST /xmlrpc.php HTTP/1.1" 200 9431 "-" "Mozilla/5.0 (Windows NT 10.0; Win64; x64) AppleWebKit/537.36 (KHTML, like Gecko) Chrome/114.0.0.0 Safari/537.36"
51.91.77.172 - - [30/Apr/2026:13:44:39 +0300] "GET /wp-login.php HTTP/2" 200 3091 "https://serhatburke.miroglu.net/" "Mozilla/5.0 (Windows NT 10.0; Win64; x64) AppleWebKit/537.36 (KHTML, like Gecko) Chrome/147.0.0.0 Safari/537.36"
200.25.47.108 - - [30/Apr/2026:13:45:00 +0300] "GET /angeschlossen-spielbank-pramie-ohne-einzahlung-traktandum-kostenfrei-echtgeldboni-februar-2026/ HTTP/1.1" 200 74746 "-" "Mozilla/5.0 (Windows NT 10.0; rv:109.0) Gecko/20100101 Firefox/115.0"
128.1.218.169 - - [30/Apr/2026:13:45:21 +0300] "POST /xmlrpc.php HTTP/1.1" 200 630 "-" "Mozilla/5.0 (Windows NT 10.0; Win64; x64) AppleWebKit/537.36 (KHTML, like Gecko) Chrome/114.0.0.0 Safari/537.36"
185.216.113.70 - - [30/Apr/2026:13:45:56 +0300] "POST /wp-cron.php?doing_wp_cron=1777545956.6906430721282958984375 HTTP/1.1" 200 448 "-" "WordPress/6.3.8; https://serhatburke.miroglu.net"
128.1.218.169 - - [30/Apr/2026:13:45:39 +0300] "POST /xmlrpc.php HTTP/1.1" 200 13612 "-" "Mozilla/5.0 (Windows NT 10.0; Win64; x64) AppleWebKit/537.36 (KHTML, like Gecko) Chrome/114.0.0.0 Safari/537.36"
66.249.76.78 - - [30/Apr/2026:13:45:46 +0300] "GET /robots.txt HTTP/1.1" 200 719 "-" "Mozilla/5.0 (compatible; Googlebot/2.1; +http://www.google.com/bot.html)"
66.249.76.78 - - [30/Apr/2026:13:45:47 +0300] "GET /bonus-terbaik-di-jeniusbet-casino-no-deposit-141/ HTTP/1.1" 200 321658 "-" "Mozilla/5.0 (Linux; Android 6.0.1; Nexus 5X Build/MMB29P) AppleWebKit/537.36 (KHTML, like Gecko) Chrome/147.0.7727.116 Mobile Safari/537.36 (compatible; Googlebot/2.1; +http://www.google.com/bot.html)"
66.249.73.15 - - [30/Apr/2026:13:45:46 +0300] "GET /twoja-przestrze-gry-5400-gier-polskie-bonusy-32/ HTTP/1.1" 200 665833 "-" "Mozilla/5.0 (Linux; Android 6.0.1; Nexus 5X Build/MMB29P) AppleWebKit/537.36 (KHTML, like Gecko) Chrome/147.0.7727.116 Mobile Safari/537.36 (compatible; Googlebot/2.1; +http://www.google.com/bot.html)"
128.1.218.169 - - [30/Apr/2026:13:45:58 +0300] "GET /indian-football-slot-thinking-position-totally-free-enjoy-in-the-demonstration-setting/ HTTP/1.1" 200 77897 "-" "Mozilla/5.0 (Windows NT 10.0; Win64; x64) AppleWebKit/537.36 (KHTML, like Gecko) Chrome/123.0.0.0 Safari/537.36"
66.249.73.15 - - [30/Apr/2026:13:46:26 +0300] "GET /ayobet-slot-online-pragmatic-tergacor-tahun-ini-44/ HTTP/1.1" 200 299901 "-" "Mozilla/5.0 (Linux; Android 6.0.1; Nexus 5X Build/MMB29P) AppleWebKit/537.36 (KHTML, like Gecko) Chrome/147.0.7727.116 Mobile Safari/537.36 (compatible; Googlebot/2.1; +http://www.google.com/bot.html)"
66.249.76.78 - - [30/Apr/2026:13:47:00 +0300] "GET /bonus-terbaik-di-jeniusbet-casino-no-deposit-141/undefined?ts=1775520000 HTTP/1.1" 200 0 "https://serhatburke.miroglu.net/bonus-terbaik-di-jeniusbet-casino-no-deposit-141/" "Mozilla/5.0 (Linux; Android 6.0.1; Nexus 5X Build/MMB29P) AppleWebKit/537.36 (KHTML, like Gecko) Chrome/147.0.7727.116 Mobile Safari/537.36 (compatible; Googlebot/2.1; +http://www.google.com/bot.html)"
66.249.73.14 - - [30/Apr/2026:13:47:12 +0300] "GET /bonus-terbaik-di-jeniusbet-casino-no-deposit-141/undefined?ts=1775520000 HTTP/1.1" 200 0 "https://serhatburke.miroglu.net/bonus-terbaik-di-jeniusbet-casino-no-deposit-141/" "Mozilla/5.0 (Linux; Android 6.0.1; Nexus 5X Build/MMB29P) AppleWebKit/537.36 (KHTML, like Gecko) Chrome/147.0.7727.116 Mobile Safari/537.36 (compatible; Googlebot/2.1; +http://www.google.com/bot.html)"
66.249.73.14 - - [30/Apr/2026:13:47:13 +0300] "GET /twoja-przestrze-gry-5400-gier-polskie-bonusy-32/undefined?ts=1775520000 HTTP/1.1" 200 0 "https://serhatburke.miroglu.net/twoja-przestrze-gry-5400-gier-polskie-bonusy-32/" "Mozilla/5.0 (Linux; Android 6.0.1; Nexus 5X Build/MMB29P) AppleWebKit/537.36 (KHTML, like Gecko) Chrome/147.0.7727.116 Mobile Safari/537.36 (compatible; Googlebot/2.1; +http://www.google.com/bot.html)"
66.249.73.14 - - [30/Apr/2026:13:47:34 +0300] "GET /ayobet-slot-online-pragmatic-tergacor-tahun-ini-44/undefined?ts=1775520000 HTTP/1.1" 200 0 "https://serhatburke.miroglu.net/ayobet-slot-online-pragmatic-tergacor-tahun-ini-44/" "Mozilla/5.0 (Linux; Android 6.0.1; Nexus 5X Build/MMB29P) AppleWebKit/537.36 (KHTML, like Gecko) Chrome/147.0.7727.116 Mobile Safari/537.36 (compatible; Googlebot/2.1; +http://www.google.com/bot.html)"
185.216.113.70 - - [30/Apr/2026:13:47:46 +0300] "POST /wp-cron.php?doing_wp_cron=1777546066.8744730949401855468750 HTTP/1.1" 200 448 "-" "WordPress/6.3.8; https://serhatburke.miroglu.net"
200.25.47.108 - - [30/Apr/2026:13:47:57 +0300] "POST /xmlrpc.php HTTP/1.1" 200 630 "-" "Mozilla/5.0 (Windows NT 10.0; Win64; x64) AppleWebKit/537.36 (KHTML, like Gecko) Chrome/114.0.0.0 Safari/537.36"
185.216.113.70 - - [30/Apr/2026:13:48:28 +0300] "POST /wp-cron.php?doing_wp_cron=1777546108.5466659069061279296875 HTTP/1.1" 200 448 "-" "WordPress/6.3.8; https://serhatburke.miroglu.net"
200.25.47.108 - - [30/Apr/2026:13:48:16 +0300] "POST /xmlrpc.php HTTP/1.1" 200 9628 "-" "Mozilla/5.0 (Windows NT 10.0; Win64; x64) AppleWebKit/537.36 (KHTML, like Gecko) Chrome/114.0.0.0 Safari/537.36"
40.77.167.8 - - [30/Apr/2026:13:48:26 +0300] "GET /geriausi-internetiniai-kazino-australijos-zemyne-didziausia-australijos-lazybu-meka-100-procentu-nemokamos-svetaines-be-depozito-2026-m/ HTTP/2" 200 18528 "-" "Mozilla/5.0 AppleWebKit/537.36 (KHTML, like Gecko; compatible; bingbot/2.0; +http://www.bing.com/bingbot.htm) Chrome/116.0.1938.76 Safari/537.36"
40.77.167.132 - - [30/Apr/2026:13:48:30 +0300] "GET /nertis-casino-einzahlung-per-telefonrechnung-growth-mitglied-for-founder-led-companies/ HTTP/2" 200 20808 "-" "Mozilla/5.0 AppleWebKit/537.36 (KHTML, like Gecko; compatible; bingbot/2.0; +http://www.bing.com/bingbot.htm) Chrome/116.0.1938.76 Safari/537.36"
200.25.47.108 - - [30/Apr/2026:13:48:30 +0300] "GET /casinos-via-paypal-einzahlung-2025-direkt-unter-allen-umstanden/ HTTP/1.1" 200 74431 "-" "Mozilla/5.0 (Windows NT 10.0; Win64; x64) AppleWebKit/537.36 (KHTML, like Gecko) Chrome/109.0.0.0 Safari/537.36"
52.167.144.137 - - [30/Apr/2026:13:48:30 +0300] "GET /druckgluck-erfahrungen-beschmu-mobile-casino-bezahlen-ferner-auf-keinen-fall-test-schatzung/ HTTP/2" 200 20557 "-" "Mozilla/5.0 AppleWebKit/537.36 (KHTML, like Gecko; compatible; bingbot/2.0; +http://www.bing.com/bingbot.htm) Chrome/116.0.1938.76 Safari/537.36"
96.44.167.86 - - [30/Apr/2026:13:48:40 +0300] "POST /xmlrpc.php HTTP/1.1" 200 630 "-" "Mozilla/5.0 (Windows NT 10.0; Win64; x64) AppleWebKit/537.36 (KHTML, like Gecko) Chrome/114.0.0.0 Safari/537.36"
52.167.144.137 - - [30/Apr/2026:13:48:41 +0300] "GET /online-spielsaal-probe-2026-%EF%B8%8F-traktandum-lost-vegas-slot-10-testsieger-inoffizieller-mitarbeiter-spielbank-abmachung/ HTTP/2" 200 19900 "-" "Mozilla/5.0 AppleWebKit/537.36 (KHTML, like Gecko; compatible; bingbot/2.0; +http://www.bing.com/bingbot.htm) Chrome/116.0.1938.76 Safari/537.36"
51.158.254.162 - - [30/Apr/2026:13:49:23 +0300] "GET / HTTP/2" 200 0 "-" "Mozilla/5.0 (Windows NT 10.0; Win64; x64) AppleWebKit/537.36 (KHTML, like Gecko) Chrome/147.0.0.0 Safari/537.36"
82.25.62.125 - - [30/Apr/2026:13:48:58 +0300] "GET /88701-2/ HTTP/1.1" 200 18386 "-" "Mozilla/5.0 (compatible; Googlebot/2.1; +http://www.google.com/bot.html)"
40.77.167.8 - - [30/Apr/2026:13:49:06 +0300] "GET /downloa-voor-gokspellen-voor-pilletje-allemaal-136-casinos-om-noor-nederland/ HTTP/2" 200 20087 "-" "Mozilla/5.0 AppleWebKit/537.36 (KHTML, like Gecko; compatible; bingbot/2.0; +http://www.bing.com/bingbot.htm) Chrome/116.0.1938.76 Safari/537.36"
185.216.113.70 - - [30/Apr/2026:13:49:43 +0300] "POST /wp-cron.php?doing_wp_cron=1777546182.9531359672546386718750 HTTP/1.1" 200 448 "-" "WordPress/6.3.8; https://serhatburke.miroglu.net"
51.158.254.162 - - [30/Apr/2026:13:49:25 +0300] "GET / HTTP/2" 200 18853 "-" "Mozilla/5.0 (Windows NT 10.0; Win64; x64) AppleWebKit/537.36 (KHTML, like Gecko) Chrome/147.0.0.0 Safari/537.36"
96.44.167.86 - - [30/Apr/2026:13:49:27 +0300] "POST /xmlrpc.php HTTP/1.1" 200 17116 "-" "Mozilla/5.0 (Windows NT 10.0; Win64; x64) AppleWebKit/537.36 (KHTML, like Gecko) Chrome/114.0.0.0 Safari/537.36"
51.158.254.162 - - [30/Apr/2026:13:49:45 +0300] "GET /wp-includes/css/dist/block-library/style.min.css?ver=6.3.8 HTTP/2" 200 12962 "https://serhatburke.miroglu.net/" "Mozilla/5.0 (Windows NT 10.0; Win64; x64) AppleWebKit/537.36 (KHTML, like Gecko) Chrome/147.0.0.0 Safari/537.36"
51.158.254.162 - - [30/Apr/2026:13:49:45 +0300] "GET /wp-content/plugins/contact-form-7/includes/css/styles.css?ver=5.8 HTTP/2" 200 878 "https://serhatburke.miroglu.net/" "Mozilla/5.0 (Windows NT 10.0; Win64; x64) AppleWebKit/537.36 (KHTML, like Gecko) Chrome/147.0.0.0 Safari/537.36"
51.158.254.162 - - [30/Apr/2026:13:49:45 +0300] "GET /wp-content/themes/toppic/css/fontello.css?ver=4.2 HTTP/2" 200 1188 "https://serhatburke.miroglu.net/" "Mozilla/5.0 (Windows NT 10.0; Win64; x64) AppleWebKit/537.36 (KHTML, like Gecko) Chrome/147.0.0.0 Safari/537.36"
51.158.254.162 - - [30/Apr/2026:13:49:45 +0300] "GET /wp-content/themes/toppic/css/reset.css?ver=4.2 HTTP/2" 200 566 "https://serhatburke.miroglu.net/" "Mozilla/5.0 (Windows NT 10.0; Win64; x64) AppleWebKit/537.36 (KHTML, like Gecko) Chrome/147.0.0.0 Safari/537.36"
51.158.254.162 - - [30/Apr/2026:13:49:45 +0300] "GET /wp-content/themes/toppic/style.css?ver=4.2 HTTP/2" 200 22783 "https://serhatburke.miroglu.net/" "Mozilla/5.0 (Windows NT 10.0; Win64; x64) AppleWebKit/537.36 (KHTML, like Gecko) Chrome/147.0.0.0 Safari/537.36"
51.158.254.162 - - [30/Apr/2026:13:49:45 +0300] "GET /wp-content/themes/toppic/css/royalslider.css?ver=4.2 HTTP/2" 200 1273 "https://serhatburke.miroglu.net/" "Mozilla/5.0 (Windows NT 10.0; Win64; x64) AppleWebKit/537.36 (KHTML, like Gecko) Chrome/147.0.0.0 Safari/537.36"
51.158.254.162 - - [30/Apr/2026:13:49:45 +0300] "GET /wp-content/themes/toppic/css/default.css?ver=4.2 HTTP/2" 200 1198 "https://serhatburke.miroglu.net/" "Mozilla/5.0 (Windows NT 10.0; Win64; x64) AppleWebKit/537.36 (KHTML, like Gecko) Chrome/147.0.0.0 Safari/537.36"
51.158.254.162 - - [30/Apr/2026:13:49:45 +0300] "GET /wp-content/themes/toppic/css/rs-default.css?ver=4.2 HTTP/2" 200 2011 "https://serhatburke.miroglu.net/" "Mozilla/5.0 (Windows NT 10.0; Win64; x64) AppleWebKit/537.36 (KHTML, like Gecko) Chrome/147.0.0.0 Safari/537.36"
51.158.254.162 - - [30/Apr/2026:13:49:45 +0300] "GET /wp-content/themes/toppic/css/lightbox.css?ver=4.2 HTTP/2" 200 2342 "https://serhatburke.miroglu.net/" "Mozilla/5.0 (Windows NT 10.0; Win64; x64) AppleWebKit/537.36 (KHTML, like Gecko) Chrome/147.0.0.0 Safari/537.36"
51.158.254.162 - - [30/Apr/2026:13:49:45 +0300] "GET /wp-content/themes/toppic/css/woocommerce.css?ver=4.2 HTTP/2" 200 2234 "https://serhatburke.miroglu.net/" "Mozilla/5.0 (Windows NT 10.0; Win64; x64) AppleWebKit/537.36 (KHTML, like Gecko) Chrome/147.0.0.0 Safari/537.36"
51.158.254.162 - - [30/Apr/2026:13:49:45 +0300] "GET /wp-content/themes/toppic/css/responsive.css?ver=4.2 HTTP/2" 200 2182 "https://serhatburke.miroglu.net/" "Mozilla/5.0 (Windows NT 10.0; Win64; x64) AppleWebKit/537.36 (KHTML, like Gecko) Chrome/147.0.0.0 Safari/537.36"
51.158.254.162 - - [30/Apr/2026:13:49:45 +0300] "GET /wp-includes/js/jquery/jquery.min.js?ver=3.7.0 HTTP/2" 200 29712 "https://serhatburke.miroglu.net/" "Mozilla/5.0 (Windows NT 10.0; Win64; x64) AppleWebKit/537.36 (KHTML, like Gecko) Chrome/147.0.0.0 Safari/537.36"
51.158.254.162 - - [30/Apr/2026:13:49:45 +0300] "GET /wp-includes/js/jquery/jquery-migrate.min.js?ver=3.4.1 HTTP/2" 200 4678 "https://serhatburke.miroglu.net/" "Mozilla/5.0 (Windows NT 10.0; Win64; x64) AppleWebKit/537.36 (KHTML, like Gecko) Chrome/147.0.0.0 Safari/537.36"
51.158.254.162 - - [30/Apr/2026:13:49:45 +0300] "GET /wp-content/plugins/roses-like-this/likesScript.js?ver=6.3.8 HTTP/2" 200 619 "https://serhatburke.miroglu.net/" "Mozilla/5.0 (Windows NT 10.0; Win64; x64) AppleWebKit/537.36 (KHTML, like Gecko) Chrome/147.0.0.0 Safari/537.36"
51.158.254.162 - - [30/Apr/2026:13:49:45 +0300] "GET /wp-content/plugins/contact-form-7/includes/swv/js/index.js?ver=5.8 HTTP/2" 200 3061 "https://serhatburke.miroglu.net/" "Mozilla/5.0 (Windows NT 10.0; Win64; x64) AppleWebKit/537.36 (KHTML, like Gecko) Chrome/147.0.0.0 Safari/537.36"
51.158.254.162 - - [30/Apr/2026:13:49:45 +0300] "GET /wp-content/plugins/contact-form-7/includes/js/index.js?ver=5.8 HTTP/2" 200 3918 "https://serhatburke.miroglu.net/" "Mozilla/5.0 (Windows NT 10.0; Win64; x64) AppleWebKit/537.36 (KHTML, like Gecko) Chrome/147.0.0.0 Safari/537.36"
51.158.254.162 - - [30/Apr/2026:13:49:45 +0300] "GET /wp-content/themes/toppic/js/jquery.parallax.custom.js?ver=4.2 HTTP/2" 200 720 "https://serhatburke.miroglu.net/" "Mozilla/5.0 (Windows NT 10.0; Win64; x64) AppleWebKit/537.36 (KHTML, like Gecko) Chrome/147.0.0.0 Safari/537.36"
51.158.254.162 - - [30/Apr/2026:13:49:45 +0300] "GET /wp-content/themes/toppic/js/jquery.tipsy.js?ver=4.2 HTTP/2" 200 829 "https://serhatburke.miroglu.net/" "Mozilla/5.0 (Windows NT 10.0; Win64; x64) AppleWebKit/537.36 (KHTML, like Gecko) Chrome/147.0.0.0 Safari/537.36"
51.158.254.162 - - [30/Apr/2026:13:49:45 +0300] "GET /wp-content/themes/toppic/js/jquery.mtree.js?ver=4.2 HTTP/2" 200 883 "https://serhatburke.miroglu.net/" "Mozilla/5.0 (Windows NT 10.0; Win64; x64) AppleWebKit/537.36 (KHTML, like Gecko) Chrome/147.0.0.0 Safari/537.36"
51.158.254.162 - - [30/Apr/2026:13:49:45 +0300] "GET /wp-content/themes/toppic/js/jquery.transit.min.js?ver=4.2 HTTP/2" 200 2624 "https://serhatburke.miroglu.net/" "Mozilla/5.0 (Windows NT 10.0; Win64; x64) AppleWebKit/537.36 (KHTML, like Gecko) Chrome/147.0.0.0 Safari/537.36"
51.158.254.162 - - [30/Apr/2026:13:49:45 +0300] "GET /wp-content/themes/toppic/js/scrollMonitor.js?ver=4.2 HTTP/2" 200 2538 "https://serhatburke.miroglu.net/" "Mozilla/5.0 (Windows NT 10.0; Win64; x64) AppleWebKit/537.36 (KHTML, like Gecko) Chrome/147.0.0.0 Safari/537.36"
51.158.254.162 - - [30/Apr/2026:13:49:45 +0300] "GET /wp-content/themes/toppic/js/jquery.touchswipe.js?ver=4.2 HTTP/2" 200 4734 "https://serhatburke.miroglu.net/" "Mozilla/5.0 (Windows NT 10.0; Win64; x64) AppleWebKit/537.36 (KHTML, like Gecko) Chrome/147.0.0.0 Safari/537.36"
51.158.254.162 - - [30/Apr/2026:13:49:45 +0300] "GET /wp-content/themes/toppic/js/jquery.modernizr.custom.js?ver=4.2 HTTP/2" 200 2892 "https://serhatburke.miroglu.net/" "Mozilla/5.0 (Windows NT 10.0; Win64; x64) AppleWebKit/537.36 (KHTML, like Gecko) Chrome/147.0.0.0 Safari/537.36"
51.158.254.162 - - [30/Apr/2026:13:49:46 +0300] "GET /wp-content/themes/toppic/js/jquery.royalslider.min.js?ver=4.2 HTTP/2" 200 18024 "https://serhatburke.miroglu.net/" "Mozilla/5.0 (Windows NT 10.0; Win64; x64) AppleWebKit/537.36 (KHTML, like Gecko) Chrome/147.0.0.0 Safari/537.36"
51.158.254.162 - - [30/Apr/2026:13:49:46 +0300] "GET /wp-content/themes/toppic/js/jquery.kenb.js?ver=4.2 HTTP/2" 200 1252 "https://serhatburke.miroglu.net/" "Mozilla/5.0 (Windows NT 10.0; Win64; x64) AppleWebKit/537.36 (KHTML, like Gecko) Chrome/147.0.0.0 Safari/537.36"
51.158.254.162 - - [30/Apr/2026:13:49:46 +0300] "GET /wp-content/themes/toppic/js/lazysizes.min.js?ver=4.2 HTTP/2" 200 3175 "https://serhatburke.miroglu.net/" "Mozilla/5.0 (Windows NT 10.0; Win64; x64) AppleWebKit/537.36 (KHTML, like Gecko) Chrome/147.0.0.0 Safari/537.36"
51.158.254.162 - - [30/Apr/2026:13:49:46 +0300] "GET /wp-content/themes/toppic/js/jquery.magnific-popup.min.js?ver=4.2 HTTP/2" 200 7278 "https://serhatburke.miroglu.net/" "Mozilla/5.0 (Windows NT 10.0; Win64; x64) AppleWebKit/537.36 (KHTML, like Gecko) Chrome/147.0.0.0 Safari/537.36"
51.158.254.162 - - [30/Apr/2026:13:49:46 +0300] "GET /wp-content/themes/toppic/js/jquery.custom.js?ver=4.2 HTTP/2" 200 8215 "https://serhatburke.miroglu.net/" "Mozilla/5.0 (Windows NT 10.0; Win64; x64) AppleWebKit/537.36 (KHTML, like Gecko) Chrome/147.0.0.0 Safari/537.36"
51.158.254.162 - - [30/Apr/2026:13:49:46 +0300] "GET /wp-content/plugins/google-analytics-for-wordpress/assets/js/frontend-gtag.min.js?ver=10.1.3 HTTP/2" 200 3071 "https://serhatburke.miroglu.net/" "Mozilla/5.0 (Windows NT 10.0; Win64; x64) AppleWebKit/537.36 (KHTML, like Gecko) Chrome/147.0.0.0 Safari/537.36"
51.158.254.162 - - [30/Apr/2026:13:49:47 +0300] "GET /wp-content/themes/toppic/css/font/fontello.woff2?64692809 HTTP/2" 200 8356 "https://serhatburke.miroglu.net/wp-content/themes/toppic/css/fontello.css?ver=4.2" "Mozilla/5.0 (Windows NT 10.0; Win64; x64) AppleWebKit/537.36 (KHTML, like Gecko) Chrome/147.0.0.0 Safari/537.36"
51.158.254.162 - - [30/Apr/2026:13:49:47 +0300] "GET /wp-includes/js/wp-emoji-release.min.js?ver=6.3.8 HTTP/2" 200 4651 "https://serhatburke.miroglu.net/" "Mozilla/5.0 (Windows NT 10.0; Win64; x64) AppleWebKit/537.36 (KHTML, like Gecko) Chrome/147.0.0.0 Safari/537.36"
96.44.167.86 - - [30/Apr/2026:13:49:46 +0300] "GET /slots-de-jogos-blueprint-conformidade-bordao-para-cassino-winspark-cassino-abichar-premios/ HTTP/1.1" 200 82036 "-" "Mozilla/5.0 (Windows NT 10.0; Win64; x64) AppleWebKit/537.36 (KHTML, like Gecko) Chrome/123.0.0.0 Safari/537.36 OPR/109.0.0.0"
57.128.22.95 - - [30/Apr/2026:13:50:09 +0300] "GET /28563-2/ HTTP/1.1" 200 19315 "-" "Mozilla/5.0 (compatible; Googlebot/2.1; +http://www.google.com/bot.html)"
185.216.113.70 - - [30/Apr/2026:13:51:02 +0300] "POST /wp-cron.php?doing_wp_cron=1777546261.9560229778289794921875 HTTP/1.1" 200 448 "-" "WordPress/6.3.8; https://serhatburke.miroglu.net"
51.158.254.163 - - [30/Apr/2026:13:50:47 +0300] "GET /undefined?ts=1777546246 HTTP/2" 404 14355 "https://serhatburke.miroglu.net/" "Mozilla/5.0 (Windows NT 10.0; Win64; x64) AppleWebKit/537.36 (KHTML, like Gecko) Chrome/147.0.0.0 Safari/537.36"
96.44.167.86 - - [30/Apr/2026:13:50:55 +0300] "POST /xmlrpc.php HTTP/1.1" 200 630 "-" "Mozilla/5.0 (Windows NT 10.0; Win64; x64) AppleWebKit/537.36 (KHTML, like Gecko) Chrome/114.0.0.0 Safari/537.36"
128.1.218.169 - - [30/Apr/2026:13:51:01 +0300] "POST /xmlrpc.php HTTP/1.1" 200 630 "-" "Mozilla/5.0 (Windows NT 10.0; Win64; x64) AppleWebKit/537.36 (KHTML, like Gecko) Chrome/114.0.0.0 Safari/537.36"
51.158.254.163 - - [30/Apr/2026:13:51:02 +0300] "GET /undefined?ts=1777546262 HTTP/2" 200 0 "https://serhatburke.miroglu.net/" "Mozilla/5.0 (Windows NT 10.0; Win64; x64) AppleWebKit/537.36 (KHTML, like Gecko) Chrome/147.0.0.0 Safari/537.36"
108.181.120.104 - - [30/Apr/2026:13:51:09 +0300] "POST /xmlrpc.php HTTP/1.1" 200 630 "-" "Mozilla/5.0 (Windows NT 10.0; Win64; x64) AppleWebKit/537.36 (KHTML, like Gecko) Chrome/114.0.0.0 Safari/537.36"
51.158.254.163 - - [30/Apr/2026:13:51:33 +0300] "GET /undefined?ts=1777546262 HTTP/2" 200 0 "https://serhatburke.miroglu.net/" "Mozilla/5.0 (Windows NT 10.0; Win64; x64) AppleWebKit/537.36 (KHTML, like Gecko) Chrome/147.0.0.0 Safari/537.36"
38.244.136.84 - - [30/Apr/2026:13:51:27 +0300] "GET / HTTP/1.1" 200 0 "-" "Mozilla/5.0 (Windows NT 10.0; Win64; x64) AppleWebKit/537.36 (KHTML, like Gecko) Chrome/147.0.0.0 Safari/537.36"
200.25.47.108 - - [30/Apr/2026:13:51:22 +0300] "POST /xmlrpc.php HTTP/1.1" 200 630 "-" "Mozilla/5.0 (Windows NT 10.0; Win64; x64) AppleWebKit/537.36 (KHTML, like Gecko) Chrome/114.0.0.0 Safari/537.36"
51.158.254.163 - - [30/Apr/2026:13:51:58 +0300] "GET /undefined?ts=1777546317 HTTP/2" 200 0 "https://serhatburke.miroglu.net/" "Mozilla/5.0 (Windows NT 10.0; Win64; x64) AppleWebKit/537.36 (KHTML, like Gecko) Chrome/147.0.0.0 Safari/537.36"
96.44.167.86 - - [30/Apr/2026:13:51:23 +0300] "POST /xmlrpc.php HTTP/1.1" 200 16035 "-" "Mozilla/5.0 (Windows NT 10.0; Win64; x64) AppleWebKit/537.36 (KHTML, like Gecko) Chrome/114.0.0.0 Safari/537.36"
185.216.113.70 - - [30/Apr/2026:13:52:05 +0300] "POST /wp-cron.php?doing_wp_cron=1777546325.3604340553283691406250 HTTP/1.1" 200 448 "-" "WordPress/6.3.8; https://serhatburke.miroglu.net"
185.216.113.70 - - [30/Apr/2026:13:52:13 +0300] "POST /wp-cron.php?doing_wp_cron=1777546333.6498210430145263671875 HTTP/1.1" 200 448 "-" "WordPress/6.3.8; https://serhatburke.miroglu.net"
128.1.218.169 - - [30/Apr/2026:13:51:37 +0300] "POST /xmlrpc.php HTTP/1.1" 200 14605 "-" "Mozilla/5.0 (Windows NT 10.0; Win64; x64) AppleWebKit/537.36 (KHTML, like Gecko) Chrome/114.0.0.0 Safari/537.36"
185.216.113.70 - - [30/Apr/2026:13:52:17 +0300] "POST /wp-cron.php?doing_wp_cron=1777546337.1643369197845458984375 HTTP/1.1" 200 448 "-" "WordPress/6.3.8; https://serhatburke.miroglu.net"
108.181.120.104 - - [30/Apr/2026:13:51:49 +0300] "POST /xmlrpc.php HTTP/1.1" 200 14269 "-" "Mozilla/5.0 (Windows NT 10.0; Win64; x64) AppleWebKit/537.36 (KHTML, like Gecko) Chrome/114.0.0.0 Safari/537.36"
185.216.113.70 - - [30/Apr/2026:13:52:40 +0300] "POST /wp-cron.php?doing_wp_cron=1777546359.9567389488220214843750 HTTP/1.1" 200 448 "-" "WordPress/6.3.8; https://serhatburke.miroglu.net"
200.25.47.108 - - [30/Apr/2026:13:52:05 +0300] "POST /xmlrpc.php HTTP/1.1" 200 10038 "-" "Mozilla/5.0 (Windows NT 10.0; Win64; x64) AppleWebKit/537.36 (KHTML, like Gecko) Chrome/114.0.0.0 Safari/537.36"
96.44.167.86 - - [30/Apr/2026:13:52:02 +0300] "GET /experiencia-maquina-caca-niqueis-book-of-dead-slot-spinata-capaz-a-capaz-acaso-mexicana/ HTTP/1.1" 200 80966 "-" "Mozilla/5.0 (Windows NT 10.0; Win64; x64) AppleWebKit/537.36 (KHTML, like Gecko) Chrome/123.0.0.0 Safari/537.36 OPR/109.0.0.0"
128.1.218.169 - - [30/Apr/2026:13:52:15 +0300] "GET /enjoy-lord-of-your-own-ocean-battle-royal-video-slot-free-zero-download-free-demonstration/ HTTP/1.1" 200 79011 "-" "Mozilla/5.0 (Windows NT 10.0; Win64; x64; rv:125.0) Gecko/20100101 Firefox/125.0"
108.181.120.104 - - [30/Apr/2026:13:52:19 +0300] "GET /150-totally-free-spins-no-deposit-incentives-inside-no-deposit-100-free-spins-the-nz-number-march-2026/ HTTP/1.1" 200 79001 "-" "Mozilla/5.0 (Windows NT 10.0; Win64; x64) AppleWebKit/537.36 (KHTML, like Gecko) Chrome/123.0.0.0 Safari/537.36"
200.25.47.108 - - [30/Apr/2026:13:52:46 +0300] "GET /gst-id-locked-due-to-wrong-password-3-times/ HTTP/1.1" 200 73913 "-" "Mozilla/5.0 (Windows NT 10.0; Win64; x64) AppleWebKit/537.36 (KHTML, like Gecko) Chrome/123.0.0.0 Safari/537.36"
96.44.167.86 - - [30/Apr/2026:13:52:49 +0300] "POST /xmlrpc.php HTTP/1.1" 200 630 "-" "Mozilla/5.0 (Windows NT 10.0; Win64; x64) AppleWebKit/537.36 (KHTML, like Gecko) Chrome/114.0.0.0 Safari/537.36"
96.44.167.86 - - [30/Apr/2026:13:53:24 +0300] "POST /xmlrpc.php HTTP/1.1" 200 14851 "-" "Mozilla/5.0 (Windows NT 10.0; Win64; x64) AppleWebKit/537.36 (KHTML, like Gecko) Chrome/114.0.0.0 Safari/537.36"
185.216.113.70 - - [30/Apr/2026:13:53:48 +0300] "POST /wp-cron.php?doing_wp_cron=1777546428.8181819915771484375000 HTTP/1.1" 200 448 "-" "WordPress/6.3.8; https://serhatburke.miroglu.net"
96.44.167.86 - - [30/Apr/2026:13:53:37 +0300] "GET /cash-pig-booming-codigo-promocional-de-bonus-playpix-games-review/ HTTP/1.1" 200 78927 "-" "Mozilla/5.0 (Windows NT 10.0; Win64; x64) AppleWebKit/537.36 (KHTML, like Gecko) Chrome/124.0.0.0 Safari/537.36"
96.44.167.86 - - [30/Apr/2026:13:54:23 +0300] "POST /xmlrpc.php HTTP/1.1" 200 630 "-" "Mozilla/5.0 (Windows NT 10.0; Win64; x64) AppleWebKit/537.36 (KHTML, like Gecko) Chrome/114.0.0.0 Safari/537.36"
185.216.113.70 - - [30/Apr/2026:13:54:53 +0300] "POST /wp-cron.php?doing_wp_cron=1777546493.8986079692840576171875 HTTP/1.1" 200 448 "-" "WordPress/6.3.8; https://serhatburke.miroglu.net"
200.25.47.108 - - [30/Apr/2026:13:54:40 +0300] "POST /xmlrpc.php HTTP/1.1" 200 630 "-" "Mozilla/5.0 (Windows NT 10.0; Win64; x64) AppleWebKit/537.36 (KHTML, like Gecko) Chrome/114.0.0.0 Safari/537.36"
185.216.113.70 - - [30/Apr/2026:13:54:57 +0300] "POST /wp-cron.php?doing_wp_cron=1777546497.7768540382385253906250 HTTP/1.1" 200 448 "-" "WordPress/6.3.8; https://serhatburke.miroglu.net"
96.44.167.86 - - [30/Apr/2026:13:54:42 +0300] "POST /xmlrpc.php HTTP/1.1" 200 16529 "-" "Mozilla/5.0 (Windows NT 10.0; Win64; x64) AppleWebKit/537.36 (KHTML, like Gecko) Chrome/114.0.0.0 Safari/537.36"
185.216.113.70 - - [30/Apr/2026:13:55:10 +0300] "POST /wp-cron.php?doing_wp_cron=1777546510.6893820762634277343750 HTTP/1.1" 200 448 "-" "WordPress/6.3.8; https://serhatburke.miroglu.net"
128.1.218.169 - - [30/Apr/2026:13:54:48 +0300] "POST /xmlrpc.php HTTP/1.1" 200 630 "-" "Mozilla/5.0 (Windows NT 10.0; Win64; x64) AppleWebKit/537.36 (KHTML, like Gecko) Chrome/114.0.0.0 Safari/537.36"
96.44.167.86 - - [30/Apr/2026:13:54:59 +0300] "GET /isoftbet-exemplar-dos-oferta-de-cassino-pin-up-melhores-provedores-puerilidade-cassinos-online/ HTTP/1.1" 200 81283 "-" "Mozilla/5.0 (Windows NT 10.0; Win64; x64) AppleWebKit/537.36 (KHTML, like Gecko) Chrome/123.0.0.0 Safari/537.36 OPR/109.0.0.0"
200.25.47.108 - - [30/Apr/2026:13:55:00 +0300] "POST /xmlrpc.php HTTP/1.1" 200 11171 "-" "Mozilla/5.0 (Windows NT 10.0; Win64; x64) AppleWebKit/537.36 (KHTML, like Gecko) Chrome/114.0.0.0 Safari/537.36"
128.1.218.169 - - [30/Apr/2026:13:55:19 +0300] "POST /xmlrpc.php HTTP/1.1" 200 14668 "-" "Mozilla/5.0 (Windows NT 10.0; Win64; x64) AppleWebKit/537.36 (KHTML, like Gecko) Chrome/114.0.0.0 Safari/537.36"
200.25.47.108 - - [30/Apr/2026:13:55:32 +0300] "GET /eye-of-horus-sonnennachster-planet-kostenlos-zum-besten-geben-abzuglich-eintragung/ HTTP/1.1" 200 75889 "-" "Mozilla/5.0 (Windows NT 10.0; Win64; x64; rv:125.0) Gecko/20100101 Firefox/125.0"
128.1.218.169 - - [30/Apr/2026:13:55:40 +0300] "GET /mayan-princess-alice-wonderluck-video-game-a-real-free-roulette-no-deposit-uk-income-position-game-remark/ HTTP/1.1" 200 79465 "-" "Mozilla/5.0 (Windows NT 10.0; Win64; x64) AppleWebKit/537.36 (KHTML, like Gecko) Chrome/122.0.0.0 Safari/537.36"
96.44.167.86 - - [30/Apr/2026:13:55:46 +0300] "POST /xmlrpc.php HTTP/1.1" 200 630 "-" "Mozilla/5.0 (Windows NT 10.0; Win64; x64) AppleWebKit/537.36 (KHTML, like Gecko) Chrome/114.0.0.0 Safari/537.36"
185.216.113.70 - - [30/Apr/2026:13:56:18 +0300] "POST /wp-cron.php?doing_wp_cron=1777546578.1870820522308349609375 HTTP/1.1" 200 448 "-" "WordPress/6.3.8; https://serhatburke.miroglu.net"
96.44.167.86 - - [30/Apr/2026:13:56:05 +0300] "POST /xmlrpc.php HTTP/1.1" 200 15216 "-" "Mozilla/5.0 (Windows NT 10.0; Win64; x64) AppleWebKit/537.36 (KHTML, like Gecko) Chrome/114.0.0.0 Safari/537.36"
96.44.167.86 - - [30/Apr/2026:13:56:19 +0300] "GET /jogos-unlimluck-codigos-de-bonus-sem-deposito-crash-solverde-o-aquele-e-que-funciona-aquele-dicas/ HTTP/1.1" 200 80408 "-" "Mozilla/5.0 (Windows NT 10.0; rv:125.0) Gecko/20100101 Firefox/125.0"
185.216.113.70 - - [30/Apr/2026:13:57:08 +0300] "POST /wp-cron.php?doing_wp_cron=1777546628.5856289863586425781250 HTTP/1.1" 200 448 "-" "WordPress/6.3.8; https://serhatburke.miroglu.net"
96.44.167.86 - - [30/Apr/2026:13:56:55 +0300] "POST /xmlrpc.php HTTP/1.1" 200 630 "-" "Mozilla/5.0 (Windows NT 10.0; Win64; x64) AppleWebKit/537.36 (KHTML, like Gecko) Chrome/114.0.0.0 Safari/537.36"
128.1.218.169 - - [30/Apr/2026:13:57:15 +0300] "POST /xmlrpc.php HTTP/1.1" 200 630 "-" "Mozilla/5.0 (Windows NT 10.0; Win64; x64) AppleWebKit/537.36 (KHTML, like Gecko) Chrome/114.0.0.0 Safari/537.36"
96.44.167.86 - - [30/Apr/2026:13:57:15 +0300] "POST /xmlrpc.php HTTP/1.1" 200 16175 "-" "Mozilla/5.0 (Windows NT 10.0; Win64; x64) AppleWebKit/537.36 (KHTML, like Gecko) Chrome/114.0.0.0 Safari/537.36"
185.216.113.70 - - [30/Apr/2026:13:57:48 +0300] "POST /wp-cron.php?doing_wp_cron=1777546668.1570370197296142578125 HTTP/1.1" 200 448 "-" "WordPress/6.3.8; https://serhatburke.miroglu.net"
104.166.164.21 - - [30/Apr/2026:13:57:29 +0300] "POST /xmlrpc.php HTTP/1.1" 200 630 "-" "Mozilla/5.0 (Windows NT 10.0; Win64; x64) AppleWebKit/537.36 (KHTML, like Gecko) Chrome/114.0.0.0 Safari/537.36"
96.44.167.86 - - [30/Apr/2026:13:57:32 +0300] "GET /da-vinci-diamonds-slot-igt-wagerworks-cassino-winspark-bonus-sem-deposito-2025/ HTTP/1.1" 200 80732 "-" "Mozilla/5.0 (Windows NT 10.0; Win64; x64) AppleWebKit/537.36 (KHTML, like Gecko) Chrome/122.0.0.0 Safari/537.36"
200.25.47.108 - - [30/Apr/2026:13:57:36 +0300] "POST /xmlrpc.php HTTP/1.1" 200 630 "-" "Mozilla/5.0 (Windows NT 10.0; Win64; x64) AppleWebKit/537.36 (KHTML, like Gecko) Chrome/114.0.0.0 Safari/537.36"
128.1.218.169 - - [30/Apr/2026:13:57:38 +0300] "POST /xmlrpc.php HTTP/1.1" 200 14692 "-" "Mozilla/5.0 (Windows NT 10.0; Win64; x64) AppleWebKit/537.36 (KHTML, like Gecko) Chrome/114.0.0.0 Safari/537.36"
104.166.164.21 - - [30/Apr/2026:13:57:55 +0300] "POST /xmlrpc.php HTTP/1.1" 200 14320 "-" "Mozilla/5.0 (Windows NT 10.0; Win64; x64) AppleWebKit/537.36 (KHTML, like Gecko) Chrome/114.0.0.0 Safari/537.36"
96.44.167.86 - - [30/Apr/2026:13:58:04 +0300] "POST /xmlrpc.php HTTP/1.1" 200 630 "-" "Mozilla/5.0 (Windows NT 10.0; Win64; x64) AppleWebKit/537.36 (KHTML, like Gecko) Chrome/114.0.0.0 Safari/537.36"
128.1.218.169 - - [30/Apr/2026:13:58:03 +0300] "GET /bclcs-on-the-internet-lotto-archibald-africa-hd-slot-free-spins-sporting-events-local-casino/ HTTP/1.1" 200 79319 "-" "Mozilla/5.0 (Windows NT 10.0; Win64; x64) AppleWebKit/537.36 (KHTML, like Gecko) Chrome/122.0.0.0 Safari/537.36"
200.25.47.108 - - [30/Apr/2026:13:58:07 +0300] "POST /xmlrpc.php HTTP/1.1" 200 10093 "-" "Mozilla/5.0 (Windows NT 10.0; Win64; x64) AppleWebKit/537.36 (KHTML, like Gecko) Chrome/114.0.0.0 Safari/537.36"
104.166.164.21 - - [30/Apr/2026:13:58:20 +0300] "GET /queen-of-ones-nile-casino-slot-games-play-totally-free-or-a-bonus-slot-wild-life-real-income-from-the-aristocrat/ HTTP/1.1" 200 79286 "-" "Mozilla/5.0 (Windows NT 10.0; Win64; x64) AppleWebKit/537.36 (KHTML, like Gecko) Chrome/123.0.0.0 Safari/537.36"
185.216.113.70 - - [30/Apr/2026:13:58:44 +0300] "POST /wp-cron.php?doing_wp_cron=1777546724.3706860542297363281250 HTTP/1.1" 200 448 "-" "WordPress/6.3.8; https://serhatburke.miroglu.net"
200.25.47.108 - - [30/Apr/2026:13:58:30 +0300] "GET /casino-maklercourtage-exklusive-einzahlung-as-part-of-land-der-dichter-und-denker-originell-2026/ HTTP/1.1" 200 75484 "-" "Mozilla/5.0 (Windows NT 10.0; Win64; x64) AppleWebKit/537.36 (KHTML, like Gecko) Chrome/124.0.0.0 Safari/537.36"
96.44.167.86 - - [30/Apr/2026:13:58:33 +0300] "POST /xmlrpc.php HTTP/1.1" 200 16275 "-" "Mozilla/5.0 (Windows NT 10.0; Win64; x64) AppleWebKit/537.36 (KHTML, like Gecko) Chrome/114.0.0.0 Safari/537.36"
96.44.167.86 - - [30/Apr/2026:13:58:47 +0300] "GET /dracula-slot-review-play-dracula-demonio-fairspin-login-apk-2026/ HTTP/1.1" 200 80139 "-" "Mozilla/5.0 (Windows NT 10.0; Win64; x64) AppleWebKit/537.36 (KHTML, like Gecko) Chrome/124.0.0.0 Safari/537.36"
86.58.216.83 - - [30/Apr/2026:13:59:00 +0300] "POST /xmlrpc.php HTTP/1.1" 200 730 "-" "Mozilla/5.0 (Windows NT 10.0; Win64; x64) AppleWebKit/537.36"
96.44.167.86 - - [30/Apr/2026:13:59:09 +0300] "POST /xmlrpc.php HTTP/1.1" 200 630 "-" "Mozilla/5.0 (Windows NT 10.0; Win64; x64) AppleWebKit/537.36 (KHTML, like Gecko) Chrome/114.0.0.0 Safari/537.36"
185.187.77.79 - - [30/Apr/2026:13:59:13 +0300] "GET / HTTP/1.1" 200 22091 "-" "Mozilla/5.0 (Windows NT 10.0; Win64; x64) AppleWebKit/537.36 (KHTML, like Gecko) Chrome/120.0.0.0 Safari/537.36"
128.1.218.169 - - [30/Apr/2026:13:59:20 +0300] "POST /xmlrpc.php HTTP/1.1" 200 630 "-" "Mozilla/5.0 (Windows NT 10.0; Win64; x64) AppleWebKit/537.36 (KHTML, like Gecko) Chrome/114.0.0.0 Safari/537.36"
185.216.113.70 - - [30/Apr/2026:13:59:42 +0300] "POST /wp-cron.php?doing_wp_cron=1777546782.2274799346923828125000 HTTP/1.1" 200 448 "-" "WordPress/6.3.8; https://serhatburke.miroglu.net"
185.187.77.79 - - [30/Apr/2026:13:59:28 +0300] "GET /wp-login.php HTTP/1.1" 200 4160 "-" "Mozilla/5.0 (Windows NT 10.0; Win64; x64) AppleWebKit/537.36 (KHTML, like Gecko) Chrome/120.0.0.0 Safari/537.36"
96.44.167.86 - - [30/Apr/2026:13:59:28 +0300] "POST /xmlrpc.php HTTP/1.1" 200 15642 "-" "Mozilla/5.0 (Windows NT 10.0; Win64; x64) AppleWebKit/537.36 (KHTML, like Gecko) Chrome/114.0.0.0 Safari/537.36"
128.1.218.169 - - [30/Apr/2026:13:59:42 +0300] "POST /xmlrpc.php HTTP/1.1" 200 13923 "-" "Mozilla/5.0 (Windows NT 10.0; Win64; x64) AppleWebKit/537.36 (KHTML, like Gecko) Chrome/114.0.0.0 Safari/537.36"
185.187.77.79 - - [30/Apr/2026:13:59:43 +0300] "GET /wp-login.php?wp_lang=en_US HTTP/1.1" 200 3520 "-" "Mozilla/5.0 (Windows NT 10.0; Win64; x64) AppleWebKit/537.36 (KHTML, like Gecko) Chrome/120.0.0.0 Safari/537.36"
96.44.167.86 - - [30/Apr/2026:13:59:43 +0300] "GET /extra-chilli-slot-review-96-82-rtp-big-rodadas-gratis-no-slot-ultra-hot-equipo-gaming-2026/ HTTP/1.1" 200 80446 "-" "Mozilla/5.0 (Windows NT 10.0; Win64; x64; rv:124.0) Gecko/20100101 Firefox/124.0"
185.187.77.79 - - [30/Apr/2026:14:00:08 +0300] "POST /wp-login.php HTTP/1.1" 302 1500 "https://serhatburke.miroglu.net" "Mozilla/5.0 (Windows NT 10.0; Win64; x64) AppleWebKit/537.36 (KHTML, like Gecko) Chrome/120.0.0.0 Safari/537.36"
128.1.218.169 - - [30/Apr/2026:14:00:09 +0300] "GET /play-ninja-magic-video-slot-giovannis-gems-casino-totally-free-or-real-money/ HTTP/1.1" 200 77992 "-" "Mozilla/5.0 (Windows NT 10.0; Win64; x64) AppleWebKit/537.36 (KHTML, like Gecko) Chrome/123.0.0.0 Safari/537.36"
185.216.113.70 - - [30/Apr/2026:14:00:50 +0300] "POST /wp-cron.php?doing_wp_cron=1777546850.1932399272918701171875 HTTP/1.1" 200 448 "-" "WordPress/6.3.8; https://serhatburke.miroglu.net"
185.216.113.70 - - [30/Apr/2026:14:00:50 +0300] "POST /wp-cron.php?doing_wp_cron=1777546850.5090808868408203125000 HTTP/1.1" 200 448 "-" "WordPress/6.3.8; https://serhatburke.miroglu.net"
108.181.120.104 - - [30/Apr/2026:14:00:24 +0300] "POST /xmlrpc.php HTTP/1.1" 200 630 "-" "Mozilla/5.0 (Windows NT 10.0; Win64; x64) AppleWebKit/537.36 (KHTML, like Gecko) Chrome/114.0.0.0 Safari/537.36"
185.216.113.70 - - [30/Apr/2026:14:00:51 +0300] "POST /wp-cron.php?doing_wp_cron=1777546851.2490770816802978515625 HTTP/1.1" 200 448 "-" "WordPress/6.3.8; https://serhatburke.miroglu.net"
96.44.167.86 - - [30/Apr/2026:14:00:24 +0300] "POST /xmlrpc.php HTTP/1.1" 200 630 "-" "Mozilla/5.0 (Windows NT 10.0; Win64; x64) AppleWebKit/537.36 (KHTML, like Gecko) Chrome/114.0.0.0 Safari/537.36"
185.187.77.79 - - [30/Apr/2026:14:00:23 +0300] "GET /wp-admin/ HTTP/1.1" 200 20783 "https://serhatburke.miroglu.net" "Mozilla/5.0 (Windows NT 10.0; Win64; x64) AppleWebKit/537.36 (KHTML, like Gecko) Chrome/120.0.0.0 Safari/537.36"
185.216.113.70 - - [30/Apr/2026:14:00:54 +0300] "POST /wp-cron.php?doing_wp_cron=1777546853.9398169517517089843750 HTTP/1.1" 200 448 "-" "WordPress/6.3.8; https://serhatburke.miroglu.net"
82.25.62.125 - - [30/Apr/2026:14:00:25 +0300] "GET /novoline-casino-codice-bonus-registrazione/ HTTP/1.1" 200 17770 "-" "Mozilla/5.0 (compatible; Googlebot/2.1; +http://www.google.com/bot.html)"
185.216.113.70 - - [30/Apr/2026:14:01:23 +0300] "POST /wp-cron.php?doing_wp_cron=1777546883.0527861118316650390625 HTTP/1.1" 200 448 "-" "WordPress/6.3.8; https://serhatburke.miroglu.net"
185.187.77.79 - - [30/Apr/2026:14:00:38 +0300] "GET / HTTP/1.1" 200 22091 "-" "Mozilla/5.0 (Windows NT 10.0; Win64; x64) AppleWebKit/537.36 (KHTML, like Gecko) Chrome/120.0.0.0 Safari/537.36"
185.216.113.70 - - [30/Apr/2026:14:01:58 +0300] "POST /wp-cron.php?doing_wp_cron=1777546918.6602349281311035156250 HTTP/1.1" 200 448 "-" "WordPress/6.3.8; https://serhatburke.miroglu.net"
96.44.167.86 - - [30/Apr/2026:14:00:57 +0300] "POST /xmlrpc.php HTTP/1.1" 200 15997 "-" "Mozilla/5.0 (Windows NT 10.0; Win64; x64) AppleWebKit/537.36 (KHTML, like Gecko) Chrome/114.0.0.0 Safari/537.36"
200.25.47.108 - - [30/Apr/2026:14:00:38 +0300] "POST /xmlrpc.php HTTP/1.1" 200 630 "-" "Mozilla/5.0 (Windows NT 10.0; Win64; x64) AppleWebKit/537.36 (KHTML, like Gecko) Chrome/114.0.0.0 Safari/537.36"
108.181.120.104 - - [30/Apr/2026:14:00:57 +0300] "POST /xmlrpc.php HTTP/1.1" 200 14385 "-" "Mozilla/5.0 (Windows NT 10.0; Win64; x64) AppleWebKit/537.36 (KHTML, like Gecko) Chrome/114.0.0.0 Safari/537.36"
185.187.77.79 - - [30/Apr/2026:14:01:08 +0300] "GET /wp-login.php HTTP/1.1" 200 4160 "-" "Mozilla/5.0 (Windows NT 10.0; Win64; x64) AppleWebKit/537.36 (KHTML, like Gecko) Chrome/120.0.0.0 Safari/537.36"
128.1.218.169 - - [30/Apr/2026:14:01:05 +0300] "POST /xmlrpc.php HTTP/1.1" 200 630 "-" "Mozilla/5.0 (Windows NT 10.0; Win64; x64) AppleWebKit/537.36 (KHTML, like Gecko) Chrome/114.0.0.0 Safari/537.36"
96.44.167.86 - - [30/Apr/2026:14:01:32 +0300] "POST /xmlrpc.php HTTP/1.1" 200 630 "-" "Mozilla/5.0 (Windows NT 10.0; Win64; x64) AppleWebKit/537.36 (KHTML, like Gecko) Chrome/114.0.0.0 Safari/537.36"
190.114.34.123 - - [30/Apr/2026:14:01:52 +0300] "GET /wp-login.php HTTP/1.1" 200 4160 "-" "Mozilla/5.0 (Windows NT 10.0; Win64; x64) AppleWebKit/537.36 (KHTML, like Gecko) Chrome/120.0.0.0 Safari/537.36"
108.181.120.104 - - [30/Apr/2026:14:02:01 +0300] "GET /the-fresh-uks-greatest-boku-casinos-best-online-casino-chiefs-fortune-2026/ HTTP/1.1" 200 78496 "-" "Mozilla/5.0 (Windows NT 10.0; rv:109.0) Gecko/20100101 Firefox/115.0"
200.25.47.108 - - [30/Apr/2026:14:02:05 +0300] "POST /xmlrpc.php HTTP/1.1" 200 11701 "-" "Mozilla/5.0 (Windows NT 10.0; Win64; x64) AppleWebKit/537.36 (KHTML, like Gecko) Chrome/114.0.0.0 Safari/537.36"
96.44.167.86 - - [30/Apr/2026:14:02:00 +0300] "GET /bonus-infantilidade-circulacao-acostumado-uma-vez-download-do-aplicativo-de-registro-galera-bet-que-free-spins/ HTTP/1.1" 200 81306 "-" "Mozilla/5.0 (Windows NT 10.0; Win64; x64) AppleWebKit/537.36 (KHTML, like Gecko) Chrome/122.0.0.0 Safari/537.36"
128.1.218.169 - - [30/Apr/2026:14:02:19 +0300] "POST /xmlrpc.php HTTP/1.1" 200 14739 "-" "Mozilla/5.0 (Windows NT 10.0; Win64; x64) AppleWebKit/537.36 (KHTML, like Gecko) Chrome/114.0.0.0 Safari/537.36"
185.216.113.70 - - [30/Apr/2026:14:03:06 +0300] "POST /wp-cron.php?doing_wp_cron=1777546986.1514379978179931640625 HTTP/1.1" 200 448 "-" "WordPress/6.3.8; https://serhatburke.miroglu.net"
96.44.167.86 - - [30/Apr/2026:14:02:33 +0300] "POST /xmlrpc.php HTTP/1.1" 200 15612 "-" "Mozilla/5.0 (Windows NT 10.0; Win64; x64) AppleWebKit/537.36 (KHTML, like Gecko) Chrome/114.0.0.0 Safari/537.36"
38.246.32.195 - - [30/Apr/2026:14:02:45 +0300] "POST /xmlrpc.php HTTP/1.1" 200 630 "-" "Mozilla/5.0 (Windows NT 10.0; Win64; x64) AppleWebKit/537.36 (KHTML, like Gecko) Chrome/114.0.0.0 Safari/537.36"
128.1.218.169 - - [30/Apr/2026:14:02:48 +0300] "POST /xmlrpc.php HTTP/1.1" 200 630 "-" "Mozilla/5.0 (Windows NT 10.0; Win64; x64) AppleWebKit/537.36 (KHTML, like Gecko) Chrome/114.0.0.0 Safari/537.36"
