37.27.228.124 - - [30/Apr/2026:14:50:04 +0300] "POST /xmlrpc.php HTTP/1.1" 200 241666 "-" "Mozilla/5.0 (Macintosh; Intel Mac OS X 12_5) AppleWebKit/537.36 (KHTML, like Gecko) Chrome/114.0.0.0 Safari/537.36 Vivaldi/5.3.2679.68"
96.44.167.86 - - [30/Apr/2026:14:50:06 +0300] "POST /xmlrpc.php HTTP/1.1" 200 630 "-" "Mozilla/5.0 (Windows NT 10.0; Win64; x64) AppleWebKit/537.36 (KHTML, like Gecko) Chrome/114.0.0.0 Safari/537.36"
216.26.248.57 - - [30/Apr/2026:14:50:19 +0300] "GET /novoline-casino-codice-bonus-registrazione/?unapproved=961&moderation-hash=72a68b51f920dad7b4538c0f3f623922 HTTP/1.1" 200 0 "https://serhatburke.miroglu.net/wp-comments-post.php" "Mozilla/5.0 (Macintosh; Intel Mac OS X 10_15_7) AppleWebKit/537.36 (KHTML, like Gecko) Chrome/139.0.0.0 Safari/537.36"
66.249.73.1 - - [30/Apr/2026:14:50:11 +0300] "GET /robots.txt HTTP/1.1" 200 719 "-" "Mozilla/5.0 (compatible; Googlebot/2.1; +http://www.google.com/bot.html)"
200.25.47.108 - - [30/Apr/2026:14:50:11 +0300] "POST /xmlrpc.php HTTP/1.1" 200 630 "-" "Mozilla/5.0 (Windows NT 10.0; Win64; x64) AppleWebKit/537.36 (KHTML, like Gecko) Chrome/114.0.0.0 Safari/537.36"
128.1.218.169 - - [30/Apr/2026:14:50:38 +0300] "GET /why-dont-we-gamble-ports-on-no-deposit-bonus-game-of-gladiators-the-web-web-log-archive-wolverine-harbors-why-dont-we-play-ports-online/ HTTP/1.1" 200 80268 "-" "Mozilla/5.0 (Windows NT 10.0; rv:109.0) Gecko/20100101 Firefox/115.0"
37.27.228.124 - - [30/Apr/2026:14:50:39 +0300] "POST /xmlrpc.php HTTP/1.1" 200 664 "-" "Mozilla/5.0 (Macintosh; Intel Mac OS X 12_5) AppleWebKit/537.36 (KHTML, like Gecko) Chrome/114.0.0.0 Safari/537.36 Vivaldi/5.3.2679.68"
65.111.14.24 - - [30/Apr/2026:14:50:40 +0300] "GET /novoline-casino-codice-bonus-registrazione/ HTTP/1.1" 200 17770 "-" "Mozilla/5.0 (compatible; Googlebot/2.1; +http://www.google.com/bot.html)"
108.181.120.104 - - [30/Apr/2026:14:50:43 +0300] "POST /xmlrpc.php HTTP/1.1" 200 630 "-" "Mozilla/5.0 (Windows NT 10.0; Win64; x64) AppleWebKit/537.36 (KHTML, like Gecko) Chrome/114.0.0.0 Safari/537.36"
96.44.167.86 - - [30/Apr/2026:14:50:45 +0300] "POST /xmlrpc.php HTTP/1.1" 200 13415 "-" "Mozilla/5.0 (Windows NT 10.0; Win64; x64) AppleWebKit/537.36 (KHTML, like Gecko) Chrome/114.0.0.0 Safari/537.36"
185.216.113.70 - - [30/Apr/2026:14:51:37 +0300] "POST /wp-cron.php?doing_wp_cron=1777549897.2616569995880126953125 HTTP/1.1" 200 448 "-" "WordPress/6.3.8; https://serhatburke.miroglu.net"
200.25.47.108 - - [30/Apr/2026:14:50:56 +0300] "POST /xmlrpc.php HTTP/1.1" 200 10469 "-" "Mozilla/5.0 (Windows NT 10.0; Win64; x64) AppleWebKit/537.36 (KHTML, like Gecko) Chrome/114.0.0.0 Safari/537.36"
185.216.113.70 - - [30/Apr/2026:14:52:07 +0300] "POST /wp-cron.php?doing_wp_cron=1777549927.6618549823760986328125 HTTP/1.1" 200 448 "-" "WordPress/6.3.8; https://serhatburke.miroglu.net"
40.77.167.20 - - [30/Apr/2026:14:51:20 +0300] "GET /post-sitemap6.xml HTTP/2" 200 0 "-" "Mozilla/5.0 AppleWebKit/537.36 (KHTML, like Gecko; compatible; bingbot/2.0; +http://www.bing.com/bingbot.htm) Chrome/116.0.1938.76 Safari/537.36"
128.1.218.169 - - [30/Apr/2026:14:51:15 +0300] "POST /xmlrpc.php HTTP/1.1" 200 630 "-" "Mozilla/5.0 (Windows NT 10.0; Win64; x64) AppleWebKit/537.36 (KHTML, like Gecko) Chrome/114.0.0.0 Safari/537.36"
185.216.113.70 - - [30/Apr/2026:14:52:11 +0300] "POST /wp-cron.php?doing_wp_cron=1777549931.6619179248809814453125 HTTP/1.1" 200 448 "-" "WordPress/6.3.8; https://serhatburke.miroglu.net"
185.216.113.70 - - [30/Apr/2026:14:52:13 +0300] "POST /wp-cron.php?doing_wp_cron=1777549932.9565589427947998046875 HTTP/1.1" 200 448 "-" "WordPress/6.3.8; https://serhatburke.miroglu.net"
37.27.228.124 - - [30/Apr/2026:14:51:22 +0300] "POST /xmlrpc.php HTTP/1.1" 200 664 "-" "Mozilla/5.0 (Macintosh; Intel Mac OS X 12_5) AppleWebKit/537.36 (KHTML, like Gecko) Chrome/114.0.0.0 Safari/537.36 Vivaldi/5.3.2679.68"
185.216.113.70 - - [30/Apr/2026:14:52:17 +0300] "POST /wp-cron.php?doing_wp_cron=1777549937.0880310535430908203125 HTTP/1.1" 200 448 "-" "WordPress/6.3.8; https://serhatburke.miroglu.net"
107.152.46.79 - - [30/Apr/2026:14:51:21 +0300] "GET /zotabet-casino-bonus-premier-depot-2026/ HTTP/1.1" 200 19103 "-" "Mozilla/5.0 (compatible; Googlebot/2.1; +http://www.google.com/bot.html)"
185.216.113.70 - - [30/Apr/2026:14:52:27 +0300] "POST /wp-cron.php?doing_wp_cron=1777549946.9546658992767333984375 HTTP/1.1" 200 448 "-" "WordPress/6.3.8; https://serhatburke.miroglu.net"
96.44.167.86 - - [30/Apr/2026:14:51:30 +0300] "GET /rotiri-gratuite-fara-achitare-2026-oferte-ybets-bonus-fara-depunere-cand-500-free-spins/ HTTP/1.1" 200 78037 "-" "Mozilla/5.0 (Windows NT 10.0; Win64; x64) AppleWebKit/537.36 (KHTML, like Gecko) Chrome/123.0.0.0 Safari/537.36"
185.216.113.70 - - [30/Apr/2026:14:52:39 +0300] "POST /wp-cron.php?doing_wp_cron=1777549959.3741180896759033203125 HTTP/1.1" 200 448 "-" "WordPress/6.3.8; https://serhatburke.miroglu.net"
108.181.120.104 - - [30/Apr/2026:14:51:32 +0300] "POST /xmlrpc.php HTTP/1.1" 200 14624 "-" "Mozilla/5.0 (Windows NT 10.0; Win64; x64) AppleWebKit/537.36 (KHTML, like Gecko) Chrome/114.0.0.0 Safari/537.36"
185.216.113.70 - - [30/Apr/2026:14:52:46 +0300] "POST /wp-cron.php?doing_wp_cron=1777549965.9694790840148925781250 HTTP/1.1" 200 448 "-" "WordPress/6.3.8; https://serhatburke.miroglu.net"
200.25.47.108 - - [30/Apr/2026:14:51:33 +0300] "POST /xmlrpc.php HTTP/1.1" 200 630 "-" "Mozilla/5.0 (Windows NT 10.0; Win64; x64) AppleWebKit/537.36 (KHTML, like Gecko) Chrome/114.0.0.0 Safari/537.36"
185.216.113.70 - - [30/Apr/2026:14:52:51 +0300] "POST /wp-cron.php?doing_wp_cron=1777549971.2380681037902832031250 HTTP/1.1" 200 448 "-" "WordPress/6.3.8; https://serhatburke.miroglu.net"
185.216.113.70 - - [30/Apr/2026:14:52:52 +0300] "POST /wp-cron.php?doing_wp_cron=1777549971.8687839508056640625000 HTTP/1.1" 200 448 "-" "WordPress/6.3.8; https://serhatburke.miroglu.net"
96.44.167.86 - - [30/Apr/2026:14:51:35 +0300] "POST /xmlrpc.php HTTP/1.1" 200 630 "-" "Mozilla/5.0 (Windows NT 10.0; Win64; x64) AppleWebKit/537.36 (KHTML, like Gecko) Chrome/114.0.0.0 Safari/537.36"
200.25.47.108 - - [30/Apr/2026:14:51:38 +0300] "GET /200-spielbank-provision-beste-200-einzahlungsboni-fur-jedes-2026/ HTTP/1.1" 200 74742 "-" "Mozilla/5.0 (Windows NT 10.0; Win64; x64) AppleWebKit/537.36 (KHTML, like Gecko) Chrome/124.0.0.0 Safari/537.36 Edg/124.0.0.0"
37.27.228.124 - - [30/Apr/2026:14:52:14 +0300] "POST /xmlrpc.php HTTP/1.1" 200 0 "-" "Mozilla/5.0 (Macintosh; Intel Mac OS X 12_5) AppleWebKit/537.36 (KHTML, like Gecko) Chrome/114.0.0.0 Safari/537.36 Vivaldi/5.3.2679.68"
185.216.113.70 - - [30/Apr/2026:14:53:16 +0300] "POST /wp-cron.php?doing_wp_cron=1777549995.9597060680389404296875 HTTP/1.1" 200 448 "-" "WordPress/6.3.8; https://serhatburke.miroglu.net"
57.128.22.95 - - [30/Apr/2026:14:51:39 +0300] "GET /beste-casino-site-belgie-hoge-inzet/ HTTP/1.1" 200 19264 "-" "Mozilla/5.0 (compatible; Googlebot/2.1; +http://www.google.com/bot.html)"
185.216.113.70 - - [30/Apr/2026:14:54:02 +0300] "POST /wp-cron.php?doing_wp_cron=1777550042.5380010604858398437500 HTTP/1.1" 200 448 "-" "WordPress/6.3.8; https://serhatburke.miroglu.net"
128.1.218.169 - - [30/Apr/2026:14:52:18 +0300] "POST /xmlrpc.php HTTP/1.1" 200 14492 "-" "Mozilla/5.0 (Windows NT 10.0; Win64; x64) AppleWebKit/537.36 (KHTML, like Gecko) Chrome/114.0.0.0 Safari/537.36"
185.216.113.70 - - [30/Apr/2026:14:54:15 +0300] "POST /wp-cron.php?doing_wp_cron=1777550055.2511088848114013671875 HTTP/1.1" 200 448 "-" "WordPress/6.3.8; https://serhatburke.miroglu.net"
37.27.228.124 - - [30/Apr/2026:14:53:15 +0300] "POST /xmlrpc.php HTTP/1.1" 200 0 "-" "Mozilla/5.0 (Macintosh; Intel Mac OS X 12_5) AppleWebKit/537.36 (KHTML, like Gecko) Chrome/114.0.0.0 Safari/537.36 Vivaldi/5.3.2679.68"
185.216.113.70 - - [30/Apr/2026:14:54:30 +0300] "POST /wp-cron.php?doing_wp_cron=1777550070.1596620082855224609375 HTTP/1.1" 200 448 "-" "WordPress/6.3.8; https://serhatburke.miroglu.net"
108.181.120.104 - - [30/Apr/2026:14:52:41 +0300] "GET /thunderstruck-slot-review-in-to-the-gambling-enterprise-mega-joker-the-new-depth-pokie-dolphins-pearl-deluxe-has-rtp-and-you-can-gameplay-search-ministere-de-los-angeles-sante-publique/ HTTP/1.1" 200 81698 "-" "Mozilla/5.0 (Windows NT 10.0; Win64; x64) AppleWebKit/537.36 (KHTML, like Gecko) Chrome/124.0.0.0 Safari/537.36 Edg/124.0.0.0"
185.216.113.70 - - [30/Apr/2026:14:54:42 +0300] "POST /wp-cron.php?doing_wp_cron=1777550082.7433340549468994140625 HTTP/1.1" 200 448 "-" "WordPress/6.3.8; https://serhatburke.miroglu.net"
200.25.47.108 - - [30/Apr/2026:14:52:53 +0300] "POST /xmlrpc.php HTTP/1.1" 200 630 "-" "Mozilla/5.0 (Windows NT 10.0; Win64; x64) AppleWebKit/537.36 (KHTML, like Gecko) Chrome/114.0.0.0 Safari/537.36"
185.216.113.70 - - [30/Apr/2026:14:54:53 +0300] "POST /wp-cron.php?doing_wp_cron=1777550092.9701728820800781250000 HTTP/1.1" 200 448 "-" "WordPress/6.3.8; https://serhatburke.miroglu.net"
200.25.47.108 - - [30/Apr/2026:14:52:54 +0300] "POST /xmlrpc.php HTTP/1.1" 200 9328 "-" "Mozilla/5.0 (Windows NT 10.0; Win64; x64) AppleWebKit/537.36 (KHTML, like Gecko) Chrome/114.0.0.0 Safari/537.36"
185.216.113.70 - - [30/Apr/2026:14:54:53 +0300] "POST /wp-cron.php?doing_wp_cron=1777550093.2486040592193603515625 HTTP/1.1" 200 448 "-" "WordPress/6.3.8; https://serhatburke.miroglu.net"
96.44.167.86 - - [30/Apr/2026:14:53:00 +0300] "POST /xmlrpc.php HTTP/1.1" 200 13779 "-" "Mozilla/5.0 (Windows NT 10.0; Win64; x64) AppleWebKit/537.36 (KHTML, like Gecko) Chrome/114.0.0.0 Safari/537.36"
96.44.167.86 - - [30/Apr/2026:14:52:56 +0300] "POST /xmlrpc.php HTTP/1.1" 500 745 "-" "Mozilla/5.0 (Windows NT 10.0; Win64; x64) AppleWebKit/537.36 (KHTML, like Gecko) Chrome/114.0.0.0 Safari/537.36"
128.1.218.169 - - [30/Apr/2026:14:52:59 +0300] "POST /xmlrpc.php HTTP/1.1" 500 745 "-" "Mozilla/5.0 (Windows NT 10.0; Win64; x64) AppleWebKit/537.36 (KHTML, like Gecko) Chrome/114.0.0.0 Safari/537.36"
185.216.113.70 - - [30/Apr/2026:14:55:50 +0300] "POST /wp-cron.php?doing_wp_cron=1777550150.5407249927520751953125 HTTP/1.1" 200 448 "-" "WordPress/6.3.8; https://serhatburke.miroglu.net"
108.181.120.104 - - [30/Apr/2026:14:54:21 +0300] "POST /xmlrpc.php HTTP/1.1" 200 627 "-" "Mozilla/5.0 (Windows NT 10.0; Win64; x64) AppleWebKit/537.36 (KHTML, like Gecko) Chrome/114.0.0.0 Safari/537.36"
185.216.113.70 - - [30/Apr/2026:14:55:58 +0300] "POST /wp-cron.php?doing_wp_cron=1777550158.0650689601898193359375 HTTP/1.1" 200 448 "-" "WordPress/6.3.8; https://serhatburke.miroglu.net"
200.25.47.108 - - [30/Apr/2026:14:54:10 +0300] "POST /xmlrpc.php HTTP/1.1" 200 630 "-" "Mozilla/5.0 (Windows NT 10.0; Win64; x64) AppleWebKit/537.36 (KHTML, like Gecko) Chrome/114.0.0.0 Safari/537.36"
185.216.113.70 - - [30/Apr/2026:14:56:04 +0300] "POST /wp-cron.php?doing_wp_cron=1777550164.2621378898620605468750 HTTP/1.1" 200 448 "-" "WordPress/6.3.8; https://serhatburke.miroglu.net"
128.1.218.169 - - [30/Apr/2026:14:54:03 +0300] "POST /xmlrpc.php HTTP/1.1" 200 14492 "-" "Mozilla/5.0 (Windows NT 10.0; Win64; x64) AppleWebKit/537.36 (KHTML, like Gecko) Chrome/114.0.0.0 Safari/537.36"
185.216.113.70 - - [30/Apr/2026:14:56:13 +0300] "POST /wp-cron.php?doing_wp_cron=1777550172.7557868957519531250000 HTTP/1.1" 200 448 "-" "WordPress/6.3.8; https://serhatburke.miroglu.net"
128.1.218.169 - - [30/Apr/2026:14:54:33 +0300] "POST /xmlrpc.php HTTP/1.1" 200 630 "-" "Mozilla/5.0 (Windows NT 10.0; Win64; x64) AppleWebKit/537.36 (KHTML, like Gecko) Chrome/114.0.0.0 Safari/537.36"
185.216.113.70 - - [30/Apr/2026:14:56:23 +0300] "POST /wp-cron.php?doing_wp_cron=1777550183.0637719631195068359375 HTTP/1.1" 200 448 "-" "WordPress/6.3.8; https://serhatburke.miroglu.net"
200.25.47.108 - - [30/Apr/2026:14:54:33 +0300] "POST /xmlrpc.php HTTP/1.1" 500 1102 "-" "Mozilla/5.0 (Windows NT 10.0; Win64; x64) AppleWebKit/537.36 (KHTML, like Gecko) Chrome/114.0.0.0 Safari/537.36"
185.216.113.70 - - [30/Apr/2026:14:56:31 +0300] "POST /wp-cron.php?doing_wp_cron=1777550191.2787499427795410156250 HTTP/1.1" 200 448 "-" "WordPress/6.3.8; https://serhatburke.miroglu.net"
128.1.218.169 - - [30/Apr/2026:14:54:39 +0300] "POST /xmlrpc.php HTTP/1.1" 500 1102 "-" "Mozilla/5.0 (Windows NT 10.0; Win64; x64) AppleWebKit/537.36 (KHTML, like Gecko) Chrome/114.0.0.0 Safari/537.36"
96.44.167.86 - - [30/Apr/2026:14:54:35 +0300] "POST /xmlrpc.php HTTP/1.1" 500 745 "-" "Mozilla/5.0 (Windows NT 10.0; Win64; x64) AppleWebKit/537.36 (KHTML, like Gecko) Chrome/114.0.0.0 Safari/537.36"
200.25.47.108 - - [30/Apr/2026:14:54:39 +0300] "POST /xmlrpc.php HTTP/1.1" 500 745 "-" "Mozilla/5.0 (Windows NT 10.0; Win64; x64) AppleWebKit/537.36 (KHTML, like Gecko) Chrome/114.0.0.0 Safari/537.36"
185.216.113.70 - - [30/Apr/2026:14:56:41 +0300] "POST /wp-cron.php?doing_wp_cron=1777550201.4628190994262695312500 HTTP/1.1" 200 448 "-" "WordPress/6.3.8; https://serhatburke.miroglu.net"
96.44.167.86 - - [30/Apr/2026:14:54:45 +0300] "POST /xmlrpc.php HTTP/1.1" 200 13779 "-" "Mozilla/5.0 (Windows NT 10.0; Win64; x64) AppleWebKit/537.36 (KHTML, like Gecko) Chrome/114.0.0.0 Safari/537.36"
154.195.170.226 - - [30/Apr/2026:14:56:39 +0300] "GET /beste-casino-site-belgie-hoge-inzet/ HTTP/1.1" 200 0 "-" "Mozilla/5.0 (compatible; Googlebot/2.1; +http://www.google.com/bot.html)"
104.166.164.21 - - [30/Apr/2026:14:55:09 +0300] "POST /xmlrpc.php HTTP/1.1" 500 745 "-" "Mozilla/5.0 (Windows NT 10.0; Win64; x64) AppleWebKit/537.36 (KHTML, like Gecko) Chrome/114.0.0.0 Safari/537.36"
200.25.47.108 - - [30/Apr/2026:14:55:28 +0300] "POST /xmlrpc.php HTTP/1.1" 500 745 "-" "Mozilla/5.0 (Windows NT 10.0; Win64; x64) AppleWebKit/537.36 (KHTML, like Gecko) Chrome/114.0.0.0 Safari/537.36"
96.44.167.86 - - [30/Apr/2026:14:55:30 +0300] "POST /xmlrpc.php HTTP/1.1" 500 745 "-" "Mozilla/5.0 (Windows NT 10.0; Win64; x64) AppleWebKit/537.36 (KHTML, like Gecko) Chrome/114.0.0.0 Safari/537.36"
128.1.218.169 - - [30/Apr/2026:14:55:44 +0300] "GET /?p=146106 HTTP/1.1" 500 745 "-" "Mozilla/5.0 (Windows NT 10.0; Win64; x64; rv:125.0) Gecko/20100101 Firefox/125.0"
200.25.47.108 - - [30/Apr/2026:14:55:50 +0300] "POST /xmlrpc.php HTTP/1.1" 500 745 "-" "Mozilla/5.0 (Windows NT 10.0; Win64; x64) AppleWebKit/537.36 (KHTML, like Gecko) Chrome/114.0.0.0 Safari/537.36"
104.207.63.188 - - [30/Apr/2026:14:57:10 +0300] "GET /novoline-casino-codice-bonus-registrazione/ HTTP/1.1" 200 0 "-" "Mozilla/5.0 (compatible; Googlebot/2.1; +http://www.google.com/bot.html)"
128.1.218.169 - - [30/Apr/2026:14:56:04 +0300] "POST /xmlrpc.php HTTP/1.1" 500 745 "-" "Mozilla/5.0 (Windows NT 10.0; Win64; x64) AppleWebKit/537.36 (KHTML, like Gecko) Chrome/114.0.0.0 Safari/537.36"
128.1.218.169 - - [30/Apr/2026:14:56:14 +0300] "POST /xmlrpc.php HTTP/1.1" 500 745 "-" "Mozilla/5.0 (Windows NT 10.0; Win64; x64) AppleWebKit/537.36 (KHTML, like Gecko) Chrome/114.0.0.0 Safari/537.36"
200.25.47.108 - - [30/Apr/2026:14:56:19 +0300] "POST /xmlrpc.php HTTP/1.1" 500 745 "-" "Mozilla/5.0 (Windows NT 10.0; Win64; x64) AppleWebKit/537.36 (KHTML, like Gecko) Chrome/114.0.0.0 Safari/537.36"
96.44.167.86 - - [30/Apr/2026:14:56:19 +0300] "POST /xmlrpc.php HTTP/1.1" 500 745 "-" "Mozilla/5.0 (Windows NT 10.0; Win64; x64) AppleWebKit/537.36 (KHTML, like Gecko) Chrome/114.0.0.0 Safari/537.36"
200.25.47.108 - - [30/Apr/2026:14:56:19 +0300] "GET /?p=146108 HTTP/1.1" 500 745 "-" "Mozilla/5.0 (Windows NT 10.0; Win64; x64) AppleWebKit/537.36 (KHTML, like Gecko) Chrome/124.0.0.0 Safari/537.36 Edg/124.0.0.0"
96.44.167.86 - - [30/Apr/2026:14:56:25 +0300] "GET /?p=146110 HTTP/1.1" 500 745 "-" "Mozilla/5.0 (Windows NT 10.0; Win64; x64; rv:125.0) Gecko/20100101 Firefox/125.0"
66.249.76.78 - - [30/Apr/2026:14:56:28 +0300] "GET /robots.txt HTTP/1.1" 500 782 "-" "Mozilla/5.0 (compatible; Googlebot/2.1; +http://www.google.com/bot.html)"
185.216.113.70 - - [30/Apr/2026:14:58:43 +0300] "POST /wp-cron.php?doing_wp_cron=1777550323.1565799713134765625000 HTTP/1.1" 200 448 "-" "WordPress/6.3.8; https://serhatburke.miroglu.net"
200.25.47.108 - - [30/Apr/2026:14:56:44 +0300] "POST /xmlrpc.php HTTP/1.1" 500 745 "-" "Mozilla/5.0 (Windows NT 10.0; Win64; x64) AppleWebKit/537.36 (KHTML, like Gecko) Chrome/114.0.0.0 Safari/537.36"
104.166.164.21 - - [30/Apr/2026:14:56:47 +0300] "POST /xmlrpc.php HTTP/1.1" 500 745 "-" "Mozilla/5.0 (Windows NT 10.0; Win64; x64) AppleWebKit/537.36 (KHTML, like Gecko) Chrome/114.0.0.0 Safari/537.36"
104.166.164.21 - - [30/Apr/2026:14:56:51 +0300] "POST /xmlrpc.php HTTP/1.1" 500 745 "-" "Mozilla/5.0 (Windows NT 10.0; Win64; x64) AppleWebKit/537.36 (KHTML, like Gecko) Chrome/114.0.0.0 Safari/537.36"
185.216.113.70 - - [30/Apr/2026:14:59:03 +0300] "POST /wp-cron.php?doing_wp_cron=1777550342.6619470119476318359375 HTTP/1.1" 200 448 "-" "WordPress/6.3.8; https://serhatburke.miroglu.net"
200.25.47.108 - - [30/Apr/2026:14:57:07 +0300] "POST /xmlrpc.php HTTP/1.1" 500 745 "-" "Mozilla/5.0 (Windows NT 10.0; Win64; x64) AppleWebKit/537.36 (KHTML, like Gecko) Chrome/114.0.0.0 Safari/537.36"
96.44.167.86 - - [30/Apr/2026:14:57:10 +0300] "POST /xmlrpc.php HTTP/1.1" 500 745 "-" "Mozilla/5.0 (Windows NT 10.0; Win64; x64) AppleWebKit/537.36 (KHTML, like Gecko) Chrome/114.0.0.0 Safari/537.36"
185.216.113.70 - - [30/Apr/2026:14:59:17 +0300] "POST /wp-cron.php?doing_wp_cron=1777550357.2566080093383789062500 HTTP/1.1" 200 448 "-" "WordPress/6.3.8; https://serhatburke.miroglu.net"
128.1.218.169 - - [30/Apr/2026:14:57:25 +0300] "POST /xmlrpc.php HTTP/1.1" 500 745 "-" "Mozilla/5.0 (Windows NT 10.0; Win64; x64) AppleWebKit/537.36 (KHTML, like Gecko) Chrome/114.0.0.0 Safari/537.36"
200.25.47.108 - - [30/Apr/2026:14:57:35 +0300] "POST /xmlrpc.php HTTP/1.1" 500 745 "-" "Mozilla/5.0 (Windows NT 10.0; Win64; x64) AppleWebKit/537.36 (KHTML, like Gecko) Chrome/114.0.0.0 Safari/537.36"
40.77.167.23 - - [30/Apr/2026:14:58:53 +0300] "GET /book-of-ra-cette-version-deluxe-classique-avec-votre-appareil-dolphins-pearl-deluxe-fente-en-ligne-vers-avec/ HTTP/2" 200 0 "-" "Mozilla/5.0 AppleWebKit/537.36 (KHTML, like Gecko; compatible; bingbot/2.0; +http://www.bing.com/bingbot.htm) Chrome/116.0.1938.76 Safari/537.36"
40.77.167.23 - - [30/Apr/2026:14:58:53 +0300] "GET /ben-morris-are-a-sporting-events-and-you-will-gambling-enterprise-blogger-who-been-which-have-betting-geek-during-the-2024/ HTTP/2" 200 0 "-" "Mozilla/5.0 AppleWebKit/537.36 (KHTML, like Gecko; compatible; bingbot/2.0; +http://www.bing.com/bingbot.htm) Chrome/116.0.1938.76 Safari/537.36"
128.1.218.169 - - [30/Apr/2026:14:57:44 +0300] "POST /xmlrpc.php HTTP/1.1" 500 745 "-" "Mozilla/5.0 (Windows NT 10.0; Win64; x64) AppleWebKit/537.36 (KHTML, like Gecko) Chrome/114.0.0.0 Safari/537.36"
190.171.70.165 - - [30/Apr/2026:14:59:16 +0300] "POST /xmlrpc.php HTTP/2" 200 0 "-" "WordPress/XMLRPC Client"
40.77.167.22 - - [30/Apr/2026:14:58:57 +0300] "GET /family-out-of-fun-hacks-tips-and-10-free-spins-no-deposit-sign-up-bonus-ways-to-earn-much-more-currency-as-soon-as-possible/ HTTP/2" 200 0 "-" "Mozilla/5.0 AppleWebKit/537.36 (KHTML, like Gecko; compatible; bingbot/2.0; +http://www.bing.com/bingbot.htm) Chrome/116.0.1938.76 Safari/537.36"
200.25.47.108 - - [30/Apr/2026:14:57:50 +0300] "POST /xmlrpc.php HTTP/1.1" 500 745 "-" "Mozilla/5.0 (Windows NT 10.0; Win64; x64) AppleWebKit/537.36 (KHTML, like Gecko) Chrome/114.0.0.0 Safari/537.36"
185.216.113.70 - - [30/Apr/2026:14:59:51 +0300] "POST /wp-cron.php?doing_wp_cron=1777550391.7926690578460693359375 HTTP/1.1" 200 448 "-" "WordPress/6.3.8; https://serhatburke.miroglu.net"
200.25.47.108 - - [30/Apr/2026:14:57:59 +0300] "POST /xmlrpc.php HTTP/1.1" 200 861 "-" "Mozilla/5.0 (Windows NT 10.0; Win64; x64) AppleWebKit/537.36 (KHTML, like Gecko) Chrome/114.0.0.0 Safari/537.36"
128.1.218.169 - - [30/Apr/2026:14:57:58 +0300] "POST /xmlrpc.php HTTP/1.1" 500 745 "-" "Mozilla/5.0 (Windows NT 10.0; Win64; x64) AppleWebKit/537.36 (KHTML, like Gecko) Chrome/114.0.0.0 Safari/537.36"
96.44.167.86 - - [30/Apr/2026:14:57:59 +0300] "POST /xmlrpc.php HTTP/1.1" 500 745 "-" "Mozilla/5.0 (Windows NT 10.0; Win64; x64) AppleWebKit/537.36 (KHTML, like Gecko) Chrome/114.0.0.0 Safari/537.36"
185.216.113.70 - - [30/Apr/2026:15:00:03 +0300] "POST /wp-cron.php?doing_wp_cron=1777550403.5480179786682128906250 HTTP/1.1" 200 448 "-" "WordPress/6.3.8; https://serhatburke.miroglu.net"
200.25.47.108 - - [30/Apr/2026:14:58:04 +0300] "POST /xmlrpc.php HTTP/1.1" 200 10264 "-" "Mozilla/5.0 (Windows NT 10.0; Win64; x64) AppleWebKit/537.36 (KHTML, like Gecko) Chrome/114.0.0.0 Safari/537.36"
96.44.167.86 - - [30/Apr/2026:14:58:05 +0300] "POST /xmlrpc.php HTTP/1.1" 500 745 "-" "Mozilla/5.0 (Windows NT 10.0; Win64; x64) AppleWebKit/537.36 (KHTML, like Gecko) Chrome/114.0.0.0 Safari/537.36"
185.216.113.70 - - [30/Apr/2026:15:00:12 +0300] "POST /wp-cron.php?doing_wp_cron=1777550412.4498760700225830078125 HTTP/1.1" 200 448 "-" "WordPress/6.3.8; https://serhatburke.miroglu.net"
66.249.76.77 - - [30/Apr/2026:14:58:40 +0300] "GET /robots.txt HTTP/1.1" 200 719 "-" "Mozilla/5.0 (compatible; Googlebot/2.1; +http://www.google.com/bot.html)"
103.247.22.224 - - [30/Apr/2026:14:59:48 +0300] "POST /xmlrpc.php HTTP/2" 200 0 "-" "WordPress/XMLRPC Client"
185.216.113.70 - - [30/Apr/2026:15:00:36 +0300] "POST /wp-cron.php?doing_wp_cron=1777550435.9636030197143554687500 HTTP/1.1" 200 448 "-" "WordPress/6.3.8; https://serhatburke.miroglu.net"
185.216.113.70 - - [30/Apr/2026:15:00:36 +0300] "POST /wp-cron.php?doing_wp_cron=1777550436.2399499416351318359375 HTTP/1.1" 200 448 "-" "WordPress/6.3.8; https://serhatburke.miroglu.net"
185.216.113.70 - - [30/Apr/2026:15:00:37 +0300] "POST /wp-cron.php?doing_wp_cron=1777550437.0798189640045166015625 HTTP/1.1" 200 448 "-" "WordPress/6.3.8; https://serhatburke.miroglu.net"
104.166.164.21 - - [30/Apr/2026:14:58:23 +0300] "POST /xmlrpc.php HTTP/1.1" 500 745 "-" "Mozilla/5.0 (Windows NT 10.0; Win64; x64) AppleWebKit/537.36 (KHTML, like Gecko) Chrome/114.0.0.0 Safari/537.36"
40.77.167.22 - - [30/Apr/2026:14:59:54 +0300] "GET /nv-casino-gyors-jtkok-s-gyors-tempj-akci-a-modern/ HTTP/2" 200 0 "-" "Mozilla/5.0 AppleWebKit/537.36 (KHTML, like Gecko; compatible; bingbot/2.0; +http://www.bing.com/bingbot.htm) Chrome/116.0.1938.76 Safari/537.36"
185.216.113.70 - - [30/Apr/2026:15:00:44 +0300] "POST /wp-cron.php?doing_wp_cron=1777550444.1618120670318603515625 HTTP/1.1" 200 448 "-" "WordPress/6.3.8; https://serhatburke.miroglu.net"
104.166.164.21 - - [30/Apr/2026:14:58:45 +0300] "POST /xmlrpc.php HTTP/1.1" 500 1102 "-" "Mozilla/5.0 (Windows NT 10.0; Win64; x64) AppleWebKit/537.36 (KHTML, like Gecko) Chrome/114.0.0.0 Safari/537.36"
181.133.36.171 - - [30/Apr/2026:15:00:19 +0300] "POST /xmlrpc.php HTTP/2" 200 0 "-" "WordPress/XMLRPC Client"
103.136.107.107 - - [30/Apr/2026:15:00:24 +0300] "GET /novoline-casino-codice-bonus-registrazione/ HTTP/1.1" 200 0 "-" "Mozilla/5.0 (compatible; Googlebot/2.1; +http://www.google.com/bot.html)"
185.216.113.70 - - [30/Apr/2026:15:01:07 +0300] "POST /wp-cron.php?doing_wp_cron=1777550467.3537359237670898437500 HTTP/1.1" 200 448 "-" "WordPress/6.3.8; https://serhatburke.miroglu.net"
200.25.47.108 - - [30/Apr/2026:14:59:20 +0300] "POST /xmlrpc.php HTTP/1.1" 200 10787 "-" "Mozilla/5.0 (Windows NT 10.0; Win64; x64) AppleWebKit/537.36 (KHTML, like Gecko) Chrome/114.0.0.0 Safari/537.36"
38.10.131.4 - - [30/Apr/2026:15:00:51 +0300] "POST /xmlrpc.php HTTP/2" 200 0 "-" "WordPress/XMLRPC Client"
103.136.107.107 - - [30/Apr/2026:15:00:56 +0300] "GET /88701-2/ HTTP/1.1" 200 0 "-" "Mozilla/5.0 (compatible; Googlebot/2.1; +http://www.google.com/bot.html)"
90.50.105.240 - - [30/Apr/2026:15:01:03 +0300] "POST /xmlrpc.php HTTP/2" 200 0 "-" "WordPress/XMLRPC Client"
185.216.113.70 - - [30/Apr/2026:15:01:36 +0300] "POST /wp-cron.php?doing_wp_cron=1777550496.6586608886718750000000 HTTP/1.1" 200 448 "-" "WordPress/6.3.8; https://serhatburke.miroglu.net"
128.1.218.169 - - [30/Apr/2026:14:59:43 +0300] "POST /xmlrpc.php HTTP/1.1" 200 14349 "-" "Mozilla/5.0 (Windows NT 10.0; Win64; x64) AppleWebKit/537.36 (KHTML, like Gecko) Chrome/114.0.0.0 Safari/537.36"
185.216.113.70 - - [30/Apr/2026:15:01:42 +0300] "POST /wp-cron.php?doing_wp_cron=1777550502.4519500732421875000000 HTTP/1.1" 200 448 "-" "WordPress/6.3.8; https://serhatburke.miroglu.net"
40.77.167.73 - - [30/Apr/2026:15:00:53 +0300] "GET /120-imperative-hyperlink-totally-free-spins-the-real-deal-currency-best-gambling-enterprise-bonuses/ HTTP/2" 200 0 "-" "Mozilla/5.0 AppleWebKit/537.36 (KHTML, like Gecko; compatible; bingbot/2.0; +http://www.bing.com/bingbot.htm) Chrome/116.0.1938.76 Safari/537.36"
200.25.47.108 - - [30/Apr/2026:14:59:43 +0300] "GET /?p=146114 HTTP/1.1" 500 745 "-" "Mozilla/5.0 (Windows NT 10.0; Win64; x64) AppleWebKit/537.36 (KHTML, like Gecko) Chrome/109.0.0.0 Safari/537.36"
23.124.22.97 - - [30/Apr/2026:15:01:24 +0300] "POST /xmlrpc.php HTTP/1.1" 200 0 "-" "Mozilla/5.0 (Windows NT 10.0; Win64; x64; rv:124.0) Gecko/20100101 Firefox/124.0"
186.194.24.150 - - [30/Apr/2026:15:01:22 +0300] "POST /xmlrpc.php HTTP/2" 200 0 "-" "WordPress/XMLRPC Client"
104.166.164.21 - - [30/Apr/2026:14:59:56 +0300] "POST /xmlrpc.php HTTP/1.1" 500 745 "-" "Mozilla/5.0 (Windows NT 10.0; Win64; x64) AppleWebKit/537.36 (KHTML, like Gecko) Chrome/114.0.0.0 Safari/537.36"
151.192.250.150 - - [30/Apr/2026:15:01:35 +0300] "POST /xmlrpc.php HTTP/2" 200 0 "-" "WordPress/XMLRPC Client"
70.170.192.60 - - [30/Apr/2026:15:01:50 +0300] "POST /xmlrpc.php HTTP/1.1" 200 0 "-" "Mozilla/5.0 (X11; Linux x86_64) AppleWebKit/537.36 (KHTML, like Gecko) Chrome/121.0.6167.85 Safari/537.36"
185.216.113.70 - - [30/Apr/2026:15:02:26 +0300] "POST /wp-cron.php?doing_wp_cron=1777550546.6738500595092773437500 HTTP/1.1" 200 448 "-" "WordPress/6.3.8; https://serhatburke.miroglu.net"
185.216.113.70 - - [30/Apr/2026:15:02:33 +0300] "POST /wp-cron.php?doing_wp_cron=1777550553.2490100860595703125000 HTTP/1.1" 200 448 "-" "WordPress/6.3.8; https://serhatburke.miroglu.net"
200.25.47.108 - - [30/Apr/2026:15:01:00 +0300] "GET /?p=146116 HTTP/1.1" 301 641 "-" "Mozilla/5.0 (Windows NT 10.0; Win64; x64; rv:125.0) Gecko/20100101 Firefox/125.0"
176.77.112.223 - - [30/Apr/2026:15:02:06 +0300] "POST /xmlrpc.php HTTP/2" 200 0 "-" "WordPress/XMLRPC Client"
108.66.109.4 - - [30/Apr/2026:15:02:14 +0300] "POST /xmlrpc.php HTTP/1.1" 200 0 "-" "Mozilla/5.0 (X11; Linux x86_64) AppleWebKit/537.36 (KHTML, like Gecko) Chrome/126.0.0.0 Safari/537.36"
142.93.196.95 - - [30/Apr/2026:15:02:36 +0300] "GET / HTTP/1.1" 200 0 "-" "Mozilla/5.0 (X11; Linux x86_64) AppleWebKit/537.36 (KHTML, like Gecko) Chrome/55.0.2883.87 Safari/537.36"
142.93.196.95 - - [30/Apr/2026:15:02:42 +0300] "GET / HTTP/1.1" 200 0 "-" "Mozilla/5.0 (X11; Linux x86_64) AppleWebKit/537.36 (KHTML, like Gecko) Chrome/55.0.2883.87 Safari/537.36"
200.25.47.108 - - [30/Apr/2026:15:01:23 +0300] "POST /xmlrpc.php HTTP/1.1" 200 861 "-" "Mozilla/5.0 (Windows NT 10.0; Win64; x64) AppleWebKit/537.36 (KHTML, like Gecko) Chrome/114.0.0.0 Safari/537.36"
185.216.113.70 - - [30/Apr/2026:15:02:59 +0300] "POST /wp-cron.php?doing_wp_cron=1777550579.6752309799194335937500 HTTP/1.1" 200 448 "-" "WordPress/6.3.8; https://serhatburke.miroglu.net"
189.156.241.19 - - [30/Apr/2026:15:02:39 +0300] "POST /xmlrpc.php HTTP/1.1" 200 0 "-" "Mozilla/5.0 (Windows NT 10.0; Win64; x64; rv:124.0) Gecko/20100101 Firefox/124.0"
185.216.113.70 - - [30/Apr/2026:15:02:57 +0300] "POST /wp-cron.php?doing_wp_cron=1777550576.6709399223327636718750 HTTP/1.1" 200 448 "-" "WordPress/6.3.8; https://serhatburke.miroglu.net"
128.1.218.169 - - [30/Apr/2026:15:01:24 +0300] "GET /?p=146118 HTTP/1.1" 301 769 "-" "Mozilla/5.0 (Windows NT 10.0; rv:109.0) Gecko/20100101 Firefox/115.0"
40.77.167.73 - - [30/Apr/2026:15:02:14 +0300] "GET /maximize-your-crypto-efficiency-with-raydium-today/ HTTP/2" 200 0 "-" "Mozilla/5.0 AppleWebKit/537.36 (KHTML, like Gecko; compatible; bingbot/2.0; +http://www.bing.com/bingbot.htm) Chrome/116.0.1938.76 Safari/537.36"
41.138.99.217 - - [30/Apr/2026:15:02:37 +0300] "POST /xmlrpc.php HTTP/2" 200 0 "-" "WordPress/XMLRPC Client"
52.167.144.235 - - [30/Apr/2026:15:02:18 +0300] "GET /maximizing-returns-with-jupiter-swap-in-crypto-trading/ HTTP/2" 200 0 "-" "Mozilla/5.0 AppleWebKit/537.36 (KHTML, like Gecko; compatible; bingbot/2.0; +http://www.bing.com/bingbot.htm) Chrome/116.0.1938.76 Safari/537.36"
40.77.167.73 - - [30/Apr/2026:15:02:18 +0300] "GET /shljuhi-krasnojarska-intim-dosug-bez-masok-i-scen/ HTTP/2" 200 0 "-" "Mozilla/5.0 AppleWebKit/537.36 (KHTML, like Gecko; compatible; bingbot/2.0; +http://www.bing.com/bingbot.htm) Chrome/116.0.1938.76 Safari/537.36"
40.77.167.23 - - [30/Apr/2026:15:02:24 +0300] "GET /igt-ports-enjoy-igt-slot-machines-online-casino-jeton-on-the-internet-at-no-cost/ HTTP/2" 200 0 "-" "Mozilla/5.0 AppleWebKit/537.36 (KHTML, like Gecko; compatible; bingbot/2.0; +http://www.bing.com/bingbot.htm) Chrome/116.0.1938.76 Safari/537.36"
52.167.144.235 - - [30/Apr/2026:15:02:27 +0300] "GET /casino-tillsammans-nedstamd-insattning-2025-lagsta-1-25-50-bonusplats-the-jazz-club-sund/ HTTP/2" 200 0 "-" "Mozilla/5.0 AppleWebKit/537.36 (KHTML, like Gecko; compatible; bingbot/2.0; +http://www.bing.com/bingbot.htm) Chrome/116.0.1938.76 Safari/537.36"
173.34.36.53 - - [30/Apr/2026:15:03:04 +0300] "POST /xmlrpc.php HTTP/1.1" 200 0 "-" "Mozilla/5.0 (X11; Ubuntu; Linux x86_64; rv:123.0) Gecko/20100101 Firefox/123.0"
185.216.113.70 - - [30/Apr/2026:15:03:37 +0300] "POST /wp-cron.php?doing_wp_cron=1777550617.0638930797576904296875 HTTP/1.1" 200 448 "-" "WordPress/6.3.8; https://serhatburke.miroglu.net"
193.31.126.215 - - [30/Apr/2026:15:03:07 +0300] "POST /xmlrpc.php HTTP/2" 200 0 "-" "WordPress/XMLRPC Client"
38.246.32.195 - - [30/Apr/2026:15:01:45 +0300] "POST /xmlrpc.php HTTP/1.1" 500 745 "-" "Mozilla/5.0 (Windows NT 10.0; Win64; x64) AppleWebKit/537.36 (KHTML, like Gecko) Chrome/114.0.0.0 Safari/537.36"
40.77.167.73 - - [30/Apr/2026:15:03:14 +0300] "GET /oddsbonus-casino-voodoo-dreams-25-gratissnurr-2025-genom-rankar-sam-betygsatter-do-10-ultimata/ HTTP/2" 200 0 "-" "Mozilla/5.0 AppleWebKit/537.36 (KHTML, like Gecko; compatible; bingbot/2.0; +http://www.bing.com/bingbot.htm) Chrome/116.0.1938.76 Safari/537.36"
40.77.167.73 - - [30/Apr/2026:15:03:18 +0300] "GET /casino-plenty-ofortune-gratissnurr-tillag-inte-me-insattning-sam-omsattningskrav-enkla-bestammels/ HTTP/2" 200 0 "-" "Mozilla/5.0 AppleWebKit/537.36 (KHTML, like Gecko; compatible; bingbot/2.0; +http://www.bing.com/bingbot.htm) Chrome/116.0.1938.76 Safari/537.36"
185.216.113.70 - - [30/Apr/2026:15:04:10 +0300] "POST /wp-cron.php?doing_wp_cron=1777550649.9606909751892089843750 HTTP/1.1" 200 448 "-" "WordPress/6.3.8; https://serhatburke.miroglu.net"
185.216.113.70 - - [30/Apr/2026:15:04:28 +0300] "POST /wp-cron.php?doing_wp_cron=1777550666.1377780437469482421875 HTTP/1.1" 200 448 "-" "WordPress/6.3.8; https://serhatburke.miroglu.net"
121.146.218.75 - - [30/Apr/2026:15:02:48 +0300] "GET /zotabet-casino-bonus-premier-depot-2026/ HTTP/1.1" 200 19136 "https://serhatburke.miroglu.net/" "Mozilla/5.0 (Windows NT 10.0; Win64; x64) AppleWebKit/537.36 (KHTML, like Gecko) Chrome/145.0.0.0 Safari/537.36"
185.216.113.70 - - [30/Apr/2026:15:04:34 +0300] "POST /wp-cron.php?doing_wp_cron=1777550674.3600120544433593750000 HTTP/1.1" 200 448 "-" "WordPress/6.3.8; https://serhatburke.miroglu.net"
200.25.47.108 - - [30/Apr/2026:15:02:36 +0300] "GET /10-grosartige-games-diese-durch-alice-im-wunderland/ HTTP/1.1" 200 75710 "-" "Mozilla/5.0 (Windows NT 10.0; Win64; x64; rv:125.0) Gecko/20100101 Firefox/125.0"
200.25.47.108 - - [30/Apr/2026:15:02:40 +0300] "POST /xmlrpc.php HTTP/1.1" 500 745 "-" "Mozilla/5.0 (Windows NT 10.0; Win64; x64) AppleWebKit/537.36 (KHTML, like Gecko) Chrome/114.0.0.0 Safari/537.36"
185.216.113.70 - - [30/Apr/2026:15:04:50 +0300] "POST /wp-cron.php?doing_wp_cron=1777550689.9620580673217773437500 HTTP/1.1" 200 448 "-" "WordPress/6.3.8; https://serhatburke.miroglu.net"
82.25.62.125 - - [30/Apr/2026:15:03:07 +0300] "GET /novoline-casino-codice-bonus-registrazione/ HTTP/1.1" 200 17770 "-" "Mozilla/5.0 (compatible; Googlebot/2.1; +http://www.google.com/bot.html)"
128.1.218.169 - - [30/Apr/2026:15:03:04 +0300] "POST /xmlrpc.php HTTP/1.1" 500 745 "-" "Mozilla/5.0 (Windows NT 10.0; Win64; x64) AppleWebKit/537.36 (KHTML, like Gecko) Chrome/114.0.0.0 Safari/537.36"
128.1.218.169 - - [30/Apr/2026:15:03:04 +0300] "GET /indian-fantasizing-video-slot-gamble-finest-fee-video-game-inside-the-mr-wager-1-casino-sverige-a-hundred-100-genies-gems-casino-slot-percent-free-revolves-no-deposit-local-casino/ HTTP/1.1" 500 745 "-" "Mozilla/5.0 (Windows NT 10.0; rv:109.0) Gecko/20100101 Firefox/115.0"
185.216.113.70 - - [30/Apr/2026:15:05:03 +0300] "POST /wp-cron.php?doing_wp_cron=1777550703.1585578918457031250000 HTTP/1.1" 200 448 "-" "WordPress/6.3.8; https://serhatburke.miroglu.net"
40.77.167.73 - - [30/Apr/2026:15:04:16 +0300] "GET /apostas-pagbet-entrar-online-alta-esportiva-cassino/ HTTP/2" 200 0 "-" "Mozilla/5.0 AppleWebKit/537.36 (KHTML, like Gecko; compatible; bingbot/2.0; +http://www.bing.com/bingbot.htm) Chrome/116.0.1938.76 Safari/537.36"
40.77.167.73 - - [30/Apr/2026:15:04:23 +0300] "GET /macao-ou-ses-salle-de-jeu-ma-different-ainee-des-jeux-de-financment-des-salle-de-flowers-mobile-jeu-du-monde-jeu-non-payants-un-tantinet/ HTTP/2" 200 0 "-" "Mozilla/5.0 AppleWebKit/537.36 (KHTML, like Gecko; compatible; bingbot/2.0; +http://www.bing.com/bingbot.htm) Chrome/116.0.1938.76 Safari/537.36"
52.167.144.235 - - [30/Apr/2026:15:04:28 +0300] "GET /it-is-unknown-though-this-is-certainly-actually-enforced-getting-online-gambling/ HTTP/2" 200 0 "-" "Mozilla/5.0 AppleWebKit/537.36 (KHTML, like Gecko; compatible; bingbot/2.0; +http://www.bing.com/bingbot.htm) Chrome/116.0.1938.76 Safari/537.36"
40.77.167.73 - - [30/Apr/2026:15:04:28 +0300] "GET /cent-prime-et-31-periodes-gratis/ HTTP/2" 200 0 "-" "Mozilla/5.0 AppleWebKit/537.36 (KHTML, like Gecko; compatible; bingbot/2.0; +http://www.bing.com/bingbot.htm) Chrome/116.0.1938.76 Safari/537.36"
185.216.113.70 - - [30/Apr/2026:15:05:23 +0300] "POST /wp-cron.php?doing_wp_cron=1777550723.1536149978637695312500 HTTP/1.1" 200 448 "-" "WordPress/6.3.8; https://serhatburke.miroglu.net"
38.246.32.195 - - [30/Apr/2026:15:03:23 +0300] "POST /xmlrpc.php HTTP/1.1" 500 745 "-" "Mozilla/5.0 (Windows NT 10.0; Win64; x64) AppleWebKit/537.36 (KHTML, like Gecko) Chrome/114.0.0.0 Safari/537.36"
40.77.167.23 - - [30/Apr/2026:15:04:35 +0300] "GET /hazard-za-darmo-777-przez-internet/ HTTP/2" 200 0 "-" "Mozilla/5.0 AppleWebKit/537.36 (KHTML, like Gecko; compatible; bingbot/2.0; +http://www.bing.com/bingbot.htm) Chrome/116.0.1938.76 Safari/537.36"
52.167.144.235 - - [30/Apr/2026:15:04:39 +0300] "GET /rotiri-gratuite-fara-achitare-2025-xtra-hot-1-sedimen-slot-hot-star-2025-oferte-cand-500-free-spins/ HTTP/2" 200 0 "-" "Mozilla/5.0 AppleWebKit/537.36 (KHTML, like Gecko; compatible; bingbot/2.0; +http://www.bing.com/bingbot.htm) Chrome/116.0.1938.76 Safari/537.36"
121.146.218.75 - - [30/Apr/2026:15:03:49 +0300] "GET /zotabet-casino-bonus-premier-depot-2026/ HTTP/1.1" 500 782 "https://serhatburke.miroglu.net/" "Mozilla/5.0 (Windows NT 10.0; Win64; x64) AppleWebKit/537.36 (KHTML, like Gecko) Chrome/145.0.0.0 Safari/537.36"
155.94.150.97 - - [30/Apr/2026:15:05:30 +0300] "GET /zotabet-casino-bonus-premier-depot-2026/ HTTP/1.1" 200 0 "-" "Mozilla/5.0 (compatible; Googlebot/2.1; +http://www.google.com/bot.html)"
185.216.113.70 - - [30/Apr/2026:15:06:02 +0300] "POST /wp-cron.php?doing_wp_cron=1777550761.9663159847259521484375 HTTP/1.1" 200 448 "-" "WordPress/6.3.8; https://serhatburke.miroglu.net"
82.25.62.125 - - [30/Apr/2026:15:04:08 +0300] "GET /novoline-casino-codice-bonus-registrazione/ HTTP/1.1" 200 17801 "https://serhatburke.miroglu.net/" "Mozilla/5.0 (Macintosh; Intel Mac OS X 10_15_7) AppleWebKit/605.1.15 (KHTML, like Gecko) Version/18.6 Safari/605.1.15"
82.25.62.125 - - [30/Apr/2026:15:06:04 +0300] "GET /wp-includes/css/dist/block-library/style.min.css?ver=6.3.8 HTTP/1.1" 200 13578 "https://serhatburke.miroglu.net/novoline-casino-codice-bonus-registrazione/" "Mozilla/5.0 (Windows NT 10.0; Win64; x64) AppleWebKit/537.36 (KHTML, like Gecko) Chrome/145.0.0.0 Safari/537.36"
82.25.62.125 - - [30/Apr/2026:15:06:05 +0300] "GET /wp-content/plugins/contact-form-7/includes/css/styles.css?ver=5.8 HTTP/1.1" 200 1490 "https://serhatburke.miroglu.net/novoline-casino-codice-bonus-registrazione/" "Mozilla/5.0 (Windows NT 10.0; Win64; x64) AppleWebKit/537.36 (KHTML, like Gecko) Chrome/145.0.0.0 Safari/537.36"
82.25.62.125 - - [30/Apr/2026:15:06:09 +0300] "GET /wp-content/themes/toppic/css/fontello.css?ver=4.2 HTTP/1.1" 200 1802 "https://serhatburke.miroglu.net/novoline-casino-codice-bonus-registrazione/" "Mozilla/5.0 (Windows NT 10.0; Win64; x64) AppleWebKit/537.36 (KHTML, like Gecko) Chrome/145.0.0.0 Safari/537.36"
82.25.62.125 - - [30/Apr/2026:15:06:10 +0300] "GET /wp-content/themes/toppic/css/reset.css?ver=4.2 HTTP/1.1" 200 1178 "https://serhatburke.miroglu.net/novoline-casino-codice-bonus-registrazione/" "Mozilla/5.0 (Windows NT 10.0; Win64; x64) AppleWebKit/537.36 (KHTML, like Gecko) Chrome/145.0.0.0 Safari/537.36"
82.25.62.125 - - [30/Apr/2026:15:06:11 +0300] "GET /wp-content/themes/toppic/css/default.css?ver=4.2 HTTP/1.1" 200 1811 "https://serhatburke.miroglu.net/novoline-casino-codice-bonus-registrazione/" "Mozilla/5.0 (Windows NT 10.0; Win64; x64) AppleWebKit/537.36 (KHTML, like Gecko) Chrome/145.0.0.0 Safari/537.36"
82.25.62.125 - - [30/Apr/2026:15:06:12 +0300] "GET /wp-content/themes/toppic/style.css?ver=4.2 HTTP/1.1" 200 23398 "https://serhatburke.miroglu.net/novoline-casino-codice-bonus-registrazione/" "Mozilla/5.0 (Windows NT 10.0; Win64; x64) AppleWebKit/537.36 (KHTML, like Gecko) Chrome/145.0.0.0 Safari/537.36"
82.25.62.125 - - [30/Apr/2026:15:06:13 +0300] "GET /wp-content/themes/toppic/css/royalslider.css?ver=4.2 HTTP/1.1" 200 1887 "https://serhatburke.miroglu.net/novoline-casino-codice-bonus-registrazione/" "Mozilla/5.0 (Windows NT 10.0; Win64; x64) AppleWebKit/537.36 (KHTML, like Gecko) Chrome/145.0.0.0 Safari/537.36"
82.25.62.125 - - [30/Apr/2026:15:06:13 +0300] "GET /wp-content/themes/toppic/css/rs-default.css?ver=4.2 HTTP/1.1" 200 2625 "https://serhatburke.miroglu.net/novoline-casino-codice-bonus-registrazione/" "Mozilla/5.0 (Windows NT 10.0; Win64; x64) AppleWebKit/537.36 (KHTML, like Gecko) Chrome/145.0.0.0 Safari/537.36"
82.25.62.125 - - [30/Apr/2026:15:06:14 +0300] "GET /wp-content/themes/toppic/css/lightbox.css?ver=4.2 HTTP/1.1" 200 2956 "https://serhatburke.miroglu.net/novoline-casino-codice-bonus-registrazione/" "Mozilla/5.0 (Windows NT 10.0; Win64; x64) AppleWebKit/537.36 (KHTML, like Gecko) Chrome/145.0.0.0 Safari/537.36"
40.77.167.73 - - [30/Apr/2026:15:05:25 +0300] "GET /erreichbar-casinos-qua-echtgeld-2026-top-10-ernahrer-inoffizieller-mitarbeiter-test/ HTTP/2" 200 0 "-" "Mozilla/5.0 AppleWebKit/537.36 (KHTML, like Gecko; compatible; bingbot/2.0; +http://www.bing.com/bingbot.htm) Chrome/116.0.1938.76 Safari/537.36"
82.25.62.125 - - [30/Apr/2026:15:06:15 +0300] "GET /wp-content/themes/toppic/css/woocommerce.css?ver=4.2 HTTP/1.1" 200 2848 "https://serhatburke.miroglu.net/novoline-casino-codice-bonus-registrazione/" "Mozilla/5.0 (Windows NT 10.0; Win64; x64) AppleWebKit/537.36 (KHTML, like Gecko) Chrome/145.0.0.0 Safari/537.36"
185.216.113.70 - - [30/Apr/2026:15:06:16 +0300] "POST /wp-cron.php?doing_wp_cron=1777550775.9417970180511474609375 HTTP/1.1" 200 448 "-" "WordPress/6.3.8; https://serhatburke.miroglu.net"
82.25.62.125 - - [30/Apr/2026:15:06:16 +0300] "GET /wp-content/themes/toppic/css/responsive.css?ver=4.2 HTTP/1.1" 200 2796 "https://serhatburke.miroglu.net/novoline-casino-codice-bonus-registrazione/" "Mozilla/5.0 (Windows NT 10.0; Win64; x64) AppleWebKit/537.36 (KHTML, like Gecko) Chrome/145.0.0.0 Safari/537.36"
103.219.169.226 - - [30/Apr/2026:15:04:32 +0300] "POST /xmlrpc.php HTTP/1.1" 200 630 "-" "Mozilla/5.0 (Windows NT 10.0; Win64; x64) AppleWebKit/537.36 (KHTML, like Gecko) Chrome/114.0.0.0 Safari/537.36"
185.216.113.70 - - [30/Apr/2026:15:06:29 +0300] "POST /wp-cron.php?doing_wp_cron=1777550789.8604059219360351562500 HTTP/1.1" 200 448 "-" "WordPress/6.3.8; https://serhatburke.miroglu.net"
185.216.113.70 - - [30/Apr/2026:15:06:33 +0300] "POST /wp-cron.php?doing_wp_cron=1777550793.2787919044494628906250 HTTP/1.1" 200 448 "-" "WordPress/6.3.8; https://serhatburke.miroglu.net"
121.146.218.75 - - [30/Apr/2026:15:04:50 +0300] "GET /zotabet-casino-bonus-premier-depot-2026/ HTTP/1.1" 200 19136 "https://serhatburke.miroglu.net/" "Mozilla/5.0 (Windows NT 10.0; Win64; x64) AppleWebKit/537.36 (KHTML, like Gecko) Chrome/145.0.0.0 Safari/537.36"
185.216.113.70 - - [30/Apr/2026:15:06:36 +0300] "POST /wp-cron.php?doing_wp_cron=1777550796.6526799201965332031250 HTTP/1.1" 200 448 "-" "WordPress/6.3.8; https://serhatburke.miroglu.net"
82.25.62.125 - - [30/Apr/2026:15:04:37 +0300] "GET /88701-2/ HTTP/1.1" 200 18386 "-" "Mozilla/5.0 (compatible; Googlebot/2.1; +http://www.google.com/bot.html)"
40.77.167.73 - - [30/Apr/2026:15:06:24 +0300] "GET /no-deposit-100-percent-free-spins-the-newest-checklist-to-possess-february-50-free-spins-asgard-2026/ HTTP/2" 200 0 "-" "Mozilla/5.0 AppleWebKit/537.36 (KHTML, like Gecko; compatible; bingbot/2.0; +http://www.bing.com/bingbot.htm) Chrome/116.0.1938.76 Safari/537.36"
185.216.113.70 - - [30/Apr/2026:15:07:15 +0300] "POST /wp-cron.php?doing_wp_cron=1777550835.1631700992584228515625 HTTP/1.1" 200 448 "-" "WordPress/6.3.8; https://serhatburke.miroglu.net"
103.219.169.226 - - [30/Apr/2026:15:06:12 +0300] "POST /xmlrpc.php HTTP/1.1" 500 1102 "-" "Mozilla/5.0 (Windows NT 10.0; Win64; x64) AppleWebKit/537.36 (KHTML, like Gecko) Chrome/114.0.0.0 Safari/537.36"
185.216.113.70 - - [30/Apr/2026:15:07:21 +0300] "POST /wp-cron.php?doing_wp_cron=1777550840.9533689022064208984375 HTTP/1.1" 200 448 "-" "WordPress/6.3.8; https://serhatburke.miroglu.net"
82.25.62.125 - - [30/Apr/2026:15:06:17 +0300] "POST /wp-comments-post.php HTTP/1.1" 302 1090 "https://serhatburke.miroglu.net/novoline-casino-codice-bonus-registrazione/" "Mozilla/5.0 (Macintosh; Intel Mac OS X 10_15_7) AppleWebKit/605.1.15 (KHTML, like Gecko) Version/18.6 Safari/605.1.15"
185.216.113.70 - - [30/Apr/2026:15:07:25 +0300] "POST /wp-cron.php?doing_wp_cron=1777550845.0672769546508789062500 HTTP/1.1" 200 448 "-" "WordPress/6.3.8; https://serhatburke.miroglu.net"
103.219.169.226 - - [30/Apr/2026:15:07:21 +0300] "POST /xmlrpc.php HTTP/1.1" 200 16876 "-" "Mozilla/5.0 (Windows NT 10.0; Win64; x64) AppleWebKit/537.36 (KHTML, like Gecko) Chrome/114.0.0.0 Safari/537.36"
82.25.62.125 - - [30/Apr/2026:15:07:21 +0300] "GET /novoline-casino-codice-bonus-registrazione/?unapproved=962&moderation-hash=df039fff84a01190fffe3a722c70739d HTTP/1.1" 200 18397 "https://serhatburke.miroglu.net/wp-comments-post.php" "Mozilla/5.0 (Macintosh; Intel Mac OS X 10_15_7) AppleWebKit/605.1.15 (KHTML, like Gecko) Version/18.6 Safari/605.1.15"
40.77.167.73 - - [30/Apr/2026:15:07:33 +0300] "GET /%E3%83%90%E3%82%B9%E3%82%B1%E3%83%83%E3%83%88%E3%83%9C%E3%83%BC%E3%83%AB%E3%81%AE%E6%9C%89%E5%90%8D%E4%BA%BA-gamepix-%E3%81%A7%E4%BB%8A%E3%81%99%E3%81%90%E3%83%97%E3%83%AC%E3%82%A4%E3%81%97%E3%81%BE/ HTTP/2" 200 23265 "-" "Mozilla/5.0 AppleWebKit/537.36 (KHTML, like Gecko; compatible; bingbot/2.0; +http://www.bing.com/bingbot.htm) Chrome/116.0.1938.76 Safari/537.36"
40.77.167.123 - - [30/Apr/2026:15:07:38 +0300] "GET /%CF%84%CE%BF-%CE%BA%CE%B1%CE%BB%CF%8D%CF%84%CE%B5%CF%81%CE%BF-%CF%80%CE%B1%CE%B9%CF%87%CE%BD%CE%AF%CE%B4%CE%B9-%CF%84%CF%85%CF%87%CE%B5%CF%81%CF%8E%CE%BD-%CF%80%CE%B1%CE%B9%CF%87%CE%BD%CE%B9%CE%B4/ HTTP/2" 200 20479 "-" "Mozilla/5.0 AppleWebKit/537.36 (KHTML, like Gecko; compatible; bingbot/2.0; +http://www.bing.com/bingbot.htm) Chrome/116.0.1938.76 Safari/537.36"
40.77.167.241 - - [30/Apr/2026:15:07:44 +0300] "GET /jogue-thor-infinity-slots-gratis-dinheiro-real-reels-gratuitamente-acimade-gesto-demonio/ HTTP/2" 200 20512 "-" "Mozilla/5.0 AppleWebKit/537.36 (KHTML, like Gecko; compatible; bingbot/2.0; +http://www.bing.com/bingbot.htm) Chrome/116.0.1938.76 Safari/537.36"
82.25.62.125 - - [30/Apr/2026:15:08:09 +0300] "GET /novoline-casino-codice-bonus-registrazione/ HTTP/1.1" 200 17905 "-" "Mozilla/5.0 (compatible; Googlebot/2.1; +http://www.google.com/bot.html)"
103.219.169.226 - - [30/Apr/2026:15:08:09 +0300] "GET /presente-casino-primeramente-pamplona-menu-del-restaurante-costos-asi-como-resenas/ HTTP/1.1" 200 82013 "-" "Mozilla/5.0 (Windows NT 10.0; Win64; x64; rv:124.0) Gecko/20100101 Firefox/124.0"
40.77.167.73 - - [30/Apr/2026:15:08:24 +0300] "GET /head-to-head-holdem-against-mississippi-stud-%EF%BF%BD-and-therefore-live-dealer-games-to-select/ HTTP/2" 200 17726 "-" "Mozilla/5.0 AppleWebKit/537.36 (KHTML, like Gecko; compatible; bingbot/2.0; +http://www.bing.com/bingbot.htm) Chrome/116.0.1938.76 Safari/537.36"
185.216.113.70 - - [30/Apr/2026:15:08:49 +0300] "POST /wp-cron.php?doing_wp_cron=1777550928.9411590099334716796875 HTTP/1.1" 200 448 "-" "WordPress/6.3.8; https://serhatburke.miroglu.net"
40.77.167.241 - - [30/Apr/2026:15:08:35 +0300] "GET /category/escort-projects/ HTTP/2" 200 29347 "-" "Mozilla/5.0 AppleWebKit/537.36 (KHTML, like Gecko; compatible; bingbot/2.0; +http://www.bing.com/bingbot.htm) Chrome/116.0.1938.76 Safari/537.36"
96.44.167.86 - - [30/Apr/2026:15:08:38 +0300] "POST /xmlrpc.php HTTP/1.1" 200 630 "-" "Mozilla/5.0 (Windows NT 10.0; Win64; x64) AppleWebKit/537.36 (KHTML, like Gecko) Chrome/114.0.0.0 Safari/537.36"
40.77.167.241 - - [30/Apr/2026:15:08:56 +0300] "GET /your-selection-of-gambling-games-within-888casino-are-unbelievable/ HTTP/2" 200 17579 "-" "Mozilla/5.0 AppleWebKit/537.36 (KHTML, like Gecko; compatible; bingbot/2.0; +http://www.bing.com/bingbot.htm) Chrome/116.0.1938.76 Safari/537.36"
96.44.167.86 - - [30/Apr/2026:15:08:58 +0300] "POST /xmlrpc.php HTTP/1.1" 200 12337 "-" "Mozilla/5.0 (Windows NT 10.0; Win64; x64) AppleWebKit/537.36 (KHTML, like Gecko) Chrome/114.0.0.0 Safari/537.36"
96.44.167.86 - - [30/Apr/2026:15:09:15 +0300] "GET /utprova-high-society-online-slot-casino-inte-med-konto-ingen-inskrivning/ HTTP/1.1" 200 76612 "-" "Mozilla/5.0 (Windows NT 10.0; Win64; x64; rv:124.0) Gecko/20100101 Firefox/124.0"
40.77.167.241 - - [30/Apr/2026:15:09:26 +0300] "GET /eye-of-horus-je-triple-chance-777-com-nusse-religious-verbunden-zum-besten-geben-weiter-via-maklercourtage-costa-rica/ HTTP/2" 200 20227 "-" "Mozilla/5.0 AppleWebKit/537.36 (KHTML, like Gecko; compatible; bingbot/2.0; +http://www.bing.com/bingbot.htm) Chrome/116.0.1938.76 Safari/537.36"
185.216.113.70 - - [30/Apr/2026:15:09:56 +0300] "POST /wp-cron.php?doing_wp_cron=1777550996.6466560363769531250000 HTTP/1.1" 200 448 "-" "WordPress/6.3.8; https://serhatburke.miroglu.net"
40.77.167.123 - - [30/Apr/2026:15:09:40 +0300] "GET /tronscan-navigating-the-future-of-tron-analytics-5/ HTTP/2" 200 17836 "-" "Mozilla/5.0 AppleWebKit/537.36 (KHTML, like Gecko; compatible; bingbot/2.0; +http://www.bing.com/bingbot.htm) Chrome/116.0.1938.76 Safari/537.36"
40.77.167.73 - - [30/Apr/2026:15:09:44 +0300] "GET /spelu-automati-online-kur-spelet-slotu-speles-latvija/ HTTP/2" 200 18621 "-" "Mozilla/5.0 AppleWebKit/537.36 (KHTML, like Gecko; compatible; bingbot/2.0; +http://www.bing.com/bingbot.htm) Chrome/116.0.1938.76 Safari/537.36"
40.77.167.241 - - [30/Apr/2026:15:09:44 +0300] "GET /sheldon-ho-internet-really-worth-2026-wolf-hunters-slot-games-currency-income-bio/ HTTP/2" 200 21189 "-" "Mozilla/5.0 AppleWebKit/537.36 (KHTML, like Gecko; compatible; bingbot/2.0; +http://www.bing.com/bingbot.htm) Chrome/116.0.1938.76 Safari/537.36"
40.77.167.73 - - [30/Apr/2026:15:09:53 +0300] "GET /how-to-qualify-for-playojo-kicker-codes-within-the-2025/ HTTP/2" 200 17568 "-" "Mozilla/5.0 AppleWebKit/537.36 (KHTML, like Gecko; compatible; bingbot/2.0; +http://www.bing.com/bingbot.htm) Chrome/116.0.1938.76 Safari/537.36"
172.188.179.145 - - [30/Apr/2026:15:10:05 +0300] "GET /kraken-dostup-v-darknet-i-rabochie-ssylki-2026/ HTTP/1.1" 200 0 "-" "Mozilla/5.0 (Windows NT 10.0; Win64; x64) AppleWebKit/537.36 (KHTML, like Gecko) Chrome/131.0.0.0 Safari/537.36 Edg/131.0.0.0"
40.77.167.123 - - [30/Apr/2026:15:10:10 +0300] "GET /discovering-tronscan-your-gateway-to-tron-analytics-2/ HTTP/2" 200 17924 "-" "Mozilla/5.0 AppleWebKit/537.36 (KHTML, like Gecko; compatible; bingbot/2.0; +http://www.bing.com/bingbot.htm) Chrome/116.0.1938.76 Safari/537.36"
40.77.167.241 - - [30/Apr/2026:15:10:16 +0300] "GET /la-manuale-definitiva-soldi-online-ramses-book-al-umanita-dei-bisca-online/ HTTP/2" 200 20115 "-" "Mozilla/5.0 AppleWebKit/537.36 (KHTML, like Gecko; compatible; bingbot/2.0; +http://www.bing.com/bingbot.htm) Chrome/116.0.1938.76 Safari/537.36"
185.216.113.70 - - [30/Apr/2026:15:10:43 +0300] "POST /wp-cron.php?doing_wp_cron=1777551043.5113549232482910156250 HTTP/1.1" 200 448 "-" "WordPress/6.3.8; https://serhatburke.miroglu.net"
103.219.169.226 - - [30/Apr/2026:15:10:24 +0300] "POST /xmlrpc.php HTTP/1.1" 500 1102 "-" "Mozilla/5.0 (Windows NT 10.0; Win64; x64) AppleWebKit/537.36 (KHTML, like Gecko) Chrome/114.0.0.0 Safari/537.36"
40.77.167.73 - - [30/Apr/2026:15:10:35 +0300] "GET /gratis-unter-beste-legitime-online-power-stars-legal-slots-anderem-ohne-registration-auffuhren/ HTTP/2" 200 19344 "-" "Mozilla/5.0 AppleWebKit/537.36 (KHTML, like Gecko; compatible; bingbot/2.0; +http://www.bing.com/bingbot.htm) Chrome/116.0.1938.76 Safari/537.36"
40.77.167.241 - - [30/Apr/2026:15:10:54 +0300] "GET /si-prefieres-pensar-sin-comportarse-las-juegos-de-caja-de-ahorros-resultan-lo-apropiado/ HTTP/2" 200 18095 "-" "Mozilla/5.0 AppleWebKit/537.36 (KHTML, like Gecko; compatible; bingbot/2.0; +http://www.bing.com/bingbot.htm) Chrome/116.0.1938.76 Safari/537.36"
40.77.167.241 - - [30/Apr/2026:15:10:58 +0300] "GET /ten-finest-online-casino-real-cash-sites-inside-one-club-casino-iphone-the-united-states-of-america-to-possess-2026/ HTTP/2" 200 19981 "-" "Mozilla/5.0 AppleWebKit/537.36 (KHTML, like Gecko; compatible; bingbot/2.0; +http://www.bing.com/bingbot.htm) Chrome/116.0.1938.76 Safari/537.36"
