40.77.167.59 - - [30/Apr/2026:14:27:14 +0300] "GET /makul-fiyatli-seyahat-princess-cruises-kumarhane-goldbet-casino-bonus-kodu-isletmesi-simdi-sunuyor/ HTTP/2" 200 18534 "-" "Mozilla/5.0 AppleWebKit/537.36 (KHTML, like Gecko; compatible; bingbot/2.0; +http://www.bing.com/bingbot.htm) Chrome/116.0.1938.76 Safari/537.36"
185.216.113.70 - - [30/Apr/2026:14:27:42 +0300] "POST /wp-cron.php?doing_wp_cron=1777548462.2063870429992675781250 HTTP/1.1" 200 448 "-" "WordPress/6.3.8; https://serhatburke.miroglu.net"
40.77.167.27 - - [30/Apr/2026:14:27:30 +0300] "GET /yahtzee-game-scoresheet-30-free-spins-haunted-house-calculator-solitaire-multiplayer/ HTTP/2" 200 20429 "-" "Mozilla/5.0 AppleWebKit/537.36 (KHTML, like Gecko; compatible; bingbot/2.0; +http://www.bing.com/bingbot.htm) Chrome/116.0.1938.76 Safari/537.36"
40.77.167.27 - - [30/Apr/2026:14:27:34 +0300] "GET /betmgm-incentives-%EF%BF%BD-acceptance-now-offers-100-free-revolves-advantages/ HTTP/2" 200 17814 "-" "Mozilla/5.0 AppleWebKit/537.36 (KHTML, like Gecko; compatible; bingbot/2.0; +http://www.bing.com/bingbot.htm) Chrome/116.0.1938.76 Safari/537.36"
40.77.167.59 - - [30/Apr/2026:14:27:42 +0300] "GET /cryptowild-added-bonus-rules-march-2026-upgraded-each-slots-n-play-bonuses-day/ HTTP/2" 200 18882 "-" "Mozilla/5.0 AppleWebKit/537.36 (KHTML, like Gecko; compatible; bingbot/2.0; +http://www.bing.com/bingbot.htm) Chrome/116.0.1938.76 Safari/537.36"
40.77.167.59 - - [30/Apr/2026:14:27:46 +0300] "GET /slots-ballonix-bonus-de-sexta-feira-do-blaze777-giros-livres-de-slot-arame-real-melhores-jogos-para-abiscoitar-acimade-2025-areal-rica/ HTTP/2" 200 19715 "-" "Mozilla/5.0 AppleWebKit/537.36 (KHTML, like Gecko; compatible; bingbot/2.0; +http://www.bing.com/bingbot.htm) Chrome/116.0.1938.76 Safari/537.36"
40.77.167.27 - - [30/Apr/2026:14:28:01 +0300] "GET /real-look-through-this-site-cash-on-the-internet-pokies-2026-bangbonus777/ HTTP/2" 200 19244 "-" "Mozilla/5.0 AppleWebKit/537.36 (KHTML, like Gecko; compatible; bingbot/2.0; +http://www.bing.com/bingbot.htm) Chrome/116.0.1938.76 Safari/537.36"
57.128.22.95 - - [30/Apr/2026:14:28:04 +0300] "GET /28563-2/ HTTP/1.1" 200 19290 "-" "Mozilla/5.0 (compatible; Googlebot/2.1; +http://www.google.com/bot.html)"
43.164.0.21 - - [30/Apr/2026:14:28:09 +0300] "GET / HTTP/1.1" 200 22141 "http://serhatburke.miroglu.net" "Mozilla/5.0 (iPhone; CPU iPhone OS 13_2_3 like Mac OS X) AppleWebKit/605.1.15 (KHTML, like Gecko) Version/13.0.3 Mobile/15E148 Safari/604.1"
185.216.113.70 - - [30/Apr/2026:14:28:41 +0300] "POST /wp-cron.php?doing_wp_cron=1777548521.5777559280395507812500 HTTP/1.1" 200 448 "-" "WordPress/6.3.8; https://serhatburke.miroglu.net"
40.77.167.27 - - [30/Apr/2026:14:28:30 +0300] "GET /free-online-ports-thunderstruck-no-download-no-registration-enjoy-2400-casino-slot-games-no-down-load/ HTTP/2" 200 20078 "-" "Mozilla/5.0 AppleWebKit/537.36 (KHTML, like Gecko; compatible; bingbot/2.0; +http://www.bing.com/bingbot.htm) Chrome/116.0.1938.76 Safari/537.36"
128.1.218.169 - - [30/Apr/2026:14:28:56 +0300] "POST /xmlrpc.php HTTP/1.1" 200 630 "-" "Mozilla/5.0 (Windows NT 10.0; Win64; x64) AppleWebKit/537.36 (KHTML, like Gecko) Chrome/114.0.0.0 Safari/537.36"
185.216.113.70 - - [30/Apr/2026:14:29:29 +0300] "POST /wp-cron.php?doing_wp_cron=1777548569.6842861175537109375000 HTTP/1.1" 200 448 "-" "WordPress/6.3.8; https://serhatburke.miroglu.net"
128.1.218.169 - - [30/Apr/2026:14:29:16 +0300] "POST /xmlrpc.php HTTP/1.1" 200 13771 "-" "Mozilla/5.0 (Windows NT 10.0; Win64; x64) AppleWebKit/537.36 (KHTML, like Gecko) Chrome/114.0.0.0 Safari/537.36"
128.1.218.169 - - [30/Apr/2026:14:29:31 +0300] "GET /play-21700-20-super-hot-slot-machine-free-online-casino-games-no-obtain/ HTTP/1.1" 200 77848 "-" "Mozilla/5.0 (Windows NT 10.0; Win64; x64) AppleWebKit/537.36 (KHTML, like Gecko) Chrome/122.0.0.0 Safari/537.36"
191.102.167.107 - - [30/Apr/2026:14:29:47 +0300] "GET /3-tips-on-%d0%be%d0%bd%d0%bb%d0%b0%d0%b9%d0%bd-%d0%ba%d0%b0%d0%b7%d0%b8%d0%bd%d0%be-%d0%bd%d0%b0-%d1%80%d0%b5%d0%b0%d0%bb%d1%8c%d0%bd%d1%8b%d0%b5-%d0%b4%d0%b5%d0%bd%d1%8c%d0%b3%d0%b8-you-can-use-today/ HTTP/1.1" 200 23437 "-" "Mozilla/5.0 (compatible; Googlebot/2.1; +http://www.google.com/bot.html)"
40.77.167.27 - - [30/Apr/2026:14:29:58 +0300] "GET /ringa-free-spins-inom-dag-bedste-gratis-spins-kasino-thrills-inom-february-2026/ HTTP/2" 200 18881 "-" "Mozilla/5.0 AppleWebKit/537.36 (KHTML, like Gecko; compatible; bingbot/2.0; +http://www.bing.com/bingbot.htm) Chrome/116.0.1938.76 Safari/537.36"
185.216.113.70 - - [30/Apr/2026:14:31:25 +0300] "POST /wp-cron.php?doing_wp_cron=1777548685.5251660346984863281250 HTTP/1.1" 200 448 "-" "WordPress/6.3.8; https://serhatburke.miroglu.net"
177.234.143.100 - - [30/Apr/2026:14:31:08 +0300] "GET /beste-casino-site-belgie-hoge-inzet/ HTTP/1.1" 200 19264 "-" "Mozilla/5.0 (compatible; Googlebot/2.1; +http://www.google.com/bot.html)"
43.229.135.118 - - [30/Apr/2026:14:31:43 +0300] "GET /28563-2/ HTTP/1.1" 200 19313 "https://serhatburke.miroglu.net/" "Mozilla/5.0 (X11; Linux x86_64) AppleWebKit/537.36 (KHTML, like Gecko) Chrome/114.0.0.0 Safari/537.36 OPR/89.0.4447.51"
43.229.135.118 - - [30/Apr/2026:14:31:57 +0300] "GET /wp-includes/css/dist/block-library/style.min.css?ver=6.3.8 HTTP/1.1" 200 13578 "https://serhatburke.miroglu.net/28563-2/" "Mozilla/5.0 (Windows NT 10.0; Win64; x64) AppleWebKit/537.36 (KHTML, like Gecko) Chrome/143.0.0.0 Safari/537.36"
43.229.135.118 - - [30/Apr/2026:14:31:59 +0300] "GET /wp-content/plugins/contact-form-7/includes/css/styles.css?ver=5.8 HTTP/1.1" 200 1490 "https://serhatburke.miroglu.net/28563-2/" "Mozilla/5.0 (Windows NT 10.0; Win64; x64) AppleWebKit/537.36 (KHTML, like Gecko) Chrome/143.0.0.0 Safari/537.36"
43.229.135.118 - - [30/Apr/2026:14:31:59 +0300] "GET /wp-content/themes/toppic/css/fontello.css?ver=4.2 HTTP/1.1" 200 1802 "https://serhatburke.miroglu.net/28563-2/" "Mozilla/5.0 (Windows NT 10.0; Win64; x64) AppleWebKit/537.36 (KHTML, like Gecko) Chrome/143.0.0.0 Safari/537.36"
43.229.135.118 - - [30/Apr/2026:14:32:00 +0300] "GET /wp-content/themes/toppic/css/reset.css?ver=4.2 HTTP/1.1" 200 1178 "https://serhatburke.miroglu.net/28563-2/" "Mozilla/5.0 (Windows NT 10.0; Win64; x64) AppleWebKit/537.36 (KHTML, like Gecko) Chrome/143.0.0.0 Safari/537.36"
43.229.135.118 - - [30/Apr/2026:14:32:01 +0300] "GET /wp-content/themes/toppic/css/default.css?ver=4.2 HTTP/1.1" 200 1811 "https://serhatburke.miroglu.net/28563-2/" "Mozilla/5.0 (Windows NT 10.0; Win64; x64) AppleWebKit/537.36 (KHTML, like Gecko) Chrome/143.0.0.0 Safari/537.36"
43.229.135.118 - - [30/Apr/2026:14:32:02 +0300] "GET /wp-content/themes/toppic/style.css?ver=4.2 HTTP/1.1" 200 23398 "https://serhatburke.miroglu.net/28563-2/" "Mozilla/5.0 (Windows NT 10.0; Win64; x64) AppleWebKit/537.36 (KHTML, like Gecko) Chrome/143.0.0.0 Safari/537.36"
43.229.135.118 - - [30/Apr/2026:14:32:03 +0300] "GET /wp-content/themes/toppic/css/royalslider.css?ver=4.2 HTTP/1.1" 200 1887 "https://serhatburke.miroglu.net/28563-2/" "Mozilla/5.0 (Windows NT 10.0; Win64; x64) AppleWebKit/537.36 (KHTML, like Gecko) Chrome/143.0.0.0 Safari/537.36"
43.229.135.118 - - [30/Apr/2026:14:32:04 +0300] "GET /wp-content/themes/toppic/css/rs-default.css?ver=4.2 HTTP/1.1" 200 2625 "https://serhatburke.miroglu.net/28563-2/" "Mozilla/5.0 (Windows NT 10.0; Win64; x64) AppleWebKit/537.36 (KHTML, like Gecko) Chrome/143.0.0.0 Safari/537.36"
43.229.135.118 - - [30/Apr/2026:14:32:05 +0300] "GET /wp-content/themes/toppic/css/lightbox.css?ver=4.2 HTTP/1.1" 200 2956 "https://serhatburke.miroglu.net/28563-2/" "Mozilla/5.0 (Windows NT 10.0; Win64; x64) AppleWebKit/537.36 (KHTML, like Gecko) Chrome/143.0.0.0 Safari/537.36"
43.229.135.118 - - [30/Apr/2026:14:32:06 +0300] "GET /wp-content/themes/toppic/css/woocommerce.css?ver=4.2 HTTP/1.1" 200 2848 "https://serhatburke.miroglu.net/28563-2/" "Mozilla/5.0 (Windows NT 10.0; Win64; x64) AppleWebKit/537.36 (KHTML, like Gecko) Chrome/143.0.0.0 Safari/537.36"
43.229.135.118 - - [30/Apr/2026:14:32:07 +0300] "GET /wp-content/themes/toppic/css/responsive.css?ver=4.2 HTTP/1.1" 200 2796 "https://serhatburke.miroglu.net/28563-2/" "Mozilla/5.0 (Windows NT 10.0; Win64; x64) AppleWebKit/537.36 (KHTML, like Gecko) Chrome/143.0.0.0 Safari/537.36"
43.229.135.118 - - [30/Apr/2026:14:32:07 +0300] "POST /wp-comments-post.php HTTP/1.1" 302 1055 "https://serhatburke.miroglu.net/28563-2/" "Mozilla/5.0 (X11; Linux x86_64) AppleWebKit/537.36 (KHTML, like Gecko) Chrome/114.0.0.0 Safari/537.36 OPR/89.0.4447.51"
43.229.135.118 - - [30/Apr/2026:14:32:20 +0300] "GET /28563-2/?unapproved=957&moderation-hash=9f177a00ca5ecdae690538ffae70c6dc HTTP/1.1" 200 19897 "https://serhatburke.miroglu.net/wp-comments-post.php" "Mozilla/5.0 (X11; Linux x86_64) AppleWebKit/537.36 (KHTML, like Gecko) Chrome/114.0.0.0 Safari/537.36 OPR/89.0.4447.51"
185.216.113.70 - - [30/Apr/2026:14:32:48 +0300] "POST /wp-cron.php?doing_wp_cron=1777548768.4712159633636474609375 HTTP/1.1" 200 448 "-" "WordPress/6.3.8; https://serhatburke.miroglu.net"
43.229.135.118 - - [30/Apr/2026:14:32:34 +0300] "GET /28563-2/ HTTP/1.1" 200 19315 "-" "Mozilla/5.0 (compatible; Googlebot/2.1; +http://www.google.com/bot.html)"
57.128.22.95 - - [30/Apr/2026:14:33:10 +0300] "GET /beste-casino-site-belgie-hoge-inzet/ HTTP/1.1" 200 19280 "https://serhatburke.miroglu.net/" "Mozilla/5.0 (X11; Linux x86_64; rv:128.0) Gecko/20100101 Firefox/128.0"
196.51.130.216 - - [30/Apr/2026:14:33:26 +0300] "GET /wp-includes/css/dist/block-library/style.min.css?ver=6.3.8 HTTP/1.1" 200 13578 "https://serhatburke.miroglu.net/beste-casino-site-belgie-hoge-inzet/" "Mozilla/5.0 (Windows NT 10.0; Win64; x64) AppleWebKit/537.36 (KHTML, like Gecko) Chrome/145.0.0.0 Safari/537.36"
196.51.130.216 - - [30/Apr/2026:14:33:27 +0300] "GET /wp-content/plugins/contact-form-7/includes/css/styles.css?ver=5.8 HTTP/1.1" 200 1490 "https://serhatburke.miroglu.net/beste-casino-site-belgie-hoge-inzet/" "Mozilla/5.0 (Windows NT 10.0; Win64; x64) AppleWebKit/537.36 (KHTML, like Gecko) Chrome/145.0.0.0 Safari/537.36"
196.51.130.216 - - [30/Apr/2026:14:33:29 +0300] "GET /wp-content/themes/toppic/css/fontello.css?ver=4.2 HTTP/1.1" 200 1802 "https://serhatburke.miroglu.net/beste-casino-site-belgie-hoge-inzet/" "Mozilla/5.0 (Windows NT 10.0; Win64; x64) AppleWebKit/537.36 (KHTML, like Gecko) Chrome/145.0.0.0 Safari/537.36"
196.51.130.216 - - [30/Apr/2026:14:33:30 +0300] "GET /wp-content/themes/toppic/css/reset.css?ver=4.2 HTTP/1.1" 200 1178 "https://serhatburke.miroglu.net/beste-casino-site-belgie-hoge-inzet/" "Mozilla/5.0 (Windows NT 10.0; Win64; x64) AppleWebKit/537.36 (KHTML, like Gecko) Chrome/145.0.0.0 Safari/537.36"
196.51.130.216 - - [30/Apr/2026:14:33:32 +0300] "GET /wp-content/themes/toppic/css/default.css?ver=4.2 HTTP/1.1" 200 1811 "https://serhatburke.miroglu.net/beste-casino-site-belgie-hoge-inzet/" "Mozilla/5.0 (Windows NT 10.0; Win64; x64) AppleWebKit/537.36 (KHTML, like Gecko) Chrome/145.0.0.0 Safari/537.36"
196.51.130.216 - - [30/Apr/2026:14:33:33 +0300] "GET /wp-content/themes/toppic/style.css?ver=4.2 HTTP/1.1" 200 23398 "https://serhatburke.miroglu.net/beste-casino-site-belgie-hoge-inzet/" "Mozilla/5.0 (Windows NT 10.0; Win64; x64) AppleWebKit/537.36 (KHTML, like Gecko) Chrome/145.0.0.0 Safari/537.36"
196.51.130.216 - - [30/Apr/2026:14:33:35 +0300] "GET /wp-content/themes/toppic/css/royalslider.css?ver=4.2 HTTP/1.1" 200 1887 "https://serhatburke.miroglu.net/beste-casino-site-belgie-hoge-inzet/" "Mozilla/5.0 (Windows NT 10.0; Win64; x64) AppleWebKit/537.36 (KHTML, like Gecko) Chrome/145.0.0.0 Safari/537.36"
196.51.130.216 - - [30/Apr/2026:14:33:37 +0300] "GET /wp-content/themes/toppic/css/rs-default.css?ver=4.2 HTTP/1.1" 200 2625 "https://serhatburke.miroglu.net/beste-casino-site-belgie-hoge-inzet/" "Mozilla/5.0 (Windows NT 10.0; Win64; x64) AppleWebKit/537.36 (KHTML, like Gecko) Chrome/145.0.0.0 Safari/537.36"
196.51.130.216 - - [30/Apr/2026:14:33:38 +0300] "GET /wp-content/themes/toppic/css/lightbox.css?ver=4.2 HTTP/1.1" 200 2956 "https://serhatburke.miroglu.net/beste-casino-site-belgie-hoge-inzet/" "Mozilla/5.0 (Windows NT 10.0; Win64; x64) AppleWebKit/537.36 (KHTML, like Gecko) Chrome/145.0.0.0 Safari/537.36"
196.51.130.216 - - [30/Apr/2026:14:33:40 +0300] "GET /wp-content/themes/toppic/css/woocommerce.css?ver=4.2 HTTP/1.1" 200 2848 "https://serhatburke.miroglu.net/beste-casino-site-belgie-hoge-inzet/" "Mozilla/5.0 (Windows NT 10.0; Win64; x64) AppleWebKit/537.36 (KHTML, like Gecko) Chrome/145.0.0.0 Safari/537.36"
196.51.130.216 - - [30/Apr/2026:14:33:41 +0300] "GET /wp-content/themes/toppic/css/responsive.css?ver=4.2 HTTP/1.1" 200 2796 "https://serhatburke.miroglu.net/beste-casino-site-belgie-hoge-inzet/" "Mozilla/5.0 (Windows NT 10.0; Win64; x64) AppleWebKit/537.36 (KHTML, like Gecko) Chrome/145.0.0.0 Safari/537.36"
185.216.113.70 - - [30/Apr/2026:14:33:55 +0300] "POST /wp-cron.php?doing_wp_cron=1777548835.2643160820007324218750 HTTP/1.1" 200 448 "-" "WordPress/6.3.8; https://serhatburke.miroglu.net"
196.51.130.216 - - [30/Apr/2026:14:33:43 +0300] "POST /wp-comments-post.php HTTP/1.1" 302 1083 "https://serhatburke.miroglu.net/beste-casino-site-belgie-hoge-inzet/" "Mozilla/5.0 (X11; Linux x86_64; rv:128.0) Gecko/20100101 Firefox/128.0"
196.51.130.216 - - [30/Apr/2026:14:33:56 +0300] "GET /beste-casino-site-belgie-hoge-inzet/?unapproved=958&moderation-hash=eafdd4971173c58bb814bd9b4147211e HTTP/1.1" 200 19662 "https://serhatburke.miroglu.net/wp-comments-post.php" "Mozilla/5.0 (X11; Linux x86_64; rv:128.0) Gecko/20100101 Firefox/128.0"
57.128.22.95 - - [30/Apr/2026:14:34:10 +0300] "GET /beste-casino-site-belgie-hoge-inzet/ HTTP/1.1" 200 19264 "-" "Mozilla/5.0 (compatible; Googlebot/2.1; +http://www.google.com/bot.html)"
216.73.217.81 - - [30/Apr/2026:14:34:18 +0300] "GET /gamblezen-casino-review-for-players-from-the-united-kingdom/ HTTP/2" 200 0 "-" "Mozilla/5.0 AppleWebKit/537.36 (KHTML, like Gecko; compatible; ClaudeBot/1.0; +claudebot@anthropic.com)"
57.128.22.95 - - [30/Apr/2026:14:34:25 +0300] "GET /beste-casino-site-belgie-hoge-inzet/ HTTP/1.1" 200 19264 "-" "Mozilla/5.0 (compatible; Googlebot/2.1; +http://www.google.com/bot.html)"
185.216.113.70 - - [30/Apr/2026:14:34:53 +0300] "POST /wp-cron.php?doing_wp_cron=1777548893.9093539714813232421875 HTTP/1.1" 200 448 "-" "WordPress/6.3.8; https://serhatburke.miroglu.net"
94.154.124.102 - - [30/Apr/2026:14:34:41 +0300] "POST /xmlrpc.php HTTP/1.1" 200 239984 "-" "Mozilla/5.0 (Windows NT 10.0; Win64; x64) AppleWebKit/537.36 (KHTML, like Gecko) Chrome/79.0.3945.130 Safari/537.36"
94.154.124.102 - - [30/Apr/2026:14:34:55 +0300] "POST /xmlrpc.php HTTP/1.1" 200 664 "-" "Mozilla/5.0 (Windows NT 10.0; Win64; x64) AppleWebKit/537.36 (KHTML, like Gecko) Chrome/79.0.3945.130 Safari/537.36"
94.154.124.102 - - [30/Apr/2026:14:35:09 +0300] "POST /xmlrpc.php HTTP/1.1" 200 667 "-" "Mozilla/5.0 (Windows NT 10.0; Win64; x64) AppleWebKit/537.36 (KHTML, like Gecko) Chrome/79.0.3945.130 Safari/537.36"
185.216.113.70 - - [30/Apr/2026:14:35:44 +0300] "POST /wp-cron.php?doing_wp_cron=1777548944.3555920124053955078125 HTTP/1.1" 200 448 "-" "WordPress/6.3.8; https://serhatburke.miroglu.net"
94.154.124.102 - - [30/Apr/2026:14:35:23 +0300] "POST /xmlrpc.php HTTP/1.1" 200 11600 "-" "Mozilla/5.0 (Windows NT 10.0; Win64; x64) AppleWebKit/537.36 (KHTML, like Gecko) Chrome/79.0.3945.130 Safari/537.36"
94.154.124.102 - - [30/Apr/2026:14:35:34 +0300] "POST /xmlrpc.php HTTP/1.1" 200 240825 "-" "Mozilla/5.0 (Macintosh; Intel Mac OS X 10_15_7) AppleWebKit/537.36 (KHTML, like Gecko) Chrome/131.0.0.0 Safari/537.36"
94.154.124.102 - - [30/Apr/2026:14:35:57 +0300] "POST /xmlrpc.php HTTP/1.1" 200 664 "-" "Mozilla/5.0 (Macintosh; Intel Mac OS X 10_15_7) AppleWebKit/537.36 (KHTML, like Gecko) Chrome/131.0.0.0 Safari/537.36"
94.154.124.102 - - [30/Apr/2026:14:36:11 +0300] "POST /xmlrpc.php HTTP/1.1" 200 667 "-" "Mozilla/5.0 (Macintosh; Intel Mac OS X 10_15_7) AppleWebKit/537.36 (KHTML, like Gecko) Chrome/131.0.0.0 Safari/537.36"
185.216.113.70 - - [30/Apr/2026:14:36:37 +0300] "POST /wp-cron.php?doing_wp_cron=1777548997.4765288829803466796875 HTTP/1.1" 200 448 "-" "WordPress/6.3.8; https://serhatburke.miroglu.net"
94.154.124.102 - - [30/Apr/2026:14:36:24 +0300] "POST /xmlrpc.php HTTP/1.1" 200 8756 "-" "Mozilla/5.0 (Macintosh; Intel Mac OS X 10_15_7) AppleWebKit/537.36 (KHTML, like Gecko) Chrome/131.0.0.0 Safari/537.36"
43.229.135.118 - - [30/Apr/2026:14:36:51 +0300] "GET /28563-2/ HTTP/1.1" 200 19450 "-" "Mozilla/5.0 (compatible; Googlebot/2.1; +http://www.google.com/bot.html)"
185.216.113.70 - - [30/Apr/2026:14:38:06 +0300] "POST /wp-cron.php?doing_wp_cron=1777549086.7742719650268554687500 HTTP/1.1" 200 448 "-" "WordPress/6.3.8; https://serhatburke.miroglu.net"
128.1.218.169 - - [30/Apr/2026:14:37:48 +0300] "POST /xmlrpc.php HTTP/1.1" 200 630 "-" "Mozilla/5.0 (Windows NT 10.0; Win64; x64) AppleWebKit/537.36 (KHTML, like Gecko) Chrome/114.0.0.0 Safari/537.36"
212.34.148.156 - - [30/Apr/2026:14:37:51 +0300] "GET /zotabet-casino-bonus-premier-depot-2026/ HTTP/1.1" 200 19136 "https://serhatburke.miroglu.net/" "Mozilla/5.0 (X11; Ubuntu; Linux x86_64; rv:148.0) Gecko/20100101 Firefox/148.0"
212.34.148.156 - - [30/Apr/2026:14:38:09 +0300] "GET /wp-includes/css/dist/block-library/style.min.css?ver=6.3.8 HTTP/1.1" 200 13578 "https://serhatburke.miroglu.net/zotabet-casino-bonus-premier-depot-2026/" "Mozilla/5.0 (Windows NT 10.0; Win64; x64) AppleWebKit/537.36 (KHTML, like Gecko) Chrome/145.0.0.0 Safari/537.36"
212.34.148.156 - - [30/Apr/2026:14:38:09 +0300] "GET /wp-content/plugins/contact-form-7/includes/css/styles.css?ver=5.8 HTTP/1.1" 200 1490 "https://serhatburke.miroglu.net/zotabet-casino-bonus-premier-depot-2026/" "Mozilla/5.0 (Windows NT 10.0; Win64; x64) AppleWebKit/537.36 (KHTML, like Gecko) Chrome/145.0.0.0 Safari/537.36"
212.34.148.156 - - [30/Apr/2026:14:38:09 +0300] "GET /wp-content/themes/toppic/css/fontello.css?ver=4.2 HTTP/1.1" 200 1802 "https://serhatburke.miroglu.net/zotabet-casino-bonus-premier-depot-2026/" "Mozilla/5.0 (Windows NT 10.0; Win64; x64) AppleWebKit/537.36 (KHTML, like Gecko) Chrome/145.0.0.0 Safari/537.36"
212.34.148.156 - - [30/Apr/2026:14:38:09 +0300] "GET /wp-content/themes/toppic/css/reset.css?ver=4.2 HTTP/1.1" 200 1178 "https://serhatburke.miroglu.net/zotabet-casino-bonus-premier-depot-2026/" "Mozilla/5.0 (Windows NT 10.0; Win64; x64) AppleWebKit/537.36 (KHTML, like Gecko) Chrome/145.0.0.0 Safari/537.36"
212.34.148.156 - - [30/Apr/2026:14:38:10 +0300] "GET /wp-content/themes/toppic/css/default.css?ver=4.2 HTTP/1.1" 200 1811 "https://serhatburke.miroglu.net/zotabet-casino-bonus-premier-depot-2026/" "Mozilla/5.0 (Windows NT 10.0; Win64; x64) AppleWebKit/537.36 (KHTML, like Gecko) Chrome/145.0.0.0 Safari/537.36"
212.34.148.156 - - [30/Apr/2026:14:38:10 +0300] "GET /wp-content/themes/toppic/style.css?ver=4.2 HTTP/1.1" 200 23398 "https://serhatburke.miroglu.net/zotabet-casino-bonus-premier-depot-2026/" "Mozilla/5.0 (Windows NT 10.0; Win64; x64) AppleWebKit/537.36 (KHTML, like Gecko) Chrome/145.0.0.0 Safari/537.36"
212.34.148.156 - - [30/Apr/2026:14:38:10 +0300] "GET /wp-content/themes/toppic/css/royalslider.css?ver=4.2 HTTP/1.1" 200 1887 "https://serhatburke.miroglu.net/zotabet-casino-bonus-premier-depot-2026/" "Mozilla/5.0 (Windows NT 10.0; Win64; x64) AppleWebKit/537.36 (KHTML, like Gecko) Chrome/145.0.0.0 Safari/537.36"
212.34.148.156 - - [30/Apr/2026:14:38:11 +0300] "GET /wp-content/themes/toppic/css/rs-default.css?ver=4.2 HTTP/1.1" 200 2625 "https://serhatburke.miroglu.net/zotabet-casino-bonus-premier-depot-2026/" "Mozilla/5.0 (Windows NT 10.0; Win64; x64) AppleWebKit/537.36 (KHTML, like Gecko) Chrome/145.0.0.0 Safari/537.36"
212.34.148.156 - - [30/Apr/2026:14:38:11 +0300] "GET /wp-content/themes/toppic/css/lightbox.css?ver=4.2 HTTP/1.1" 200 2956 "https://serhatburke.miroglu.net/zotabet-casino-bonus-premier-depot-2026/" "Mozilla/5.0 (Windows NT 10.0; Win64; x64) AppleWebKit/537.36 (KHTML, like Gecko) Chrome/145.0.0.0 Safari/537.36"
212.34.148.156 - - [30/Apr/2026:14:38:11 +0300] "GET /wp-content/themes/toppic/css/woocommerce.css?ver=4.2 HTTP/1.1" 200 2848 "https://serhatburke.miroglu.net/zotabet-casino-bonus-premier-depot-2026/" "Mozilla/5.0 (Windows NT 10.0; Win64; x64) AppleWebKit/537.36 (KHTML, like Gecko) Chrome/145.0.0.0 Safari/537.36"
212.34.148.156 - - [30/Apr/2026:14:38:11 +0300] "GET /wp-content/themes/toppic/css/responsive.css?ver=4.2 HTTP/1.1" 200 2796 "https://serhatburke.miroglu.net/zotabet-casino-bonus-premier-depot-2026/" "Mozilla/5.0 (Windows NT 10.0; Win64; x64) AppleWebKit/537.36 (KHTML, like Gecko) Chrome/145.0.0.0 Safari/537.36"
212.34.148.156 - - [30/Apr/2026:14:38:12 +0300] "POST /wp-comments-post.php HTTP/1.1" 302 1087 "https://serhatburke.miroglu.net/zotabet-casino-bonus-premier-depot-2026/" "Mozilla/5.0 (X11; Ubuntu; Linux x86_64; rv:148.0) Gecko/20100101 Firefox/148.0"
128.1.218.169 - - [30/Apr/2026:14:38:13 +0300] "POST /xmlrpc.php HTTP/1.1" 200 14127 "-" "Mozilla/5.0 (Windows NT 10.0; Win64; x64) AppleWebKit/537.36 (KHTML, like Gecko) Chrome/114.0.0.0 Safari/537.36"
185.216.113.70 - - [30/Apr/2026:14:38:47 +0300] "POST /wp-cron.php?doing_wp_cron=1777549127.4813990592956542968750 HTTP/1.1" 200 448 "-" "WordPress/6.3.8; https://serhatburke.miroglu.net"
212.34.148.156 - - [30/Apr/2026:14:38:30 +0300] "GET /zotabet-casino-bonus-premier-depot-2026/?unapproved=959&moderation-hash=c9323aa26dd3b48d51428995b222bde8 HTTP/1.1" 200 19537 "https://serhatburke.miroglu.net/wp-comments-post.php" "Mozilla/5.0 (X11; Ubuntu; Linux x86_64; rv:148.0) Gecko/20100101 Firefox/148.0"
128.1.218.169 - - [30/Apr/2026:14:38:33 +0300] "GET /loading-antique-dragons-pearl-slot-rtp-game/ HTTP/1.1" 200 77324 "-" "Mozilla/5.0 (Windows NT 10.0; Win64; x64; rv:125.0) Gecko/20100101 Firefox/125.0"
212.34.148.156 - - [30/Apr/2026:14:38:48 +0300] "GET /zotabet-casino-bonus-premier-depot-2026/ HTTP/1.1" 200 19103 "-" "Mozilla/5.0 (compatible; Googlebot/2.1; +http://www.google.com/bot.html)"
104.166.164.21 - - [30/Apr/2026:14:39:11 +0300] "POST /xmlrpc.php HTTP/1.1" 200 630 "-" "Mozilla/5.0 (Windows NT 10.0; Win64; x64) AppleWebKit/537.36 (KHTML, like Gecko) Chrome/114.0.0.0 Safari/537.36"
69.79.201.164 - - [30/Apr/2026:14:39:17 +0300] "POST /xmlrpc.php HTTP/1.1" 200 241666 "-" "Mozilla/5.0 (Windows NT 10.0; Win64; x64) AppleWebKit/537.36 (KHTML, like Gecko) Chrome/131.0.0.0 Safari/537.36"
185.216.113.70 - - [30/Apr/2026:14:39:54 +0300] "POST /wp-cron.php?doing_wp_cron=1777549193.9780120849609375000000 HTTP/1.1" 200 448 "-" "WordPress/6.3.8; https://serhatburke.miroglu.net"
104.166.164.21 - - [30/Apr/2026:14:39:33 +0300] "POST /xmlrpc.php HTTP/1.1" 200 14534 "-" "Mozilla/5.0 (Windows NT 10.0; Win64; x64) AppleWebKit/537.36 (KHTML, like Gecko) Chrome/114.0.0.0 Safari/537.36"
200.25.47.108 - - [30/Apr/2026:14:39:34 +0300] "POST /xmlrpc.php HTTP/1.1" 200 630 "-" "Mozilla/5.0 (Windows NT 10.0; Win64; x64) AppleWebKit/537.36 (KHTML, like Gecko) Chrome/114.0.0.0 Safari/537.36"
46.33.39.85 - - [30/Apr/2026:14:39:36 +0300] "POST /xmlrpc.php HTTP/1.1" 200 667 "-" "Mozilla/5.0 (Windows NT 10.0; Win64; x64) AppleWebKit/537.36 (KHTML, like Gecko) Chrome/131.0.0.0 Safari/537.36"
40.77.167.14 - - [30/Apr/2026:14:39:50 +0300] "GET /kraken-bezopasnyi-put-v-darknet-v-2026-godu-3/ HTTP/2" 200 19141 "-" "Mozilla/5.0 AppleWebKit/537.36 (KHTML, like Gecko; compatible; bingbot/2.0; +http://www.bing.com/bingbot.htm) Chrome/116.0.1938.76 Safari/537.36"
104.166.164.21 - - [30/Apr/2026:14:39:55 +0300] "GET /best-casino-casiqo-casino-5-lowest-deposit-casinos-for-2026/ HTTP/1.1" 200 78170 "-" "Mozilla/5.0 (Windows NT 10.0; rv:109.0) Gecko/20100101 Firefox/115.0"
200.25.47.108 - - [30/Apr/2026:14:40:02 +0300] "POST /xmlrpc.php HTTP/1.1" 200 12390 "-" "Mozilla/5.0 (Windows NT 10.0; Win64; x64) AppleWebKit/537.36 (KHTML, like Gecko) Chrome/114.0.0.0 Safari/537.36"
128.1.218.169 - - [30/Apr/2026:14:40:05 +0300] "POST /xmlrpc.php HTTP/1.1" 200 630 "-" "Mozilla/5.0 (Windows NT 10.0; Win64; x64) AppleWebKit/537.36 (KHTML, like Gecko) Chrome/114.0.0.0 Safari/537.36"
200.25.47.108 - - [30/Apr/2026:14:40:34 +0300] "GET /eye-of-horus-gratis-online-um-echtgeld-zum-besten-geben-2026/ HTTP/1.1" 200 76440 "-" "Mozilla/5.0 (Windows NT 10.0; Win64; x64) AppleWebKit/537.36 (KHTML, like Gecko) Chrome/123.0.0.0 Safari/537.36"
185.216.113.70 - - [30/Apr/2026:14:41:00 +0300] "POST /wp-cron.php?doing_wp_cron=1777549260.8421440124511718750000 HTTP/1.1" 200 448 "-" "WordPress/6.3.8; https://serhatburke.miroglu.net"
128.1.218.169 - - [30/Apr/2026:14:40:40 +0300] "POST /xmlrpc.php HTTP/1.1" 200 14700 "-" "Mozilla/5.0 (Windows NT 10.0; Win64; x64) AppleWebKit/537.36 (KHTML, like Gecko) Chrome/114.0.0.0 Safari/537.36"
185.216.113.70 - - [30/Apr/2026:14:41:05 +0300] "POST /wp-cron.php?doing_wp_cron=1777549264.9520149230957031250000 HTTP/1.1" 200 448 "-" "WordPress/6.3.8; https://serhatburke.miroglu.net"
187.251.222.83 - - [30/Apr/2026:14:40:44 +0300] "POST /xmlrpc.php HTTP/1.1" 200 6756 "-" "Mozilla/5.0 (Windows NT 10.0; Win64; x64) AppleWebKit/537.36 (KHTML, like Gecko) Chrome/131.0.0.0 Safari/537.36"
128.1.218.169 - - [30/Apr/2026:14:41:02 +0300] "GET /raging-rhino-demonstration-position-gameplay-for-free-casino-lucky-firecracker-now/ HTTP/1.1" 200 78729 "-" "Mozilla/5.0 (Windows NT 10.0; rv:109.0) Gecko/20100101 Firefox/115.0"
185.216.113.70 - - [30/Apr/2026:14:41:44 +0300] "POST /wp-cron.php?doing_wp_cron=1777549304.7532811164855957031250 HTTP/1.1" 200 448 "-" "WordPress/6.3.8; https://serhatburke.miroglu.net"
38.246.32.195 - - [30/Apr/2026:14:41:33 +0300] "POST /xmlrpc.php HTTP/1.1" 200 630 "-" "Mozilla/5.0 (Windows NT 10.0; Win64; x64) AppleWebKit/537.36 (KHTML, like Gecko) Chrome/114.0.0.0 Safari/537.36"
200.25.47.108 - - [30/Apr/2026:14:41:50 +0300] "POST /xmlrpc.php HTTP/1.1" 200 630 "-" "Mozilla/5.0 (Windows NT 10.0; Win64; x64) AppleWebKit/537.36 (KHTML, like Gecko) Chrome/114.0.0.0 Safari/537.36"
212.34.148.156 - - [30/Apr/2026:14:41:52 +0300] "GET /zotabet-casino-bonus-premier-depot-2026/ HTTP/1.1" 200 19103 "-" "Mozilla/5.0 (compatible; Googlebot/2.1; +http://www.google.com/bot.html)"
38.246.32.195 - - [30/Apr/2026:14:41:58 +0300] "POST /xmlrpc.php HTTP/1.1" 200 9065 "-" "Mozilla/5.0 (Windows NT 10.0; Win64; x64) AppleWebKit/537.36 (KHTML, like Gecko) Chrome/114.0.0.0 Safari/537.36"
185.216.113.70 - - [30/Apr/2026:14:42:56 +0300] "POST /wp-cron.php?doing_wp_cron=1777549375.8461620807647705078125 HTTP/1.1" 200 448 "-" "WordPress/6.3.8; https://serhatburke.miroglu.net"
52.167.144.156 - - [30/Apr/2026:14:42:12 +0300] "GET /15-top-cazinouri-online-printre-romania-2026/ HTTP/2" 200 19664 "-" "Mozilla/5.0 AppleWebKit/537.36 (KHTML, like Gecko; compatible; bingbot/2.0; +http://www.bing.com/bingbot.htm) Chrome/116.0.1938.76 Safari/537.36"
40.77.167.14 - - [30/Apr/2026:14:42:14 +0300] "GET /trendy-fruits-slot-comment-canada-up-to-5000x-no-deposit-casino-100-free-spins-restrict-victory/ HTTP/2" 200 19169 "-" "Mozilla/5.0 AppleWebKit/537.36 (KHTML, like Gecko; compatible; bingbot/2.0; +http://www.bing.com/bingbot.htm) Chrome/116.0.1938.76 Safari/537.36"
52.167.144.156 - - [30/Apr/2026:14:42:13 +0300] "GET /ghostbusters-enlace-util-plus-slot-read-our-2026-review/ HTTP/2" 200 20587 "-" "Mozilla/5.0 AppleWebKit/537.36 (KHTML, like Gecko; compatible; bingbot/2.0; +http://www.bing.com/bingbot.htm) Chrome/116.0.1938.76 Safari/537.36"
52.167.144.238 - - [30/Apr/2026:14:42:16 +0300] "GET /vlad-operator-sa-cazino-online-ii-aduce-spinata-grande-rotiri-fara-sloturi-pana-la-2000-ron-i-300-jocuri-rotative-gratuite/ HTTP/2" 200 19891 "-" "Mozilla/5.0 AppleWebKit/537.36 (KHTML, like Gecko; compatible; bingbot/2.0; +http://www.bing.com/bingbot.htm) Chrome/116.0.1938.76 Safari/537.36"
128.1.218.169 - - [30/Apr/2026:14:42:16 +0300] "POST /xmlrpc.php HTTP/1.1" 200 630 "-" "Mozilla/5.0 (Windows NT 10.0; Win64; x64) AppleWebKit/537.36 (KHTML, like Gecko) Chrome/114.0.0.0 Safari/537.36"
200.25.47.108 - - [30/Apr/2026:14:42:21 +0300] "POST /xmlrpc.php HTTP/1.1" 200 9692 "-" "Mozilla/5.0 (Windows NT 10.0; Win64; x64) AppleWebKit/537.36 (KHTML, like Gecko) Chrome/114.0.0.0 Safari/537.36"
38.246.32.195 - - [30/Apr/2026:14:42:30 +0300] "GET /cellular-software-access-and-designed-my-personal-connecticut-casinos-listing-because-all-of-my-better-selections-feature-loyal-software/ HTTP/1.1" 200 75102 "-" "Mozilla/5.0 (Windows NT 10.0; Win64; x64; rv:125.0) Gecko/20100101 Firefox/125.0"
107.152.46.79 - - [30/Apr/2026:14:42:45 +0300] "GET /zotabet-casino-bonus-premier-depot-2026/ HTTP/1.1" 200 19136 "https://serhatburke.miroglu.net/" "Mozilla/5.0 (X11; Linux x86_64) AppleWebKit/537.36 (KHTML, like Gecko) Chrome/114.0.0.0 Safari/537.36"
107.152.46.79 - - [30/Apr/2026:14:43:30 +0300] "GET /wp-includes/css/dist/block-library/style.min.css?ver=6.3.8 HTTP/1.1" 200 13578 "https://serhatburke.miroglu.net/zotabet-casino-bonus-premier-depot-2026/" "Mozilla/5.0 (Windows NT 10.0; Win64; x64) AppleWebKit/537.36 (KHTML, like Gecko) Chrome/143.0.0.0 Safari/537.36"
107.152.46.79 - - [30/Apr/2026:14:43:31 +0300] "GET /wp-content/plugins/contact-form-7/includes/css/styles.css?ver=5.8 HTTP/1.1" 200 1490 "https://serhatburke.miroglu.net/zotabet-casino-bonus-premier-depot-2026/" "Mozilla/5.0 (Windows NT 10.0; Win64; x64) AppleWebKit/537.36 (KHTML, like Gecko) Chrome/143.0.0.0 Safari/537.36"
107.152.46.79 - - [30/Apr/2026:14:43:32 +0300] "GET /wp-content/themes/toppic/css/fontello.css?ver=4.2 HTTP/1.1" 200 1802 "https://serhatburke.miroglu.net/zotabet-casino-bonus-premier-depot-2026/" "Mozilla/5.0 (Windows NT 10.0; Win64; x64) AppleWebKit/537.36 (KHTML, like Gecko) Chrome/143.0.0.0 Safari/537.36"
107.152.46.79 - - [30/Apr/2026:14:43:33 +0300] "GET /wp-content/themes/toppic/css/reset.css?ver=4.2 HTTP/1.1" 200 1178 "https://serhatburke.miroglu.net/zotabet-casino-bonus-premier-depot-2026/" "Mozilla/5.0 (Windows NT 10.0; Win64; x64) AppleWebKit/537.36 (KHTML, like Gecko) Chrome/143.0.0.0 Safari/537.36"
107.152.46.79 - - [30/Apr/2026:14:43:34 +0300] "GET /wp-content/themes/toppic/css/default.css?ver=4.2 HTTP/1.1" 200 1811 "https://serhatburke.miroglu.net/zotabet-casino-bonus-premier-depot-2026/" "Mozilla/5.0 (Windows NT 10.0; Win64; x64) AppleWebKit/537.36 (KHTML, like Gecko) Chrome/143.0.0.0 Safari/537.36"
107.152.46.79 - - [30/Apr/2026:14:43:34 +0300] "GET /wp-content/themes/toppic/style.css?ver=4.2 HTTP/1.1" 200 23398 "https://serhatburke.miroglu.net/zotabet-casino-bonus-premier-depot-2026/" "Mozilla/5.0 (Windows NT 10.0; Win64; x64) AppleWebKit/537.36 (KHTML, like Gecko) Chrome/143.0.0.0 Safari/537.36"
107.152.46.79 - - [30/Apr/2026:14:43:36 +0300] "GET /wp-content/themes/toppic/css/royalslider.css?ver=4.2 HTTP/1.1" 200 1887 "https://serhatburke.miroglu.net/zotabet-casino-bonus-premier-depot-2026/" "Mozilla/5.0 (Windows NT 10.0; Win64; x64) AppleWebKit/537.36 (KHTML, like Gecko) Chrome/143.0.0.0 Safari/537.36"
107.152.46.79 - - [30/Apr/2026:14:43:37 +0300] "GET /wp-content/themes/toppic/css/rs-default.css?ver=4.2 HTTP/1.1" 200 2625 "https://serhatburke.miroglu.net/zotabet-casino-bonus-premier-depot-2026/" "Mozilla/5.0 (Windows NT 10.0; Win64; x64) AppleWebKit/537.36 (KHTML, like Gecko) Chrome/143.0.0.0 Safari/537.36"
107.152.46.79 - - [30/Apr/2026:14:43:37 +0300] "GET /wp-content/themes/toppic/css/lightbox.css?ver=4.2 HTTP/1.1" 200 2956 "https://serhatburke.miroglu.net/zotabet-casino-bonus-premier-depot-2026/" "Mozilla/5.0 (Windows NT 10.0; Win64; x64) AppleWebKit/537.36 (KHTML, like Gecko) Chrome/143.0.0.0 Safari/537.36"
107.152.46.79 - - [30/Apr/2026:14:43:38 +0300] "GET /wp-content/themes/toppic/css/woocommerce.css?ver=4.2 HTTP/1.1" 200 2848 "https://serhatburke.miroglu.net/zotabet-casino-bonus-premier-depot-2026/" "Mozilla/5.0 (Windows NT 10.0; Win64; x64) AppleWebKit/537.36 (KHTML, like Gecko) Chrome/143.0.0.0 Safari/537.36"
107.152.46.79 - - [30/Apr/2026:14:43:39 +0300] "GET /wp-content/themes/toppic/css/responsive.css?ver=4.2 HTTP/1.1" 200 2796 "https://serhatburke.miroglu.net/zotabet-casino-bonus-premier-depot-2026/" "Mozilla/5.0 (Windows NT 10.0; Win64; x64) AppleWebKit/537.36 (KHTML, like Gecko) Chrome/143.0.0.0 Safari/537.36"
52.167.144.156 - - [30/Apr/2026:14:43:01 +0300] "GET /come-ottenere-le-offerte-escludendo-fitto-su-siti-esteri/ HTTP/2" 200 17700 "-" "Mozilla/5.0 AppleWebKit/537.36 (KHTML, like Gecko; compatible; bingbot/2.0; +http://www.bing.com/bingbot.htm) Chrome/116.0.1938.76 Safari/537.36"
128.1.218.169 - - [30/Apr/2026:14:43:08 +0300] "POST /xmlrpc.php HTTP/1.1" 200 13767 "-" "Mozilla/5.0 (Windows NT 10.0; Win64; x64) AppleWebKit/537.36 (KHTML, like Gecko) Chrome/114.0.0.0 Safari/537.36"
200.25.47.108 - - [30/Apr/2026:14:43:08 +0300] "GET /dies-kostenlose-online-spielsaal-nun-spielen/ HTTP/1.1" 200 73529 "-" "Mozilla/5.0 (Windows NT 10.0; Win64; x64) AppleWebKit/537.36 (KHTML, like Gecko) Chrome/124.0.0.0 Safari/537.36 Edg/124.0.0.0"
185.216.113.70 - - [30/Apr/2026:14:43:59 +0300] "POST /wp-cron.php?doing_wp_cron=1777549439.7050280570983886718750 HTTP/1.1" 200 448 "-" "WordPress/6.3.8; https://serhatburke.miroglu.net"
107.152.46.79 - - [30/Apr/2026:14:43:40 +0300] "POST /wp-comments-post.php HTTP/1.1" 302 1087 "https://serhatburke.miroglu.net/zotabet-casino-bonus-premier-depot-2026/" "Mozilla/5.0 (X11; Linux x86_64) AppleWebKit/537.36 (KHTML, like Gecko) Chrome/114.0.0.0 Safari/537.36"
200.25.47.108 - - [30/Apr/2026:14:43:46 +0300] "POST /xmlrpc.php HTTP/1.1" 200 630 "-" "Mozilla/5.0 (Windows NT 10.0; Win64; x64) AppleWebKit/537.36 (KHTML, like Gecko) Chrome/114.0.0.0 Safari/537.36"
128.1.218.169 - - [30/Apr/2026:14:43:47 +0300] "GET /totally-free-nfl-survivor-contest-that-have-10100000-prize-pool-fruit-slots-casinos-enjoy-now/ HTTP/1.1" 200 78288 "-" "Mozilla/5.0 (Windows NT 10.0; Win64; x64) AppleWebKit/537.36 (KHTML, like Gecko) Chrome/123.0.0.0 Safari/537.36 OPR/109.0.0.0"
52.167.144.156 - - [30/Apr/2026:14:43:52 +0300] "GET /best-a-real-income-online-casinos-canada-2026-%EF%B8%8F-play-arthurs-fortune-real-money-online-win/ HTTP/2" 200 19720 "-" "Mozilla/5.0 AppleWebKit/537.36 (KHTML, like Gecko; compatible; bingbot/2.0; +http://www.bing.com/bingbot.htm) Chrome/116.0.1938.76 Safari/537.36"
107.152.46.79 - - [30/Apr/2026:14:44:00 +0300] "GET /zotabet-casino-bonus-premier-depot-2026/?unapproved=960&moderation-hash=39f350f230d52e678efe71275c95a1ab HTTP/1.1" 200 19524 "https://serhatburke.miroglu.net/wp-comments-post.php" "Mozilla/5.0 (X11; Linux x86_64) AppleWebKit/537.36 (KHTML, like Gecko) Chrome/114.0.0.0 Safari/537.36"
200.25.47.108 - - [30/Apr/2026:14:44:15 +0300] "POST /xmlrpc.php HTTP/1.1" 200 11358 "-" "Mozilla/5.0 (Windows NT 10.0; Win64; x64) AppleWebKit/537.36 (KHTML, like Gecko) Chrome/114.0.0.0 Safari/537.36"
128.1.218.169 - - [30/Apr/2026:14:44:19 +0300] "POST /xmlrpc.php HTTP/1.1" 200 630 "-" "Mozilla/5.0 (Windows NT 10.0; Win64; x64) AppleWebKit/537.36 (KHTML, like Gecko) Chrome/114.0.0.0 Safari/537.36"
185.216.113.70 - - [30/Apr/2026:14:45:00 +0300] "POST /wp-cron.php?doing_wp_cron=1777549499.7398059368133544921875 HTTP/1.1" 200 448 "-" "WordPress/6.3.8; https://serhatburke.miroglu.net"
82.25.62.125 - - [30/Apr/2026:14:44:22 +0300] "GET /88701-2/ HTTP/1.1" 200 18386 "-" "Mozilla/5.0 (compatible; Googlebot/2.1; +http://www.google.com/bot.html)"
107.152.46.79 - - [30/Apr/2026:14:44:24 +0300] "GET /zotabet-casino-bonus-premier-depot-2026/ HTTP/1.1" 200 19103 "-" "Mozilla/5.0 (compatible; Googlebot/2.1; +http://www.google.com/bot.html)"
96.44.167.86 - - [30/Apr/2026:14:44:29 +0300] "POST /xmlrpc.php HTTP/1.1" 200 630 "-" "Mozilla/5.0 (Windows NT 10.0; Win64; x64) AppleWebKit/537.36 (KHTML, like Gecko) Chrome/114.0.0.0 Safari/537.36"
200.25.47.108 - - [30/Apr/2026:14:44:49 +0300] "GET /100-freispiele-abzuglich-einzahlung-sofortig-verfugbar-2026/ HTTP/1.1" 200 75379 "-" "Mozilla/5.0 (Windows NT 10.0; Win64; x64) AppleWebKit/537.36 (KHTML, like Gecko) Chrome/123.0.0.0 Safari/537.36 OPR/109.0.0.0"
128.1.218.169 - - [30/Apr/2026:14:45:04 +0300] "POST /xmlrpc.php HTTP/1.1" 200 14679 "-" "Mozilla/5.0 (Windows NT 10.0; Win64; x64) AppleWebKit/537.36 (KHTML, like Gecko) Chrome/114.0.0.0 Safari/537.36"
96.44.167.86 - - [30/Apr/2026:14:45:19 +0300] "POST /xmlrpc.php HTTP/1.1" 200 13913 "-" "Mozilla/5.0 (Windows NT 10.0; Win64; x64) AppleWebKit/537.36 (KHTML, like Gecko) Chrome/114.0.0.0 Safari/537.36"
185.216.113.70 - - [30/Apr/2026:14:45:52 +0300] "POST /wp-cron.php?doing_wp_cron=1777549552.2649281024932861328125 HTTP/1.1" 200 448 "-" "WordPress/6.3.8; https://serhatburke.miroglu.net"
200.25.47.108 - - [30/Apr/2026:14:45:30 +0300] "POST /xmlrpc.php HTTP/1.1" 200 630 "-" "Mozilla/5.0 (Windows NT 10.0; Win64; x64) AppleWebKit/537.36 (KHTML, like Gecko) Chrome/114.0.0.0 Safari/537.36"
128.1.218.169 - - [30/Apr/2026:14:45:31 +0300] "GET /thunderstruck-trial-elephant-treasure-no-deposit-play-free-slot-game/ HTTP/1.1" 200 78592 "-" "Mozilla/5.0 (Windows NT 10.0; Win64; x64) AppleWebKit/537.36 (KHTML, like Gecko) Chrome/122.0.0.0 Safari/537.36"
96.44.167.86 - - [30/Apr/2026:14:45:38 +0300] "GET /rotiri-gratuite-dar-achitare-descarcarea-aplicatiei-immerion-casino-pentru-android-2026-cele-mai-bune-cazinouri-online-dintr-romania/ HTTP/1.1" 200 79926 "-" "Mozilla/5.0 (Windows NT 10.0; Win64; x64) AppleWebKit/537.36 (KHTML, like Gecko) Chrome/109.0.0.0 Safari/537.36"
66.249.73.1 - - [30/Apr/2026:14:45:47 +0300] "GET /resultado-do-jogo-de-futebol-fulham-vs-tottenham-e-36/ HTTP/1.1" 200 441103 "-" "Mozilla/5.0 (Linux; Android 6.0.1; Nexus 5X Build/MMB29P) AppleWebKit/537.36 (KHTML, like Gecko) Chrome/147.0.7727.116 Mobile Safari/537.36 (compatible; Googlebot/2.1; +http://www.google.com/bot.html)"
66.249.76.78 - - [30/Apr/2026:14:45:53 +0300] "GET /what-types-of-games-are-offered-at-vegas-rush-17/ HTTP/1.1" 200 657277 "-" "Mozilla/5.0 (Linux; Android 6.0.1; Nexus 5X Build/MMB29P) AppleWebKit/537.36 (KHTML, like Gecko) Chrome/147.0.7727.116 Mobile Safari/537.36 (compatible; Googlebot/2.1; +http://www.google.com/bot.html)"
200.25.47.108 - - [30/Apr/2026:14:45:59 +0300] "POST /xmlrpc.php HTTP/1.1" 200 10055 "-" "Mozilla/5.0 (Windows NT 10.0; Win64; x64) AppleWebKit/537.36 (KHTML, like Gecko) Chrome/114.0.0.0 Safari/537.36"
128.1.218.169 - - [30/Apr/2026:14:46:07 +0300] "POST /xmlrpc.php HTTP/1.1" 200 630 "-" "Mozilla/5.0 (Windows NT 10.0; Win64; x64) AppleWebKit/537.36 (KHTML, like Gecko) Chrome/114.0.0.0 Safari/537.36"
152.233.7.34 - - [30/Apr/2026:14:46:09 +0300] "GET /bezdepozitnyj-bonus-kazino-za-registraciju/ HTTP/1.1" 200 23747 "-" "Screaming Frog SEO Spider/19.8"
185.216.113.70 - - [30/Apr/2026:14:47:02 +0300] "POST /wp-cron.php?doing_wp_cron=1777549621.8592100143432617187500 HTTP/1.1" 200 448 "-" "WordPress/6.3.8; https://serhatburke.miroglu.net"
200.25.47.108 - - [30/Apr/2026:14:46:31 +0300] "GET /eye-of-horus-slot-von-rtg-blueprint-klicken-fur-jedes-infos-gaming-horus-wilds-nach-bugeln-2-4-ausdehnen-symbole-as-part-of-12-freispielen-upgraden-9631-rtp-10-000x-max-triumph/ HTTP/1.1" 200 77160 "-" "Mozilla/5.0 (Windows NT 10.0; rv:125.0) Gecko/20100101 Firefox/125.0"
66.249.73.15 - - [30/Apr/2026:14:46:36 +0300] "GET /betsport7-apostas-brasil-2024-21/ HTTP/1.1" 200 315540 "-" "Mozilla/5.0 (Linux; Android 6.0.1; Nexus 5X Build/MMB29P) AppleWebKit/537.36 (KHTML, like Gecko) Chrome/147.0.7727.116 Mobile Safari/537.36 (compatible; Googlebot/2.1; +http://www.google.com/bot.html)"
128.1.218.169 - - [30/Apr/2026:14:46:44 +0300] "POST /xmlrpc.php HTTP/1.1" 200 15025 "-" "Mozilla/5.0 (Windows NT 10.0; Win64; x64) AppleWebKit/537.36 (KHTML, like Gecko) Chrome/114.0.0.0 Safari/537.36"
66.249.73.14 - - [30/Apr/2026:14:46:44 +0300] "GET /codigo-promocional-estrelabet-17/ HTTP/1.1" 200 344599 "-" "Mozilla/5.0 (Linux; Android 6.0.1; Nexus 5X Build/MMB29P) AppleWebKit/537.36 (KHTML, like Gecko) Chrome/147.0.7727.116 Mobile Safari/537.36 (compatible; Googlebot/2.1; +http://www.google.com/bot.html)"
66.249.76.78 - - [30/Apr/2026:14:46:54 +0300] "GET /robots.txt HTTP/1.1" 200 719 "-" "Mozilla/5.0 (compatible; Googlebot/2.1; +http://www.google.com/bot.html)"
66.249.73.14 - - [30/Apr/2026:14:47:17 +0300] "GET /what-types-of-games-are-offered-at-vegas-rush-17/undefined?ts=1775520000 HTTP/1.1" 200 0 "https://serhatburke.miroglu.net/what-types-of-games-are-offered-at-vegas-rush-17/" "Mozilla/5.0 (Linux; Android 6.0.1; Nexus 5X Build/MMB29P) AppleWebKit/537.36 (KHTML, like Gecko) Chrome/147.0.7727.116 Mobile Safari/537.36 (compatible; Googlebot/2.1; +http://www.google.com/bot.html)"
200.25.47.108 - - [30/Apr/2026:14:47:10 +0300] "POST /xmlrpc.php HTTP/1.1" 200 630 "-" "Mozilla/5.0 (Windows NT 10.0; Win64; x64) AppleWebKit/537.36 (KHTML, like Gecko) Chrome/114.0.0.0 Safari/537.36"
128.1.218.169 - - [30/Apr/2026:14:47:20 +0300] "GET /tomb-raider-5-deposit-casino-blue-diamond-slot-machine-opinion-chief-characteristics-and-you-can-bonuses/ HTTP/1.1" 200 79870 "-" "Mozilla/5.0 (Windows NT 10.0; rv:125.0) Gecko/20100101 Firefox/125.0"
185.216.113.70 - - [30/Apr/2026:14:47:57 +0300] "POST /wp-cron.php?doing_wp_cron=1777549677.0560770034790039062500 HTTP/1.1" 200 448 "-" "WordPress/6.3.8; https://serhatburke.miroglu.net"
200.25.47.108 - - [30/Apr/2026:14:47:44 +0300] "POST /xmlrpc.php HTTP/1.1" 200 10419 "-" "Mozilla/5.0 (Windows NT 10.0; Win64; x64) AppleWebKit/537.36 (KHTML, like Gecko) Chrome/114.0.0.0 Safari/537.36"
66.249.73.14 - - [30/Apr/2026:14:47:58 +0300] "GET /betsport7-apostas-brasil-2024-21/undefined?ts=1775520000 HTTP/1.1" 200 0 "https://serhatburke.miroglu.net/betsport7-apostas-brasil-2024-21/" "Mozilla/5.0 (Linux; Android 6.0.1; Nexus 5X Build/MMB29P) AppleWebKit/537.36 (KHTML, like Gecko) Chrome/147.0.7727.116 Mobile Safari/537.36 (compatible; Googlebot/2.1; +http://www.google.com/bot.html)"
128.1.218.169 - - [30/Apr/2026:14:47:54 +0300] "POST /xmlrpc.php HTTP/1.1" 200 630 "-" "Mozilla/5.0 (Windows NT 10.0; Win64; x64) AppleWebKit/537.36 (KHTML, like Gecko) Chrome/114.0.0.0 Safari/537.36"
200.25.47.108 - - [30/Apr/2026:14:47:58 +0300] "GET /eye-of-horus-150-wege-great-blue-tipps-so-triffst-respons-mehrmals-diesseitigen-bonus-lawyers-tax-consultants-of-pakistan/ HTTP/1.1" 200 76339 "-" "Mozilla/5.0 (Windows NT 10.0; Win64; x64) AppleWebKit/537.36 (KHTML, like Gecko) Chrome/123.0.0.0 Safari/537.36 OPR/109.0.0.0"
128.1.218.169 - - [30/Apr/2026:14:48:22 +0300] "POST /xmlrpc.php HTTP/1.1" 200 14571 "-" "Mozilla/5.0 (Windows NT 10.0; Win64; x64) AppleWebKit/537.36 (KHTML, like Gecko) Chrome/114.0.0.0 Safari/537.36"
96.44.167.86 - - [30/Apr/2026:14:48:33 +0300] "POST /xmlrpc.php HTTP/1.1" 200 630 "-" "Mozilla/5.0 (Windows NT 10.0; Win64; x64) AppleWebKit/537.36 (KHTML, like Gecko) Chrome/114.0.0.0 Safari/537.36"
128.1.218.169 - - [30/Apr/2026:14:48:38 +0300] "GET /play-starburst-land-of-heroes-slot-online-position-in-britain-2026/ HTTP/1.1" 200 78205 "-" "Mozilla/5.0 (Windows NT 10.0; Win64; x64) AppleWebKit/537.36 (KHTML, like Gecko) Chrome/123.0.0.0 Safari/537.36 OPR/109.0.0.0"
200.25.47.108 - - [30/Apr/2026:14:48:41 +0300] "POST /xmlrpc.php HTTP/1.1" 200 630 "-" "Mozilla/5.0 (Windows NT 10.0; Win64; x64) AppleWebKit/537.36 (KHTML, like Gecko) Chrome/114.0.0.0 Safari/537.36"
185.216.113.70 - - [30/Apr/2026:14:49:09 +0300] "POST /wp-cron.php?doing_wp_cron=1777549749.0168869495391845703125 HTTP/1.1" 200 448 "-" "WordPress/6.3.8; https://serhatburke.miroglu.net"
96.44.167.86 - - [30/Apr/2026:14:48:55 +0300] "POST /xmlrpc.php HTTP/1.1" 200 13918 "-" "Mozilla/5.0 (Windows NT 10.0; Win64; x64) AppleWebKit/537.36 (KHTML, like Gecko) Chrome/114.0.0.0 Safari/537.36"
185.216.113.70 - - [30/Apr/2026:14:49:18 +0300] "POST /wp-cron.php?doing_wp_cron=1777549758.1698288917541503906250 HTTP/1.1" 200 448 "-" "WordPress/6.3.8; https://serhatburke.miroglu.net"
66.249.76.77 - - [30/Apr/2026:14:48:59 +0300] "GET /best-online-casinos-in-the-uk-2026-15-expert-rated-6/ HTTP/1.1" 200 271055 "-" "Mozilla/5.0 (Linux; Android 6.0.1; Nexus 5X Build/MMB29P) AppleWebKit/537.36 (KHTML, like Gecko) Chrome/147.0.7727.116 Mobile Safari/537.36 (compatible; Googlebot/2.1; +http://www.google.com/bot.html)"
200.25.47.108 - - [30/Apr/2026:14:49:02 +0300] "POST /xmlrpc.php HTTP/1.1" 200 10379 "-" "Mozilla/5.0 (Windows NT 10.0; Win64; x64) AppleWebKit/537.36 (KHTML, like Gecko) Chrome/114.0.0.0 Safari/537.36"
96.44.167.86 - - [30/Apr/2026:14:49:10 +0300] "GET /ruleta-id-de-conectare-immerion-casino-gratuit-online-invata-strategiile-de-meci/ HTTP/1.1" 200 78446 "-" "Mozilla/5.0 (Windows NT 10.0; Win64; x64) AppleWebKit/537.36 (KHTML, like Gecko) Chrome/122.0.0.0 Safari/537.36"
216.26.248.57 - - [30/Apr/2026:14:49:22 +0300] "GET /novoline-casino-codice-bonus-registrazione/ HTTP/1.1" 200 17961 "https://serhatburke.miroglu.net/" "Mozilla/5.0 (Macintosh; Intel Mac OS X 10_15_7) AppleWebKit/537.36 (KHTML, like Gecko) Chrome/139.0.0.0 Safari/537.36"
216.26.248.57 - - [30/Apr/2026:14:49:50 +0300] "GET /wp-includes/css/dist/block-library/style.min.css?ver=6.3.8 HTTP/1.1" 200 13578 "https://serhatburke.miroglu.net/novoline-casino-codice-bonus-registrazione/" "Mozilla/5.0 (Windows NT 10.0; Win64; x64) AppleWebKit/537.36 (KHTML, like Gecko) Chrome/145.0.0.0 Safari/537.36"
216.26.248.57 - - [30/Apr/2026:14:49:51 +0300] "GET /wp-content/plugins/contact-form-7/includes/css/styles.css?ver=5.8 HTTP/1.1" 200 1490 "https://serhatburke.miroglu.net/novoline-casino-codice-bonus-registrazione/" "Mozilla/5.0 (Windows NT 10.0; Win64; x64) AppleWebKit/537.36 (KHTML, like Gecko) Chrome/145.0.0.0 Safari/537.36"
216.26.248.57 - - [30/Apr/2026:14:49:51 +0300] "GET /wp-content/themes/toppic/css/fontello.css?ver=4.2 HTTP/1.1" 200 1802 "https://serhatburke.miroglu.net/novoline-casino-codice-bonus-registrazione/" "Mozilla/5.0 (Windows NT 10.0; Win64; x64) AppleWebKit/537.36 (KHTML, like Gecko) Chrome/145.0.0.0 Safari/537.36"
216.26.248.57 - - [30/Apr/2026:14:49:52 +0300] "GET /wp-content/themes/toppic/css/reset.css?ver=4.2 HTTP/1.1" 200 1178 "https://serhatburke.miroglu.net/novoline-casino-codice-bonus-registrazione/" "Mozilla/5.0 (Windows NT 10.0; Win64; x64) AppleWebKit/537.36 (KHTML, like Gecko) Chrome/145.0.0.0 Safari/537.36"
216.26.248.57 - - [30/Apr/2026:14:49:52 +0300] "GET /wp-content/themes/toppic/css/default.css?ver=4.2 HTTP/1.1" 200 1811 "https://serhatburke.miroglu.net/novoline-casino-codice-bonus-registrazione/" "Mozilla/5.0 (Windows NT 10.0; Win64; x64) AppleWebKit/537.36 (KHTML, like Gecko) Chrome/145.0.0.0 Safari/537.36"
216.26.248.57 - - [30/Apr/2026:14:49:52 +0300] "GET /wp-content/themes/toppic/style.css?ver=4.2 HTTP/1.1" 200 23398 "https://serhatburke.miroglu.net/novoline-casino-codice-bonus-registrazione/" "Mozilla/5.0 (Windows NT 10.0; Win64; x64) AppleWebKit/537.36 (KHTML, like Gecko) Chrome/145.0.0.0 Safari/537.36"
216.26.248.57 - - [30/Apr/2026:14:49:53 +0300] "GET /wp-content/themes/toppic/css/royalslider.css?ver=4.2 HTTP/1.1" 200 1887 "https://serhatburke.miroglu.net/novoline-casino-codice-bonus-registrazione/" "Mozilla/5.0 (Windows NT 10.0; Win64; x64) AppleWebKit/537.36 (KHTML, like Gecko) Chrome/145.0.0.0 Safari/537.36"
216.26.248.57 - - [30/Apr/2026:14:49:53 +0300] "GET /wp-content/themes/toppic/css/rs-default.css?ver=4.2 HTTP/1.1" 200 2625 "https://serhatburke.miroglu.net/novoline-casino-codice-bonus-registrazione/" "Mozilla/5.0 (Windows NT 10.0; Win64; x64) AppleWebKit/537.36 (KHTML, like Gecko) Chrome/145.0.0.0 Safari/537.36"
216.26.248.57 - - [30/Apr/2026:14:49:53 +0300] "GET /wp-content/themes/toppic/css/lightbox.css?ver=4.2 HTTP/1.1" 200 2956 "https://serhatburke.miroglu.net/novoline-casino-codice-bonus-registrazione/" "Mozilla/5.0 (Windows NT 10.0; Win64; x64) AppleWebKit/537.36 (KHTML, like Gecko) Chrome/145.0.0.0 Safari/537.36"
216.26.248.57 - - [30/Apr/2026:14:49:54 +0300] "GET /wp-content/themes/toppic/css/woocommerce.css?ver=4.2 HTTP/1.1" 200 2848 "https://serhatburke.miroglu.net/novoline-casino-codice-bonus-registrazione/" "Mozilla/5.0 (Windows NT 10.0; Win64; x64) AppleWebKit/537.36 (KHTML, like Gecko) Chrome/145.0.0.0 Safari/537.36"
216.26.248.57 - - [30/Apr/2026:14:49:54 +0300] "GET /wp-content/themes/toppic/css/responsive.css?ver=4.2 HTTP/1.1" 200 2796 "https://serhatburke.miroglu.net/novoline-casino-codice-bonus-registrazione/" "Mozilla/5.0 (Windows NT 10.0; Win64; x64) AppleWebKit/537.36 (KHTML, like Gecko) Chrome/145.0.0.0 Safari/537.36"
200.25.47.108 - - [30/Apr/2026:14:49:33 +0300] "GET /historische-kaufchancen-bis-zu-150-kurschance-in-die-tagesordnungspunkt-aktien-lagern-nachfolgende-besten-analysten-ihr-terra/ HTTP/1.1" 200 76616 "-" "Mozilla/5.0 (Windows NT 10.0; Win64; x64; rv:124.0) Gecko/20100101 Firefox/124.0"
128.1.218.169 - - [30/Apr/2026:14:49:34 +0300] "POST /xmlrpc.php HTTP/1.1" 200 630 "-" "Mozilla/5.0 (Windows NT 10.0; Win64; x64) AppleWebKit/537.36 (KHTML, like Gecko) Chrome/114.0.0.0 Safari/537.36"
216.26.248.57 - - [30/Apr/2026:14:49:54 +0300] "POST /wp-comments-post.php HTTP/1.1" 302 1090 "https://serhatburke.miroglu.net/novoline-casino-codice-bonus-registrazione/" "Mozilla/5.0 (Macintosh; Intel Mac OS X 10_15_7) AppleWebKit/537.36 (KHTML, like Gecko) Chrome/139.0.0.0 Safari/537.36"
66.249.73.14 - - [30/Apr/2026:14:50:13 +0300] "GET /best-online-casinos-in-the-uk-2026-15-expert-rated-6/undefined?ts=1775520000 HTTP/1.1" 200 0 "https://serhatburke.miroglu.net/best-online-casinos-in-the-uk-2026-15-expert-rated-6/" "Mozilla/5.0 (Linux; Android 6.0.1; Nexus 5X Build/MMB29P) AppleWebKit/537.36 (KHTML, like Gecko) Chrome/147.0.7727.116 Mobile Safari/537.36 (compatible; Googlebot/2.1; +http://www.google.com/bot.html)"
185.216.113.70 - - [30/Apr/2026:14:50:36 +0300] "POST /wp-cron.php?doing_wp_cron=1777549836.5523569583892822265625 HTTP/1.1" 200 448 "-" "WordPress/6.3.8; https://serhatburke.miroglu.net"
128.1.218.169 - - [30/Apr/2026:14:50:02 +0300] "POST /xmlrpc.php HTTP/1.1" 200 14489 "-" "Mozilla/5.0 (Windows NT 10.0; Win64; x64) AppleWebKit/537.36 (KHTML, like Gecko) Chrome/114.0.0.0 Safari/537.36"
