52.167.144.142 - - [30/Apr/2026:12:34:49 +0300] "GET /only-at-mrq-we-need-you-to-have-a-great-time-%EF%BF%BD-safer-enjoyable/ HTTP/2" 200 0 "-" "Mozilla/5.0 AppleWebKit/537.36 (KHTML, like Gecko; compatible; bingbot/2.0; +http://www.bing.com/bingbot.htm) Chrome/116.0.1938.76 Safari/537.36"
52.167.144.179 - - [30/Apr/2026:12:34:54 +0300] "GET /slot-golden-goddess-donde-jugar-en-la-slot-para-recursos-real/ HTTP/2" 200 0 "-" "Mozilla/5.0 AppleWebKit/537.36 (KHTML, like Gecko; compatible; bingbot/2.0; +http://www.bing.com/bingbot.htm) Chrome/116.0.1938.76 Safari/537.36"
185.216.113.70 - - [30/Apr/2026:12:35:45 +0300] "POST /wp-cron.php?doing_wp_cron=1777541745.3687670230865478515625 HTTP/1.1" 200 448 "-" "WordPress/6.3.8; https://serhatburke.miroglu.net"
185.216.113.70 - - [30/Apr/2026:12:35:59 +0300] "POST /wp-cron.php?doing_wp_cron=1777541758.9446909427642822265625 HTTP/1.1" 200 448 "-" "WordPress/6.3.8; https://serhatburke.miroglu.net"
38.246.32.195 - - [30/Apr/2026:12:35:02 +0300] "POST /xmlrpc.php HTTP/1.1" 200 630 "-" "Mozilla/5.0 (Windows NT 10.0; Win64; x64) AppleWebKit/537.36 (KHTML, like Gecko) Chrome/114.0.0.0 Safari/537.36"
216.26.234.104 - - [30/Apr/2026:12:35:04 +0300] "GET /35849-2/ HTTP/1.1" 200 18444 "https://serhatburke.miroglu.net/" "Mozilla/5.0 (Macintosh; Intel Mac OS X 10_15_7) AppleWebKit/605.1.15 (KHTML, like Gecko) Version/26.3.1 Safari/605.1.15"
52.167.144.161 - - [30/Apr/2026:12:35:41 +0300] "GET /mejores-lucky-angler-sin-deposito-bonos-sin-deposito-2026-en-espana/ HTTP/2" 200 0 "-" "Mozilla/5.0 AppleWebKit/537.36 (KHTML, like Gecko; compatible; bingbot/2.0; +http://www.bing.com/bingbot.htm) Chrome/116.0.1938.76 Safari/537.36"
52.167.144.142 - - [30/Apr/2026:12:35:45 +0300] "GET /wiz-slots-gambling-establishment-comment-canada-all-features-incentives-and-much-more-2026/ HTTP/2" 200 0 "-" "Mozilla/5.0 AppleWebKit/537.36 (KHTML, like Gecko; compatible; bingbot/2.0; +http://www.bing.com/bingbot.htm) Chrome/116.0.1938.76 Safari/537.36"
52.167.144.161 - - [30/Apr/2026:12:35:45 +0300] "GET /mr-choice-discount-coupons-get-an-only-added-bonus-rules-100percent-play-jacks-or-better-online-for-real-money-free/ HTTP/2" 200 0 "-" "Mozilla/5.0 AppleWebKit/537.36 (KHTML, like Gecko; compatible; bingbot/2.0; +http://www.bing.com/bingbot.htm) Chrome/116.0.1938.76 Safari/537.36"
52.167.144.179 - - [30/Apr/2026:12:35:50 +0300] "GET /the-new-users-can-be-join-the-view-and-set-the-new-bets-having/ HTTP/2" 200 0 "-" "Mozilla/5.0 AppleWebKit/537.36 (KHTML, like Gecko; compatible; bingbot/2.0; +http://www.bing.com/bingbot.htm) Chrome/116.0.1938.76 Safari/537.36"
52.167.144.142 - - [30/Apr/2026:12:35:54 +0300] "GET /an-advantage-open-to-existing-members-after-they-create-in-initial-deposit/ HTTP/2" 200 0 "-" "Mozilla/5.0 AppleWebKit/537.36 (KHTML, like Gecko; compatible; bingbot/2.0; +http://www.bing.com/bingbot.htm) Chrome/116.0.1938.76 Safari/537.36"
52.167.144.142 - - [30/Apr/2026:12:36:00 +0300] "GET /top-50-casinos-casino-the-magic-flute-damit-echtes-piepen-zum-besten-geben-2026/ HTTP/2" 200 0 "-" "Mozilla/5.0 AppleWebKit/537.36 (KHTML, like Gecko; compatible; bingbot/2.0; +http://www.bing.com/bingbot.htm) Chrome/116.0.1938.76 Safari/537.36"
38.246.32.195 - - [30/Apr/2026:12:35:28 +0300] "GET /such-as-for-instance-whatever-else-discover-advantages-and-disadvantages-so-you-can-gaming-on-line/ HTTP/1.1" 200 73538 "-" "Mozilla/5.0 (Windows NT 10.0; rv:109.0) Gecko/20100101 Firefox/115.0"
38.246.32.195 - - [30/Apr/2026:12:35:38 +0300] "POST /xmlrpc.php HTTP/1.1" 200 8523 "-" "Mozilla/5.0 (Windows NT 10.0; Win64; x64) AppleWebKit/537.36 (KHTML, like Gecko) Chrome/114.0.0.0 Safari/537.36"
185.216.113.70 - - [30/Apr/2026:12:37:08 +0300] "POST /wp-cron.php?doing_wp_cron=1777541828.8545479774475097656250 HTTP/1.1" 200 448 "-" "WordPress/6.3.8; https://serhatburke.miroglu.net"
38.246.32.195 - - [30/Apr/2026:12:36:27 +0300] "POST /xmlrpc.php HTTP/1.1" 200 11105 "-" "Mozilla/5.0 (Windows NT 10.0; Win64; x64) AppleWebKit/537.36 (KHTML, like Gecko) Chrome/114.0.0.0 Safari/537.36"
185.216.113.70 - - [30/Apr/2026:12:37:19 +0300] "POST /wp-cron.php?doing_wp_cron=1777541839.0815811157226562500000 HTTP/1.1" 200 448 "-" "WordPress/6.3.8; https://serhatburke.miroglu.net"
52.167.144.142 - - [30/Apr/2026:12:36:55 +0300] "GET /try-free-demo-read-complete-review-sugar-trail-slot-free-spins-game-has/ HTTP/2" 200 19303 "-" "Mozilla/5.0 AppleWebKit/537.36 (KHTML, like Gecko; compatible; bingbot/2.0; +http://www.bing.com/bingbot.htm) Chrome/116.0.1938.76 Safari/537.36"
185.216.113.70 - - [30/Apr/2026:12:37:20 +0300] "POST /wp-cron.php?doing_wp_cron=1777541840.6707260608673095703125 HTTP/1.1" 200 448 "-" "WordPress/6.3.8; https://serhatburke.miroglu.net"
38.246.32.195 - - [30/Apr/2026:12:36:57 +0300] "GET /when-you-are-still-unble-online-then-you-may-be-interested-in-these-perks/ HTTP/1.1" 200 73007 "-" "Mozilla/5.0 (Windows NT 10.0; Win64; x64) AppleWebKit/537.36 (KHTML, like Gecko) Chrome/123.0.0.0 Safari/537.36"
38.246.32.195 - - [30/Apr/2026:12:37:09 +0300] "GET /what-forms-of-game-are-available-at-the-north-dakota-casinos-on-the-internet/ HTTP/1.1" 200 75479 "-" "Mozilla/5.0 (Windows NT 10.0; Win64; x64; rv:125.0) Gecko/20100101 Firefox/125.0"
185.216.113.70 - - [30/Apr/2026:12:38:56 +0300] "POST /wp-cron.php?doing_wp_cron=1777541935.9480719566345214843750 HTTP/1.1" 200 448 "-" "WordPress/6.3.8; https://serhatburke.miroglu.net"
52.167.144.142 - - [30/Apr/2026:12:38:36 +0300] "GET /jamfor-sveriges-ultimata-casinon-ybets-inloggningsbonus-2026/ HTTP/2" 200 19061 "-" "Mozilla/5.0 AppleWebKit/537.36 (KHTML, like Gecko; compatible; bingbot/2.0; +http://www.bing.com/bingbot.htm) Chrome/116.0.1938.76 Safari/537.36"
40.77.167.241 - - [30/Apr/2026:12:38:39 +0300] "GET /fillip-fara-depunere-persoanele-dvs-get-bune-pacanele-electronic-2023/ HTTP/2" 200 18968 "-" "Mozilla/5.0 AppleWebKit/537.36 (KHTML, like Gecko; compatible; bingbot/2.0; +http://www.bing.com/bingbot.htm) Chrome/116.0.1938.76 Safari/537.36"
52.167.144.142 - - [30/Apr/2026:12:38:40 +0300] "GET /lord-of-the-water-magic-status-remark-2026-totally-free-play-golden-fish-tank-5-deposit-trial-inspirational-tennis-holidays/ HTTP/2" 200 19815 "-" "Mozilla/5.0 AppleWebKit/537.36 (KHTML, like Gecko; compatible; bingbot/2.0; +http://www.bing.com/bingbot.htm) Chrome/116.0.1938.76 Safari/537.36"
40.77.167.241 - - [30/Apr/2026:12:38:45 +0300] "GET /playgd-mobi-jusu-logi-uz-pasauli-prom-no-wonderful-dragon/ HTTP/2" 200 18530 "-" "Mozilla/5.0 AppleWebKit/537.36 (KHTML, like Gecko; compatible; bingbot/2.0; +http://www.bing.com/bingbot.htm) Chrome/116.0.1938.76 Safari/537.36"
52.167.144.179 - - [30/Apr/2026:12:38:50 +0300] "GET /enjoy-on-slot-games-for-money-the-web/ HTTP/2" 200 19196 "-" "Mozilla/5.0 AppleWebKit/537.36 (KHTML, like Gecko; compatible; bingbot/2.0; +http://www.bing.com/bingbot.htm) Chrome/116.0.1938.76 Safari/537.36"
52.167.144.142 - - [30/Apr/2026:12:39:21 +0300] "GET /experience-the-best-of-crypto-with-ledger-live/ HTTP/2" 200 17958 "-" "Mozilla/5.0 AppleWebKit/537.36 (KHTML, like Gecko; compatible; bingbot/2.0; +http://www.bing.com/bingbot.htm) Chrome/116.0.1938.76 Safari/537.36"
52.167.144.142 - - [30/Apr/2026:12:39:21 +0300] "GET /mr-green-diese-seite-anklicken-spielbank-erfahrungen-2026-%E1%90%85-test-bewertung-%E1%90%8A/ HTTP/2" 200 20405 "-" "Mozilla/5.0 AppleWebKit/537.36 (KHTML, like Gecko; compatible; bingbot/2.0; +http://www.bing.com/bingbot.htm) Chrome/116.0.1938.76 Safari/537.36"
52.167.144.179 - - [30/Apr/2026:12:39:25 +0300] "GET /anerkjent-rapunzels-tower-1-bidrag-nudge-6000-danselat-fri-casino-ring-the-bells-online-norske-spilleautomater-for-nett/ HTTP/2" 200 18069 "-" "Mozilla/5.0 AppleWebKit/537.36 (KHTML, like Gecko; compatible; bingbot/2.0; +http://www.bing.com/bingbot.htm) Chrome/116.0.1938.76 Safari/537.36"
40.77.167.241 - - [30/Apr/2026:12:39:27 +0300] "GET /neteller-casinos-2026-aussie-casinos-you-to-definitely-accept-mummy-s-gold-casino-neteller/ HTTP/2" 200 18907 "-" "Mozilla/5.0 AppleWebKit/537.36 (KHTML, like Gecko; compatible; bingbot/2.0; +http://www.bing.com/bingbot.htm) Chrome/116.0.1938.76 Safari/537.36"
185.216.113.70 - - [30/Apr/2026:12:40:11 +0300] "POST /wp-cron.php?doing_wp_cron=1777542011.3790740966796875000000 HTTP/1.1" 200 448 "-" "WordPress/6.3.8; https://serhatburke.miroglu.net"
52.167.144.142 - - [30/Apr/2026:12:39:58 +0300] "GET /better-5-put-gambling-enterprise-deposit-casino-no-deposit-200-free-spins-5-score-totally-free-revolves-on-the-ports/ HTTP/2" 200 19900 "-" "Mozilla/5.0 AppleWebKit/537.36 (KHTML, like Gecko; compatible; bingbot/2.0; +http://www.bing.com/bingbot.htm) Chrome/116.0.1938.76 Safari/537.36"
40.77.167.241 - - [30/Apr/2026:12:40:10 +0300] "GET /gra-takie-zaleza-od-najlepszych-usluga-oprogramowania-upewniajac-sie-wysoka-jakosc-grafiki-i-mozesz-dzwieku-oraz-uczciwa-gre/ HTTP/2" 200 18196 "-" "Mozilla/5.0 AppleWebKit/537.36 (KHTML, like Gecko; compatible; bingbot/2.0; +http://www.bing.com/bingbot.htm) Chrome/116.0.1938.76 Safari/537.36"
52.167.144.142 - - [30/Apr/2026:12:40:18 +0300] "GET /100-percent-free-demo-on-the-web/ HTTP/2" 200 19741 "-" "Mozilla/5.0 AppleWebKit/537.36 (KHTML, like Gecko; compatible; bingbot/2.0; +http://www.bing.com/bingbot.htm) Chrome/116.0.1938.76 Safari/537.36"
52.167.144.179 - - [30/Apr/2026:12:40:23 +0300] "GET /monopoly-big-event-slot-play-for-attila-sin-deposito-giros-gratis-free-with-no-download/ HTTP/2" 200 18928 "-" "Mozilla/5.0 AppleWebKit/537.36 (KHTML, like Gecko; compatible; bingbot/2.0; +http://www.bing.com/bingbot.htm) Chrome/116.0.1938.76 Safari/537.36"
57.128.22.95 - - [30/Apr/2026:12:40:24 +0300] "GET /novoline-casino-codice-bonus-registrazione/ HTTP/1.1" 200 17905 "-" "Mozilla/5.0 (compatible; Googlebot/2.1; +http://www.google.com/bot.html)"
185.216.113.70 - - [30/Apr/2026:12:40:50 +0300] "POST /wp-cron.php?doing_wp_cron=1777542050.1610789299011230468750 HTTP/1.1" 200 448 "-" "WordPress/6.3.8; https://serhatburke.miroglu.net"
40.77.167.241 - - [30/Apr/2026:12:40:30 +0300] "GET /hvordan-trekke-i-chibeasties-2-casino-egen-person-bort-pa-a-arve-ham-a-bekk-akseptere-deg-15-trinns-mega-joker-fri-snurrer-det-samme-bidrag-bibel-marriagehints/ HTTP/2" 200 20288 "-" "Mozilla/5.0 AppleWebKit/537.36 (KHTML, like Gecko; compatible; bingbot/2.0; +http://www.bing.com/bingbot.htm) Chrome/116.0.1938.76 Safari/537.36"
52.167.144.179 - - [30/Apr/2026:12:41:00 +0300] "GET /mutick-elements-renegades-spilleautomater-kasinosider-spilleautomat-billys-game-slot-autentisk-eiendom-joik-fri-online/ HTTP/2" 200 17546 "-" "Mozilla/5.0 AppleWebKit/537.36 (KHTML, like Gecko; compatible; bingbot/2.0; +http://www.bing.com/bingbot.htm) Chrome/116.0.1938.76 Safari/537.36"
38.246.32.195 - - [30/Apr/2026:12:41:12 +0300] "POST /xmlrpc.php HTTP/1.1" 200 630 "-" "Mozilla/5.0 (Windows NT 10.0; Win64; x64) AppleWebKit/537.36 (KHTML, like Gecko) Chrome/114.0.0.0 Safari/537.36"
185.216.113.70 - - [30/Apr/2026:12:41:42 +0300] "POST /wp-cron.php?doing_wp_cron=1777542102.0123569965362548828125 HTTP/1.1" 200 448 "-" "WordPress/6.3.8; https://serhatburke.miroglu.net"
38.246.32.195 - - [30/Apr/2026:12:41:29 +0300] "POST /xmlrpc.php HTTP/1.1" 200 8943 "-" "Mozilla/5.0 (Windows NT 10.0; Win64; x64) AppleWebKit/537.36 (KHTML, like Gecko) Chrome/114.0.0.0 Safari/537.36"
38.246.32.195 - - [30/Apr/2026:12:41:42 +0300] "GET /ny-call-the-fresh-24-seven-hopeline-in-the-one-877-8-hopeny-otherwise-text-hopeny-467369/ HTTP/1.1" 200 73626 "-" "Mozilla/5.0 (Windows NT 10.0; rv:125.0) Gecko/20100101 Firefox/125.0"
185.216.113.70 - - [30/Apr/2026:12:43:44 +0300] "POST /wp-cron.php?doing_wp_cron=1777542224.8512189388275146484375 HTTP/1.1" 200 448 "-" "WordPress/6.3.8; https://serhatburke.miroglu.net"
52.167.144.156 - - [30/Apr/2026:12:43:29 +0300] "GET /uso-di-steroidi-in-italia-cosa-e-consentito/ HTTP/2" 200 16759 "-" "Mozilla/5.0 AppleWebKit/537.36 (KHTML, like Gecko; compatible; bingbot/2.0; +http://www.bing.com/bingbot.htm) Chrome/116.0.1938.76 Safari/537.36"
40.77.167.241 - - [30/Apr/2026:12:43:34 +0300] "GET /iniial-pa-sunt-sa-te-decizi-din-ce-casino-ai-vrea-sa-toate-din-poi-contul/ HTTP/2" 200 17488 "-" "Mozilla/5.0 AppleWebKit/537.36 (KHTML, like Gecko; compatible; bingbot/2.0; +http://www.bing.com/bingbot.htm) Chrome/116.0.1938.76 Safari/537.36"
52.167.144.211 - - [30/Apr/2026:12:43:40 +0300] "GET /plus-grands-gratification-sans-classe/ HTTP/2" 200 19476 "-" "Mozilla/5.0 AppleWebKit/537.36 (KHTML, like Gecko; compatible; bingbot/2.0; +http://www.bing.com/bingbot.htm) Chrome/116.0.1938.76 Safari/537.36"
52.167.144.211 - - [30/Apr/2026:12:43:44 +0300] "GET /die-evolution-der-online-casino-boni-mehr-transparenz-und-wert-fur-spieler-2/ HTTP/2" 200 18562 "-" "Mozilla/5.0 AppleWebKit/537.36 (KHTML, like Gecko; compatible; bingbot/2.0; +http://www.bing.com/bingbot.htm) Chrome/116.0.1938.76 Safari/537.36"
52.167.144.156 - - [30/Apr/2026:12:43:49 +0300] "GET /reserve-16-so-you-can-30-visitor-vip-team-collection-put-kamu-karaoke-booking/ HTTP/2" 200 18939 "-" "Mozilla/5.0 AppleWebKit/537.36 (KHTML, like Gecko; compatible; bingbot/2.0; +http://www.bing.com/bingbot.htm) Chrome/116.0.1938.76 Safari/537.36"
40.77.167.241 - - [30/Apr/2026:12:44:00 +0300] "GET /welche-person-ganz-uber-landet-teilt-umherwandern-den-preispool-von-8/ HTTP/2" 200 18390 "-" "Mozilla/5.0 AppleWebKit/537.36 (KHTML, like Gecko; compatible; bingbot/2.0; +http://www.bing.com/bingbot.htm) Chrome/116.0.1938.76 Safari/537.36"
185.216.113.70 - - [30/Apr/2026:12:44:40 +0300] "POST /wp-cron.php?doing_wp_cron=1777542280.6619238853454589843750 HTTP/1.1" 200 448 "-" "WordPress/6.3.8; https://serhatburke.miroglu.net"
40.77.167.241 - - [30/Apr/2026:12:44:29 +0300] "GET /free-10-pokies-no-deposit-sign-up-extra-australian-continent-2026/ HTTP/2" 200 20306 "-" "Mozilla/5.0 AppleWebKit/537.36 (KHTML, like Gecko; compatible; bingbot/2.0; +http://www.bing.com/bingbot.htm) Chrome/116.0.1938.76 Safari/537.36"
52.167.144.211 - - [30/Apr/2026:12:44:33 +0300] "GET /dive-into-the-future-with-sushiswap-dex/ HTTP/2" 200 17988 "-" "Mozilla/5.0 AppleWebKit/537.36 (KHTML, like Gecko; compatible; bingbot/2.0; +http://www.bing.com/bingbot.htm) Chrome/116.0.1938.76 Safari/537.36"
52.167.144.211 - - [30/Apr/2026:12:44:50 +0300] "GET /nachfolgende-besten-echtgeld-verbunden-casinos-2026-aktuelle-verzeichnis/ HTTP/2" 200 19452 "-" "Mozilla/5.0 AppleWebKit/537.36 (KHTML, like Gecko; compatible; bingbot/2.0; +http://www.bing.com/bingbot.htm) Chrome/116.0.1938.76 Safari/537.36"
40.77.167.241 - - [30/Apr/2026:12:44:54 +0300] "GET /a-short-history-of-your-9-masks-out-of-fire-slot/ HTTP/2" 200 18152 "-" "Mozilla/5.0 AppleWebKit/537.36 (KHTML, like Gecko; compatible; bingbot/2.0; +http://www.bing.com/bingbot.htm) Chrome/116.0.1938.76 Safari/537.36"
103.219.169.227 - - [30/Apr/2026:12:45:22 +0300] "POST /xmlrpc.php HTTP/1.1" 200 630 "-" "Mozilla/5.0 (Windows NT 10.0; Win64; x64) AppleWebKit/537.36 (KHTML, like Gecko) Chrome/114.0.0.0 Safari/537.36"
185.216.113.70 - - [30/Apr/2026:12:46:07 +0300] "POST /wp-cron.php?doing_wp_cron=1777542367.4577159881591796875000 HTTP/1.1" 200 448 "-" "WordPress/6.3.8; https://serhatburke.miroglu.net"
103.219.169.227 - - [30/Apr/2026:12:45:42 +0300] "POST /xmlrpc.php HTTP/1.1" 200 13342 "-" "Mozilla/5.0 (Windows NT 10.0; Win64; x64) AppleWebKit/537.36 (KHTML, like Gecko) Chrome/114.0.0.0 Safari/537.36"
216.73.217.81 - - [30/Apr/2026:12:45:49 +0300] "GET /robots.txt HTTP/2" 200 110 "-" "Mozilla/5.0 AppleWebKit/537.36 (KHTML, like Gecko; compatible; ClaudeBot/1.0; +claudebot@anthropic.com)"
216.73.217.81 - - [30/Apr/2026:12:46:09 +0300] "GET /come-pianificare-un-ciclo-di-steroidi-guida-pratica/ HTTP/2" 200 0 "-" "Mozilla/5.0 AppleWebKit/537.36 (KHTML, like Gecko; compatible; ClaudeBot/1.0; +claudebot@anthropic.com)"
103.219.169.227 - - [30/Apr/2026:12:46:10 +0300] "GET /areas-slot-highway-to-hell-community-recreation-centers-chart/ HTTP/1.1" 200 77206 "-" "Mozilla/5.0 (Windows NT 10.0; rv:109.0) Gecko/20100101 Firefox/115.0"
185.216.113.70 - - [30/Apr/2026:12:48:04 +0300] "POST /wp-cron.php?doing_wp_cron=1777542484.2392408847808837890625 HTTP/1.1" 200 448 "-" "WordPress/6.3.8; https://serhatburke.miroglu.net"
82.25.62.125 - - [30/Apr/2026:12:47:49 +0300] "GET /novoline-casino-codice-bonus-registrazione/ HTTP/1.1" 200 17770 "-" "Mozilla/5.0 (compatible; Googlebot/2.1; +http://www.google.com/bot.html)"
185.216.113.70 - - [30/Apr/2026:12:48:49 +0300] "POST /wp-cron.php?doing_wp_cron=1777542529.3428530693054199218750 HTTP/1.1" 200 448 "-" "WordPress/6.3.8; https://serhatburke.miroglu.net"
212.34.148.156 - - [30/Apr/2026:12:48:32 +0300] "GET /zotabet-casino-bonus-premier-depot-2026/ HTTP/1.1" 200 19136 "https://serhatburke.miroglu.net/" "Mozilla/5.0 (Macintosh; Intel Mac OS X 10_15_7) AppleWebKit/605.1.15 (KHTML, like Gecko) Version/26.3.1 Safari/605.1.15"
52.167.144.156 - - [30/Apr/2026:12:48:32 +0300] "GET /verantwoord-gokken-een-fundament-voor-duurzame-en-veilige-speelervaringen/ HTTP/2" 200 18060 "-" "Mozilla/5.0 AppleWebKit/537.36 (KHTML, like Gecko; compatible; bingbot/2.0; +http://www.bing.com/bingbot.htm) Chrome/116.0.1938.76 Safari/537.36"
52.167.144.211 - - [30/Apr/2026:12:48:41 +0300] "GET /thunder-surprise-motions/ HTTP/2" 200 0 "-" "Mozilla/5.0 AppleWebKit/537.36 (KHTML, like Gecko; compatible; bingbot/2.0; +http://www.bing.com/bingbot.htm) Chrome/116.0.1938.76 Safari/537.36"
52.167.144.211 - - [30/Apr/2026:12:48:41 +0300] "GET /enjoy-thunderstruck-ii-slots-2026s-greatest-microgaming-ports/ HTTP/2" 200 0 "-" "Mozilla/5.0 AppleWebKit/537.36 (KHTML, like Gecko; compatible; bingbot/2.0; +http://www.bing.com/bingbot.htm) Chrome/116.0.1938.76 Safari/537.36"
193.194.106.44 - - [30/Apr/2026:12:48:43 +0300] "GET /robots.txt HTTP/1.1" 200 735 "-" "Mozilla/5.0 (Linux; Android 6.0.1; Nexus 5X Build/MMB29P) AppleWebKit/537.36 (KHTML, like Gecko) Chrome/139.0.7258.156 Mobile Safari/537.36 (compatible; Googlebot/2.1; +http://www.google.com/bot.html)"
52.167.144.157 - - [30/Apr/2026:12:48:45 +0300] "GET /risk-of-shedding-during-the-happy-ladys-charm-deluxe-position/ HTTP/2" 200 0 "-" "Mozilla/5.0 AppleWebKit/537.36 (KHTML, like Gecko; compatible; bingbot/2.0; +http://www.bing.com/bingbot.htm) Chrome/116.0.1938.76 Safari/537.36"
212.34.148.156 - - [30/Apr/2026:12:48:51 +0300] "POST /wp-comments-post.php HTTP/1.1" 302 1087 "https://serhatburke.miroglu.net/zotabet-casino-bonus-premier-depot-2026/" "Mozilla/5.0 (Macintosh; Intel Mac OS X 10_15_7) AppleWebKit/605.1.15 (KHTML, like Gecko) Version/26.3.1 Safari/605.1.15"
52.167.144.156 - - [30/Apr/2026:12:49:02 +0300] "GET /goldilocks-and-the-crazy-contains-position-50-free-spins-on-elvis-the-king-lives-no-deposit-comment/ HTTP/2" 200 0 "-" "Mozilla/5.0 AppleWebKit/537.36 (KHTML, like Gecko; compatible; bingbot/2.0; +http://www.bing.com/bingbot.htm) Chrome/116.0.1938.76 Safari/537.36"
52.167.144.156 - - [30/Apr/2026:12:49:06 +0300] "GET /heart-out-of-las-fantastic-four-online-slot-vegas-20000-free-gold-coins/ HTTP/2" 200 0 "-" "Mozilla/5.0 AppleWebKit/537.36 (KHTML, like Gecko; compatible; bingbot/2.0; +http://www.bing.com/bingbot.htm) Chrome/116.0.1938.76 Safari/537.36"
185.216.113.70 - - [30/Apr/2026:12:49:57 +0300] "POST /wp-cron.php?doing_wp_cron=1777542596.9616410732269287109375 HTTP/1.1" 200 448 "-" "WordPress/6.3.8; https://serhatburke.miroglu.net"
185.216.113.70 - - [30/Apr/2026:12:49:59 +0300] "POST /wp-cron.php?doing_wp_cron=1777542599.2557320594787597656250 HTTP/1.1" 200 448 "-" "WordPress/6.3.8; https://serhatburke.miroglu.net"
193.194.106.44 - - [30/Apr/2026:12:49:03 +0300] "GET /fezbet-casino-das-beste-online-casino-in-deutschland/ HTTP/1.1" 200 21734 "-" "Mozilla/5.0 (Linux; Android 6.0.1; Nexus 5X Build/MMB29P) AppleWebKit/537.36 (KHTML, like Gecko) Chrome/139.0.7258.156 Mobile Safari/537.36 (compatible; Googlebot/2.1; +http://www.google.com/bot.html)"
185.216.113.70 - - [30/Apr/2026:12:50:19 +0300] "POST /wp-cron.php?doing_wp_cron=1777542619.0567090511322021484375 HTTP/1.1" 200 448 "-" "WordPress/6.3.8; https://serhatburke.miroglu.net"
212.34.148.156 - - [30/Apr/2026:12:49:21 +0300] "POST /wp-comments-post.php HTTP/1.1" 409 1626 "https://serhatburke.miroglu.net/zotabet-casino-bonus-premier-depot-2026/" "Mozilla/5.0 (Macintosh; Intel Mac OS X 10_15_7) AppleWebKit/605.1.15 (KHTML, like Gecko) Version/26.3.1 Safari/605.1.15"
52.167.144.157 - - [30/Apr/2026:12:49:39 +0300] "GET /kraken-dostup-v-darknet-i-rabochie-ssylki-2026/ HTTP/2" 200 0 "-" "Mozilla/5.0 AppleWebKit/537.36 (KHTML, like Gecko; compatible; bingbot/2.0; +http://www.bing.com/bingbot.htm) Chrome/116.0.1938.76 Safari/537.36"
52.167.144.157 - - [30/Apr/2026:12:49:40 +0300] "GET /woopwin-casino-is-rated-3-1-out-of-5-in-2026-3-bonuses/ HTTP/2" 200 0 "-" "Mozilla/5.0 AppleWebKit/537.36 (KHTML, like Gecko; compatible; bingbot/2.0; +http://www.bing.com/bingbot.htm) Chrome/116.0.1938.76 Safari/537.36"
52.167.144.211 - - [30/Apr/2026:12:49:42 +0300] "GET /weltraum-dasjenige-unterstreicht-einen-verantwortungsvollen-konnex-mit-spiel-ihr-inoffizieller-mitarbeiter-osterreichischen-umschlagplatz-immer-wichtiger-ist/ HTTP/2" 200 0 "-" "Mozilla/5.0 AppleWebKit/537.36 (KHTML, like Gecko; compatible; bingbot/2.0; +http://www.bing.com/bingbot.htm) Chrome/116.0.1938.76 Safari/537.36"
52.167.144.211 - - [30/Apr/2026:12:49:42 +0300] "GET /best-penny-slot-machines-to-experience-at-no-cost/ HTTP/2" 200 0 "-" "Mozilla/5.0 AppleWebKit/537.36 (KHTML, like Gecko; compatible; bingbot/2.0; +http://www.bing.com/bingbot.htm) Chrome/116.0.1938.76 Safari/537.36"
185.216.113.70 - - [30/Apr/2026:12:50:42 +0300] "POST /wp-cron.php?doing_wp_cron=1777542642.1596720218658447265625 HTTP/1.1" 200 448 "-" "WordPress/6.3.8; https://serhatburke.miroglu.net"
185.216.113.70 - - [30/Apr/2026:12:50:43 +0300] "POST /wp-cron.php?doing_wp_cron=1777542643.3397569656372070312500 HTTP/1.1" 200 448 "-" "WordPress/6.3.8; https://serhatburke.miroglu.net"
103.219.169.227 - - [30/Apr/2026:12:49:46 +0300] "POST /xmlrpc.php HTTP/1.1" 200 630 "-" "Mozilla/5.0 (Windows NT 10.0; Win64; x64) AppleWebKit/537.36 (KHTML, like Gecko) Chrome/114.0.0.0 Safari/537.36"
212.34.148.156 - - [30/Apr/2026:12:49:52 +0300] "POST /wp-comments-post.php HTTP/1.1" 409 1626 "https://serhatburke.miroglu.net/zotabet-casino-bonus-premier-depot-2026/" "Mozilla/5.0 (Macintosh; Intel Mac OS X 10_15_7) AppleWebKit/605.1.15 (KHTML, like Gecko) Version/26.3.1 Safari/605.1.15"
52.167.144.156 - - [30/Apr/2026:12:50:13 +0300] "GET /play-jungle-king-free-in-demo-and-read-review/ HTTP/2" 200 0 "-" "Mozilla/5.0 AppleWebKit/537.36 (KHTML, like Gecko; compatible; bingbot/2.0; +http://www.bing.com/bingbot.htm) Chrome/116.0.1938.76 Safari/537.36"
212.34.148.156 - - [30/Apr/2026:12:50:22 +0300] "POST /wp-comments-post.php HTTP/1.1" 409 1626 "https://serhatburke.miroglu.net/zotabet-casino-bonus-premier-depot-2026/" "Mozilla/5.0 (Macintosh; Intel Mac OS X 10_15_7) AppleWebKit/605.1.15 (KHTML, like Gecko) Version/26.3.1 Safari/605.1.15"
66.249.73.14 - - [30/Apr/2026:12:51:30 +0300] "GET /wp-content/themes/toppic/js/jquery.tipsy.js?ver=4.2 HTTP/1.1" 200 1455 "https://serhatburke.miroglu.net/level-up-your-game-using-motivational-interviewing-for-smarter-gambling-in-aotearoa/" "Mozilla/5.0 (Linux; Android 6.0.1; Nexus 5X Build/MMB29P) AppleWebKit/537.36 (KHTML, like Gecko) Chrome/147.0.7727.116 Mobile Safari/537.36 (compatible; Googlebot/2.1; +http://www.google.com/bot.html)"
52.167.144.211 - - [30/Apr/2026:12:50:42 +0300] "GET /maydondagi-bepul-portlar-777-mahalliy-kazino-katta-aylanishlar-va-imtiyozlar/ HTTP/2" 200 0 "-" "Mozilla/5.0 AppleWebKit/537.36 (KHTML, like Gecko; compatible; bingbot/2.0; +http://www.bing.com/bingbot.htm) Chrome/116.0.1938.76 Safari/537.36"
52.167.144.157 - - [30/Apr/2026:12:50:46 +0300] "GET /gebacken-kriegen-diese-jetzt-qua-der-richtigen-book-of-aztec-casino-blackjack-strategie-nicht-fruher-wanneer-we-put-you-within-command/ HTTP/2" 200 0 "-" "Mozilla/5.0 AppleWebKit/537.36 (KHTML, like Gecko; compatible; bingbot/2.0; +http://www.bing.com/bingbot.htm) Chrome/116.0.1938.76 Safari/537.36"
212.34.148.156 - - [30/Apr/2026:12:50:52 +0300] "GET /zotabet-casino-bonus-premier-depot-2026/ HTTP/1.1" 200 19103 "-" "Mozilla/5.0 (compatible; Googlebot/2.1; +http://www.google.com/bot.html)"
103.219.169.227 - - [30/Apr/2026:12:50:57 +0300] "POST /xmlrpc.php HTTP/1.1" 200 14217 "-" "Mozilla/5.0 (Windows NT 10.0; Win64; x64) AppleWebKit/537.36 (KHTML, like Gecko) Chrome/114.0.0.0 Safari/537.36"
185.216.113.70 - - [30/Apr/2026:12:51:48 +0300] "POST /wp-cron.php?doing_wp_cron=1777542708.4667589664459228515625 HTTP/1.1" 200 448 "-" "WordPress/6.3.8; https://serhatburke.miroglu.net"
52.167.144.156 - - [30/Apr/2026:12:51:14 +0300] "GET /ritzo-casino-oferuje-roznych-technik-zakupow-co-jest-wlasciwie-duzym-udogodnieniem-wewnatrz-graczy-posiadanie-polski/ HTTP/2" 200 18211 "-" "Mozilla/5.0 AppleWebKit/537.36 (KHTML, like Gecko; compatible; bingbot/2.0; +http://www.bing.com/bingbot.htm) Chrome/116.0.1938.76 Safari/537.36"
66.249.73.14 - - [30/Apr/2026:12:51:44 +0300] "GET /level-up-your-game-using-motivational-interviewing-for-smarter-gambling-in-aotearoa/undefined?ts=1775520000 HTTP/1.1" 200 0 "https://serhatburke.miroglu.net/level-up-your-game-using-motivational-interviewing-for-smarter-gambling-in-aotearoa/" "Mozilla/5.0 (Linux; Android 6.0.1; Nexus 5X Build/MMB29P) AppleWebKit/537.36 (KHTML, like Gecko) Chrome/147.0.7727.116 Mobile Safari/537.36 (compatible; Googlebot/2.1; +http://www.google.com/bot.html)"
66.249.73.14 - - [30/Apr/2026:12:51:54 +0300] "GET /level-up-your-game-using-motivational-interviewing-for-smarter-gambling-in-aotearoa/undefined?ts=1775520000 HTTP/1.1" 200 0 "https://serhatburke.miroglu.net/level-up-your-game-using-motivational-interviewing-for-smarter-gambling-in-aotearoa/" "Mozilla/5.0 (Linux; Android 6.0.1; Nexus 5X Build/MMB29P) AppleWebKit/537.36 (KHTML, like Gecko) Chrome/147.0.7727.116 Mobile Safari/537.36 (compatible; Googlebot/2.1; +http://www.google.com/bot.html)"
66.249.76.77 - - [30/Apr/2026:12:52:06 +0300] "GET /level-up-your-game-using-motivational-interviewing-for-smarter-gambling-in-aotearoa/undefined?ts=1775520000 HTTP/1.1" 200 0 "https://serhatburke.miroglu.net/level-up-your-game-using-motivational-interviewing-for-smarter-gambling-in-aotearoa/" "Mozilla/5.0 (Linux; Android 6.0.1; Nexus 5X Build/MMB29P) AppleWebKit/537.36 (KHTML, like Gecko) Chrome/147.0.7727.116 Mobile Safari/537.36 (compatible; Googlebot/2.1; +http://www.google.com/bot.html)"
185.216.113.70 - - [30/Apr/2026:12:52:23 +0300] "POST /wp-cron.php?doing_wp_cron=1777542742.7659139633178710937500 HTTP/1.1" 200 448 "-" "WordPress/6.3.8; https://serhatburke.miroglu.net"
185.216.113.70 - - [30/Apr/2026:12:52:23 +0300] "POST /wp-cron.php?doing_wp_cron=1777542743.5608000755310058593750 HTTP/1.1" 200 448 "-" "WordPress/6.3.8; https://serhatburke.miroglu.net"
52.167.144.157 - - [30/Apr/2026:12:51:41 +0300] "GET /du-denouement-lavantage-de-notre-soudain-salle-de-jeu-pas-du-tout-germe-borne-bien-plus-i%EF%BF%BD-lensemble-des-jeu-aux-diplomaties/ HTTP/2" 200 18136 "-" "Mozilla/5.0 AppleWebKit/537.36 (KHTML, like Gecko; compatible; bingbot/2.0; +http://www.bing.com/bingbot.htm) Chrome/116.0.1938.76 Safari/537.36"
52.167.144.157 - - [30/Apr/2026:12:51:42 +0300] "GET /betrocker-gambling-enterprise-on-line-casino-prowling-panther-rtp-slot-machine-bewertungen/ HTTP/2" 200 19601 "-" "Mozilla/5.0 AppleWebKit/537.36 (KHTML, like Gecko; compatible; bingbot/2.0; +http://www.bing.com/bingbot.htm) Chrome/116.0.1938.76 Safari/537.36"
185.216.113.70 - - [30/Apr/2026:12:52:28 +0300] "POST /wp-cron.php?doing_wp_cron=1777542748.7570810317993164062500 HTTP/1.1" 200 448 "-" "WordPress/6.3.8; https://serhatburke.miroglu.net"
185.216.113.70 - - [30/Apr/2026:12:52:29 +0300] "POST /wp-cron.php?doing_wp_cron=1777542749.7498180866241455078125 HTTP/1.1" 200 448 "-" "WordPress/6.3.8; https://serhatburke.miroglu.net"
103.219.169.227 - - [30/Apr/2026:12:51:43 +0300] "GET /cleopatra-huge-slot-caishens-cash-slot-game-remark-have-fun-with-the-free-game-online/ HTTP/1.1" 200 78613 "-" "Mozilla/5.0 (Windows NT 10.0; Win64; x64) AppleWebKit/537.36 (KHTML, like Gecko) Chrome/109.0.0.0 Safari/537.36"
185.216.113.70 - - [30/Apr/2026:12:52:31 +0300] "POST /wp-cron.php?doing_wp_cron=1777542750.8634500503540039062500 HTTP/1.1" 200 448 "-" "WordPress/6.3.8; https://serhatburke.miroglu.net"
52.167.144.211 - - [30/Apr/2026:12:51:45 +0300] "GET /best-on-the-internet-pokies-australian-continent-gamble-pokies-on-line-the-real-deal-play-christmas-reactors-slot-online-no-download-currency/ HTTP/2" 200 20190 "-" "Mozilla/5.0 AppleWebKit/537.36 (KHTML, like Gecko; compatible; bingbot/2.0; +http://www.bing.com/bingbot.htm) Chrome/116.0.1938.76 Safari/537.36"
185.216.113.70 - - [30/Apr/2026:12:54:13 +0300] "POST /wp-cron.php?doing_wp_cron=1777542853.5922770500183105468750 HTTP/1.1" 200 448 "-" "WordPress/6.3.8; https://serhatburke.miroglu.net"
103.219.169.227 - - [30/Apr/2026:12:54:01 +0300] "POST /xmlrpc.php HTTP/1.1" 200 630 "-" "Mozilla/5.0 (Windows NT 10.0; Win64; x64) AppleWebKit/537.36 (KHTML, like Gecko) Chrome/114.0.0.0 Safari/537.36"
103.219.169.227 - - [30/Apr/2026:12:54:21 +0300] "POST /xmlrpc.php HTTP/1.1" 200 14803 "-" "Mozilla/5.0 (Windows NT 10.0; Win64; x64) AppleWebKit/537.36 (KHTML, like Gecko) Chrome/114.0.0.0 Safari/537.36"
185.216.113.70 - - [30/Apr/2026:12:54:48 +0300] "POST /wp-cron.php?doing_wp_cron=1777542888.2678930759429931640625 HTTP/1.1" 200 448 "-" "WordPress/6.3.8; https://serhatburke.miroglu.net"
103.219.169.227 - - [30/Apr/2026:12:54:36 +0300] "GET /play-davinci-expensive-diamonds-casino-slot-games-on-the-web-free-how-to-earn-chung-bonus-slot-blue-diamond-nhan-iso/ HTTP/1.1" 200 80071 "-" "Mozilla/5.0 (Windows NT 10.0; rv:109.0) Gecko/20100101 Firefox/115.0"
52.167.144.157 - - [30/Apr/2026:12:55:01 +0300] "GET /lost-casino-fortune-teller-program-2004-2010/ HTTP/2" 200 18987 "-" "Mozilla/5.0 AppleWebKit/537.36 (KHTML, like Gecko; compatible; bingbot/2.0; +http://www.bing.com/bingbot.htm) Chrome/116.0.1938.76 Safari/537.36"
40.77.167.79 - - [30/Apr/2026:12:55:07 +0300] "GET /mastering-the-future-of-crypto-trading-with-raydium-3/ HTTP/2" 200 17997 "-" "Mozilla/5.0 AppleWebKit/537.36 (KHTML, like Gecko; compatible; bingbot/2.0; +http://www.bing.com/bingbot.htm) Chrome/116.0.1938.76 Safari/537.36"
52.167.144.193 - - [30/Apr/2026:12:55:12 +0300] "GET /spiele-fruit-mania-rhfp-kostenlos-as-part-of-hauptpreis-de/ HTTP/2" 200 19362 "-" "Mozilla/5.0 AppleWebKit/537.36 (KHTML, like Gecko; compatible; bingbot/2.0; +http://www.bing.com/bingbot.htm) Chrome/116.0.1938.76 Safari/537.36"
52.167.144.193 - - [30/Apr/2026:12:55:16 +0300] "GET /baksida-av-underben-befinner-sig-omsattningskrav-odla-fungerar-omsattning-villig-casino/ HTTP/2" 200 19074 "-" "Mozilla/5.0 AppleWebKit/537.36 (KHTML, like Gecko; compatible; bingbot/2.0; +http://www.bing.com/bingbot.htm) Chrome/116.0.1938.76 Safari/537.36"
185.216.113.70 - - [30/Apr/2026:12:55:44 +0300] "POST /wp-cron.php?doing_wp_cron=1777542944.3083729743957519531250 HTTP/1.1" 200 448 "-" "WordPress/6.3.8; https://serhatburke.miroglu.net"
212.34.148.156 - - [30/Apr/2026:12:55:23 +0300] "GET /zotabet-casino-bonus-premier-depot-2026/ HTTP/1.1" 200 19103 "-" "Mozilla/5.0 (compatible; Googlebot/2.1; +http://www.google.com/bot.html)"
52.167.144.157 - - [30/Apr/2026:12:55:32 +0300] "GET /neue-pramie-codes-je-casinos-blos-einzahlung-im-rock-n-roller-slot-free-spins-february-2026/ HTTP/2" 200 19130 "-" "Mozilla/5.0 AppleWebKit/537.36 (KHTML, like Gecko; compatible; bingbot/2.0; +http://www.bing.com/bingbot.htm) Chrome/116.0.1938.76 Safari/537.36"
40.77.167.79 - - [30/Apr/2026:12:55:37 +0300] "GET /50-free-revolves-odds-of-winning-family-guy-now-offers/ HTTP/2" 200 19962 "-" "Mozilla/5.0 AppleWebKit/537.36 (KHTML, like Gecko; compatible; bingbot/2.0; +http://www.bing.com/bingbot.htm) Chrome/116.0.1938.76 Safari/537.36"
52.167.144.193 - - [30/Apr/2026:12:55:51 +0300] "GET /harnessing-the-benefits-of-sushiswap-for-your-trades/ HTTP/2" 200 17989 "-" "Mozilla/5.0 AppleWebKit/537.36 (KHTML, like Gecko; compatible; bingbot/2.0; +http://www.bing.com/bingbot.htm) Chrome/116.0.1938.76 Safari/537.36"
52.167.144.193 - - [30/Apr/2026:12:55:55 +0300] "GET /nachfolgende-internetauftritt-wird-echt-weiterhin-mehreren-sprachen-erhaltlich-darunter-deutsch-engl-kastilisch-frz-weiters-portugiesisch/ HTTP/2" 200 18988 "-" "Mozilla/5.0 AppleWebKit/537.36 (KHTML, like Gecko; compatible; bingbot/2.0; +http://www.bing.com/bingbot.htm) Chrome/116.0.1938.76 Safari/537.36"
52.167.144.157 - - [30/Apr/2026:12:56:02 +0300] "GET /sc-is-amongst-the-few-claims-in-which-citizens-wouldnt-select-land-built-gambling-enterprises-sports-betting-spots-otherwise-poker-bedroom/ HTTP/2" 200 17200 "-" "Mozilla/5.0 AppleWebKit/537.36 (KHTML, like Gecko; compatible; bingbot/2.0; +http://www.bing.com/bingbot.htm) Chrome/116.0.1938.76 Safari/537.36"
40.77.167.79 - - [30/Apr/2026:12:56:07 +0300] "GET /thunderstruck-demo-enjoy-free-position-game/ HTTP/2" 200 19958 "-" "Mozilla/5.0 AppleWebKit/537.36 (KHTML, like Gecko; compatible; bingbot/2.0; +http://www.bing.com/bingbot.htm) Chrome/116.0.1938.76 Safari/537.36"
52.167.144.193 - - [30/Apr/2026:12:56:22 +0300] "GET /la-lakers-versus-golden-state-fighters-forecast-picks-odds-nba-friday/ HTTP/2" 200 20820 "-" "Mozilla/5.0 AppleWebKit/537.36 (KHTML, like Gecko; compatible; bingbot/2.0; +http://www.bing.com/bingbot.htm) Chrome/116.0.1938.76 Safari/537.36"
185.216.113.70 - - [30/Apr/2026:12:56:54 +0300] "POST /wp-cron.php?doing_wp_cron=1777543014.2083239555358886718750 HTTP/1.1" 200 448 "-" "WordPress/6.3.8; https://serhatburke.miroglu.net"
52.167.144.193 - - [30/Apr/2026:12:56:41 +0300] "GET /better-777-diamonds-slot-free-spins-united-states-local-casino-apps-for-real-money-in-2026/ HTTP/2" 200 18958 "-" "Mozilla/5.0 AppleWebKit/537.36 (KHTML, like Gecko; compatible; bingbot/2.0; +http://www.bing.com/bingbot.htm) Chrome/116.0.1938.76 Safari/537.36"
154.195.148.244 - - [30/Apr/2026:12:57:01 +0300] "GET /zotabet-casino-bonus-premier-depot-2026/ HTTP/1.1" 200 19136 "https://serhatburke.miroglu.net/" "Mozilla/5.0 (X11; Ubuntu; Linux x86_64; rv:147.0) Gecko/20100101 Firefox/147.0"
121.139.173.249 - - [30/Apr/2026:12:57:07 +0300] "GET /28563-2/ HTTP/1.1" 200 19313 "https://serhatburke.miroglu.net/" "Mozilla/5.0 (Windows NT 10.0; Win64; x64) AppleWebKit/537.36 (KHTML, like Gecko) Chrome/114.0.0.0 Safari/537.36 Vivaldi/5.3.2679.68"
121.139.173.249 - - [30/Apr/2026:12:57:21 +0300] "GET /?p=28563 HTTP/1.1" 301 634 "https://serhatburke.miroglu.net/28563-2/" "Mozilla/5.0 (Windows NT 10.0; Win64; x64) AppleWebKit/537.36 (KHTML, like Gecko) Chrome/114.0.0.0 Safari/537.36 Vivaldi/5.3.2679.68"
154.195.148.244 - - [30/Apr/2026:12:57:22 +0300] "GET /zotabet-casino-bonus-premier-depot-2026/ HTTP/1.1" 200 19103 "https://serhatburke.miroglu.net/zotabet-casino-bonus-premier-depot-2026/" "Mozilla/5.0 (Windows NT 6.3; Win64; x64) AppleWebKit/537.36 (KHTML, like Gecko) Chrome/103.0.0.0 Safari/537.36"
154.195.148.244 - - [30/Apr/2026:12:57:37 +0300] "GET /wp-includes/css/dist/block-library/style.min.css?ver=6.3.8 HTTP/1.1" 200 13578 "https://serhatburke.miroglu.net/zotabet-casino-bonus-premier-depot-2026/" "Mozilla/5.0 (Windows NT 10.0; Win64; x64) AppleWebKit/537.36 (KHTML, like Gecko) Chrome/145.0.0.0 Safari/537.36"
154.195.148.244 - - [30/Apr/2026:12:57:37 +0300] "GET /wp-content/plugins/contact-form-7/includes/css/styles.css?ver=5.8 HTTP/1.1" 200 1490 "https://serhatburke.miroglu.net/zotabet-casino-bonus-premier-depot-2026/" "Mozilla/5.0 (Windows NT 10.0; Win64; x64) AppleWebKit/537.36 (KHTML, like Gecko) Chrome/145.0.0.0 Safari/537.36"
154.195.148.244 - - [30/Apr/2026:12:57:37 +0300] "GET /wp-content/themes/toppic/css/fontello.css?ver=4.2 HTTP/1.1" 200 1802 "https://serhatburke.miroglu.net/zotabet-casino-bonus-premier-depot-2026/" "Mozilla/5.0 (Windows NT 10.0; Win64; x64) AppleWebKit/537.36 (KHTML, like Gecko) Chrome/145.0.0.0 Safari/537.36"
154.195.148.244 - - [30/Apr/2026:12:57:38 +0300] "GET /wp-content/themes/toppic/css/reset.css?ver=4.2 HTTP/1.1" 200 1178 "https://serhatburke.miroglu.net/zotabet-casino-bonus-premier-depot-2026/" "Mozilla/5.0 (Windows NT 10.0; Win64; x64) AppleWebKit/537.36 (KHTML, like Gecko) Chrome/145.0.0.0 Safari/537.36"
154.195.148.244 - - [30/Apr/2026:12:57:38 +0300] "GET /wp-content/themes/toppic/css/default.css?ver=4.2 HTTP/1.1" 200 1811 "https://serhatburke.miroglu.net/zotabet-casino-bonus-premier-depot-2026/" "Mozilla/5.0 (Windows NT 10.0; Win64; x64) AppleWebKit/537.36 (KHTML, like Gecko) Chrome/145.0.0.0 Safari/537.36"
154.195.148.244 - - [30/Apr/2026:12:57:38 +0300] "GET /wp-content/themes/toppic/style.css?ver=4.2 HTTP/1.1" 200 23398 "https://serhatburke.miroglu.net/zotabet-casino-bonus-premier-depot-2026/" "Mozilla/5.0 (Windows NT 10.0; Win64; x64) AppleWebKit/537.36 (KHTML, like Gecko) Chrome/145.0.0.0 Safari/537.36"
154.195.148.244 - - [30/Apr/2026:12:57:38 +0300] "GET /wp-content/themes/toppic/css/royalslider.css?ver=4.2 HTTP/1.1" 200 1887 "https://serhatburke.miroglu.net/zotabet-casino-bonus-premier-depot-2026/" "Mozilla/5.0 (Windows NT 10.0; Win64; x64) AppleWebKit/537.36 (KHTML, like Gecko) Chrome/145.0.0.0 Safari/537.36"
154.195.148.244 - - [30/Apr/2026:12:57:38 +0300] "GET /wp-content/themes/toppic/css/rs-default.css?ver=4.2 HTTP/1.1" 200 2625 "https://serhatburke.miroglu.net/zotabet-casino-bonus-premier-depot-2026/" "Mozilla/5.0 (Windows NT 10.0; Win64; x64) AppleWebKit/537.36 (KHTML, like Gecko) Chrome/145.0.0.0 Safari/537.36"
154.195.148.244 - - [30/Apr/2026:12:57:39 +0300] "GET /wp-content/themes/toppic/css/lightbox.css?ver=4.2 HTTP/1.1" 200 2956 "https://serhatburke.miroglu.net/zotabet-casino-bonus-premier-depot-2026/" "Mozilla/5.0 (Windows NT 10.0; Win64; x64) AppleWebKit/537.36 (KHTML, like Gecko) Chrome/145.0.0.0 Safari/537.36"
154.195.148.244 - - [30/Apr/2026:12:57:39 +0300] "GET /wp-content/themes/toppic/css/woocommerce.css?ver=4.2 HTTP/1.1" 200 2848 "https://serhatburke.miroglu.net/zotabet-casino-bonus-premier-depot-2026/" "Mozilla/5.0 (Windows NT 10.0; Win64; x64) AppleWebKit/537.36 (KHTML, like Gecko) Chrome/145.0.0.0 Safari/537.36"
154.195.148.244 - - [30/Apr/2026:12:57:39 +0300] "GET /wp-content/themes/toppic/css/responsive.css?ver=4.2 HTTP/1.1" 200 2796 "https://serhatburke.miroglu.net/zotabet-casino-bonus-premier-depot-2026/" "Mozilla/5.0 (Windows NT 10.0; Win64; x64) AppleWebKit/537.36 (KHTML, like Gecko) Chrome/145.0.0.0 Safari/537.36"
185.216.113.70 - - [30/Apr/2026:12:57:50 +0300] "POST /wp-cron.php?doing_wp_cron=1777543069.9467489719390869140625 HTTP/1.1" 200 448 "-" "WordPress/6.3.8; https://serhatburke.miroglu.net"
121.139.173.249 - - [30/Apr/2026:12:57:37 +0300] "GET /28563-2/ HTTP/1.1" 200 19338 "https://serhatburke.miroglu.net/?p=28563" "Mozilla/5.0 (Windows NT 10.0; Win64; x64) AppleWebKit/537.36 (KHTML, like Gecko) Chrome/114.0.0.0 Safari/537.36 Vivaldi/5.3.2679.68"
154.195.148.244 - - [30/Apr/2026:12:57:40 +0300] "POST /wp-comments-post.php HTTP/1.1" 302 1087 "https://serhatburke.miroglu.net/zotabet-casino-bonus-premier-depot-2026/" "Mozilla/5.0 (Windows NT 6.3; Win64; x64) AppleWebKit/537.36 (KHTML, like Gecko) Chrome/103.0.0.0 Safari/537.36"
103.219.169.227 - - [30/Apr/2026:12:57:49 +0300] "POST /xmlrpc.php HTTP/1.1" 200 630 "-" "Mozilla/5.0 (Windows NT 10.0; Win64; x64) AppleWebKit/537.36 (KHTML, like Gecko) Chrome/114.0.0.0 Safari/537.36"
154.195.148.244 - - [30/Apr/2026:12:57:54 +0300] "GET /zotabet-casino-bonus-premier-depot-2026/?unapproved=953&moderation-hash=7bf55316d976771a11d988ed2388b770 HTTP/1.1" 200 19622 "https://serhatburke.miroglu.net/wp-comments-post.php" "Mozilla/5.0 (Windows NT 6.3; Win64; x64) AppleWebKit/537.36 (KHTML, like Gecko) Chrome/103.0.0.0 Safari/537.36"
154.195.148.244 - - [30/Apr/2026:12:58:12 +0300] "GET /zotabet-casino-bonus-premier-depot-2026/ HTTP/1.1" 200 19103 "-" "Mozilla/5.0 (compatible; Googlebot/2.1; +http://www.google.com/bot.html)"
103.219.169.227 - - [30/Apr/2026:12:58:16 +0300] "POST /xmlrpc.php HTTP/1.1" 200 14778 "-" "Mozilla/5.0 (Windows NT 10.0; Win64; x64) AppleWebKit/537.36 (KHTML, like Gecko) Chrome/114.0.0.0 Safari/537.36"
185.216.113.70 - - [30/Apr/2026:12:58:44 +0300] "POST /wp-cron.php?doing_wp_cron=1777543124.2032330036163330078125 HTTP/1.1" 200 448 "-" "WordPress/6.3.8; https://serhatburke.miroglu.net"
103.219.169.227 - - [30/Apr/2026:12:58:32 +0300] "GET /dragon-shrine-position-because-of-the-quickspin-100-percent-free-demo-cash-camel-slot-machine-gamble/ HTTP/1.1" 200 79523 "-" "Mozilla/5.0 (Windows NT 10.0; rv:125.0) Gecko/20100101 Firefox/125.0"
176.98.31.43 - - [30/Apr/2026:12:58:50 +0300] "POST /xmlrpc.php HTTP/1.1" 200 742 "-" "Mozilla/5.0 (Windows NT 10.0; WOW64; rv:45.0) Gecko/20100101 Firefox/45.0"
185.216.113.70 - - [30/Apr/2026:13:01:39 +0300] "POST /wp-cron.php?doing_wp_cron=1777543298.9335200786590576171875 HTTP/1.1" 200 448 "-" "WordPress/6.3.8; https://serhatburke.miroglu.net"
103.219.169.227 - - [30/Apr/2026:13:01:25 +0300] "POST /xmlrpc.php HTTP/1.1" 200 630 "-" "Mozilla/5.0 (Windows NT 10.0; Win64; x64) AppleWebKit/537.36 (KHTML, like Gecko) Chrome/114.0.0.0 Safari/537.36"
103.219.169.227 - - [30/Apr/2026:13:01:45 +0300] "POST /xmlrpc.php HTTP/1.1" 200 14811 "-" "Mozilla/5.0 (Windows NT 10.0; Win64; x64) AppleWebKit/537.36 (KHTML, like Gecko) Chrome/114.0.0.0 Safari/537.36"
103.219.169.227 - - [30/Apr/2026:13:01:59 +0300] "GET /fairy-entrance-slot-100-percent-free-slot-queen-of-the-seas-online-enjoy-and-you-may-remark-rtp-96-66/ HTTP/1.1" 200 79226 "-" "Mozilla/5.0 (Windows NT 10.0; Win64; x64) AppleWebKit/537.36 (KHTML, like Gecko) Chrome/122.0.0.0 Safari/537.36"
38.246.32.195 - - [30/Apr/2026:13:02:01 +0300] "POST /xmlrpc.php HTTP/1.1" 200 630 "-" "Mozilla/5.0 (Windows NT 10.0; Win64; x64) AppleWebKit/537.36 (KHTML, like Gecko) Chrome/114.0.0.0 Safari/537.36"
154.195.148.244 - - [30/Apr/2026:13:02:06 +0300] "GET /zotabet-casino-bonus-premier-depot-2026/ HTTP/1.1" 200 19103 "-" "Mozilla/5.0 (compatible; Googlebot/2.1; +http://www.google.com/bot.html)"
185.216.113.70 - - [30/Apr/2026:13:02:38 +0300] "POST /wp-cron.php?doing_wp_cron=1777543358.1718831062316894531250 HTTP/1.1" 200 448 "-" "WordPress/6.3.8; https://serhatburke.miroglu.net"
38.246.32.195 - - [30/Apr/2026:13:02:25 +0300] "POST /xmlrpc.php HTTP/1.1" 200 9224 "-" "Mozilla/5.0 (Windows NT 10.0; Win64; x64) AppleWebKit/537.36 (KHTML, like Gecko) Chrome/114.0.0.0 Safari/537.36"
38.246.32.195 - - [30/Apr/2026:13:02:39 +0300] "GET /must-i-victory-real-money-with-the-an-online-local-casino-webpages-in-west-virginia/ HTTP/1.1" 200 73596 "-" "Mozilla/5.0 (Windows NT 10.0; rv:109.0) Gecko/20100101 Firefox/115.0"
185.216.113.70 - - [30/Apr/2026:13:04:00 +0300] "POST /wp-cron.php?doing_wp_cron=1777543440.1456298828125000000000 HTTP/1.1" 200 448 "-" "WordPress/6.3.8; https://serhatburke.miroglu.net"
38.246.32.195 - - [30/Apr/2026:13:03:46 +0300] "POST /xmlrpc.php HTTP/1.1" 200 630 "-" "Mozilla/5.0 (Windows NT 10.0; Win64; x64) AppleWebKit/537.36 (KHTML, like Gecko) Chrome/114.0.0.0 Safari/537.36"
178.159.37.4 - - [30/Apr/2026:13:03:57 +0300] "POST /xmlrpc.php HTTP/1.1" 200 235646 "-" "Mozilla/5.0 (X11; Linux x86_64) AppleWebKit/537.36 (KHTML, like Gecko) Chrome/114.0.0.0 Safari/537.36"
38.246.32.195 - - [30/Apr/2026:13:04:08 +0300] "POST /xmlrpc.php HTTP/1.1" 200 8827 "-" "Mozilla/5.0 (Windows NT 10.0; Win64; x64) AppleWebKit/537.36 (KHTML, like Gecko) Chrome/114.0.0.0 Safari/537.36"
185.216.113.70 - - [30/Apr/2026:13:04:44 +0300] "POST /wp-cron.php?doing_wp_cron=1777543484.7039000988006591796875 HTTP/1.1" 200 448 "-" "WordPress/6.3.8; https://serhatburke.miroglu.net"
38.246.32.195 - - [30/Apr/2026:13:04:24 +0300] "GET /charitable-gambling-are-legal-on-condition-and-there-are-presently-more-one-or-two-dozen-certificates-penned/ HTTP/1.1" 200 73948 "-" "Mozilla/5.0 (Windows NT 10.0; Win64; x64; rv:125.0) Gecko/20100101 Firefox/125.0"
178.159.37.4 - - [30/Apr/2026:13:04:31 +0300] "POST /xmlrpc.php HTTP/1.1" 200 664 "-" "Mozilla/5.0 (X11; Linux x86_64) AppleWebKit/537.36 (KHTML, like Gecko) Chrome/114.0.0.0 Safari/537.36"
103.219.169.227 - - [30/Apr/2026:13:04:57 +0300] "POST /xmlrpc.php HTTP/1.1" 200 630 "-" "Mozilla/5.0 (Windows NT 10.0; Win64; x64) AppleWebKit/537.36 (KHTML, like Gecko) Chrome/114.0.0.0 Safari/537.36"
178.159.37.4 - - [30/Apr/2026:13:05:00 +0300] "POST /xmlrpc.php HTTP/1.1" 200 664 "-" "Mozilla/5.0 (X11; Linux x86_64) AppleWebKit/537.36 (KHTML, like Gecko) Chrome/114.0.0.0 Safari/537.36"
185.216.113.70 - - [30/Apr/2026:13:05:40 +0300] "POST /wp-cron.php?doing_wp_cron=1777543540.0957360267639160156250 HTTP/1.1" 200 448 "-" "WordPress/6.3.8; https://serhatburke.miroglu.net"
103.219.169.227 - - [30/Apr/2026:13:05:22 +0300] "POST /xmlrpc.php HTTP/1.1" 200 14657 "-" "Mozilla/5.0 (Windows NT 10.0; Win64; x64) AppleWebKit/537.36 (KHTML, like Gecko) Chrome/114.0.0.0 Safari/537.36"
38.246.32.195 - - [30/Apr/2026:13:05:23 +0300] "POST /xmlrpc.php HTTP/1.1" 200 630 "-" "Mozilla/5.0 (Windows NT 10.0; Win64; x64) AppleWebKit/537.36 (KHTML, like Gecko) Chrome/114.0.0.0 Safari/537.36"
178.159.37.4 - - [30/Apr/2026:13:05:25 +0300] "POST /xmlrpc.php HTTP/1.1" 200 664 "-" "Mozilla/5.0 (X11; Linux x86_64) AppleWebKit/537.36 (KHTML, like Gecko) Chrome/114.0.0.0 Safari/537.36"
103.219.169.227 - - [30/Apr/2026:13:05:42 +0300] "GET /gold-seafood-giving-day-benefits-slot-supply-seafood-and-you-may-danger-high-voltage-150-free-spins-victory/ HTTP/1.1" 200 79563 "-" "Mozilla/5.0 (Windows NT 10.0; rv:125.0) Gecko/20100101 Firefox/125.0"
38.246.32.195 - - [30/Apr/2026:13:05:47 +0300] "POST /xmlrpc.php HTTP/1.1" 200 8331 "-" "Mozilla/5.0 (Windows NT 10.0; Win64; x64) AppleWebKit/537.36 (KHTML, like Gecko) Chrome/114.0.0.0 Safari/537.36"
178.159.37.4 - - [30/Apr/2026:13:05:53 +0300] "POST /xmlrpc.php HTTP/1.1" 200 664 "-" "Mozilla/5.0 (X11; Linux x86_64) AppleWebKit/537.36 (KHTML, like Gecko) Chrome/114.0.0.0 Safari/537.36"
38.246.32.195 - - [30/Apr/2026:13:06:19 +0300] "GET /4-roosterbet-local-casino-%EF%BF%BD/ HTTP/1.1" 200 71742 "-" "Mozilla/5.0 (Windows NT 10.0; Win64; x64; rv:124.0) Gecko/20100101 Firefox/124.0"
185.216.113.70 - - [30/Apr/2026:13:06:49 +0300] "POST /wp-cron.php?doing_wp_cron=1777543609.4838640689849853515625 HTTP/1.1" 200 448 "-" "WordPress/6.3.8; https://serhatburke.miroglu.net"
178.159.37.4 - - [30/Apr/2026:13:06:31 +0300] "POST /xmlrpc.php HTTP/1.1" 200 667 "-" "Mozilla/5.0 (X11; Linux x86_64) AppleWebKit/537.36 (KHTML, like Gecko) Chrome/114.0.0.0 Safari/537.36"
38.246.32.195 - - [30/Apr/2026:13:06:38 +0300] "POST /xmlrpc.php HTTP/1.1" 200 630 "-" "Mozilla/5.0 (Windows NT 10.0; Win64; x64) AppleWebKit/537.36 (KHTML, like Gecko) Chrome/114.0.0.0 Safari/537.36"
178.159.37.4 - - [30/Apr/2026:13:07:02 +0300] "POST /xmlrpc.php HTTP/1.1" 200 14839 "-" "Mozilla/5.0 (X11; Linux x86_64) AppleWebKit/537.36 (KHTML, like Gecko) Chrome/114.0.0.0 Safari/537.36"
38.246.32.195 - - [30/Apr/2026:13:07:04 +0300] "POST /xmlrpc.php HTTP/1.1" 200 8796 "-" "Mozilla/5.0 (Windows NT 10.0; Win64; x64) AppleWebKit/537.36 (KHTML, like Gecko) Chrome/114.0.0.0 Safari/537.36"
185.216.113.70 - - [30/Apr/2026:13:07:44 +0300] "POST /wp-cron.php?doing_wp_cron=1777543664.6975181102752685546875 HTTP/1.1" 200 448 "-" "WordPress/6.3.8; https://serhatburke.miroglu.net"
38.246.32.195 - - [30/Apr/2026:13:07:29 +0300] "GET /web-based-poker-may-be-held-into-the-only-two-hours-for-each-and-every-year/ HTTP/1.1" 200 72958 "-" "Mozilla/5.0 (Windows NT 10.0; Win64; x64) AppleWebKit/537.36 (KHTML, like Gecko) Chrome/124.0.0.0 Safari/537.36 Edg/124.0.0.0"
38.246.32.195 - - [30/Apr/2026:13:08:05 +0300] "POST /xmlrpc.php HTTP/1.1" 200 630 "-" "Mozilla/5.0 (Windows NT 10.0; Win64; x64) AppleWebKit/537.36 (KHTML, like Gecko) Chrome/114.0.0.0 Safari/537.36"
185.216.113.70 - - [30/Apr/2026:13:08:43 +0300] "POST /wp-cron.php?doing_wp_cron=1777543723.0683560371398925781250 HTTP/1.1" 200 448 "-" "WordPress/6.3.8; https://serhatburke.miroglu.net"
103.219.169.227 - - [30/Apr/2026:13:08:20 +0300] "POST /xmlrpc.php HTTP/1.1" 200 630 "-" "Mozilla/5.0 (Windows NT 10.0; Win64; x64) AppleWebKit/537.36 (KHTML, like Gecko) Chrome/114.0.0.0 Safari/537.36"
38.246.32.195 - - [30/Apr/2026:13:08:27 +0300] "POST /xmlrpc.php HTTP/1.1" 200 9456 "-" "Mozilla/5.0 (Windows NT 10.0; Win64; x64) AppleWebKit/537.36 (KHTML, like Gecko) Chrome/114.0.0.0 Safari/537.36"
103.219.169.227 - - [30/Apr/2026:13:08:50 +0300] "POST /xmlrpc.php HTTP/1.1" 200 14491 "-" "Mozilla/5.0 (Windows NT 10.0; Win64; x64) AppleWebKit/537.36 (KHTML, like Gecko) Chrome/114.0.0.0 Safari/537.36"
185.216.113.70 - - [30/Apr/2026:13:09:53 +0300] "POST /wp-cron.php?doing_wp_cron=1777543792.9724218845367431640625 HTTP/1.1" 200 448 "-" "WordPress/6.3.8; https://serhatburke.miroglu.net"
38.246.32.195 - - [30/Apr/2026:13:09:06 +0300] "GET /making-sure-your-personal-and-you-can-financial-info-is-safe-is-going-to-be-good-concern/ HTTP/1.1" 200 74321 "-" "Mozilla/5.0 (Windows NT 10.0; Win64; x64) AppleWebKit/537.36 (KHTML, like Gecko) Chrome/122.0.0.0 Safari/537.36"
185.216.113.70 - - [30/Apr/2026:13:10:00 +0300] "POST /wp-cron.php?doing_wp_cron=1777543800.0936160087585449218750 HTTP/1.1" 200 448 "-" "WordPress/6.3.8; https://serhatburke.miroglu.net"
38.246.32.195 - - [30/Apr/2026:13:09:18 +0300] "POST /xmlrpc.php HTTP/1.1" 200 630 "-" "Mozilla/5.0 (Windows NT 10.0; Win64; x64) AppleWebKit/537.36 (KHTML, like Gecko) Chrome/114.0.0.0 Safari/537.36"
185.216.113.70 - - [30/Apr/2026:13:10:02 +0300] "POST /wp-cron.php?doing_wp_cron=1777543802.8963930606842041015625 HTTP/1.1" 200 448 "-" "WordPress/6.3.8; https://serhatburke.miroglu.net"
103.219.169.227 - - [30/Apr/2026:13:09:30 +0300] "GET /100-percent-break-da-bank-5-deposit-free-ports-on-line-play-10000-ports-at-no-cost/ HTTP/1.1" 200 78597 "-" "Mozilla/5.0 (Windows NT 10.0; Win64; x64) AppleWebKit/537.36 (KHTML, like Gecko) Chrome/123.0.0.0 Safari/537.36"
