185.216.113.70 - - [30/Apr/2026:17:39:45 +0300] "POST /wp-cron.php?doing_wp_cron=1777559985.5540490150451660156250 HTTP/1.1" 200 448 "-" "WordPress/6.3.8; https://serhatburke.miroglu.net"
185.216.113.70 - - [30/Apr/2026:17:39:48 +0300] "POST /wp-cron.php?doing_wp_cron=1777559987.9559168815612792968750 HTTP/1.1" 200 448 "-" "WordPress/6.3.8; https://serhatburke.miroglu.net"
52.167.144.190 - - [30/Apr/2026:17:39:02 +0300] "GET /jest-to-mozliwe-ja-pobrac-a-moze-na-organizacja-android-poniewaz-i-mozesz-io/ HTTP/2" 200 0 "-" "Mozilla/5.0 AppleWebKit/537.36 (KHTML, like Gecko; compatible; bingbot/2.0; +http://www.bing.com/bingbot.htm) Chrome/116.0.1938.76 Safari/537.36"
128.1.218.169 - - [30/Apr/2026:17:38:45 +0300] "GET /safari-sam-slot-machine-game-free-spins-no-deposit-sinbad-playing-free-inside-betsofts-online-casinos/ HTTP/1.1" 200 79244 "-" "Mozilla/5.0 (Windows NT 10.0; Win64; x64) AppleWebKit/537.36 (KHTML, like Gecko) Chrome/123.0.0.0 Safari/537.36 OPR/109.0.0.0"
52.167.144.190 - - [30/Apr/2026:17:39:06 +0300] "GET /guts-casino-anmeldelse-royalgame-innskuddsbonus-april-dallas-1-almisse-ett-fett-gave-iwinfortune-2024-new-jersey-beauty-worthen/ HTTP/2" 200 0 "-" "Mozilla/5.0 AppleWebKit/537.36 (KHTML, like Gecko; compatible; bingbot/2.0; +http://www.bing.com/bingbot.htm) Chrome/116.0.1938.76 Safari/537.36"
185.216.113.70 - - [30/Apr/2026:17:40:06 +0300] "POST /wp-cron.php?doing_wp_cron=1777560006.6586101055145263671875 HTTP/1.1" 200 448 "-" "WordPress/6.3.8; https://serhatburke.miroglu.net"
185.244.180.165 - - [30/Apr/2026:17:39:16 +0300] "POST /xmlrpc.php HTTP/1.1" 200 0 "-" "Mozilla/5.0 (Windows NT 10.0; Win64; x64) AppleWebKit/537.36 (KHTML, like Gecko) Chrome/114.0.0.0 Safari/537.36 OPR/89.0.4447.51"
185.216.113.70 - - [30/Apr/2026:17:40:19 +0300] "POST /wp-cron.php?doing_wp_cron=1777560019.3684639930725097656250 HTTP/1.1" 200 448 "-" "WordPress/6.3.8; https://serhatburke.miroglu.net"
52.167.144.157 - - [30/Apr/2026:17:39:31 +0300] "GET /eye-of-horus-gratis-erreichbar-um-echtgeld-zum-fruit-warp-online-casinos-besten-geben-2026/ HTTP/2" 200 0 "-" "Mozilla/5.0 AppleWebKit/537.36 (KHTML, like Gecko; compatible; bingbot/2.0; +http://www.bing.com/bingbot.htm) Chrome/116.0.1938.76 Safari/537.36"
185.216.113.70 - - [30/Apr/2026:17:40:35 +0300] "POST /wp-cron.php?doing_wp_cron=1777560034.8781199455261230468750 HTTP/1.1" 200 448 "-" "WordPress/6.3.8; https://serhatburke.miroglu.net"
185.216.113.70 - - [30/Apr/2026:17:40:37 +0300] "POST /wp-cron.php?doing_wp_cron=1777560037.3377079963684082031250 HTTP/1.1" 200 448 "-" "WordPress/6.3.8; https://serhatburke.miroglu.net"
185.216.113.70 - - [30/Apr/2026:17:40:37 +0300] "POST /wp-cron.php?doing_wp_cron=1777560037.6556439399719238281250 HTTP/1.1" 200 448 "-" "WordPress/6.3.8; https://serhatburke.miroglu.net"
107.174.194.9 - - [30/Apr/2026:17:39:32 +0300] "GET /leon-bet-casino-a-highintensity-playground-for-qui/ HTTP/1.1" 200 22423 "-" "Python/3.14 aiohttp/3.13.3"
154.6.83.240 - - [30/Apr/2026:17:39:35 +0300] "GET /leon-bet-casino-a-highintensity-playground-for-qui/ HTTP/1.1" 200 22423 "-" "Python/3.14 aiohttp/3.13.3"
185.216.113.70 - - [30/Apr/2026:17:40:48 +0300] "POST /wp-cron.php?doing_wp_cron=1777560048.3377249240875244140625 HTTP/1.1" 200 448 "-" "WordPress/6.3.8; https://serhatburke.miroglu.net"
128.1.218.169 - - [30/Apr/2026:17:39:42 +0300] "POST /xmlrpc.php HTTP/1.1" 200 630 "-" "Mozilla/5.0 (Windows NT 10.0; Win64; x64) AppleWebKit/537.36 (KHTML, like Gecko) Chrome/114.0.0.0 Safari/537.36"
52.167.144.138 - - [30/Apr/2026:17:40:10 +0300] "GET /html-3/ HTTP/2" 200 0 "-" "Mozilla/5.0 AppleWebKit/537.36 (KHTML, like Gecko; compatible; bingbot/2.0; +http://www.bing.com/bingbot.htm) Chrome/116.0.1938.76 Safari/537.36"
82.24.238.211 - - [30/Apr/2026:17:39:48 +0300] "GET /leon-bet-casino-a-highintensity-playground-for-qui/ HTTP/1.1" 200 22423 "-" "Python/3.14 aiohttp/3.13.3"
104.166.164.2 - - [30/Apr/2026:17:40:05 +0300] "POST /xmlrpc.php HTTP/1.1" 200 630 "-" "Mozilla/5.0 (Windows NT 10.0; Win64; x64) AppleWebKit/537.36 (KHTML, like Gecko) Chrome/114.0.0.0 Safari/537.36"
158.69.22.136 - - [30/Apr/2026:17:40:46 +0300] "GET /35849-2/ HTTP/1.1" 200 0 "-" "Mozilla/5.0 (compatible; Googlebot/2.1; +http://www.google.com/bot.html)"
185.244.180.165 - - [30/Apr/2026:17:40:18 +0300] "POST /xmlrpc.php HTTP/1.1" 200 0 "-" "Mozilla/5.0 (Windows NT 10.0; Win64; x64) AppleWebKit/537.36 (KHTML, like Gecko) Chrome/114.0.0.0 Safari/537.36 OPR/89.0.4447.51"
185.216.113.70 - - [30/Apr/2026:17:41:57 +0300] "POST /wp-cron.php?doing_wp_cron=1777560117.6442890167236328125000 HTTP/1.1" 200 448 "-" "WordPress/6.3.8; https://serhatburke.miroglu.net"
128.1.218.169 - - [30/Apr/2026:17:40:56 +0300] "POST /xmlrpc.php HTTP/1.1" 200 14064 "-" "Mozilla/5.0 (Windows NT 10.0; Win64; x64) AppleWebKit/537.36 (KHTML, like Gecko) Chrome/114.0.0.0 Safari/537.36"
52.167.144.138 - - [30/Apr/2026:17:41:10 +0300] "GET /household-casino-bethard-no-deposit-bonus-2026/ HTTP/2" 200 0 "-" "Mozilla/5.0 AppleWebKit/537.36 (KHTML, like Gecko; compatible; bingbot/2.0; +http://www.bing.com/bingbot.htm) Chrome/116.0.1938.76 Safari/537.36"
185.216.113.70 - - [30/Apr/2026:17:42:01 +0300] "POST /wp-cron.php?doing_wp_cron=1777560121.6608769893646240234375 HTTP/1.1" 200 448 "-" "WordPress/6.3.8; https://serhatburke.miroglu.net"
185.216.113.70 - - [30/Apr/2026:17:42:07 +0300] "POST /wp-cron.php?doing_wp_cron=1777560127.6489078998565673828125 HTTP/1.1" 200 448 "-" "WordPress/6.3.8; https://serhatburke.miroglu.net"
52.167.144.203 - - [30/Apr/2026:17:41:19 +0300] "GET /post-sitemap2.xml HTTP/2" 200 0 "-" "Mozilla/5.0 AppleWebKit/537.36 (KHTML, like Gecko; compatible; bingbot/2.0; +http://www.bing.com/bingbot.htm) Chrome/116.0.1938.76 Safari/537.36"
185.216.113.70 - - [30/Apr/2026:17:42:11 +0300] "POST /wp-cron.php?doing_wp_cron=1777560131.1519589424133300781250 HTTP/1.1" 200 448 "-" "WordPress/6.3.8; https://serhatburke.miroglu.net"
104.166.164.2 - - [30/Apr/2026:17:41:22 +0300] "POST /xmlrpc.php HTTP/1.1" 200 14565 "-" "Mozilla/5.0 (Windows NT 10.0; Win64; x64) AppleWebKit/537.36 (KHTML, like Gecko) Chrome/114.0.0.0 Safari/537.36"
185.216.113.70 - - [30/Apr/2026:17:42:13 +0300] "POST /wp-cron.php?doing_wp_cron=1777560133.0602669715881347656250 HTTP/1.1" 200 448 "-" "WordPress/6.3.8; https://serhatburke.miroglu.net"
185.244.180.165 - - [30/Apr/2026:17:41:22 +0300] "POST /xmlrpc.php HTTP/1.1" 200 667 "-" "Mozilla/5.0 (Windows NT 10.0; Win64; x64) AppleWebKit/537.36 (KHTML, like Gecko) Chrome/114.0.0.0 Safari/537.36 OPR/89.0.4447.51"
52.167.144.157 - - [30/Apr/2026:17:41:48 +0300] "GET /kraken-bezopasnyi-dostup-k-onion-ssylkam-v-2026-godu-3/ HTTP/2" 200 0 "-" "Mozilla/5.0 AppleWebKit/537.36 (KHTML, like Gecko; compatible; bingbot/2.0; +http://www.bing.com/bingbot.htm) Chrome/116.0.1938.76 Safari/537.36"
185.216.113.70 - - [30/Apr/2026:17:42:49 +0300] "POST /wp-cron.php?doing_wp_cron=1777560169.3653750419616699218750 HTTP/1.1" 200 448 "-" "WordPress/6.3.8; https://serhatburke.miroglu.net"
52.167.144.138 - - [30/Apr/2026:17:42:01 +0300] "GET /gratis-vortragen-vollstandiger-guide/ HTTP/2" 200 0 "-" "Mozilla/5.0 AppleWebKit/537.36 (KHTML, like Gecko; compatible; bingbot/2.0; +http://www.bing.com/bingbot.htm) Chrome/116.0.1938.76 Safari/537.36"
170.168.241.217 - - [30/Apr/2026:17:42:56 +0300] "POST /xmlrpc.php HTTP/1.1" 200 0 "-" "Mozilla/5.0 (Windows NT 6.1; Win64; x64) AppleWebKit/537.36 (KHTML, like Gecko) Chrome/78.0.3904.108 Safari/537.36"
52.167.144.203 - - [30/Apr/2026:17:42:20 +0300] "GET /takie-kasyna-w-internecie-wlaczaja-dostarczac-osoby-najpierw-doskonalej-rozrywki/ HTTP/2" 200 0 "-" "Mozilla/5.0 AppleWebKit/537.36 (KHTML, like Gecko; compatible; bingbot/2.0; +http://www.bing.com/bingbot.htm) Chrome/116.0.1938.76 Safari/537.36"
52.167.144.203 - - [30/Apr/2026:17:42:24 +0300] "GET /totally-15-paylines-online-slot-machines-list-uk-free-harbors-online-enjoy-10000-harbors-for-free/ HTTP/2" 200 0 "-" "Mozilla/5.0 AppleWebKit/537.36 (KHTML, like Gecko; compatible; bingbot/2.0; +http://www.bing.com/bingbot.htm) Chrome/116.0.1938.76 Safari/537.36"
185.244.180.165 - - [30/Apr/2026:17:42:15 +0300] "POST /xmlrpc.php HTTP/1.1" 200 0 "-" "Mozilla/5.0 (Windows NT 10.0; Win64; x64) AppleWebKit/537.36 (KHTML, like Gecko) Chrome/114.0.0.0 Safari/537.36 OPR/89.0.4447.51"
128.1.218.169 - - [30/Apr/2026:17:41:59 +0300] "GET /better-5-put-casinos-jungle-spirit-call-of-the-wild-slot-no-deposit-in-the-canada-february-2026/ HTTP/1.1" 200 78419 "-" "Mozilla/5.0 (Windows NT 10.0; Win64; x64) AppleWebKit/537.36 (KHTML, like Gecko) Chrome/124.0.0.0 Safari/537.36"
128.1.218.169 - - [30/Apr/2026:17:42:02 +0300] "POST /xmlrpc.php HTTP/1.1" 200 630 "-" "Mozilla/5.0 (Windows NT 10.0; Win64; x64) AppleWebKit/537.36 (KHTML, like Gecko) Chrome/114.0.0.0 Safari/537.36"
52.167.144.157 - - [30/Apr/2026:17:42:50 +0300] "GET /nieuwe-online-gokhal-deze-link-complete-vogel-voordat-nieuwe-bank-sites/ HTTP/2" 200 0 "-" "Mozilla/5.0 AppleWebKit/537.36 (KHTML, like Gecko; compatible; bingbot/2.0; +http://www.bing.com/bingbot.htm) Chrome/116.0.1938.76 Safari/537.36"
104.166.164.2 - - [30/Apr/2026:17:42:12 +0300] "GET /raging-bull-local-casino-no-deposit-bonus-codes-cheats-for-lightning-link-casino-2026-1/ HTTP/1.1" 200 78989 "-" "Mozilla/5.0 (Windows NT 10.0; Win64; x64) AppleWebKit/537.36 (KHTML, like Gecko) Chrome/124.0.0.0 Safari/537.36"
52.167.144.157 - - [30/Apr/2026:17:42:54 +0300] "GET /pregled-spletnega-strokovnjaka-za-igre-na-sreco-verde-casino-bonus-koda-betsafe-in-zahteve-za-bonuse-allege/ HTTP/2" 200 0 "-" "Mozilla/5.0 AppleWebKit/537.36 (KHTML, like Gecko; compatible; bingbot/2.0; +http://www.bing.com/bingbot.htm) Chrome/116.0.1938.76 Safari/537.36"
52.167.144.138 - - [30/Apr/2026:17:43:02 +0300] "GET /raging-rhino-position-take-pleasure-in-free-demo-position-aztec-treasures-video-game-comment-2026/ HTTP/2" 200 0 "-" "Mozilla/5.0 AppleWebKit/537.36 (KHTML, like Gecko; compatible; bingbot/2.0; +http://www.bing.com/bingbot.htm) Chrome/116.0.1938.76 Safari/537.36"
185.216.113.70 - - [30/Apr/2026:17:43:54 +0300] "POST /wp-cron.php?doing_wp_cron=1777560234.0393218994140625000000 HTTP/1.1" 200 448 "-" "WordPress/6.3.8; https://serhatburke.miroglu.net"
185.216.113.70 - - [30/Apr/2026:17:44:09 +0300] "POST /wp-cron.php?doing_wp_cron=1777560249.1531069278717041015625 HTTP/1.1" 200 448 "-" "WordPress/6.3.8; https://serhatburke.miroglu.net"
185.244.180.165 - - [30/Apr/2026:17:43:17 +0300] "POST /xmlrpc.php HTTP/1.1" 200 722205 "-" "Mozilla/5.0 (Windows NT 10.0; Win64; x64) AppleWebKit/537.36 (KHTML, like Gecko) Chrome/114.0.0.0 Safari/537.36 OPR/89.0.4447.51"
185.216.113.70 - - [30/Apr/2026:17:44:17 +0300] "POST /wp-cron.php?doing_wp_cron=1777560257.4519469738006591796875 HTTP/1.1" 200 448 "-" "WordPress/6.3.8; https://serhatburke.miroglu.net"
52.167.144.203 - - [30/Apr/2026:17:43:30 +0300] "GET /penalty-shootout-the-fastpaced-football-crash-game/ HTTP/2" 200 0 "-" "Mozilla/5.0 AppleWebKit/537.36 (KHTML, like Gecko; compatible; bingbot/2.0; +http://www.bing.com/bingbot.htm) Chrome/116.0.1938.76 Safari/537.36"
185.216.113.70 - - [30/Apr/2026:17:44:21 +0300] "POST /wp-cron.php?doing_wp_cron=1777560261.0525720119476318359375 HTTP/1.1" 200 448 "-" "WordPress/6.3.8; https://serhatburke.miroglu.net"
185.216.113.70 - - [30/Apr/2026:17:44:21 +0300] "POST /wp-cron.php?doing_wp_cron=1777560261.6475839614868164062500 HTTP/1.1" 200 448 "-" "WordPress/6.3.8; https://serhatburke.miroglu.net"
128.1.218.169 - - [30/Apr/2026:17:43:36 +0300] "POST /xmlrpc.php HTTP/1.1" 200 14829 "-" "Mozilla/5.0 (Windows NT 10.0; Win64; x64) AppleWebKit/537.36 (KHTML, like Gecko) Chrome/114.0.0.0 Safari/537.36"
52.167.144.138 - - [30/Apr/2026:17:43:34 +0300] "GET /beste-echtgeld-casinos-2026-echtes-book-of-ra-freispiele-ohne-einzahlung-piepen-gewinnen/ HTTP/2" 200 0 "-" "Mozilla/5.0 AppleWebKit/537.36 (KHTML, like Gecko; compatible; bingbot/2.0; +http://www.bing.com/bingbot.htm) Chrome/116.0.1938.76 Safari/537.36"
185.216.113.70 - - [30/Apr/2026:17:44:34 +0300] "POST /wp-cron.php?doing_wp_cron=1777560274.7377290725708007812500 HTTP/1.1" 200 448 "-" "WordPress/6.3.8; https://serhatburke.miroglu.net"
52.167.144.157 - - [30/Apr/2026:17:43:49 +0300] "GET /ce-trebuie-sa-poi-de-cand-sa-primesti-si-ai-fillip-fara-depunere/ HTTP/2" 200 0 "-" "Mozilla/5.0 AppleWebKit/537.36 (KHTML, like Gecko; compatible; bingbot/2.0; +http://www.bing.com/bingbot.htm) Chrome/116.0.1938.76 Safari/537.36"
185.216.113.70 - - [30/Apr/2026:17:44:41 +0300] "POST /wp-cron.php?doing_wp_cron=1777560281.6550190448760986328125 HTTP/1.1" 200 448 "-" "WordPress/6.3.8; https://serhatburke.miroglu.net"
52.167.144.157 - - [30/Apr/2026:17:43:53 +0300] "GET /150-spielsaal-freispiele-in-registration-zweiter-google-play-casino-online-monat-des-jahres-2026/ HTTP/2" 200 0 "-" "Mozilla/5.0 AppleWebKit/537.36 (KHTML, like Gecko; compatible; bingbot/2.0; +http://www.bing.com/bingbot.htm) Chrome/116.0.1938.76 Safari/537.36"
52.167.144.203 - - [30/Apr/2026:17:44:31 +0300] "GET /is-actually-desert-value-slot-on-the-1-queen-of-the-nile-web/ HTTP/2" 200 0 "-" "Mozilla/5.0 AppleWebKit/537.36 (KHTML, like Gecko; compatible; bingbot/2.0; +http://www.bing.com/bingbot.htm) Chrome/116.0.1938.76 Safari/537.36"
52.167.144.138 - - [30/Apr/2026:17:44:35 +0300] "GET /totally-free-revolves-bonuses-us-2025-no-deposit-a-real-income-now-offers/ HTTP/2" 200 0 "-" "Mozilla/5.0 AppleWebKit/537.36 (KHTML, like Gecko; compatible; bingbot/2.0; +http://www.bing.com/bingbot.htm) Chrome/116.0.1938.76 Safari/537.36"
52.167.144.203 - - [30/Apr/2026:17:44:35 +0300] "GET /jednoreki-lobuz-online-bezplatne-hazard-%E1%90%88-goldbet-promo-listopad-2025/ HTTP/2" 200 0 "-" "Mozilla/5.0 AppleWebKit/537.36 (KHTML, like Gecko; compatible; bingbot/2.0; +http://www.bing.com/bingbot.htm) Chrome/116.0.1938.76 Safari/537.36"
128.1.218.169 - - [30/Apr/2026:17:44:18 +0300] "POST /xmlrpc.php HTTP/1.1" 200 630 "-" "Mozilla/5.0 (Windows NT 10.0; Win64; x64) AppleWebKit/537.36 (KHTML, like Gecko) Chrome/114.0.0.0 Safari/537.36"
128.1.218.169 - - [30/Apr/2026:17:44:23 +0300] "GET /greatest-double-dragons-slot-australian-online-pokies-for-real-cash-in-2026/ HTTP/1.1" 200 78943 "-" "Mozilla/5.0 (Windows NT 10.0; Win64; x64) AppleWebKit/537.36 (KHTML, like Gecko) Chrome/123.0.0.0 Safari/537.36"
52.167.144.157 - - [30/Apr/2026:17:44:53 +0300] "GET /noppes-spins-buiten-betaling-registreer-plu-speel-je-free-spins/ HTTP/2" 200 0 "-" "Mozilla/5.0 AppleWebKit/537.36 (KHTML, like Gecko; compatible; bingbot/2.0; +http://www.bing.com/bingbot.htm) Chrome/116.0.1938.76 Safari/537.36"
93.120.165.106 - - [30/Apr/2026:17:45:29 +0300] "POST /xmlrpc.php HTTP/2" 200 0 "-" "WordPress/XMLRPC Client"
185.216.113.70 - - [30/Apr/2026:17:46:02 +0300] "POST /wp-cron.php?doing_wp_cron=1777560362.6494739055633544921875 HTTP/1.1" 200 448 "-" "WordPress/6.3.8; https://serhatburke.miroglu.net"
172.93.215.204 - - [30/Apr/2026:17:44:52 +0300] "GET /novoline-casino-codice-bonus-registrazione/ HTTP/1.1" 200 17801 "https://serhatburke.miroglu.net/" "Mozilla/5.0 (Windows NT 10.0; Win64; x64) AppleWebKit/537.36 (KHTML, like Gecko) Chrome/143.0.0.0 Safari/537.36 OPR/127.0.0.0"
185.216.113.70 - - [30/Apr/2026:17:46:15 +0300] "POST /wp-cron.php?doing_wp_cron=1777560375.2566609382629394531250 HTTP/1.1" 200 448 "-" "WordPress/6.3.8; https://serhatburke.miroglu.net"
66.249.76.78 - - [30/Apr/2026:17:45:06 +0300] "GET /robots.txt HTTP/1.1" 200 719 "-" "Mozilla/5.0 (compatible; Googlebot/2.1; +http://www.google.com/bot.html)"
52.167.144.138 - - [30/Apr/2026:17:45:33 +0300] "GET /boylesports-gambling-establishment-2026-log-on-and-get-no-deposit-incentive-password/ HTTP/2" 200 0 "-" "Mozilla/5.0 AppleWebKit/537.36 (KHTML, like Gecko; compatible; bingbot/2.0; +http://www.bing.com/bingbot.htm) Chrome/116.0.1938.76 Safari/537.36"
52.167.144.203 - - [30/Apr/2026:17:45:37 +0300] "GET /va-indrumam-inspre-cele-mai-bune-cazinouri-bazate-pe-web-romaneti-deasupra-2024-%EF%BF%BD-stimulent-immerion-casino/ HTTP/2" 200 0 "-" "Mozilla/5.0 AppleWebKit/537.36 (KHTML, like Gecko; compatible; bingbot/2.0; +http://www.bing.com/bingbot.htm) Chrome/116.0.1938.76 Safari/537.36"
52.167.144.203 - - [30/Apr/2026:17:45:42 +0300] "GET /casino-ab-30-euro-einzahlung-osterreich/ HTTP/2" 200 0 "-" "Mozilla/5.0 AppleWebKit/537.36 (KHTML, like Gecko; compatible; bingbot/2.0; +http://www.bing.com/bingbot.htm) Chrome/116.0.1938.76 Safari/537.36"
52.167.144.187 - - [30/Apr/2026:17:45:55 +0300] "GET /looking-mexico-wins-echtes-geld-for-a-more-responsible-admin-ask-for-mr-green-the-true-mann-von-welt-of-durchsetzbar-gaming/ HTTP/2" 200 0 "-" "Mozilla/5.0 AppleWebKit/537.36 (KHTML, like Gecko; compatible; bingbot/2.0; +http://www.bing.com/bingbot.htm) Chrome/116.0.1938.76 Safari/537.36"
185.216.113.70 - - [30/Apr/2026:17:46:45 +0300] "POST /wp-cron.php?doing_wp_cron=1777560405.3554909229278564453125 HTTP/1.1" 200 448 "-" "WordPress/6.3.8; https://serhatburke.miroglu.net"
185.216.113.70 - - [30/Apr/2026:17:46:47 +0300] "POST /wp-cron.php?doing_wp_cron=1777560407.0840001106262207031250 HTTP/1.1" 200 448 "-" "WordPress/6.3.8; https://serhatburke.miroglu.net"
185.216.113.70 - - [30/Apr/2026:17:46:51 +0300] "POST /wp-cron.php?doing_wp_cron=1777560411.1484019756317138671875 HTTP/1.1" 200 448 "-" "WordPress/6.3.8; https://serhatburke.miroglu.net"
128.1.218.169 - - [30/Apr/2026:17:45:35 +0300] "POST /xmlrpc.php HTTP/1.1" 200 14777 "-" "Mozilla/5.0 (Windows NT 10.0; Win64; x64) AppleWebKit/537.36 (KHTML, like Gecko) Chrome/114.0.0.0 Safari/537.36"
52.167.144.187 - - [30/Apr/2026:17:46:06 +0300] "GET /freispiele-blos-einzahlung-2026-gebuhrenfrei-free-spins-land-der-dichter-und-denker/ HTTP/2" 200 0 "-" "Mozilla/5.0 AppleWebKit/537.36 (KHTML, like Gecko; compatible; bingbot/2.0; +http://www.bing.com/bingbot.htm) Chrome/116.0.1938.76 Safari/537.36"
185.216.113.70 - - [30/Apr/2026:17:46:58 +0300] "POST /wp-cron.php?doing_wp_cron=1777560418.1597259044647216796875 HTTP/1.1" 200 448 "-" "WordPress/6.3.8; https://serhatburke.miroglu.net"
172.93.215.204 - - [30/Apr/2026:17:45:23 +0300] "GET /novoline-casino-codice-bonus-registrazione/ HTTP/1.1" 200 17897 "https://serhatburke.miroglu.net/" "Mozilla/5.0 (Windows NT 10.0; Win64; x64) AppleWebKit/537.36 (KHTML, like Gecko) Chrome/143.0.0.0 Safari/537.36 OPR/127.0.0.0"
201.177.160.201 - - [30/Apr/2026:17:46:31 +0300] "POST /xmlrpc.php HTTP/2" 200 0 "-" "WordPress/XMLRPC Client"
185.216.113.70 - - [30/Apr/2026:17:47:06 +0300] "POST /wp-cron.php?doing_wp_cron=1777560425.8606550693511962890625 HTTP/1.1" 200 448 "-" "WordPress/6.3.8; https://serhatburke.miroglu.net"
185.216.113.70 - - [30/Apr/2026:17:47:08 +0300] "POST /wp-cron.php?doing_wp_cron=1777560427.9557290077209472656250 HTTP/1.1" 200 448 "-" "WordPress/6.3.8; https://serhatburke.miroglu.net"
185.216.113.70 - - [30/Apr/2026:17:47:08 +0300] "POST /wp-cron.php?doing_wp_cron=1777560428.5403070449829101562500 HTTP/1.1" 200 448 "-" "WordPress/6.3.8; https://serhatburke.miroglu.net"
66.249.76.78 - - [30/Apr/2026:17:45:51 +0300] "GET /vavada-casino-kompleksowa-analiza-bezpieczestwa-18/ HTTP/1.1" 200 302041 "-" "Mozilla/5.0 (Linux; Android 6.0.1; Nexus 5X Build/MMB29P) AppleWebKit/537.36 (KHTML, like Gecko) Chrome/147.0.7727.116 Mobile Safari/537.36 (compatible; Googlebot/2.1; +http://www.google.com/bot.html)"
185.216.113.70 - - [30/Apr/2026:17:47:10 +0300] "POST /wp-cron.php?doing_wp_cron=1777560430.3596720695495605468750 HTTP/1.1" 200 448 "-" "WordPress/6.3.8; https://serhatburke.miroglu.net"
172.93.215.204 - - [30/Apr/2026:17:45:53 +0300] "GET /novoline-casino-codice-bonus-registrazione/ HTTP/1.1" 200 17801 "https://serhatburke.miroglu.net/" "Mozilla/5.0 (Windows NT 10.0; Win64; x64) AppleWebKit/537.36 (KHTML, like Gecko) Chrome/143.0.0.0 Safari/537.36 OPR/127.0.0.0"
66.249.76.77 - - [30/Apr/2026:17:45:41 +0300] "GET /catigtor-online-romania-casino-jocuri-bonusuri-117/ HTTP/1.1" 200 270781 "-" "Mozilla/5.0 (Linux; Android 6.0.1; Nexus 5X Build/MMB29P) AppleWebKit/537.36 (KHTML, like Gecko) Chrome/147.0.7727.116 Mobile Safari/537.36 (compatible; Googlebot/2.1; +http://www.google.com/bot.html)"
181.53.96.32 - - [30/Apr/2026:17:47:03 +0300] "POST /xmlrpc.php HTTP/2" 200 0 "-" "WordPress/XMLRPC Client"
185.216.113.70 - - [30/Apr/2026:17:47:42 +0300] "POST /wp-cron.php?doing_wp_cron=1777560462.6806960105895996093750 HTTP/1.1" 200 448 "-" "WordPress/6.3.8; https://serhatburke.miroglu.net"
185.216.113.70 - - [30/Apr/2026:17:47:49 +0300] "POST /wp-cron.php?doing_wp_cron=1777560469.2526299953460693359375 HTTP/1.1" 200 448 "-" "WordPress/6.3.8; https://serhatburke.miroglu.net"
128.1.218.169 - - [30/Apr/2026:17:46:24 +0300] "POST /xmlrpc.php HTTP/1.1" 200 630 "-" "Mozilla/5.0 (Windows NT 10.0; Win64; x64) AppleWebKit/537.36 (KHTML, like Gecko) Chrome/114.0.0.0 Safari/537.36"
52.167.144.203 - - [30/Apr/2026:17:47:10 +0300] "GET /privacy-digital-percentage-cards-rating-casino-jungle-wild-5-100-percent-free-credit-to-spend-anywhere/ HTTP/2" 200 0 "-" "Mozilla/5.0 AppleWebKit/537.36 (KHTML, like Gecko; compatible; bingbot/2.0; +http://www.bing.com/bingbot.htm) Chrome/116.0.1938.76 Safari/537.36"
196.210.58.150 - - [30/Apr/2026:17:47:34 +0300] "POST /xmlrpc.php HTTP/2" 200 0 "-" "WordPress/XMLRPC Client"
66.249.76.77 - - [30/Apr/2026:17:48:04 +0300] "GET /catigtor-online-romania-casino-jocuri-bonusuri-117/undefined?ts=1775520000 HTTP/1.1" 200 0 "https://serhatburke.miroglu.net/catigtor-online-romania-casino-jocuri-bonusuri-117/" "Mozilla/5.0 (Linux; Android 6.0.1; Nexus 5X Build/MMB29P) AppleWebKit/537.36 (KHTML, like Gecko) Chrome/147.0.7727.116 Mobile Safari/537.36 (compatible; Googlebot/2.1; +http://www.google.com/bot.html)"
185.216.113.70 - - [30/Apr/2026:17:48:32 +0300] "POST /wp-cron.php?doing_wp_cron=1777560512.1737089157104492187500 HTTP/1.1" 200 448 "-" "WordPress/6.3.8; https://serhatburke.miroglu.net"
128.1.218.169 - - [30/Apr/2026:17:46:53 +0300] "GET /log-on-and-password-squarespace-help-battle-royal-online-slot-center/ HTTP/1.1" 200 78621 "-" "Mozilla/5.0 (Windows NT 10.0; rv:109.0) Gecko/20100101 Firefox/115.0"
52.167.144.138 - - [30/Apr/2026:17:47:55 +0300] "GET /lucky-days-bewertung-100-slot-fruitsland-einzahlungsbonus-100-freispiele/ HTTP/2" 200 0 "-" "Mozilla/5.0 AppleWebKit/537.36 (KHTML, like Gecko; compatible; bingbot/2.0; +http://www.bing.com/bingbot.htm) Chrome/116.0.1938.76 Safari/537.36"
185.216.113.70 - - [30/Apr/2026:17:48:57 +0300] "POST /wp-cron.php?doing_wp_cron=1777560537.6641418933868408203125 HTTP/1.1" 200 448 "-" "WordPress/6.3.8; https://serhatburke.miroglu.net"
185.216.113.70 - - [30/Apr/2026:17:48:58 +0300] "POST /wp-cron.php?doing_wp_cron=1777560538.8522369861602783203125 HTTP/1.1" 200 448 "-" "WordPress/6.3.8; https://serhatburke.miroglu.net"
66.249.76.77 - - [30/Apr/2026:17:47:35 +0300] "GET /vlad-cazino-2026-100-pan-la-2000-lei-300-free-21/ HTTP/1.1" 200 501991 "-" "Mozilla/5.0 (Linux; Android 6.0.1; Nexus 5X Build/MMB29P) AppleWebKit/537.36 (KHTML, like Gecko) Chrome/147.0.7727.116 Mobile Safari/537.36 (compatible; Googlebot/2.1; +http://www.google.com/bot.html)"
66.249.73.14 - - [30/Apr/2026:17:49:12 +0300] "GET /wp-content/themes/toppic/css/default.css?ver=4.2 HTTP/1.1" 200 1811 "https://serhatburke.miroglu.net/vlad-cazino-2026-100-pan-la-2000-lei-300-free-21/" "Mozilla/5.0 (Linux; Android 6.0.1; Nexus 5X Build/MMB29P) AppleWebKit/537.36 (KHTML, like Gecko) Chrome/147.0.7727.116 Mobile Safari/537.36 (compatible; Googlebot/2.1; +http://www.google.com/bot.html)"
185.216.113.70 - - [30/Apr/2026:17:49:15 +0300] "POST /wp-cron.php?doing_wp_cron=1777560554.9378020763397216796875 HTTP/1.1" 200 448 "-" "WordPress/6.3.8; https://serhatburke.miroglu.net"
128.1.218.169 - - [30/Apr/2026:17:47:57 +0300] "POST /xmlrpc.php HTTP/1.1" 200 13940 "-" "Mozilla/5.0 (Windows NT 10.0; Win64; x64) AppleWebKit/537.36 (KHTML, like Gecko) Chrome/114.0.0.0 Safari/537.36"
185.216.113.70 - - [30/Apr/2026:17:49:17 +0300] "POST /wp-cron.php?doing_wp_cron=1777560557.4696600437164306640625 HTTP/1.1" 200 448 "-" "WordPress/6.3.8; https://serhatburke.miroglu.net"
66.249.73.15 - - [30/Apr/2026:17:48:04 +0300] "GET /robots.txt HTTP/1.1" 200 719 "-" "Mozilla/5.0 (compatible; Googlebot/2.1; +http://www.google.com/bot.html)"
52.167.144.187 - - [30/Apr/2026:17:48:32 +0300] "GET /aktsii-i-sobytiia-kazino-epicstar-dlia-vsekh-igrokov/ HTTP/2" 200 0 "-" "Mozilla/5.0 AppleWebKit/537.36 (KHTML, like Gecko; compatible; bingbot/2.0; +http://www.bing.com/bingbot.htm) Chrome/116.0.1938.76 Safari/537.36"
66.249.76.77 - - [30/Apr/2026:17:49:16 +0300] "GET /vlad-cazino-2026-100-pan-la-2000-lei-300-free-21/undefined?ts=1775520000 HTTP/1.1" 200 0 "https://serhatburke.miroglu.net/vlad-cazino-2026-100-pan-la-2000-lei-300-free-21/" "Mozilla/5.0 (Linux; Android 6.0.1; Nexus 5X Build/MMB29P) AppleWebKit/537.36 (KHTML, like Gecko) Chrome/147.0.7727.116 Mobile Safari/537.36 (compatible; Googlebot/2.1; +http://www.google.com/bot.html)"
185.216.113.70 - - [30/Apr/2026:17:49:31 +0300] "POST /wp-cron.php?doing_wp_cron=1777560571.3388578891754150390625 HTTP/1.1" 200 448 "-" "WordPress/6.3.8; https://serhatburke.miroglu.net"
128.1.218.169 - - [30/Apr/2026:17:48:27 +0300] "POST /xmlrpc.php HTTP/1.1" 200 630 "-" "Mozilla/5.0 (Windows NT 10.0; Win64; x64) AppleWebKit/537.36 (KHTML, like Gecko) Chrome/114.0.0.0 Safari/537.36"
52.167.144.203 - - [30/Apr/2026:17:48:43 +0300] "GET /unearth-the-benefits-of-jupiter-swap-for-crypto-traders/ HTTP/2" 200 0 "-" "Mozilla/5.0 AppleWebKit/537.36 (KHTML, like Gecko; compatible; bingbot/2.0; +http://www.bing.com/bingbot.htm) Chrome/116.0.1938.76 Safari/537.36"
185.216.113.70 - - [30/Apr/2026:17:49:35 +0300] "POST /wp-cron.php?doing_wp_cron=1777560575.2517580986022949218750 HTTP/1.1" 200 448 "-" "WordPress/6.3.8; https://serhatburke.miroglu.net"
128.1.218.169 - - [30/Apr/2026:17:48:33 +0300] "POST /xmlrpc.php HTTP/1.1" 200 627 "-" "Mozilla/5.0 (Windows NT 10.0; Win64; x64) AppleWebKit/537.36 (KHTML, like Gecko) Chrome/114.0.0.0 Safari/537.36"
66.249.73.14 - - [30/Apr/2026:17:49:53 +0300] "GET /vlad-cazino-2026-100-pan-la-2000-lei-300-free-21/undefined?ts=1775520000 HTTP/1.1" 200 0 "https://serhatburke.miroglu.net/vlad-cazino-2026-100-pan-la-2000-lei-300-free-21/" "Mozilla/5.0 (Linux; Android 6.0.1; Nexus 5X Build/MMB29P) AppleWebKit/537.36 (KHTML, like Gecko) Chrome/147.0.7727.116 Mobile Safari/537.36 (compatible; Googlebot/2.1; +http://www.google.com/bot.html)"
128.1.218.169 - - [30/Apr/2026:17:49:16 +0300] "GET /megajackpots-fantastic-goddess-position-browse-5-deposit-casino-battle-royal-the-remark-now/ HTTP/1.1" 200 78451 "-" "Mozilla/5.0 (Windows NT 10.0; rv:125.0) Gecko/20100101 Firefox/125.0"
128.1.218.169 - - [30/Apr/2026:17:49:38 +0300] "POST /xmlrpc.php HTTP/1.1" 200 14259 "-" "Mozilla/5.0 (Windows NT 10.0; Win64; x64) AppleWebKit/537.36 (KHTML, like Gecko) Chrome/114.0.0.0 Safari/537.36"
185.216.113.70 - - [30/Apr/2026:17:50:35 +0300] "POST /wp-cron.php?doing_wp_cron=1777560635.4410429000854492187500 HTTP/1.1" 200 448 "-" "WordPress/6.3.8; https://serhatburke.miroglu.net"
52.167.144.187 - - [30/Apr/2026:17:49:46 +0300] "GET /rigtige-penge-spilleban-2026-bedste-promo-koder-til-hitnspin-slots-casinoer-med-rigtige-knap/ HTTP/2" 200 0 "-" "Mozilla/5.0 AppleWebKit/537.36 (KHTML, like Gecko; compatible; bingbot/2.0; +http://www.bing.com/bingbot.htm) Chrome/116.0.1938.76 Safari/537.36"
185.216.113.70 - - [30/Apr/2026:17:50:46 +0300] "POST /wp-cron.php?doing_wp_cron=1777560646.0513670444488525390625 HTTP/1.1" 200 448 "-" "WordPress/6.3.8; https://serhatburke.miroglu.net"
52.167.144.203 - - [30/Apr/2026:17:50:07 +0300] "GET /discover-the-all-in-one-safepal-wallet-for-crypto/ HTTP/2" 200 0 "-" "Mozilla/5.0 AppleWebKit/537.36 (KHTML, like Gecko; compatible; bingbot/2.0; +http://www.bing.com/bingbot.htm) Chrome/116.0.1938.76 Safari/537.36"
52.167.144.138 - - [30/Apr/2026:17:50:16 +0300] "GET /southern-playground-casino-mission2game-login-position-net-ent-on-the-web-slot/ HTTP/2" 200 0 "-" "Mozilla/5.0 AppleWebKit/537.36 (KHTML, like Gecko; compatible; bingbot/2.0; +http://www.bing.com/bingbot.htm) Chrome/116.0.1938.76 Safari/537.36"
185.216.113.70 - - [30/Apr/2026:17:51:18 +0300] "POST /wp-cron.php?doing_wp_cron=1777560678.4394450187683105468750 HTTP/1.1" 200 448 "-" "WordPress/6.3.8; https://serhatburke.miroglu.net"
104.253.48.132 - - [30/Apr/2026:17:50:25 +0300] "GET /bet-on-red-slots/ HTTP/1.1" 200 21724 "-" "Python/3.14 aiohttp/3.13.3"
69.58.12.64 - - [30/Apr/2026:17:50:21 +0300] "GET /bet-on-red-slots/ HTTP/1.1" 200 21724 "-" "Python/3.14 aiohttp/3.13.3"
108.181.120.104 - - [30/Apr/2026:17:50:44 +0300] "POST /xmlrpc.php HTTP/1.1" 200 630 "-" "Mozilla/5.0 (Windows NT 10.0; Win64; x64) AppleWebKit/537.36 (KHTML, like Gecko) Chrome/114.0.0.0 Safari/537.36"
128.1.218.169 - - [30/Apr/2026:17:50:31 +0300] "GET /professional-casino-player-slot-slot-jam-resources/ HTTP/1.1" 200 77580 "-" "Mozilla/5.0 (Windows NT 10.0; Win64; x64) AppleWebKit/537.36 (KHTML, like Gecko) Chrome/123.0.0.0 Safari/537.36 OPR/109.0.0.0"
52.167.144.187 - - [30/Apr/2026:17:50:54 +0300] "GET /%D8%A7%D9%84%D8%B9%D8%A8-%D9%84%D8%B9%D8%A8%D8%A9-%D8%B3%D9%84%D9%88%D8%AA-burning-attention-position-%D8%B9%D9%84%D9%89-%D8%A7%D9%84%D8%A5%D9%86%D8%AA%D8%B1%D9%86%D8%AA-%D9%85%D8%B9-%D8%AF%D9%88/ HTTP/2" 200 16498 "-" "Mozilla/5.0 AppleWebKit/537.36 (KHTML, like Gecko; compatible; bingbot/2.0; +http://www.bing.com/bingbot.htm) Chrome/116.0.1938.76 Safari/537.36"
64.137.83.156 - - [30/Apr/2026:17:50:42 +0300] "GET /bet-on-red-slots/ HTTP/1.1" 200 21704 "-" "Python/3.14 aiohttp/3.13.3"
108.181.120.104 - - [30/Apr/2026:17:51:38 +0300] "POST /xmlrpc.php HTTP/1.1" 200 14292 "-" "Mozilla/5.0 (Windows NT 10.0; Win64; x64) AppleWebKit/537.36 (KHTML, like Gecko) Chrome/114.0.0.0 Safari/537.36"
52.167.144.157 - - [30/Apr/2026:17:51:29 +0300] "GET /goldilocks-as-200-free-spins-no-deposit-2024-well-as-the-nuts-holds-position/ HTTP/2" 200 19617 "-" "Mozilla/5.0 AppleWebKit/537.36 (KHTML, like Gecko; compatible; bingbot/2.0; +http://www.bing.com/bingbot.htm) Chrome/116.0.1938.76 Safari/537.36"
178.159.37.4 - - [30/Apr/2026:17:51:31 +0300] "GET /le-bandit-guide-2026-tips-och-tricks-for-maximal-13/ HTTP/1.1" 200 24305 "-" "Screaming Frog SEO Spider/19.8"
143.105.152.211 - - [30/Apr/2026:17:51:39 +0300] "GET /casino-online-skrill-prelievo-veloce/ HTTP/1.1" 200 18774 "-" "Mozilla/5.0 (compatible; Googlebot/2.1; +http://www.google.com/bot.html)"
108.181.120.104 - - [30/Apr/2026:17:51:59 +0300] "GET /300-mb-up-to-6000-55-100-percent-wolf-moon-rising-1-deposit-free-spins/ HTTP/1.1" 200 78383 "-" "Mozilla/5.0 (Windows NT 10.0; Win64; x64) AppleWebKit/537.36 (KHTML, like Gecko) Chrome/123.0.0.0 Safari/537.36"
185.216.113.70 - - [30/Apr/2026:17:54:02 +0300] "POST /wp-cron.php?doing_wp_cron=1777560842.2945160865783691406250 HTTP/1.1" 200 448 "-" "WordPress/6.3.8; https://serhatburke.miroglu.net"
45.14.83.89 - - [30/Apr/2026:17:53:49 +0300] "GET /chicken-road-quick-play-gioco-crash-ad-alta-veloci/ HTTP/1.1" 200 24717 "-" "Python/3.14 aiohttp/3.13.3"
185.216.113.70 - - [30/Apr/2026:17:56:50 +0300] "POST /wp-cron.php?doing_wp_cron=1777561009.9335699081420898437500 HTTP/1.1" 200 448 "-" "WordPress/6.3.8; https://serhatburke.miroglu.net"
104.166.164.2 - - [30/Apr/2026:17:56:36 +0300] "POST /xmlrpc.php HTTP/1.1" 200 630 "-" "Mozilla/5.0 (Windows NT 10.0; Win64; x64) AppleWebKit/537.36 (KHTML, like Gecko) Chrome/114.0.0.0 Safari/537.36"
104.166.164.2 - - [30/Apr/2026:17:56:57 +0300] "POST /xmlrpc.php HTTP/1.1" 200 14511 "-" "Mozilla/5.0 (Windows NT 10.0; Win64; x64) AppleWebKit/537.36 (KHTML, like Gecko) Chrome/114.0.0.0 Safari/537.36"
104.166.164.2 - - [30/Apr/2026:17:57:11 +0300] "GET /finest-web-based-olympus-casino-free-spins-casinos-in-the-2026-actions-reviews-expert-advice/ HTTP/1.1" 200 78996 "-" "Mozilla/5.0 (Windows NT 10.0; Win64; x64) AppleWebKit/537.36 (KHTML, like Gecko) Chrome/109.0.0.0 Safari/537.36"
185.216.113.70 - - [30/Apr/2026:17:58:54 +0300] "POST /wp-cron.php?doing_wp_cron=1777561134.5407500267028808593750 HTTP/1.1" 200 448 "-" "WordPress/6.3.8; https://serhatburke.miroglu.net"
104.166.164.2 - - [30/Apr/2026:17:58:41 +0300] "POST /xmlrpc.php HTTP/1.1" 200 630 "-" "Mozilla/5.0 (Windows NT 10.0; Win64; x64) AppleWebKit/537.36 (KHTML, like Gecko) Chrome/114.0.0.0 Safari/537.36"
108.181.120.104 - - [30/Apr/2026:17:58:49 +0300] "POST /xmlrpc.php HTTP/1.1" 200 630 "-" "Mozilla/5.0 (Windows NT 10.0; Win64; x64) AppleWebKit/537.36 (KHTML, like Gecko) Chrome/114.0.0.0 Safari/537.36"
104.166.164.2 - - [30/Apr/2026:17:59:02 +0300] "POST /xmlrpc.php HTTP/1.1" 200 14831 "-" "Mozilla/5.0 (Windows NT 10.0; Win64; x64) AppleWebKit/537.36 (KHTML, like Gecko) Chrome/114.0.0.0 Safari/537.36"
108.181.120.104 - - [30/Apr/2026:17:59:08 +0300] "POST /xmlrpc.php HTTP/1.1" 200 14008 "-" "Mozilla/5.0 (Windows NT 10.0; Win64; x64) AppleWebKit/537.36 (KHTML, like Gecko) Chrome/114.0.0.0 Safari/537.36"
104.166.164.2 - - [30/Apr/2026:17:59:16 +0300] "GET /king-of-casino-nic-casino-ones-nile-pokie-take-a-look-at-2026-60-no-deposit-totally-free-spins-2026-have-and-you-will-incentives/ HTTP/1.1" 200 80242 "-" "Mozilla/5.0 (Windows NT 10.0; Win64; x64; rv:125.0) Gecko/20100101 Firefox/125.0"
108.181.120.104 - - [30/Apr/2026:17:59:22 +0300] "GET /current-casino-netbet-casino-no-deposit-bonuses-299-active-offers-for-2026/ HTTP/1.1" 200 78056 "-" "Mozilla/5.0 (Windows NT 10.0; rv:109.0) Gecko/20100101 Firefox/115.0"
185.216.113.70 - - [30/Apr/2026:18:00:57 +0300] "POST /wp-cron.php?doing_wp_cron=1777561257.2051260471343994140625 HTTP/1.1" 200 448 "-" "WordPress/6.3.8; https://serhatburke.miroglu.net"
104.166.164.2 - - [30/Apr/2026:18:00:45 +0300] "POST /xmlrpc.php HTTP/1.1" 200 630 "-" "Mozilla/5.0 (Windows NT 10.0; Win64; x64) AppleWebKit/537.36 (KHTML, like Gecko) Chrome/114.0.0.0 Safari/537.36"
165.231.98.111 - - [30/Apr/2026:18:00:55 +0300] "GET /beste-casino-site-belgie-hoge-inzet/ HTTP/1.1" 200 19264 "-" "Mozilla/5.0 (compatible; Googlebot/2.1; +http://www.google.com/bot.html)"
104.166.164.2 - - [30/Apr/2026:18:01:04 +0300] "POST /xmlrpc.php HTTP/1.1" 200 14814 "-" "Mozilla/5.0 (Windows NT 10.0; Win64; x64) AppleWebKit/537.36 (KHTML, like Gecko) Chrome/114.0.0.0 Safari/537.36"
104.166.164.2 - - [30/Apr/2026:18:01:19 +0300] "GET /auspokiesguide-top-on-the-internet-pokies-casino-online-real-money-app-reviews-australia/ HTTP/1.1" 200 79044 "-" "Mozilla/5.0 (Windows NT 10.0; Win64; x64) AppleWebKit/537.36 (KHTML, like Gecko) Chrome/123.0.0.0 Safari/537.36 OPR/109.0.0.0"
185.216.113.70 - - [30/Apr/2026:18:02:48 +0300] "POST /wp-cron.php?doing_wp_cron=1777561368.4244608879089355468750 HTTP/1.1" 200 448 "-" "WordPress/6.3.8; https://serhatburke.miroglu.net"
104.166.164.2 - - [30/Apr/2026:18:02:36 +0300] "POST /xmlrpc.php HTTP/1.1" 200 630 "-" "Mozilla/5.0 (Windows NT 10.0; Win64; x64) AppleWebKit/537.36 (KHTML, like Gecko) Chrome/114.0.0.0 Safari/537.36"
108.181.120.104 - - [30/Apr/2026:18:02:43 +0300] "POST /xmlrpc.php HTTP/1.1" 200 630 "-" "Mozilla/5.0 (Windows NT 10.0; Win64; x64) AppleWebKit/537.36 (KHTML, like Gecko) Chrome/114.0.0.0 Safari/537.36"
104.166.164.2 - - [30/Apr/2026:18:02:56 +0300] "POST /xmlrpc.php HTTP/1.1" 200 15014 "-" "Mozilla/5.0 (Windows NT 10.0; Win64; x64) AppleWebKit/537.36 (KHTML, like Gecko) Chrome/114.0.0.0 Safari/537.36"
108.181.120.104 - - [30/Apr/2026:18:03:02 +0300] "POST /xmlrpc.php HTTP/1.1" 200 13658 "-" "Mozilla/5.0 (Windows NT 10.0; Win64; x64) AppleWebKit/537.36 (KHTML, like Gecko) Chrome/114.0.0.0 Safari/537.36"
52.167.144.171 - - [30/Apr/2026:18:03:05 +0300] "GET /las-12-excelentes-bonos-bier-haus-ranura-movil-carente-tanque-bonos-de-asignacion/ HTTP/2" 200 22903 "-" "Mozilla/5.0 AppleWebKit/537.36 (KHTML, like Gecko; compatible; bingbot/2.0; +http://www.bing.com/bingbot.htm) Chrome/116.0.1938.76 Safari/537.36"
104.166.164.2 - - [30/Apr/2026:18:03:11 +0300] "GET /real-cash-on-the-internet-pokies-around-australia-and-no-put-needed-finest-no-deposit-bonuses-to-jungle-jim-el-dorado-bonus-game-possess-bien-au-real-money-pokie-participants/ HTTP/1.1" 200 81726 "-" "Mozilla/5.0 (Windows NT 10.0; Win64; x64) AppleWebKit/537.36 (KHTML, like Gecko) Chrome/122.0.0.0 Safari/537.36"
108.181.120.104 - - [30/Apr/2026:18:03:19 +0300] "GET /two-right-up-gambling-enterprise-no-deposit-added-bonus-rules-totally-casino-7sultans-free-revolves-bucks-summer-2026/ HTTP/1.1" 200 78983 "-" "Mozilla/5.0 (Windows NT 10.0; Win64; x64) AppleWebKit/537.36 (KHTML, like Gecko) Chrome/123.0.0.0 Safari/537.36"
185.216.113.70 - - [30/Apr/2026:18:03:43 +0300] "POST /wp-cron.php?doing_wp_cron=1777561423.1535930633544921875000 HTTP/1.1" 200 448 "-" "WordPress/6.3.8; https://serhatburke.miroglu.net"
217.156.32.189 - - [30/Apr/2026:18:03:31 +0300] "GET /rizk-casino-szybkie-wygrane-i-intensywna-rozgrywka-3/ HTTP/1.1" 200 23944 "-" "Python/3.14 aiohttp/3.13.3"
82.22.220.222 - - [30/Apr/2026:18:03:42 +0300] "GET /rizk-casino-szybkie-wygrane-i-intensywna-rozgrywka-3/ HTTP/1.1" 200 23944 "-" "Python/3.14 aiohttp/3.13.3"
40.77.167.61 - - [30/Apr/2026:18:03:42 +0300] "GET /better-united-genies-gems-online-slot-states-cellular-gambling-enterprises-available-inside-2026/ HTTP/2" 200 20331 "-" "Mozilla/5.0 AppleWebKit/537.36 (KHTML, like Gecko; compatible; bingbot/2.0; +http://www.bing.com/bingbot.htm) Chrome/116.0.1938.76 Safari/537.36"
96.44.167.86 - - [30/Apr/2026:18:03:51 +0300] "POST /xmlrpc.php HTTP/1.1" 200 630 "-" "Mozilla/5.0 (Windows NT 10.0; Win64; x64) AppleWebKit/537.36 (KHTML, like Gecko) Chrome/114.0.0.0 Safari/537.36"
185.216.113.70 - - [30/Apr/2026:18:04:27 +0300] "POST /wp-cron.php?doing_wp_cron=1777561467.1586310863494873046875 HTTP/1.1" 200 448 "-" "WordPress/6.3.8; https://serhatburke.miroglu.net"
96.44.167.86 - - [30/Apr/2026:18:04:15 +0300] "POST /xmlrpc.php HTTP/1.1" 200 12848 "-" "Mozilla/5.0 (Windows NT 10.0; Win64; x64) AppleWebKit/537.36 (KHTML, like Gecko) Chrome/114.0.0.0 Safari/537.36"
52.167.144.171 - - [30/Apr/2026:18:04:24 +0300] "GET /dunder-verbunden-spielsaal-erfahrungen-bewertung-2026/ HTTP/2" 200 19695 "-" "Mozilla/5.0 AppleWebKit/537.36 (KHTML, like Gecko; compatible; bingbot/2.0; +http://www.bing.com/bingbot.htm) Chrome/116.0.1938.76 Safari/537.36"
40.77.167.131 - - [30/Apr/2026:18:04:28 +0300] "GET /cool-fruit-ranch-position-test-investigate-the-site-this-free-demonstration-version/ HTTP/2" 200 19282 "-" "Mozilla/5.0 AppleWebKit/537.36 (KHTML, like Gecko; compatible; bingbot/2.0; +http://www.bing.com/bingbot.htm) Chrome/116.0.1938.76 Safari/537.36"
96.44.167.86 - - [30/Apr/2026:18:04:27 +0300] "GET /betting-med-swish-finna-22-ultimat-gratis-online-casino-spel-slots-spelbolag-med-swish/ HTTP/1.1" 200 77538 "-" "Mozilla/5.0 (Windows NT 10.0; rv:125.0) Gecko/20100101 Firefox/125.0"
104.166.164.2 - - [30/Apr/2026:18:04:37 +0300] "POST /xmlrpc.php HTTP/1.1" 200 630 "-" "Mozilla/5.0 (Windows NT 10.0; Win64; x64) AppleWebKit/537.36 (KHTML, like Gecko) Chrome/114.0.0.0 Safari/537.36"
104.166.164.2 - - [30/Apr/2026:18:05:04 +0300] "POST /xmlrpc.php HTTP/1.1" 200 15016 "-" "Mozilla/5.0 (Windows NT 10.0; Win64; x64) AppleWebKit/537.36 (KHTML, like Gecko) Chrome/114.0.0.0 Safari/537.36"
38.154.120.241 - - [30/Apr/2026:18:05:17 +0300] "GET /88701-2/ HTTP/1.1" 200 18386 "-" "Mozilla/5.0 (compatible; Googlebot/2.1; +http://www.google.com/bot.html)"
40.77.167.131 - - [30/Apr/2026:18:05:18 +0300] "GET /discover-why-dexscreener-is-essential-for-traders-today/ HTTP/2" 200 18852 "-" "Mozilla/5.0 AppleWebKit/537.36 (KHTML, like Gecko; compatible; bingbot/2.0; +http://www.bing.com/bingbot.htm) Chrome/116.0.1938.76 Safari/537.36"
104.166.164.2 - - [30/Apr/2026:18:05:18 +0300] "GET /cool-fruit-video-slot-to-goldbet-deposit-bonus-play-totally-free-inside-playtechs-on-the-web-casinos/ HTTP/1.1" 200 79538 "-" "Mozilla/5.0 (Windows NT 10.0; Win64; x64) AppleWebKit/537.36 (KHTML, like Gecko) Chrome/123.0.0.0 Safari/537.36 OPR/109.0.0.0"
185.216.113.70 - - [30/Apr/2026:18:06:19 +0300] "POST /wp-cron.php?doing_wp_cron=1777561579.7667651176452636718750 HTTP/1.1" 200 448 "-" "WordPress/6.3.8; https://serhatburke.miroglu.net"
40.77.167.131 - - [30/Apr/2026:18:06:07 +0300] "GET /casinon-med-rapp-uttag-2026-utfor-casino-uttag-genast/ HTTP/2" 200 19090 "-" "Mozilla/5.0 AppleWebKit/537.36 (KHTML, like Gecko; compatible; bingbot/2.0; +http://www.bing.com/bingbot.htm) Chrome/116.0.1938.76 Safari/537.36"
104.166.164.2 - - [30/Apr/2026:18:06:21 +0300] "POST /xmlrpc.php HTTP/1.1" 200 630 "-" "Mozilla/5.0 (Windows NT 10.0; Win64; x64) AppleWebKit/537.36 (KHTML, like Gecko) Chrome/114.0.0.0 Safari/537.36"
185.216.113.70 - - [30/Apr/2026:18:06:53 +0300] "POST /wp-cron.php?doing_wp_cron=1777561613.2038691043853759765625 HTTP/1.1" 200 448 "-" "WordPress/6.3.8; https://serhatburke.miroglu.net"
40.77.167.131 - - [30/Apr/2026:18:06:37 +0300] "GET /find-no-deposit-casino-triobet-bonus-code-added-bonus-sa-crypto-casinos-2026/ HTTP/2" 200 18236 "-" "Mozilla/5.0 AppleWebKit/537.36 (KHTML, like Gecko; compatible; bingbot/2.0; +http://www.bing.com/bingbot.htm) Chrome/116.0.1938.76 Safari/537.36"
108.181.120.104 - - [30/Apr/2026:18:06:38 +0300] "POST /xmlrpc.php HTTP/1.1" 200 630 "-" "Mozilla/5.0 (Windows NT 10.0; Win64; x64) AppleWebKit/537.36 (KHTML, like Gecko) Chrome/114.0.0.0 Safari/537.36"
104.166.164.2 - - [30/Apr/2026:18:06:40 +0300] "POST /xmlrpc.php HTTP/1.1" 200 14656 "-" "Mozilla/5.0 (Windows NT 10.0; Win64; x64) AppleWebKit/537.36 (KHTML, like Gecko) Chrome/114.0.0.0 Safari/537.36"
104.166.164.2 - - [30/Apr/2026:18:07:00 +0300] "GET /top-ten-best-casinos-on-the-internet-australia-casino-mr-green-casino-for-real-money-2025/ HTTP/1.1" 200 79064 "-" "Mozilla/5.0 (Windows NT 10.0; Win64; x64; rv:125.0) Gecko/20100101 Firefox/125.0"
108.181.120.104 - - [30/Apr/2026:18:07:02 +0300] "POST /xmlrpc.php HTTP/1.1" 200 13486 "-" "Mozilla/5.0 (Windows NT 10.0; Win64; x64) AppleWebKit/537.36 (KHTML, like Gecko) Chrome/114.0.0.0 Safari/537.36"
64.188.100.153 - - [30/Apr/2026:18:07:09 +0300] "GET /legacy-of-dead-slot-schnellspielspannung-in-einem/ HTTP/1.1" 200 23565 "-" "Python/3.14 aiohttp/3.13.3"
67.227.112.126 - - [30/Apr/2026:18:07:07 +0300] "GET /legacy-of-dead-slot-schnellspielspannung-in-einem/ HTTP/1.1" 200 23565 "-" "Python/3.14 aiohttp/3.13.3"
185.216.113.70 - - [30/Apr/2026:18:07:39 +0300] "POST /wp-cron.php?doing_wp_cron=1777561659.0221049785614013671875 HTTP/1.1" 200 448 "-" "WordPress/6.3.8; https://serhatburke.miroglu.net"
108.181.120.104 - - [30/Apr/2026:18:07:25 +0300] "GET /top-10-the-sites-us-web-based-casinos-the-real-deal-currency-gaming-inside-2026/ HTTP/1.1" 200 77658 "-" "Mozilla/5.0 (Windows NT 10.0; Win64; x64; rv:125.0) Gecko/20100101 Firefox/125.0"
103.219.169.226 - - [30/Apr/2026:18:07:44 +0300] "POST /xmlrpc.php HTTP/1.1" 200 630 "-" "Mozilla/5.0 (Windows NT 10.0; Win64; x64) AppleWebKit/537.36 (KHTML, like Gecko) Chrome/114.0.0.0 Safari/537.36"
104.167.6.82 - - [30/Apr/2026:18:07:55 +0300] "GET /zotabet-casino-bonus-premier-depot-2026/ HTTP/1.1" 200 19103 "-" "Mozilla/5.0 (compatible; Googlebot/2.1; +http://www.google.com/bot.html)"
103.219.169.226 - - [30/Apr/2026:18:08:02 +0300] "POST /xmlrpc.php HTTP/1.1" 200 17426 "-" "Mozilla/5.0 (Windows NT 10.0; Win64; x64) AppleWebKit/537.36 (KHTML, like Gecko) Chrome/114.0.0.0 Safari/537.36"
104.166.164.2 - - [30/Apr/2026:18:08:06 +0300] "POST /xmlrpc.php HTTP/1.1" 200 630 "-" "Mozilla/5.0 (Windows NT 10.0; Win64; x64) AppleWebKit/537.36 (KHTML, like Gecko) Chrome/114.0.0.0 Safari/537.36"
103.219.169.226 - - [30/Apr/2026:18:08:26 +0300] "GET /juegos-online-sobre-casino-gratuitos/ HTTP/1.1" 200 80842 "-" "Mozilla/5.0 (Windows NT 10.0; Win64; x64) AppleWebKit/537.36 (KHTML, like Gecko) Chrome/109.0.0.0 Safari/537.36"
104.166.164.2 - - [30/Apr/2026:18:08:35 +0300] "POST /xmlrpc.php HTTP/1.1" 200 14462 "-" "Mozilla/5.0 (Windows NT 10.0; Win64; x64) AppleWebKit/537.36 (KHTML, like Gecko) Chrome/114.0.0.0 Safari/537.36"
82.25.62.125 - - [30/Apr/2026:18:08:42 +0300] "GET /novoline-casino-codice-bonus-registrazione/ HTTP/1.1" 200 17846 "-" "Mozilla/5.0 (compatible; Googlebot/2.1; +http://www.google.com/bot.html)"
104.166.164.2 - - [30/Apr/2026:18:08:50 +0300] "GET /breakaway-deluxe-position-remark-t-rex-slot-microgaming-sensuous-or-perhaps-not/ HTTP/1.1" 200 78301 "-" "Mozilla/5.0 (Windows NT 10.0; Win64; x64) AppleWebKit/537.36 (KHTML, like Gecko) Chrome/109.0.0.0 Safari/537.36"
185.216.113.70 - - [30/Apr/2026:18:09:47 +0300] "POST /wp-cron.php?doing_wp_cron=1777561787.5706698894500732421875 HTTP/1.1" 200 448 "-" "WordPress/6.3.8; https://serhatburke.miroglu.net"
104.166.164.2 - - [30/Apr/2026:18:09:34 +0300] "POST /xmlrpc.php HTTP/1.1" 200 630 "-" "Mozilla/5.0 (Windows NT 10.0; Win64; x64) AppleWebKit/537.36 (KHTML, like Gecko) Chrome/114.0.0.0 Safari/537.36"
104.166.164.2 - - [30/Apr/2026:18:09:55 +0300] "POST /xmlrpc.php HTTP/1.1" 200 14254 "-" "Mozilla/5.0 (Windows NT 10.0; Win64; x64) AppleWebKit/537.36 (KHTML, like Gecko) Chrome/114.0.0.0 Safari/537.36"
154.195.108.155 - - [30/Apr/2026:18:10:07 +0300] "GET /beste-casino-site-belgie-hoge-inzet/ HTTP/1.1" 200 19280 "https://serhatburke.miroglu.net/" "Mozilla/5.0 (Windows NT 10.0; Win64; x64; rv:148.0) Gecko/20100101 Firefox/148.0"
104.166.164.2 - - [30/Apr/2026:18:10:11 +0300] "GET /discover-all-about-the-video-slot-game-batman-game/ HTTP/1.1" 200 77627 "-" "Mozilla/5.0 (Windows NT 10.0; Win64; x64) AppleWebKit/537.36 (KHTML, like Gecko) Chrome/122.0.0.0 Safari/537.36"
108.181.120.104 - - [30/Apr/2026:18:10:27 +0300] "POST /xmlrpc.php HTTP/1.1" 200 630 "-" "Mozilla/5.0 (Windows NT 10.0; Win64; x64) AppleWebKit/537.36 (KHTML, like Gecko) Chrome/114.0.0.0 Safari/537.36"
154.195.108.155 - - [30/Apr/2026:18:10:26 +0300] "GET /beste-casino-site-belgie-hoge-inzet/ HTTP/1.1" 200 19264 "https://serhatburke.miroglu.net/beste-casino-site-belgie-hoge-inzet/" "Mozilla/5.0 (Windows NT 6.3; Win64; x64) AppleWebKit/537.36 (KHTML, like Gecko) Chrome/103.0.0.0 Safari/537.36"
154.195.108.155 - - [30/Apr/2026:18:10:42 +0300] "GET /wp-includes/css/dist/block-library/style.min.css?ver=6.3.8 HTTP/1.1" 200 13578 "https://serhatburke.miroglu.net/beste-casino-site-belgie-hoge-inzet/" "Mozilla/5.0 (Windows NT 10.0; Win64; x64) AppleWebKit/537.36 (KHTML, like Gecko) Chrome/145.0.0.0 Safari/537.36"
154.195.108.155 - - [30/Apr/2026:18:10:43 +0300] "GET /wp-content/plugins/contact-form-7/includes/css/styles.css?ver=5.8 HTTP/1.1" 200 1490 "https://serhatburke.miroglu.net/beste-casino-site-belgie-hoge-inzet/" "Mozilla/5.0 (Windows NT 10.0; Win64; x64) AppleWebKit/537.36 (KHTML, like Gecko) Chrome/145.0.0.0 Safari/537.36"
154.195.108.155 - - [30/Apr/2026:18:10:43 +0300] "GET /wp-content/themes/toppic/css/fontello.css?ver=4.2 HTTP/1.1" 200 1802 "https://serhatburke.miroglu.net/beste-casino-site-belgie-hoge-inzet/" "Mozilla/5.0 (Windows NT 10.0; Win64; x64) AppleWebKit/537.36 (KHTML, like Gecko) Chrome/145.0.0.0 Safari/537.36"
154.195.108.155 - - [30/Apr/2026:18:10:43 +0300] "GET /wp-content/themes/toppic/css/reset.css?ver=4.2 HTTP/1.1" 200 1178 "https://serhatburke.miroglu.net/beste-casino-site-belgie-hoge-inzet/" "Mozilla/5.0 (Windows NT 10.0; Win64; x64) AppleWebKit/537.36 (KHTML, like Gecko) Chrome/145.0.0.0 Safari/537.36"
154.195.108.155 - - [30/Apr/2026:18:10:43 +0300] "GET /wp-content/themes/toppic/css/default.css?ver=4.2 HTTP/1.1" 200 1811 "https://serhatburke.miroglu.net/beste-casino-site-belgie-hoge-inzet/" "Mozilla/5.0 (Windows NT 10.0; Win64; x64) AppleWebKit/537.36 (KHTML, like Gecko) Chrome/145.0.0.0 Safari/537.36"
154.195.108.155 - - [30/Apr/2026:18:10:43 +0300] "GET /wp-content/themes/toppic/style.css?ver=4.2 HTTP/1.1" 200 23398 "https://serhatburke.miroglu.net/beste-casino-site-belgie-hoge-inzet/" "Mozilla/5.0 (Windows NT 10.0; Win64; x64) AppleWebKit/537.36 (KHTML, like Gecko) Chrome/145.0.0.0 Safari/537.36"
154.195.108.155 - - [30/Apr/2026:18:10:44 +0300] "GET /wp-content/themes/toppic/css/royalslider.css?ver=4.2 HTTP/1.1" 200 1887 "https://serhatburke.miroglu.net/beste-casino-site-belgie-hoge-inzet/" "Mozilla/5.0 (Windows NT 10.0; Win64; x64) AppleWebKit/537.36 (KHTML, like Gecko) Chrome/145.0.0.0 Safari/537.36"
154.195.108.155 - - [30/Apr/2026:18:10:44 +0300] "GET /wp-content/themes/toppic/css/rs-default.css?ver=4.2 HTTP/1.1" 200 2625 "https://serhatburke.miroglu.net/beste-casino-site-belgie-hoge-inzet/" "Mozilla/5.0 (Windows NT 10.0; Win64; x64) AppleWebKit/537.36 (KHTML, like Gecko) Chrome/145.0.0.0 Safari/537.36"
154.195.108.155 - - [30/Apr/2026:18:10:44 +0300] "GET /wp-content/themes/toppic/css/lightbox.css?ver=4.2 HTTP/1.1" 200 2956 "https://serhatburke.miroglu.net/beste-casino-site-belgie-hoge-inzet/" "Mozilla/5.0 (Windows NT 10.0; Win64; x64) AppleWebKit/537.36 (KHTML, like Gecko) Chrome/145.0.0.0 Safari/537.36"
154.195.108.155 - - [30/Apr/2026:18:10:44 +0300] "GET /wp-content/themes/toppic/css/woocommerce.css?ver=4.2 HTTP/1.1" 200 2848 "https://serhatburke.miroglu.net/beste-casino-site-belgie-hoge-inzet/" "Mozilla/5.0 (Windows NT 10.0; Win64; x64) AppleWebKit/537.36 (KHTML, like Gecko) Chrome/145.0.0.0 Safari/537.36"
154.195.108.155 - - [30/Apr/2026:18:10:45 +0300] "GET /wp-content/themes/toppic/css/responsive.css?ver=4.2 HTTP/1.1" 200 2796 "https://serhatburke.miroglu.net/beste-casino-site-belgie-hoge-inzet/" "Mozilla/5.0 (Windows NT 10.0; Win64; x64) AppleWebKit/537.36 (KHTML, like Gecko) Chrome/145.0.0.0 Safari/537.36"
185.216.113.70 - - [30/Apr/2026:18:10:51 +0300] "POST /wp-cron.php?doing_wp_cron=1777561851.2842090129852294921875 HTTP/1.1" 200 448 "-" "WordPress/6.3.8; https://serhatburke.miroglu.net"
172.58.118.243 - - [30/Apr/2026:18:10:36 +0300] "POST /xmlrpc.php HTTP/2" 200 140 "-" "WordPress/XMLRPC Client"
154.195.108.155 - - [30/Apr/2026:18:10:45 +0300] "POST /wp-comments-post.php HTTP/1.1" 302 1083 "https://serhatburke.miroglu.net/beste-casino-site-belgie-hoge-inzet/" "Mozilla/5.0 (Windows NT 6.3; Win64; x64) AppleWebKit/537.36 (KHTML, like Gecko) Chrome/103.0.0.0 Safari/537.36"
