При поиске доступа к кракену иногда полезно использовать актуальную кракен ссылка зеркало, особенно когда основные онион и тор-адреса недоступны.
На сайте https://kra2at.com можно найти множество полезных ресурсов, связанных с кракен даркнет и его особенностями.
For anyone seeking a secure interface for managing cryptocurrency, the trust wallet stands out as a top choice among users worldwide.
I use the Tronscan explorer to track transactions and analyze smart contracts, and the site https://sites.google.com/uscryptoextension.com/tronscan/ provides clear data.
Developers and analysts often rely on solscan to inspect transactions, monitor token movements, and troubleshoot smart contract interactions on Solana.
Exploring decentralized exchange mechanics on the developer-driven interface at https://sites.google.com/uscryptoextension.com/sushiswap-official-site/ helped me understand core liquidity provision and token swaps.
Exploring decentralized trading options led me to a clear resource at https://sites.google.com/uscryptoextension.com/raydium-swap-official-site/ which explains Raydium swap features and integration steps.
Researchers can consult the detailed project overview at https://sites.google.com/uscryptoextension.com/jup-ag-official-site/ for clear documentation, governance notes, roadmap summaries, and technical references.
I often consult bscscan official when verifying token contracts and transaction histories to ensure accurate on-chain details for research.
After comparing several options, I found the atomic wallet interface intuitive and secure for managing multiple cryptocurrencies on desktop and mobile.
I verified the compatibility of my hardware wallet with Ledger Live and noted installation steps on the page https://sites.google.com/uscryptoextension.com/ledger-live-download-app/ for reference.
Журналист проверял сообщения о безопасности, поэтому осторожно посетил кракен даркнет адрес, сверяя сведения с упоминаниями кракен онион и кракен тор.
Журналисты изучали кракен маркетплейс и обменивались сведениями о рисках, упомянув kraken onion link как важный дополнительный внутренний ориентир.
216.238.66.112 - - [30/Apr/2026:06:49:35 +0300] "POST /xmlrpc.php HTTP/1.1" 200 630 "-" "Mozilla/5.0 (Windows NT 10.0; Win64; x64) AppleWebKit/537.36 (KHTML, like Gecko) Chrome/114.0.0.0 Safari/537.36"
40.77.167.131 - - [30/Apr/2026:06:49:58 +0300] "GET /oils-american-cardio-connection/ HTTP/2" 200 0 "-" "Mozilla/5.0 AppleWebKit/537.36 (KHTML, like Gecko; compatible; bingbot/2.0; +http://www.bing.com/bingbot.htm) Chrome/116.0.1938.76 Safari/537.36"
40.77.167.131 - - [30/Apr/2026:06:50:03 +0300] "GET /best-payid-pokies-sites-2026-payid-fast-26/ HTTP/2" 200 19613 "-" "Mozilla/5.0 AppleWebKit/537.36 (KHTML, like Gecko; compatible; bingbot/2.0; +http://www.bing.com/bingbot.htm) Chrome/116.0.1938.76 Safari/537.36"
108.181.120.104 - - [30/Apr/2026:06:50:16 +0300] "POST /xmlrpc.php HTTP/1.1" 200 15180 "-" "Mozilla/5.0 (Windows NT 10.0; Win64; x64) AppleWebKit/537.36 (KHTML, like Gecko) Chrome/114.0.0.0 Safari/537.36"
103.219.169.227 - - [30/Apr/2026:06:50:17 +0300] "POST /xmlrpc.php HTTP/1.1" 200 630 "-" "Mozilla/5.0 (Windows NT 10.0; Win64; x64) AppleWebKit/537.36 (KHTML, like Gecko) Chrome/114.0.0.0 Safari/537.36"
216.238.66.112 - - [30/Apr/2026:06:50:31 +0300] "POST /xmlrpc.php HTTP/1.1" 200 16488 "-" "Mozilla/5.0 (Windows NT 10.0; Win64; x64) AppleWebKit/537.36 (KHTML, like Gecko) Chrome/114.0.0.0 Safari/537.36"
185.216.113.70 - - [30/Apr/2026:06:51:22 +0300] "POST /wp-cron.php?doing_wp_cron=1777521082.0386610031127929687500 HTTP/1.1" 200 448 "-" "WordPress/6.3.8; https://serhatburke.miroglu.net"
185.216.113.70 - - [30/Apr/2026:06:51:22 +0300] "POST /wp-cron.php?doing_wp_cron=1777521082.6750180721282958984375 HTTP/1.1" 200 448 "-" "WordPress/6.3.8; https://serhatburke.miroglu.net"
40.77.167.131 - - [30/Apr/2026:06:51:00 +0300] "GET /faq-%EF%BF%BD-no-deposit-provision-%EF%BF%BD-casino-dunder-humanoid/ HTTP/2" 200 19858 "-" "Mozilla/5.0 AppleWebKit/537.36 (KHTML, like Gecko; compatible; bingbot/2.0; +http://www.bing.com/bingbot.htm) Chrome/116.0.1938.76 Safari/537.36"
108.181.120.104 - - [30/Apr/2026:06:51:01 +0300] "GET /better-web-based-casinos-cat-queen-rtp-mobile-slot-for-real-money-gamble-gambling-enterprise-bob-inside-the-your-feb-2026/ HTTP/1.1" 200 80498 "-" "Mozilla/5.0 (Windows NT 10.0; Win64; x64; rv:125.0) Gecko/20100101 Firefox/125.0"
185.216.113.70 - - [30/Apr/2026:06:51:34 +0300] "POST /wp-cron.php?doing_wp_cron=1777521094.8248159885406494140625 HTTP/1.1" 200 448 "-" "WordPress/6.3.8; https://serhatburke.miroglu.net"
216.238.66.112 - - [30/Apr/2026:06:51:06 +0300] "GET /gods-galera-bet-gpos-gratuitos-sem-deposito-2025-of-war-slot-da-pragmatic-play-jogue-a-beizebu-de-beneficio/ HTTP/1.1" 200 81784 "-" "Mozilla/5.0 (Windows NT 10.0; Win64; x64) AppleWebKit/537.36 (KHTML, like Gecko) Chrome/109.0.0.0 Safari/537.36"
185.216.113.70 - - [30/Apr/2026:06:51:37 +0300] "POST /wp-cron.php?doing_wp_cron=1777521097.5877919197082519531250 HTTP/1.1" 200 448 "-" "WordPress/6.3.8; https://serhatburke.miroglu.net"
103.219.169.227 - - [30/Apr/2026:06:51:06 +0300] "POST /xmlrpc.php HTTP/1.1" 200 13732 "-" "Mozilla/5.0 (Windows NT 10.0; Win64; x64) AppleWebKit/537.36 (KHTML, like Gecko) Chrome/114.0.0.0 Safari/537.36"
40.77.167.131 - - [30/Apr/2026:06:51:31 +0300] "GET /comparing-the-newest-chumba-gambling-enterprise-promotion-some-other-sweepstakes-casino-offers/ HTTP/2" 200 0 "-" "Mozilla/5.0 AppleWebKit/537.36 (KHTML, like Gecko; compatible; bingbot/2.0; +http://www.bing.com/bingbot.htm) Chrome/116.0.1938.76 Safari/537.36"
176.98.31.43 - - [30/Apr/2026:06:52:03 +0300] "POST /xmlrpc.php HTTP/1.1" 200 0 "-" "Mozilla/5.0 (Windows NT 10.0; WOW64; rv:45.0) Gecko/20100101 Firefox/45.0"
185.216.113.70 - - [30/Apr/2026:06:52:49 +0300] "POST /wp-cron.php?doing_wp_cron=1777521169.3716599941253662109375 HTTP/1.1" 200 448 "-" "WordPress/6.3.8; https://serhatburke.miroglu.net"
108.181.120.104 - - [30/Apr/2026:06:51:27 +0300] "POST /xmlrpc.php HTTP/1.1" 200 630 "-" "Mozilla/5.0 (Windows NT 10.0; Win64; x64) AppleWebKit/537.36 (KHTML, like Gecko) Chrome/114.0.0.0 Safari/537.36"
185.216.113.70 - - [30/Apr/2026:06:52:57 +0300] "POST /wp-cron.php?doing_wp_cron=1777521177.0639619827270507812500 HTTP/1.1" 200 448 "-" "WordPress/6.3.8; https://serhatburke.miroglu.net"
176.98.31.43 - - [30/Apr/2026:06:52:34 +0300] "GET /xmlrpc.php HTTP/1.1" 200 0 "-" "Mozilla/5.0 (Windows NT 10.0; WOW64; rv:45.0) Gecko/20100101 Firefox/45.0"
52.167.144.177 - - [30/Apr/2026:06:52:16 +0300] "GET /polska-1759-2/ HTTP/2" 200 0 "-" "Mozilla/5.0 AppleWebKit/537.36 (KHTML, like Gecko; compatible; bingbot/2.0; +http://www.bing.com/bingbot.htm) Chrome/116.0.1938.76 Safari/537.36"
52.167.144.158 - - [30/Apr/2026:06:52:21 +0300] "GET /parhaat-slots-n-play-sovelluksen-kirjautuminen-oikean-rahan-nettikasinot-yhdysvalloissa-helmikuussa-2026/ HTTP/2" 200 0 "-" "Mozilla/5.0 AppleWebKit/537.36 (KHTML, like Gecko; compatible; bingbot/2.0; +http://www.bing.com/bingbot.htm) Chrome/116.0.1938.76 Safari/537.36"
185.216.113.70 - - [30/Apr/2026:06:53:19 +0300] "POST /wp-cron.php?doing_wp_cron=1777521198.9599239826202392578125 HTTP/1.1" 200 448 "-" "WordPress/6.3.8; https://serhatburke.miroglu.net"
103.219.169.227 - - [30/Apr/2026:06:51:44 +0300] "POST /xmlrpc.php HTTP/1.1" 200 630 "-" "Mozilla/5.0 (Windows NT 10.0; Win64; x64) AppleWebKit/537.36 (KHTML, like Gecko) Chrome/114.0.0.0 Safari/537.36"
40.77.167.131 - - [30/Apr/2026:06:52:31 +0300] "GET /tumulto-premio-%EF%BF%BD-che-tipo-di-ribattere-il-sequestrato-di-scommessa-piu-rapidamente/ HTTP/2" 200 0 "-" "Mozilla/5.0 AppleWebKit/537.36 (KHTML, like Gecko; compatible; bingbot/2.0; +http://www.bing.com/bingbot.htm) Chrome/116.0.1938.76 Safari/537.36"
185.216.113.70 - - [30/Apr/2026:06:53:20 +0300] "POST /wp-cron.php?doing_wp_cron=1777521200.7737379074096679687500 HTTP/1.1" 200 448 "-" "WordPress/6.3.8; https://serhatburke.miroglu.net"
103.219.169.227 - - [30/Apr/2026:06:51:38 +0300] "GET /leprechaun-goes-egypt-100-percent-free-reputation-aliens-assault-5-put-demo-play-now-play-diamond-dare-slot-better-playn-go-gambling-enterprises-i-place-you-in-the-order/ HTTP/1.1" 200 80268 "-" "Mozilla/5.0 (Windows NT 10.0; rv:125.0) Gecko/20100101 Firefox/125.0"
40.77.167.131 - - [30/Apr/2026:06:52:35 +0300] "GET /kraken-bezopasnye-ssylki-i-dostup-k-darknetu-2026-7/ HTTP/2" 200 0 "-" "Mozilla/5.0 AppleWebKit/537.36 (KHTML, like Gecko; compatible; bingbot/2.0; +http://www.bing.com/bingbot.htm) Chrome/116.0.1938.76 Safari/537.36"
185.216.113.70 - - [30/Apr/2026:06:53:28 +0300] "POST /wp-cron.php?doing_wp_cron=1777521208.4586899280548095703125 HTTP/1.1" 200 448 "-" "WordPress/6.3.8; https://serhatburke.miroglu.net"
45.250.252.151 - - [30/Apr/2026:06:51:42 +0300] "POST /xmlrpc.php HTTP/1.1" 200 630 "-" "Mozilla/5.0 (Windows NT 10.0; Win64; x64) AppleWebKit/537.36 (KHTML, like Gecko) Chrome/114.0.0.0 Safari/537.36"
185.216.113.70 - - [30/Apr/2026:06:53:44 +0300] "POST /wp-cron.php?doing_wp_cron=1777521224.5804920196533203125000 HTTP/1.1" 200 448 "-" "WordPress/6.3.8; https://serhatburke.miroglu.net"
216.238.66.112 - - [30/Apr/2026:06:51:54 +0300] "POST /xmlrpc.php HTTP/1.1" 200 630 "-" "Mozilla/5.0 (Windows NT 10.0; Win64; x64) AppleWebKit/537.36 (KHTML, like Gecko) Chrome/114.0.0.0 Safari/537.36"
185.216.113.70 - - [30/Apr/2026:06:54:04 +0300] "POST /wp-cron.php?doing_wp_cron=1777521244.5589509010314941406250 HTTP/1.1" 200 448 "-" "WordPress/6.3.8; https://serhatburke.miroglu.net"
52.167.144.158 - - [30/Apr/2026:06:53:16 +0300] "GET /gamer-ebendiese-umherwandern-zu-handen-onlinecasinos-ohne-identitatskontrolle-urteilen-kategorisieren-besonders-diese-anonymitat-as-part-of-ihr-oder-auszahlungen/ HTTP/2" 200 0 "-" "Mozilla/5.0 AppleWebKit/537.36 (KHTML, like Gecko; compatible; bingbot/2.0; +http://www.bing.com/bingbot.htm) Chrome/116.0.1938.76 Safari/537.36"
52.167.144.158 - - [30/Apr/2026:06:53:16 +0300] "GET /happy-larrys-lobstermania-dos-position-free-play-online-casino-ports-zero-download/ HTTP/2" 200 0 "-" "Mozilla/5.0 AppleWebKit/537.36 (KHTML, like Gecko; compatible; bingbot/2.0; +http://www.bing.com/bingbot.htm) Chrome/116.0.1938.76 Safari/537.36"
52.167.144.177 - - [30/Apr/2026:06:53:20 +0300] "GET /how-to-shed-xbox-360-console-online-game-imgburn-slot-coyote-moon-help-imgburn-assistance-forum/ HTTP/2" 200 0 "-" "Mozilla/5.0 AppleWebKit/537.36 (KHTML, like Gecko; compatible; bingbot/2.0; +http://www.bing.com/bingbot.htm) Chrome/116.0.1938.76 Safari/537.36"
40.77.167.131 - - [30/Apr/2026:06:53:29 +0300] "GET /wonderful-ranura-lights-nugget-no-deposit-incentive-50-100-percent-free-250-spins-march-2026/ HTTP/2" 200 0 "-" "Mozilla/5.0 AppleWebKit/537.36 (KHTML, like Gecko; compatible; bingbot/2.0; +http://www.bing.com/bingbot.htm) Chrome/116.0.1938.76 Safari/537.36"
185.216.113.70 - - [30/Apr/2026:06:54:41 +0300] "POST /wp-cron.php?doing_wp_cron=1777521280.8424320220947265625000 HTTP/1.1" 200 448 "-" "WordPress/6.3.8; https://serhatburke.miroglu.net"
185.216.113.70 - - [30/Apr/2026:06:54:50 +0300] "POST /wp-cron.php?doing_wp_cron=1777521290.1467890739440917968750 HTTP/1.1" 200 448 "-" "WordPress/6.3.8; https://serhatburke.miroglu.net"
103.219.169.227 - - [30/Apr/2026:06:53:10 +0300] "POST /xmlrpc.php HTTP/1.1" 200 630 "-" "Mozilla/5.0 (Windows NT 10.0; Win64; x64) AppleWebKit/537.36 (KHTML, like Gecko) Chrome/114.0.0.0 Safari/537.36"
108.181.120.104 - - [30/Apr/2026:06:52:57 +0300] "POST /xmlrpc.php HTTP/1.1" 500 745 "-" "Mozilla/5.0 (Windows NT 10.0; Win64; x64) AppleWebKit/537.36 (KHTML, like Gecko) Chrome/114.0.0.0 Safari/537.36"
52.167.144.177 - - [30/Apr/2026:06:54:16 +0300] "GET /on-the-web-pokies-games-2026-play-the-cobber-casino-live-games-greatest-pokies/ HTTP/2" 200 0 "-" "Mozilla/5.0 AppleWebKit/537.36 (KHTML, like Gecko; compatible; bingbot/2.0; +http://www.bing.com/bingbot.htm) Chrome/116.0.1938.76 Safari/537.36"
40.77.167.131 - - [30/Apr/2026:06:54:30 +0300] "GET /finest-sites-to-play-slots-for-real-cash-in/ HTTP/2" 200 0 "-" "Mozilla/5.0 AppleWebKit/537.36 (KHTML, like Gecko; compatible; bingbot/2.0; +http://www.bing.com/bingbot.htm) Chrome/116.0.1938.76 Safari/537.36"
103.219.169.227 - - [30/Apr/2026:06:53:19 +0300] "POST /xmlrpc.php HTTP/1.1" 500 745 "-" "Mozilla/5.0 (Windows NT 10.0; Win64; x64) AppleWebKit/537.36 (KHTML, like Gecko) Chrome/114.0.0.0 Safari/537.36"
108.181.120.104 - - [30/Apr/2026:06:53:21 +0300] "POST /xmlrpc.php HTTP/1.1" 500 745 "-" "Mozilla/5.0 (Windows NT 10.0; Win64; x64) AppleWebKit/537.36 (KHTML, like Gecko) Chrome/114.0.0.0 Safari/537.36"
45.250.252.151 - - [30/Apr/2026:06:53:22 +0300] "POST /xmlrpc.php HTTP/1.1" 500 745 "-" "Mozilla/5.0 (Windows NT 10.0; Win64; x64) AppleWebKit/537.36 (KHTML, like Gecko) Chrome/114.0.0.0 Safari/537.36"
103.219.169.227 - - [30/Apr/2026:06:53:26 +0300] "POST /xmlrpc.php HTTP/1.1" 500 745 "-" "Mozilla/5.0 (Windows NT 10.0; Win64; x64) AppleWebKit/537.36 (KHTML, like Gecko) Chrome/114.0.0.0 Safari/537.36"
216.238.66.112 - - [30/Apr/2026:06:53:34 +0300] "POST /xmlrpc.php HTTP/1.1" 500 745 "-" "Mozilla/5.0 (Windows NT 10.0; Win64; x64) AppleWebKit/537.36 (KHTML, like Gecko) Chrome/114.0.0.0 Safari/537.36"
185.216.113.70 - - [30/Apr/2026:06:55:41 +0300] "POST /wp-cron.php?doing_wp_cron=1777521341.1377820968627929687500 HTTP/1.1" 200 448 "-" "WordPress/6.3.8; https://serhatburke.miroglu.net"
45.250.252.151 - - [30/Apr/2026:06:53:54 +0300] "POST /xmlrpc.php HTTP/1.1" 500 745 "-" "Mozilla/5.0 (Windows NT 10.0; Win64; x64) AppleWebKit/537.36 (KHTML, like Gecko) Chrome/114.0.0.0 Safari/537.36"
52.167.144.177 - - [30/Apr/2026:06:55:16 +0300] "GET /bewertungen-hinter-pramie-abzuglich-unicorn-magic-spielplatz-einzahlung-spielsaal-2026-entziffern-die-leser-kundenbewertungen-nach-provision-ohne-einzahlung-casino-2026-com/ HTTP/2" 200 0 "-" "Mozilla/5.0 AppleWebKit/537.36 (KHTML, like Gecko; compatible; bingbot/2.0; +http://www.bing.com/bingbot.htm) Chrome/116.0.1938.76 Safari/537.36"
216.238.66.112 - - [30/Apr/2026:06:54:07 +0300] "POST /xmlrpc.php HTTP/1.1" 500 745 "-" "Mozilla/5.0 (Windows NT 10.0; Win64; x64) AppleWebKit/537.36 (KHTML, like Gecko) Chrome/114.0.0.0 Safari/537.36"
185.216.113.70 - - [30/Apr/2026:06:56:36 +0300] "POST /wp-cron.php?doing_wp_cron=1777521396.7568039894104003906250 HTTP/1.1" 200 448 "-" "WordPress/6.3.8; https://serhatburke.miroglu.net"
103.219.169.227 - - [30/Apr/2026:06:54:36 +0300] "POST /xmlrpc.php HTTP/1.1" 500 745 "-" "Mozilla/5.0 (Windows NT 10.0; Win64; x64) AppleWebKit/537.36 (KHTML, like Gecko) Chrome/114.0.0.0 Safari/537.36"
108.181.120.104 - - [30/Apr/2026:06:54:42 +0300] "POST /xmlrpc.php HTTP/1.1" 200 14936 "-" "Mozilla/5.0 (Windows NT 10.0; Win64; x64) AppleWebKit/537.36 (KHTML, like Gecko) Chrome/114.0.0.0 Safari/537.36"
185.216.113.70 - - [30/Apr/2026:06:56:42 +0300] "POST /wp-cron.php?doing_wp_cron=1777521401.8636760711669921875000 HTTP/1.1" 200 448 "-" "WordPress/6.3.8; https://serhatburke.miroglu.net"
108.181.120.104 - - [30/Apr/2026:06:55:02 +0300] "POST /xmlrpc.php HTTP/1.1" 500 1102 "-" "Mozilla/5.0 (Windows NT 10.0; Win64; x64) AppleWebKit/537.36 (KHTML, like Gecko) Chrome/114.0.0.0 Safari/537.36"
185.216.113.70 - - [30/Apr/2026:06:56:45 +0300] "POST /wp-cron.php?doing_wp_cron=1777521405.0486409664154052734375 HTTP/1.1" 200 448 "-" "WordPress/6.3.8; https://serhatburke.miroglu.net"
103.219.169.227 - - [30/Apr/2026:06:54:50 +0300] "POST /xmlrpc.php HTTP/1.1" 500 1102 "-" "Mozilla/5.0 (Windows NT 10.0; Win64; x64) AppleWebKit/537.36 (KHTML, like Gecko) Chrome/114.0.0.0 Safari/537.36"
185.216.113.70 - - [30/Apr/2026:06:56:50 +0300] "POST /wp-cron.php?doing_wp_cron=1777521410.1425669193267822265625 HTTP/1.1" 200 448 "-" "WordPress/6.3.8; https://serhatburke.miroglu.net"
216.238.66.112 - - [30/Apr/2026:06:55:19 +0300] "POST /xmlrpc.php HTTP/1.1" 200 15490 "-" "Mozilla/5.0 (Windows NT 10.0; Win64; x64) AppleWebKit/537.36 (KHTML, like Gecko) Chrome/114.0.0.0 Safari/537.36"
45.250.252.151 - - [30/Apr/2026:06:55:08 +0300] "POST /xmlrpc.php HTTP/1.1" 500 745 "-" "Mozilla/5.0 (Windows NT 10.0; Win64; x64) AppleWebKit/537.36 (KHTML, like Gecko) Chrome/114.0.0.0 Safari/537.36"
185.216.113.70 - - [30/Apr/2026:06:57:10 +0300] "POST /wp-cron.php?doing_wp_cron=1777521430.4476830959320068359375 HTTP/1.1" 200 448 "-" "WordPress/6.3.8; https://serhatburke.miroglu.net"
108.181.120.104 - - [30/Apr/2026:06:55:14 +0300] "POST /xmlrpc.php HTTP/1.1" 200 630 "-" "Mozilla/5.0 (Windows NT 10.0; Win64; x64) AppleWebKit/537.36 (KHTML, like Gecko) Chrome/114.0.0.0 Safari/537.36"
103.219.169.227 - - [30/Apr/2026:06:55:12 +0300] "POST /xmlrpc.php HTTP/1.1" 500 745 "-" "Mozilla/5.0 (Windows NT 10.0; Win64; x64) AppleWebKit/537.36 (KHTML, like Gecko) Chrome/114.0.0.0 Safari/537.36"
185.216.113.70 - - [30/Apr/2026:06:57:22 +0300] "POST /wp-cron.php?doing_wp_cron=1777521442.1772470474243164062500 HTTP/1.1" 200 448 "-" "WordPress/6.3.8; https://serhatburke.miroglu.net"
45.250.252.151 - - [30/Apr/2026:06:55:34 +0300] "POST /xmlrpc.php HTTP/1.1" 500 1102 "-" "Mozilla/5.0 (Windows NT 10.0; Win64; x64) AppleWebKit/537.36 (KHTML, like Gecko) Chrome/114.0.0.0 Safari/537.36"
185.216.113.70 - - [30/Apr/2026:06:57:28 +0300] "POST /wp-cron.php?doing_wp_cron=1777521448.2434329986572265625000 HTTP/1.1" 200 448 "-" "WordPress/6.3.8; https://serhatburke.miroglu.net"
216.238.66.112 - - [30/Apr/2026:06:55:47 +0300] "POST /xmlrpc.php HTTP/1.1" 500 1102 "-" "Mozilla/5.0 (Windows NT 10.0; Win64; x64) AppleWebKit/537.36 (KHTML, like Gecko) Chrome/114.0.0.0 Safari/537.36"
185.216.113.70 - - [30/Apr/2026:06:57:42 +0300] "POST /wp-cron.php?doing_wp_cron=1777521462.5680079460144042968750 HTTP/1.1" 200 448 "-" "WordPress/6.3.8; https://serhatburke.miroglu.net"
216.238.66.112 - - [30/Apr/2026:06:56:15 +0300] "POST /xmlrpc.php HTTP/1.1" 500 1102 "-" "Mozilla/5.0 (Windows NT 10.0; Win64; x64) AppleWebKit/537.36 (KHTML, like Gecko) Chrome/114.0.0.0 Safari/537.36"
185.216.113.70 - - [30/Apr/2026:06:57:45 +0300] "POST /wp-cron.php?doing_wp_cron=1777521465.3668379783630371093750 HTTP/1.1" 200 448 "-" "WordPress/6.3.8; https://serhatburke.miroglu.net"
103.219.169.227 - - [30/Apr/2026:06:56:15 +0300] "POST /xmlrpc.php HTTP/1.1" 500 1102 "-" "Mozilla/5.0 (Windows NT 10.0; Win64; x64) AppleWebKit/537.36 (KHTML, like Gecko) Chrome/114.0.0.0 Safari/537.36"
185.216.113.70 - - [30/Apr/2026:06:58:03 +0300] "POST /wp-cron.php?doing_wp_cron=1777521482.9652431011199951171875 HTTP/1.1" 200 448 "-" "WordPress/6.3.8; https://serhatburke.miroglu.net"
45.250.252.151 - - [30/Apr/2026:06:56:02 +0300] "POST /xmlrpc.php HTTP/1.1" 500 745 "-" "Mozilla/5.0 (Windows NT 10.0; Win64; x64) AppleWebKit/537.36 (KHTML, like Gecko) Chrome/114.0.0.0 Safari/537.36"
185.216.113.70 - - [30/Apr/2026:06:58:20 +0300] "POST /wp-cron.php?doing_wp_cron=1777521500.1622099876403808593750 HTTP/1.1" 200 448 "-" "WordPress/6.3.8; https://serhatburke.miroglu.net"
103.219.169.227 - - [30/Apr/2026:06:56:35 +0300] "POST /xmlrpc.php HTTP/1.1" 200 13896 "-" "Mozilla/5.0 (Windows NT 10.0; Win64; x64) AppleWebKit/537.36 (KHTML, like Gecko) Chrome/114.0.0.0 Safari/537.36"
108.181.120.104 - - [30/Apr/2026:06:56:22 +0300] "GET /?p=145300 HTTP/1.1" 500 745 "-" "Mozilla/5.0 (Windows NT 10.0; Win64; x64) AppleWebKit/537.36 (KHTML, like Gecko) Chrome/109.0.0.0 Safari/537.36"
52.167.144.177 - - [30/Apr/2026:06:57:37 +0300] "GET /binjaket-fatlume-kapni-nje-grep-dhe-mund-te-fitoni-kodet-promo-te-sloteve-vulkan-vegas-pozicion-100-perqind-falas-luaj-demonstrimin-rtp-96-23/ HTTP/2" 200 0 "-" "Mozilla/5.0 AppleWebKit/537.36 (KHTML, like Gecko; compatible; bingbot/2.0; +http://www.bing.com/bingbot.htm) Chrome/116.0.1938.76 Safari/537.36"
52.167.144.177 - - [30/Apr/2026:06:57:38 +0300] "GET /ariana-bonne-offers-uncommon-update-to-wild-hills-slot-the-ethan-slater-relationship/ HTTP/2" 200 0 "-" "Mozilla/5.0 AppleWebKit/537.36 (KHTML, like Gecko; compatible; bingbot/2.0; +http://www.bing.com/bingbot.htm) Chrome/116.0.1938.76 Safari/537.36"
185.216.113.70 - - [30/Apr/2026:06:58:29 +0300] "POST /wp-cron.php?doing_wp_cron=1777521508.8680179119110107421875 HTTP/1.1" 200 448 "-" "WordPress/6.3.8; https://serhatburke.miroglu.net"
108.181.120.104 - - [30/Apr/2026:06:56:54 +0300] "POST /xmlrpc.php HTTP/1.1" 500 1102 "-" "Mozilla/5.0 (Windows NT 10.0; Win64; x64) AppleWebKit/537.36 (KHTML, like Gecko) Chrome/114.0.0.0 Safari/537.36"
40.77.167.131 - - [30/Apr/2026:06:57:41 +0300] "GET /kraken-bezopasnyi-dostup-k-resursam-darkneta-2026-8/ HTTP/2" 200 0 "-" "Mozilla/5.0 AppleWebKit/537.36 (KHTML, like Gecko; compatible; bingbot/2.0; +http://www.bing.com/bingbot.htm) Chrome/116.0.1938.76 Safari/537.36"
40.77.167.53 - - [30/Apr/2026:06:57:42 +0300] "GET /visiskai-nauji-emirates-fa-glass-turnyrai-naujasis-sports-connection/ HTTP/2" 200 0 "-" "Mozilla/5.0 AppleWebKit/537.36 (KHTML, like Gecko; compatible; bingbot/2.0; +http://www.bing.com/bingbot.htm) Chrome/116.0.1938.76 Safari/537.36"
185.216.113.70 - - [30/Apr/2026:06:58:39 +0300] "POST /wp-cron.php?doing_wp_cron=1777521519.5627210140228271484375 HTTP/1.1" 200 448 "-" "WordPress/6.3.8; https://serhatburke.miroglu.net"
185.216.113.70 - - [30/Apr/2026:06:58:42 +0300] "POST /wp-cron.php?doing_wp_cron=1777521521.8539938926696777343750 HTTP/1.1" 200 448 "-" "WordPress/6.3.8; https://serhatburke.miroglu.net"
103.219.169.227 - - [30/Apr/2026:06:56:52 +0300] "GET /?p=145302 HTTP/1.1" 301 706 "-" "Mozilla/5.0 (Windows NT 10.0; rv:109.0) Gecko/20100101 Firefox/115.0"
216.238.66.112 - - [30/Apr/2026:06:56:52 +0300] "GET /arrolamento-infantilidade-cassinos-e-dao-bonus-de-primeiro-deposito-betnacional-giros-gratis-afinar-cadastro-2026/ HTTP/1.1" 200 81352 "-" "Mozilla/5.0 (Windows NT 10.0; Win64; x64) AppleWebKit/537.36 (KHTML, like Gecko) Chrome/123.0.0.0 Safari/537.36"
45.250.252.151 - - [30/Apr/2026:06:56:52 +0300] "POST /xmlrpc.php HTTP/1.1" 500 745 "-" "Mozilla/5.0 (Windows NT 10.0; Win64; x64) AppleWebKit/537.36 (KHTML, like Gecko) Chrome/114.0.0.0 Safari/537.36"
196.198.13.150 - - [30/Apr/2026:06:58:28 +0300] "GET /beste-casino-site-belgie-hoge-inzet/ HTTP/1.1" 200 0 "-" "Mozilla/5.0 (X11; Linux i686) AppleWebKit/537.36 (KHTML, like Gecko) Chrome/114.0.0.0 Safari/537.36 Vivaldi/5.3.2679.68"
52.167.144.177 - - [30/Apr/2026:06:58:40 +0300] "GET /greatest-skrill-casinos-2026-fool-around-with-age-purses-during-the-greatest-sa-casinos/ HTTP/2" 200 0 "-" "Mozilla/5.0 AppleWebKit/537.36 (KHTML, like Gecko; compatible; bingbot/2.0; +http://www.bing.com/bingbot.htm) Chrome/116.0.1938.76 Safari/537.36"
108.181.120.104 - - [30/Apr/2026:06:58:02 +0300] "POST /xmlrpc.php HTTP/1.1" 500 745 "-" "Mozilla/5.0 (Windows NT 10.0; Win64; x64) AppleWebKit/537.36 (KHTML, like Gecko) Chrome/114.0.0.0 Safari/537.36"
103.219.169.227 - - [30/Apr/2026:06:58:20 +0300] "POST /xmlrpc.php HTTP/1.1" 500 745 "-" "Mozilla/5.0 (Windows NT 10.0; Win64; x64) AppleWebKit/537.36 (KHTML, like Gecko) Chrome/114.0.0.0 Safari/537.36"
52.167.144.177 - - [30/Apr/2026:06:59:37 +0300] "GET /no-deposit-totally-free-revolves-2026-1-deposit-gold-fish-ukgc-registered-web-sites-just/ HTTP/2" 200 0 "-" "Mozilla/5.0 AppleWebKit/537.36 (KHTML, like Gecko; compatible; bingbot/2.0; +http://www.bing.com/bingbot.htm) Chrome/116.0.1938.76 Safari/537.36"
185.216.113.70 - - [30/Apr/2026:07:00:29 +0300] "POST /wp-cron.php?doing_wp_cron=1777521629.3694579601287841796875 HTTP/1.1" 200 448 "-" "WordPress/6.3.8; https://serhatburke.miroglu.net"
103.219.169.227 - - [30/Apr/2026:06:58:32 +0300] "POST /xmlrpc.php HTTP/1.1" 200 861 "-" "Mozilla/5.0 (Windows NT 10.0; Win64; x64) AppleWebKit/537.36 (KHTML, like Gecko) Chrome/114.0.0.0 Safari/537.36"
185.216.113.70 - - [30/Apr/2026:07:00:32 +0300] "POST /wp-cron.php?doing_wp_cron=1777521631.9608259201049804687500 HTTP/1.1" 200 448 "-" "WordPress/6.3.8; https://serhatburke.miroglu.net"
216.238.66.112 - - [30/Apr/2026:06:58:32 +0300] "POST /xmlrpc.php HTTP/1.1" 200 861 "-" "Mozilla/5.0 (Windows NT 10.0; Win64; x64) AppleWebKit/537.36 (KHTML, like Gecko) Chrome/114.0.0.0 Safari/537.36"
45.250.252.151 - - [30/Apr/2026:06:58:34 +0300] "GET /?p=145304 HTTP/1.1" 500 745 "-" "Mozilla/5.0 (Windows NT 10.0; rv:125.0) Gecko/20100101 Firefox/125.0"
108.181.120.104 - - [30/Apr/2026:06:58:35 +0300] "POST /xmlrpc.php HTTP/1.1" 500 745 "-" "Mozilla/5.0 (Windows NT 10.0; Win64; x64) AppleWebKit/537.36 (KHTML, like Gecko) Chrome/114.0.0.0 Safari/537.36"
103.219.169.227 - - [30/Apr/2026:06:58:43 +0300] "GET /the-fantastic-panda-no-deposit-extra-rules-the-fresh-established-illuminous-slot-machine-professionals-february-2026/ HTTP/1.1" 500 745 "-" "Mozilla/5.0 (Windows NT 10.0; rv:109.0) Gecko/20100101 Firefox/115.0"
185.216.113.70 - - [30/Apr/2026:07:00:45 +0300] "POST /wp-cron.php?doing_wp_cron=1777521645.7590899467468261718750 HTTP/1.1" 200 448 "-" "WordPress/6.3.8; https://serhatburke.miroglu.net"
185.216.113.70 - - [30/Apr/2026:07:01:21 +0300] "POST /wp-cron.php?doing_wp_cron=1777521680.8589029312133789062500 HTTP/1.1" 200 448 "-" "WordPress/6.3.8; https://serhatburke.miroglu.net"
185.216.113.70 - - [30/Apr/2026:07:01:21 +0300] "POST /wp-cron.php?doing_wp_cron=1777521681.0740768909454345703125 HTTP/1.1" 200 448 "-" "WordPress/6.3.8; https://serhatburke.miroglu.net"
103.219.169.227 - - [30/Apr/2026:07:00:01 +0300] "GET /?p=145308 HTTP/1.1" 301 670 "-" "Mozilla/5.0 (Windows NT 10.0; Win64; x64) AppleWebKit/537.36 (KHTML, like Gecko) Chrome/123.0.0.0 Safari/537.36 OPR/109.0.0.0"
43.229.135.118 - - [30/Apr/2026:06:59:36 +0300] "GET /beste-casino-site-belgie-hoge-inzet/ HTTP/1.1" 200 19280 "https://serhatburke.miroglu.net/" "Mozilla/5.0 (X11; Linux x86_64) AppleWebKit/537.36 (KHTML, like Gecko) Chrome/114.0.0.0 Safari/537.36 OPR/89.0.4447.51"
185.216.113.70 - - [30/Apr/2026:07:01:24 +0300] "POST /wp-cron.php?doing_wp_cron=1777521684.2508640289306640625000 HTTP/1.1" 200 448 "-" "WordPress/6.3.8; https://serhatburke.miroglu.net"
43.229.135.118 - - [30/Apr/2026:07:00:07 +0300] "GET /beste-casino-site-belgie-hoge-inzet/ HTTP/1.1" 200 19280 "https://serhatburke.miroglu.net/" "Mozilla/5.0 (X11; Linux x86_64) AppleWebKit/537.36 (KHTML, like Gecko) Chrome/114.0.0.0 Safari/537.36 OPR/89.0.4447.51"
52.167.144.177 - - [30/Apr/2026:07:00:39 +0300] "GET /tips-21-prive-50-free-spins-no-deposit-bonus-2023-gamble/ HTTP/2" 200 0 "-" "Mozilla/5.0 AppleWebKit/537.36 (KHTML, like Gecko; compatible; bingbot/2.0; +http://www.bing.com/bingbot.htm) Chrome/116.0.1938.76 Safari/537.36"
185.216.113.70 - - [30/Apr/2026:07:01:35 +0300] "POST /wp-cron.php?doing_wp_cron=1777521695.2639930248260498046875 HTTP/1.1" 200 448 "-" "WordPress/6.3.8; https://serhatburke.miroglu.net"
45.250.252.151 - - [30/Apr/2026:07:00:13 +0300] "POST /xmlrpc.php HTTP/1.1" 200 861 "-" "Mozilla/5.0 (Windows NT 10.0; Win64; x64) AppleWebKit/537.36 (KHTML, like Gecko) Chrome/114.0.0.0 Safari/537.36"
185.216.113.70 - - [30/Apr/2026:07:01:51 +0300] "POST /wp-cron.php?doing_wp_cron=1777521711.1708629131317138671875 HTTP/1.1" 200 448 "-" "WordPress/6.3.8; https://serhatburke.miroglu.net"
108.181.120.104 - - [30/Apr/2026:07:00:20 +0300] "POST /xmlrpc.php HTTP/1.1" 200 14943 "-" "Mozilla/5.0 (Windows NT 10.0; Win64; x64) AppleWebKit/537.36 (KHTML, like Gecko) Chrome/114.0.0.0 Safari/537.36"
52.167.144.190 - - [30/Apr/2026:07:01:12 +0300] "GET /die-rangliste-panther-moon-spielautomat-ein-besten-mobilen-casinos-2026/ HTTP/2" 200 0 "-" "Mozilla/5.0 AppleWebKit/537.36 (KHTML, like Gecko; compatible; bingbot/2.0; +http://www.bing.com/bingbot.htm) Chrome/116.0.1938.76 Safari/537.36"
52.167.144.190 - - [30/Apr/2026:07:01:15 +0300] "GET /handelt-dies-sich-beim-hart-grotrombe-spielbank-damit-betrug/ HTTP/2" 200 0 "-" "Mozilla/5.0 AppleWebKit/537.36 (KHTML, like Gecko; compatible; bingbot/2.0; +http://www.bing.com/bingbot.htm) Chrome/116.0.1938.76 Safari/537.36"
40.77.167.53 - - [30/Apr/2026:07:01:20 +0300] "GET /tours-non-payants-dans-2026-des-meilleurs-gratification-mega-joker-gratissnurr-emplacement-mega-fortune-dreams-2-avec-salle-dom-jeu/ HTTP/2" 200 0 "-" "Mozilla/5.0 AppleWebKit/537.36 (KHTML, like Gecko; compatible; bingbot/2.0; +http://www.bing.com/bingbot.htm) Chrome/116.0.1938.76 Safari/537.36"
40.77.167.53 - - [30/Apr/2026:07:01:21 +0300] "GET /jogue-candy-dreams-by-games-absoluto-gratuitamente-acimade-trejeito-demo-sahara-riches-cash-collect-casino-e-avaliacao-do-jogo/ HTTP/2" 200 0 "-" "Mozilla/5.0 AppleWebKit/537.36 (KHTML, like Gecko; compatible; bingbot/2.0; +http://www.bing.com/bingbot.htm) Chrome/116.0.1938.76 Safari/537.36"
185.216.113.70 - - [30/Apr/2026:07:02:19 +0300] "POST /wp-cron.php?doing_wp_cron=1777521739.2538380622863769531250 HTTP/1.1" 200 448 "-" "WordPress/6.3.8; https://serhatburke.miroglu.net"
43.229.135.118 - - [30/Apr/2026:07:00:38 +0300] "GET /beste-casino-site-belgie-hoge-inzet/ HTTP/1.1" 200 19280 "https://serhatburke.miroglu.net/" "Mozilla/5.0 (X11; Linux x86_64) AppleWebKit/537.36 (KHTML, like Gecko) Chrome/114.0.0.0 Safari/537.36 OPR/89.0.4447.51"
52.167.144.177 - - [30/Apr/2026:07:01:38 +0300] "GET /mien-methodes-dinscription-est-pratique-ou-degage-et-cela-vous-permettra-de-produire-ce-speculation-du-deux-laps/ HTTP/2" 200 0 "-" "Mozilla/5.0 AppleWebKit/537.36 (KHTML, like Gecko; compatible; bingbot/2.0; +http://www.bing.com/bingbot.htm) Chrome/116.0.1938.76 Safari/537.36"
52.167.144.177 - - [30/Apr/2026:07:01:42 +0300] "GET /bettysweeps-is-amongst-the-most-recent-sweepstakes-gambling-enterprises-going-to-the-fresh-new-you-industry/ HTTP/2" 200 0 "-" "Mozilla/5.0 AppleWebKit/537.36 (KHTML, like Gecko; compatible; bingbot/2.0; +http://www.bing.com/bingbot.htm) Chrome/116.0.1938.76 Safari/537.36"
185.216.113.70 - - [30/Apr/2026:07:02:59 +0300] "POST /wp-cron.php?doing_wp_cron=1777521779.5764150619506835937500 HTTP/1.1" 200 448 "-" "WordPress/6.3.8; https://serhatburke.miroglu.net"
103.219.169.227 - - [30/Apr/2026:07:01:23 +0300] "GET /greatest-5-deposit-casino-mona-lisa-jewels-no-deposit-bonuses-in-the-us-for-2026/ HTTP/1.1" 200 78961 "-" "Mozilla/5.0 (Windows NT 10.0; Win64; x64) AppleWebKit/537.36 (KHTML, like Gecko) Chrome/123.0.0.0 Safari/537.36 OPR/109.0.0.0"
52.167.144.190 - - [30/Apr/2026:07:02:13 +0300] "GET /finest-ten-deposit-bonus-united-kingdom-finest-ten-put-gambling-enterprises-to-possess-march-2026/ HTTP/2" 200 0 "-" "Mozilla/5.0 AppleWebKit/537.36 (KHTML, like Gecko; compatible; bingbot/2.0; +http://www.bing.com/bingbot.htm) Chrome/116.0.1938.76 Safari/537.36"
40.77.167.53 - - [30/Apr/2026:07:02:20 +0300] "GET /tranquility-slot/ HTTP/2" 200 0 "-" "Mozilla/5.0 AppleWebKit/537.36 (KHTML, like Gecko; compatible; bingbot/2.0; +http://www.bing.com/bingbot.htm) Chrome/116.0.1938.76 Safari/537.36"
185.216.113.70 - - [30/Apr/2026:07:03:14 +0300] "POST /wp-cron.php?doing_wp_cron=1777521793.9796159267425537109375 HTTP/1.1" 200 448 "-" "WordPress/6.3.8; https://serhatburke.miroglu.net"
185.216.113.70 - - [30/Apr/2026:07:03:14 +0300] "POST /wp-cron.php?doing_wp_cron=1777521794.3629419803619384765625 HTTP/1.1" 200 448 "-" "WordPress/6.3.8; https://serhatburke.miroglu.net"
103.219.169.227 - - [30/Apr/2026:07:01:40 +0300] "POST /xmlrpc.php HTTP/1.1" 200 861 "-" "Mozilla/5.0 (Windows NT 10.0; Win64; x64) AppleWebKit/537.36 (KHTML, like Gecko) Chrome/114.0.0.0 Safari/537.36"
108.181.120.104 - - [30/Apr/2026:07:01:53 +0300] "GET /fantastic-four-position-opinion-cryptologic-download-fairspin-app-enjoy-free-demo/ HTTP/1.1" 200 80051 "-" "Mozilla/5.0 (Windows NT 10.0; Win64; x64) AppleWebKit/537.36 (KHTML, like Gecko) Chrome/124.0.0.0 Safari/537.36"
185.216.113.70 - - [30/Apr/2026:07:03:26 +0300] "POST /wp-cron.php?doing_wp_cron=1777521806.2679350376129150390625 HTTP/1.1" 200 448 "-" "WordPress/6.3.8; https://serhatburke.miroglu.net"
38.246.32.228 - - [30/Apr/2026:07:02:14 +0300] "POST /xmlrpc.php HTTP/1.1" 200 630 "-" "Mozilla/5.0 (Windows NT 10.0; Win64; x64) AppleWebKit/537.36 (KHTML, like Gecko) Chrome/114.0.0.0 Safari/537.36"
52.167.144.190 - - [30/Apr/2026:07:03:10 +0300] "GET /100-100-percent-ice-casino-canada-bonus-free-revolves-no-deposit-south-africa-2026/ HTTP/2" 200 19301 "-" "Mozilla/5.0 AppleWebKit/537.36 (KHTML, like Gecko; compatible; bingbot/2.0; +http://www.bing.com/bingbot.htm) Chrome/116.0.1938.76 Safari/537.36"
38.246.32.228 - - [30/Apr/2026:07:03:32 +0300] "POST /xmlrpc.php HTTP/1.1" 200 10714 "-" "Mozilla/5.0 (Windows NT 10.0; Win64; x64) AppleWebKit/537.36 (KHTML, like Gecko) Chrome/114.0.0.0 Safari/537.36"
52.167.144.190 - - [30/Apr/2026:07:03:59 +0300] "GET /cualquier-willy-wonka-casinos-en-linea-de-quickspin-innovador-proveedor-de-tragamonedas/ HTTP/2" 200 20666 "-" "Mozilla/5.0 AppleWebKit/537.36 (KHTML, like Gecko; compatible; bingbot/2.0; +http://www.bing.com/bingbot.htm) Chrome/116.0.1938.76 Safari/537.36"
38.246.32.228 - - [30/Apr/2026:07:04:00 +0300] "GET /hello-many-casino-promo-password-257-5k-gc-127-5-sc-100-free/ HTTP/1.1" 200 74340 "-" "Mozilla/5.0 (Windows NT 10.0; rv:125.0) Gecko/20100101 Firefox/125.0"
38.246.32.228 - - [30/Apr/2026:07:04:07 +0300] "POST /xmlrpc.php HTTP/1.1" 200 630 "-" "Mozilla/5.0 (Windows NT 10.0; Win64; x64) AppleWebKit/537.36 (KHTML, like Gecko) Chrome/114.0.0.0 Safari/537.36"
52.167.144.190 - - [30/Apr/2026:07:04:19 +0300] "GET /indian-dreaming-20-diamonds-slot-machine-slot-machine-enjoy-free-aristocrat-online-slots-games/ HTTP/2" 200 19436 "-" "Mozilla/5.0 AppleWebKit/537.36 (KHTML, like Gecko; compatible; bingbot/2.0; +http://www.bing.com/bingbot.htm) Chrome/116.0.1938.76 Safari/537.36"
185.216.113.70 - - [30/Apr/2026:07:04:41 +0300] "POST /wp-cron.php?doing_wp_cron=1777521881.2944829463958740234375 HTTP/1.1" 200 448 "-" "WordPress/6.3.8; https://serhatburke.miroglu.net"
38.246.32.228 - - [30/Apr/2026:07:04:29 +0300] "POST /xmlrpc.php HTTP/1.1" 200 9446 "-" "Mozilla/5.0 (Windows NT 10.0; Win64; x64) AppleWebKit/537.36 (KHTML, like Gecko) Chrome/114.0.0.0 Safari/537.36"
38.246.32.228 - - [30/Apr/2026:07:04:43 +0300] "GET /how-to-create-an-online-crypto-gambling-enterprise-from-inside-the-2023/ HTTP/1.1" 200 73442 "-" "Mozilla/5.0 (Windows NT 10.0; rv:125.0) Gecko/20100101 Firefox/125.0"
185.216.113.70 - - [30/Apr/2026:07:05:46 +0300] "POST /wp-cron.php?doing_wp_cron=1777521946.8828361034393310546875 HTTP/1.1" 200 448 "-" "WordPress/6.3.8; https://serhatburke.miroglu.net"
166.0.82.114 - - [30/Apr/2026:07:05:35 +0300] "GET /28563-2/ HTTP/1.1" 200 19315 "-" "Mozilla/5.0 (compatible; Googlebot/2.1; +http://www.google.com/bot.html)"
38.246.32.228 - - [30/Apr/2026:07:06:05 +0300] "POST /xmlrpc.php HTTP/1.1" 200 630 "-" "Mozilla/5.0 (Windows NT 10.0; Win64; x64) AppleWebKit/537.36 (KHTML, like Gecko) Chrome/114.0.0.0 Safari/537.36"
185.216.113.70 - - [30/Apr/2026:07:06:37 +0300] "POST /wp-cron.php?doing_wp_cron=1777521996.8771920204162597656250 HTTP/1.1" 200 448 "-" "WordPress/6.3.8; https://serhatburke.miroglu.net"
38.246.32.228 - - [30/Apr/2026:07:06:23 +0300] "POST /xmlrpc.php HTTP/1.1" 200 9397 "-" "Mozilla/5.0 (Windows NT 10.0; Win64; x64) AppleWebKit/537.36 (KHTML, like Gecko) Chrome/114.0.0.0 Safari/537.36"
38.246.32.228 - - [30/Apr/2026:07:06:39 +0300] "GET /suggestion-for-brand-new-participants-one-which-just-commit-to-web-site-feel-free-to-speak-about-it/ HTTP/1.1" 200 74209 "-" "Mozilla/5.0 (Windows NT 10.0; Win64; x64) AppleWebKit/537.36 (KHTML, like Gecko) Chrome/124.0.0.0 Safari/537.36 Edg/124.0.0.0"
52.167.144.138 - - [30/Apr/2026:07:07:08 +0300] "GET /stada-thunderstruck-ii-alit-spiladu-okeypis-prufuutgafa-an-innleggs-100-prosent-okeypis-revolves-null-vedmal-2026/ HTTP/2" 200 18791 "-" "Mozilla/5.0 AppleWebKit/537.36 (KHTML, like Gecko; compatible; bingbot/2.0; +http://www.bing.com/bingbot.htm) Chrome/116.0.1938.76 Safari/537.36"
52.167.144.190 - - [30/Apr/2026:07:07:11 +0300] "GET /genius-away-from-ounce-wicked-riches-ports-enjoy-on-the-web-at-no-cost/ HTTP/2" 200 20321 "-" "Mozilla/5.0 AppleWebKit/537.36 (KHTML, like Gecko; compatible; bingbot/2.0; +http://www.bing.com/bingbot.htm) Chrome/116.0.1938.76 Safari/537.36"
40.77.167.132 - - [30/Apr/2026:07:07:13 +0300] "GET /beste-in-strafbaar-casinos-pro-nederlan-2026/ HTTP/2" 200 19125 "-" "Mozilla/5.0 AppleWebKit/537.36 (KHTML, like Gecko; compatible; bingbot/2.0; +http://www.bing.com/bingbot.htm) Chrome/116.0.1938.76 Safari/537.36"
185.216.113.70 - - [30/Apr/2026:07:07:42 +0300] "POST /wp-cron.php?doing_wp_cron=1777522062.6565771102905273437500 HTTP/1.1" 200 448 "-" "WordPress/6.3.8; https://serhatburke.miroglu.net"
52.167.144.190 - - [30/Apr/2026:07:07:22 +0300] "GET /effortless-trading-with-the-raydium-exchange/ HTTP/2" 200 17643 "-" "Mozilla/5.0 AppleWebKit/537.36 (KHTML, like Gecko; compatible; bingbot/2.0; +http://www.bing.com/bingbot.htm) Chrome/116.0.1938.76 Safari/537.36"
40.77.167.132 - - [30/Apr/2026:07:07:29 +0300] "GET /casinos-uber-schneller-auszahlung-auf-aurora-beast-hunter-spielautomat-anhieb-gewinne-2026/ HTTP/2" 200 19253 "-" "Mozilla/5.0 AppleWebKit/537.36 (KHTML, like Gecko; compatible; bingbot/2.0; +http://www.bing.com/bingbot.htm) Chrome/116.0.1938.76 Safari/537.36"
38.246.32.228 - - [30/Apr/2026:07:07:42 +0300] "POST /xmlrpc.php HTTP/1.1" 200 630 "-" "Mozilla/5.0 (Windows NT 10.0; Win64; x64) AppleWebKit/537.36 (KHTML, like Gecko) Chrome/114.0.0.0 Safari/537.36"
185.216.113.70 - - [30/Apr/2026:07:08:13 +0300] "POST /wp-cron.php?doing_wp_cron=1777522093.0546240806579589843750 HTTP/1.1" 200 448 "-" "WordPress/6.3.8; https://serhatburke.miroglu.net"
40.77.167.132 - - [30/Apr/2026:07:07:59 +0300] "GET /cleopatra-ii-the-first-slot-online-game-straight-from-vegas/ HTTP/2" 200 18091 "-" "Mozilla/5.0 AppleWebKit/537.36 (KHTML, like Gecko; compatible; bingbot/2.0; +http://www.bing.com/bingbot.htm) Chrome/116.0.1938.76 Safari/537.36"
38.246.32.228 - - [30/Apr/2026:07:08:05 +0300] "POST /xmlrpc.php HTTP/1.1" 200 8814 "-" "Mozilla/5.0 (Windows NT 10.0; Win64; x64) AppleWebKit/537.36 (KHTML, like Gecko) Chrome/114.0.0.0 Safari/537.36"
203.234.238.140 - - [30/Apr/2026:07:08:14 +0300] "GET /beste-casino-site-belgie-hoge-inzet/ HTTP/1.1" 200 19280 "https://serhatburke.miroglu.net/" "Mozilla/5.0 (X11; Linux x86_64; rv:109.0) Gecko/20100101 Firefox/119.0"
40.77.167.132 - - [30/Apr/2026:07:08:19 +0300] "GET /betrocker-gambling-enterprise-remark-professional-lost-treasures-5-deposit-pro-reviews-2026/ HTTP/2" 200 19631 "-" "Mozilla/5.0 AppleWebKit/537.36 (KHTML, like Gecko; compatible; bingbot/2.0; +http://www.bing.com/bingbot.htm) Chrome/116.0.1938.76 Safari/537.36"
38.246.32.228 - - [30/Apr/2026:07:08:22 +0300] "GET /ends-60-days-key-shows-software-android-ios-vip-program/ HTTP/1.1" 200 72788 "-" "Mozilla/5.0 (Windows NT 10.0; Win64; x64) AppleWebKit/537.36 (KHTML, like Gecko) Chrome/109.0.0.0 Safari/537.36"
185.216.113.70 - - [30/Apr/2026:07:08:57 +0300] "POST /wp-cron.php?doing_wp_cron=1777522137.2560400962829589843750 HTTP/1.1" 200 448 "-" "WordPress/6.3.8; https://serhatburke.miroglu.net"
203.234.238.140 - - [30/Apr/2026:07:08:43 +0300] "GET /?p=27261 HTTP/1.1" 301 662 "https://serhatburke.miroglu.net/beste-casino-site-belgie-hoge-inzet/" "Mozilla/5.0 (X11; Linux x86_64; rv:109.0) Gecko/20100101 Firefox/119.0"
40.77.167.132 - - [30/Apr/2026:07:08:53 +0300] "GET /choisir-un-jeu-de-casino-en-direct/ HTTP/2" 200 18539 "-" "Mozilla/5.0 AppleWebKit/537.36 (KHTML, like Gecko; compatible; bingbot/2.0; +http://www.bing.com/bingbot.htm) Chrome/116.0.1938.76 Safari/537.36"
203.234.238.140 - - [30/Apr/2026:07:08:59 +0300] "GET /beste-casino-site-belgie-hoge-inzet/ HTTP/1.1" 200 19275 "https://serhatburke.miroglu.net/?p=27261" "Mozilla/5.0 (X11; Linux x86_64; rv:109.0) Gecko/20100101 Firefox/119.0"
38.246.32.228 - - [30/Apr/2026:07:09:06 +0300] "POST /xmlrpc.php HTTP/1.1" 200 630 "-" "Mozilla/5.0 (Windows NT 10.0; Win64; x64) AppleWebKit/537.36 (KHTML, like Gecko) Chrome/114.0.0.0 Safari/537.36"
52.167.144.190 - - [30/Apr/2026:07:09:13 +0300] "GET /see-our-newest-top-added-bonus-even-offers-having-players-in-every-states/ HTTP/2" 200 17573 "-" "Mozilla/5.0 AppleWebKit/537.36 (KHTML, like Gecko; compatible; bingbot/2.0; +http://www.bing.com/bingbot.htm) Chrome/116.0.1938.76 Safari/537.36"
185.216.113.70 - - [30/Apr/2026:07:09:46 +0300] "POST /wp-cron.php?doing_wp_cron=1777522186.1480829715728759765625 HTTP/1.1" 200 448 "-" "WordPress/6.3.8; https://serhatburke.miroglu.net"
40.77.167.132 - - [30/Apr/2026:07:09:30 +0300] "GET /play-18500-good-luck-40-mobile-casino-online-ports-no-obtain-no-membership/ HTTP/2" 200 19139 "-" "Mozilla/5.0 AppleWebKit/537.36 (KHTML, like Gecko; compatible; bingbot/2.0; +http://www.bing.com/bingbot.htm) Chrome/116.0.1938.76 Safari/537.36"
38.246.32.228 - - [30/Apr/2026:07:09:44 +0300] "POST /xmlrpc.php HTTP/1.1" 200 10502 "-" "Mozilla/5.0 (Windows NT 10.0; Win64; x64) AppleWebKit/537.36 (KHTML, like Gecko) Chrome/114.0.0.0 Safari/537.36"
38.246.32.228 - - [30/Apr/2026:07:10:03 +0300] "GET /better-casinos-on-the-internet-in-the-us-2026-side-by-top-evaluation/ HTTP/1.1" 200 74529 "-" "Mozilla/5.0 (Windows NT 10.0; Win64; x64) AppleWebKit/537.36 (KHTML, like Gecko) Chrome/109.0.0.0 Safari/537.36"
185.216.113.70 - - [30/Apr/2026:07:10:56 +0300] "POST /wp-cron.php?doing_wp_cron=1777522256.2907359600067138671875 HTTP/1.1" 200 448 "-" "WordPress/6.3.8; https://serhatburke.miroglu.net"
38.246.32.228 - - [30/Apr/2026:07:10:40 +0300] "POST /xmlrpc.php HTTP/1.1" 200 630 "-" "Mozilla/5.0 (Windows NT 10.0; Win64; x64) AppleWebKit/537.36 (KHTML, like Gecko) Chrome/114.0.0.0 Safari/537.36"
57.128.22.95 - - [30/Apr/2026:07:10:45 +0300] "GET /novoline-casino-codice-bonus-registrazione/ HTTP/1.1" 200 17770 "-" "Mozilla/5.0 (compatible; Googlebot/2.1; +http://www.google.com/bot.html)"
38.246.32.228 - - [30/Apr/2026:07:11:03 +0300] "POST /xmlrpc.php HTTP/1.1" 200 8418 "-" "Mozilla/5.0 (Windows NT 10.0; Win64; x64) AppleWebKit/537.36 (KHTML, like Gecko) Chrome/114.0.0.0 Safari/537.36"
38.246.32.228 - - [30/Apr/2026:07:11:20 +0300] "GET /your-potential-customers-is-going-to-be-appreciated-by-webpages-you-sign-up-at-the/ HTTP/1.1" 200 72863 "-" "Mozilla/5.0 (Windows NT 10.0; rv:125.0) Gecko/20100101 Firefox/125.0"
185.216.113.70 - - [30/Apr/2026:07:12:24 +0300] "POST /wp-cron.php?doing_wp_cron=1777522344.3929231166839599609375 HTTP/1.1" 200 448 "-" "WordPress/6.3.8; https://serhatburke.miroglu.net"
38.246.32.228 - - [30/Apr/2026:07:12:11 +0300] "POST /xmlrpc.php HTTP/1.1" 200 630 "-" "Mozilla/5.0 (Windows NT 10.0; Win64; x64) AppleWebKit/537.36 (KHTML, like Gecko) Chrome/114.0.0.0 Safari/537.36"
38.246.32.228 - - [30/Apr/2026:07:12:30 +0300] "POST /xmlrpc.php HTTP/1.1" 200 9330 "-" "Mozilla/5.0 (Windows NT 10.0; Win64; x64) AppleWebKit/537.36 (KHTML, like Gecko) Chrome/114.0.0.0 Safari/537.36"
185.216.113.70 - - [30/Apr/2026:07:12:56 +0300] "POST /wp-cron.php?doing_wp_cron=1777522376.6399159431457519531250 HTTP/1.1" 200 448 "-" "WordPress/6.3.8; https://serhatburke.miroglu.net"
38.246.32.228 - - [30/Apr/2026:07:12:44 +0300] "GET /in-conclusion-its-possible-to-appreciate-web-based-casinos-inside-the-qatar-in-spite-of-the-legal-constraints/ HTTP/1.1" 200 74796 "-" "Mozilla/5.0 (Windows NT 10.0; Win64; x64) AppleWebKit/537.36 (KHTML, like Gecko) Chrome/123.0.0.0 Safari/537.36"
185.216.113.70 - - [30/Apr/2026:07:14:00 +0300] "POST /wp-cron.php?doing_wp_cron=1777522440.2486019134521484375000 HTTP/1.1" 200 448 "-" "WordPress/6.3.8; https://serhatburke.miroglu.net"
38.246.32.228 - - [30/Apr/2026:07:13:47 +0300] "POST /xmlrpc.php HTTP/1.1" 200 630 "-" "Mozilla/5.0 (Windows NT 10.0; Win64; x64) AppleWebKit/537.36 (KHTML, like Gecko) Chrome/114.0.0.0 Safari/537.36"
38.246.32.228 - - [30/Apr/2026:07:14:08 +0300] "POST /xmlrpc.php HTTP/1.1" 200 9280 "-" "Mozilla/5.0 (Windows NT 10.0; Win64; x64) AppleWebKit/537.36 (KHTML, like Gecko) Chrome/114.0.0.0 Safari/537.36"
38.246.32.228 - - [30/Apr/2026:07:14:22 +0300] "GET /bonuses-gamble-a-life-threatening-character-within-the-enhancing-your-on-line-casino-experience/ HTTP/1.1" 200 74213 "-" "Mozilla/5.0 (Windows NT 10.0; Win64; x64) AppleWebKit/537.36 (KHTML, like Gecko) Chrome/123.0.0.0 Safari/537.36 OPR/109.0.0.0"
185.216.113.70 - - [30/Apr/2026:07:15:31 +0300] "POST /wp-cron.php?doing_wp_cron=1777522531.6346740722656250000000 HTTP/1.1" 200 448 "-" "WordPress/6.3.8; https://serhatburke.miroglu.net"
216.238.66.112 - - [30/Apr/2026:07:15:19 +0300] "POST /xmlrpc.php HTTP/1.1" 200 630 "-" "Mozilla/5.0 (Windows NT 10.0; Win64; x64) AppleWebKit/537.36 (KHTML, like Gecko) Chrome/114.0.0.0 Safari/537.36"
216.238.66.112 - - [30/Apr/2026:07:15:38 +0300] "POST /xmlrpc.php HTTP/1.1" 200 16347 "-" "Mozilla/5.0 (Windows NT 10.0; Win64; x64) AppleWebKit/537.36 (KHTML, like Gecko) Chrome/114.0.0.0 Safari/537.36"
38.246.32.228 - - [30/Apr/2026:07:15:44 +0300] "POST /xmlrpc.php HTTP/1.1" 200 630 "-" "Mozilla/5.0 (Windows NT 10.0; Win64; x64) AppleWebKit/537.36 (KHTML, like Gecko) Chrome/114.0.0.0 Safari/537.36"
216.238.66.112 - - [30/Apr/2026:07:15:52 +0300] "GET /the-treasures-of-fuente-del-articulo-montezuma-2-%EF%B8%8F-jogue-gratis-abicar-play123/ HTTP/1.1" 200 81053 "-" "Mozilla/5.0 (Windows NT 10.0; rv:125.0) Gecko/20100101 Firefox/125.0"
185.216.113.70 - - [30/Apr/2026:07:16:15 +0300] "POST /wp-cron.php?doing_wp_cron=1777522575.4897079467773437500000 HTTP/1.1" 200 448 "-" "WordPress/6.3.8; https://serhatburke.miroglu.net"
38.246.32.228 - - [30/Apr/2026:07:16:03 +0300] "POST /xmlrpc.php HTTP/1.1" 200 9350 "-" "Mozilla/5.0 (Windows NT 10.0; Win64; x64) AppleWebKit/537.36 (KHTML, like Gecko) Chrome/114.0.0.0 Safari/537.36"
38.246.32.228 - - [30/Apr/2026:07:16:17 +0300] "GET /which-are-the-key-factors-to-consider-when-choosing-an-on-line-gambling-establishment/ HTTP/1.1" 200 73793 "-" "Mozilla/5.0 (Windows NT 10.0; Win64; x64) AppleWebKit/537.36 (KHTML, like Gecko) Chrome/109.0.0.0 Safari/537.36"
40.77.167.131 - - [30/Apr/2026:07:16:28 +0300] "GET /post-sitemap5.xml HTTP/2" 200 81675 "-" "Mozilla/5.0 AppleWebKit/537.36 (KHTML, like Gecko; compatible; bingbot/2.0; +http://www.bing.com/bingbot.htm) Chrome/116.0.1938.76 Safari/537.36"
52.167.144.169 - - [30/Apr/2026:07:16:32 +0300] "GET /post-sitemap2.xml HTTP/2" 200 114083 "-" "Mozilla/5.0 AppleWebKit/537.36 (KHTML, like Gecko; compatible; bingbot/2.0; +http://www.bing.com/bingbot.htm) Chrome/116.0.1938.76 Safari/537.36"
185.216.113.70 - - [30/Apr/2026:07:17:04 +0300] "POST /wp-cron.php?doing_wp_cron=1777522624.5019049644470214843750 HTTP/1.1" 200 448 "-" "WordPress/6.3.8; https://serhatburke.miroglu.net"
38.246.32.228 - - [30/Apr/2026:07:16:51 +0300] "POST /xmlrpc.php HTTP/1.1" 200 630 "-" "Mozilla/5.0 (Windows NT 10.0; Win64; x64) AppleWebKit/537.36 (KHTML, like Gecko) Chrome/114.0.0.0 Safari/537.36"
40.77.167.131 - - [30/Apr/2026:07:16:57 +0300] "GET /post-sitemap8.xml HTTP/2" 200 86639 "-" "Mozilla/5.0 AppleWebKit/537.36 (KHTML, like Gecko; compatible; bingbot/2.0; +http://www.bing.com/bingbot.htm) Chrome/116.0.1938.76 Safari/537.36"
38.246.32.228 - - [30/Apr/2026:07:17:13 +0300] "POST /xmlrpc.php HTTP/1.1" 200 9317 "-" "Mozilla/5.0 (Windows NT 10.0; Win64; x64) AppleWebKit/537.36 (KHTML, like Gecko) Chrome/114.0.0.0 Safari/537.36"
38.246.32.228 - - [30/Apr/2026:07:17:26 +0300] "GET /north-dakota-casinos-%EF%BF%BD-gamble-more-than-600-free-online-slots/ HTTP/1.1" 200 73631 "-" "Mozilla/5.0 (Windows NT 10.0; Win64; x64) AppleWebKit/537.36 (KHTML, like Gecko) Chrome/124.0.0.0 Safari/537.36 Edg/124.0.0.0"
185.216.113.70 - - [30/Apr/2026:07:18:27 +0300] "POST /wp-cron.php?doing_wp_cron=1777522707.5542840957641601562500 HTTP/1.1" 200 448 "-" "WordPress/6.3.8; https://serhatburke.miroglu.net"
38.246.32.228 - - [30/Apr/2026:07:18:15 +0300] "POST /xmlrpc.php HTTP/1.1" 200 630 "-" "Mozilla/5.0 (Windows NT 10.0; Win64; x64) AppleWebKit/537.36 (KHTML, like Gecko) Chrome/114.0.0.0 Safari/537.36"
38.246.32.228 - - [30/Apr/2026:07:18:34 +0300] "POST /xmlrpc.php HTTP/1.1" 200 9602 "-" "Mozilla/5.0 (Windows NT 10.0; Win64; x64) AppleWebKit/537.36 (KHTML, like Gecko) Chrome/114.0.0.0 Safari/537.36"
38.246.32.228 - - [30/Apr/2026:07:18:48 +0300] "GET /how-we-gauge-the-ideal-northern-dakota-on-the-internet-sportsbooks/ HTTP/1.1" 200 73594 "-" "Mozilla/5.0 (Windows NT 10.0; Win64; x64) AppleWebKit/537.36 (KHTML, like Gecko) Chrome/109.0.0.0 Safari/537.36"
185.216.113.70 - - [30/Apr/2026:07:19:46 +0300] "POST /wp-cron.php?doing_wp_cron=1777522786.7416369915008544921875 HTTP/1.1" 200 448 "-" "WordPress/6.3.8; https://serhatburke.miroglu.net"
38.246.32.228 - - [30/Apr/2026:07:19:34 +0300] "POST /xmlrpc.php HTTP/1.1" 200 630 "-" "Mozilla/5.0 (Windows NT 10.0; Win64; x64) AppleWebKit/537.36 (KHTML, like Gecko) Chrome/114.0.0.0 Safari/537.36"
51.91.77.172 - - [30/Apr/2026:07:19:42 +0300] "GET /wp-login.php HTTP/2" 200 3091 "https://serhatburke.miroglu.net/" "Mozilla/5.0 (Windows NT 10.0; Win64; x64) AppleWebKit/537.36 (KHTML, like Gecko) Chrome/146.0.0.0 Safari/537.36"
51.91.77.172 - - [30/Apr/2026:07:19:57 +0300] "GET /wp-admin/css/l10n.min.css?ver=6.3.8 HTTP/2" 200 596 "https://serhatburke.miroglu.net/wp-login.php" "Mozilla/5.0 (Windows NT 10.0; Win64; x64) AppleWebKit/537.36 (KHTML, like Gecko) Chrome/146.0.0.0 Safari/537.36"
51.91.77.172 - - [30/Apr/2026:07:19:57 +0300] "GET /wp-includes/css/buttons.min.css?ver=6.3.8 HTTP/2" 200 1255 "https://serhatburke.miroglu.net/wp-login.php" "Mozilla/5.0 (Windows NT 10.0; Win64; x64) AppleWebKit/537.36 (KHTML, like Gecko) Chrome/146.0.0.0 Safari/537.36"
51.91.77.172 - - [30/Apr/2026:07:19:57 +0300] "GET /wp-admin/css/login.min.css?ver=6.3.8 HTTP/2" 200 1948 "https://serhatburke.miroglu.net/wp-login.php" "Mozilla/5.0 (Windows NT 10.0; Win64; x64) AppleWebKit/537.36 (KHTML, like Gecko) Chrome/146.0.0.0 Safari/537.36"
51.91.77.172 - - [30/Apr/2026:07:19:57 +0300] "GET /wp-includes/js/zxcvbn-async.min.js?ver=1.0 HTTP/2" 200 187 "https://serhatburke.miroglu.net/wp-login.php" "Mozilla/5.0 (Windows NT 10.0; Win64; x64) AppleWebKit/537.36 (KHTML, like Gecko) Chrome/146.0.0.0 Safari/537.36"
