196.16.5.214 - - [30/Apr/2026:16:19:46 +0300] "GET /wp-json/wp/v2/block-patterns/categories?_locale=user HTTP/2" 200 0 "https://serhatburke.miroglu.net/wp-admin/post-new.php?post_type=page" "Mozilla/5.0 (Windows NT 10.0; Win64; x64) AppleWebKit/537.36 (KHTML, like Gecko) Chrome/147.0.0.0 Safari/537.36"
196.16.5.214 - - [30/Apr/2026:16:19:46 +0300] "GET /wp-json/wp/v2/block-patterns/patterns?_locale=user HTTP/2" 200 0 "https://serhatburke.miroglu.net/wp-admin/post-new.php?post_type=page" "Mozilla/5.0 (Windows NT 10.0; Win64; x64) AppleWebKit/537.36 (KHTML, like Gecko) Chrome/147.0.0.0 Safari/537.36"
196.16.5.214 - - [30/Apr/2026:16:19:47 +0300] "GET /wp-json/wp/v2/themes?context=edit&status=active&_locale=user HTTP/2" 200 0 "https://serhatburke.miroglu.net/wp-admin/post-new.php?post_type=page" "Mozilla/5.0 (Windows NT 10.0; Win64; x64) AppleWebKit/537.36 (KHTML, like Gecko) Chrome/147.0.0.0 Safari/537.36"
196.16.5.214 - - [30/Apr/2026:16:19:47 +0300] "GET /wp-json/wp/v2/users?context=view&who=authors&per_page=50&_fields=id%2Cname&_locale=user HTTP/2" 200 0 "https://serhatburke.miroglu.net/wp-admin/post-new.php?post_type=page" "Mozilla/5.0 (Windows NT 10.0; Win64; x64) AppleWebKit/537.36 (KHTML, like Gecko) Chrome/147.0.0.0 Safari/537.36"
196.16.5.214 - - [30/Apr/2026:16:19:46 +0300] "GET /wp-json/wp/v2/blocks?context=edit&per_page=100&_locale=user HTTP/2" 200 0 "https://serhatburke.miroglu.net/wp-admin/post-new.php?post_type=page" "Mozilla/5.0 (Windows NT 10.0; Win64; x64) AppleWebKit/537.36 (KHTML, like Gecko) Chrome/147.0.0.0 Safari/537.36"
196.16.5.214 - - [30/Apr/2026:16:19:46 +0300] "GET /wp-json/?_fields=description%2Cgmt_offset%2Chome%2Cname%2Csite_icon%2Csite_icon_url%2Csite_logo%2Ctimezone_string%2Curl&_locale=user HTTP/2" 200 0 "https://serhatburke.miroglu.net/wp-admin/post-new.php?post_type=page" "Mozilla/5.0 (Windows NT 10.0; Win64; x64) AppleWebKit/537.36 (KHTML, like Gecko) Chrome/147.0.0.0 Safari/537.36"
196.16.5.214 - - [30/Apr/2026:16:20:55 +0300] "POST /wp-admin/post.php?post=146232&action=edit&meta-box-loader=1&meta-box-loader-nonce=120159abfa&_locale=user HTTP/2" 200 0 "https://serhatburke.miroglu.net/wp-admin/post-new.php?post_type=page" "Mozilla/5.0 (Windows NT 10.0; Win64; x64) AppleWebKit/537.36 (KHTML, like Gecko) Chrome/147.0.0.0 Safari/537.36"
185.216.113.70 - - [30/Apr/2026:16:19:48 +0300] "POST /wp-cron.php?doing_wp_cron=1777555188.2700159549713134765625 HTTP/1.1" 200 448 "-" "WordPress/6.3.8; https://serhatburke.miroglu.net"
185.216.113.70 - - [30/Apr/2026:16:19:52 +0300] "POST /wp-cron.php?doing_wp_cron=1777555192.6398899555206298828125 HTTP/1.1" 200 448 "-" "WordPress/6.3.8; https://serhatburke.miroglu.net"
185.216.113.70 - - [30/Apr/2026:16:21:03 +0300] "POST /wp-cron.php?doing_wp_cron=1777555263.7600979804992675781250 HTTP/1.1" 200 448 "-" "WordPress/6.3.8; https://serhatburke.miroglu.net"
185.216.113.70 - - [30/Apr/2026:16:21:10 +0300] "POST /wp-cron.php?doing_wp_cron=1777555270.3567590713500976562500 HTTP/1.1" 200 448 "-" "WordPress/6.3.8; https://serhatburke.miroglu.net"
96.44.167.86 - - [30/Apr/2026:16:19:18 +0300] "POST /xmlrpc.php HTTP/1.1" 200 12658 "-" "Mozilla/5.0 (Windows NT 10.0; Win64; x64) AppleWebKit/537.36 (KHTML, like Gecko) Chrome/114.0.0.0 Safari/537.36"
103.219.169.226 - - [30/Apr/2026:16:19:19 +0300] "POST /xmlrpc.php HTTP/1.1" 500 745 "-" "Mozilla/5.0 (Windows NT 10.0; Win64; x64) AppleWebKit/537.36 (KHTML, like Gecko) Chrome/114.0.0.0 Safari/537.36"
66.249.73.14 - - [30/Apr/2026:16:19:21 +0300] "GET /robots.txt HTTP/1.1" 500 782 "-" "Mozilla/5.0 (compatible; Googlebot/2.1; +http://www.google.com/bot.html)"
196.16.5.214 - - [30/Apr/2026:16:20:55 +0300] "POST /wp-admin/admin-ajax.php HTTP/2" 200 0 "https://serhatburke.miroglu.net/wp-admin/post-new.php?post_type=page" "Mozilla/5.0 (Windows NT 10.0; Win64; x64) AppleWebKit/537.36 (KHTML, like Gecko) Chrome/147.0.0.0 Safari/537.36"
196.16.5.214 - - [30/Apr/2026:16:19:47 +0300] "POST /wp-json/wp/v2/users/me?_locale=user HTTP/2" 200 0 "https://serhatburke.miroglu.net/wp-admin/post-new.php?post_type=page" "Mozilla/5.0 (Windows NT 10.0; Win64; x64) AppleWebKit/537.36 (KHTML, like Gecko) Chrome/147.0.0.0 Safari/537.36"
185.216.113.70 - - [30/Apr/2026:16:21:32 +0300] "POST /wp-cron.php?doing_wp_cron=1777555291.8514010906219482421875 HTTP/1.1" 200 448 "-" "WordPress/6.3.8; https://serhatburke.miroglu.net"
185.216.113.70 - - [30/Apr/2026:16:19:42 +0300] "POST /wp-admin/admin-ajax.php?action=as_async_request_queue_runner&nonce=3133c52d21 HTTP/1.1" 500 745 "-" "WordPress/6.3.8; https://serhatburke.miroglu.net"
200.25.47.108 - - [30/Apr/2026:16:19:55 +0300] "POST /xmlrpc.php HTTP/1.1" 500 745 "-" "Mozilla/5.0 (Windows NT 10.0; Win64; x64) AppleWebKit/537.36 (KHTML, like Gecko) Chrome/114.0.0.0 Safari/537.36"
185.216.113.70 - - [30/Apr/2026:16:21:58 +0300] "POST /wp-cron.php?doing_wp_cron=1777555318.2377440929412841796875 HTTP/1.1" 200 448 "-" "WordPress/6.3.8; https://serhatburke.miroglu.net"
96.44.167.86 - - [30/Apr/2026:16:20:08 +0300] "POST /xmlrpc.php HTTP/1.1" 200 630 "-" "Mozilla/5.0 (Windows NT 10.0; Win64; x64) AppleWebKit/537.36 (KHTML, like Gecko) Chrome/114.0.0.0 Safari/537.36"
185.216.113.70 - - [30/Apr/2026:16:22:07 +0300] "POST /wp-cron.php?doing_wp_cron=1777555327.6618731021881103515625 HTTP/1.1" 200 448 "-" "WordPress/6.3.8; https://serhatburke.miroglu.net"
165.231.98.111 - - [30/Apr/2026:16:20:21 +0300] "GET /zotabet-casino-bonus-premier-depot-2026/ HTTP/1.1" 200 0 "-" "Mozilla/5.0 (compatible; Googlebot/2.1; +http://www.google.com/bot.html)"
96.44.167.86 - - [30/Apr/2026:16:20:30 +0300] "POST /xmlrpc.php HTTP/1.1" 500 745 "-" "Mozilla/5.0 (Windows NT 10.0; Win64; x64) AppleWebKit/537.36 (KHTML, like Gecko) Chrome/114.0.0.0 Safari/537.36"
185.216.113.70 - - [30/Apr/2026:16:22:35 +0300] "POST /wp-cron.php?doing_wp_cron=1777555355.2637538909912109375000 HTTP/1.1" 200 448 "-" "WordPress/6.3.8; https://serhatburke.miroglu.net"
185.216.113.70 - - [30/Apr/2026:16:22:45 +0300] "POST /wp-cron.php?doing_wp_cron=1777555365.2705190181732177734375 HTTP/1.1" 200 448 "-" "WordPress/6.3.8; https://serhatburke.miroglu.net"
185.216.113.70 - - [30/Apr/2026:16:22:52 +0300] "POST /wp-cron.php?doing_wp_cron=1777555371.8387160301208496093750 HTTP/1.1" 200 448 "-" "WordPress/6.3.8; https://serhatburke.miroglu.net"
96.44.167.86 - - [30/Apr/2026:16:21:04 +0300] "POST /xmlrpc.php HTTP/1.1" 500 745 "-" "Mozilla/5.0 (Windows NT 10.0; Win64; x64) AppleWebKit/537.36 (KHTML, like Gecko) Chrome/114.0.0.0 Safari/537.36"
103.219.169.226 - - [30/Apr/2026:16:21:04 +0300] "POST /xmlrpc.php HTTP/1.1" 500 745 "-" "Mozilla/5.0 (Windows NT 10.0; Win64; x64) AppleWebKit/537.36 (KHTML, like Gecko) Chrome/114.0.0.0 Safari/537.36"
185.216.113.70 - - [30/Apr/2026:16:23:07 +0300] "POST /wp-cron.php?doing_wp_cron=1777555386.8420999050140380859375 HTTP/1.1" 200 448 "-" "WordPress/6.3.8; https://serhatburke.miroglu.net"
196.16.5.214 - - [30/Apr/2026:16:23:09 +0300] "GET /wp-content/plugins/all-in-one-seo-pack/dist/Lite/assets/css/main.0ab815b6.css?ver=4.4.4 HTTP/2" 200 5345 "https://serhatburke.miroglu.net/wp-admin/edit.php?post_type=page" "Mozilla/5.0 (Windows NT 10.0; Win64; x64) AppleWebKit/537.36 (KHTML, like Gecko) Chrome/147.0.0.0 Safari/537.36"
196.16.5.214 - - [30/Apr/2026:16:23:09 +0300] "GET /wp-content/plugins/wp-file-manager/css/fm_common.css?ver=6.3.8 HTTP/2" 200 153 "https://serhatburke.miroglu.net/wp-admin/edit.php?post_type=page" "Mozilla/5.0 (Windows NT 10.0; Win64; x64) AppleWebKit/537.36 (KHTML, like Gecko) Chrome/147.0.0.0 Safari/537.36"
196.16.5.214 - - [30/Apr/2026:16:23:09 +0300] "GET /wp-content/plugins/google-analytics-for-wordpress/assets/css/admin-common.min.css?ver=10.1.3 HTTP/2" 200 409 "https://serhatburke.miroglu.net/wp-admin/edit.php?post_type=page" "Mozilla/5.0 (Windows NT 10.0; Win64; x64) AppleWebKit/537.36 (KHTML, like Gecko) Chrome/147.0.0.0 Safari/537.36"
196.16.5.214 - - [30/Apr/2026:16:23:09 +0300] "GET /wp-content/themes/toppic/css/meta-style.css?ver=4.2 HTTP/2" 200 979 "https://serhatburke.miroglu.net/wp-admin/edit.php?post_type=page" "Mozilla/5.0 (Windows NT 10.0; Win64; x64) AppleWebKit/537.36 (KHTML, like Gecko) Chrome/147.0.0.0 Safari/537.36"
196.16.5.214 - - [30/Apr/2026:16:23:09 +0300] "GET /wp-content/plugins/wpforms-lite/assets/css/admin-bar.min.css?ver=1.8.3.1 HTTP/2" 200 397 "https://serhatburke.miroglu.net/wp-admin/edit.php?post_type=page" "Mozilla/5.0 (Windows NT 10.0; Win64; x64) AppleWebKit/537.36 (KHTML, like Gecko) Chrome/147.0.0.0 Safari/537.36"
196.16.5.214 - - [30/Apr/2026:16:23:09 +0300] "GET /wp-content/plugins/google-analytics-for-wordpress/assets/css/admin-metabox-sitenotes.css?ver=10.1.3 HTTP/2" 200 176 "https://serhatburke.miroglu.net/wp-admin/edit.php?post_type=page" "Mozilla/5.0 (Windows NT 10.0; Win64; x64) AppleWebKit/537.36 (KHTML, like Gecko) Chrome/147.0.0.0 Safari/537.36"
196.16.5.214 - - [30/Apr/2026:16:23:09 +0300] "GET /wp-content/plugins/google-analytics-for-wordpress/lite/assets/vue/css/admin.css?ver=10.1.3 HTTP/2" 200 362 "https://serhatburke.miroglu.net/wp-admin/edit.php?post_type=page" "Mozilla/5.0 (Windows NT 10.0; Win64; x64) AppleWebKit/537.36 (KHTML, like Gecko) Chrome/147.0.0.0 Safari/537.36"
196.16.5.214 - - [30/Apr/2026:16:23:09 +0300] "GET /wp-content/plugins/google-analytics-for-wordpress/assets/js/admin-metabox-sitenotes.js?ver=10.1.3 HTTP/2" 200 277 "https://serhatburke.miroglu.net/wp-admin/edit.php?post_type=page" "Mozilla/5.0 (Windows NT 10.0; Win64; x64) AppleWebKit/537.36 (KHTML, like Gecko) Chrome/147.0.0.0 Safari/537.36"
196.16.5.214 - - [30/Apr/2026:16:23:09 +0300] "GET /wp-content/plugins/all-in-one-seo-pack/dist/Lite/assets/js/_plugin-vue_export-helper.b97bdf23.js HTTP/2" 200 212 "https://serhatburke.miroglu.net/wp-admin/edit.php?post_type=page" "Mozilla/5.0 (Windows NT 10.0; Win64; x64) AppleWebKit/537.36 (KHTML, like Gecko) Chrome/147.0.0.0 Safari/537.36"
196.16.5.214 - - [30/Apr/2026:16:23:09 +0300] "GET /wp-content/plugins/all-in-one-seo-pack/dist/Lite/assets/js/links.23796d97.js HTTP/2" 200 46535 "https://serhatburke.miroglu.net/wp-admin/edit.php?post_type=page" "Mozilla/5.0 (Windows NT 10.0; Win64; x64) AppleWebKit/537.36 (KHTML, like Gecko) Chrome/147.0.0.0 Safari/537.36"
196.16.5.214 - - [30/Apr/2026:16:23:09 +0300] "GET /wp-content/plugins/all-in-one-seo-pack/dist/Lite/assets/js/vue.runtime.esm-bundler.b39e1078.js HTTP/2" 200 39772 "https://serhatburke.miroglu.net/wp-admin/edit.php?post_type=page" "Mozilla/5.0 (Windows NT 10.0; Win64; x64) AppleWebKit/537.36 (KHTML, like Gecko) Chrome/147.0.0.0 Safari/537.36"
196.16.5.214 - - [30/Apr/2026:16:23:09 +0300] "GET /wp-content/plugins/all-in-one-seo-pack/dist/Lite/assets/js/translations.6e7b2383.js HTTP/2" 200 339 "https://serhatburke.miroglu.net/wp-admin/edit.php?post_type=page" "Mozilla/5.0 (Windows NT 10.0; Win64; x64) AppleWebKit/537.36 (KHTML, like Gecko) Chrome/147.0.0.0 Safari/537.36"
196.16.5.214 - - [30/Apr/2026:16:23:09 +0300] "GET /wp-content/plugins/all-in-one-seo-pack/dist/Lite/assets/js/isArrayLikeObject.22a096cb.js HTTP/2" 200 14929 "https://serhatburke.miroglu.net/wp-admin/edit.php?post_type=page" "Mozilla/5.0 (Windows NT 10.0; Win64; x64) AppleWebKit/537.36 (KHTML, like Gecko) Chrome/147.0.0.0 Safari/537.36"
196.16.5.214 - - [30/Apr/2026:16:23:09 +0300] "GET /wp-content/plugins/all-in-one-seo-pack/dist/Lite/assets/js/default-i18n.3881921e.js HTTP/2" 200 4578 "https://serhatburke.miroglu.net/wp-admin/edit.php?post_type=page" "Mozilla/5.0 (Windows NT 10.0; Win64; x64) AppleWebKit/537.36 (KHTML, like Gecko) Chrome/147.0.0.0 Safari/537.36"
196.16.5.214 - - [30/Apr/2026:16:23:09 +0300] "GET /wp-content/plugins/all-in-one-seo-pack/dist/Lite/assets/js/index.cfe09a50.js HTTP/2" 200 7079 "https://serhatburke.miroglu.net/wp-admin/edit.php?post_type=page" "Mozilla/5.0 (Windows NT 10.0; Win64; x64) AppleWebKit/537.36 (KHTML, like Gecko) Chrome/147.0.0.0 Safari/537.36"
196.16.5.214 - - [30/Apr/2026:16:23:09 +0300] "GET /wp-content/plugins/all-in-one-seo-pack/dist/Lite/assets/js/index.0b123ab1.js HTTP/2" 200 29 "https://serhatburke.miroglu.net/wp-admin/edit.php?post_type=page" "Mozilla/5.0 (Windows NT 10.0; Win64; x64) AppleWebKit/537.36 (KHTML, like Gecko) Chrome/147.0.0.0 Safari/537.36"
196.16.5.214 - - [30/Apr/2026:16:23:09 +0300] "GET /wp-content/plugins/all-in-one-seo-pack/dist/Lite/assets/css/main.9b3d2e28.css?ver=4.4.4 HTTP/2" 200 470 "https://serhatburke.miroglu.net/wp-admin/edit.php?post_type=page" "Mozilla/5.0 (Windows NT 10.0; Win64; x64) AppleWebKit/537.36 (KHTML, like Gecko) Chrome/147.0.0.0 Safari/537.36"
196.16.5.214 - - [30/Apr/2026:16:23:09 +0300] "GET /wp-content/plugins/all-in-one-seo-pack/dist/Lite/assets/css/Index.05ebc121.css?ver=4.4.4 HTTP/2" 200 1148 "https://serhatburke.miroglu.net/wp-admin/edit.php?post_type=page" "Mozilla/5.0 (Windows NT 10.0; Win64; x64) AppleWebKit/537.36 (KHTML, like Gecko) Chrome/147.0.0.0 Safari/537.36"
196.16.5.214 - - [30/Apr/2026:16:23:09 +0300] "GET /wp-content/plugins/all-in-one-seo-pack/dist/Lite/assets/css/ScoreButton.30a33f11.css?ver=4.4.4 HTTP/2" 200 271 "https://serhatburke.miroglu.net/wp-admin/edit.php?post_type=page" "Mozilla/5.0 (Windows NT 10.0; Win64; x64) AppleWebKit/537.36 (KHTML, like Gecko) Chrome/147.0.0.0 Safari/537.36"
196.16.5.214 - - [30/Apr/2026:16:23:09 +0300] "GET /wp-content/plugins/all-in-one-seo-pack/dist/Lite/assets/css/main.2ac0cc67.css?ver=4.4.4 HTTP/2" 200 271 "https://serhatburke.miroglu.net/wp-admin/edit.php?post_type=page" "Mozilla/5.0 (Windows NT 10.0; Win64; x64) AppleWebKit/537.36 (KHTML, like Gecko) Chrome/147.0.0.0 Safari/537.36"
196.16.5.214 - - [30/Apr/2026:16:23:09 +0300] "GET /wp-content/plugins/google-analytics-for-wordpress/lite/assets/admin-bar/insights.css?ver=2285a9c504aa37d29a57 HTTP/2" 200 1347 "https://serhatburke.miroglu.net/wp-admin/edit.php?post_type=page" "Mozilla/5.0 (Windows NT 10.0; Win64; x64) AppleWebKit/537.36 (KHTML, like Gecko) Chrome/147.0.0.0 Safari/537.36"
196.16.5.214 - - [30/Apr/2026:16:23:09 +0300] "GET /wp-content/plugins/all-in-one-seo-pack/dist/Lite/assets/css/index.f13cbef6.css?ver=4.4.4 HTTP/2" 200 3697 "https://serhatburke.miroglu.net/wp-admin/edit.php?post_type=page" "Mozilla/5.0 (Windows NT 10.0; Win64; x64) AppleWebKit/537.36 (KHTML, like Gecko) Chrome/147.0.0.0 Safari/537.36"
196.16.5.214 - - [30/Apr/2026:16:23:09 +0300] "GET /wp-content/plugins/all-in-one-seo-pack/dist/Lite/assets/css/Index.518f837a.css?ver=4.4.4 HTTP/2" 200 857 "https://serhatburke.miroglu.net/wp-admin/edit.php?post_type=page" "Mozilla/5.0 (Windows NT 10.0; Win64; x64) AppleWebKit/537.36 (KHTML, like Gecko) Chrome/147.0.0.0 Safari/537.36"
196.16.5.214 - - [30/Apr/2026:16:23:09 +0300] "GET /wp-content/plugins/all-in-one-seo-pack/dist/Lite/assets/css/Caret.82e4ef18.css?ver=4.4.4 HTTP/2" 200 957 "https://serhatburke.miroglu.net/wp-admin/edit.php?post_type=page" "Mozilla/5.0 (Windows NT 10.0; Win64; x64) AppleWebKit/537.36 (KHTML, like Gecko) Chrome/147.0.0.0 Safari/537.36"
196.16.5.214 - - [30/Apr/2026:16:23:09 +0300] "GET /wp-content/plugins/wpforms-lite/assets/lite/css/admin/edit-post-education.min.css?ver=1.8.3.1 HTTP/2" 200 542 "https://serhatburke.miroglu.net/wp-admin/edit.php?post_type=page" "Mozilla/5.0 (Windows NT 10.0; Win64; x64) AppleWebKit/537.36 (KHTML, like Gecko) Chrome/147.0.0.0 Safari/537.36"
196.16.5.214 - - [30/Apr/2026:16:23:09 +0300] "GET /wp-content/plugins/all-in-one-seo-pack/dist/Lite/assets/js/index.0eabb636.js HTTP/2" 200 19431 "https://serhatburke.miroglu.net/wp-admin/edit.php?post_type=page" "Mozilla/5.0 (Windows NT 10.0; Win64; x64) AppleWebKit/537.36 (KHTML, like Gecko) Chrome/147.0.0.0 Safari/537.36"
196.16.5.214 - - [30/Apr/2026:16:23:09 +0300] "GET /wp-content/plugins/all-in-one-seo-pack/dist/Lite/assets/js/postContent.dbf3451c.js HTTP/2" 200 5352 "https://serhatburke.miroglu.net/wp-admin/edit.php?post_type=page" "Mozilla/5.0 (Windows NT 10.0; Win64; x64) AppleWebKit/537.36 (KHTML, like Gecko) Chrome/147.0.0.0 Safari/537.36"
196.16.5.214 - - [30/Apr/2026:16:23:09 +0300] "GET /wp-content/plugins/all-in-one-seo-pack/dist/Lite/assets/css/Row.d88b2bb9.css?ver=4.4.4 HTTP/2" 200 2005 "https://serhatburke.miroglu.net/wp-admin/edit.php?post_type=page" "Mozilla/5.0 (Windows NT 10.0; Win64; x64) AppleWebKit/537.36 (KHTML, like Gecko) Chrome/147.0.0.0 Safari/537.36"
196.16.5.214 - - [30/Apr/2026:16:23:09 +0300] "GET /wp-content/plugins/all-in-one-seo-pack/dist/Lite/assets/js/elemLoaded.9a6eb745.js HTTP/2" 200 149 "https://serhatburke.miroglu.net/wp-admin/edit.php?post_type=page" "Mozilla/5.0 (Windows NT 10.0; Win64; x64) AppleWebKit/537.36 (KHTML, like Gecko) Chrome/147.0.0.0 Safari/537.36"
196.16.5.214 - - [30/Apr/2026:16:23:09 +0300] "GET /wp-content/plugins/all-in-one-seo-pack/dist/Lite/assets/js/allowed.2026f6fd.js HTTP/2" 200 160 "https://serhatburke.miroglu.net/wp-admin/edit.php?post_type=page" "Mozilla/5.0 (Windows NT 10.0; Win64; x64) AppleWebKit/537.36 (KHTML, like Gecko) Chrome/147.0.0.0 Safari/537.36"
196.16.5.214 - - [30/Apr/2026:16:23:09 +0300] "GET /wp-content/plugins/all-in-one-seo-pack/dist/Lite/assets/js/TruSeoScore.29220195.js HTTP/2" 200 414 "https://serhatburke.miroglu.net/wp-admin/edit.php?post_type=page" "Mozilla/5.0 (Windows NT 10.0; Win64; x64) AppleWebKit/537.36 (KHTML, like Gecko) Chrome/147.0.0.0 Safari/537.36"
196.16.5.214 - - [30/Apr/2026:16:23:09 +0300] "GET /wp-content/plugins/all-in-one-seo-pack/dist/Lite/assets/js/constants.1758f66e.js HTTP/2" 200 14129 "https://serhatburke.miroglu.net/wp-admin/edit.php?post_type=page" "Mozilla/5.0 (Windows NT 10.0; Win64; x64) AppleWebKit/537.36 (KHTML, like Gecko) Chrome/147.0.0.0 Safari/537.36"
196.16.5.214 - - [30/Apr/2026:16:23:09 +0300] "GET /wp-content/plugins/all-in-one-seo-pack/dist/Lite/assets/js/Caret.164d8058.js HTTP/2" 200 1705 "https://serhatburke.miroglu.net/wp-admin/edit.php?post_type=page" "Mozilla/5.0 (Windows NT 10.0; Win64; x64) AppleWebKit/537.36 (KHTML, like Gecko) Chrome/147.0.0.0 Safari/537.36"
196.16.5.214 - - [30/Apr/2026:16:23:09 +0300] "GET /wp-content/plugins/all-in-one-seo-pack/dist/Lite/assets/js/html.e224f763.js HTTP/2" 200 495 "https://serhatburke.miroglu.net/wp-admin/edit.php?post_type=page" "Mozilla/5.0 (Windows NT 10.0; Win64; x64) AppleWebKit/537.36 (KHTML, like Gecko) Chrome/147.0.0.0 Safari/537.36"
196.16.5.214 - - [30/Apr/2026:16:23:09 +0300] "GET /wp-content/plugins/all-in-one-seo-pack/dist/Lite/assets/js/ScoreButton.a48abfb2.js HTTP/2" 200 346 "https://serhatburke.miroglu.net/wp-admin/edit.php?post_type=page" "Mozilla/5.0 (Windows NT 10.0; Win64; x64) AppleWebKit/537.36 (KHTML, like Gecko) Chrome/147.0.0.0 Safari/537.36"
196.16.5.214 - - [30/Apr/2026:16:23:09 +0300] "GET /wp-content/plugins/all-in-one-seo-pack/dist/Lite/assets/js/cleanForSlug.383040f4.js HTTP/2" 200 1039 "https://serhatburke.miroglu.net/wp-admin/edit.php?post_type=page" "Mozilla/5.0 (Windows NT 10.0; Win64; x64) AppleWebKit/537.36 (KHTML, like Gecko) Chrome/147.0.0.0 Safari/537.36"
196.16.5.214 - - [30/Apr/2026:16:23:09 +0300] "GET /wp-content/plugins/all-in-one-seo-pack/dist/Lite/assets/js/toString.0891eb3e.js HTTP/2" 200 311 "https://serhatburke.miroglu.net/wp-admin/edit.php?post_type=page" "Mozilla/5.0 (Windows NT 10.0; Win64; x64) AppleWebKit/537.36 (KHTML, like Gecko) Chrome/147.0.0.0 Safari/537.36"
196.16.5.214 - - [30/Apr/2026:16:23:09 +0300] "GET /wp-content/plugins/all-in-one-seo-pack/dist/Lite/assets/js/_baseTrim.8725856f.js HTTP/2" 200 165 "https://serhatburke.miroglu.net/wp-admin/edit.php?post_type=page" "Mozilla/5.0 (Windows NT 10.0; Win64; x64) AppleWebKit/537.36 (KHTML, like Gecko) Chrome/147.0.0.0 Safari/537.36"
196.16.5.214 - - [30/Apr/2026:16:23:09 +0300] "GET /wp-content/plugins/all-in-one-seo-pack/dist/Lite/assets/js/_stringToArray.4de3b1f3.js HTTP/2" 200 485 "https://serhatburke.miroglu.net/wp-admin/edit.php?post_type=page" "Mozilla/5.0 (Windows NT 10.0; Win64; x64) AppleWebKit/537.36 (KHTML, like Gecko) Chrome/147.0.0.0 Safari/537.36"
196.16.5.214 - - [30/Apr/2026:16:23:09 +0300] "GET /wp-content/plugins/all-in-one-seo-pack/dist/Lite/assets/js/get.ebf1fee6.js HTTP/2" 200 728 "https://serhatburke.miroglu.net/wp-admin/edit.php?post_type=page" "Mozilla/5.0 (Windows NT 10.0; Win64; x64) AppleWebKit/537.36 (KHTML, like Gecko) Chrome/147.0.0.0 Safari/537.36"
196.16.5.214 - - [30/Apr/2026:16:23:09 +0300] "GET /wp-admin/load-scripts.php?c=1&load%5Bchunk_0%5D=jquery-core,jquery-migrate,utils&ver=6.3.8 HTTP/2" 200 36096 "https://serhatburke.miroglu.net/wp-admin/edit.php?post_type=page" "Mozilla/5.0 (Windows NT 10.0; Win64; x64) AppleWebKit/537.36 (KHTML, like Gecko) Chrome/147.0.0.0 Safari/537.36"
196.16.5.214 - - [30/Apr/2026:16:23:09 +0300] "GET /wp-admin/load-styles.php?c=1&dir=ltr&load%5Bchunk_0%5D=dashicons,admin-bar,common,forms,admin-menu,dashboard,list-tables,edit,revisions,media,themes,about,nav-menus,wp-pointer,widgets&load%5Bchunk_1%5D=,site-icon,l10n,buttons,wp-auth-check,wp-components&ver=6.3.8 HTTP/2" 200 113847 "https://serhatburke.miroglu.net/wp-admin/edit.php?post_type=page" "Mozilla/5.0 (Windows NT 10.0; Win64; x64) AppleWebKit/537.36 (KHTML, like Gecko) Chrome/147.0.0.0 Safari/537.36"
196.16.5.214 - - [30/Apr/2026:16:23:10 +0300] "GET /wp-content/plugins/js_composer/assets/vc/logo/wpb-logo-white_32.svg HTTP/2" 200 713 "https://serhatburke.miroglu.net/wp-admin/edit.php?post_type=page" "Mozilla/5.0 (Windows NT 10.0; Win64; x64) AppleWebKit/537.36 (KHTML, like Gecko) Chrome/147.0.0.0 Safari/537.36"
196.16.5.214 - - [30/Apr/2026:16:23:10 +0300] "GET /wp-content/plugins/wp-file-manager/images/wp_file_manager.svg HTTP/2" 200 1199 "https://serhatburke.miroglu.net/wp-admin/edit.php?post_type=page" "Mozilla/5.0 (Windows NT 10.0; Win64; x64) AppleWebKit/537.36 (KHTML, like Gecko) Chrome/147.0.0.0 Safari/537.36"
196.16.5.214 - - [30/Apr/2026:16:23:10 +0300] "GET /wp-content/plugins/google-analytics-for-wordpress/assets/images/monsterinsights-notice-box-logo.svg HTTP/2" 200 6163 "https://serhatburke.miroglu.net/wp-admin/edit.php?post_type=page" "Mozilla/5.0 (Windows NT 10.0; Win64; x64) AppleWebKit/537.36 (KHTML, like Gecko) Chrome/147.0.0.0 Safari/537.36"
196.16.5.214 - - [30/Apr/2026:16:21:25 +0300] "GET /wp-admin/edit.php?post_type=page HTTP/2" 200 26920 "-" "Mozilla/5.0 (Windows NT 10.0; Win64; x64) AppleWebKit/537.36 (KHTML, like Gecko) Chrome/147.0.0.0 Safari/537.36"
52.167.144.211 - - [30/Apr/2026:16:22:29 +0300] "GET /post_tag-sitemap.xml HTTP/2" 200 0 "-" "Mozilla/5.0 AppleWebKit/537.36 (KHTML, like Gecko; compatible; bingbot/2.0; +http://www.bing.com/bingbot.htm) Chrome/116.0.1938.76 Safari/537.36"
200.25.47.108 - - [30/Apr/2026:16:21:40 +0300] "POST /xmlrpc.php HTTP/1.1" 500 745 "-" "Mozilla/5.0 (Windows NT 10.0; Win64; x64) AppleWebKit/537.36 (KHTML, like Gecko) Chrome/114.0.0.0 Safari/537.36"
185.216.113.70 - - [30/Apr/2026:16:23:44 +0300] "POST /wp-cron.php?doing_wp_cron=1777555424.6510999202728271484375 HTTP/1.1" 200 448 "-" "WordPress/6.3.8; https://serhatburke.miroglu.net"
96.44.167.86 - - [30/Apr/2026:16:21:49 +0300] "POST /xmlrpc.php HTTP/1.1" 500 1102 "-" "Mozilla/5.0 (Windows NT 10.0; Win64; x64) AppleWebKit/537.36 (KHTML, like Gecko) Chrome/114.0.0.0 Safari/537.36"
185.216.113.70 - - [30/Apr/2026:16:23:51 +0300] "POST /wp-cron.php?doing_wp_cron=1777555431.2409930229187011718750 HTTP/1.1" 200 448 "-" "WordPress/6.3.8; https://serhatburke.miroglu.net"
96.44.167.86 - - [30/Apr/2026:16:21:51 +0300] "POST /xmlrpc.php HTTP/1.1" 500 745 "-" "Mozilla/5.0 (Windows NT 10.0; Win64; x64) AppleWebKit/537.36 (KHTML, like Gecko) Chrome/114.0.0.0 Safari/537.36"
57.128.22.95 - - [30/Apr/2026:16:23:06 +0300] "GET /28563-2/ HTTP/1.1" 200 0 "-" "Mozilla/5.0 (compatible; Googlebot/2.1; +http://www.google.com/bot.html)"
96.44.167.86 - - [30/Apr/2026:16:22:15 +0300] "POST /xmlrpc.php HTTP/1.1" 500 745 "-" "Mozilla/5.0 (Windows NT 10.0; Win64; x64) AppleWebKit/537.36 (KHTML, like Gecko) Chrome/114.0.0.0 Safari/537.36"
103.219.169.226 - - [30/Apr/2026:16:22:44 +0300] "GET /?p=146226 HTTP/1.1" 500 745 "-" "Mozilla/5.0 (Windows NT 10.0; Win64; x64) AppleWebKit/537.36 (KHTML, like Gecko) Chrome/123.0.0.0 Safari/537.36 OPR/109.0.0.0"
96.44.167.86 - - [30/Apr/2026:16:22:44 +0300] "GET /?p=146229 HTTP/1.1" 500 745 "-" "Mozilla/5.0 (Windows NT 10.0; rv:109.0) Gecko/20100101 Firefox/115.0"
185.216.113.70 - - [30/Apr/2026:16:24:49 +0300] "POST /wp-cron.php?doing_wp_cron=1777555489.4594979286193847656250 HTTP/1.1" 200 448 "-" "WordPress/6.3.8; https://serhatburke.miroglu.net"
96.44.167.86 - - [30/Apr/2026:16:23:18 +0300] "POST /xmlrpc.php HTTP/1.1" 500 1102 "-" "Mozilla/5.0 (Windows NT 10.0; Win64; x64) AppleWebKit/537.36 (KHTML, like Gecko) Chrome/114.0.0.0 Safari/537.36"
185.216.113.70 - - [30/Apr/2026:16:24:51 +0300] "POST /wp-cron.php?doing_wp_cron=1777555491.4379079341888427734375 HTTP/1.1" 200 448 "-" "WordPress/6.3.8; https://serhatburke.miroglu.net"
185.216.113.70 - - [30/Apr/2026:16:24:52 +0300] "POST /wp-cron.php?doing_wp_cron=1777555492.2463650703430175781250 HTTP/1.1" 200 448 "-" "WordPress/6.3.8; https://serhatburke.miroglu.net"
185.216.113.70 - - [30/Apr/2026:16:25:05 +0300] "POST /wp-cron.php?doing_wp_cron=1777555505.0456190109252929687500 HTTP/1.1" 200 448 "-" "WordPress/6.3.8; https://serhatburke.miroglu.net"
96.44.167.86 - - [30/Apr/2026:16:23:34 +0300] "POST /xmlrpc.php HTTP/1.1" 200 11877 "-" "Mozilla/5.0 (Windows NT 10.0; Win64; x64) AppleWebKit/537.36 (KHTML, like Gecko) Chrome/114.0.0.0 Safari/537.36"
185.216.113.70 - - [30/Apr/2026:16:25:16 +0300] "POST /wp-cron.php?doing_wp_cron=1777555515.9492180347442626953125 HTTP/1.1" 200 448 "-" "WordPress/6.3.8; https://serhatburke.miroglu.net"
200.25.47.108 - - [30/Apr/2026:16:23:25 +0300] "POST /xmlrpc.php HTTP/1.1" 200 9710 "-" "Mozilla/5.0 (Windows NT 10.0; Win64; x64) AppleWebKit/537.36 (KHTML, like Gecko) Chrome/114.0.0.0 Safari/537.36"
185.216.113.70 - - [30/Apr/2026:16:25:19 +0300] "POST /wp-cron.php?doing_wp_cron=1777555519.7377378940582275390625 HTTP/1.1" 200 448 "-" "WordPress/6.3.8; https://serhatburke.miroglu.net"
96.44.167.86 - - [30/Apr/2026:16:23:31 +0300] "POST /xmlrpc.php HTTP/1.1" 500 1102 "-" "Mozilla/5.0 (Windows NT 10.0; Win64; x64) AppleWebKit/537.36 (KHTML, like Gecko) Chrome/114.0.0.0 Safari/537.36"
185.216.113.70 - - [30/Apr/2026:16:25:48 +0300] "POST /wp-cron.php?doing_wp_cron=1777555547.7559049129486083984375 HTTP/1.1" 200 448 "-" "WordPress/6.3.8; https://serhatburke.miroglu.net"
96.44.167.86 - - [30/Apr/2026:16:24:00 +0300] "POST /xmlrpc.php HTTP/1.1" 200 11832 "-" "Mozilla/5.0 (Windows NT 10.0; Win64; x64) AppleWebKit/537.36 (KHTML, like Gecko) Chrome/114.0.0.0 Safari/537.36"
185.216.113.70 - - [30/Apr/2026:16:25:51 +0300] "POST /wp-cron.php?doing_wp_cron=1777555550.9402770996093750000000 HTTP/1.1" 200 448 "-" "WordPress/6.3.8; https://serhatburke.miroglu.net"
96.44.167.86 - - [30/Apr/2026:16:24:24 +0300] "POST /xmlrpc.php HTTP/1.1" 200 861 "-" "Mozilla/5.0 (Windows NT 10.0; Win64; x64) AppleWebKit/537.36 (KHTML, like Gecko) Chrome/114.0.0.0 Safari/537.36"
45.89.242.159 - - [30/Apr/2026:16:24:51 +0300] "POST /xmlrpc.php HTTP/1.1" 200 0 "-" "Mozilla/5.0 (Windows NT 10.0; WOW64) AppleWebKit/537.36 (KHTML, like Gecko) Chrome/114.0.0.0 YaBrowser/22.7.0 Yowser/2.5 Safari/537.36"
185.216.113.70 - - [30/Apr/2026:16:25:55 +0300] "POST /wp-cron.php?doing_wp_cron=1777555554.8377509117126464843750 HTTP/1.1" 200 448 "-" "WordPress/6.3.8; https://serhatburke.miroglu.net"
103.219.169.226 - - [30/Apr/2026:16:24:24 +0300] "POST /xmlrpc.php HTTP/1.1" 200 861 "-" "Mozilla/5.0 (Windows NT 10.0; Win64; x64) AppleWebKit/537.36 (KHTML, like Gecko) Chrome/114.0.0.0 Safari/537.36"
197.245.75.250 - - [30/Apr/2026:16:25:48 +0300] "POST /xmlrpc.php HTTP/2" 200 0 "-" "WordPress/XMLRPC Client"
185.216.113.70 - - [30/Apr/2026:16:26:30 +0300] "POST /wp-cron.php?doing_wp_cron=1777555590.2794830799102783203125 HTTP/1.1" 200 448 "-" "WordPress/6.3.8; https://serhatburke.miroglu.net"
196.16.5.214 - - [30/Apr/2026:16:24:52 +0300] "GET /wp-admin/edit.php?s=Lorem+Ipsum&post_status=all&post_type=page&_wpnonce=d2776890b0&_wp_http_referer=%2Fwp-admin%2Fedit.php%3Fpost_type%3Dpage&action=-1&m=0&paged=1&action2=-1 HTTP/2" 302 0 "https://serhatburke.miroglu.net/wp-admin/edit.php?post_type=page" "Mozilla/5.0 (Windows NT 10.0; Win64; x64) AppleWebKit/537.36 (KHTML, like Gecko) Chrome/147.0.0.0 Safari/537.36"
185.216.113.70 - - [30/Apr/2026:16:26:37 +0300] "POST /wp-cron.php?doing_wp_cron=1777555597.2539069652557373046875 HTTP/1.1" 200 448 "-" "WordPress/6.3.8; https://serhatburke.miroglu.net"
96.44.167.86 - - [30/Apr/2026:16:24:48 +0300] "POST /xmlrpc.php HTTP/1.1" 500 1102 "-" "Mozilla/5.0 (Windows NT 10.0; Win64; x64) AppleWebKit/537.36 (KHTML, like Gecko) Chrome/114.0.0.0 Safari/537.36"
185.216.113.70 - - [30/Apr/2026:16:26:44 +0300] "POST /wp-cron.php?doing_wp_cron=1777555604.1604199409484863281250 HTTP/1.1" 200 448 "-" "WordPress/6.3.8; https://serhatburke.miroglu.net"
200.25.47.108 - - [30/Apr/2026:16:25:05 +0300] "GET /?p=146233 HTTP/1.1" 301 642 "-" "Mozilla/5.0 (Windows NT 10.0; Win64; x64) AppleWebKit/537.36 (KHTML, like Gecko) Chrome/122.0.0.0 Safari/537.36"
83.142.53.125 - - [30/Apr/2026:16:26:19 +0300] "POST /xmlrpc.php HTTP/2" 200 0 "-" "WordPress/XMLRPC Client"
185.216.113.70 - - [30/Apr/2026:16:26:51 +0300] "POST /wp-cron.php?doing_wp_cron=1777555611.7584619522094726562500 HTTP/1.1" 200 448 "-" "WordPress/6.3.8; https://serhatburke.miroglu.net"
185.216.113.70 - - [30/Apr/2026:16:24:54 +0300] "POST /wp-admin/admin-ajax.php?action=as_async_request_queue_runner&nonce=3133c52d21 HTTP/1.1" 500 745 "-" "WordPress/6.3.8; https://serhatburke.miroglu.net"
185.216.113.70 - - [30/Apr/2026:16:27:05 +0300] "POST /wp-cron.php?doing_wp_cron=1777555625.0523619651794433593750 HTTP/1.1" 200 448 "-" "WordPress/6.3.8; https://serhatburke.miroglu.net"
96.44.167.86 - - [30/Apr/2026:16:25:07 +0300] "GET /casino-utan-konto-2025-testa-kasino-betspin-villig-svenska-casino-utan-registrering/ HTTP/1.1" 200 77204 "-" "Mozilla/5.0 (Windows NT 10.0; Win64; x64; rv:124.0) Gecko/20100101 Firefox/124.0"
185.216.113.70 - - [30/Apr/2026:16:27:12 +0300] "POST /wp-cron.php?doing_wp_cron=1777555632.1451869010925292968750 HTTP/1.1" 200 448 "-" "WordPress/6.3.8; https://serhatburke.miroglu.net"
96.44.167.86 - - [30/Apr/2026:16:25:40 +0300] "GET /?p=146235 HTTP/1.1" 301 701 "-" "Mozilla/5.0 (Windows NT 10.0; Win64; x64) AppleWebKit/537.36 (KHTML, like Gecko) Chrome/124.0.0.0 Safari/537.36"
170.168.172.175 - - [30/Apr/2026:16:26:50 +0300] "POST /xmlrpc.php HTTP/2" 200 0 "-" "WordPress/XMLRPC Client"
77.69.197.128 - - [30/Apr/2026:16:27:21 +0300] "POST /xmlrpc.php HTTP/2" 200 0 "-" "WordPress/XMLRPC Client"
185.216.113.70 - - [30/Apr/2026:16:28:02 +0300] "POST /wp-cron.php?doing_wp_cron=1777555681.8648459911346435546875 HTTP/1.1" 200 448 "-" "WordPress/6.3.8; https://serhatburke.miroglu.net"
185.216.113.70 - - [30/Apr/2026:16:28:02 +0300] "POST /wp-cron.php?doing_wp_cron=1777555682.8544270992279052734375 HTTP/1.1" 200 448 "-" "WordPress/6.3.8; https://serhatburke.miroglu.net"
196.16.5.214 - - [30/Apr/2026:16:26:31 +0300] "GET /wp-admin/edit.php?s=Lorem+Ipsum&post_status=all&post_type=page&action=-1&m=0&paged=1&action2=-1 HTTP/2" 200 447281 "https://serhatburke.miroglu.net/wp-admin/edit.php?post_type=page" "Mozilla/5.0 (Windows NT 10.0; Win64; x64) AppleWebKit/537.36 (KHTML, like Gecko) Chrome/147.0.0.0 Safari/537.36"
200.25.47.108 - - [30/Apr/2026:16:26:47 +0300] "GET /cherry-kasino-recension-bonus-pa-100-upp-till-500-kr/ HTTP/1.1" 200 74747 "-" "Mozilla/5.0 (Windows NT 10.0; Win64; x64) AppleWebKit/537.36 (KHTML, like Gecko) Chrome/122.0.0.0 Safari/537.36"
196.16.5.214 - - [30/Apr/2026:16:28:04 +0300] "GET /wp-content/plugins/all-in-one-seo-pack/dist/Lite/assets/notifications.e3899576.js?ver=4.4.4 HTTP/2" 200 688 "https://serhatburke.miroglu.net/wp-admin/edit.php?s=Lorem+Ipsum&post_status=all&post_type=page&action=-1&m=0&paged=1&action2=-1" "Mozilla/5.0 (Windows NT 10.0; Win64; x64) AppleWebKit/537.36 (KHTML, like Gecko) Chrome/147.0.0.0 Safari/537.36"
196.16.5.214 - - [30/Apr/2026:16:28:04 +0300] "GET /wp-content/plugins/all-in-one-seo-pack/dist/Lite/assets/app.7d8c6b04.js?ver=4.4.4 HTTP/2" 200 456 "https://serhatburke.miroglu.net/wp-admin/edit.php?s=Lorem+Ipsum&post_status=all&post_type=page&action=-1&m=0&paged=1&action2=-1" "Mozilla/5.0 (Windows NT 10.0; Win64; x64) AppleWebKit/537.36 (KHTML, like Gecko) Chrome/147.0.0.0 Safari/537.36"
196.16.5.214 - - [30/Apr/2026:16:28:04 +0300] "GET /wp-includes/js/dist/i18n.min.js?ver=7701b0c3857f914212ef HTTP/2" 200 3568 "https://serhatburke.miroglu.net/wp-admin/edit.php?s=Lorem+Ipsum&post_status=all&post_type=page&action=-1&m=0&paged=1&action2=-1" "Mozilla/5.0 (Windows NT 10.0; Win64; x64) AppleWebKit/537.36 (KHTML, like Gecko) Chrome/147.0.0.0 Safari/537.36"
196.16.5.214 - - [30/Apr/2026:16:28:04 +0300] "GET /wp-admin/js/common.min.js?ver=6.3.8 HTTP/2" 200 6355 "https://serhatburke.miroglu.net/wp-admin/edit.php?s=Lorem+Ipsum&post_status=all&post_type=page&action=-1&m=0&paged=1&action2=-1" "Mozilla/5.0 (Windows NT 10.0; Win64; x64) AppleWebKit/537.36 (KHTML, like Gecko) Chrome/147.0.0.0 Safari/537.36"
196.16.5.214 - - [30/Apr/2026:16:28:04 +0300] "GET /wp-includes/js/hoverintent-js.min.js?ver=2.2.1 HTTP/2" 200 665 "https://serhatburke.miroglu.net/wp-admin/edit.php?s=Lorem+Ipsum&post_status=all&post_type=page&action=-1&m=0&paged=1&action2=-1" "Mozilla/5.0 (Windows NT 10.0; Win64; x64) AppleWebKit/537.36 (KHTML, like Gecko) Chrome/147.0.0.0 Safari/537.36"
196.16.5.214 - - [30/Apr/2026:16:28:04 +0300] "GET /wp-includes/js/admin-bar.min.js?ver=6.3.8 HTTP/2" 200 1264 "https://serhatburke.miroglu.net/wp-admin/edit.php?s=Lorem+Ipsum&post_status=all&post_type=page&action=-1&m=0&paged=1&action2=-1" "Mozilla/5.0 (Windows NT 10.0; Win64; x64) AppleWebKit/537.36 (KHTML, like Gecko) Chrome/147.0.0.0 Safari/537.36"
196.16.5.214 - - [30/Apr/2026:16:28:04 +0300] "GET /wp-includes/js/jquery/ui/core.min.js?ver=1.13.2 HTTP/2" 200 6801 "https://serhatburke.miroglu.net/wp-admin/edit.php?s=Lorem+Ipsum&post_status=all&post_type=page&action=-1&m=0&paged=1&action2=-1" "Mozilla/5.0 (Windows NT 10.0; Win64; x64) AppleWebKit/537.36 (KHTML, like Gecko) Chrome/147.0.0.0 Safari/537.36"
196.16.5.214 - - [30/Apr/2026:16:28:04 +0300] "GET /wp-admin/load-scripts.php?c=1&load%5Bchunk_0%5D=hoverIntent,wp-polyfill-inert,regenerator-runtime,wp-polyfill,wp-hooks&ver=6.3.8 HTTP/2" 200 12563 "https://serhatburke.miroglu.net/wp-admin/edit.php?s=Lorem+Ipsum&post_status=all&post_type=page&action=-1&m=0&paged=1&action2=-1" "Mozilla/5.0 (Windows NT 10.0; Win64; x64) AppleWebKit/537.36 (KHTML, like Gecko) Chrome/147.0.0.0 Safari/537.36"
196.16.5.214 - - [30/Apr/2026:16:28:04 +0300] "GET /wp-content/plugins/all-in-one-seo-pack/dist/Lite/assets/posts-table.602b474c.js?ver=4.4.4 HTTP/2" 200 3015 "https://serhatburke.miroglu.net/wp-admin/edit.php?s=Lorem+Ipsum&post_status=all&post_type=page&action=-1&m=0&paged=1&action2=-1" "Mozilla/5.0 (Windows NT 10.0; Win64; x64) AppleWebKit/537.36 (KHTML, like Gecko) Chrome/147.0.0.0 Safari/537.36"
196.16.5.214 - - [30/Apr/2026:16:28:04 +0300] "GET /wp-includes/js/jquery/ui/menu.min.js?ver=1.13.2 HTTP/2" 200 2883 "https://serhatburke.miroglu.net/wp-admin/edit.php?s=Lorem+Ipsum&post_status=all&post_type=page&action=-1&m=0&paged=1&action2=-1" "Mozilla/5.0 (Windows NT 10.0; Win64; x64) AppleWebKit/537.36 (KHTML, like Gecko) Chrome/147.0.0.0 Safari/537.36"
196.16.5.214 - - [30/Apr/2026:16:28:04 +0300] "GET /wp-includes/js/dist/dom-ready.min.js?ver=392bdd43726760d1f3ca HTTP/2" 200 281 "https://serhatburke.miroglu.net/wp-admin/edit.php?s=Lorem+Ipsum&post_status=all&post_type=page&action=-1&m=0&paged=1&action2=-1" "Mozilla/5.0 (Windows NT 10.0; Win64; x64) AppleWebKit/537.36 (KHTML, like Gecko) Chrome/147.0.0.0 Safari/537.36"
196.16.5.214 - - [30/Apr/2026:16:28:04 +0300] "GET /wp-includes/js/jquery/ui/autocomplete.min.js?ver=1.13.2 HTTP/2" 200 2677 "https://serhatburke.miroglu.net/wp-admin/edit.php?s=Lorem+Ipsum&post_status=all&post_type=page&action=-1&m=0&paged=1&action2=-1" "Mozilla/5.0 (Windows NT 10.0; Win64; x64) AppleWebKit/537.36 (KHTML, like Gecko) Chrome/147.0.0.0 Safari/537.36"
196.16.5.214 - - [30/Apr/2026:16:28:05 +0300] "GET /wp-admin/js/tags-suggest.min.js?ver=6.3.8 HTTP/2" 200 964 "https://serhatburke.miroglu.net/wp-admin/edit.php?s=Lorem+Ipsum&post_status=all&post_type=page&action=-1&m=0&paged=1&action2=-1" "Mozilla/5.0 (Windows NT 10.0; Win64; x64) AppleWebKit/537.36 (KHTML, like Gecko) Chrome/147.0.0.0 Safari/537.36"
196.16.5.214 - - [30/Apr/2026:16:28:05 +0300] "GET /wp-admin/js/inline-edit-post.min.js?ver=6.3.8 HTTP/2" 200 2868 "https://serhatburke.miroglu.net/wp-admin/edit.php?s=Lorem+Ipsum&post_status=all&post_type=page&action=-1&m=0&paged=1&action2=-1" "Mozilla/5.0 (Windows NT 10.0; Win64; x64) AppleWebKit/537.36 (KHTML, like Gecko) Chrome/147.0.0.0 Safari/537.36"
196.16.5.214 - - [30/Apr/2026:16:28:05 +0300] "GET /wp-includes/js/heartbeat.min.js?ver=6.3.8 HTTP/2" 200 1925 "https://serhatburke.miroglu.net/wp-admin/edit.php?s=Lorem+Ipsum&post_status=all&post_type=page&action=-1&m=0&paged=1&action2=-1" "Mozilla/5.0 (Windows NT 10.0; Win64; x64) AppleWebKit/537.36 (KHTML, like Gecko) Chrome/147.0.0.0 Safari/537.36"
196.16.5.214 - - [30/Apr/2026:16:28:05 +0300] "GET /wp-admin/js/svg-painter.js?ver=6.3.8 HTTP/2" 200 1971 "https://serhatburke.miroglu.net/wp-admin/edit.php?s=Lorem+Ipsum&post_status=all&post_type=page&action=-1&m=0&paged=1&action2=-1" "Mozilla/5.0 (Windows NT 10.0; Win64; x64) AppleWebKit/537.36 (KHTML, like Gecko) Chrome/147.0.0.0 Safari/537.36"
196.16.5.214 - - [30/Apr/2026:16:28:05 +0300] "GET /wp-includes/js/wp-auth-check.min.js?ver=6.3.8 HTTP/2" 200 691 "https://serhatburke.miroglu.net/wp-admin/edit.php?s=Lorem+Ipsum&post_status=all&post_type=page&action=-1&m=0&paged=1&action2=-1" "Mozilla/5.0 (Windows NT 10.0; Win64; x64) AppleWebKit/537.36 (KHTML, like Gecko) Chrome/147.0.0.0 Safari/537.36"
196.16.5.214 - - [30/Apr/2026:16:28:05 +0300] "GET /wp-includes/js/dist/a11y.min.js?ver=7032343a947cfccf5608 HTTP/2" 200 834 "https://serhatburke.miroglu.net/wp-admin/edit.php?s=Lorem+Ipsum&post_status=all&post_type=page&action=-1&m=0&paged=1&action2=-1" "Mozilla/5.0 (Windows NT 10.0; Win64; x64) AppleWebKit/537.36 (KHTML, like Gecko) Chrome/147.0.0.0 Safari/537.36"
196.16.5.214 - - [30/Apr/2026:16:28:05 +0300] "GET /wp-content/plugins/google-analytics-for-wordpress/assets/js/admin-common.min.js?ver=10.1.3 HTTP/2" 200 513 "https://serhatburke.miroglu.net/wp-admin/edit.php?s=Lorem+Ipsum&post_status=all&post_type=page&action=-1&m=0&paged=1&action2=-1" "Mozilla/5.0 (Windows NT 10.0; Win64; x64) AppleWebKit/537.36 (KHTML, like Gecko) Chrome/147.0.0.0 Safari/537.36"
196.16.5.214 - - [30/Apr/2026:16:28:05 +0300] "GET /wp-content/plugins/google-analytics-for-wordpress/assets/js/admin-setup-wizard.js?ver=10.1.3 HTTP/2" 200 738 "https://serhatburke.miroglu.net/wp-admin/edit.php?s=Lorem+Ipsum&post_status=all&post_type=page&action=-1&m=0&paged=1&action2=-1" "Mozilla/5.0 (Windows NT 10.0; Win64; x64) AppleWebKit/537.36 (KHTML, like Gecko) Chrome/147.0.0.0 Safari/537.36"
196.16.5.214 - - [30/Apr/2026:16:28:05 +0300] "GET /wp-content/plugins/wpforms-lite/assets/lite/js/admin/education/lite-connect.min.js?ver=1.8.3.1 HTTP/2" 200 1480 "https://serhatburke.miroglu.net/wp-admin/edit.php?s=Lorem+Ipsum&post_status=all&post_type=page&action=-1&m=0&paged=1&action2=-1" "Mozilla/5.0 (Windows NT 10.0; Win64; x64) AppleWebKit/537.36 (KHTML, like Gecko) Chrome/147.0.0.0 Safari/537.36"
196.16.5.214 - - [30/Apr/2026:16:28:05 +0300] "GET /wp-content/plugins/wpforms-lite/assets/lite/js/admin/edit-post-education.es5.min.js?ver=1.8.3.1 HTTP/2" 200 2087 "https://serhatburke.miroglu.net/wp-admin/edit.php?s=Lorem+Ipsum&post_status=all&post_type=page&action=-1&m=0&paged=1&action2=-1" "Mozilla/5.0 (Windows NT 10.0; Win64; x64) AppleWebKit/537.36 (KHTML, like Gecko) Chrome/147.0.0.0 Safari/537.36"
196.16.5.214 - - [30/Apr/2026:16:28:05 +0300] "GET /wp-includes/js/underscore.min.js?ver=1.13.4 HTTP/2" 200 7179 "https://serhatburke.miroglu.net/wp-admin/edit.php?s=Lorem+Ipsum&post_status=all&post_type=page&action=-1&m=0&paged=1&action2=-1" "Mozilla/5.0 (Windows NT 10.0; Win64; x64) AppleWebKit/537.36 (KHTML, like Gecko) Chrome/147.0.0.0 Safari/537.36"
196.16.5.214 - - [30/Apr/2026:16:28:05 +0300] "GET /wp-includes/js/wp-util.min.js?ver=6.3.8 HTTP/2" 200 693 "https://serhatburke.miroglu.net/wp-admin/edit.php?s=Lorem+Ipsum&post_status=all&post_type=page&action=-1&m=0&paged=1&action2=-1" "Mozilla/5.0 (Windows NT 10.0; Win64; x64) AppleWebKit/537.36 (KHTML, like Gecko) Chrome/147.0.0.0 Safari/537.36"
185.216.113.70 - - [30/Apr/2026:16:28:17 +0300] "POST /wp-cron.php?doing_wp_cron=1777555697.6417109966278076171875 HTTP/1.1" 200 448 "-" "WordPress/6.3.8; https://serhatburke.miroglu.net"
200.25.47.108 - - [30/Apr/2026:16:26:45 +0300] "POST /xmlrpc.php HTTP/1.1" 200 861 "-" "Mozilla/5.0 (Windows NT 10.0; Win64; x64) AppleWebKit/537.36 (KHTML, like Gecko) Chrome/114.0.0.0 Safari/537.36"
187.56.77.175 - - [30/Apr/2026:16:27:53 +0300] "POST /xmlrpc.php HTTP/2" 200 0 "-" "WordPress/XMLRPC Client"
185.216.113.70 - - [30/Apr/2026:16:28:26 +0300] "POST /wp-cron.php?doing_wp_cron=1777555706.1556460857391357421875 HTTP/1.1" 200 448 "-" "WordPress/6.3.8; https://serhatburke.miroglu.net"
96.44.167.86 - - [30/Apr/2026:16:27:20 +0300] "POST /xmlrpc.php HTTP/1.1" 200 861 "-" "Mozilla/5.0 (Windows NT 10.0; Win64; x64) AppleWebKit/537.36 (KHTML, like Gecko) Chrome/114.0.0.0 Safari/537.36"
185.216.113.70 - - [30/Apr/2026:16:28:26 +0300] "POST /wp-cron.php?doing_wp_cron=1777555706.5565559864044189453125 HTTP/1.1" 200 448 "-" "WordPress/6.3.8; https://serhatburke.miroglu.net"
96.44.167.86 - - [30/Apr/2026:16:26:47 +0300] "POST /xmlrpc.php HTTP/1.1" 200 861 "-" "Mozilla/5.0 (Windows NT 10.0; Win64; x64) AppleWebKit/537.36 (KHTML, like Gecko) Chrome/114.0.0.0 Safari/537.36"
185.216.113.70 - - [30/Apr/2026:16:28:29 +0300] "POST /wp-cron.php?doing_wp_cron=1777555709.8718080520629882812500 HTTP/1.1" 200 448 "-" "WordPress/6.3.8; https://serhatburke.miroglu.net"
96.44.167.86 - - [30/Apr/2026:16:27:14 +0300] "GET /svenska-spraket-natcasinon-lista-kvar-ultimat-svenska-spraket-casino-casino-x-kr100-gratissnurr-natcasinon-2026/ HTTP/1.1" 200 77624 "-" "Mozilla/5.0 (Windows NT 10.0; Win64; x64) AppleWebKit/537.36 (KHTML, like Gecko) Chrome/124.0.0.0 Safari/537.36"
196.16.5.214 - - [30/Apr/2026:16:28:05 +0300] "POST /wp-admin/admin-ajax.php HTTP/2" 200 0 "https://serhatburke.miroglu.net/wp-admin/edit.php?s=Lorem+Ipsum&post_status=all&post_type=page&action=-1&m=0&paged=1&action2=-1" "Mozilla/5.0 (Windows NT 10.0; Win64; x64) AppleWebKit/537.36 (KHTML, like Gecko) Chrome/147.0.0.0 Safari/537.36"
196.16.5.214 - - [30/Apr/2026:16:29:03 +0300] "GET /wp-admin/theme-editor.php HTTP/2" 403 26 "-" "Mozilla/5.0 (Windows NT 10.0; Win64; x64) AppleWebKit/537.36 (KHTML, like Gecko) Chrome/147.0.0.0 Safari/537.36"
196.16.5.214 - - [30/Apr/2026:16:28:35 +0300] "POST /wp-admin/admin-ajax.php HTTP/2" 200 0 "https://serhatburke.miroglu.net/wp-admin/edit.php?s=Lorem+Ipsum&post_status=all&post_type=page&action=-1&m=0&paged=1&action2=-1" "Mozilla/5.0 (Windows NT 10.0; Win64; x64) AppleWebKit/537.36 (KHTML, like Gecko) Chrome/147.0.0.0 Safari/537.36"
196.16.5.214 - - [30/Apr/2026:16:29:03 +0300] "GET /favicon.ico HTTP/2" 200 926 "https://serhatburke.miroglu.net/wp-admin/theme-editor.php" "Mozilla/5.0 (Windows NT 10.0; Win64; x64) AppleWebKit/537.36 (KHTML, like Gecko) Chrome/147.0.0.0 Safari/537.36"
128.1.218.169 - - [30/Apr/2026:16:28:36 +0300] "POST /xmlrpc.php HTTP/1.1" 200 630 "-" "Mozilla/5.0 (Windows NT 10.0; Win64; x64) AppleWebKit/537.36 (KHTML, like Gecko) Chrome/114.0.0.0 Safari/537.36"
185.198.243.168 - - [30/Apr/2026:16:28:54 +0300] "POST /xmlrpc.php HTTP/1.1" 200 667 "-" "Mozilla/5.0 (Windows NT 10.0; WOW64) AppleWebKit/537.36 (KHTML, like Gecko) Chrome/114.0.0.0 YaBrowser/22.7.0 Yowser/2.5 Safari/537.36"
178.20.215.55 - - [30/Apr/2026:16:29:10 +0300] "GET / HTTP/2" 200 21328 "-" "Mozilla/5.0 (Macintosh; Intel Mac OS X 10_15_7) AppleWebKit/537.36 (KHTML, like Gecko) Chrome/120.0.0.0 Safari/537.36"
196.16.5.214 - - [30/Apr/2026:16:29:34 +0300] "GET /wp-admin/theme-editor.php HTTP/2" 403 26 "-" "Mozilla/5.0 (Windows NT 10.0; Win64; x64) AppleWebKit/537.36 (KHTML, like Gecko) Chrome/147.0.0.0 Safari/537.36"
38.246.32.195 - - [30/Apr/2026:16:29:18 +0300] "POST /xmlrpc.php HTTP/1.1" 200 630 "-" "Mozilla/5.0 (Windows NT 10.0; Win64; x64) AppleWebKit/537.36 (KHTML, like Gecko) Chrome/114.0.0.0 Safari/537.36"
185.216.113.70 - - [30/Apr/2026:16:29:42 +0300] "POST /wp-cron.php?doing_wp_cron=1777555782.3095519542694091796875 HTTP/1.1" 200 448 "-" "WordPress/6.3.8; https://serhatburke.miroglu.net"
128.1.218.169 - - [30/Apr/2026:16:29:29 +0300] "POST /xmlrpc.php HTTP/1.1" 200 14335 "-" "Mozilla/5.0 (Windows NT 10.0; Win64; x64) AppleWebKit/537.36 (KHTML, like Gecko) Chrome/114.0.0.0 Safari/537.36"
38.246.32.195 - - [30/Apr/2026:16:29:39 +0300] "POST /xmlrpc.php HTTP/1.1" 200 8871 "-" "Mozilla/5.0 (Windows NT 10.0; Win64; x64) AppleWebKit/537.36 (KHTML, like Gecko) Chrome/114.0.0.0 Safari/537.36"
37.27.228.124 - - [30/Apr/2026:16:29:40 +0300] "POST /xmlrpc.php HTTP/1.1" 200 1155 "-" "Mozilla/5.0 (Windows NT 10.0; Win64; x64) AppleWebKit/537.36 (KHTML, like Gecko) Chrome/120.0.0.0 Safari/537.36"
196.16.5.214 - - [30/Apr/2026:16:30:04 +0300] "GET /wp-admin/theme-editor.php HTTP/2" 403 26 "-" "Mozilla/5.0 (Windows NT 10.0; Win64; x64) AppleWebKit/537.36 (KHTML, like Gecko) Chrome/147.0.0.0 Safari/537.36"
128.1.218.169 - - [30/Apr/2026:16:29:43 +0300] "GET /how-to-choose-a-knowledgeable-you-internet-casino-the-real-deal-money-stone-pamper-me-1-deposit-main/ HTTP/1.1" 200 78991 "-" "Mozilla/5.0 (Windows NT 10.0; Win64; x64; rv:124.0) Gecko/20100101 Firefox/124.0"
38.246.32.195 - - [30/Apr/2026:16:30:01 +0300] "GET /del-mismo-modo-que-elevado-dieciocho-y-no-ha-transpirado-rojo-o-en-la-barra-negro-ademas-se-remuneracion-1ningun/ HTTP/1.1" 200 74099 "-" "Mozilla/5.0 (Windows NT 10.0; Win64; x64) AppleWebKit/537.36 (KHTML, like Gecko) Chrome/124.0.0.0 Safari/537.36 Edg/124.0.0.0"
104.194.152.141 - - [30/Apr/2026:16:30:04 +0300] "GET /zotabet-casino-bonus-premier-depot-2026/ HTTP/1.1" 200 19111 "https://serhatburke.miroglu.net/" "Mozilla/5.0 (X11; Fedora; Linux x86_64; rv:114.0) Gecko/20100101 Firefox/114.0"
104.194.152.141 - - [30/Apr/2026:16:30:21 +0300] "GET /wp-includes/css/dist/block-library/style.min.css?ver=6.3.8 HTTP/1.1" 200 13578 "https://serhatburke.miroglu.net/zotabet-casino-bonus-premier-depot-2026/" "Mozilla/5.0 (Windows NT 10.0; Win64; x64) AppleWebKit/537.36 (KHTML, like Gecko) Chrome/143.0.0.0 Safari/537.36"
104.194.152.141 - - [30/Apr/2026:16:30:22 +0300] "GET /wp-content/plugins/contact-form-7/includes/css/styles.css?ver=5.8 HTTP/1.1" 200 1490 "https://serhatburke.miroglu.net/zotabet-casino-bonus-premier-depot-2026/" "Mozilla/5.0 (Windows NT 10.0; Win64; x64) AppleWebKit/537.36 (KHTML, like Gecko) Chrome/143.0.0.0 Safari/537.36"
104.194.152.141 - - [30/Apr/2026:16:30:23 +0300] "GET /wp-content/themes/toppic/css/fontello.css?ver=4.2 HTTP/1.1" 200 1802 "https://serhatburke.miroglu.net/zotabet-casino-bonus-premier-depot-2026/" "Mozilla/5.0 (Windows NT 10.0; Win64; x64) AppleWebKit/537.36 (KHTML, like Gecko) Chrome/143.0.0.0 Safari/537.36"
104.194.152.141 - - [30/Apr/2026:16:30:24 +0300] "GET /wp-content/themes/toppic/css/reset.css?ver=4.2 HTTP/1.1" 200 1178 "https://serhatburke.miroglu.net/zotabet-casino-bonus-premier-depot-2026/" "Mozilla/5.0 (Windows NT 10.0; Win64; x64) AppleWebKit/537.36 (KHTML, like Gecko) Chrome/143.0.0.0 Safari/537.36"
104.194.152.141 - - [30/Apr/2026:16:30:24 +0300] "GET /wp-content/themes/toppic/css/default.css?ver=4.2 HTTP/1.1" 200 1811 "https://serhatburke.miroglu.net/zotabet-casino-bonus-premier-depot-2026/" "Mozilla/5.0 (Windows NT 10.0; Win64; x64) AppleWebKit/537.36 (KHTML, like Gecko) Chrome/143.0.0.0 Safari/537.36"
104.194.152.141 - - [30/Apr/2026:16:30:25 +0300] "GET /wp-content/themes/toppic/style.css?ver=4.2 HTTP/1.1" 200 23398 "https://serhatburke.miroglu.net/zotabet-casino-bonus-premier-depot-2026/" "Mozilla/5.0 (Windows NT 10.0; Win64; x64) AppleWebKit/537.36 (KHTML, like Gecko) Chrome/143.0.0.0 Safari/537.36"
104.194.152.141 - - [30/Apr/2026:16:30:26 +0300] "GET /wp-content/themes/toppic/css/royalslider.css?ver=4.2 HTTP/1.1" 200 1887 "https://serhatburke.miroglu.net/zotabet-casino-bonus-premier-depot-2026/" "Mozilla/5.0 (Windows NT 10.0; Win64; x64) AppleWebKit/537.36 (KHTML, like Gecko) Chrome/143.0.0.0 Safari/537.36"
104.194.152.141 - - [30/Apr/2026:16:30:27 +0300] "GET /wp-content/themes/toppic/css/rs-default.css?ver=4.2 HTTP/1.1" 200 2625 "https://serhatburke.miroglu.net/zotabet-casino-bonus-premier-depot-2026/" "Mozilla/5.0 (Windows NT 10.0; Win64; x64) AppleWebKit/537.36 (KHTML, like Gecko) Chrome/143.0.0.0 Safari/537.36"
104.194.152.141 - - [30/Apr/2026:16:30:28 +0300] "GET /wp-content/themes/toppic/css/lightbox.css?ver=4.2 HTTP/1.1" 200 2956 "https://serhatburke.miroglu.net/zotabet-casino-bonus-premier-depot-2026/" "Mozilla/5.0 (Windows NT 10.0; Win64; x64) AppleWebKit/537.36 (KHTML, like Gecko) Chrome/143.0.0.0 Safari/537.36"
104.194.152.141 - - [30/Apr/2026:16:30:28 +0300] "GET /wp-content/themes/toppic/css/woocommerce.css?ver=4.2 HTTP/1.1" 200 2848 "https://serhatburke.miroglu.net/zotabet-casino-bonus-premier-depot-2026/" "Mozilla/5.0 (Windows NT 10.0; Win64; x64) AppleWebKit/537.36 (KHTML, like Gecko) Chrome/143.0.0.0 Safari/537.36"
104.194.152.141 - - [30/Apr/2026:16:30:29 +0300] "GET /wp-content/themes/toppic/css/responsive.css?ver=4.2 HTTP/1.1" 200 2796 "https://serhatburke.miroglu.net/zotabet-casino-bonus-premier-depot-2026/" "Mozilla/5.0 (Windows NT 10.0; Win64; x64) AppleWebKit/537.36 (KHTML, like Gecko) Chrome/143.0.0.0 Safari/537.36"
