38.246.32.195 - - [30/Apr/2026:10:25:42 +0300] "GET /how-exactly-to-ensure-a-secure-and-you-will-safe-betting-sense/ HTTP/1.1" 200 72980 "-" "Mozilla/5.0 (Windows NT 10.0; Win64; x64) AppleWebKit/537.36 (KHTML, like Gecko) Chrome/124.0.0.0 Safari/537.36"
38.246.32.195 - - [30/Apr/2026:10:26:33 +0300] "POST /xmlrpc.php HTTP/1.1" 200 630 "-" "Mozilla/5.0 (Windows NT 10.0; Win64; x64) AppleWebKit/537.36 (KHTML, like Gecko) Chrome/114.0.0.0 Safari/537.36"
38.246.32.195 - - [30/Apr/2026:10:26:41 +0300] "POST /xmlrpc.php HTTP/1.1" 200 10550 "-" "Mozilla/5.0 (Windows NT 10.0; Win64; x64) AppleWebKit/537.36 (KHTML, like Gecko) Chrome/114.0.0.0 Safari/537.36"
38.246.32.195 - - [30/Apr/2026:10:26:54 +0300] "POST /xmlrpc.php HTTP/1.1" 200 9092 "-" "Mozilla/5.0 (Windows NT 10.0; Win64; x64) AppleWebKit/537.36 (KHTML, like Gecko) Chrome/114.0.0.0 Safari/537.36"
38.246.32.195 - - [30/Apr/2026:10:26:56 +0300] "GET /real-time-dealer-casinos-enjoys-transformed-online-gambling-providing-players-a-keen-immersive-feel-that-competitors-house-mainly-based-gambling-enterprises/ HTTP/1.1" 200 76960 "-" "Mozilla/5.0 (Windows NT 10.0; Win64; x64) AppleWebKit/537.36 (KHTML, like Gecko) Chrome/123.0.0.0 Safari/537.36 OPR/109.0.0.0"
181.61.245.26 - - [30/Apr/2026:10:27:07 +0300] "POST /xmlrpc.php HTTP/2" 200 0 "-" "WordPress/XMLRPC Client"
185.216.113.70 - - [30/Apr/2026:10:28:05 +0300] "POST /wp-cron.php?doing_wp_cron=1777534085.4507310390472412109375 HTTP/1.1" 200 448 "-" "WordPress/6.3.8; https://serhatburke.miroglu.net"
45.186.25.62 - - [30/Apr/2026:10:27:39 +0300] "POST /xmlrpc.php HTTP/2" 200 0 "-" "WordPress/XMLRPC Client"
38.246.32.195 - - [30/Apr/2026:10:27:17 +0300] "POST /xmlrpc.php HTTP/1.1" 200 630 "-" "Mozilla/5.0 (Windows NT 10.0; Win64; x64) AppleWebKit/537.36 (KHTML, like Gecko) Chrome/114.0.0.0 Safari/537.36"
38.246.32.195 - - [30/Apr/2026:10:27:30 +0300] "GET /guide-to-sc-roulette-gambling-and-online-gambling-enterprises/ HTTP/1.1" 200 73163 "-" "Mozilla/5.0 (Windows NT 10.0; Win64; x64; rv:125.0) Gecko/20100101 Firefox/125.0"
79.117.199.169 - - [30/Apr/2026:10:28:09 +0300] "POST /xmlrpc.php HTTP/2" 200 0 "-" "WordPress/XMLRPC Client"
38.246.32.195 - - [30/Apr/2026:10:28:16 +0300] "POST /xmlrpc.php HTTP/1.1" 200 9258 "-" "Mozilla/5.0 (Windows NT 10.0; Win64; x64) AppleWebKit/537.36 (KHTML, like Gecko) Chrome/114.0.0.0 Safari/537.36"
38.246.32.195 - - [30/Apr/2026:10:28:15 +0300] "POST /xmlrpc.php HTTP/1.1" 200 630 "-" "Mozilla/5.0 (Windows NT 10.0; Win64; x64) AppleWebKit/537.36 (KHTML, like Gecko) Chrome/114.0.0.0 Safari/537.36"
203.30.107.252 - - [30/Apr/2026:10:28:40 +0300] "POST /xmlrpc.php HTTP/2" 200 0 "-" "WordPress/XMLRPC Client"
185.216.113.70 - - [30/Apr/2026:10:29:11 +0300] "POST /wp-cron.php?doing_wp_cron=1777534151.1132690906524658203125 HTTP/1.1" 200 448 "-" "WordPress/6.3.8; https://serhatburke.miroglu.net"
185.216.113.70 - - [30/Apr/2026:10:29:11 +0300] "POST /wp-cron.php?doing_wp_cron=1777534151.6460680961608886718750 HTTP/1.1" 200 448 "-" "WordPress/6.3.8; https://serhatburke.miroglu.net"
47.128.51.195 - - [30/Apr/2026:10:28:40 +0300] "GET /donbet-casino-review-for-uk-players/ HTTP/2" 200 18389 "-" "Mozilla/5.0 (Linux; Android 5.0) AppleWebKit/537.36 (KHTML, like Gecko) Mobile Safari/537.36 (compatible; Bytespider; spider-feedback@bytedance.com)"
47.128.51.195 - - [30/Apr/2026:10:29:13 +0300] "GET /wp-includes/css/dist/block-library/style.min.css?ver=6.3.8 HTTP/2" 200 12962 "https://serhatburke.miroglu.net/donbet-casino-review-for-uk-players/" "Mozilla/5.0 (Linux; Android 5.0) AppleWebKit/537.36 (KHTML, like Gecko) Mobile Safari/537.36 (compatible; Bytespider; spider-feedback@bytedance.com)"
47.128.51.195 - - [30/Apr/2026:10:29:13 +0300] "GET /wp-content/themes/toppic/css/default.css?ver=4.2 HTTP/2" 200 1198 "https://serhatburke.miroglu.net/donbet-casino-review-for-uk-players/" "Mozilla/5.0 (Linux; Android 5.0) AppleWebKit/537.36 (KHTML, like Gecko) Mobile Safari/537.36 (compatible; Bytespider; spider-feedback@bytedance.com)"
47.128.51.195 - - [30/Apr/2026:10:29:13 +0300] "GET /wp-content/themes/toppic/css/reset.css?ver=4.2 HTTP/2" 200 566 "https://serhatburke.miroglu.net/donbet-casino-review-for-uk-players/" "Mozilla/5.0 (Linux; Android 5.0) AppleWebKit/537.36 (KHTML, like Gecko) Mobile Safari/537.36 (compatible; Bytespider; spider-feedback@bytedance.com)"
47.128.51.195 - - [30/Apr/2026:10:29:13 +0300] "GET /wp-content/themes/toppic/css/lightbox.css?ver=4.2 HTTP/2" 200 2342 "https://serhatburke.miroglu.net/donbet-casino-review-for-uk-players/" "Mozilla/5.0 (Linux; Android 5.0) AppleWebKit/537.36 (KHTML, like Gecko) Mobile Safari/537.36 (compatible; Bytespider; spider-feedback@bytedance.com)"
47.128.51.195 - - [30/Apr/2026:10:29:13 +0300] "GET /wp-content/themes/toppic/css/woocommerce.css?ver=4.2 HTTP/2" 200 2234 "https://serhatburke.miroglu.net/donbet-casino-review-for-uk-players/" "Mozilla/5.0 (Linux; Android 5.0) AppleWebKit/537.36 (KHTML, like Gecko) Mobile Safari/537.36 (compatible; Bytespider; spider-feedback@bytedance.com)"
47.128.51.195 - - [30/Apr/2026:10:29:13 +0300] "GET /wp-content/themes/toppic/css/responsive.css?ver=4.2 HTTP/2" 200 2182 "https://serhatburke.miroglu.net/donbet-casino-review-for-uk-players/" "Mozilla/5.0 (Linux; Android 5.0) AppleWebKit/537.36 (KHTML, like Gecko) Mobile Safari/537.36 (compatible; Bytespider; spider-feedback@bytedance.com)"
47.128.51.195 - - [30/Apr/2026:10:29:14 +0300] "GET /wp-content/uploads/2023/08/LOGO-1.png HTTP/2" 206 500 "https://serhatburke.miroglu.net/donbet-casino-review-for-uk-players/" "Mozilla/5.0 (Linux; Android 5.0) AppleWebKit/537.36 (KHTML, like Gecko) Mobile Safari/537.36 (compatible; Bytespider; spider-feedback@bytedance.com)"
47.128.51.195 - - [30/Apr/2026:10:29:14 +0300] "GET /wp-content/uploads/2023/08/favicon-16x16-3.png HTTP/2" 206 500 "https://serhatburke.miroglu.net/donbet-casino-review-for-uk-players/" "Mozilla/5.0 (Linux; Android 5.0) AppleWebKit/537.36 (KHTML, like Gecko) Mobile Safari/537.36 (compatible; Bytespider; spider-feedback@bytedance.com)"
38.246.32.195 - - [30/Apr/2026:10:29:05 +0300] "GET /during-the-2026-american-on-line-position-players-enjoy-a-few-of-the-most-enjoyable-and-feature-steeped-slot-games-readily-available-anywhere/ HTTP/1.1" 200 75582 "-" "Mozilla/5.0 (Windows NT 10.0; Win64; x64; rv:125.0) Gecko/20100101 Firefox/125.0"
45.168.185.146 - - [30/Apr/2026:10:29:12 +0300] "POST /xmlrpc.php HTTP/2" 200 0 "-" "WordPress/XMLRPC Client"
185.216.113.70 - - [30/Apr/2026:10:29:43 +0300] "POST /wp-cron.php?doing_wp_cron=1777534183.3474810123443603515625 HTTP/1.1" 200 448 "-" "WordPress/6.3.8; https://serhatburke.miroglu.net"
38.246.32.195 - - [30/Apr/2026:10:29:10 +0300] "POST /xmlrpc.php HTTP/1.1" 200 9364 "-" "Mozilla/5.0 (Windows NT 10.0; Win64; x64) AppleWebKit/537.36 (KHTML, like Gecko) Chrome/114.0.0.0 Safari/537.36"
38.246.32.195 - - [30/Apr/2026:10:29:11 +0300] "POST /xmlrpc.php HTTP/1.1" 200 630 "-" "Mozilla/5.0 (Windows NT 10.0; Win64; x64) AppleWebKit/537.36 (KHTML, like Gecko) Chrome/114.0.0.0 Safari/537.36"
38.246.32.195 - - [30/Apr/2026:10:29:43 +0300] "GET /eatery-gambling-establishment-operated-by-the-lynton-restricted-and-you-can-holding-an-effective-curacao-gambling-license-guarantees-a-safe-and-reliable-gambling-on-line-platform/ HTTP/1.1" 200 76210 "-" "Mozilla/5.0 (Windows NT 10.0; Win64; x64) AppleWebKit/537.36 (KHTML, like Gecko) Chrome/124.0.0.0 Safari/537.36"
38.246.32.195 - - [30/Apr/2026:10:29:51 +0300] "POST /xmlrpc.php HTTP/1.1" 200 9915 "-" "Mozilla/5.0 (Windows NT 10.0; Win64; x64) AppleWebKit/537.36 (KHTML, like Gecko) Chrome/114.0.0.0 Safari/537.36"
38.246.32.195 - - [30/Apr/2026:10:29:52 +0300] "POST /xmlrpc.php HTTP/1.1" 200 630 "-" "Mozilla/5.0 (Windows NT 10.0; Win64; x64) AppleWebKit/537.36 (KHTML, like Gecko) Chrome/114.0.0.0 Safari/537.36"
103.219.169.227 - - [30/Apr/2026:10:30:03 +0300] "POST /xmlrpc.php HTTP/1.1" 200 630 "-" "Mozilla/5.0 (Windows NT 10.0; Win64; x64) AppleWebKit/537.36 (KHTML, like Gecko) Chrome/114.0.0.0 Safari/537.36"
38.246.32.195 - - [30/Apr/2026:10:30:14 +0300] "GET /northern-dakota-enjoys-most-rigid-laws-and-regulations-with-respect-to-one-version-of-gaming-things/ HTTP/1.1" 200 74889 "-" "Mozilla/5.0 (Windows NT 10.0; Win64; x64) AppleWebKit/537.36 (KHTML, like Gecko) Chrome/122.0.0.0 Safari/537.36"
185.216.113.70 - - [30/Apr/2026:10:30:35 +0300] "POST /wp-cron.php?doing_wp_cron=1777534235.4576950073242187500000 HTTP/1.1" 200 448 "-" "WordPress/6.3.8; https://serhatburke.miroglu.net"
38.246.32.195 - - [30/Apr/2026:10:30:20 +0300] "POST /xmlrpc.php HTTP/1.1" 200 9800 "-" "Mozilla/5.0 (Windows NT 10.0; Win64; x64) AppleWebKit/537.36 (KHTML, like Gecko) Chrome/114.0.0.0 Safari/537.36"
103.219.169.227 - - [30/Apr/2026:10:30:26 +0300] "POST /xmlrpc.php HTTP/1.1" 200 14699 "-" "Mozilla/5.0 (Windows NT 10.0; Win64; x64) AppleWebKit/537.36 (KHTML, like Gecko) Chrome/114.0.0.0 Safari/537.36"
51.83.6.44 - - [30/Apr/2026:10:30:27 +0300] "GET /88701-2/ HTTP/1.1" 200 18445 "https://serhatburke.miroglu.net/" "Mozilla/5.0 (Macintosh; Intel Mac OS X 10_15_7) AppleWebKit/537.36 (KHTML, like Gecko) Chrome/146.0.0.0 Safari/537.36 Edg/146.0.0.0"
38.246.32.195 - - [30/Apr/2026:10:30:36 +0300] "GET /azrbaycanda-etibarl-etibarl-kazino-platformas-axtaranlar-ucun-lisenziyal-kazino-secin-2/ HTTP/1.1" 200 74734 "-" "Mozilla/5.0 (Windows NT 10.0; rv:125.0) Gecko/20100101 Firefox/125.0"
176.98.31.43 - - [30/Apr/2026:10:30:40 +0300] "POST /xmlrpc.php HTTP/1.1" 200 0 "-" "Mozilla/5.0 (Windows NT 10.0; WOW64; rv:45.0) Gecko/20100101 Firefox/45.0"
38.246.32.195 - - [30/Apr/2026:10:30:36 +0300] "POST /xmlrpc.php HTTP/1.1" 200 630 "-" "Mozilla/5.0 (Windows NT 10.0; Win64; x64) AppleWebKit/537.36 (KHTML, like Gecko) Chrome/114.0.0.0 Safari/537.36"
103.219.169.227 - - [30/Apr/2026:10:30:53 +0300] "GET /royal-panda-gambling-enterprise-review-get-step-1100000-deposit-suits-one-hundred-play-moonshine-slot-machine-free-revolves/ HTTP/1.1" 200 80106 "-" "Mozilla/5.0 (Windows NT 10.0; rv:109.0) Gecko/20100101 Firefox/115.0"
45.3.43.50 - - [30/Apr/2026:10:31:04 +0300] "GET /88701-2/ HTTP/1.1" 200 18361 "https://serhatburke.miroglu.net/88701-2/" "Mozilla/5.0 (Windows NT 6.3; Win64; x64) AppleWebKit/537.36 (KHTML, like Gecko) Chrome/103.0.0.0 Safari/537.36"
216.26.252.66 - - [30/Apr/2026:10:31:28 +0300] "GET /wp-includes/css/dist/block-library/style.min.css?ver=6.3.8 HTTP/1.1" 200 13578 "https://serhatburke.miroglu.net/88701-2/" "Mozilla/5.0 (Windows NT 10.0; Win64; x64) AppleWebKit/537.36 (KHTML, like Gecko) Chrome/145.0.0.0 Safari/537.36"
216.26.252.66 - - [30/Apr/2026:10:31:29 +0300] "GET /wp-content/plugins/contact-form-7/includes/css/styles.css?ver=5.8 HTTP/1.1" 200 1490 "https://serhatburke.miroglu.net/88701-2/" "Mozilla/5.0 (Windows NT 10.0; Win64; x64) AppleWebKit/537.36 (KHTML, like Gecko) Chrome/145.0.0.0 Safari/537.36"
216.26.252.66 - - [30/Apr/2026:10:31:30 +0300] "GET /wp-content/themes/toppic/css/fontello.css?ver=4.2 HTTP/1.1" 200 1802 "https://serhatburke.miroglu.net/88701-2/" "Mozilla/5.0 (Windows NT 10.0; Win64; x64) AppleWebKit/537.36 (KHTML, like Gecko) Chrome/145.0.0.0 Safari/537.36"
176.98.31.43 - - [30/Apr/2026:10:31:11 +0300] "GET /xmlrpc.php HTTP/1.1" 405 624 "-" "Mozilla/5.0 (Windows NT 10.0; WOW64; rv:45.0) Gecko/20100101 Firefox/45.0"
216.26.252.66 - - [30/Apr/2026:10:31:30 +0300] "GET /wp-content/themes/toppic/css/reset.css?ver=4.2 HTTP/1.1" 200 1178 "https://serhatburke.miroglu.net/88701-2/" "Mozilla/5.0 (Windows NT 10.0; Win64; x64) AppleWebKit/537.36 (KHTML, like Gecko) Chrome/145.0.0.0 Safari/537.36"
216.26.252.66 - - [30/Apr/2026:10:31:30 +0300] "GET /wp-content/themes/toppic/css/default.css?ver=4.2 HTTP/1.1" 200 1811 "https://serhatburke.miroglu.net/88701-2/" "Mozilla/5.0 (Windows NT 10.0; Win64; x64) AppleWebKit/537.36 (KHTML, like Gecko) Chrome/145.0.0.0 Safari/537.36"
216.26.252.66 - - [30/Apr/2026:10:31:31 +0300] "GET /wp-content/themes/toppic/style.css?ver=4.2 HTTP/1.1" 200 23398 "https://serhatburke.miroglu.net/88701-2/" "Mozilla/5.0 (Windows NT 10.0; Win64; x64) AppleWebKit/537.36 (KHTML, like Gecko) Chrome/145.0.0.0 Safari/537.36"
216.26.252.66 - - [30/Apr/2026:10:31:31 +0300] "GET /wp-content/themes/toppic/css/royalslider.css?ver=4.2 HTTP/1.1" 200 1887 "https://serhatburke.miroglu.net/88701-2/" "Mozilla/5.0 (Windows NT 10.0; Win64; x64) AppleWebKit/537.36 (KHTML, like Gecko) Chrome/145.0.0.0 Safari/537.36"
216.26.252.66 - - [30/Apr/2026:10:31:31 +0300] "GET /wp-content/themes/toppic/css/rs-default.css?ver=4.2 HTTP/1.1" 200 2625 "https://serhatburke.miroglu.net/88701-2/" "Mozilla/5.0 (Windows NT 10.0; Win64; x64) AppleWebKit/537.36 (KHTML, like Gecko) Chrome/145.0.0.0 Safari/537.36"
216.26.252.66 - - [30/Apr/2026:10:31:32 +0300] "GET /wp-content/themes/toppic/css/lightbox.css?ver=4.2 HTTP/1.1" 200 2956 "https://serhatburke.miroglu.net/88701-2/" "Mozilla/5.0 (Windows NT 10.0; Win64; x64) AppleWebKit/537.36 (KHTML, like Gecko) Chrome/145.0.0.0 Safari/537.36"
216.26.252.66 - - [30/Apr/2026:10:31:32 +0300] "GET /wp-content/themes/toppic/css/woocommerce.css?ver=4.2 HTTP/1.1" 200 2848 "https://serhatburke.miroglu.net/88701-2/" "Mozilla/5.0 (Windows NT 10.0; Win64; x64) AppleWebKit/537.36 (KHTML, like Gecko) Chrome/145.0.0.0 Safari/537.36"
216.26.252.66 - - [30/Apr/2026:10:31:32 +0300] "GET /wp-content/themes/toppic/css/responsive.css?ver=4.2 HTTP/1.1" 200 2796 "https://serhatburke.miroglu.net/88701-2/" "Mozilla/5.0 (Windows NT 10.0; Win64; x64) AppleWebKit/537.36 (KHTML, like Gecko) Chrome/145.0.0.0 Safari/537.36"
38.246.32.195 - - [30/Apr/2026:10:31:17 +0300] "POST /xmlrpc.php HTTP/1.1" 200 8629 "-" "Mozilla/5.0 (Windows NT 10.0; Win64; x64) AppleWebKit/537.36 (KHTML, like Gecko) Chrome/114.0.0.0 Safari/537.36"
185.216.113.70 - - [30/Apr/2026:10:31:49 +0300] "POST /wp-cron.php?doing_wp_cron=1777534308.8681159019470214843750 HTTP/1.1" 200 448 "-" "WordPress/6.3.8; https://serhatburke.miroglu.net"
45.3.43.50 - - [30/Apr/2026:10:31:33 +0300] "POST /wp-comments-post.php HTTP/1.1" 302 1055 "https://serhatburke.miroglu.net/88701-2/" "Mozilla/5.0 (Windows NT 6.3; Win64; x64) AppleWebKit/537.36 (KHTML, like Gecko) Chrome/103.0.0.0 Safari/537.36"
38.246.32.195 - - [30/Apr/2026:10:31:35 +0300] "GET /discover-normally-zero-costs-inside-it-when-you-must-always-read-the-casinos-fine-print-to-make-sure-that/ HTTP/1.1" 200 73718 "-" "Mozilla/5.0 (Windows NT 10.0; Win64; x64) AppleWebKit/537.36 (KHTML, like Gecko) Chrome/122.0.0.0 Safari/537.36"
38.246.32.195 - - [30/Apr/2026:10:31:40 +0300] "POST /xmlrpc.php HTTP/1.1" 200 630 "-" "Mozilla/5.0 (Windows NT 10.0; Win64; x64) AppleWebKit/537.36 (KHTML, like Gecko) Chrome/114.0.0.0 Safari/537.36"
45.3.43.50 - - [30/Apr/2026:10:31:49 +0300] "GET /88701-2/?unapproved=942&moderation-hash=55d8f9d03b11d4826f363bf34231bbeb HTTP/1.1" 200 18846 "https://serhatburke.miroglu.net/wp-comments-post.php" "Mozilla/5.0 (Windows NT 6.3; Win64; x64) AppleWebKit/537.36 (KHTML, like Gecko) Chrome/103.0.0.0 Safari/537.36"
216.26.252.66 - - [30/Apr/2026:10:32:06 +0300] "GET /88701-2/ HTTP/1.1" 200 18375 "-" "Mozilla/5.0 (compatible; Googlebot/2.1; +http://www.google.com/bot.html)"
38.246.32.195 - - [30/Apr/2026:10:32:06 +0300] "POST /xmlrpc.php HTTP/1.1" 200 9229 "-" "Mozilla/5.0 (Windows NT 10.0; Win64; x64) AppleWebKit/537.36 (KHTML, like Gecko) Chrome/114.0.0.0 Safari/537.36"
38.246.32.195 - - [30/Apr/2026:10:32:20 +0300] "GET /all-of-our-fifth-addition-on-the-much-time-variety-of-incentives-is-the-cashback-bonus/ HTTP/1.1" 200 73715 "-" "Mozilla/5.0 (Windows NT 10.0; Win64; x64) AppleWebKit/537.36 (KHTML, like Gecko) Chrome/123.0.0.0 Safari/537.36"
38.246.32.195 - - [30/Apr/2026:10:32:20 +0300] "POST /xmlrpc.php HTTP/1.1" 200 630 "-" "Mozilla/5.0 (Windows NT 10.0; Win64; x64) AppleWebKit/537.36 (KHTML, like Gecko) Chrome/114.0.0.0 Safari/537.36"
185.216.113.70 - - [30/Apr/2026:10:32:52 +0300] "POST /wp-cron.php?doing_wp_cron=1777534371.9582209587097167968750 HTTP/1.1" 200 448 "-" "WordPress/6.3.8; https://serhatburke.miroglu.net"
38.246.32.195 - - [30/Apr/2026:10:32:39 +0300] "POST /xmlrpc.php HTTP/1.1" 200 9288 "-" "Mozilla/5.0 (Windows NT 10.0; Win64; x64) AppleWebKit/537.36 (KHTML, like Gecko) Chrome/114.0.0.0 Safari/537.36"
38.246.32.195 - - [30/Apr/2026:10:32:53 +0300] "GET /the-best-casinos-for-the-oklahoma-%EF%BF%BD-to-the-property-frontrunners/ HTTP/1.1" 200 73478 "-" "Mozilla/5.0 (Windows NT 10.0; Win64; x64; rv:124.0) Gecko/20100101 Firefox/124.0"
84.200.80.218 - - [30/Apr/2026:10:33:01 +0300] "POST /xmlrpc.php HTTP/1.1" 200 235646 "-" "Mozilla/5.0 (Macintosh; Intel Mac OS X 10_15_7) AppleWebKit/537.36 (KHTML, like Gecko) Chrome/142.0.0.0 Safari/537.36"
38.246.32.195 - - [30/Apr/2026:10:33:15 +0300] "POST /xmlrpc.php HTTP/1.1" 200 630 "-" "Mozilla/5.0 (Windows NT 10.0; Win64; x64) AppleWebKit/537.36 (KHTML, like Gecko) Chrome/114.0.0.0 Safari/537.36"
84.200.80.218 - - [30/Apr/2026:10:33:16 +0300] "POST /xmlrpc.php HTTP/1.1" 200 489 "-" "Mozilla/5.0 (Macintosh; Intel Mac OS X 10_15_7) AppleWebKit/537.36 (KHTML, like Gecko) Chrome/142.0.0.0 Safari/537.36"
185.216.113.70 - - [30/Apr/2026:10:33:42 +0300] "POST /wp-cron.php?doing_wp_cron=1777534422.5474529266357421875000 HTTP/1.1" 200 448 "-" "WordPress/6.3.8; https://serhatburke.miroglu.net"
84.200.80.218 - - [30/Apr/2026:10:33:30 +0300] "POST /xmlrpc.php HTTP/1.1" 200 294249 "-" "Mozilla/5.0 (Macintosh; Intel Mac OS X 10_15_7) AppleWebKit/537.36 (KHTML, like Gecko) Chrome/142.0.0.0 Safari/537.36"
38.246.32.195 - - [30/Apr/2026:10:33:36 +0300] "POST /xmlrpc.php HTTP/1.1" 200 9861 "-" "Mozilla/5.0 (Windows NT 10.0; Win64; x64) AppleWebKit/537.36 (KHTML, like Gecko) Chrome/114.0.0.0 Safari/537.36"
38.246.32.195 - - [30/Apr/2026:10:33:48 +0300] "GET /not-every-person-gaming-online-when-you-look-at-the-greenland-pays-fees-about-area/ HTTP/1.1" 200 74630 "-" "Mozilla/5.0 (Windows NT 10.0; Win64; x64) AppleWebKit/537.36 (KHTML, like Gecko) Chrome/124.0.0.0 Safari/537.36"
38.246.32.195 - - [30/Apr/2026:10:34:10 +0300] "POST /xmlrpc.php HTTP/1.1" 200 630 "-" "Mozilla/5.0 (Windows NT 10.0; Win64; x64) AppleWebKit/537.36 (KHTML, like Gecko) Chrome/114.0.0.0 Safari/537.36"
185.216.113.70 - - [30/Apr/2026:10:34:42 +0300] "POST /wp-cron.php?doing_wp_cron=1777534482.4439699649810791015625 HTTP/1.1" 200 448 "-" "WordPress/6.3.8; https://serhatburke.miroglu.net"
38.246.32.195 - - [30/Apr/2026:10:34:30 +0300] "POST /xmlrpc.php HTTP/1.1" 200 9214 "-" "Mozilla/5.0 (Windows NT 10.0; Win64; x64) AppleWebKit/537.36 (KHTML, like Gecko) Chrome/114.0.0.0 Safari/537.36"
38.246.32.195 - - [30/Apr/2026:10:34:44 +0300] "GET /we-understand-each-person-has-some-other-choice-thus-opinion-and-you-may-rating-a-knowledgeable-games-across-the-board/ HTTP/1.1" 200 74718 "-" "Mozilla/5.0 (Windows NT 10.0; Win64; x64; rv:125.0) Gecko/20100101 Firefox/125.0"
38.246.32.195 - - [30/Apr/2026:10:34:59 +0300] "POST /xmlrpc.php HTTP/1.1" 200 630 "-" "Mozilla/5.0 (Windows NT 10.0; Win64; x64) AppleWebKit/537.36 (KHTML, like Gecko) Chrome/114.0.0.0 Safari/537.36"
185.216.113.70 - - [30/Apr/2026:10:35:34 +0300] "POST /wp-cron.php?doing_wp_cron=1777534534.6636610031127929687500 HTTP/1.1" 200 448 "-" "WordPress/6.3.8; https://serhatburke.miroglu.net"
38.246.32.195 - - [30/Apr/2026:10:35:20 +0300] "POST /xmlrpc.php HTTP/1.1" 200 8908 "-" "Mozilla/5.0 (Windows NT 10.0; Win64; x64) AppleWebKit/537.36 (KHTML, like Gecko) Chrome/114.0.0.0 Safari/537.36"
38.246.32.195 - - [30/Apr/2026:10:35:35 +0300] "GET /exactly-how-we-rates-and-you-will-opinion-a-knowledgeable-online-casinos-within-the-canada/ HTTP/1.1" 200 73743 "-" "Mozilla/5.0 (Windows NT 10.0; Win64; x64) AppleWebKit/537.36 (KHTML, like Gecko) Chrome/122.0.0.0 Safari/537.36"
185.216.113.70 - - [30/Apr/2026:10:37:05 +0300] "POST /wp-cron.php?doing_wp_cron=1777534625.4900400638580322265625 HTTP/1.1" 200 448 "-" "WordPress/6.3.8; https://serhatburke.miroglu.net"
107.152.46.202 - - [30/Apr/2026:10:36:53 +0300] "GET /beste-casino-site-belgie-hoge-inzet/ HTTP/1.1" 200 19280 "https://serhatburke.miroglu.net/" "Mozilla/5.0 (X11; Linux x86_64) AppleWebKit/537.36 (KHTML, like Gecko) Chrome/114.0.0.0 Safari/537.36 Vivaldi/5.3.2679.68"
107.152.46.202 - - [30/Apr/2026:10:37:08 +0300] "POST /wp-comments-post.php HTTP/1.1" 302 1083 "https://serhatburke.miroglu.net/beste-casino-site-belgie-hoge-inzet/" "Mozilla/5.0 (X11; Linux x86_64) AppleWebKit/537.36 (KHTML, like Gecko) Chrome/114.0.0.0 Safari/537.36 Vivaldi/5.3.2679.68"
107.152.46.202 - - [30/Apr/2026:10:37:21 +0300] "GET /beste-casino-site-belgie-hoge-inzet/?unapproved=943&moderation-hash=d8fb402e91e3202413b486f9afb8338e HTTP/1.1" 200 19643 "https://serhatburke.miroglu.net/wp-comments-post.php" "Mozilla/5.0 (X11; Linux x86_64) AppleWebKit/537.36 (KHTML, like Gecko) Chrome/114.0.0.0 Safari/537.36 Vivaldi/5.3.2679.68"
185.216.113.70 - - [30/Apr/2026:10:37:47 +0300] "POST /wp-cron.php?doing_wp_cron=1777534667.7436070442199707031250 HTTP/1.1" 200 448 "-" "WordPress/6.3.8; https://serhatburke.miroglu.net"
107.152.46.202 - - [30/Apr/2026:10:37:35 +0300] "GET /beste-casino-site-belgie-hoge-inzet/ HTTP/1.1" 200 19425 "-" "Mozilla/5.0 (X11; Linux x86_64) AppleWebKit/537.36 (KHTML, like Gecko) Chrome/114.0.0.0 Safari/537.36 Vivaldi/5.3.2679.68"
57.128.22.95 - - [30/Apr/2026:10:37:46 +0300] "GET /novoline-casino-codice-bonus-registrazione/ HTTP/1.1" 200 17770 "-" "Mozilla/5.0 (compatible; Googlebot/2.1; +http://www.google.com/bot.html)"
185.216.113.70 - - [30/Apr/2026:10:38:53 +0300] "POST /wp-cron.php?doing_wp_cron=1777534733.3293609619140625000000 HTTP/1.1" 200 448 "-" "WordPress/6.3.8; https://serhatburke.miroglu.net"
107.152.46.202 - - [30/Apr/2026:10:38:41 +0300] "GET /beste-casino-site-belgie-hoge-inzet/ HTTP/1.1" 200 19264 "-" "Mozilla/5.0 (X11; Linux i686; rv:114.0) Gecko/20100101 Firefox/114.0"
185.216.113.70 - - [30/Apr/2026:10:39:22 +0300] "POST /wp-cron.php?doing_wp_cron=1777534762.8050870895385742187500 HTTP/1.1" 200 448 "-" "WordPress/6.3.8; https://serhatburke.miroglu.net"
103.219.169.227 - - [30/Apr/2026:10:39:10 +0300] "POST /xmlrpc.php HTTP/1.1" 200 630 "-" "Mozilla/5.0 (Windows NT 10.0; Win64; x64) AppleWebKit/537.36 (KHTML, like Gecko) Chrome/114.0.0.0 Safari/537.36"
103.219.169.227 - - [30/Apr/2026:10:39:30 +0300] "POST /xmlrpc.php HTTP/1.1" 200 15165 "-" "Mozilla/5.0 (Windows NT 10.0; Win64; x64) AppleWebKit/537.36 (KHTML, like Gecko) Chrome/114.0.0.0 Safari/537.36"
82.25.62.125 - - [30/Apr/2026:10:39:32 +0300] "GET /novoline-casino-codice-bonus-registrazione/ HTTP/1.1" 200 17770 "-" "Mozilla/5.0 (compatible; Googlebot/2.1; +http://www.google.com/bot.html)"
185.216.113.70 - - [30/Apr/2026:10:40:03 +0300] "POST /wp-cron.php?doing_wp_cron=1777534801.7519121170043945312500 HTTP/1.1" 200 448 "-" "WordPress/6.3.8; https://serhatburke.miroglu.net"
103.219.169.227 - - [30/Apr/2026:10:39:48 +0300] "GET /thunderstruck-condition-remark-fifty-totally-free-spins-no-deposit-turning-totems-2026-gamble-on-line-online-casino-chicago-nights-keller-williams/ HTTP/1.1" 200 81261 "-" "Mozilla/5.0 (Windows NT 10.0; rv:125.0) Gecko/20100101 Firefox/125.0"
107.152.46.252 - - [30/Apr/2026:10:40:11 +0300] "GET /zotabet-casino-bonus-premier-depot-2026/ HTTP/1.1" 200 19287 "-" "Mozilla/5.0 (X11; Linux i686; rv:114.0) Gecko/20100101 Firefox/114.0"
185.216.113.70 - - [30/Apr/2026:10:41:14 +0300] "POST /wp-cron.php?doing_wp_cron=1777534874.9023749828338623046875 HTTP/1.1" 200 448 "-" "WordPress/6.3.8; https://serhatburke.miroglu.net"
38.246.32.195 - - [30/Apr/2026:10:41:02 +0300] "POST /xmlrpc.php HTTP/1.1" 200 630 "-" "Mozilla/5.0 (Windows NT 10.0; Win64; x64) AppleWebKit/537.36 (KHTML, like Gecko) Chrome/114.0.0.0 Safari/537.36"
38.246.32.195 - - [30/Apr/2026:10:41:20 +0300] "POST /xmlrpc.php HTTP/1.1" 200 9383 "-" "Mozilla/5.0 (Windows NT 10.0; Win64; x64) AppleWebKit/537.36 (KHTML, like Gecko) Chrome/114.0.0.0 Safari/537.36"
185.216.113.70 - - [30/Apr/2026:10:41:47 +0300] "POST /wp-cron.php?doing_wp_cron=1777534907.8182740211486816406250 HTTP/1.1" 200 448 "-" "WordPress/6.3.8; https://serhatburke.miroglu.net"
38.246.32.195 - - [30/Apr/2026:10:41:33 +0300] "GET /online-casino-evaluations-2026-%EF%BF%BD-the-basics-of-a-real-income-casinos/ HTTP/1.1" 200 73645 "-" "Mozilla/5.0 (Windows NT 10.0; Win64; x64; rv:124.0) Gecko/20100101 Firefox/124.0"
104.207.60.47 - - [30/Apr/2026:10:41:35 +0300] "GET /88701-2/ HTTP/1.1" 200 18361 "-" "Mozilla/5.0 (compatible; Googlebot/2.1; +http://www.google.com/bot.html)"
185.216.113.70 - - [30/Apr/2026:10:43:44 +0300] "POST /wp-cron.php?doing_wp_cron=1777535024.3248610496520996093750 HTTP/1.1" 200 448 "-" "WordPress/6.3.8; https://serhatburke.miroglu.net"
103.219.169.227 - - [30/Apr/2026:10:43:31 +0300] "POST /xmlrpc.php HTTP/1.1" 200 630 "-" "Mozilla/5.0 (Windows NT 10.0; Win64; x64) AppleWebKit/537.36 (KHTML, like Gecko) Chrome/114.0.0.0 Safari/537.36"
103.219.169.227 - - [30/Apr/2026:10:43:52 +0300] "POST /xmlrpc.php HTTP/1.1" 200 13386 "-" "Mozilla/5.0 (Windows NT 10.0; Win64; x64) AppleWebKit/537.36 (KHTML, like Gecko) Chrome/114.0.0.0 Safari/537.36"
103.219.169.227 - - [30/Apr/2026:10:44:08 +0300] "GET /comment-for-aquarium-casino-game-dr-choice/ HTTP/1.1" 200 76832 "-" "Mozilla/5.0 (Windows NT 10.0; Win64; x64) AppleWebKit/537.36 (KHTML, like Gecko) Chrome/109.0.0.0 Safari/537.36"
104.234.32.72 - - [30/Apr/2026:10:44:24 +0300] "POST /xmlrpc.php HTTP/1.1" 200 235646 "-" "Mozilla/5.0 (Windows NT 10.0; Win64; x64) AppleWebKit/537.36 (KHTML, like Gecko) Chrome/143.0.0.0 Safari/537.36"
185.216.113.70 - - [30/Apr/2026:10:45:47 +0300] "POST /wp-cron.php?doing_wp_cron=1777535147.0932850837707519531250 HTTP/1.1" 200 448 "-" "WordPress/6.3.8; https://serhatburke.miroglu.net"
66.249.73.1 - - [30/Apr/2026:10:45:35 +0300] "GET /mostbet-az-bukmeker-ve-kazino-mostbet-giri-rsmi-sayt1827/ HTTP/1.1" 200 18468 "-" "Mozilla/5.0 (Linux; Android 6.0.1; Nexus 5X Build/MMB29P) AppleWebKit/537.36 (KHTML, like Gecko) Chrome/147.0.7727.116 Mobile Safari/537.36 (compatible; Googlebot/2.1; +http://www.google.com/bot.html)"
104.234.32.92 - - [30/Apr/2026:10:46:12 +0300] "POST /xmlrpc.php HTTP/1.1" 200 884 "-" "Mozilla/5.0 (Windows NT 10.0; Win64; x64) AppleWebKit/537.36 (KHTML, like Gecko) Chrome/143.0.0.0 Safari/537.36"
185.216.113.70 - - [30/Apr/2026:10:47:26 +0300] "POST /wp-cron.php?doing_wp_cron=1777535246.6799180507659912109375 HTTP/1.1" 200 448 "-" "WordPress/6.3.8; https://serhatburke.miroglu.net"
185.8.33.155 - - [30/Apr/2026:10:47:14 +0300] "POST /xmlrpc.php HTTP/2" 200 224 "-" "Mozilla/5.0 (Windows NT 10.0) AppleWebKit/537.36 (KHTML, like Gecko) Chrome/52.0.2743.116 Safari/537.36 Edge/15.15063"
104.194.132.199 - - [30/Apr/2026:10:47:36 +0300] "GET /88701-2/ HTTP/1.1" 200 18379 "https://serhatburke.miroglu.net/" "Mozilla/5.0 (Windows NT 10.0; WOW64) AppleWebKit/537.36 (KHTML, like Gecko) Chrome/114.0.0.0 YaBrowser/22.7.0 Yowser/2.5 Safari/537.36"
52.167.144.161 - - [30/Apr/2026:10:47:38 +0300] "GET /bewertungen-hinter-jackpotpiraten-de-entziffern-eltern-kundenbewertungen-hinter-jackpotpiraten-de/ HTTP/2" 200 19708 "-" "Mozilla/5.0 AppleWebKit/537.36 (KHTML, like Gecko; compatible; bingbot/2.0; +http://www.bing.com/bingbot.htm) Chrome/116.0.1938.76 Safari/537.36"
40.77.167.126 - - [30/Apr/2026:10:47:39 +0300] "GET /kampanjer-och-bonusar-utprova-triss-och-slots/ HTTP/2" 200 18544 "-" "Mozilla/5.0 AppleWebKit/537.36 (KHTML, like Gecko; compatible; bingbot/2.0; +http://www.bing.com/bingbot.htm) Chrome/116.0.1938.76 Safari/537.36"
40.77.167.56 - - [30/Apr/2026:10:47:42 +0300] "GET /doubledown-casino-promo-code-2026-score-latest-added-bonus-rules/ HTTP/2" 200 19379 "-" "Mozilla/5.0 AppleWebKit/537.36 (KHTML, like Gecko; compatible; bingbot/2.0; +http://www.bing.com/bingbot.htm) Chrome/116.0.1938.76 Safari/537.36"
103.219.169.227 - - [30/Apr/2026:10:47:58 +0300] "POST /xmlrpc.php HTTP/1.1" 200 630 "-" "Mozilla/5.0 (Windows NT 10.0; Win64; x64) AppleWebKit/537.36 (KHTML, like Gecko) Chrome/114.0.0.0 Safari/537.36"
40.77.167.126 - - [30/Apr/2026:10:47:49 +0300] "GET /zabros-udocku-v-mir-bolsix-vyigrysei-s-olimp-casino-i-pocuvstvui/ HTTP/2" 200 21732 "-" "Mozilla/5.0 AppleWebKit/537.36 (KHTML, like Gecko; compatible; bingbot/2.0; +http://www.bing.com/bingbot.htm) Chrome/116.0.1938.76 Safari/537.36"
104.194.132.199 - - [30/Apr/2026:10:48:07 +0300] "GET /88701-2/ HTTP/1.1" 200 18396 "https://serhatburke.miroglu.net/" "Mozilla/5.0 (Windows NT 10.0; WOW64) AppleWebKit/537.36 (KHTML, like Gecko) Chrome/114.0.0.0 YaBrowser/22.7.0 Yowser/2.5 Safari/537.36"
104.194.132.199 - - [30/Apr/2026:10:48:23 +0300] "GET /wp-includes/css/dist/block-library/style.min.css?ver=6.3.8 HTTP/1.1" 200 13578 "https://serhatburke.miroglu.net/88701-2/" "Mozilla/5.0 (Windows NT 10.0; Win64; x64) AppleWebKit/537.36 (KHTML, like Gecko) Chrome/143.0.0.0 Safari/537.36"
104.194.132.199 - - [30/Apr/2026:10:48:23 +0300] "GET /wp-content/plugins/contact-form-7/includes/css/styles.css?ver=5.8 HTTP/1.1" 200 1490 "https://serhatburke.miroglu.net/88701-2/" "Mozilla/5.0 (Windows NT 10.0; Win64; x64) AppleWebKit/537.36 (KHTML, like Gecko) Chrome/143.0.0.0 Safari/537.36"
104.194.132.199 - - [30/Apr/2026:10:48:24 +0300] "GET /wp-content/themes/toppic/css/fontello.css?ver=4.2 HTTP/1.1" 200 1802 "https://serhatburke.miroglu.net/88701-2/" "Mozilla/5.0 (Windows NT 10.0; Win64; x64) AppleWebKit/537.36 (KHTML, like Gecko) Chrome/143.0.0.0 Safari/537.36"
104.194.132.199 - - [30/Apr/2026:10:48:24 +0300] "GET /wp-content/themes/toppic/css/reset.css?ver=4.2 HTTP/1.1" 200 1178 "https://serhatburke.miroglu.net/88701-2/" "Mozilla/5.0 (Windows NT 10.0; Win64; x64) AppleWebKit/537.36 (KHTML, like Gecko) Chrome/143.0.0.0 Safari/537.36"
104.194.132.199 - - [30/Apr/2026:10:48:24 +0300] "GET /wp-content/themes/toppic/css/default.css?ver=4.2 HTTP/1.1" 200 1811 "https://serhatburke.miroglu.net/88701-2/" "Mozilla/5.0 (Windows NT 10.0; Win64; x64) AppleWebKit/537.36 (KHTML, like Gecko) Chrome/143.0.0.0 Safari/537.36"
104.194.132.199 - - [30/Apr/2026:10:48:24 +0300] "GET /wp-content/themes/toppic/style.css?ver=4.2 HTTP/1.1" 200 23398 "https://serhatburke.miroglu.net/88701-2/" "Mozilla/5.0 (Windows NT 10.0; Win64; x64) AppleWebKit/537.36 (KHTML, like Gecko) Chrome/143.0.0.0 Safari/537.36"
104.194.132.199 - - [30/Apr/2026:10:48:25 +0300] "GET /wp-content/themes/toppic/css/royalslider.css?ver=4.2 HTTP/1.1" 200 1887 "https://serhatburke.miroglu.net/88701-2/" "Mozilla/5.0 (Windows NT 10.0; Win64; x64) AppleWebKit/537.36 (KHTML, like Gecko) Chrome/143.0.0.0 Safari/537.36"
104.194.132.199 - - [30/Apr/2026:10:48:25 +0300] "GET /wp-content/themes/toppic/css/rs-default.css?ver=4.2 HTTP/1.1" 200 2625 "https://serhatburke.miroglu.net/88701-2/" "Mozilla/5.0 (Windows NT 10.0; Win64; x64) AppleWebKit/537.36 (KHTML, like Gecko) Chrome/143.0.0.0 Safari/537.36"
104.194.132.199 - - [30/Apr/2026:10:48:25 +0300] "GET /wp-content/themes/toppic/css/lightbox.css?ver=4.2 HTTP/1.1" 200 2956 "https://serhatburke.miroglu.net/88701-2/" "Mozilla/5.0 (Windows NT 10.0; Win64; x64) AppleWebKit/537.36 (KHTML, like Gecko) Chrome/143.0.0.0 Safari/537.36"
104.194.132.199 - - [30/Apr/2026:10:48:25 +0300] "GET /wp-content/themes/toppic/css/woocommerce.css?ver=4.2 HTTP/1.1" 200 2848 "https://serhatburke.miroglu.net/88701-2/" "Mozilla/5.0 (Windows NT 10.0; Win64; x64) AppleWebKit/537.36 (KHTML, like Gecko) Chrome/143.0.0.0 Safari/537.36"
104.194.132.199 - - [30/Apr/2026:10:48:25 +0300] "GET /wp-content/themes/toppic/css/responsive.css?ver=4.2 HTTP/1.1" 200 2796 "https://serhatburke.miroglu.net/88701-2/" "Mozilla/5.0 (Windows NT 10.0; Win64; x64) AppleWebKit/537.36 (KHTML, like Gecko) Chrome/143.0.0.0 Safari/537.36"
52.167.144.161 - - [30/Apr/2026:10:48:18 +0300] "GET /malina-kasyno-rowniez-zapewnia-szereg-bonusow-zwiekszajac-globalne-znaczek-ktorzy-maja-gra-online-w-swoich-uzytkownikow/ HTTP/2" 200 18034 "-" "Mozilla/5.0 AppleWebKit/537.36 (KHTML, like Gecko; compatible; bingbot/2.0; +http://www.bing.com/bingbot.htm) Chrome/116.0.1938.76 Safari/537.36"
185.216.113.70 - - [30/Apr/2026:10:48:44 +0300] "POST /wp-cron.php?doing_wp_cron=1777535324.1694970130920410156250 HTTP/1.1" 200 448 "-" "WordPress/6.3.8; https://serhatburke.miroglu.net"
104.194.132.199 - - [30/Apr/2026:10:48:26 +0300] "POST /wp-comments-post.php HTTP/1.1" 302 1055 "https://serhatburke.miroglu.net/88701-2/" "Mozilla/5.0 (Windows NT 10.0; WOW64) AppleWebKit/537.36 (KHTML, like Gecko) Chrome/114.0.0.0 YaBrowser/22.7.0 Yowser/2.5 Safari/537.36"
103.219.169.227 - - [30/Apr/2026:10:48:27 +0300] "POST /xmlrpc.php HTTP/1.1" 200 14549 "-" "Mozilla/5.0 (Windows NT 10.0; Win64; x64) AppleWebKit/537.36 (KHTML, like Gecko) Chrome/114.0.0.0 Safari/537.36"
40.77.167.56 - - [30/Apr/2026:10:48:31 +0300] "GET /h1-discovering-tronscan-your-ultimate-guide-to-crypto-insights-h1-4/ HTTP/2" 200 18009 "-" "Mozilla/5.0 AppleWebKit/537.36 (KHTML, like Gecko; compatible; bingbot/2.0; +http://www.bing.com/bingbot.htm) Chrome/116.0.1938.76 Safari/537.36"
104.194.132.199 - - [30/Apr/2026:10:48:44 +0300] "GET /88701-2/?unapproved=944&moderation-hash=56f466a5bf1d3d36becd80d3356c5c08 HTTP/1.1" 200 18829 "https://serhatburke.miroglu.net/wp-comments-post.php" "Mozilla/5.0 (Windows NT 10.0; WOW64) AppleWebKit/537.36 (KHTML, like Gecko) Chrome/114.0.0.0 YaBrowser/22.7.0 Yowser/2.5 Safari/537.36"
103.219.169.227 - - [30/Apr/2026:10:48:49 +0300] "GET /no-deposit-casino-slot-game-24-slot-incentives-171-to-own-february-2026/ HTTP/1.1" 200 78523 "-" "Mozilla/5.0 (Windows NT 10.0; Win64; x64) AppleWebKit/537.36 (KHTML, like Gecko) Chrome/122.0.0.0 Safari/537.36"
212.34.148.156 - - [30/Apr/2026:10:49:00 +0300] "GET /zotabet-casino-bonus-premier-depot-2026/ HTTP/1.1" 200 19136 "https://serhatburke.miroglu.net/" "Mozilla/5.0 (Windows NT 10.0; Win64; x64) AppleWebKit/537.36 (KHTML, like Gecko) Chrome/137.0.0.0 Safari/537.36"
212.34.148.156 - - [30/Apr/2026:10:49:17 +0300] "GET /wp-includes/css/dist/block-library/style.min.css?ver=6.3.8 HTTP/1.1" 200 13578 "https://serhatburke.miroglu.net/zotabet-casino-bonus-premier-depot-2026/" "Mozilla/5.0 (Windows NT 10.0; Win64; x64) AppleWebKit/537.36 (KHTML, like Gecko) Chrome/145.0.0.0 Safari/537.36"
212.34.148.156 - - [30/Apr/2026:10:49:17 +0300] "GET /wp-content/plugins/contact-form-7/includes/css/styles.css?ver=5.8 HTTP/1.1" 200 1490 "https://serhatburke.miroglu.net/zotabet-casino-bonus-premier-depot-2026/" "Mozilla/5.0 (Windows NT 10.0; Win64; x64) AppleWebKit/537.36 (KHTML, like Gecko) Chrome/145.0.0.0 Safari/537.36"
212.34.148.156 - - [30/Apr/2026:10:49:17 +0300] "GET /wp-content/themes/toppic/css/fontello.css?ver=4.2 HTTP/1.1" 200 1802 "https://serhatburke.miroglu.net/zotabet-casino-bonus-premier-depot-2026/" "Mozilla/5.0 (Windows NT 10.0; Win64; x64) AppleWebKit/537.36 (KHTML, like Gecko) Chrome/145.0.0.0 Safari/537.36"
212.34.148.156 - - [30/Apr/2026:10:49:18 +0300] "GET /wp-content/themes/toppic/css/reset.css?ver=4.2 HTTP/1.1" 200 1178 "https://serhatburke.miroglu.net/zotabet-casino-bonus-premier-depot-2026/" "Mozilla/5.0 (Windows NT 10.0; Win64; x64) AppleWebKit/537.36 (KHTML, like Gecko) Chrome/145.0.0.0 Safari/537.36"
212.34.148.156 - - [30/Apr/2026:10:49:18 +0300] "GET /wp-content/themes/toppic/css/default.css?ver=4.2 HTTP/1.1" 200 1811 "https://serhatburke.miroglu.net/zotabet-casino-bonus-premier-depot-2026/" "Mozilla/5.0 (Windows NT 10.0; Win64; x64) AppleWebKit/537.36 (KHTML, like Gecko) Chrome/145.0.0.0 Safari/537.36"
212.34.148.156 - - [30/Apr/2026:10:49:18 +0300] "GET /wp-content/themes/toppic/style.css?ver=4.2 HTTP/1.1" 200 23398 "https://serhatburke.miroglu.net/zotabet-casino-bonus-premier-depot-2026/" "Mozilla/5.0 (Windows NT 10.0; Win64; x64) AppleWebKit/537.36 (KHTML, like Gecko) Chrome/145.0.0.0 Safari/537.36"
212.34.148.156 - - [30/Apr/2026:10:49:19 +0300] "GET /wp-content/themes/toppic/css/royalslider.css?ver=4.2 HTTP/1.1" 200 1887 "https://serhatburke.miroglu.net/zotabet-casino-bonus-premier-depot-2026/" "Mozilla/5.0 (Windows NT 10.0; Win64; x64) AppleWebKit/537.36 (KHTML, like Gecko) Chrome/145.0.0.0 Safari/537.36"
212.34.148.156 - - [30/Apr/2026:10:49:19 +0300] "GET /wp-content/themes/toppic/css/rs-default.css?ver=4.2 HTTP/1.1" 200 2625 "https://serhatburke.miroglu.net/zotabet-casino-bonus-premier-depot-2026/" "Mozilla/5.0 (Windows NT 10.0; Win64; x64) AppleWebKit/537.36 (KHTML, like Gecko) Chrome/145.0.0.0 Safari/537.36"
212.34.148.156 - - [30/Apr/2026:10:49:19 +0300] "GET /wp-content/themes/toppic/css/lightbox.css?ver=4.2 HTTP/1.1" 200 2956 "https://serhatburke.miroglu.net/zotabet-casino-bonus-premier-depot-2026/" "Mozilla/5.0 (Windows NT 10.0; Win64; x64) AppleWebKit/537.36 (KHTML, like Gecko) Chrome/145.0.0.0 Safari/537.36"
212.34.148.156 - - [30/Apr/2026:10:49:19 +0300] "GET /wp-content/themes/toppic/css/woocommerce.css?ver=4.2 HTTP/1.1" 200 2848 "https://serhatburke.miroglu.net/zotabet-casino-bonus-premier-depot-2026/" "Mozilla/5.0 (Windows NT 10.0; Win64; x64) AppleWebKit/537.36 (KHTML, like Gecko) Chrome/145.0.0.0 Safari/537.36"
212.34.148.156 - - [30/Apr/2026:10:49:20 +0300] "GET /wp-content/themes/toppic/css/responsive.css?ver=4.2 HTTP/1.1" 200 2796 "https://serhatburke.miroglu.net/zotabet-casino-bonus-premier-depot-2026/" "Mozilla/5.0 (Windows NT 10.0; Win64; x64) AppleWebKit/537.36 (KHTML, like Gecko) Chrome/145.0.0.0 Safari/537.36"
104.194.132.199 - - [30/Apr/2026:10:49:07 +0300] "GET /88701-2/ HTTP/1.1" 200 18386 "-" "Mozilla/5.0 (Windows NT 10.0; WOW64) AppleWebKit/537.36 (KHTML, like Gecko) Chrome/114.0.0.0 YaBrowser/22.7.0 Yowser/2.5 Safari/537.36"
185.216.113.70 - - [30/Apr/2026:10:49:39 +0300] "POST /wp-cron.php?doing_wp_cron=1777535379.0653390884399414062500 HTTP/1.1" 200 448 "-" "WordPress/6.3.8; https://serhatburke.miroglu.net"
212.34.148.156 - - [30/Apr/2026:10:49:20 +0300] "POST /wp-comments-post.php HTTP/1.1" 302 1087 "https://serhatburke.miroglu.net/zotabet-casino-bonus-premier-depot-2026/" "Mozilla/5.0 (Windows NT 10.0; Win64; x64) AppleWebKit/537.36 (KHTML, like Gecko) Chrome/137.0.0.0 Safari/537.36"
52.167.144.161 - - [30/Apr/2026:10:49:18 +0300] "GET /how-to-earn-at-the-online-slots-games-info-winner-casino-loyalty-points-procedures-2026/ HTTP/2" 200 19047 "-" "Mozilla/5.0 AppleWebKit/537.36 (KHTML, like Gecko; compatible; bingbot/2.0; +http://www.bing.com/bingbot.htm) Chrome/116.0.1938.76 Safari/537.36"
40.77.167.56 - - [30/Apr/2026:10:49:23 +0300] "GET /possibilities-in-order-to-registering-your-web-based-poker-account-on-the-county-off-utah/ HTTP/2" 200 17825 "-" "Mozilla/5.0 AppleWebKit/537.36 (KHTML, like Gecko; compatible; bingbot/2.0; +http://www.bing.com/bingbot.htm) Chrome/116.0.1938.76 Safari/537.36"
40.77.167.56 - - [30/Apr/2026:10:49:28 +0300] "GET /kral-niecich-nil-dos-pozicia-kanada-trial-rtp/ HTTP/2" 200 18347 "-" "Mozilla/5.0 AppleWebKit/537.36 (KHTML, like Gecko; compatible; bingbot/2.0; +http://www.bing.com/bingbot.htm) Chrome/116.0.1938.76 Safari/537.36"
212.34.148.156 - - [30/Apr/2026:10:49:39 +0300] "GET /zotabet-casino-bonus-premier-depot-2026/?unapproved=945&moderation-hash=25adc753153b9799c431db2c6a5767b1 HTTP/1.1" 200 19539 "https://serhatburke.miroglu.net/wp-comments-post.php" "Mozilla/5.0 (Windows NT 10.0; Win64; x64) AppleWebKit/537.36 (KHTML, like Gecko) Chrome/137.0.0.0 Safari/537.36"
57.128.22.95 - - [30/Apr/2026:10:49:36 +0300] "GET /28563-2/ HTTP/1.1" 200 19315 "-" "Mozilla/5.0 (compatible; Googlebot/2.1; +http://www.google.com/bot.html)"
52.167.144.161 - - [30/Apr/2026:10:49:50 +0300] "GET /leprechaun-goes-egypt-slot-by-play-n-hot-nudge-free-spins-wade-100-percent-free-demo-enjoy/ HTTP/2" 200 19073 "-" "Mozilla/5.0 AppleWebKit/537.36 (KHTML, like Gecko; compatible; bingbot/2.0; +http://www.bing.com/bingbot.htm) Chrome/116.0.1938.76 Safari/537.36"
212.34.148.156 - - [30/Apr/2026:10:50:07 +0300] "GET /zotabet-casino-bonus-premier-depot-2026/ HTTP/1.1" 200 19103 "-" "Mozilla/5.0 (compatible; Googlebot/2.1; +http://www.google.com/bot.html)"
40.77.167.56 - - [30/Apr/2026:10:50:09 +0300] "GET /vanliga-fel-nya-lirare-utfor-gallande-natkasinon/ HTTP/2" 200 18284 "-" "Mozilla/5.0 AppleWebKit/537.36 (KHTML, like Gecko; compatible; bingbot/2.0; +http://www.bing.com/bingbot.htm) Chrome/116.0.1938.76 Safari/537.36"
185.216.113.70 - - [30/Apr/2026:10:50:37 +0300] "POST /wp-cron.php?doing_wp_cron=1777535437.5682890415191650390625 HTTP/1.1" 200 448 "-" "WordPress/6.3.8; https://serhatburke.miroglu.net"
40.77.167.56 - - [30/Apr/2026:10:50:13 +0300] "GET /finest-internet-casino-bonus-to-own-lowest-and-you-will-big-spenders/ HTTP/2" 200 17763 "-" "Mozilla/5.0 AppleWebKit/537.36 (KHTML, like Gecko; compatible; bingbot/2.0; +http://www.bing.com/bingbot.htm) Chrome/116.0.1938.76 Safari/537.36"
40.77.167.126 - - [30/Apr/2026:10:50:20 +0300] "GET /quoi-procurer-du-interet-sans-conserve-dans-un-salle-de-jeu-quelque-peu/ HTTP/2" 200 18016 "-" "Mozilla/5.0 AppleWebKit/537.36 (KHTML, like Gecko; compatible; bingbot/2.0; +http://www.bing.com/bingbot.htm) Chrome/116.0.1938.76 Safari/537.36"
40.77.167.126 - - [30/Apr/2026:10:50:24 +0300] "GET /get-ready-to-relax-and-play-certain-dated-college-charm-which-have-royal-spins/ HTTP/2" 200 18019 "-" "Mozilla/5.0 AppleWebKit/537.36 (KHTML, like Gecko; compatible; bingbot/2.0; +http://www.bing.com/bingbot.htm) Chrome/116.0.1938.76 Safari/537.36"
52.167.144.161 - - [30/Apr/2026:10:50:29 +0300] "GET /uncovering-the-power-of-dexscreener-your-essential-dex-tool/ HTTP/2" 200 17754 "-" "Mozilla/5.0 AppleWebKit/537.36 (KHTML, like Gecko; compatible; bingbot/2.0; +http://www.bing.com/bingbot.htm) Chrome/116.0.1938.76 Safari/537.36"
52.167.144.161 - - [30/Apr/2026:10:50:33 +0300] "GET /better-gambling-establishment-programs-2026-greatest-5-casino-programs-for-real-currency/ HTTP/2" 200 18555 "-" "Mozilla/5.0 AppleWebKit/537.36 (KHTML, like Gecko; compatible; bingbot/2.0; +http://www.bing.com/bingbot.htm) Chrome/116.0.1938.76 Safari/537.36"
57.128.22.95 - - [30/Apr/2026:10:50:50 +0300] "GET /beste-casino-site-belgie-hoge-inzet/ HTTP/1.1" 200 19264 "-" "Mozilla/5.0 (compatible; Googlebot/2.1; +http://www.google.com/bot.html)"
52.167.144.161 - - [30/Apr/2026:10:51:10 +0300] "GET /indian-thinking-pokie-host-rtp-from-94-243-choy-sun-doa-casino-paylines/ HTTP/2" 200 19767 "-" "Mozilla/5.0 AppleWebKit/537.36 (KHTML, like Gecko; compatible; bingbot/2.0; +http://www.bing.com/bingbot.htm) Chrome/116.0.1938.76 Safari/537.36"
185.216.113.70 - - [30/Apr/2026:10:51:52 +0300] "POST /wp-cron.php?doing_wp_cron=1777535512.1435620784759521484375 HTTP/1.1" 200 448 "-" "WordPress/6.3.8; https://serhatburke.miroglu.net"
52.167.144.161 - - [30/Apr/2026:10:51:39 +0300] "GET /sarnia-casino-ontario-uk/ HTTP/2" 200 18013 "-" "Mozilla/5.0 AppleWebKit/537.36 (KHTML, like Gecko; compatible; bingbot/2.0; +http://www.bing.com/bingbot.htm) Chrome/116.0.1938.76 Safari/537.36"
103.219.169.227 - - [30/Apr/2026:10:52:21 +0300] "POST /xmlrpc.php HTTP/1.1" 200 630 "-" "Mozilla/5.0 (Windows NT 10.0; Win64; x64) AppleWebKit/537.36 (KHTML, like Gecko) Chrome/114.0.0.0 Safari/537.36"
185.216.113.70 - - [30/Apr/2026:10:52:54 +0300] "POST /wp-cron.php?doing_wp_cron=1777535574.0410420894622802734375 HTTP/1.1" 200 448 "-" "WordPress/6.3.8; https://serhatburke.miroglu.net"
103.219.169.227 - - [30/Apr/2026:10:52:41 +0300] "POST /xmlrpc.php HTTP/1.1" 200 14466 "-" "Mozilla/5.0 (Windows NT 10.0; Win64; x64) AppleWebKit/537.36 (KHTML, like Gecko) Chrome/114.0.0.0 Safari/537.36"
57.128.22.95 - - [30/Apr/2026:10:52:43 +0300] "GET /novoline-casino-codice-bonus-registrazione/ HTTP/1.1" 200 17770 "-" "Mozilla/5.0 (compatible; Googlebot/2.1; +http://www.google.com/bot.html)"
103.219.169.227 - - [30/Apr/2026:10:52:55 +0300] "GET /ten-deposit-gambling-enterprise-put-shaolin-spin-3-online-slot-10-fool-around-with-50-60-or-100-bonuses/ HTTP/1.1" 200 79274 "-" "Mozilla/5.0 (Windows NT 10.0; Win64; x64) AppleWebKit/537.36 (KHTML, like Gecko) Chrome/123.0.0.0 Safari/537.36"
104.194.132.199 - - [30/Apr/2026:10:53:24 +0300] "GET /88701-2/ HTTP/1.1" 200 18386 "-" "Mozilla/5.0 (X11; Linux i686; rv:114.0) Gecko/20100101 Firefox/114.0"
185.216.113.70 - - [30/Apr/2026:10:53:44 +0300] "POST /wp-cron.php?doing_wp_cron=1777535624.1523749828338623046875 HTTP/1.1" 200 448 "-" "WordPress/6.3.8; https://serhatburke.miroglu.net"
57.128.22.95 - - [30/Apr/2026:10:53:32 +0300] "GET /novoline-casino-codice-bonus-registrazione/ HTTP/1.1" 200 17770 "-" "Mozilla/5.0 (compatible; Googlebot/2.1; +http://www.google.com/bot.html)"
212.34.148.156 - - [30/Apr/2026:10:54:12 +0300] "GET /zotabet-casino-bonus-premier-depot-2026/ HTTP/1.1" 200 19103 "-" "Mozilla/5.0 (compatible; Googlebot/2.1; +http://www.google.com/bot.html)"
185.216.113.70 - - [30/Apr/2026:10:56:35 +0300] "POST /wp-cron.php?doing_wp_cron=1777535795.2736880779266357421875 HTTP/1.1" 200 448 "-" "WordPress/6.3.8; https://serhatburke.miroglu.net"
103.219.169.227 - - [30/Apr/2026:10:56:21 +0300] "POST /xmlrpc.php HTTP/1.1" 200 630 "-" "Mozilla/5.0 (Windows NT 10.0; Win64; x64) AppleWebKit/537.36 (KHTML, like Gecko) Chrome/114.0.0.0 Safari/537.36"
40.77.167.241 - - [30/Apr/2026:10:56:30 +0300] "GET /bonusuri-dar-depunere-conj-pariuri-sportive-slot-coyote-moon-pe-romania-germana-2026/ HTTP/2" 200 20012 "-" "Mozilla/5.0 AppleWebKit/537.36 (KHTML, like Gecko; compatible; bingbot/2.0; +http://www.bing.com/bingbot.htm) Chrome/116.0.1938.76 Safari/537.36"
40.77.167.126 - - [30/Apr/2026:10:56:40 +0300] "GET /discover-the-power-of-atomic-wallet-for-crypto-management/ HTTP/2" 200 17805 "-" "Mozilla/5.0 AppleWebKit/537.36 (KHTML, like Gecko; compatible; bingbot/2.0; +http://www.bing.com/bingbot.htm) Chrome/116.0.1938.76 Safari/537.36"
103.219.169.227 - - [30/Apr/2026:10:56:43 +0300] "POST /xmlrpc.php HTTP/1.1" 200 14613 "-" "Mozilla/5.0 (Windows NT 10.0; Win64; x64) AppleWebKit/537.36 (KHTML, like Gecko) Chrome/114.0.0.0 Safari/537.36"
40.77.167.6 - - [30/Apr/2026:10:56:52 +0300] "GET /online-black-jack-today-the-real-deal-money-or-totally-free/ HTTP/2" 200 18193 "-" "Mozilla/5.0 AppleWebKit/537.36 (KHTML, like Gecko; compatible; bingbot/2.0; +http://www.bing.com/bingbot.htm) Chrome/116.0.1938.76 Safari/537.36"
103.219.169.227 - - [30/Apr/2026:10:57:02 +0300] "GET /enjoy-100-percent-free-position-video-egyptian-fortunes-slot-free-spins-game-zero-download-no-membership/ HTTP/1.1" 200 79464 "-" "Mozilla/5.0 (Windows NT 10.0; Win64; x64; rv:124.0) Gecko/20100101 Firefox/124.0"
40.77.167.241 - - [30/Apr/2026:10:57:11 +0300] "GET /free-online-harbors-play-gambling-establishment-slot-machine-games-enjoyment/ HTTP/2" 200 18101 "-" "Mozilla/5.0 AppleWebKit/537.36 (KHTML, like Gecko; compatible; bingbot/2.0; +http://www.bing.com/bingbot.htm) Chrome/116.0.1938.76 Safari/537.36"
40.77.167.126 - - [30/Apr/2026:10:57:15 +0300] "GET /2026s-greatest-online-slots-casinos-playing-the-real-deal-currency/ HTTP/2" 200 19613 "-" "Mozilla/5.0 AppleWebKit/537.36 (KHTML, like Gecko; compatible; bingbot/2.0; +http://www.bing.com/bingbot.htm) Chrome/116.0.1938.76 Safari/537.36"
40.77.167.6 - - [30/Apr/2026:10:57:22 +0300] "GET /fifty-free-revolves/ HTTP/2" 200 20234 "-" "Mozilla/5.0 AppleWebKit/537.36 (KHTML, like Gecko; compatible; bingbot/2.0; +http://www.bing.com/bingbot.htm) Chrome/116.0.1938.76 Safari/537.36"
185.216.113.70 - - [30/Apr/2026:10:58:35 +0300] "POST /wp-cron.php?doing_wp_cron=1777535915.2004220485687255859375 HTTP/1.1" 200 448 "-" "WordPress/6.3.8; https://serhatburke.miroglu.net"
40.77.167.241 - - [30/Apr/2026:10:58:20 +0300] "GET /utforska-spanningen-rant-casino-recension-for-akta-21/ HTTP/2" 200 305481 "-" "Mozilla/5.0 AppleWebKit/537.36 (KHTML, like Gecko; compatible; bingbot/2.0; +http://www.bing.com/bingbot.htm) Chrome/116.0.1938.76 Safari/537.36"
40.77.167.6 - - [30/Apr/2026:10:58:24 +0300] "GET /discover-the-advantages-of-using-ledger-live-for-crypto-8/ HTTP/2" 200 17893 "-" "Mozilla/5.0 AppleWebKit/537.36 (KHTML, like Gecko; compatible; bingbot/2.0; +http://www.bing.com/bingbot.htm) Chrome/116.0.1938.76 Safari/537.36"
40.77.167.52 - - [30/Apr/2026:10:58:31 +0300] "GET /enjoy-queen-out-of-ones-nile-amazingly-king-position-free-spins-100percent-cold-cash-free-spins-no-deposit-100-percent-free-costa-rica/ HTTP/2" 200 20568 "-" "Mozilla/5.0 AppleWebKit/537.36 (KHTML, like Gecko; compatible; bingbot/2.0; +http://www.bing.com/bingbot.htm) Chrome/116.0.1938.76 Safari/537.36"
40.77.167.241 - - [30/Apr/2026:10:58:50 +0300] "GET /i-think-this-is-not-by-far-the-most-easier-or-quickest-option-for-the-2025/ HTTP/2" 200 18120 "-" "Mozilla/5.0 AppleWebKit/537.36 (KHTML, like Gecko; compatible; bingbot/2.0; +http://www.bing.com/bingbot.htm) Chrome/116.0.1938.76 Safari/537.36"
40.77.167.6 - - [30/Apr/2026:10:58:54 +0300] "GET /thunderstruck-slots-comment-2026-with-50-no-deposit-spins-durian-dynamite-a-great-ten100-money-jackpot/ HTTP/2" 200 19509 "-" "Mozilla/5.0 AppleWebKit/537.36 (KHTML, like Gecko; compatible; bingbot/2.0; +http://www.bing.com/bingbot.htm) Chrome/116.0.1938.76 Safari/537.36"
40.77.167.52 - - [30/Apr/2026:10:59:00 +0300] "GET /tronscan-the-best-choice-for-tron-asset-management/ HTTP/2" 200 17670 "-" "Mozilla/5.0 AppleWebKit/537.36 (KHTML, like Gecko; compatible; bingbot/2.0; +http://www.bing.com/bingbot.htm) Chrome/116.0.1938.76 Safari/537.36"
185.216.113.70 - - [30/Apr/2026:10:59:50 +0300] "POST /wp-cron.php?doing_wp_cron=1777535990.2721409797668457031250 HTTP/1.1" 200 448 "-" "WordPress/6.3.8; https://serhatburke.miroglu.net"
40.77.167.6 - - [30/Apr/2026:10:59:21 +0300] "GET /h1-discovering-tronscan-your-gateway-to-tron-analytics-h1-2/ HTTP/2" 200 17913 "-" "Mozilla/5.0 AppleWebKit/537.36 (KHTML, like Gecko; compatible; bingbot/2.0; +http://www.bing.com/bingbot.htm) Chrome/116.0.1938.76 Safari/537.36"
40.77.167.6 - - [30/Apr/2026:10:59:21 +0300] "GET /konul-burunuz-1xbet-zuktop-aluu-arkyluu-sporttuk-meldesterdin/ HTTP/2" 200 20712 "-" "Mozilla/5.0 AppleWebKit/537.36 (KHTML, like Gecko; compatible; bingbot/2.0; +http://www.bing.com/bingbot.htm) Chrome/116.0.1938.76 Safari/537.36"
