38.246.32.195 - - [30/Apr/2026:10:02:03 +0300] "POST /xmlrpc.php HTTP/1.1" 200 8979 "-" "Mozilla/5.0 (Windows NT 10.0; Win64; x64) AppleWebKit/537.36 (KHTML, like Gecko) Chrome/114.0.0.0 Safari/537.36"
52.167.144.169 - - [30/Apr/2026:10:02:15 +0300] "GET /tips-watch-vuelta-a-good-espana-2025-alive-and-on-television-within-the-british-united-states-of-america-and-australia/ HTTP/2" 200 20368 "-" "Mozilla/5.0 AppleWebKit/537.36 (KHTML, like Gecko; compatible; bingbot/2.0; +http://www.bing.com/bingbot.htm) Chrome/116.0.1938.76 Safari/537.36"
185.216.113.70 - - [30/Apr/2026:10:03:11 +0300] "POST /wp-cron.php?doing_wp_cron=1777532591.3604619503021240234375 HTTP/1.1" 200 448 "-" "WordPress/6.3.8; https://serhatburke.miroglu.net"
40.77.167.143 - - [30/Apr/2026:10:02:36 +0300] "GET /nine-face-masks-regarding-flames-rtp-and-you-may-volatility-what-you-need-to-learn/ HTTP/2" 200 17761 "-" "Mozilla/5.0 AppleWebKit/537.36 (KHTML, like Gecko; compatible; bingbot/2.0; +http://www.bing.com/bingbot.htm) Chrome/116.0.1938.76 Safari/537.36"
185.216.113.70 - - [30/Apr/2026:10:03:14 +0300] "POST /wp-cron.php?doing_wp_cron=1777532594.1526780128479003906250 HTTP/1.1" 200 448 "-" "WordPress/6.3.8; https://serhatburke.miroglu.net"
40.77.167.50 - - [30/Apr/2026:10:02:38 +0300] "GET /dexscreener-dex-scanner-real-time-dex-alerts-charts/ HTTP/2" 200 19966 "-" "Mozilla/5.0 AppleWebKit/537.36 (KHTML, like Gecko; compatible; bingbot/2.0; +http://www.bing.com/bingbot.htm) Chrome/116.0.1938.76 Safari/537.36"
185.216.113.70 - - [30/Apr/2026:10:03:16 +0300] "POST /wp-cron.php?doing_wp_cron=1777532596.2937569618225097656250 HTTP/1.1" 200 448 "-" "WordPress/6.3.8; https://serhatburke.miroglu.net"
40.77.167.143 - - [30/Apr/2026:10:02:41 +0300] "GET /find-a-very-good-on-golden-gate-online-slot-line-pokies-in-australia-2026/ HTTP/2" 200 19832 "-" "Mozilla/5.0 AppleWebKit/537.36 (KHTML, like Gecko; compatible; bingbot/2.0; +http://www.bing.com/bingbot.htm) Chrome/116.0.1938.76 Safari/537.36"
185.216.113.70 - - [30/Apr/2026:10:03:20 +0300] "POST /wp-cron.php?doing_wp_cron=1777532600.0656700134277343750000 HTTP/1.1" 200 448 "-" "WordPress/6.3.8; https://serhatburke.miroglu.net"
38.246.32.195 - - [30/Apr/2026:10:02:44 +0300] "GET /no-deposit-bonuses-are-especially-well-known-while-they-require-no-initial-prices/ HTTP/1.1" 200 73292 "-" "Mozilla/5.0 (Windows NT 10.0; Win64; x64; rv:124.0) Gecko/20100101 Firefox/124.0"
40.77.167.50 - - [30/Apr/2026:10:02:48 +0300] "GET /financial-strategies-allows-you-to-create-deposits-and-you-will-distributions/ HTTP/2" 200 17704 "-" "Mozilla/5.0 AppleWebKit/537.36 (KHTML, like Gecko; compatible; bingbot/2.0; +http://www.bing.com/bingbot.htm) Chrome/116.0.1938.76 Safari/537.36"
52.167.144.169 - - [30/Apr/2026:10:03:05 +0300] "GET /how-bscscan-revolutionizes-crypto-analysis-for-traders/ HTTP/2" 200 0 "-" "Mozilla/5.0 AppleWebKit/537.36 (KHTML, like Gecko; compatible; bingbot/2.0; +http://www.bing.com/bingbot.htm) Chrome/116.0.1938.76 Safari/537.36"
185.216.113.70 - - [30/Apr/2026:10:03:57 +0300] "POST /wp-cron.php?doing_wp_cron=1777532637.0499069690704345703125 HTTP/1.1" 200 448 "-" "WordPress/6.3.8; https://serhatburke.miroglu.net"
52.167.144.169 - - [30/Apr/2026:10:03:14 +0300] "GET /10-eur-bonus-blos-einzahlung-spielsaal-pro-laie-der-komplette-zweiter-monat-des-jahres-2026-grundsatz-enns/ HTTP/2" 200 0 "-" "Mozilla/5.0 AppleWebKit/537.36 (KHTML, like Gecko; compatible; bingbot/2.0; +http://www.bing.com/bingbot.htm) Chrome/116.0.1938.76 Safari/537.36"
52.167.144.169 - - [30/Apr/2026:10:03:19 +0300] "GET /the-newest-video-game-are-great-and-there-is-an-impressive-selection-to-determine-away-from-obviously-suggest-this-local-casino/ HTTP/2" 200 0 "-" "Mozilla/5.0 AppleWebKit/537.36 (KHTML, like Gecko; compatible; bingbot/2.0; +http://www.bing.com/bingbot.htm) Chrome/116.0.1938.76 Safari/537.36"
38.246.32.195 - - [30/Apr/2026:10:03:33 +0300] "POST /xmlrpc.php HTTP/1.1" 200 630 "-" "Mozilla/5.0 (Windows NT 10.0; Win64; x64) AppleWebKit/537.36 (KHTML, like Gecko) Chrome/114.0.0.0 Safari/537.36"
130.51.23.23 - - [30/Apr/2026:10:04:14 +0300] "GET /beste-casino-site-belgie-hoge-inzet/ HTTP/1.1" 200 19280 "https://serhatburke.miroglu.net/" "Mozilla/5.0 (Windows NT 10.0; Win64; x64) AppleWebKit/537.36 (KHTML, like Gecko) Chrome/114.0.0.0 Safari/537.36 Edg/114.0.1264.71"
52.167.144.169 - - [30/Apr/2026:10:04:16 +0300] "GET /eye-of-horus-kostenfrei-gladiator-slot-free-spins-ferner-abzuglich-eintragung-auffuhren-sonnennachster-planet-faszination/ HTTP/2" 200 19777 "-" "Mozilla/5.0 AppleWebKit/537.36 (KHTML, like Gecko; compatible; bingbot/2.0; +http://www.bing.com/bingbot.htm) Chrome/116.0.1938.76 Safari/537.36"
130.51.23.23 - - [30/Apr/2026:10:04:45 +0300] "GET /wp-includes/css/dist/block-library/style.min.css?ver=6.3.8 HTTP/1.1" 200 13578 "https://serhatburke.miroglu.net/beste-casino-site-belgie-hoge-inzet/" "Mozilla/5.0 (Windows NT 10.0; Win64; x64) AppleWebKit/537.36 (KHTML, like Gecko) Chrome/143.0.0.0 Safari/537.36"
38.246.32.195 - - [30/Apr/2026:10:04:20 +0300] "POST /xmlrpc.php HTTP/1.1" 200 9027 "-" "Mozilla/5.0 (Windows NT 10.0; Win64; x64) AppleWebKit/537.36 (KHTML, like Gecko) Chrome/114.0.0.0 Safari/537.36"
130.51.23.23 - - [30/Apr/2026:10:04:49 +0300] "GET /wp-content/plugins/contact-form-7/includes/css/styles.css?ver=5.8 HTTP/1.1" 200 1490 "https://serhatburke.miroglu.net/beste-casino-site-belgie-hoge-inzet/" "Mozilla/5.0 (Windows NT 10.0; Win64; x64) AppleWebKit/537.36 (KHTML, like Gecko) Chrome/143.0.0.0 Safari/537.36"
130.51.23.23 - - [30/Apr/2026:10:04:51 +0300] "GET /wp-content/themes/toppic/css/fontello.css?ver=4.2 HTTP/1.1" 200 1802 "https://serhatburke.miroglu.net/beste-casino-site-belgie-hoge-inzet/" "Mozilla/5.0 (Windows NT 10.0; Win64; x64) AppleWebKit/537.36 (KHTML, like Gecko) Chrome/143.0.0.0 Safari/537.36"
130.51.23.23 - - [30/Apr/2026:10:04:52 +0300] "GET /wp-content/themes/toppic/css/reset.css?ver=4.2 HTTP/1.1" 200 1178 "https://serhatburke.miroglu.net/beste-casino-site-belgie-hoge-inzet/" "Mozilla/5.0 (Windows NT 10.0; Win64; x64) AppleWebKit/537.36 (KHTML, like Gecko) Chrome/143.0.0.0 Safari/537.36"
130.51.23.23 - - [30/Apr/2026:10:04:53 +0300] "GET /wp-content/themes/toppic/css/default.css?ver=4.2 HTTP/1.1" 200 1811 "https://serhatburke.miroglu.net/beste-casino-site-belgie-hoge-inzet/" "Mozilla/5.0 (Windows NT 10.0; Win64; x64) AppleWebKit/537.36 (KHTML, like Gecko) Chrome/143.0.0.0 Safari/537.36"
130.51.23.23 - - [30/Apr/2026:10:04:55 +0300] "GET /wp-content/themes/toppic/style.css?ver=4.2 HTTP/1.1" 200 23398 "https://serhatburke.miroglu.net/beste-casino-site-belgie-hoge-inzet/" "Mozilla/5.0 (Windows NT 10.0; Win64; x64) AppleWebKit/537.36 (KHTML, like Gecko) Chrome/143.0.0.0 Safari/537.36"
130.51.23.23 - - [30/Apr/2026:10:04:57 +0300] "GET /wp-content/themes/toppic/css/royalslider.css?ver=4.2 HTTP/1.1" 200 1887 "https://serhatburke.miroglu.net/beste-casino-site-belgie-hoge-inzet/" "Mozilla/5.0 (Windows NT 10.0; Win64; x64) AppleWebKit/537.36 (KHTML, like Gecko) Chrome/143.0.0.0 Safari/537.36"
185.216.113.70 - - [30/Apr/2026:10:04:57 +0300] "POST /wp-cron.php?doing_wp_cron=1777532697.2674849033355712890625 HTTP/1.1" 200 448 "-" "WordPress/6.3.8; https://serhatburke.miroglu.net"
130.51.23.23 - - [30/Apr/2026:10:04:58 +0300] "GET /wp-content/themes/toppic/css/rs-default.css?ver=4.2 HTTP/1.1" 200 2625 "https://serhatburke.miroglu.net/beste-casino-site-belgie-hoge-inzet/" "Mozilla/5.0 (Windows NT 10.0; Win64; x64) AppleWebKit/537.36 (KHTML, like Gecko) Chrome/143.0.0.0 Safari/537.36"
57.128.22.95 - - [30/Apr/2026:10:04:26 +0300] "GET /28563-2/ HTTP/1.1" 200 19313 "https://serhatburke.miroglu.net/" "Mozilla/5.0 (Windows NT 10.0; Win64; x64; rv:147.0) Gecko/20100101 Firefox/147.0"
192.3.59.35 - - [30/Apr/2026:10:05:00 +0300] "GET /wp-includes/css/dist/block-library/style.min.css?ver=6.3.8 HTTP/1.1" 200 13578 "https://serhatburke.miroglu.net/28563-2/" "Mozilla/5.0 (Windows NT 10.0; Win64; x64) AppleWebKit/537.36 (KHTML, like Gecko) Chrome/145.0.0.0 Safari/537.36"
130.51.23.23 - - [30/Apr/2026:10:05:00 +0300] "GET /wp-content/themes/toppic/css/lightbox.css?ver=4.2 HTTP/1.1" 200 2956 "https://serhatburke.miroglu.net/beste-casino-site-belgie-hoge-inzet/" "Mozilla/5.0 (Windows NT 10.0; Win64; x64) AppleWebKit/537.36 (KHTML, like Gecko) Chrome/143.0.0.0 Safari/537.36"
130.51.23.23 - - [30/Apr/2026:10:05:02 +0300] "GET /wp-content/themes/toppic/css/woocommerce.css?ver=4.2 HTTP/1.1" 200 2848 "https://serhatburke.miroglu.net/beste-casino-site-belgie-hoge-inzet/" "Mozilla/5.0 (Windows NT 10.0; Win64; x64) AppleWebKit/537.36 (KHTML, like Gecko) Chrome/143.0.0.0 Safari/537.36"
192.3.59.35 - - [30/Apr/2026:10:05:02 +0300] "GET /wp-content/plugins/contact-form-7/includes/css/styles.css?ver=5.8 HTTP/1.1" 200 1490 "https://serhatburke.miroglu.net/28563-2/" "Mozilla/5.0 (Windows NT 10.0; Win64; x64) AppleWebKit/537.36 (KHTML, like Gecko) Chrome/145.0.0.0 Safari/537.36"
192.3.59.35 - - [30/Apr/2026:10:05:03 +0300] "GET /wp-content/themes/toppic/css/fontello.css?ver=4.2 HTTP/1.1" 200 1802 "https://serhatburke.miroglu.net/28563-2/" "Mozilla/5.0 (Windows NT 10.0; Win64; x64) AppleWebKit/537.36 (KHTML, like Gecko) Chrome/145.0.0.0 Safari/537.36"
130.51.23.23 - - [30/Apr/2026:10:05:03 +0300] "GET /wp-content/themes/toppic/css/responsive.css?ver=4.2 HTTP/1.1" 200 2796 "https://serhatburke.miroglu.net/beste-casino-site-belgie-hoge-inzet/" "Mozilla/5.0 (Windows NT 10.0; Win64; x64) AppleWebKit/537.36 (KHTML, like Gecko) Chrome/143.0.0.0 Safari/537.36"
192.3.59.35 - - [30/Apr/2026:10:05:05 +0300] "GET /wp-content/themes/toppic/css/reset.css?ver=4.2 HTTP/1.1" 200 1178 "https://serhatburke.miroglu.net/28563-2/" "Mozilla/5.0 (Windows NT 10.0; Win64; x64) AppleWebKit/537.36 (KHTML, like Gecko) Chrome/145.0.0.0 Safari/537.36"
57.128.22.95 - - [30/Apr/2026:10:04:30 +0300] "GET /zotabet-casino-bonus-premier-depot-2026/ HTTP/1.1" 200 19136 "https://serhatburke.miroglu.net/" "Mozilla/5.0 (Macintosh; Intel Mac OS X 10_15_7) AppleWebKit/537.36 (KHTML, like Gecko) Chrome/146.0.0.0 Safari/537.36 Edg/146.0.0.0"
192.3.59.35 - - [30/Apr/2026:10:05:06 +0300] "GET /wp-content/themes/toppic/css/default.css?ver=4.2 HTTP/1.1" 200 1811 "https://serhatburke.miroglu.net/28563-2/" "Mozilla/5.0 (Windows NT 10.0; Win64; x64) AppleWebKit/537.36 (KHTML, like Gecko) Chrome/145.0.0.0 Safari/537.36"
192.3.59.35 - - [30/Apr/2026:10:05:08 +0300] "GET /wp-content/themes/toppic/style.css?ver=4.2 HTTP/1.1" 200 23398 "https://serhatburke.miroglu.net/28563-2/" "Mozilla/5.0 (Windows NT 10.0; Win64; x64) AppleWebKit/537.36 (KHTML, like Gecko) Chrome/145.0.0.0 Safari/537.36"
192.3.59.35 - - [30/Apr/2026:10:05:08 +0300] "GET /wp-content/themes/toppic/style.css?ver=4.2 HTTP/1.1" 200 23398 "https://serhatburke.miroglu.net/zotabet-casino-bonus-premier-depot-2026/" "Mozilla/5.0 (Windows NT 10.0; Win64; x64) AppleWebKit/537.36 (KHTML, like Gecko) Chrome/145.0.0.0 Safari/537.36"
192.3.59.35 - - [30/Apr/2026:10:05:09 +0300] "GET /wp-content/themes/toppic/css/royalslider.css?ver=4.2 HTTP/1.1" 200 1887 "https://serhatburke.miroglu.net/28563-2/" "Mozilla/5.0 (Windows NT 10.0; Win64; x64) AppleWebKit/537.36 (KHTML, like Gecko) Chrome/145.0.0.0 Safari/537.36"
192.3.59.35 - - [30/Apr/2026:10:05:10 +0300] "GET /wp-content/themes/toppic/css/royalslider.css?ver=4.2 HTTP/1.1" 200 1887 "https://serhatburke.miroglu.net/zotabet-casino-bonus-premier-depot-2026/" "Mozilla/5.0 (Windows NT 10.0; Win64; x64) AppleWebKit/537.36 (KHTML, like Gecko) Chrome/145.0.0.0 Safari/537.36"
192.3.59.35 - - [30/Apr/2026:10:05:11 +0300] "GET /wp-content/themes/toppic/css/rs-default.css?ver=4.2 HTTP/1.1" 200 2625 "https://serhatburke.miroglu.net/28563-2/" "Mozilla/5.0 (Windows NT 10.0; Win64; x64) AppleWebKit/537.36 (KHTML, like Gecko) Chrome/145.0.0.0 Safari/537.36"
192.3.59.35 - - [30/Apr/2026:10:05:12 +0300] "GET /wp-content/themes/toppic/css/rs-default.css?ver=4.2 HTTP/1.1" 200 2625 "https://serhatburke.miroglu.net/zotabet-casino-bonus-premier-depot-2026/" "Mozilla/5.0 (Windows NT 10.0; Win64; x64) AppleWebKit/537.36 (KHTML, like Gecko) Chrome/145.0.0.0 Safari/537.36"
192.3.59.35 - - [30/Apr/2026:10:05:12 +0300] "GET /wp-content/themes/toppic/css/lightbox.css?ver=4.2 HTTP/1.1" 200 2956 "https://serhatburke.miroglu.net/28563-2/" "Mozilla/5.0 (Windows NT 10.0; Win64; x64) AppleWebKit/537.36 (KHTML, like Gecko) Chrome/145.0.0.0 Safari/537.36"
192.3.59.35 - - [30/Apr/2026:10:05:13 +0300] "GET /wp-content/themes/toppic/css/lightbox.css?ver=4.2 HTTP/1.1" 200 2956 "https://serhatburke.miroglu.net/zotabet-casino-bonus-premier-depot-2026/" "Mozilla/5.0 (Windows NT 10.0; Win64; x64) AppleWebKit/537.36 (KHTML, like Gecko) Chrome/145.0.0.0 Safari/537.36"
192.3.59.35 - - [30/Apr/2026:10:05:14 +0300] "GET /wp-content/themes/toppic/css/woocommerce.css?ver=4.2 HTTP/1.1" 200 2848 "https://serhatburke.miroglu.net/28563-2/" "Mozilla/5.0 (Windows NT 10.0; Win64; x64) AppleWebKit/537.36 (KHTML, like Gecko) Chrome/145.0.0.0 Safari/537.36"
192.3.59.35 - - [30/Apr/2026:10:05:15 +0300] "GET /wp-content/themes/toppic/css/woocommerce.css?ver=4.2 HTTP/1.1" 200 2848 "https://serhatburke.miroglu.net/zotabet-casino-bonus-premier-depot-2026/" "Mozilla/5.0 (Windows NT 10.0; Win64; x64) AppleWebKit/537.36 (KHTML, like Gecko) Chrome/145.0.0.0 Safari/537.36"
192.3.59.35 - - [30/Apr/2026:10:05:16 +0300] "GET /wp-content/themes/toppic/css/responsive.css?ver=4.2 HTTP/1.1" 200 2796 "https://serhatburke.miroglu.net/28563-2/" "Mozilla/5.0 (Windows NT 10.0; Win64; x64) AppleWebKit/537.36 (KHTML, like Gecko) Chrome/145.0.0.0 Safari/537.36"
192.3.59.35 - - [30/Apr/2026:10:05:16 +0300] "GET /wp-content/themes/toppic/css/responsive.css?ver=4.2 HTTP/1.1" 200 2796 "https://serhatburke.miroglu.net/zotabet-casino-bonus-premier-depot-2026/" "Mozilla/5.0 (Windows NT 10.0; Win64; x64) AppleWebKit/537.36 (KHTML, like Gecko) Chrome/145.0.0.0 Safari/537.36"
40.77.167.50 - - [30/Apr/2026:10:04:40 +0300] "GET /nertis-partenaire-de-croissance-afin-de-les-crucial-link-entreprises-fondees-level-leurs-createurs/ HTTP/2" 200 18942 "-" "Mozilla/5.0 AppleWebKit/537.36 (KHTML, like Gecko; compatible; bingbot/2.0; +http://www.bing.com/bingbot.htm) Chrome/116.0.1938.76 Safari/537.36"
40.77.167.50 - - [30/Apr/2026:10:04:44 +0300] "GET /public-casinos-create-revenue-as-a-result-of-for-the-app-instructions-and-you-will-advertisements/ HTTP/2" 200 17732 "-" "Mozilla/5.0 AppleWebKit/537.36 (KHTML, like Gecko; compatible; bingbot/2.0; +http://www.bing.com/bingbot.htm) Chrome/116.0.1938.76 Safari/537.36"
38.246.32.195 - - [30/Apr/2026:10:04:48 +0300] "GET /you-will-find-several-belongings-situated-casinos-that-are-currently-operating-from-inside-the-ohio/ HTTP/1.1" 200 73943 "-" "Mozilla/5.0 (Windows NT 10.0; rv:109.0) Gecko/20100101 Firefox/115.0"
52.167.144.236 - - [30/Apr/2026:10:04:50 +0300] "GET /gamble-online-slots-better-totally-free-and-you-may-real-ybets-affiliate-login-cash-slots/ HTTP/2" 200 19373 "-" "Mozilla/5.0 AppleWebKit/537.36 (KHTML, like Gecko; compatible; bingbot/2.0; +http://www.bing.com/bingbot.htm) Chrome/116.0.1938.76 Safari/537.36"
130.51.23.23 - - [30/Apr/2026:10:05:04 +0300] "POST /wp-comments-post.php HTTP/1.1" 302 1083 "https://serhatburke.miroglu.net/beste-casino-site-belgie-hoge-inzet/" "Mozilla/5.0 (Windows NT 10.0; Win64; x64) AppleWebKit/537.36 (KHTML, like Gecko) Chrome/114.0.0.0 Safari/537.36 Edg/114.0.1264.71"
192.3.59.35 - - [30/Apr/2026:10:05:17 +0300] "POST /wp-comments-post.php HTTP/1.1" 302 1055 "https://serhatburke.miroglu.net/28563-2/" "Mozilla/5.0 (Windows NT 10.0; Win64; x64; rv:147.0) Gecko/20100101 Firefox/147.0"
192.3.59.35 - - [30/Apr/2026:10:05:18 +0300] "POST /wp-comments-post.php HTTP/1.1" 429 1608 "https://serhatburke.miroglu.net/zotabet-casino-bonus-premier-depot-2026/" "Mozilla/5.0 (Macintosh; Intel Mac OS X 10_15_7) AppleWebKit/537.36 (KHTML, like Gecko) Chrome/146.0.0.0 Safari/537.36 Edg/146.0.0.0"
185.216.113.70 - - [30/Apr/2026:10:06:02 +0300] "POST /wp-cron.php?doing_wp_cron=1777532762.0707869529724121093750 HTTP/1.1" 200 448 "-" "WordPress/6.3.8; https://serhatburke.miroglu.net"
38.246.32.195 - - [30/Apr/2026:10:05:31 +0300] "POST /xmlrpc.php HTTP/1.1" 200 630 "-" "Mozilla/5.0 (Windows NT 10.0; Win64; x64) AppleWebKit/537.36 (KHTML, like Gecko) Chrome/114.0.0.0 Safari/537.36"
185.216.113.70 - - [30/Apr/2026:10:06:02 +0300] "POST /wp-cron.php?doing_wp_cron=1777532762.6214790344238281250000 HTTP/1.1" 200 448 "-" "WordPress/6.3.8; https://serhatburke.miroglu.net"
40.77.167.50 - - [30/Apr/2026:10:05:31 +0300] "GET /download-software-appreciate-biggest-playing-and-you-will-slots-on-the-internet/ HTTP/2" 200 19611 "-" "Mozilla/5.0 AppleWebKit/537.36 (KHTML, like Gecko; compatible; bingbot/2.0; +http://www.bing.com/bingbot.htm) Chrome/116.0.1938.76 Safari/537.36"
185.216.113.70 - - [30/Apr/2026:10:06:12 +0300] "POST /wp-cron.php?doing_wp_cron=1777532772.8411478996276855468750 HTTP/1.1" 200 448 "-" "WordPress/6.3.8; https://serhatburke.miroglu.net"
130.51.23.23 - - [30/Apr/2026:10:05:40 +0300] "GET /beste-casino-site-belgie-hoge-inzet/?unapproved=938&moderation-hash=3686316f68492dc78cc38767b64ffa9c HTTP/1.1" 200 19691 "https://serhatburke.miroglu.net/wp-comments-post.php" "Mozilla/5.0 (Windows NT 10.0; Win64; x64) AppleWebKit/537.36 (KHTML, like Gecko) Chrome/114.0.0.0 Safari/537.36 Edg/114.0.1264.71"
107.172.18.120 - - [30/Apr/2026:10:05:53 +0300] "POST /wp-comments-post.php HTTP/1.1" 302 1087 "https://serhatburke.miroglu.net/zotabet-casino-bonus-premier-depot-2026/" "Mozilla/5.0 (Macintosh; Intel Mac OS X 10_15_7) AppleWebKit/537.36 (KHTML, like Gecko) Chrome/146.0.0.0 Safari/537.36 Edg/146.0.0.0"
83.142.55.119 - - [30/Apr/2026:10:06:07 +0300] "POST /xmlrpc.php HTTP/2" 200 0 "-" "WordPress/XMLRPC Client"
192.3.59.35 - - [30/Apr/2026:10:05:52 +0300] "GET /28563-2/?unapproved=939&moderation-hash=6f954d085d41fbc06acb219b5ab74f2e HTTP/1.1" 200 19858 "https://serhatburke.miroglu.net/wp-comments-post.php" "Mozilla/5.0 (Windows NT 10.0; Win64; x64; rv:147.0) Gecko/20100101 Firefox/147.0"
38.246.32.195 - - [30/Apr/2026:10:06:09 +0300] "POST /xmlrpc.php HTTP/1.1" 200 13232 "-" "Mozilla/5.0 (Windows NT 10.0; Win64; x64) AppleWebKit/537.36 (KHTML, like Gecko) Chrome/114.0.0.0 Safari/537.36"
130.51.23.23 - - [30/Apr/2026:10:06:15 +0300] "GET /beste-casino-site-belgie-hoge-inzet/ HTTP/1.1" 200 19264 "-" "Mozilla/5.0 (Windows NT 10.0; Win64; x64) AppleWebKit/537.36 (KHTML, like Gecko) Chrome/114.0.0.0 Safari/537.36 Edg/114.0.1264.71"
107.172.18.120 - - [30/Apr/2026:10:06:37 +0300] "GET /zotabet-casino-bonus-premier-depot-2026/?unapproved=940&moderation-hash=b99f718a9af90ba9616d8997f6414335 HTTP/1.1" 200 0 "https://serhatburke.miroglu.net/wp-comments-post.php" "Mozilla/5.0 (Macintosh; Intel Mac OS X 10_15_7) AppleWebKit/537.36 (KHTML, like Gecko) Chrome/146.0.0.0 Safari/537.36 Edg/146.0.0.0"
185.216.113.70 - - [30/Apr/2026:10:07:13 +0300] "POST /wp-cron.php?doing_wp_cron=1777532832.9487240314483642578125 HTTP/1.1" 200 448 "-" "WordPress/6.3.8; https://serhatburke.miroglu.net"
57.128.22.95 - - [30/Apr/2026:10:06:38 +0300] "GET /28563-2/ HTTP/1.1" 200 19315 "-" "Mozilla/5.0 (compatible; Googlebot/2.1; +http://www.google.com/bot.html)"
185.216.113.70 - - [30/Apr/2026:10:07:25 +0300] "POST /wp-cron.php?doing_wp_cron=1777532845.2543880939483642578125 HTTP/1.1" 200 448 "-" "WordPress/6.3.8; https://serhatburke.miroglu.net"
38.246.32.195 - - [30/Apr/2026:10:06:57 +0300] "GET /know-oklahomas-gambling-rules-as-well-as-courtroom-types-of-playing-tribal-compacts-certification-legislation-and-you-will-restrictions-on-private-and-you-can-social-betting/ HTTP/1.1" 200 80038 "-" "Mozilla/5.0 (Windows NT 10.0; Win64; x64) AppleWebKit/537.36 (KHTML, like Gecko) Chrome/123.0.0.0 Safari/537.36 OPR/109.0.0.0"
57.128.22.95 - - [30/Apr/2026:10:07:03 +0300] "GET /zotabet-casino-bonus-premier-depot-2026/ HTTP/1.1" 200 19103 "-" "Mozilla/5.0 (compatible; Googlebot/2.1; +http://www.google.com/bot.html)"
62.201.255.223 - - [30/Apr/2026:10:07:08 +0300] "POST /xmlrpc.php HTTP/2" 200 0 "-" "WordPress/XMLRPC Client"
185.216.113.70 - - [30/Apr/2026:10:07:43 +0300] "POST /wp-cron.php?doing_wp_cron=1777532863.4493761062622070312500 HTTP/1.1" 200 448 "-" "WordPress/6.3.8; https://serhatburke.miroglu.net"
38.246.32.195 - - [30/Apr/2026:10:07:15 +0300] "POST /xmlrpc.php HTTP/1.1" 200 630 "-" "Mozilla/5.0 (Windows NT 10.0; Win64; x64) AppleWebKit/537.36 (KHTML, like Gecko) Chrome/114.0.0.0 Safari/537.36"
186.109.253.196 - - [30/Apr/2026:10:07:40 +0300] "POST /xmlrpc.php HTTP/2" 200 141 "-" "WordPress/XMLRPC Client"
38.246.32.195 - - [30/Apr/2026:10:07:49 +0300] "POST /xmlrpc.php HTTP/1.1" 200 8499 "-" "Mozilla/5.0 (Windows NT 10.0; Win64; x64) AppleWebKit/537.36 (KHTML, like Gecko) Chrome/114.0.0.0 Safari/537.36"
186.109.253.196 - - [30/Apr/2026:10:08:01 +0300] "GET /?p=145666 HTTP/2" 301 0 "-" "Mozilla/5.0 (Windows NT 10.0; Win64; x64) AppleWebKit/537.36 (KHTML, like Gecko) Chrome/120.0.0.0 Safari/537.36"
52.167.144.158 - - [30/Apr/2026:10:08:01 +0300] "GET /decatex-pharmaceutical-en-el-culturismo-potenciando-el-rendimiento-deportivo/ HTTP/2" 200 16722 "-" "Mozilla/5.0 AppleWebKit/537.36 (KHTML, like Gecko; compatible; bingbot/2.0; +http://www.bing.com/bingbot.htm) Chrome/116.0.1938.76 Safari/537.36"
38.246.32.195 - - [30/Apr/2026:10:08:13 +0300] "GET /4-roosterbet-gambling-enterprise-%EF%BF%BD/ HTTP/1.1" 200 72084 "-" "Mozilla/5.0 (Windows NT 10.0; Win64; x64) AppleWebKit/537.36 (KHTML, like Gecko) Chrome/123.0.0.0 Safari/537.36"
185.216.113.70 - - [30/Apr/2026:10:08:44 +0300] "POST /wp-cron.php?doing_wp_cron=1777532924.6749010086059570312500 HTTP/1.1" 200 448 "-" "WordPress/6.3.8; https://serhatburke.miroglu.net"
52.167.144.169 - - [30/Apr/2026:10:08:15 +0300] "GET /ufazeed-2026-3/ HTTP/2" 200 196257 "-" "Mozilla/5.0 AppleWebKit/537.36 (KHTML, like Gecko; compatible; bingbot/2.0; +http://www.bing.com/bingbot.htm) Chrome/116.0.1938.76 Safari/537.36"
52.167.144.236 - - [30/Apr/2026:10:08:17 +0300] "GET /how-bscscan-enhances-your-cryptocurrency-experience-2/ HTTP/2" 200 17941 "-" "Mozilla/5.0 AppleWebKit/537.36 (KHTML, like Gecko; compatible; bingbot/2.0; +http://www.bing.com/bingbot.htm) Chrome/116.0.1938.76 Safari/537.36"
52.167.144.236 - - [30/Apr/2026:10:08:19 +0300] "GET /deneme-bonusu-veren-casino-siteler-2026-deneme-bonusu-20261514/ HTTP/2" 200 17932 "-" "Mozilla/5.0 AppleWebKit/537.36 (KHTML, like Gecko; compatible; bingbot/2.0; +http://www.bing.com/bingbot.htm) Chrome/116.0.1938.76 Safari/537.36"
52.167.144.236 - - [30/Apr/2026:10:08:37 +0300] "GET /kraken-bezopasnyi-dostup-k-resursam-darkneta-2026-14/ HTTP/2" 200 18674 "-" "Mozilla/5.0 AppleWebKit/537.36 (KHTML, like Gecko; compatible; bingbot/2.0; +http://www.bing.com/bingbot.htm) Chrome/116.0.1938.76 Safari/537.36"
57.128.22.95 - - [30/Apr/2026:10:08:55 +0300] "GET /zotabet-casino-bonus-premier-depot-2026/ HTTP/1.1" 200 19103 "-" "Mozilla/5.0 (compatible; Googlebot/2.1; +http://www.google.com/bot.html)"
40.77.167.50 - - [30/Apr/2026:10:08:58 +0300] "GET /the-genuine-cashout-chance-from-the-zero-deposit-casinos/ HTTP/2" 200 20183 "-" "Mozilla/5.0 AppleWebKit/537.36 (KHTML, like Gecko; compatible; bingbot/2.0; +http://www.bing.com/bingbot.htm) Chrome/116.0.1938.76 Safari/537.36"
38.246.32.195 - - [30/Apr/2026:10:09:00 +0300] "POST /xmlrpc.php HTTP/1.1" 200 630 "-" "Mozilla/5.0 (Windows NT 10.0; Win64; x64) AppleWebKit/537.36 (KHTML, like Gecko) Chrome/114.0.0.0 Safari/537.36"
52.167.144.236 - - [30/Apr/2026:10:09:05 +0300] "GET /why-every-trader-should-use-dexscreener-for-dex-insights/ HTTP/2" 200 18192 "-" "Mozilla/5.0 AppleWebKit/537.36 (KHTML, like Gecko; compatible; bingbot/2.0; +http://www.bing.com/bingbot.htm) Chrome/116.0.1938.76 Safari/537.36"
52.167.144.236 - - [30/Apr/2026:10:09:10 +0300] "GET /68217-2/ HTTP/2" 200 17589 "-" "Mozilla/5.0 AppleWebKit/537.36 (KHTML, like Gecko; compatible; bingbot/2.0; +http://www.bing.com/bingbot.htm) Chrome/116.0.1938.76 Safari/537.36"
185.216.113.70 - - [30/Apr/2026:10:09:48 +0300] "POST /wp-cron.php?doing_wp_cron=1777532988.4590439796447753906250 HTTP/1.1" 200 448 "-" "WordPress/6.3.8; https://serhatburke.miroglu.net"
38.246.32.195 - - [30/Apr/2026:10:09:32 +0300] "POST /xmlrpc.php HTTP/1.1" 200 9171 "-" "Mozilla/5.0 (Windows NT 10.0; Win64; x64) AppleWebKit/537.36 (KHTML, like Gecko) Chrome/114.0.0.0 Safari/537.36"
52.167.144.236 - - [30/Apr/2026:10:09:37 +0300] "GET /bedste-online-casinoer-ved-hjaelp-af-dansken-online-casino-mahjong-88-afgift-pr-februar-2026-guidebog/ HTTP/2" 200 19012 "-" "Mozilla/5.0 AppleWebKit/537.36 (KHTML, like Gecko; compatible; bingbot/2.0; +http://www.bing.com/bingbot.htm) Chrome/116.0.1938.76 Safari/537.36"
40.77.167.50 - - [30/Apr/2026:10:09:41 +0300] "GET /ramses-guide-position-game-demonstration-gamble-totally-free-spins/ HTTP/2" 200 18531 "-" "Mozilla/5.0 AppleWebKit/537.36 (KHTML, like Gecko; compatible; bingbot/2.0; +http://www.bing.com/bingbot.htm) Chrome/116.0.1938.76 Safari/537.36"
57.128.22.95 - - [30/Apr/2026:10:09:45 +0300] "GET /28563-2/ HTTP/1.1" 200 19315 "-" "Mozilla/5.0 (compatible; Googlebot/2.1; +http://www.google.com/bot.html)"
38.246.32.195 - - [30/Apr/2026:10:09:51 +0300] "GET /how-exactly-to-enjoy-responsibly-within-real-cash-casinos-on-the-internet-within-the-european-union/ HTTP/1.1" 200 74069 "-" "Mozilla/5.0 (Windows NT 10.0; Win64; x64; rv:124.0) Gecko/20100101 Firefox/124.0"
52.167.144.236 - - [30/Apr/2026:10:10:06 +0300] "GET /premium-internet-casino-harbors-for-everyone/ HTTP/2" 200 20671 "-" "Mozilla/5.0 AppleWebKit/537.36 (KHTML, like Gecko; compatible; bingbot/2.0; +http://www.bing.com/bingbot.htm) Chrome/116.0.1938.76 Safari/537.36"
185.216.113.70 - - [30/Apr/2026:10:10:53 +0300] "POST /wp-cron.php?doing_wp_cron=1777533053.5651080608367919921875 HTTP/1.1" 200 448 "-" "WordPress/6.3.8; https://serhatburke.miroglu.net"
38.246.32.195 - - [30/Apr/2026:10:10:23 +0300] "POST /xmlrpc.php HTTP/1.1" 200 630 "-" "Mozilla/5.0 (Windows NT 10.0; Win64; x64) AppleWebKit/537.36 (KHTML, like Gecko) Chrome/114.0.0.0 Safari/537.36"
52.167.144.158 - - [30/Apr/2026:10:10:22 +0300] "GET /las-diez-mejores-slots-casino-island-acerca-de-2026-funciona-nadie-pondria-en-duda-desde-1-centimo/ HTTP/2" 200 20737 "-" "Mozilla/5.0 AppleWebKit/537.36 (KHTML, like Gecko; compatible; bingbot/2.0; +http://www.bing.com/bingbot.htm) Chrome/116.0.1938.76 Safari/537.36"
40.77.167.50 - - [30/Apr/2026:10:10:25 +0300] "GET /the-evolution-of-responsible-gambling-in-the-uk-navigating-new-payment-methods-2/ HTTP/2" 200 18386 "-" "Mozilla/5.0 AppleWebKit/537.36 (KHTML, like Gecko; compatible; bingbot/2.0; +http://www.bing.com/bingbot.htm) Chrome/116.0.1938.76 Safari/537.36"
52.167.144.158 - - [30/Apr/2026:10:10:27 +0300] "GET /sensuous-shots-pinball-by-the-kitty-glitter-pokie-premier-gottlieb-museum-of-ones-game/ HTTP/2" 200 18820 "-" "Mozilla/5.0 AppleWebKit/537.36 (KHTML, like Gecko; compatible; bingbot/2.0; +http://www.bing.com/bingbot.htm) Chrome/116.0.1938.76 Safari/537.36"
52.167.144.236 - - [30/Apr/2026:10:10:36 +0300] "GET /mastering-online-pirots-4-strategies-bonuses-and-expert-insights/ HTTP/2" 200 18318 "-" "Mozilla/5.0 AppleWebKit/537.36 (KHTML, like Gecko; compatible; bingbot/2.0; +http://www.bing.com/bingbot.htm) Chrome/116.0.1938.76 Safari/537.36"
52.167.144.236 - - [30/Apr/2026:10:10:40 +0300] "GET /practical-enjoy-practical-play-pragmatic-enjoy-discover-every-video-game-forty-two/ HTTP/2" 200 18357 "-" "Mozilla/5.0 AppleWebKit/537.36 (KHTML, like Gecko; compatible; bingbot/2.0; +http://www.bing.com/bingbot.htm) Chrome/116.0.1938.76 Safari/537.36"
40.77.167.50 - - [30/Apr/2026:10:10:46 +0300] "GET /exploring-the-unique-benefits-of-solscan-for-crypto-traders/ HTTP/2" 200 17905 "-" "Mozilla/5.0 AppleWebKit/537.36 (KHTML, like Gecko; compatible; bingbot/2.0; +http://www.bing.com/bingbot.htm) Chrome/116.0.1938.76 Safari/537.36"
38.246.32.195 - - [30/Apr/2026:10:11:02 +0300] "POST /xmlrpc.php HTTP/1.1" 200 12067 "-" "Mozilla/5.0 (Windows NT 10.0; Win64; x64) AppleWebKit/537.36 (KHTML, like Gecko) Chrome/114.0.0.0 Safari/537.36"
185.216.113.70 - - [30/Apr/2026:10:11:42 +0300] "POST /wp-cron.php?doing_wp_cron=1777533102.7331221103668212890625 HTTP/1.1" 200 448 "-" "WordPress/6.3.8; https://serhatburke.miroglu.net"
52.167.144.236 - - [30/Apr/2026:10:11:27 +0300] "GET /in-the-gambling-establishment-i-diving-for-the-complicated-world-of-casino-bonuses/ HTTP/2" 200 17794 "-" "Mozilla/5.0 AppleWebKit/537.36 (KHTML, like Gecko; compatible; bingbot/2.0; +http://www.bing.com/bingbot.htm) Chrome/116.0.1938.76 Safari/537.36"
38.246.32.195 - - [30/Apr/2026:10:11:28 +0300] "GET /exactly-how-game-builders-was-refining-online-casino-games-from-inside-the-2025-to-become-more-glamorous/ HTTP/1.1" 200 76870 "-" "Mozilla/5.0 (Windows NT 10.0; Win64; x64) AppleWebKit/537.36 (KHTML, like Gecko) Chrome/124.0.0.0 Safari/537.36 Edg/124.0.0.0"
38.246.32.195 - - [30/Apr/2026:10:11:45 +0300] "POST /xmlrpc.php HTTP/1.1" 200 630 "-" "Mozilla/5.0 (Windows NT 10.0; Win64; x64) AppleWebKit/537.36 (KHTML, like Gecko) Chrome/114.0.0.0 Safari/537.36"
185.216.113.70 - - [30/Apr/2026:10:12:24 +0300] "POST /wp-cron.php?doing_wp_cron=1777533144.5638070106506347656250 HTTP/1.1" 200 448 "-" "WordPress/6.3.8; https://serhatburke.miroglu.net"
38.246.32.195 - - [30/Apr/2026:10:12:11 +0300] "POST /xmlrpc.php HTTP/1.1" 200 8940 "-" "Mozilla/5.0 (Windows NT 10.0; Win64; x64) AppleWebKit/537.36 (KHTML, like Gecko) Chrome/114.0.0.0 Safari/537.36"
52.167.144.158 - - [30/Apr/2026:10:12:24 +0300] "GET /enhance-your-trading-efforts-with-raydium-exchange-3/ HTTP/2" 200 17739 "-" "Mozilla/5.0 AppleWebKit/537.36 (KHTML, like Gecko; compatible; bingbot/2.0; +http://www.bing.com/bingbot.htm) Chrome/116.0.1938.76 Safari/537.36"
52.167.144.236 - - [30/Apr/2026:10:12:26 +0300] "GET /merken-sie-wirklich-so-gebuhren-unter-anderem-bearbeitungszeiten-je-nach-dienstanbieter-unter-anderem-einem-ort-schwanken-im-stande-sein/ HTTP/2" 200 18456 "-" "Mozilla/5.0 AppleWebKit/537.36 (KHTML, like Gecko; compatible; bingbot/2.0; +http://www.bing.com/bingbot.htm) Chrome/116.0.1938.76 Safari/537.36"
38.246.32.195 - - [30/Apr/2026:10:12:26 +0300] "GET /2-is-actually-owners-regarding-north-dakota-legally-permitted-to-play-online/ HTTP/1.1" 200 73374 "-" "Mozilla/5.0 (Windows NT 10.0; Win64; x64; rv:125.0) Gecko/20100101 Firefox/125.0"
40.77.167.50 - - [30/Apr/2026:10:12:27 +0300] "GET /casino-pa-nett-2026-din-guide-a-norges-beste-casinoer/ HTTP/2" 200 20060 "-" "Mozilla/5.0 AppleWebKit/537.36 (KHTML, like Gecko; compatible; bingbot/2.0; +http://www.bing.com/bingbot.htm) Chrome/116.0.1938.76 Safari/537.36"
40.77.167.50 - - [30/Apr/2026:10:12:28 +0300] "GET /chatib-review-the-digital-wasteland-where-hope-8/ HTTP/2" 200 20758 "-" "Mozilla/5.0 AppleWebKit/537.36 (KHTML, like Gecko; compatible; bingbot/2.0; +http://www.bing.com/bingbot.htm) Chrome/116.0.1938.76 Safari/537.36"
52.167.144.158 - - [30/Apr/2026:10:13:05 +0300] "GET /speel-noppes-fruitkasten-spinbetter-app-downloaden-voor-android-online-voor-onbegrensd-genot/ HTTP/2" 200 18034 "-" "Mozilla/5.0 AppleWebKit/537.36 (KHTML, like Gecko; compatible; bingbot/2.0; +http://www.bing.com/bingbot.htm) Chrome/116.0.1938.76 Safari/537.36"
52.167.144.158 - - [30/Apr/2026:10:13:09 +0300] "GET /rating-a-hundred-spybet-login-ireland-k-free-gold-coins/ HTTP/2" 200 20826 "-" "Mozilla/5.0 AppleWebKit/537.36 (KHTML, like Gecko; compatible; bingbot/2.0; +http://www.bing.com/bingbot.htm) Chrome/116.0.1938.76 Safari/537.36"
38.246.32.195 - - [30/Apr/2026:10:13:10 +0300] "POST /xmlrpc.php HTTP/1.1" 200 630 "-" "Mozilla/5.0 (Windows NT 10.0; Win64; x64) AppleWebKit/537.36 (KHTML, like Gecko) Chrome/114.0.0.0 Safari/537.36"
40.77.167.50 - - [30/Apr/2026:10:13:16 +0300] "GET /hace-el-300-shields-bono-trabajo-de-balde-en-lights-acerca-de-forma-demo/ HTTP/2" 200 19793 "-" "Mozilla/5.0 AppleWebKit/537.36 (KHTML, like Gecko; compatible; bingbot/2.0; +http://www.bing.com/bingbot.htm) Chrome/116.0.1938.76 Safari/537.36"
185.216.113.70 - - [30/Apr/2026:10:13:39 +0300] "POST /wp-cron.php?doing_wp_cron=1777533219.7190890312194824218750 HTTP/1.1" 200 448 "-" "WordPress/6.3.8; https://serhatburke.miroglu.net"
40.77.167.50 - - [30/Apr/2026:10:13:20 +0300] "GET /spiladu-maya-princess-movies-ports-staersta-verde-casino-an-innborgunar-okeypis/ HTTP/2" 200 18404 "-" "Mozilla/5.0 AppleWebKit/537.36 (KHTML, like Gecko; compatible; bingbot/2.0; +http://www.bing.com/bingbot.htm) Chrome/116.0.1938.76 Safari/537.36"
52.167.144.158 - - [30/Apr/2026:10:13:35 +0300] "GET /darmowa-lada-sizzling-hot-deluxe-150-darmowe-spiny-zbyt-rejestracje-bez-depozytu-kasyna-pl-2025/ HTTP/2" 200 19622 "-" "Mozilla/5.0 AppleWebKit/537.36 (KHTML, like Gecko; compatible; bingbot/2.0; +http://www.bing.com/bingbot.htm) Chrome/116.0.1938.76 Safari/537.36"
38.246.32.195 - - [30/Apr/2026:10:13:39 +0300] "POST /xmlrpc.php HTTP/1.1" 200 8808 "-" "Mozilla/5.0 (Windows NT 10.0; Win64; x64) AppleWebKit/537.36 (KHTML, like Gecko) Chrome/114.0.0.0 Safari/537.36"
38.246.32.195 - - [30/Apr/2026:10:14:04 +0300] "GET /area-of-the-great-things-about-vpns-to-have-to-relax-and-play-from-the-web-based-casinos/ HTTP/1.1" 200 73223 "-" "Mozilla/5.0 (Windows NT 10.0; rv:125.0) Gecko/20100101 Firefox/125.0"
185.216.113.70 - - [30/Apr/2026:10:14:41 +0300] "POST /wp-cron.php?doing_wp_cron=1777533281.8990080356597900390625 HTTP/1.1" 200 448 "-" "WordPress/6.3.8; https://serhatburke.miroglu.net"
38.246.32.195 - - [30/Apr/2026:10:14:27 +0300] "POST /xmlrpc.php HTTP/1.1" 200 630 "-" "Mozilla/5.0 (Windows NT 10.0; Win64; x64) AppleWebKit/537.36 (KHTML, like Gecko) Chrome/114.0.0.0 Safari/537.36"
80.90.183.146 - - [30/Apr/2026:10:14:40 +0300] "GET /35849-2/ HTTP/1.1" 200 18377 "-" "Mozilla/5.0 (compatible; Googlebot/2.1; +http://www.google.com/bot.html)"
34.116.28.32 - - [30/Apr/2026:10:14:42 +0300] "GET /bezdepozitnyj-bonus-kazino-za-registraciju/ HTTP/1.1" 200 20999 "-" "Mozilla/5.0 (compatible; Google-Apps-Script; beanserver; +https://script.google.com; id: UAEmdDd-7vh9cPLCZ0Mc1S3_thrCHbJ3HETw)"
38.246.32.195 - - [30/Apr/2026:10:14:50 +0300] "POST /xmlrpc.php HTTP/1.1" 200 9980 "-" "Mozilla/5.0 (Windows NT 10.0; Win64; x64) AppleWebKit/537.36 (KHTML, like Gecko) Chrome/114.0.0.0 Safari/537.36"
38.246.32.195 - - [30/Apr/2026:10:15:10 +0300] "GET /habitat-questions-you-will-disperse-foxwoods-gambling-enterprise-webpages-closer-to-land/ HTTP/1.1" 200 74832 "-" "Mozilla/5.0 (Windows NT 10.0; Win64; x64) AppleWebKit/537.36 (KHTML, like Gecko) Chrome/122.0.0.0 Safari/537.36"
130.51.23.23 - - [30/Apr/2026:10:15:24 +0300] "GET /beste-casino-site-belgie-hoge-inzet/ HTTP/1.1" 200 19264 "-" "Mozilla/5.0 (X11; Linux i686; rv:114.0) Gecko/20100101 Firefox/114.0"
185.216.113.70 - - [30/Apr/2026:10:16:13 +0300] "POST /wp-cron.php?doing_wp_cron=1777533373.3094971179962158203125 HTTP/1.1" 200 448 "-" "WordPress/6.3.8; https://serhatburke.miroglu.net"
38.246.32.195 - - [30/Apr/2026:10:15:45 +0300] "POST /xmlrpc.php HTTP/1.1" 200 630 "-" "Mozilla/5.0 (Windows NT 10.0; Win64; x64) AppleWebKit/537.36 (KHTML, like Gecko) Chrome/114.0.0.0 Safari/537.36"
38.246.32.195 - - [30/Apr/2026:10:16:20 +0300] "POST /xmlrpc.php HTTP/1.1" 200 8387 "-" "Mozilla/5.0 (Windows NT 10.0; Win64; x64) AppleWebKit/537.36 (KHTML, like Gecko) Chrome/114.0.0.0 Safari/537.36"
66.249.73.14 - - [30/Apr/2026:10:16:31 +0300] "GET /best-online-casino-uk-compare-140-top-casino-sites-169/ HTTP/1.1" 200 306322 "-" "Mozilla/5.0 (Linux; Android 6.0.1; Nexus 5X Build/MMB29P) AppleWebKit/537.36 (KHTML, like Gecko) Chrome/147.0.7727.116 Mobile Safari/537.36 (compatible; Googlebot/2.1; +http://www.google.com/bot.html)"
185.216.113.70 - - [30/Apr/2026:10:17:17 +0300] "POST /wp-cron.php?doing_wp_cron=1777533436.9601159095764160156250 HTTP/1.1" 200 448 "-" "WordPress/6.3.8; https://serhatburke.miroglu.net"
38.246.32.195 - - [30/Apr/2026:10:16:46 +0300] "POST /xmlrpc.php HTTP/1.1" 200 630 "-" "Mozilla/5.0 (Windows NT 10.0; Win64; x64) AppleWebKit/537.36 (KHTML, like Gecko) Chrome/114.0.0.0 Safari/537.36"
38.246.32.195 - - [30/Apr/2026:10:16:57 +0300] "GET /contained-in-this-web-based-casinos-probably-one-of-the-most-lucrative-marketplaces-is-on-the-net-ports/ HTTP/1.1" 200 73370 "-" "Mozilla/5.0 (Windows NT 10.0; Win64; x64; rv:124.0) Gecko/20100101 Firefox/124.0"
185.216.113.70 - - [30/Apr/2026:10:17:40 +0300] "POST /wp-cron.php?doing_wp_cron=1777533460.2195589542388916015625 HTTP/1.1" 200 448 "-" "WordPress/6.3.8; https://serhatburke.miroglu.net"
38.246.32.195 - - [30/Apr/2026:10:17:27 +0300] "POST /xmlrpc.php HTTP/1.1" 200 9274 "-" "Mozilla/5.0 (Windows NT 10.0; Win64; x64) AppleWebKit/537.36 (KHTML, like Gecko) Chrome/114.0.0.0 Safari/537.36"
38.246.32.195 - - [30/Apr/2026:10:17:41 +0300] "GET /make-sure-that-the-new-communities-are-available-throughout-your-core-playing-era-what-avenues-are-supplied-additionally-the-readily-available-dialects/ HTTP/1.1" 200 75508 "-" "Mozilla/5.0 (Windows NT 10.0; Win64; x64) AppleWebKit/537.36 (KHTML, like Gecko) Chrome/122.0.0.0 Safari/537.36"
38.246.32.195 - - [30/Apr/2026:10:17:52 +0300] "POST /xmlrpc.php HTTP/1.1" 200 630 "-" "Mozilla/5.0 (Windows NT 10.0; Win64; x64) AppleWebKit/537.36 (KHTML, like Gecko) Chrome/114.0.0.0 Safari/537.36"
185.216.113.70 - - [30/Apr/2026:10:18:32 +0300] "POST /wp-cron.php?doing_wp_cron=1777533512.2562561035156250000000 HTTP/1.1" 200 448 "-" "WordPress/6.3.8; https://serhatburke.miroglu.net"
38.246.32.195 - - [30/Apr/2026:10:18:10 +0300] "POST /xmlrpc.php HTTP/1.1" 200 9245 "-" "Mozilla/5.0 (Windows NT 10.0; Win64; x64) AppleWebKit/537.36 (KHTML, like Gecko) Chrome/114.0.0.0 Safari/537.36"
38.246.32.195 - - [30/Apr/2026:10:18:33 +0300] "GET /zero-there-isnt-any-smoking-anticipate-anywhere-at-harrahs-cherokee-casino-lodge-including-the-local-casino-flooring-sportsbook-and-you-will-hotel/ HTTP/1.1" 200 75648 "-" "Mozilla/5.0 (Windows NT 10.0; Win64; x64) AppleWebKit/537.36 (KHTML, like Gecko) Chrome/124.0.0.0 Safari/537.36"
66.249.76.64 - - [30/Apr/2026:10:18:42 +0300] "GET /oficialnyi-sait-vxod-na-rabocee-zerkalo-vavada-20262095/ HTTP/1.1" 200 18354 "-" "Mozilla/5.0 (Linux; Android 6.0.1; Nexus 5X Build/MMB29P) AppleWebKit/537.36 (KHTML, like Gecko) Chrome/147.0.7727.116 Mobile Safari/537.36 (compatible; Googlebot/2.1; +http://www.google.com/bot.html)"
38.246.32.195 - - [30/Apr/2026:10:18:56 +0300] "POST /xmlrpc.php HTTP/1.1" 200 630 "-" "Mozilla/5.0 (Windows NT 10.0; Win64; x64) AppleWebKit/537.36 (KHTML, like Gecko) Chrome/114.0.0.0 Safari/537.36"
66.249.73.14 - - [30/Apr/2026:10:19:22 +0300] "GET /best-online-casino-uk-compare-140-top-casino-sites-169/undefined?ts=1775520000 HTTP/1.1" 200 0 "https://serhatburke.miroglu.net/best-online-casino-uk-compare-140-top-casino-sites-169/" "Mozilla/5.0 (Linux; Android 6.0.1; Nexus 5X Build/MMB29P) AppleWebKit/537.36 (KHTML, like Gecko) Chrome/147.0.7727.116 Mobile Safari/537.36 (compatible; Googlebot/2.1; +http://www.google.com/bot.html)"
185.216.113.70 - - [30/Apr/2026:10:19:36 +0300] "POST /wp-cron.php?doing_wp_cron=1777533576.0521540641784667968750 HTTP/1.1" 200 448 "-" "WordPress/6.3.8; https://serhatburke.miroglu.net"
38.246.32.195 - - [30/Apr/2026:10:19:24 +0300] "POST /xmlrpc.php HTTP/1.1" 200 8734 "-" "Mozilla/5.0 (Windows NT 10.0; Win64; x64) AppleWebKit/537.36 (KHTML, like Gecko) Chrome/114.0.0.0 Safari/537.36"
66.249.73.14 - - [30/Apr/2026:10:19:30 +0300] "GET /oficialnyi-sait-vxod-na-rabocee-zerkalo-vavada-20262095/undefined?ts=1775520000 HTTP/1.1" 200 0 "https://serhatburke.miroglu.net/oficialnyi-sait-vxod-na-rabocee-zerkalo-vavada-20262095/" "Mozilla/5.0 (Linux; Android 6.0.1; Nexus 5X Build/MMB29P) AppleWebKit/537.36 (KHTML, like Gecko) Chrome/147.0.7727.116 Mobile Safari/537.36 (compatible; Googlebot/2.1; +http://www.google.com/bot.html)"
66.249.76.77 - - [30/Apr/2026:10:19:40 +0300] "GET /oficialnyi-sait-vxod-na-rabocee-zerkalo-vavada-20262095/undefined?ts=1775520000 HTTP/1.1" 200 0 "https://serhatburke.miroglu.net/oficialnyi-sait-vxod-na-rabocee-zerkalo-vavada-20262095/" "Mozilla/5.0 (Linux; Android 6.0.1; Nexus 5X Build/MMB29P) AppleWebKit/537.36 (KHTML, like Gecko) Chrome/147.0.7727.116 Mobile Safari/537.36 (compatible; Googlebot/2.1; +http://www.google.com/bot.html)"
38.246.32.195 - - [30/Apr/2026:10:19:40 +0300] "GET /on-this-page-i-have-obtained-all-the-details-in-the-gambling-within-the-kuwait-the-best-local-casino-to-possess-kuwaiti-players/ HTTP/1.1" 200 74261 "-" "Mozilla/5.0 (Windows NT 10.0; Win64; x64; rv:125.0) Gecko/20100101 Firefox/125.0"
38.246.32.195 - - [30/Apr/2026:10:19:57 +0300] "POST /xmlrpc.php HTTP/1.1" 200 630 "-" "Mozilla/5.0 (Windows NT 10.0; Win64; x64) AppleWebKit/537.36 (KHTML, like Gecko) Chrome/114.0.0.0 Safari/537.36"
185.216.113.70 - - [30/Apr/2026:10:20:55 +0300] "POST /wp-cron.php?doing_wp_cron=1777533655.7758889198303222656250 HTTP/1.1" 200 448 "-" "WordPress/6.3.8; https://serhatburke.miroglu.net"
38.246.32.195 - - [30/Apr/2026:10:20:35 +0300] "POST /xmlrpc.php HTTP/1.1" 200 8488 "-" "Mozilla/5.0 (Windows NT 10.0; Win64; x64) AppleWebKit/537.36 (KHTML, like Gecko) Chrome/114.0.0.0 Safari/537.36"
38.246.32.195 - - [30/Apr/2026:10:20:56 +0300] "GET /the-newest-uk-on-line-casino-internet-open-their-virtual-gates-all-go-out/ HTTP/1.1" 200 72769 "-" "Mozilla/5.0 (Windows NT 10.0; Win64; x64) AppleWebKit/537.36 (KHTML, like Gecko) Chrome/122.0.0.0 Safari/537.36"
38.246.32.195 - - [30/Apr/2026:10:20:58 +0300] "POST /xmlrpc.php HTTP/1.1" 200 630 "-" "Mozilla/5.0 (Windows NT 10.0; Win64; x64) AppleWebKit/537.36 (KHTML, like Gecko) Chrome/114.0.0.0 Safari/537.36"
185.216.113.70 - - [30/Apr/2026:10:21:48 +0300] "POST /wp-cron.php?doing_wp_cron=1777533708.6078200340270996093750 HTTP/1.1" 200 448 "-" "WordPress/6.3.8; https://serhatburke.miroglu.net"
38.246.32.195 - - [30/Apr/2026:10:21:35 +0300] "POST /xmlrpc.php HTTP/1.1" 200 9047 "-" "Mozilla/5.0 (Windows NT 10.0; Win64; x64) AppleWebKit/537.36 (KHTML, like Gecko) Chrome/114.0.0.0 Safari/537.36"
38.246.32.195 - - [30/Apr/2026:10:21:48 +0300] "GET /%EF%BF%BDi-gaming%EF%BF%BD-expense-manage-see-internet-casino-gaming-legalized-throughout-the-bay-county/ HTTP/1.1" 200 74105 "-" "Mozilla/5.0 (Windows NT 10.0; Win64; x64; rv:124.0) Gecko/20100101 Firefox/124.0"
38.246.32.195 - - [30/Apr/2026:10:21:49 +0300] "POST /xmlrpc.php HTTP/1.1" 200 630 "-" "Mozilla/5.0 (Windows NT 10.0; Win64; x64) AppleWebKit/537.36 (KHTML, like Gecko) Chrome/114.0.0.0 Safari/537.36"
185.216.113.70 - - [30/Apr/2026:10:22:33 +0300] "POST /wp-cron.php?doing_wp_cron=1777533753.1115849018096923828125 HTTP/1.1" 200 448 "-" "WordPress/6.3.8; https://serhatburke.miroglu.net"
38.246.32.195 - - [30/Apr/2026:10:22:21 +0300] "POST /xmlrpc.php HTTP/1.1" 200 8748 "-" "Mozilla/5.0 (Windows NT 10.0; Win64; x64) AppleWebKit/537.36 (KHTML, like Gecko) Chrome/114.0.0.0 Safari/537.36"
38.246.32.195 - - [30/Apr/2026:10:22:35 +0300] "GET /the-way-we-score-and-select-the-best-casinos-on-the-internet-within-the-ireland/ HTTP/1.1" 200 73157 "-" "Mozilla/5.0 (Windows NT 10.0; Win64; x64) AppleWebKit/537.36 (KHTML, like Gecko) Chrome/122.0.0.0 Safari/537.36"
38.246.32.195 - - [30/Apr/2026:10:22:53 +0300] "POST /xmlrpc.php HTTP/1.1" 200 630 "-" "Mozilla/5.0 (Windows NT 10.0; Win64; x64) AppleWebKit/537.36 (KHTML, like Gecko) Chrome/114.0.0.0 Safari/537.36"
185.216.113.70 - - [30/Apr/2026:10:23:25 +0300] "POST /wp-cron.php?doing_wp_cron=1777533805.3179669380187988281250 HTTP/1.1" 200 448 "-" "WordPress/6.3.8; https://serhatburke.miroglu.net"
38.246.32.195 - - [30/Apr/2026:10:23:11 +0300] "POST /xmlrpc.php HTTP/1.1" 200 8939 "-" "Mozilla/5.0 (Windows NT 10.0; Win64; x64) AppleWebKit/537.36 (KHTML, like Gecko) Chrome/114.0.0.0 Safari/537.36"
43.229.135.118 - - [30/Apr/2026:10:23:25 +0300] "GET /28563-2/ HTTP/1.1" 200 19313 "https://serhatburke.miroglu.net/" "Mozilla/5.0 (Macintosh; Intel Mac OS X 12_5) AppleWebKit/605.1.15 (KHTML, like Gecko) Version/15.4 Safari/605.1.15"
38.246.32.195 - - [30/Apr/2026:10:23:26 +0300] "GET /north-carolina-gaming-income-tax-how-the-betting-profits-is-actually-taxed-2025/ HTTP/1.1" 200 73436 "-" "Mozilla/5.0 (Windows NT 10.0; Win64; x64) AppleWebKit/537.36 (KHTML, like Gecko) Chrome/123.0.0.0 Safari/537.36 OPR/109.0.0.0"
43.229.135.118 - - [30/Apr/2026:10:23:51 +0300] "GET /wp-includes/css/dist/block-library/style.min.css?ver=6.3.8 HTTP/1.1" 200 13578 "https://serhatburke.miroglu.net/28563-2/" "Mozilla/5.0 (Windows NT 10.0; Win64; x64) AppleWebKit/537.36 (KHTML, like Gecko) Chrome/143.0.0.0 Safari/537.36"
43.229.135.118 - - [30/Apr/2026:10:23:52 +0300] "GET /wp-content/plugins/contact-form-7/includes/css/styles.css?ver=5.8 HTTP/1.1" 200 1490 "https://serhatburke.miroglu.net/28563-2/" "Mozilla/5.0 (Windows NT 10.0; Win64; x64) AppleWebKit/537.36 (KHTML, like Gecko) Chrome/143.0.0.0 Safari/537.36"
43.229.135.118 - - [30/Apr/2026:10:23:53 +0300] "GET /wp-content/themes/toppic/css/fontello.css?ver=4.2 HTTP/1.1" 200 1802 "https://serhatburke.miroglu.net/28563-2/" "Mozilla/5.0 (Windows NT 10.0; Win64; x64) AppleWebKit/537.36 (KHTML, like Gecko) Chrome/143.0.0.0 Safari/537.36"
43.229.135.118 - - [30/Apr/2026:10:23:54 +0300] "GET /wp-content/themes/toppic/css/reset.css?ver=4.2 HTTP/1.1" 200 1178 "https://serhatburke.miroglu.net/28563-2/" "Mozilla/5.0 (Windows NT 10.0; Win64; x64) AppleWebKit/537.36 (KHTML, like Gecko) Chrome/143.0.0.0 Safari/537.36"
43.229.135.118 - - [30/Apr/2026:10:23:54 +0300] "GET /wp-content/themes/toppic/css/default.css?ver=4.2 HTTP/1.1" 200 1811 "https://serhatburke.miroglu.net/28563-2/" "Mozilla/5.0 (Windows NT 10.0; Win64; x64) AppleWebKit/537.36 (KHTML, like Gecko) Chrome/143.0.0.0 Safari/537.36"
43.229.135.118 - - [30/Apr/2026:10:23:55 +0300] "GET /wp-content/themes/toppic/style.css?ver=4.2 HTTP/1.1" 200 23398 "https://serhatburke.miroglu.net/28563-2/" "Mozilla/5.0 (Windows NT 10.0; Win64; x64) AppleWebKit/537.36 (KHTML, like Gecko) Chrome/143.0.0.0 Safari/537.36"
43.229.135.118 - - [30/Apr/2026:10:23:56 +0300] "GET /wp-content/themes/toppic/css/royalslider.css?ver=4.2 HTTP/1.1" 200 1887 "https://serhatburke.miroglu.net/28563-2/" "Mozilla/5.0 (Windows NT 10.0; Win64; x64) AppleWebKit/537.36 (KHTML, like Gecko) Chrome/143.0.0.0 Safari/537.36"
38.246.32.195 - - [30/Apr/2026:10:23:37 +0300] "POST /xmlrpc.php HTTP/1.1" 200 630 "-" "Mozilla/5.0 (Windows NT 10.0; Win64; x64) AppleWebKit/537.36 (KHTML, like Gecko) Chrome/114.0.0.0 Safari/537.36"
43.229.135.118 - - [30/Apr/2026:10:23:57 +0300] "GET /wp-content/themes/toppic/css/rs-default.css?ver=4.2 HTTP/1.1" 200 2625 "https://serhatburke.miroglu.net/28563-2/" "Mozilla/5.0 (Windows NT 10.0; Win64; x64) AppleWebKit/537.36 (KHTML, like Gecko) Chrome/143.0.0.0 Safari/537.36"
43.229.135.118 - - [30/Apr/2026:10:23:58 +0300] "GET /wp-content/themes/toppic/css/lightbox.css?ver=4.2 HTTP/1.1" 200 2956 "https://serhatburke.miroglu.net/28563-2/" "Mozilla/5.0 (Windows NT 10.0; Win64; x64) AppleWebKit/537.36 (KHTML, like Gecko) Chrome/143.0.0.0 Safari/537.36"
43.229.135.118 - - [30/Apr/2026:10:23:59 +0300] "GET /wp-content/themes/toppic/css/woocommerce.css?ver=4.2 HTTP/1.1" 200 2848 "https://serhatburke.miroglu.net/28563-2/" "Mozilla/5.0 (Windows NT 10.0; Win64; x64) AppleWebKit/537.36 (KHTML, like Gecko) Chrome/143.0.0.0 Safari/537.36"
43.229.135.118 - - [30/Apr/2026:10:24:00 +0300] "GET /wp-content/themes/toppic/css/responsive.css?ver=4.2 HTTP/1.1" 200 2796 "https://serhatburke.miroglu.net/28563-2/" "Mozilla/5.0 (Windows NT 10.0; Win64; x64) AppleWebKit/537.36 (KHTML, like Gecko) Chrome/143.0.0.0 Safari/537.36"
38.246.32.195 - - [30/Apr/2026:10:24:02 +0300] "POST /xmlrpc.php HTTP/1.1" 200 8234 "-" "Mozilla/5.0 (Windows NT 10.0; Win64; x64) AppleWebKit/537.36 (KHTML, like Gecko) Chrome/114.0.0.0 Safari/537.36"
43.229.135.118 - - [30/Apr/2026:10:24:01 +0300] "POST /wp-comments-post.php HTTP/1.1" 302 1055 "https://serhatburke.miroglu.net/28563-2/" "Mozilla/5.0 (Macintosh; Intel Mac OS X 12_5) AppleWebKit/605.1.15 (KHTML, like Gecko) Version/15.4 Safari/605.1.15"
38.246.32.195 - - [30/Apr/2026:10:24:16 +0300] "GET /to-simply-help-users-casinos-offer-loads-of-systems-and-is-also-usually-worthy-of-with-them/ HTTP/1.1" 200 72954 "-" "Mozilla/5.0 (Windows NT 10.0; Win64; x64; rv:124.0) Gecko/20100101 Firefox/124.0"
43.229.135.118 - - [30/Apr/2026:10:24:17 +0300] "GET /28563-2/?unapproved=941&moderation-hash=20c109ce427693219640058e46212607 HTTP/1.1" 200 19874 "https://serhatburke.miroglu.net/wp-comments-post.php" "Mozilla/5.0 (Macintosh; Intel Mac OS X 12_5) AppleWebKit/605.1.15 (KHTML, like Gecko) Version/15.4 Safari/605.1.15"
185.216.113.70 - - [30/Apr/2026:10:25:05 +0300] "POST /wp-cron.php?doing_wp_cron=1777533905.4621210098266601562500 HTTP/1.1" 200 448 "-" "WordPress/6.3.8; https://serhatburke.miroglu.net"
43.229.135.118 - - [30/Apr/2026:10:24:32 +0300] "GET /28563-2/ HTTP/1.1" 200 19315 "-" "Mozilla/5.0 (compatible; Googlebot/2.1; +http://www.google.com/bot.html)"
38.246.32.195 - - [30/Apr/2026:10:24:50 +0300] "POST /xmlrpc.php HTTP/1.1" 200 630 "-" "Mozilla/5.0 (Windows NT 10.0; Win64; x64) AppleWebKit/537.36 (KHTML, like Gecko) Chrome/114.0.0.0 Safari/537.36"
38.246.32.195 - - [30/Apr/2026:10:25:20 +0300] "POST /xmlrpc.php HTTP/1.1" 200 9020 "-" "Mozilla/5.0 (Windows NT 10.0; Win64; x64) AppleWebKit/537.36 (KHTML, like Gecko) Chrome/114.0.0.0 Safari/537.36"
43.229.135.118 - - [30/Apr/2026:10:26:01 +0300] "GET /28563-2/ HTTP/1.1" 200 0 "-" "Mozilla/5.0 (compatible; Googlebot/2.1; +http://www.google.com/bot.html)"
185.216.113.70 - - [30/Apr/2026:10:26:34 +0300] "POST /wp-cron.php?doing_wp_cron=1777533994.4255750179290771484375 HTTP/1.1" 200 448 "-" "WordPress/6.3.8; https://serhatburke.miroglu.net"
38.246.32.195 - - [30/Apr/2026:10:25:42 +0300] "POST /xmlrpc.php HTTP/1.1" 200 630 "-" "Mozilla/5.0 (Windows NT 10.0; Win64; x64) AppleWebKit/537.36 (KHTML, like Gecko) Chrome/114.0.0.0 Safari/537.36"
