185.216.113.70 - - [30/Apr/2026:13:10:39 +0300] "POST /wp-cron.php?doing_wp_cron=1777543839.8370270729064941406250 HTTP/1.1" 200 448 "-" "WordPress/6.3.8; https://serhatburke.miroglu.net"
38.246.32.195 - - [30/Apr/2026:13:10:07 +0300] "POST /xmlrpc.php HTTP/1.1" 200 8695 "-" "Mozilla/5.0 (Windows NT 10.0; Win64; x64) AppleWebKit/537.36 (KHTML, like Gecko) Chrome/114.0.0.0 Safari/537.36"
38.246.32.195 - - [30/Apr/2026:13:10:24 +0300] "POST /xmlrpc.php HTTP/1.1" 200 630 "-" "Mozilla/5.0 (Windows NT 10.0; Win64; x64) AppleWebKit/537.36 (KHTML, like Gecko) Chrome/114.0.0.0 Safari/537.36"
38.246.32.195 - - [30/Apr/2026:13:10:42 +0300] "GET /monetary-proposals-enjoys-ranged-on-gordon-classification-investment-half-your-panels/ HTTP/1.1" 200 73183 "-" "Mozilla/5.0 (Windows NT 10.0; Win64; x64) AppleWebKit/537.36 (KHTML, like Gecko) Chrome/124.0.0.0 Safari/537.36"
185.216.113.70 - - [30/Apr/2026:13:11:44 +0300] "POST /wp-cron.php?doing_wp_cron=1777543904.5059390068054199218750 HTTP/1.1" 200 448 "-" "WordPress/6.3.8; https://serhatburke.miroglu.net"
38.246.32.195 - - [30/Apr/2026:13:10:57 +0300] "POST /xmlrpc.php HTTP/1.1" 200 8411 "-" "Mozilla/5.0 (Windows NT 10.0; Win64; x64) AppleWebKit/537.36 (KHTML, like Gecko) Chrome/114.0.0.0 Safari/537.36"
103.219.169.226 - - [30/Apr/2026:13:11:33 +0300] "POST /xmlrpc.php HTTP/1.1" 200 630 "-" "Mozilla/5.0 (Windows NT 10.0; Win64; x64) AppleWebKit/537.36 (KHTML, like Gecko) Chrome/114.0.0.0 Safari/537.36"
103.219.169.227 - - [30/Apr/2026:13:11:39 +0300] "POST /xmlrpc.php HTTP/1.1" 200 630 "-" "Mozilla/5.0 (Windows NT 10.0; Win64; x64) AppleWebKit/537.36 (KHTML, like Gecko) Chrome/114.0.0.0 Safari/537.36"
38.246.32.195 - - [30/Apr/2026:13:11:46 +0300] "GET /purchase-count-5-really-put-purchase-20-earn-20-sc-much-more/ HTTP/1.1" 200 72205 "-" "Mozilla/5.0 (Windows NT 10.0; rv:109.0) Gecko/20100101 Firefox/115.0"
38.246.32.195 - - [30/Apr/2026:13:11:49 +0300] "POST /xmlrpc.php HTTP/1.1" 200 630 "-" "Mozilla/5.0 (Windows NT 10.0; Win64; x64) AppleWebKit/537.36 (KHTML, like Gecko) Chrome/114.0.0.0 Safari/537.36"
178.156.215.67 - - [30/Apr/2026:13:12:14 +0300] "POST /xmlrpc.php HTTP/1.1" 200 602 "-" "Mozilla/5.0 (Windows NT 10.0; Win64; x64) AppleWebKit/537.36 (KHTML, like Gecko) Chrome/108.0.0.0 Safari/537.36"
185.216.113.70 - - [30/Apr/2026:13:12:51 +0300] "POST /wp-cron.php?doing_wp_cron=1777543971.5389130115509033203125 HTTP/1.1" 200 448 "-" "WordPress/6.3.8; https://serhatburke.miroglu.net"
103.219.169.226 - - [30/Apr/2026:13:12:25 +0300] "POST /xmlrpc.php HTTP/1.1" 200 13748 "-" "Mozilla/5.0 (Windows NT 10.0; Win64; x64) AppleWebKit/537.36 (KHTML, like Gecko) Chrome/114.0.0.0 Safari/537.36"
185.216.113.70 - - [30/Apr/2026:13:13:03 +0300] "POST /wp-cron.php?doing_wp_cron=1777543983.7565848827362060546875 HTTP/1.1" 200 448 "-" "WordPress/6.3.8; https://serhatburke.miroglu.net"
103.219.169.227 - - [30/Apr/2026:13:12:33 +0300] "POST /xmlrpc.php HTTP/1.1" 200 14713 "-" "Mozilla/5.0 (Windows NT 10.0; Win64; x64) AppleWebKit/537.36 (KHTML, like Gecko) Chrome/114.0.0.0 Safari/537.36"
216.73.217.81 - - [30/Apr/2026:13:12:56 +0300] "GET /sitemap.rss HTTP/2" 200 0 "-" "Mozilla/5.0 AppleWebKit/537.36 (KHTML, like Gecko; compatible; ClaudeBot/1.0; +claudebot@anthropic.com)"
38.246.32.195 - - [30/Apr/2026:13:12:42 +0300] "POST /xmlrpc.php HTTP/1.1" 200 8971 "-" "Mozilla/5.0 (Windows NT 10.0; Win64; x64) AppleWebKit/537.36 (KHTML, like Gecko) Chrome/114.0.0.0 Safari/537.36"
178.156.215.67 - - [30/Apr/2026:13:12:45 +0300] "POST /xmlrpc.php HTTP/1.1" 200 594 "-" "Mozilla/5.0 (Windows NT 10.0; Win64; x64) AppleWebKit/537.36 (KHTML, like Gecko) Chrome/108.0.0.0 Safari/537.36"
103.219.169.226 - - [30/Apr/2026:13:12:53 +0300] "GET /entdecke-dahinter-der-rand-steuern-eye-of-horus-kostenfrei-abzuglich-registrierung-sic-spielst-respons-nur-opportunitat-%E8%A5%BF%E6%BE%A4%E6%A0%AA%E5%BC%8F%E4%BC%9A%E7%A4%BE/ HTTP/1.1" 200 80702 "-" "Mozilla/5.0 (Windows NT 10.0; rv:109.0) Gecko/20100101 Firefox/115.0"
38.246.32.195 - - [30/Apr/2026:13:13:02 +0300] "POST /xmlrpc.php HTTP/1.1" 200 630 "-" "Mozilla/5.0 (Windows NT 10.0; Win64; x64) AppleWebKit/537.36 (KHTML, like Gecko) Chrome/114.0.0.0 Safari/537.36"
103.219.169.227 - - [30/Apr/2026:13:13:05 +0300] "GET /pa-avalon-slot-online-casino-internet-casino-sports-betting-pa-betrivers-pennsylvania/ HTTP/1.1" 200 78872 "-" "Mozilla/5.0 (Windows NT 10.0; Win64; x64) AppleWebKit/537.36 (KHTML, like Gecko) Chrome/123.0.0.0 Safari/537.36"
38.246.32.195 - - [30/Apr/2026:13:13:18 +0300] "GET /how-to-find-an-informed-northern-dakota-online-casinos/ HTTP/1.1" 200 72634 "-" "Mozilla/5.0 (Windows NT 10.0; rv:125.0) Gecko/20100101 Firefox/125.0"
38.246.32.195 - - [30/Apr/2026:13:13:45 +0300] "POST /xmlrpc.php HTTP/1.1" 200 9110 "-" "Mozilla/5.0 (Windows NT 10.0; Win64; x64) AppleWebKit/537.36 (KHTML, like Gecko) Chrome/114.0.0.0 Safari/537.36"
185.216.113.70 - - [30/Apr/2026:13:14:18 +0300] "POST /wp-cron.php?doing_wp_cron=1777544058.1053719520568847656250 HTTP/1.1" 200 448 "-" "WordPress/6.3.8; https://serhatburke.miroglu.net"
38.246.32.195 - - [30/Apr/2026:13:13:56 +0300] "POST /xmlrpc.php HTTP/1.1" 200 630 "-" "Mozilla/5.0 (Windows NT 10.0; Win64; x64) AppleWebKit/537.36 (KHTML, like Gecko) Chrome/114.0.0.0 Safari/537.36"
38.246.32.195 - - [30/Apr/2026:13:13:59 +0300] "GET /online-casino-real-cash-us-%EF%BF%BD-ideal-10-for-the-2026/ HTTP/1.1" 200 72739 "-" "Mozilla/5.0 (Windows NT 10.0; Win64; x64) AppleWebKit/537.36 (KHTML, like Gecko) Chrome/122.0.0.0 Safari/537.36"
38.246.32.195 - - [30/Apr/2026:13:14:24 +0300] "POST /xmlrpc.php HTTP/1.1" 200 9765 "-" "Mozilla/5.0 (Windows NT 10.0; Win64; x64) AppleWebKit/537.36 (KHTML, like Gecko) Chrome/114.0.0.0 Safari/537.36"
185.216.113.70 - - [30/Apr/2026:13:14:51 +0300] "POST /wp-cron.php?doing_wp_cron=1777544091.2490749359130859375000 HTTP/1.1" 200 448 "-" "WordPress/6.3.8; https://serhatburke.miroglu.net"
38.246.32.195 - - [30/Apr/2026:13:14:39 +0300] "GET /grosvenor-local-casino-now-offers-a-wide-variety-away-from-online-game-making-sure-people-of-all-choices-are-able-to-find-one-thing-to-see/ HTTP/1.1" 200 76006 "-" "Mozilla/5.0 (Windows NT 10.0; Win64; x64) AppleWebKit/537.36 (KHTML, like Gecko) Chrome/122.0.0.0 Safari/537.36"
38.246.32.195 - - [30/Apr/2026:13:15:02 +0300] "POST /xmlrpc.php HTTP/1.1" 200 630 "-" "Mozilla/5.0 (Windows NT 10.0; Win64; x64) AppleWebKit/537.36 (KHTML, like Gecko) Chrome/114.0.0.0 Safari/537.36"
185.216.113.70 - - [30/Apr/2026:13:15:35 +0300] "POST /wp-cron.php?doing_wp_cron=1777544135.6678268909454345703125 HTTP/1.1" 200 448 "-" "WordPress/6.3.8; https://serhatburke.miroglu.net"
38.246.32.195 - - [30/Apr/2026:13:15:23 +0300] "POST /xmlrpc.php HTTP/1.1" 200 8881 "-" "Mozilla/5.0 (Windows NT 10.0; Win64; x64) AppleWebKit/537.36 (KHTML, like Gecko) Chrome/114.0.0.0 Safari/537.36"
38.246.32.195 - - [30/Apr/2026:13:15:36 +0300] "GET /on-the-web-gaming-in-oklahoma-is-currently-illegal-even-after-services-in-the-condition-legislator-to-open-the-industry/ HTTP/1.1" 200 74711 "-" "Mozilla/5.0 (Windows NT 10.0; Win64; x64) AppleWebKit/537.36 (KHTML, like Gecko) Chrome/109.0.0.0 Safari/537.36"
102.165.54.38 - - [30/Apr/2026:13:15:43 +0300] "GET /novoline-casino-codice-bonus-registrazione/ HTTP/1.1" 200 17801 "https://serhatburke.miroglu.net/" "Mozilla/5.0 (Macintosh; Intel Mac OS X 10.15; rv:148.0) Gecko/20100101 Firefox/148.0"
38.246.32.195 - - [30/Apr/2026:13:16:13 +0300] "POST /xmlrpc.php HTTP/1.1" 200 630 "-" "Mozilla/5.0 (Windows NT 10.0; Win64; x64) AppleWebKit/537.36 (KHTML, like Gecko) Chrome/114.0.0.0 Safari/537.36"
185.216.113.70 - - [30/Apr/2026:13:16:46 +0300] "POST /wp-cron.php?doing_wp_cron=1777544206.5707869529724121093750 HTTP/1.1" 200 448 "-" "WordPress/6.3.8; https://serhatburke.miroglu.net"
38.246.32.195 - - [30/Apr/2026:13:16:32 +0300] "POST /xmlrpc.php HTTP/1.1" 200 9013 "-" "Mozilla/5.0 (Windows NT 10.0; Win64; x64) AppleWebKit/537.36 (KHTML, like Gecko) Chrome/114.0.0.0 Safari/537.36"
45.117.63.158 - - [30/Apr/2026:13:16:31 +0300] "GET /automaty-hazard-online/ HTTP/1.1" 200 18473 "https://serhatburke.miroglu.net/" "Mozilla/5.0 (X11; Linux x86_64) AppleWebKit/537.36 (KHTML, like Gecko) Chrome/144.0.0.0 Safari/537.36"
45.117.63.158 - - [30/Apr/2026:13:17:06 +0300] "GET /wp-includes/css/dist/block-library/style.min.css?ver=6.3.8 HTTP/1.1" 200 13578 "https://serhatburke.miroglu.net/automaty-hazard-online/" "Mozilla/5.0 (Windows NT 10.0; Win64; x64) AppleWebKit/537.36 (KHTML, like Gecko) Chrome/145.0.0.0 Safari/537.36"
45.117.63.158 - - [30/Apr/2026:13:17:07 +0300] "GET /wp-content/plugins/contact-form-7/includes/css/styles.css?ver=5.8 HTTP/1.1" 200 1490 "https://serhatburke.miroglu.net/automaty-hazard-online/" "Mozilla/5.0 (Windows NT 10.0; Win64; x64) AppleWebKit/537.36 (KHTML, like Gecko) Chrome/145.0.0.0 Safari/537.36"
38.246.32.195 - - [30/Apr/2026:13:16:46 +0300] "GET /learning-to-make-by-far-the-most-of-your-own-on-line-bonus-rules-local-casino/ HTTP/1.1" 200 73172 "-" "Mozilla/5.0 (Windows NT 10.0; Win64; x64) AppleWebKit/537.36 (KHTML, like Gecko) Chrome/123.0.0.0 Safari/537.36 OPR/109.0.0.0"
45.117.63.158 - - [30/Apr/2026:13:17:08 +0300] "GET /wp-content/themes/toppic/css/fontello.css?ver=4.2 HTTP/1.1" 200 1802 "https://serhatburke.miroglu.net/automaty-hazard-online/" "Mozilla/5.0 (Windows NT 10.0; Win64; x64) AppleWebKit/537.36 (KHTML, like Gecko) Chrome/145.0.0.0 Safari/537.36"
45.117.63.158 - - [30/Apr/2026:13:17:08 +0300] "GET /wp-content/themes/toppic/css/reset.css?ver=4.2 HTTP/1.1" 200 1178 "https://serhatburke.miroglu.net/automaty-hazard-online/" "Mozilla/5.0 (Windows NT 10.0; Win64; x64) AppleWebKit/537.36 (KHTML, like Gecko) Chrome/145.0.0.0 Safari/537.36"
45.117.63.158 - - [30/Apr/2026:13:17:09 +0300] "GET /wp-content/themes/toppic/css/default.css?ver=4.2 HTTP/1.1" 200 1811 "https://serhatburke.miroglu.net/automaty-hazard-online/" "Mozilla/5.0 (Windows NT 10.0; Win64; x64) AppleWebKit/537.36 (KHTML, like Gecko) Chrome/145.0.0.0 Safari/537.36"
45.117.63.158 - - [30/Apr/2026:13:17:10 +0300] "GET /wp-content/themes/toppic/style.css?ver=4.2 HTTP/1.1" 200 23398 "https://serhatburke.miroglu.net/automaty-hazard-online/" "Mozilla/5.0 (Windows NT 10.0; Win64; x64) AppleWebKit/537.36 (KHTML, like Gecko) Chrome/145.0.0.0 Safari/537.36"
45.117.63.158 - - [30/Apr/2026:13:17:11 +0300] "GET /wp-content/themes/toppic/css/royalslider.css?ver=4.2 HTTP/1.1" 200 1887 "https://serhatburke.miroglu.net/automaty-hazard-online/" "Mozilla/5.0 (Windows NT 10.0; Win64; x64) AppleWebKit/537.36 (KHTML, like Gecko) Chrome/145.0.0.0 Safari/537.36"
45.117.63.158 - - [30/Apr/2026:13:17:12 +0300] "GET /wp-content/themes/toppic/css/rs-default.css?ver=4.2 HTTP/1.1" 200 2625 "https://serhatburke.miroglu.net/automaty-hazard-online/" "Mozilla/5.0 (Windows NT 10.0; Win64; x64) AppleWebKit/537.36 (KHTML, like Gecko) Chrome/145.0.0.0 Safari/537.36"
45.117.63.158 - - [30/Apr/2026:13:17:13 +0300] "GET /wp-content/themes/toppic/css/lightbox.css?ver=4.2 HTTP/1.1" 200 2956 "https://serhatburke.miroglu.net/automaty-hazard-online/" "Mozilla/5.0 (Windows NT 10.0; Win64; x64) AppleWebKit/537.36 (KHTML, like Gecko) Chrome/145.0.0.0 Safari/537.36"
45.117.63.158 - - [30/Apr/2026:13:17:14 +0300] "GET /wp-content/themes/toppic/css/woocommerce.css?ver=4.2 HTTP/1.1" 200 2848 "https://serhatburke.miroglu.net/automaty-hazard-online/" "Mozilla/5.0 (Windows NT 10.0; Win64; x64) AppleWebKit/537.36 (KHTML, like Gecko) Chrome/145.0.0.0 Safari/537.36"
45.117.63.158 - - [30/Apr/2026:13:17:15 +0300] "GET /wp-content/themes/toppic/css/responsive.css?ver=4.2 HTTP/1.1" 200 2796 "https://serhatburke.miroglu.net/automaty-hazard-online/" "Mozilla/5.0 (Windows NT 10.0; Win64; x64) AppleWebKit/537.36 (KHTML, like Gecko) Chrome/145.0.0.0 Safari/537.36"
102.165.54.38 - - [30/Apr/2026:13:16:55 +0300] "GET /novoline-casino-codice-bonus-registrazione/ HTTP/1.1" 200 17770 "https://serhatburke.miroglu.net/novoline-casino-codice-bonus-registrazione/" "Mozilla/5.0 (Windows NT 6.3; Win64; x64) AppleWebKit/537.36 (KHTML, like Gecko) Chrome/103.0.0.0 Safari/537.36"
102.165.54.38 - - [30/Apr/2026:13:17:19 +0300] "GET /wp-includes/css/dist/block-library/style.min.css?ver=6.3.8 HTTP/1.1" 200 13578 "https://serhatburke.miroglu.net/novoline-casino-codice-bonus-registrazione/" "Mozilla/5.0 (Windows NT 10.0; Win64; x64) AppleWebKit/537.36 (KHTML, like Gecko) Chrome/145.0.0.0 Safari/537.36"
102.165.54.38 - - [30/Apr/2026:13:17:21 +0300] "GET /wp-content/plugins/contact-form-7/includes/css/styles.css?ver=5.8 HTTP/1.1" 200 1490 "https://serhatburke.miroglu.net/novoline-casino-codice-bonus-registrazione/" "Mozilla/5.0 (Windows NT 10.0; Win64; x64) AppleWebKit/537.36 (KHTML, like Gecko) Chrome/145.0.0.0 Safari/537.36"
102.165.54.38 - - [30/Apr/2026:13:17:23 +0300] "GET /wp-content/themes/toppic/css/fontello.css?ver=4.2 HTTP/1.1" 200 1802 "https://serhatburke.miroglu.net/novoline-casino-codice-bonus-registrazione/" "Mozilla/5.0 (Windows NT 10.0; Win64; x64) AppleWebKit/537.36 (KHTML, like Gecko) Chrome/145.0.0.0 Safari/537.36"
38.246.32.195 - - [30/Apr/2026:13:17:01 +0300] "POST /xmlrpc.php HTTP/1.1" 200 630 "-" "Mozilla/5.0 (Windows NT 10.0; Win64; x64) AppleWebKit/537.36 (KHTML, like Gecko) Chrome/114.0.0.0 Safari/537.36"
102.165.54.38 - - [30/Apr/2026:13:17:24 +0300] "GET /wp-content/themes/toppic/css/reset.css?ver=4.2 HTTP/1.1" 200 1178 "https://serhatburke.miroglu.net/novoline-casino-codice-bonus-registrazione/" "Mozilla/5.0 (Windows NT 10.0; Win64; x64) AppleWebKit/537.36 (KHTML, like Gecko) Chrome/145.0.0.0 Safari/537.36"
102.165.54.38 - - [30/Apr/2026:13:17:26 +0300] "GET /wp-content/themes/toppic/css/default.css?ver=4.2 HTTP/1.1" 200 1811 "https://serhatburke.miroglu.net/novoline-casino-codice-bonus-registrazione/" "Mozilla/5.0 (Windows NT 10.0; Win64; x64) AppleWebKit/537.36 (KHTML, like Gecko) Chrome/145.0.0.0 Safari/537.36"
102.165.54.38 - - [30/Apr/2026:13:17:27 +0300] "GET /wp-content/themes/toppic/style.css?ver=4.2 HTTP/1.1" 200 23398 "https://serhatburke.miroglu.net/novoline-casino-codice-bonus-registrazione/" "Mozilla/5.0 (Windows NT 10.0; Win64; x64) AppleWebKit/537.36 (KHTML, like Gecko) Chrome/145.0.0.0 Safari/537.36"
102.165.54.38 - - [30/Apr/2026:13:17:29 +0300] "GET /wp-content/themes/toppic/css/royalslider.css?ver=4.2 HTTP/1.1" 200 1887 "https://serhatburke.miroglu.net/novoline-casino-codice-bonus-registrazione/" "Mozilla/5.0 (Windows NT 10.0; Win64; x64) AppleWebKit/537.36 (KHTML, like Gecko) Chrome/145.0.0.0 Safari/537.36"
102.165.54.38 - - [30/Apr/2026:13:17:31 +0300] "GET /wp-content/themes/toppic/css/rs-default.css?ver=4.2 HTTP/1.1" 200 2625 "https://serhatburke.miroglu.net/novoline-casino-codice-bonus-registrazione/" "Mozilla/5.0 (Windows NT 10.0; Win64; x64) AppleWebKit/537.36 (KHTML, like Gecko) Chrome/145.0.0.0 Safari/537.36"
102.165.54.38 - - [30/Apr/2026:13:17:32 +0300] "GET /wp-content/themes/toppic/css/lightbox.css?ver=4.2 HTTP/1.1" 200 2956 "https://serhatburke.miroglu.net/novoline-casino-codice-bonus-registrazione/" "Mozilla/5.0 (Windows NT 10.0; Win64; x64) AppleWebKit/537.36 (KHTML, like Gecko) Chrome/145.0.0.0 Safari/537.36"
102.165.54.38 - - [30/Apr/2026:13:17:34 +0300] "GET /wp-content/themes/toppic/css/woocommerce.css?ver=4.2 HTTP/1.1" 200 2848 "https://serhatburke.miroglu.net/novoline-casino-codice-bonus-registrazione/" "Mozilla/5.0 (Windows NT 10.0; Win64; x64) AppleWebKit/537.36 (KHTML, like Gecko) Chrome/145.0.0.0 Safari/537.36"
102.165.54.38 - - [30/Apr/2026:13:17:35 +0300] "GET /wp-content/themes/toppic/css/responsive.css?ver=4.2 HTTP/1.1" 200 2796 "https://serhatburke.miroglu.net/novoline-casino-codice-bonus-registrazione/" "Mozilla/5.0 (Windows NT 10.0; Win64; x64) AppleWebKit/537.36 (KHTML, like Gecko) Chrome/145.0.0.0 Safari/537.36"
103.219.169.226 - - [30/Apr/2026:13:17:10 +0300] "POST /xmlrpc.php HTTP/1.1" 200 630 "-" "Mozilla/5.0 (Windows NT 10.0; Win64; x64) AppleWebKit/537.36 (KHTML, like Gecko) Chrome/114.0.0.0 Safari/537.36"
40.77.167.241 - - [30/Apr/2026:13:17:11 +0300] "GET /roulette-numeri-rossi/ HTTP/2" 200 17141 "-" "Mozilla/5.0 AppleWebKit/537.36 (KHTML, like Gecko; compatible; bingbot/2.0; +http://www.bing.com/bingbot.htm) Chrome/116.0.1938.76 Safari/537.36"
185.216.113.70 - - [30/Apr/2026:13:17:49 +0300] "POST /wp-cron.php?doing_wp_cron=1777544269.4392549991607666015625 HTTP/1.1" 200 448 "-" "WordPress/6.3.8; https://serhatburke.miroglu.net"
38.246.32.195 - - [30/Apr/2026:13:17:30 +0300] "POST /xmlrpc.php HTTP/1.1" 200 9238 "-" "Mozilla/5.0 (Windows NT 10.0; Win64; x64) AppleWebKit/537.36 (KHTML, like Gecko) Chrome/114.0.0.0 Safari/537.36"
102.165.54.38 - - [30/Apr/2026:13:17:37 +0300] "POST /wp-comments-post.php HTTP/1.1" 302 1090 "https://serhatburke.miroglu.net/novoline-casino-codice-bonus-registrazione/" "Mozilla/5.0 (Windows NT 6.3; Win64; x64) AppleWebKit/537.36 (KHTML, like Gecko) Chrome/103.0.0.0 Safari/537.36"
45.117.63.158 - - [30/Apr/2026:13:17:16 +0300] "POST /wp-comments-post.php HTTP/1.1" 302 1070 "https://serhatburke.miroglu.net/automaty-hazard-online/" "Mozilla/5.0 (X11; Linux x86_64) AppleWebKit/537.36 (KHTML, like Gecko) Chrome/144.0.0.0 Safari/537.36"
103.219.169.226 - - [30/Apr/2026:13:17:43 +0300] "POST /xmlrpc.php HTTP/1.1" 200 15251 "-" "Mozilla/5.0 (Windows NT 10.0; Win64; x64) AppleWebKit/537.36 (KHTML, like Gecko) Chrome/114.0.0.0 Safari/537.36"
38.246.32.195 - - [30/Apr/2026:13:17:53 +0300] "GET /how-to-find-slots-which-might-be-probably-going-to/ HTTP/1.1" 200 72808 "-" "Mozilla/5.0 (Windows NT 10.0; Win64; x64) AppleWebKit/537.36 (KHTML, like Gecko) Chrome/123.0.0.0 Safari/537.36 OPR/109.0.0.0"
102.165.54.38 - - [30/Apr/2026:13:17:56 +0300] "GET /novoline-casino-codice-bonus-registrazione/?unapproved=954&moderation-hash=3505af254b8a450a035580846c891ae2 HTTP/1.1" 200 18218 "https://serhatburke.miroglu.net/wp-comments-post.php" "Mozilla/5.0 (Windows NT 6.3; Win64; x64) AppleWebKit/537.36 (KHTML, like Gecko) Chrome/103.0.0.0 Safari/537.36"
185.216.113.70 - - [30/Apr/2026:13:18:51 +0300] "POST /wp-cron.php?doing_wp_cron=1777544331.1579210758209228515625 HTTP/1.1" 200 448 "-" "WordPress/6.3.8; https://serhatburke.miroglu.net"
38.246.32.195 - - [30/Apr/2026:13:18:03 +0300] "POST /xmlrpc.php HTTP/1.1" 200 630 "-" "Mozilla/5.0 (Windows NT 10.0; Win64; x64) AppleWebKit/537.36 (KHTML, like Gecko) Chrome/114.0.0.0 Safari/537.36"
185.216.113.70 - - [30/Apr/2026:13:18:52 +0300] "POST /wp-cron.php?doing_wp_cron=1777544332.2597670555114746093750 HTTP/1.1" 200 448 "-" "WordPress/6.3.8; https://serhatburke.miroglu.net"
66.249.76.78 - - [30/Apr/2026:13:18:03 +0300] "GET /top-bet-kladionica-za-sportsko-klaenje-bonusi-i-27/ HTTP/1.1" 200 516295 "-" "Mozilla/5.0 (Linux; Android 6.0.1; Nexus 5X Build/MMB29P) AppleWebKit/537.36 (KHTML, like Gecko) Chrome/147.0.7727.116 Mobile Safari/537.36 (compatible; Googlebot/2.1; +http://www.google.com/bot.html)"
185.216.113.70 - - [30/Apr/2026:13:18:57 +0300] "POST /wp-cron.php?doing_wp_cron=1777544337.6648418903350830078125 HTTP/1.1" 200 448 "-" "WordPress/6.3.8; https://serhatburke.miroglu.net"
66.249.73.14 - - [30/Apr/2026:13:18:58 +0300] "GET /wp-content/themes/toppic/js/jquery.modernizr.custom.js?ver=4.2 HTTP/1.1" 200 3520 "https://serhatburke.miroglu.net/top-bet-kladionica-za-sportsko-klaenje-bonusi-i-27/" "Mozilla/5.0 (Linux; Android 6.0.1; Nexus 5X Build/MMB29P) AppleWebKit/537.36 (KHTML, like Gecko) Chrome/147.0.7727.116 Mobile Safari/537.36 (compatible; Googlebot/2.1; +http://www.google.com/bot.html)"
185.216.113.70 - - [30/Apr/2026:13:18:59 +0300] "POST /wp-cron.php?doing_wp_cron=1777544338.8614380359649658203125 HTTP/1.1" 200 448 "-" "WordPress/6.3.8; https://serhatburke.miroglu.net"
66.249.76.77 - - [30/Apr/2026:13:18:08 +0300] "GET /apuestas-parlay-que-son-como-funcionan-y-ventajas-52/ HTTP/1.1" 200 618267 "-" "Mozilla/5.0 (Linux; Android 6.0.1; Nexus 5X Build/MMB29P) AppleWebKit/537.36 (KHTML, like Gecko) Chrome/147.0.7727.116 Mobile Safari/537.36 (compatible; Googlebot/2.1; +http://www.google.com/bot.html)"
185.216.113.70 - - [30/Apr/2026:13:19:00 +0300] "POST /wp-cron.php?doing_wp_cron=1777544339.9456229209899902343750 HTTP/1.1" 200 448 "-" "WordPress/6.3.8; https://serhatburke.miroglu.net"
45.117.63.158 - - [30/Apr/2026:13:17:56 +0300] "GET /automaty-hazard-online/?unapproved=955&moderation-hash=781fd4d3ab8e1e0a14d91c8fee3f51f1 HTTP/1.1" 200 18853 "https://serhatburke.miroglu.net/wp-comments-post.php" "Mozilla/5.0 (X11; Linux x86_64) AppleWebKit/537.36 (KHTML, like Gecko) Chrome/144.0.0.0 Safari/537.36"
103.219.169.226 - - [30/Apr/2026:13:18:10 +0300] "GET /zum-besten-geben-eltern-hot-777-durch-voltent-vip-crypto-spielbank/ HTTP/1.1" 200 79406 "-" "Mozilla/5.0 (Windows NT 10.0; Win64; x64) AppleWebKit/537.36 (KHTML, like Gecko) Chrome/122.0.0.0 Safari/537.36"
66.249.73.15 - - [30/Apr/2026:13:19:05 +0300] "GET /apuestas-parlay-que-son-como-funcionan-y-ventajas-52/undefined?ts=1775520000 HTTP/1.1" 200 0 "https://serhatburke.miroglu.net/apuestas-parlay-que-son-como-funcionan-y-ventajas-52/" "Mozilla/5.0 (Linux; Android 6.0.1; Nexus 5X Build/MMB29P) AppleWebKit/537.36 (KHTML, like Gecko) Chrome/147.0.7727.116 Mobile Safari/537.36 (compatible; Googlebot/2.1; +http://www.google.com/bot.html)"
185.216.113.70 - - [30/Apr/2026:13:19:22 +0300] "POST /wp-cron.php?doing_wp_cron=1777544362.3399128913879394531250 HTTP/1.1" 200 448 "-" "WordPress/6.3.8; https://serhatburke.miroglu.net"
200.25.47.108 - - [30/Apr/2026:13:18:26 +0300] "POST /xmlrpc.php HTTP/1.1" 200 630 "-" "Mozilla/5.0 (Windows NT 10.0; Win64; x64) AppleWebKit/537.36 (KHTML, like Gecko) Chrome/114.0.0.0 Safari/537.36"
185.216.113.70 - - [30/Apr/2026:13:20:02 +0300] "POST /wp-cron.php?doing_wp_cron=1777544402.7641980648040771484375 HTTP/1.1" 200 448 "-" "WordPress/6.3.8; https://serhatburke.miroglu.net"
102.165.54.38 - - [30/Apr/2026:13:18:44 +0300] "GET /novoline-casino-codice-bonus-registrazione/ HTTP/1.1" 200 17905 "-" "Mozilla/5.0 (compatible; Googlebot/2.1; +http://www.google.com/bot.html)"
38.246.32.195 - - [30/Apr/2026:13:18:58 +0300] "POST /xmlrpc.php HTTP/1.1" 200 12317 "-" "Mozilla/5.0 (Windows NT 10.0; Win64; x64) AppleWebKit/537.36 (KHTML, like Gecko) Chrome/114.0.0.0 Safari/537.36"
38.246.32.195 - - [30/Apr/2026:13:19:02 +0300] "POST /xmlrpc.php HTTP/1.1" 200 630 "-" "Mozilla/5.0 (Windows NT 10.0; Win64; x64) AppleWebKit/537.36 (KHTML, like Gecko) Chrome/114.0.0.0 Safari/537.36"
103.219.169.226 - - [30/Apr/2026:13:19:20 +0300] "POST /xmlrpc.php HTTP/1.1" 200 630 "-" "Mozilla/5.0 (Windows NT 10.0; Win64; x64) AppleWebKit/537.36 (KHTML, like Gecko) Chrome/114.0.0.0 Safari/537.36"
66.249.73.1 - - [30/Apr/2026:13:19:09 +0300] "GET /guncel-adres-casino-ve-bahis-35/ HTTP/1.1" 200 770775 "-" "Mozilla/5.0 (Linux; Android 6.0.1; Nexus 5X Build/MMB29P) AppleWebKit/537.36 (KHTML, like Gecko) Chrome/147.0.7727.116 Mobile Safari/537.36 (compatible; Googlebot/2.1; +http://www.google.com/bot.html)"
200.25.47.108 - - [30/Apr/2026:13:19:29 +0300] "POST /xmlrpc.php HTTP/1.1" 200 11235 "-" "Mozilla/5.0 (Windows NT 10.0; Win64; x64) AppleWebKit/537.36 (KHTML, like Gecko) Chrome/114.0.0.0 Safari/537.36"
45.117.63.158 - - [30/Apr/2026:13:18:57 +0300] "GET /automaty-hazard-online/ HTTP/1.1" 500 782 "-" "Mozilla/5.0 (compatible; Googlebot/2.1; +http://www.google.com/bot.html)"
185.216.113.70 - - [30/Apr/2026:13:21:17 +0300] "POST /wp-cron.php?doing_wp_cron=1777544477.8528189659118652343750 HTTP/1.1" 200 448 "-" "WordPress/6.3.8; https://serhatburke.miroglu.net"
38.246.32.195 - - [30/Apr/2026:13:20:09 +0300] "POST /xmlrpc.php HTTP/1.1" 200 630 "-" "Mozilla/5.0 (Windows NT 10.0; Win64; x64) AppleWebKit/537.36 (KHTML, like Gecko) Chrome/114.0.0.0 Safari/537.36"
185.216.113.70 - - [30/Apr/2026:13:21:26 +0300] "POST /wp-cron.php?doing_wp_cron=1777544486.6405079364776611328125 HTTP/1.1" 200 448 "-" "WordPress/6.3.8; https://serhatburke.miroglu.net"
38.246.32.195 - - [30/Apr/2026:13:20:30 +0300] "GET /legalities-off-wagering-and-you-will-gambling-enterprises-during-the-texas/ HTTP/1.1" 200 76819 "-" "Mozilla/5.0 (Windows NT 10.0; Win64; x64) AppleWebKit/537.36 (KHTML, like Gecko) Chrome/123.0.0.0 Safari/537.36"
185.216.113.70 - - [30/Apr/2026:13:21:31 +0300] "POST /wp-cron.php?doing_wp_cron=1777544491.2650439739227294921875 HTTP/1.1" 200 448 "-" "WordPress/6.3.8; https://serhatburke.miroglu.net"
38.246.32.195 - - [30/Apr/2026:13:20:43 +0300] "POST /xmlrpc.php HTTP/1.1" 500 1102 "-" "Mozilla/5.0 (Windows NT 10.0; Win64; x64) AppleWebKit/537.36 (KHTML, like Gecko) Chrome/114.0.0.0 Safari/537.36"
185.216.113.70 - - [30/Apr/2026:13:21:42 +0300] "POST /wp-cron.php?doing_wp_cron=1777544502.3617808818817138671875 HTTP/1.1" 200 448 "-" "WordPress/6.3.8; https://serhatburke.miroglu.net"
38.246.32.195 - - [30/Apr/2026:13:20:49 +0300] "POST /xmlrpc.php HTTP/1.1" 200 630 "-" "Mozilla/5.0 (Windows NT 10.0; Win64; x64) AppleWebKit/537.36 (KHTML, like Gecko) Chrome/114.0.0.0 Safari/537.36"
66.249.73.15 - - [30/Apr/2026:13:21:33 +0300] "GET /guncel-adres-casino-ve-bahis-35/undefined?ts=1775520000 HTTP/1.1" 200 0 "https://serhatburke.miroglu.net/guncel-adres-casino-ve-bahis-35/" "Mozilla/5.0 (Linux; Android 6.0.1; Nexus 5X Build/MMB29P) AppleWebKit/537.36 (KHTML, like Gecko) Chrome/147.0.7727.116 Mobile Safari/537.36 (compatible; Googlebot/2.1; +http://www.google.com/bot.html)"
185.216.113.70 - - [30/Apr/2026:13:21:50 +0300] "POST /wp-cron.php?doing_wp_cron=1777544510.0538520812988281250000 HTTP/1.1" 200 448 "-" "WordPress/6.3.8; https://serhatburke.miroglu.net"
103.219.169.226 - - [30/Apr/2026:13:20:55 +0300] "POST /xmlrpc.php HTTP/1.1" 200 15939 "-" "Mozilla/5.0 (Windows NT 10.0; Win64; x64) AppleWebKit/537.36 (KHTML, like Gecko) Chrome/114.0.0.0 Safari/537.36"
185.216.113.70 - - [30/Apr/2026:13:21:51 +0300] "POST /wp-cron.php?doing_wp_cron=1777544511.4592199325561523437500 HTTP/1.1" 200 448 "-" "WordPress/6.3.8; https://serhatburke.miroglu.net"
200.25.47.108 - - [30/Apr/2026:13:20:56 +0300] "GET /1-einlosen-20-beibehalten-traktandum-5-casinos-2026-ocb-com-de/ HTTP/1.1" 200 75460 "-" "Mozilla/5.0 (Windows NT 10.0; Win64; x64; rv:124.0) Gecko/20100101 Firefox/124.0"
66.249.76.77 - - [30/Apr/2026:13:21:43 +0300] "GET /guncel-adres-casino-ve-bahis-35/undefined?ts=1775520000 HTTP/1.1" 200 0 "https://serhatburke.miroglu.net/guncel-adres-casino-ve-bahis-35/" "Mozilla/5.0 (Linux; Android 6.0.1; Nexus 5X Build/MMB29P) AppleWebKit/537.36 (KHTML, like Gecko) Chrome/147.0.7727.116 Mobile Safari/537.36 (compatible; Googlebot/2.1; +http://www.google.com/bot.html)"
45.117.63.158 - - [30/Apr/2026:13:21:12 +0300] "GET /automaty-hazard-online/ HTTP/1.1" 200 0 "-" "Mozilla/5.0 (compatible; Googlebot/2.1; +http://www.google.com/bot.html)"
185.216.113.70 - - [30/Apr/2026:13:22:33 +0300] "POST /wp-cron.php?doing_wp_cron=1777544553.8384869098663330078125 HTTP/1.1" 200 448 "-" "WordPress/6.3.8; https://serhatburke.miroglu.net"
185.216.113.70 - - [30/Apr/2026:13:22:44 +0300] "POST /wp-cron.php?doing_wp_cron=1777544564.4450390338897705078125 HTTP/1.1" 200 448 "-" "WordPress/6.3.8; https://serhatburke.miroglu.net"
185.216.113.70 - - [30/Apr/2026:13:22:51 +0300] "POST /wp-cron.php?doing_wp_cron=1777544571.5596580505371093750000 HTTP/1.1" 200 448 "-" "WordPress/6.3.8; https://serhatburke.miroglu.net"
38.246.32.195 - - [30/Apr/2026:13:21:24 +0300] "POST /xmlrpc.php HTTP/1.1" 200 8308 "-" "Mozilla/5.0 (Windows NT 10.0; Win64; x64) AppleWebKit/537.36 (KHTML, like Gecko) Chrome/114.0.0.0 Safari/537.36"
176.38.40.56 - - [30/Apr/2026:13:19:19 +0300] "GET /vavada-casino-kompleksowa-analiza-bezpieczestwa-18/ HTTP/1.1" 200 131906 "-" "Mozilla/5.0 (Windows NT 10.0; Win64; x64; rv:128.0) Gecko/20100101 Firefox/128.0"
176.38.40.56 - - [30/Apr/2026:13:19:12 +0300] "GET /vlad-cazino-2026-100-pan-la-2000-lei-300-free-21/ HTTP/1.1" 200 163811 "-" "Mozilla/5.0 (Windows NT 10.0; Win64; x64; rv:128.0) Gecko/20100101 Firefox/128.0"
185.216.113.70 - - [30/Apr/2026:13:23:15 +0300] "POST /wp-cron.php?doing_wp_cron=1777544595.5429999828338623046875 HTTP/1.1" 200 448 "-" "WordPress/6.3.8; https://serhatburke.miroglu.net"
38.246.32.195 - - [30/Apr/2026:13:21:43 +0300] "POST /xmlrpc.php HTTP/1.1" 500 1102 "-" "Mozilla/5.0 (Windows NT 10.0; Win64; x64) AppleWebKit/537.36 (KHTML, like Gecko) Chrome/114.0.0.0 Safari/537.36"
185.216.113.70 - - [30/Apr/2026:13:23:34 +0300] "POST /wp-cron.php?doing_wp_cron=1777544614.2755210399627685546875 HTTP/1.1" 200 448 "-" "WordPress/6.3.8; https://serhatburke.miroglu.net"
185.216.113.70 - - [30/Apr/2026:13:23:34 +0300] "POST /wp-cron.php?doing_wp_cron=1777544614.8202569484710693359375 HTTP/1.1" 200 448 "-" "WordPress/6.3.8; https://serhatburke.miroglu.net"
38.246.32.195 - - [30/Apr/2026:13:21:42 +0300] "POST /xmlrpc.php HTTP/1.1" 500 1102 "-" "Mozilla/5.0 (Windows NT 10.0; Win64; x64) AppleWebKit/537.36 (KHTML, like Gecko) Chrome/114.0.0.0 Safari/537.36"
38.246.32.195 - - [30/Apr/2026:13:21:39 +0300] "POST /xmlrpc.php HTTP/1.1" 500 745 "-" "Mozilla/5.0 (Windows NT 10.0; Win64; x64) AppleWebKit/537.36 (KHTML, like Gecko) Chrome/114.0.0.0 Safari/537.36"
185.216.113.70 - - [30/Apr/2026:13:23:42 +0300] "POST /wp-cron.php?doing_wp_cron=1777544622.2474489212036132812500 HTTP/1.1" 200 448 "-" "WordPress/6.3.8; https://serhatburke.miroglu.net"
103.219.169.226 - - [30/Apr/2026:13:21:53 +0300] "POST /xmlrpc.php HTTP/1.1" 200 630 "-" "Mozilla/5.0 (Windows NT 10.0; Win64; x64) AppleWebKit/537.36 (KHTML, like Gecko) Chrome/114.0.0.0 Safari/537.36"
185.216.113.70 - - [30/Apr/2026:13:23:46 +0300] "POST /wp-cron.php?doing_wp_cron=1777544626.6409709453582763671875 HTTP/1.1" 200 448 "-" "WordPress/6.3.8; https://serhatburke.miroglu.net"
103.219.169.226 - - [30/Apr/2026:13:21:52 +0300] "GET /king-kong-slot-im-demomodus-fur-nusse-auffuhren/ HTTP/1.1" 200 79619 "-" "Mozilla/5.0 (Windows NT 10.0; Win64; x64) AppleWebKit/537.36 (KHTML, like Gecko) Chrome/109.0.0.0 Safari/537.36"
185.216.113.70 - - [30/Apr/2026:13:24:20 +0300] "POST /wp-cron.php?doing_wp_cron=1777544660.3536889553070068359375 HTTP/1.1" 200 448 "-" "WordPress/6.3.8; https://serhatburke.miroglu.net"
38.246.32.195 - - [30/Apr/2026:13:22:33 +0300] "POST /xmlrpc.php HTTP/1.1" 500 1102 "-" "Mozilla/5.0 (Windows NT 10.0; Win64; x64) AppleWebKit/537.36 (KHTML, like Gecko) Chrome/114.0.0.0 Safari/537.36"
185.216.113.70 - - [30/Apr/2026:13:24:28 +0300] "POST /wp-cron.php?doing_wp_cron=1777544668.5595118999481201171875 HTTP/1.1" 200 448 "-" "WordPress/6.3.8; https://serhatburke.miroglu.net"
38.246.32.195 - - [30/Apr/2026:13:22:52 +0300] "GET /find-the-best-on-line-casino-to-tackle-your-favorite-video-game/ HTTP/1.1" 200 72087 "-" "Mozilla/5.0 (Windows NT 10.0; Win64; x64; rv:125.0) Gecko/20100101 Firefox/125.0"
103.87.142.121 - - [30/Apr/2026:13:24:25 +0300] "GET /beste-casino-site-belgie-hoge-inzet/ HTTP/1.1" 200 0 "-" "Mozilla/5.0 (compatible; Googlebot/2.1; +http://www.google.com/bot.html)"
185.216.113.70 - - [30/Apr/2026:13:25:06 +0300] "POST /wp-cron.php?doing_wp_cron=1777544706.2606561183929443359375 HTTP/1.1" 200 448 "-" "WordPress/6.3.8; https://serhatburke.miroglu.net"
38.246.32.195 - - [30/Apr/2026:13:23:25 +0300] "POST /xmlrpc.php HTTP/1.1" 200 8198 "-" "Mozilla/5.0 (Windows NT 10.0; Win64; x64) AppleWebKit/537.36 (KHTML, like Gecko) Chrome/114.0.0.0 Safari/537.36"
185.216.113.70 - - [30/Apr/2026:13:25:13 +0300] "POST /wp-cron.php?doing_wp_cron=1777544712.8379700183868408203125 HTTP/1.1" 200 448 "-" "WordPress/6.3.8; https://serhatburke.miroglu.net"
103.219.169.226 - - [30/Apr/2026:13:23:33 +0300] "POST /xmlrpc.php HTTP/1.1" 500 1102 "-" "Mozilla/5.0 (Windows NT 10.0; Win64; x64) AppleWebKit/537.36 (KHTML, like Gecko) Chrome/114.0.0.0 Safari/537.36"
185.216.113.70 - - [30/Apr/2026:13:25:24 +0300] "POST /wp-cron.php?doing_wp_cron=1777544724.3532299995422363281250 HTTP/1.1" 200 448 "-" "WordPress/6.3.8; https://serhatburke.miroglu.net"
103.219.169.226 - - [30/Apr/2026:13:23:32 +0300] "POST /xmlrpc.php HTTP/1.1" 200 627 "-" "Mozilla/5.0 (Windows NT 10.0; Win64; x64) AppleWebKit/537.36 (KHTML, like Gecko) Chrome/114.0.0.0 Safari/537.36"
52.167.144.229 - - [30/Apr/2026:13:24:54 +0300] "GET /every-bitcoin-casino-slots-day-dunk-best-college-or-university-baseball-wagers-today-forecasts-for-ohio-washington-oregon-indiana-and-much-more/ HTTP/2" 200 0 "-" "Mozilla/5.0 AppleWebKit/537.36 (KHTML, like Gecko; compatible; bingbot/2.0; +http://www.bing.com/bingbot.htm) Chrome/116.0.1938.76 Safari/537.36"
52.167.144.232 - - [30/Apr/2026:13:24:55 +0300] "GET /1-643-spellen-ksa-vergunning/ HTTP/2" 200 0 "-" "Mozilla/5.0 AppleWebKit/537.36 (KHTML, like Gecko; compatible; bingbot/2.0; +http://www.bing.com/bingbot.htm) Chrome/116.0.1938.76 Safari/537.36"
52.167.144.147 - - [30/Apr/2026:13:24:58 +0300] "GET /h1-tronscan-your-essential-tool-for-tron-asset-insights-h1/ HTTP/2" 200 0 "-" "Mozilla/5.0 AppleWebKit/537.36 (KHTML, like Gecko; compatible; bingbot/2.0; +http://www.bing.com/bingbot.htm) Chrome/116.0.1938.76 Safari/537.36"
52.167.144.232 - - [30/Apr/2026:13:25:05 +0300] "GET /million-medusa-2-1-magazie-casino-bonus-dar-cele-mai-bune-site-uri-online-de-cazino-varsare-400-rotiri-gratuite/ HTTP/2" 200 0 "-" "Mozilla/5.0 AppleWebKit/537.36 (KHTML, like Gecko; compatible; bingbot/2.0; +http://www.bing.com/bingbot.htm) Chrome/116.0.1938.76 Safari/537.36"
52.167.144.232 - - [30/Apr/2026:13:25:10 +0300] "GET /24bettle-gambling-enterprise-remark-100percent-aristocrat-slot-machines-games-incentive-as-much-as-240-24-fs/ HTTP/2" 200 0 "-" "Mozilla/5.0 AppleWebKit/537.36 (KHTML, like Gecko; compatible; bingbot/2.0; +http://www.bing.com/bingbot.htm) Chrome/116.0.1938.76 Safari/537.36"
185.216.113.70 - - [30/Apr/2026:13:26:09 +0300] "POST /wp-cron.php?doing_wp_cron=1777544769.4547390937805175781250 HTTP/1.1" 200 448 "-" "WordPress/6.3.8; https://serhatburke.miroglu.net"
103.219.169.226 - - [30/Apr/2026:13:24:28 +0300] "POST /xmlrpc.php HTTP/1.1" 200 630 "-" "Mozilla/5.0 (Windows NT 10.0; Win64; x64) AppleWebKit/537.36 (KHTML, like Gecko) Chrome/114.0.0.0 Safari/537.36"
185.216.113.70 - - [30/Apr/2026:13:26:13 +0300] "POST /wp-cron.php?doing_wp_cron=1777544773.1420490741729736328125 HTTP/1.1" 200 448 "-" "WordPress/6.3.8; https://serhatburke.miroglu.net"
38.246.32.195 - - [30/Apr/2026:13:24:32 +0300] "POST /xmlrpc.php HTTP/1.1" 200 861 "-" "Mozilla/5.0 (Windows NT 10.0; Win64; x64) AppleWebKit/537.36 (KHTML, like Gecko) Chrome/114.0.0.0 Safari/537.36"
185.216.113.70 - - [30/Apr/2026:13:26:29 +0300] "POST /wp-cron.php?doing_wp_cron=1777544789.5377829074859619140625 HTTP/1.1" 200 448 "-" "WordPress/6.3.8; https://serhatburke.miroglu.net"
103.219.169.226 - - [30/Apr/2026:13:25:18 +0300] "POST /xmlrpc.php HTTP/1.1" 200 12358 "-" "Mozilla/5.0 (Windows NT 10.0; Win64; x64) AppleWebKit/537.36 (KHTML, like Gecko) Chrome/114.0.0.0 Safari/537.36"
23.236.165.118 - - [30/Apr/2026:13:26:00 +0300] "POST /xmlrpc.php HTTP/1.1" 200 0 "-" "Mozilla/5.0 (Windows NT 10.0; Win64; x64) AppleWebKit/537.36 (KHTML, like Gecko) Chrome/124.0.0.0 Safari/537.36"
185.216.113.70 - - [30/Apr/2026:13:26:40 +0300] "POST /wp-cron.php?doing_wp_cron=1777544800.2502610683441162109375 HTTP/1.1" 200 448 "-" "WordPress/6.3.8; https://serhatburke.miroglu.net"
38.246.32.195 - - [30/Apr/2026:13:25:04 +0300] "GET /?p=145944 HTTP/1.1" 301 705 "-" "Mozilla/5.0 (Windows NT 10.0; rv:109.0) Gecko/20100101 Firefox/115.0"
185.216.113.70 - - [30/Apr/2026:13:26:46 +0300] "POST /wp-cron.php?doing_wp_cron=1777544806.7566399574279785156250 HTTP/1.1" 200 448 "-" "WordPress/6.3.8; https://serhatburke.miroglu.net"
37.27.132.190 - - [30/Apr/2026:13:25:21 +0300] "GET / HTTP/1.1" 200 19831 "-" "Mozilla/5.0 (X11; Linux x86_64; rv:140.0) Gecko/20100101 Firefox/140.0"
40.77.167.22 - - [30/Apr/2026:13:26:07 +0300] "GET /one-hundred-totally-free-spins-to-the-wrath-of-medusa/ HTTP/2" 200 0 "-" "Mozilla/5.0 AppleWebKit/537.36 (KHTML, like Gecko; compatible; bingbot/2.0; +http://www.bing.com/bingbot.htm) Chrome/116.0.1938.76 Safari/537.36"
23.236.165.118 - admlnlx [30/Apr/2026:13:26:30 +0300] "GET /wp-json/wp/v2/users/me?context=edit&_fields=id%2Croles%2Ccapabilities HTTP/2" 200 0 "-" "Mozilla/5.0 (Macintosh; Intel Mac OS X 10_15_7) AppleWebKit/537.36 (KHTML, like Gecko) Chrome/124.0.0.0 Safari/537.36"
185.216.113.70 - - [30/Apr/2026:13:27:04 +0300] "POST /wp-cron.php?doing_wp_cron=1777544824.1470329761505126953125 HTTP/1.1" 200 448 "-" "WordPress/6.3.8; https://serhatburke.miroglu.net"
80.90.183.146 - - [30/Apr/2026:13:25:25 +0300] "GET /beste-casino-site-belgie-hoge-inzet/ HTTP/1.1" 200 19447 "https://serhatburke.miroglu.net/" "Mozilla/5.0 (Macintosh; Intel Mac OS X 10_15_7) AppleWebKit/605.1.15 (KHTML, like Gecko) Version/18.6 Safari/605.1.15"
185.216.113.70 - - [30/Apr/2026:13:27:11 +0300] "POST /wp-cron.php?doing_wp_cron=1777544831.7474999427795410156250 HTTP/1.1" 200 448 "-" "WordPress/6.3.8; https://serhatburke.miroglu.net"
37.27.132.190 - - [30/Apr/2026:13:25:51 +0300] "GET / HTTP/1.1" 200 19651 "-" "Mozilla/5.0 (X11; Linux x86_64; rv:140.0) Gecko/20100101 Firefox/140.0"
52.167.144.147 - - [30/Apr/2026:13:26:44 +0300] "GET /tft-meta-group-comps-schlagermillions-slot-machine-tier-number/ HTTP/2" 200 0 "-" "Mozilla/5.0 AppleWebKit/537.36 (KHTML, like Gecko; compatible; bingbot/2.0; +http://www.bing.com/bingbot.htm) Chrome/116.0.1938.76 Safari/537.36"
52.167.144.229 - - [30/Apr/2026:13:26:46 +0300] "GET /le-principali-alternative-a-skrill-a-i-pagamenti-sui-tumulto-non-aams/ HTTP/2" 200 0 "-" "Mozilla/5.0 AppleWebKit/537.36 (KHTML, like Gecko; compatible; bingbot/2.0; +http://www.bing.com/bingbot.htm) Chrome/116.0.1938.76 Safari/537.36"
52.167.144.229 - - [30/Apr/2026:13:26:47 +0300] "GET /netbet-fraud-or-palace-of-chance-casino-free-spins-not-all-of-our-comment-2026-out-of-scams-details/ HTTP/2" 200 0 "-" "Mozilla/5.0 AppleWebKit/537.36 (KHTML, like Gecko; compatible; bingbot/2.0; +http://www.bing.com/bingbot.htm) Chrome/116.0.1938.76 Safari/537.36"
185.216.113.70 - - [30/Apr/2026:13:27:40 +0300] "POST /wp-cron.php?doing_wp_cron=1777544860.6627399921417236328125 HTTP/1.1" 200 448 "-" "WordPress/6.3.8; https://serhatburke.miroglu.net"
103.219.169.226 - - [30/Apr/2026:13:26:08 +0300] "POST /xmlrpc.php HTTP/1.1" 500 1102 "-" "Mozilla/5.0 (Windows NT 10.0; Win64; x64) AppleWebKit/537.36 (KHTML, like Gecko) Chrome/114.0.0.0 Safari/537.36"
40.77.167.22 - - [30/Apr/2026:13:27:07 +0300] "GET /au-posibil-o-schimbare-i-prin-urmare-schimba-plaile-jucatorilor-stilul-roii-i-alte-be/ HTTP/2" 200 0 "-" "Mozilla/5.0 AppleWebKit/537.36 (KHTML, like Gecko; compatible; bingbot/2.0; +http://www.bing.com/bingbot.htm) Chrome/116.0.1938.76 Safari/537.36"
185.216.113.70 - - [30/Apr/2026:13:28:08 +0300] "POST /wp-cron.php?doing_wp_cron=1777544888.4481859207153320312500 HTTP/1.1" 200 448 "-" "WordPress/6.3.8; https://serhatburke.miroglu.net"
185.216.113.70 - - [30/Apr/2026:13:28:19 +0300] "POST /wp-cron.php?doing_wp_cron=1777544899.0579080581665039062500 HTTP/1.1" 200 448 "-" "WordPress/6.3.8; https://serhatburke.miroglu.net"
37.27.132.190 - - [30/Apr/2026:13:26:21 +0300] "GET / HTTP/1.1" 200 19651 "-" "Mozilla/5.0 (X11; Linux x86_64; rv:140.0) Gecko/20100101 Firefox/140.0"
185.216.113.70 - - [30/Apr/2026:13:28:26 +0300] "POST /wp-cron.php?doing_wp_cron=1777544906.8876700401306152343750 HTTP/1.1" 200 448 "-" "WordPress/6.3.8; https://serhatburke.miroglu.net"
103.219.169.226 - - [30/Apr/2026:13:26:31 +0300] "GET /angeschlossen-roulette-letter-fur-nusse-vortragen-exklusive-verwendung-2026/ HTTP/1.1" 200 77821 "-" "Mozilla/5.0 (Windows NT 10.0; Win64; x64) AppleWebKit/537.36 (KHTML, like Gecko) Chrome/109.0.0.0 Safari/537.36"
185.216.113.70 - - [30/Apr/2026:13:28:30 +0300] "POST /wp-cron.php?doing_wp_cron=1777544910.1494319438934326171875 HTTP/1.1" 200 448 "-" "WordPress/6.3.8; https://serhatburke.miroglu.net"
185.216.113.70 - - [30/Apr/2026:13:28:30 +0300] "POST /wp-cron.php?doing_wp_cron=1777544910.2626359462738037109375 HTTP/1.1" 200 448 "-" "WordPress/6.3.8; https://serhatburke.miroglu.net"
38.246.32.195 - - [30/Apr/2026:13:26:43 +0300] "POST /xmlrpc.php HTTP/1.1" 200 861 "-" "Mozilla/5.0 (Windows NT 10.0; Win64; x64) AppleWebKit/537.36 (KHTML, like Gecko) Chrome/114.0.0.0 Safari/537.36"
38.246.32.195 - - [30/Apr/2026:13:26:43 +0300] "GET /alternatively-internet-casino-participants-during-the-ct-will-earn-respect-activities-on-sorts-of-draftkings-crowns/ HTTP/1.1" 200 74123 "-" "Mozilla/5.0 (Windows NT 10.0; rv:109.0) Gecko/20100101 Firefox/115.0"
52.167.144.147 - - [30/Apr/2026:13:27:46 +0300] "GET /aparelhamento-iron-mana-casino-wild-wolf-2-slot-puerilidade-video-demanda-dinheiro-online-epic-ape-gratis-abicar-playfortuna-casino-new-jersey/ HTTP/2" 200 0 "-" "Mozilla/5.0 AppleWebKit/537.36 (KHTML, like Gecko; compatible; bingbot/2.0; +http://www.bing.com/bingbot.htm) Chrome/116.0.1938.76 Safari/537.36"
52.167.144.173 - - [30/Apr/2026:13:27:50 +0300] "GET /u-lieve-free-spins-bonus-2025-lll-voor-spins-gedurende-inschrijving/ HTTP/2" 200 0 "-" "Mozilla/5.0 AppleWebKit/537.36 (KHTML, like Gecko; compatible; bingbot/2.0; +http://www.bing.com/bingbot.htm) Chrome/116.0.1938.76 Safari/537.36"
185.216.113.70 - - [30/Apr/2026:13:28:40 +0300] "POST /wp-cron.php?doing_wp_cron=1777544920.4596440792083740234375 HTTP/1.1" 200 448 "-" "WordPress/6.3.8; https://serhatburke.miroglu.net"
40.77.167.22 - - [30/Apr/2026:13:28:07 +0300] "GET /best-australian-on-line-pokies-for-real-money-february-have-a-glimpse-at-the-hyperlink-2026/ HTTP/2" 200 0 "-" "Mozilla/5.0 AppleWebKit/537.36 (KHTML, like Gecko; compatible; bingbot/2.0; +http://www.bing.com/bingbot.htm) Chrome/116.0.1938.76 Safari/537.36"
185.216.113.70 - - [30/Apr/2026:13:29:04 +0300] "POST /wp-cron.php?doing_wp_cron=1777544944.5411860942840576171875 HTTP/1.1" 200 448 "-" "WordPress/6.3.8; https://serhatburke.miroglu.net"
185.216.113.70 - - [30/Apr/2026:13:29:09 +0300] "POST /wp-cron.php?doing_wp_cron=1777544949.7643771171569824218750 HTTP/1.1" 200 448 "-" "WordPress/6.3.8; https://serhatburke.miroglu.net"
102.165.54.38 - - [30/Apr/2026:13:27:20 +0300] "GET /novoline-casino-codice-bonus-registrazione/ HTTP/1.1" 200 17770 "-" "Mozilla/5.0 (compatible; Googlebot/2.1; +http://www.google.com/bot.html)"
80.90.183.146 - - [30/Apr/2026:13:27:12 +0300] "GET /beste-casino-site-belgie-hoge-inzet/ HTTP/1.1" 500 782 "https://serhatburke.miroglu.net/beste-casino-site-belgie-hoge-inzet/" "Mozilla/5.0 (Windows NT 6.3; Win64; x64) AppleWebKit/537.36 (KHTML, like Gecko) Chrome/103.0.0.0 Safari/537.36"
185.216.113.70 - - [30/Apr/2026:13:29:12 +0300] "POST /wp-cron.php?doing_wp_cron=1777544952.6380538940429687500000 HTTP/1.1" 200 448 "-" "WordPress/6.3.8; https://serhatburke.miroglu.net"
103.219.169.226 - - [30/Apr/2026:13:27:47 +0300] "POST /xmlrpc.php HTTP/1.1" 200 15760 "-" "Mozilla/5.0 (Windows NT 10.0; Win64; x64) AppleWebKit/537.36 (KHTML, like Gecko) Chrome/114.0.0.0 Safari/537.36"
52.167.144.173 - - [30/Apr/2026:13:28:46 +0300] "GET /ergo-you-might-with-confidence-start-to-play-during-the-casinos-on-the-internet-looked-into-the-all-of-our-website/ HTTP/2" 200 0 "-" "Mozilla/5.0 AppleWebKit/537.36 (KHTML, like Gecko; compatible; bingbot/2.0; +http://www.bing.com/bingbot.htm) Chrome/116.0.1938.76 Safari/537.36"
185.216.113.70 - - [30/Apr/2026:13:29:44 +0300] "POST /wp-cron.php?doing_wp_cron=1777544983.9732570648193359375000 HTTP/1.1" 200 448 "-" "WordPress/6.3.8; https://serhatburke.miroglu.net"
103.219.169.226 - - [30/Apr/2026:13:28:11 +0300] "POST /xmlrpc.php HTTP/1.1" 200 861 "-" "Mozilla/5.0 (Windows NT 10.0; Win64; x64) AppleWebKit/537.36 (KHTML, like Gecko) Chrome/114.0.0.0 Safari/537.36"
40.77.167.22 - - [30/Apr/2026:13:28:57 +0300] "GET /the-cup-lystslot-bispesaede-tom-horn-gaming-review-bons-dk-and-play-fortil-free/ HTTP/2" 200 0 "-" "Mozilla/5.0 AppleWebKit/537.36 (KHTML, like Gecko; compatible; bingbot/2.0; +http://www.bing.com/bingbot.htm) Chrome/116.0.1938.76 Safari/537.36"
40.77.167.22 - - [30/Apr/2026:13:29:07 +0300] "GET /kraken-bezopasnost-i-dostup-k-darknetu-2026/ HTTP/2" 200 0 "-" "Mozilla/5.0 AppleWebKit/537.36 (KHTML, like Gecko; compatible; bingbot/2.0; +http://www.bing.com/bingbot.htm) Chrome/116.0.1938.76 Safari/537.36"
185.216.113.70 - - [30/Apr/2026:13:30:21 +0300] "POST /wp-cron.php?doing_wp_cron=1777545021.5684010982513427734375 HTTP/1.1" 200 448 "-" "WordPress/6.3.8; https://serhatburke.miroglu.net"
185.216.113.70 - - [30/Apr/2026:13:30:22 +0300] "POST /wp-cron.php?doing_wp_cron=1777545022.8298280239105224609375 HTTP/1.1" 200 448 "-" "WordPress/6.3.8; https://serhatburke.miroglu.net"
103.219.169.226 - - [30/Apr/2026:13:29:15 +0300] "GET /online-roulette-zum-besten-geben-fur-nusse-2026-verbunden-casino-de/ HTTP/1.1" 200 81063 "-" "Mozilla/5.0 (Windows NT 10.0; Win64; x64; rv:125.0) Gecko/20100101 Firefox/125.0"
52.167.144.173 - - [30/Apr/2026:13:29:45 +0300] "GET /play-book-out-lucky-red-casino-welcome-bonus-of-ra-for-free-inside-the-demo-setting/ HTTP/2" 200 0 "-" "Mozilla/5.0 AppleWebKit/537.36 (KHTML, like Gecko; compatible; bingbot/2.0; +http://www.bing.com/bingbot.htm) Chrome/116.0.1938.76 Safari/537.36"
40.77.167.22 - - [30/Apr/2026:13:30:07 +0300] "GET /zabudte-o-rutine-v-kazino-olimp-vas-zdet-sans-sorvat-dzekpot-do/ HTTP/2" 200 20380 "-" "Mozilla/5.0 AppleWebKit/537.36 (KHTML, like Gecko; compatible; bingbot/2.0; +http://www.bing.com/bingbot.htm) Chrome/116.0.1938.76 Safari/537.36"
52.167.144.173 - - [30/Apr/2026:13:30:44 +0300] "GET /whenever-investigating-your-favorite-ports-discover-numerous-myths-and-you-may-rumours-you-might-been-across-the/ HTTP/2" 200 17625 "-" "Mozilla/5.0 AppleWebKit/537.36 (KHTML, like Gecko; compatible; bingbot/2.0; +http://www.bing.com/bingbot.htm) Chrome/116.0.1938.76 Safari/537.36"
40.77.167.22 - - [30/Apr/2026:13:30:49 +0300] "GET /50-dragons-position-on-the-internet-play-slot-casino-lucky-bird-slots-machin-100percent-free-gambling-enterprise/ HTTP/2" 200 19019 "-" "Mozilla/5.0 AppleWebKit/537.36 (KHTML, like Gecko; compatible; bingbot/2.0; +http://www.bing.com/bingbot.htm) Chrome/116.0.1938.76 Safari/537.36"
52.167.144.173 - - [30/Apr/2026:13:31:04 +0300] "GET /lucky-twins-wilds-jackpots-casino-intercasino-free-spins-slot-review-2026-totally-free-demonstration-online-game/ HTTP/2" 200 18135 "-" "Mozilla/5.0 AppleWebKit/537.36 (KHTML, like Gecko; compatible; bingbot/2.0; +http://www.bing.com/bingbot.htm) Chrome/116.0.1938.76 Safari/537.36"
185.216.113.70 - - [30/Apr/2026:13:31:40 +0300] "POST /wp-cron.php?doing_wp_cron=1777545100.7604029178619384765625 HTTP/1.1" 200 448 "-" "WordPress/6.3.8; https://serhatburke.miroglu.net"
128.1.218.169 - - [30/Apr/2026:13:31:28 +0300] "POST /xmlrpc.php HTTP/1.1" 200 630 "-" "Mozilla/5.0 (Windows NT 10.0; Win64; x64) AppleWebKit/537.36 (KHTML, like Gecko) Chrome/114.0.0.0 Safari/537.36"
128.1.218.169 - - [30/Apr/2026:13:31:47 +0300] "POST /xmlrpc.php HTTP/1.1" 200 14450 "-" "Mozilla/5.0 (Windows NT 10.0; Win64; x64) AppleWebKit/537.36 (KHTML, like Gecko) Chrome/114.0.0.0 Safari/537.36"
128.1.218.169 - - [30/Apr/2026:13:32:04 +0300] "GET /funky-safari-samba-slot-online-casino-good-fresh-fruit-madness/ HTTP/1.1" 200 78103 "-" "Mozilla/5.0 (Windows NT 10.0; Win64; x64) AppleWebKit/537.36 (KHTML, like Gecko) Chrome/122.0.0.0 Safari/537.36"
185.216.113.70 - - [30/Apr/2026:13:34:10 +0300] "POST /wp-cron.php?doing_wp_cron=1777545250.1435060501098632812500 HTTP/1.1" 200 448 "-" "WordPress/6.3.8; https://serhatburke.miroglu.net"
40.77.167.22 - - [30/Apr/2026:13:33:48 +0300] "GET /no-deposit-bonuses-2026-greatest-free-casino-incentives/ HTTP/2" 200 19897 "-" "Mozilla/5.0 AppleWebKit/537.36 (KHTML, like Gecko; compatible; bingbot/2.0; +http://www.bing.com/bingbot.htm) Chrome/116.0.1938.76 Safari/537.36"
96.44.167.86 - - [30/Apr/2026:13:33:56 +0300] "POST /xmlrpc.php HTTP/1.1" 200 630 "-" "Mozilla/5.0 (Windows NT 10.0; Win64; x64) AppleWebKit/537.36 (KHTML, like Gecko) Chrome/114.0.0.0 Safari/537.36"
40.77.167.55 - - [30/Apr/2026:13:33:55 +0300] "GET /puikus-hunters-better-8-kalibras-padesiantis-vulkan-spiele-programeles-apzvalga-jums-laimeti-didelius-aliaskos-zaidimus/ HTTP/2" 200 18875 "-" "Mozilla/5.0 AppleWebKit/537.36 (KHTML, like Gecko; compatible; bingbot/2.0; +http://www.bing.com/bingbot.htm) Chrome/116.0.1938.76 Safari/537.36"
52.167.144.173 - - [30/Apr/2026:13:34:00 +0300] "GET /greatest-ports-to-play-online-the-real-deal-currency/ HTTP/2" 200 18650 "-" "Mozilla/5.0 AppleWebKit/537.36 (KHTML, like Gecko; compatible; bingbot/2.0; +http://www.bing.com/bingbot.htm) Chrome/116.0.1938.76 Safari/537.36"
40.77.167.22 - - [30/Apr/2026:13:34:19 +0300] "GET /big-goddess-step-one-case-bandit-pharaohs-gold-iii-slot-slot-machine-slots/ HTTP/2" 200 18691 "-" "Mozilla/5.0 AppleWebKit/537.36 (KHTML, like Gecko; compatible; bingbot/2.0; +http://www.bing.com/bingbot.htm) Chrome/116.0.1938.76 Safari/537.36"
40.77.167.55 - - [30/Apr/2026:13:34:24 +0300] "GET /casino-non-aams-come-traditore-prontamente-apice-siti-con-ritiro-spontaneo/ HTTP/2" 200 19403 "-" "Mozilla/5.0 AppleWebKit/537.36 (KHTML, like Gecko; compatible; bingbot/2.0; +http://www.bing.com/bingbot.htm) Chrome/116.0.1938.76 Safari/537.36"
96.44.167.86 - - [30/Apr/2026:13:34:27 +0300] "POST /xmlrpc.php HTTP/1.1" 200 15395 "-" "Mozilla/5.0 (Windows NT 10.0; Win64; x64) AppleWebKit/537.36 (KHTML, like Gecko) Chrome/114.0.0.0 Safari/537.36"
40.77.167.55 - - [30/Apr/2026:13:34:29 +0300] "GET /tragaperras-con-fuente-diablillo-recursos-real-slots-para-situar-recursos-favorable/ HTTP/2" 200 18977 "-" "Mozilla/5.0 AppleWebKit/537.36 (KHTML, like Gecko; compatible; bingbot/2.0; +http://www.bing.com/bingbot.htm) Chrome/116.0.1938.76 Safari/537.36"
185.216.113.70 - - [30/Apr/2026:13:35:03 +0300] "POST /wp-cron.php?doing_wp_cron=1777545303.8497650623321533203125 HTTP/1.1" 200 448 "-" "WordPress/6.3.8; https://serhatburke.miroglu.net"
66.249.76.77 - - [30/Apr/2026:13:34:33 +0300] "GET /robots.txt HTTP/1.1" 200 719 "-" "Mozilla/5.0 (compatible; Googlebot/2.1; +http://www.google.com/bot.html)"
