40.77.167.241 - - [30/Apr/2026:10:59:22 +0300] "GET /discovering-advanced-trading-solutions-with-sushiswap-dex/ HTTP/2" 200 17851 "-" "Mozilla/5.0 AppleWebKit/537.36 (KHTML, like Gecko; compatible; bingbot/2.0; +http://www.bing.com/bingbot.htm) Chrome/116.0.1938.76 Safari/537.36"
40.77.167.241 - - [30/Apr/2026:10:59:24 +0300] "GET /zachety-wyjawszy-depozytu-jest-wlasciwie-objete-regulaminem-dokladnie-kto-zwierza-sie-nam-o-tym-jak-mozna-wykorzystac-zebrane-dzialania/ HTTP/2" 200 18258 "-" "Mozilla/5.0 AppleWebKit/537.36 (KHTML, like Gecko; compatible; bingbot/2.0; +http://www.bing.com/bingbot.htm) Chrome/116.0.1938.76 Safari/537.36"
40.77.167.52 - - [30/Apr/2026:10:59:31 +0300] "GET /pronostici-accedi-spybet-italia-scommesse-modo-marcatura-sabato-21-febbraio-2026/ HTTP/2" 200 19719 "-" "Mozilla/5.0 AppleWebKit/537.36 (KHTML, like Gecko; compatible; bingbot/2.0; +http://www.bing.com/bingbot.htm) Chrome/116.0.1938.76 Safari/537.36"
40.77.167.6 - - [30/Apr/2026:11:00:03 +0300] "GET /lucky-haunter-slots-review-play-this-en-ligne-piece-en-compagnie-de-analyse-avec-lapplication-application-i24slot-spinbetter-divertissement-jeu/ HTTP/2" 200 19382 "-" "Mozilla/5.0 AppleWebKit/537.36 (KHTML, like Gecko; compatible; bingbot/2.0; +http://www.bing.com/bingbot.htm) Chrome/116.0.1938.76 Safari/537.36"
40.77.167.241 - - [30/Apr/2026:11:00:11 +0300] "GET /ban-co-dang-choi-may-danh-bac-jurassic-park-free-enjoy-slot-machine-phien-ban-moi-nhat-khong/ HTTP/2" 200 19298 "-" "Mozilla/5.0 AppleWebKit/537.36 (KHTML, like Gecko; compatible; bingbot/2.0; +http://www.bing.com/bingbot.htm) Chrome/116.0.1938.76 Safari/537.36"
40.77.167.52 - - [30/Apr/2026:11:00:12 +0300] "GET /verbunden-spielbank-provision-teutonia-beste-spielen-sie-all-lucky-clovers-40-spielautomaten-bonus-angebote-2026/ HTTP/2" 200 19953 "-" "Mozilla/5.0 AppleWebKit/537.36 (KHTML, like Gecko; compatible; bingbot/2.0; +http://www.bing.com/bingbot.htm) Chrome/116.0.1938.76 Safari/537.36"
185.216.113.70 - - [30/Apr/2026:11:00:41 +0300] "POST /wp-cron.php?doing_wp_cron=1777536041.3437271118164062500000 HTTP/1.1" 200 448 "-" "WordPress/6.3.8; https://serhatburke.miroglu.net"
40.77.167.241 - - [30/Apr/2026:11:00:15 +0300] "GET /discover-the-future-of-crypto-management-with-ledger-live-8/ HTTP/2" 200 17578 "-" "Mozilla/5.0 AppleWebKit/537.36 (KHTML, like Gecko; compatible; bingbot/2.0; +http://www.bing.com/bingbot.htm) Chrome/116.0.1938.76 Safari/537.36"
103.219.169.227 - - [30/Apr/2026:11:00:23 +0300] "POST /xmlrpc.php HTTP/1.1" 200 630 "-" "Mozilla/5.0 (Windows NT 10.0; Win64; x64) AppleWebKit/537.36 (KHTML, like Gecko) Chrome/114.0.0.0 Safari/537.36"
103.219.169.227 - - [30/Apr/2026:11:00:52 +0300] "POST /xmlrpc.php HTTP/1.1" 200 14421 "-" "Mozilla/5.0 (Windows NT 10.0; Win64; x64) AppleWebKit/537.36 (KHTML, like Gecko) Chrome/114.0.0.0 Safari/537.36"
38.246.32.195 - - [30/Apr/2026:11:01:04 +0300] "POST /xmlrpc.php HTTP/1.1" 200 630 "-" "Mozilla/5.0 (Windows NT 10.0; Win64; x64) AppleWebKit/537.36 (KHTML, like Gecko) Chrome/114.0.0.0 Safari/537.36"
103.219.169.227 - - [30/Apr/2026:11:01:12 +0300] "GET /100-percent-free-penny-slots-sky-barons-1-deposit-enjoy-free-penny-slots-on-line/ HTTP/1.1" 200 78452 "-" "Mozilla/5.0 (Windows NT 10.0; rv:109.0) Gecko/20100101 Firefox/115.0"
185.216.113.70 - - [30/Apr/2026:11:01:38 +0300] "POST /wp-cron.php?doing_wp_cron=1777536098.2604739665985107421875 HTTP/1.1" 200 448 "-" "WordPress/6.3.8; https://serhatburke.miroglu.net"
38.246.32.195 - - [30/Apr/2026:11:01:25 +0300] "POST /xmlrpc.php HTTP/1.1" 200 9040 "-" "Mozilla/5.0 (Windows NT 10.0; Win64; x64) AppleWebKit/537.36 (KHTML, like Gecko) Chrome/114.0.0.0 Safari/537.36"
38.246.32.195 - - [30/Apr/2026:11:01:38 +0300] "GET /you-can-see-these-team-are-incredibly-prominent-when-you-was-the-online-game-like-starburst-or-book-out-of-lifeless/ HTTP/1.1" 200 74195 "-" "Mozilla/5.0 (Windows NT 10.0; Win64; x64) AppleWebKit/537.36 (KHTML, like Gecko) Chrome/124.0.0.0 Safari/537.36 Edg/124.0.0.0"
185.216.113.70 - - [30/Apr/2026:11:02:58 +0300] "POST /wp-cron.php?doing_wp_cron=1777536177.8737890720367431640625 HTTP/1.1" 200 448 "-" "WordPress/6.3.8; https://serhatburke.miroglu.net"
38.246.32.195 - - [30/Apr/2026:11:02:25 +0300] "POST /xmlrpc.php HTTP/1.1" 200 630 "-" "Mozilla/5.0 (Windows NT 10.0; Win64; x64) AppleWebKit/537.36 (KHTML, like Gecko) Chrome/114.0.0.0 Safari/537.36"
40.77.167.241 - - [30/Apr/2026:11:02:31 +0300] "GET /online-casinos-to-possess-members-of-nj-into-the-2026/ HTTP/2" 200 0 "-" "Mozilla/5.0 AppleWebKit/537.36 (KHTML, like Gecko; compatible; bingbot/2.0; +http://www.bing.com/bingbot.htm) Chrome/116.0.1938.76 Safari/537.36"
40.77.167.52 - - [30/Apr/2026:11:02:32 +0300] "GET /olg-does-not-have-any-duty-towards-on-the-internet-horse-racing-wagering-platform/ HTTP/2" 200 0 "-" "Mozilla/5.0 AppleWebKit/537.36 (KHTML, like Gecko; compatible; bingbot/2.0; +http://www.bing.com/bingbot.htm) Chrome/116.0.1938.76 Safari/537.36"
40.77.167.6 - - [30/Apr/2026:11:02:33 +0300] "GET /casa-da-gioco-come-ottenere-il-bonus-su-xon-bet-stranieri-bonus-senza-base-pronto-2026/ HTTP/2" 200 0 "-" "Mozilla/5.0 AppleWebKit/537.36 (KHTML, like Gecko; compatible; bingbot/2.0; +http://www.bing.com/bingbot.htm) Chrome/116.0.1938.76 Safari/537.36"
40.77.167.241 - - [30/Apr/2026:11:02:35 +0300] "GET /suchmaschine-fur-songtexte-lieder-lied-finder/ HTTP/2" 200 0 "-" "Mozilla/5.0 AppleWebKit/537.36 (KHTML, like Gecko; compatible; bingbot/2.0; +http://www.bing.com/bingbot.htm) Chrome/116.0.1938.76 Safari/537.36"
40.77.167.6 - - [30/Apr/2026:11:02:41 +0300] "GET /an-irgendeinem-ort-existireren-gentleman-diesseitigen-verde-spielsaal-provision-programmcode-ihr/ HTTP/2" 200 0 "-" "Mozilla/5.0 AppleWebKit/537.36 (KHTML, like Gecko; compatible; bingbot/2.0; +http://www.bing.com/bingbot.htm) Chrome/116.0.1938.76 Safari/537.36"
57.128.22.95 - - [30/Apr/2026:11:02:38 +0300] "GET /beste-casino-site-belgie-hoge-inzet/ HTTP/1.1" 200 19264 "-" "Mozilla/5.0 (compatible; Googlebot/2.1; +http://www.google.com/bot.html)"
107.152.46.252 - - [30/Apr/2026:11:02:41 +0300] "GET /zotabet-casino-bonus-premier-depot-2026/ HTTP/1.1" 200 19136 "https://serhatburke.miroglu.net/" "Mozilla/5.0 (Windows NT 10.0) AppleWebKit/537.36 (KHTML, like Gecko) Chrome/114.0.0.0 Safari/537.36"
38.246.32.195 - - [30/Apr/2026:11:03:04 +0300] "POST /xmlrpc.php HTTP/1.1" 200 10150 "-" "Mozilla/5.0 (Windows NT 10.0; Win64; x64) AppleWebKit/537.36 (KHTML, like Gecko) Chrome/114.0.0.0 Safari/537.36"
185.216.113.70 - - [30/Apr/2026:11:04:03 +0300] "POST /wp-cron.php?doing_wp_cron=1777536243.8490409851074218750000 HTTP/1.1" 200 448 "-" "WordPress/6.3.8; https://serhatburke.miroglu.net"
185.216.113.70 - - [30/Apr/2026:11:04:05 +0300] "POST /wp-cron.php?doing_wp_cron=1777536245.5018470287322998046875 HTTP/1.1" 200 448 "-" "WordPress/6.3.8; https://serhatburke.miroglu.net"
107.152.46.252 - - [30/Apr/2026:11:03:34 +0300] "POST /wp-comments-post.php HTTP/1.1" 302 1087 "https://serhatburke.miroglu.net/zotabet-casino-bonus-premier-depot-2026/" "Mozilla/5.0 (Windows NT 10.0) AppleWebKit/537.36 (KHTML, like Gecko) Chrome/114.0.0.0 Safari/537.36"
40.77.167.155 - - [30/Apr/2026:11:03:31 +0300] "GET /kraken-dostup-k-darknetu-i-aktual-nye-ssylki-2026-6/ HTTP/2" 200 18770 "-" "Mozilla/5.0 AppleWebKit/537.36 (KHTML, like Gecko; compatible; bingbot/2.0; +http://www.bing.com/bingbot.htm) Chrome/116.0.1938.76 Safari/537.36"
185.216.113.70 - - [30/Apr/2026:11:04:08 +0300] "POST /wp-cron.php?doing_wp_cron=1777536247.8415849208831787109375 HTTP/1.1" 200 448 "-" "WordPress/6.3.8; https://serhatburke.miroglu.net"
40.77.167.155 - - [30/Apr/2026:11:03:35 +0300] "GET /premio-di-ossequio-casino-aggiornato-casino-online-con-neteller-al-2026/ HTTP/2" 200 19811 "-" "Mozilla/5.0 AppleWebKit/537.36 (KHTML, like Gecko; compatible; bingbot/2.0; +http://www.bing.com/bingbot.htm) Chrome/116.0.1938.76 Safari/537.36"
185.216.113.70 - - [30/Apr/2026:11:04:19 +0300] "POST /wp-cron.php?doing_wp_cron=1777536259.3732340335845947265625 HTTP/1.1" 200 448 "-" "WordPress/6.3.8; https://serhatburke.miroglu.net"
38.246.32.195 - - [30/Apr/2026:11:03:42 +0300] "GET /western-virginia-is-amongst-the-few-says-in-the-us-having-legalized-online-casino-gambling/ HTTP/1.1" 200 74860 "-" "Mozilla/5.0 (Windows NT 10.0; Win64; x64; rv:125.0) Gecko/20100101 Firefox/125.0"
40.77.167.6 - - [30/Apr/2026:11:03:43 +0300] "GET /bonus-rules-promo-codes-and-you-may-coupons-unlock-invisible-advantages-such-as-for-example-totally-free-revolves-reloads-otherwise-cashback-now-offers/ HTTP/2" 200 18059 "-" "Mozilla/5.0 AppleWebKit/537.36 (KHTML, like Gecko; compatible; bingbot/2.0; +http://www.bing.com/bingbot.htm) Chrome/116.0.1938.76 Safari/537.36"
38.246.32.195 - - [30/Apr/2026:11:04:00 +0300] "POST /xmlrpc.php HTTP/1.1" 200 630 "-" "Mozilla/5.0 (Windows NT 10.0; Win64; x64) AppleWebKit/537.36 (KHTML, like Gecko) Chrome/114.0.0.0 Safari/537.36"
107.152.46.252 - - [30/Apr/2026:11:04:06 +0300] "GET /zotabet-casino-bonus-premier-depot-2026/?unapproved=946&moderation-hash=ed06f80c8c4b4f4f72033bc4ef5cc8a0 HTTP/1.1" 200 19548 "https://serhatburke.miroglu.net/wp-comments-post.php" "Mozilla/5.0 (Windows NT 10.0) AppleWebKit/537.36 (KHTML, like Gecko) Chrome/114.0.0.0 Safari/537.36"
103.219.169.227 - - [30/Apr/2026:11:04:13 +0300] "POST /xmlrpc.php HTTP/1.1" 200 630 "-" "Mozilla/5.0 (Windows NT 10.0; Win64; x64) AppleWebKit/537.36 (KHTML, like Gecko) Chrome/114.0.0.0 Safari/537.36"
38.246.32.195 - - [30/Apr/2026:11:04:53 +0300] "POST /xmlrpc.php HTTP/1.1" 200 8853 "-" "Mozilla/5.0 (Windows NT 10.0; Win64; x64) AppleWebKit/537.36 (KHTML, like Gecko) Chrome/114.0.0.0 Safari/537.36"
185.216.113.70 - - [30/Apr/2026:11:05:19 +0300] "POST /wp-cron.php?doing_wp_cron=1777536319.8867309093475341796875 HTTP/1.1" 200 448 "-" "WordPress/6.3.8; https://serhatburke.miroglu.net"
107.152.46.252 - - [30/Apr/2026:11:04:54 +0300] "GET /zotabet-casino-bonus-premier-depot-2026/ HTTP/1.1" 200 19103 "-" "Mozilla/5.0 (Windows NT 10.0) AppleWebKit/537.36 (KHTML, like Gecko) Chrome/114.0.0.0 Safari/537.36"
103.219.169.227 - - [30/Apr/2026:11:05:03 +0300] "POST /xmlrpc.php HTTP/1.1" 200 14222 "-" "Mozilla/5.0 (Windows NT 10.0; Win64; x64) AppleWebKit/537.36 (KHTML, like Gecko) Chrome/114.0.0.0 Safari/537.36"
185.216.113.70 - - [30/Apr/2026:11:05:44 +0300] "POST /wp-cron.php?doing_wp_cron=1777536344.1920731067657470703125 HTTP/1.1" 200 448 "-" "WordPress/6.3.8; https://serhatburke.miroglu.net"
38.246.32.195 - - [30/Apr/2026:11:05:19 +0300] "GET /subscribe-a-leading-real-cash-casino-within-the-saudi-arabia-today/ HTTP/1.1" 200 72944 "-" "Mozilla/5.0 (Windows NT 10.0; Win64; x64) AppleWebKit/537.36 (KHTML, like Gecko) Chrome/124.0.0.0 Safari/537.36"
38.246.32.195 - - [30/Apr/2026:11:05:20 +0300] "POST /xmlrpc.php HTTP/1.1" 200 630 "-" "Mozilla/5.0 (Windows NT 10.0; Win64; x64) AppleWebKit/537.36 (KHTML, like Gecko) Chrome/114.0.0.0 Safari/537.36"
103.219.169.227 - - [30/Apr/2026:11:05:31 +0300] "GET /pharaohs-chance-instant-classic-platinum-pyramid-online-slot-win-video-game-go-for-online/ HTTP/1.1" 200 78698 "-" "Mozilla/5.0 (Windows NT 10.0; Win64; x64; rv:124.0) Gecko/20100101 Firefox/124.0"
84.200.80.218 - - [30/Apr/2026:11:05:48 +0300] "GET /ugwin288-casino-alternatif-terpercaya-dengan/ HTTP/1.1" 200 108516 "-" "Screaming Frog SEO Spider/18.1"
38.246.32.195 - - [30/Apr/2026:11:05:54 +0300] "POST /xmlrpc.php HTTP/1.1" 200 9349 "-" "Mozilla/5.0 (Windows NT 10.0; Win64; x64) AppleWebKit/537.36 (KHTML, like Gecko) Chrome/114.0.0.0 Safari/537.36"
185.216.113.70 - - [30/Apr/2026:11:07:14 +0300] "POST /wp-cron.php?doing_wp_cron=1777536433.8613409996032714843750 HTTP/1.1" 200 448 "-" "WordPress/6.3.8; https://serhatburke.miroglu.net"
38.246.32.195 - - [30/Apr/2026:11:06:27 +0300] "POST /xmlrpc.php HTTP/1.1" 200 630 "-" "Mozilla/5.0 (Windows NT 10.0; Win64; x64) AppleWebKit/537.36 (KHTML, like Gecko) Chrome/114.0.0.0 Safari/537.36"
165.231.98.175 - - [30/Apr/2026:11:06:36 +0300] "GET /beste-casino-site-belgie-hoge-inzet/ HTTP/1.1" 200 19352 "-" "Mozilla/5.0 (compatible; Googlebot/2.1; +http://www.google.com/bot.html)"
38.246.32.195 - - [30/Apr/2026:11:06:37 +0300] "GET /it-extreme-boost-enables-you-to-mention-the-detailed-library-away-from-position-games-which-have-a-hefty-harmony/ HTTP/1.1" 200 74562 "-" "Mozilla/5.0 (Windows NT 10.0; Win64; x64; rv:124.0) Gecko/20100101 Firefox/124.0"
216.73.217.81 - - [30/Apr/2026:11:06:45 +0300] "GET /robots.txt HTTP/2" 200 110 "-" "Mozilla/5.0 AppleWebKit/537.36 (KHTML, like Gecko; compatible; ClaudeBot/1.0; +claudebot@anthropic.com)"
216.73.217.81 - - [30/Apr/2026:11:07:29 +0300] "GET /sitemap.rss HTTP/2" 200 0 "-" "Mozilla/5.0 AppleWebKit/537.36 (KHTML, like Gecko; compatible; ClaudeBot/1.0; +claudebot@anthropic.com)"
38.246.32.195 - - [30/Apr/2026:11:07:21 +0300] "POST /xmlrpc.php HTTP/1.1" 200 8413 "-" "Mozilla/5.0 (Windows NT 10.0; Win64; x64) AppleWebKit/537.36 (KHTML, like Gecko) Chrome/114.0.0.0 Safari/537.36"
103.219.169.227 - - [30/Apr/2026:11:07:57 +0300] "POST /xmlrpc.php HTTP/1.1" 200 630 "-" "Mozilla/5.0 (Windows NT 10.0; Win64; x64) AppleWebKit/537.36 (KHTML, like Gecko) Chrome/114.0.0.0 Safari/537.36"
38.246.32.195 - - [30/Apr/2026:11:08:01 +0300] "GET /the-theory-is-because-they-make-you-a-no-cost-processor-chip-to-own-getting-into-towards-the-motion-on-the-given-game/ HTTP/1.1" 200 73612 "-" "Mozilla/5.0 (Windows NT 10.0; Win64; x64) AppleWebKit/537.36 (KHTML, like Gecko) Chrome/123.0.0.0 Safari/537.36"
185.216.113.70 - - [30/Apr/2026:11:08:47 +0300] "POST /wp-cron.php?doing_wp_cron=1777536527.5613589286804199218750 HTTP/1.1" 200 448 "-" "WordPress/6.3.8; https://serhatburke.miroglu.net"
38.246.32.195 - - [30/Apr/2026:11:08:09 +0300] "POST /xmlrpc.php HTTP/1.1" 200 630 "-" "Mozilla/5.0 (Windows NT 10.0; Win64; x64) AppleWebKit/537.36 (KHTML, like Gecko) Chrome/114.0.0.0 Safari/537.36"
216.73.217.81 - - [30/Apr/2026:11:09:18 +0300] "GET /sitemap.xml HTTP/2" 200 0 "-" "Mozilla/5.0 AppleWebKit/537.36 (KHTML, like Gecko; compatible; ClaudeBot/1.0; +claudebot@anthropic.com)"
107.152.46.252 - - [30/Apr/2026:11:08:28 +0300] "GET /zotabet-casino-bonus-premier-depot-2026/ HTTP/1.1" 200 19103 "-" "Mozilla/5.0 (X11; Linux i686; rv:114.0) Gecko/20100101 Firefox/114.0"
52.167.144.224 - - [30/Apr/2026:11:08:41 +0300] "GET /get-extra-turn-your-fortune-casino-shelter-solutions/ HTTP/2" 200 0 "-" "Mozilla/5.0 AppleWebKit/537.36 (KHTML, like Gecko; compatible; bingbot/2.0; +http://www.bing.com/bingbot.htm) Chrome/116.0.1938.76 Safari/537.36"
40.77.167.155 - - [30/Apr/2026:11:08:42 +0300] "GET /den-ultimative-marathonbet-jelentkezesi-iranyelvek-opsaetning-bonusmatematik-og-fejlfinding/ HTTP/2" 200 0 "-" "Mozilla/5.0 AppleWebKit/537.36 (KHTML, like Gecko; compatible; bingbot/2.0; +http://www.bing.com/bingbot.htm) Chrome/116.0.1938.76 Safari/537.36"
40.77.167.52 - - [30/Apr/2026:11:08:42 +0300] "GET /riguardo-a-finaria-aggiorniamo-sempre-le-nostre-liste-per-assicurarti-costantemente-volte-bonus-senza-intricato-con-laggiunta-di-convenienti/ HTTP/2" 200 0 "-" "Mozilla/5.0 AppleWebKit/537.36 (KHTML, like Gecko; compatible; bingbot/2.0; +http://www.bing.com/bingbot.htm) Chrome/116.0.1938.76 Safari/537.36"
40.77.167.52 - - [30/Apr/2026:11:08:46 +0300] "GET /gamble-high-blue-slot-100-percent-free-revolves-casino-platinum-play-100-free-spins-no-deposit-welcome-added-bonus/ HTTP/2" 200 0 "-" "Mozilla/5.0 AppleWebKit/537.36 (KHTML, like Gecko; compatible; bingbot/2.0; +http://www.bing.com/bingbot.htm) Chrome/116.0.1938.76 Safari/537.36"
40.77.167.155 - - [30/Apr/2026:11:08:52 +0300] "GET /kraken-bezopasnoe-pogruzhenie-v-darknet-2026/ HTTP/2" 200 0 "-" "Mozilla/5.0 AppleWebKit/537.36 (KHTML, like Gecko; compatible; bingbot/2.0; +http://www.bing.com/bingbot.htm) Chrome/116.0.1938.76 Safari/537.36"
40.77.167.155 - - [30/Apr/2026:11:08:57 +0300] "GET /established-in-2018-hacksaw-playing-was-a-greatest-solutions-that-have-players-in-the-web-based-casinos-inside-2026/ HTTP/2" 200 0 "-" "Mozilla/5.0 AppleWebKit/537.36 (KHTML, like Gecko; compatible; bingbot/2.0; +http://www.bing.com/bingbot.htm) Chrome/116.0.1938.76 Safari/537.36"
103.219.169.227 - - [30/Apr/2026:11:08:37 +0300] "POST /xmlrpc.php HTTP/1.1" 200 13849 "-" "Mozilla/5.0 (Windows NT 10.0; Win64; x64) AppleWebKit/537.36 (KHTML, like Gecko) Chrome/114.0.0.0 Safari/537.36"
185.216.113.70 - - [30/Apr/2026:11:09:54 +0300] "POST /wp-cron.php?doing_wp_cron=1777536594.1651749610900878906250 HTTP/1.1" 200 448 "-" "WordPress/6.3.8; https://serhatburke.miroglu.net"
185.216.113.70 - - [30/Apr/2026:11:10:07 +0300] "POST /wp-cron.php?doing_wp_cron=1777536607.1460649967193603515625 HTTP/1.1" 200 448 "-" "WordPress/6.3.8; https://serhatburke.miroglu.net"
185.216.113.70 - - [30/Apr/2026:11:10:09 +0300] "POST /wp-cron.php?doing_wp_cron=1777536609.2377800941467285156250 HTTP/1.1" 200 448 "-" "WordPress/6.3.8; https://serhatburke.miroglu.net"
38.246.32.195 - - [30/Apr/2026:11:08:55 +0300] "POST /xmlrpc.php HTTP/1.1" 200 9048 "-" "Mozilla/5.0 (Windows NT 10.0; Win64; x64) AppleWebKit/537.36 (KHTML, like Gecko) Chrome/114.0.0.0 Safari/537.36"
185.216.113.70 - - [30/Apr/2026:11:10:25 +0300] "POST /wp-cron.php?doing_wp_cron=1777536625.7519810199737548828125 HTTP/1.1" 200 448 "-" "WordPress/6.3.8; https://serhatburke.miroglu.net"
38.246.32.195 - - [30/Apr/2026:11:09:16 +0300] "POST /xmlrpc.php HTTP/1.1" 200 630 "-" "Mozilla/5.0 (Windows NT 10.0; Win64; x64) AppleWebKit/537.36 (KHTML, like Gecko) Chrome/114.0.0.0 Safari/537.36"
172.93.215.204 - - [30/Apr/2026:11:10:02 +0300] "GET /novoline-casino-codice-bonus-registrazione/ HTTP/1.1" 200 0 "-" "Mozilla/5.0 (compatible; Googlebot/2.1; +http://www.google.com/bot.html)"
40.77.167.155 - - [30/Apr/2026:11:09:53 +0300] "GET /goldilocks-and-the-wild-contains-slot-comment-quickspin-hot-or-perhaps-not/ HTTP/2" 200 0 "-" "Mozilla/5.0 AppleWebKit/537.36 (KHTML, like Gecko; compatible; bingbot/2.0; +http://www.bing.com/bingbot.htm) Chrome/116.0.1938.76 Safari/537.36"
185.216.113.70 - - [30/Apr/2026:11:10:57 +0300] "POST /wp-cron.php?doing_wp_cron=1777536657.0633199214935302734375 HTTP/1.1" 200 448 "-" "WordPress/6.3.8; https://serhatburke.miroglu.net"
103.219.169.227 - - [30/Apr/2026:11:09:49 +0300] "GET /free-pharaohs-chance-harbors-video-best-pokie-machines-game-no-download-html5-pharaoh-slots/ HTTP/1.1" 200 78651 "-" "Mozilla/5.0 (Windows NT 10.0; rv:125.0) Gecko/20100101 Firefox/125.0"
185.216.113.70 - - [30/Apr/2026:11:11:18 +0300] "POST /wp-cron.php?doing_wp_cron=1777536678.7106640338897705078125 HTTP/1.1" 200 448 "-" "WordPress/6.3.8; https://serhatburke.miroglu.net"
175.100.59.1 - - [30/Apr/2026:11:10:39 +0300] "GET /beste-casino-site-belgie-hoge-inzet/ HTTP/1.1" 200 0 "https://serhatburke.miroglu.net/" "Mozilla/5.0 (Macintosh; Intel Mac OS X 10_15_7) AppleWebKit/537.36 (KHTML, like Gecko) Chrome/146.0.0.0 Safari/537.36 Edg/146.0.0.0"
185.216.113.70 - - [30/Apr/2026:11:11:21 +0300] "POST /wp-cron.php?doing_wp_cron=1777536681.8657860755920410156250 HTTP/1.1" 200 448 "-" "WordPress/6.3.8; https://serhatburke.miroglu.net"
185.216.113.70 - - [30/Apr/2026:11:11:25 +0300] "POST /wp-cron.php?doing_wp_cron=1777536685.1910181045532226562500 HTTP/1.1" 200 448 "-" "WordPress/6.3.8; https://serhatburke.miroglu.net"
38.246.32.195 - - [30/Apr/2026:11:10:13 +0300] "POST /xmlrpc.php HTTP/1.1" 200 630 "-" "Mozilla/5.0 (Windows NT 10.0; Win64; x64) AppleWebKit/537.36 (KHTML, like Gecko) Chrome/114.0.0.0 Safari/537.36"
38.246.32.195 - - [30/Apr/2026:11:10:10 +0300] "GET /north-carolina-web-based-casinos-publication-ideal-gambling-enterprise-sites-programs-inside-the-nc/ HTTP/1.1" 200 73980 "-" "Mozilla/5.0 (Windows NT 10.0; Win64; x64) AppleWebKit/537.36 (KHTML, like Gecko) Chrome/124.0.0.0 Safari/537.36"
57.128.22.95 - - [30/Apr/2026:11:10:27 +0300] "GET /35849-2/ HTTP/1.1" 200 0 "-" "Mozilla/5.0 (compatible; Googlebot/2.1; +http://www.google.com/bot.html)"
185.216.113.70 - - [30/Apr/2026:11:11:33 +0300] "POST /wp-cron.php?doing_wp_cron=1777536693.3595640659332275390625 HTTP/1.1" 200 448 "-" "WordPress/6.3.8; https://serhatburke.miroglu.net"
185.216.113.70 - - [30/Apr/2026:11:11:36 +0300] "POST /wp-cron.php?doing_wp_cron=1777536696.3377370834350585937500 HTTP/1.1" 200 448 "-" "WordPress/6.3.8; https://serhatburke.miroglu.net"
38.246.32.195 - - [30/Apr/2026:11:10:32 +0300] "POST /xmlrpc.php HTTP/1.1" 200 8807 "-" "Mozilla/5.0 (Windows NT 10.0; Win64; x64) AppleWebKit/537.36 (KHTML, like Gecko) Chrome/114.0.0.0 Safari/537.36"
185.216.113.70 - - [30/Apr/2026:11:12:12 +0300] "POST /wp-cron.php?doing_wp_cron=1777536732.1578609943389892578125 HTTP/1.1" 200 448 "-" "WordPress/6.3.8; https://serhatburke.miroglu.net"
196.244.71.222 - - [30/Apr/2026:11:11:07 +0300] "GET /35849-2/ HTTP/1.1" 200 18444 "https://serhatburke.miroglu.net/" "Mozilla/5.0 (X11; Ubuntu; Linux x86_64; rv:136.0) Gecko/20100101 Firefox/136.0"
196.244.71.222 - - [30/Apr/2026:11:12:17 +0300] "GET /wp-includes/css/dist/block-library/style.min.css?ver=6.3.8 HTTP/1.1" 200 13578 "https://serhatburke.miroglu.net/35849-2/" "Mozilla/5.0 (Windows NT 10.0; Win64; x64) AppleWebKit/537.36 (KHTML, like Gecko) Chrome/145.0.0.0 Safari/537.36"
196.244.71.222 - - [30/Apr/2026:11:12:20 +0300] "GET /wp-content/plugins/contact-form-7/includes/css/styles.css?ver=5.8 HTTP/1.1" 200 1490 "https://serhatburke.miroglu.net/35849-2/" "Mozilla/5.0 (Windows NT 10.0; Win64; x64) AppleWebKit/537.36 (KHTML, like Gecko) Chrome/145.0.0.0 Safari/537.36"
196.244.71.222 - - [30/Apr/2026:11:12:23 +0300] "GET /wp-content/themes/toppic/css/fontello.css?ver=4.2 HTTP/1.1" 200 1802 "https://serhatburke.miroglu.net/35849-2/" "Mozilla/5.0 (Windows NT 10.0; Win64; x64) AppleWebKit/537.36 (KHTML, like Gecko) Chrome/145.0.0.0 Safari/537.36"
196.244.71.222 - - [30/Apr/2026:11:12:25 +0300] "GET /wp-content/themes/toppic/css/reset.css?ver=4.2 HTTP/1.1" 200 1178 "https://serhatburke.miroglu.net/35849-2/" "Mozilla/5.0 (Windows NT 10.0; Win64; x64) AppleWebKit/537.36 (KHTML, like Gecko) Chrome/145.0.0.0 Safari/537.36"
196.244.71.222 - - [30/Apr/2026:11:12:27 +0300] "GET /wp-content/themes/toppic/css/default.css?ver=4.2 HTTP/1.1" 200 1811 "https://serhatburke.miroglu.net/35849-2/" "Mozilla/5.0 (Windows NT 10.0; Win64; x64) AppleWebKit/537.36 (KHTML, like Gecko) Chrome/145.0.0.0 Safari/537.36"
196.244.71.222 - - [30/Apr/2026:11:12:30 +0300] "GET /wp-content/themes/toppic/style.css?ver=4.2 HTTP/1.1" 200 23398 "https://serhatburke.miroglu.net/35849-2/" "Mozilla/5.0 (Windows NT 10.0; Win64; x64) AppleWebKit/537.36 (KHTML, like Gecko) Chrome/145.0.0.0 Safari/537.36"
185.216.113.70 - - [30/Apr/2026:11:12:31 +0300] "POST /wp-cron.php?doing_wp_cron=1777536751.3586471080780029296875 HTTP/1.1" 200 448 "-" "WordPress/6.3.8; https://serhatburke.miroglu.net"
38.246.32.195 - - [30/Apr/2026:11:11:26 +0300] "POST /xmlrpc.php HTTP/1.1" 200 630 "-" "Mozilla/5.0 (Windows NT 10.0; Win64; x64) AppleWebKit/537.36 (KHTML, like Gecko) Chrome/114.0.0.0 Safari/537.36"
196.244.71.222 - - [30/Apr/2026:11:12:34 +0300] "GET /wp-content/themes/toppic/css/royalslider.css?ver=4.2 HTTP/1.1" 200 1887 "https://serhatburke.miroglu.net/35849-2/" "Mozilla/5.0 (Windows NT 10.0; Win64; x64) AppleWebKit/537.36 (KHTML, like Gecko) Chrome/145.0.0.0 Safari/537.36"
185.216.113.70 - - [30/Apr/2026:11:12:35 +0300] "POST /wp-cron.php?doing_wp_cron=1777536755.0529439449310302734375 HTTP/1.1" 200 448 "-" "WordPress/6.3.8; https://serhatburke.miroglu.net"
38.246.32.195 - - [30/Apr/2026:11:11:31 +0300] "POST /xmlrpc.php HTTP/1.1" 200 8317 "-" "Mozilla/5.0 (Windows NT 10.0; Win64; x64) AppleWebKit/537.36 (KHTML, like Gecko) Chrome/114.0.0.0 Safari/537.36"
185.216.113.70 - - [30/Apr/2026:11:12:36 +0300] "POST /wp-cron.php?doing_wp_cron=1777536756.8591480255126953125000 HTTP/1.1" 200 448 "-" "WordPress/6.3.8; https://serhatburke.miroglu.net"
196.244.71.222 - - [30/Apr/2026:11:12:36 +0300] "GET /wp-content/themes/toppic/css/rs-default.css?ver=4.2 HTTP/1.1" 200 2625 "https://serhatburke.miroglu.net/35849-2/" "Mozilla/5.0 (Windows NT 10.0; Win64; x64) AppleWebKit/537.36 (KHTML, like Gecko) Chrome/145.0.0.0 Safari/537.36"
103.219.169.227 - - [30/Apr/2026:11:11:30 +0300] "POST /xmlrpc.php HTTP/1.1" 200 630 "-" "Mozilla/5.0 (Windows NT 10.0; Win64; x64) AppleWebKit/537.36 (KHTML, like Gecko) Chrome/114.0.0.0 Safari/537.36"
196.244.71.222 - - [30/Apr/2026:11:12:39 +0300] "GET /wp-content/themes/toppic/css/lightbox.css?ver=4.2 HTTP/1.1" 200 2956 "https://serhatburke.miroglu.net/35849-2/" "Mozilla/5.0 (Windows NT 10.0; Win64; x64) AppleWebKit/537.36 (KHTML, like Gecko) Chrome/145.0.0.0 Safari/537.36"
196.244.71.222 - - [30/Apr/2026:11:12:41 +0300] "GET /wp-content/themes/toppic/css/woocommerce.css?ver=4.2 HTTP/1.1" 200 2848 "https://serhatburke.miroglu.net/35849-2/" "Mozilla/5.0 (Windows NT 10.0; Win64; x64) AppleWebKit/537.36 (KHTML, like Gecko) Chrome/145.0.0.0 Safari/537.36"
196.244.71.222 - - [30/Apr/2026:11:12:44 +0300] "GET /wp-content/themes/toppic/css/responsive.css?ver=4.2 HTTP/1.1" 200 2796 "https://serhatburke.miroglu.net/35849-2/" "Mozilla/5.0 (Windows NT 10.0; Win64; x64) AppleWebKit/537.36 (KHTML, like Gecko) Chrome/145.0.0.0 Safari/537.36"
185.216.113.70 - - [30/Apr/2026:11:12:46 +0300] "POST /wp-cron.php?doing_wp_cron=1777536766.6020081043243408203125 HTTP/1.1" 200 448 "-" "WordPress/6.3.8; https://serhatburke.miroglu.net"
38.246.32.195 - - [30/Apr/2026:11:11:37 +0300] "GET /the-latest-rockingham-state-gambling-enterprise-nash-state-lumbee-group-and-you-will-anson-condition-gambling-enterprises-were-to-tend-to-be-dinner-accommodations-and-stores/ HTTP/1.1" 200 75994 "-" "Mozilla/5.0 (Windows NT 10.0; Win64; x64) AppleWebKit/537.36 (KHTML, like Gecko) Chrome/123.0.0.0 Safari/537.36"
185.216.113.70 - - [30/Apr/2026:11:13:35 +0300] "POST /wp-cron.php?doing_wp_cron=1777536815.2587189674377441406250 HTTP/1.1" 200 448 "-" "WordPress/6.3.8; https://serhatburke.miroglu.net"
38.246.32.195 - - [30/Apr/2026:11:12:26 +0300] "POST /xmlrpc.php HTTP/1.1" 200 630 "-" "Mozilla/5.0 (Windows NT 10.0; Win64; x64) AppleWebKit/537.36 (KHTML, like Gecko) Chrome/114.0.0.0 Safari/537.36"
185.216.113.70 - - [30/Apr/2026:11:13:45 +0300] "POST /wp-cron.php?doing_wp_cron=1777536825.4718339443206787109375 HTTP/1.1" 200 448 "-" "WordPress/6.3.8; https://serhatburke.miroglu.net"
38.246.32.195 - - [30/Apr/2026:11:12:41 +0300] "GET /the-report-on-what-the-best-sweepstakes-casinos-have-to-give-in-2026/ HTTP/1.1" 200 72493 "-" "Mozilla/5.0 (Windows NT 10.0; Win64; x64) AppleWebKit/537.36 (KHTML, like Gecko) Chrome/122.0.0.0 Safari/537.36"
185.216.113.70 - - [30/Apr/2026:11:13:50 +0300] "POST /wp-cron.php?doing_wp_cron=1777536830.4311408996582031250000 HTTP/1.1" 200 448 "-" "WordPress/6.3.8; https://serhatburke.miroglu.net"
38.246.32.195 - - [30/Apr/2026:11:12:41 +0300] "POST /xmlrpc.php HTTP/1.1" 200 9241 "-" "Mozilla/5.0 (Windows NT 10.0; Win64; x64) AppleWebKit/537.36 (KHTML, like Gecko) Chrome/114.0.0.0 Safari/537.36"
185.216.113.70 - - [30/Apr/2026:11:13:51 +0300] "POST /wp-cron.php?doing_wp_cron=1777536831.2755138874053955078125 HTTP/1.1" 200 448 "-" "WordPress/6.3.8; https://serhatburke.miroglu.net"
103.219.169.227 - - [30/Apr/2026:11:12:44 +0300] "POST /xmlrpc.php HTTP/1.1" 200 14799 "-" "Mozilla/5.0 (Windows NT 10.0; Win64; x64) AppleWebKit/537.36 (KHTML, like Gecko) Chrome/114.0.0.0 Safari/537.36"
185.216.113.70 - - [30/Apr/2026:11:13:55 +0300] "POST /wp-cron.php?doing_wp_cron=1777536834.9153170585632324218750 HTTP/1.1" 200 448 "-" "WordPress/6.3.8; https://serhatburke.miroglu.net"
196.244.71.222 - - [30/Apr/2026:11:12:46 +0300] "POST /wp-comments-post.php HTTP/1.1" 302 1055 "https://serhatburke.miroglu.net/35849-2/" "Mozilla/5.0 (X11; Ubuntu; Linux x86_64; rv:136.0) Gecko/20100101 Firefox/136.0"
185.216.113.70 - - [30/Apr/2026:11:14:48 +0300] "POST /wp-cron.php?doing_wp_cron=1777536888.2494919300079345703125 HTTP/1.1" 200 448 "-" "WordPress/6.3.8; https://serhatburke.miroglu.net"
38.246.32.195 - - [30/Apr/2026:11:13:46 +0300] "POST /xmlrpc.php HTTP/1.1" 200 630 "-" "Mozilla/5.0 (Windows NT 10.0; Win64; x64) AppleWebKit/537.36 (KHTML, like Gecko) Chrome/114.0.0.0 Safari/537.36"
185.216.113.70 - - [30/Apr/2026:11:14:49 +0300] "POST /wp-cron.php?doing_wp_cron=1777536889.1558260917663574218750 HTTP/1.1" 200 448 "-" "WordPress/6.3.8; https://serhatburke.miroglu.net"
38.246.32.195 - - [30/Apr/2026:11:13:43 +0300] "POST /xmlrpc.php HTTP/1.1" 200 8950 "-" "Mozilla/5.0 (Windows NT 10.0; Win64; x64) AppleWebKit/537.36 (KHTML, like Gecko) Chrome/114.0.0.0 Safari/537.36"
185.216.113.70 - - [30/Apr/2026:11:14:52 +0300] "POST /wp-cron.php?doing_wp_cron=1777536892.2633750438690185546875 HTTP/1.1" 200 448 "-" "WordPress/6.3.8; https://serhatburke.miroglu.net"
38.246.32.195 - - [30/Apr/2026:11:13:51 +0300] "GET /habits-and-you-may-situation-gaming-can-cause-financial-social-and-you-can-psychological-issues-for-house-holds/ HTTP/1.1" 200 74762 "-" "Mozilla/5.0 (Windows NT 10.0; Win64; x64) AppleWebKit/537.36 (KHTML, like Gecko) Chrome/123.0.0.0 Safari/537.36"
185.216.113.70 - - [30/Apr/2026:11:14:57 +0300] "POST /wp-cron.php?doing_wp_cron=1777536897.2578969001770019531250 HTTP/1.1" 200 448 "-" "WordPress/6.3.8; https://serhatburke.miroglu.net"
103.219.169.227 - - [30/Apr/2026:11:13:53 +0300] "GET /100-percent-free-south-park-slot-jackpot-pharaohs-luck-harbors-game-zero-obtain-html5-pharaoh-slots/ HTTP/1.1" 200 79812 "-" "Mozilla/5.0 (Windows NT 10.0; Win64; x64) AppleWebKit/537.36 (KHTML, like Gecko) Chrome/122.0.0.0 Safari/537.36"
185.216.113.70 - - [30/Apr/2026:11:15:04 +0300] "POST /wp-cron.php?doing_wp_cron=1777536904.3447730541229248046875 HTTP/1.1" 200 448 "-" "WordPress/6.3.8; https://serhatburke.miroglu.net"
196.244.71.222 - - [30/Apr/2026:11:13:58 +0300] "GET /35849-2/?unapproved=947&moderation-hash=61345843933250a31855ab368c3ea87e HTTP/1.1" 200 18731 "https://serhatburke.miroglu.net/wp-comments-post.php" "Mozilla/5.0 (X11; Ubuntu; Linux x86_64; rv:136.0) Gecko/20100101 Firefox/136.0"
185.216.113.70 - - [30/Apr/2026:11:15:48 +0300] "POST /wp-cron.php?doing_wp_cron=1777536948.2411489486694335937500 HTTP/1.1" 200 448 "-" "WordPress/6.3.8; https://serhatburke.miroglu.net"
38.246.32.195 - - [30/Apr/2026:11:14:47 +0300] "POST /xmlrpc.php HTTP/1.1" 200 630 "-" "Mozilla/5.0 (Windows NT 10.0; Win64; x64) AppleWebKit/537.36 (KHTML, like Gecko) Chrome/114.0.0.0 Safari/537.36"
185.216.113.70 - - [30/Apr/2026:11:15:54 +0300] "POST /wp-cron.php?doing_wp_cron=1777536954.3529250621795654296875 HTTP/1.1" 200 448 "-" "WordPress/6.3.8; https://serhatburke.miroglu.net"
38.246.32.195 - - [30/Apr/2026:11:14:51 +0300] "GET /finest-gambling-establishment-on-line-during-the-ireland-%EF%BF%BD-the-help-guide-to-the-top-ranked-playing-web-sites/ HTTP/1.1" 200 74330 "-" "Mozilla/5.0 (Windows NT 10.0; Win64; x64) AppleWebKit/537.36 (KHTML, like Gecko) Chrome/123.0.0.0 Safari/537.36 OPR/109.0.0.0"
185.216.113.70 - - [30/Apr/2026:11:15:59 +0300] "POST /wp-cron.php?doing_wp_cron=1777536959.6666619777679443359375 HTTP/1.1" 200 448 "-" "WordPress/6.3.8; https://serhatburke.miroglu.net"
38.246.32.195 - - [30/Apr/2026:11:14:56 +0300] "POST /xmlrpc.php HTTP/1.1" 200 9411 "-" "Mozilla/5.0 (Windows NT 10.0; Win64; x64) AppleWebKit/537.36 (KHTML, like Gecko) Chrome/114.0.0.0 Safari/537.36"
185.216.113.70 - - [30/Apr/2026:11:16:08 +0300] "POST /wp-cron.php?doing_wp_cron=1777536968.1619660854339599609375 HTTP/1.1" 200 448 "-" "WordPress/6.3.8; https://serhatburke.miroglu.net"
196.244.71.222 - - [30/Apr/2026:11:15:09 +0300] "GET /35849-2/ HTTP/1.1" 200 18377 "-" "Mozilla/5.0 (compatible; Googlebot/2.1; +http://www.google.com/bot.html)"
185.216.113.70 - - [30/Apr/2026:11:16:40 +0300] "POST /wp-cron.php?doing_wp_cron=1777537000.0376639366149902343750 HTTP/1.1" 200 448 "-" "WordPress/6.3.8; https://serhatburke.miroglu.net"
38.246.32.195 - - [30/Apr/2026:11:15:45 +0300] "POST /xmlrpc.php HTTP/1.1" 200 630 "-" "Mozilla/5.0 (Windows NT 10.0; Win64; x64) AppleWebKit/537.36 (KHTML, like Gecko) Chrome/114.0.0.0 Safari/537.36"
176.98.31.43 - - [30/Apr/2026:11:16:13 +0300] "POST /xmlrpc.php HTTP/1.1" 200 0 "-" "Mozilla/5.0 (Windows NT 10.0; WOW64; rv:45.0) Gecko/20100101 Firefox/45.0"
38.246.32.195 - - [30/Apr/2026:11:15:55 +0300] "POST /xmlrpc.php HTTP/1.1" 200 9136 "-" "Mozilla/5.0 (Windows NT 10.0; Win64; x64) AppleWebKit/537.36 (KHTML, like Gecko) Chrome/114.0.0.0 Safari/537.36"
185.216.113.70 - - [30/Apr/2026:11:17:14 +0300] "POST /wp-cron.php?doing_wp_cron=1777537034.5586230754852294921875 HTTP/1.1" 200 448 "-" "WordPress/6.3.8; https://serhatburke.miroglu.net"
176.98.31.43 - - [30/Apr/2026:11:16:44 +0300] "GET /xmlrpc.php HTTP/1.1" 200 0 "-" "Mozilla/5.0 (Windows NT 10.0; WOW64; rv:45.0) Gecko/20100101 Firefox/45.0"
38.246.32.195 - - [30/Apr/2026:11:16:01 +0300] "GET /information-strategies-for-maximising-the-efficiency-at-the-offshore-casinos/ HTTP/1.1" 200 73769 "-" "Mozilla/5.0 (Windows NT 10.0; Win64; x64) AppleWebKit/537.36 (KHTML, like Gecko) Chrome/123.0.0.0 Safari/537.36"
185.216.113.70 - - [30/Apr/2026:11:17:26 +0300] "POST /wp-cron.php?doing_wp_cron=1777537045.8675599098205566406250 HTTP/1.1" 200 448 "-" "WordPress/6.3.8; https://serhatburke.miroglu.net"
185.216.113.70 - - [30/Apr/2026:11:18:15 +0300] "POST /wp-cron.php?doing_wp_cron=1777537095.2439789772033691406250 HTTP/1.1" 200 448 "-" "WordPress/6.3.8; https://serhatburke.miroglu.net"
38.246.32.195 - - [30/Apr/2026:11:16:38 +0300] "POST /xmlrpc.php HTTP/1.1" 200 630 "-" "Mozilla/5.0 (Windows NT 10.0; Win64; x64) AppleWebKit/537.36 (KHTML, like Gecko) Chrome/114.0.0.0 Safari/537.36"
185.216.113.70 - - [30/Apr/2026:11:18:29 +0300] "POST /wp-cron.php?doing_wp_cron=1777537109.0480539798736572265625 HTTP/1.1" 200 448 "-" "WordPress/6.3.8; https://serhatburke.miroglu.net"
185.216.113.70 - - [30/Apr/2026:11:18:29 +0300] "POST /wp-cron.php?doing_wp_cron=1777537109.1626589298248291015625 HTTP/1.1" 200 448 "-" "WordPress/6.3.8; https://serhatburke.miroglu.net"
38.246.32.195 - - [30/Apr/2026:11:16:46 +0300] "POST /xmlrpc.php HTTP/1.1" 200 8464 "-" "Mozilla/5.0 (Windows NT 10.0; Win64; x64) AppleWebKit/537.36 (KHTML, like Gecko) Chrome/114.0.0.0 Safari/537.36"
185.216.113.70 - - [30/Apr/2026:11:18:29 +0300] "POST /wp-cron.php?doing_wp_cron=1777537109.6482710838317871093750 HTTP/1.1" 200 448 "-" "WordPress/6.3.8; https://serhatburke.miroglu.net"
38.246.32.195 - - [30/Apr/2026:11:16:46 +0300] "GET /best-sites-to-experience-on-the-internet-black-jack-when-you-look-at-the-wv-%EF%BF%BD-listing/ HTTP/1.1" 200 73885 "-" "Mozilla/5.0 (Windows NT 10.0; Win64; x64) AppleWebKit/537.36 (KHTML, like Gecko) Chrome/123.0.0.0 Safari/537.36 OPR/109.0.0.0"
57.128.22.95 - - [30/Apr/2026:11:18:04 +0300] "GET /automaty-hazard-online/ HTTP/1.1" 200 0 "-" "Mozilla/5.0 (compatible; Googlebot/2.1; +http://www.google.com/bot.html)"
185.216.113.70 - - [30/Apr/2026:11:19:19 +0300] "POST /wp-cron.php?doing_wp_cron=1777537159.6634008884429931640625 HTTP/1.1" 200 448 "-" "WordPress/6.3.8; https://serhatburke.miroglu.net"
38.246.32.195 - - [30/Apr/2026:11:17:38 +0300] "POST /xmlrpc.php HTTP/1.1" 200 630 "-" "Mozilla/5.0 (Windows NT 10.0; Win64; x64) AppleWebKit/537.36 (KHTML, like Gecko) Chrome/114.0.0.0 Safari/537.36"
216.73.217.81 - - [30/Apr/2026:11:19:36 +0300] "GET /unveiling-fortunecasinouk-promotions-at-drake-casino-a-comprehensive-review-for-uk-players/ HTTP/2" 200 0 "-" "Mozilla/5.0 AppleWebKit/537.36 (KHTML, like Gecko; compatible; ClaudeBot/1.0; +claudebot@anthropic.com)"
185.216.113.70 - - [30/Apr/2026:11:19:48 +0300] "POST /wp-cron.php?doing_wp_cron=1777537188.0387010574340820312500 HTTP/1.1" 200 448 "-" "WordPress/6.3.8; https://serhatburke.miroglu.net"
216.73.217.81 - - [30/Apr/2026:11:19:45 +0300] "GET /chumba-casino-uk-review-your-gateway-to-exciting-online-gaming/ HTTP/2" 200 0 "-" "Mozilla/5.0 AppleWebKit/537.36 (KHTML, like Gecko; compatible; ClaudeBot/1.0; +claudebot@anthropic.com)"
185.216.113.70 - - [30/Apr/2026:11:20:03 +0300] "POST /wp-cron.php?doing_wp_cron=1777537203.0301289558410644531250 HTTP/1.1" 200 448 "-" "WordPress/6.3.8; https://serhatburke.miroglu.net"
38.246.32.195 - - [30/Apr/2026:11:18:15 +0300] "POST /xmlrpc.php HTTP/1.1" 500 1102 "-" "Mozilla/5.0 (Windows NT 10.0; Win64; x64) AppleWebKit/537.36 (KHTML, like Gecko) Chrome/114.0.0.0 Safari/537.36"
185.216.113.70 - - [30/Apr/2026:11:20:12 +0300] "POST /wp-cron.php?doing_wp_cron=1777537211.8579990863800048828125 HTTP/1.1" 200 448 "-" "WordPress/6.3.8; https://serhatburke.miroglu.net"
38.246.32.195 - - [30/Apr/2026:11:18:27 +0300] "POST /xmlrpc.php HTTP/1.1" 200 630 "-" "Mozilla/5.0 (Windows NT 10.0; Win64; x64) AppleWebKit/537.36 (KHTML, like Gecko) Chrome/114.0.0.0 Safari/537.36"
185.216.113.70 - - [30/Apr/2026:11:20:18 +0300] "POST /wp-cron.php?doing_wp_cron=1777537218.8502109050750732421875 HTTP/1.1" 200 448 "-" "WordPress/6.3.8; https://serhatburke.miroglu.net"
38.246.32.195 - - [30/Apr/2026:11:18:27 +0300] "POST /xmlrpc.php HTTP/1.1" 200 627 "-" "Mozilla/5.0 (Windows NT 10.0; Win64; x64) AppleWebKit/537.36 (KHTML, like Gecko) Chrome/114.0.0.0 Safari/537.36"
185.216.113.70 - - [30/Apr/2026:11:20:20 +0300] "POST /wp-cron.php?doing_wp_cron=1777537220.8796598911285400390625 HTTP/1.1" 200 448 "-" "WordPress/6.3.8; https://serhatburke.miroglu.net"
38.246.32.195 - - [30/Apr/2026:11:18:33 +0300] "POST /xmlrpc.php HTTP/1.1" 200 8464 "-" "Mozilla/5.0 (Windows NT 10.0; Win64; x64) AppleWebKit/537.36 (KHTML, like Gecko) Chrome/114.0.0.0 Safari/537.36"
185.216.113.70 - - [30/Apr/2026:11:20:53 +0300] "POST /wp-cron.php?doing_wp_cron=1777537253.4424479007720947265625 HTTP/1.1" 200 448 "-" "WordPress/6.3.8; https://serhatburke.miroglu.net"
185.216.113.70 - - [30/Apr/2026:11:20:53 +0300] "POST /wp-cron.php?doing_wp_cron=1777537253.5424718856811523437500 HTTP/1.1" 200 448 "-" "WordPress/6.3.8; https://serhatburke.miroglu.net"
38.246.32.195 - - [30/Apr/2026:11:19:18 +0300] "POST /xmlrpc.php HTTP/1.1" 500 1102 "-" "Mozilla/5.0 (Windows NT 10.0; Win64; x64) AppleWebKit/537.36 (KHTML, like Gecko) Chrome/114.0.0.0 Safari/537.36"
38.246.32.195 - - [30/Apr/2026:11:19:31 +0300] "POST /xmlrpc.php HTTP/1.1" 200 630 "-" "Mozilla/5.0 (Windows NT 10.0; Win64; x64) AppleWebKit/537.36 (KHTML, like Gecko) Chrome/114.0.0.0 Safari/537.36"
185.216.113.70 - - [30/Apr/2026:11:21:22 +0300] "POST /wp-cron.php?doing_wp_cron=1777537281.9492170810699462890625 HTTP/1.1" 200 448 "-" "WordPress/6.3.8; https://serhatburke.miroglu.net"
38.246.32.195 - - [30/Apr/2026:11:20:01 +0300] "POST /xmlrpc.php HTTP/1.1" 200 8671 "-" "Mozilla/5.0 (Windows NT 10.0; Win64; x64) AppleWebKit/537.36 (KHTML, like Gecko) Chrome/114.0.0.0 Safari/537.36"
185.216.113.70 - - [30/Apr/2026:11:21:29 +0300] "POST /wp-cron.php?doing_wp_cron=1777537289.8721699714660644531250 HTTP/1.1" 200 448 "-" "WordPress/6.3.8; https://serhatburke.miroglu.net"
38.246.32.195 - - [30/Apr/2026:11:20:13 +0300] "GET /?p=145778 HTTP/1.1" 301 720 "-" "Mozilla/5.0 (Windows NT 10.0; Win64; x64) AppleWebKit/537.36 (KHTML, like Gecko) Chrome/124.0.0.0 Safari/537.36"
185.216.113.70 - - [30/Apr/2026:11:21:47 +0300] "POST /wp-cron.php?doing_wp_cron=1777537307.3538229465484619140625 HTTP/1.1" 200 448 "-" "WordPress/6.3.8; https://serhatburke.miroglu.net"
38.246.32.195 - - [30/Apr/2026:11:20:10 +0300] "POST /xmlrpc.php HTTP/1.1" 500 1102 "-" "Mozilla/5.0 (Windows NT 10.0; Win64; x64) AppleWebKit/537.36 (KHTML, like Gecko) Chrome/114.0.0.0 Safari/537.36"
185.216.113.70 - - [30/Apr/2026:11:22:13 +0300] "POST /wp-cron.php?doing_wp_cron=1777537333.2600169181823730468750 HTTP/1.1" 200 448 "-" "WordPress/6.3.8; https://serhatburke.miroglu.net"
38.246.32.195 - - [30/Apr/2026:11:20:57 +0300] "POST /xmlrpc.php HTTP/1.1" 500 1102 "-" "Mozilla/5.0 (Windows NT 10.0; Win64; x64) AppleWebKit/537.36 (KHTML, like Gecko) Chrome/114.0.0.0 Safari/537.36"
185.216.113.70 - - [30/Apr/2026:11:22:18 +0300] "POST /wp-cron.php?doing_wp_cron=1777537338.5824189186096191406250 HTTP/1.1" 200 448 "-" "WordPress/6.3.8; https://serhatburke.miroglu.net"
185.216.113.70 - - [30/Apr/2026:11:22:19 +0300] "POST /wp-cron.php?doing_wp_cron=1777537339.0886769294738769531250 HTTP/1.1" 200 448 "-" "WordPress/6.3.8; https://serhatburke.miroglu.net"
38.246.32.195 - - [30/Apr/2026:11:21:00 +0300] "POST /xmlrpc.php HTTP/1.1" 200 8538 "-" "Mozilla/5.0 (Windows NT 10.0; Win64; x64) AppleWebKit/537.36 (KHTML, like Gecko) Chrome/114.0.0.0 Safari/537.36"
45.84.192.5 - - [30/Apr/2026:11:20:49 +0300] "GET /28563-2/ HTTP/1.1" 200 19315 "-" "Mozilla/5.0 (compatible; Googlebot/2.1; +http://www.google.com/bot.html)"
185.216.113.70 - - [30/Apr/2026:11:22:35 +0300] "POST /wp-cron.php?doing_wp_cron=1777537354.8661749362945556640625 HTTP/1.1" 200 448 "-" "WordPress/6.3.8; https://serhatburke.miroglu.net"
38.246.32.195 - - [30/Apr/2026:11:21:22 +0300] "GET /these-types-of-sources-will-help-you-sit-cutting-edge-while-the-north-dakota-continues-evaluating-brand-new-expansion-regarding-legal-sports-betting/ HTTP/1.1" 200 75462 "-" "Mozilla/5.0 (Windows NT 10.0; Win64; x64) AppleWebKit/537.36 (KHTML, like Gecko) Chrome/123.0.0.0 Safari/537.36 OPR/109.0.0.0"
185.216.113.70 - - [30/Apr/2026:11:22:54 +0300] "POST /wp-cron.php?doing_wp_cron=1777537374.1427710056304931640625 HTTP/1.1" 200 448 "-" "WordPress/6.3.8; https://serhatburke.miroglu.net"
38.246.32.195 - - [30/Apr/2026:11:21:36 +0300] "GET /the-idea-is-that-they-make-you-a-free-of-charge-processor-chip-to-have-getting-back-in-to-the-action-throughout-the-provided-games/ HTTP/1.1" 200 74099 "-" "Mozilla/5.0 (Windows NT 10.0; Win64; x64) AppleWebKit/537.36 (KHTML, like Gecko) Chrome/124.0.0.0 Safari/537.36"
185.216.113.70 - - [30/Apr/2026:11:22:57 +0300] "POST /wp-cron.php?doing_wp_cron=1777537377.1434528827667236328125 HTTP/1.1" 200 448 "-" "WordPress/6.3.8; https://serhatburke.miroglu.net"
165.231.168.71 - - [30/Apr/2026:11:21:49 +0300] "GET /35849-2/ HTTP/1.1" 200 18458 "-" "Mozilla/5.0 (compatible; Googlebot/2.1; +http://www.google.com/bot.html)"
185.216.113.70 - - [30/Apr/2026:11:23:10 +0300] "POST /wp-cron.php?doing_wp_cron=1777537390.4382550716400146484375 HTTP/1.1" 200 448 "-" "WordPress/6.3.8; https://serhatburke.miroglu.net"
38.246.32.195 - - [30/Apr/2026:11:21:53 +0300] "POST /xmlrpc.php HTTP/1.1" 200 8087 "-" "Mozilla/5.0 (Windows NT 10.0; Win64; x64) AppleWebKit/537.36 (KHTML, like Gecko) Chrome/114.0.0.0 Safari/537.36"
185.216.113.70 - - [30/Apr/2026:11:23:17 +0300] "POST /wp-cron.php?doing_wp_cron=1777537397.0544979572296142578125 HTTP/1.1" 200 448 "-" "WordPress/6.3.8; https://serhatburke.miroglu.net"
38.246.32.195 - - [30/Apr/2026:11:21:53 +0300] "POST /xmlrpc.php HTTP/1.1" 200 861 "-" "Mozilla/5.0 (Windows NT 10.0; Win64; x64) AppleWebKit/537.36 (KHTML, like Gecko) Chrome/114.0.0.0 Safari/537.36"
185.216.113.70 - - [30/Apr/2026:11:23:37 +0300] "POST /wp-cron.php?doing_wp_cron=1777537417.4586501121520996093750 HTTP/1.1" 200 448 "-" "WordPress/6.3.8; https://serhatburke.miroglu.net"
38.246.32.195 - - [30/Apr/2026:11:22:20 +0300] "GET /initiate-to-play-at-the-best-web-based-casinos-during-the-france/ HTTP/1.1" 200 73522 "-" "Mozilla/5.0 (Windows NT 10.0; rv:109.0) Gecko/20100101 Firefox/115.0"
38.246.32.195 - - [30/Apr/2026:11:23:14 +0300] "GET /totally-free-revolves-100-free-dollars-%EF%BF%BD-twist-an-educated-reels-from-inside-the-western-virginia-using-totally-free-currency/ HTTP/1.1" 200 74545 "-" "Mozilla/5.0 (Windows NT 10.0; Win64; x64) AppleWebKit/537.36 (KHTML, like Gecko) Chrome/123.0.0.0 Safari/537.36"
185.216.113.70 - - [30/Apr/2026:11:27:39 +0300] "POST /wp-cron.php?doing_wp_cron=1777537658.9315350055694580078125 HTTP/1.1" 200 448 "-" "WordPress/6.3.8; https://serhatburke.miroglu.net"
57.128.22.95 - - [30/Apr/2026:11:27:25 +0300] "GET /novoline-casino-codice-bonus-registrazione/ HTTP/1.1" 200 17801 "https://serhatburke.miroglu.net/" "Mozilla/5.0 (X11; Ubuntu; Linux x86_64; rv:147.0) Gecko/20100101 Firefox/147.0"
89.90.57.221 - - [30/Apr/2026:11:27:42 +0300] "GET /wp-includes/css/dist/block-library/style.min.css?ver=6.3.8 HTTP/1.1" 200 13578 "https://serhatburke.miroglu.net/novoline-casino-codice-bonus-registrazione/" "Mozilla/5.0 (Windows NT 10.0; Win64; x64) AppleWebKit/537.36 (KHTML, like Gecko) Chrome/145.0.0.0 Safari/537.36"
199.188.102.37 - - [30/Apr/2026:11:27:46 +0300] "GET /wp-content/themes/toppic/css/reset.css?ver=4.2 HTTP/1.1" 200 1178 "https://serhatburke.miroglu.net/novoline-casino-codice-bonus-registrazione/" "Mozilla/5.0 (Windows NT 10.0; Win64; x64) AppleWebKit/537.36 (KHTML, like Gecko) Chrome/145.0.0.0 Safari/537.36"
199.188.102.37 - - [30/Apr/2026:11:27:47 +0300] "GET /wp-content/themes/toppic/css/default.css?ver=4.2 HTTP/1.1" 200 1811 "https://serhatburke.miroglu.net/novoline-casino-codice-bonus-registrazione/" "Mozilla/5.0 (Windows NT 10.0; Win64; x64) AppleWebKit/537.36 (KHTML, like Gecko) Chrome/145.0.0.0 Safari/537.36"
199.188.102.37 - - [30/Apr/2026:11:27:48 +0300] "GET /wp-content/themes/toppic/style.css?ver=4.2 HTTP/1.1" 200 23398 "https://serhatburke.miroglu.net/novoline-casino-codice-bonus-registrazione/" "Mozilla/5.0 (Windows NT 10.0; Win64; x64) AppleWebKit/537.36 (KHTML, like Gecko) Chrome/145.0.0.0 Safari/537.36"
199.188.102.37 - - [30/Apr/2026:11:27:50 +0300] "GET /wp-content/themes/toppic/css/royalslider.css?ver=4.2 HTTP/1.1" 200 1887 "https://serhatburke.miroglu.net/novoline-casino-codice-bonus-registrazione/" "Mozilla/5.0 (Windows NT 10.0; Win64; x64) AppleWebKit/537.36 (KHTML, like Gecko) Chrome/145.0.0.0 Safari/537.36"
199.188.102.37 - - [30/Apr/2026:11:27:51 +0300] "GET /wp-content/themes/toppic/css/rs-default.css?ver=4.2 HTTP/1.1" 200 2625 "https://serhatburke.miroglu.net/novoline-casino-codice-bonus-registrazione/" "Mozilla/5.0 (Windows NT 10.0; Win64; x64) AppleWebKit/537.36 (KHTML, like Gecko) Chrome/145.0.0.0 Safari/537.36"
199.188.102.37 - - [30/Apr/2026:11:27:52 +0300] "GET /wp-content/themes/toppic/css/lightbox.css?ver=4.2 HTTP/1.1" 200 2956 "https://serhatburke.miroglu.net/novoline-casino-codice-bonus-registrazione/" "Mozilla/5.0 (Windows NT 10.0; Win64; x64) AppleWebKit/537.36 (KHTML, like Gecko) Chrome/145.0.0.0 Safari/537.36"
199.188.102.37 - - [30/Apr/2026:11:27:53 +0300] "GET /wp-content/themes/toppic/css/woocommerce.css?ver=4.2 HTTP/1.1" 200 2848 "https://serhatburke.miroglu.net/novoline-casino-codice-bonus-registrazione/" "Mozilla/5.0 (Windows NT 10.0; Win64; x64) AppleWebKit/537.36 (KHTML, like Gecko) Chrome/145.0.0.0 Safari/537.36"
199.188.102.37 - - [30/Apr/2026:11:27:54 +0300] "GET /wp-content/themes/toppic/css/responsive.css?ver=4.2 HTTP/1.1" 200 2796 "https://serhatburke.miroglu.net/novoline-casino-codice-bonus-registrazione/" "Mozilla/5.0 (Windows NT 10.0; Win64; x64) AppleWebKit/537.36 (KHTML, like Gecko) Chrome/145.0.0.0 Safari/537.36"
52.167.144.17 - - [30/Apr/2026:11:27:37 +0300] "GET /post-sitemap7.xml HTTP/2" 200 91350 "-" "Mozilla/5.0 AppleWebKit/537.36 (KHTML, like Gecko; compatible; bingbot/2.0; +http://www.bing.com/bingbot.htm) Chrome/116.0.1938.76 Safari/537.36"
199.188.102.37 - - [30/Apr/2026:11:27:55 +0300] "POST /wp-comments-post.php HTTP/1.1" 302 1090 "https://serhatburke.miroglu.net/novoline-casino-codice-bonus-registrazione/" "Mozilla/5.0 (X11; Ubuntu; Linux x86_64; rv:147.0) Gecko/20100101 Firefox/147.0"
199.188.102.37 - - [30/Apr/2026:11:28:08 +0300] "GET /novoline-casino-codice-bonus-registrazione/?unapproved=948&moderation-hash=24c571590b0e8268a14fab8890b60cd1 HTTP/1.1" 200 18215 "https://serhatburke.miroglu.net/wp-comments-post.php" "Mozilla/5.0 (X11; Ubuntu; Linux x86_64; rv:147.0) Gecko/20100101 Firefox/147.0"
57.128.22.95 - - [30/Apr/2026:11:28:21 +0300] "GET /novoline-casino-codice-bonus-registrazione/ HTTP/1.1" 200 17846 "-" "Mozilla/5.0 (compatible; Googlebot/2.1; +http://www.google.com/bot.html)"
185.216.113.70 - - [30/Apr/2026:11:30:10 +0300] "POST /wp-cron.php?doing_wp_cron=1777537810.9228320121765136718750 HTTP/1.1" 200 448 "-" "WordPress/6.3.8; https://serhatburke.miroglu.net"
103.219.169.227 - - [30/Apr/2026:11:29:56 +0300] "POST /xmlrpc.php HTTP/1.1" 200 630 "-" "Mozilla/5.0 (Windows NT 10.0; Win64; x64) AppleWebKit/537.36 (KHTML, like Gecko) Chrome/114.0.0.0 Safari/537.36"
103.219.169.227 - - [30/Apr/2026:11:30:17 +0300] "POST /xmlrpc.php HTTP/1.1" 200 14534 "-" "Mozilla/5.0 (Windows NT 10.0; Win64; x64) AppleWebKit/537.36 (KHTML, like Gecko) Chrome/114.0.0.0 Safari/537.36"
185.216.113.70 - - [30/Apr/2026:11:30:43 +0300] "POST /wp-cron.php?doing_wp_cron=1777537843.0722498893737792968750 HTTP/1.1" 200 448 "-" "WordPress/6.3.8; https://serhatburke.miroglu.net"
103.219.169.227 - - [30/Apr/2026:11:30:31 +0300] "GET /immortal-like-slot-pharaohs-silver-step-3-on-the-web-slot-standard-characteristics-ministere-de-los-angeles-sante-casinos-with-bally-wulff-games-publique/ HTTP/1.1" 200 80431 "-" "Mozilla/5.0 (Windows NT 10.0; Win64; x64) AppleWebKit/537.36 (KHTML, like Gecko) Chrome/109.0.0.0 Safari/537.36"
185.216.113.70 - - [30/Apr/2026:11:32:09 +0300] "POST /wp-cron.php?doing_wp_cron=1777537929.1278560161590576171875 HTTP/1.1" 200 448 "-" "WordPress/6.3.8; https://serhatburke.miroglu.net"
57.128.22.95 - - [30/Apr/2026:11:31:56 +0300] "GET /novoline-casino-codice-bonus-registrazione/ HTTP/1.1" 200 17770 "-" "Mozilla/5.0 (compatible; Googlebot/2.1; +http://www.google.com/bot.html)"
185.216.113.70 - - [30/Apr/2026:11:33:36 +0300] "POST /wp-cron.php?doing_wp_cron=1777538016.3443319797515869140625 HTTP/1.1" 200 448 "-" "WordPress/6.3.8; https://serhatburke.miroglu.net"
43.229.135.118 - - [30/Apr/2026:11:33:22 +0300] "GET /beste-casino-site-belgie-hoge-inzet/ HTTP/1.1" 200 19264 "-" "Mozilla/5.0 (compatible; Googlebot/2.1; +http://www.google.com/bot.html)"
185.216.113.70 - - [30/Apr/2026:11:37:17 +0300] "POST /wp-cron.php?doing_wp_cron=1777538236.9138610363006591796875 HTTP/1.1" 200 448 "-" "WordPress/6.3.8; https://serhatburke.miroglu.net"
