128.1.218.169 - - [30/Apr/2026:17:05:26 +0300] "POST /xmlrpc.php HTTP/1.1" 200 14928 "-" "Mozilla/5.0 (Windows NT 10.0; Win64; x64) AppleWebKit/537.36 (KHTML, like Gecko) Chrome/114.0.0.0 Safari/537.36"
128.1.218.169 - - [30/Apr/2026:17:05:39 +0300] "GET /better-spinning-reels-free-spins-no-wager-no-deposit-uk-less-than-one-hundred-from-2026-checked-out-and-you-may-examined/ HTTP/1.1" 200 80220 "-" "Mozilla/5.0 (Windows NT 10.0; Win64; x64; rv:125.0) Gecko/20100101 Firefox/125.0"
104.166.164.2 - - [30/Apr/2026:17:05:51 +0300] "POST /xmlrpc.php HTTP/1.1" 200 630 "-" "Mozilla/5.0 (Windows NT 10.0; Win64; x64) AppleWebKit/537.36 (KHTML, like Gecko) Chrome/114.0.0.0 Safari/537.36"
104.166.164.2 - - [30/Apr/2026:17:06:11 +0300] "POST /xmlrpc.php HTTP/1.1" 200 13618 "-" "Mozilla/5.0 (Windows NT 10.0; Win64; x64) AppleWebKit/537.36 (KHTML, like Gecko) Chrome/114.0.0.0 Safari/537.36"
104.166.164.2 - - [30/Apr/2026:17:06:26 +0300] "GET /best-web-based-casinos-in-the-usa-2026-real-money-web-free-slots-uk-sites-ranked/ HTTP/1.1" 200 78096 "-" "Mozilla/5.0 (Windows NT 10.0; Win64; x64) AppleWebKit/537.36 (KHTML, like Gecko) Chrome/109.0.0.0 Safari/537.36"
185.216.113.70 - - [30/Apr/2026:17:06:51 +0300] "POST /wp-cron.php?doing_wp_cron=1777558011.5645079612731933593750 HTTP/1.1" 200 448 "-" "WordPress/6.3.8; https://serhatburke.miroglu.net"
128.1.218.169 - - [30/Apr/2026:17:06:38 +0300] "POST /xmlrpc.php HTTP/1.1" 200 630 "-" "Mozilla/5.0 (Windows NT 10.0; Win64; x64) AppleWebKit/537.36 (KHTML, like Gecko) Chrome/114.0.0.0 Safari/537.36"
108.181.120.104 - - [30/Apr/2026:17:06:54 +0300] "POST /xmlrpc.php HTTP/1.1" 200 630 "-" "Mozilla/5.0 (Windows NT 10.0; Win64; x64) AppleWebKit/537.36 (KHTML, like Gecko) Chrome/114.0.0.0 Safari/537.36"
128.1.218.169 - - [30/Apr/2026:17:06:58 +0300] "POST /xmlrpc.php HTTP/1.1" 200 14166 "-" "Mozilla/5.0 (Windows NT 10.0; Win64; x64) AppleWebKit/537.36 (KHTML, like Gecko) Chrome/114.0.0.0 Safari/537.36"
185.216.113.70 - - [30/Apr/2026:17:07:43 +0300] "POST /wp-cron.php?doing_wp_cron=1777558062.9830880165100097656250 HTTP/1.1" 200 448 "-" "WordPress/6.3.8; https://serhatburke.miroglu.net"
108.181.120.104 - - [30/Apr/2026:17:07:17 +0300] "POST /xmlrpc.php HTTP/1.1" 200 13254 "-" "Mozilla/5.0 (Windows NT 10.0; Win64; x64) AppleWebKit/537.36 (KHTML, like Gecko) Chrome/114.0.0.0 Safari/537.36"
103.219.169.226 - - [30/Apr/2026:17:07:17 +0300] "POST /xmlrpc.php HTTP/1.1" 200 630 "-" "Mozilla/5.0 (Windows NT 10.0; Win64; x64) AppleWebKit/537.36 (KHTML, like Gecko) Chrome/114.0.0.0 Safari/537.36"
128.1.218.169 - - [30/Apr/2026:17:07:16 +0300] "GET /online-no-deposit-bonus-space-gem-game-look-research-the-collection-from-game-titles/ HTTP/1.1" 200 78621 "-" "Mozilla/5.0 (Windows NT 10.0; Win64; x64; rv:124.0) Gecko/20100101 Firefox/124.0"
104.166.164.2 - - [30/Apr/2026:17:07:23 +0300] "POST /xmlrpc.php HTTP/1.1" 200 630 "-" "Mozilla/5.0 (Windows NT 10.0; Win64; x64) AppleWebKit/537.36 (KHTML, like Gecko) Chrome/114.0.0.0 Safari/537.36"
108.181.120.104 - - [30/Apr/2026:17:07:46 +0300] "GET /website-casino-player-mag-purely-slots-journal-slots-angel-casino-casino-gaming-resources/ HTTP/1.1" 200 77753 "-" "Mozilla/5.0 (Windows NT 10.0; Win64; x64) AppleWebKit/537.36 (KHTML, like Gecko) Chrome/123.0.0.0 Safari/537.36 OPR/109.0.0.0"
103.219.169.226 - - [30/Apr/2026:17:07:51 +0300] "POST /xmlrpc.php HTTP/1.1" 200 16386 "-" "Mozilla/5.0 (Windows NT 10.0; Win64; x64) AppleWebKit/537.36 (KHTML, like Gecko) Chrome/114.0.0.0 Safari/537.36"
104.166.164.2 - - [30/Apr/2026:17:07:58 +0300] "POST /xmlrpc.php HTTP/1.1" 200 14581 "-" "Mozilla/5.0 (Windows NT 10.0; Win64; x64) AppleWebKit/537.36 (KHTML, like Gecko) Chrome/114.0.0.0 Safari/537.36"
103.219.169.226 - - [30/Apr/2026:17:08:10 +0300] "GET /giros-regalado-donde-hallar-free-spins-desplazandolo-hacia-el-pelo-tiradas-gratuitas/ HTTP/1.1" 200 80811 "-" "Mozilla/5.0 (Windows NT 10.0; Win64; x64) AppleWebKit/537.36 (KHTML, like Gecko) Chrome/109.0.0.0 Safari/537.36"
128.1.218.169 - - [30/Apr/2026:17:08:19 +0300] "POST /xmlrpc.php HTTP/1.1" 200 630 "-" "Mozilla/5.0 (Windows NT 10.0; Win64; x64) AppleWebKit/537.36 (KHTML, like Gecko) Chrome/114.0.0.0 Safari/537.36"
104.166.164.2 - - [30/Apr/2026:17:08:15 +0300] "GET /casino-games-bitkingz-app-canada-one-spend-money/ HTTP/1.1" 200 77863 "-" "Mozilla/5.0 (Windows NT 10.0; rv:109.0) Gecko/20100101 Firefox/115.0"
185.216.113.70 - - [30/Apr/2026:17:09:00 +0300] "POST /wp-cron.php?doing_wp_cron=1777558140.4027669429779052734375 HTTP/1.1" 200 448 "-" "WordPress/6.3.8; https://serhatburke.miroglu.net"
128.1.218.169 - - [30/Apr/2026:17:08:46 +0300] "POST /xmlrpc.php HTTP/1.1" 200 14338 "-" "Mozilla/5.0 (Windows NT 10.0; Win64; x64) AppleWebKit/537.36 (KHTML, like Gecko) Chrome/114.0.0.0 Safari/537.36"
104.166.164.2 - - [30/Apr/2026:17:08:56 +0300] "POST /xmlrpc.php HTTP/1.1" 200 630 "-" "Mozilla/5.0 (Windows NT 10.0; Win64; x64) AppleWebKit/537.36 (KHTML, like Gecko) Chrome/114.0.0.0 Safari/537.36"
128.1.218.169 - - [30/Apr/2026:17:09:01 +0300] "GET /access-free-poker-games-apps-restricted/ HTTP/1.1" 200 77577 "-" "Mozilla/5.0 (Windows NT 10.0; Win64; x64) AppleWebKit/537.36 (KHTML, like Gecko) Chrome/122.0.0.0 Safari/537.36"
104.166.164.2 - - [30/Apr/2026:17:09:23 +0300] "POST /xmlrpc.php HTTP/1.1" 200 14253 "-" "Mozilla/5.0 (Windows NT 10.0; Win64; x64) AppleWebKit/537.36 (KHTML, like Gecko) Chrome/114.0.0.0 Safari/537.36"
104.166.164.2 - - [30/Apr/2026:17:09:44 +0300] "GET /better-step-slot-cleopatra-pyramids-3-minimal-deposit-gambling-enterprises-2026/ HTTP/1.1" 200 78544 "-" "Mozilla/5.0 (Windows NT 10.0; Win64; x64) AppleWebKit/537.36 (KHTML, like Gecko) Chrome/123.0.0.0 Safari/537.36"
185.216.113.70 - - [30/Apr/2026:17:10:08 +0300] "POST /wp-cron.php?doing_wp_cron=1777558208.3457670211791992187500 HTTP/1.1" 200 448 "-" "WordPress/6.3.8; https://serhatburke.miroglu.net"
128.1.218.169 - - [30/Apr/2026:17:09:53 +0300] "POST /xmlrpc.php HTTP/1.1" 200 630 "-" "Mozilla/5.0 (Windows NT 10.0; Win64; x64) AppleWebKit/537.36 (KHTML, like Gecko) Chrome/114.0.0.0 Safari/537.36"
185.216.113.70 - - [30/Apr/2026:17:10:31 +0300] "POST /wp-cron.php?doing_wp_cron=1777558230.9618949890136718750000 HTTP/1.1" 200 448 "-" "WordPress/6.3.8; https://serhatburke.miroglu.net"
128.1.218.169 - - [30/Apr/2026:17:10:15 +0300] "POST /xmlrpc.php HTTP/1.1" 200 14447 "-" "Mozilla/5.0 (Windows NT 10.0; Win64; x64) AppleWebKit/537.36 (KHTML, like Gecko) Chrome/114.0.0.0 Safari/537.36"
104.166.164.2 - - [30/Apr/2026:17:10:26 +0300] "POST /xmlrpc.php HTTP/1.1" 200 630 "-" "Mozilla/5.0 (Windows NT 10.0; Win64; x64) AppleWebKit/537.36 (KHTML, like Gecko) Chrome/114.0.0.0 Safari/537.36"
128.1.218.169 - - [30/Apr/2026:17:10:32 +0300] "GET /dragon-shrine-totally-gambling-enterprise-40-totally-free-revolves-no-deposit-added-bonus-100-percent-free-the-brand-new-huge-trip-cellular-position-take-pleasure-in-and-games-betsoft-slots-online-rem/ HTTP/1.1" 200 81730 "-" "Mozilla/5.0 (Windows NT 10.0; Win64; x64) AppleWebKit/537.36 (KHTML, like Gecko) Chrome/124.0.0.0 Safari/537.36"
108.181.120.104 - - [30/Apr/2026:17:10:49 +0300] "POST /xmlrpc.php HTTP/1.1" 200 630 "-" "Mozilla/5.0 (Windows NT 10.0; Win64; x64) AppleWebKit/537.36 (KHTML, like Gecko) Chrome/114.0.0.0 Safari/537.36"
104.166.164.2 - - [30/Apr/2026:17:10:52 +0300] "POST /xmlrpc.php HTTP/1.1" 200 14512 "-" "Mozilla/5.0 (Windows NT 10.0; Win64; x64) AppleWebKit/537.36 (KHTML, like Gecko) Chrome/114.0.0.0 Safari/537.36"
104.166.164.2 - - [30/Apr/2026:17:11:08 +0300] "GET /best-free-revolves-casinos-march-2026-gate777-mobile-login-no-deposit-ports/ HTTP/1.1" 200 78683 "-" "Mozilla/5.0 (Windows NT 10.0; Win64; x64; rv:125.0) Gecko/20100101 Firefox/125.0"
108.181.120.104 - - [30/Apr/2026:17:11:09 +0300] "POST /xmlrpc.php HTTP/1.1" 200 13758 "-" "Mozilla/5.0 (Windows NT 10.0; Win64; x64) AppleWebKit/537.36 (KHTML, like Gecko) Chrome/114.0.0.0 Safari/537.36"
185.216.113.70 - - [30/Apr/2026:17:11:41 +0300] "POST /wp-cron.php?doing_wp_cron=1777558301.4769198894500732421875 HTTP/1.1" 200 448 "-" "WordPress/6.3.8; https://serhatburke.miroglu.net"
128.1.218.169 - - [30/Apr/2026:17:11:26 +0300] "POST /xmlrpc.php HTTP/1.1" 200 630 "-" "Mozilla/5.0 (Windows NT 10.0; Win64; x64) AppleWebKit/537.36 (KHTML, like Gecko) Chrome/114.0.0.0 Safari/537.36"
108.181.120.104 - - [30/Apr/2026:17:11:26 +0300] "GET /100-percent-free-gambling-games-on-the-internet-zero-down-load-blood-suckers-slot-casino-enjoy-now/ HTTP/1.1" 200 78568 "-" "Mozilla/5.0 (Windows NT 10.0; Win64; x64; rv:124.0) Gecko/20100101 Firefox/124.0"
54.227.56.131 - - [30/Apr/2026:17:11:41 +0300] "POST /xmlrpc.php HTTP/1.1" 200 0 "-" "WordPress-Publisher/1.0"
185.216.113.70 - - [30/Apr/2026:17:12:48 +0300] "POST /wp-cron.php?doing_wp_cron=1777558368.0877380371093750000000 HTTP/1.1" 200 448 "-" "WordPress/6.3.8; https://serhatburke.miroglu.net"
128.1.218.169 - - [30/Apr/2026:17:11:49 +0300] "POST /xmlrpc.php HTTP/1.1" 200 14435 "-" "Mozilla/5.0 (Windows NT 10.0; Win64; x64) AppleWebKit/537.36 (KHTML, like Gecko) Chrome/114.0.0.0 Safari/537.36"
52.167.144.191 - - [30/Apr/2026:17:12:00 +0300] "GET /top-nuevos-casinos-en-linea-chile-2026-quince-las-superiores-juegos-sobre-papel-rpg/ HTTP/2" 200 0 "-" "Mozilla/5.0 AppleWebKit/537.36 (KHTML, like Gecko; compatible; bingbot/2.0; +http://www.bing.com/bingbot.htm) Chrome/116.0.1938.76 Safari/537.36"
52.167.144.216 - - [30/Apr/2026:17:12:06 +0300] "GET /discover-the-safepal-wallet-benefits-for-crypto-storage/ HTTP/2" 200 0 "-" "Mozilla/5.0 AppleWebKit/537.36 (KHTML, like Gecko; compatible; bingbot/2.0; +http://www.bing.com/bingbot.htm) Chrome/116.0.1938.76 Safari/537.36"
185.216.113.70 - - [30/Apr/2026:17:12:57 +0300] "POST /wp-cron.php?doing_wp_cron=1777558377.1799600124359130859375 HTTP/1.1" 200 448 "-" "WordPress/6.3.8; https://serhatburke.miroglu.net"
52.167.144.216 - - [30/Apr/2026:17:12:10 +0300] "GET /los-bonos-desprovisto-tanque-por-otro-lado-nunca-requieren-alguna-adquisicion-inaugural-por-detalle-del-competidor/ HTTP/2" 200 0 "-" "Mozilla/5.0 AppleWebKit/537.36 (KHTML, like Gecko; compatible; bingbot/2.0; +http://www.bing.com/bingbot.htm) Chrome/116.0.1938.76 Safari/537.36"
185.216.113.70 - - [30/Apr/2026:17:13:00 +0300] "POST /wp-cron.php?doing_wp_cron=1777558380.5261960029602050781250 HTTP/1.1" 200 448 "-" "WordPress/6.3.8; https://serhatburke.miroglu.net"
104.166.164.2 - - [30/Apr/2026:17:12:10 +0300] "POST /xmlrpc.php HTTP/1.1" 200 630 "-" "Mozilla/5.0 (Windows NT 10.0; Win64; x64) AppleWebKit/537.36 (KHTML, like Gecko) Chrome/114.0.0.0 Safari/537.36"
185.216.113.70 - - [30/Apr/2026:17:13:34 +0300] "POST /wp-cron.php?doing_wp_cron=1777558413.7700479030609130859375 HTTP/1.1" 200 448 "-" "WordPress/6.3.8; https://serhatburke.miroglu.net"
128.1.218.169 - - [30/Apr/2026:17:12:49 +0300] "GET /greatest-a-real-income-play-downtown-slot-pokies-2025/ HTTP/1.1" 200 77787 "-" "Mozilla/5.0 (Windows NT 10.0; Win64; x64) AppleWebKit/537.36 (KHTML, like Gecko) Chrome/109.0.0.0 Safari/537.36"
128.1.218.169 - - [30/Apr/2026:17:12:59 +0300] "POST /xmlrpc.php HTTP/1.1" 200 630 "-" "Mozilla/5.0 (Windows NT 10.0; Win64; x64) AppleWebKit/537.36 (KHTML, like Gecko) Chrome/114.0.0.0 Safari/537.36"
52.167.144.191 - - [30/Apr/2026:17:13:01 +0300] "GET /best-spybet-slots-promo-totally-free-spin-bonuses-to-own-2026-all-the-100-percent-free-twist-provide/ HTTP/2" 200 0 "-" "Mozilla/5.0 AppleWebKit/537.36 (KHTML, like Gecko; compatible; bingbot/2.0; +http://www.bing.com/bingbot.htm) Chrome/116.0.1938.76 Safari/537.36"
52.167.144.216 - - [30/Apr/2026:17:13:07 +0300] "GET /video-game-assortment-application-quality-%EF%BF%BD-a-good-maine-gambling-enterprise-webpages-is-always-to-provide-more-than-just-position-servers/ HTTP/2" 200 0 "-" "Mozilla/5.0 AppleWebKit/537.36 (KHTML, like Gecko; compatible; bingbot/2.0; +http://www.bing.com/bingbot.htm) Chrome/116.0.1938.76 Safari/537.36"
104.166.164.2 - - [30/Apr/2026:17:13:08 +0300] "POST /xmlrpc.php HTTP/1.1" 200 14357 "-" "Mozilla/5.0 (Windows NT 10.0; Win64; x64) AppleWebKit/537.36 (KHTML, like Gecko) Chrome/114.0.0.0 Safari/537.36"
103.219.169.226 - - [30/Apr/2026:17:13:13 +0300] "POST /xmlrpc.php HTTP/1.1" 200 630 "-" "Mozilla/5.0 (Windows NT 10.0; Win64; x64) AppleWebKit/537.36 (KHTML, like Gecko) Chrome/114.0.0.0 Safari/537.36"
185.216.113.70 - - [30/Apr/2026:17:14:35 +0300] "POST /wp-cron.php?doing_wp_cron=1777558475.8646481037139892578125 HTTP/1.1" 200 448 "-" "WordPress/6.3.8; https://serhatburke.miroglu.net"
185.216.113.70 - - [30/Apr/2026:17:14:38 +0300] "POST /wp-cron.php?doing_wp_cron=1777558478.2396290302276611328125 HTTP/1.1" 200 448 "-" "WordPress/6.3.8; https://serhatburke.miroglu.net"
104.166.164.2 - - [30/Apr/2026:17:13:43 +0300] "POST /xmlrpc.php HTTP/1.1" 200 630 "-" "Mozilla/5.0 (Windows NT 10.0; Win64; x64) AppleWebKit/537.36 (KHTML, like Gecko) Chrome/114.0.0.0 Safari/537.36"
57.128.22.95 - - [30/Apr/2026:17:13:38 +0300] "GET /novoline-casino-codice-bonus-registrazione/ HTTP/1.1" 200 17759 "-" "Mozilla/5.0 (compatible; Googlebot/2.1; +http://www.google.com/bot.html)"
185.216.113.70 - - [30/Apr/2026:17:14:52 +0300] "POST /wp-cron.php?doing_wp_cron=1777558491.9437279701232910156250 HTTP/1.1" 200 448 "-" "WordPress/6.3.8; https://serhatburke.miroglu.net"
128.1.218.169 - - [30/Apr/2026:17:13:57 +0300] "POST /xmlrpc.php HTTP/1.1" 200 14038 "-" "Mozilla/5.0 (Windows NT 10.0; Win64; x64) AppleWebKit/537.36 (KHTML, like Gecko) Chrome/114.0.0.0 Safari/537.36"
52.167.144.216 - - [30/Apr/2026:17:14:05 +0300] "GET /live-casino-vklad-visa/ HTTP/2" 200 0 "-" "Mozilla/5.0 AppleWebKit/537.36 (KHTML, like Gecko; compatible; bingbot/2.0; +http://www.bing.com/bingbot.htm) Chrome/116.0.1938.76 Safari/537.36"
185.216.113.70 - - [30/Apr/2026:17:14:59 +0300] "POST /wp-cron.php?doing_wp_cron=1777558499.2652809619903564453125 HTTP/1.1" 200 448 "-" "WordPress/6.3.8; https://serhatburke.miroglu.net"
185.216.113.70 - - [30/Apr/2026:17:15:04 +0300] "POST /wp-cron.php?doing_wp_cron=1777558503.9907310009002685546875 HTTP/1.1" 200 448 "-" "WordPress/6.3.8; https://serhatburke.miroglu.net"
104.166.164.2 - - [30/Apr/2026:17:14:08 +0300] "GET /best-casinos-on-bitkingz-login-online-the-internet-for-real-money-2026/ HTTP/1.1" 200 78248 "-" "Mozilla/5.0 (Windows NT 10.0; rv:125.0) Gecko/20100101 Firefox/125.0"
185.216.113.70 - - [30/Apr/2026:17:15:07 +0300] "POST /wp-cron.php?doing_wp_cron=1777558507.2511570453643798828125 HTTP/1.1" 200 448 "-" "WordPress/6.3.8; https://serhatburke.miroglu.net"
103.219.169.226 - - [30/Apr/2026:17:14:15 +0300] "POST /xmlrpc.php HTTP/1.1" 200 16451 "-" "Mozilla/5.0 (Windows NT 10.0; Win64; x64) AppleWebKit/537.36 (KHTML, like Gecko) Chrome/114.0.0.0 Safari/537.36"
185.216.113.70 - - [30/Apr/2026:17:15:15 +0300] "POST /wp-cron.php?doing_wp_cron=1777558515.7482659816741943359375 HTTP/1.1" 200 448 "-" "WordPress/6.3.8; https://serhatburke.miroglu.net"
108.181.120.104 - - [30/Apr/2026:17:14:23 +0300] "POST /xmlrpc.php HTTP/1.1" 200 630 "-" "Mozilla/5.0 (Windows NT 10.0; Win64; x64) AppleWebKit/537.36 (KHTML, like Gecko) Chrome/114.0.0.0 Safari/537.36"
52.167.144.216 - - [30/Apr/2026:17:15:04 +0300] "GET /better-real-money-casinos-real-money-gambling-on-the-web-casino-slot-isis-2026/ HTTP/2" 200 0 "-" "Mozilla/5.0 AppleWebKit/537.36 (KHTML, like Gecko; compatible; bingbot/2.0; +http://www.bing.com/bingbot.htm) Chrome/116.0.1938.76 Safari/537.36"
185.216.113.70 - - [30/Apr/2026:17:16:02 +0300] "POST /wp-cron.php?doing_wp_cron=1777558562.5683469772338867187500 HTTP/1.1" 200 448 "-" "WordPress/6.3.8; https://serhatburke.miroglu.net"
104.166.164.2 - - [30/Apr/2026:17:14:46 +0300] "POST /xmlrpc.php HTTP/1.1" 200 15171 "-" "Mozilla/5.0 (Windows NT 10.0; Win64; x64) AppleWebKit/537.36 (KHTML, like Gecko) Chrome/114.0.0.0 Safari/537.36"
128.1.218.169 - - [30/Apr/2026:17:14:53 +0300] "GET /richpokies-casino-review-specialist-online-baccarat-pro-series-low-limit-real-money-user-recommendations-2026/ HTTP/1.1" 200 79124 "-" "Mozilla/5.0 (Windows NT 10.0; Win64; x64) AppleWebKit/537.36 (KHTML, like Gecko) Chrome/109.0.0.0 Safari/537.36"
103.219.169.226 - - [30/Apr/2026:17:15:17 +0300] "POST /xmlrpc.php HTTP/1.1" 200 630 "-" "Mozilla/5.0 (Windows NT 10.0; Win64; x64) AppleWebKit/537.36 (KHTML, like Gecko) Chrome/114.0.0.0 Safari/537.36"
103.219.169.226 - - [30/Apr/2026:17:15:09 +0300] "GET /tragamonedas-de-balde-novedosas-2026-competir-sobre-slotsup/ HTTP/1.1" 200 80174 "-" "Mozilla/5.0 (Windows NT 10.0; rv:109.0) Gecko/20100101 Firefox/115.0"
108.181.120.104 - - [30/Apr/2026:17:15:23 +0300] "POST /xmlrpc.php HTTP/1.1" 200 13388 "-" "Mozilla/5.0 (Windows NT 10.0; Win64; x64) AppleWebKit/537.36 (KHTML, like Gecko) Chrome/114.0.0.0 Safari/537.36"
104.166.164.2 - - [30/Apr/2026:17:15:11 +0300] "POST /xmlrpc.php HTTP/1.1" 200 630 "-" "Mozilla/5.0 (Windows NT 10.0; Win64; x64) AppleWebKit/537.36 (KHTML, like Gecko) Chrome/114.0.0.0 Safari/537.36"
94.57.98.18 - - [30/Apr/2026:17:16:20 +0300] "POST /xmlrpc.php HTTP/2" 200 0 "-" "WordPress/XMLRPC Client"
104.166.164.2 - - [30/Apr/2026:17:16:05 +0300] "GET /ramses-publication-wonderful-nights-extra-demonstration-appreciate-free-position-casino-lv-bet-100-no-deposit-bonus-games/ HTTP/1.1" 200 80360 "-" "Mozilla/5.0 (Windows NT 10.0; rv:125.0) Gecko/20100101 Firefox/125.0"
85.174.192.67 - - [30/Apr/2026:17:16:50 +0300] "POST /xmlrpc.php HTTP/2" 200 0 "-" "WordPress/XMLRPC Client"
185.216.113.70 - - [30/Apr/2026:17:17:26 +0300] "POST /wp-cron.php?doing_wp_cron=1777558646.7455470561981201171875 HTTP/1.1" 200 448 "-" "WordPress/6.3.8; https://serhatburke.miroglu.net"
103.219.169.226 - - [30/Apr/2026:17:16:34 +0300] "POST /xmlrpc.php HTTP/1.1" 200 17635 "-" "Mozilla/5.0 (Windows NT 10.0; Win64; x64) AppleWebKit/537.36 (KHTML, like Gecko) Chrome/114.0.0.0 Safari/537.36"
185.216.113.70 - - [30/Apr/2026:17:17:31 +0300] "POST /wp-cron.php?doing_wp_cron=1777558651.4399089813232421875000 HTTP/1.1" 200 448 "-" "WordPress/6.3.8; https://serhatburke.miroglu.net"
104.166.164.2 - - [30/Apr/2026:17:16:40 +0300] "POST /xmlrpc.php HTTP/1.1" 200 15109 "-" "Mozilla/5.0 (Windows NT 10.0; Win64; x64) AppleWebKit/537.36 (KHTML, like Gecko) Chrome/114.0.0.0 Safari/537.36"
38.246.32.195 - - [30/Apr/2026:17:16:29 +0300] "POST /xmlrpc.php HTTP/1.1" 200 630 "-" "Mozilla/5.0 (Windows NT 10.0; Win64; x64) AppleWebKit/537.36 (KHTML, like Gecko) Chrome/114.0.0.0 Safari/537.36"
185.216.113.70 - - [30/Apr/2026:17:17:33 +0300] "POST /wp-cron.php?doing_wp_cron=1777558653.8446519374847412109375 HTTP/1.1" 200 448 "-" "WordPress/6.3.8; https://serhatburke.miroglu.net"
104.166.164.2 - - [30/Apr/2026:17:16:29 +0300] "POST /xmlrpc.php HTTP/1.1" 200 630 "-" "Mozilla/5.0 (Windows NT 10.0; Win64; x64) AppleWebKit/537.36 (KHTML, like Gecko) Chrome/114.0.0.0 Safari/537.36"
108.181.120.104 - - [30/Apr/2026:17:16:33 +0300] "GET /the-new-harbors-caino-table-online-game-wish-upon-a-jackpot-slot-machine-to-own-2026/ HTTP/1.1" 200 77641 "-" "Mozilla/5.0 (Windows NT 10.0; Win64; x64) AppleWebKit/537.36 (KHTML, like Gecko) Chrome/123.0.0.0 Safari/537.36 OPR/109.0.0.0"
185.216.113.70 - - [30/Apr/2026:17:17:40 +0300] "POST /wp-cron.php?doing_wp_cron=1777558660.3426721096038818359375 HTTP/1.1" 200 448 "-" "WordPress/6.3.8; https://serhatburke.miroglu.net"
66.249.73.15 - - [30/Apr/2026:17:16:56 +0300] "GET /maxbet-casino-recenzie-pan-la-1-000-ron-300-rotiri-20/ HTTP/1.1" 200 286304 "-" "Mozilla/5.0 (Linux; Android 6.0.1; Nexus 5X Build/MMB29P) AppleWebKit/537.36 (KHTML, like Gecko) Chrome/147.0.7727.116 Mobile Safari/537.36 (compatible; Googlebot/2.1; +http://www.google.com/bot.html)"
185.216.113.70 - - [30/Apr/2026:17:17:46 +0300] "POST /wp-cron.php?doing_wp_cron=1777558666.2640480995178222656250 HTTP/1.1" 200 448 "-" "WordPress/6.3.8; https://serhatburke.miroglu.net"
46.29.114.197 - - [30/Apr/2026:17:17:00 +0300] "POST /xmlrpc.php HTTP/1.1" 200 243803 "-" "Mozilla/5.0 (Windows NT 10.0; WOW64) AppleWebKit/537.36 (KHTML, like Gecko) Chrome/80.0.3987.132 Safari/537.36"
66.249.76.77 - - [30/Apr/2026:17:17:49 +0300] "GET /wp-content/themes/toppic/css/responsive.css?ver=4.2 HTTP/1.1" 200 2796 "https://serhatburke.miroglu.net/maxbet-casino-recenzie-pan-la-1-000-ron-300-rotiri-20/" "Mozilla/5.0 (Linux; Android 6.0.1; Nexus 5X Build/MMB29P) AppleWebKit/537.36 (KHTML, like Gecko) Chrome/147.0.7727.116 Mobile Safari/537.36 (compatible; Googlebot/2.1; +http://www.google.com/bot.html)"
185.101.21.99 - - [30/Apr/2026:17:17:22 +0300] "POST /xmlrpc.php HTTP/2" 200 0 "-" "WordPress/XMLRPC Client"
196.223.149.45 - - [30/Apr/2026:17:17:54 +0300] "POST /xmlrpc.php HTTP/2" 200 0 "-" "WordPress/XMLRPC Client"
66.249.76.78 - - [30/Apr/2026:17:18:28 +0300] "GET /maxbet-casino-recenzie-pan-la-1-000-ron-300-rotiri-20/undefined?ts=1775520000 HTTP/1.1" 200 0 "https://serhatburke.miroglu.net/maxbet-casino-recenzie-pan-la-1-000-ron-300-rotiri-20/" "Mozilla/5.0 (Linux; Android 6.0.1; Nexus 5X Build/MMB29P) AppleWebKit/537.36 (KHTML, like Gecko) Chrome/147.0.7727.116 Mobile Safari/537.36 (compatible; Googlebot/2.1; +http://www.google.com/bot.html)"
185.216.113.70 - - [30/Apr/2026:17:18:40 +0300] "POST /wp-cron.php?doing_wp_cron=1777558720.7787599563598632812500 HTTP/1.1" 200 448 "-" "WordPress/6.3.8; https://serhatburke.miroglu.net"
103.219.169.226 - - [30/Apr/2026:17:17:18 +0300] "POST /xmlrpc.php HTTP/1.1" 200 630 "-" "Mozilla/5.0 (Windows NT 10.0; Win64; x64) AppleWebKit/537.36 (KHTML, like Gecko) Chrome/114.0.0.0 Safari/537.36"
46.29.114.197 - - [30/Apr/2026:17:17:48 +0300] "POST /xmlrpc.php HTTP/1.1" 200 0 "-" "Mozilla/5.0 (Windows NT 10.0; WOW64) AppleWebKit/537.36 (KHTML, like Gecko) Chrome/80.0.3987.132 Safari/537.36"
5.183.255.244 - - [30/Apr/2026:17:18:24 +0300] "POST /xmlrpc.php HTTP/2" 200 0 "-" "WordPress/XMLRPC Client"
96.44.167.86 - - [30/Apr/2026:17:17:20 +0300] "POST /xmlrpc.php HTTP/1.1" 500 745 "-" "Mozilla/5.0 (Windows NT 10.0; Win64; x64) AppleWebKit/537.36 (KHTML, like Gecko) Chrome/114.0.0.0 Safari/537.36"
38.246.32.195 - - [30/Apr/2026:17:17:30 +0300] "POST /xmlrpc.php HTTP/1.1" 500 745 "-" "Mozilla/5.0 (Windows NT 10.0; Win64; x64) AppleWebKit/537.36 (KHTML, like Gecko) Chrome/114.0.0.0 Safari/537.36"
103.219.169.226 - - [30/Apr/2026:17:17:32 +0300] "GET /sizzling-hot-ho-ho-ho-giros-carente-brecha-novomatic-resena-bonos-y-de-mayor-cong-ty-tnhh-paulin-vina/ HTTP/1.1" 500 745 "-" "Mozilla/5.0 (Windows NT 10.0; Win64; x64) AppleWebKit/537.36 (KHTML, like Gecko) Chrome/122.0.0.0 Safari/537.36"
104.166.164.2 - - [30/Apr/2026:17:17:34 +0300] "GET /best-pa-online-casino-no-deposit-10-free-spins-no-deposit-casino-incentive-requirements-available-in-2026/ HTTP/1.1" 500 745 "-" "Mozilla/5.0 (Windows NT 10.0; rv:109.0) Gecko/20100101 Firefox/115.0"
104.166.164.2 - - [30/Apr/2026:17:17:41 +0300] "POST /xmlrpc.php HTTP/1.1" 200 14959 "-" "Mozilla/5.0 (Windows NT 10.0; Win64; x64) AppleWebKit/537.36 (KHTML, like Gecko) Chrome/114.0.0.0 Safari/537.36"
108.181.120.104 - - [30/Apr/2026:17:17:39 +0300] "POST /xmlrpc.php HTTP/1.1" 500 745 "-" "Mozilla/5.0 (Windows NT 10.0; Win64; x64) AppleWebKit/537.36 (KHTML, like Gecko) Chrome/114.0.0.0 Safari/537.36"
66.249.76.64 - - [30/Apr/2026:17:17:41 +0300] "GET /nitro-casino-acces-online-sigur-la-jocuri-de-noroc-37/ HTTP/1.1" 500 782 "-" "Mozilla/5.0 (Linux; Android 6.0.1; Nexus 5X Build/MMB29P) AppleWebKit/537.36 (KHTML, like Gecko) Chrome/147.0.7727.116 Mobile Safari/537.36 (compatible; Googlebot/2.1; +http://www.google.com/bot.html)"
38.246.32.195 - - [30/Apr/2026:17:17:41 +0300] "POST /xmlrpc.php HTTP/1.1" 500 745 "-" "Mozilla/5.0 (Windows NT 10.0; Win64; x64) AppleWebKit/537.36 (KHTML, like Gecko) Chrome/114.0.0.0 Safari/537.36"
185.216.113.70 - - [30/Apr/2026:17:19:32 +0300] "POST /wp-cron.php?doing_wp_cron=1777558772.5506649017333984375000 HTTP/1.1" 200 448 "-" "WordPress/6.3.8; https://serhatburke.miroglu.net"
185.216.113.70 - - [30/Apr/2026:17:19:34 +0300] "POST /wp-cron.php?doing_wp_cron=1777558774.3411579132080078125000 HTTP/1.1" 200 448 "-" "WordPress/6.3.8; https://serhatburke.miroglu.net"
104.166.164.2 - - [30/Apr/2026:17:17:43 +0300] "POST /xmlrpc.php HTTP/1.1" 500 745 "-" "Mozilla/5.0 (Windows NT 10.0; Win64; x64) AppleWebKit/537.36 (KHTML, like Gecko) Chrome/114.0.0.0 Safari/537.36"
46.29.114.197 - - [30/Apr/2026:17:18:50 +0300] "POST /xmlrpc.php HTTP/1.1" 200 0 "-" "Mozilla/5.0 (Windows NT 10.0; WOW64) AppleWebKit/537.36 (KHTML, like Gecko) Chrome/80.0.3987.132 Safari/537.36"
185.216.113.70 - - [30/Apr/2026:17:20:01 +0300] "POST /wp-cron.php?doing_wp_cron=1777558801.3378660678863525390625 HTTP/1.1" 200 448 "-" "WordPress/6.3.8; https://serhatburke.miroglu.net"
185.216.113.70 - - [30/Apr/2026:17:20:10 +0300] "POST /wp-cron.php?doing_wp_cron=1777558810.6436839103698730468750 HTTP/1.1" 200 448 "-" "WordPress/6.3.8; https://serhatburke.miroglu.net"
38.246.32.195 - - [30/Apr/2026:17:18:40 +0300] "POST /xmlrpc.php HTTP/1.1" 500 745 "-" "Mozilla/5.0 (Windows NT 10.0; Win64; x64) AppleWebKit/537.36 (KHTML, like Gecko) Chrome/114.0.0.0 Safari/537.36"
200.25.47.108 - - [30/Apr/2026:17:18:43 +0300] "POST /xmlrpc.php HTTP/1.1" 500 745 "-" "Mozilla/5.0 (Windows NT 10.0; Win64; x64) AppleWebKit/537.36 (KHTML, like Gecko) Chrome/114.0.0.0 Safari/537.36"
185.216.113.70 - - [30/Apr/2026:17:20:44 +0300] "POST /wp-cron.php?doing_wp_cron=1777558844.3617780208587646484375 HTTP/1.1" 200 448 "-" "WordPress/6.3.8; https://serhatburke.miroglu.net"
104.166.164.2 - - [30/Apr/2026:17:19:06 +0300] "POST /xmlrpc.php HTTP/1.1" 200 630 "-" "Mozilla/5.0 (Windows NT 10.0; Win64; x64) AppleWebKit/537.36 (KHTML, like Gecko) Chrome/114.0.0.0 Safari/537.36"
103.219.169.226 - - [30/Apr/2026:17:18:48 +0300] "POST /xmlrpc.php HTTP/1.1" 500 745 "-" "Mozilla/5.0 (Windows NT 10.0; Win64; x64) AppleWebKit/537.36 (KHTML, like Gecko) Chrome/114.0.0.0 Safari/537.36"
46.29.114.197 - - [30/Apr/2026:17:19:52 +0300] "POST /xmlrpc.php HTTP/1.1" 200 0 "-" "Mozilla/5.0 (Windows NT 10.0; WOW64) AppleWebKit/537.36 (KHTML, like Gecko) Chrome/80.0.3987.132 Safari/537.36"
185.216.113.70 - - [30/Apr/2026:17:20:55 +0300] "POST /wp-cron.php?doing_wp_cron=1777558855.0495629310607910156250 HTTP/1.1" 200 448 "-" "WordPress/6.3.8; https://serhatburke.miroglu.net"
96.44.167.86 - - [30/Apr/2026:17:18:59 +0300] "POST /xmlrpc.php HTTP/1.1" 500 745 "-" "Mozilla/5.0 (Windows NT 10.0; Win64; x64) AppleWebKit/537.36 (KHTML, like Gecko) Chrome/114.0.0.0 Safari/537.36"
216.73.217.81 - - [30/Apr/2026:17:20:13 +0300] "GET /robots.txt HTTP/2" 200 0 "-" "Mozilla/5.0 AppleWebKit/537.36 (KHTML, like Gecko; compatible; ClaudeBot/1.0; +claudebot@anthropic.com)"
103.219.169.226 - - [30/Apr/2026:17:19:07 +0300] "POST /xmlrpc.php HTTP/1.1" 500 745 "-" "Mozilla/5.0 (Windows NT 10.0; Win64; x64) AppleWebKit/537.36 (KHTML, like Gecko) Chrome/114.0.0.0 Safari/537.36"
38.246.32.195 - - [30/Apr/2026:17:19:09 +0300] "POST /xmlrpc.php HTTP/1.1" 500 745 "-" "Mozilla/5.0 (Windows NT 10.0; Win64; x64) AppleWebKit/537.36 (KHTML, like Gecko) Chrome/114.0.0.0 Safari/537.36"
96.44.167.86 - - [30/Apr/2026:17:19:11 +0300] "POST /xmlrpc.php HTTP/1.1" 500 745 "-" "Mozilla/5.0 (Windows NT 10.0; Win64; x64) AppleWebKit/537.36 (KHTML, like Gecko) Chrome/114.0.0.0 Safari/537.36"
103.219.169.226 - - [30/Apr/2026:17:19:10 +0300] "POST /xmlrpc.php HTTP/1.1" 500 745 "-" "Mozilla/5.0 (Windows NT 10.0; Win64; x64) AppleWebKit/537.36 (KHTML, like Gecko) Chrome/114.0.0.0 Safari/537.36"
104.166.164.2 - - [30/Apr/2026:17:19:14 +0300] "POST /xmlrpc.php HTTP/1.1" 500 745 "-" "Mozilla/5.0 (Windows NT 10.0; Win64; x64) AppleWebKit/537.36 (KHTML, like Gecko) Chrome/114.0.0.0 Safari/537.36"
108.181.120.104 - - [30/Apr/2026:17:19:19 +0300] "POST /xmlrpc.php HTTP/1.1" 500 745 "-" "Mozilla/5.0 (Windows NT 10.0; Win64; x64) AppleWebKit/537.36 (KHTML, like Gecko) Chrome/114.0.0.0 Safari/537.36"
104.166.164.2 - - [30/Apr/2026:17:19:22 +0300] "POST /xmlrpc.php HTTP/1.1" 500 745 "-" "Mozilla/5.0 (Windows NT 10.0; Win64; x64) AppleWebKit/537.36 (KHTML, like Gecko) Chrome/114.0.0.0 Safari/537.36"
38.246.32.195 - - [30/Apr/2026:17:19:24 +0300] "POST /xmlrpc.php HTTP/1.1" 500 745 "-" "Mozilla/5.0 (Windows NT 10.0; Win64; x64) AppleWebKit/537.36 (KHTML, like Gecko) Chrome/114.0.0.0 Safari/537.36"
185.216.113.70 - - [30/Apr/2026:17:21:26 +0300] "POST /wp-cron.php?doing_wp_cron=1777558886.5506451129913330078125 HTTP/1.1" 200 448 "-" "WordPress/6.3.8; https://serhatburke.miroglu.net"
104.166.164.2 - - [30/Apr/2026:17:19:26 +0300] "POST /xmlrpc.php HTTP/1.1" 500 745 "-" "Mozilla/5.0 (Windows NT 10.0; Win64; x64) AppleWebKit/537.36 (KHTML, like Gecko) Chrome/114.0.0.0 Safari/537.36"
185.216.113.70 - - [30/Apr/2026:17:21:46 +0300] "POST /wp-cron.php?doing_wp_cron=1777558906.1388890743255615234375 HTTP/1.1" 200 448 "-" "WordPress/6.3.8; https://serhatburke.miroglu.net"
46.29.114.197 - - [30/Apr/2026:17:20:53 +0300] "POST /xmlrpc.php HTTP/1.1" 200 0 "-" "Mozilla/5.0 (Windows NT 10.0; WOW64) AppleWebKit/537.36 (KHTML, like Gecko) Chrome/80.0.3987.132 Safari/537.36"
38.246.32.195 - - [30/Apr/2026:17:20:02 +0300] "POST /xmlrpc.php HTTP/1.1" 500 745 "-" "Mozilla/5.0 (Windows NT 10.0; Win64; x64) AppleWebKit/537.36 (KHTML, like Gecko) Chrome/114.0.0.0 Safari/537.36"
38.246.32.195 - - [30/Apr/2026:17:20:22 +0300] "POST /xmlrpc.php HTTP/1.1" 500 745 "-" "Mozilla/5.0 (Windows NT 10.0; Win64; x64) AppleWebKit/537.36 (KHTML, like Gecko) Chrome/114.0.0.0 Safari/537.36"
200.25.47.108 - - [30/Apr/2026:17:20:22 +0300] "POST /xmlrpc.php HTTP/1.1" 500 745 "-" "Mozilla/5.0 (Windows NT 10.0; Win64; x64) AppleWebKit/537.36 (KHTML, like Gecko) Chrome/114.0.0.0 Safari/537.36"
104.166.164.2 - - [30/Apr/2026:17:20:33 +0300] "POST /xmlrpc.php HTTP/1.1" 500 745 "-" "Mozilla/5.0 (Windows NT 10.0; Win64; x64) AppleWebKit/537.36 (KHTML, like Gecko) Chrome/114.0.0.0 Safari/537.36"
103.219.169.226 - - [30/Apr/2026:17:20:33 +0300] "POST /xmlrpc.php HTTP/1.1" 500 745 "-" "Mozilla/5.0 (Windows NT 10.0; Win64; x64) AppleWebKit/537.36 (KHTML, like Gecko) Chrome/114.0.0.0 Safari/537.36"
104.166.164.2 - - [30/Apr/2026:17:20:46 +0300] "POST /xmlrpc.php HTTP/1.1" 500 745 "-" "Mozilla/5.0 (Windows NT 10.0; Win64; x64) AppleWebKit/537.36 (KHTML, like Gecko) Chrome/114.0.0.0 Safari/537.36"
103.219.169.226 - - [30/Apr/2026:17:20:47 +0300] "POST /xmlrpc.php HTTP/1.1" 500 745 "-" "Mozilla/5.0 (Windows NT 10.0; Win64; x64) AppleWebKit/537.36 (KHTML, like Gecko) Chrome/114.0.0.0 Safari/537.36"
96.44.167.86 - - [30/Apr/2026:17:20:51 +0300] "POST /xmlrpc.php HTTP/1.1" 500 745 "-" "Mozilla/5.0 (Windows NT 10.0; Win64; x64) AppleWebKit/537.36 (KHTML, like Gecko) Chrome/114.0.0.0 Safari/537.36"
46.29.114.197 - - [30/Apr/2026:17:21:55 +0300] "POST /xmlrpc.php HTTP/1.1" 200 0 "-" "Mozilla/5.0 (Windows NT 10.0; WOW64) AppleWebKit/537.36 (KHTML, like Gecko) Chrome/80.0.3987.132 Safari/537.36"
104.166.164.2 - - [30/Apr/2026:17:21:06 +0300] "GET /?p=146369 HTTP/1.1" 500 745 "-" "Mozilla/5.0 (Windows NT 10.0; rv:109.0) Gecko/20100101 Firefox/115.0"
38.246.32.195 - - [30/Apr/2026:17:21:09 +0300] "GET /?p=146367 HTTP/1.1" 500 745 "-" "Mozilla/5.0 (Windows NT 10.0; rv:109.0) Gecko/20100101 Firefox/115.0"
185.216.113.70 - - [30/Apr/2026:17:23:14 +0300] "POST /wp-cron.php?doing_wp_cron=1777558994.0587320327758789062500 HTTP/1.1" 200 448 "-" "WordPress/6.3.8; https://serhatburke.miroglu.net"
38.246.32.195 - - [30/Apr/2026:17:21:42 +0300] "POST /xmlrpc.php HTTP/1.1" 500 1102 "-" "Mozilla/5.0 (Windows NT 10.0; Win64; x64) AppleWebKit/537.36 (KHTML, like Gecko) Chrome/114.0.0.0 Safari/537.36"
185.216.113.70 - - [30/Apr/2026:17:23:23 +0300] "POST /wp-cron.php?doing_wp_cron=1777559003.8776910305023193359375 HTTP/1.1" 200 448 "-" "WordPress/6.3.8; https://serhatburke.miroglu.net"
57.128.22.95 - - [30/Apr/2026:17:21:37 +0300] "GET /28563-2/ HTTP/1.1" 200 19313 "https://serhatburke.miroglu.net/" "Mozilla/5.0 (X11; Linux aarch64) AppleWebKit/537.36 (KHTML, like Gecko) Chrome/139.0.0.0 Safari/537.36"
185.216.113.70 - - [30/Apr/2026:17:23:36 +0300] "POST /wp-cron.php?doing_wp_cron=1777559015.7637250423431396484375 HTTP/1.1" 200 448 "-" "WordPress/6.3.8; https://serhatburke.miroglu.net"
185.216.113.70 - - [30/Apr/2026:17:23:52 +0300] "POST /wp-cron.php?doing_wp_cron=1777559031.8531560897827148437500 HTTP/1.1" 200 448 "-" "WordPress/6.3.8; https://serhatburke.miroglu.net"
103.219.169.226 - - [30/Apr/2026:17:22:13 +0300] "GET /?p=146373 HTTP/1.1" 301 675 "-" "Mozilla/5.0 (Windows NT 10.0; Win64; x64; rv:125.0) Gecko/20100101 Firefox/125.0"
185.216.113.70 - - [30/Apr/2026:17:23:57 +0300] "POST /wp-cron.php?doing_wp_cron=1777559037.3548960685729980468750 HTTP/1.1" 200 448 "-" "WordPress/6.3.8; https://serhatburke.miroglu.net"
104.166.164.2 - - [30/Apr/2026:17:22:13 +0300] "POST /xmlrpc.php HTTP/1.1" 500 1102 "-" "Mozilla/5.0 (Windows NT 10.0; Win64; x64) AppleWebKit/537.36 (KHTML, like Gecko) Chrome/114.0.0.0 Safari/537.36"
185.216.113.70 - - [30/Apr/2026:17:24:19 +0300] "POST /wp-cron.php?doing_wp_cron=1777559059.6392838954925537109375 HTTP/1.1" 200 448 "-" "WordPress/6.3.8; https://serhatburke.miroglu.net"
57.128.22.95 - - [30/Apr/2026:17:22:37 +0300] "GET /28563-2/ HTTP/1.1" 200 19438 "https://serhatburke.miroglu.net/" "Mozilla/5.0 (X11; Linux aarch64) AppleWebKit/537.36 (KHTML, like Gecko) Chrome/139.0.0.0 Safari/537.36"
185.216.113.70 - - [30/Apr/2026:17:24:23 +0300] "POST /wp-cron.php?doing_wp_cron=1777559063.2897601127624511718750 HTTP/1.1" 200 448 "-" "WordPress/6.3.8; https://serhatburke.miroglu.net"
185.216.113.70 - - [30/Apr/2026:17:24:23 +0300] "POST /wp-cron.php?doing_wp_cron=1777559063.3433930873870849609375 HTTP/1.1" 200 448 "-" "WordPress/6.3.8; https://serhatburke.miroglu.net"
38.246.32.195 - - [30/Apr/2026:17:22:47 +0300] "POST /xmlrpc.php HTTP/1.1" 200 627 "-" "Mozilla/5.0 (Windows NT 10.0; Win64; x64) AppleWebKit/537.36 (KHTML, like Gecko) Chrome/114.0.0.0 Safari/537.36"
191.101.174.193 - - [30/Apr/2026:17:22:58 +0300] "GET /aviamasters-quickhit-mobile-crash-gaming-for-the-o-2/ HTTP/1.1" 200 23745 "-" "Python/3.14 aiohttp/3.13.3"
104.166.164.2 - - [30/Apr/2026:17:22:31 +0300] "POST /xmlrpc.php HTTP/1.1" 500 745 "-" "Mozilla/5.0 (Windows NT 10.0; Win64; x64) AppleWebKit/537.36 (KHTML, like Gecko) Chrome/114.0.0.0 Safari/537.36"
185.216.113.70 - - [30/Apr/2026:17:24:36 +0300] "POST /wp-cron.php?doing_wp_cron=1777559076.2508521080017089843750 HTTP/1.1" 200 448 "-" "WordPress/6.3.8; https://serhatburke.miroglu.net"
185.216.113.70 - - [30/Apr/2026:17:24:36 +0300] "POST /wp-cron.php?doing_wp_cron=1777559076.2645719051361083984375 HTTP/1.1" 200 448 "-" "WordPress/6.3.8; https://serhatburke.miroglu.net"
104.166.164.2 - - [30/Apr/2026:17:22:46 +0300] "POST /xmlrpc.php HTTP/1.1" 200 861 "-" "Mozilla/5.0 (Windows NT 10.0; Win64; x64) AppleWebKit/537.36 (KHTML, like Gecko) Chrome/114.0.0.0 Safari/537.36"
154.6.126.153 - - [30/Apr/2026:17:23:06 +0300] "GET /aviamasters-quickhit-mobile-crash-gaming-for-the-o-2/ HTTP/1.1" 200 23745 "-" "Python/3.14 aiohttp/3.13.3"
185.216.113.70 - - [30/Apr/2026:17:25:09 +0300] "POST /wp-cron.php?doing_wp_cron=1777559109.2752130031585693359375 HTTP/1.1" 200 448 "-" "WordPress/6.3.8; https://serhatburke.miroglu.net"
57.128.22.95 - - [30/Apr/2026:17:23:38 +0300] "GET /28563-2/ HTTP/1.1" 200 19313 "https://serhatburke.miroglu.net/" "Mozilla/5.0 (X11; Linux aarch64) AppleWebKit/537.36 (KHTML, like Gecko) Chrome/139.0.0.0 Safari/537.36"
185.216.113.70 - - [30/Apr/2026:17:25:19 +0300] "POST /wp-cron.php?doing_wp_cron=1777559118.9937629699707031250000 HTTP/1.1" 200 448 "-" "WordPress/6.3.8; https://serhatburke.miroglu.net"
173.211.8.4 - - [30/Apr/2026:17:23:20 +0300] "GET /aviamasters-quickhit-mobile-crash-gaming-for-the-o-2/ HTTP/1.1" 200 23578 "-" "Python/3.14 aiohttp/3.13.3"
103.219.169.226 - - [30/Apr/2026:17:23:53 +0300] "POST /xmlrpc.php HTTP/1.1" 200 627 "-" "Mozilla/5.0 (Windows NT 10.0; Win64; x64) AppleWebKit/537.36 (KHTML, like Gecko) Chrome/114.0.0.0 Safari/537.36"
185.216.113.70 - - [30/Apr/2026:17:25:35 +0300] "POST /wp-cron.php?doing_wp_cron=1777559135.3556709289550781250000 HTTP/1.1" 200 448 "-" "WordPress/6.3.8; https://serhatburke.miroglu.net"
158.69.22.136 - - [30/Apr/2026:17:24:19 +0300] "GET /35849-2/ HTTP/1.1" 200 18380 "https://serhatburke.miroglu.net/" "Mozilla/5.0 (Windows NT 10.0; Win64; x64) AppleWebKit/537.36 (KHTML, like Gecko) Chrome/137.0.0.0 Safari/537.36"
185.216.113.70 - - [30/Apr/2026:17:25:41 +0300] "POST /wp-cron.php?doing_wp_cron=1777559141.4677860736846923828125 HTTP/1.1" 200 448 "-" "WordPress/6.3.8; https://serhatburke.miroglu.net"
103.219.169.226 - - [30/Apr/2026:17:23:56 +0300] "GET /amortiguador-ohlins-ttx-gp-con-el-fin-de-honda-cbr-160-rr-07-25-ho-469-tgp-motoracing/ HTTP/1.1" 404 59251 "-" "Mozilla/5.0 (Windows NT 10.0; Win64; x64; rv:125.0) Gecko/20100101 Firefox/125.0"
185.216.113.70 - - [30/Apr/2026:17:25:47 +0300] "POST /wp-cron.php?doing_wp_cron=1777559147.8644299507141113281250 HTTP/1.1" 200 448 "-" "WordPress/6.3.8; https://serhatburke.miroglu.net"
104.166.164.2 - - [30/Apr/2026:17:24:16 +0300] "POST /xmlrpc.php HTTP/1.1" 200 14302 "-" "Mozilla/5.0 (Windows NT 10.0; Win64; x64) AppleWebKit/537.36 (KHTML, like Gecko) Chrome/114.0.0.0 Safari/537.36"
185.216.113.70 - - [30/Apr/2026:17:26:11 +0300] "POST /wp-cron.php?doing_wp_cron=1777559171.7552421092987060546875 HTTP/1.1" 200 448 "-" "WordPress/6.3.8; https://serhatburke.miroglu.net"
158.69.22.136 - - [30/Apr/2026:17:24:50 +0300] "GET /35849-2/ HTTP/1.1" 200 18388 "https://serhatburke.miroglu.net/" "Mozilla/5.0 (Windows NT 10.0; Win64; x64) AppleWebKit/537.36 (KHTML, like Gecko) Chrome/137.0.0.0 Safari/537.36"
185.216.113.70 - - [30/Apr/2026:17:26:27 +0300] "POST /wp-cron.php?doing_wp_cron=1777559187.8666169643402099609375 HTTP/1.1" 200 448 "-" "WordPress/6.3.8; https://serhatburke.miroglu.net"
158.69.22.136 - - [30/Apr/2026:17:25:20 +0300] "GET /35849-2/ HTTP/1.1" 200 18380 "https://serhatburke.miroglu.net/" "Mozilla/5.0 (Windows NT 10.0; Win64; x64) AppleWebKit/537.36 (KHTML, like Gecko) Chrome/137.0.0.0 Safari/537.36"
104.166.164.2 - - [30/Apr/2026:17:25:50 +0300] "GET /best-50-free-spins-on-queen-of-the-nile-no-deposit-real-money-online-casinos-guide-for-march-2026/ HTTP/1.1" 200 79548 "-" "Mozilla/5.0 (Windows NT 10.0; Win64; x64; rv:124.0) Gecko/20100101 Firefox/124.0"
185.216.113.70 - - [30/Apr/2026:17:27:31 +0300] "POST /wp-cron.php?doing_wp_cron=1777559251.3898038864135742187500 HTTP/1.1" 200 448 "-" "WordPress/6.3.8; https://serhatburke.miroglu.net"
45.151.163.250 - - [30/Apr/2026:17:27:18 +0300] "GET /aviator-crash-game-vittorie-veloci-gioco-ad-alta-i/ HTTP/1.1" 200 23635 "-" "Python/3.14 aiohttp/3.13.3"
191.101.174.193 - - [30/Apr/2026:17:27:25 +0300] "GET /aviator-crash-game-vittorie-veloci-gioco-ad-alta-i/ HTTP/1.1" 200 23470 "-" "Python/3.14 aiohttp/3.13.3"
91.107.208.255 - - [30/Apr/2026:17:27:29 +0300] "POST /xmlrpc.php HTTP/1.1" 200 602 "-" "Mozilla/5.0 (Windows NT 10.0; Win64; x64) AppleWebKit/537.36 (KHTML, like Gecko) Chrome/108.0.0.0 Safari/537.36"
166.88.235.115 - - [30/Apr/2026:17:27:38 +0300] "GET /aviator-crash-game-vittorie-veloci-gioco-ad-alta-i/ HTTP/1.1" 200 23635 "-" "Python/3.14 aiohttp/3.13.3"
103.204.110.149 - - [30/Apr/2026:17:27:40 +0300] "GET /beste-casino-site-belgie-hoge-inzet/ HTTP/1.1" 200 19280 "https://serhatburke.miroglu.net/" "Mozilla/5.0 (Windows NT 10.0; Win64; x64) AppleWebKit/537.36 (KHTML, like Gecko) Chrome/114.0.0.0 Safari/537.36"
91.107.208.255 - - [30/Apr/2026:17:27:52 +0300] "POST /xmlrpc.php HTTP/1.1" 200 594 "-" "Mozilla/5.0 (Windows NT 10.0; Win64; x64) AppleWebKit/537.36 (KHTML, like Gecko) Chrome/108.0.0.0 Safari/537.36"
185.216.113.70 - - [30/Apr/2026:17:28:59 +0300] "POST /wp-cron.php?doing_wp_cron=1777559339.8624050617218017578125 HTTP/1.1" 200 448 "-" "WordPress/6.3.8; https://serhatburke.miroglu.net"
40.77.167.27 - - [30/Apr/2026:17:28:47 +0300] "GET /the-net-revolutionised-gambling-on-line-by-giving-people-several-gambling-selection/ HTTP/2" 200 18083 "-" "Mozilla/5.0 AppleWebKit/537.36 (KHTML, like Gecko; compatible; bingbot/2.0; +http://www.bing.com/bingbot.htm) Chrome/116.0.1938.76 Safari/537.36"
20.15.133.161 - - [30/Apr/2026:17:29:05 +0300] "GET /robots.txt HTTP/2" 200 0 "-" "Mozilla/5.0 AppleWebKit/537.36 (KHTML, like Gecko; compatible; bingbot/2.0; +http://www.bing.com/bingbot.htm) Chrome/116.0.1938.76 Safari/537.36"
40.77.167.40 - - [30/Apr/2026:17:28:55 +0300] "GET /exploring-the-safepal-wallet-a-comprehensive-guide-3/ HTTP/2" 200 17768 "-" "Mozilla/5.0 AppleWebKit/537.36 (KHTML, like Gecko; compatible; bingbot/2.0; +http://www.bing.com/bingbot.htm) Chrome/116.0.1938.76 Safari/537.36"
40.77.167.35 - - [30/Apr/2026:17:28:58 +0300] "GET /over-recent-years-the-landscape-of-online-slot-gaming-has-undergone-a-significant-transformation-n/ HTTP/2" 200 18327 "-" "Mozilla/5.0 AppleWebKit/537.36 (KHTML, like Gecko; compatible; bingbot/2.0; +http://www.bing.com/bingbot.htm) Chrome/116.0.1938.76 Safari/537.36"
40.77.167.35 - - [30/Apr/2026:17:28:59 +0300] "GET /play-cricket-celebrity-age-of-troy-online-slot-slot-games-on-the-internet-100-percent-free-spins/ HTTP/2" 200 19341 "-" "Mozilla/5.0 AppleWebKit/537.36 (KHTML, like Gecko; compatible; bingbot/2.0; +http://www.bing.com/bingbot.htm) Chrome/116.0.1938.76 Safari/537.36"
52.167.144.190 - - [30/Apr/2026:17:29:08 +0300] "GET /with-all-this-speak-of-actual-money-ports-youre-probably-wondering-if-theres-a-totally-free-equal/ HTTP/2" 200 17620 "-" "Mozilla/5.0 AppleWebKit/537.36 (KHTML, like Gecko; compatible; bingbot/2.0; +http://www.bing.com/bingbot.htm) Chrome/116.0.1938.76 Safari/537.36"
128.1.218.169 - - [30/Apr/2026:17:29:13 +0300] "POST /xmlrpc.php HTTP/1.1" 200 630 "-" "Mozilla/5.0 (Windows NT 10.0; Win64; x64) AppleWebKit/537.36 (KHTML, like Gecko) Chrome/114.0.0.0 Safari/537.36"
185.216.113.70 - - [30/Apr/2026:17:30:02 +0300] "POST /wp-cron.php?doing_wp_cron=1777559402.6026821136474609375000 HTTP/1.1" 200 448 "-" "WordPress/6.3.8; https://serhatburke.miroglu.net"
40.77.167.40 - - [30/Apr/2026:17:29:34 +0300] "GET /dzieki-temu-sportowcy-funkcje-dostawa-na-najnowszych-i-bedziesz-bardzo-dochodowych-tytulow/ HTTP/2" 200 18148 "-" "Mozilla/5.0 AppleWebKit/537.36 (KHTML, like Gecko; compatible; bingbot/2.0; +http://www.bing.com/bingbot.htm) Chrome/116.0.1938.76 Safari/537.36"
40.77.167.40 - - [30/Apr/2026:17:29:39 +0300] "GET /finest-good-fresh-fruit-harbors-2026-gamble-3-butterflies-online-slot-good-fresh-fruit-styled-harbors-online/ HTTP/2" 200 19240 "-" "Mozilla/5.0 AppleWebKit/537.36 (KHTML, like Gecko; compatible; bingbot/2.0; +http://www.bing.com/bingbot.htm) Chrome/116.0.1938.76 Safari/537.36"
128.1.218.169 - - [30/Apr/2026:17:29:54 +0300] "POST /xmlrpc.php HTTP/1.1" 200 13974 "-" "Mozilla/5.0 (Windows NT 10.0; Win64; x64) AppleWebKit/537.36 (KHTML, like Gecko) Chrome/114.0.0.0 Safari/537.36"
52.167.144.190 - - [30/Apr/2026:17:29:58 +0300] "GET /on-line-drum-playojo-100-no-deposit-free-spins-2023-host-online-app-ordrumbox/ HTTP/2" 200 20840 "-" "Mozilla/5.0 AppleWebKit/537.36 (KHTML, like Gecko; compatible; bingbot/2.0; +http://www.bing.com/bingbot.htm) Chrome/116.0.1938.76 Safari/537.36"
40.77.167.40 - - [30/Apr/2026:17:30:24 +0300] "GET /dieser-vergleich-hilft-ihnen-intensiv-relevante-unterschiede-direkt-dahinter-schnallen-klassische-casinospiele-wie-gleichfalls-roulette-und-blackjack-man-sagt-sie-casino-stargames-mobile-seien-auf/ HTTP/2" 200 19740 "-" "Mozilla/5.0 AppleWebKit/537.36 (KHTML, like Gecko; compatible; bingbot/2.0; +http://www.bing.com/bingbot.htm) Chrome/116.0.1938.76 Safari/537.36"
128.1.218.169 - - [30/Apr/2026:17:30:24 +0300] "GET /booking-big-bass-bonanza-bonus-game-rules/ HTTP/1.1" 200 77040 "-" "Mozilla/5.0 (Windows NT 10.0; Win64; x64) AppleWebKit/537.36 (KHTML, like Gecko) Chrome/123.0.0.0 Safari/537.36"
185.216.113.70 - - [30/Apr/2026:17:30:48 +0300] "POST /wp-cron.php?doing_wp_cron=1777559448.4683220386505126953125 HTTP/1.1" 200 448 "-" "WordPress/6.3.8; https://serhatburke.miroglu.net"
52.167.144.190 - - [30/Apr/2026:17:30:36 +0300] "GET /essential-features-of-dexscreener-for-successful-trading/ HTTP/2" 200 18031 "-" "Mozilla/5.0 AppleWebKit/537.36 (KHTML, like Gecko; compatible; bingbot/2.0; +http://www.bing.com/bingbot.htm) Chrome/116.0.1938.76 Safari/537.36"
66.249.73.15 - - [30/Apr/2026:17:30:42 +0300] "GET /loki-casino-uk-an-exciting-world-of-video-slots/ HTTP/1.1" 200 0 "https://gxrv.driftlogic-games.biz/" "Mozilla/5.0 AppleWebKit/537.36 (KHTML, like Gecko; compatible; Googlebot/2.1; +http://www.google.com/bot.html) Chrome/147.0.7727.116 Safari/537.36"
52.167.144.190 - - [30/Apr/2026:17:30:54 +0300] "GET /ranking-kasyn-sieciowy-w-polsce-brak-gotowki-depozytowej-spybet-2025/ HTTP/2" 200 21325 "-" "Mozilla/5.0 AppleWebKit/537.36 (KHTML, like Gecko; compatible; bingbot/2.0; +http://www.bing.com/bingbot.htm) Chrome/116.0.1938.76 Safari/537.36"
185.216.113.70 - - [30/Apr/2026:17:31:48 +0300] "POST /wp-cron.php?doing_wp_cron=1777559508.0704629421234130859375 HTTP/1.1" 200 448 "-" "WordPress/6.3.8; https://serhatburke.miroglu.net"
40.77.167.40 - - [30/Apr/2026:17:31:34 +0300] "GET /premio-in-assenza-di-deposito-ultime-offerte-di-casa-da-gioco-aams-nel-yoyospins-codice-promozionale-slot-2026/ HTTP/2" 200 19754 "-" "Mozilla/5.0 AppleWebKit/537.36 (KHTML, like Gecko; compatible; bingbot/2.0; +http://www.bing.com/bingbot.htm) Chrome/116.0.1938.76 Safari/537.36"
185.216.113.70 - - [30/Apr/2026:17:37:15 +0300] "POST /wp-cron.php?doing_wp_cron=1777559835.3655021190643310546875 HTTP/1.1" 200 448 "-" "WordPress/6.3.8; https://serhatburke.miroglu.net"
52.167.144.157 - - [30/Apr/2026:17:36:59 +0300] "GET /esquerdo-distracao-da-aquatica-sigl-casa-2026-acaso-login-puerilidade-apontado-de-break-the-piggy-bank-apostar-slots-gratis-na-great-com/ HTTP/2" 200 19654 "-" "Mozilla/5.0 AppleWebKit/537.36 (KHTML, like Gecko; compatible; bingbot/2.0; +http://www.bing.com/bingbot.htm) Chrome/116.0.1938.76 Safari/537.36"
52.167.144.190 - - [30/Apr/2026:17:37:03 +0300] "GET /este-es-nuestro-sorteo-con-el-pasar-del-tiempo-m%EF%BF%BDs-chances-de-conseguir/ HTTP/2" 200 19455 "-" "Mozilla/5.0 AppleWebKit/537.36 (KHTML, like Gecko; compatible; bingbot/2.0; +http://www.bing.com/bingbot.htm) Chrome/116.0.1938.76 Safari/537.36"
128.1.218.169 - - [30/Apr/2026:17:37:11 +0300] "POST /xmlrpc.php HTTP/1.1" 200 630 "-" "Mozilla/5.0 (Windows NT 10.0; Win64; x64) AppleWebKit/537.36 (KHTML, like Gecko) Chrome/114.0.0.0 Safari/537.36"
40.77.167.40 - - [30/Apr/2026:17:37:10 +0300] "GET /syndicate-casino-remark-125-to-one-thousand-200-totally-free-revolves/ HTTP/2" 200 18269 "-" "Mozilla/5.0 AppleWebKit/537.36 (KHTML, like Gecko; compatible; bingbot/2.0; +http://www.bing.com/bingbot.htm) Chrome/116.0.1938.76 Safari/537.36"
52.167.144.157 - - [30/Apr/2026:17:37:30 +0300] "GET /free-bananas-go-bahamas-1-deposit-revolves-no-deposit-2026-step-one000-incentive-spins/ HTTP/2" 200 0 "-" "Mozilla/5.0 AppleWebKit/537.36 (KHTML, like Gecko; compatible; bingbot/2.0; +http://www.bing.com/bingbot.htm) Chrome/116.0.1938.76 Safari/537.36"
52.167.144.190 - - [30/Apr/2026:17:37:41 +0300] "GET /safari-mystery-tada-playing-slot-ariana-trial-and-position-review/ HTTP/2" 200 0 "-" "Mozilla/5.0 AppleWebKit/537.36 (KHTML, like Gecko; compatible; bingbot/2.0; +http://www.bing.com/bingbot.htm) Chrome/116.0.1938.76 Safari/537.36"
185.216.113.70 - - [30/Apr/2026:17:38:33 +0300] "POST /wp-cron.php?doing_wp_cron=1777559913.6396269798278808593750 HTTP/1.1" 200 448 "-" "WordPress/6.3.8; https://serhatburke.miroglu.net"
40.77.167.40 - - [30/Apr/2026:17:37:49 +0300] "GET /diese-besten-online-spielbank-pramie-angebote-land-der-dichter-und-denker-2026/ HTTP/2" 200 0 "-" "Mozilla/5.0 AppleWebKit/537.36 (KHTML, like Gecko; compatible; bingbot/2.0; +http://www.bing.com/bingbot.htm) Chrome/116.0.1938.76 Safari/537.36"
185.99.255.75 - - [30/Apr/2026:17:37:40 +0300] "GET /novoline-casino-codice-bonus-registrazione/ HTTP/1.1" 200 17961 "https://serhatburke.miroglu.net/" "Mozilla/5.0 (Windows NT 10.0; Win64; x64; rv:114.0) Gecko/20100101 Firefox/114.0"
128.1.218.169 - - [30/Apr/2026:17:37:49 +0300] "POST /xmlrpc.php HTTP/1.1" 200 14714 "-" "Mozilla/5.0 (Windows NT 10.0; Win64; x64) AppleWebKit/537.36 (KHTML, like Gecko) Chrome/114.0.0.0 Safari/537.36"
185.216.113.70 - - [30/Apr/2026:17:38:43 +0300] "POST /wp-cron.php?doing_wp_cron=1777559922.6721029281616210937500 HTTP/1.1" 200 448 "-" "WordPress/6.3.8; https://serhatburke.miroglu.net"
52.167.144.190 - - [30/Apr/2026:17:38:01 +0300] "GET /jeu-en-ligne-casino-king-of-the-jungle-immortal-love-dos-sortie-tres-attendu-avril-2024/ HTTP/2" 200 0 "-" "Mozilla/5.0 AppleWebKit/537.36 (KHTML, like Gecko; compatible; bingbot/2.0; +http://www.bing.com/bingbot.htm) Chrome/116.0.1938.76 Safari/537.36"
185.99.255.75 - - [30/Apr/2026:17:38:11 +0300] "GET /novoline-casino-codice-bonus-registrazione/ HTTP/1.1" 200 17801 "https://serhatburke.miroglu.net/" "Mozilla/5.0 (Windows NT 10.0; Win64; x64; rv:114.0) Gecko/20100101 Firefox/114.0"
52.167.144.157 - - [30/Apr/2026:17:38:30 +0300] "GET /les-regles-en-blackjack-les-donnees-quil-faut-comprendre/ HTTP/2" 200 0 "-" "Mozilla/5.0 AppleWebKit/537.36 (KHTML, like Gecko; compatible; bingbot/2.0; +http://www.bing.com/bingbot.htm) Chrome/116.0.1938.76 Safari/537.36"
52.167.144.157 - - [30/Apr/2026:17:38:34 +0300] "GET /tiradas-de-100-giros-gratis-sin-deposito-columbus-deluxe-balde-carente-tanque-acerca-de-casinos-sobre-de-cualquier-parte-del-mundo-2026/ HTTP/2" 200 0 "-" "Mozilla/5.0 AppleWebKit/537.36 (KHTML, like Gecko; compatible; bingbot/2.0; +http://www.bing.com/bingbot.htm) Chrome/116.0.1938.76 Safari/537.36"
185.99.255.75 - - [30/Apr/2026:17:38:41 +0300] "GET /novoline-casino-codice-bonus-registrazione/ HTTP/1.1" 200 17801 "https://serhatburke.miroglu.net/" "Mozilla/5.0 (Windows NT 10.0; Win64; x64; rv:114.0) Gecko/20100101 Firefox/114.0"
40.77.167.40 - - [30/Apr/2026:17:38:54 +0300] "GET /22327-2/ HTTP/2" 200 0 "-" "Mozilla/5.0 AppleWebKit/537.36 (KHTML, like Gecko; compatible; bingbot/2.0; +http://www.bing.com/bingbot.htm) Chrome/116.0.1938.76 Safari/537.36"
