176.98.31.43 - - [29/Apr/2026:20:55:04 +0300] "POST /xmlrpc.php HTTP/1.1" 200 0 "-" "Mozilla/5.0 (Windows NT 10.0; WOW64; rv:45.0) Gecko/20100101 Firefox/45.0"
185.216.113.70 - - [29/Apr/2026:20:55:49 +0300] "POST /wp-cron.php?doing_wp_cron=1777485349.4520421028137207031250 HTTP/1.1" 200 448 "-" "WordPress/6.3.8; https://serhatburke.miroglu.net"
185.216.113.70 - - [29/Apr/2026:20:55:49 +0300] "POST /wp-cron.php?doing_wp_cron=1777485349.6920509338378906250000 HTTP/1.1" 200 448 "-" "WordPress/6.3.8; https://serhatburke.miroglu.net"
40.77.167.55 - - [29/Apr/2026:20:55:06 +0300] "GET /generirane-na-video-obzori-v-notebooklm-notebooklm-let/undefined?ts=1777485094 HTTP/2" 404 14363 "https://serhatburke.miroglu.net/generirane-na-video-obzori-v-notebooklm-notebooklm-let/" "Mozilla/5.0 AppleWebKit/537.36 (KHTML, like Gecko; compatible; bingbot/2.0; +http://www.bing.com/bingbot.htm) Chrome/136.0.0.0 Safari/537.36 AppleWebKit/537.36 (KHTML, like Gecko; compatible; bingbot/2.0; +http://www.bing.com/bingbot.htm) Chrome/116.0.1938.76 Safari/537.36"
40.77.167.55 - - [29/Apr/2026:20:55:05 +0300] "GET /generirane-na-video-obzori-v-notebooklm-notebooklm-let/undefined?ts=1777485092 HTTP/2" 404 14375 "https://serhatburke.miroglu.net/generirane-na-video-obzori-v-notebooklm-notebooklm-let/" "Mozilla/5.0 AppleWebKit/537.36 (KHTML, like Gecko; compatible; bingbot/2.0; +http://www.bing.com/bingbot.htm) Chrome/136.0.0.0 Safari/537.36 AppleWebKit/537.36 (KHTML, like Gecko; compatible; bingbot/2.0; +http://www.bing.com/bingbot.htm) Chrome/116.0.1938.76 Safari/537.36"
185.216.113.70 - - [29/Apr/2026:20:55:51 +0300] "POST /wp-cron.php?doing_wp_cron=1777485351.0380020141601562500000 HTTP/1.1" 200 448 "-" "WordPress/6.3.8; https://serhatburke.miroglu.net"
202.14.6.152 - - [29/Apr/2026:20:55:08 +0300] "GET /beste-casino-site-belgie-hoge-inzet/ HTTP/1.1" 200 19280 "https://serhatburke.miroglu.net/" "Mozilla/5.0 (X11; Linux i686) AppleWebKit/537.36 (KHTML, like Gecko) Chrome/114.0.0.0 Safari/537.36 Vivaldi/5.3.2679.68"
185.216.113.70 - - [29/Apr/2026:20:55:52 +0300] "POST /wp-cron.php?doing_wp_cron=1777485352.5616979598999023437500 HTTP/1.1" 200 448 "-" "WordPress/6.3.8; https://serhatburke.miroglu.net"
203.234.238.140 - - [29/Apr/2026:20:55:10 +0300] "GET /88701-2/ HTTP/1.1" 200 18401 "https://serhatburke.miroglu.net/?p=88701" "Mozilla/5.0 (Windows NT 10.0; Win64; x64) AppleWebKit/537.36 (KHTML, like Gecko) Chrome/142.0.0.0 YaBrowser/25.12.0.0 Safari/537.36"
185.216.113.70 - - [29/Apr/2026:20:56:21 +0300] "POST /wp-cron.php?doing_wp_cron=1777485380.7577800750732421875000 HTTP/1.1" 200 448 "-" "WordPress/6.3.8; https://serhatburke.miroglu.net"
40.77.167.55 - - [29/Apr/2026:20:55:35 +0300] "GET /generirane-na-video-obzori-v-notebooklm-notebooklm-let/undefined?ts=1777485094 HTTP/2" 404 14386 "https://serhatburke.miroglu.net/generirane-na-video-obzori-v-notebooklm-notebooklm-let/" "Mozilla/5.0 AppleWebKit/537.36 (KHTML, like Gecko; compatible; bingbot/2.0; +http://www.bing.com/bingbot.htm) Chrome/136.0.0.0 Safari/537.36 AppleWebKit/537.36 (KHTML, like Gecko; compatible; bingbot/2.0; +http://www.bing.com/bingbot.htm) Chrome/116.0.1938.76 Safari/537.36"
40.77.167.55 - - [29/Apr/2026:20:55:50 +0300] "GET /generirane-na-video-obzori-v-notebooklm-notebooklm-let/undefined?ts=1777485094 HTTP/2" 200 0 "https://serhatburke.miroglu.net/generirane-na-video-obzori-v-notebooklm-notebooklm-let/" "Mozilla/5.0 AppleWebKit/537.36 (KHTML, like Gecko; compatible; bingbot/2.0; +http://www.bing.com/bingbot.htm) Chrome/136.0.0.0 Safari/537.36 AppleWebKit/537.36 (KHTML, like Gecko; compatible; bingbot/2.0; +http://www.bing.com/bingbot.htm) Chrome/116.0.1938.76 Safari/537.36"
40.77.167.75 - - [29/Apr/2026:20:55:55 +0300] "GET /generirane-na-video-obzori-v-notebooklm-notebooklm-let/undefined?ts=1777485093 HTTP/2" 200 0 "https://serhatburke.miroglu.net/generirane-na-video-obzori-v-notebooklm-notebooklm-let/" "Mozilla/5.0 AppleWebKit/537.36 (KHTML, like Gecko; compatible; bingbot/2.0; +http://www.bing.com/bingbot.htm) Chrome/136.0.0.0 Safari/537.36 AppleWebKit/537.36 (KHTML, like Gecko; compatible; bingbot/2.0; +http://www.bing.com/bingbot.htm) Chrome/116.0.1938.76 Safari/537.36"
202.14.6.152 - - [29/Apr/2026:20:55:58 +0300] "POST /wp-comments-post.php HTTP/1.1" 302 1083 "https://serhatburke.miroglu.net/beste-casino-site-belgie-hoge-inzet/" "Mozilla/5.0 (X11; Linux i686) AppleWebKit/537.36 (KHTML, like Gecko) Chrome/114.0.0.0 Safari/537.36 Vivaldi/5.3.2679.68"
40.77.167.55 - - [29/Apr/2026:20:56:24 +0300] "GET /generirane-na-video-obzori-v-notebooklm-notebooklm-let/undefined?ts=1777485094 HTTP/2" 404 14363 "https://serhatburke.miroglu.net/generirane-na-video-obzori-v-notebooklm-notebooklm-let/" "Mozilla/5.0 AppleWebKit/537.36 (KHTML, like Gecko; compatible; bingbot/2.0; +http://www.bing.com/bingbot.htm) Chrome/136.0.0.0 Safari/537.36 AppleWebKit/537.36 (KHTML, like Gecko; compatible; bingbot/2.0; +http://www.bing.com/bingbot.htm) Chrome/116.0.1938.76 Safari/537.36"
40.77.167.75 - - [29/Apr/2026:20:56:45 +0300] "GET /generirane-na-video-obzori-v-notebooklm-notebooklm-let/undefined?ts=1777485093 HTTP/2" 404 14368 "https://serhatburke.miroglu.net/generirane-na-video-obzori-v-notebooklm-notebooklm-let/" "Mozilla/5.0 AppleWebKit/537.36 (KHTML, like Gecko; compatible; bingbot/2.0; +http://www.bing.com/bingbot.htm) Chrome/136.0.0.0 Safari/537.36 AppleWebKit/537.36 (KHTML, like Gecko; compatible; bingbot/2.0; +http://www.bing.com/bingbot.htm) Chrome/116.0.1938.76 Safari/537.36"
202.14.6.152 - - [29/Apr/2026:20:56:50 +0300] "GET /beste-casino-site-belgie-hoge-inzet/?unapproved=900&moderation-hash=cc5a88b2e45de96e588cceb49fbf045f HTTP/1.1" 200 19650 "https://serhatburke.miroglu.net/wp-comments-post.php" "Mozilla/5.0 (X11; Linux i686) AppleWebKit/537.36 (KHTML, like Gecko) Chrome/114.0.0.0 Safari/537.36 Vivaldi/5.3.2679.68"
40.77.167.55 - - [29/Apr/2026:20:56:52 +0300] "GET /generirane-na-video-obzori-v-notebooklm-notebooklm-let/undefined?ts=1777485094 HTTP/2" 404 14363 "https://serhatburke.miroglu.net/generirane-na-video-obzori-v-notebooklm-notebooklm-let/" "Mozilla/5.0 AppleWebKit/537.36 (KHTML, like Gecko; compatible; bingbot/2.0; +http://www.bing.com/bingbot.htm) Chrome/136.0.0.0 Safari/537.36 AppleWebKit/537.36 (KHTML, like Gecko; compatible; bingbot/2.0; +http://www.bing.com/bingbot.htm) Chrome/116.0.1938.76 Safari/537.36"
40.77.167.55 - - [29/Apr/2026:20:57:02 +0300] "GET /generirane-na-video-obzori-v-notebooklm-notebooklm-let/undefined?ts=1777485094 HTTP/2" 404 14363 "https://serhatburke.miroglu.net/generirane-na-video-obzori-v-notebooklm-notebooklm-let/" "Mozilla/5.0 AppleWebKit/537.36 (KHTML, like Gecko; compatible; bingbot/2.0; +http://www.bing.com/bingbot.htm) Chrome/136.0.0.0 Safari/537.36 AppleWebKit/537.36 (KHTML, like Gecko; compatible; bingbot/2.0; +http://www.bing.com/bingbot.htm) Chrome/116.0.1938.76 Safari/537.36"
176.98.31.43 - - [29/Apr/2026:20:57:10 +0300] "POST /xmlrpc.php HTTP/1.1" 200 742 "-" "Mozilla/5.0 (Windows NT 10.0; WOW64; rv:45.0) Gecko/20100101 Firefox/45.0"
40.77.167.55 - - [29/Apr/2026:20:57:18 +0300] "GET /generirane-na-video-obzori-v-notebooklm-notebooklm-let/undefined?ts=1777485094 HTTP/2" 404 14363 "https://serhatburke.miroglu.net/generirane-na-video-obzori-v-notebooklm-notebooklm-let/" "Mozilla/5.0 AppleWebKit/537.36 (KHTML, like Gecko; compatible; bingbot/2.0; +http://www.bing.com/bingbot.htm) Chrome/136.0.0.0 Safari/537.36 AppleWebKit/537.36 (KHTML, like Gecko; compatible; bingbot/2.0; +http://www.bing.com/bingbot.htm) Chrome/116.0.1938.76 Safari/537.36"
185.216.113.70 - - [29/Apr/2026:20:57:41 +0300] "POST /wp-cron.php?doing_wp_cron=1777485461.2726249694824218750000 HTTP/1.1" 200 448 "-" "WordPress/6.3.8; https://serhatburke.miroglu.net"
40.77.167.55 - - [29/Apr/2026:20:57:23 +0300] "GET /generirane-na-video-obzori-v-notebooklm-notebooklm-let/undefined?ts=1777485094 HTTP/2" 404 14363 "https://serhatburke.miroglu.net/generirane-na-video-obzori-v-notebooklm-notebooklm-let/" "Mozilla/5.0 AppleWebKit/537.36 (KHTML, like Gecko; compatible; bingbot/2.0; +http://www.bing.com/bingbot.htm) Chrome/136.0.0.0 Safari/537.36 AppleWebKit/537.36 (KHTML, like Gecko; compatible; bingbot/2.0; +http://www.bing.com/bingbot.htm) Chrome/116.0.1938.76 Safari/537.36"
176.98.31.43 - - [29/Apr/2026:20:57:31 +0300] "GET /xmlrpc.php HTTP/1.1" 200 0 "-" "Mozilla/5.0 (Windows NT 10.0; WOW64; rv:45.0) Gecko/20100101 Firefox/45.0"
176.98.31.43 - - [29/Apr/2026:20:58:01 +0300] "GET /xmlrpc.php HTTP/1.1" 200 0 "-" "Mozilla/5.0 (Windows NT 10.0; WOW64; rv:45.0) Gecko/20100101 Firefox/45.0"
40.77.167.55 - - [29/Apr/2026:20:57:37 +0300] "GET /generirane-na-video-obzori-v-notebooklm-notebooklm-let/undefined?ts=1777485094 HTTP/2" 404 14363 "https://serhatburke.miroglu.net/generirane-na-video-obzori-v-notebooklm-notebooklm-let/" "Mozilla/5.0 AppleWebKit/537.36 (KHTML, like Gecko; compatible; bingbot/2.0; +http://www.bing.com/bingbot.htm) Chrome/136.0.0.0 Safari/537.36 AppleWebKit/537.36 (KHTML, like Gecko; compatible; bingbot/2.0; +http://www.bing.com/bingbot.htm) Chrome/116.0.1938.76 Safari/537.36"
185.216.113.70 - - [29/Apr/2026:20:58:25 +0300] "POST /wp-cron.php?doing_wp_cron=1777485505.4348719120025634765625 HTTP/1.1" 200 448 "-" "WordPress/6.3.8; https://serhatburke.miroglu.net"
40.77.167.75 - - [29/Apr/2026:20:57:40 +0300] "GET /generirane-na-video-obzori-v-notebooklm-notebooklm-let/undefined?ts=1777485093 HTTP/2" 404 14368 "https://serhatburke.miroglu.net/generirane-na-video-obzori-v-notebooklm-notebooklm-let/" "Mozilla/5.0 AppleWebKit/537.36 (KHTML, like Gecko; compatible; bingbot/2.0; +http://www.bing.com/bingbot.htm) Chrome/136.0.0.0 Safari/537.36 AppleWebKit/537.36 (KHTML, like Gecko; compatible; bingbot/2.0; +http://www.bing.com/bingbot.htm) Chrome/116.0.1938.76 Safari/537.36"
40.77.167.55 - - [29/Apr/2026:20:57:42 +0300] "GET /generirane-na-video-obzori-v-notebooklm-notebooklm-let/undefined?ts=1777485094 HTTP/2" 404 14363 "https://serhatburke.miroglu.net/generirane-na-video-obzori-v-notebooklm-notebooklm-let/" "Mozilla/5.0 AppleWebKit/537.36 (KHTML, like Gecko; compatible; bingbot/2.0; +http://www.bing.com/bingbot.htm) Chrome/136.0.0.0 Safari/537.36 AppleWebKit/537.36 (KHTML, like Gecko; compatible; bingbot/2.0; +http://www.bing.com/bingbot.htm) Chrome/116.0.1938.76 Safari/537.36"
104.166.164.54 - - [29/Apr/2026:20:57:38 +0300] "POST /xmlrpc.php HTTP/1.1" 200 630 "-" "Mozilla/5.0 (Windows NT 10.0; Win64; x64) AppleWebKit/537.36 (KHTML, like Gecko) Chrome/114.0.0.0 Safari/537.36"
192.186.191.35 - - [29/Apr/2026:20:57:38 +0300] "GET /beste-casino-site-belgie-hoge-inzet/ HTTP/1.1" 200 19264 "-" "Mozilla/5.0 (X11; Linux i686) AppleWebKit/537.36 (KHTML, like Gecko) Chrome/114.0.0.0 Safari/537.36 Vivaldi/5.3.2679.68"
40.77.167.75 - - [29/Apr/2026:20:58:10 +0300] "GET /generirane-na-video-obzori-v-notebooklm-notebooklm-let/undefined?ts=1777485093 HTTP/2" 404 14368 "https://serhatburke.miroglu.net/generirane-na-video-obzori-v-notebooklm-notebooklm-let/" "Mozilla/5.0 AppleWebKit/537.36 (KHTML, like Gecko; compatible; bingbot/2.0; +http://www.bing.com/bingbot.htm) Chrome/136.0.0.0 Safari/537.36 AppleWebKit/537.36 (KHTML, like Gecko; compatible; bingbot/2.0; +http://www.bing.com/bingbot.htm) Chrome/116.0.1938.76 Safari/537.36"
66.249.73.14 - - [29/Apr/2026:20:58:38 +0300] "GET /katanaspin-casino-review-the-ultimate-online-casino-for-uk-players/undefined?ts=1775520000 HTTP/1.1" 200 0 "https://serhatburke.miroglu.net/katanaspin-casino-review-the-ultimate-online-casino-for-uk-players/" "Mozilla/5.0 (Linux; Android 6.0.1; Nexus 5X Build/MMB29P) AppleWebKit/537.36 (KHTML, like Gecko) Chrome/147.0.7727.116 Mobile Safari/537.36 (compatible; Googlebot/2.1; +http://www.google.com/bot.html)"
40.77.167.75 - - [29/Apr/2026:20:58:26 +0300] "GET /generirane-na-video-obzori-v-notebooklm-notebooklm-let/undefined?ts=1777485093 HTTP/2" 404 14368 "https://serhatburke.miroglu.net/generirane-na-video-obzori-v-notebooklm-notebooklm-let/" "Mozilla/5.0 AppleWebKit/537.36 (KHTML, like Gecko; compatible; bingbot/2.0; +http://www.bing.com/bingbot.htm) Chrome/136.0.0.0 Safari/537.36 AppleWebKit/537.36 (KHTML, like Gecko; compatible; bingbot/2.0; +http://www.bing.com/bingbot.htm) Chrome/116.0.1938.76 Safari/537.36"
104.166.164.54 - - [29/Apr/2026:20:58:32 +0300] "POST /xmlrpc.php HTTP/1.1" 200 16272 "-" "Mozilla/5.0 (Windows NT 10.0; Win64; x64) AppleWebKit/537.36 (KHTML, like Gecko) Chrome/114.0.0.0 Safari/537.36"
40.77.167.75 - - [29/Apr/2026:20:58:37 +0300] "GET /how-to-make-money-online-new-zealand/ HTTP/2" 200 17311 "-" "Mozilla/5.0 AppleWebKit/537.36 (KHTML, like Gecko; compatible; bingbot/2.0; +http://www.bing.com/bingbot.htm) Chrome/116.0.1938.76 Safari/537.36"
40.77.167.75 - - [29/Apr/2026:20:58:40 +0300] "GET /generirane-na-video-obzori-v-notebooklm-notebooklm-let/undefined?ts=1777485093 HTTP/2" 404 14368 "https://serhatburke.miroglu.net/generirane-na-video-obzori-v-notebooklm-notebooklm-let/" "Mozilla/5.0 AppleWebKit/537.36 (KHTML, like Gecko; compatible; bingbot/2.0; +http://www.bing.com/bingbot.htm) Chrome/136.0.0.0 Safari/537.36 AppleWebKit/537.36 (KHTML, like Gecko; compatible; bingbot/2.0; +http://www.bing.com/bingbot.htm) Chrome/116.0.1938.76 Safari/537.36"
104.166.164.54 - - [29/Apr/2026:20:59:04 +0300] "GET /habias-encontrado-nuestro-preferible-1xslot-aplicacion-apk-poker-500-de-balde-multijugador/ HTTP/1.1" 200 80950 "-" "Mozilla/5.0 (Windows NT 10.0; rv:125.0) Gecko/20100101 Firefox/125.0"
40.77.167.75 - - [29/Apr/2026:20:59:10 +0300] "GET /generirane-na-video-obzori-v-notebooklm-notebooklm-let/undefined?ts=1777485093 HTTP/2" 404 14368 "https://serhatburke.miroglu.net/generirane-na-video-obzori-v-notebooklm-notebooklm-let/" "Mozilla/5.0 AppleWebKit/537.36 (KHTML, like Gecko; compatible; bingbot/2.0; +http://www.bing.com/bingbot.htm) Chrome/136.0.0.0 Safari/537.36 AppleWebKit/537.36 (KHTML, like Gecko; compatible; bingbot/2.0; +http://www.bing.com/bingbot.htm) Chrome/116.0.1938.76 Safari/537.36"
40.77.167.75 - - [29/Apr/2026:20:59:10 +0300] "GET /generirane-na-video-obzori-v-notebooklm-notebooklm-let/undefined?ts=1777485093 HTTP/2" 404 14386 "https://serhatburke.miroglu.net/generirane-na-video-obzori-v-notebooklm-notebooklm-let/" "Mozilla/5.0 AppleWebKit/537.36 (KHTML, like Gecko; compatible; bingbot/2.0; +http://www.bing.com/bingbot.htm) Chrome/136.0.0.0 Safari/537.36 AppleWebKit/537.36 (KHTML, like Gecko; compatible; bingbot/2.0; +http://www.bing.com/bingbot.htm) Chrome/116.0.1938.76 Safari/537.36"
40.77.167.75 - - [29/Apr/2026:20:59:10 +0300] "GET /generirane-na-video-obzori-v-notebooklm-notebooklm-let/undefined?ts=1777485093 HTTP/2" 404 14368 "https://serhatburke.miroglu.net/generirane-na-video-obzori-v-notebooklm-notebooklm-let/" "Mozilla/5.0 AppleWebKit/537.36 (KHTML, like Gecko; compatible; bingbot/2.0; +http://www.bing.com/bingbot.htm) Chrome/136.0.0.0 Safari/537.36 AppleWebKit/537.36 (KHTML, like Gecko; compatible; bingbot/2.0; +http://www.bing.com/bingbot.htm) Chrome/116.0.1938.76 Safari/537.36"
185.216.113.70 - - [29/Apr/2026:20:59:49 +0300] "POST /wp-cron.php?doing_wp_cron=1777485589.5426969528198242187500 HTTP/1.1" 200 448 "-" "WordPress/6.3.8; https://serhatburke.miroglu.net"
40.77.167.2 - - [29/Apr/2026:20:59:22 +0300] "GET /bonusy-z-brakiem-depozytu-w-kasynie-2025-sposrod-wyplata-w-ciagu-rejestracje/ HTTP/2" 200 19404 "-" "Mozilla/5.0 AppleWebKit/537.36 (KHTML, like Gecko; compatible; bingbot/2.0; +http://www.bing.com/bingbot.htm) Chrome/116.0.1938.76 Safari/537.36"
40.77.167.75 - - [29/Apr/2026:20:59:38 +0300] "GET /generirane-na-video-obzori-v-notebooklm-notebooklm-let/undefined?ts=1777485093 HTTP/2" 404 14368 "https://serhatburke.miroglu.net/generirane-na-video-obzori-v-notebooklm-notebooklm-let/" "Mozilla/5.0 AppleWebKit/537.36 (KHTML, like Gecko; compatible; bingbot/2.0; +http://www.bing.com/bingbot.htm) Chrome/136.0.0.0 Safari/537.36 AppleWebKit/537.36 (KHTML, like Gecko; compatible; bingbot/2.0; +http://www.bing.com/bingbot.htm) Chrome/116.0.1938.76 Safari/537.36"
40.77.167.75 - - [29/Apr/2026:20:59:38 +0300] "GET /generirane-na-video-obzori-v-notebooklm-notebooklm-let/undefined?ts=1777485093 HTTP/2" 404 14368 "https://serhatburke.miroglu.net/generirane-na-video-obzori-v-notebooklm-notebooklm-let/" "Mozilla/5.0 AppleWebKit/537.36 (KHTML, like Gecko; compatible; bingbot/2.0; +http://www.bing.com/bingbot.htm) Chrome/136.0.0.0 Safari/537.36 AppleWebKit/537.36 (KHTML, like Gecko; compatible; bingbot/2.0; +http://www.bing.com/bingbot.htm) Chrome/116.0.1938.76 Safari/537.36"
40.77.167.2 - - [29/Apr/2026:20:59:39 +0300] "GET /accessoire-pour-dessous-chicken-f-votre-nom-de-domaine-ting-en-upgaming-distraire-gratis-un-brin/ HTTP/2" 200 18731 "-" "Mozilla/5.0 AppleWebKit/537.36 (KHTML, like Gecko; compatible; bingbot/2.0; +http://www.bing.com/bingbot.htm) Chrome/116.0.1938.76 Safari/537.36"
40.77.167.75 - - [29/Apr/2026:20:59:46 +0300] "GET /generirane-na-video-obzori-v-notebooklm-notebooklm-let/undefined?ts=1777485093 HTTP/2" 404 14386 "https://serhatburke.miroglu.net/generirane-na-video-obzori-v-notebooklm-notebooklm-let/" "Mozilla/5.0 AppleWebKit/537.36 (KHTML, like Gecko; compatible; bingbot/2.0; +http://www.bing.com/bingbot.htm) Chrome/136.0.0.0 Safari/537.36 AppleWebKit/537.36 (KHTML, like Gecko; compatible; bingbot/2.0; +http://www.bing.com/bingbot.htm) Chrome/116.0.1938.76 Safari/537.36"
158.69.22.136 - - [29/Apr/2026:20:59:52 +0300] "GET /35849-2/ HTTP/1.1" 200 0 "-" "Mozilla/5.0 (compatible; Googlebot/2.1; +http://www.google.com/bot.html)"
216.245.208.230 - - [29/Apr/2026:21:00:20 +0300] "GET /wp-login.php HTTP/2" 200 0 "-" "Mozilla/5.0 (Macintosh; Intel Mac OS X 10_13_3) AppleWebKit/537.36 (KHTML, like Gecko) Chrome/66.0.3359.117 Safari/537.36"
40.77.167.55 - - [29/Apr/2026:21:00:14 +0300] "GET /wlasciwie-pelni-legalnym-podmiotem-posiadajacym-licencje-wydana-przez-organy-curacao/ HTTP/2" 200 18144 "-" "Mozilla/5.0 AppleWebKit/537.36 (KHTML, like Gecko; compatible; bingbot/2.0; +http://www.bing.com/bingbot.htm) Chrome/116.0.1938.76 Safari/537.36"
40.77.167.75 - - [29/Apr/2026:21:00:18 +0300] "GET /generirane-na-video-obzori-v-notebooklm-notebooklm-let/undefined?ts=1777485093 HTTP/2" 404 14368 "https://serhatburke.miroglu.net/generirane-na-video-obzori-v-notebooklm-notebooklm-let/" "Mozilla/5.0 AppleWebKit/537.36 (KHTML, like Gecko; compatible; bingbot/2.0; +http://www.bing.com/bingbot.htm) Chrome/136.0.0.0 Safari/537.36 AppleWebKit/537.36 (KHTML, like Gecko; compatible; bingbot/2.0; +http://www.bing.com/bingbot.htm) Chrome/116.0.1938.76 Safari/537.36"
185.216.113.70 - - [29/Apr/2026:21:00:47 +0300] "POST /wp-cron.php?doing_wp_cron=1777485647.2491099834442138671875 HTTP/1.1" 200 448 "-" "WordPress/6.3.8; https://serhatburke.miroglu.net"
40.77.167.2 - - [29/Apr/2026:21:00:22 +0300] "GET /pilnigi-bezmaksas-spelu-automati-alive-specialist-un-jus-varat-pusdienu-galda-ka-parskaitit-immerion-casino-bonusu-uz-galveno-kontu-spele-sugarhouse-casino4fun-laika/ HTTP/2" 200 18601 "-" "Mozilla/5.0 AppleWebKit/537.36 (KHTML, like Gecko; compatible; bingbot/2.0; +http://www.bing.com/bingbot.htm) Chrome/116.0.1938.76 Safari/537.36"
40.77.167.55 - - [29/Apr/2026:21:00:40 +0300] "GET /kakim-sposobom-interfejsy-prisposablivajutsja-pod-razlichnye-gadzhety/ HTTP/2" 200 23111 "-" "Mozilla/5.0 AppleWebKit/537.36 (KHTML, like Gecko; compatible; bingbot/2.0; +http://www.bing.com/bingbot.htm) Chrome/116.0.1938.76 Safari/537.36"
40.77.167.2 - - [29/Apr/2026:21:00:42 +0300] "GET /wunderino-test-5-reel-drive-1-kaution-jedweder-erfahrungen-zum-glucksspielanbieter/ HTTP/2" 200 19929 "-" "Mozilla/5.0 AppleWebKit/537.36 (KHTML, like Gecko; compatible; bingbot/2.0; +http://www.bing.com/bingbot.htm) Chrome/116.0.1938.76 Safari/537.36"
40.77.167.55 - - [29/Apr/2026:21:00:44 +0300] "GET /unraveling-common-casino-myths-what-you-really/ HTTP/2" 200 18197 "-" "Mozilla/5.0 AppleWebKit/537.36 (KHTML, like Gecko; compatible; bingbot/2.0; +http://www.bing.com/bingbot.htm) Chrome/116.0.1938.76 Safari/537.36"
213.182.197.115 - - [29/Apr/2026:21:00:47 +0300] "GET /28563-2/ HTTP/1.1" 200 19450 "-" "Mozilla/5.0 (compatible; Googlebot/2.1; +http://www.google.com/bot.html)"
40.77.167.55 - - [29/Apr/2026:21:01:13 +0300] "GET /generirane-na-video-obzori-v-notebooklm-notebooklm-let/undefined?ts=1777485094 HTTP/2" 404 14363 "https://serhatburke.miroglu.net/generirane-na-video-obzori-v-notebooklm-notebooklm-let/" "Mozilla/5.0 AppleWebKit/537.36 (KHTML, like Gecko; compatible; bingbot/2.0; +http://www.bing.com/bingbot.htm) Chrome/136.0.0.0 Safari/537.36 AppleWebKit/537.36 (KHTML, like Gecko; compatible; bingbot/2.0; +http://www.bing.com/bingbot.htm) Chrome/116.0.1938.76 Safari/537.36"
40.77.167.55 - - [29/Apr/2026:21:01:13 +0300] "GET /casumo-seasons-rtp-slot-game-gambling-enterprise-%E1%90%89-february-2026-review/ HTTP/2" 200 19640 "-" "Mozilla/5.0 AppleWebKit/537.36 (KHTML, like Gecko; compatible; bingbot/2.0; +http://www.bing.com/bingbot.htm) Chrome/116.0.1938.76 Safari/537.36"
185.216.113.70 - - [29/Apr/2026:21:01:46 +0300] "POST /wp-cron.php?doing_wp_cron=1777485706.3557720184326171875000 HTTP/1.1" 200 448 "-" "WordPress/6.3.8; https://serhatburke.miroglu.net"
40.77.167.55 - - [29/Apr/2026:21:01:20 +0300] "GET /generirane-na-video-obzori-v-notebooklm-notebooklm-let/undefined?ts=1777485094 HTTP/2" 404 14386 "https://serhatburke.miroglu.net/generirane-na-video-obzori-v-notebooklm-notebooklm-let/" "Mozilla/5.0 AppleWebKit/537.36 (KHTML, like Gecko; compatible; bingbot/2.0; +http://www.bing.com/bingbot.htm) Chrome/136.0.0.0 Safari/537.36 AppleWebKit/537.36 (KHTML, like Gecko; compatible; bingbot/2.0; +http://www.bing.com/bingbot.htm) Chrome/116.0.1938.76 Safari/537.36"
40.77.167.55 - - [29/Apr/2026:21:01:22 +0300] "GET /generirane-na-video-obzori-v-notebooklm-notebooklm-let/undefined?ts=1777485094 HTTP/2" 404 14363 "https://serhatburke.miroglu.net/generirane-na-video-obzori-v-notebooklm-notebooklm-let/" "Mozilla/5.0 AppleWebKit/537.36 (KHTML, like Gecko; compatible; bingbot/2.0; +http://www.bing.com/bingbot.htm) Chrome/136.0.0.0 Safari/537.36 AppleWebKit/537.36 (KHTML, like Gecko; compatible; bingbot/2.0; +http://www.bing.com/bingbot.htm) Chrome/116.0.1938.76 Safari/537.36"
40.77.167.75 - - [29/Apr/2026:21:01:28 +0300] "GET /generirane-na-video-obzori-v-notebooklm-notebooklm-let/undefined?ts=1777485093 HTTP/2" 404 14368 "https://serhatburke.miroglu.net/generirane-na-video-obzori-v-notebooklm-notebooklm-let/" "Mozilla/5.0 AppleWebKit/537.36 (KHTML, like Gecko; compatible; bingbot/2.0; +http://www.bing.com/bingbot.htm) Chrome/136.0.0.0 Safari/537.36 AppleWebKit/537.36 (KHTML, like Gecko; compatible; bingbot/2.0; +http://www.bing.com/bingbot.htm) Chrome/116.0.1938.76 Safari/537.36"
40.77.167.75 - - [29/Apr/2026:21:01:50 +0300] "GET /generirane-na-video-obzori-v-notebooklm-notebooklm-let/undefined?ts=1777485093 HTTP/2" 404 14368 "https://serhatburke.miroglu.net/generirane-na-video-obzori-v-notebooklm-notebooklm-let/" "Mozilla/5.0 AppleWebKit/537.36 (KHTML, like Gecko; compatible; bingbot/2.0; +http://www.bing.com/bingbot.htm) Chrome/136.0.0.0 Safari/537.36 AppleWebKit/537.36 (KHTML, like Gecko; compatible; bingbot/2.0; +http://www.bing.com/bingbot.htm) Chrome/116.0.1938.76 Safari/537.36"
40.77.167.55 - - [29/Apr/2026:21:01:58 +0300] "GET /generirane-na-video-obzori-v-notebooklm-notebooklm-let/undefined?ts=1777485094 HTTP/2" 404 14363 "https://serhatburke.miroglu.net/generirane-na-video-obzori-v-notebooklm-notebooklm-let/" "Mozilla/5.0 AppleWebKit/537.36 (KHTML, like Gecko; compatible; bingbot/2.0; +http://www.bing.com/bingbot.htm) Chrome/136.0.0.0 Safari/537.36 AppleWebKit/537.36 (KHTML, like Gecko; compatible; bingbot/2.0; +http://www.bing.com/bingbot.htm) Chrome/116.0.1938.76 Safari/537.36"
40.77.167.75 - - [29/Apr/2026:21:02:05 +0300] "GET /generirane-na-video-obzori-v-notebooklm-notebooklm-let/undefined?ts=1777485093 HTTP/2" 404 14368 "https://serhatburke.miroglu.net/generirane-na-video-obzori-v-notebooklm-notebooklm-let/" "Mozilla/5.0 AppleWebKit/537.36 (KHTML, like Gecko; compatible; bingbot/2.0; +http://www.bing.com/bingbot.htm) Chrome/136.0.0.0 Safari/537.36 AppleWebKit/537.36 (KHTML, like Gecko; compatible; bingbot/2.0; +http://www.bing.com/bingbot.htm) Chrome/116.0.1938.76 Safari/537.36"
38.246.32.214 - - [29/Apr/2026:21:02:05 +0300] "POST /xmlrpc.php HTTP/1.1" 200 630 "-" "Mozilla/5.0 (Windows NT 10.0; Win64; x64) AppleWebKit/537.36 (KHTML, like Gecko) Chrome/114.0.0.0 Safari/537.36"
57.128.22.95 - - [29/Apr/2026:21:02:02 +0300] "GET /novoline-casino-codice-bonus-registrazione/ HTTP/1.1" 200 17961 "https://serhatburke.miroglu.net/" "Mozilla/5.0 (Macintosh; Intel Mac OS X 10_15_7) AppleWebKit/537.36 (KHTML, like Gecko) Chrome/145.0.0.0 Safari/537.36 Edg/145.0.0.0"
40.77.167.241 - - [29/Apr/2026:21:02:19 +0300] "GET /generirane-na-video-obzori-v-notebooklm-notebooklm-let/undefined?ts=1777485094 HTTP/2" 404 14363 "https://serhatburke.miroglu.net/generirane-na-video-obzori-v-notebooklm-notebooklm-let/" "Mozilla/5.0 AppleWebKit/537.36 (KHTML, like Gecko; compatible; bingbot/2.0; +http://www.bing.com/bingbot.htm) Chrome/136.0.0.0 Safari/537.36 AppleWebKit/537.36 (KHTML, like Gecko; compatible; bingbot/2.0; +http://www.bing.com/bingbot.htm) Chrome/116.0.1938.76 Safari/537.36"
185.216.113.70 - - [29/Apr/2026:21:02:47 +0300] "POST /wp-cron.php?doing_wp_cron=1777485767.1945059299468994140625 HTTP/1.1" 200 448 "-" "WordPress/6.3.8; https://serhatburke.miroglu.net"
40.77.167.241 - - [29/Apr/2026:21:02:28 +0300] "GET /generirane-na-video-obzori-v-notebooklm-notebooklm-let/undefined?ts=1777485094 HTTP/2" 404 14363 "https://serhatburke.miroglu.net/generirane-na-video-obzori-v-notebooklm-notebooklm-let/" "Mozilla/5.0 AppleWebKit/537.36 (KHTML, like Gecko; compatible; bingbot/2.0; +http://www.bing.com/bingbot.htm) Chrome/136.0.0.0 Safari/537.36 AppleWebKit/537.36 (KHTML, like Gecko; compatible; bingbot/2.0; +http://www.bing.com/bingbot.htm) Chrome/116.0.1938.76 Safari/537.36"
192.3.59.35 - - [29/Apr/2026:21:02:33 +0300] "POST /wp-comments-post.php HTTP/1.1" 302 1090 "https://serhatburke.miroglu.net/novoline-casino-codice-bonus-registrazione/" "Mozilla/5.0 (Macintosh; Intel Mac OS X 10_15_7) AppleWebKit/537.36 (KHTML, like Gecko) Chrome/145.0.0.0 Safari/537.36 Edg/145.0.0.0"
38.246.32.214 - - [29/Apr/2026:21:02:37 +0300] "POST /xmlrpc.php HTTP/1.1" 200 8445 "-" "Mozilla/5.0 (Windows NT 10.0; Win64; x64) AppleWebKit/537.36 (KHTML, like Gecko) Chrome/114.0.0.0 Safari/537.36"
40.77.167.241 - - [29/Apr/2026:21:02:38 +0300] "GET /generirane-na-video-obzori-v-notebooklm-notebooklm-let/undefined?ts=1777485094 HTTP/2" 404 14363 "https://serhatburke.miroglu.net/generirane-na-video-obzori-v-notebooklm-notebooklm-let/" "Mozilla/5.0 AppleWebKit/537.36 (KHTML, like Gecko; compatible; bingbot/2.0; +http://www.bing.com/bingbot.htm) Chrome/136.0.0.0 Safari/537.36 AppleWebKit/537.36 (KHTML, like Gecko; compatible; bingbot/2.0; +http://www.bing.com/bingbot.htm) Chrome/116.0.1938.76 Safari/537.36"
40.77.167.241 - - [29/Apr/2026:21:02:48 +0300] "GET /generirane-na-video-obzori-v-notebooklm-notebooklm-let/undefined?ts=1777485094 HTTP/2" 404 14363 "https://serhatburke.miroglu.net/generirane-na-video-obzori-v-notebooklm-notebooklm-let/" "Mozilla/5.0 AppleWebKit/537.36 (KHTML, like Gecko; compatible; bingbot/2.0; +http://www.bing.com/bingbot.htm) Chrome/136.0.0.0 Safari/537.36 AppleWebKit/537.36 (KHTML, like Gecko; compatible; bingbot/2.0; +http://www.bing.com/bingbot.htm) Chrome/116.0.1938.76 Safari/537.36"
40.77.167.241 - - [29/Apr/2026:21:02:58 +0300] "GET /generirane-na-video-obzori-v-notebooklm-notebooklm-let/undefined?ts=1777485094 HTTP/2" 404 14363 "https://serhatburke.miroglu.net/generirane-na-video-obzori-v-notebooklm-notebooklm-let/" "Mozilla/5.0 AppleWebKit/537.36 (KHTML, like Gecko; compatible; bingbot/2.0; +http://www.bing.com/bingbot.htm) Chrome/136.0.0.0 Safari/537.36 AppleWebKit/537.36 (KHTML, like Gecko; compatible; bingbot/2.0; +http://www.bing.com/bingbot.htm) Chrome/116.0.1938.76 Safari/537.36"
192.3.59.35 - - [29/Apr/2026:21:03:00 +0300] "GET /novoline-casino-codice-bonus-registrazione/?unapproved=901&moderation-hash=71d3802a01fa615a55e9f5463b0b8c3e HTTP/1.1" 200 18242 "https://serhatburke.miroglu.net/wp-comments-post.php" "Mozilla/5.0 (Macintosh; Intel Mac OS X 10_15_7) AppleWebKit/537.36 (KHTML, like Gecko) Chrome/145.0.0.0 Safari/537.36 Edg/145.0.0.0"
40.77.167.75 - - [29/Apr/2026:21:03:03 +0300] "GET /generirane-na-video-obzori-v-notebooklm-notebooklm-let/undefined?ts=1777485093 HTTP/2" 404 14368 "https://serhatburke.miroglu.net/generirane-na-video-obzori-v-notebooklm-notebooklm-let/" "Mozilla/5.0 AppleWebKit/537.36 (KHTML, like Gecko; compatible; bingbot/2.0; +http://www.bing.com/bingbot.htm) Chrome/136.0.0.0 Safari/537.36 AppleWebKit/537.36 (KHTML, like Gecko; compatible; bingbot/2.0; +http://www.bing.com/bingbot.htm) Chrome/116.0.1938.76 Safari/537.36"
38.246.32.214 - - [29/Apr/2026:21:03:06 +0300] "GET /like-a-celebrated-vpn-provider-that-offers-glamorous-subscriptions-and-you-may-green-vpns/ HTTP/1.1" 200 72844 "-" "Mozilla/5.0 (Windows NT 10.0; Win64; x64) AppleWebKit/537.36 (KHTML, like Gecko) Chrome/124.0.0.0 Safari/537.36"
185.216.113.70 - - [29/Apr/2026:21:03:55 +0300] "POST /wp-cron.php?doing_wp_cron=1777485835.8455169200897216796875 HTTP/1.1" 200 448 "-" "WordPress/6.3.8; https://serhatburke.miroglu.net"
40.77.167.241 - - [29/Apr/2026:21:03:23 +0300] "GET /generirane-na-video-obzori-v-notebooklm-notebooklm-let/undefined?ts=1777485094 HTTP/2" 404 14363 "https://serhatburke.miroglu.net/generirane-na-video-obzori-v-notebooklm-notebooklm-let/" "Mozilla/5.0 AppleWebKit/537.36 (KHTML, like Gecko; compatible; bingbot/2.0; +http://www.bing.com/bingbot.htm) Chrome/136.0.0.0 Safari/537.36 AppleWebKit/537.36 (KHTML, like Gecko; compatible; bingbot/2.0; +http://www.bing.com/bingbot.htm) Chrome/116.0.1938.76 Safari/537.36"
185.216.113.70 - - [29/Apr/2026:21:04:06 +0300] "POST /wp-cron.php?doing_wp_cron=1777485846.2936530113220214843750 HTTP/1.1" 200 448 "-" "WordPress/6.3.8; https://serhatburke.miroglu.net"
40.77.167.241 - - [29/Apr/2026:21:03:33 +0300] "GET /generirane-na-video-obzori-v-notebooklm-notebooklm-let/undefined?ts=1777485094 HTTP/2" 404 14363 "https://serhatburke.miroglu.net/generirane-na-video-obzori-v-notebooklm-notebooklm-let/" "Mozilla/5.0 AppleWebKit/537.36 (KHTML, like Gecko; compatible; bingbot/2.0; +http://www.bing.com/bingbot.htm) Chrome/136.0.0.0 Safari/537.36 AppleWebKit/537.36 (KHTML, like Gecko; compatible; bingbot/2.0; +http://www.bing.com/bingbot.htm) Chrome/116.0.1938.76 Safari/537.36"
185.216.113.70 - - [29/Apr/2026:21:04:12 +0300] "POST /wp-cron.php?doing_wp_cron=1777485852.4599509239196777343750 HTTP/1.1" 200 448 "-" "WordPress/6.3.8; https://serhatburke.miroglu.net"
104.194.153.222 - - [29/Apr/2026:21:03:37 +0300] "GET /88701-2/ HTTP/1.1" 200 18396 "https://serhatburke.miroglu.net/" "Mozilla/5.0 (Windows NT 10.0; Win64; x64; rv:114.0) Gecko/20100101 Firefox/114.0"
185.216.113.70 - - [29/Apr/2026:21:04:13 +0300] "POST /wp-cron.php?doing_wp_cron=1777485853.6636281013488769531250 HTTP/1.1" 200 448 "-" "WordPress/6.3.8; https://serhatburke.miroglu.net"
57.128.22.95 - - [29/Apr/2026:21:03:37 +0300] "GET /novoline-casino-codice-bonus-registrazione/ HTTP/1.1" 200 17905 "-" "Mozilla/5.0 (compatible; Googlebot/2.1; +http://www.google.com/bot.html)"
185.216.113.70 - - [29/Apr/2026:21:04:18 +0300] "POST /wp-cron.php?doing_wp_cron=1777485858.5453169345855712890625 HTTP/1.1" 200 448 "-" "WordPress/6.3.8; https://serhatburke.miroglu.net"
40.77.167.75 - - [29/Apr/2026:21:03:38 +0300] "GET /generirane-na-video-obzori-v-notebooklm-notebooklm-let/undefined?ts=1777485093 HTTP/2" 404 14368 "https://serhatburke.miroglu.net/generirane-na-video-obzori-v-notebooklm-notebooklm-let/" "Mozilla/5.0 AppleWebKit/537.36 (KHTML, like Gecko; compatible; bingbot/2.0; +http://www.bing.com/bingbot.htm) Chrome/136.0.0.0 Safari/537.36 AppleWebKit/537.36 (KHTML, like Gecko; compatible; bingbot/2.0; +http://www.bing.com/bingbot.htm) Chrome/116.0.1938.76 Safari/537.36"
40.77.167.75 - - [29/Apr/2026:21:04:00 +0300] "GET /generirane-na-video-obzori-v-notebooklm-notebooklm-let/undefined?ts=1777485093 HTTP/2" 200 0 "https://serhatburke.miroglu.net/generirane-na-video-obzori-v-notebooklm-notebooklm-let/" "Mozilla/5.0 AppleWebKit/537.36 (KHTML, like Gecko; compatible; bingbot/2.0; +http://www.bing.com/bingbot.htm) Chrome/136.0.0.0 Safari/537.36 AppleWebKit/537.36 (KHTML, like Gecko; compatible; bingbot/2.0; +http://www.bing.com/bingbot.htm) Chrome/116.0.1938.76 Safari/537.36"
40.77.167.241 - - [29/Apr/2026:21:04:07 +0300] "GET /generirane-na-video-obzori-v-notebooklm-notebooklm-let/undefined?ts=1777485094 HTTP/2" 200 0 "https://serhatburke.miroglu.net/generirane-na-video-obzori-v-notebooklm-notebooklm-let/" "Mozilla/5.0 AppleWebKit/537.36 (KHTML, like Gecko; compatible; bingbot/2.0; +http://www.bing.com/bingbot.htm) Chrome/136.0.0.0 Safari/537.36 AppleWebKit/537.36 (KHTML, like Gecko; compatible; bingbot/2.0; +http://www.bing.com/bingbot.htm) Chrome/116.0.1938.76 Safari/537.36"
185.216.113.70 - - [29/Apr/2026:21:05:10 +0300] "POST /wp-cron.php?doing_wp_cron=1777485910.2868440151214599609375 HTTP/1.1" 200 448 "-" "WordPress/6.3.8; https://serhatburke.miroglu.net"
103.20.82.136 - - [29/Apr/2026:21:03:57 +0300] "GET /88701-2/ HTTP/1.1" 200 18379 "https://serhatburke.miroglu.net/" "Mozilla/5.0 (Windows NT 10.0; Win64; x64) AppleWebKit/537.36 (KHTML, like Gecko) Chrome/145.0.0.0 Safari/537.36 Edg/145.0.0.0"
40.77.167.75 - - [29/Apr/2026:21:04:30 +0300] "GET /generirane-na-video-obzori-v-notebooklm-notebooklm-let/undefined?ts=1777485093 HTTP/2" 200 0 "https://serhatburke.miroglu.net/generirane-na-video-obzori-v-notebooklm-notebooklm-let/" "Mozilla/5.0 AppleWebKit/537.36 (KHTML, like Gecko; compatible; bingbot/2.0; +http://www.bing.com/bingbot.htm) Chrome/136.0.0.0 Safari/537.36 AppleWebKit/537.36 (KHTML, like Gecko; compatible; bingbot/2.0; +http://www.bing.com/bingbot.htm) Chrome/116.0.1938.76 Safari/537.36"
103.20.82.136 - - [29/Apr/2026:21:04:58 +0300] "GET /88701-2/ HTTP/1.1" 200 0 "https://serhatburke.miroglu.net/" "Mozilla/5.0 (Windows NT 10.0; Win64; x64) AppleWebKit/537.36 (KHTML, like Gecko) Chrome/145.0.0.0 Safari/537.36 Edg/145.0.0.0"
185.216.113.70 - - [29/Apr/2026:21:05:39 +0300] "POST /wp-cron.php?doing_wp_cron=1777485939.2625920772552490234375 HTTP/1.1" 200 448 "-" "WordPress/6.3.8; https://serhatburke.miroglu.net"
40.77.167.75 - - [29/Apr/2026:21:04:50 +0300] "GET /generirane-na-video-obzori-v-notebooklm-notebooklm-let/undefined?ts=1777485093 HTTP/2" 200 0 "https://serhatburke.miroglu.net/generirane-na-video-obzori-v-notebooklm-notebooklm-let/" "Mozilla/5.0 AppleWebKit/537.36 (KHTML, like Gecko; compatible; bingbot/2.0; +http://www.bing.com/bingbot.htm) Chrome/136.0.0.0 Safari/537.36 AppleWebKit/537.36 (KHTML, like Gecko; compatible; bingbot/2.0; +http://www.bing.com/bingbot.htm) Chrome/116.0.1938.76 Safari/537.36"
104.194.153.222 - - [29/Apr/2026:21:04:07 +0300] "GET /88701-2/ HTTP/1.1" 200 18445 "https://serhatburke.miroglu.net/" "Mozilla/5.0 (Windows NT 10.0; Win64; x64; rv:114.0) Gecko/20100101 Firefox/114.0"
185.216.113.70 - - [29/Apr/2026:21:05:41 +0300] "POST /wp-cron.php?doing_wp_cron=1777485941.0594849586486816406250 HTTP/1.1" 200 448 "-" "WordPress/6.3.8; https://serhatburke.miroglu.net"
38.246.32.214 - - [29/Apr/2026:21:04:19 +0300] "POST /xmlrpc.php HTTP/1.1" 200 630 "-" "Mozilla/5.0 (Windows NT 10.0; Win64; x64) AppleWebKit/537.36 (KHTML, like Gecko) Chrome/114.0.0.0 Safari/537.36"
185.216.113.70 - - [29/Apr/2026:21:05:47 +0300] "POST /wp-cron.php?doing_wp_cron=1777485947.5041620731353759765625 HTTP/1.1" 200 448 "-" "WordPress/6.3.8; https://serhatburke.miroglu.net"
27.96.84.152 - - [29/Apr/2026:21:04:27 +0300] "GET /88701-2/ HTTP/1.1" 200 18396 "https://serhatburke.miroglu.net/" "Mozilla/5.0 (Windows NT 10.0; Win64; x64) AppleWebKit/537.36 (KHTML, like Gecko) Chrome/145.0.0.0 Safari/537.36 Edg/145.0.0.0"
40.77.167.75 - - [29/Apr/2026:21:05:00 +0300] "GET /generirane-na-video-obzori-v-notebooklm-notebooklm-let/undefined?ts=1777485093 HTTP/2" 200 0 "https://serhatburke.miroglu.net/generirane-na-video-obzori-v-notebooklm-notebooklm-let/" "Mozilla/5.0 AppleWebKit/537.36 (KHTML, like Gecko; compatible; bingbot/2.0; +http://www.bing.com/bingbot.htm) Chrome/136.0.0.0 Safari/537.36 AppleWebKit/537.36 (KHTML, like Gecko; compatible; bingbot/2.0; +http://www.bing.com/bingbot.htm) Chrome/116.0.1938.76 Safari/537.36"
185.216.113.70 - - [29/Apr/2026:21:06:04 +0300] "POST /wp-cron.php?doing_wp_cron=1777485963.8538959026336669921875 HTTP/1.1" 200 448 "-" "WordPress/6.3.8; https://serhatburke.miroglu.net"
104.194.153.222 - - [29/Apr/2026:21:04:38 +0300] "GET /88701-2/ HTTP/1.1" 200 18452 "https://serhatburke.miroglu.net/" "Mozilla/5.0 (Windows NT 10.0; Win64; x64; rv:114.0) Gecko/20100101 Firefox/114.0"
40.77.167.241 - - [29/Apr/2026:21:05:17 +0300] "GET /generirane-na-video-obzori-v-notebooklm-notebooklm-let/undefined?ts=1777485094 HTTP/2" 200 0 "https://serhatburke.miroglu.net/generirane-na-video-obzori-v-notebooklm-notebooklm-let/" "Mozilla/5.0 AppleWebKit/537.36 (KHTML, like Gecko; compatible; bingbot/2.0; +http://www.bing.com/bingbot.htm) Chrome/136.0.0.0 Safari/537.36 AppleWebKit/537.36 (KHTML, like Gecko; compatible; bingbot/2.0; +http://www.bing.com/bingbot.htm) Chrome/116.0.1938.76 Safari/537.36"
40.77.167.75 - - [29/Apr/2026:21:05:20 +0300] "GET /generirane-na-video-obzori-v-notebooklm-notebooklm-let/undefined?ts=1777485093 HTTP/2" 200 0 "https://serhatburke.miroglu.net/generirane-na-video-obzori-v-notebooklm-notebooklm-let/" "Mozilla/5.0 AppleWebKit/537.36 (KHTML, like Gecko; compatible; bingbot/2.0; +http://www.bing.com/bingbot.htm) Chrome/136.0.0.0 Safari/537.36 AppleWebKit/537.36 (KHTML, like Gecko; compatible; bingbot/2.0; +http://www.bing.com/bingbot.htm) Chrome/116.0.1938.76 Safari/537.36"
185.216.113.70 - - [29/Apr/2026:21:06:13 +0300] "POST /wp-cron.php?doing_wp_cron=1777485972.9575328826904296875000 HTTP/1.1" 200 448 "-" "WordPress/6.3.8; https://serhatburke.miroglu.net"
216.213.27.186 - - [29/Apr/2026:21:04:57 +0300] "GET /automaty-hazard-online/ HTTP/1.1" 200 18358 "-" "Mozilla/5.0 (X11; Linux i686) AppleWebKit/537.36 (KHTML, like Gecko) Chrome/114.0.0.0 Safari/537.36 Vivaldi/5.3.2679.68"
40.77.167.241 - - [29/Apr/2026:21:05:47 +0300] "GET /generirane-na-video-obzori-v-notebooklm-notebooklm-let/undefined?ts=1777485094 HTTP/2" 200 0 "https://serhatburke.miroglu.net/generirane-na-video-obzori-v-notebooklm-notebooklm-let/" "Mozilla/5.0 AppleWebKit/537.36 (KHTML, like Gecko; compatible; bingbot/2.0; +http://www.bing.com/bingbot.htm) Chrome/136.0.0.0 Safari/537.36 AppleWebKit/537.36 (KHTML, like Gecko; compatible; bingbot/2.0; +http://www.bing.com/bingbot.htm) Chrome/116.0.1938.76 Safari/537.36"
185.216.113.70 - - [29/Apr/2026:21:06:43 +0300] "POST /wp-cron.php?doing_wp_cron=1777486002.8591499328613281250000 HTTP/1.1" 200 448 "-" "WordPress/6.3.8; https://serhatburke.miroglu.net"
104.166.164.54 - - [29/Apr/2026:21:05:19 +0300] "POST /xmlrpc.php HTTP/1.1" 200 630 "-" "Mozilla/5.0 (Windows NT 10.0; Win64; x64) AppleWebKit/537.36 (KHTML, like Gecko) Chrome/114.0.0.0 Safari/537.36"
40.77.167.241 - - [29/Apr/2026:21:06:07 +0300] "GET /generirane-na-video-obzori-v-notebooklm-notebooklm-let/undefined?ts=1777485094 HTTP/2" 200 0 "https://serhatburke.miroglu.net/generirane-na-video-obzori-v-notebooklm-notebooklm-let/" "Mozilla/5.0 AppleWebKit/537.36 (KHTML, like Gecko; compatible; bingbot/2.0; +http://www.bing.com/bingbot.htm) Chrome/136.0.0.0 Safari/537.36 AppleWebKit/537.36 (KHTML, like Gecko; compatible; bingbot/2.0; +http://www.bing.com/bingbot.htm) Chrome/116.0.1938.76 Safari/537.36"
196.117.173.44 - - [29/Apr/2026:21:06:31 +0300] "POST /xmlrpc.php HTTP/2" 200 0 "-" "WordPress/XMLRPC Client"
40.77.167.243 - - [29/Apr/2026:21:06:13 +0300] "GET /generirane-na-video-obzori-v-notebooklm-notebooklm-let/undefined?ts=1777485093 HTTP/2" 200 0 "https://serhatburke.miroglu.net/generirane-na-video-obzori-v-notebooklm-notebooklm-let/" "Mozilla/5.0 AppleWebKit/537.36 (KHTML, like Gecko; compatible; bingbot/2.0; +http://www.bing.com/bingbot.htm) Chrome/136.0.0.0 Safari/537.36 AppleWebKit/537.36 (KHTML, like Gecko; compatible; bingbot/2.0; +http://www.bing.com/bingbot.htm) Chrome/116.0.1938.76 Safari/537.36"
185.216.113.70 - - [29/Apr/2026:21:07:04 +0300] "POST /wp-cron.php?doing_wp_cron=1777486024.1546330451965332031250 HTTP/1.1" 200 448 "-" "WordPress/6.3.8; https://serhatburke.miroglu.net"
38.246.32.214 - - [29/Apr/2026:21:05:51 +0300] "POST /xmlrpc.php HTTP/1.1" 200 9082 "-" "Mozilla/5.0 (Windows NT 10.0; Win64; x64) AppleWebKit/537.36 (KHTML, like Gecko) Chrome/114.0.0.0 Safari/537.36"
185.216.113.70 - - [29/Apr/2026:21:07:14 +0300] "POST /wp-cron.php?doing_wp_cron=1777486034.3486659526824951171875 HTTP/1.1" 200 448 "-" "WordPress/6.3.8; https://serhatburke.miroglu.net"
185.216.113.70 - - [29/Apr/2026:21:07:24 +0300] "POST /wp-cron.php?doing_wp_cron=1777486044.2604260444641113281250 HTTP/1.1" 200 448 "-" "WordPress/6.3.8; https://serhatburke.miroglu.net"
38.246.32.214 - - [29/Apr/2026:21:06:17 +0300] "POST /xmlrpc.php HTTP/1.1" 200 630 "-" "Mozilla/5.0 (Windows NT 10.0; Win64; x64) AppleWebKit/537.36 (KHTML, like Gecko) Chrome/114.0.0.0 Safari/537.36"
40.77.167.241 - - [29/Apr/2026:21:06:37 +0300] "GET /generirane-na-video-obzori-v-notebooklm-notebooklm-let/undefined?ts=1777485094 HTTP/2" 200 0 "https://serhatburke.miroglu.net/generirane-na-video-obzori-v-notebooklm-notebooklm-let/" "Mozilla/5.0 AppleWebKit/537.36 (KHTML, like Gecko; compatible; bingbot/2.0; +http://www.bing.com/bingbot.htm) Chrome/136.0.0.0 Safari/537.36 AppleWebKit/537.36 (KHTML, like Gecko; compatible; bingbot/2.0; +http://www.bing.com/bingbot.htm) Chrome/116.0.1938.76 Safari/537.36"
179.60.74.76 - - [29/Apr/2026:21:07:02 +0300] "POST /xmlrpc.php HTTP/2" 200 0 "-" "WordPress/XMLRPC Client"
185.216.113.70 - - [29/Apr/2026:21:07:49 +0300] "POST /wp-cron.php?doing_wp_cron=1777486068.9566628932952880859375 HTTP/1.1" 200 448 "-" "WordPress/6.3.8; https://serhatburke.miroglu.net"
104.166.164.54 - - [29/Apr/2026:21:06:51 +0300] "POST /xmlrpc.php HTTP/1.1" 200 15691 "-" "Mozilla/5.0 (Windows NT 10.0; Win64; x64) AppleWebKit/537.36 (KHTML, like Gecko) Chrome/114.0.0.0 Safari/537.36"
187.190.146.159 - - [29/Apr/2026:21:07:34 +0300] "POST /xmlrpc.php HTTP/2" 200 0 "-" "WordPress/XMLRPC Client"
185.216.113.70 - - [29/Apr/2026:21:08:07 +0300] "POST /wp-cron.php?doing_wp_cron=1777486087.3476951122283935546875 HTTP/1.1" 200 448 "-" "WordPress/6.3.8; https://serhatburke.miroglu.net"
38.246.32.214 - - [29/Apr/2026:21:07:08 +0300] "GET /all-of-our-writers-was-indeed-content-that-have-whole-a-number-of-game-along-with-dining-table-video-game-and-you-can-a-real-time-specialist-giving-from-development-gambling/ HTTP/1.1" 200 75854 "-" "Mozilla/5.0 (Windows NT 10.0; Win64; x64) AppleWebKit/537.36 (KHTML, like Gecko) Chrome/123.0.0.0 Safari/537.36 OPR/109.0.0.0"
40.77.179.165 - - [29/Apr/2026:21:07:49 +0300] "GET /generirane-na-video-obzori-v-notebooklm-notebooklm-let/undefined?ts=1777486067 HTTP/2" 200 0 "https://serhatburke.miroglu.net/generirane-na-video-obzori-v-notebooklm-notebooklm-let/" "Mozilla/5.0 AppleWebKit/537.36 (KHTML, like Gecko; compatible; bingbot/2.0; +http://www.bing.com/bingbot.htm) Chrome/136.0.0.0 Safari/537.36"
40.77.179.190 - - [29/Apr/2026:21:07:51 +0300] "GET /generirane-na-video-obzori-v-notebooklm-notebooklm-let/undefined?ts=1777486070 HTTP/2" 200 0 "https://serhatburke.miroglu.net/generirane-na-video-obzori-v-notebooklm-notebooklm-let/" "Mozilla/5.0 AppleWebKit/537.36 (KHTML, like Gecko; compatible; bingbot/2.0; +http://www.bing.com/bingbot.htm) Chrome/136.0.0.0 Safari/537.36"
65.55.210.104 - - [29/Apr/2026:21:07:54 +0300] "GET /generirane-na-video-obzori-v-notebooklm-notebooklm-let/undefined?ts=1777486072 HTTP/2" 200 0 "https://serhatburke.miroglu.net/generirane-na-video-obzori-v-notebooklm-notebooklm-let/" "Mozilla/5.0 AppleWebKit/537.36 (KHTML, like Gecko; compatible; bingbot/2.0; +http://www.bing.com/bingbot.htm) Chrome/136.0.0.0 Safari/537.36"
40.77.179.40 - - [29/Apr/2026:21:07:56 +0300] "GET /generirane-na-video-obzori-v-notebooklm-notebooklm-let/undefined?ts=1777486075 HTTP/2" 200 0 "https://serhatburke.miroglu.net/generirane-na-video-obzori-v-notebooklm-notebooklm-let/" "Mozilla/5.0 AppleWebKit/537.36 (KHTML, like Gecko; compatible; bingbot/2.0; +http://www.bing.com/bingbot.htm) Chrome/136.0.0.0 Safari/537.36"
40.77.179.214 - - [29/Apr/2026:21:07:58 +0300] "GET /generirane-na-video-obzori-v-notebooklm-notebooklm-let/undefined?ts=1777486077 HTTP/2" 200 0 "https://serhatburke.miroglu.net/generirane-na-video-obzori-v-notebooklm-notebooklm-let/" "Mozilla/5.0 AppleWebKit/537.36 (KHTML, like Gecko; compatible; bingbot/2.0; +http://www.bing.com/bingbot.htm) Chrome/136.0.0.0 Safari/537.36"
40.77.179.121 - - [29/Apr/2026:21:08:01 +0300] "GET /generirane-na-video-obzori-v-notebooklm-notebooklm-let/undefined?ts=1777486079 HTTP/2" 200 0 "https://serhatburke.miroglu.net/generirane-na-video-obzori-v-notebooklm-notebooklm-let/" "Mozilla/5.0 AppleWebKit/537.36 (KHTML, like Gecko; compatible; bingbot/2.0; +http://www.bing.com/bingbot.htm) Chrome/136.0.0.0 Safari/537.36"
40.77.179.182 - - [29/Apr/2026:21:08:02 +0300] "GET /generirane-na-video-obzori-v-notebooklm-notebooklm-let/undefined?ts=1777486082 HTTP/2" 200 0 "https://serhatburke.miroglu.net/generirane-na-video-obzori-v-notebooklm-notebooklm-let/" "Mozilla/5.0 AppleWebKit/537.36 (KHTML, like Gecko; compatible; bingbot/2.0; +http://www.bing.com/bingbot.htm) Chrome/136.0.0.0 Safari/537.36"
40.77.179.184 - - [29/Apr/2026:21:08:05 +0300] "GET /generirane-na-video-obzori-v-notebooklm-notebooklm-let/undefined?ts=1777486084 HTTP/2" 200 0 "https://serhatburke.miroglu.net/generirane-na-video-obzori-v-notebooklm-notebooklm-let/" "Mozilla/5.0 AppleWebKit/537.36 (KHTML, like Gecko; compatible; bingbot/2.0; +http://www.bing.com/bingbot.htm) Chrome/136.0.0.0 Safari/537.36"
40.77.179.67 - - [29/Apr/2026:21:08:09 +0300] "GET /generirane-na-video-obzori-v-notebooklm-notebooklm-let/undefined?ts=1777486088 HTTP/2" 200 0 "https://serhatburke.miroglu.net/generirane-na-video-obzori-v-notebooklm-notebooklm-let/" "Mozilla/5.0 AppleWebKit/537.36 (KHTML, like Gecko; compatible; bingbot/2.0; +http://www.bing.com/bingbot.htm) Chrome/136.0.0.0 Safari/537.36"
40.77.179.148 - - [29/Apr/2026:21:08:07 +0300] "GET /generirane-na-video-obzori-v-notebooklm-notebooklm-let/undefined?ts=1777486086 HTTP/2" 200 0 "https://serhatburke.miroglu.net/generirane-na-video-obzori-v-notebooklm-notebooklm-let/" "Mozilla/5.0 AppleWebKit/537.36 (KHTML, like Gecko; compatible; bingbot/2.0; +http://www.bing.com/bingbot.htm) Chrome/136.0.0.0 Safari/537.36"
40.77.178.1 - - [29/Apr/2026:21:08:11 +0300] "GET /generirane-na-video-obzori-v-notebooklm-notebooklm-let/undefined?ts=1777486090 HTTP/2" 200 0 "https://serhatburke.miroglu.net/generirane-na-video-obzori-v-notebooklm-notebooklm-let/" "Mozilla/5.0 AppleWebKit/537.36 (KHTML, like Gecko; compatible; bingbot/2.0; +http://www.bing.com/bingbot.htm) Chrome/136.0.0.0 Safari/537.36"
40.77.177.63 - - [29/Apr/2026:21:08:13 +0300] "GET /generirane-na-video-obzori-v-notebooklm-notebooklm-let/undefined?ts=1777486092 HTTP/2" 200 0 "https://serhatburke.miroglu.net/generirane-na-video-obzori-v-notebooklm-notebooklm-let/" "Mozilla/5.0 AppleWebKit/537.36 (KHTML, like Gecko; compatible; bingbot/2.0; +http://www.bing.com/bingbot.htm) Chrome/136.0.0.0 Safari/537.36"
40.77.179.180 - - [29/Apr/2026:21:08:17 +0300] "GET /generirane-na-video-obzori-v-notebooklm-notebooklm-let/undefined?ts=1777486096 HTTP/2" 200 0 "https://serhatburke.miroglu.net/generirane-na-video-obzori-v-notebooklm-notebooklm-let/" "Mozilla/5.0 AppleWebKit/537.36 (KHTML, like Gecko; compatible; bingbot/2.0; +http://www.bing.com/bingbot.htm) Chrome/136.0.0.0 Safari/537.36"
40.77.179.29 - - [29/Apr/2026:21:08:15 +0300] "GET /generirane-na-video-obzori-v-notebooklm-notebooklm-let/undefined?ts=1777486094 HTTP/2" 200 0 "https://serhatburke.miroglu.net/generirane-na-video-obzori-v-notebooklm-notebooklm-let/" "Mozilla/5.0 AppleWebKit/537.36 (KHTML, like Gecko; compatible; bingbot/2.0; +http://www.bing.com/bingbot.htm) Chrome/136.0.0.0 Safari/537.36"
65.55.210.87 - - [29/Apr/2026:21:08:22 +0300] "GET /generirane-na-video-obzori-v-notebooklm-notebooklm-let/undefined?ts=1777486101 HTTP/2" 200 0 "https://serhatburke.miroglu.net/generirane-na-video-obzori-v-notebooklm-notebooklm-let/" "Mozilla/5.0 AppleWebKit/537.36 (KHTML, like Gecko; compatible; bingbot/2.0; +http://www.bing.com/bingbot.htm) Chrome/136.0.0.0 Safari/537.36"
40.77.179.211 - - [29/Apr/2026:21:08:20 +0300] "GET /generirane-na-video-obzori-v-notebooklm-notebooklm-let/undefined?ts=1777486098 HTTP/2" 200 0 "https://serhatburke.miroglu.net/generirane-na-video-obzori-v-notebooklm-notebooklm-let/" "Mozilla/5.0 AppleWebKit/537.36 (KHTML, like Gecko; compatible; bingbot/2.0; +http://www.bing.com/bingbot.htm) Chrome/136.0.0.0 Safari/537.36"
40.77.179.187 - - [29/Apr/2026:21:08:24 +0300] "GET /generirane-na-video-obzori-v-notebooklm-notebooklm-let/undefined?ts=1777486103 HTTP/2" 200 0 "https://serhatburke.miroglu.net/generirane-na-video-obzori-v-notebooklm-notebooklm-let/" "Mozilla/5.0 AppleWebKit/537.36 (KHTML, like Gecko; compatible; bingbot/2.0; +http://www.bing.com/bingbot.htm) Chrome/136.0.0.0 Safari/537.36"
40.77.179.61 - - [29/Apr/2026:21:08:26 +0300] "GET /generirane-na-video-obzori-v-notebooklm-notebooklm-let/undefined?ts=1777486105 HTTP/2" 200 0 "https://serhatburke.miroglu.net/generirane-na-video-obzori-v-notebooklm-notebooklm-let/" "Mozilla/5.0 AppleWebKit/537.36 (KHTML, like Gecko; compatible; bingbot/2.0; +http://www.bing.com/bingbot.htm) Chrome/136.0.0.0 Safari/537.36"
