38.246.32.214 - - [29/Apr/2026:23:22:19 +0300] "POST /xmlrpc.php HTTP/1.1" 200 9292 "-" "Mozilla/5.0 (Windows NT 10.0; Win64; x64) AppleWebKit/537.36 (KHTML, like Gecko) Chrome/114.0.0.0 Safari/537.36"
160.250.186.93 - - [29/Apr/2026:23:22:22 +0300] "GET /88701-2/ HTTP/1.1" 200 18396 "https://serhatburke.miroglu.net/" "Mozilla/5.0 (Windows NT 10.0; Win64; x64) AppleWebKit/537.36 (KHTML, like Gecko) Chrome/142.0.0.0 Safari/537.36"
160.250.186.93 - - [29/Apr/2026:23:22:40 +0300] "GET /wp-includes/css/dist/block-library/style.min.css?ver=6.3.8 HTTP/1.1" 200 13578 "https://serhatburke.miroglu.net/88701-2/" "Mozilla/5.0 (Windows NT 10.0; Win64; x64) AppleWebKit/537.36 (KHTML, like Gecko) Chrome/145.0.0.0 Safari/537.36"
160.250.186.93 - - [29/Apr/2026:23:22:41 +0300] "GET /wp-content/plugins/contact-form-7/includes/css/styles.css?ver=5.8 HTTP/1.1" 200 1490 "https://serhatburke.miroglu.net/88701-2/" "Mozilla/5.0 (Windows NT 10.0; Win64; x64) AppleWebKit/537.36 (KHTML, like Gecko) Chrome/145.0.0.0 Safari/537.36"
160.250.186.93 - - [29/Apr/2026:23:22:42 +0300] "GET /wp-content/themes/toppic/css/fontello.css?ver=4.2 HTTP/1.1" 200 1802 "https://serhatburke.miroglu.net/88701-2/" "Mozilla/5.0 (Windows NT 10.0; Win64; x64) AppleWebKit/537.36 (KHTML, like Gecko) Chrome/145.0.0.0 Safari/537.36"
160.250.186.93 - - [29/Apr/2026:23:22:43 +0300] "GET /wp-content/themes/toppic/css/reset.css?ver=4.2 HTTP/1.1" 200 1178 "https://serhatburke.miroglu.net/88701-2/" "Mozilla/5.0 (Windows NT 10.0; Win64; x64) AppleWebKit/537.36 (KHTML, like Gecko) Chrome/145.0.0.0 Safari/537.36"
160.250.186.93 - - [29/Apr/2026:23:22:44 +0300] "GET /wp-content/themes/toppic/css/default.css?ver=4.2 HTTP/1.1" 200 1811 "https://serhatburke.miroglu.net/88701-2/" "Mozilla/5.0 (Windows NT 10.0; Win64; x64) AppleWebKit/537.36 (KHTML, like Gecko) Chrome/145.0.0.0 Safari/537.36"
185.216.113.70 - - [29/Apr/2026:23:22:47 +0300] "POST /wp-cron.php?doing_wp_cron=1777494167.2850248813629150390625 HTTP/1.1" 200 448 "-" "WordPress/6.3.8; https://serhatburke.miroglu.net"
160.250.186.93 - - [29/Apr/2026:23:22:47 +0300] "GET /wp-content/themes/toppic/style.css?ver=4.2 HTTP/1.1" 200 23398 "https://serhatburke.miroglu.net/88701-2/" "Mozilla/5.0 (Windows NT 10.0; Win64; x64) AppleWebKit/537.36 (KHTML, like Gecko) Chrome/145.0.0.0 Safari/537.36"
38.246.32.214 - - [29/Apr/2026:23:22:35 +0300] "GET /to-the-the-website-discover-web-based-casinos-having-extra-advantages/ HTTP/1.1" 200 73299 "-" "Mozilla/5.0 (Windows NT 10.0; Win64; x64) AppleWebKit/537.36 (KHTML, like Gecko) Chrome/122.0.0.0 Safari/537.36"
160.250.186.93 - - [29/Apr/2026:23:22:49 +0300] "GET /wp-content/themes/toppic/css/royalslider.css?ver=4.2 HTTP/1.1" 200 1887 "https://serhatburke.miroglu.net/88701-2/" "Mozilla/5.0 (Windows NT 10.0; Win64; x64) AppleWebKit/537.36 (KHTML, like Gecko) Chrome/145.0.0.0 Safari/537.36"
160.250.186.93 - - [29/Apr/2026:23:22:50 +0300] "GET /wp-content/themes/toppic/css/rs-default.css?ver=4.2 HTTP/1.1" 200 2625 "https://serhatburke.miroglu.net/88701-2/" "Mozilla/5.0 (Windows NT 10.0; Win64; x64) AppleWebKit/537.36 (KHTML, like Gecko) Chrome/145.0.0.0 Safari/537.36"
160.250.186.93 - - [29/Apr/2026:23:22:51 +0300] "GET /wp-content/themes/toppic/css/lightbox.css?ver=4.2 HTTP/1.1" 200 2956 "https://serhatburke.miroglu.net/88701-2/" "Mozilla/5.0 (Windows NT 10.0; Win64; x64) AppleWebKit/537.36 (KHTML, like Gecko) Chrome/145.0.0.0 Safari/537.36"
160.250.186.93 - - [29/Apr/2026:23:22:52 +0300] "GET /wp-content/themes/toppic/css/woocommerce.css?ver=4.2 HTTP/1.1" 200 2848 "https://serhatburke.miroglu.net/88701-2/" "Mozilla/5.0 (Windows NT 10.0; Win64; x64) AppleWebKit/537.36 (KHTML, like Gecko) Chrome/145.0.0.0 Safari/537.36"
160.250.186.93 - - [29/Apr/2026:23:22:53 +0300] "GET /wp-content/themes/toppic/css/responsive.css?ver=4.2 HTTP/1.1" 200 2796 "https://serhatburke.miroglu.net/88701-2/" "Mozilla/5.0 (Windows NT 10.0; Win64; x64) AppleWebKit/537.36 (KHTML, like Gecko) Chrome/145.0.0.0 Safari/537.36"
160.250.186.93 - - [29/Apr/2026:23:22:54 +0300] "POST /wp-comments-post.php HTTP/1.1" 302 1055 "https://serhatburke.miroglu.net/88701-2/" "Mozilla/5.0 (Windows NT 10.0; Win64; x64) AppleWebKit/537.36 (KHTML, like Gecko) Chrome/142.0.0.0 Safari/537.36"
160.250.186.93 - - [29/Apr/2026:23:23:07 +0300] "GET /88701-2/?unapproved=911&moderation-hash=4de84ed0775737b489261c83586631b4 HTTP/1.1" 200 18824 "https://serhatburke.miroglu.net/wp-comments-post.php" "Mozilla/5.0 (Windows NT 10.0; Win64; x64) AppleWebKit/537.36 (KHTML, like Gecko) Chrome/142.0.0.0 Safari/537.36"
160.250.186.93 - - [29/Apr/2026:23:23:21 +0300] "GET /88701-2/ HTTP/1.1" 200 18386 "-" "Mozilla/5.0 (compatible; Googlebot/2.1; +http://www.google.com/bot.html)"
185.216.113.70 - - [29/Apr/2026:23:23:54 +0300] "POST /wp-cron.php?doing_wp_cron=1777494234.8918049335479736328125 HTTP/1.1" 200 448 "-" "WordPress/6.3.8; https://serhatburke.miroglu.net"
38.246.32.214 - - [29/Apr/2026:23:23:43 +0300] "POST /xmlrpc.php HTTP/1.1" 200 630 "-" "Mozilla/5.0 (Windows NT 10.0; Win64; x64) AppleWebKit/537.36 (KHTML, like Gecko) Chrome/114.0.0.0 Safari/537.36"
38.246.32.214 - - [29/Apr/2026:23:24:02 +0300] "POST /xmlrpc.php HTTP/1.1" 200 8776 "-" "Mozilla/5.0 (Windows NT 10.0; Win64; x64) AppleWebKit/537.36 (KHTML, like Gecko) Chrome/114.0.0.0 Safari/537.36"
38.246.32.214 - - [29/Apr/2026:23:24:15 +0300] "GET /the-truth-that-blackjack-is-roofed-regarding-most-well-known-gambling-games-inside-2025-isnt-that-shocking/ HTTP/1.1" 200 73864 "-" "Mozilla/5.0 (Windows NT 10.0; Win64; x64) AppleWebKit/537.36 (KHTML, like Gecko) Chrome/123.0.0.0 Safari/537.36"
185.216.113.70 - - [29/Apr/2026:23:25:19 +0300] "POST /wp-cron.php?doing_wp_cron=1777494319.8612339496612548828125 HTTP/1.1" 200 448 "-" "WordPress/6.3.8; https://serhatburke.miroglu.net"
38.246.32.214 - - [29/Apr/2026:23:25:05 +0300] "POST /xmlrpc.php HTTP/1.1" 200 630 "-" "Mozilla/5.0 (Windows NT 10.0; Win64; x64) AppleWebKit/537.36 (KHTML, like Gecko) Chrome/114.0.0.0 Safari/537.36"
40.77.167.78 - - [29/Apr/2026:23:25:05 +0300] "GET /iron-man-2-ports-casino-rabona-100-no-deposit-bonus-comment/ HTTP/2" 200 20046 "-" "Mozilla/5.0 AppleWebKit/537.36 (KHTML, like Gecko; compatible; bingbot/2.0; +http://www.bing.com/bingbot.htm) Chrome/116.0.1938.76 Safari/537.36"
52.167.144.232 - - [29/Apr/2026:23:25:15 +0300] "GET /%CF%86%CE%BF%CE%B2%CE%B5%CF%81%CF%8C-slot-%CE%B1%CE%B8%CE%AC%CE%BD%CE%B1%CF%84%CE%B7%CF%82-%CE%B1%CE%B3%CE%AC%CF%80%CE%B7%CF%82-100-%CE%B4%CF%89%CF%81%CE%B5%CE%AC%CE%BD-%CF%80%CE%B5%CF%81%CE%B9%CF%83/ HTTP/2" 200 20422 "-" "Mozilla/5.0 AppleWebKit/537.36 (KHTML, like Gecko; compatible; bingbot/2.0; +http://www.bing.com/bingbot.htm) Chrome/116.0.1938.76 Safari/537.36"
52.167.144.172 - - [29/Apr/2026:23:25:20 +0300] "GET /fairy-gate-ports-let-the-fairies-help-32red-casino-no-deposit-vip-bonus-you-winnings/ HTTP/2" 200 19950 "-" "Mozilla/5.0 AppleWebKit/537.36 (KHTML, like Gecko; compatible; bingbot/2.0; +http://www.bing.com/bingbot.htm) Chrome/116.0.1938.76 Safari/537.36"
40.77.167.78 - - [29/Apr/2026:23:25:25 +0300] "GET /is-funky-fruits-tips-on-the-net-gambling-establishment-canada-courtroom/ HTTP/2" 200 19891 "-" "Mozilla/5.0 AppleWebKit/537.36 (KHTML, like Gecko; compatible; bingbot/2.0; +http://www.bing.com/bingbot.htm) Chrome/116.0.1938.76 Safari/537.36"
38.246.32.214 - - [29/Apr/2026:23:25:26 +0300] "POST /xmlrpc.php HTTP/1.1" 200 9090 "-" "Mozilla/5.0 (Windows NT 10.0; Win64; x64) AppleWebKit/537.36 (KHTML, like Gecko) Chrome/114.0.0.0 Safari/537.36"
177.37.87.3 - - [29/Apr/2026:23:25:36 +0300] "POST /xmlrpc.php HTTP/2" 200 140 "-" "WordPress/XMLRPC Client"
52.167.144.232 - - [29/Apr/2026:23:25:45 +0300] "GET /erreichbar-spielsaal-paypal-2026-via-paypal-the-wish-master-bonus-ein-ferner-ausschutten/ HTTP/2" 200 20319 "-" "Mozilla/5.0 AppleWebKit/537.36 (KHTML, like Gecko; compatible; bingbot/2.0; +http://www.bing.com/bingbot.htm) Chrome/116.0.1938.76 Safari/537.36"
38.246.32.214 - - [29/Apr/2026:23:25:59 +0300] "GET /pai-gow-the-most-modern-games-youll-get-a-hold-of-at-the-web-based-casinos/ HTTP/1.1" 200 73294 "-" "Mozilla/5.0 (Windows NT 10.0; Win64; x64) AppleWebKit/537.36 (KHTML, like Gecko) Chrome/123.0.0.0 Safari/537.36"
177.37.87.3 - - [29/Apr/2026:23:26:01 +0300] "GET /?p=144486 HTTP/2" 301 0 "-" "Mozilla/5.0 (Windows NT 10.0; Win64; x64) AppleWebKit/537.36 (KHTML, like Gecko) Chrome/120.0.0.0 Safari/537.36"
40.77.167.78 - - [29/Apr/2026:23:26:05 +0300] "GET /greatest-no-deposit-added-bonus-gambling-enterprises-promos-within-no-deposit-paddy-power-30-free-spins-the-all-of-us-to-possess-february-2026/ HTTP/2" 200 19723 "-" "Mozilla/5.0 AppleWebKit/537.36 (KHTML, like Gecko; compatible; bingbot/2.0; +http://www.bing.com/bingbot.htm) Chrome/116.0.1938.76 Safari/537.36"
138.68.47.108 - - [29/Apr/2026:23:26:12 +0300] "POST /wp-login.php HTTP/2" 302 0 "-" "Mozilla/5.0 (Windows NT 10.0; Win64; x64; rv:135.0) Gecko/20100101 Firefox/135.0"
38.246.32.214 - - [29/Apr/2026:23:26:12 +0300] "POST /xmlrpc.php HTTP/1.1" 200 630 "-" "Mozilla/5.0 (Windows NT 10.0; Win64; x64) AppleWebKit/537.36 (KHTML, like Gecko) Chrome/114.0.0.0 Safari/537.36"
138.68.47.108 - - [29/Apr/2026:23:26:32 +0300] "GET /wp-admin HTTP/2" 301 795 "https://serhatburke.miroglu.net/wp-login.php" "Mozilla/5.0 (Windows NT 10.0; Win64; x64; rv:135.0) Gecko/20100101 Firefox/135.0"
138.68.47.108 - - [29/Apr/2026:23:26:33 +0300] "GET /wp-admin/ HTTP/2" 200 0 "https://serhatburke.miroglu.net/wp-admin" "Mozilla/5.0 (Windows NT 10.0; Win64; x64; rv:135.0) Gecko/20100101 Firefox/135.0"
185.216.113.70 - - [29/Apr/2026:23:26:50 +0300] "POST /wp-cron.php?doing_wp_cron=1777494409.8440120220184326171875 HTTP/1.1" 200 448 "-" "WordPress/6.3.8; https://serhatburke.miroglu.net"
183.97.47.232 - - [29/Apr/2026:23:26:43 +0300] "POST /wp-login.php HTTP/2" 200 0 "-" "Mozilla/5.0 (Windows NT 10.0; Win64; x64; rv:135.0) Gecko/20100101 Firefox/135.0"
38.246.32.214 - - [29/Apr/2026:23:26:38 +0300] "POST /xmlrpc.php HTTP/1.1" 200 9488 "-" "Mozilla/5.0 (Windows NT 10.0; Win64; x64) AppleWebKit/537.36 (KHTML, like Gecko) Chrome/114.0.0.0 Safari/537.36"
102.165.54.238 - - [29/Apr/2026:23:26:42 +0300] "GET /zotabet-casino-bonus-premier-depot-2026/ HTTP/1.1" 200 19103 "-" "Mozilla/5.0 (compatible; Googlebot/2.1; +http://www.google.com/bot.html)"
52.167.144.232 - - [29/Apr/2026:23:26:45 +0300] "GET /die-besonderheiten-hat-cat-queen-slot-bonus-nachfolgende-eye-of-horus-app-anpassung/ HTTP/2" 200 0 "-" "Mozilla/5.0 AppleWebKit/537.36 (KHTML, like Gecko; compatible; bingbot/2.0; +http://www.bing.com/bingbot.htm) Chrome/116.0.1938.76 Safari/537.36"
34.222.41.202 - - [29/Apr/2026:23:27:12 +0300] "POST /wp-login.php HTTP/2" 200 0 "-" "Mozilla/5.0 (Windows NT 10.0; Win64; x64; rv:135.0) Gecko/20100101 Firefox/135.0"
52.167.144.172 - - [29/Apr/2026:23:26:51 +0300] "GET /its-all-your-choice-for-this-reason-this-is-a-favourite-video-game-certainly-one-of-united-kingdom-people/ HTTP/2" 200 0 "-" "Mozilla/5.0 AppleWebKit/537.36 (KHTML, like Gecko; compatible; bingbot/2.0; +http://www.bing.com/bingbot.htm) Chrome/116.0.1938.76 Safari/537.36"
40.77.167.78 - - [29/Apr/2026:23:26:55 +0300] "GET /tentative-en-direct-emplacement-banana-splash-un-peu-2026-samuser-pour-un-bon-croupier/ HTTP/2" 200 0 "-" "Mozilla/5.0 AppleWebKit/537.36 (KHTML, like Gecko; compatible; bingbot/2.0; +http://www.bing.com/bingbot.htm) Chrome/116.0.1938.76 Safari/537.36"
40.77.167.78 - - [29/Apr/2026:23:26:55 +0300] "GET /%EF%BF%BDcuando-poseia-que-desaprovechar-de-apostar-sentia-mucha-angustia%EF%BF%BD/ HTTP/2" 200 0 "-" "Mozilla/5.0 AppleWebKit/537.36 (KHTML, like Gecko; compatible; bingbot/2.0; +http://www.bing.com/bingbot.htm) Chrome/116.0.1938.76 Safari/537.36"
185.216.113.70 - - [29/Apr/2026:23:26:52 +0300] "POST /wp-admin/admin-ajax.php?action=as_async_request_queue_runner&nonce=868c44b84f HTTP/1.1" 200 1039 "-" "WordPress/6.3.8; https://serhatburke.miroglu.net"
185.216.113.70 - - [29/Apr/2026:23:27:57 +0300] "POST /wp-cron.php?doing_wp_cron=1777494477.4379520416259765625000 HTTP/1.1" 200 448 "-" "WordPress/6.3.8; https://serhatburke.miroglu.net"
185.216.113.70 - - [29/Apr/2026:23:27:58 +0300] "POST /wp-cron.php?doing_wp_cron=1777494478.2951190471649169921875 HTTP/1.1" 200 448 "-" "WordPress/6.3.8; https://serhatburke.miroglu.net"
185.216.113.70 - - [29/Apr/2026:23:27:59 +0300] "POST /wp-cron.php?doing_wp_cron=1777494478.9112849235534667968750 HTTP/1.1" 200 448 "-" "WordPress/6.3.8; https://serhatburke.miroglu.net"
66.249.73.14 - - [29/Apr/2026:23:27:15 +0300] "GET /robots.txt HTTP/1.1" 200 719 "-" "Mozilla/5.0 (compatible; Googlebot/2.1; +http://www.google.com/bot.html)"
38.246.32.214 - - [29/Apr/2026:23:27:12 +0300] "GET /top-casinos-on-the-internet-into-the-canada-20-internet-getting-2026/ HTTP/1.1" 200 73770 "-" "Mozilla/5.0 (Windows NT 10.0; rv:109.0) Gecko/20100101 Firefox/115.0"
185.216.113.70 - - [29/Apr/2026:23:28:20 +0300] "POST /wp-cron.php?doing_wp_cron=1777494499.9618659019470214843750 HTTP/1.1" 200 448 "-" "WordPress/6.3.8; https://serhatburke.miroglu.net"
38.246.32.214 - - [29/Apr/2026:23:27:44 +0300] "POST /xmlrpc.php HTTP/1.1" 200 630 "-" "Mozilla/5.0 (Windows NT 10.0; Win64; x64) AppleWebKit/537.36 (KHTML, like Gecko) Chrome/114.0.0.0 Safari/537.36"
40.77.167.78 - - [29/Apr/2026:23:27:54 +0300] "GET /how-many-people-play-four-leaders-casino-and-you-can-ports/ HTTP/2" 200 17953 "-" "Mozilla/5.0 AppleWebKit/537.36 (KHTML, like Gecko; compatible; bingbot/2.0; +http://www.bing.com/bingbot.htm) Chrome/116.0.1938.76 Safari/537.36"
185.216.113.70 - - [29/Apr/2026:23:28:43 +0300] "POST /wp-cron.php?doing_wp_cron=1777494523.8469259738922119140625 HTTP/1.1" 200 448 "-" "WordPress/6.3.8; https://serhatburke.miroglu.net"
52.167.144.172 - - [29/Apr/2026:23:28:02 +0300] "GET /finest-5-deposit-casinos-nz-the-least-5-money-50-free-spins-on-classic-thai-sunrise-incentives/ HTTP/2" 200 19042 "-" "Mozilla/5.0 AppleWebKit/537.36 (KHTML, like Gecko; compatible; bingbot/2.0; +http://www.bing.com/bingbot.htm) Chrome/116.0.1938.76 Safari/537.36"
160.250.186.93 - - [29/Apr/2026:23:28:11 +0300] "GET /88701-2/ HTTP/1.1" 200 18386 "-" "Mozilla/5.0 (compatible; Googlebot/2.1; +http://www.google.com/bot.html)"
38.246.32.214 - - [29/Apr/2026:23:28:26 +0300] "POST /xmlrpc.php HTTP/1.1" 200 8924 "-" "Mozilla/5.0 (Windows NT 10.0; Win64; x64) AppleWebKit/537.36 (KHTML, like Gecko) Chrome/114.0.0.0 Safari/537.36"
40.77.167.78 - - [29/Apr/2026:23:28:45 +0300] "GET /fordyb-dig-i-underholdningen-et-nv-casino-giver-dig-adgang-til/ HTTP/2" 200 19011 "-" "Mozilla/5.0 AppleWebKit/537.36 (KHTML, like Gecko; compatible; bingbot/2.0; +http://www.bing.com/bingbot.htm) Chrome/116.0.1938.76 Safari/537.36"
62.12.119.247 - - [29/Apr/2026:23:28:55 +0300] "POST /xmlrpc.php HTTP/1.1" 200 630 "-" "Mozilla/5.0 (Windows NT 10.0; Win64; x64) AppleWebKit/537.36 (KHTML, like Gecko) Chrome/114.0.0.0 Safari/537.36"
38.246.32.214 - - [29/Apr/2026:23:29:02 +0300] "POST /xmlrpc.php HTTP/1.1" 200 630 "-" "Mozilla/5.0 (Windows NT 10.0; Win64; x64) AppleWebKit/537.36 (KHTML, like Gecko) Chrome/114.0.0.0 Safari/537.36"
38.246.32.214 - - [29/Apr/2026:23:29:02 +0300] "GET /things-to-see-when-deciding-on-the-best-vermont-gambling-web-site/ HTTP/1.1" 200 72835 "-" "Mozilla/5.0 (Windows NT 10.0; rv:125.0) Gecko/20100101 Firefox/125.0"
20.118.209.59 - - [29/Apr/2026:23:29:24 +0300] "POST /wp-admin/admin-ajax.php HTTP/1.1" 200 0 "-" "Mozilla/5.0"
185.216.113.70 - - [29/Apr/2026:23:29:53 +0300] "POST /wp-cron.php?doing_wp_cron=1777494593.6736400127410888671875 HTTP/1.1" 200 448 "-" "WordPress/6.3.8; https://serhatburke.miroglu.net"
40.77.167.78 - - [29/Apr/2026:23:29:24 +0300] "GET /apk-down-load-to-own-10-no-deposit-bonus-uk-android-aptoide/ HTTP/2" 200 18074 "-" "Mozilla/5.0 AppleWebKit/537.36 (KHTML, like Gecko; compatible; bingbot/2.0; +http://www.bing.com/bingbot.htm) Chrome/116.0.1938.76 Safari/537.36"
176.98.31.43 - - [29/Apr/2026:23:29:31 +0300] "POST /xmlrpc.php HTTP/1.1" 200 0 "-" "Mozilla/5.0 (Windows NT 10.0; WOW64; rv:45.0) Gecko/20100101 Firefox/45.0"
172.93.215.204 - - [29/Apr/2026:23:29:37 +0300] "GET /88701-2/ HTTP/1.1" 200 0 "-" "Mozilla/5.0 (compatible; Googlebot/2.1; +http://www.google.com/bot.html)"
62.12.119.247 - - [29/Apr/2026:23:29:29 +0300] "POST /xmlrpc.php HTTP/1.1" 200 15085 "-" "Mozilla/5.0 (Windows NT 10.0; Win64; x64) AppleWebKit/537.36 (KHTML, like Gecko) Chrome/114.0.0.0 Safari/537.36"
38.246.32.214 - - [29/Apr/2026:23:29:32 +0300] "POST /xmlrpc.php HTTP/1.1" 200 9334 "-" "Mozilla/5.0 (Windows NT 10.0; Win64; x64) AppleWebKit/537.36 (KHTML, like Gecko) Chrome/114.0.0.0 Safari/537.36"
163.61.182.63 - - [29/Apr/2026:23:29:43 +0300] "GET /88701-2/ HTTP/1.1" 200 18386 "-" "Mozilla/5.0 (compatible; Googlebot/2.1; +http://www.google.com/bot.html)"
185.216.113.70 - - [29/Apr/2026:23:29:54 +0300] "POST /wp-admin/admin-ajax.php?action=as_async_request_queue_runner&nonce=02633d6fcc HTTP/1.1" 200 1030 "-" "WordPress/6.3.8; https://serhatburke.miroglu.net"
40.77.167.78 - - [29/Apr/2026:23:30:05 +0300] "GET /reduced-minimal-deposit-casinos-uk-set-no-deposit-bonus-high-society-of-quick-put-gambling-enterprises/ HTTP/2" 200 18337 "-" "Mozilla/5.0 AppleWebKit/537.36 (KHTML, like Gecko; compatible; bingbot/2.0; +http://www.bing.com/bingbot.htm) Chrome/116.0.1938.76 Safari/537.36"
62.12.119.247 - - [29/Apr/2026:23:30:09 +0300] "GET /welches-gefallt-mir-inside-betrieb-boku-riva-ios-casino-gambling-enterprises-unser-nachteile-gibt-es-bei-boku-gambling-enterprises/ HTTP/1.1" 200 80517 "-" "Mozilla/5.0 (Windows NT 10.0; Win64; x64) AppleWebKit/537.36 (KHTML, like Gecko) Chrome/124.0.0.0 Safari/537.36"
38.246.32.214 - - [29/Apr/2026:23:30:21 +0300] "GET /this-new-ing-cycles-quick-bdt-balances-and-you-can-a-strong-assumption-out-of-quick-verification-because-of-bkash-nagad-or-rocket/ HTTP/1.1" 200 75296 "-" "Mozilla/5.0 (Windows NT 10.0; Win64; x64) AppleWebKit/537.36 (KHTML, like Gecko) Chrome/109.0.0.0 Safari/537.36"
38.246.32.214 - - [29/Apr/2026:23:30:28 +0300] "POST /xmlrpc.php HTTP/1.1" 200 630 "-" "Mozilla/5.0 (Windows NT 10.0; Win64; x64) AppleWebKit/537.36 (KHTML, like Gecko) Chrome/114.0.0.0 Safari/537.36"
185.216.113.70 - - [29/Apr/2026:23:31:08 +0300] "POST /wp-cron.php?doing_wp_cron=1777494668.7236208915710449218750 HTTP/1.1" 200 448 "-" "WordPress/6.3.8; https://serhatburke.miroglu.net"
38.246.32.214 - - [29/Apr/2026:23:30:56 +0300] "POST /xmlrpc.php HTTP/1.1" 200 9192 "-" "Mozilla/5.0 (Windows NT 10.0; Win64; x64) AppleWebKit/537.36 (KHTML, like Gecko) Chrome/114.0.0.0 Safari/537.36"
38.246.32.214 - - [29/Apr/2026:23:31:09 +0300] "GET /how-come-utahs-gambling-on-line-guidelines-compare-with-other-claims/ HTTP/1.1" 200 73520 "-" "Mozilla/5.0 (Windows NT 10.0; Win64; x64) AppleWebKit/537.36 (KHTML, like Gecko) Chrome/124.0.0.0 Safari/537.36"
62.12.119.247 - - [29/Apr/2026:23:31:25 +0300] "POST /xmlrpc.php HTTP/1.1" 200 630 "-" "Mozilla/5.0 (Windows NT 10.0; Win64; x64) AppleWebKit/537.36 (KHTML, like Gecko) Chrome/114.0.0.0 Safari/537.36"
185.216.113.70 - - [29/Apr/2026:23:31:56 +0300] "POST /wp-cron.php?doing_wp_cron=1777494716.8298931121826171875000 HTTP/1.1" 200 448 "-" "WordPress/6.3.8; https://serhatburke.miroglu.net"
62.12.119.247 - - [29/Apr/2026:23:31:44 +0300] "POST /xmlrpc.php HTTP/1.1" 200 15413 "-" "Mozilla/5.0 (Windows NT 10.0; Win64; x64) AppleWebKit/537.36 (KHTML, like Gecko) Chrome/114.0.0.0 Safari/537.36"
38.246.32.214 - - [29/Apr/2026:23:31:57 +0300] "POST /xmlrpc.php HTTP/1.1" 200 630 "-" "Mozilla/5.0 (Windows NT 10.0; Win64; x64) AppleWebKit/537.36 (KHTML, like Gecko) Chrome/114.0.0.0 Safari/537.36"
62.12.119.247 - - [29/Apr/2026:23:31:58 +0300] "GET /minimum-sizzling-hot-online-casino-games-slot-machine-ten-put-gambling-enterprises-2026-better-internet-sites-so-you-can-put-with-10/ HTTP/1.1" 200 80795 "-" "Mozilla/5.0 (Windows NT 10.0; Win64; x64) AppleWebKit/537.36 (KHTML, like Gecko) Chrome/124.0.0.0 Safari/537.36 Edg/124.0.0.0"
38.246.32.214 - - [29/Apr/2026:23:32:23 +0300] "POST /xmlrpc.php HTTP/1.1" 200 9048 "-" "Mozilla/5.0 (Windows NT 10.0; Win64; x64) AppleWebKit/537.36 (KHTML, like Gecko) Chrome/114.0.0.0 Safari/537.36"
185.216.113.70 - - [29/Apr/2026:23:32:51 +0300] "POST /wp-cron.php?doing_wp_cron=1777494771.1605160236358642578125 HTTP/1.1" 200 448 "-" "WordPress/6.3.8; https://serhatburke.miroglu.net"
38.246.32.214 - - [29/Apr/2026:23:32:36 +0300] "GET /can-it-be-judge-in-order-to-online-gamble-within-the-western-virginia/ HTTP/1.1" 200 73297 "-" "Mozilla/5.0 (Windows NT 10.0; Win64; x64) AppleWebKit/537.36 (KHTML, like Gecko) Chrome/109.0.0.0 Safari/537.36"
62.12.119.247 - - [29/Apr/2026:23:33:03 +0300] "POST /xmlrpc.php HTTP/1.1" 200 630 "-" "Mozilla/5.0 (Windows NT 10.0; Win64; x64) AppleWebKit/537.36 (KHTML, like Gecko) Chrome/114.0.0.0 Safari/537.36"
52.167.144.191 - - [29/Apr/2026:23:33:15 +0300] "GET /bet365-incentive-password-2026-have-fun-with-covers-to-possess-150-in-the-incentive-wagers/ HTTP/2" 200 20222 "-" "Mozilla/5.0 AppleWebKit/537.36 (KHTML, like Gecko; compatible; bingbot/2.0; +http://www.bing.com/bingbot.htm) Chrome/116.0.1938.76 Safari/537.36"
185.216.113.70 - - [29/Apr/2026:23:33:43 +0300] "POST /wp-cron.php?doing_wp_cron=1777494822.8846590518951416015625 HTTP/1.1" 200 448 "-" "WordPress/6.3.8; https://serhatburke.miroglu.net"
52.167.144.147 - - [29/Apr/2026:23:33:18 +0300] "GET /beste-angeschlossen-casinos-qua-schneller-ausschuttung-2026/ HTTP/2" 200 19151 "-" "Mozilla/5.0 AppleWebKit/537.36 (KHTML, like Gecko; compatible; bingbot/2.0; +http://www.bing.com/bingbot.htm) Chrome/116.0.1938.76 Safari/537.36"
40.77.167.78 - - [29/Apr/2026:23:33:20 +0300] "GET /kraken-vkhod-v-darknet-i-aktual-nye-ssylki-2026-2/ HTTP/2" 200 18927 "-" "Mozilla/5.0 AppleWebKit/537.36 (KHTML, like Gecko; compatible; bingbot/2.0; +http://www.bing.com/bingbot.htm) Chrome/116.0.1938.76 Safari/537.36"
62.12.119.247 - - [29/Apr/2026:23:33:24 +0300] "POST /xmlrpc.php HTTP/1.1" 200 15329 "-" "Mozilla/5.0 (Windows NT 10.0; Win64; x64) AppleWebKit/537.36 (KHTML, like Gecko) Chrome/114.0.0.0 Safari/537.36"
52.167.144.147 - - [29/Apr/2026:23:33:31 +0300] "GET /bast-natcasino-hitnspin-konto-inloggning-2022-de-snabbaste-sam-sakraste-svenska-sprake-casinon/ HTTP/2" 200 18623 "-" "Mozilla/5.0 AppleWebKit/537.36 (KHTML, like Gecko; compatible; bingbot/2.0; +http://www.bing.com/bingbot.htm) Chrome/116.0.1938.76 Safari/537.36"
52.167.144.191 - - [29/Apr/2026:23:33:47 +0300] "GET /raging-rhino-slot-comment-2026-gamble-now-victory-real-money/ HTTP/2" 200 20171 "-" "Mozilla/5.0 AppleWebKit/537.36 (KHTML, like Gecko; compatible; bingbot/2.0; +http://www.bing.com/bingbot.htm) Chrome/116.0.1938.76 Safari/537.36"
62.12.119.247 - - [29/Apr/2026:23:33:52 +0300] "GET /best-a-real-income-30-free-spins-eastern-emeralds-rtp-web-based-casinos-top-ten-inside-the-february-2026/ HTTP/1.1" 200 80227 "-" "Mozilla/5.0 (Windows NT 10.0; rv:109.0) Gecko/20100101 Firefox/115.0"
40.77.167.78 - - [29/Apr/2026:23:33:56 +0300] "GET /quali-sono-le-differenze-frammezzo-a-i-casino-online-esteri-addirittura-rso-bisca-italiani/ HTTP/2" 200 17548 "-" "Mozilla/5.0 AppleWebKit/537.36 (KHTML, like Gecko; compatible; bingbot/2.0; +http://www.bing.com/bingbot.htm) Chrome/116.0.1938.76 Safari/537.36"
52.167.144.147 - - [29/Apr/2026:23:34:22 +0300] "GET /win-casino-online-litsenziya-va-ishonchlilik-haqida-malumot413/ HTTP/2" 200 17784 "-" "Mozilla/5.0 AppleWebKit/537.36 (KHTML, like Gecko; compatible; bingbot/2.0; +http://www.bing.com/bingbot.htm) Chrome/116.0.1938.76 Safari/537.36"
185.216.113.70 - - [29/Apr/2026:23:34:43 +0300] "POST /wp-cron.php?doing_wp_cron=1777494883.2058410644531250000000 HTTP/1.1" 200 448 "-" "WordPress/6.3.8; https://serhatburke.miroglu.net"
40.77.167.78 - - [29/Apr/2026:23:34:26 +0300] "GET /juga-a-las-tragamonedas-sin-indian-dreaming-ranura-sin-bonificacion-de-deposito-cargo-referente-a-espana/ HTTP/2" 200 21458 "-" "Mozilla/5.0 AppleWebKit/537.36 (KHTML, like Gecko; compatible; bingbot/2.0; +http://www.bing.com/bingbot.htm) Chrome/116.0.1938.76 Safari/537.36"
52.167.144.191 - - [29/Apr/2026:23:34:31 +0300] "GET /is-actually-happy-twins-hook-up-and-you-will-win-position-that-have-94-24-rtp-and-you-may-x6110-00-maximum-prospective/ HTTP/2" 200 20091 "-" "Mozilla/5.0 AppleWebKit/537.36 (KHTML, like Gecko; compatible; bingbot/2.0; +http://www.bing.com/bingbot.htm) Chrome/116.0.1938.76 Safari/537.36"
62.12.119.247 - - [29/Apr/2026:23:34:33 +0300] "POST /xmlrpc.php HTTP/1.1" 200 630 "-" "Mozilla/5.0 (Windows NT 10.0; Win64; x64) AppleWebKit/537.36 (KHTML, like Gecko) Chrome/114.0.0.0 Safari/537.36"
185.198.243.167 - - [29/Apr/2026:23:34:53 +0300] "POST /xmlrpc.php HTTP/1.1" 200 234206 "-" "Mozilla/5.0 (Windows NT 10.0; Win64; x64) AppleWebKit/537.36 (KHTML, like Gecko) Chrome/131.0.0.0 Safari/537.36"
62.12.119.247 - - [29/Apr/2026:23:35:00 +0300] "POST /xmlrpc.php HTTP/1.1" 200 15440 "-" "Mozilla/5.0 (Windows NT 10.0; Win64; x64) AppleWebKit/537.36 (KHTML, like Gecko) Chrome/114.0.0.0 Safari/537.36"
45.89.242.154 - - [29/Apr/2026:23:35:09 +0300] "POST /xmlrpc.php HTTP/1.1" 200 667 "-" "Mozilla/5.0 (Windows NT 10.0; Win64; x64) AppleWebKit/537.36 (KHTML, like Gecko) Chrome/131.0.0.0 Safari/537.36"
62.12.119.247 - - [29/Apr/2026:23:35:15 +0300] "GET /paypal-24-casino-australia-gambling-enterprises-the-real-deal-money-in-the-usa/ HTTP/1.1" 200 79231 "-" "Mozilla/5.0 (Windows NT 10.0; Win64; x64) AppleWebKit/537.36 (KHTML, like Gecko) Chrome/123.0.0.0 Safari/537.36"
185.216.113.70 - - [29/Apr/2026:23:35:34 +0300] "POST /wp-cron.php?doing_wp_cron=1777494934.6550199985504150390625 HTTP/1.1" 200 448 "-" "WordPress/6.3.8; https://serhatburke.miroglu.net"
185.198.243.144 - - [29/Apr/2026:23:35:22 +0300] "POST /xmlrpc.php HTTP/1.1" 200 7203 "-" "Mozilla/5.0 (Windows NT 10.0; Win64; x64) AppleWebKit/537.36 (KHTML, like Gecko) Chrome/131.0.0.0 Safari/537.36"
179.60.157.163 - - [29/Apr/2026:23:35:42 +0300] "POST /xmlrpc.php HTTP/2" 200 141 "-" "WordPress/XMLRPC Client"
62.12.119.247 - - [29/Apr/2026:23:35:45 +0300] "POST /xmlrpc.php HTTP/1.1" 200 630 "-" "Mozilla/5.0 (Windows NT 10.0; Win64; x64) AppleWebKit/537.36 (KHTML, like Gecko) Chrome/114.0.0.0 Safari/537.36"
179.60.157.163 - - [29/Apr/2026:23:35:56 +0300] "GET /?p=144508 HTTP/2" 301 0 "-" "Mozilla/5.0 (Windows NT 10.0; Win64; x64) AppleWebKit/537.36 (KHTML, like Gecko) Chrome/120.0.0.0 Safari/537.36"
62.12.119.247 - - [29/Apr/2026:23:36:05 +0300] "POST /xmlrpc.php HTTP/1.1" 200 15158 "-" "Mozilla/5.0 (Windows NT 10.0; Win64; x64) AppleWebKit/537.36 (KHTML, like Gecko) Chrome/114.0.0.0 Safari/537.36"
40.77.167.6 - - [29/Apr/2026:23:36:06 +0300] "GET /nagradza-lojalnych-graczy-punktami-posiadania-hazard-postawione-na-grach/ HTTP/2" 200 18250 "-" "Mozilla/5.0 AppleWebKit/537.36 (KHTML, like Gecko; compatible; bingbot/2.0; +http://www.bing.com/bingbot.htm) Chrome/116.0.1938.76 Safari/537.36"
52.167.144.191 - - [29/Apr/2026:23:36:12 +0300] "GET /maximize-trading-efficiency-with-raydium-swap-3/ HTTP/2" 200 18063 "-" "Mozilla/5.0 AppleWebKit/537.36 (KHTML, like Gecko; compatible; bingbot/2.0; +http://www.bing.com/bingbot.htm) Chrome/116.0.1938.76 Safari/537.36"
185.216.113.70 - - [29/Apr/2026:23:36:47 +0300] "POST /wp-cron.php?doing_wp_cron=1777495007.5637888908386230468750 HTTP/1.1" 200 448 "-" "WordPress/6.3.8; https://serhatburke.miroglu.net"
52.167.144.147 - - [29/Apr/2026:23:36:16 +0300] "GET /paypal-might-have-been-probably-one-of-the-most-well-known-on-the-internet-percentage-actions-given-that-the-beginning-during-the-1998/ HTTP/2" 200 17856 "-" "Mozilla/5.0 AppleWebKit/537.36 (KHTML, like Gecko; compatible; bingbot/2.0; +http://www.bing.com/bingbot.htm) Chrome/116.0.1938.76 Safari/537.36"
52.167.144.147 - - [29/Apr/2026:23:36:21 +0300] "GET /kraken-bezopasnye-onion-ssylki-dlia-dostupa-2026/ HTTP/2" 200 18595 "-" "Mozilla/5.0 AppleWebKit/537.36 (KHTML, like Gecko; compatible; bingbot/2.0; +http://www.bing.com/bingbot.htm) Chrome/116.0.1938.76 Safari/537.36"
62.12.119.247 - - [29/Apr/2026:23:36:24 +0300] "GET /clover-attraction-smack-the-slot-online-inferno-added-bonus-demo-play-slot-games-100-100-percent-free/ HTTP/1.1" 200 79738 "-" "Mozilla/5.0 (Windows NT 10.0; Win64; x64; rv:124.0) Gecko/20100101 Firefox/124.0"
52.167.144.191 - - [29/Apr/2026:23:36:26 +0300] "GET /xclub-support-program-readily-available-for-all-of-the-participants-a-huge-selection-of-online-slots-games-advanced-level-listing-of-commission-strategies/ HTTP/2" 200 17802 "-" "Mozilla/5.0 AppleWebKit/537.36 (KHTML, like Gecko; compatible; bingbot/2.0; +http://www.bing.com/bingbot.htm) Chrome/116.0.1938.76 Safari/537.36"
40.77.167.6 - - [29/Apr/2026:23:36:35 +0300] "GET /beyond-the-horizon-can-you-cash-out-before-the-aviator-flies/ HTTP/2" 200 20110 "-" "Mozilla/5.0 AppleWebKit/537.36 (KHTML, like Gecko; compatible; bingbot/2.0; +http://www.bing.com/bingbot.htm) Chrome/116.0.1938.76 Safari/537.36"
40.77.167.6 - - [29/Apr/2026:23:36:40 +0300] "GET /noppes-spins-wegens-nederland-thefather-slot-no-deposit-bonus-2025/ HTTP/2" 200 18167 "-" "Mozilla/5.0 AppleWebKit/537.36 (KHTML, like Gecko; compatible; bingbot/2.0; +http://www.bing.com/bingbot.htm) Chrome/116.0.1938.76 Safari/537.36"
62.12.119.247 - - [29/Apr/2026:23:36:50 +0300] "POST /xmlrpc.php HTTP/1.1" 200 630 "-" "Mozilla/5.0 (Windows NT 10.0; Win64; x64) AppleWebKit/537.36 (KHTML, like Gecko) Chrome/114.0.0.0 Safari/537.36"
52.167.144.147 - - [29/Apr/2026:23:37:01 +0300] "GET /casino-inte-me-svensk-koncessio-ultimata-casino-inte-med-spelpaus-2026/ HTTP/2" 200 18409 "-" "Mozilla/5.0 AppleWebKit/537.36 (KHTML, like Gecko; compatible; bingbot/2.0; +http://www.bing.com/bingbot.htm) Chrome/116.0.1938.76 Safari/537.36"
52.167.144.191 - - [29/Apr/2026:23:37:14 +0300] "GET /jackpot-city-no-deposit-bonus-rules-to-have-march-2026/ HTTP/2" 200 19636 "-" "Mozilla/5.0 AppleWebKit/537.36 (KHTML, like Gecko; compatible; bingbot/2.0; +http://www.bing.com/bingbot.htm) Chrome/116.0.1938.76 Safari/537.36"
52.167.144.191 - - [29/Apr/2026:23:37:18 +0300] "GET /5-minimitalletus-uhkapelialan-sivustot-laita-5-luokitus-bombastic-casino-suomi-bonus-25-40-100-prosenttia-ilmainen/ HTTP/2" 200 18247 "-" "Mozilla/5.0 AppleWebKit/537.36 (KHTML, like Gecko; compatible; bingbot/2.0; +http://www.bing.com/bingbot.htm) Chrome/116.0.1938.76 Safari/537.36"
185.216.113.70 - - [29/Apr/2026:23:37:45 +0300] "POST /wp-cron.php?doing_wp_cron=1777495064.9629380702972412109375 HTTP/1.1" 200 448 "-" "WordPress/6.3.8; https://serhatburke.miroglu.net"
57.128.22.95 - - [29/Apr/2026:23:37:24 +0300] "GET /88701-2/ HTTP/1.1" 200 18436 "-" "Mozilla/5.0 (compatible; Googlebot/2.1; +http://www.google.com/bot.html)"
62.12.119.247 - - [29/Apr/2026:23:37:30 +0300] "POST /xmlrpc.php HTTP/1.1" 200 15194 "-" "Mozilla/5.0 (Windows NT 10.0; Win64; x64) AppleWebKit/537.36 (KHTML, like Gecko) Chrome/114.0.0.0 Safari/537.36"
52.167.144.191 - - [29/Apr/2026:23:37:46 +0300] "GET /scamwatch-673/ HTTP/2" 200 253852 "-" "Mozilla/5.0 AppleWebKit/537.36 (KHTML, like Gecko; compatible; bingbot/2.0; +http://www.bing.com/bingbot.htm) Chrome/116.0.1938.76 Safari/537.36"
62.12.119.247 - - [29/Apr/2026:23:37:50 +0300] "GET /play-21700-online-casino-casino-paco-and-the-popping-peppers-games-zero-install/ HTTP/1.1" 200 79254 "-" "Mozilla/5.0 (Windows NT 10.0; rv:125.0) Gecko/20100101 Firefox/125.0"
104.166.164.56 - - [29/Apr/2026:23:37:54 +0300] "POST /xmlrpc.php HTTP/1.1" 200 630 "-" "Mozilla/5.0 (Windows NT 10.0; Win64; x64) AppleWebKit/537.36 (KHTML, like Gecko) Chrome/114.0.0.0 Safari/537.36"
62.12.119.247 - - [29/Apr/2026:23:37:59 +0300] "POST /xmlrpc.php HTTP/1.1" 200 630 "-" "Mozilla/5.0 (Windows NT 10.0; Win64; x64) AppleWebKit/537.36 (KHTML, like Gecko) Chrome/114.0.0.0 Safari/537.36"
104.166.164.56 - - [29/Apr/2026:23:38:24 +0300] "POST /xmlrpc.php HTTP/1.1" 200 16275 "-" "Mozilla/5.0 (Windows NT 10.0; Win64; x64) AppleWebKit/537.36 (KHTML, like Gecko) Chrome/114.0.0.0 Safari/537.36"
185.216.113.70 - - [29/Apr/2026:23:38:39 +0300] "POST /wp-cron.php?doing_wp_cron=1777495119.1754410266876220703125 HTTP/1.1" 200 448 "-" "WordPress/6.3.8; https://serhatburke.miroglu.net"
62.12.119.247 - - [29/Apr/2026:23:38:26 +0300] "POST /xmlrpc.php HTTP/1.1" 200 14833 "-" "Mozilla/5.0 (Windows NT 10.0; Win64; x64) AppleWebKit/537.36 (KHTML, like Gecko) Chrome/114.0.0.0 Safari/537.36"
104.166.164.56 - - [29/Apr/2026:23:38:39 +0300] "GET /giros-sin-cargo-bonos-casino-joviales-aplicacion-unlimluck-tiradas-regalado-2024-sin-tanque/ HTTP/1.1" 200 80833 "-" "Mozilla/5.0 (Windows NT 10.0; Win64; x64) AppleWebKit/537.36 (KHTML, like Gecko) Chrome/122.0.0.0 Safari/537.36"
62.12.119.247 - - [29/Apr/2026:23:38:40 +0300] "GET /melting-christmas-time-cyberbingo-casino-bonus-code-no-deposit-tree-activity/ HTTP/1.1" 200 78999 "-" "Mozilla/5.0 (Windows NT 10.0; Win64; x64) AppleWebKit/537.36 (KHTML, like Gecko) Chrome/124.0.0.0 Safari/537.36"
38.246.32.214 - - [29/Apr/2026:23:38:57 +0300] "POST /xmlrpc.php HTTP/1.1" 200 630 "-" "Mozilla/5.0 (Windows NT 10.0; Win64; x64) AppleWebKit/537.36 (KHTML, like Gecko) Chrome/114.0.0.0 Safari/537.36"
62.12.119.247 - - [29/Apr/2026:23:39:03 +0300] "POST /xmlrpc.php HTTP/1.1" 200 630 "-" "Mozilla/5.0 (Windows NT 10.0; Win64; x64) AppleWebKit/537.36 (KHTML, like Gecko) Chrome/114.0.0.0 Safari/537.36"
185.216.113.70 - - [29/Apr/2026:23:39:28 +0300] "POST /wp-cron.php?doing_wp_cron=1777495168.3486409187316894531250 HTTP/1.1" 200 448 "-" "WordPress/6.3.8; https://serhatburke.miroglu.net"
38.246.32.214 - - [29/Apr/2026:23:39:15 +0300] "POST /xmlrpc.php HTTP/1.1" 200 8907 "-" "Mozilla/5.0 (Windows NT 10.0; Win64; x64) AppleWebKit/537.36 (KHTML, like Gecko) Chrome/114.0.0.0 Safari/537.36"
62.12.119.247 - - [29/Apr/2026:23:39:21 +0300] "POST /xmlrpc.php HTTP/1.1" 200 15261 "-" "Mozilla/5.0 (Windows NT 10.0; Win64; x64) AppleWebKit/537.36 (KHTML, like Gecko) Chrome/114.0.0.0 Safari/537.36"
52.167.144.191 - - [29/Apr/2026:23:39:26 +0300] "GET /favoare-mozzart-casino-on-protector-varietate-de-asemenea-i-cheltuieli-spectaculoase-chiar-de-la-tine-acasa/ HTTP/2" 200 17871 "-" "Mozilla/5.0 AppleWebKit/537.36 (KHTML, like Gecko; compatible; bingbot/2.0; +http://www.bing.com/bingbot.htm) Chrome/116.0.1938.76 Safari/537.36"
38.246.32.214 - - [29/Apr/2026:23:39:28 +0300] "GET /rules-way-forward-for-gambling-in-the-north-dakota-statutes/ HTTP/1.1" 200 73087 "-" "Mozilla/5.0 (Windows NT 10.0; Win64; x64) AppleWebKit/537.36 (KHTML, like Gecko) Chrome/123.0.0.0 Safari/537.36 OPR/109.0.0.0"
40.77.167.6 - - [29/Apr/2026:23:39:30 +0300] "GET /neue-online-casinos-monat-des-mermaids-millions-slotauszahlung-fruhlingsbeginns-2026-pro-deutsche-glucksspieler/ HTTP/2" 200 20505 "-" "Mozilla/5.0 AppleWebKit/537.36 (KHTML, like Gecko; compatible; bingbot/2.0; +http://www.bing.com/bingbot.htm) Chrome/116.0.1938.76 Safari/537.36"
52.167.144.147 - - [29/Apr/2026:23:39:35 +0300] "GET /raging-rhino-reputation-opinion-2026-enjoy-today-safe-real-cash-mercantile-place-of-work-options-ranura-gnome-pvt-ltd/ HTTP/2" 200 17681 "-" "Mozilla/5.0 AppleWebKit/537.36 (KHTML, like Gecko; compatible; bingbot/2.0; +http://www.bing.com/bingbot.htm) Chrome/116.0.1938.76 Safari/537.36"
52.167.144.191 - - [29/Apr/2026:23:39:40 +0300] "GET /dans-quelques-semaines-tout-mon-comite-comparera-pour-lunanimite-nos-impetrant-lesquels-auront-affirme-tout-mon-prouesse-super/ HTTP/2" 200 18220 "-" "Mozilla/5.0 AppleWebKit/537.36 (KHTML, like Gecko; compatible; bingbot/2.0; +http://www.bing.com/bingbot.htm) Chrome/116.0.1938.76 Safari/537.36"
52.167.144.147 - - [29/Apr/2026:23:39:45 +0300] "GET /une-des-raison-pour-laquelle-des-salle-de-jeu-un-brin-proposent-eux-un-atout-sans-avoir-i%EF%BF%BD-annales/ HTTP/2" 200 18077 "-" "Mozilla/5.0 AppleWebKit/537.36 (KHTML, like Gecko; compatible; bingbot/2.0; +http://www.bing.com/bingbot.htm) Chrome/116.0.1938.76 Safari/537.36"
62.12.119.247 - - [29/Apr/2026:23:39:48 +0300] "GET /greatest-real-money-casinos-on-the-internet-top-dragons-treasure-play-inside-march-2026/ HTTP/1.1" 200 79651 "-" "Mozilla/5.0 (Windows NT 10.0; Win64; x64) AppleWebKit/537.36 (KHTML, like Gecko) Chrome/124.0.0.0 Safari/537.36"
185.216.113.70 - - [29/Apr/2026:23:40:31 +0300] "POST /wp-cron.php?doing_wp_cron=1777495231.1023240089416503906250 HTTP/1.1" 200 448 "-" "WordPress/6.3.8; https://serhatburke.miroglu.net"
62.12.119.247 - - [29/Apr/2026:23:40:05 +0300] "POST /xmlrpc.php HTTP/1.1" 200 630 "-" "Mozilla/5.0 (Windows NT 10.0; Win64; x64) AppleWebKit/537.36 (KHTML, like Gecko) Chrome/114.0.0.0 Safari/537.36"
185.216.113.70 - - [29/Apr/2026:23:40:49 +0300] "POST /wp-cron.php?doing_wp_cron=1777495248.7634940147399902343750 HTTP/1.1" 200 448 "-" "WordPress/6.3.8; https://serhatburke.miroglu.net"
52.167.144.191 - - [29/Apr/2026:23:40:28 +0300] "GET /gerade-ebendiese-benutzung-bei-zahlungsdiensten-chapeau-zugenommen-hier-eltern-rasche-sichere-ferner-einfache-transaktionen-ermoglichen/ HTTP/2" 200 18347 "-" "Mozilla/5.0 AppleWebKit/537.36 (KHTML, like Gecko; compatible; bingbot/2.0; +http://www.bing.com/bingbot.htm) Chrome/116.0.1938.76 Safari/537.36"
52.167.144.191 - - [29/Apr/2026:23:40:32 +0300] "GET /cota-general-entryway-information-enjoying-guide-to-possess-f1/ HTTP/2" 200 19038 "-" "Mozilla/5.0 AppleWebKit/537.36 (KHTML, like Gecko; compatible; bingbot/2.0; +http://www.bing.com/bingbot.htm) Chrome/116.0.1938.76 Safari/537.36"
62.12.119.247 - - [29/Apr/2026:23:40:37 +0300] "POST /xmlrpc.php HTTP/1.1" 200 15614 "-" "Mozilla/5.0 (Windows NT 10.0; Win64; x64) AppleWebKit/537.36 (KHTML, like Gecko) Chrome/114.0.0.0 Safari/537.36"
52.167.144.147 - - [29/Apr/2026:23:40:40 +0300] "GET /fu-ricaricato-il-opportunita-si-puo-appressarsi-a-unampia-campione-di-giochi/ HTTP/2" 200 18152 "-" "Mozilla/5.0 AppleWebKit/537.36 (KHTML, like Gecko; compatible; bingbot/2.0; +http://www.bing.com/bingbot.htm) Chrome/116.0.1938.76 Safari/537.36"
52.167.144.147 - - [29/Apr/2026:23:40:44 +0300] "GET /kraken-bezopasnye-metody-dostupa-k-darknetu-2026-28/ HTTP/2" 200 18837 "-" "Mozilla/5.0 AppleWebKit/537.36 (KHTML, like Gecko; compatible; bingbot/2.0; +http://www.bing.com/bingbot.htm) Chrome/116.0.1938.76 Safari/537.36"
65.109.104.153 - - [29/Apr/2026:23:40:47 +0300] "GET /beste-casino-site-belgie-hoge-inzet/ HTTP/1.1" 200 19280 "https://serhatburke.miroglu.net/" "Mozilla/5.0 (Macintosh; Intel Mac OS X 12_5) AppleWebKit/605.1.15 (KHTML, like Gecko) Version/15.4 Safari/605.1.15"
62.12.119.247 - - [29/Apr/2026:23:41:04 +0300] "POST /xmlrpc.php HTTP/1.1" 200 630 "-" "Mozilla/5.0 (Windows NT 10.0; Win64; x64) AppleWebKit/537.36 (KHTML, like Gecko) Chrome/114.0.0.0 Safari/537.36"
52.167.144.191 - - [29/Apr/2026:23:41:16 +0300] "GET /finest-2026-ports-to-play-the-real-elementals-slot-play-for-real-money-deal-online/ HTTP/2" 200 19275 "-" "Mozilla/5.0 AppleWebKit/537.36 (KHTML, like Gecko; compatible; bingbot/2.0; +http://www.bing.com/bingbot.htm) Chrome/116.0.1938.76 Safari/537.36"
62.12.119.247 - - [29/Apr/2026:23:41:17 +0300] "GET /100-percent-free-revolves-bonuses-united-states-of-america-2025-no-deposit-real-cash-joy-online-casino-free-spins-also-offers/ HTTP/1.1" 200 80975 "-" "Mozilla/5.0 (Windows NT 10.0; Win64; x64) AppleWebKit/537.36 (KHTML, like Gecko) Chrome/109.0.0.0 Safari/537.36"
185.216.113.70 - - [29/Apr/2026:23:41:53 +0300] "POST /wp-cron.php?doing_wp_cron=1777495313.8961679935455322265625 HTTP/1.1" 200 448 "-" "WordPress/6.3.8; https://serhatburke.miroglu.net"
185.216.113.70 - - [29/Apr/2026:23:41:54 +0300] "POST /wp-cron.php?doing_wp_cron=1777495314.2910540103912353515625 HTTP/1.1" 200 448 "-" "WordPress/6.3.8; https://serhatburke.miroglu.net"
52.167.144.147 - - [29/Apr/2026:23:41:29 +0300] "GET /velvet-spin-%CF%87%CF%89%CF%81%CE%AF%CF%82-%CE%BA%CE%B1%CF%84%CE%AC%CE%B8%CE%B5%CF%83%CE%B7-%CF%80%CF%81%CE%BF%CF%83%CF%84%CE%AD%CE%B8%CE%B7%CE%BA%CE%B5-%CE%BC%CF%80%CF%8C%CE%BD%CE%BF%CF%85%CF%82/ HTTP/2" 200 20717 "-" "Mozilla/5.0 AppleWebKit/537.36 (KHTML, like Gecko; compatible; bingbot/2.0; +http://www.bing.com/bingbot.htm) Chrome/116.0.1938.76 Safari/537.36"
65.109.104.153 - - [29/Apr/2026:23:41:30 +0300] "GET /beste-casino-site-belgie-hoge-inzet/ HTTP/1.1" 200 19264 "https://serhatburke.miroglu.net/beste-casino-site-belgie-hoge-inzet/" "Mozilla/5.0 (Windows NT 6.3; Win64; x64) AppleWebKit/537.36 (KHTML, like Gecko) Chrome/103.0.0.0 Safari/537.36"
185.216.113.70 - - [29/Apr/2026:23:42:10 +0300] "POST /wp-cron.php?doing_wp_cron=1777495330.4561910629272460937500 HTTP/1.1" 200 448 "-" "WordPress/6.3.8; https://serhatburke.miroglu.net"
62.12.119.247 - - [29/Apr/2026:23:41:43 +0300] "POST /xmlrpc.php HTTP/1.1" 200 14923 "-" "Mozilla/5.0 (Windows NT 10.0; Win64; x64) AppleWebKit/537.36 (KHTML, like Gecko) Chrome/114.0.0.0 Safari/537.36"
65.109.104.153 - - [29/Apr/2026:23:41:55 +0300] "POST /wp-comments-post.php HTTP/1.1" 302 1083 "https://serhatburke.miroglu.net/beste-casino-site-belgie-hoge-inzet/" "Mozilla/5.0 (Windows NT 6.3; Win64; x64) AppleWebKit/537.36 (KHTML, like Gecko) Chrome/103.0.0.0 Safari/537.36"
52.167.144.191 - - [29/Apr/2026:23:41:56 +0300] "GET /balloon-acabamento-aquele-apostar-como-rodadas-gratis-no-slot-ultra-hot-alcancar-arame-contemporaneo-acimade-2026/ HTTP/2" 200 19057 "-" "Mozilla/5.0 AppleWebKit/537.36 (KHTML, like Gecko; compatible; bingbot/2.0; +http://www.bing.com/bingbot.htm) Chrome/116.0.1938.76 Safari/537.36"
52.167.144.147 - - [29/Apr/2026:23:42:01 +0300] "GET /beste-live-sharky-slot-free-spins-casinos-2026-traktandum-angebote-via-live-drogenhandler/ HTTP/2" 200 20533 "-" "Mozilla/5.0 AppleWebKit/537.36 (KHTML, like Gecko; compatible; bingbot/2.0; +http://www.bing.com/bingbot.htm) Chrome/116.0.1938.76 Safari/537.36"
62.12.119.247 - - [29/Apr/2026:23:42:07 +0300] "POST /xmlrpc.php HTTP/1.1" 200 630 "-" "Mozilla/5.0 (Windows NT 10.0; Win64; x64) AppleWebKit/537.36 (KHTML, like Gecko) Chrome/114.0.0.0 Safari/537.36"
62.12.119.247 - - [29/Apr/2026:23:42:11 +0300] "GET /curso-de-munchkins-1-deposit-2023-theatre-elizabeth-audiovisual-uesb/ HTTP/1.1" 200 78849 "-" "Mozilla/5.0 (Windows NT 10.0; rv:109.0) Gecko/20100101 Firefox/115.0"
65.109.104.153 - - [29/Apr/2026:23:42:39 +0300] "GET /beste-casino-site-belgie-hoge-inzet/?unapproved=912&moderation-hash=8e2ed83334707058fea8169a2635edd0 HTTP/1.1" 200 19839 "https://serhatburke.miroglu.net/wp-comments-post.php" "Mozilla/5.0 (Windows NT 6.3; Win64; x64) AppleWebKit/537.36 (KHTML, like Gecko) Chrome/103.0.0.0 Safari/537.36"
62.12.119.247 - - [29/Apr/2026:23:43:00 +0300] "POST /xmlrpc.php HTTP/1.1" 200 15396 "-" "Mozilla/5.0 (Windows NT 10.0; Win64; x64) AppleWebKit/537.36 (KHTML, like Gecko) Chrome/114.0.0.0 Safari/537.36"
65.109.104.153 - - [29/Apr/2026:23:43:02 +0300] "GET /beste-casino-site-belgie-hoge-inzet/ HTTP/1.1" 200 19358 "-" "Mozilla/5.0 (Windows NT 6.3; Win64; x64) AppleWebKit/537.36 (KHTML, like Gecko) Chrome/103.0.0.0 Safari/537.36"
62.12.119.247 - - [29/Apr/2026:23:43:13 +0300] "POST /xmlrpc.php HTTP/1.1" 200 630 "-" "Mozilla/5.0 (Windows NT 10.0; Win64; x64) AppleWebKit/537.36 (KHTML, like Gecko) Chrome/114.0.0.0 Safari/537.36"
62.12.119.247 - - [29/Apr/2026:23:43:15 +0300] "GET /davinci-expensive-diamonds-slot-opinion-2026-play-the-devilfish-50-free-spins-no-deposit-required-totally-free-demo/ HTTP/1.1" 200 80346 "-" "Mozilla/5.0 (Windows NT 10.0; Win64; x64) AppleWebKit/537.36 (KHTML, like Gecko) Chrome/124.0.0.0 Safari/537.36 Edg/124.0.0.0"
185.216.113.70 - - [29/Apr/2026:23:43:46 +0300] "POST /wp-cron.php?doing_wp_cron=1777495426.2200589179992675781250 HTTP/1.1" 200 448 "-" "WordPress/6.3.8; https://serhatburke.miroglu.net"
62.12.119.247 - - [29/Apr/2026:23:43:34 +0300] "POST /xmlrpc.php HTTP/1.1" 200 15565 "-" "Mozilla/5.0 (Windows NT 10.0; Win64; x64) AppleWebKit/537.36 (KHTML, like Gecko) Chrome/114.0.0.0 Safari/537.36"
62.12.119.247 - - [29/Apr/2026:23:43:47 +0300] "GET /long-islands-nycs-development-grand-hotel-casino-best-slot-game-source/ HTTP/1.1" 200 79747 "-" "Mozilla/5.0 (Windows NT 10.0; Win64; x64) AppleWebKit/537.36 (KHTML, like Gecko) Chrome/124.0.0.0 Safari/537.36 Edg/124.0.0.0"
40.77.167.6 - - [29/Apr/2026:23:44:06 +0300] "GET /prima-del-inganno-ti-viene-posto-il-saccheggio-assurdo-verso-aggredire-le-test/ HTTP/2" 200 17941 "-" "Mozilla/5.0 AppleWebKit/537.36 (KHTML, like Gecko; compatible; bingbot/2.0; +http://www.bing.com/bingbot.htm) Chrome/116.0.1938.76 Safari/537.36"
52.167.144.147 - - [29/Apr/2026:23:44:11 +0300] "GET /wunderino-100-freispiele-400-bonus-monat-des-fruhlingsbeginns-2026/ HTTP/2" 200 19009 "-" "Mozilla/5.0 AppleWebKit/537.36 (KHTML, like Gecko; compatible; bingbot/2.0; +http://www.bing.com/bingbot.htm) Chrome/116.0.1938.76 Safari/537.36"
185.216.113.70 - - [29/Apr/2026:23:44:44 +0300] "POST /wp-cron.php?doing_wp_cron=1777495484.8393371105194091796875 HTTP/1.1" 200 448 "-" "WordPress/6.3.8; https://serhatburke.miroglu.net"
52.167.144.147 - - [29/Apr/2026:23:44:16 +0300] "GET /die-besten-echtgeld-verbunden-casinos-2026-aktuelle-liste-bollywood-dreams-unterhaltung-indian-wedding-diskjockey-servies/ HTTP/2" 200 21105 "-" "Mozilla/5.0 AppleWebKit/537.36 (KHTML, like Gecko; compatible; bingbot/2.0; +http://www.bing.com/bingbot.htm) Chrome/116.0.1938.76 Safari/537.36"
40.77.167.77 - - [29/Apr/2026:23:44:16 +0300] "GET /%CE%B1%CE%BD%CE%BF%CE%AF%CE%BE%CF%84%CE%B5-%CF%84%CE%BF-ca500-%CF%84%CE%BF%CF%85%CF%82/ HTTP/2" 200 20694 "-" "Mozilla/5.0 AppleWebKit/537.36 (KHTML, like Gecko; compatible; bingbot/2.0; +http://www.bing.com/bingbot.htm) Chrome/116.0.1938.76 Safari/537.36"
62.12.119.247 - - [29/Apr/2026:23:44:18 +0300] "POST /xmlrpc.php HTTP/1.1" 200 630 "-" "Mozilla/5.0 (Windows NT 10.0; Win64; x64) AppleWebKit/537.36 (KHTML, like Gecko) Chrome/114.0.0.0 Safari/537.36"
40.77.167.6 - - [29/Apr/2026:23:44:20 +0300] "GET /e-22-a-dozen-victory-an-amazing-dos-night-family-trip-so-you-can-50-free-spins-no-deposit-tomb-raider-santas-lapland-inside-the-2025-having-magic-moneysavingexpert-discussion-board/ HTTP/2" 200 20448 "-" "Mozilla/5.0 AppleWebKit/537.36 (KHTML, like Gecko; compatible; bingbot/2.0; +http://www.bing.com/bingbot.htm) Chrome/116.0.1938.76 Safari/537.36"
62.12.119.247 - - [29/Apr/2026:23:44:53 +0300] "POST /xmlrpc.php HTTP/1.1" 200 14945 "-" "Mozilla/5.0 (Windows NT 10.0; Win64; x64) AppleWebKit/537.36 (KHTML, like Gecko) Chrome/114.0.0.0 Safari/537.36"
52.167.144.147 - - [29/Apr/2026:23:44:54 +0300] "GET /free-spins-no-deposit-united-kingdom-2026-twist-jackpot-express-play-harbors-100percent-free/ HTTP/2" 200 19520 "-" "Mozilla/5.0 AppleWebKit/537.36 (KHTML, like Gecko; compatible; bingbot/2.0; +http://www.bing.com/bingbot.htm) Chrome/116.0.1938.76 Safari/537.36"
40.77.167.6 - - [29/Apr/2026:23:44:57 +0300] "GET /discover-the-unique-features-of-sushiswap-dex-7/ HTTP/2" 200 18242 "-" "Mozilla/5.0 AppleWebKit/537.36 (KHTML, like Gecko; compatible; bingbot/2.0; +http://www.bing.com/bingbot.htm) Chrome/116.0.1938.76 Safari/537.36"
40.77.167.6 - - [29/Apr/2026:23:44:58 +0300] "GET /une-competiteur-peut-accabler-en-compagnie-de-remorquer-tant-a-l%EF%BF%BDegard-de-aiguilles-lequel-le-veut/ HTTP/2" 200 18833 "-" "Mozilla/5.0 AppleWebKit/537.36 (KHTML, like Gecko; compatible; bingbot/2.0; +http://www.bing.com/bingbot.htm) Chrome/116.0.1938.76 Safari/537.36"
62.12.119.247 - - [29/Apr/2026:23:45:17 +0300] "GET /best-5-deposit-gambling-enterprises-to-possess-british-caesars-200-free-spins-no-deposit-2023-people-inside-the-2026/ HTTP/1.1" 200 79927 "-" "Mozilla/5.0 (Windows NT 10.0; Win64; x64; rv:124.0) Gecko/20100101 Firefox/124.0"
185.216.113.70 - - [29/Apr/2026:23:45:42 +0300] "POST /wp-cron.php?doing_wp_cron=1777495542.3653779029846191406250 HTTP/1.1" 200 448 "-" "WordPress/6.3.8; https://serhatburke.miroglu.net"
40.77.167.6 - - [29/Apr/2026:23:45:26 +0300] "GET /spiele-multiplayer-spiele-nach-1001spiele-kostenfrei-fur-ganz/ HTTP/2" 200 19357 "-" "Mozilla/5.0 AppleWebKit/537.36 (KHTML, like Gecko; compatible; bingbot/2.0; +http://www.bing.com/bingbot.htm) Chrome/116.0.1938.76 Safari/537.36"
40.77.167.6 - - [29/Apr/2026:23:45:31 +0300] "GET /lowest-minimum-deposit-casinos-prime-slots-50-free-spins-no-deposit-casino-british-5-10-lb-casinos/ HTTP/2" 200 19283 "-" "Mozilla/5.0 AppleWebKit/537.36 (KHTML, like Gecko; compatible; bingbot/2.0; +http://www.bing.com/bingbot.htm) Chrome/116.0.1938.76 Safari/537.36"
62.12.119.247 - - [29/Apr/2026:23:45:34 +0300] "POST /xmlrpc.php HTTP/1.1" 200 630 "-" "Mozilla/5.0 (Windows NT 10.0; Win64; x64) AppleWebKit/537.36 (KHTML, like Gecko) Chrome/114.0.0.0 Safari/537.36"
185.216.113.70 - - [29/Apr/2026:23:46:01 +0300] "POST /wp-cron.php?doing_wp_cron=1777495561.3074769973754882812500 HTTP/1.1" 200 448 "-" "WordPress/6.3.8; https://serhatburke.miroglu.net"
52.167.144.147 - - [29/Apr/2026:23:45:36 +0300] "GET /verbunden-kasino-10-ecu-startguthaben-hierbei-sichern-beste-online-spielautomaten-no-abschlagzahlung/ HTTP/2" 200 18955 "-" "Mozilla/5.0 AppleWebKit/537.36 (KHTML, like Gecko; compatible; bingbot/2.0; +http://www.bing.com/bingbot.htm) Chrome/116.0.1938.76 Safari/537.36"
82.25.62.125 - - [29/Apr/2026:23:46:01 +0300] "GET /novoline-casino-codice-bonus-registrazione/ HTTP/1.1" 200 17801 "https://serhatburke.miroglu.net/" "Mozilla/5.0 (X11; Linux x86_64; rv:146.0) Gecko/20100101 Firefox/146.0"
62.12.119.247 - - [29/Apr/2026:23:46:02 +0300] "POST /xmlrpc.php HTTP/1.1" 200 15288 "-" "Mozilla/5.0 (Windows NT 10.0; Win64; x64) AppleWebKit/537.36 (KHTML, like Gecko) Chrome/114.0.0.0 Safari/537.36"
82.25.62.125 - - [29/Apr/2026:23:46:21 +0300] "GET /wp-includes/css/dist/block-library/style.min.css?ver=6.3.8 HTTP/1.1" 200 13578 "https://serhatburke.miroglu.net/novoline-casino-codice-bonus-registrazione/" "Mozilla/5.0 (Windows NT 10.0; Win64; x64) AppleWebKit/537.36 (KHTML, like Gecko) Chrome/145.0.0.0 Safari/537.36"
82.25.62.125 - - [29/Apr/2026:23:46:22 +0300] "GET /wp-content/plugins/contact-form-7/includes/css/styles.css?ver=5.8 HTTP/1.1" 200 1490 "https://serhatburke.miroglu.net/novoline-casino-codice-bonus-registrazione/" "Mozilla/5.0 (Windows NT 10.0; Win64; x64) AppleWebKit/537.36 (KHTML, like Gecko) Chrome/145.0.0.0 Safari/537.36"
