66.249.73.14 - - [29/Apr/2026:13:45:39 +0300] "GET /best-online-casinos-in-the-uk-2026-15-expert-rated-148/ HTTP/1.1" 200 592777 "-" "Mozilla/5.0 (Linux; Android 6.0.1; Nexus 5X Build/MMB29P) AppleWebKit/537.36 (KHTML, like Gecko) Chrome/147.0.7727.116 Mobile Safari/537.36 (compatible; Googlebot/2.1; +http://www.google.com/bot.html)"
66.249.73.14 - - [29/Apr/2026:13:45:53 +0300] "GET /bet-with-real-money-137/undefined?ts=1775520000 HTTP/1.1" 200 0 "https://serhatburke.miroglu.net/bet-with-real-money-137/" "Mozilla/5.0 (Linux; Android 6.0.1; Nexus 5X Build/MMB29P) AppleWebKit/537.36 (KHTML, like Gecko) Chrome/147.0.7727.116 Mobile Safari/537.36 (compatible; Googlebot/2.1; +http://www.google.com/bot.html)"
40.77.167.158 - - [29/Apr/2026:13:45:51 +0300] "GET /bscscan-your-key-to-seamless-crypto-navigation/ HTTP/2" 200 17913 "-" "Mozilla/5.0 AppleWebKit/537.36 (KHTML, like Gecko; compatible; bingbot/2.0; +http://www.bing.com/bingbot.htm) Chrome/116.0.1938.76 Safari/537.36"
40.77.167.74 - - [29/Apr/2026:13:45:55 +0300] "GET /casino-ranura-del-casino-tomb-raider-estrella-sus-particulares-bonos-y-opiniones-de-2026/ HTTP/2" 200 19696 "-" "Mozilla/5.0 AppleWebKit/537.36 (KHTML, like Gecko; compatible; bingbot/2.0; +http://www.bing.com/bingbot.htm) Chrome/116.0.1938.76 Safari/537.36"
40.77.167.0 - - [29/Apr/2026:13:46:07 +0300] "GET /introduction-as-to-the-reasons-that-it-things-for-you-the-fresh-knowledgeable-player/ HTTP/2" 200 19032 "-" "Mozilla/5.0 AppleWebKit/537.36 (KHTML, like Gecko; compatible; bingbot/2.0; +http://www.bing.com/bingbot.htm) Chrome/116.0.1938.76 Safari/537.36"
40.77.167.158 - - [29/Apr/2026:13:46:20 +0300] "GET /the-current-coin-master-free-revolves-coins-hyperlinks-march-2026/ HTTP/2" 200 19654 "-" "Mozilla/5.0 AppleWebKit/537.36 (KHTML, like Gecko; compatible; bingbot/2.0; +http://www.bing.com/bingbot.htm) Chrome/116.0.1938.76 Safari/537.36"
185.216.113.70 - - [29/Apr/2026:13:46:42 +0300] "POST /wp-cron.php?doing_wp_cron=1777459602.1081271171569824218750 HTTP/1.1" 200 448 "-" "WordPress/6.3.8; https://serhatburke.miroglu.net"
40.77.167.74 - - [29/Apr/2026:13:46:29 +0300] "GET /what-you-need-to-discover-ahead-of-creating-another-type-of-gambling-enterprise-membership/ HTTP/2" 200 17680 "-" "Mozilla/5.0 AppleWebKit/537.36 (KHTML, like Gecko; compatible; bingbot/2.0; +http://www.bing.com/bingbot.htm) Chrome/116.0.1938.76 Safari/537.36"
40.77.167.74 - - [29/Apr/2026:13:46:48 +0300] "GET /discovering-the-best-features-of-dexscreener-for-traders/ HTTP/2" 200 17986 "-" "Mozilla/5.0 AppleWebKit/537.36 (KHTML, like Gecko; compatible; bingbot/2.0; +http://www.bing.com/bingbot.htm) Chrome/116.0.1938.76 Safari/537.36"
40.77.167.158 - - [29/Apr/2026:13:46:53 +0300] "GET /cyberpunk-latest-casino-bonuses-2077-how-much-time-can-it-try-over-burning-desire-front-side-gig/ HTTP/2" 200 18886 "-" "Mozilla/5.0 AppleWebKit/537.36 (KHTML, like Gecko; compatible; bingbot/2.0; +http://www.bing.com/bingbot.htm) Chrome/116.0.1938.76 Safari/537.36"
40.77.167.158 - - [29/Apr/2026:13:47:20 +0300] "GET /les-regles-en-blackjack-les-donnees-quil-faut-comprendre/ HTTP/2" 200 17810 "-" "Mozilla/5.0 AppleWebKit/537.36 (KHTML, like Gecko; compatible; bingbot/2.0; +http://www.bing.com/bingbot.htm) Chrome/116.0.1938.76 Safari/537.36"
185.216.113.70 - - [29/Apr/2026:13:49:19 +0300] "POST /wp-cron.php?doing_wp_cron=1777459758.9488461017608642578125 HTTP/1.1" 200 448 "-" "WordPress/6.3.8; https://serhatburke.miroglu.net"
91.236.142.3 - - [29/Apr/2026:13:49:05 +0300] "GET /88701-2/ HTTP/1.1" 200 18389 "-" "Mozilla/5.0 (X11; Linux i686) AppleWebKit/537.36 (KHTML, like Gecko) Chrome/114.0.0.0 Safari/537.36 Vivaldi/5.3.2679.68"
185.216.113.70 - - [29/Apr/2026:13:50:52 +0300] "POST /wp-cron.php?doing_wp_cron=1777459852.7341220378875732421875 HTTP/1.1" 200 448 "-" "WordPress/6.3.8; https://serhatburke.miroglu.net"
172.237.60.137 - - [29/Apr/2026:13:50:40 +0300] "POST /xmlrpc.php HTTP/1.1" 200 630 "-" "Mozilla/5.0 (Windows NT 10.0; Win64; x64) AppleWebKit/537.36 (KHTML, like Gecko) Chrome/114.0.0.0 Safari/537.36"
172.237.60.137 - - [29/Apr/2026:13:50:59 +0300] "POST /xmlrpc.php HTTP/1.1" 200 14587 "-" "Mozilla/5.0 (Windows NT 10.0; Win64; x64) AppleWebKit/537.36 (KHTML, like Gecko) Chrome/114.0.0.0 Safari/537.36"
172.237.60.137 - - [29/Apr/2026:13:51:14 +0300] "GET /mega-joker-slot-remark-netent-cool-good-fresh-fruit-on-the-web-casinos-with-aristocrat-games-real-money-2026/ HTTP/1.1" 200 79446 "-" "Mozilla/5.0 (Windows NT 10.0; Win64; x64; rv:125.0) Gecko/20100101 Firefox/125.0"
15.235.145.59 - - [29/Apr/2026:13:51:16 +0300] "GET /novoline-casino-codice-bonus-registrazione/ HTTP/1.1" 200 17770 "https://serhatburke.miroglu.net/" "Mozilla/5.0 (Windows NT 10.0; Win64; x64) AppleWebKit/537.36 (KHTML, like Gecko) Chrome/114.0.0.0 Safari/537.36"
185.216.113.70 - - [29/Apr/2026:13:52:02 +0300] "POST /wp-cron.php?doing_wp_cron=1777459922.2005610466003417968750 HTTP/1.1" 200 448 "-" "WordPress/6.3.8; https://serhatburke.miroglu.net"
40.77.167.158 - - [29/Apr/2026:13:51:41 +0300] "GET /kraken-bezopasnyi-dostup-k-onion-ssylkam-v-2026-godu-3/ HTTP/2" 200 18550 "-" "Mozilla/5.0 AppleWebKit/537.36 (KHTML, like Gecko; compatible; bingbot/2.0; +http://www.bing.com/bingbot.htm) Chrome/116.0.1938.76 Safari/537.36"
185.216.113.70 - - [29/Apr/2026:13:52:20 +0300] "POST /wp-cron.php?doing_wp_cron=1777459940.3414540290832519531250 HTTP/1.1" 200 448 "-" "WordPress/6.3.8; https://serhatburke.miroglu.net"
15.235.145.59 - - [29/Apr/2026:13:51:47 +0300] "GET /novoline-casino-codice-bonus-registrazione/ HTTP/1.1" 200 17936 "https://serhatburke.miroglu.net/novoline-casino-codice-bonus-registrazione/" "Mozilla/5.0 (Windows NT 6.3; Win64; x64) AppleWebKit/537.36 (KHTML, like Gecko) Chrome/103.0.0.0 Safari/537.36"
185.216.113.70 - - [29/Apr/2026:13:52:31 +0300] "POST /wp-cron.php?doing_wp_cron=1777459951.7526640892028808593750 HTTP/1.1" 200 448 "-" "WordPress/6.3.8; https://serhatburke.miroglu.net"
40.77.167.132 - - [29/Apr/2026:13:51:51 +0300] "GET /your-guide-to-tronscan-mastering-tron-blockchain-insights/ HTTP/2" 200 17549 "-" "Mozilla/5.0 AppleWebKit/537.36 (KHTML, like Gecko; compatible; bingbot/2.0; +http://www.bing.com/bingbot.htm) Chrome/116.0.1938.76 Safari/537.36"
65.111.29.156 - - [29/Apr/2026:13:52:17 +0300] "HEAD / HTTP/1.1" 200 0 "-" "Mozilla/5.0 (Macintosh; Intel Mac OS X 10_15_7) AppleWebKit/537.36 (KHTML, like Gecko) Chrome/132.0.0.0 Safari/537.36"
185.216.113.70 - - [29/Apr/2026:13:52:40 +0300] "POST /wp-cron.php?doing_wp_cron=1777459960.6379930973052978515625 HTTP/1.1" 200 448 "-" "WordPress/6.3.8; https://serhatburke.miroglu.net"
185.216.113.70 - - [29/Apr/2026:13:52:41 +0300] "POST /wp-cron.php?doing_wp_cron=1777459961.1019289493560791015625 HTTP/1.1" 200 448 "-" "WordPress/6.3.8; https://serhatburke.miroglu.net"
40.77.167.132 - - [29/Apr/2026:13:51:55 +0300] "GET /provides-a-santastic-christmas-twenty-four-7-7-sultans-50-free-spins-no-deposit-required-that-have-santastic-harbors/ HTTP/2" 200 19770 "-" "Mozilla/5.0 AppleWebKit/537.36 (KHTML, like Gecko; compatible; bingbot/2.0; +http://www.bing.com/bingbot.htm) Chrome/116.0.1938.76 Safari/537.36"
40.77.167.0 - - [29/Apr/2026:13:51:55 +0300] "GET /spielbank-provision-abmachung-irgendwo-gibts-diesseitigen-besten-willkommensbonus/ HTTP/2" 200 18472 "-" "Mozilla/5.0 AppleWebKit/537.36 (KHTML, like Gecko; compatible; bingbot/2.0; +http://www.bing.com/bingbot.htm) Chrome/116.0.1938.76 Safari/537.36"
65.111.29.156 - - [29/Apr/2026:13:52:32 +0300] "HEAD / HTTP/1.1" 200 0 "-" "Mozilla/5.0 (Macintosh; Intel Mac OS X 10_15_7) AppleWebKit/537.36 (KHTML, like Gecko) Chrome/132.0.0.0 Safari/537.36"
40.77.167.158 - - [29/Apr/2026:13:52:10 +0300] "GET /the-ultimate-dexscreener-guide-for-efficient-dex-trading/ HTTP/2" 200 0 "-" "Mozilla/5.0 AppleWebKit/537.36 (KHTML, like Gecko; compatible; bingbot/2.0; +http://www.bing.com/bingbot.htm) Chrome/116.0.1938.76 Safari/537.36"
65.111.10.181 - - [29/Apr/2026:13:52:48 +0300] "HEAD / HTTP/1.1" 200 0 "-" "Mozilla/5.0 (Windows NT 10.0; Win64; x64; rv:134.0) Gecko/20100101 Firefox/134.0"
185.216.113.70 - - [29/Apr/2026:13:53:04 +0300] "POST /wp-cron.php?doing_wp_cron=1777459984.4606499671936035156250 HTTP/1.1" 200 448 "-" "WordPress/6.3.8; https://serhatburke.miroglu.net"
40.77.167.158 - - [29/Apr/2026:13:52:15 +0300] "GET /pregled-spletnega-strokovnjaka-za-igre-na-sreco-verde-casino-bonus-koda-betsafe-in-zahteve-za-bonuse-allege/ HTTP/2" 200 0 "-" "Mozilla/5.0 AppleWebKit/537.36 (KHTML, like Gecko; compatible; bingbot/2.0; +http://www.bing.com/bingbot.htm) Chrome/116.0.1938.76 Safari/537.36"
65.111.10.181 - - [29/Apr/2026:13:53:05 +0300] "HEAD / HTTP/1.1" 200 0 "-" "Mozilla/5.0 (Windows NT 10.0; Win64; x64; rv:134.0) Gecko/20100101 Firefox/134.0"
45.3.39.69 - - [29/Apr/2026:13:53:21 +0300] "HEAD / HTTP/1.1" 200 0 "-" "Mozilla/5.0 (Macintosh; Intel Mac OS X 10_15_7) AppleWebKit/537.36 (KHTML, like Gecko) Chrome/132.0.0.0 Safari/537.36"
40.77.167.132 - - [29/Apr/2026:13:52:49 +0300] "GET /greatest-paysafecard-casinos-to-300-shields-pokie-bonus-possess-united-kingdom-people-inside-2026/ HTTP/2" 200 0 "-" "Mozilla/5.0 AppleWebKit/537.36 (KHTML, like Gecko; compatible; bingbot/2.0; +http://www.bing.com/bingbot.htm) Chrome/116.0.1938.76 Safari/537.36"
185.216.113.70 - - [29/Apr/2026:13:53:51 +0300] "POST /wp-cron.php?doing_wp_cron=1777460031.2969601154327392578125 HTTP/1.1" 200 448 "-" "WordPress/6.3.8; https://serhatburke.miroglu.net"
185.216.113.70 - - [29/Apr/2026:13:53:52 +0300] "POST /wp-cron.php?doing_wp_cron=1777460032.2647318840026855468750 HTTP/1.1" 200 448 "-" "WordPress/6.3.8; https://serhatburke.miroglu.net"
45.3.39.69 - - [29/Apr/2026:13:53:38 +0300] "HEAD / HTTP/1.1" 200 0 "-" "Mozilla/5.0 (Macintosh; Intel Mac OS X 10_15_7) AppleWebKit/537.36 (KHTML, like Gecko) Chrome/132.0.0.0 Safari/537.36"
40.77.167.72 - - [29/Apr/2026:13:53:10 +0300] "GET /volte-vantaggi-di-un-scompiglio-durante-dealer-addirittura-croupier-dal-attuale/ HTTP/2" 200 0 "-" "Mozilla/5.0 AppleWebKit/537.36 (KHTML, like Gecko; compatible; bingbot/2.0; +http://www.bing.com/bingbot.htm) Chrome/116.0.1938.76 Safari/537.36"
185.216.113.70 - - [29/Apr/2026:13:54:09 +0300] "POST /wp-cron.php?doing_wp_cron=1777460049.1446900367736816406250 HTTP/1.1" 200 448 "-" "WordPress/6.3.8; https://serhatburke.miroglu.net"
185.216.113.70 - - [29/Apr/2026:13:54:22 +0300] "POST /wp-cron.php?doing_wp_cron=1777460062.6552839279174804687500 HTTP/1.1" 200 448 "-" "WordPress/6.3.8; https://serhatburke.miroglu.net"
158.69.22.136 - - [29/Apr/2026:13:54:04 +0300] "GET /35849-2/ HTTP/1.1" 200 0 "-" "Mozilla/5.0 (compatible; Googlebot/2.1; +http://www.google.com/bot.html)"
59.153.146.62 - - [29/Apr/2026:13:54:21 +0300] "POST /xmlrpc.php HTTP/2" 200 0 "-" "WordPress XML-RPC Client"
40.77.167.72 - - [29/Apr/2026:13:54:10 +0300] "GET /8320-2/ HTTP/2" 200 18208 "-" "Mozilla/5.0 AppleWebKit/537.36 (KHTML, like Gecko; compatible; bingbot/2.0; +http://www.bing.com/bingbot.htm) Chrome/116.0.1938.76 Safari/537.36"
128.1.227.228 - - [29/Apr/2026:13:54:45 +0300] "POST /xmlrpc.php HTTP/1.1" 200 630 "-" "Mozilla/5.0 (Windows NT 10.0; Win64; x64) AppleWebKit/537.36 (KHTML, like Gecko) Chrome/114.0.0.0 Safari/537.36"
185.216.113.70 - - [29/Apr/2026:13:55:29 +0300] "POST /wp-cron.php?doing_wp_cron=1777460128.9626710414886474609375 HTTP/1.1" 200 448 "-" "WordPress/6.3.8; https://serhatburke.miroglu.net"
128.1.227.228 - - [29/Apr/2026:13:55:12 +0300] "POST /xmlrpc.php HTTP/1.1" 200 12692 "-" "Mozilla/5.0 (Windows NT 10.0; Win64; x64) AppleWebKit/537.36 (KHTML, like Gecko) Chrome/114.0.0.0 Safari/537.36"
158.140.180.96 - - [29/Apr/2026:13:55:24 +0300] "POST /xmlrpc.php HTTP/2" 200 141 "-" "WordPress/XMLRPC Client"
66.249.76.77 - - [29/Apr/2026:13:55:29 +0300] "GET /robots.txt HTTP/1.1" 200 719 "-" "Mozilla/5.0 (compatible; Googlebot/2.1; +http://www.google.com/bot.html)"
128.1.227.228 - - [29/Apr/2026:13:55:30 +0300] "GET /eye-treasure-island-slot-freispiele-of-horus-gebuhrenfrei-auffuhren-traktandum-hydrargyrum-spiele-2026/ HTTP/1.1" 200 77828 "-" "Mozilla/5.0 (Windows NT 10.0; rv:109.0) Gecko/20100101 Firefox/115.0"
158.140.180.96 - - [29/Apr/2026:13:55:52 +0300] "GET /?p=143794 HTTP/2" 301 0 "-" "Mozilla/5.0 (Windows NT 10.0; Win64; x64) AppleWebKit/537.36 (KHTML, like Gecko) Chrome/120.0.0.0 Safari/537.36"
185.216.113.70 - - [29/Apr/2026:13:56:46 +0300] "POST /wp-cron.php?doing_wp_cron=1777460206.0314879417419433593750 HTTP/1.1" 200 448 "-" "WordPress/6.3.8; https://serhatburke.miroglu.net"
66.249.76.78 - - [29/Apr/2026:13:56:31 +0300] "GET /bandar-judi-bola-terpercaya-pilihan-utama-taruhan-8/ HTTP/1.1" 200 402416 "-" "Mozilla/5.0 (Linux; Android 6.0.1; Nexus 5X Build/MMB29P) AppleWebKit/537.36 (KHTML, like Gecko) Chrome/147.0.7727.116 Mobile Safari/537.36 (compatible; Googlebot/2.1; +http://www.google.com/bot.html)"
172.237.60.137 - - [29/Apr/2026:13:56:37 +0300] "POST /xmlrpc.php HTTP/1.1" 200 630 "-" "Mozilla/5.0 (Windows NT 10.0; Win64; x64) AppleWebKit/537.36 (KHTML, like Gecko) Chrome/114.0.0.0 Safari/537.36"
172.237.60.137 - - [29/Apr/2026:13:56:57 +0300] "POST /xmlrpc.php HTTP/1.1" 200 15633 "-" "Mozilla/5.0 (Windows NT 10.0; Win64; x64) AppleWebKit/537.36 (KHTML, like Gecko) Chrome/114.0.0.0 Safari/537.36"
172.237.60.137 - - [29/Apr/2026:13:57:13 +0300] "GET /mega-moolah-position-games-exclusive-free-spins-inside-under-the-sea-free-spins-no-deposit-the-canada/ HTTP/1.1" 200 80235 "-" "Mozilla/5.0 (Windows NT 10.0; Win64; x64) AppleWebKit/537.36 (KHTML, like Gecko) Chrome/123.0.0.0 Safari/537.36 OPR/109.0.0.0"
40.77.167.48 - - [29/Apr/2026:13:57:14 +0300] "GET /optimisation-financiere-et-gestion-strategique-dans-l-industrie-des-machines-automatiques-une-necessite-pour-la-perennite/ HTTP/2" 200 18257 "-" "Mozilla/5.0 AppleWebKit/537.36 (KHTML, like Gecko; compatible; bingbot/2.0; +http://www.bing.com/bingbot.htm) Chrome/116.0.1938.76 Safari/537.36"
66.249.76.77 - - [29/Apr/2026:13:57:27 +0300] "GET /bandar-judi-bola-terpercaya-pilihan-utama-taruhan-8/undefined?ts=1775520000 HTTP/1.1" 200 0 "https://serhatburke.miroglu.net/bandar-judi-bola-terpercaya-pilihan-utama-taruhan-8/" "Mozilla/5.0 (Linux; Android 6.0.1; Nexus 5X Build/MMB29P) AppleWebKit/537.36 (KHTML, like Gecko) Chrome/147.0.7727.116 Mobile Safari/537.36 (compatible; Googlebot/2.1; +http://www.google.com/bot.html)"
185.216.113.70 - - [29/Apr/2026:13:57:43 +0300] "POST /wp-cron.php?doing_wp_cron=1777460263.0066959857940673828125 HTTP/1.1" 200 448 "-" "WordPress/6.3.8; https://serhatburke.miroglu.net"
40.77.167.72 - - [29/Apr/2026:13:57:20 +0300] "GET /h1-tronscan-navigating-the-tron-blockchain-with-ease-h1-2/ HTTP/2" 200 17986 "-" "Mozilla/5.0 AppleWebKit/537.36 (KHTML, like Gecko; compatible; bingbot/2.0; +http://www.bing.com/bingbot.htm) Chrome/116.0.1938.76 Safari/537.36"
40.77.167.132 - - [29/Apr/2026:13:57:25 +0300] "GET /sky-crown-casino-australia-customer-support1711/ HTTP/2" 200 18288 "-" "Mozilla/5.0 AppleWebKit/537.36 (KHTML, like Gecko; compatible; bingbot/2.0; +http://www.bing.com/bingbot.htm) Chrome/116.0.1938.76 Safari/537.36"
40.77.167.48 - - [29/Apr/2026:13:57:44 +0300] "GET /volte-brand-che-garantiscono-la-sicurezza-sui-bisca-er-colosseo/ HTTP/2" 200 17858 "-" "Mozilla/5.0 AppleWebKit/537.36 (KHTML, like Gecko; compatible; bingbot/2.0; +http://www.bing.com/bingbot.htm) Chrome/116.0.1938.76 Safari/537.36"
66.249.76.77 - - [29/Apr/2026:13:58:00 +0300] "GET /bandar-judi-bola-terpercaya-pilihan-utama-taruhan-8/ HTTP/1.1" 200 402414 "-" "Mozilla/5.0 (Linux; Android 6.0.1; Nexus 5X Build/MMB29P) AppleWebKit/537.36 (KHTML, like Gecko) Chrome/147.0.7727.116 Mobile Safari/537.36 (compatible; Googlebot/2.1; +http://www.google.com/bot.html)"
128.1.227.228 - - [29/Apr/2026:13:58:08 +0300] "POST /xmlrpc.php HTTP/1.1" 200 630 "-" "Mozilla/5.0 (Windows NT 10.0; Win64; x64) AppleWebKit/537.36 (KHTML, like Gecko) Chrome/114.0.0.0 Safari/537.36"
185.153.197.137 - - [29/Apr/2026:13:58:13 +0300] "POST /xmlrpc.php HTTP/1.1" 500 1102 "-" "Mozilla/5.0 (Windows NT 10.0; Win64; x64) AppleWebKit/537.36 (KHTML, like Gecko) Chrome/114.0.0.0 Safari/537.36"
66.249.76.77 - - [29/Apr/2026:13:58:30 +0300] "GET /bandar-judi-bola-terpercaya-pilihan-utama-taruhan-8/undefined?ts=1775520000 HTTP/1.1" 200 0 "https://serhatburke.miroglu.net/bandar-judi-bola-terpercaya-pilihan-utama-taruhan-8/" "Mozilla/5.0 (Linux; Android 6.0.1; Nexus 5X Build/MMB29P) AppleWebKit/537.36 (KHTML, like Gecko) Chrome/147.0.7727.116 Mobile Safari/537.36 (compatible; Googlebot/2.1; +http://www.google.com/bot.html)"
185.216.113.70 - - [29/Apr/2026:13:58:42 +0300] "POST /wp-cron.php?doing_wp_cron=1777460322.8938019275665283203125 HTTP/1.1" 200 448 "-" "WordPress/6.3.8; https://serhatburke.miroglu.net"
66.249.76.78 - - [29/Apr/2026:13:58:29 +0300] "GET /robots.txt HTTP/1.1" 200 719 "-" "Mozilla/5.0 (compatible; Googlebot/2.1; +http://www.google.com/bot.html)"
91.242.215.171 - - [29/Apr/2026:13:58:43 +0300] "POST /xmlrpc.php HTTP/1.1" 200 630 "-" "Mozilla/5.0 (Windows NT 10.0; Win64; x64) AppleWebKit/537.36 (KHTML, like Gecko) Chrome/114.0.0.0 Safari/537.36"
91.242.215.171 - - [29/Apr/2026:13:59:05 +0300] "POST /xmlrpc.php HTTP/1.1" 200 10681 "-" "Mozilla/5.0 (Windows NT 10.0; Win64; x64) AppleWebKit/537.36 (KHTML, like Gecko) Chrome/114.0.0.0 Safari/537.36"
172.237.60.137 - - [29/Apr/2026:13:59:14 +0300] "POST /xmlrpc.php HTTP/1.1" 200 630 "-" "Mozilla/5.0 (Windows NT 10.0; Win64; x64) AppleWebKit/537.36 (KHTML, like Gecko) Chrome/114.0.0.0 Safari/537.36"
91.242.215.171 - - [29/Apr/2026:13:59:19 +0300] "GET /erwartungsgema-bekanntlich-die-autoren-seien-%EF%BF%BDraupe-hinein-deutschland%EF%BF%BD-bieten-dir-daruber-beste-gedankenaustausch/ HTTP/1.1" 200 76996 "-" "Mozilla/5.0 (Windows NT 10.0; Win64; x64) AppleWebKit/537.36 (KHTML, like Gecko) Chrome/124.0.0.0 Safari/537.36"
185.216.113.70 - - [29/Apr/2026:13:59:47 +0300] "POST /wp-cron.php?doing_wp_cron=1777460386.9483220577239990234375 HTTP/1.1" 200 448 "-" "WordPress/6.3.8; https://serhatburke.miroglu.net"
172.237.60.137 - - [29/Apr/2026:13:59:34 +0300] "POST /xmlrpc.php HTTP/1.1" 200 14722 "-" "Mozilla/5.0 (Windows NT 10.0; Win64; x64) AppleWebKit/537.36 (KHTML, like Gecko) Chrome/114.0.0.0 Safari/537.36"
172.237.60.137 - - [29/Apr/2026:13:59:48 +0300] "GET /score-50-free-revolves-to-elk-studios-games-online-your-guide-out-of-dead-no-deposit-sign-up-for-free-revolves/ HTTP/1.1" 200 79682 "-" "Mozilla/5.0 (Windows NT 10.0; Win64; x64; rv:125.0) Gecko/20100101 Firefox/125.0"
185.216.113.70 - - [29/Apr/2026:14:00:58 +0300] "POST /wp-cron.php?doing_wp_cron=1777460458.1926150321960449218750 HTTP/1.1" 200 448 "-" "WordPress/6.3.8; https://serhatburke.miroglu.net"
216.73.217.81 - - [29/Apr/2026:14:00:45 +0300] "GET /robots.txt HTTP/2" 200 110 "-" "Mozilla/5.0 AppleWebKit/537.36 (KHTML, like Gecko; compatible; ClaudeBot/1.0; +claudebot@anthropic.com)"
216.73.217.81 - - [29/Apr/2026:14:00:59 +0300] "GET /sitemap.rss HTTP/2" 200 0 "-" "Mozilla/5.0 AppleWebKit/537.36 (KHTML, like Gecko; compatible; ClaudeBot/1.0; +claudebot@anthropic.com)"
185.216.113.70 - - [29/Apr/2026:14:02:00 +0300] "POST /wp-cron.php?doing_wp_cron=1777460520.4569110870361328125000 HTTP/1.1" 200 448 "-" "WordPress/6.3.8; https://serhatburke.miroglu.net"
172.237.60.137 - - [29/Apr/2026:14:01:47 +0300] "POST /xmlrpc.php HTTP/1.1" 200 630 "-" "Mozilla/5.0 (Windows NT 10.0; Win64; x64) AppleWebKit/537.36 (KHTML, like Gecko) Chrome/114.0.0.0 Safari/537.36"
172.237.60.137 - - [29/Apr/2026:14:02:07 +0300] "POST /xmlrpc.php HTTP/1.1" 200 14683 "-" "Mozilla/5.0 (Windows NT 10.0; Win64; x64) AppleWebKit/537.36 (KHTML, like Gecko) Chrome/114.0.0.0 Safari/537.36"
172.237.60.137 - - [29/Apr/2026:14:02:24 +0300] "GET /merry-goldfish-mobile-casino-christmas-time-demonstration-gamble-100-percent-free-position-on-the-internet/ HTTP/1.1" 200 79713 "-" "Mozilla/5.0 (Windows NT 10.0; Win64; x64) AppleWebKit/537.36 (KHTML, like Gecko) Chrome/123.0.0.0 Safari/537.36 OPR/109.0.0.0"
185.216.113.70 - - [29/Apr/2026:14:02:57 +0300] "POST /wp-cron.php?doing_wp_cron=1777460577.5941030979156494140625 HTTP/1.1" 200 448 "-" "WordPress/6.3.8; https://serhatburke.miroglu.net"
62.197.153.47 - - [29/Apr/2026:14:02:44 +0300] "POST /xmlrpc.php HTTP/1.1" 200 232097 "-" "Mozilla/5.0 (Macintosh; Intel Mac OS X 12_5) AppleWebKit/537.36 (KHTML, like Gecko) Chrome/114.0.0.0 Safari/537.36 Edg/114.0.1264.71"
62.197.153.47 - - [29/Apr/2026:14:03:02 +0300] "POST /xmlrpc.php HTTP/1.1" 200 664 "-" "Mozilla/5.0 (Macintosh; Intel Mac OS X 12_5) AppleWebKit/537.36 (KHTML, like Gecko) Chrome/114.0.0.0 Safari/537.36 Edg/114.0.1264.71"
62.197.153.47 - - [29/Apr/2026:14:03:22 +0300] "POST /xmlrpc.php HTTP/1.1" 200 667 "-" "Mozilla/5.0 (Macintosh; Intel Mac OS X 12_5) AppleWebKit/537.36 (KHTML, like Gecko) Chrome/114.0.0.0 Safari/537.36 Edg/114.0.1264.71"
185.216.113.70 - - [29/Apr/2026:14:03:53 +0300] "POST /wp-cron.php?doing_wp_cron=1777460633.0657629966735839843750 HTTP/1.1" 200 448 "-" "WordPress/6.3.8; https://serhatburke.miroglu.net"
62.197.153.47 - - [29/Apr/2026:14:03:40 +0300] "POST /xmlrpc.php HTTP/1.1" 200 6844 "-" "Mozilla/5.0 (Macintosh; Intel Mac OS X 12_5) AppleWebKit/537.36 (KHTML, like Gecko) Chrome/114.0.0.0 Safari/537.36 Edg/114.0.1264.71"
172.237.60.137 - - [29/Apr/2026:14:04:00 +0300] "POST /xmlrpc.php HTTP/1.1" 200 630 "-" "Mozilla/5.0 (Windows NT 10.0; Win64; x64) AppleWebKit/537.36 (KHTML, like Gecko) Chrome/114.0.0.0 Safari/537.36"
172.237.60.137 - - [29/Apr/2026:14:04:20 +0300] "POST /xmlrpc.php HTTP/1.1" 200 14828 "-" "Mozilla/5.0 (Windows NT 10.0; Win64; x64) AppleWebKit/537.36 (KHTML, like Gecko) Chrome/114.0.0.0 Safari/537.36"
185.216.113.70 - - [29/Apr/2026:14:04:40 +0300] "POST /wp-cron.php?doing_wp_cron=1777460680.8366839885711669921875 HTTP/1.1" 200 448 "-" "WordPress/6.3.8; https://serhatburke.miroglu.net"
35.224.168.243 - - [29/Apr/2026:14:04:27 +0300] "GET /wp-admin/options-reading.php HTTP/2" 302 0 "-" "Mozilla/5.0 (X11; Linux x86_64) AppleWebKit/537.36 (KHTML, like Gecko) HeadlessChrome/147.0.7727.15 Safari/537.36"
35.224.168.243 - - [29/Apr/2026:14:04:42 +0300] "GET /wp-login.php?redirect_to=https%3A%2F%2Fserhatburke.miroglu.net%2Fwp-admin%2Foptions-reading.php&reauth=1 HTTP/2" 200 0 "-" "Mozilla/5.0 (X11; Linux x86_64) AppleWebKit/537.36 (KHTML, like Gecko) HeadlessChrome/147.0.7727.15 Safari/537.36"
172.237.60.137 - - [29/Apr/2026:14:04:37 +0300] "GET /william-mountain-opinion-sportsbook-gambling-establishment-2026-gambling-establishment-1x2plus-sign-on-would-casino-dunder-real-money-it-be-as-well-as-court/ HTTP/1.1" 200 80999 "-" "Mozilla/5.0 (Windows NT 10.0; rv:109.0) Gecko/20100101 Firefox/115.0"
185.216.113.70 - - [29/Apr/2026:14:04:41 +0300] "POST /wp-admin/admin-ajax.php?action=as_async_request_queue_runner&nonce=6f5f99da95 HTTP/1.1" 200 1030 "-" "WordPress/6.3.8; https://serhatburke.miroglu.net"
35.224.168.243 - - [29/Apr/2026:14:04:57 +0300] "GET /wp-admin/options-reading.php HTTP/2" 302 0 "-" "Mozilla/5.0 (X11; Linux x86_64) AppleWebKit/537.36 (KHTML, like Gecko) HeadlessChrome/147.0.7727.15 Safari/537.36"
35.224.168.243 - - [29/Apr/2026:14:05:15 +0300] "GET /wp-login.php?redirect_to=https%3A%2F%2Fserhatburke.miroglu.net%2Fwp-admin%2Foptions-reading.php&reauth=1 HTTP/2" 200 0 "-" "Mozilla/5.0 (X11; Linux x86_64) AppleWebKit/537.36 (KHTML, like Gecko) HeadlessChrome/147.0.7727.15 Safari/537.36"
185.216.113.70 - - [29/Apr/2026:14:06:14 +0300] "POST /wp-cron.php?doing_wp_cron=1777460773.9476099014282226562500 HTTP/1.1" 200 448 "-" "WordPress/6.3.8; https://serhatburke.miroglu.net"
40.77.167.48 - - [29/Apr/2026:14:05:55 +0300] "GET /is-actually-desert-value-slot-on-the-1-queen-of-the-nile-web/ HTTP/2" 200 20080 "-" "Mozilla/5.0 AppleWebKit/537.36 (KHTML, like Gecko; compatible; bingbot/2.0; +http://www.bing.com/bingbot.htm) Chrome/116.0.1938.76 Safari/537.36"
40.77.167.48 - - [29/Apr/2026:14:05:59 +0300] "GET /great-fu-pokies-australia-apps-on-the-internet-play/ HTTP/2" 200 19763 "-" "Mozilla/5.0 AppleWebKit/537.36 (KHTML, like Gecko; compatible; bingbot/2.0; +http://www.bing.com/bingbot.htm) Chrome/116.0.1938.76 Safari/537.36"
101.46.12.142 - - [29/Apr/2026:14:05:59 +0300] "GET /step-1-put-gambling-enterprises-in-the-2026-greatest-lowest-lowest-gambling-slot-hot-sync-establishment-web-sites/ HTTP/2" 200 0 "-" "Mozilla/5.0 (Windows NT 10.0; Win64; x64) AppleWebKit/537.36 (KHTML, like Gecko) Chrome/141.0.0.0 Safari/537.36"
52.167.144.142 - - [29/Apr/2026:14:06:04 +0300] "GET /lucky-days-anwendung-mobiles-spielbank-ios-300-shields-slotspiel-android-2025/ HTTP/2" 200 20983 "-" "Mozilla/5.0 AppleWebKit/537.36 (KHTML, like Gecko; compatible; bingbot/2.0; +http://www.bing.com/bingbot.htm) Chrome/116.0.1938.76 Safari/537.36"
172.237.60.137 - - [29/Apr/2026:14:06:11 +0300] "POST /xmlrpc.php HTTP/1.1" 200 630 "-" "Mozilla/5.0 (Windows NT 10.0; Win64; x64) AppleWebKit/537.36 (KHTML, like Gecko) Chrome/114.0.0.0 Safari/537.36"
40.77.167.48 - - [29/Apr/2026:14:06:36 +0300] "GET /chicken-road-online-casino-slot-featuring-funny-chickens/ HTTP/2" 200 18135 "-" "Mozilla/5.0 AppleWebKit/537.36 (KHTML, like Gecko; compatible; bingbot/2.0; +http://www.bing.com/bingbot.htm) Chrome/116.0.1938.76 Safari/537.36"
185.216.113.70 - - [29/Apr/2026:14:07:01 +0300] "POST /wp-cron.php?doing_wp_cron=1777460821.2381069660186767578125 HTTP/1.1" 200 448 "-" "WordPress/6.3.8; https://serhatburke.miroglu.net"
172.237.60.137 - - [29/Apr/2026:14:06:43 +0300] "POST /xmlrpc.php HTTP/1.1" 200 15269 "-" "Mozilla/5.0 (Windows NT 10.0; Win64; x64) AppleWebKit/537.36 (KHTML, like Gecko) Chrome/114.0.0.0 Safari/537.36"
52.167.144.142 - - [29/Apr/2026:14:06:43 +0300] "GET /dragon-tiger-estrategias-aquele-dicas-para-vencer-no-cassino-online/ HTTP/2" 200 20587 "-" "Mozilla/5.0 AppleWebKit/537.36 (KHTML, like Gecko; compatible; bingbot/2.0; +http://www.bing.com/bingbot.htm) Chrome/116.0.1938.76 Safari/537.36"
172.237.60.137 - - [29/Apr/2026:14:07:03 +0300] "GET /how-to-know-the-difference-2023-no-deposit-lucky-between-skip-mrs-ms-and-mx/ HTTP/1.1" 200 79258 "-" "Mozilla/5.0 (Windows NT 10.0; Win64; x64) AppleWebKit/537.36 (KHTML, like Gecko) Chrome/124.0.0.0 Safari/537.36 Edg/124.0.0.0"
40.77.167.48 - - [29/Apr/2026:14:07:05 +0300] "GET /die-gesamtheit-unter-einsatz-von-den-spielsaal-willkommensbonus-cash-runner-spielplatz-jetzt-decodieren/ HTTP/2" 200 20352 "-" "Mozilla/5.0 AppleWebKit/537.36 (KHTML, like Gecko; compatible; bingbot/2.0; +http://www.bing.com/bingbot.htm) Chrome/116.0.1938.76 Safari/537.36"
52.167.144.142 - - [29/Apr/2026:14:07:10 +0300] "GET /your-guide-to-tronscan-for-advanced-crypto-analysis/ HTTP/2" 200 18634 "-" "Mozilla/5.0 AppleWebKit/537.36 (KHTML, like Gecko; compatible; bingbot/2.0; +http://www.bing.com/bingbot.htm) Chrome/116.0.1938.76 Safari/537.36"
185.216.113.70 - - [29/Apr/2026:14:08:04 +0300] "POST /wp-cron.php?doing_wp_cron=1777460884.4869120121002197265625 HTTP/1.1" 200 448 "-" "WordPress/6.3.8; https://serhatburke.miroglu.net"
52.167.144.142 - - [29/Apr/2026:14:07:51 +0300] "GET /die-gesamtheit-unter-einsatz-von-den-spielsaal-willkommensbonus-cash-runner-spielplatz-jetzt-decodieren/undefined?ts=1777460861 HTTP/2" 404 14373 "-" "Mozilla/5.0 AppleWebKit/537.36 (KHTML, like Gecko; compatible; bingbot/2.0; +http://www.bing.com/bingbot.htm) Chrome/116.0.1938.76 Safari/537.36"
52.167.144.142 - - [29/Apr/2026:14:08:05 +0300] "GET /die-gesamtheit-unter-einsatz-von-den-spielsaal-willkommensbonus-cash-runner-spielplatz-jetzt-decodieren/undefined?ts=1777460861 HTTP/2" 404 14373 "-" "Mozilla/5.0 AppleWebKit/537.36 (KHTML, like Gecko; compatible; bingbot/2.0; +http://www.bing.com/bingbot.htm) Chrome/116.0.1938.76 Safari/537.36"
172.237.60.137 - - [29/Apr/2026:14:08:08 +0300] "POST /xmlrpc.php HTTP/1.1" 200 630 "-" "Mozilla/5.0 (Windows NT 10.0; Win64; x64) AppleWebKit/537.36 (KHTML, like Gecko) Chrome/114.0.0.0 Safari/537.36"
40.77.167.72 - - [29/Apr/2026:14:08:20 +0300] "GET /die-gesamtheit-unter-einsatz-von-den-spielsaal-willkommensbonus-cash-runner-spielplatz-jetzt-decodieren/undefined?ts=1777460860 HTTP/2" 404 14371 "-" "Mozilla/5.0 AppleWebKit/537.36 (KHTML, like Gecko; compatible; bingbot/2.0; +http://www.bing.com/bingbot.htm) Chrome/116.0.1938.76 Safari/537.36"
185.216.113.70 - - [29/Apr/2026:14:08:45 +0300] "POST /wp-cron.php?doing_wp_cron=1777460925.3369579315185546875000 HTTP/1.1" 200 448 "-" "WordPress/6.3.8; https://serhatburke.miroglu.net"
52.167.144.142 - - [29/Apr/2026:14:08:26 +0300] "GET /die-gesamtheit-unter-einsatz-von-den-spielsaal-willkommensbonus-cash-runner-spielplatz-jetzt-decodieren/undefined?ts=1777460861 HTTP/2" 404 14373 "-" "Mozilla/5.0 AppleWebKit/537.36 (KHTML, like Gecko; compatible; bingbot/2.0; +http://www.bing.com/bingbot.htm) Chrome/116.0.1938.76 Safari/537.36"
172.237.60.137 - - [29/Apr/2026:14:08:38 +0300] "POST /xmlrpc.php HTTP/1.1" 200 15012 "-" "Mozilla/5.0 (Windows NT 10.0; Win64; x64) AppleWebKit/537.36 (KHTML, like Gecko) Chrome/114.0.0.0 Safari/537.36"
40.77.167.72 - - [29/Apr/2026:14:08:41 +0300] "GET /die-gesamtheit-unter-einsatz-von-den-spielsaal-willkommensbonus-cash-runner-spielplatz-jetzt-decodieren/undefined?ts=1777460860 HTTP/2" 404 14371 "-" "Mozilla/5.0 AppleWebKit/537.36 (KHTML, like Gecko; compatible; bingbot/2.0; +http://www.bing.com/bingbot.htm) Chrome/116.0.1938.76 Safari/537.36"
52.167.144.142 - - [29/Apr/2026:14:08:46 +0300] "GET /die-gesamtheit-unter-einsatz-von-den-spielsaal-willkommensbonus-cash-runner-spielplatz-jetzt-decodieren/undefined?ts=1777460861 HTTP/2" 404 14373 "-" "Mozilla/5.0 AppleWebKit/537.36 (KHTML, like Gecko; compatible; bingbot/2.0; +http://www.bing.com/bingbot.htm) Chrome/116.0.1938.76 Safari/537.36"
40.77.167.72 - - [29/Apr/2026:14:08:50 +0300] "GET /die-gesamtheit-unter-einsatz-von-den-spielsaal-willkommensbonus-cash-runner-spielplatz-jetzt-decodieren/undefined?ts=1777460860 HTTP/2" 404 14371 "-" "Mozilla/5.0 AppleWebKit/537.36 (KHTML, like Gecko; compatible; bingbot/2.0; +http://www.bing.com/bingbot.htm) Chrome/116.0.1938.76 Safari/537.36"
172.237.60.137 - - [29/Apr/2026:14:09:05 +0300] "GET /pounds-santa-position-review-joyful-totally-wheel-of-fortune-120-free-spins-free-spins-and-you-can-96-45-rtp/ HTTP/1.1" 200 79791 "-" "Mozilla/5.0 (Windows NT 10.0; Win64; x64; rv:124.0) Gecko/20100101 Firefox/124.0"
80.90.183.146 - - [29/Apr/2026:14:09:06 +0300] "GET /35849-2/ HTTP/1.1" 200 18386 "-" "Mozilla/5.0 (compatible; Googlebot/2.1; +http://www.google.com/bot.html)"
185.216.113.70 - - [29/Apr/2026:14:09:45 +0300] "POST /wp-cron.php?doing_wp_cron=1777460985.4922690391540527343750 HTTP/1.1" 200 448 "-" "WordPress/6.3.8; https://serhatburke.miroglu.net"
40.77.167.72 - - [29/Apr/2026:14:09:10 +0300] "GET /die-gesamtheit-unter-einsatz-von-den-spielsaal-willkommensbonus-cash-runner-spielplatz-jetzt-decodieren/undefined?ts=1777460860 HTTP/2" 404 14371 "-" "Mozilla/5.0 AppleWebKit/537.36 (KHTML, like Gecko; compatible; bingbot/2.0; +http://www.bing.com/bingbot.htm) Chrome/116.0.1938.76 Safari/537.36"
185.216.113.70 - - [29/Apr/2026:14:09:53 +0300] "POST /wp-cron.php?doing_wp_cron=1777460993.5735969543457031250000 HTTP/1.1" 200 448 "-" "WordPress/6.3.8; https://serhatburke.miroglu.net"
40.77.167.72 - - [29/Apr/2026:14:09:19 +0300] "GET /die-gesamtheit-unter-einsatz-von-den-spielsaal-willkommensbonus-cash-runner-spielplatz-jetzt-decodieren/undefined?ts=1777460860 HTTP/2" 404 14371 "-" "Mozilla/5.0 AppleWebKit/537.36 (KHTML, like Gecko; compatible; bingbot/2.0; +http://www.bing.com/bingbot.htm) Chrome/116.0.1938.76 Safari/537.36"
185.216.113.70 - - [29/Apr/2026:14:09:56 +0300] "POST /wp-cron.php?doing_wp_cron=1777460996.2798199653625488281250 HTTP/1.1" 200 448 "-" "WordPress/6.3.8; https://serhatburke.miroglu.net"
40.77.167.72 - - [29/Apr/2026:14:09:24 +0300] "GET /die-gesamtheit-unter-einsatz-von-den-spielsaal-willkommensbonus-cash-runner-spielplatz-jetzt-decodieren/undefined?ts=1777460860 HTTP/2" 404 14371 "-" "Mozilla/5.0 AppleWebKit/537.36 (KHTML, like Gecko; compatible; bingbot/2.0; +http://www.bing.com/bingbot.htm) Chrome/116.0.1938.76 Safari/537.36"
185.216.113.70 - - [29/Apr/2026:14:10:03 +0300] "POST /wp-cron.php?doing_wp_cron=1777461003.0757849216461181640625 HTTP/1.1" 200 448 "-" "WordPress/6.3.8; https://serhatburke.miroglu.net"
40.77.167.50 - - [29/Apr/2026:14:09:30 +0300] "GET /die-gesamtheit-unter-einsatz-von-den-spielsaal-willkommensbonus-cash-runner-spielplatz-jetzt-decodieren/undefined?ts=1777460859 HTTP/2" 404 14374 "-" "Mozilla/5.0 AppleWebKit/537.36 (KHTML, like Gecko; compatible; bingbot/2.0; +http://www.bing.com/bingbot.htm) Chrome/116.0.1938.76 Safari/537.36"
52.167.144.142 - - [29/Apr/2026:14:09:57 +0300] "GET /die-gesamtheit-unter-einsatz-von-den-spielsaal-willkommensbonus-cash-runner-spielplatz-jetzt-decodieren/undefined?ts=1777460861 HTTP/2" 404 14373 "-" "Mozilla/5.0 AppleWebKit/537.36 (KHTML, like Gecko; compatible; bingbot/2.0; +http://www.bing.com/bingbot.htm) Chrome/116.0.1938.76 Safari/537.36"
40.77.167.50 - - [29/Apr/2026:14:10:04 +0300] "GET /die-gesamtheit-unter-einsatz-von-den-spielsaal-willkommensbonus-cash-runner-spielplatz-jetzt-decodieren/undefined?ts=1777460859 HTTP/2" 404 14374 "-" "Mozilla/5.0 AppleWebKit/537.36 (KHTML, like Gecko; compatible; bingbot/2.0; +http://www.bing.com/bingbot.htm) Chrome/116.0.1938.76 Safari/537.36"
172.237.60.137 - - [29/Apr/2026:14:10:08 +0300] "POST /xmlrpc.php HTTP/1.1" 200 630 "-" "Mozilla/5.0 (Windows NT 10.0; Win64; x64) AppleWebKit/537.36 (KHTML, like Gecko) Chrome/114.0.0.0 Safari/537.36"
52.167.144.142 - - [29/Apr/2026:14:10:26 +0300] "GET /die-gesamtheit-unter-einsatz-von-den-spielsaal-willkommensbonus-cash-runner-spielplatz-jetzt-decodieren/undefined?ts=1777460861 HTTP/2" 404 14373 "-" "Mozilla/5.0 AppleWebKit/537.36 (KHTML, like Gecko; compatible; bingbot/2.0; +http://www.bing.com/bingbot.htm) Chrome/116.0.1938.76 Safari/537.36"
52.167.144.142 - - [29/Apr/2026:14:10:41 +0300] "GET /die-gesamtheit-unter-einsatz-von-den-spielsaal-willkommensbonus-cash-runner-spielplatz-jetzt-decodieren/undefined?ts=1777460861 HTTP/2" 404 14448 "-" "Mozilla/5.0 AppleWebKit/537.36 (KHTML, like Gecko; compatible; bingbot/2.0; +http://www.bing.com/bingbot.htm) Chrome/116.0.1938.76 Safari/537.36"
185.216.113.70 - - [29/Apr/2026:14:11:11 +0300] "POST /wp-cron.php?doing_wp_cron=1777461071.1556410789489746093750 HTTP/1.1" 200 448 "-" "WordPress/6.3.8; https://serhatburke.miroglu.net"
52.167.144.142 - - [29/Apr/2026:14:10:52 +0300] "GET /die-gesamtheit-unter-einsatz-von-den-spielsaal-willkommensbonus-cash-runner-spielplatz-jetzt-decodieren/undefined?ts=1777460861 HTTP/2" 404 14373 "-" "Mozilla/5.0 AppleWebKit/537.36 (KHTML, like Gecko; compatible; bingbot/2.0; +http://www.bing.com/bingbot.htm) Chrome/116.0.1938.76 Safari/537.36"
172.237.60.137 - - [29/Apr/2026:14:10:54 +0300] "POST /xmlrpc.php HTTP/1.1" 200 15058 "-" "Mozilla/5.0 (Windows NT 10.0; Win64; x64) AppleWebKit/537.36 (KHTML, like Gecko) Chrome/114.0.0.0 Safari/537.36"
52.167.144.156 - - [29/Apr/2026:14:10:57 +0300] "GET /die-gesamtheit-unter-einsatz-von-den-spielsaal-willkommensbonus-cash-runner-spielplatz-jetzt-decodieren/undefined?ts=1777460859 HTTP/2" 404 14449 "-" "Mozilla/5.0 AppleWebKit/537.36 (KHTML, like Gecko; compatible; bingbot/2.0; +http://www.bing.com/bingbot.htm) Chrome/116.0.1938.76 Safari/537.36"
185.232.21.250 - - [29/Apr/2026:14:11:14 +0300] "GET /wp-login.php HTTP/2" 200 0 "https://serhatburke.miroglu.net/" "Mozilla/5.0 (Windows NT 10.0; Win64; x64) AppleWebKit/537.36 (KHTML, like Gecko) Chrome/147.0.0.0 Safari/537.36"
52.167.144.142 - - [29/Apr/2026:14:11:12 +0300] "GET /die-gesamtheit-unter-einsatz-von-den-spielsaal-willkommensbonus-cash-runner-spielplatz-jetzt-decodieren/undefined?ts=1777460861 HTTP/2" 404 14373 "-" "Mozilla/5.0 AppleWebKit/537.36 (KHTML, like Gecko; compatible; bingbot/2.0; +http://www.bing.com/bingbot.htm) Chrome/116.0.1938.76 Safari/537.36"
172.237.60.137 - - [29/Apr/2026:14:11:16 +0300] "GET /myvegas-slots-actual-mystic-dreams-1-deposit-rewards-apps-online-gamble/ HTTP/1.1" 200 78929 "-" "Mozilla/5.0 (Windows NT 10.0; Win64; x64) AppleWebKit/537.36 (KHTML, like Gecko) Chrome/123.0.0.0 Safari/537.36 OPR/109.0.0.0"
52.167.144.156 - - [29/Apr/2026:14:11:19 +0300] "GET /die-gesamtheit-unter-einsatz-von-den-spielsaal-willkommensbonus-cash-runner-spielplatz-jetzt-decodieren/undefined?ts=1777460859 HTTP/2" 404 14374 "-" "Mozilla/5.0 AppleWebKit/537.36 (KHTML, like Gecko; compatible; bingbot/2.0; +http://www.bing.com/bingbot.htm) Chrome/116.0.1938.76 Safari/537.36"
52.167.144.142 - - [29/Apr/2026:14:11:23 +0300] "GET /die-gesamtheit-unter-einsatz-von-den-spielsaal-willkommensbonus-cash-runner-spielplatz-jetzt-decodieren/undefined?ts=1777460861 HTTP/2" 404 14373 "-" "Mozilla/5.0 AppleWebKit/537.36 (KHTML, like Gecko; compatible; bingbot/2.0; +http://www.bing.com/bingbot.htm) Chrome/116.0.1938.76 Safari/537.36"
52.167.144.142 - - [29/Apr/2026:14:11:53 +0300] "GET /die-gesamtheit-unter-einsatz-von-den-spielsaal-willkommensbonus-cash-runner-spielplatz-jetzt-decodieren/undefined?ts=1777460861 HTTP/2" 404 14373 "-" "Mozilla/5.0 AppleWebKit/537.36 (KHTML, like Gecko; compatible; bingbot/2.0; +http://www.bing.com/bingbot.htm) Chrome/116.0.1938.76 Safari/537.36"
52.167.144.142 - - [29/Apr/2026:14:11:53 +0300] "GET /die-gesamtheit-unter-einsatz-von-den-spielsaal-willkommensbonus-cash-runner-spielplatz-jetzt-decodieren/undefined?ts=1777460861 HTTP/2" 404 14373 "-" "Mozilla/5.0 AppleWebKit/537.36 (KHTML, like Gecko; compatible; bingbot/2.0; +http://www.bing.com/bingbot.htm) Chrome/116.0.1938.76 Safari/537.36"
185.232.21.250 - - [29/Apr/2026:14:11:59 +0300] "POST /xmlrpc.php HTTP/1.1" 200 767 "https://serhatburke.miroglu.net/" "Mozilla/5.0 (Windows NT 10.0; Win64; x64) AppleWebKit/537.36 (KHTML, like Gecko) Chrome/122.0.0.0 Safari/537.36"
172.237.60.137 - - [29/Apr/2026:14:12:07 +0300] "POST /xmlrpc.php HTTP/1.1" 200 630 "-" "Mozilla/5.0 (Windows NT 10.0; Win64; x64) AppleWebKit/537.36 (KHTML, like Gecko) Chrome/114.0.0.0 Safari/537.36"
185.216.113.70 - - [29/Apr/2026:14:12:40 +0300] "POST /wp-cron.php?doing_wp_cron=1777461160.6428749561309814453125 HTTP/1.1" 200 448 "-" "WordPress/6.3.8; https://serhatburke.miroglu.net"
52.167.144.142 - - [29/Apr/2026:14:12:11 +0300] "GET /die-gesamtheit-unter-einsatz-von-den-spielsaal-willkommensbonus-cash-runner-spielplatz-jetzt-decodieren/undefined?ts=1777460861 HTTP/2" 404 14446 "-" "Mozilla/5.0 AppleWebKit/537.36 (KHTML, like Gecko; compatible; bingbot/2.0; +http://www.bing.com/bingbot.htm) Chrome/116.0.1938.76 Safari/537.36"
52.167.144.142 - - [29/Apr/2026:14:12:11 +0300] "GET /die-gesamtheit-unter-einsatz-von-den-spielsaal-willkommensbonus-cash-runner-spielplatz-jetzt-decodieren/undefined?ts=1777460861 HTTP/2" 404 14373 "-" "Mozilla/5.0 AppleWebKit/537.36 (KHTML, like Gecko; compatible; bingbot/2.0; +http://www.bing.com/bingbot.htm) Chrome/116.0.1938.76 Safari/537.36"
52.167.144.156 - - [29/Apr/2026:14:12:23 +0300] "GET /die-gesamtheit-unter-einsatz-von-den-spielsaal-willkommensbonus-cash-runner-spielplatz-jetzt-decodieren/undefined?ts=1777460859 HTTP/2" 404 14374 "-" "Mozilla/5.0 AppleWebKit/537.36 (KHTML, like Gecko; compatible; bingbot/2.0; +http://www.bing.com/bingbot.htm) Chrome/116.0.1938.76 Safari/537.36"
52.167.144.142 - - [29/Apr/2026:14:12:41 +0300] "GET /die-gesamtheit-unter-einsatz-von-den-spielsaal-willkommensbonus-cash-runner-spielplatz-jetzt-decodieren/undefined?ts=1777460861 HTTP/2" 404 14373 "-" "Mozilla/5.0 AppleWebKit/537.36 (KHTML, like Gecko; compatible; bingbot/2.0; +http://www.bing.com/bingbot.htm) Chrome/116.0.1938.76 Safari/537.36"
172.237.60.137 - - [29/Apr/2026:14:12:45 +0300] "POST /xmlrpc.php HTTP/1.1" 200 14807 "-" "Mozilla/5.0 (Windows NT 10.0; Win64; x64) AppleWebKit/537.36 (KHTML, like Gecko) Chrome/114.0.0.0 Safari/537.36"
52.167.144.142 - - [29/Apr/2026:14:12:46 +0300] "GET /die-gesamtheit-unter-einsatz-von-den-spielsaal-willkommensbonus-cash-runner-spielplatz-jetzt-decodieren/undefined?ts=1777460861 HTTP/2" 404 14373 "-" "Mozilla/5.0 AppleWebKit/537.36 (KHTML, like Gecko; compatible; bingbot/2.0; +http://www.bing.com/bingbot.htm) Chrome/116.0.1938.76 Safari/537.36"
52.167.144.156 - - [29/Apr/2026:14:12:51 +0300] "GET /die-gesamtheit-unter-einsatz-von-den-spielsaal-willkommensbonus-cash-runner-spielplatz-jetzt-decodieren/undefined?ts=1777460859 HTTP/2" 404 14374 "-" "Mozilla/5.0 AppleWebKit/537.36 (KHTML, like Gecko; compatible; bingbot/2.0; +http://www.bing.com/bingbot.htm) Chrome/116.0.1938.76 Safari/537.36"
104.253.212.204 - - [29/Apr/2026:14:13:08 +0300] "POST /wp-login.php HTTP/2" 200 0 "-" "Mozilla/5.0 (Windows NT 10.0; Win64; x64; rv:135.0) Gecko/20100101 Firefox/135.0"
185.216.113.70 - - [29/Apr/2026:14:13:41 +0300] "POST /wp-cron.php?doing_wp_cron=1777461221.0201210975646972656250 HTTP/1.1" 200 448 "-" "WordPress/6.3.8; https://serhatburke.miroglu.net"
52.167.144.142 - - [29/Apr/2026:14:13:03 +0300] "GET /die-gesamtheit-unter-einsatz-von-den-spielsaal-willkommensbonus-cash-runner-spielplatz-jetzt-decodieren/undefined?ts=1777460861 HTTP/2" 404 14373 "-" "Mozilla/5.0 AppleWebKit/537.36 (KHTML, like Gecko; compatible; bingbot/2.0; +http://www.bing.com/bingbot.htm) Chrome/116.0.1938.76 Safari/537.36"
185.216.113.70 - - [29/Apr/2026:14:13:46 +0300] "POST /wp-cron.php?doing_wp_cron=1777461225.9688830375671386718750 HTTP/1.1" 200 448 "-" "WordPress/6.3.8; https://serhatburke.miroglu.net"
196.242.114.124 - - [29/Apr/2026:14:13:08 +0300] "GET /novoline-casino-codice-bonus-registrazione/ HTTP/1.1" 200 17782 "-" "Mozilla/5.0 (compatible; Googlebot/2.1; +http://www.google.com/bot.html)"
216.73.217.81 - - [29/Apr/2026:14:13:48 +0300] "GET /sitemap.rss HTTP/2" 200 0 "-" "Mozilla/5.0 AppleWebKit/537.36 (KHTML, like Gecko; compatible; ClaudeBot/1.0; +claudebot@anthropic.com)"
185.216.113.70 - - [29/Apr/2026:14:14:04 +0300] "POST /wp-cron.php?doing_wp_cron=1777461244.5506439208984375000000 HTTP/1.1" 200 448 "-" "WordPress/6.3.8; https://serhatburke.miroglu.net"
141.148.131.57 - - [29/Apr/2026:14:13:37 +0300] "POST /wp-login.php HTTP/2" 200 0 "-" "Mozilla/5.0 (Windows NT 10.0; Win64; x64; rv:135.0) Gecko/20100101 Firefox/135.0"
172.237.60.137 - - [29/Apr/2026:14:13:25 +0300] "GET /cellular-gambling-enterprises-real-money-slot-the-wild-chase-gambling-enterprise-applications-gamble-around-february-2026/ HTTP/1.1" 200 80025 "-" "Mozilla/5.0 (Windows NT 10.0; Win64; x64) AppleWebKit/537.36 (KHTML, like Gecko) Chrome/124.0.0.0 Safari/537.36 Edg/124.0.0.0"
40.77.167.72 - - [29/Apr/2026:14:13:31 +0300] "GET /die-gesamtheit-unter-einsatz-von-den-spielsaal-willkommensbonus-cash-runner-spielplatz-jetzt-decodieren/undefined?ts=1777460860 HTTP/2" 404 14371 "-" "Mozilla/5.0 AppleWebKit/537.36 (KHTML, like Gecko; compatible; bingbot/2.0; +http://www.bing.com/bingbot.htm) Chrome/116.0.1938.76 Safari/537.36"
52.167.144.142 - - [29/Apr/2026:14:13:42 +0300] "GET /die-gesamtheit-unter-einsatz-von-den-spielsaal-willkommensbonus-cash-runner-spielplatz-jetzt-decodieren/undefined?ts=1777460861 HTTP/2" 200 0 "-" "Mozilla/5.0 AppleWebKit/537.36 (KHTML, like Gecko; compatible; bingbot/2.0; +http://www.bing.com/bingbot.htm) Chrome/116.0.1938.76 Safari/537.36"
185.168.28.177 - - [29/Apr/2026:14:14:08 +0300] "POST /wp-login.php HTTP/2" 200 0 "-" "Mozilla/5.0 (Windows NT 10.0; Win64; x64; rv:135.0) Gecko/20100101 Firefox/135.0"
40.77.167.72 - - [29/Apr/2026:14:14:01 +0300] "GET /die-gesamtheit-unter-einsatz-von-den-spielsaal-willkommensbonus-cash-runner-spielplatz-jetzt-decodieren/undefined?ts=1777460860 HTTP/2" 200 0 "-" "Mozilla/5.0 AppleWebKit/537.36 (KHTML, like Gecko; compatible; bingbot/2.0; +http://www.bing.com/bingbot.htm) Chrome/116.0.1938.76 Safari/537.36"
172.237.60.137 - - [29/Apr/2026:14:14:10 +0300] "POST /xmlrpc.php HTTP/1.1" 200 630 "-" "Mozilla/5.0 (Windows NT 10.0; Win64; x64) AppleWebKit/537.36 (KHTML, like Gecko) Chrome/114.0.0.0 Safari/537.36"
40.77.167.72 - - [29/Apr/2026:14:14:10 +0300] "GET /die-gesamtheit-unter-einsatz-von-den-spielsaal-willkommensbonus-cash-runner-spielplatz-jetzt-decodieren/undefined?ts=1777460860 HTTP/2" 200 0 "-" "Mozilla/5.0 AppleWebKit/537.36 (KHTML, like Gecko; compatible; bingbot/2.0; +http://www.bing.com/bingbot.htm) Chrome/116.0.1938.76 Safari/537.36"
185.216.113.70 - - [29/Apr/2026:14:15:13 +0300] "POST /wp-cron.php?doing_wp_cron=1777461313.0613200664520263671875 HTTP/1.1" 200 448 "-" "WordPress/6.3.8; https://serhatburke.miroglu.net"
52.167.144.156 - - [29/Apr/2026:14:14:28 +0300] "GET /die-gesamtheit-unter-einsatz-von-den-spielsaal-willkommensbonus-cash-runner-spielplatz-jetzt-decodieren/undefined?ts=1777460859 HTTP/2" 404 14374 "-" "Mozilla/5.0 AppleWebKit/537.36 (KHTML, like Gecko; compatible; bingbot/2.0; +http://www.bing.com/bingbot.htm) Chrome/116.0.1938.76 Safari/537.36"
185.216.113.70 - - [29/Apr/2026:14:15:22 +0300] "POST /wp-cron.php?doing_wp_cron=1777461322.5882620811462402343750 HTTP/1.1" 200 448 "-" "WordPress/6.3.8; https://serhatburke.miroglu.net"
185.216.113.70 - - [29/Apr/2026:14:15:24 +0300] "POST /wp-cron.php?doing_wp_cron=1777461324.6775829792022705078125 HTTP/1.1" 200 448 "-" "WordPress/6.3.8; https://serhatburke.miroglu.net"
52.167.144.142 - - [29/Apr/2026:14:14:50 +0300] "GET /20-parempaa-nettikasinoa-yhdysvalloista-parhaat-lailliset-hanen-kommenttinsa-on-taalla-oikean-rahan-uhkapeliyritysten-verkkosivustot-2026/ HTTP/2" 200 18647 "-" "Mozilla/5.0 AppleWebKit/537.36 (KHTML, like Gecko; compatible; bingbot/2.0; +http://www.bing.com/bingbot.htm) Chrome/116.0.1938.76 Safari/537.36"
185.216.113.70 - - [29/Apr/2026:14:15:30 +0300] "POST /wp-cron.php?doing_wp_cron=1777461329.9837388992309570312500 HTTP/1.1" 200 448 "-" "WordPress/6.3.8; https://serhatburke.miroglu.net"
40.77.167.72 - - [29/Apr/2026:14:14:51 +0300] "GET /unearth-the-benefits-of-jupiter-swap-for-crypto-traders/ HTTP/2" 200 18209 "-" "Mozilla/5.0 AppleWebKit/537.36 (KHTML, like Gecko; compatible; bingbot/2.0; +http://www.bing.com/bingbot.htm) Chrome/116.0.1938.76 Safari/537.36"
66.249.76.78 - - [29/Apr/2026:14:14:54 +0300] "GET /casino-en-ligne-belgique-dice-machines-a-sous-9/ HTTP/1.1" 200 423272 "-" "Mozilla/5.0 (Linux; Android 6.0.1; Nexus 5X Build/MMB29P) AppleWebKit/537.36 (KHTML, like Gecko) Chrome/147.0.7727.116 Mobile Safari/537.36 (compatible; Googlebot/2.1; +http://www.google.com/bot.html)"
185.216.113.70 - - [29/Apr/2026:14:15:48 +0300] "POST /wp-cron.php?doing_wp_cron=1777461348.1483609676361083984375 HTTP/1.1" 200 448 "-" "WordPress/6.3.8; https://serhatburke.miroglu.net"
172.237.60.137 - - [29/Apr/2026:14:15:07 +0300] "POST /xmlrpc.php HTTP/1.1" 200 15014 "-" "Mozilla/5.0 (Windows NT 10.0; Win64; x64) AppleWebKit/537.36 (KHTML, like Gecko) Chrome/114.0.0.0 Safari/537.36"
66.249.76.78 - - [29/Apr/2026:14:15:43 +0300] "GET /casino-en-ligne-belgique-dice-machines-a-sous-9/undefined?ts=1775520000 HTTP/1.1" 200 0 "https://serhatburke.miroglu.net/casino-en-ligne-belgique-dice-machines-a-sous-9/" "Mozilla/5.0 (Linux; Android 6.0.1; Nexus 5X Build/MMB29P) AppleWebKit/537.36 (KHTML, like Gecko) Chrome/147.0.7727.116 Mobile Safari/537.36 (compatible; Googlebot/2.1; +http://www.google.com/bot.html)"
52.167.144.139 - - [29/Apr/2026:14:15:20 +0300] "GET /atomic-wallet-your-essential-guide-to-downloading-and-using-2/ HTTP/2" 200 0 "-" "Mozilla/5.0 AppleWebKit/537.36 (KHTML, like Gecko; compatible; bingbot/2.0; +http://www.bing.com/bingbot.htm) Chrome/116.0.1938.76 Safari/537.36"
52.167.144.139 - - [29/Apr/2026:14:15:28 +0300] "GET /nagon-guida-till-ga-in-pa-denna-sida-superb-casino-extra-inte-me-insattning-inom-sverige-2025/ HTTP/2" 200 0 "-" "Mozilla/5.0 AppleWebKit/537.36 (KHTML, like Gecko; compatible; bingbot/2.0; +http://www.bing.com/bingbot.htm) Chrome/116.0.1938.76 Safari/537.36"
52.167.144.139 - - [29/Apr/2026:14:15:50 +0300] "GET /beste-spielcasinos-online/ HTTP/2" 200 0 "-" "Mozilla/5.0 AppleWebKit/537.36 (KHTML, like Gecko; compatible; bingbot/2.0; +http://www.bing.com/bingbot.htm) Chrome/116.0.1938.76 Safari/537.36"
52.167.144.139 - - [29/Apr/2026:14:15:59 +0300] "GET /die-gesamtheit-unter-einsatz-von-den-spielsaal-willkommensbonus-cash-runner-spielplatz-jetzt-decodieren/undefined?ts=1777460861 HTTP/2" 200 0 "-" "Mozilla/5.0 AppleWebKit/537.36 (KHTML, like Gecko; compatible; bingbot/2.0; +http://www.bing.com/bingbot.htm) Chrome/116.0.1938.76 Safari/537.36"
52.167.144.156 - - [29/Apr/2026:14:16:05 +0300] "GET /die-gesamtheit-unter-einsatz-von-den-spielsaal-willkommensbonus-cash-runner-spielplatz-jetzt-decodieren/undefined?ts=1777460859 HTTP/2" 200 0 "-" "Mozilla/5.0 AppleWebKit/537.36 (KHTML, like Gecko; compatible; bingbot/2.0; +http://www.bing.com/bingbot.htm) Chrome/116.0.1938.76 Safari/537.36"
185.216.113.70 - - [29/Apr/2026:14:16:55 +0300] "POST /wp-cron.php?doing_wp_cron=1777461415.8778619766235351562500 HTTP/1.1" 200 448 "-" "WordPress/6.3.8; https://serhatburke.miroglu.net"
185.216.113.70 - - [29/Apr/2026:14:16:56 +0300] "POST /wp-cron.php?doing_wp_cron=1777461416.1611599922180175781250 HTTP/1.1" 200 448 "-" "WordPress/6.3.8; https://serhatburke.miroglu.net"
52.167.144.139 - - [29/Apr/2026:14:16:09 +0300] "GET /die-gesamtheit-unter-einsatz-von-den-spielsaal-willkommensbonus-cash-runner-spielplatz-jetzt-decodieren/undefined?ts=1777460861 HTTP/2" 200 0 "-" "Mozilla/5.0 AppleWebKit/537.36 (KHTML, like Gecko; compatible; bingbot/2.0; +http://www.bing.com/bingbot.htm) Chrome/116.0.1938.76 Safari/537.36"
172.237.60.137 - - [29/Apr/2026:14:15:50 +0300] "GET /gcore-online-casino-with-2-reel-slots/ HTTP/1.1" 200 77901 "-" "Mozilla/5.0 (Windows NT 10.0; rv:109.0) Gecko/20100101 Firefox/115.0"
185.216.113.70 - - [29/Apr/2026:14:17:10 +0300] "POST /wp-cron.php?doing_wp_cron=1777461430.0502369403839111328125 HTTP/1.1" 200 448 "-" "WordPress/6.3.8; https://serhatburke.miroglu.net"
172.237.60.137 - - [29/Apr/2026:14:16:18 +0300] "POST /xmlrpc.php HTTP/1.1" 200 630 "-" "Mozilla/5.0 (Windows NT 10.0; Win64; x64) AppleWebKit/537.36 (KHTML, like Gecko) Chrome/114.0.0.0 Safari/537.36"
