52.167.144.218 - - [30/Apr/2026:02:04:46 +0300] "GET /best-casinos-that-accept-yandex-money/ HTTP/2" 200 17147 "-" "Mozilla/5.0 AppleWebKit/537.36 (KHTML, like Gecko; compatible; bingbot/2.0; +http://www.bing.com/bingbot.htm) Chrome/116.0.1938.76 Safari/537.36"
52.167.144.204 - - [30/Apr/2026:02:05:12 +0300] "GET /bwin-casino-ha-implementado-varias-sistematicas-con-el-fin-de-guardar-dicho-noticia-privada-desplazandolo-hacia-el-pelo-financiera/ HTTP/2" 200 17937 "-" "Mozilla/5.0 AppleWebKit/537.36 (KHTML, like Gecko; compatible; bingbot/2.0; +http://www.bing.com/bingbot.htm) Chrome/116.0.1938.76 Safari/537.36"
66.249.73.1 - - [30/Apr/2026:02:05:18 +0300] "GET /robots.txt HTTP/1.1" 200 719 "-" "Mozilla/5.0 (compatible; Googlebot/2.1; +http://www.google.com/bot.html)"
66.249.76.78 - - [30/Apr/2026:02:05:37 +0300] "GET /wp-content/themes/toppic/js/lazysizes.min.js?ver=4.2 HTTP/1.1" 200 3803 "https://serhatburke.miroglu.net/shufflecasino-uk-reward-program-review-exclusive-benefits-for-british-players/" "Mozilla/5.0 (Linux; Android 6.0.1; Nexus 5X Build/MMB29P) AppleWebKit/537.36 (KHTML, like Gecko) Chrome/147.0.7727.116 Mobile Safari/537.36 (compatible; Googlebot/2.1; +http://www.google.com/bot.html)"
66.249.73.14 - - [30/Apr/2026:02:05:52 +0300] "GET /shufflecasino-uk-reward-program-review-exclusive-benefits-for-british-players/undefined?ts=1775520000 HTTP/1.1" 200 0 "https://serhatburke.miroglu.net/shufflecasino-uk-reward-program-review-exclusive-benefits-for-british-players/" "Mozilla/5.0 (Linux; Android 6.0.1; Nexus 5X Build/MMB29P) AppleWebKit/537.36 (KHTML, like Gecko) Chrome/147.0.7727.116 Mobile Safari/537.36 (compatible; Googlebot/2.1; +http://www.google.com/bot.html)"
185.216.113.70 - - [30/Apr/2026:02:06:07 +0300] "POST /wp-cron.php?doing_wp_cron=1777503967.9400560855865478515625 HTTP/1.1" 200 448 "-" "WordPress/6.3.8; https://serhatburke.miroglu.net"
38.246.32.228 - - [30/Apr/2026:02:05:54 +0300] "POST /xmlrpc.php HTTP/1.1" 200 630 "-" "Mozilla/5.0 (Windows NT 10.0; Win64; x64) AppleWebKit/537.36 (KHTML, like Gecko) Chrome/114.0.0.0 Safari/537.36"
66.249.73.14 - - [30/Apr/2026:02:06:16 +0300] "GET /shufflecasino-uk-reward-program-review-exclusive-benefits-for-british-players/undefined?ts=1775520000 HTTP/1.1" 200 0 "https://serhatburke.miroglu.net/shufflecasino-uk-reward-program-review-exclusive-benefits-for-british-players/" "Mozilla/5.0 (Linux; Android 6.0.1; Nexus 5X Build/MMB29P) AppleWebKit/537.36 (KHTML, like Gecko) Chrome/147.0.7727.116 Mobile Safari/537.36 (compatible; Googlebot/2.1; +http://www.google.com/bot.html)"
38.246.32.228 - - [30/Apr/2026:02:06:14 +0300] "POST /xmlrpc.php HTTP/1.1" 200 8641 "-" "Mozilla/5.0 (Windows NT 10.0; Win64; x64) AppleWebKit/537.36 (KHTML, like Gecko) Chrome/114.0.0.0 Safari/537.36"
185.216.113.70 - - [30/Apr/2026:02:06:42 +0300] "POST /wp-cron.php?doing_wp_cron=1777504002.5578188896179199218750 HTTP/1.1" 200 448 "-" "WordPress/6.3.8; https://serhatburke.miroglu.net"
38.246.32.228 - - [30/Apr/2026:02:06:30 +0300] "GET /go-through-the-variety-of-casinos-often-proves-to-be-fake/ HTTP/1.1" 200 72299 "-" "Mozilla/5.0 (Windows NT 10.0; Win64; x64) AppleWebKit/537.36 (KHTML, like Gecko) Chrome/123.0.0.0 Safari/537.36 OPR/109.0.0.0"
52.167.144.204 - - [30/Apr/2026:02:06:40 +0300] "GET /the-simpler-capable-make-deals-both-in-advice-getting-professionals-the-latest-happy-their-customers-might-be-long-title/ HTTP/2" 200 17620 "-" "Mozilla/5.0 AppleWebKit/537.36 (KHTML, like Gecko; compatible; bingbot/2.0; +http://www.bing.com/bingbot.htm) Chrome/116.0.1938.76 Safari/537.36"
40.77.167.27 - - [30/Apr/2026:02:06:58 +0300] "GET /free-spins-utan-insattning-2025-beskada-laka-listan-tillsammans-free-spins/ HTTP/2" 200 19115 "-" "Mozilla/5.0 AppleWebKit/537.36 (KHTML, like Gecko; compatible; bingbot/2.0; +http://www.bing.com/bingbot.htm) Chrome/116.0.1938.76 Safari/537.36"
40.77.167.27 - - [30/Apr/2026:02:07:08 +0300] "GET /queen-of-the-nile-ii-slot-review-play-free-real-galera-bet-aviador-online-belzebu-2026/ HTTP/2" 200 20094 "-" "Mozilla/5.0 AppleWebKit/537.36 (KHTML, like Gecko; compatible; bingbot/2.0; +http://www.bing.com/bingbot.htm) Chrome/116.0.1938.76 Safari/537.36"
52.167.144.204 - - [30/Apr/2026:02:07:14 +0300] "GET /in-ce-ajutor-un-plus-de-get-pe-cazinouri-telecomanda/ HTTP/2" 200 17764 "-" "Mozilla/5.0 AppleWebKit/537.36 (KHTML, like Gecko; compatible; bingbot/2.0; +http://www.bing.com/bingbot.htm) Chrome/116.0.1938.76 Safari/537.36"
185.216.113.70 - - [30/Apr/2026:02:07:46 +0300] "POST /wp-cron.php?doing_wp_cron=1777504066.6683659553527832031250 HTTP/1.1" 200 448 "-" "WordPress/6.3.8; https://serhatburke.miroglu.net"
38.246.32.228 - - [30/Apr/2026:02:07:32 +0300] "POST /xmlrpc.php HTTP/1.1" 200 630 "-" "Mozilla/5.0 (Windows NT 10.0; Win64; x64) AppleWebKit/537.36 (KHTML, like Gecko) Chrome/114.0.0.0 Safari/537.36"
38.246.32.228 - - [30/Apr/2026:02:07:52 +0300] "POST /xmlrpc.php HTTP/1.1" 200 8917 "-" "Mozilla/5.0 (Windows NT 10.0; Win64; x64) AppleWebKit/537.36 (KHTML, like Gecko) Chrome/114.0.0.0 Safari/537.36"
38.246.32.228 - - [30/Apr/2026:02:08:05 +0300] "GET /wr-regarding-30x-put-bonus-matter-and-you-can-60x-100-free-twist-payouts-matter-simply-harbors-amount-in-this-thirty-days/ HTTP/1.1" 200 74494 "-" "Mozilla/5.0 (Windows NT 10.0; rv:109.0) Gecko/20100101 Firefox/115.0"
185.216.113.70 - - [30/Apr/2026:02:08:43 +0300] "POST /wp-cron.php?doing_wp_cron=1777504123.6099400520324707031250 HTTP/1.1" 200 448 "-" "WordPress/6.3.8; https://serhatburke.miroglu.net"
102.165.54.38 - - [30/Apr/2026:02:08:31 +0300] "GET /zotabet-casino-bonus-premier-depot-2026/ HTTP/1.1" 200 19103 "-" "Mozilla/5.0 (compatible; Googlebot/2.1; +http://www.google.com/bot.html)"
91.236.142.3 - - [30/Apr/2026:02:08:46 +0300] "GET /beste-casino-site-belgie-hoge-inzet/ HTTP/1.1" 200 19264 "-" "Mozilla/5.0 (X11; Linux i686; rv:114.0) Gecko/20100101 Firefox/114.0"
38.246.32.228 - - [30/Apr/2026:02:09:00 +0300] "POST /xmlrpc.php HTTP/1.1" 200 630 "-" "Mozilla/5.0 (Windows NT 10.0; Win64; x64) AppleWebKit/537.36 (KHTML, like Gecko) Chrome/114.0.0.0 Safari/537.36"
185.216.113.70 - - [30/Apr/2026:02:09:31 +0300] "POST /wp-cron.php?doing_wp_cron=1777504171.7361090183258056640625 HTTP/1.1" 200 448 "-" "WordPress/6.3.8; https://serhatburke.miroglu.net"
38.246.32.228 - - [30/Apr/2026:02:09:19 +0300] "POST /xmlrpc.php HTTP/1.1" 200 9329 "-" "Mozilla/5.0 (Windows NT 10.0; Win64; x64) AppleWebKit/537.36 (KHTML, like Gecko) Chrome/114.0.0.0 Safari/537.36"
38.246.32.228 - - [30/Apr/2026:02:09:32 +0300] "GET /the-state-lotto-that-has-games-eg-antique-lotto-keno-powerball-and-you-will-super-many-generated-1/ HTTP/1.1" 200 74083 "-" "Mozilla/5.0 (Windows NT 10.0; Win64; x64) AppleWebKit/537.36 (KHTML, like Gecko) Chrome/124.0.0.0 Safari/537.36 Edg/124.0.0.0"
185.216.113.70 - - [30/Apr/2026:02:10:57 +0300] "POST /wp-cron.php?doing_wp_cron=1777504257.2005400657653808593750 HTTP/1.1" 200 448 "-" "WordPress/6.3.8; https://serhatburke.miroglu.net"
38.246.32.228 - - [30/Apr/2026:02:10:45 +0300] "POST /xmlrpc.php HTTP/1.1" 200 630 "-" "Mozilla/5.0 (Windows NT 10.0; Win64; x64) AppleWebKit/537.36 (KHTML, like Gecko) Chrome/114.0.0.0 Safari/537.36"
38.246.32.228 - - [30/Apr/2026:02:11:03 +0300] "POST /xmlrpc.php HTTP/1.1" 200 9546 "-" "Mozilla/5.0 (Windows NT 10.0; Win64; x64) AppleWebKit/537.36 (KHTML, like Gecko) Chrome/114.0.0.0 Safari/537.36"
38.246.32.228 - - [30/Apr/2026:02:11:16 +0300] "GET /a-no-deposit-added-bonus-lets-dutch-members-to-check-a-casino-instead-money-its-account/ HTTP/1.1" 200 74134 "-" "Mozilla/5.0 (Windows NT 10.0; rv:125.0) Gecko/20100101 Firefox/125.0"
185.216.113.70 - - [30/Apr/2026:02:11:43 +0300] "POST /wp-cron.php?doing_wp_cron=1777504303.4724268913269042968750 HTTP/1.1" 200 448 "-" "WordPress/6.3.8; https://serhatburke.miroglu.net"
216.73.217.81 - - [30/Apr/2026:02:11:31 +0300] "GET /robots.txt HTTP/2" 200 110 "-" "Mozilla/5.0 AppleWebKit/537.36 (KHTML, like Gecko; compatible; ClaudeBot/1.0; +claudebot@anthropic.com)"
216.73.217.81 - - [30/Apr/2026:02:11:44 +0300] "GET /sitemap.rss HTTP/2" 200 0 "-" "Mozilla/5.0 AppleWebKit/537.36 (KHTML, like Gecko; compatible; ClaudeBot/1.0; +claudebot@anthropic.com)"
99.241.163.12 - - [30/Apr/2026:02:11:39 +0300] "POST /xmlrpc.php HTTP/1.1" 200 730 "-" "Mozilla/5.0 (Windows NT 10.0; Win64; x64) AppleWebKit/537.36"
57.128.22.95 - - [30/Apr/2026:02:11:51 +0300] "GET /35849-2/ HTTP/1.1" 200 18401 "-" "Mozilla/5.0 (compatible; Googlebot/2.1; +http://www.google.com/bot.html)"
45.224.114.126 - - [30/Apr/2026:02:11:57 +0300] "GET / HTTP/1.1" 200 22091 "-" "Mozilla/5.0 (Windows NT 10.0; Win64; x64) AppleWebKit/537.36 (KHTML, like Gecko) Chrome/120.0.0.0 Safari/537.36"
38.246.32.228 - - [30/Apr/2026:02:12:07 +0300] "POST /xmlrpc.php HTTP/1.1" 200 630 "-" "Mozilla/5.0 (Windows NT 10.0; Win64; x64) AppleWebKit/537.36 (KHTML, like Gecko) Chrome/114.0.0.0 Safari/537.36"
45.224.114.126 - - [30/Apr/2026:02:12:18 +0300] "GET /wp-login.php HTTP/1.1" 200 4160 "-" "Mozilla/5.0 (Windows NT 10.0; Win64; x64) AppleWebKit/537.36 (KHTML, like Gecko) Chrome/120.0.0.0 Safari/537.36"
185.216.113.70 - - [30/Apr/2026:02:12:39 +0300] "POST /wp-cron.php?doing_wp_cron=1777504359.8071470260620117187500 HTTP/1.1" 200 448 "-" "WordPress/6.3.8; https://serhatburke.miroglu.net"
38.246.32.228 - - [30/Apr/2026:02:12:27 +0300] "POST /xmlrpc.php HTTP/1.1" 200 8874 "-" "Mozilla/5.0 (Windows NT 10.0; Win64; x64) AppleWebKit/537.36 (KHTML, like Gecko) Chrome/114.0.0.0 Safari/537.36"
45.224.114.126 - - [30/Apr/2026:02:12:33 +0300] "GET /wp-login.php?wp_lang=en_US HTTP/1.1" 200 3520 "-" "Mozilla/5.0 (Windows NT 10.0; Win64; x64) AppleWebKit/537.36 (KHTML, like Gecko) Chrome/120.0.0.0 Safari/537.36"
38.246.32.228 - - [30/Apr/2026:02:12:40 +0300] "GET /codes-from-notes-try-activated-quickly-therefore-payment-is-actually-immediate/ HTTP/1.1" 200 73081 "-" "Mozilla/5.0 (Windows NT 10.0; Win64; x64) AppleWebKit/537.36 (KHTML, like Gecko) Chrome/124.0.0.0 Safari/537.36 Edg/124.0.0.0"
45.224.114.126 - - [30/Apr/2026:02:12:51 +0300] "POST /wp-login.php HTTP/1.1" 302 1500 "https://serhatburke.miroglu.net" "Mozilla/5.0 (Windows NT 10.0; Win64; x64) AppleWebKit/537.36 (KHTML, like Gecko) Chrome/120.0.0.0 Safari/537.36"
45.224.114.126 - - [30/Apr/2026:02:13:06 +0300] "GET /wp-admin/ HTTP/1.1" 200 29097 "https://serhatburke.miroglu.net" "Mozilla/5.0 (Windows NT 10.0; Win64; x64) AppleWebKit/537.36 (KHTML, like Gecko) Chrome/120.0.0.0 Safari/537.36"
176.98.31.43 - - [30/Apr/2026:02:13:07 +0300] "POST /xmlrpc.php HTTP/1.1" 200 742 "-" "Mozilla/5.0 (Windows NT 10.0; WOW64; rv:45.0) Gecko/20100101 Firefox/45.0"
185.216.113.70 - - [30/Apr/2026:02:13:39 +0300] "POST /wp-cron.php?doing_wp_cron=1777504419.0649731159210205078125 HTTP/1.1" 200 448 "-" "WordPress/6.3.8; https://serhatburke.miroglu.net"
186.195.94.187 - - [30/Apr/2026:02:13:21 +0300] "GET / HTTP/1.1" 200 22091 "-" "Mozilla/5.0 (Windows NT 10.0; Win64; x64) AppleWebKit/537.36 (KHTML, like Gecko) Chrome/120.0.0.0 Safari/537.36"
176.98.31.43 - - [30/Apr/2026:02:13:27 +0300] "GET /xmlrpc.php HTTP/1.1" 405 446 "-" "Mozilla/5.0 (Windows NT 10.0; WOW64; rv:45.0) Gecko/20100101 Firefox/45.0"
38.246.32.228 - - [30/Apr/2026:02:13:39 +0300] "POST /xmlrpc.php HTTP/1.1" 200 630 "-" "Mozilla/5.0 (Windows NT 10.0; Win64; x64) AppleWebKit/537.36 (KHTML, like Gecko) Chrome/114.0.0.0 Safari/537.36"
186.195.94.187 - - [30/Apr/2026:02:13:42 +0300] "GET /wp-login.php HTTP/1.1" 200 4160 "-" "Mozilla/5.0 (Windows NT 10.0; Win64; x64) AppleWebKit/537.36 (KHTML, like Gecko) Chrome/120.0.0.0 Safari/537.36"
185.216.113.70 - - [30/Apr/2026:02:14:17 +0300] "POST /wp-cron.php?doing_wp_cron=1777504457.3853209018707275390625 HTTP/1.1" 200 448 "-" "WordPress/6.3.8; https://serhatburke.miroglu.net"
186.195.94.187 - - [30/Apr/2026:02:14:05 +0300] "GET /wp-login.php?wp_lang=en_US HTTP/1.1" 200 3520 "-" "Mozilla/5.0 (Windows NT 10.0; Win64; x64) AppleWebKit/537.36 (KHTML, like Gecko) Chrome/120.0.0.0 Safari/537.36"
38.246.32.228 - - [30/Apr/2026:02:14:07 +0300] "POST /xmlrpc.php HTTP/1.1" 200 8830 "-" "Mozilla/5.0 (Windows NT 10.0; Win64; x64) AppleWebKit/537.36 (KHTML, like Gecko) Chrome/114.0.0.0 Safari/537.36"
186.195.94.187 - - [30/Apr/2026:02:14:19 +0300] "POST /wp-login.php HTTP/1.1" 302 1500 "https://serhatburke.miroglu.net" "Mozilla/5.0 (Windows NT 10.0; Win64; x64) AppleWebKit/537.36 (KHTML, like Gecko) Chrome/120.0.0.0 Safari/537.36"
38.246.32.228 - - [30/Apr/2026:02:14:22 +0300] "GET /whats-promising-let-me-reveal-as-possible-with-ease-be-sure-which-by-examining-new-digital-gambling-enterprise-permits-page/ HTTP/1.1" 200 74406 "-" "Mozilla/5.0 (Windows NT 10.0; rv:125.0) Gecko/20100101 Firefox/125.0"
57.128.22.95 - - [30/Apr/2026:02:14:27 +0300] "GET /novoline-casino-codice-bonus-registrazione/ HTTP/1.1" 200 17801 "https://serhatburke.miroglu.net/" "Mozilla/5.0 (Macintosh; Intel Mac OS X 10.15; rv:149.0) Gecko/20100101 Firefox/149.0"
167.160.180.125 - - [30/Apr/2026:02:14:47 +0300] "GET /wp-includes/css/dist/block-library/style.min.css?ver=6.3.8 HTTP/1.1" 200 13578 "https://serhatburke.miroglu.net/novoline-casino-codice-bonus-registrazione/" "Mozilla/5.0 (Windows NT 10.0; Win64; x64) AppleWebKit/537.36 (KHTML, like Gecko) Chrome/145.0.0.0 Safari/537.36"
167.160.180.125 - - [30/Apr/2026:02:14:48 +0300] "GET /wp-content/plugins/contact-form-7/includes/css/styles.css?ver=5.8 HTTP/1.1" 200 1490 "https://serhatburke.miroglu.net/novoline-casino-codice-bonus-registrazione/" "Mozilla/5.0 (Windows NT 10.0; Win64; x64) AppleWebKit/537.36 (KHTML, like Gecko) Chrome/145.0.0.0 Safari/537.36"
167.160.180.125 - - [30/Apr/2026:02:14:50 +0300] "GET /wp-content/themes/toppic/css/fontello.css?ver=4.2 HTTP/1.1" 200 1802 "https://serhatburke.miroglu.net/novoline-casino-codice-bonus-registrazione/" "Mozilla/5.0 (Windows NT 10.0; Win64; x64) AppleWebKit/537.36 (KHTML, like Gecko) Chrome/145.0.0.0 Safari/537.36"
167.160.180.125 - - [30/Apr/2026:02:14:51 +0300] "GET /wp-content/themes/toppic/css/reset.css?ver=4.2 HTTP/1.1" 200 1178 "https://serhatburke.miroglu.net/novoline-casino-codice-bonus-registrazione/" "Mozilla/5.0 (Windows NT 10.0; Win64; x64) AppleWebKit/537.36 (KHTML, like Gecko) Chrome/145.0.0.0 Safari/537.36"
185.216.113.70 - - [30/Apr/2026:02:14:52 +0300] "POST /wp-cron.php?doing_wp_cron=1777504492.1186099052429199218750 HTTP/1.1" 200 448 "-" "WordPress/6.3.8; https://serhatburke.miroglu.net"
167.160.180.125 - - [30/Apr/2026:02:14:52 +0300] "GET /wp-content/themes/toppic/css/default.css?ver=4.2 HTTP/1.1" 200 1811 "https://serhatburke.miroglu.net/novoline-casino-codice-bonus-registrazione/" "Mozilla/5.0 (Windows NT 10.0; Win64; x64) AppleWebKit/537.36 (KHTML, like Gecko) Chrome/145.0.0.0 Safari/537.36"
186.195.94.187 - - [30/Apr/2026:02:14:40 +0300] "GET /wp-admin/ HTTP/1.1" 200 29098 "https://serhatburke.miroglu.net" "Mozilla/5.0 (Windows NT 10.0; Win64; x64) AppleWebKit/537.36 (KHTML, like Gecko) Chrome/120.0.0.0 Safari/537.36"
167.160.180.125 - - [30/Apr/2026:02:14:53 +0300] "GET /wp-content/themes/toppic/style.css?ver=4.2 HTTP/1.1" 200 23398 "https://serhatburke.miroglu.net/novoline-casino-codice-bonus-registrazione/" "Mozilla/5.0 (Windows NT 10.0; Win64; x64) AppleWebKit/537.36 (KHTML, like Gecko) Chrome/145.0.0.0 Safari/537.36"
167.160.180.125 - - [30/Apr/2026:02:14:55 +0300] "GET /wp-content/themes/toppic/css/royalslider.css?ver=4.2 HTTP/1.1" 200 1887 "https://serhatburke.miroglu.net/novoline-casino-codice-bonus-registrazione/" "Mozilla/5.0 (Windows NT 10.0; Win64; x64) AppleWebKit/537.36 (KHTML, like Gecko) Chrome/145.0.0.0 Safari/537.36"
167.160.180.125 - - [30/Apr/2026:02:14:56 +0300] "GET /wp-content/themes/toppic/css/rs-default.css?ver=4.2 HTTP/1.1" 200 2625 "https://serhatburke.miroglu.net/novoline-casino-codice-bonus-registrazione/" "Mozilla/5.0 (Windows NT 10.0; Win64; x64) AppleWebKit/537.36 (KHTML, like Gecko) Chrome/145.0.0.0 Safari/537.36"
167.160.180.125 - - [30/Apr/2026:02:14:57 +0300] "GET /wp-content/themes/toppic/css/lightbox.css?ver=4.2 HTTP/1.1" 200 2956 "https://serhatburke.miroglu.net/novoline-casino-codice-bonus-registrazione/" "Mozilla/5.0 (Windows NT 10.0; Win64; x64) AppleWebKit/537.36 (KHTML, like Gecko) Chrome/145.0.0.0 Safari/537.36"
167.160.180.125 - - [30/Apr/2026:02:14:59 +0300] "GET /wp-content/themes/toppic/css/woocommerce.css?ver=4.2 HTTP/1.1" 200 2848 "https://serhatburke.miroglu.net/novoline-casino-codice-bonus-registrazione/" "Mozilla/5.0 (Windows NT 10.0; Win64; x64) AppleWebKit/537.36 (KHTML, like Gecko) Chrome/145.0.0.0 Safari/537.36"
167.160.180.125 - - [30/Apr/2026:02:15:00 +0300] "GET /wp-content/themes/toppic/css/responsive.css?ver=4.2 HTTP/1.1" 200 2796 "https://serhatburke.miroglu.net/novoline-casino-codice-bonus-registrazione/" "Mozilla/5.0 (Windows NT 10.0; Win64; x64) AppleWebKit/537.36 (KHTML, like Gecko) Chrome/145.0.0.0 Safari/537.36"
45.224.114.126 - - [30/Apr/2026:02:14:49 +0300] "GET / HTTP/1.1" 200 22091 "-" "Mozilla/5.0 (Windows NT 10.0; Win64; x64) AppleWebKit/537.36 (KHTML, like Gecko) Chrome/120.0.0.0 Safari/537.36"
38.246.32.228 - - [30/Apr/2026:02:15:01 +0300] "POST /xmlrpc.php HTTP/1.1" 200 630 "-" "Mozilla/5.0 (Windows NT 10.0; Win64; x64) AppleWebKit/537.36 (KHTML, like Gecko) Chrome/114.0.0.0 Safari/537.36"
167.160.180.125 - - [30/Apr/2026:02:15:01 +0300] "POST /wp-comments-post.php HTTP/1.1" 302 1090 "https://serhatburke.miroglu.net/novoline-casino-codice-bonus-registrazione/" "Mozilla/5.0 (Macintosh; Intel Mac OS X 10.15; rv:149.0) Gecko/20100101 Firefox/149.0"
45.224.114.126 - - [30/Apr/2026:02:15:05 +0300] "GET /wp-login.php HTTP/1.1" 200 4160 "-" "Mozilla/5.0 (Windows NT 10.0; Win64; x64) AppleWebKit/537.36 (KHTML, like Gecko) Chrome/120.0.0.0 Safari/537.36"
66.249.73.15 - - [30/Apr/2026:02:15:08 +0300] "GET /katanaspin-casino-review-the-ultimate-online-casino-for-uk-players/ HTTP/1.1" 200 19342 "-" "Mozilla/5.0 (Linux; Android 6.0.1; Nexus 5X Build/MMB29P) AppleWebKit/537.36 (KHTML, like Gecko) Chrome/147.0.7727.116 Mobile Safari/537.36 (compatible; Googlebot/2.1; +http://www.google.com/bot.html)"
185.216.113.70 - - [30/Apr/2026:02:15:41 +0300] "POST /wp-cron.php?doing_wp_cron=1777504541.1554329395294189453125 HTTP/1.1" 200 448 "-" "WordPress/6.3.8; https://serhatburke.miroglu.net"
158.69.22.136 - - [30/Apr/2026:02:15:09 +0300] "GET /novoline-casino-codice-bonus-registrazione/ HTTP/1.1" 200 17897 "https://serhatburke.miroglu.net/" "Mozilla/5.0 (Macintosh; Intel Mac OS X 10_15_7) AppleWebKit/537.36 (KHTML, like Gecko) Chrome/139.0.0.0 Safari/537.36"
167.160.180.125 - - [30/Apr/2026:02:15:29 +0300] "GET /novoline-casino-codice-bonus-registrazione/?unapproved=925&moderation-hash=174280ef98244ad628c06f80377d1216 HTTP/1.1" 200 18237 "https://serhatburke.miroglu.net/wp-comments-post.php" "Mozilla/5.0 (Macintosh; Intel Mac OS X 10.15; rv:149.0) Gecko/20100101 Firefox/149.0"
45.224.114.126 - - [30/Apr/2026:02:15:34 +0300] "GET /wp-login.php?wp_lang=en_US HTTP/1.1" 200 3520 "-" "Mozilla/5.0 (Windows NT 10.0; Win64; x64) AppleWebKit/537.36 (KHTML, like Gecko) Chrome/120.0.0.0 Safari/537.36"
38.246.32.228 - - [30/Apr/2026:02:15:39 +0300] "POST /xmlrpc.php HTTP/1.1" 200 8922 "-" "Mozilla/5.0 (Windows NT 10.0; Win64; x64) AppleWebKit/537.36 (KHTML, like Gecko) Chrome/114.0.0.0 Safari/537.36"
158.69.22.136 - - [30/Apr/2026:02:15:40 +0300] "GET /novoline-casino-codice-bonus-registrazione/ HTTP/1.1" 200 17801 "https://serhatburke.miroglu.net/" "Mozilla/5.0 (Macintosh; Intel Mac OS X 10_15_7) AppleWebKit/537.36 (KHTML, like Gecko) Chrome/139.0.0.0 Safari/537.36"
66.249.73.15 - - [30/Apr/2026:02:16:03 +0300] "GET /katanaspin-casino-review-the-ultimate-online-casino-for-uk-players/undefined?ts=1775520000 HTTP/1.1" 200 0 "https://serhatburke.miroglu.net/katanaspin-casino-review-the-ultimate-online-casino-for-uk-players/" "Mozilla/5.0 (Linux; Android 6.0.1; Nexus 5X Build/MMB29P) AppleWebKit/537.36 (KHTML, like Gecko) Chrome/147.0.7727.116 Mobile Safari/537.36 (compatible; Googlebot/2.1; +http://www.google.com/bot.html)"
57.128.22.95 - - [30/Apr/2026:02:15:50 +0300] "GET /novoline-casino-codice-bonus-registrazione/ HTTP/1.1" 200 17770 "-" "Mozilla/5.0 (compatible; Googlebot/2.1; +http://www.google.com/bot.html)"
66.249.76.78 - - [30/Apr/2026:02:16:14 +0300] "GET /katanaspin-casino-review-the-ultimate-online-casino-for-uk-players/undefined?ts=1775520000 HTTP/1.1" 200 0 "https://serhatburke.miroglu.net/katanaspin-casino-review-the-ultimate-online-casino-for-uk-players/" "Mozilla/5.0 (Linux; Android 6.0.1; Nexus 5X Build/MMB29P) AppleWebKit/537.36 (KHTML, like Gecko) Chrome/147.0.7727.116 Mobile Safari/537.36 (compatible; Googlebot/2.1; +http://www.google.com/bot.html)"
45.224.114.126 - - [30/Apr/2026:02:15:59 +0300] "POST /wp-login.php HTTP/1.1" 302 1500 "https://serhatburke.miroglu.net" "Mozilla/5.0 (Windows NT 10.0; Win64; x64) AppleWebKit/537.36 (KHTML, like Gecko) Chrome/120.0.0.0 Safari/537.36"
185.216.113.70 - - [30/Apr/2026:02:16:41 +0300] "POST /wp-cron.php?doing_wp_cron=1777504601.6451139450073242187500 HTTP/1.1" 200 448 "-" "WordPress/6.3.8; https://serhatburke.miroglu.net"
185.216.113.70 - - [30/Apr/2026:02:16:50 +0300] "POST /wp-cron.php?doing_wp_cron=1777504610.2520120143890380859375 HTTP/1.1" 200 448 "-" "WordPress/6.3.8; https://serhatburke.miroglu.net"
158.69.22.136 - - [30/Apr/2026:02:16:10 +0300] "GET /novoline-casino-codice-bonus-registrazione/ HTTP/1.1" 200 17801 "https://serhatburke.miroglu.net/" "Mozilla/5.0 (Macintosh; Intel Mac OS X 10_15_7) AppleWebKit/537.36 (KHTML, like Gecko) Chrome/139.0.0.0 Safari/537.36"
185.216.113.70 - - [30/Apr/2026:02:16:52 +0300] "POST /wp-cron.php?doing_wp_cron=1777504612.1410899162292480468750 HTTP/1.1" 200 448 "-" "WordPress/6.3.8; https://serhatburke.miroglu.net"
38.246.32.228 - - [30/Apr/2026:02:16:10 +0300] "GET /the-way-to-select-a-knowledgeable-gambling-enterprise-at-no-cost-spin-incentives/ HTTP/1.1" 200 73200 "-" "Mozilla/5.0 (Windows NT 10.0; Win64; x64) AppleWebKit/537.36 (KHTML, like Gecko) Chrome/123.0.0.0 Safari/537.36"
185.216.113.70 - - [30/Apr/2026:02:16:56 +0300] "POST /wp-cron.php?doing_wp_cron=1777504616.6431219577789306640625 HTTP/1.1" 200 448 "-" "WordPress/6.3.8; https://serhatburke.miroglu.net"
45.250.252.180 - - [30/Apr/2026:02:16:22 +0300] "POST /xmlrpc.php HTTP/1.1" 200 630 "-" "Mozilla/5.0 (Windows NT 10.0; Win64; x64) AppleWebKit/537.36 (KHTML, like Gecko) Chrome/114.0.0.0 Safari/537.36"
108.181.120.104 - - [30/Apr/2026:02:16:25 +0300] "POST /xmlrpc.php HTTP/1.1" 200 630 "-" "Mozilla/5.0 (Windows NT 10.0; Win64; x64) AppleWebKit/537.36 (KHTML, like Gecko) Chrome/114.0.0.0 Safari/537.36"
38.246.32.228 - - [30/Apr/2026:02:16:39 +0300] "POST /xmlrpc.php HTTP/1.1" 200 630 "-" "Mozilla/5.0 (Windows NT 10.0; Win64; x64) AppleWebKit/537.36 (KHTML, like Gecko) Chrome/114.0.0.0 Safari/537.36"
181.214.99.109 - - [30/Apr/2026:02:16:49 +0300] "GET /novoline-casino-codice-bonus-registrazione/ HTTP/1.1" 200 17801 "https://serhatburke.miroglu.net/" "Mozilla/5.0 (Windows NT 10.0; Win64; x64; rv:147.0) Gecko/20100101 Firefox/147.0"
185.216.113.70 - - [30/Apr/2026:02:18:00 +0300] "POST /wp-cron.php?doing_wp_cron=1777504680.3427369594573974609375 HTTP/1.1" 200 448 "-" "WordPress/6.3.8; https://serhatburke.miroglu.net"
185.216.113.70 - - [30/Apr/2026:02:18:00 +0300] "POST /wp-cron.php?doing_wp_cron=1777504680.3469130992889404296875 HTTP/1.1" 200 448 "-" "WordPress/6.3.8; https://serhatburke.miroglu.net"
108.181.120.104 - - [30/Apr/2026:02:17:19 +0300] "POST /xmlrpc.php HTTP/1.1" 200 16069 "-" "Mozilla/5.0 (Windows NT 10.0; Win64; x64) AppleWebKit/537.36 (KHTML, like Gecko) Chrome/114.0.0.0 Safari/537.36"
181.214.99.109 - - [30/Apr/2026:02:17:19 +0300] "GET /novoline-casino-codice-bonus-registrazione/ HTTP/1.1" 200 17961 "https://serhatburke.miroglu.net/" "Mozilla/5.0 (Windows NT 10.0; Win64; x64; rv:147.0) Gecko/20100101 Firefox/147.0"
185.216.113.70 - - [30/Apr/2026:02:18:02 +0300] "POST /wp-cron.php?doing_wp_cron=1777504682.7486979961395263671875 HTTP/1.1" 200 448 "-" "WordPress/6.3.8; https://serhatburke.miroglu.net"
45.250.252.180 - - [30/Apr/2026:02:17:18 +0300] "POST /xmlrpc.php HTTP/1.1" 200 13347 "-" "Mozilla/5.0 (Windows NT 10.0; Win64; x64) AppleWebKit/537.36 (KHTML, like Gecko) Chrome/114.0.0.0 Safari/537.36"
185.216.113.70 - - [30/Apr/2026:02:18:10 +0300] "POST /wp-cron.php?doing_wp_cron=1777504690.1570429801940917968750 HTTP/1.1" 200 448 "-" "WordPress/6.3.8; https://serhatburke.miroglu.net"
38.246.32.228 - - [30/Apr/2026:02:17:31 +0300] "POST /xmlrpc.php HTTP/1.1" 200 9743 "-" "Mozilla/5.0 (Windows NT 10.0; Win64; x64) AppleWebKit/537.36 (KHTML, like Gecko) Chrome/114.0.0.0 Safari/537.36"
185.216.113.70 - - [30/Apr/2026:02:18:15 +0300] "POST /wp-cron.php?doing_wp_cron=1777504695.5482199192047119140625 HTTP/1.1" 200 448 "-" "WordPress/6.3.8; https://serhatburke.miroglu.net"
57.128.22.95 - - [30/Apr/2026:02:17:35 +0300] "GET /novoline-casino-codice-bonus-registrazione/ HTTP/1.1" 200 17770 "-" "Mozilla/5.0 (compatible; Googlebot/2.1; +http://www.google.com/bot.html)"
185.216.113.70 - - [30/Apr/2026:02:18:42 +0300] "POST /wp-cron.php?doing_wp_cron=1777504721.7597560882568359375000 HTTP/1.1" 200 448 "-" "WordPress/6.3.8; https://serhatburke.miroglu.net"
181.214.99.109 - - [30/Apr/2026:02:17:49 +0300] "GET /novoline-casino-codice-bonus-registrazione/ HTTP/1.1" 200 17801 "https://serhatburke.miroglu.net/" "Mozilla/5.0 (Windows NT 10.0; Win64; x64; rv:147.0) Gecko/20100101 Firefox/147.0"
38.246.32.228 - - [30/Apr/2026:02:17:55 +0300] "POST /xmlrpc.php HTTP/1.1" 200 630 "-" "Mozilla/5.0 (Windows NT 10.0; Win64; x64) AppleWebKit/537.36 (KHTML, like Gecko) Chrome/114.0.0.0 Safari/537.36"
108.181.120.104 - - [30/Apr/2026:02:18:02 +0300] "GET /spartacus-royalgame-contact-in-canada-gladiator-from-rome-video-slot-free-play-latest-provides/ HTTP/1.1" 200 80612 "-" "Mozilla/5.0 (Windows NT 10.0; Win64; x64) AppleWebKit/537.36 (KHTML, like Gecko) Chrome/123.0.0.0 Safari/537.36"
45.250.252.180 - - [30/Apr/2026:02:18:06 +0300] "GET /gratis-online-slots-plu-spilleautomat-online-dolphins-pearl-deluxe-kasino-bordspil/ HTTP/1.1" 200 77781 "-" "Mozilla/5.0 (Windows NT 10.0; Win64; x64; rv:124.0) Gecko/20100101 Firefox/124.0"
38.246.32.228 - - [30/Apr/2026:02:18:15 +0300] "GET /gaming-pub-gambling-establishment-%EF%BF%BD-top-100-free-spins-local-casino-nz/ HTTP/1.1" 200 74119 "-" "Mozilla/5.0 (Windows NT 10.0; Win64; x64) AppleWebKit/537.36 (KHTML, like Gecko) Chrome/122.0.0.0 Safari/537.36"
38.246.32.228 - - [30/Apr/2026:02:18:56 +0300] "POST /xmlrpc.php HTTP/1.1" 200 9047 "-" "Mozilla/5.0 (Windows NT 10.0; Win64; x64) AppleWebKit/537.36 (KHTML, like Gecko) Chrome/114.0.0.0 Safari/537.36"
38.246.32.228 - - [30/Apr/2026:02:19:17 +0300] "GET /furthermore-any-italian-language-licensed-internet-casino-included-in-pass-ones-criteria-is-fined-and-you-can-chance-shedding-the-license/ HTTP/1.1" 200 75056 "-" "Mozilla/5.0 (Windows NT 10.0; Win64; x64) AppleWebKit/537.36 (KHTML, like Gecko) Chrome/124.0.0.0 Safari/537.36"
185.216.113.70 - - [30/Apr/2026:02:19:35 +0300] "POST /wp-cron.php?doing_wp_cron=1777504775.8881800174713134765625 HTTP/1.1" 200 448 "-" "WordPress/6.3.8; https://serhatburke.miroglu.net"
38.246.32.228 - - [30/Apr/2026:02:19:24 +0300] "POST /xmlrpc.php HTTP/1.1" 200 630 "-" "Mozilla/5.0 (Windows NT 10.0; Win64; x64) AppleWebKit/537.36 (KHTML, like Gecko) Chrome/114.0.0.0 Safari/537.36"
38.246.32.228 - - [30/Apr/2026:02:19:42 +0300] "POST /xmlrpc.php HTTP/1.1" 200 8686 "-" "Mozilla/5.0 (Windows NT 10.0; Win64; x64) AppleWebKit/537.36 (KHTML, like Gecko) Chrome/114.0.0.0 Safari/537.36"
108.181.120.104 - - [30/Apr/2026:02:19:42 +0300] "POST /xmlrpc.php HTTP/1.1" 200 630 "-" "Mozilla/5.0 (Windows NT 10.0; Win64; x64) AppleWebKit/537.36 (KHTML, like Gecko) Chrome/114.0.0.0 Safari/537.36"
45.250.252.151 - - [30/Apr/2026:02:19:44 +0300] "POST /xmlrpc.php HTTP/1.1" 200 630 "-" "Mozilla/5.0 (Windows NT 10.0; Win64; x64) AppleWebKit/537.36 (KHTML, like Gecko) Chrome/114.0.0.0 Safari/537.36"
38.246.32.228 - - [30/Apr/2026:02:20:00 +0300] "GET /bovada-%EF%BF%BD-impressive-real-time-broker-app-to-own-sc-dining-table-online-game-players/ HTTP/1.1" 200 73397 "-" "Mozilla/5.0 (Windows NT 10.0; Win64; x64; rv:124.0) Gecko/20100101 Firefox/124.0"
108.181.120.104 - - [30/Apr/2026:02:20:07 +0300] "POST /xmlrpc.php HTTP/1.1" 200 14658 "-" "Mozilla/5.0 (Windows NT 10.0; Win64; x64) AppleWebKit/537.36 (KHTML, like Gecko) Chrome/114.0.0.0 Safari/537.36"
185.216.113.70 - - [30/Apr/2026:02:20:38 +0300] "POST /wp-cron.php?doing_wp_cron=1777504838.0474030971527099609375 HTTP/1.1" 200 448 "-" "WordPress/6.3.8; https://serhatburke.miroglu.net"
45.250.252.151 - - [30/Apr/2026:02:20:21 +0300] "POST /xmlrpc.php HTTP/1.1" 200 13585 "-" "Mozilla/5.0 (Windows NT 10.0; Win64; x64) AppleWebKit/537.36 (KHTML, like Gecko) Chrome/114.0.0.0 Safari/537.36"
108.181.120.104 - - [30/Apr/2026:02:20:25 +0300] "GET /super-juicy-booty-rtp-casino-jackpots-wonderful-goddess-nuts-west-silver-1-put-2026-position-opinion-wager-totally-free/ HTTP/1.1" 200 79892 "-" "Mozilla/5.0 (Windows NT 10.0; Win64; x64) AppleWebKit/537.36 (KHTML, like Gecko) Chrome/124.0.0.0 Safari/537.36 Edg/124.0.0.0"
38.246.32.228 - - [30/Apr/2026:02:20:38 +0300] "POST /xmlrpc.php HTTP/1.1" 200 630 "-" "Mozilla/5.0 (Windows NT 10.0; Win64; x64) AppleWebKit/537.36 (KHTML, like Gecko) Chrome/114.0.0.0 Safari/537.36"
45.250.252.151 - - [30/Apr/2026:02:20:40 +0300] "GET /megawin-salle-de-jeu-app-realise-au-sujet-des-instrument-a-dessous-futes-ou-des-gaming-en-eye-of-ra-emplacement-compagnie-de-bureau/ HTTP/1.1" 200 79485 "-" "Mozilla/5.0 (Windows NT 10.0; Win64; x64; rv:125.0) Gecko/20100101 Firefox/125.0"
38.246.32.228 - - [30/Apr/2026:02:21:02 +0300] "POST /xmlrpc.php HTTP/1.1" 200 9927 "-" "Mozilla/5.0 (Windows NT 10.0; Win64; x64) AppleWebKit/537.36 (KHTML, like Gecko) Chrome/114.0.0.0 Safari/537.36"
38.246.32.228 - - [30/Apr/2026:02:21:18 +0300] "GET /our-very-own-whole-purpose-would-be-to-guide-users-from-maze-away-from-online-casino-choices/ HTTP/1.1" 200 74669 "-" "Mozilla/5.0 (Windows NT 10.0; Win64; x64) AppleWebKit/537.36 (KHTML, like Gecko) Chrome/122.0.0.0 Safari/537.36"
185.216.113.70 - - [30/Apr/2026:02:22:08 +0300] "POST /wp-cron.php?doing_wp_cron=1777504928.5783729553222656250000 HTTP/1.1" 200 448 "-" "WordPress/6.3.8; https://serhatburke.miroglu.net"
38.246.32.228 - - [30/Apr/2026:02:21:56 +0300] "POST /xmlrpc.php HTTP/1.1" 200 630 "-" "Mozilla/5.0 (Windows NT 10.0; Win64; x64) AppleWebKit/537.36 (KHTML, like Gecko) Chrome/114.0.0.0 Safari/537.36"
38.246.32.228 - - [30/Apr/2026:02:22:14 +0300] "POST /xmlrpc.php HTTP/1.1" 200 10837 "-" "Mozilla/5.0 (Windows NT 10.0; Win64; x64) AppleWebKit/537.36 (KHTML, like Gecko) Chrome/114.0.0.0 Safari/537.36"
108.181.120.104 - - [30/Apr/2026:02:22:24 +0300] "POST /xmlrpc.php HTTP/1.1" 200 630 "-" "Mozilla/5.0 (Windows NT 10.0; Win64; x64) AppleWebKit/537.36 (KHTML, like Gecko) Chrome/114.0.0.0 Safari/537.36"
185.216.113.70 - - [30/Apr/2026:02:22:40 +0300] "POST /wp-cron.php?doing_wp_cron=1777504960.5165390968322753906250 HTTP/1.1" 200 448 "-" "WordPress/6.3.8; https://serhatburke.miroglu.net"
38.246.32.228 - - [30/Apr/2026:02:22:27 +0300] "GET /finest-casinos-on-the-internet-for-utah-ut-users-into-the-2026/ HTTP/1.1" 200 74644 "-" "Mozilla/5.0 (Windows NT 10.0; Win64; x64) AppleWebKit/537.36 (KHTML, like Gecko) Chrome/123.0.0.0 Safari/537.36"
108.181.120.104 - - [30/Apr/2026:02:22:44 +0300] "POST /xmlrpc.php HTTP/1.1" 200 15522 "-" "Mozilla/5.0 (Windows NT 10.0; Win64; x64) AppleWebKit/537.36 (KHTML, like Gecko) Chrome/114.0.0.0 Safari/537.36"
108.181.120.104 - - [30/Apr/2026:02:22:59 +0300] "GET /totally-free-spins-galore-123-betprimeiro-promo-codes-no-deposit-spins-in-the-gonzocasino/ HTTP/1.1" 200 79835 "-" "Mozilla/5.0 (Windows NT 10.0; Win64; x64) AppleWebKit/537.36 (KHTML, like Gecko) Chrome/123.0.0.0 Safari/537.36 OPR/109.0.0.0"
45.250.252.180 - - [30/Apr/2026:02:23:14 +0300] "POST /xmlrpc.php HTTP/1.1" 200 630 "-" "Mozilla/5.0 (Windows NT 10.0; Win64; x64) AppleWebKit/537.36 (KHTML, like Gecko) Chrome/114.0.0.0 Safari/537.36"
38.246.32.228 - - [30/Apr/2026:02:23:20 +0300] "POST /xmlrpc.php HTTP/1.1" 200 630 "-" "Mozilla/5.0 (Windows NT 10.0; Win64; x64) AppleWebKit/537.36 (KHTML, like Gecko) Chrome/114.0.0.0 Safari/537.36"
185.216.113.70 - - [30/Apr/2026:02:23:50 +0300] "POST /wp-cron.php?doing_wp_cron=1777505030.8432760238647460937500 HTTP/1.1" 200 448 "-" "WordPress/6.3.8; https://serhatburke.miroglu.net"
38.246.32.228 - - [30/Apr/2026:02:23:38 +0300] "POST /xmlrpc.php HTTP/1.1" 200 9228 "-" "Mozilla/5.0 (Windows NT 10.0; Win64; x64) AppleWebKit/537.36 (KHTML, like Gecko) Chrome/114.0.0.0 Safari/537.36"
45.250.252.180 - - [30/Apr/2026:02:23:38 +0300] "POST /xmlrpc.php HTTP/1.1" 200 12923 "-" "Mozilla/5.0 (Windows NT 10.0; Win64; x64) AppleWebKit/537.36 (KHTML, like Gecko) Chrome/114.0.0.0 Safari/537.36"
38.246.32.228 - - [30/Apr/2026:02:23:51 +0300] "GET /with-respect-to-withdrawing-your-earnings-the-interest-rate-off-commission-running-is-crucial/ HTTP/1.1" 200 74179 "-" "Mozilla/5.0 (Windows NT 10.0; rv:109.0) Gecko/20100101 Firefox/115.0"
216.73.217.81 - - [30/Apr/2026:02:24:08 +0300] "GET /sitemap.xml HTTP/2" 200 0 "-" "Mozilla/5.0 AppleWebKit/537.36 (KHTML, like Gecko; compatible; ClaudeBot/1.0; +claudebot@anthropic.com)"
45.250.252.180 - - [30/Apr/2026:02:23:57 +0300] "GET /free-spins-dags-dat-2026-siberian-storm-online-gratis-spins-ved-danske-casinoer/ HTTP/1.1" 200 77258 "-" "Mozilla/5.0 (Windows NT 10.0; rv:125.0) Gecko/20100101 Firefox/125.0"
185.216.113.70 - - [30/Apr/2026:02:24:51 +0300] "POST /wp-cron.php?doing_wp_cron=1777505091.5459580421447753906250 HTTP/1.1" 200 448 "-" "WordPress/6.3.8; https://serhatburke.miroglu.net"
40.77.167.67 - - [30/Apr/2026:02:24:22 +0300] "GET /acerca-de-como-age-of-discovery-1-deposito-lucro-victorious-slot-para-recursos-favorable-sobre-medusa-ii/ HTTP/2" 200 20904 "-" "Mozilla/5.0 AppleWebKit/537.36 (KHTML, like Gecko; compatible; bingbot/2.0; +http://www.bing.com/bingbot.htm) Chrome/116.0.1938.76 Safari/537.36"
52.167.144.156 - - [30/Apr/2026:02:24:26 +0300] "GET /exploring-the-unique-features-of-sushiswap-dex-11/ HTTP/2" 200 17987 "-" "Mozilla/5.0 AppleWebKit/537.36 (KHTML, like Gecko; compatible; bingbot/2.0; +http://www.bing.com/bingbot.htm) Chrome/116.0.1938.76 Safari/537.36"
52.167.144.156 - - [30/Apr/2026:02:24:26 +0300] "GET /free-harbors-also-provides-2026/ HTTP/2" 200 19896 "-" "Mozilla/5.0 AppleWebKit/537.36 (KHTML, like Gecko; compatible; bingbot/2.0; +http://www.bing.com/bingbot.htm) Chrome/116.0.1938.76 Safari/537.36"
40.77.167.235 - - [30/Apr/2026:02:24:31 +0300] "GET /kraken-aktual-nye-ssylki-i-bezopasnyi-dostup-2026-9/ HTTP/2" 200 18915 "-" "Mozilla/5.0 AppleWebKit/537.36 (KHTML, like Gecko; compatible; bingbot/2.0; +http://www.bing.com/bingbot.htm) Chrome/116.0.1938.76 Safari/537.36"
38.246.32.228 - - [30/Apr/2026:02:24:34 +0300] "POST /xmlrpc.php HTTP/1.1" 200 630 "-" "Mozilla/5.0 (Windows NT 10.0; Win64; x64) AppleWebKit/537.36 (KHTML, like Gecko) Chrome/114.0.0.0 Safari/537.36"
40.77.167.235 - - [30/Apr/2026:02:24:36 +0300] "GET /a-great-number-out-of-users-into-the-massachusetts-find-roulette-because-their-very-first-assortment-of-the-video-game/ HTTP/2" 200 17847 "-" "Mozilla/5.0 AppleWebKit/537.36 (KHTML, like Gecko; compatible; bingbot/2.0; +http://www.bing.com/bingbot.htm) Chrome/116.0.1938.76 Safari/537.36"
40.77.167.67 - - [30/Apr/2026:02:25:02 +0300] "GET /existe-t-il-un-website-faq-accompagnes-de-vos-details-pour-interrogation-souvent-assises-a-cote-du-salle-de-jeu-1xslots/ HTTP/2" 200 17838 "-" "Mozilla/5.0 AppleWebKit/537.36 (KHTML, like Gecko; compatible; bingbot/2.0; +http://www.bing.com/bingbot.htm) Chrome/116.0.1938.76 Safari/537.36"
40.77.167.67 - - [30/Apr/2026:02:25:06 +0300] "GET /real-money-online-pokies-gizbo-best-pokies-casinos-2026/ HTTP/2" 200 17848 "-" "Mozilla/5.0 AppleWebKit/537.36 (KHTML, like Gecko; compatible; bingbot/2.0; +http://www.bing.com/bingbot.htm) Chrome/116.0.1938.76 Safari/537.36"
185.216.113.70 - - [30/Apr/2026:02:25:41 +0300] "POST /wp-cron.php?doing_wp_cron=1777505141.0727989673614501953125 HTTP/1.1" 200 448 "-" "WordPress/6.3.8; https://serhatburke.miroglu.net"
38.246.32.228 - - [30/Apr/2026:02:25:18 +0300] "POST /xmlrpc.php HTTP/1.1" 200 12061 "-" "Mozilla/5.0 (Windows NT 10.0; Win64; x64) AppleWebKit/537.36 (KHTML, like Gecko) Chrome/114.0.0.0 Safari/537.36"
52.167.144.166 - - [30/Apr/2026:02:25:19 +0300] "GET /bewertungen-nach-leovegas-teutonia-lesen-die-leser-kundenbewertungen-hinter-leovegas-de/ HTTP/2" 200 18331 "-" "Mozilla/5.0 AppleWebKit/537.36 (KHTML, like Gecko; compatible; bingbot/2.0; +http://www.bing.com/bingbot.htm) Chrome/116.0.1938.76 Safari/537.36"
40.77.167.235 - - [30/Apr/2026:02:25:26 +0300] "GET /gratis-spiele-angeschlossen-erfahrung-ferner-deren-trinocasino-app-apk-download-horror-zellen-verlangen/ HTTP/2" 200 21587 "-" "Mozilla/5.0 AppleWebKit/537.36 (KHTML, like Gecko; compatible; bingbot/2.0; +http://www.bing.com/bingbot.htm) Chrome/116.0.1938.76 Safari/537.36"
108.181.120.104 - - [30/Apr/2026:02:25:27 +0300] "POST /xmlrpc.php HTTP/1.1" 200 630 "-" "Mozilla/5.0 (Windows NT 10.0; Win64; x64) AppleWebKit/537.36 (KHTML, like Gecko) Chrome/114.0.0.0 Safari/537.36"
38.246.32.228 - - [30/Apr/2026:02:25:41 +0300] "GET /you-will-pick-a-heard-of-life-style-bison-also-of-several-unusual-albino-bison-roaming-around-the-city/ HTTP/1.1" 200 76869 "-" "Mozilla/5.0 (Windows NT 10.0; Win64; x64) AppleWebKit/537.36 (KHTML, like Gecko) Chrome/124.0.0.0 Safari/537.36"
52.167.144.166 - - [30/Apr/2026:02:25:56 +0300] "GET /reel-parhaiten-maksavat-online-kolikkopelit-spinner-position-pelinrakentajalta-game-global-ilmainen-demopeli/ HTTP/2" 200 18336 "-" "Mozilla/5.0 AppleWebKit/537.36 (KHTML, like Gecko; compatible; bingbot/2.0; +http://www.bing.com/bingbot.htm) Chrome/116.0.1938.76 Safari/537.36"
108.181.120.104 - - [30/Apr/2026:02:25:58 +0300] "POST /xmlrpc.php HTTP/1.1" 200 15366 "-" "Mozilla/5.0 (Windows NT 10.0; Win64; x64) AppleWebKit/537.36 (KHTML, like Gecko) Chrome/114.0.0.0 Safari/537.36"
38.246.32.228 - - [30/Apr/2026:02:26:03 +0300] "POST /xmlrpc.php HTTP/1.1" 200 630 "-" "Mozilla/5.0 (Windows NT 10.0; Win64; x64) AppleWebKit/537.36 (KHTML, like Gecko) Chrome/114.0.0.0 Safari/537.36"
45.250.252.151 - - [30/Apr/2026:02:26:04 +0300] "POST /xmlrpc.php HTTP/1.1" 200 630 "-" "Mozilla/5.0 (Windows NT 10.0; Win64; x64) AppleWebKit/537.36 (KHTML, like Gecko) Chrome/114.0.0.0 Safari/537.36"
185.216.113.70 - - [30/Apr/2026:02:26:47 +0300] "POST /wp-cron.php?doing_wp_cron=1777505207.7780160903930664062500 HTTP/1.1" 200 448 "-" "WordPress/6.3.8; https://serhatburke.miroglu.net"
108.181.120.104 - - [30/Apr/2026:02:26:21 +0300] "GET /great-bluish-slot-totally-free-enjoy-internet-casino-harbors-zero-mr-bet-app-apk-download-obtain/ HTTP/1.1" 200 79888 "-" "Mozilla/5.0 (Windows NT 10.0; Win64; x64) AppleWebKit/537.36 (KHTML, like Gecko) Chrome/123.0.0.0 Safari/537.36"
45.250.252.180 - - [30/Apr/2026:02:26:19 +0300] "POST /xmlrpc.php HTTP/1.1" 200 630 "-" "Mozilla/5.0 (Windows NT 10.0; Win64; x64) AppleWebKit/537.36 (KHTML, like Gecko) Chrome/114.0.0.0 Safari/537.36"
52.167.144.166 - - [30/Apr/2026:02:26:25 +0300] "GET /mafia-casino-quick-play-fast-slots-live-action-for/ HTTP/2" 200 20286 "-" "Mozilla/5.0 AppleWebKit/537.36 (KHTML, like Gecko; compatible; bingbot/2.0; +http://www.bing.com/bingbot.htm) Chrome/116.0.1938.76 Safari/537.36"
38.246.32.228 - - [30/Apr/2026:02:26:36 +0300] "POST /xmlrpc.php HTTP/1.1" 200 9138 "-" "Mozilla/5.0 (Windows NT 10.0; Win64; x64) AppleWebKit/537.36 (KHTML, like Gecko) Chrome/114.0.0.0 Safari/537.36"
45.250.252.151 - - [30/Apr/2026:02:26:42 +0300] "POST /xmlrpc.php HTTP/1.1" 200 13958 "-" "Mozilla/5.0 (Windows NT 10.0; Win64; x64) AppleWebKit/537.36 (KHTML, like Gecko) Chrome/114.0.0.0 Safari/537.36"
38.246.32.228 - - [30/Apr/2026:02:27:02 +0300] "POST /xmlrpc.php HTTP/1.1" 200 630 "-" "Mozilla/5.0 (Windows NT 10.0; Win64; x64) AppleWebKit/537.36 (KHTML, like Gecko) Chrome/114.0.0.0 Safari/537.36"
45.250.252.180 - - [30/Apr/2026:02:26:56 +0300] "POST /xmlrpc.php HTTP/1.1" 200 11733 "-" "Mozilla/5.0 (Windows NT 10.0; Win64; x64) AppleWebKit/537.36 (KHTML, like Gecko) Chrome/114.0.0.0 Safari/537.36"
38.246.32.228 - - [30/Apr/2026:02:26:58 +0300] "GET /their-partnership-which-have-progression-gaming-provides-players-entry-to-punctual-online-streaming-live-specialist-casino-poker-rooms-black-jack-roulette-and-you-will-online-game-suggests/ HTTP/1.1" 200 76372 "-" "Mozilla/5.0 (Windows NT 10.0; Win64; x64; rv:124.0) Gecko/20100101 Firefox/124.0"
45.250.252.151 - - [30/Apr/2026:02:27:11 +0300] "GET /achopper-de-nos-concitoyens-quelque-peu-chat-video-officielle-thematique-donne-acceptes-vocaux-iwinfortune-france-telechargement-de-lapplication-apk-et-argent/ HTTP/1.1" 200 80744 "-" "Mozilla/5.0 (Windows NT 10.0; Win64; x64) AppleWebKit/537.36 (KHTML, like Gecko) Chrome/124.0.0.0 Safari/537.36 Edg/124.0.0.0"
185.216.113.70 - - [30/Apr/2026:02:27:44 +0300] "POST /wp-cron.php?doing_wp_cron=1777505264.8899331092834472656250 HTTP/1.1" 200 448 "-" "WordPress/6.3.8; https://serhatburke.miroglu.net"
38.246.32.228 - - [30/Apr/2026:02:27:30 +0300] "POST /xmlrpc.php HTTP/1.1" 200 9150 "-" "Mozilla/5.0 (Windows NT 10.0; Win64; x64) AppleWebKit/537.36 (KHTML, like Gecko) Chrome/114.0.0.0 Safari/537.36"
66.249.73.14 - - [30/Apr/2026:02:27:35 +0300] "GET /katanaspin-casino-review-the-ultimate-online-casino-for-uk-players/ HTTP/1.1" 200 0 "https://mqojf.frost-games.com.es/" "Mozilla/5.0 (Linux; Android 6.0.1; Nexus 5X Build/MMB29P) AppleWebKit/537.36 (KHTML, like Gecko) Chrome/147.0.7727.116 Mobile Safari/537.36 (compatible; Googlebot/2.1; +http://www.google.com/bot.html)"
45.250.252.180 - - [30/Apr/2026:02:27:29 +0300] "GET /casino-indbetalingsbonusser-fruit-mania-5-depositum-til-danske-kunder-pr-maned-2026/ HTTP/1.1" 200 76413 "-" "Mozilla/5.0 (Windows NT 10.0; Win64; x64) AppleWebKit/537.36 (KHTML, like Gecko) Chrome/123.0.0.0 Safari/537.36 OPR/109.0.0.0"
38.246.32.228 - - [30/Apr/2026:02:27:45 +0300] "GET /how-exactly-to-contact-this-new-new-york-condition-lottery-percentage/ HTTP/1.1" 200 73681 "-" "Mozilla/5.0 (Windows NT 10.0; Win64; x64) AppleWebKit/537.36 (KHTML, like Gecko) Chrome/123.0.0.0 Safari/537.36 OPR/109.0.0.0"
45.124.84.150 - - [30/Apr/2026:02:28:06 +0300] "POST /xmlrpc.php HTTP/2" 200 0 "-" "Mozilla/5.0 (Windows NT 10.0; Win64; x64) AppleWebKit/537.36 (KHTML, like Gecko) Chrome/65.0.3325.181 Safari/537.36 OPR/52.0.2871.40"
38.246.32.228 - - [30/Apr/2026:02:28:15 +0300] "POST /xmlrpc.php HTTP/1.1" 200 630 "-" "Mozilla/5.0 (Windows NT 10.0; Win64; x64) AppleWebKit/537.36 (KHTML, like Gecko) Chrome/114.0.0.0 Safari/537.36"
108.181.120.104 - - [30/Apr/2026:02:28:20 +0300] "POST /xmlrpc.php HTTP/1.1" 200 630 "-" "Mozilla/5.0 (Windows NT 10.0; Win64; x64) AppleWebKit/537.36 (KHTML, like Gecko) Chrome/114.0.0.0 Safari/537.36"
185.216.113.70 - - [30/Apr/2026:02:28:50 +0300] "POST /wp-cron.php?doing_wp_cron=1777505330.5666980743408203125000 HTTP/1.1" 200 448 "-" "WordPress/6.3.8; https://serhatburke.miroglu.net"
38.246.32.228 - - [30/Apr/2026:02:28:38 +0300] "POST /xmlrpc.php HTTP/1.1" 200 9817 "-" "Mozilla/5.0 (Windows NT 10.0; Win64; x64) AppleWebKit/537.36 (KHTML, like Gecko) Chrome/114.0.0.0 Safari/537.36"
108.181.120.104 - - [30/Apr/2026:02:28:40 +0300] "POST /xmlrpc.php HTTP/1.1" 200 15074 "-" "Mozilla/5.0 (Windows NT 10.0; Win64; x64) AppleWebKit/537.36 (KHTML, like Gecko) Chrome/114.0.0.0 Safari/537.36"
38.246.32.228 - - [30/Apr/2026:02:28:54 +0300] "GET /azrbaycanda-etibarl-etibarl-kazino-platformas-axtaranlar-ucun-lisenziyal-kazino-secin/ HTTP/1.1" 200 74785 "-" "Mozilla/5.0 (Windows NT 10.0; Win64; x64) AppleWebKit/537.36 (KHTML, like Gecko) Chrome/122.0.0.0 Safari/537.36"
108.181.120.104 - - [30/Apr/2026:02:28:55 +0300] "GET /pleased-holidays-slot-remark-book-of-ra-rtp-slot-festive-enjoyable-and-you-may-large-victories/ HTTP/1.1" 200 79549 "-" "Mozilla/5.0 (Windows NT 10.0; Win64; x64) AppleWebKit/537.36 (KHTML, like Gecko) Chrome/124.0.0.0 Safari/537.36 Edg/124.0.0.0"
45.250.252.180 - - [30/Apr/2026:02:29:08 +0300] "POST /xmlrpc.php HTTP/1.1" 200 630 "-" "Mozilla/5.0 (Windows NT 10.0; Win64; x64) AppleWebKit/537.36 (KHTML, like Gecko) Chrome/114.0.0.0 Safari/537.36"
185.216.113.70 - - [30/Apr/2026:02:29:39 +0300] "POST /wp-cron.php?doing_wp_cron=1777505379.5623490810394287109375 HTTP/1.1" 200 448 "-" "WordPress/6.3.8; https://serhatburke.miroglu.net"
38.246.32.228 - - [30/Apr/2026:02:29:22 +0300] "POST /xmlrpc.php HTTP/1.1" 200 630 "-" "Mozilla/5.0 (Windows NT 10.0; Win64; x64) AppleWebKit/537.36 (KHTML, like Gecko) Chrome/114.0.0.0 Safari/537.36"
45.250.252.180 - - [30/Apr/2026:02:29:32 +0300] "POST /xmlrpc.php HTTP/1.1" 200 12840 "-" "Mozilla/5.0 (Windows NT 10.0; Win64; x64) AppleWebKit/537.36 (KHTML, like Gecko) Chrome/114.0.0.0 Safari/537.36"
52.167.144.166 - - [30/Apr/2026:02:29:35 +0300] "GET /the-center-slot-super-fruit-7-of-the-websites/ HTTP/2" 200 20056 "-" "Mozilla/5.0 AppleWebKit/537.36 (KHTML, like Gecko; compatible; bingbot/2.0; +http://www.bing.com/bingbot.htm) Chrome/116.0.1938.76 Safari/537.36"
52.167.144.213 - - [30/Apr/2026:02:29:43 +0300] "GET /britanske-vulkan-spiele-bonus-kod-kladionice-s-niskim-depozitom-step-1-i-5-2026/ HTTP/2" 200 18133 "-" "Mozilla/5.0 AppleWebKit/537.36 (KHTML, like Gecko; compatible; bingbot/2.0; +http://www.bing.com/bingbot.htm) Chrome/116.0.1938.76 Safari/537.36"
38.246.32.228 - - [30/Apr/2026:02:29:47 +0300] "POST /xmlrpc.php HTTP/1.1" 200 8667 "-" "Mozilla/5.0 (Windows NT 10.0; Win64; x64) AppleWebKit/537.36 (KHTML, like Gecko) Chrome/114.0.0.0 Safari/537.36"
40.77.167.67 - - [30/Apr/2026:02:29:48 +0300] "GET /within-this-point-we-will-make-you-a-selection-of-general-circumstances-and-you-will-data-throughout-the-washington/ HTTP/2" 200 17545 "-" "Mozilla/5.0 AppleWebKit/537.36 (KHTML, like Gecko; compatible; bingbot/2.0; +http://www.bing.com/bingbot.htm) Chrome/116.0.1938.76 Safari/537.36"
82.25.62.125 - - [30/Apr/2026:02:29:56 +0300] "GET /novoline-casino-codice-bonus-registrazione/ HTTP/1.1" 200 17770 "-" "Mozilla/5.0 (compatible; Googlebot/2.1; +http://www.google.com/bot.html)"
185.216.113.70 - - [30/Apr/2026:02:30:49 +0300] "POST /wp-cron.php?doing_wp_cron=1777505449.5926089286804199218750 HTTP/1.1" 200 448 "-" "WordPress/6.3.8; https://serhatburke.miroglu.net"
45.250.252.180 - - [30/Apr/2026:02:30:17 +0300] "GET /vederlagsfri-spins-dags-dat-og-de-bedste-spil-kitty-glitter-slot-kampagner-oven-i-kobet-spillesider/ HTTP/1.1" 200 77756 "-" "Mozilla/5.0 (Windows NT 10.0; Win64; x64) AppleWebKit/537.36 (KHTML, like Gecko) Chrome/109.0.0.0 Safari/537.36"
185.216.113.70 - - [30/Apr/2026:02:30:55 +0300] "POST /wp-cron.php?doing_wp_cron=1777505455.1749160289764404296875 HTTP/1.1" 200 448 "-" "WordPress/6.3.8; https://serhatburke.miroglu.net"
38.246.32.228 - - [30/Apr/2026:02:30:32 +0300] "GET /when-you-are-an-excellent-canuck-you-will-know-that-online-gambling-rules-within-the-canada-was-very-rigid/ HTTP/1.1" 200 73787 "-" "Mozilla/5.0 (Windows NT 10.0; Win64; x64; rv:124.0) Gecko/20100101 Firefox/124.0"
185.216.113.70 - - [30/Apr/2026:02:31:01 +0300] "POST /wp-cron.php?doing_wp_cron=1777505461.4719319343566894531250 HTTP/1.1" 200 448 "-" "WordPress/6.3.8; https://serhatburke.miroglu.net"
38.246.32.228 - - [30/Apr/2026:02:30:38 +0300] "POST /xmlrpc.php HTTP/1.1" 200 630 "-" "Mozilla/5.0 (Windows NT 10.0; Win64; x64) AppleWebKit/537.36 (KHTML, like Gecko) Chrome/114.0.0.0 Safari/537.36"
52.167.144.213 - - [30/Apr/2026:02:30:42 +0300] "GET /kasyna-bez-weryfikacji-online-2026-w-polsce-4/ HTTP/2" 200 19557 "-" "Mozilla/5.0 AppleWebKit/537.36 (KHTML, like Gecko; compatible; bingbot/2.0; +http://www.bing.com/bingbot.htm) Chrome/116.0.1938.76 Safari/537.36"
108.181.120.104 - - [30/Apr/2026:02:31:04 +0300] "POST /xmlrpc.php HTTP/1.1" 200 630 "-" "Mozilla/5.0 (Windows NT 10.0; Win64; x64) AppleWebKit/537.36 (KHTML, like Gecko) Chrome/114.0.0.0 Safari/537.36"
38.246.32.228 - - [30/Apr/2026:02:31:09 +0300] "POST /xmlrpc.php HTTP/1.1" 200 8791 "-" "Mozilla/5.0 (Windows NT 10.0; Win64; x64) AppleWebKit/537.36 (KHTML, like Gecko) Chrome/114.0.0.0 Safari/537.36"
52.167.144.213 - - [30/Apr/2026:02:31:12 +0300] "GET /diese-im-griff-haben-diese-vernehmen-uber-das-bonusprogramm-auszahlungen-unzweifelhaftigkeit-spielauswahl-und-spielprogramm-fangen/ HTTP/2" 200 18584 "-" "Mozilla/5.0 AppleWebKit/537.36 (KHTML, like Gecko; compatible; bingbot/2.0; +http://www.bing.com/bingbot.htm) Chrome/116.0.1938.76 Safari/537.36"
103.219.169.227 - - [30/Apr/2026:02:31:19 +0300] "POST /xmlrpc.php HTTP/1.1" 200 630 "-" "Mozilla/5.0 (Windows NT 10.0; Win64; x64) AppleWebKit/537.36 (KHTML, like Gecko) Chrome/114.0.0.0 Safari/537.36"
185.216.113.70 - - [30/Apr/2026:02:31:52 +0300] "POST /wp-cron.php?doing_wp_cron=1777505512.8731238842010498046875 HTTP/1.1" 200 448 "-" "WordPress/6.3.8; https://serhatburke.miroglu.net"
38.246.32.228 - - [30/Apr/2026:02:31:39 +0300] "GET /just-what-are-some-examples-out-of-how-taxation-on-the-sports-betting-profits-works/ HTTP/1.1" 200 73279 "-" "Mozilla/5.0 (Windows NT 10.0; rv:109.0) Gecko/20100101 Firefox/115.0"
108.181.120.104 - - [30/Apr/2026:02:31:42 +0300] "POST /xmlrpc.php HTTP/1.1" 200 15184 "-" "Mozilla/5.0 (Windows NT 10.0; Win64; x64) AppleWebKit/537.36 (KHTML, like Gecko) Chrome/114.0.0.0 Safari/537.36"
103.219.169.227 - - [30/Apr/2026:02:31:49 +0300] "POST /xmlrpc.php HTTP/1.1" 200 14495 "-" "Mozilla/5.0 (Windows NT 10.0; Win64; x64) AppleWebKit/537.36 (KHTML, like Gecko) Chrome/114.0.0.0 Safari/537.36"
52.167.144.213 - - [30/Apr/2026:02:31:51 +0300] "GET /borgata-on-the-web/ HTTP/2" 200 18455 "-" "Mozilla/5.0 AppleWebKit/537.36 (KHTML, like Gecko; compatible; bingbot/2.0; +http://www.bing.com/bingbot.htm) Chrome/116.0.1938.76 Safari/537.36"
