52.167.144.156 - - [29/Apr/2026:20:41:06 +0300] "GET /generirane-na-video-obzori-v-notebooklm-notebooklm-let/undefined?ts=1777484047 HTTP/2" 200 0 "https://serhatburke.miroglu.net/generirane-na-video-obzori-v-notebooklm-notebooklm-let/" "Mozilla/5.0 AppleWebKit/537.36 (KHTML, like Gecko; compatible; bingbot/2.0; +http://www.bing.com/bingbot.htm) Chrome/136.0.0.0 Safari/537.36 AppleWebKit/537.36 (KHTML, like Gecko; compatible; bingbot/2.0; +http://www.bing.com/bingbot.htm) Chrome/116.0.1938.76 Safari/537.36"
52.167.144.158 - - [29/Apr/2026:20:41:07 +0300] "GET /columbus-deluxe-and-book-casino-lux-anmeldeseite-of-ra-deluxe-in-mybet-angeschlossen-auffuhren/ HTTP/2" 200 0 "-" "Mozilla/5.0 AppleWebKit/537.36 (KHTML, like Gecko; compatible; bingbot/2.0; +http://www.bing.com/bingbot.htm) Chrome/116.0.1938.76 Safari/537.36"
52.167.144.204 - - [29/Apr/2026:20:41:13 +0300] "GET /best-bitcoin-and-crypto-casinos-to-play-at-con-february-2026/ HTTP/2" 200 0 "-" "Mozilla/5.0 AppleWebKit/537.36 (KHTML, like Gecko; compatible; bingbot/2.0; +http://www.bing.com/bingbot.htm) Chrome/116.0.1938.76 Safari/537.36"
185.216.113.70 - - [29/Apr/2026:20:42:31 +0300] "POST /wp-cron.php?doing_wp_cron=1777484551.4484190940856933593750 HTTP/1.1" 200 448 "-" "WordPress/6.3.8; https://serhatburke.miroglu.net"
52.167.144.156 - - [29/Apr/2026:20:41:43 +0300] "GET /generirane-na-video-obzori-v-notebooklm-notebooklm-let/undefined?ts=1777484047 HTTP/2" 200 0 "https://serhatburke.miroglu.net/generirane-na-video-obzori-v-notebooklm-notebooklm-let/" "Mozilla/5.0 AppleWebKit/537.36 (KHTML, like Gecko; compatible; bingbot/2.0; +http://www.bing.com/bingbot.htm) Chrome/136.0.0.0 Safari/537.36 AppleWebKit/537.36 (KHTML, like Gecko; compatible; bingbot/2.0; +http://www.bing.com/bingbot.htm) Chrome/116.0.1938.76 Safari/537.36"
38.246.32.214 - - [29/Apr/2026:20:41:26 +0300] "GET /this-should-bring-a-wide-safety-net-for-everyone-although-most-devoted-bettors-within-the-northern-dakota/ HTTP/1.1" 200 73399 "-" "Mozilla/5.0 (Windows NT 10.0; Win64; x64; rv:125.0) Gecko/20100101 Firefox/125.0"
185.216.113.70 - - [29/Apr/2026:20:42:35 +0300] "POST /wp-cron.php?doing_wp_cron=1777484555.8726139068603515625000 HTTP/1.1" 200 448 "-" "WordPress/6.3.8; https://serhatburke.miroglu.net"
103.219.169.136 - - [29/Apr/2026:20:41:33 +0300] "POST /xmlrpc.php HTTP/1.1" 500 1102 "-" "Mozilla/5.0 (Windows NT 10.0; Win64; x64) AppleWebKit/537.36 (KHTML, like Gecko) Chrome/114.0.0.0 Safari/537.36"
185.216.113.70 - - [29/Apr/2026:20:42:50 +0300] "POST /wp-cron.php?doing_wp_cron=1777484570.0424020290374755859375 HTTP/1.1" 200 448 "-" "WordPress/6.3.8; https://serhatburke.miroglu.net"
52.167.144.204 - - [29/Apr/2026:20:42:03 +0300] "GET /generirane-na-video-obzori-v-notebooklm-notebooklm-let/undefined?ts=1777484046 HTTP/2" 404 14367 "https://serhatburke.miroglu.net/generirane-na-video-obzori-v-notebooklm-notebooklm-let/" "Mozilla/5.0 AppleWebKit/537.36 (KHTML, like Gecko; compatible; bingbot/2.0; +http://www.bing.com/bingbot.htm) Chrome/136.0.0.0 Safari/537.36 AppleWebKit/537.36 (KHTML, like Gecko; compatible; bingbot/2.0; +http://www.bing.com/bingbot.htm) Chrome/116.0.1938.76 Safari/537.36"
185.216.113.70 - - [29/Apr/2026:20:42:57 +0300] "POST /wp-cron.php?doing_wp_cron=1777484577.4474799633026123046875 HTTP/1.1" 200 448 "-" "WordPress/6.3.8; https://serhatburke.miroglu.net"
52.167.144.158 - - [29/Apr/2026:20:42:13 +0300] "GET /kraken-vse-dostupnye-sposoby-vkhoda-v-darknet-2026/ HTTP/2" 200 18825 "-" "Mozilla/5.0 AppleWebKit/537.36 (KHTML, like Gecko; compatible; bingbot/2.0; +http://www.bing.com/bingbot.htm) Chrome/116.0.1938.76 Safari/537.36"
52.167.144.156 - - [29/Apr/2026:20:42:33 +0300] "GET /generirane-na-video-obzori-v-notebooklm-notebooklm-let/undefined?ts=1777484047 HTTP/2" 404 14370 "https://serhatburke.miroglu.net/generirane-na-video-obzori-v-notebooklm-notebooklm-let/" "Mozilla/5.0 AppleWebKit/537.36 (KHTML, like Gecko; compatible; bingbot/2.0; +http://www.bing.com/bingbot.htm) Chrome/136.0.0.0 Safari/537.36 AppleWebKit/537.36 (KHTML, like Gecko; compatible; bingbot/2.0; +http://www.bing.com/bingbot.htm) Chrome/116.0.1938.76 Safari/537.36"
52.167.144.156 - - [29/Apr/2026:20:42:33 +0300] "GET /generirane-na-video-obzori-v-notebooklm-notebooklm-let/undefined?ts=1777484047 HTTP/2" 404 14370 "https://serhatburke.miroglu.net/generirane-na-video-obzori-v-notebooklm-notebooklm-let/" "Mozilla/5.0 AppleWebKit/537.36 (KHTML, like Gecko; compatible; bingbot/2.0; +http://www.bing.com/bingbot.htm) Chrome/136.0.0.0 Safari/537.36 AppleWebKit/537.36 (KHTML, like Gecko; compatible; bingbot/2.0; +http://www.bing.com/bingbot.htm) Chrome/116.0.1938.76 Safari/537.36"
103.219.169.136 - - [29/Apr/2026:20:42:42 +0300] "POST /xmlrpc.php HTTP/1.1" 200 10851 "-" "Mozilla/5.0 (Windows NT 10.0; Win64; x64) AppleWebKit/537.36 (KHTML, like Gecko) Chrome/114.0.0.0 Safari/537.36"
66.249.73.15 - - [29/Apr/2026:20:43:33 +0300] "GET /loki-casino-uk-an-exciting-world-of-video-slots/undefined?ts=1775520000 HTTP/1.1" 200 0 "https://serhatburke.miroglu.net/loki-casino-uk-an-exciting-world-of-video-slots/" "Mozilla/5.0 (Linux; Android 6.0.1; Nexus 5X Build/MMB29P) AppleWebKit/537.36 (KHTML, like Gecko) Chrome/147.0.7727.116 Mobile Safari/537.36 (compatible; Googlebot/2.1; +http://www.google.com/bot.html)"
51.222.183.108 - - [29/Apr/2026:20:43:02 +0300] "GET /beste-casino-site-belgie-hoge-inzet/ HTTP/1.1" 200 19280 "https://serhatburke.miroglu.net/" "Mozilla/5.0 (X11; Linux x86_64; rv:128.0) Gecko/20100101 Firefox/128.0"
52.167.144.156 - - [29/Apr/2026:20:43:03 +0300] "GET /generirane-na-video-obzori-v-notebooklm-notebooklm-let/undefined?ts=1777484047 HTTP/2" 404 14370 "https://serhatburke.miroglu.net/generirane-na-video-obzori-v-notebooklm-notebooklm-let/" "Mozilla/5.0 AppleWebKit/537.36 (KHTML, like Gecko; compatible; bingbot/2.0; +http://www.bing.com/bingbot.htm) Chrome/136.0.0.0 Safari/537.36 AppleWebKit/537.36 (KHTML, like Gecko; compatible; bingbot/2.0; +http://www.bing.com/bingbot.htm) Chrome/116.0.1938.76 Safari/537.36"
185.216.113.70 - - [29/Apr/2026:20:44:01 +0300] "POST /wp-cron.php?doing_wp_cron=1777484641.6712520122528076171875 HTTP/1.1" 200 448 "-" "WordPress/6.3.8; https://serhatburke.miroglu.net"
52.167.144.156 - - [29/Apr/2026:20:43:15 +0300] "GET /generirane-na-video-obzori-v-notebooklm-notebooklm-let/undefined?ts=1777484047 HTTP/2" 404 14370 "https://serhatburke.miroglu.net/generirane-na-video-obzori-v-notebooklm-notebooklm-let/" "Mozilla/5.0 AppleWebKit/537.36 (KHTML, like Gecko; compatible; bingbot/2.0; +http://www.bing.com/bingbot.htm) Chrome/136.0.0.0 Safari/537.36 AppleWebKit/537.36 (KHTML, like Gecko; compatible; bingbot/2.0; +http://www.bing.com/bingbot.htm) Chrome/116.0.1938.76 Safari/537.36"
185.216.113.70 - - [29/Apr/2026:20:44:09 +0300] "POST /wp-cron.php?doing_wp_cron=1777484648.9687530994415283203125 HTTP/1.1" 200 448 "-" "WordPress/6.3.8; https://serhatburke.miroglu.net"
52.167.144.158 - - [29/Apr/2026:20:43:21 +0300] "GET /generirane-na-video-obzori-v-notebooklm-notebooklm-let/undefined?ts=1777484042 HTTP/2" 404 14368 "https://serhatburke.miroglu.net/generirane-na-video-obzori-v-notebooklm-notebooklm-let/" "Mozilla/5.0 AppleWebKit/537.36 (KHTML, like Gecko; compatible; bingbot/2.0; +http://www.bing.com/bingbot.htm) Chrome/136.0.0.0 Safari/537.36 AppleWebKit/537.36 (KHTML, like Gecko; compatible; bingbot/2.0; +http://www.bing.com/bingbot.htm) Chrome/116.0.1938.76 Safari/537.36"
185.216.113.70 - - [29/Apr/2026:20:44:14 +0300] "POST /wp-cron.php?doing_wp_cron=1777484654.0518400669097900390625 HTTP/1.1" 200 448 "-" "WordPress/6.3.8; https://serhatburke.miroglu.net"
103.219.169.136 - - [29/Apr/2026:20:43:28 +0300] "GET /nfl-2025-article-cuatro-agenda/ HTTP/1.1" 200 74489 "-" "Mozilla/5.0 (Windows NT 10.0; Win64; x64) AppleWebKit/537.36 (KHTML, like Gecko) Chrome/123.0.0.0 Safari/537.36"
185.216.113.70 - - [29/Apr/2026:20:44:20 +0300] "POST /wp-cron.php?doing_wp_cron=1777484660.1594810485839843750000 HTTP/1.1" 200 448 "-" "WordPress/6.3.8; https://serhatburke.miroglu.net"
185.216.113.70 - - [29/Apr/2026:20:44:20 +0300] "POST /wp-cron.php?doing_wp_cron=1777484660.5545549392700195312500 HTTP/1.1" 200 448 "-" "WordPress/6.3.8; https://serhatburke.miroglu.net"
51.222.183.108 - - [29/Apr/2026:20:43:33 +0300] "GET /beste-casino-site-belgie-hoge-inzet/ HTTP/1.1" 200 19447 "https://serhatburke.miroglu.net/" "Mozilla/5.0 (X11; Linux x86_64; rv:128.0) Gecko/20100101 Firefox/128.0"
185.216.113.70 - - [29/Apr/2026:20:44:28 +0300] "POST /wp-cron.php?doing_wp_cron=1777484668.7638289928436279296875 HTTP/1.1" 200 448 "-" "WordPress/6.3.8; https://serhatburke.miroglu.net"
52.167.144.156 - - [29/Apr/2026:20:43:40 +0300] "GET /generirane-na-video-obzori-v-notebooklm-notebooklm-let/undefined?ts=1777484047 HTTP/2" 404 14370 "https://serhatburke.miroglu.net/generirane-na-video-obzori-v-notebooklm-notebooklm-let/" "Mozilla/5.0 AppleWebKit/537.36 (KHTML, like Gecko; compatible; bingbot/2.0; +http://www.bing.com/bingbot.htm) Chrome/136.0.0.0 Safari/537.36 AppleWebKit/537.36 (KHTML, like Gecko; compatible; bingbot/2.0; +http://www.bing.com/bingbot.htm) Chrome/116.0.1938.76 Safari/537.36"
185.216.113.70 - - [29/Apr/2026:20:44:57 +0300] "POST /wp-cron.php?doing_wp_cron=1777484697.1820371150970458984375 HTTP/1.1" 200 448 "-" "WordPress/6.3.8; https://serhatburke.miroglu.net"
52.167.144.147 - - [29/Apr/2026:20:44:08 +0300] "GET /generirane-na-video-obzori-v-notebooklm-notebooklm-let/undefined?ts=1777484046 HTTP/2" 200 0 "https://serhatburke.miroglu.net/generirane-na-video-obzori-v-notebooklm-notebooklm-let/" "Mozilla/5.0 AppleWebKit/537.36 (KHTML, like Gecko; compatible; bingbot/2.0; +http://www.bing.com/bingbot.htm) Chrome/136.0.0.0 Safari/537.36 AppleWebKit/537.36 (KHTML, like Gecko; compatible; bingbot/2.0; +http://www.bing.com/bingbot.htm) Chrome/116.0.1938.76 Safari/537.36"
51.222.183.108 - - [29/Apr/2026:20:44:03 +0300] "GET /beste-casino-site-belgie-hoge-inzet/ HTTP/1.1" 200 19280 "https://serhatburke.miroglu.net/" "Mozilla/5.0 (X11; Linux x86_64; rv:128.0) Gecko/20100101 Firefox/128.0"
52.167.144.156 - - [29/Apr/2026:20:44:30 +0300] "GET /generirane-na-video-obzori-v-notebooklm-notebooklm-let/undefined?ts=1777484047 HTTP/2" 200 0 "https://serhatburke.miroglu.net/generirane-na-video-obzori-v-notebooklm-notebooklm-let/" "Mozilla/5.0 AppleWebKit/537.36 (KHTML, like Gecko; compatible; bingbot/2.0; +http://www.bing.com/bingbot.htm) Chrome/136.0.0.0 Safari/537.36 AppleWebKit/537.36 (KHTML, like Gecko; compatible; bingbot/2.0; +http://www.bing.com/bingbot.htm) Chrome/116.0.1938.76 Safari/537.36"
52.167.144.147 - - [29/Apr/2026:20:44:38 +0300] "GET /generirane-na-video-obzori-v-notebooklm-notebooklm-let/undefined?ts=1777484046 HTTP/2" 200 0 "https://serhatburke.miroglu.net/generirane-na-video-obzori-v-notebooklm-notebooklm-let/" "Mozilla/5.0 AppleWebKit/537.36 (KHTML, like Gecko; compatible; bingbot/2.0; +http://www.bing.com/bingbot.htm) Chrome/136.0.0.0 Safari/537.36 AppleWebKit/537.36 (KHTML, like Gecko; compatible; bingbot/2.0; +http://www.bing.com/bingbot.htm) Chrome/116.0.1938.76 Safari/537.36"
52.167.144.147 - - [29/Apr/2026:20:44:58 +0300] "GET /generirane-na-video-obzori-v-notebooklm-notebooklm-let/undefined?ts=1777484046 HTTP/2" 404 14368 "https://serhatburke.miroglu.net/generirane-na-video-obzori-v-notebooklm-notebooklm-let/" "Mozilla/5.0 AppleWebKit/537.36 (KHTML, like Gecko; compatible; bingbot/2.0; +http://www.bing.com/bingbot.htm) Chrome/136.0.0.0 Safari/537.36 AppleWebKit/537.36 (KHTML, like Gecko; compatible; bingbot/2.0; +http://www.bing.com/bingbot.htm) Chrome/116.0.1938.76 Safari/537.36"
52.167.144.156 - - [29/Apr/2026:20:45:05 +0300] "GET /generirane-na-video-obzori-v-notebooklm-notebooklm-let/undefined?ts=1777484049 HTTP/2" 404 14366 "https://serhatburke.miroglu.net/generirane-na-video-obzori-v-notebooklm-notebooklm-let/" "Mozilla/5.0 AppleWebKit/537.36 (KHTML, like Gecko; compatible; bingbot/2.0; +http://www.bing.com/bingbot.htm) Chrome/136.0.0.0 Safari/537.36 AppleWebKit/537.36 (KHTML, like Gecko; compatible; bingbot/2.0; +http://www.bing.com/bingbot.htm) Chrome/116.0.1938.76 Safari/537.36"
66.249.73.15 - - [29/Apr/2026:20:45:21 +0300] "GET /lucsie-kazino-onlain-2026-obzor-proverennyx-saitov1762/ HTTP/1.1" 200 18376 "-" "Mozilla/5.0 (Linux; Android 6.0.1; Nexus 5X Build/MMB29P) AppleWebKit/537.36 (KHTML, like Gecko) Chrome/147.0.7727.116 Mobile Safari/537.36 (compatible; Googlebot/2.1; +http://www.google.com/bot.html)"
185.216.113.70 - - [29/Apr/2026:20:45:59 +0300] "POST /wp-cron.php?doing_wp_cron=1777484759.1467559337615966796875 HTTP/1.1" 200 448 "-" "WordPress/6.3.8; https://serhatburke.miroglu.net"
52.167.144.147 - - [29/Apr/2026:20:45:28 +0300] "GET /generirane-na-video-obzori-v-notebooklm-notebooklm-let/undefined?ts=1777484046 HTTP/2" 404 14387 "https://serhatburke.miroglu.net/generirane-na-video-obzori-v-notebooklm-notebooklm-let/" "Mozilla/5.0 AppleWebKit/537.36 (KHTML, like Gecko; compatible; bingbot/2.0; +http://www.bing.com/bingbot.htm) Chrome/136.0.0.0 Safari/537.36 AppleWebKit/537.36 (KHTML, like Gecko; compatible; bingbot/2.0; +http://www.bing.com/bingbot.htm) Chrome/116.0.1938.76 Safari/537.36"
185.216.113.70 - - [29/Apr/2026:20:46:02 +0300] "POST /wp-cron.php?doing_wp_cron=1777484762.1440269947052001953125 HTTP/1.1" 200 448 "-" "WordPress/6.3.8; https://serhatburke.miroglu.net"
52.167.144.156 - - [29/Apr/2026:20:45:34 +0300] "GET /generirane-na-video-obzori-v-notebooklm-notebooklm-let/undefined?ts=1777484049 HTTP/2" 404 14385 "https://serhatburke.miroglu.net/generirane-na-video-obzori-v-notebooklm-notebooklm-let/" "Mozilla/5.0 AppleWebKit/537.36 (KHTML, like Gecko; compatible; bingbot/2.0; +http://www.bing.com/bingbot.htm) Chrome/136.0.0.0 Safari/537.36 AppleWebKit/537.36 (KHTML, like Gecko; compatible; bingbot/2.0; +http://www.bing.com/bingbot.htm) Chrome/116.0.1938.76 Safari/537.36"
52.167.144.156 - - [29/Apr/2026:20:45:49 +0300] "GET /generirane-na-video-obzori-v-notebooklm-notebooklm-let/undefined?ts=1777484049 HTTP/2" 404 14366 "https://serhatburke.miroglu.net/generirane-na-video-obzori-v-notebooklm-notebooklm-let/" "Mozilla/5.0 AppleWebKit/537.36 (KHTML, like Gecko; compatible; bingbot/2.0; +http://www.bing.com/bingbot.htm) Chrome/136.0.0.0 Safari/537.36 AppleWebKit/537.36 (KHTML, like Gecko; compatible; bingbot/2.0; +http://www.bing.com/bingbot.htm) Chrome/116.0.1938.76 Safari/537.36"
52.167.144.156 - - [29/Apr/2026:20:46:02 +0300] "GET /generirane-na-video-obzori-v-notebooklm-notebooklm-let/undefined?ts=1777484049 HTTP/2" 404 14366 "https://serhatburke.miroglu.net/generirane-na-video-obzori-v-notebooklm-notebooklm-let/" "Mozilla/5.0 AppleWebKit/537.36 (KHTML, like Gecko; compatible; bingbot/2.0; +http://www.bing.com/bingbot.htm) Chrome/136.0.0.0 Safari/537.36 AppleWebKit/537.36 (KHTML, like Gecko; compatible; bingbot/2.0; +http://www.bing.com/bingbot.htm) Chrome/116.0.1938.76 Safari/537.36"
52.167.144.158 - - [29/Apr/2026:20:46:05 +0300] "GET /generirane-na-video-obzori-v-notebooklm-notebooklm-let/undefined?ts=1777484043 HTTP/2" 404 14386 "https://serhatburke.miroglu.net/generirane-na-video-obzori-v-notebooklm-notebooklm-let/" "Mozilla/5.0 AppleWebKit/537.36 (KHTML, like Gecko; compatible; bingbot/2.0; +http://www.bing.com/bingbot.htm) Chrome/136.0.0.0 Safari/537.36 AppleWebKit/537.36 (KHTML, like Gecko; compatible; bingbot/2.0; +http://www.bing.com/bingbot.htm) Chrome/116.0.1938.76 Safari/537.36"
66.249.76.78 - - [29/Apr/2026:20:46:24 +0300] "GET /lucsie-kazino-onlain-2026-obzor-proverennyx-saitov1762/ HTTP/1.1" 200 0 "https://dobivolki2325343.com/" "Mozilla/5.0 (Linux; Android 6.0.1; Nexus 5X Build/MMB29P) AppleWebKit/537.36 (KHTML, like Gecko) Chrome/147.0.7727.116 Mobile Safari/537.36 (compatible; Googlebot/2.1; +http://www.google.com/bot.html)"
185.216.113.70 - - [29/Apr/2026:20:46:44 +0300] "POST /wp-cron.php?doing_wp_cron=1777484804.6855831146240234375000 HTTP/1.1" 200 448 "-" "WordPress/6.3.8; https://serhatburke.miroglu.net"
52.167.144.156 - - [29/Apr/2026:20:46:24 +0300] "GET /generirane-na-video-obzori-v-notebooklm-notebooklm-let/undefined?ts=1777484049 HTTP/2" 404 14366 "https://serhatburke.miroglu.net/generirane-na-video-obzori-v-notebooklm-notebooklm-let/" "Mozilla/5.0 AppleWebKit/537.36 (KHTML, like Gecko; compatible; bingbot/2.0; +http://www.bing.com/bingbot.htm) Chrome/136.0.0.0 Safari/537.36 AppleWebKit/537.36 (KHTML, like Gecko; compatible; bingbot/2.0; +http://www.bing.com/bingbot.htm) Chrome/116.0.1938.76 Safari/537.36"
52.167.144.156 - - [29/Apr/2026:20:46:31 +0300] "GET /generirane-na-video-obzori-v-notebooklm-notebooklm-let/undefined?ts=1777484049 HTTP/2" 404 14366 "https://serhatburke.miroglu.net/generirane-na-video-obzori-v-notebooklm-notebooklm-let/" "Mozilla/5.0 AppleWebKit/537.36 (KHTML, like Gecko; compatible; bingbot/2.0; +http://www.bing.com/bingbot.htm) Chrome/136.0.0.0 Safari/537.36 AppleWebKit/537.36 (KHTML, like Gecko; compatible; bingbot/2.0; +http://www.bing.com/bingbot.htm) Chrome/116.0.1938.76 Safari/537.36"
52.167.144.158 - - [29/Apr/2026:20:46:33 +0300] "GET /generirane-na-video-obzori-v-notebooklm-notebooklm-let/undefined?ts=1777484043 HTTP/2" 404 14367 "https://serhatburke.miroglu.net/generirane-na-video-obzori-v-notebooklm-notebooklm-let/" "Mozilla/5.0 AppleWebKit/537.36 (KHTML, like Gecko; compatible; bingbot/2.0; +http://www.bing.com/bingbot.htm) Chrome/136.0.0.0 Safari/537.36 AppleWebKit/537.36 (KHTML, like Gecko; compatible; bingbot/2.0; +http://www.bing.com/bingbot.htm) Chrome/116.0.1938.76 Safari/537.36"
52.167.144.156 - - [29/Apr/2026:20:46:45 +0300] "GET /generirane-na-video-obzori-v-notebooklm-notebooklm-let/undefined?ts=1777484049 HTTP/2" 404 14366 "https://serhatburke.miroglu.net/generirane-na-video-obzori-v-notebooklm-notebooklm-let/" "Mozilla/5.0 AppleWebKit/537.36 (KHTML, like Gecko; compatible; bingbot/2.0; +http://www.bing.com/bingbot.htm) Chrome/136.0.0.0 Safari/537.36 AppleWebKit/537.36 (KHTML, like Gecko; compatible; bingbot/2.0; +http://www.bing.com/bingbot.htm) Chrome/116.0.1938.76 Safari/537.36"
52.167.144.156 - - [29/Apr/2026:20:46:54 +0300] "GET /generirane-na-video-obzori-v-notebooklm-notebooklm-let/undefined?ts=1777484049 HTTP/2" 404 14366 "https://serhatburke.miroglu.net/generirane-na-video-obzori-v-notebooklm-notebooklm-let/" "Mozilla/5.0 AppleWebKit/537.36 (KHTML, like Gecko; compatible; bingbot/2.0; +http://www.bing.com/bingbot.htm) Chrome/136.0.0.0 Safari/537.36 AppleWebKit/537.36 (KHTML, like Gecko; compatible; bingbot/2.0; +http://www.bing.com/bingbot.htm) Chrome/116.0.1938.76 Safari/537.36"
40.77.167.47 - - [29/Apr/2026:20:47:02 +0300] "GET /generirane-na-video-obzori-v-notebooklm-notebooklm-let/undefined?ts=1777484043 HTTP/2" 404 14367 "https://serhatburke.miroglu.net/generirane-na-video-obzori-v-notebooklm-notebooklm-let/" "Mozilla/5.0 AppleWebKit/537.36 (KHTML, like Gecko; compatible; bingbot/2.0; +http://www.bing.com/bingbot.htm) Chrome/136.0.0.0 Safari/537.36 AppleWebKit/537.36 (KHTML, like Gecko; compatible; bingbot/2.0; +http://www.bing.com/bingbot.htm) Chrome/116.0.1938.76 Safari/537.36"
52.167.144.156 - - [29/Apr/2026:20:47:05 +0300] "GET /generirane-na-video-obzori-v-notebooklm-notebooklm-let/undefined?ts=1777484049 HTTP/2" 404 14385 "https://serhatburke.miroglu.net/generirane-na-video-obzori-v-notebooklm-notebooklm-let/" "Mozilla/5.0 AppleWebKit/537.36 (KHTML, like Gecko; compatible; bingbot/2.0; +http://www.bing.com/bingbot.htm) Chrome/136.0.0.0 Safari/537.36 AppleWebKit/537.36 (KHTML, like Gecko; compatible; bingbot/2.0; +http://www.bing.com/bingbot.htm) Chrome/116.0.1938.76 Safari/537.36"
185.216.113.70 - - [29/Apr/2026:20:47:41 +0300] "POST /wp-cron.php?doing_wp_cron=1777484861.8737161159515380859375 HTTP/1.1" 200 448 "-" "WordPress/6.3.8; https://serhatburke.miroglu.net"
66.249.73.14 - - [29/Apr/2026:20:47:18 +0300] "GET /onlain-2026-goda-bolsoi-vybor-slotov-i-bonusov2394-2/ HTTP/1.1" 200 19102 "-" "Mozilla/5.0 (Linux; Android 6.0.1; Nexus 5X Build/MMB29P) AppleWebKit/537.36 (KHTML, like Gecko) Chrome/147.0.7727.116 Mobile Safari/537.36 (compatible; Googlebot/2.1; +http://www.google.com/bot.html)"
40.77.167.47 - - [29/Apr/2026:20:47:18 +0300] "GET /generirane-na-video-obzori-v-notebooklm-notebooklm-let/undefined?ts=1777484043 HTTP/2" 404 14367 "https://serhatburke.miroglu.net/generirane-na-video-obzori-v-notebooklm-notebooklm-let/" "Mozilla/5.0 AppleWebKit/537.36 (KHTML, like Gecko; compatible; bingbot/2.0; +http://www.bing.com/bingbot.htm) Chrome/136.0.0.0 Safari/537.36 AppleWebKit/537.36 (KHTML, like Gecko; compatible; bingbot/2.0; +http://www.bing.com/bingbot.htm) Chrome/116.0.1938.76 Safari/537.36"
52.167.144.147 - - [29/Apr/2026:20:47:19 +0300] "GET /generirane-na-video-obzori-v-notebooklm-notebooklm-let/undefined?ts=1777484046 HTTP/2" 404 14387 "https://serhatburke.miroglu.net/generirane-na-video-obzori-v-notebooklm-notebooklm-let/" "Mozilla/5.0 AppleWebKit/537.36 (KHTML, like Gecko; compatible; bingbot/2.0; +http://www.bing.com/bingbot.htm) Chrome/136.0.0.0 Safari/537.36 AppleWebKit/537.36 (KHTML, like Gecko; compatible; bingbot/2.0; +http://www.bing.com/bingbot.htm) Chrome/116.0.1938.76 Safari/537.36"
52.167.144.156 - - [29/Apr/2026:20:47:20 +0300] "GET /generirane-na-video-obzori-v-notebooklm-notebooklm-let/undefined?ts=1777484049 HTTP/2" 404 14366 "https://serhatburke.miroglu.net/generirane-na-video-obzori-v-notebooklm-notebooklm-let/" "Mozilla/5.0 AppleWebKit/537.36 (KHTML, like Gecko; compatible; bingbot/2.0; +http://www.bing.com/bingbot.htm) Chrome/136.0.0.0 Safari/537.36 AppleWebKit/537.36 (KHTML, like Gecko; compatible; bingbot/2.0; +http://www.bing.com/bingbot.htm) Chrome/116.0.1938.76 Safari/537.36"
52.167.144.147 - - [29/Apr/2026:20:47:45 +0300] "GET /generirane-na-video-obzori-v-notebooklm-notebooklm-let/undefined?ts=1777484046 HTTP/2" 404 14368 "https://serhatburke.miroglu.net/generirane-na-video-obzori-v-notebooklm-notebooklm-let/" "Mozilla/5.0 AppleWebKit/537.36 (KHTML, like Gecko; compatible; bingbot/2.0; +http://www.bing.com/bingbot.htm) Chrome/136.0.0.0 Safari/537.36 AppleWebKit/537.36 (KHTML, like Gecko; compatible; bingbot/2.0; +http://www.bing.com/bingbot.htm) Chrome/116.0.1938.76 Safari/537.36"
52.167.144.147 - - [29/Apr/2026:20:47:48 +0300] "GET /generirane-na-video-obzori-v-notebooklm-notebooklm-let/undefined?ts=1777484046 HTTP/2" 404 14368 "https://serhatburke.miroglu.net/generirane-na-video-obzori-v-notebooklm-notebooklm-let/" "Mozilla/5.0 AppleWebKit/537.36 (KHTML, like Gecko; compatible; bingbot/2.0; +http://www.bing.com/bingbot.htm) Chrome/136.0.0.0 Safari/537.36 AppleWebKit/537.36 (KHTML, like Gecko; compatible; bingbot/2.0; +http://www.bing.com/bingbot.htm) Chrome/116.0.1938.76 Safari/537.36"
52.167.144.147 - - [29/Apr/2026:20:48:04 +0300] "GET /generirane-na-video-obzori-v-notebooklm-notebooklm-let/undefined?ts=1777484046 HTTP/2" 404 14387 "https://serhatburke.miroglu.net/generirane-na-video-obzori-v-notebooklm-notebooklm-let/" "Mozilla/5.0 AppleWebKit/537.36 (KHTML, like Gecko; compatible; bingbot/2.0; +http://www.bing.com/bingbot.htm) Chrome/136.0.0.0 Safari/537.36 AppleWebKit/537.36 (KHTML, like Gecko; compatible; bingbot/2.0; +http://www.bing.com/bingbot.htm) Chrome/116.0.1938.76 Safari/537.36"
52.167.144.147 - - [29/Apr/2026:20:48:06 +0300] "GET /generirane-na-video-obzori-v-notebooklm-notebooklm-let/undefined?ts=1777484046 HTTP/2" 404 14387 "https://serhatburke.miroglu.net/generirane-na-video-obzori-v-notebooklm-notebooklm-let/" "Mozilla/5.0 AppleWebKit/537.36 (KHTML, like Gecko; compatible; bingbot/2.0; +http://www.bing.com/bingbot.htm) Chrome/136.0.0.0 Safari/537.36 AppleWebKit/537.36 (KHTML, like Gecko; compatible; bingbot/2.0; +http://www.bing.com/bingbot.htm) Chrome/116.0.1938.76 Safari/537.36"
40.77.167.47 - - [29/Apr/2026:20:48:12 +0300] "GET /generirane-na-video-obzori-v-notebooklm-notebooklm-let/undefined?ts=1777484043 HTTP/2" 404 14386 "https://serhatburke.miroglu.net/generirane-na-video-obzori-v-notebooklm-notebooklm-let/" "Mozilla/5.0 AppleWebKit/537.36 (KHTML, like Gecko; compatible; bingbot/2.0; +http://www.bing.com/bingbot.htm) Chrome/136.0.0.0 Safari/537.36 AppleWebKit/537.36 (KHTML, like Gecko; compatible; bingbot/2.0; +http://www.bing.com/bingbot.htm) Chrome/116.0.1938.76 Safari/537.36"
185.216.113.70 - - [29/Apr/2026:20:48:43 +0300] "POST /wp-cron.php?doing_wp_cron=1777484922.9610619544982910156250 HTTP/1.1" 200 448 "-" "WordPress/6.3.8; https://serhatburke.miroglu.net"
66.249.73.15 - - [29/Apr/2026:20:48:15 +0300] "GET /sebia-novye-kazino-onlain-2026-s-lucsimi-igrovymi-avtomatami759-2/ HTTP/1.1" 200 19364 "-" "Mozilla/5.0 (Linux; Android 6.0.1; Nexus 5X Build/MMB29P) AppleWebKit/537.36 (KHTML, like Gecko) Chrome/147.0.7727.116 Mobile Safari/537.36 (compatible; Googlebot/2.1; +http://www.google.com/bot.html)"
52.167.144.147 - - [29/Apr/2026:20:48:19 +0300] "GET /generirane-na-video-obzori-v-notebooklm-notebooklm-let/undefined?ts=1777484048 HTTP/2" 404 14375 "https://serhatburke.miroglu.net/generirane-na-video-obzori-v-notebooklm-notebooklm-let/" "Mozilla/5.0 AppleWebKit/537.36 (KHTML, like Gecko; compatible; bingbot/2.0; +http://www.bing.com/bingbot.htm) Chrome/136.0.0.0 Safari/537.36 AppleWebKit/537.36 (KHTML, like Gecko; compatible; bingbot/2.0; +http://www.bing.com/bingbot.htm) Chrome/116.0.1938.76 Safari/537.36"
52.167.144.147 - - [29/Apr/2026:20:48:24 +0300] "GET /generirane-na-video-obzori-v-notebooklm-notebooklm-let/undefined?ts=1777484048 HTTP/2" 404 14375 "https://serhatburke.miroglu.net/generirane-na-video-obzori-v-notebooklm-notebooklm-let/" "Mozilla/5.0 AppleWebKit/537.36 (KHTML, like Gecko; compatible; bingbot/2.0; +http://www.bing.com/bingbot.htm) Chrome/136.0.0.0 Safari/537.36 AppleWebKit/537.36 (KHTML, like Gecko; compatible; bingbot/2.0; +http://www.bing.com/bingbot.htm) Chrome/116.0.1938.76 Safari/537.36"
52.167.144.156 - - [29/Apr/2026:20:48:27 +0300] "GET /nederlandse-gokhal-games-voor-performen-2026/ HTTP/2" 200 20816 "-" "Mozilla/5.0 AppleWebKit/537.36 (KHTML, like Gecko; compatible; bingbot/2.0; +http://www.bing.com/bingbot.htm) Chrome/116.0.1938.76 Safari/537.36"
40.77.167.47 - - [29/Apr/2026:20:48:36 +0300] "GET /casino-online-slots-spela-med-bankid-swish-359/ HTTP/2" 200 322446 "-" "Mozilla/5.0 AppleWebKit/537.36 (KHTML, like Gecko; compatible; bingbot/2.0; +http://www.bing.com/bingbot.htm) Chrome/116.0.1938.76 Safari/537.36"
52.167.144.147 - - [29/Apr/2026:20:48:57 +0300] "GET /generirane-na-video-obzori-v-notebooklm-notebooklm-let/undefined?ts=1777484048 HTTP/2" 404 14375 "https://serhatburke.miroglu.net/generirane-na-video-obzori-v-notebooklm-notebooklm-let/" "Mozilla/5.0 AppleWebKit/537.36 (KHTML, like Gecko; compatible; bingbot/2.0; +http://www.bing.com/bingbot.htm) Chrome/136.0.0.0 Safari/537.36 AppleWebKit/537.36 (KHTML, like Gecko; compatible; bingbot/2.0; +http://www.bing.com/bingbot.htm) Chrome/116.0.1938.76 Safari/537.36"
52.167.144.156 - - [29/Apr/2026:20:48:57 +0300] "GET /lucky-days-casino-erfahrungen-2026-seite-besuchen-3-non-sticky-boni/ HTTP/2" 200 19443 "-" "Mozilla/5.0 AppleWebKit/537.36 (KHTML, like Gecko; compatible; bingbot/2.0; +http://www.bing.com/bingbot.htm) Chrome/116.0.1938.76 Safari/537.36"
66.249.76.78 - - [29/Apr/2026:20:49:07 +0300] "GET /sebia-novye-kazino-onlain-2026-s-lucsimi-igrovymi-avtomatami759-2/ HTTP/1.1" 200 0 "https://dobivolki2323.com/" "Mozilla/5.0 (Linux; Android 6.0.1; Nexus 5X Build/MMB29P) AppleWebKit/537.36 (KHTML, like Gecko) Chrome/147.0.7727.116 Mobile Safari/537.36 (compatible; Googlebot/2.1; +http://www.google.com/bot.html)"
185.216.113.70 - - [29/Apr/2026:20:49:42 +0300] "POST /wp-cron.php?doing_wp_cron=1777484982.0820400714874267578125 HTTP/1.1" 200 448 "-" "WordPress/6.3.8; https://serhatburke.miroglu.net"
52.167.144.147 - - [29/Apr/2026:20:49:17 +0300] "GET /generirane-na-video-obzori-v-notebooklm-notebooklm-let/undefined?ts=1777484048 HTTP/2" 404 14375 "https://serhatburke.miroglu.net/generirane-na-video-obzori-v-notebooklm-notebooklm-let/" "Mozilla/5.0 AppleWebKit/537.36 (KHTML, like Gecko; compatible; bingbot/2.0; +http://www.bing.com/bingbot.htm) Chrome/136.0.0.0 Safari/537.36 AppleWebKit/537.36 (KHTML, like Gecko; compatible; bingbot/2.0; +http://www.bing.com/bingbot.htm) Chrome/116.0.1938.76 Safari/537.36"
52.167.144.156 - - [29/Apr/2026:20:49:18 +0300] "GET /totemul-wild-apare-pe-rolele-instantthreesome-si-cuaternara-grows-si-completeaza-oricum-combinatie/ HTTP/2" 200 18627 "-" "Mozilla/5.0 AppleWebKit/537.36 (KHTML, like Gecko; compatible; bingbot/2.0; +http://www.bing.com/bingbot.htm) Chrome/116.0.1938.76 Safari/537.36"
40.77.167.47 - - [29/Apr/2026:20:49:23 +0300] "GET /generirane-na-video-obzori-v-notebooklm-notebooklm-let/undefined?ts=1777484043 HTTP/2" 404 14367 "https://serhatburke.miroglu.net/generirane-na-video-obzori-v-notebooklm-notebooklm-let/" "Mozilla/5.0 AppleWebKit/537.36 (KHTML, like Gecko; compatible; bingbot/2.0; +http://www.bing.com/bingbot.htm) Chrome/136.0.0.0 Safari/537.36 AppleWebKit/537.36 (KHTML, like Gecko; compatible; bingbot/2.0; +http://www.bing.com/bingbot.htm) Chrome/116.0.1938.76 Safari/537.36"
104.166.164.54 - - [29/Apr/2026:20:49:25 +0300] "POST /xmlrpc.php HTTP/1.1" 200 630 "-" "Mozilla/5.0 (Windows NT 10.0; Win64; x64) AppleWebKit/537.36 (KHTML, like Gecko) Chrome/114.0.0.0 Safari/537.36"
52.167.144.156 - - [29/Apr/2026:20:49:29 +0300] "GET /raging-rhino-free-incentives-the-champions-casino-and-remark/ HTTP/2" 200 20272 "-" "Mozilla/5.0 AppleWebKit/537.36 (KHTML, like Gecko; compatible; bingbot/2.0; +http://www.bing.com/bingbot.htm) Chrome/116.0.1938.76 Safari/537.36"
52.167.144.156 - - [29/Apr/2026:20:49:37 +0300] "GET /football-stars-sporting-legends-slot-para-destacar-goles-asi-como-ganar/ HTTP/2" 200 21318 "-" "Mozilla/5.0 AppleWebKit/537.36 (KHTML, like Gecko; compatible; bingbot/2.0; +http://www.bing.com/bingbot.htm) Chrome/116.0.1938.76 Safari/537.36"
66.249.73.14 - - [29/Apr/2026:20:49:40 +0300] "GET /kazino-onlain-2026-igraite-s-uverennostiu-i-bezopasnostiu2823-2/ HTTP/1.1" 200 19498 "-" "Mozilla/5.0 (Linux; Android 6.0.1; Nexus 5X Build/MMB29P) AppleWebKit/537.36 (KHTML, like Gecko) Chrome/147.0.7727.116 Mobile Safari/537.36 (compatible; Googlebot/2.1; +http://www.google.com/bot.html)"
40.77.177.58 - - [29/Apr/2026:20:50:27 +0300] "GET /wp-content/themes/toppic/css/font/fontello.woff2?64692809 HTTP/2" 200 8356 "https://serhatburke.miroglu.net/wp-content/themes/toppic/css/fontello.css?ver=4.2" "Mozilla/5.0 AppleWebKit/537.36 (KHTML, like Gecko; compatible; bingbot/2.0; +http://www.bing.com/bingbot.htm) Chrome/136.0.0.0 Safari/537.36"
40.77.167.47 - - [29/Apr/2026:20:49:48 +0300] "GET /post-sitemap.xml HTTP/2" 200 111243 "-" "Mozilla/5.0 AppleWebKit/537.36 (KHTML, like Gecko; compatible; bingbot/2.0; +http://www.bing.com/bingbot.htm) Chrome/116.0.1938.76 Safari/537.36"
104.166.164.54 - - [29/Apr/2026:20:50:09 +0300] "POST /xmlrpc.php HTTP/1.1" 200 15569 "-" "Mozilla/5.0 (Windows NT 10.0; Win64; x64) AppleWebKit/537.36 (KHTML, like Gecko) Chrome/114.0.0.0 Safari/537.36"
52.167.144.156 - - [29/Apr/2026:20:50:08 +0300] "GET /pros-y-no-ha-transpirado-contratiempos-de-los-bonos-de-tiradas-de-balde-referente-a-las-casinos/ HTTP/2" 200 17636 "-" "Mozilla/5.0 AppleWebKit/537.36 (KHTML, like Gecko; compatible; bingbot/2.0; +http://www.bing.com/bingbot.htm) Chrome/116.0.1938.76 Safari/537.36"
185.216.113.70 - - [29/Apr/2026:20:50:36 +0300] "POST /wp-cron.php?doing_wp_cron=1777485036.3519139289855957031250 HTTP/1.1" 200 448 "-" "WordPress/6.3.8; https://serhatburke.miroglu.net"
46.206.126.50 - - [29/Apr/2026:20:50:20 +0300] "GET /88701-2/ HTTP/1.1" 200 18396 "https://serhatburke.miroglu.net/" "Mozilla/5.0 (Windows NT 10.0; Win64; x64) AppleWebKit/537.36 (KHTML, like Gecko) Chrome/143.0.0.0 Safari/537.36 OPR/127.0.0.0"
66.249.73.14 - - [29/Apr/2026:20:50:34 +0300] "GET /kazino-onlain-2026-igraite-s-uverennostiu-i-bezopasnostiu2823-2/ HTTP/1.1" 200 0 "https://dobivolki2325343.com/" "Mozilla/5.0 (Linux; Android 6.0.1; Nexus 5X Build/MMB29P) AppleWebKit/537.36 (KHTML, like Gecko) Chrome/147.0.7727.116 Mobile Safari/537.36 (compatible; Googlebot/2.1; +http://www.google.com/bot.html)"
104.166.164.54 - - [29/Apr/2026:20:50:34 +0300] "GET /the-treasures-of-jugar-tragamonedas-por-diversion-sin-descargar-montezuma-tres-juegos-online-7juegos-es/ HTTP/1.1" 200 80725 "-" "Mozilla/5.0 (Windows NT 10.0; Win64; x64) AppleWebKit/537.36 (KHTML, like Gecko) Chrome/124.0.0.0 Safari/537.36"
46.206.126.50 - - [29/Apr/2026:20:50:42 +0300] "GET /88701-2/ HTTP/1.1" 200 18386 "https://serhatburke.miroglu.net/88701-2/" "Mozilla/5.0 (Windows NT 6.3; Win64; x64) AppleWebKit/537.36 (KHTML, like Gecko) Chrome/103.0.0.0 Safari/537.36"
46.206.126.50 - - [29/Apr/2026:20:51:01 +0300] "GET /wp-includes/css/dist/block-library/style.min.css?ver=6.3.8 HTTP/1.1" 200 13578 "https://serhatburke.miroglu.net/88701-2/" "Mozilla/5.0 (Windows NT 10.0; Win64; x64) AppleWebKit/537.36 (KHTML, like Gecko) Chrome/145.0.0.0 Safari/537.36"
46.206.126.50 - - [29/Apr/2026:20:51:02 +0300] "GET /wp-content/plugins/contact-form-7/includes/css/styles.css?ver=5.8 HTTP/1.1" 200 1490 "https://serhatburke.miroglu.net/88701-2/" "Mozilla/5.0 (Windows NT 10.0; Win64; x64) AppleWebKit/537.36 (KHTML, like Gecko) Chrome/145.0.0.0 Safari/537.36"
46.206.126.50 - - [29/Apr/2026:20:51:02 +0300] "GET /wp-content/themes/toppic/css/fontello.css?ver=4.2 HTTP/1.1" 200 1802 "https://serhatburke.miroglu.net/88701-2/" "Mozilla/5.0 (Windows NT 10.0; Win64; x64) AppleWebKit/537.36 (KHTML, like Gecko) Chrome/145.0.0.0 Safari/537.36"
46.206.126.50 - - [29/Apr/2026:20:51:03 +0300] "GET /wp-content/themes/toppic/css/reset.css?ver=4.2 HTTP/1.1" 200 1178 "https://serhatburke.miroglu.net/88701-2/" "Mozilla/5.0 (Windows NT 10.0; Win64; x64) AppleWebKit/537.36 (KHTML, like Gecko) Chrome/145.0.0.0 Safari/537.36"
46.206.126.50 - - [29/Apr/2026:20:51:03 +0300] "GET /wp-content/themes/toppic/css/default.css?ver=4.2 HTTP/1.1" 200 1811 "https://serhatburke.miroglu.net/88701-2/" "Mozilla/5.0 (Windows NT 10.0; Win64; x64) AppleWebKit/537.36 (KHTML, like Gecko) Chrome/145.0.0.0 Safari/537.36"
46.206.126.50 - - [29/Apr/2026:20:51:03 +0300] "GET /wp-content/themes/toppic/style.css?ver=4.2 HTTP/1.1" 200 23398 "https://serhatburke.miroglu.net/88701-2/" "Mozilla/5.0 (Windows NT 10.0; Win64; x64) AppleWebKit/537.36 (KHTML, like Gecko) Chrome/145.0.0.0 Safari/537.36"
46.206.126.50 - - [29/Apr/2026:20:51:04 +0300] "GET /wp-content/themes/toppic/css/royalslider.css?ver=4.2 HTTP/1.1" 200 1887 "https://serhatburke.miroglu.net/88701-2/" "Mozilla/5.0 (Windows NT 10.0; Win64; x64) AppleWebKit/537.36 (KHTML, like Gecko) Chrome/145.0.0.0 Safari/537.36"
46.206.126.50 - - [29/Apr/2026:20:51:04 +0300] "GET /wp-content/themes/toppic/css/rs-default.css?ver=4.2 HTTP/1.1" 200 2625 "https://serhatburke.miroglu.net/88701-2/" "Mozilla/5.0 (Windows NT 10.0; Win64; x64) AppleWebKit/537.36 (KHTML, like Gecko) Chrome/145.0.0.0 Safari/537.36"
46.206.126.50 - - [29/Apr/2026:20:51:04 +0300] "GET /wp-content/themes/toppic/css/lightbox.css?ver=4.2 HTTP/1.1" 200 2956 "https://serhatburke.miroglu.net/88701-2/" "Mozilla/5.0 (Windows NT 10.0; Win64; x64) AppleWebKit/537.36 (KHTML, like Gecko) Chrome/145.0.0.0 Safari/537.36"
46.206.126.50 - - [29/Apr/2026:20:51:05 +0300] "GET /wp-content/themes/toppic/css/woocommerce.css?ver=4.2 HTTP/1.1" 200 2848 "https://serhatburke.miroglu.net/88701-2/" "Mozilla/5.0 (Windows NT 10.0; Win64; x64) AppleWebKit/537.36 (KHTML, like Gecko) Chrome/145.0.0.0 Safari/537.36"
46.206.126.50 - - [29/Apr/2026:20:51:05 +0300] "GET /wp-content/themes/toppic/css/responsive.css?ver=4.2 HTTP/1.1" 200 2796 "https://serhatburke.miroglu.net/88701-2/" "Mozilla/5.0 (Windows NT 10.0; Win64; x64) AppleWebKit/537.36 (KHTML, like Gecko) Chrome/145.0.0.0 Safari/537.36"
46.206.126.50 - - [29/Apr/2026:20:51:05 +0300] "POST /wp-comments-post.php HTTP/1.1" 302 1055 "https://serhatburke.miroglu.net/88701-2/" "Mozilla/5.0 (Windows NT 6.3; Win64; x64) AppleWebKit/537.36 (KHTML, like Gecko) Chrome/103.0.0.0 Safari/537.36"
40.77.177.58 - - [29/Apr/2026:20:51:16 +0300] "GET /generirane-na-video-obzori-v-notebooklm-notebooklm-let/ HTTP/2" 200 19693 "-" "Mozilla/5.0 AppleWebKit/537.36 (KHTML, like Gecko; compatible; bingbot/2.0; +http://www.bing.com/bingbot.htm) Chrome/136.0.0.0 Safari/537.36"
46.206.126.50 - - [29/Apr/2026:20:51:18 +0300] "GET /88701-2/?unapproved=899&moderation-hash=3f0d1ba07bde9751ab3d7e09188351cd HTTP/1.1" 200 18818 "https://serhatburke.miroglu.net/wp-comments-post.php" "Mozilla/5.0 (Windows NT 6.3; Win64; x64) AppleWebKit/537.36 (KHTML, like Gecko) Chrome/103.0.0.0 Safari/537.36"
185.216.113.70 - - [29/Apr/2026:20:51:45 +0300] "POST /wp-cron.php?doing_wp_cron=1777485105.0081880092620849609375 HTTP/1.1" 200 448 "-" "WordPress/6.3.8; https://serhatburke.miroglu.net"
46.206.126.50 - - [29/Apr/2026:20:51:33 +0300] "GET /88701-2/ HTTP/1.1" 200 18386 "-" "Mozilla/5.0 (compatible; Googlebot/2.1; +http://www.google.com/bot.html)"
40.77.167.55 - - [29/Apr/2026:20:51:49 +0300] "GET /generirane-na-video-obzori-v-notebooklm-notebooklm-let/undefined?ts=1777485092 HTTP/2" 404 14375 "https://serhatburke.miroglu.net/generirane-na-video-obzori-v-notebooklm-notebooklm-let/" "Mozilla/5.0 AppleWebKit/537.36 (KHTML, like Gecko; compatible; bingbot/2.0; +http://www.bing.com/bingbot.htm) Chrome/136.0.0.0 Safari/537.36 AppleWebKit/537.36 (KHTML, like Gecko; compatible; bingbot/2.0; +http://www.bing.com/bingbot.htm) Chrome/116.0.1938.76 Safari/537.36"
67.205.20.116 - - [29/Apr/2026:20:51:58 +0300] "GET /wp-login.php HTTP/2" 200 3092 "-" "Mozilla/5.0 (Windows NT 10.0; WOW64) AppleWebKit/537.36 (KHTML, like Gecko) Chrome/67.0.3396.62 Safari/537.36"
40.77.167.55 - - [29/Apr/2026:20:52:03 +0300] "GET /generirane-na-video-obzori-v-notebooklm-notebooklm-let/undefined?ts=1777485092 HTTP/2" 404 14375 "https://serhatburke.miroglu.net/generirane-na-video-obzori-v-notebooklm-notebooklm-let/" "Mozilla/5.0 AppleWebKit/537.36 (KHTML, like Gecko; compatible; bingbot/2.0; +http://www.bing.com/bingbot.htm) Chrome/136.0.0.0 Safari/537.36 AppleWebKit/537.36 (KHTML, like Gecko; compatible; bingbot/2.0; +http://www.bing.com/bingbot.htm) Chrome/116.0.1938.76 Safari/537.36"
67.205.20.116 - - [29/Apr/2026:20:52:11 +0300] "POST /wp-login.php HTTP/2" 200 3254 "https://serhatburke.miroglu.net/wp-login.php" "Mozilla/5.0 (Windows NT 10.0; WOW64) AppleWebKit/537.36 (KHTML, like Gecko) Chrome/67.0.3396.62 Safari/537.36"
40.77.167.55 - - [29/Apr/2026:20:52:16 +0300] "GET /generirane-na-video-obzori-v-notebooklm-notebooklm-let/undefined?ts=1777485092 HTTP/2" 404 14375 "https://serhatburke.miroglu.net/generirane-na-video-obzori-v-notebooklm-notebooklm-let/" "Mozilla/5.0 AppleWebKit/537.36 (KHTML, like Gecko; compatible; bingbot/2.0; +http://www.bing.com/bingbot.htm) Chrome/136.0.0.0 Safari/537.36 AppleWebKit/537.36 (KHTML, like Gecko; compatible; bingbot/2.0; +http://www.bing.com/bingbot.htm) Chrome/116.0.1938.76 Safari/537.36"
52.167.144.147 - - [29/Apr/2026:20:52:18 +0300] "GET /generirane-na-video-obzori-v-notebooklm-notebooklm-let/undefined?ts=1777485093 HTTP/2" 404 14368 "https://serhatburke.miroglu.net/generirane-na-video-obzori-v-notebooklm-notebooklm-let/" "Mozilla/5.0 AppleWebKit/537.36 (KHTML, like Gecko; compatible; bingbot/2.0; +http://www.bing.com/bingbot.htm) Chrome/136.0.0.0 Safari/537.36 AppleWebKit/537.36 (KHTML, like Gecko; compatible; bingbot/2.0; +http://www.bing.com/bingbot.htm) Chrome/116.0.1938.76 Safari/537.36"
185.216.113.70 - - [29/Apr/2026:20:52:48 +0300] "POST /wp-cron.php?doing_wp_cron=1777485167.9553549289703369140625 HTTP/1.1" 200 448 "-" "WordPress/6.3.8; https://serhatburke.miroglu.net"
40.77.167.55 - - [29/Apr/2026:20:52:33 +0300] "GET /generirane-na-video-obzori-v-notebooklm-notebooklm-let/undefined?ts=1777485092 HTTP/2" 404 14375 "https://serhatburke.miroglu.net/generirane-na-video-obzori-v-notebooklm-notebooklm-let/" "Mozilla/5.0 AppleWebKit/537.36 (KHTML, like Gecko; compatible; bingbot/2.0; +http://www.bing.com/bingbot.htm) Chrome/136.0.0.0 Safari/537.36 AppleWebKit/537.36 (KHTML, like Gecko; compatible; bingbot/2.0; +http://www.bing.com/bingbot.htm) Chrome/116.0.1938.76 Safari/537.36"
52.167.144.147 - - [29/Apr/2026:20:52:35 +0300] "GET /generirane-na-video-obzori-v-notebooklm-notebooklm-let/undefined?ts=1777485093 HTTP/2" 404 14368 "https://serhatburke.miroglu.net/generirane-na-video-obzori-v-notebooklm-notebooklm-let/" "Mozilla/5.0 AppleWebKit/537.36 (KHTML, like Gecko; compatible; bingbot/2.0; +http://www.bing.com/bingbot.htm) Chrome/136.0.0.0 Safari/537.36 AppleWebKit/537.36 (KHTML, like Gecko; compatible; bingbot/2.0; +http://www.bing.com/bingbot.htm) Chrome/116.0.1938.76 Safari/537.36"
52.167.144.147 - - [29/Apr/2026:20:52:47 +0300] "GET /generirane-na-video-obzori-v-notebooklm-notebooklm-let/undefined?ts=1777485093 HTTP/2" 404 14368 "https://serhatburke.miroglu.net/generirane-na-video-obzori-v-notebooklm-notebooklm-let/" "Mozilla/5.0 AppleWebKit/537.36 (KHTML, like Gecko; compatible; bingbot/2.0; +http://www.bing.com/bingbot.htm) Chrome/136.0.0.0 Safari/537.36 AppleWebKit/537.36 (KHTML, like Gecko; compatible; bingbot/2.0; +http://www.bing.com/bingbot.htm) Chrome/116.0.1938.76 Safari/537.36"
40.77.167.55 - - [29/Apr/2026:20:52:48 +0300] "GET /generirane-na-video-obzori-v-notebooklm-notebooklm-let/undefined?ts=1777485092 HTTP/2" 404 14375 "https://serhatburke.miroglu.net/generirane-na-video-obzori-v-notebooklm-notebooklm-let/" "Mozilla/5.0 AppleWebKit/537.36 (KHTML, like Gecko; compatible; bingbot/2.0; +http://www.bing.com/bingbot.htm) Chrome/136.0.0.0 Safari/537.36 AppleWebKit/537.36 (KHTML, like Gecko; compatible; bingbot/2.0; +http://www.bing.com/bingbot.htm) Chrome/116.0.1938.76 Safari/537.36"
52.167.144.147 - - [29/Apr/2026:20:52:51 +0300] "GET /generirane-na-video-obzori-v-notebooklm-notebooklm-let/undefined?ts=1777485093 HTTP/2" 404 14368 "https://serhatburke.miroglu.net/generirane-na-video-obzori-v-notebooklm-notebooklm-let/" "Mozilla/5.0 AppleWebKit/537.36 (KHTML, like Gecko; compatible; bingbot/2.0; +http://www.bing.com/bingbot.htm) Chrome/136.0.0.0 Safari/537.36 AppleWebKit/537.36 (KHTML, like Gecko; compatible; bingbot/2.0; +http://www.bing.com/bingbot.htm) Chrome/116.0.1938.76 Safari/537.36"
52.167.144.147 - - [29/Apr/2026:20:53:12 +0300] "GET /generirane-na-video-obzori-v-notebooklm-notebooklm-let/undefined?ts=1777485093 HTTP/2" 404 14368 "https://serhatburke.miroglu.net/generirane-na-video-obzori-v-notebooklm-notebooklm-let/" "Mozilla/5.0 AppleWebKit/537.36 (KHTML, like Gecko; compatible; bingbot/2.0; +http://www.bing.com/bingbot.htm) Chrome/136.0.0.0 Safari/537.36 AppleWebKit/537.36 (KHTML, like Gecko; compatible; bingbot/2.0; +http://www.bing.com/bingbot.htm) Chrome/116.0.1938.76 Safari/537.36"
52.167.144.147 - - [29/Apr/2026:20:53:14 +0300] "GET /generirane-na-video-obzori-v-notebooklm-notebooklm-let/undefined?ts=1777485093 HTTP/2" 404 14368 "https://serhatburke.miroglu.net/generirane-na-video-obzori-v-notebooklm-notebooklm-let/" "Mozilla/5.0 AppleWebKit/537.36 (KHTML, like Gecko; compatible; bingbot/2.0; +http://www.bing.com/bingbot.htm) Chrome/136.0.0.0 Safari/537.36 AppleWebKit/537.36 (KHTML, like Gecko; compatible; bingbot/2.0; +http://www.bing.com/bingbot.htm) Chrome/116.0.1938.76 Safari/537.36"
52.167.144.147 - - [29/Apr/2026:20:53:18 +0300] "GET /generirane-na-video-obzori-v-notebooklm-notebooklm-let/undefined?ts=1777485093 HTTP/2" 404 14368 "https://serhatburke.miroglu.net/generirane-na-video-obzori-v-notebooklm-notebooklm-let/" "Mozilla/5.0 AppleWebKit/537.36 (KHTML, like Gecko; compatible; bingbot/2.0; +http://www.bing.com/bingbot.htm) Chrome/136.0.0.0 Safari/537.36 AppleWebKit/537.36 (KHTML, like Gecko; compatible; bingbot/2.0; +http://www.bing.com/bingbot.htm) Chrome/116.0.1938.76 Safari/537.36"
185.216.113.70 - - [29/Apr/2026:20:53:46 +0300] "POST /wp-cron.php?doing_wp_cron=1777485226.1114170551300048828125 HTTP/1.1" 200 448 "-" "WordPress/6.3.8; https://serhatburke.miroglu.net"
52.167.144.147 - - [29/Apr/2026:20:53:29 +0300] "GET /generirane-na-video-obzori-v-notebooklm-notebooklm-let/undefined?ts=1777485093 HTTP/2" 404 14368 "https://serhatburke.miroglu.net/generirane-na-video-obzori-v-notebooklm-notebooklm-let/" "Mozilla/5.0 AppleWebKit/537.36 (KHTML, like Gecko; compatible; bingbot/2.0; +http://www.bing.com/bingbot.htm) Chrome/136.0.0.0 Safari/537.36 AppleWebKit/537.36 (KHTML, like Gecko; compatible; bingbot/2.0; +http://www.bing.com/bingbot.htm) Chrome/116.0.1938.76 Safari/537.36"
52.167.144.147 - - [29/Apr/2026:20:53:36 +0300] "GET /generirane-na-video-obzori-v-notebooklm-notebooklm-let/undefined?ts=1777485093 HTTP/2" 404 14368 "https://serhatburke.miroglu.net/generirane-na-video-obzori-v-notebooklm-notebooklm-let/" "Mozilla/5.0 AppleWebKit/537.36 (KHTML, like Gecko; compatible; bingbot/2.0; +http://www.bing.com/bingbot.htm) Chrome/136.0.0.0 Safari/537.36 AppleWebKit/537.36 (KHTML, like Gecko; compatible; bingbot/2.0; +http://www.bing.com/bingbot.htm) Chrome/116.0.1938.76 Safari/537.36"
52.167.144.147 - - [29/Apr/2026:20:53:46 +0300] "GET /generirane-na-video-obzori-v-notebooklm-notebooklm-let/undefined?ts=1777485093 HTTP/2" 404 14368 "https://serhatburke.miroglu.net/generirane-na-video-obzori-v-notebooklm-notebooklm-let/" "Mozilla/5.0 AppleWebKit/537.36 (KHTML, like Gecko; compatible; bingbot/2.0; +http://www.bing.com/bingbot.htm) Chrome/136.0.0.0 Safari/537.36 AppleWebKit/537.36 (KHTML, like Gecko; compatible; bingbot/2.0; +http://www.bing.com/bingbot.htm) Chrome/116.0.1938.76 Safari/537.36"
52.167.144.147 - - [29/Apr/2026:20:53:48 +0300] "GET /generirane-na-video-obzori-v-notebooklm-notebooklm-let/undefined?ts=1777485093 HTTP/2" 404 14386 "https://serhatburke.miroglu.net/generirane-na-video-obzori-v-notebooklm-notebooklm-let/" "Mozilla/5.0 AppleWebKit/537.36 (KHTML, like Gecko; compatible; bingbot/2.0; +http://www.bing.com/bingbot.htm) Chrome/136.0.0.0 Safari/537.36 AppleWebKit/537.36 (KHTML, like Gecko; compatible; bingbot/2.0; +http://www.bing.com/bingbot.htm) Chrome/116.0.1938.76 Safari/537.36"
52.167.144.147 - - [29/Apr/2026:20:53:57 +0300] "GET /generirane-na-video-obzori-v-notebooklm-notebooklm-let/undefined?ts=1777485093 HTTP/2" 404 14386 "https://serhatburke.miroglu.net/generirane-na-video-obzori-v-notebooklm-notebooklm-let/" "Mozilla/5.0 AppleWebKit/537.36 (KHTML, like Gecko; compatible; bingbot/2.0; +http://www.bing.com/bingbot.htm) Chrome/136.0.0.0 Safari/537.36 AppleWebKit/537.36 (KHTML, like Gecko; compatible; bingbot/2.0; +http://www.bing.com/bingbot.htm) Chrome/116.0.1938.76 Safari/537.36"
203.234.238.140 - - [29/Apr/2026:20:54:06 +0300] "GET /88701-2/ HTTP/1.1" 200 18396 "https://serhatburke.miroglu.net/" "Mozilla/5.0 (Windows NT 10.0; Win64; x64) AppleWebKit/537.36 (KHTML, like Gecko) Chrome/142.0.0.0 YaBrowser/25.12.0.0 Safari/537.36"
52.167.144.147 - - [29/Apr/2026:20:54:18 +0300] "GET /generirane-na-video-obzori-v-notebooklm-notebooklm-let/undefined?ts=1777485093 HTTP/2" 404 14367 "https://serhatburke.miroglu.net/generirane-na-video-obzori-v-notebooklm-notebooklm-let/" "Mozilla/5.0 AppleWebKit/537.36 (KHTML, like Gecko; compatible; bingbot/2.0; +http://www.bing.com/bingbot.htm) Chrome/136.0.0.0 Safari/537.36 AppleWebKit/537.36 (KHTML, like Gecko; compatible; bingbot/2.0; +http://www.bing.com/bingbot.htm) Chrome/116.0.1938.76 Safari/537.36"
185.216.113.70 - - [29/Apr/2026:20:54:39 +0300] "POST /wp-cron.php?doing_wp_cron=1777485279.7545950412750244140625 HTTP/1.1" 200 448 "-" "WordPress/6.3.8; https://serhatburke.miroglu.net"
52.167.144.147 - - [29/Apr/2026:20:54:20 +0300] "GET /generirane-na-video-obzori-v-notebooklm-notebooklm-let/undefined?ts=1777485093 HTTP/2" 404 14368 "https://serhatburke.miroglu.net/generirane-na-video-obzori-v-notebooklm-notebooklm-let/" "Mozilla/5.0 AppleWebKit/537.36 (KHTML, like Gecko; compatible; bingbot/2.0; +http://www.bing.com/bingbot.htm) Chrome/136.0.0.0 Safari/537.36 AppleWebKit/537.36 (KHTML, like Gecko; compatible; bingbot/2.0; +http://www.bing.com/bingbot.htm) Chrome/116.0.1938.76 Safari/537.36"
40.77.167.55 - - [29/Apr/2026:20:54:35 +0300] "GET /generirane-na-video-obzori-v-notebooklm-notebooklm-let/undefined?ts=1777485092 HTTP/2" 404 14375 "https://serhatburke.miroglu.net/generirane-na-video-obzori-v-notebooklm-notebooklm-let/" "Mozilla/5.0 AppleWebKit/537.36 (KHTML, like Gecko; compatible; bingbot/2.0; +http://www.bing.com/bingbot.htm) Chrome/136.0.0.0 Safari/537.36 AppleWebKit/537.36 (KHTML, like Gecko; compatible; bingbot/2.0; +http://www.bing.com/bingbot.htm) Chrome/116.0.1938.76 Safari/537.36"
203.234.238.140 - - [29/Apr/2026:20:54:36 +0300] "GET /?p=88701 HTTP/1.1" 301 634 "https://serhatburke.miroglu.net/88701-2/" "Mozilla/5.0 (Windows NT 10.0; Win64; x64) AppleWebKit/537.36 (KHTML, like Gecko) Chrome/142.0.0.0 YaBrowser/25.12.0.0 Safari/537.36"
52.167.144.147 - - [29/Apr/2026:20:54:38 +0300] "GET /generirane-na-video-obzori-v-notebooklm-notebooklm-let/undefined?ts=1777485093 HTTP/2" 404 14367 "https://serhatburke.miroglu.net/generirane-na-video-obzori-v-notebooklm-notebooklm-let/" "Mozilla/5.0 AppleWebKit/537.36 (KHTML, like Gecko; compatible; bingbot/2.0; +http://www.bing.com/bingbot.htm) Chrome/136.0.0.0 Safari/537.36 AppleWebKit/537.36 (KHTML, like Gecko; compatible; bingbot/2.0; +http://www.bing.com/bingbot.htm) Chrome/116.0.1938.76 Safari/537.36"
52.167.144.147 - - [29/Apr/2026:20:54:40 +0300] "GET /generirane-na-video-obzori-v-notebooklm-notebooklm-let/undefined?ts=1777485093 HTTP/2" 404 14368 "https://serhatburke.miroglu.net/generirane-na-video-obzori-v-notebooklm-notebooklm-let/" "Mozilla/5.0 AppleWebKit/537.36 (KHTML, like Gecko; compatible; bingbot/2.0; +http://www.bing.com/bingbot.htm) Chrome/136.0.0.0 Safari/537.36 AppleWebKit/537.36 (KHTML, like Gecko; compatible; bingbot/2.0; +http://www.bing.com/bingbot.htm) Chrome/116.0.1938.76 Safari/537.36"
46.206.126.50 - - [29/Apr/2026:20:54:59 +0300] "GET /88701-2/ HTTP/1.1" 200 0 "-" "Mozilla/5.0 (compatible; Googlebot/2.1; +http://www.google.com/bot.html)"
