40.77.179.49 - - [29/Apr/2026:21:08:28 +0300] "GET /generirane-na-video-obzori-v-notebooklm-notebooklm-let/undefined?ts=1777486107 HTTP/2" 200 0 "https://serhatburke.miroglu.net/generirane-na-video-obzori-v-notebooklm-notebooklm-let/" "Mozilla/5.0 AppleWebKit/537.36 (KHTML, like Gecko; compatible; bingbot/2.0; +http://www.bing.com/bingbot.htm) Chrome/136.0.0.0 Safari/537.36"
185.216.113.70 - - [29/Apr/2026:21:09:03 +0300] "POST /wp-cron.php?doing_wp_cron=1777486143.5588760375976562500000 HTTP/1.1" 200 448 "-" "WordPress/6.3.8; https://serhatburke.miroglu.net"
38.246.32.214 - - [29/Apr/2026:21:07:30 +0300] "POST /xmlrpc.php HTTP/1.1" 200 9131 "-" "Mozilla/5.0 (Windows NT 10.0; Win64; x64) AppleWebKit/537.36 (KHTML, like Gecko) Chrome/114.0.0.0 Safari/537.36"
193.151.191.172 - - [29/Apr/2026:21:08:34 +0300] "POST /xmlrpc.php HTTP/2" 200 0 "-" "WordPress/XMLRPC Client"
65.55.210.76 - - [29/Apr/2026:21:08:31 +0300] "GET /generirane-na-video-obzori-v-notebooklm-notebooklm-let/undefined?ts=1777486109 HTTP/2" 200 0 "https://serhatburke.miroglu.net/generirane-na-video-obzori-v-notebooklm-notebooklm-let/" "Mozilla/5.0 AppleWebKit/537.36 (KHTML, like Gecko; compatible; bingbot/2.0; +http://www.bing.com/bingbot.htm) Chrome/136.0.0.0 Safari/537.36"
185.216.113.70 - - [29/Apr/2026:21:09:04 +0300] "POST /wp-cron.php?doing_wp_cron=1777486144.4586610794067382812500 HTTP/1.1" 200 448 "-" "WordPress/6.3.8; https://serhatburke.miroglu.net"
57.128.22.95 - - [29/Apr/2026:21:07:32 +0300] "GET /novoline-casino-codice-bonus-registrazione/ HTTP/1.1" 200 17905 "-" "Mozilla/5.0 (compatible; Googlebot/2.1; +http://www.google.com/bot.html)"
40.77.177.58 - - [29/Apr/2026:21:08:37 +0300] "GET /generirane-na-video-obzori-v-notebooklm-notebooklm-let/ HTTP/2" 200 0 "-" "Mozilla/5.0 AppleWebKit/537.36 (KHTML, like Gecko; compatible; bingbot/2.0; +http://www.bing.com/bingbot.htm) Chrome/136.0.0.0 Safari/537.36"
185.216.113.70 - - [29/Apr/2026:21:09:26 +0300] "POST /wp-cron.php?doing_wp_cron=1777486166.4615290164947509765625 HTTP/1.1" 200 448 "-" "WordPress/6.3.8; https://serhatburke.miroglu.net"
104.166.164.54 - - [29/Apr/2026:21:07:51 +0300] "GET /sus-particulares-de-blood-descarga-de-la-aplicacion-del-agente-spinfest-suckers-chile-rtp-98/ HTTP/1.1" 200 80513 "-" "Mozilla/5.0 (Windows NT 10.0; rv:125.0) Gecko/20100101 Firefox/125.0"
185.216.113.70 - - [29/Apr/2026:21:09:35 +0300] "POST /wp-cron.php?doing_wp_cron=1777486174.5639729499816894531250 HTTP/1.1" 200 448 "-" "WordPress/6.3.8; https://serhatburke.miroglu.net"
185.216.113.70 - - [29/Apr/2026:21:09:41 +0300] "POST /wp-cron.php?doing_wp_cron=1777486181.6441020965576171875000 HTTP/1.1" 200 448 "-" "WordPress/6.3.8; https://serhatburke.miroglu.net"
185.216.113.70 - - [29/Apr/2026:21:09:43 +0300] "POST /wp-cron.php?doing_wp_cron=1777486183.6686439514160156250000 HTTP/1.1" 200 448 "-" "WordPress/6.3.8; https://serhatburke.miroglu.net"
185.216.113.70 - - [29/Apr/2026:21:09:44 +0300] "POST /wp-cron.php?doing_wp_cron=1777486184.7659978866577148437500 HTTP/1.1" 200 448 "-" "WordPress/6.3.8; https://serhatburke.miroglu.net"
38.246.32.214 - - [29/Apr/2026:21:08:14 +0300] "POST /xmlrpc.php HTTP/1.1" 200 630 "-" "Mozilla/5.0 (Windows NT 10.0; Win64; x64) AppleWebKit/537.36 (KHTML, like Gecko) Chrome/114.0.0.0 Safari/537.36"
40.77.177.61 - - [29/Apr/2026:21:09:23 +0300] "GET /generirane-na-video-obzori-v-notebooklm-notebooklm-let HTTP/2" 200 0 "-" "Mozilla/5.0 AppleWebKit/537.36 (KHTML, like Gecko; compatible; bingbot/2.0; +http://www.bing.com/bingbot.htm) Chrome/136.0.0.0 Safari/537.36"
185.216.113.70 - - [29/Apr/2026:21:10:06 +0300] "POST /wp-cron.php?doing_wp_cron=1777486205.9505929946899414062500 HTTP/1.1" 200 448 "-" "WordPress/6.3.8; https://serhatburke.miroglu.net"
38.246.32.214 - - [29/Apr/2026:21:09:04 +0300] "GET /cashouts-out-of-nd-gaming-internet-sites-differ-based-method/ HTTP/1.1" 200 72984 "-" "Mozilla/5.0 (Windows NT 10.0; rv:125.0) Gecko/20100101 Firefox/125.0"
66.249.76.78 - - [29/Apr/2026:21:10:14 +0300] "GET /loki-casino-uk-an-exciting-world-of-video-slots/ HTTP/1.1" 200 0 "https://wzyaoi.driftlogic-games.biz/" "Mozilla/5.0 (Linux; Android 6.0.1; Nexus 5X Build/MMB29P) AppleWebKit/537.36 (KHTML, like Gecko) Chrome/147.0.7727.116 Mobile Safari/537.36 (compatible; Googlebot/2.1; +http://www.google.com/bot.html)"
38.180.154.225 - - [29/Apr/2026:21:09:56 +0300] "POST /xmlrpc.php HTTP/2" 200 0 "-" "Mozilla/5.0 (X11; Linux x86_64) AppleWebKit/537.36 (KHTML, like Gecko) Chrome/120.0.0.0 Safari/537.36"
185.216.113.70 - - [29/Apr/2026:21:10:49 +0300] "POST /wp-cron.php?doing_wp_cron=1777486249.7569899559020996093750 HTTP/1.1" 200 448 "-" "WordPress/6.3.8; https://serhatburke.miroglu.net"
38.246.32.214 - - [29/Apr/2026:21:09:53 +0300] "POST /xmlrpc.php HTTP/1.1" 200 9455 "-" "Mozilla/5.0 (Windows NT 10.0; Win64; x64) AppleWebKit/537.36 (KHTML, like Gecko) Chrome/114.0.0.0 Safari/537.36"
38.180.154.225 - - [29/Apr/2026:21:10:26 +0300] "POST /xmlrpc.php HTTP/2" 200 0 "-" "Mozilla/5.0 (Windows NT 10.0; Win64; x64; rv:121.0) Gecko/20100101 Firefox/121.0"
185.216.113.70 - - [29/Apr/2026:21:10:58 +0300] "POST /wp-cron.php?doing_wp_cron=1777486257.9827709197998046875000 HTTP/1.1" 200 448 "-" "WordPress/6.3.8; https://serhatburke.miroglu.net"
38.246.32.214 - - [29/Apr/2026:21:10:05 +0300] "POST /xmlrpc.php HTTP/1.1" 200 630 "-" "Mozilla/5.0 (Windows NT 10.0; Win64; x64) AppleWebKit/537.36 (KHTML, like Gecko) Chrome/114.0.0.0 Safari/537.36"
38.246.32.214 - - [29/Apr/2026:21:10:50 +0300] "GET /slot-game-was-an-essential-from-web-based-casinos-appreciated-because-of-their-simplicity-and-huge-victory-prospective/ HTTP/1.1" 200 74797 "-" "Mozilla/5.0 (Windows NT 10.0; Win64; x64; rv:124.0) Gecko/20100101 Firefox/124.0"
38.180.159.153 - - [29/Apr/2026:21:11:05 +0300] "POST /xmlrpc.php HTTP/2" 200 0 "-" "Mozilla/5.0 (Macintosh; Intel Mac OS X 10_15_7) AppleWebKit/537.36 (KHTML, like Gecko) Chrome/120.0.0.0 Safari/537.36"
38.246.32.214 - - [29/Apr/2026:21:11:05 +0300] "POST /xmlrpc.php HTTP/1.1" 200 9136 "-" "Mozilla/5.0 (Windows NT 10.0; Win64; x64) AppleWebKit/537.36 (KHTML, like Gecko) Chrome/114.0.0.0 Safari/537.36"
158.69.22.136 - - [29/Apr/2026:21:11:19 +0300] "GET /35849-2/ HTTP/1.1" 200 18401 "-" "Mozilla/5.0 (compatible; Googlebot/2.1; +http://www.google.com/bot.html)"
185.216.113.70 - - [29/Apr/2026:21:11:56 +0300] "POST /wp-cron.php?doing_wp_cron=1777486316.5982120037078857421875 HTTP/1.1" 200 448 "-" "WordPress/6.3.8; https://serhatburke.miroglu.net"
38.180.159.153 - - [29/Apr/2026:21:11:35 +0300] "POST /xmlrpc.php HTTP/2" 200 403 "-" "Mozilla/5.0 (Windows NT 10.0; Win64; x64; rv:121.0) Gecko/20100101 Firefox/121.0"
38.246.32.214 - - [29/Apr/2026:21:11:35 +0300] "GET /cashouts-off-nd-playing-internet-sites-are-very-different-dependent-on-approach/ HTTP/1.1" 200 73535 "-" "Mozilla/5.0 (Windows NT 10.0; Win64; x64) AppleWebKit/537.36 (KHTML, like Gecko) Chrome/123.0.0.0 Safari/537.36 OPR/109.0.0.0"
38.246.32.214 - - [29/Apr/2026:21:11:41 +0300] "POST /xmlrpc.php HTTP/1.1" 200 630 "-" "Mozilla/5.0 (Windows NT 10.0; Win64; x64) AppleWebKit/537.36 (KHTML, like Gecko) Chrome/114.0.0.0 Safari/537.36"
81.220.254.164 - - [29/Apr/2026:21:12:01 +0300] "POST /xmlrpc.php HTTP/2" 200 181 "-" "Mozilla/5.0 (Windows NT 10.0; Win64; x64; rv:121.0) Gecko/20100101 Firefox/121.0"
38.246.32.214 - - [29/Apr/2026:21:12:07 +0300] "POST /xmlrpc.php HTTP/1.1" 200 9217 "-" "Mozilla/5.0 (Windows NT 10.0; Win64; x64) AppleWebKit/537.36 (KHTML, like Gecko) Chrome/114.0.0.0 Safari/537.36"
185.216.113.70 - - [29/Apr/2026:21:12:39 +0300] "POST /wp-cron.php?doing_wp_cron=1777486359.1456151008605957031250 HTTP/1.1" 200 448 "-" "WordPress/6.3.8; https://serhatburke.miroglu.net"
38.180.154.225 - - [29/Apr/2026:21:12:18 +0300] "POST /xmlrpc.php HTTP/2" 200 407 "-" "Mozilla/5.0 (Macintosh; Intel Mac OS X 10_15_7) AppleWebKit/537.36 (KHTML, like Gecko) Chrome/120.0.0.0 Safari/537.36"
107.152.46.252 - - [29/Apr/2026:21:12:17 +0300] "GET /zotabet-casino-bonus-premier-depot-2026/ HTTP/1.1" 200 19103 "-" "Mozilla/5.0 (X11; Linux i686) AppleWebKit/537.36 (KHTML, like Gecko) Chrome/114.0.0.0 Safari/537.36 Vivaldi/5.3.2679.68"
38.246.32.214 - - [29/Apr/2026:21:12:26 +0300] "GET /grosvenor-local-casino-offers-an-extensive-wagering-area-alongside-the-comprehensive-online-casino-games/ HTTP/1.1" 200 74444 "-" "Mozilla/5.0 (Windows NT 10.0; Win64; x64) AppleWebKit/537.36 (KHTML, like Gecko) Chrome/122.0.0.0 Safari/537.36"
104.166.164.54 - - [29/Apr/2026:21:13:01 +0300] "POST /xmlrpc.php HTTP/1.1" 200 630 "-" "Mozilla/5.0 (Windows NT 10.0; Win64; x64) AppleWebKit/537.36 (KHTML, like Gecko) Chrome/114.0.0.0 Safari/537.36"
185.216.113.70 - - [29/Apr/2026:21:13:36 +0300] "POST /wp-cron.php?doing_wp_cron=1777486416.0311329364776611328125 HTTP/1.1" 200 448 "-" "WordPress/6.3.8; https://serhatburke.miroglu.net"
38.246.32.214 - - [29/Apr/2026:21:13:21 +0300] "POST /xmlrpc.php HTTP/1.1" 200 630 "-" "Mozilla/5.0 (Windows NT 10.0; Win64; x64) AppleWebKit/537.36 (KHTML, like Gecko) Chrome/114.0.0.0 Safari/537.36"
104.166.164.54 - - [29/Apr/2026:21:13:23 +0300] "POST /xmlrpc.php HTTP/1.1" 200 16034 "-" "Mozilla/5.0 (Windows NT 10.0; Win64; x64) AppleWebKit/537.36 (KHTML, like Gecko) Chrome/114.0.0.0 Safari/537.36"
104.166.164.54 - - [29/Apr/2026:21:13:40 +0300] "GET /soluciona-a-los-tragamonedas-sobre-amatic-de-roulettino-balde/ HTTP/1.1" 200 79975 "-" "Mozilla/5.0 (Windows NT 10.0; Win64; x64) AppleWebKit/537.36 (KHTML, like Gecko) Chrome/109.0.0.0 Safari/537.36"
38.246.32.214 - - [29/Apr/2026:21:13:43 +0300] "POST /xmlrpc.php HTTP/1.1" 200 9359 "-" "Mozilla/5.0 (Windows NT 10.0; Win64; x64) AppleWebKit/537.36 (KHTML, like Gecko) Chrome/114.0.0.0 Safari/537.36"
38.246.32.214 - - [29/Apr/2026:21:14:01 +0300] "GET /how-to-locate-an-informed-online-casino-in-the-uk/ HTTP/1.1" 200 72951 "-" "Mozilla/5.0 (Windows NT 10.0; rv:125.0) Gecko/20100101 Firefox/125.0"
185.216.113.70 - - [29/Apr/2026:21:14:46 +0300] "POST /wp-cron.php?doing_wp_cron=1777486486.0871629714965820312500 HTTP/1.1" 200 448 "-" "WordPress/6.3.8; https://serhatburke.miroglu.net"
40.77.167.51 - - [29/Apr/2026:21:14:33 +0300] "GET /top-trine-motive-pentru-care-sunt-populare-sloturile-care-au-clopoei/ HTTP/2" 200 17890 "-" "Mozilla/5.0 AppleWebKit/537.36 (KHTML, like Gecko; compatible; bingbot/2.0; +http://www.bing.com/bingbot.htm) Chrome/116.0.1938.76 Safari/537.36"
38.246.32.214 - - [29/Apr/2026:21:14:47 +0300] "POST /xmlrpc.php HTTP/1.1" 200 630 "-" "Mozilla/5.0 (Windows NT 10.0; Win64; x64) AppleWebKit/537.36 (KHTML, like Gecko) Chrome/114.0.0.0 Safari/537.36"
40.77.167.243 - - [29/Apr/2026:21:14:48 +0300] "GET /beste-mobile-casinos-within-land-der-dichter-und-denker-2026-top-mobile-casino-apps/ HTTP/2" 200 18926 "-" "Mozilla/5.0 AppleWebKit/537.36 (KHTML, like Gecko; compatible; bingbot/2.0; +http://www.bing.com/bingbot.htm) Chrome/116.0.1938.76 Safari/537.36"
40.77.167.51 - - [29/Apr/2026:21:14:52 +0300] "GET /how-many-strategies-must-you-need-getting-a-successful-payout/ HTTP/2" 200 17578 "-" "Mozilla/5.0 AppleWebKit/537.36 (KHTML, like Gecko; compatible; bingbot/2.0; +http://www.bing.com/bingbot.htm) Chrome/116.0.1938.76 Safari/537.36"
40.77.167.243 - - [29/Apr/2026:21:14:53 +0300] "GET /gry-hazardowe-bezplatnie-77777-darmowe-rozrywki-siodemki-internetowego/ HTTP/2" 200 19257 "-" "Mozilla/5.0 AppleWebKit/537.36 (KHTML, like Gecko; compatible; bingbot/2.0; +http://www.bing.com/bingbot.htm) Chrome/116.0.1938.76 Safari/537.36"
40.77.167.51 - - [29/Apr/2026:21:15:05 +0300] "GET /juego-frutas-gratis/ HTTP/2" 200 17226 "-" "Mozilla/5.0 AppleWebKit/537.36 (KHTML, like Gecko; compatible; bingbot/2.0; +http://www.bing.com/bingbot.htm) Chrome/116.0.1938.76 Safari/537.36"
185.216.113.70 - - [29/Apr/2026:21:15:47 +0300] "POST /wp-cron.php?doing_wp_cron=1777486547.5583701133728027343750 HTTP/1.1" 200 448 "-" "WordPress/6.3.8; https://serhatburke.miroglu.net"
66.249.73.1 - - [29/Apr/2026:21:15:16 +0300] "GET /robots.txt HTTP/1.1" 200 719 "-" "Mozilla/5.0 (compatible; Googlebot/2.1; +http://www.google.com/bot.html)"
38.246.32.214 - - [29/Apr/2026:21:15:26 +0300] "POST /xmlrpc.php HTTP/1.1" 200 8735 "-" "Mozilla/5.0 (Windows NT 10.0; Win64; x64) AppleWebKit/537.36 (KHTML, like Gecko) Chrome/114.0.0.0 Safari/537.36"
66.249.76.64 - - [29/Apr/2026:21:15:18 +0300] "GET /casino-mostbet-azrbaycan151/ HTTP/1.1" 200 18163 "-" "Mozilla/5.0 (Linux; Android 6.0.1; Nexus 5X Build/MMB29P) AppleWebKit/537.36 (KHTML, like Gecko) Chrome/147.0.7727.116 Mobile Safari/537.36 (compatible; Googlebot/2.1; +http://www.google.com/bot.html)"
40.77.167.243 - - [29/Apr/2026:21:15:38 +0300] "GET /gambling-enterprise-bonus-totally-betway-no-deposit-free-spins-free-revolves-and-welcome-also-provides/ HTTP/2" 200 19458 "-" "Mozilla/5.0 AppleWebKit/537.36 (KHTML, like Gecko; compatible; bingbot/2.0; +http://www.bing.com/bingbot.htm) Chrome/116.0.1938.76 Safari/537.36"
38.246.32.214 - - [29/Apr/2026:21:15:55 +0300] "GET /need-to-get-the-best-from-your-uk-on-line-casino-play/ HTTP/1.1" 200 72559 "-" "Mozilla/5.0 (Windows NT 10.0; Win64; x64) AppleWebKit/537.36 (KHTML, like Gecko) Chrome/123.0.0.0 Safari/537.36 OPR/109.0.0.0"
40.77.167.243 - - [29/Apr/2026:21:16:10 +0300] "GET /finest-local-casino-bonuses-and-bridesmaids-1-deposit-you-can-discount-coupons-2026/ HTTP/2" 200 20330 "-" "Mozilla/5.0 AppleWebKit/537.36 (KHTML, like Gecko; compatible; bingbot/2.0; +http://www.bing.com/bingbot.htm) Chrome/116.0.1938.76 Safari/537.36"
185.216.113.70 - - [29/Apr/2026:21:16:45 +0300] "POST /wp-cron.php?doing_wp_cron=1777486605.2673931121826171875000 HTTP/1.1" 200 448 "-" "WordPress/6.3.8; https://serhatburke.miroglu.net"
40.77.167.51 - - [29/Apr/2026:21:16:23 +0300] "GET /how-bscscan-transforms-your-crypto-experience/ HTTP/2" 200 17997 "-" "Mozilla/5.0 AppleWebKit/537.36 (KHTML, like Gecko; compatible; bingbot/2.0; +http://www.bing.com/bingbot.htm) Chrome/116.0.1938.76 Safari/537.36"
176.98.31.43 - - [29/Apr/2026:21:16:24 +0300] "POST /xmlrpc.php HTTP/1.1" 200 742 "-" "Mozilla/5.0 (Windows NT 10.0; WOW64; rv:45.0) Gecko/20100101 Firefox/45.0"
40.77.167.243 - - [29/Apr/2026:21:16:26 +0300] "GET /big-bass-vegas-double-down-deluxe-desatando-la-emo/ HTTP/2" 200 16689 "-" "Mozilla/5.0 AppleWebKit/537.36 (KHTML, like Gecko; compatible; bingbot/2.0; +http://www.bing.com/bingbot.htm) Chrome/116.0.1938.76 Safari/537.36"
38.246.32.214 - - [29/Apr/2026:21:16:28 +0300] "POST /xmlrpc.php HTTP/1.1" 200 630 "-" "Mozilla/5.0 (Windows NT 10.0; Win64; x64) AppleWebKit/537.36 (KHTML, like Gecko) Chrome/114.0.0.0 Safari/537.36"
52.167.144.179 - - [29/Apr/2026:21:16:32 +0300] "GET /free-spins-inte-med-insattning-samt-omsattningskrav-allt-du-behover-kunna/ HTTP/2" 200 18836 "-" "Mozilla/5.0 AppleWebKit/537.36 (KHTML, like Gecko; compatible; bingbot/2.0; +http://www.bing.com/bingbot.htm) Chrome/116.0.1938.76 Safari/537.36"
176.98.31.43 - - [29/Apr/2026:21:16:49 +0300] "GET /xmlrpc.php HTTP/1.1" 405 446 "-" "Mozilla/5.0 (Windows NT 10.0; WOW64; rv:45.0) Gecko/20100101 Firefox/45.0"
66.249.73.1 - - [29/Apr/2026:21:16:53 +0300] "GET /onlain-2026-goda-igraite-bez-riskov-i-s-maksimalnoi-otdacei3213/ HTTP/1.1" 200 19350 "-" "Mozilla/5.0 (Linux; Android 6.0.1; Nexus 5X Build/MMB29P) AppleWebKit/537.36 (KHTML, like Gecko) Chrome/147.0.7727.116 Mobile Safari/537.36 (compatible; Googlebot/2.1; +http://www.google.com/bot.html)"
38.246.32.214 - - [29/Apr/2026:21:17:07 +0300] "POST /xmlrpc.php HTTP/1.1" 200 9779 "-" "Mozilla/5.0 (Windows NT 10.0; Win64; x64) AppleWebKit/537.36 (KHTML, like Gecko) Chrome/114.0.0.0 Safari/537.36"
66.249.76.77 - - [29/Apr/2026:21:17:32 +0300] "GET /onlain-2026-goda-igraite-bez-riskov-i-s-maksimalnoi-otdacei3213/ HTTP/1.1" 200 0 "https://dobivolki276523.com/" "Mozilla/5.0 (Linux; Android 6.0.1; Nexus 5X Build/MMB29P) AppleWebKit/537.36 (KHTML, like Gecko) Chrome/147.0.7727.116 Mobile Safari/537.36 (compatible; Googlebot/2.1; +http://www.google.com/bot.html)"
185.216.113.70 - - [29/Apr/2026:21:17:46 +0300] "POST /wp-cron.php?doing_wp_cron=1777486666.2808508872985839843750 HTTP/1.1" 200 448 "-" "WordPress/6.3.8; https://serhatburke.miroglu.net"
38.246.32.214 - - [29/Apr/2026:21:17:26 +0300] "GET /north-dakota-has-actually-most-rigorous-guidelines-with-regards-to-any-style-of-playing-situations/ HTTP/1.1" 200 74762 "-" "Mozilla/5.0 (Windows NT 10.0; rv:109.0) Gecko/20100101 Firefox/115.0"
66.249.73.15 - - [29/Apr/2026:21:17:32 +0300] "GET /robots.txt HTTP/1.1" 200 719 "-" "Mozilla/5.0 (compatible; Googlebot/2.1; +http://www.google.com/bot.html)"
40.77.167.132 - - [29/Apr/2026:21:17:32 +0300] "GET /top-10-casinos-on-the-internet-playing-real-money-online-game-within-bangkok-nights-online-casinos-the-united-states-2026/ HTTP/2" 200 19639 "-" "Mozilla/5.0 AppleWebKit/537.36 (KHTML, like Gecko; compatible; bingbot/2.0; +http://www.bing.com/bingbot.htm) Chrome/116.0.1938.76 Safari/537.36"
38.246.32.214 - - [29/Apr/2026:21:17:38 +0300] "POST /xmlrpc.php HTTP/1.1" 200 630 "-" "Mozilla/5.0 (Windows NT 10.0; Win64; x64) AppleWebKit/537.36 (KHTML, like Gecko) Chrome/114.0.0.0 Safari/537.36"
38.246.32.214 - - [29/Apr/2026:21:18:11 +0300] "POST /xmlrpc.php HTTP/1.1" 200 8878 "-" "Mozilla/5.0 (Windows NT 10.0; Win64; x64) AppleWebKit/537.36 (KHTML, like Gecko) Chrome/114.0.0.0 Safari/537.36"
40.77.167.132 - - [29/Apr/2026:21:18:16 +0300] "GET /lord-deadworld-slot-machine-wiktionary-the-newest-100-percent-free-dictionary/ HTTP/2" 200 20418 "-" "Mozilla/5.0 AppleWebKit/537.36 (KHTML, like Gecko; compatible; bingbot/2.0; +http://www.bing.com/bingbot.htm) Chrome/116.0.1938.76 Safari/537.36"
185.216.113.70 - - [29/Apr/2026:21:18:54 +0300] "POST /wp-cron.php?doing_wp_cron=1777486734.5749781131744384765625 HTTP/1.1" 200 448 "-" "WordPress/6.3.8; https://serhatburke.miroglu.net"
38.246.32.214 - - [29/Apr/2026:21:18:32 +0300] "GET /simple-tips-to-check-in-ensure-the-ocean-local-casino-nj-membership/ HTTP/1.1" 200 73101 "-" "Mozilla/5.0 (Windows NT 10.0; Win64; x64) AppleWebKit/537.36 (KHTML, like Gecko) Chrome/123.0.0.0 Safari/537.36 OPR/109.0.0.0"
216.73.217.81 - - [29/Apr/2026:21:18:49 +0300] "GET /robots.txt HTTP/2" 200 110 "-" "Mozilla/5.0 AppleWebKit/537.36 (KHTML, like Gecko; compatible; ClaudeBot/1.0; +claudebot@anthropic.com)"
216.73.217.81 - - [29/Apr/2026:21:19:05 +0300] "GET /sitemap.rss HTTP/2" 200 0 "-" "Mozilla/5.0 AppleWebKit/537.36 (KHTML, like Gecko; compatible; ClaudeBot/1.0; +claudebot@anthropic.com)"
216.73.217.81 - - [29/Apr/2026:21:19:05 +0300] "GET /sitemap.xml HTTP/2" 200 0 "-" "Mozilla/5.0 AppleWebKit/537.36 (KHTML, like Gecko; compatible; ClaudeBot/1.0; +claudebot@anthropic.com)"
38.246.32.214 - - [29/Apr/2026:21:19:04 +0300] "POST /xmlrpc.php HTTP/1.1" 200 630 "-" "Mozilla/5.0 (Windows NT 10.0; Win64; x64) AppleWebKit/537.36 (KHTML, like Gecko) Chrome/114.0.0.0 Safari/537.36"
185.216.113.70 - - [29/Apr/2026:21:19:41 +0300] "POST /wp-cron.php?doing_wp_cron=1777486781.7144539356231689453125 HTTP/1.1" 200 448 "-" "WordPress/6.3.8; https://serhatburke.miroglu.net"
38.246.32.214 - - [29/Apr/2026:21:19:29 +0300] "POST /xmlrpc.php HTTP/1.1" 200 8892 "-" "Mozilla/5.0 (Windows NT 10.0; Win64; x64) AppleWebKit/537.36 (KHTML, like Gecko) Chrome/114.0.0.0 Safari/537.36"
38.246.32.214 - - [29/Apr/2026:21:19:42 +0300] "GET /how-to-decide-on-a-knowledgeable-casino-100-free-spin-bonuses/ HTTP/1.1" 200 72809 "-" "Mozilla/5.0 (Windows NT 10.0; Win64; x64) AppleWebKit/537.36 (KHTML, like Gecko) Chrome/123.0.0.0 Safari/537.36 OPR/109.0.0.0"
82.102.23.186 - - [29/Apr/2026:21:20:03 +0300] "GET /wp-login.php HTTP/2" 200 3092 "https://serhatburke.miroglu.net/" "Mozilla/5.0 (Windows NT 10.0; Win64; x64) AppleWebKit/537.36 (KHTML, like Gecko) Chrome/147.0.0.0 Safari/537.36"
82.102.23.186 - - [29/Apr/2026:21:20:18 +0300] "GET /wp-includes/css/dashicons.min.css?ver=6.3.8 HTTP/2" 200 35110 "https://serhatburke.miroglu.net/wp-login.php" "Mozilla/5.0 (Windows NT 10.0; Win64; x64) AppleWebKit/537.36 (KHTML, like Gecko) Chrome/147.0.0.0 Safari/537.36"
82.102.23.186 - - [29/Apr/2026:21:20:18 +0300] "GET /wp-includes/css/buttons.min.css?ver=6.3.8 HTTP/2" 200 1255 "https://serhatburke.miroglu.net/wp-login.php" "Mozilla/5.0 (Windows NT 10.0; Win64; x64) AppleWebKit/537.36 (KHTML, like Gecko) Chrome/147.0.0.0 Safari/537.36"
82.102.23.186 - - [29/Apr/2026:21:20:18 +0300] "GET /wp-admin/css/forms.min.css?ver=6.3.8 HTTP/2" 200 6209 "https://serhatburke.miroglu.net/wp-login.php" "Mozilla/5.0 (Windows NT 10.0; Win64; x64) AppleWebKit/537.36 (KHTML, like Gecko) Chrome/147.0.0.0 Safari/537.36"
82.102.23.186 - - [29/Apr/2026:21:20:18 +0300] "GET /wp-admin/css/l10n.min.css?ver=6.3.8 HTTP/2" 200 596 "https://serhatburke.miroglu.net/wp-login.php" "Mozilla/5.0 (Windows NT 10.0; Win64; x64) AppleWebKit/537.36 (KHTML, like Gecko) Chrome/147.0.0.0 Safari/537.36"
82.102.23.186 - - [29/Apr/2026:21:20:18 +0300] "GET /wp-admin/css/login.min.css?ver=6.3.8 HTTP/2" 200 1948 "https://serhatburke.miroglu.net/wp-login.php" "Mozilla/5.0 (Windows NT 10.0; Win64; x64) AppleWebKit/537.36 (KHTML, like Gecko) Chrome/147.0.0.0 Safari/537.36"
82.102.23.186 - - [29/Apr/2026:21:20:18 +0300] "GET /wp-includes/js/jquery/jquery.min.js?ver=3.7.0 HTTP/2" 200 29712 "https://serhatburke.miroglu.net/wp-login.php" "Mozilla/5.0 (Windows NT 10.0; Win64; x64) AppleWebKit/537.36 (KHTML, like Gecko) Chrome/147.0.0.0 Safari/537.36"
82.102.23.186 - - [29/Apr/2026:21:20:18 +0300] "GET /wp-includes/js/jquery/jquery-migrate.min.js?ver=3.4.1 HTTP/2" 200 4678 "https://serhatburke.miroglu.net/wp-login.php" "Mozilla/5.0 (Windows NT 10.0; Win64; x64) AppleWebKit/537.36 (KHTML, like Gecko) Chrome/147.0.0.0 Safari/537.36"
82.102.23.186 - - [29/Apr/2026:21:20:18 +0300] "GET /wp-includes/js/zxcvbn-async.min.js?ver=1.0 HTTP/2" 200 187 "https://serhatburke.miroglu.net/wp-login.php" "Mozilla/5.0 (Windows NT 10.0; Win64; x64) AppleWebKit/537.36 (KHTML, like Gecko) Chrome/147.0.0.0 Safari/537.36"
82.102.23.186 - - [29/Apr/2026:21:20:18 +0300] "GET /wp-includes/js/dist/vendor/wp-polyfill-inert.min.js?ver=3.1.2 HTTP/2" 200 2320 "https://serhatburke.miroglu.net/wp-login.php" "Mozilla/5.0 (Windows NT 10.0; Win64; x64) AppleWebKit/537.36 (KHTML, like Gecko) Chrome/147.0.0.0 Safari/537.36"
82.102.23.186 - - [29/Apr/2026:21:20:18 +0300] "GET /wp-includes/js/dist/vendor/regenerator-runtime.min.js?ver=0.13.11 HTTP/2" 200 2398 "https://serhatburke.miroglu.net/wp-login.php" "Mozilla/5.0 (Windows NT 10.0; Win64; x64) AppleWebKit/537.36 (KHTML, like Gecko) Chrome/147.0.0.0 Safari/537.36"
82.102.23.186 - - [29/Apr/2026:21:20:18 +0300] "GET /wp-includes/js/dist/vendor/wp-polyfill.min.js?ver=3.15.0 HTTP/2" 200 5718 "https://serhatburke.miroglu.net/wp-login.php" "Mozilla/5.0 (Windows NT 10.0; Win64; x64) AppleWebKit/537.36 (KHTML, like Gecko) Chrome/147.0.0.0 Safari/537.36"
82.102.23.186 - - [29/Apr/2026:21:20:18 +0300] "GET /wp-includes/js/dist/hooks.min.js?ver=c6aec9a8d4e5a5d543a1 HTTP/2" 200 1486 "https://serhatburke.miroglu.net/wp-login.php" "Mozilla/5.0 (Windows NT 10.0; Win64; x64) AppleWebKit/537.36 (KHTML, like Gecko) Chrome/147.0.0.0 Safari/537.36"
82.102.23.186 - - [29/Apr/2026:21:20:18 +0300] "GET /wp-includes/js/dist/i18n.min.js?ver=7701b0c3857f914212ef HTTP/2" 200 3568 "https://serhatburke.miroglu.net/wp-login.php" "Mozilla/5.0 (Windows NT 10.0; Win64; x64) AppleWebKit/537.36 (KHTML, like Gecko) Chrome/147.0.0.0 Safari/537.36"
82.102.23.186 - - [29/Apr/2026:21:20:18 +0300] "GET /wp-admin/js/password-strength-meter.min.js?ver=6.3.8 HTTP/2" 200 558 "https://serhatburke.miroglu.net/wp-login.php" "Mozilla/5.0 (Windows NT 10.0; Win64; x64) AppleWebKit/537.36 (KHTML, like Gecko) Chrome/147.0.0.0 Safari/537.36"
82.102.23.186 - - [29/Apr/2026:21:20:18 +0300] "GET /wp-includes/js/underscore.min.js?ver=1.13.4 HTTP/2" 200 7179 "https://serhatburke.miroglu.net/wp-login.php" "Mozilla/5.0 (Windows NT 10.0; Win64; x64) AppleWebKit/537.36 (KHTML, like Gecko) Chrome/147.0.0.0 Safari/537.36"
82.102.23.186 - - [29/Apr/2026:21:20:18 +0300] "GET /wp-includes/js/wp-util.min.js?ver=6.3.8 HTTP/2" 200 693 "https://serhatburke.miroglu.net/wp-login.php" "Mozilla/5.0 (Windows NT 10.0; Win64; x64) AppleWebKit/537.36 (KHTML, like Gecko) Chrome/147.0.0.0 Safari/537.36"
82.102.23.186 - - [29/Apr/2026:21:20:18 +0300] "GET /wp-admin/js/user-profile.min.js?ver=6.3.8 HTTP/2" 200 2150 "https://serhatburke.miroglu.net/wp-login.php" "Mozilla/5.0 (Windows NT 10.0; Win64; x64) AppleWebKit/537.36 (KHTML, like Gecko) Chrome/147.0.0.0 Safari/537.36"
104.166.164.54 - - [29/Apr/2026:21:20:05 +0300] "POST /xmlrpc.php HTTP/1.1" 200 630 "-" "Mozilla/5.0 (Windows NT 10.0; Win64; x64) AppleWebKit/537.36 (KHTML, like Gecko) Chrome/114.0.0.0 Safari/537.36"
82.102.23.186 - - [29/Apr/2026:21:20:18 +0300] "GET /wp-admin/images/wordpress-logo.svg?ver=20131107 HTTP/2" 200 759 "https://serhatburke.miroglu.net/wp-admin/css/login.min.css?ver=6.3.8" "Mozilla/5.0 (Windows NT 10.0; Win64; x64) AppleWebKit/537.36 (KHTML, like Gecko) Chrome/147.0.0.0 Safari/537.36"
82.102.23.186 - - [29/Apr/2026:21:20:20 +0300] "GET /wp-content/uploads/2023/08/favicon-16x16-3.png HTTP/2" 200 529 "https://serhatburke.miroglu.net/wp-login.php" "Mozilla/5.0 (Windows NT 10.0; Win64; x64) AppleWebKit/537.36 (KHTML, like Gecko) Chrome/147.0.0.0 Safari/537.36"
82.102.23.186 - - [29/Apr/2026:21:20:20 +0300] "GET /wp-includes/js/zxcvbn.min.js HTTP/2" 200 389493 "https://serhatburke.miroglu.net/wp-login.php" "Mozilla/5.0 (Windows NT 10.0; Win64; x64) AppleWebKit/537.36 (KHTML, like Gecko) Chrome/147.0.0.0 Safari/537.36"
185.216.113.70 - - [29/Apr/2026:21:20:37 +0300] "POST /wp-cron.php?doing_wp_cron=1777486837.0723500251770019531250 HTTP/1.1" 200 448 "-" "WordPress/6.3.8; https://serhatburke.miroglu.net"
38.246.32.214 - - [29/Apr/2026:21:20:21 +0300] "POST /xmlrpc.php HTTP/1.1" 200 630 "-" "Mozilla/5.0 (Windows NT 10.0; Win64; x64) AppleWebKit/537.36 (KHTML, like Gecko) Chrome/114.0.0.0 Safari/537.36"
104.166.164.54 - - [29/Apr/2026:21:20:25 +0300] "POST /xmlrpc.php HTTP/1.1" 200 15835 "-" "Mozilla/5.0 (Windows NT 10.0; Win64; x64) AppleWebKit/537.36 (KHTML, like Gecko) Chrome/114.0.0.0 Safari/537.36"
82.102.23.186 - - [29/Apr/2026:21:20:27 +0300] "POST /wp-login.php HTTP/2" 302 0 "https://serhatburke.miroglu.net/wp-login.php" "Mozilla/5.0 (Windows NT 10.0; Win64; x64) AppleWebKit/537.36 (KHTML, like Gecko) Chrome/147.0.0.0 Safari/537.36"
38.246.32.214 - - [29/Apr/2026:21:20:43 +0300] "POST /xmlrpc.php HTTP/1.1" 200 9205 "-" "Mozilla/5.0 (Windows NT 10.0; Win64; x64) AppleWebKit/537.36 (KHTML, like Gecko) Chrome/114.0.0.0 Safari/537.36"
104.166.164.54 - - [29/Apr/2026:21:20:47 +0300] "GET /lucky-casino-15-golden-eggs-larrys-lobstermania-slot-machine-online-sin-cargo/ HTTP/1.1" 200 80101 "-" "Mozilla/5.0 (Windows NT 10.0; rv:125.0) Gecko/20100101 Firefox/125.0"
82.102.23.186 - - [29/Apr/2026:21:20:46 +0300] "GET /wp-admin/ HTTP/2" 200 216008 "https://serhatburke.miroglu.net/wp-login.php" "Mozilla/5.0 (Windows NT 10.0; Win64; x64) AppleWebKit/537.36 (KHTML, like Gecko) Chrome/147.0.0.0 Safari/537.36"
82.102.23.186 - - [29/Apr/2026:21:21:15 +0300] "GET /favicon.ico HTTP/2" 200 926 "https://serhatburke.miroglu.net/wp-admin/" "Mozilla/5.0 (Windows NT 10.0; Win64; x64) AppleWebKit/537.36 (KHTML, like Gecko) Chrome/147.0.0.0 Safari/537.36"
38.246.32.214 - - [29/Apr/2026:21:21:04 +0300] "GET /gaming-statutes-in-the-northern-dakota-%EF%BF%BD-just-what-games-try-legal/ HTTP/1.1" 200 73335 "-" "Mozilla/5.0 (Windows NT 10.0; Win64; x64) AppleWebKit/537.36 (KHTML, like Gecko) Chrome/124.0.0.0 Safari/537.36"
185.216.113.70 - - [29/Apr/2026:21:21:09 +0300] "POST /wp-admin/admin-ajax.php?action=as_async_request_queue_runner&nonce=0b04fbb7a8 HTTP/1.1" 200 1039 "-" "WordPress/6.3.8; https://serhatburke.miroglu.net"
82.102.23.186 - - [29/Apr/2026:21:21:15 +0300] "GET /wp-admin/post-new.php HTTP/2" 200 469213 "https://serhatburke.miroglu.net/" "Mozilla/5.0 (Windows NT 10.0; Win64; x64) AppleWebKit/537.36 (KHTML, like Gecko) Chrome/147.0.0.0 Safari/537.36"
82.102.23.186 - - [29/Apr/2026:21:21:29 +0300] "GET /wp-includes/js/mediaelement/mediaelementplayer-legacy.min.css?ver=4.2.17 HTTP/2" 200 2394 "https://serhatburke.miroglu.net/wp-admin/post-new.php" "Mozilla/5.0 (Windows NT 10.0; Win64; x64) AppleWebKit/537.36 (KHTML, like Gecko) Chrome/147.0.0.0 Safari/537.36"
82.102.23.186 - - [29/Apr/2026:21:21:29 +0300] "GET /wp-includes/js/mediaelement/wp-mediaelement.min.css?ver=6.3.8 HTTP/2" 200 982 "https://serhatburke.miroglu.net/wp-admin/post-new.php" "Mozilla/5.0 (Windows NT 10.0; Win64; x64) AppleWebKit/537.36 (KHTML, like Gecko) Chrome/147.0.0.0 Safari/537.36"
82.102.23.186 - - [29/Apr/2026:21:21:29 +0300] "GET /wp-includes/js/imgareaselect/imgareaselect.css?ver=0.9.8 HTTP/2" 200 215 "https://serhatburke.miroglu.net/wp-admin/post-new.php" "Mozilla/5.0 (Windows NT 10.0; Win64; x64) AppleWebKit/537.36 (KHTML, like Gecko) Chrome/147.0.0.0 Safari/537.36"
82.102.23.186 - - [29/Apr/2026:21:21:29 +0300] "GET /wp-content/plugins/wpforms-lite/assets/css/admin-integrations.min.css?ver=1.8.3.1 HTTP/2" 200 4145 "https://serhatburke.miroglu.net/wp-admin/post-new.php" "Mozilla/5.0 (Windows NT 10.0; Win64; x64) AppleWebKit/537.36 (KHTML, like Gecko) Chrome/147.0.0.0 Safari/537.36"
82.102.23.186 - - [29/Apr/2026:21:21:29 +0300] "GET /wp-content/plugins/wpforms-lite/assets/css/frontend/modern/wpforms-full.min.css?ver=1.8.3.1 HTTP/2" 200 10003 "https://serhatburke.miroglu.net/wp-admin/post-new.php" "Mozilla/5.0 (Windows NT 10.0; Win64; x64) AppleWebKit/537.36 (KHTML, like Gecko) Chrome/147.0.0.0 Safari/537.36"
82.102.23.186 - - [29/Apr/2026:21:21:29 +0300] "GET /wp-content/plugins/all-in-one-seo-pack/dist/Lite/assets/css/main.b143f638.css?ver=4.4.4 HTTP/2" 200 3224 "https://serhatburke.miroglu.net/wp-admin/post-new.php" "Mozilla/5.0 (Windows NT 10.0; Win64; x64) AppleWebKit/537.36 (KHTML, like Gecko) Chrome/147.0.0.0 Safari/537.36"
82.102.23.186 - - [29/Apr/2026:21:21:29 +0300] "GET /wp-content/plugins/google-analytics-for-wordpress/assets/gutenberg/css/editor.css?ver=10.1.3 HTTP/2" 200 7338 "https://serhatburke.miroglu.net/wp-admin/post-new.php" "Mozilla/5.0 (Windows NT 10.0; Win64; x64) AppleWebKit/537.36 (KHTML, like Gecko) Chrome/147.0.0.0 Safari/537.36"
82.102.23.186 - - [29/Apr/2026:21:21:29 +0300] "GET /wp-content/plugins/all-in-one-seo-pack/dist/Lite/assets//link-format/link-format-block.css?ver=4.4.4 HTTP/2" 200 504 "https://serhatburke.miroglu.net/wp-admin/post-new.php" "Mozilla/5.0 (Windows NT 10.0; Win64; x64) AppleWebKit/537.36 (KHTML, like Gecko) Chrome/147.0.0.0 Safari/537.36"
82.102.23.186 - - [29/Apr/2026:21:21:29 +0300] "GET /wp-content/themes/toppic/css/gutenberg-style.css?ver=4.2 HTTP/2" 200 2348 "https://serhatburke.miroglu.net/wp-admin/post-new.php" "Mozilla/5.0 (Windows NT 10.0; Win64; x64) AppleWebKit/537.36 (KHTML, like Gecko) Chrome/147.0.0.0 Safari/537.36"
82.102.23.186 - - [29/Apr/2026:21:21:29 +0300] "GET /wp-content/plugins/all-in-one-seo-pack/dist/Lite/assets/css/main.4c7e386f.css?ver=4.4.4 HTTP/2" 200 2583 "https://serhatburke.miroglu.net/wp-admin/post-new.php" "Mozilla/5.0 (Windows NT 10.0; Win64; x64) AppleWebKit/537.36 (KHTML, like Gecko) Chrome/147.0.0.0 Safari/537.36"
82.102.23.186 - - [29/Apr/2026:21:21:29 +0300] "GET /wp-content/plugins/all-in-one-seo-pack/dist/Lite/assets/css/Row.d88b2bb9.css?ver=4.4.4 HTTP/2" 200 2005 "https://serhatburke.miroglu.net/wp-admin/post-new.php" "Mozilla/5.0 (Windows NT 10.0; Win64; x64) AppleWebKit/537.36 (KHTML, like Gecko) Chrome/147.0.0.0 Safari/537.36"
82.102.23.186 - - [29/Apr/2026:21:21:29 +0300] "GET /wp-content/plugins/all-in-one-seo-pack/dist/Lite/assets/css/Index.05ebc121.css?ver=4.4.4 HTTP/2" 200 1148 "https://serhatburke.miroglu.net/wp-admin/post-new.php" "Mozilla/5.0 (Windows NT 10.0; Win64; x64) AppleWebKit/537.36 (KHTML, like Gecko) Chrome/147.0.0.0 Safari/537.36"
82.102.23.186 - - [29/Apr/2026:21:21:29 +0300] "GET /wp-content/plugins/all-in-one-seo-pack/dist/Lite/assets/css/Index.518f837a.css?ver=4.4.4 HTTP/2" 200 857 "https://serhatburke.miroglu.net/wp-admin/post-new.php" "Mozilla/5.0 (Windows NT 10.0; Win64; x64) AppleWebKit/537.36 (KHTML, like Gecko) Chrome/147.0.0.0 Safari/537.36"
82.102.23.186 - - [29/Apr/2026:21:21:29 +0300] "GET /wp-content/plugins/all-in-one-seo-pack/dist/Lite/assets/css/blocks-editor.ff3c2caf.css?ver=4.4.4 HTTP/2" 200 313 "https://serhatburke.miroglu.net/wp-admin/post-new.php" "Mozilla/5.0 (Windows NT 10.0; Win64; x64) AppleWebKit/537.36 (KHTML, like Gecko) Chrome/147.0.0.0 Safari/537.36"
82.102.23.186 - - [29/Apr/2026:21:21:29 +0300] "GET /wp-content/plugins/wpforms-lite/assets/css/choices.min.css?ver=9.0.1 HTTP/2" 200 2073 "https://serhatburke.miroglu.net/wp-admin/post-new.php" "Mozilla/5.0 (Windows NT 10.0; Win64; x64) AppleWebKit/537.36 (KHTML, like Gecko) Chrome/147.0.0.0 Safari/537.36"
82.102.23.186 - - [29/Apr/2026:21:21:29 +0300] "GET /wp-content/plugins/all-in-one-seo-pack/dist/Lite/assets/css/index.f13cbef6.css?ver=4.4.4 HTTP/2" 200 3697 "https://serhatburke.miroglu.net/wp-admin/post-new.php" "Mozilla/5.0 (Windows NT 10.0; Win64; x64) AppleWebKit/537.36 (KHTML, like Gecko) Chrome/147.0.0.0 Safari/537.36"
82.102.23.186 - - [29/Apr/2026:21:21:29 +0300] "GET /wp-content/plugins/all-in-one-seo-pack/dist/Lite/assets/css/App.4ec331f1.css?ver=4.4.4 HTTP/2" 200 9588 "https://serhatburke.miroglu.net/wp-admin/post-new.php" "Mozilla/5.0 (Windows NT 10.0; Win64; x64) AppleWebKit/537.36 (KHTML, like Gecko) Chrome/147.0.0.0 Safari/537.36"
82.102.23.186 - - [29/Apr/2026:21:21:29 +0300] "GET /wp-content/plugins/all-in-one-seo-pack/dist/Lite/assets/css/Tabs.ec7cb519.css?ver=4.4.4 HTTP/2" 200 1518 "https://serhatburke.miroglu.net/wp-admin/post-new.php" "Mozilla/5.0 (Windows NT 10.0; Win64; x64) AppleWebKit/537.36 (KHTML, like Gecko) Chrome/147.0.0.0 Safari/537.36"
82.102.23.186 - - [29/Apr/2026:21:21:29 +0300] "GET /wp-content/plugins/all-in-one-seo-pack/dist/Lite/assets/css/Checkbox.46c4f4db.css?ver=4.4.4 HTTP/2" 200 525 "https://serhatburke.miroglu.net/wp-admin/post-new.php" "Mozilla/5.0 (Windows NT 10.0; Win64; x64) AppleWebKit/537.36 (KHTML, like Gecko) Chrome/147.0.0.0 Safari/537.36"
82.102.23.186 - - [29/Apr/2026:21:21:29 +0300] "GET /wp-content/plugins/all-in-one-seo-pack/dist/Lite/assets/css/SettingsRow.b9fdc14f.css?ver=4.4.4 HTTP/2" 200 433 "https://serhatburke.miroglu.net/wp-admin/post-new.php" "Mozilla/5.0 (Windows NT 10.0; Win64; x64) AppleWebKit/537.36 (KHTML, like Gecko) Chrome/147.0.0.0 Safari/537.36"
82.102.23.186 - - [29/Apr/2026:21:21:29 +0300] "GET /wp-content/plugins/all-in-one-seo-pack/dist/Lite/assets/css/Phone.85a95941.css?ver=4.4.4 HTTP/2" 200 3549 "https://serhatburke.miroglu.net/wp-admin/post-new.php" "Mozilla/5.0 (Windows NT 10.0; Win64; x64) AppleWebKit/537.36 (KHTML, like Gecko) Chrome/147.0.0.0 Safari/537.36"
82.102.23.186 - - [29/Apr/2026:21:21:29 +0300] "GET /wp-content/plugins/all-in-one-seo-pack/dist/Lite/assets/css/main.354fe50d.css?ver=4.4.4 HTTP/2" 200 2132 "https://serhatburke.miroglu.net/wp-admin/post-new.php" "Mozilla/5.0 (Windows NT 10.0; Win64; x64) AppleWebKit/537.36 (KHTML, like Gecko) Chrome/147.0.0.0 Safari/537.36"
82.102.23.186 - - [29/Apr/2026:21:21:29 +0300] "GET /wp-content/plugins/all-in-one-seo-pack/dist/Lite/assets/css/Caret.82e4ef18.css?ver=4.4.4 HTTP/2" 200 957 "https://serhatburke.miroglu.net/wp-admin/post-new.php" "Mozilla/5.0 (Windows NT 10.0; Win64; x64) AppleWebKit/537.36 (KHTML, like Gecko) Chrome/147.0.0.0 Safari/537.36"
82.102.23.186 - - [29/Apr/2026:21:21:29 +0300] "GET /wp-content/plugins/all-in-one-seo-pack/dist/Lite/assets/css/RadioToggle.5183d076.css?ver=4.4.4 HTTP/2" 200 519 "https://serhatburke.miroglu.net/wp-admin/post-new.php" "Mozilla/5.0 (Windows NT 10.0; Win64; x64) AppleWebKit/537.36 (KHTML, like Gecko) Chrome/147.0.0.0 Safari/537.36"
82.102.23.186 - - [29/Apr/2026:21:21:29 +0300] "GET /wp-content/plugins/all-in-one-seo-pack/dist/Lite/assets/css/LicenseKeyBar.9dee709b.css?ver=4.4.4 HTTP/2" 200 284 "https://serhatburke.miroglu.net/wp-admin/post-new.php" "Mozilla/5.0 (Windows NT 10.0; Win64; x64) AppleWebKit/537.36 (KHTML, like Gecko) Chrome/147.0.0.0 Safari/537.36"
82.102.23.186 - - [29/Apr/2026:21:21:29 +0300] "GET /wp-content/plugins/all-in-one-seo-pack/dist/Lite/assets/css/Tooltip.c2302985.css?ver=4.4.4 HTTP/2" 200 456 "https://serhatburke.miroglu.net/wp-admin/post-new.php" "Mozilla/5.0 (Windows NT 10.0; Win64; x64) AppleWebKit/537.36 (KHTML, like Gecko) Chrome/147.0.0.0 Safari/537.36"
82.102.23.186 - - [29/Apr/2026:21:21:29 +0300] "GET /wp-content/plugins/all-in-one-seo-pack/dist/Lite/assets/css/Blur.02feb373.css?ver=4.4.4 HTTP/2" 200 93 "https://serhatburke.miroglu.net/wp-admin/post-new.php" "Mozilla/5.0 (Windows NT 10.0; Win64; x64) AppleWebKit/537.36 (KHTML, like Gecko) Chrome/147.0.0.0 Safari/537.36"
82.102.23.186 - - [29/Apr/2026:21:21:29 +0300] "GET /wp-content/plugins/all-in-one-seo-pack/dist/Lite/assets/css/GoogleSearchPreview.7d51503b.css?ver=4.4.4 HTTP/2" 200 485 "https://serhatburke.miroglu.net/wp-admin/post-new.php" "Mozilla/5.0 (Windows NT 10.0; Win64; x64) AppleWebKit/537.36 (KHTML, like Gecko) Chrome/147.0.0.0 Safari/537.36"
82.102.23.186 - - [29/Apr/2026:21:21:29 +0300] "GET /wp-content/plugins/all-in-one-seo-pack/dist/Lite/assets/css/Table.5fc34407.css?ver=4.4.4 HTTP/2" 200 1440 "https://serhatburke.miroglu.net/wp-admin/post-new.php" "Mozilla/5.0 (Windows NT 10.0; Win64; x64) AppleWebKit/537.36 (KHTML, like Gecko) Chrome/147.0.0.0 Safari/537.36"
82.102.23.186 - - [29/Apr/2026:21:21:29 +0300] "GET /wp-content/plugins/all-in-one-seo-pack/dist/Lite/assets/css/HtmlTagsEditor.9fbc7912.css?ver=4.4.4 HTTP/2" 200 494 "https://serhatburke.miroglu.net/wp-admin/post-new.php" "Mozilla/5.0 (Windows NT 10.0; Win64; x64) AppleWebKit/537.36 (KHTML, like Gecko) Chrome/147.0.0.0 Safari/537.36"
82.102.23.186 - - [29/Apr/2026:21:21:29 +0300] "GET /wp-content/plugins/all-in-one-seo-pack/dist/Lite/assets/css/FacebookPreview.602923a4.css?ver=4.4.4 HTTP/2" 200 800 "https://serhatburke.miroglu.net/wp-admin/post-new.php" "Mozilla/5.0 (Windows NT 10.0; Win64; x64) AppleWebKit/537.36 (KHTML, like Gecko) Chrome/147.0.0.0 Safari/537.36"
82.102.23.186 - - [29/Apr/2026:21:21:29 +0300] "GET /wp-content/plugins/all-in-one-seo-pack/dist/Lite/assets/css/ImageUploader.e2227810.css?ver=4.4.4 HTTP/2" 200 404 "https://serhatburke.miroglu.net/wp-admin/post-new.php" "Mozilla/5.0 (Windows NT 10.0; Win64; x64) AppleWebKit/537.36 (KHTML, like Gecko) Chrome/147.0.0.0 Safari/537.36"
82.102.23.186 - - [29/Apr/2026:21:21:29 +0300] "GET /wp-content/plugins/all-in-one-seo-pack/dist/Lite/assets/css/TwitterPreview.8e2452b0.css?ver=4.4.4 HTTP/2" 200 825 "https://serhatburke.miroglu.net/wp-admin/post-new.php" "Mozilla/5.0 (Windows NT 10.0; Win64; x64) AppleWebKit/537.36 (KHTML, like Gecko) Chrome/147.0.0.0 Safari/537.36"
82.102.23.186 - - [29/Apr/2026:21:21:29 +0300] "GET /wp-content/plugins/all-in-one-seo-pack/dist/Lite/assets/css/Index.8c8c1878.css?ver=4.4.4 HTTP/2" 200 1674 "https://serhatburke.miroglu.net/wp-admin/post-new.php" "Mozilla/5.0 (Windows NT 10.0; Win64; x64) AppleWebKit/537.36 (KHTML, like Gecko) Chrome/147.0.0.0 Safari/537.36"
82.102.23.186 - - [29/Apr/2026:21:21:29 +0300] "GET /wp-content/plugins/all-in-one-seo-pack/dist/Lite/assets/css/ProBadge.e2a3dc3b.css?ver=4.4.4 HTTP/2" 200 183 "https://serhatburke.miroglu.net/wp-admin/post-new.php" "Mozilla/5.0 (Windows NT 10.0; Win64; x64) AppleWebKit/537.36 (KHTML, like Gecko) Chrome/147.0.0.0 Safari/537.36"
82.102.23.186 - - [29/Apr/2026:21:21:29 +0300] "GET /wp-content/plugins/all-in-one-seo-pack/dist/Lite/assets/css/Card.4d35fa5e.css?ver=4.4.4 HTTP/2" 200 692 "https://serhatburke.miroglu.net/wp-admin/post-new.php" "Mozilla/5.0 (Windows NT 10.0; Win64; x64) AppleWebKit/537.36 (KHTML, like Gecko) Chrome/147.0.0.0 Safari/537.36"
82.102.23.186 - - [29/Apr/2026:21:21:29 +0300] "GET /wp-content/plugins/all-in-one-seo-pack/dist/Lite/assets/css/Upsell.aef1c2de.css?ver=4.4.4 HTTP/2" 200 155 "https://serhatburke.miroglu.net/wp-admin/post-new.php" "Mozilla/5.0 (Windows NT 10.0; Win64; x64) AppleWebKit/537.36 (KHTML, like Gecko) Chrome/147.0.0.0 Safari/537.36"
82.102.23.186 - - [29/Apr/2026:21:21:29 +0300] "GET /wp-content/plugins/all-in-one-seo-pack/dist/Lite/assets/css/main.514aa3f6.css?ver=4.4.4 HTTP/2" 200 498 "https://serhatburke.miroglu.net/wp-admin/post-new.php" "Mozilla/5.0 (Windows NT 10.0; Win64; x64) AppleWebKit/537.36 (KHTML, like Gecko) Chrome/147.0.0.0 Safari/537.36"
82.102.23.186 - - [29/Apr/2026:21:21:29 +0300] "GET /wp-content/plugins/all-in-one-seo-pack/dist/Lite/assets/css/main.748c6d4f.css?ver=4.4.4 HTTP/2" 200 200 "https://serhatburke.miroglu.net/wp-admin/post-new.php" "Mozilla/5.0 (Windows NT 10.0; Win64; x64) AppleWebKit/537.36 (KHTML, like Gecko) Chrome/147.0.0.0 Safari/537.36"
82.102.23.186 - - [29/Apr/2026:21:21:29 +0300] "GET /wp-content/plugins/all-in-one-seo-pack/dist/Lite/assets/css/main.d1b22e44.css?ver=4.4.4 HTTP/2" 200 240 "https://serhatburke.miroglu.net/wp-admin/post-new.php" "Mozilla/5.0 (Windows NT 10.0; Win64; x64) AppleWebKit/537.36 (KHTML, like Gecko) Chrome/147.0.0.0 Safari/537.36"
82.102.23.186 - - [29/Apr/2026:21:21:29 +0300] "GET /wp-content/plugins/all-in-one-seo-pack/dist/Lite/assets/css/main.0fb95abf.css?ver=4.4.4 HTTP/2" 200 633 "https://serhatburke.miroglu.net/wp-admin/post-new.php" "Mozilla/5.0 (Windows NT 10.0; Win64; x64) AppleWebKit/537.36 (KHTML, like Gecko) Chrome/147.0.0.0 Safari/537.36"
82.102.23.186 - - [29/Apr/2026:21:21:29 +0300] "GET /wp-content/plugins/all-in-one-seo-pack/dist/Lite/assets/css/main.2ac0cc67.css?ver=4.4.4 HTTP/2" 200 271 "https://serhatburke.miroglu.net/wp-admin/post-new.php" "Mozilla/5.0 (Windows NT 10.0; Win64; x64) AppleWebKit/537.36 (KHTML, like Gecko) Chrome/147.0.0.0 Safari/537.36"
82.102.23.186 - - [29/Apr/2026:21:21:29 +0300] "GET /wp-content/plugins/all-in-one-seo-pack/dist/Lite/assets/css/main.0ab815b6.css?ver=4.4.4 HTTP/2" 200 5345 "https://serhatburke.miroglu.net/wp-admin/post-new.php" "Mozilla/5.0 (Windows NT 10.0; Win64; x64) AppleWebKit/537.36 (KHTML, like Gecko) Chrome/147.0.0.0 Safari/537.36"
82.102.23.186 - - [29/Apr/2026:21:21:29 +0300] "GET /wp-content/plugins/wp-file-manager/css/fm_common.css?ver=6.3.8 HTTP/2" 200 153 "https://serhatburke.miroglu.net/wp-admin/post-new.php" "Mozilla/5.0 (Windows NT 10.0; Win64; x64) AppleWebKit/537.36 (KHTML, like Gecko) Chrome/147.0.0.0 Safari/537.36"
82.102.23.186 - - [29/Apr/2026:21:21:29 +0300] "GET /wp-content/plugins/google-analytics-for-wordpress/assets/css/admin-common.min.css?ver=10.1.3 HTTP/2" 200 409 "https://serhatburke.miroglu.net/wp-admin/post-new.php" "Mozilla/5.0 (Windows NT 10.0; Win64; x64) AppleWebKit/537.36 (KHTML, like Gecko) Chrome/147.0.0.0 Safari/537.36"
82.102.23.186 - - [29/Apr/2026:21:21:29 +0300] "GET /wp-content/plugins/google-analytics-for-wordpress/lite/assets/vue/css/admin.css?ver=10.1.3 HTTP/2" 200 362 "https://serhatburke.miroglu.net/wp-admin/post-new.php" "Mozilla/5.0 (Windows NT 10.0; Win64; x64) AppleWebKit/537.36 (KHTML, like Gecko) Chrome/147.0.0.0 Safari/537.36"
82.102.23.186 - - [29/Apr/2026:21:21:29 +0300] "GET /wp-content/themes/toppic/css/meta-style.css?ver=4.2 HTTP/2" 200 979 "https://serhatburke.miroglu.net/wp-admin/post-new.php" "Mozilla/5.0 (Windows NT 10.0; Win64; x64) AppleWebKit/537.36 (KHTML, like Gecko) Chrome/147.0.0.0 Safari/537.36"
82.102.23.186 - - [29/Apr/2026:21:21:29 +0300] "GET /wp-content/plugins/wpforms-lite/assets/css/admin-bar.min.css?ver=1.8.3.1 HTTP/2" 200 397 "https://serhatburke.miroglu.net/wp-admin/post-new.php" "Mozilla/5.0 (Windows NT 10.0; Win64; x64) AppleWebKit/537.36 (KHTML, like Gecko) Chrome/147.0.0.0 Safari/537.36"
82.102.23.186 - - [29/Apr/2026:21:21:29 +0300] "GET /wp-content/plugins/meta-box/meta-box/css/style.css?ver=5.2.4 HTTP/2" 200 889 "https://serhatburke.miroglu.net/wp-admin/post-new.php" "Mozilla/5.0 (Windows NT 10.0; Win64; x64) AppleWebKit/537.36 (KHTML, like Gecko) Chrome/147.0.0.0 Safari/537.36"
82.102.23.186 - - [29/Apr/2026:21:21:29 +0300] "GET /wp-content/plugins/meta-box/meta-box/css/select.css?ver=5.2.4 HTTP/2" 200 192 "https://serhatburke.miroglu.net/wp-admin/post-new.php" "Mozilla/5.0 (Windows NT 10.0; Win64; x64) AppleWebKit/537.36 (KHTML, like Gecko) Chrome/147.0.0.0 Safari/537.36"
82.102.23.186 - - [29/Apr/2026:21:21:29 +0300] "GET /wp-content/plugins/meta-box/meta-box/css/media.css?ver=5.2.4 HTTP/2" 200 294 "https://serhatburke.miroglu.net/wp-admin/post-new.php" "Mozilla/5.0 (Windows NT 10.0; Win64; x64) AppleWebKit/537.36 (KHTML, like Gecko) Chrome/147.0.0.0 Safari/537.36"
82.102.23.186 - - [29/Apr/2026:21:21:29 +0300] "GET /wp-content/plugins/meta-box/meta-box/css/file.css?ver=5.2.4 HTTP/2" 200 285 "https://serhatburke.miroglu.net/wp-admin/post-new.php" "Mozilla/5.0 (Windows NT 10.0; Win64; x64) AppleWebKit/537.36 (KHTML, like Gecko) Chrome/147.0.0.0 Safari/537.36"
82.102.23.186 - - [29/Apr/2026:21:21:29 +0300] "GET /wp-content/plugins/meta-box/meta-box/css/image.css?ver=5.2.4 HTTP/2" 200 411 "https://serhatburke.miroglu.net/wp-admin/post-new.php" "Mozilla/5.0 (Windows NT 10.0; Win64; x64) AppleWebKit/537.36 (KHTML, like Gecko) Chrome/147.0.0.0 Safari/537.36"
82.102.23.186 - - [29/Apr/2026:21:21:29 +0300] "GET /wp-content/plugins/meta-box/meta-box/css/file-input.css?ver=5.2.4 HTTP/2" 200 99 "https://serhatburke.miroglu.net/wp-admin/post-new.php" "Mozilla/5.0 (Windows NT 10.0; Win64; x64) AppleWebKit/537.36 (KHTML, like Gecko) Chrome/147.0.0.0 Safari/537.36"
82.102.23.186 - - [29/Apr/2026:21:21:29 +0300] "GET /wp-content/plugins/meta-box/meta-box/css/switch.css?ver=5.2.4 HTTP/2" 200 466 "https://serhatburke.miroglu.net/wp-admin/post-new.php" "Mozilla/5.0 (Windows NT 10.0; Win64; x64) AppleWebKit/537.36 (KHTML, like Gecko) Chrome/147.0.0.0 Safari/537.36"
82.102.23.186 - - [29/Apr/2026:21:21:29 +0300] "GET /wp-content/plugins/meta-box/meta-box/css/button-group.css?ver=5.2.4 HTTP/2" 200 381 "https://serhatburke.miroglu.net/wp-admin/post-new.php" "Mozilla/5.0 (Windows NT 10.0; Win64; x64) AppleWebKit/537.36 (KHTML, like Gecko) Chrome/147.0.0.0 Safari/537.36"
82.102.23.186 - - [29/Apr/2026:21:21:29 +0300] "GET /wp-content/plugins/meta-box/meta-box/css/wysiwyg.css?ver=5.2.4 HTTP/2" 200 189 "https://serhatburke.miroglu.net/wp-admin/post-new.php" "Mozilla/5.0 (Windows NT 10.0; Win64; x64) AppleWebKit/537.36 (KHTML, like Gecko) Chrome/147.0.0.0 Safari/537.36"
82.102.23.186 - - [29/Apr/2026:21:21:29 +0300] "GET /wp-content/plugins/meta-box/meta-box-tabs/tabs.css?ver=1.0.3 HTTP/2" 200 799 "https://serhatburke.miroglu.net/wp-admin/post-new.php" "Mozilla/5.0 (Windows NT 10.0; Win64; x64) AppleWebKit/537.36 (KHTML, like Gecko) Chrome/147.0.0.0 Safari/537.36"
82.102.23.186 - - [29/Apr/2026:21:21:29 +0300] "GET /wp-content/plugins/wpforms-lite/assets/lite/css/admin/edit-post-education.min.css?ver=1.8.3.1 HTTP/2" 200 542 "https://serhatburke.miroglu.net/wp-admin/post-new.php" "Mozilla/5.0 (Windows NT 10.0; Win64; x64) AppleWebKit/537.36 (KHTML, like Gecko) Chrome/147.0.0.0 Safari/537.36"
82.102.23.186 - - [29/Apr/2026:21:21:29 +0300] "GET /wp-content/plugins/google-analytics-for-wordpress/assets/css/admin-metabox.min.css?ver=10.1.3 HTTP/2" 200 722 "https://serhatburke.miroglu.net/wp-admin/post-new.php" "Mozilla/5.0 (Windows NT 10.0; Win64; x64) AppleWebKit/537.36 (KHTML, like Gecko) Chrome/147.0.0.0 Safari/537.36"
82.102.23.186 - - [29/Apr/2026:21:21:29 +0300] "GET /wp-content/plugins/google-analytics-for-wordpress/lite/assets/admin-bar/insights.css?ver=2285a9c504aa37d29a57 HTTP/2" 200 1347 "https://serhatburke.miroglu.net/wp-admin/post-new.php" "Mozilla/5.0 (Windows NT 10.0; Win64; x64) AppleWebKit/537.36 (KHTML, like Gecko) Chrome/147.0.0.0 Safari/537.36"
82.102.23.186 - - [29/Apr/2026:21:21:29 +0300] "GET /wp-content/plugins/all-in-one-seo-pack/dist/Lite/assets/css/Editor.107b0dcd.css?ver=4.4.4 HTTP/2" 200 5004 "https://serhatburke.miroglu.net/wp-admin/post-new.php" "Mozilla/5.0 (Windows NT 10.0; Win64; x64) AppleWebKit/537.36 (KHTML, like Gecko) Chrome/147.0.0.0 Safari/537.36"
82.102.23.186 - - [29/Apr/2026:21:21:29 +0300] "GET /wp-content/plugins/meta-box/meta-box/css/input.css?ver=5.2.4 HTTP/2" 200 115 "https://serhatburke.miroglu.net/wp-admin/post-new.php" "Mozilla/5.0 (Windows NT 10.0; Win64; x64) AppleWebKit/537.36 (KHTML, like Gecko) Chrome/147.0.0.0 Safari/537.36"
82.102.23.186 - - [29/Apr/2026:21:21:29 +0300] "GET /wp-includes/js/dist/dom-ready.min.js?ver=392bdd43726760d1f3ca HTTP/2" 200 281 "https://serhatburke.miroglu.net/wp-admin/post-new.php" "Mozilla/5.0 (Windows NT 10.0; Win64; x64) AppleWebKit/537.36 (KHTML, like Gecko) Chrome/147.0.0.0 Safari/537.36"
82.102.23.186 - - [29/Apr/2026:21:21:29 +0300] "GET /wp-includes/js/dist/a11y.min.js?ver=7032343a947cfccf5608 HTTP/2" 200 834 "https://serhatburke.miroglu.net/wp-admin/post-new.php" "Mozilla/5.0 (Windows NT 10.0; Win64; x64) AppleWebKit/537.36 (KHTML, like Gecko) Chrome/147.0.0.0 Safari/537.36"
82.102.23.186 - - [29/Apr/2026:21:21:29 +0300] "GET /wp-includes/js/dist/url.min.js?ver=8814d23f2d64864d280d HTTP/2" 200 3390 "https://serhatburke.miroglu.net/wp-admin/post-new.php" "Mozilla/5.0 (Windows NT 10.0; Win64; x64) AppleWebKit/537.36 (KHTML, like Gecko) Chrome/147.0.0.0 Safari/537.36"
82.102.23.186 - - [29/Apr/2026:21:21:29 +0300] "GET /wp-includes/js/dist/api-fetch.min.js?ver=0fa4dabf8bf2c7adf21a HTTP/2" 200 2169 "https://serhatburke.miroglu.net/wp-admin/post-new.php" "Mozilla/5.0 (Windows NT 10.0; Win64; x64) AppleWebKit/537.36 (KHTML, like Gecko) Chrome/147.0.0.0 Safari/537.36"
82.102.23.186 - - [29/Apr/2026:21:21:29 +0300] "GET /wp-includes/js/dist/vendor/react.min.js?ver=18.2.0 HTTP/2" 200 4001 "https://serhatburke.miroglu.net/wp-admin/post-new.php" "Mozilla/5.0 (Windows NT 10.0; Win64; x64) AppleWebKit/537.36 (KHTML, like Gecko) Chrome/147.0.0.0 Safari/537.36"
