52.167.144.139 - - [29/Apr/2026:14:16:25 +0300] "GET /die-gesamtheit-unter-einsatz-von-den-spielsaal-willkommensbonus-cash-runner-spielplatz-jetzt-decodieren/undefined?ts=1777460861 HTTP/2" 200 0 "-" "Mozilla/5.0 AppleWebKit/537.36 (KHTML, like Gecko; compatible; bingbot/2.0; +http://www.bing.com/bingbot.htm) Chrome/116.0.1938.76 Safari/537.36"
52.167.144.139 - - [29/Apr/2026:14:16:49 +0300] "GET /25-freispiele-abzuglich-einzahlung-2026-spielen-sie-milk-the-cash-cow-slot-online-1-sizzling-hot-brd-nachfolgende-besten-versorger-and-boni-2026/ HTTP/2" 200 0 "-" "Mozilla/5.0 AppleWebKit/537.36 (KHTML, like Gecko; compatible; bingbot/2.0; +http://www.bing.com/bingbot.htm) Chrome/116.0.1938.76 Safari/537.36"
52.167.144.139 - - [29/Apr/2026:14:16:58 +0300] "GET /basta-casinos-online-2026-topplista-fore-svenska-lirar/ HTTP/2" 200 0 "-" "Mozilla/5.0 AppleWebKit/537.36 (KHTML, like Gecko; compatible; bingbot/2.0; +http://www.bing.com/bingbot.htm) Chrome/116.0.1938.76 Safari/537.36"
52.167.144.156 - - [29/Apr/2026:14:17:04 +0300] "GET /kraken-bezopasnyi-dostup-k-temnym-resursam-2026-6/ HTTP/2" 200 0 "-" "Mozilla/5.0 AppleWebKit/537.36 (KHTML, like Gecko; compatible; bingbot/2.0; +http://www.bing.com/bingbot.htm) Chrome/116.0.1938.76 Safari/537.36"
66.249.76.77 - - [29/Apr/2026:14:17:06 +0300] "GET /casino-barriere-enghien-les-bains-jeux-spectacles/ HTTP/1.1" 200 273156 "-" "Mozilla/5.0 (Linux; Android 6.0.1; Nexus 5X Build/MMB29P) AppleWebKit/537.36 (KHTML, like Gecko) Chrome/147.0.7727.116 Mobile Safari/537.36 (compatible; Googlebot/2.1; +http://www.google.com/bot.html)"
172.237.60.137 - - [29/Apr/2026:14:17:17 +0300] "POST /xmlrpc.php HTTP/1.1" 200 15023 "-" "Mozilla/5.0 (Windows NT 10.0; Win64; x64) AppleWebKit/537.36 (KHTML, like Gecko) Chrome/114.0.0.0 Safari/537.36"
52.167.144.139 - - [29/Apr/2026:14:17:24 +0300] "GET /holly-jolly-bonanza-condition-opinion-2026-%CE%B4%CF%89%CF%81%CE%B5%CE%AC%CE%BD-%CE%B4%CE%BF%CE%BA%CE%B9%CE%BC%CE%B1%CF%83%CF%84%CE%B9%CE%BA%CF%8C-%CF%80%CE%B1%CE%B9%CF%87%CE%BD%CE%AF%CE%B4%CE%B9/ HTTP/2" 200 20975 "-" "Mozilla/5.0 AppleWebKit/537.36 (KHTML, like Gecko; compatible; bingbot/2.0; +http://www.bing.com/bingbot.htm) Chrome/116.0.1938.76 Safari/537.36"
52.167.144.139 - - [29/Apr/2026:14:17:54 +0300] "GET /casinon-med-rapp-uttag-2026-utfor-casino-uttag-genast/ HTTP/2" 200 19127 "-" "Mozilla/5.0 AppleWebKit/537.36 (KHTML, like Gecko; compatible; bingbot/2.0; +http://www.bing.com/bingbot.htm) Chrome/116.0.1938.76 Safari/537.36"
172.237.60.137 - - [29/Apr/2026:14:18:00 +0300] "GET /totally-free-ports-gamble-32178-casino-supercat-money-gambling-enterprise-slot-demos/ HTTP/1.1" 200 79496 "-" "Mozilla/5.0 (Windows NT 10.0; rv:125.0) Gecko/20100101 Firefox/125.0"
66.249.76.77 - - [29/Apr/2026:14:18:15 +0300] "GET /casino-barriere-enghien-les-bains-jeux-spectacles/undefined?ts=1775520000 HTTP/1.1" 200 0 "https://serhatburke.miroglu.net/casino-barriere-enghien-les-bains-jeux-spectacles/" "Mozilla/5.0 (Linux; Android 6.0.1; Nexus 5X Build/MMB29P) AppleWebKit/537.36 (KHTML, like Gecko) Chrome/147.0.7727.116 Mobile Safari/537.36 (compatible; Googlebot/2.1; +http://www.google.com/bot.html)"
52.167.144.139 - - [29/Apr/2026:14:18:06 +0300] "GET /die-gesamtheit-unter-einsatz-von-den-spielsaal-willkommensbonus-cash-runner-spielplatz-jetzt-decodieren/undefined?ts=1777460861 HTTP/2" 404 14373 "-" "Mozilla/5.0 AppleWebKit/537.36 (KHTML, like Gecko; compatible; bingbot/2.0; +http://www.bing.com/bingbot.htm) Chrome/116.0.1938.76 Safari/537.36"
66.249.76.78 - - [29/Apr/2026:14:18:30 +0300] "GET /casino-barriere-enghien-les-bains-jeux-spectacles/undefined?ts=1775520000 HTTP/1.1" 200 0 "https://serhatburke.miroglu.net/casino-barriere-enghien-les-bains-jeux-spectacles/" "Mozilla/5.0 (Linux; Android 6.0.1; Nexus 5X Build/MMB29P) AppleWebKit/537.36 (KHTML, like Gecko) Chrome/147.0.7727.116 Mobile Safari/537.36 (compatible; Googlebot/2.1; +http://www.google.com/bot.html)"
185.216.113.70 - - [29/Apr/2026:14:18:42 +0300] "POST /wp-cron.php?doing_wp_cron=1777461521.9532480239868164062500 HTTP/1.1" 200 448 "-" "WordPress/6.3.8; https://serhatburke.miroglu.net"
52.167.144.139 - - [29/Apr/2026:14:18:14 +0300] "GET /die-gesamtheit-unter-einsatz-von-den-spielsaal-willkommensbonus-cash-runner-spielplatz-jetzt-decodieren/undefined?ts=1777460861 HTTP/2" 404 14373 "-" "Mozilla/5.0 AppleWebKit/537.36 (KHTML, like Gecko; compatible; bingbot/2.0; +http://www.bing.com/bingbot.htm) Chrome/116.0.1938.76 Safari/537.36"
172.237.60.137 - - [29/Apr/2026:14:18:19 +0300] "POST /xmlrpc.php HTTP/1.1" 200 630 "-" "Mozilla/5.0 (Windows NT 10.0; Win64; x64) AppleWebKit/537.36 (KHTML, like Gecko) Chrome/114.0.0.0 Safari/537.36"
52.167.144.156 - - [29/Apr/2026:14:18:24 +0300] "GET /how-to-earn-in-the-blackjack-information-of-a-former-croupier/ HTTP/2" 200 17646 "-" "Mozilla/5.0 AppleWebKit/537.36 (KHTML, like Gecko; compatible; bingbot/2.0; +http://www.bing.com/bingbot.htm) Chrome/116.0.1938.76 Safari/537.36"
52.167.144.156 - - [29/Apr/2026:14:18:43 +0300] "GET /die-gesamtheit-unter-einsatz-von-den-spielsaal-willkommensbonus-cash-runner-spielplatz-jetzt-decodieren/undefined?ts=1777460859 HTTP/2" 404 14374 "-" "Mozilla/5.0 AppleWebKit/537.36 (KHTML, like Gecko; compatible; bingbot/2.0; +http://www.bing.com/bingbot.htm) Chrome/116.0.1938.76 Safari/537.36"
52.167.144.139 - - [29/Apr/2026:14:18:42 +0300] "GET /die-gesamtheit-unter-einsatz-von-den-spielsaal-willkommensbonus-cash-runner-spielplatz-jetzt-decodieren/undefined?ts=1777460861 HTTP/2" 404 14373 "-" "Mozilla/5.0 AppleWebKit/537.36 (KHTML, like Gecko; compatible; bingbot/2.0; +http://www.bing.com/bingbot.htm) Chrome/116.0.1938.76 Safari/537.36"
52.167.144.139 - - [29/Apr/2026:14:18:52 +0300] "GET /die-gesamtheit-unter-einsatz-von-den-spielsaal-willkommensbonus-cash-runner-spielplatz-jetzt-decodieren/undefined?ts=1777460861 HTTP/2" 404 14373 "-" "Mozilla/5.0 AppleWebKit/537.36 (KHTML, like Gecko; compatible; bingbot/2.0; +http://www.bing.com/bingbot.htm) Chrome/116.0.1938.76 Safari/537.36"
47.128.51.174 - - [29/Apr/2026:14:18:49 +0300] "GET /wino-casino-review-a-premier-destination-for-uk-players/ HTTP/2" 200 17739 "-" "Mozilla/5.0 (Linux; Android 5.0) AppleWebKit/537.36 (KHTML, like Gecko) Mobile Safari/537.36 (compatible; Bytespider; spider-feedback@bytedance.com)"
47.128.51.174 - - [29/Apr/2026:14:19:36 +0300] "GET /wp-content/plugins/contact-form-7/includes/css/styles.css?ver=5.8 HTTP/2" 200 878 "https://serhatburke.miroglu.net/wino-casino-review-a-premier-destination-for-uk-players/" "Mozilla/5.0 (Linux; Android 5.0) AppleWebKit/537.36 (KHTML, like Gecko) Mobile Safari/537.36 (compatible; Bytespider; spider-feedback@bytedance.com)"
47.128.51.174 - - [29/Apr/2026:14:19:36 +0300] "GET /wp-includes/css/dist/block-library/style.min.css?ver=6.3.8 HTTP/2" 200 12962 "https://serhatburke.miroglu.net/wino-casino-review-a-premier-destination-for-uk-players/" "Mozilla/5.0 (Linux; Android 5.0) AppleWebKit/537.36 (KHTML, like Gecko) Mobile Safari/537.36 (compatible; Bytespider; spider-feedback@bytedance.com)"
47.128.51.174 - - [29/Apr/2026:14:19:36 +0300] "GET /wp-content/themes/toppic/css/fontello.css?ver=4.2 HTTP/2" 200 1188 "https://serhatburke.miroglu.net/wino-casino-review-a-premier-destination-for-uk-players/" "Mozilla/5.0 (Linux; Android 5.0) AppleWebKit/537.36 (KHTML, like Gecko) Mobile Safari/537.36 (compatible; Bytespider; spider-feedback@bytedance.com)"
47.128.51.174 - - [29/Apr/2026:14:19:36 +0300] "GET /wp-content/themes/toppic/style.css?ver=4.2 HTTP/2" 200 22783 "https://serhatburke.miroglu.net/wino-casino-review-a-premier-destination-for-uk-players/" "Mozilla/5.0 (Linux; Android 5.0) AppleWebKit/537.36 (KHTML, like Gecko) Mobile Safari/537.36 (compatible; Bytespider; spider-feedback@bytedance.com)"
47.128.51.174 - - [29/Apr/2026:14:19:37 +0300] "GET /wp-content/themes/toppic/css/lightbox.css?ver=4.2 HTTP/2" 200 2342 "https://serhatburke.miroglu.net/wino-casino-review-a-premier-destination-for-uk-players/" "Mozilla/5.0 (Linux; Android 5.0) AppleWebKit/537.36 (KHTML, like Gecko) Mobile Safari/537.36 (compatible; Bytespider; spider-feedback@bytedance.com)"
47.128.51.174 - - [29/Apr/2026:14:19:37 +0300] "GET /wp-content/themes/toppic/css/woocommerce.css?ver=4.2 HTTP/2" 200 2234 "https://serhatburke.miroglu.net/wino-casino-review-a-premier-destination-for-uk-players/" "Mozilla/5.0 (Linux; Android 5.0) AppleWebKit/537.36 (KHTML, like Gecko) Mobile Safari/537.36 (compatible; Bytespider; spider-feedback@bytedance.com)"
47.128.51.174 - - [29/Apr/2026:14:19:38 +0300] "GET /wp-content/uploads/2023/08/favicon-16x16-3.png HTTP/2" 206 500 "https://serhatburke.miroglu.net/wino-casino-review-a-premier-destination-for-uk-players/" "Mozilla/5.0 (Linux; Android 5.0) AppleWebKit/537.36 (KHTML, like Gecko) Mobile Safari/537.36 (compatible; Bytespider; spider-feedback@bytedance.com)"
172.237.60.137 - - [29/Apr/2026:14:19:00 +0300] "POST /xmlrpc.php HTTP/1.1" 200 14527 "-" "Mozilla/5.0 (Windows NT 10.0; Win64; x64) AppleWebKit/537.36 (KHTML, like Gecko) Chrome/114.0.0.0 Safari/537.36"
185.216.113.70 - - [29/Apr/2026:14:19:46 +0300] "POST /wp-cron.php?doing_wp_cron=1777461586.3475499153137207031250 HTTP/1.1" 200 448 "-" "WordPress/6.3.8; https://serhatburke.miroglu.net"
40.77.167.3 - - [29/Apr/2026:14:19:22 +0300] "GET /lucaswychan-triviaqa-pairs-hard-neg-reasoning-embedding/ HTTP/2" 200 20489 "-" "Mozilla/5.0 AppleWebKit/537.36 (KHTML, like Gecko; compatible; bingbot/2.0; +http://www.bing.com/bingbot.htm) Chrome/116.0.1938.76 Safari/537.36"
185.216.113.70 - - [29/Apr/2026:14:20:02 +0300] "POST /wp-cron.php?doing_wp_cron=1777461602.7169570922851562500000 HTTP/1.1" 200 448 "-" "WordPress/6.3.8; https://serhatburke.miroglu.net"
52.167.144.139 - - [29/Apr/2026:14:19:35 +0300] "GET /die-gesamtheit-unter-einsatz-von-den-spielsaal-willkommensbonus-cash-runner-spielplatz-jetzt-decodieren/undefined?ts=1777460861 HTTP/2" 404 14373 "-" "Mozilla/5.0 AppleWebKit/537.36 (KHTML, like Gecko; compatible; bingbot/2.0; +http://www.bing.com/bingbot.htm) Chrome/116.0.1938.76 Safari/537.36"
172.237.60.137 - - [29/Apr/2026:14:19:40 +0300] "GET /puzzle-art-gallery-slot-demo-rtp-96-58-totally-party-gaming-bonus-free-enjoy/ HTTP/1.1" 200 78611 "-" "Mozilla/5.0 (Windows NT 10.0; Win64; x64) AppleWebKit/537.36 (KHTML, like Gecko) Chrome/124.0.0.0 Safari/537.36 Edg/124.0.0.0"
40.77.167.3 - - [29/Apr/2026:14:19:47 +0300] "GET /rise-out-of-olympus-1000-gain-likes-of-olympian-gods-to-earn-to-60000x-profits/ HTTP/2" 200 0 "-" "Mozilla/5.0 AppleWebKit/537.36 (KHTML, like Gecko; compatible; bingbot/2.0; +http://www.bing.com/bingbot.htm) Chrome/116.0.1938.76 Safari/537.36"
40.77.167.3 - - [29/Apr/2026:14:19:52 +0300] "GET /finest-no-deposit-bonuses-in-the-southern-adult-cams-2025-totally-free-revolves-federation-des-centers-sociaux-du-nord-jamais-de-calais/ HTTP/2" 200 0 "-" "Mozilla/5.0 AppleWebKit/537.36 (KHTML, like Gecko; compatible; bingbot/2.0; +http://www.bing.com/bingbot.htm) Chrome/116.0.1938.76 Safari/537.36"
47.128.51.123 - - [29/Apr/2026:14:20:00 +0300] "GET /category/70/ HTTP/2" 200 0 "-" "Mozilla/5.0 (Linux; Android 5.0) AppleWebKit/537.36 (KHTML, like Gecko) Mobile Safari/537.36 (compatible; Bytespider; spider-feedback@bytedance.com)"
47.128.121.67 - - [29/Apr/2026:14:20:03 +0300] "GET /wino-casino-review-a-premier-destination-for-uk-players/ HTTP/2" 200 0 "-" "Mozilla/5.0 (Linux; Android 5.0) AppleWebKit/537.36 (KHTML, like Gecko) Mobile Safari/537.36 (compatible; TikTokSpider; ttspider-feedback@tiktok.com)"
52.167.144.156 - - [29/Apr/2026:14:20:15 +0300] "GET /die-gesamtheit-unter-einsatz-von-den-spielsaal-willkommensbonus-cash-runner-spielplatz-jetzt-decodieren/undefined?ts=1777460859 HTTP/2" 200 0 "-" "Mozilla/5.0 AppleWebKit/537.36 (KHTML, like Gecko; compatible; bingbot/2.0; +http://www.bing.com/bingbot.htm) Chrome/116.0.1938.76 Safari/537.36"
185.216.113.70 - - [29/Apr/2026:14:21:18 +0300] "POST /wp-cron.php?doing_wp_cron=1777461678.0100929737091064453125 HTTP/1.1" 200 448 "-" "WordPress/6.3.8; https://serhatburke.miroglu.net"
185.216.113.70 - - [29/Apr/2026:14:21:21 +0300] "POST /wp-cron.php?doing_wp_cron=1777461681.1353049278259277343750 HTTP/1.1" 200 448 "-" "WordPress/6.3.8; https://serhatburke.miroglu.net"
172.237.60.137 - - [29/Apr/2026:14:20:19 +0300] "POST /xmlrpc.php HTTP/1.1" 200 630 "-" "Mozilla/5.0 (Windows NT 10.0; Win64; x64) AppleWebKit/537.36 (KHTML, like Gecko) Chrome/114.0.0.0 Safari/537.36"
52.167.144.139 - - [29/Apr/2026:14:20:34 +0300] "GET /die-gesamtheit-unter-einsatz-von-den-spielsaal-willkommensbonus-cash-runner-spielplatz-jetzt-decodieren/undefined?ts=1777460861 HTTP/2" 200 0 "-" "Mozilla/5.0 AppleWebKit/537.36 (KHTML, like Gecko; compatible; bingbot/2.0; +http://www.bing.com/bingbot.htm) Chrome/116.0.1938.76 Safari/537.36"
185.216.113.70 - - [29/Apr/2026:14:21:30 +0300] "POST /wp-cron.php?doing_wp_cron=1777461690.5541229248046875000000 HTTP/1.1" 200 448 "-" "WordPress/6.3.8; https://serhatburke.miroglu.net"
185.216.113.70 - - [29/Apr/2026:14:21:37 +0300] "POST /wp-cron.php?doing_wp_cron=1777461696.9550919532775878906250 HTTP/1.1" 200 448 "-" "WordPress/6.3.8; https://serhatburke.miroglu.net"
91.242.215.171 - - [29/Apr/2026:14:20:40 +0300] "POST /xmlrpc.php HTTP/1.1" 200 630 "-" "Mozilla/5.0 (Windows NT 10.0; Win64; x64) AppleWebKit/537.36 (KHTML, like Gecko) Chrome/114.0.0.0 Safari/537.36"
52.167.144.139 - - [29/Apr/2026:14:21:04 +0300] "GET /die-gesamtheit-unter-einsatz-von-den-spielsaal-willkommensbonus-cash-runner-spielplatz-jetzt-decodieren/undefined?ts=1777460861 HTTP/2" 200 0 "-" "Mozilla/5.0 AppleWebKit/537.36 (KHTML, like Gecko; compatible; bingbot/2.0; +http://www.bing.com/bingbot.htm) Chrome/116.0.1938.76 Safari/537.36"
47.128.51.129 - - [29/Apr/2026:14:21:09 +0300] "GET /category/70/ HTTP/2" 200 0 "-" "Mozilla/5.0 (Linux; Android 5.0) AppleWebKit/537.36 (KHTML, like Gecko) Mobile Safari/537.36 (compatible; Bytespider; spider-feedback@bytedance.com)"
185.216.113.70 - - [29/Apr/2026:14:22:12 +0300] "POST /wp-cron.php?doing_wp_cron=1777461732.0559680461883544921875 HTTP/1.1" 200 448 "-" "WordPress/6.3.8; https://serhatburke.miroglu.net"
52.167.144.139 - - [29/Apr/2026:14:21:24 +0300] "GET /unlocking-winning-strategies-tips-and-tricks-for-2/ HTTP/2" 200 0 "-" "Mozilla/5.0 AppleWebKit/537.36 (KHTML, like Gecko; compatible; bingbot/2.0; +http://www.bing.com/bingbot.htm) Chrome/116.0.1938.76 Safari/537.36"
52.167.144.156 - - [29/Apr/2026:14:21:35 +0300] "GET /kraken-vse-o-bezopastnosti-dostupa-v-darknet-2026/ HTTP/2" 200 0 "-" "Mozilla/5.0 AppleWebKit/537.36 (KHTML, like Gecko; compatible; bingbot/2.0; +http://www.bing.com/bingbot.htm) Chrome/116.0.1938.76 Safari/537.36"
185.216.113.70 - - [29/Apr/2026:14:22:27 +0300] "POST /wp-cron.php?doing_wp_cron=1777461747.0942680835723876953125 HTTP/1.1" 200 448 "-" "WordPress/6.3.8; https://serhatburke.miroglu.net"
52.167.144.139 - - [29/Apr/2026:14:21:52 +0300] "GET /golden-goddess-slot-play-this-igt-game-queen-ori-the-nile-rotiri-gratuite-autoritat-free/ HTTP/2" 200 0 "-" "Mozilla/5.0 AppleWebKit/537.36 (KHTML, like Gecko; compatible; bingbot/2.0; +http://www.bing.com/bingbot.htm) Chrome/116.0.1938.76 Safari/537.36"
52.167.144.139 - - [29/Apr/2026:14:21:54 +0300] "GET /papel-do-slot-wolf-gold-power-jackpot-jogue-aplicativo-desassazonado-casino-c-aparelho-acessivel-carsons-journey/ HTTP/2" 200 0 "-" "Mozilla/5.0 AppleWebKit/537.36 (KHTML, like Gecko; compatible; bingbot/2.0; +http://www.bing.com/bingbot.htm) Chrome/116.0.1938.76 Safari/537.36"
40.77.167.3 - - [29/Apr/2026:14:21:58 +0300] "GET /abordes-pour-facon-strategique-les-recompense-vivent-un-bon-outil/ HTTP/2" 200 0 "-" "Mozilla/5.0 AppleWebKit/537.36 (KHTML, like Gecko; compatible; bingbot/2.0; +http://www.bing.com/bingbot.htm) Chrome/116.0.1938.76 Safari/537.36"
5.45.72.211 - - [29/Apr/2026:14:22:36 +0300] "GET /wp-login.php HTTP/2" 200 0 "https://serhatburke.miroglu.net/" "Mozilla/5.0 (Windows NT 10.0; Win64; x64) AppleWebKit/537.36 (KHTML, like Gecko) Chrome/146.0.0.0 Safari/537.36"
172.237.60.137 - - [29/Apr/2026:14:21:28 +0300] "POST /xmlrpc.php HTTP/1.1" 200 14197 "-" "Mozilla/5.0 (Windows NT 10.0; Win64; x64) AppleWebKit/537.36 (KHTML, like Gecko) Chrome/114.0.0.0 Safari/537.36"
185.232.21.250 - - [29/Apr/2026:14:22:48 +0300] "GET /wp-login.php HTTP/2" 200 0 "https://serhatburke.miroglu.net/" "Mozilla/5.0 (Windows NT 10.0; Win64; x64) AppleWebKit/537.36 (KHTML, like Gecko) Chrome/147.0.0.0 Safari/537.36"
91.242.215.171 - - [29/Apr/2026:14:21:48 +0300] "POST /xmlrpc.php HTTP/1.1" 200 11351 "-" "Mozilla/5.0 (Windows NT 10.0; Win64; x64) AppleWebKit/537.36 (KHTML, like Gecko) Chrome/114.0.0.0 Safari/537.36"
52.167.144.139 - - [29/Apr/2026:14:22:27 +0300] "GET /die-gesamtheit-unter-einsatz-von-den-spielsaal-willkommensbonus-cash-runner-spielplatz-jetzt-decodieren/undefined?ts=1777460861 HTTP/2" 200 0 "-" "Mozilla/5.0 AppleWebKit/537.36 (KHTML, like Gecko; compatible; bingbot/2.0; +http://www.bing.com/bingbot.htm) Chrome/116.0.1938.76 Safari/537.36"
91.242.215.171 - - [29/Apr/2026:14:21:55 +0300] "POST /xmlrpc.php HTTP/1.1" 200 630 "-" "Mozilla/5.0 (Windows NT 10.0; Win64; x64) AppleWebKit/537.36 (KHTML, like Gecko) Chrome/114.0.0.0 Safari/537.36"
185.216.113.70 - - [29/Apr/2026:14:23:35 +0300] "POST /wp-cron.php?doing_wp_cron=1777461815.0597140789031982421875 HTTP/1.1" 200 448 "-" "WordPress/6.3.8; https://serhatburke.miroglu.net"
172.237.60.137 - - [29/Apr/2026:14:22:13 +0300] "POST /xmlrpc.php HTTP/1.1" 200 630 "-" "Mozilla/5.0 (Windows NT 10.0; Win64; x64) AppleWebKit/537.36 (KHTML, like Gecko) Chrome/114.0.0.0 Safari/537.36"
40.77.167.3 - - [29/Apr/2026:14:22:46 +0300] "GET /your-ultimate-guide-to-tronscan-the-complete-overview/ HTTP/2" 200 0 "-" "Mozilla/5.0 AppleWebKit/537.36 (KHTML, like Gecko; compatible; bingbot/2.0; +http://www.bing.com/bingbot.htm) Chrome/116.0.1938.76 Safari/537.36"
104.143.88.76 - - [29/Apr/2026:14:23:11 +0300] "GET /wino-casino-review-a-premier-destination-for-uk-players/ HTTP/2" 200 0 "-" "Mozilla/5.0 (Linux; Android 10; K) AppleWebKit/537.36 (KHTML, like Gecko) Chrome/128.0.0.0 Mobile Safari/537.36"
40.77.167.3 - - [29/Apr/2026:14:22:48 +0300] "GET /best-new-online-casinos-in-australia-toplist-for-4/ HTTP/2" 200 0 "-" "Mozilla/5.0 AppleWebKit/537.36 (KHTML, like Gecko; compatible; bingbot/2.0; +http://www.bing.com/bingbot.htm) Chrome/116.0.1938.76 Safari/537.36"
52.167.144.204 - - [29/Apr/2026:14:22:51 +0300] "GET /book-of-jewel-sea-pirate-riches-bonus-infantilidade-slot-ra-dinheiro-contemporaneo-analise-completa-rtp-96-slots-brasil/ HTTP/2" 200 0 "-" "Mozilla/5.0 AppleWebKit/537.36 (KHTML, like Gecko; compatible; bingbot/2.0; +http://www.bing.com/bingbot.htm) Chrome/116.0.1938.76 Safari/537.36"
185.232.21.250 - - [29/Apr/2026:14:23:16 +0300] "POST /xmlrpc.php HTTP/1.1" 200 0 "https://serhatburke.miroglu.net/" "Mozilla/5.0 (Windows NT 10.0; Win64; x64) AppleWebKit/537.36 (KHTML, like Gecko) Chrome/122.0.0.0 Safari/537.36"
185.216.113.70 - - [29/Apr/2026:14:23:50 +0300] "POST /wp-cron.php?doing_wp_cron=1777461830.1655910015106201171875 HTTP/1.1" 200 448 "-" "WordPress/6.3.8; https://serhatburke.miroglu.net"
170.245.24.96 - - [29/Apr/2026:14:23:41 +0300] "GET /wino-casino-review-a-premier-destination-for-uk-players/ HTTP/2" 200 0 "-" "Mozilla/5.0 (Linux; Android 10; K) AppleWebKit/537.36 (KHTML, like Gecko) Chrome/131.0.0.0 Mobile Safari/537.36"
185.216.113.70 - - [29/Apr/2026:14:23:54 +0300] "POST /wp-cron.php?doing_wp_cron=1777461834.2486679553985595703125 HTTP/1.1" 200 448 "-" "WordPress/6.3.8; https://serhatburke.miroglu.net"
185.232.21.250 - - [29/Apr/2026:14:23:25 +0300] "POST /xmlrpc.php HTTP/1.1" 200 0 "https://serhatburke.miroglu.net/" "Mozilla/5.0 (Windows NT 10.0; Win64; x64) AppleWebKit/537.36 (KHTML, like Gecko) Chrome/122.0.0.0 Safari/537.36"
185.216.113.70 - - [29/Apr/2026:14:23:59 +0300] "POST /wp-cron.php?doing_wp_cron=1777461839.4548349380493164062500 HTTP/1.1" 200 448 "-" "WordPress/6.3.8; https://serhatburke.miroglu.net"
185.216.113.70 - - [29/Apr/2026:14:24:11 +0300] "POST /wp-cron.php?doing_wp_cron=1777461851.4463379383087158203125 HTTP/1.1" 200 448 "-" "WordPress/6.3.8; https://serhatburke.miroglu.net"
172.237.60.137 - - [29/Apr/2026:14:23:05 +0300] "GET /the-newest-casinos-on-10-deposit-bonus-slots-the-internet-find-best-wishes-us-websites-within-the-2026/ HTTP/1.1" 200 79027 "-" "Mozilla/5.0 (Windows NT 10.0; Win64; x64) AppleWebKit/537.36 (KHTML, like Gecko) Chrome/124.0.0.0 Safari/537.36 Edg/124.0.0.0"
107.173.234.229 - - [29/Apr/2026:14:23:56 +0300] "GET /wino-casino-review-a-premier-destination-for-uk-players/ HTTP/1.1" 200 0 "http://www.baidu.net/" "Mozilla/5.0 (Linux; Android 6.0; Nexus 5 Build/MRA58N) AppleWebKit/537.36 (KHTML, like Gecko) Chrome/122.0.0.0 Mobile Safari/537.36 Edg/122.0.0.0"
185.216.113.70 - - [29/Apr/2026:14:24:28 +0300] "POST /wp-cron.php?doing_wp_cron=1777461868.1442708969116210937500 HTTP/1.1" 200 448 "-" "WordPress/6.3.8; https://serhatburke.miroglu.net"
91.242.215.171 - - [29/Apr/2026:14:23:14 +0300] "GET /bis-zum-projektende-2023-plansoll-unser-denkmallandschaft-niedersachsens-ringsum-gangbar-zur-gesetz-geschrieben-stehen/ HTTP/1.1" 200 67569 "-" "Mozilla/5.0 (Windows NT 10.0; Win64; x64; rv:124.0) Gecko/20100101 Firefox/124.0"
185.216.113.70 - - [29/Apr/2026:14:24:34 +0300] "POST /wp-cron.php?doing_wp_cron=1777461874.6598529815673828125000 HTTP/1.1" 200 448 "-" "WordPress/6.3.8; https://serhatburke.miroglu.net"
185.216.113.70 - - [29/Apr/2026:14:24:42 +0300] "POST /wp-cron.php?doing_wp_cron=1777461882.0613839626312255859375 HTTP/1.1" 200 448 "-" "WordPress/6.3.8; https://serhatburke.miroglu.net"
91.242.215.171 - - [29/Apr/2026:14:23:23 +0300] "POST /xmlrpc.php HTTP/1.1" 200 10235 "-" "Mozilla/5.0 (Windows NT 10.0; Win64; x64) AppleWebKit/537.36 (KHTML, like Gecko) Chrome/114.0.0.0 Safari/537.36"
185.216.113.70 - - [29/Apr/2026:14:24:50 +0300] "POST /wp-cron.php?doing_wp_cron=1777461890.1380650997161865234375 HTTP/1.1" 200 448 "-" "WordPress/6.3.8; https://serhatburke.miroglu.net"
172.237.60.137 - - [29/Apr/2026:14:23:42 +0300] "POST /xmlrpc.php HTTP/1.1" 200 14098 "-" "Mozilla/5.0 (Windows NT 10.0; Win64; x64) AppleWebKit/537.36 (KHTML, like Gecko) Chrome/114.0.0.0 Safari/537.36"
216.73.217.81 - - [29/Apr/2026:14:25:03 +0300] "GET /sitemap.xml HTTP/2" 200 0 "-" "Mozilla/5.0 AppleWebKit/537.36 (KHTML, like Gecko; compatible; ClaudeBot/1.0; +claudebot@anthropic.com)"
185.216.113.70 - - [29/Apr/2026:14:25:19 +0300] "POST /wp-cron.php?doing_wp_cron=1777461919.6445960998535156250000 HTTP/1.1" 200 448 "-" "WordPress/6.3.8; https://serhatburke.miroglu.net"
172.237.60.137 - - [29/Apr/2026:14:24:00 +0300] "POST /xmlrpc.php HTTP/1.1" 200 630 "-" "Mozilla/5.0 (Windows NT 10.0; Win64; x64) AppleWebKit/537.36 (KHTML, like Gecko) Chrome/114.0.0.0 Safari/537.36"
185.216.113.70 - - [29/Apr/2026:14:25:21 +0300] "POST /wp-cron.php?doing_wp_cron=1777461920.8550469875335693359375 HTTP/1.1" 200 448 "-" "WordPress/6.3.8; https://serhatburke.miroglu.net"
66.225.242.65 - - [29/Apr/2026:14:24:59 +0300] "GET /wino-casino-review-a-premier-destination-for-uk-players/ HTTP/2" 200 0 "https://serhatburke.miroglu.net/" "Mozilla/5.0 (Linux; Android 10; K) AppleWebKit/537.36 (KHTML, like Gecko) Chrome/131.0.0.0 Mobile Safari/537.36 EdgA/131.0.0.0"
40.77.177.136 - - [29/Apr/2026:14:24:56 +0300] "GET /die-gesamtheit-unter-einsatz-von-den-spielsaal-willkommensbonus-cash-runner-spielplatz-jetzt-decodieren/ HTTP/2" 200 0 "-" "Mozilla/5.0 AppleWebKit/537.36 (KHTML, like Gecko; compatible; bingbot/2.0; +http://www.bing.com/bingbot.htm) Chrome/136.0.0.0 Safari/537.36"
185.216.113.70 - - [29/Apr/2026:14:25:59 +0300] "POST /wp-cron.php?doing_wp_cron=1777461958.9381830692291259765625 HTTP/1.1" 200 448 "-" "WordPress/6.3.8; https://serhatburke.miroglu.net"
104.171.152.17 - - [29/Apr/2026:14:25:35 +0300] "GET /wino-casino-review-a-premier-destination-for-uk-players/ HTTP/2" 200 0 "https://www.miroglu.net/" "Mozilla/5.0 (Linux; Android 14; Pixel 6 Pro) AppleWebKit/537.36 (KHTML, like Gecko) Chrome/122.0.6261.119 Mobile Safari/537.36 OPR/81.2.4292.78581"
190.212.127.52 - - [29/Apr/2026:14:24:26 +0300] "GET /wino-casino-review-a-premier-destination-for-uk-players/ HTTP/2" 200 17739 "-" "Mozilla/5.0 (Linux; Android 15; SM-A556E Build/AP3A.240905.015.A2; ) AppleWebKit/537.36 (KHTML, like Gecko) Chrome/124.0.0.0 Mobile Safari/537.36 EdgA/124.0.2478.64"
193.188.123.154 - - [29/Apr/2026:14:25:44 +0300] "POST /xmlrpc.php HTTP/2" 200 0 "-" "WordPress/XMLRPC Client"
185.216.113.70 - - [29/Apr/2026:14:26:19 +0300] "POST /wp-cron.php?doing_wp_cron=1777461979.8776559829711914062500 HTTP/1.1" 200 448 "-" "WordPress/6.3.8; https://serhatburke.miroglu.net"
185.216.113.70 - - [29/Apr/2026:14:26:21 +0300] "POST /wp-cron.php?doing_wp_cron=1777461981.2708458900451660156250 HTTP/1.1" 200 448 "-" "WordPress/6.3.8; https://serhatburke.miroglu.net"
91.242.215.171 - - [29/Apr/2026:14:24:44 +0300] "GET /so-lange-welche-bonusgeld-unter-anderem-freispiele-nicht-im-bereich-bei-seventy-two-stunden-gebrauchen-oder-vorubergehen-exitus-die-kunden/ HTTP/1.1" 200 76689 "-" "Mozilla/5.0 (Windows NT 10.0; rv:109.0) Gecko/20100101 Firefox/115.0"
172.237.60.137 - - [29/Apr/2026:14:24:52 +0300] "GET /the-fresh-ports-2025-we-supply-the-newest-80-free-spins-no-deposit-bonuses-ports/ HTTP/1.1" 200 78311 "-" "Mozilla/5.0 (Windows NT 10.0; Win64; x64) AppleWebKit/537.36 (KHTML, like Gecko) Chrome/123.0.0.0 Safari/537.36 OPR/109.0.0.0"
40.77.177.136 - - [29/Apr/2026:14:25:42 +0300] "GET /die-gesamtheit-unter-einsatz-von-den-spielsaal-willkommensbonus-cash-runner-spielplatz-jetzt-decodieren/ HTTP/2" 200 0 "-" "Mozilla/5.0 AppleWebKit/537.36 (KHTML, like Gecko; compatible; bingbot/2.0; +http://www.bing.com/bingbot.htm) Chrome/136.0.0.0 Safari/537.36"
185.216.113.70 - - [29/Apr/2026:14:26:41 +0300] "POST /wp-cron.php?doing_wp_cron=1777462001.2595438957214355468750 HTTP/1.1" 200 448 "-" "WordPress/6.3.8; https://serhatburke.miroglu.net"
172.237.60.137 - - [29/Apr/2026:14:25:27 +0300] "POST /xmlrpc.php HTTP/1.1" 200 15030 "-" "Mozilla/5.0 (Windows NT 10.0; Win64; x64) AppleWebKit/537.36 (KHTML, like Gecko) Chrome/114.0.0.0 Safari/537.36"
130.49.76.168 - - [29/Apr/2026:14:26:14 +0300] "POST /xmlrpc.php HTTP/2" 200 0 "-" "WordPress/XMLRPC Client"
185.216.113.70 - - [29/Apr/2026:14:26:57 +0300] "POST /wp-cron.php?doing_wp_cron=1777462017.0709719657897949218750 HTTP/1.1" 200 448 "-" "WordPress/6.3.8; https://serhatburke.miroglu.net"
172.237.60.137 - - [29/Apr/2026:14:25:40 +0300] "POST /xmlrpc.php HTTP/1.1" 200 630 "-" "Mozilla/5.0 (Windows NT 10.0; Win64; x64) AppleWebKit/537.36 (KHTML, like Gecko) Chrome/114.0.0.0 Safari/537.36"
200.86.76.45 - - [29/Apr/2026:14:26:46 +0300] "POST /xmlrpc.php HTTP/2" 200 0 "-" "WordPress/XMLRPC Client"
185.216.113.70 - - [29/Apr/2026:14:27:18 +0300] "POST /wp-cron.php?doing_wp_cron=1777462038.6547329425811767578125 HTTP/1.1" 200 448 "-" "WordPress/6.3.8; https://serhatburke.miroglu.net"
91.242.215.171 - - [29/Apr/2026:14:26:12 +0300] "POST /xmlrpc.php HTTP/1.1" 200 630 "-" "Mozilla/5.0 (Windows NT 10.0; Win64; x64) AppleWebKit/537.36 (KHTML, like Gecko) Chrome/114.0.0.0 Safari/537.36"
185.216.113.70 - - [29/Apr/2026:14:27:41 +0300] "POST /wp-cron.php?doing_wp_cron=1777462061.0748460292816162109375 HTTP/1.1" 200 448 "-" "WordPress/6.3.8; https://serhatburke.miroglu.net"
91.242.215.171 - - [29/Apr/2026:14:26:24 +0300] "POST /xmlrpc.php HTTP/1.1" 200 627 "-" "Mozilla/5.0 (Windows NT 10.0; Win64; x64) AppleWebKit/537.36 (KHTML, like Gecko) Chrome/114.0.0.0 Safari/537.36"
99.240.128.153 - - [29/Apr/2026:14:27:17 +0300] "POST /xmlrpc.php HTTP/2" 200 0 "-" "WordPress/XMLRPC Client"
40.77.177.136 - - [29/Apr/2026:14:26:33 +0300] "GET /die-gesamtheit-unter-einsatz-von-den-spielsaal-willkommensbonus-cash-runner-spielplatz-jetzt-decodieren/ HTTP/2" 200 0 "-" "Mozilla/5.0 AppleWebKit/537.36 (KHTML, like Gecko; compatible; bingbot/2.0; +http://www.bing.com/bingbot.htm) Chrome/136.0.0.0 Safari/537.36"
52.167.144.204 - - [29/Apr/2026:14:27:13 +0300] "GET /poker-el-esparcimiento-de-mayor-pronto-la-forma-demo-con-una-resena/ HTTP/2" 200 0 "-" "Mozilla/5.0 AppleWebKit/537.36 (KHTML, like Gecko; compatible; bingbot/2.0; +http://www.bing.com/bingbot.htm) Chrome/116.0.1938.76 Safari/537.36"
40.77.167.3 - - [29/Apr/2026:14:27:17 +0300] "GET /harbors-greeting-bonuses-big-enjoy-incentives-can-boost-their-gamble-harbors-on-line-win-actual-money-experience/ HTTP/2" 200 0 "-" "Mozilla/5.0 AppleWebKit/537.36 (KHTML, like Gecko; compatible; bingbot/2.0; +http://www.bing.com/bingbot.htm) Chrome/116.0.1938.76 Safari/537.36"
52.167.144.204 - - [29/Apr/2026:14:27:17 +0300] "GET /2026s-best-paypal-gambling-enterprises-professional-verified-web-sites/ HTTP/2" 200 0 "-" "Mozilla/5.0 AppleWebKit/537.36 (KHTML, like Gecko; compatible; bingbot/2.0; +http://www.bing.com/bingbot.htm) Chrome/116.0.1938.76 Safari/537.36"
185.216.113.70 - - [29/Apr/2026:14:28:13 +0300] "POST /wp-cron.php?doing_wp_cron=1777462093.3586978912353515625000 HTTP/1.1" 200 448 "-" "WordPress/6.3.8; https://serhatburke.miroglu.net"
40.77.167.2 - - [29/Apr/2026:14:27:24 +0300] "GET /lottoland-gambling-establishment-big-crappy-wolf-great-book-of-magic-slot-machine-free-revolves-totally-free-and-no-deposit/ HTTP/2" 200 0 "-" "Mozilla/5.0 AppleWebKit/537.36 (KHTML, like Gecko; compatible; bingbot/2.0; +http://www.bing.com/bingbot.htm) Chrome/116.0.1938.76 Safari/537.36"
172.237.60.137 - - [29/Apr/2026:14:26:43 +0300] "GET /play-on-casino-dragons-inferno-the-internet-for-the-cellular/ HTTP/1.1" 200 78917 "-" "Mozilla/5.0 (Windows NT 10.0; Win64; x64) AppleWebKit/537.36 (KHTML, like Gecko) Chrome/123.0.0.0 Safari/537.36"
40.77.167.3 - - [29/Apr/2026:14:27:28 +0300] "GET /wager-ten-rating-forty-requirements-wr-4x-bonus-10x-put-min/ HTTP/2" 200 0 "-" "Mozilla/5.0 AppleWebKit/537.36 (KHTML, like Gecko; compatible; bingbot/2.0; +http://www.bing.com/bingbot.htm) Chrome/116.0.1938.76 Safari/537.36"
45.135.3.113 - - [29/Apr/2026:14:27:49 +0300] "POST /xmlrpc.php HTTP/2" 200 0 "-" "WordPress/XMLRPC Client"
185.216.113.70 - - [29/Apr/2026:14:28:28 +0300] "POST /wp-cron.php?doing_wp_cron=1777462107.9586610794067382812500 HTTP/1.1" 200 448 "-" "WordPress/6.3.8; https://serhatburke.miroglu.net"
172.237.60.137 - - [29/Apr/2026:14:27:04 +0300] "POST /xmlrpc.php HTTP/1.1" 200 16209 "-" "Mozilla/5.0 (Windows NT 10.0; Win64; x64) AppleWebKit/537.36 (KHTML, like Gecko) Chrome/114.0.0.0 Safari/537.36"
185.216.113.70 - - [29/Apr/2026:14:28:32 +0300] "POST /wp-cron.php?doing_wp_cron=1777462112.0460040569305419921875 HTTP/1.1" 200 448 "-" "WordPress/6.3.8; https://serhatburke.miroglu.net"
154.16.20.28 - - [29/Apr/2026:14:27:05 +0300] "GET /beste-casino-site-belgie-hoge-inzet/ HTTP/1.1" 200 19241 "-" "Mozilla/5.0 (compatible; Googlebot/2.1; +http://www.google.com/bot.html)"
185.216.113.70 - - [29/Apr/2026:14:28:37 +0300] "POST /wp-cron.php?doing_wp_cron=1777462117.3816630840301513671875 HTTP/1.1" 200 448 "-" "WordPress/6.3.8; https://serhatburke.miroglu.net"
91.242.215.171 - - [29/Apr/2026:14:27:26 +0300] "POST /xmlrpc.php HTTP/1.1" 200 8769 "-" "Mozilla/5.0 (Windows NT 10.0; Win64; x64) AppleWebKit/537.36 (KHTML, like Gecko) Chrome/114.0.0.0 Safari/537.36"
185.216.113.70 - - [29/Apr/2026:14:28:43 +0300] "POST /wp-cron.php?doing_wp_cron=1777462123.6557819843292236328125 HTTP/1.1" 200 448 "-" "WordPress/6.3.8; https://serhatburke.miroglu.net"
172.237.60.137 - - [29/Apr/2026:14:27:20 +0300] "POST /xmlrpc.php HTTP/1.1" 200 630 "-" "Mozilla/5.0 (Windows NT 10.0; Win64; x64) AppleWebKit/537.36 (KHTML, like Gecko) Chrome/114.0.0.0 Safari/537.36"
172.237.60.137 - - [29/Apr/2026:14:28:30 +0300] "GET /magic-the-brand-new-casino-888-tiger-no-deposit-bonus-meeting-adolescent-mutant-ninja-turtles-mechanics/ HTTP/1.1" 200 80930 "-" "Mozilla/5.0 (Windows NT 10.0; rv:125.0) Gecko/20100101 Firefox/125.0"
91.242.215.171 - - [29/Apr/2026:14:28:39 +0300] "GET /the-republic-from-malta-a-small-mediterranean-isle-is-just-one-of-the-finest-nations-when-speaking-of-gaming/ HTTP/1.1" 200 74152 "-" "Mozilla/5.0 (Windows NT 10.0; Win64; x64) AppleWebKit/537.36 (KHTML, like Gecko) Chrome/123.0.0.0 Safari/537.36"
172.237.60.137 - - [29/Apr/2026:14:28:51 +0300] "POST /xmlrpc.php HTTP/1.1" 200 15682 "-" "Mozilla/5.0 (Windows NT 10.0; Win64; x64) AppleWebKit/537.36 (KHTML, like Gecko) Chrome/114.0.0.0 Safari/537.36"
172.237.60.137 - - [29/Apr/2026:14:29:02 +0300] "POST /xmlrpc.php HTTP/1.1" 200 630 "-" "Mozilla/5.0 (Windows NT 10.0; Win64; x64) AppleWebKit/537.36 (KHTML, like Gecko) Chrome/114.0.0.0 Safari/537.36"
185.216.113.70 - - [29/Apr/2026:14:29:48 +0300] "POST /wp-cron.php?doing_wp_cron=1777462188.7213549613952636718750 HTTP/1.1" 200 448 "-" "WordPress/6.3.8; https://serhatburke.miroglu.net"
185.216.113.70 - - [29/Apr/2026:14:29:52 +0300] "POST /wp-cron.php?doing_wp_cron=1777462192.4645650386810302734375 HTTP/1.1" 200 448 "-" "WordPress/6.3.8; https://serhatburke.miroglu.net"
172.237.60.137 - - [29/Apr/2026:14:29:39 +0300] "POST /xmlrpc.php HTTP/1.1" 200 15229 "-" "Mozilla/5.0 (Windows NT 10.0; Win64; x64) AppleWebKit/537.36 (KHTML, like Gecko) Chrome/114.0.0.0 Safari/537.36"
172.237.60.137 - - [29/Apr/2026:14:29:31 +0300] "GET /best-no-deposit-extra-local-casino-promotions-within-the-all-of-us-grosvenor-free-spins-no-deposit-2023-march-2026/ HTTP/1.1" 200 80864 "-" "Mozilla/5.0 (Windows NT 10.0; Win64; x64) AppleWebKit/537.36 (KHTML, like Gecko) Chrome/123.0.0.0 Safari/537.36 OPR/109.0.0.0"
172.237.60.137 - - [29/Apr/2026:14:29:54 +0300] "GET /casilando-local-casino-casino-slots-village-100-free-spins-bonus-codes/ HTTP/1.1" 200 79176 "-" "Mozilla/5.0 (Windows NT 10.0; Win64; x64) AppleWebKit/537.36 (KHTML, like Gecko) Chrome/109.0.0.0 Safari/537.36"
185.216.113.70 - - [29/Apr/2026:14:30:54 +0300] "POST /wp-cron.php?doing_wp_cron=1777462253.9758169651031494140625 HTTP/1.1" 200 448 "-" "WordPress/6.3.8; https://serhatburke.miroglu.net"
172.237.60.137 - - [29/Apr/2026:14:30:42 +0300] "POST /xmlrpc.php HTTP/1.1" 200 630 "-" "Mozilla/5.0 (Windows NT 10.0; Win64; x64) AppleWebKit/537.36 (KHTML, like Gecko) Chrome/114.0.0.0 Safari/537.36"
172.237.60.137 - - [29/Apr/2026:14:31:00 +0300] "POST /xmlrpc.php HTTP/1.1" 200 15245 "-" "Mozilla/5.0 (Windows NT 10.0; Win64; x64) AppleWebKit/537.36 (KHTML, like Gecko) Chrome/114.0.0.0 Safari/537.36"
172.237.60.137 - - [29/Apr/2026:14:31:15 +0300] "GET /secret-art-gallery-free-ugc-casino-smart-mobile-login-within-the-roblox-my-good-morning-kitty-restaurant/ HTTP/1.1" 200 79966 "-" "Mozilla/5.0 (Windows NT 10.0; Win64; x64) AppleWebKit/537.36 (KHTML, like Gecko) Chrome/124.0.0.0 Safari/537.36"
185.216.113.70 - - [29/Apr/2026:14:32:51 +0300] "POST /wp-cron.php?doing_wp_cron=1777462371.3448200225830078125000 HTTP/1.1" 200 448 "-" "WordPress/6.3.8; https://serhatburke.miroglu.net"
40.77.167.2 - - [29/Apr/2026:14:32:35 +0300] "GET /ein-spielen-sie-pyramid-plunder-slots-faszinierender-slot-unteilbar-charmanten-agyptischen-thema/ HTTP/2" 200 18737 "-" "Mozilla/5.0 AppleWebKit/537.36 (KHTML, like Gecko; compatible; bingbot/2.0; +http://www.bing.com/bingbot.htm) Chrome/116.0.1938.76 Safari/537.36"
52.167.144.147 - - [29/Apr/2026:14:32:40 +0300] "GET /discover-the-power-of-bscscan-for-binance-smart-chain/ HTTP/2" 200 17865 "-" "Mozilla/5.0 AppleWebKit/537.36 (KHTML, like Gecko; compatible; bingbot/2.0; +http://www.bing.com/bingbot.htm) Chrome/116.0.1938.76 Safari/537.36"
52.167.144.204 - - [29/Apr/2026:14:32:44 +0300] "GET /dexscreener-deep-dive-your-smart-dex-scanner-guide/ HTTP/2" 200 20109 "-" "Mozilla/5.0 AppleWebKit/537.36 (KHTML, like Gecko; compatible; bingbot/2.0; +http://www.bing.com/bingbot.htm) Chrome/116.0.1938.76 Safari/537.36"
40.77.167.2 - - [29/Apr/2026:14:33:06 +0300] "GET /zodiac-gambling-establishment-offers-people-availing-which-bring-80-revolves-or-possibility-into-the-a-specific-games/ HTTP/2" 200 17873 "-" "Mozilla/5.0 AppleWebKit/537.36 (KHTML, like Gecko; compatible; bingbot/2.0; +http://www.bing.com/bingbot.htm) Chrome/116.0.1938.76 Safari/537.36"
185.216.113.70 - - [29/Apr/2026:14:33:50 +0300] "POST /wp-cron.php?doing_wp_cron=1777462430.6271510124206542968750 HTTP/1.1" 200 448 "-" "WordPress/6.3.8; https://serhatburke.miroglu.net"
57.128.22.95 - - [29/Apr/2026:14:33:38 +0300] "GET /novoline-casino-codice-bonus-registrazione/ HTTP/1.1" 200 17782 "-" "Mozilla/5.0 (compatible; Googlebot/2.1; +http://www.google.com/bot.html)"
185.216.113.70 - - [29/Apr/2026:14:40:55 +0300] "POST /wp-cron.php?doing_wp_cron=1777462855.8309960365295410156250 HTTP/1.1" 200 448 "-" "WordPress/6.3.8; https://serhatburke.miroglu.net"
104.239.105.126 - - [29/Apr/2026:14:40:36 +0300] "GET /zotabet-casino-bonus-premier-depot-2026/ HTTP/1.1" 200 16274 "https://serhatburke.miroglu.net/" "Mozilla/5.0 (Windows NT 10.0; Win64; x64) AppleWebKit/537.36 (KHTML, like Gecko) Chrome/130.0.0.0 Safari/537.36"
104.239.105.126 - - [29/Apr/2026:14:41:00 +0300] "GET /wp-includes/css/dist/block-library/style.min.css?ver=6.3.8 HTTP/1.1" 200 13578 "https://serhatburke.miroglu.net/zotabet-casino-bonus-premier-depot-2026/" "Mozilla/5.0 (Windows NT 10.0; Win64; x64) AppleWebKit/537.36 (KHTML, like Gecko) Chrome/145.0.0.0 Safari/537.36"
104.239.105.126 - - [29/Apr/2026:14:41:08 +0300] "GET /wp-content/plugins/contact-form-7/includes/css/styles.css?ver=5.8 HTTP/1.1" 200 1490 "https://serhatburke.miroglu.net/zotabet-casino-bonus-premier-depot-2026/" "Mozilla/5.0 (Windows NT 10.0; Win64; x64) AppleWebKit/537.36 (KHTML, like Gecko) Chrome/145.0.0.0 Safari/537.36"
104.239.105.126 - - [29/Apr/2026:14:41:11 +0300] "GET /wp-content/themes/toppic/css/fontello.css?ver=4.2 HTTP/1.1" 200 1802 "https://serhatburke.miroglu.net/zotabet-casino-bonus-premier-depot-2026/" "Mozilla/5.0 (Windows NT 10.0; Win64; x64) AppleWebKit/537.36 (KHTML, like Gecko) Chrome/145.0.0.0 Safari/537.36"
104.239.105.126 - - [29/Apr/2026:14:41:13 +0300] "GET /wp-content/themes/toppic/css/reset.css?ver=4.2 HTTP/1.1" 200 1178 "https://serhatburke.miroglu.net/zotabet-casino-bonus-premier-depot-2026/" "Mozilla/5.0 (Windows NT 10.0; Win64; x64) AppleWebKit/537.36 (KHTML, like Gecko) Chrome/145.0.0.0 Safari/537.36"
104.239.105.126 - - [29/Apr/2026:14:41:15 +0300] "GET /wp-content/themes/toppic/css/default.css?ver=4.2 HTTP/1.1" 200 1811 "https://serhatburke.miroglu.net/zotabet-casino-bonus-premier-depot-2026/" "Mozilla/5.0 (Windows NT 10.0; Win64; x64) AppleWebKit/537.36 (KHTML, like Gecko) Chrome/145.0.0.0 Safari/537.36"
104.239.105.126 - - [29/Apr/2026:14:41:18 +0300] "GET /wp-content/themes/toppic/style.css?ver=4.2 HTTP/1.1" 200 23398 "https://serhatburke.miroglu.net/zotabet-casino-bonus-premier-depot-2026/" "Mozilla/5.0 (Windows NT 10.0; Win64; x64) AppleWebKit/537.36 (KHTML, like Gecko) Chrome/145.0.0.0 Safari/537.36"
104.239.105.126 - - [29/Apr/2026:14:41:22 +0300] "GET /wp-content/themes/toppic/css/royalslider.css?ver=4.2 HTTP/1.1" 200 1887 "https://serhatburke.miroglu.net/zotabet-casino-bonus-premier-depot-2026/" "Mozilla/5.0 (Windows NT 10.0; Win64; x64) AppleWebKit/537.36 (KHTML, like Gecko) Chrome/145.0.0.0 Safari/537.36"
104.239.105.126 - - [29/Apr/2026:14:41:24 +0300] "GET /wp-content/themes/toppic/css/rs-default.css?ver=4.2 HTTP/1.1" 200 2625 "https://serhatburke.miroglu.net/zotabet-casino-bonus-premier-depot-2026/" "Mozilla/5.0 (Windows NT 10.0; Win64; x64) AppleWebKit/537.36 (KHTML, like Gecko) Chrome/145.0.0.0 Safari/537.36"
104.239.105.126 - - [29/Apr/2026:14:41:27 +0300] "GET /wp-content/themes/toppic/css/lightbox.css?ver=4.2 HTTP/1.1" 200 2956 "https://serhatburke.miroglu.net/zotabet-casino-bonus-premier-depot-2026/" "Mozilla/5.0 (Windows NT 10.0; Win64; x64) AppleWebKit/537.36 (KHTML, like Gecko) Chrome/145.0.0.0 Safari/537.36"
104.239.105.126 - - [29/Apr/2026:14:41:31 +0300] "GET /wp-content/themes/toppic/css/woocommerce.css?ver=4.2 HTTP/1.1" 200 2848 "https://serhatburke.miroglu.net/zotabet-casino-bonus-premier-depot-2026/" "Mozilla/5.0 (Windows NT 10.0; Win64; x64) AppleWebKit/537.36 (KHTML, like Gecko) Chrome/145.0.0.0 Safari/537.36"
104.239.105.126 - - [29/Apr/2026:14:41:34 +0300] "GET /wp-content/themes/toppic/css/responsive.css?ver=4.2 HTTP/1.1" 200 2796 "https://serhatburke.miroglu.net/zotabet-casino-bonus-premier-depot-2026/" "Mozilla/5.0 (Windows NT 10.0; Win64; x64) AppleWebKit/537.36 (KHTML, like Gecko) Chrome/145.0.0.0 Safari/537.36"
185.216.113.70 - - [29/Apr/2026:14:41:51 +0300] "POST /wp-cron.php?doing_wp_cron=1777462911.4680750370025634765625 HTTP/1.1" 200 448 "-" "WordPress/6.3.8; https://serhatburke.miroglu.net"
104.239.105.126 - - [29/Apr/2026:14:41:37 +0300] "POST /wp-comments-post.php HTTP/1.1" 302 1087 "https://serhatburke.miroglu.net/zotabet-casino-bonus-premier-depot-2026/" "Mozilla/5.0 (Windows NT 10.0; Win64; x64) AppleWebKit/537.36 (KHTML, like Gecko) Chrome/130.0.0.0 Safari/537.36"
104.239.105.126 - - [29/Apr/2026:14:41:54 +0300] "GET /zotabet-casino-bonus-premier-depot-2026/?unapproved=881&moderation-hash=1ecb02c54738c5396769d76cc64c7ee1 HTTP/1.1" 200 19670 "https://serhatburke.miroglu.net/wp-comments-post.php" "Mozilla/5.0 (Windows NT 10.0; Win64; x64) AppleWebKit/537.36 (KHTML, like Gecko) Chrome/130.0.0.0 Safari/537.36"
101.0.62.214 - - [29/Apr/2026:14:42:12 +0300] "GET /zotabet-casino-bonus-premier-depot-2026/ HTTP/1.1" 200 19124 "-" "Mozilla/5.0 (compatible; Googlebot/2.1; +http://www.google.com/bot.html)"
185.216.113.70 - - [29/Apr/2026:14:42:39 +0300] "POST /wp-cron.php?doing_wp_cron=1777462959.6747090816497802734375 HTTP/1.1" 200 448 "-" "WordPress/6.3.8; https://serhatburke.miroglu.net"
57.128.22.95 - - [29/Apr/2026:14:42:23 +0300] "GET /28563-2/ HTTP/1.1" 200 19335 "https://serhatburke.miroglu.net/" "Mozilla/5.0 (Windows NT 10.0; Win64; x64; rv:149.0) Gecko/20100101 Firefox/149.0"
198.12.122.109 - - [29/Apr/2026:14:42:42 +0300] "GET /wp-includes/css/dist/block-library/style.min.css?ver=6.3.8 HTTP/1.1" 200 13578 "https://serhatburke.miroglu.net/28563-2/" "Mozilla/5.0 (Windows NT 10.0; Win64; x64) AppleWebKit/537.36 (KHTML, like Gecko) Chrome/145.0.0.0 Safari/537.36"
198.12.122.109 - - [29/Apr/2026:14:42:44 +0300] "GET /wp-content/plugins/contact-form-7/includes/css/styles.css?ver=5.8 HTTP/1.1" 200 1490 "https://serhatburke.miroglu.net/28563-2/" "Mozilla/5.0 (Windows NT 10.0; Win64; x64) AppleWebKit/537.36 (KHTML, like Gecko) Chrome/145.0.0.0 Safari/537.36"
198.12.122.109 - - [29/Apr/2026:14:42:46 +0300] "GET /wp-content/themes/toppic/css/fontello.css?ver=4.2 HTTP/1.1" 200 1802 "https://serhatburke.miroglu.net/28563-2/" "Mozilla/5.0 (Windows NT 10.0; Win64; x64) AppleWebKit/537.36 (KHTML, like Gecko) Chrome/145.0.0.0 Safari/537.36"
198.12.122.109 - - [29/Apr/2026:14:42:47 +0300] "GET /wp-content/themes/toppic/css/reset.css?ver=4.2 HTTP/1.1" 200 1178 "https://serhatburke.miroglu.net/28563-2/" "Mozilla/5.0 (Windows NT 10.0; Win64; x64) AppleWebKit/537.36 (KHTML, like Gecko) Chrome/145.0.0.0 Safari/537.36"
198.12.122.109 - - [29/Apr/2026:14:42:49 +0300] "GET /wp-content/themes/toppic/css/default.css?ver=4.2 HTTP/1.1" 200 1811 "https://serhatburke.miroglu.net/28563-2/" "Mozilla/5.0 (Windows NT 10.0; Win64; x64) AppleWebKit/537.36 (KHTML, like Gecko) Chrome/145.0.0.0 Safari/537.36"
198.12.122.109 - - [29/Apr/2026:14:42:50 +0300] "GET /wp-content/themes/toppic/style.css?ver=4.2 HTTP/1.1" 200 23398 "https://serhatburke.miroglu.net/28563-2/" "Mozilla/5.0 (Windows NT 10.0; Win64; x64) AppleWebKit/537.36 (KHTML, like Gecko) Chrome/145.0.0.0 Safari/537.36"
198.12.122.109 - - [29/Apr/2026:14:42:52 +0300] "GET /wp-content/themes/toppic/css/royalslider.css?ver=4.2 HTTP/1.1" 200 1887 "https://serhatburke.miroglu.net/28563-2/" "Mozilla/5.0 (Windows NT 10.0; Win64; x64) AppleWebKit/537.36 (KHTML, like Gecko) Chrome/145.0.0.0 Safari/537.36"
198.12.122.109 - - [29/Apr/2026:14:42:53 +0300] "GET /wp-content/themes/toppic/css/rs-default.css?ver=4.2 HTTP/1.1" 200 2625 "https://serhatburke.miroglu.net/28563-2/" "Mozilla/5.0 (Windows NT 10.0; Win64; x64) AppleWebKit/537.36 (KHTML, like Gecko) Chrome/145.0.0.0 Safari/537.36"
198.12.122.109 - - [29/Apr/2026:14:42:55 +0300] "GET /wp-content/themes/toppic/css/lightbox.css?ver=4.2 HTTP/1.1" 200 2956 "https://serhatburke.miroglu.net/28563-2/" "Mozilla/5.0 (Windows NT 10.0; Win64; x64) AppleWebKit/537.36 (KHTML, like Gecko) Chrome/145.0.0.0 Safari/537.36"
198.12.122.109 - - [29/Apr/2026:14:42:57 +0300] "GET /wp-content/themes/toppic/css/woocommerce.css?ver=4.2 HTTP/1.1" 200 2848 "https://serhatburke.miroglu.net/28563-2/" "Mozilla/5.0 (Windows NT 10.0; Win64; x64) AppleWebKit/537.36 (KHTML, like Gecko) Chrome/145.0.0.0 Safari/537.36"
198.12.122.109 - - [29/Apr/2026:14:42:58 +0300] "GET /wp-content/themes/toppic/css/responsive.css?ver=4.2 HTTP/1.1" 200 2796 "https://serhatburke.miroglu.net/28563-2/" "Mozilla/5.0 (Windows NT 10.0; Win64; x64) AppleWebKit/537.36 (KHTML, like Gecko) Chrome/145.0.0.0 Safari/537.36"
40.77.167.72 - - [29/Apr/2026:14:42:40 +0300] "GET /beste-iwinfortune-app-nedlasting-free-spins-inni-norge-2026-hent-tusenvis-av-free-spins/ HTTP/2" 200 19698 "-" "Mozilla/5.0 AppleWebKit/537.36 (KHTML, like Gecko; compatible; bingbot/2.0; +http://www.bing.com/bingbot.htm) Chrome/116.0.1938.76 Safari/537.36"
40.77.167.48 - - [29/Apr/2026:14:42:35 +0300] "GET /big-four-the-moon-princess-slot-machine-games/ HTTP/2" 200 18146 "-" "Mozilla/5.0 AppleWebKit/537.36 (KHTML, like Gecko; compatible; bingbot/2.0; +http://www.bing.com/bingbot.htm) Chrome/116.0.1938.76 Safari/537.36"
198.12.122.109 - - [29/Apr/2026:14:43:00 +0300] "POST /wp-comments-post.php HTTP/1.1" 302 1055 "https://serhatburke.miroglu.net/28563-2/" "Mozilla/5.0 (Windows NT 10.0; Win64; x64; rv:149.0) Gecko/20100101 Firefox/149.0"
185.216.113.70 - - [29/Apr/2026:14:43:43 +0300] "POST /wp-cron.php?doing_wp_cron=1777463023.4735529422760009765625 HTTP/1.1" 200 448 "-" "WordPress/6.3.8; https://serhatburke.miroglu.net"
40.77.167.72 - - [29/Apr/2026:14:43:16 +0300] "GET /demonstratsiya-i-revyu-na-slot-mashina-fat-santa-push-vulkan-vegas-zalaganiya-playing/ HTTP/2" 200 19636 "-" "Mozilla/5.0 AppleWebKit/537.36 (KHTML, like Gecko; compatible; bingbot/2.0; +http://www.bing.com/bingbot.htm) Chrome/116.0.1938.76 Safari/537.36"
198.12.122.109 - - [29/Apr/2026:14:43:20 +0300] "GET /28563-2/?unapproved=882&moderation-hash=ce4654e31c5b5860b14ee811b0572965 HTTP/1.1" 200 19874 "https://serhatburke.miroglu.net/wp-comments-post.php" "Mozilla/5.0 (Windows NT 10.0; Win64; x64; rv:149.0) Gecko/20100101 Firefox/149.0"
103.221.232.172 - - [29/Apr/2026:14:43:33 +0300] "GET /beste-casino-site-belgie-hoge-inzet/ HTTP/1.1" 200 19281 "https://serhatburke.miroglu.net/" "Mozilla/5.0 (Windows NT 10.0; Win64; x64; rv:147.0) Gecko/20100101 Firefox/147.0"
57.128.22.95 - - [29/Apr/2026:14:43:48 +0300] "GET /28563-2/ HTTP/1.1" 200 19297 "-" "Mozilla/5.0 (compatible; Googlebot/2.1; +http://www.google.com/bot.html)"
103.221.232.172 - - [29/Apr/2026:14:44:12 +0300] "GET /beste-casino-site-belgie-hoge-inzet/ HTTP/1.1" 200 19265 "https://serhatburke.miroglu.net/beste-casino-site-belgie-hoge-inzet/" "Mozilla/5.0 (Windows NT 6.3; Win64; x64) AppleWebKit/537.36 (KHTML, like Gecko) Chrome/103.0.0.0 Safari/537.36"
103.221.232.172 - - [29/Apr/2026:14:44:30 +0300] "GET /wp-includes/css/dist/block-library/style.min.css?ver=6.3.8 HTTP/1.1" 200 13578 "https://serhatburke.miroglu.net/beste-casino-site-belgie-hoge-inzet/" "Mozilla/5.0 (Windows NT 10.0; Win64; x64) AppleWebKit/537.36 (KHTML, like Gecko) Chrome/145.0.0.0 Safari/537.36"
103.221.232.172 - - [29/Apr/2026:14:44:30 +0300] "GET /wp-content/plugins/contact-form-7/includes/css/styles.css?ver=5.8 HTTP/1.1" 200 1490 "https://serhatburke.miroglu.net/beste-casino-site-belgie-hoge-inzet/" "Mozilla/5.0 (Windows NT 10.0; Win64; x64) AppleWebKit/537.36 (KHTML, like Gecko) Chrome/145.0.0.0 Safari/537.36"
103.221.232.172 - - [29/Apr/2026:14:44:31 +0300] "GET /wp-content/themes/toppic/css/fontello.css?ver=4.2 HTTP/1.1" 200 1802 "https://serhatburke.miroglu.net/beste-casino-site-belgie-hoge-inzet/" "Mozilla/5.0 (Windows NT 10.0; Win64; x64) AppleWebKit/537.36 (KHTML, like Gecko) Chrome/145.0.0.0 Safari/537.36"
103.221.232.172 - - [29/Apr/2026:14:44:31 +0300] "GET /wp-content/themes/toppic/css/reset.css?ver=4.2 HTTP/1.1" 200 1178 "https://serhatburke.miroglu.net/beste-casino-site-belgie-hoge-inzet/" "Mozilla/5.0 (Windows NT 10.0; Win64; x64) AppleWebKit/537.36 (KHTML, like Gecko) Chrome/145.0.0.0 Safari/537.36"
103.221.232.172 - - [29/Apr/2026:14:44:32 +0300] "GET /wp-content/themes/toppic/css/default.css?ver=4.2 HTTP/1.1" 200 1811 "https://serhatburke.miroglu.net/beste-casino-site-belgie-hoge-inzet/" "Mozilla/5.0 (Windows NT 10.0; Win64; x64) AppleWebKit/537.36 (KHTML, like Gecko) Chrome/145.0.0.0 Safari/537.36"
103.221.232.172 - - [29/Apr/2026:14:44:33 +0300] "GET /wp-content/themes/toppic/style.css?ver=4.2 HTTP/1.1" 200 23398 "https://serhatburke.miroglu.net/beste-casino-site-belgie-hoge-inzet/" "Mozilla/5.0 (Windows NT 10.0; Win64; x64) AppleWebKit/537.36 (KHTML, like Gecko) Chrome/145.0.0.0 Safari/537.36"
103.221.232.172 - - [29/Apr/2026:14:44:33 +0300] "GET /wp-content/themes/toppic/css/royalslider.css?ver=4.2 HTTP/1.1" 200 1887 "https://serhatburke.miroglu.net/beste-casino-site-belgie-hoge-inzet/" "Mozilla/5.0 (Windows NT 10.0; Win64; x64) AppleWebKit/537.36 (KHTML, like Gecko) Chrome/145.0.0.0 Safari/537.36"
103.221.232.172 - - [29/Apr/2026:14:44:34 +0300] "GET /wp-content/themes/toppic/css/rs-default.css?ver=4.2 HTTP/1.1" 200 2625 "https://serhatburke.miroglu.net/beste-casino-site-belgie-hoge-inzet/" "Mozilla/5.0 (Windows NT 10.0; Win64; x64) AppleWebKit/537.36 (KHTML, like Gecko) Chrome/145.0.0.0 Safari/537.36"
103.221.232.172 - - [29/Apr/2026:14:44:34 +0300] "GET /wp-content/themes/toppic/css/lightbox.css?ver=4.2 HTTP/1.1" 200 2956 "https://serhatburke.miroglu.net/beste-casino-site-belgie-hoge-inzet/" "Mozilla/5.0 (Windows NT 10.0; Win64; x64) AppleWebKit/537.36 (KHTML, like Gecko) Chrome/145.0.0.0 Safari/537.36"
