172.93.215.204 - - [30/Apr/2026:01:03:07 +0300] "GET /wp-content/themes/toppic/css/default.css?ver=4.2 HTTP/1.1" 200 1811 "https://serhatburke.miroglu.net/novoline-casino-codice-bonus-registrazione/" "Mozilla/5.0 (Windows NT 10.0; Win64; x64) AppleWebKit/537.36 (KHTML, like Gecko) Chrome/145.0.0.0 Safari/537.36"
172.93.215.204 - - [30/Apr/2026:01:03:07 +0300] "GET /wp-content/themes/toppic/style.css?ver=4.2 HTTP/1.1" 200 23398 "https://serhatburke.miroglu.net/novoline-casino-codice-bonus-registrazione/" "Mozilla/5.0 (Windows NT 10.0; Win64; x64) AppleWebKit/537.36 (KHTML, like Gecko) Chrome/145.0.0.0 Safari/537.36"
172.93.215.204 - - [30/Apr/2026:01:03:08 +0300] "GET /wp-content/themes/toppic/css/royalslider.css?ver=4.2 HTTP/1.1" 200 1887 "https://serhatburke.miroglu.net/novoline-casino-codice-bonus-registrazione/" "Mozilla/5.0 (Windows NT 10.0; Win64; x64) AppleWebKit/537.36 (KHTML, like Gecko) Chrome/145.0.0.0 Safari/537.36"
172.93.215.204 - - [30/Apr/2026:01:03:09 +0300] "GET /wp-content/themes/toppic/css/rs-default.css?ver=4.2 HTTP/1.1" 200 2625 "https://serhatburke.miroglu.net/novoline-casino-codice-bonus-registrazione/" "Mozilla/5.0 (Windows NT 10.0; Win64; x64) AppleWebKit/537.36 (KHTML, like Gecko) Chrome/145.0.0.0 Safari/537.36"
172.93.215.204 - - [30/Apr/2026:01:03:09 +0300] "GET /wp-content/themes/toppic/css/lightbox.css?ver=4.2 HTTP/1.1" 200 2956 "https://serhatburke.miroglu.net/novoline-casino-codice-bonus-registrazione/" "Mozilla/5.0 (Windows NT 10.0; Win64; x64) AppleWebKit/537.36 (KHTML, like Gecko) Chrome/145.0.0.0 Safari/537.36"
172.93.215.204 - - [30/Apr/2026:01:03:10 +0300] "GET /wp-content/themes/toppic/css/woocommerce.css?ver=4.2 HTTP/1.1" 200 2848 "https://serhatburke.miroglu.net/novoline-casino-codice-bonus-registrazione/" "Mozilla/5.0 (Windows NT 10.0; Win64; x64) AppleWebKit/537.36 (KHTML, like Gecko) Chrome/145.0.0.0 Safari/537.36"
172.93.215.204 - - [30/Apr/2026:01:03:10 +0300] "GET /wp-content/themes/toppic/css/responsive.css?ver=4.2 HTTP/1.1" 200 2796 "https://serhatburke.miroglu.net/novoline-casino-codice-bonus-registrazione/" "Mozilla/5.0 (Windows NT 10.0; Win64; x64) AppleWebKit/537.36 (KHTML, like Gecko) Chrome/145.0.0.0 Safari/537.36"
57.128.22.95 - - [30/Apr/2026:01:02:58 +0300] "GET /35849-2/ HTTP/1.1" 200 18401 "-" "Mozilla/5.0 (compatible; Googlebot/2.1; +http://www.google.com/bot.html)"
107.175.76.109 - - [30/Apr/2026:01:03:11 +0300] "GET /beste-casino-site-belgie-hoge-inzet/ HTTP/1.1" 200 19264 "-" "Mozilla/5.0 (compatible; Googlebot/2.1; +http://www.google.com/bot.html)"
172.93.215.204 - - [30/Apr/2026:01:03:11 +0300] "POST /wp-comments-post.php HTTP/1.1" 302 1090 "https://serhatburke.miroglu.net/novoline-casino-codice-bonus-registrazione/" "Mozilla/5.0 (Macintosh; Intel Mac OS X 10_15_7) AppleWebKit/537.36 (KHTML, like Gecko) Chrome/144.0.0.0 Safari/537.36"
172.93.215.204 - - [30/Apr/2026:01:03:25 +0300] "GET /novoline-casino-codice-bonus-registrazione/?unapproved=920&moderation-hash=d899db9cfa5bcbf26164fd6f663759b5 HTTP/1.1" 200 18217 "https://serhatburke.miroglu.net/wp-comments-post.php" "Mozilla/5.0 (Macintosh; Intel Mac OS X 10_15_7) AppleWebKit/537.36 (KHTML, like Gecko) Chrome/144.0.0.0 Safari/537.36"
185.216.113.70 - - [30/Apr/2026:01:03:51 +0300] "POST /wp-cron.php?doing_wp_cron=1777500231.6394059658050537109375 HTTP/1.1" 200 448 "-" "WordPress/6.3.8; https://serhatburke.miroglu.net"
172.93.215.204 - - [30/Apr/2026:01:03:39 +0300] "GET /novoline-casino-codice-bonus-registrazione/ HTTP/1.1" 200 17770 "-" "Mozilla/5.0 (compatible; Googlebot/2.1; +http://www.google.com/bot.html)"
185.216.113.70 - - [30/Apr/2026:01:06:21 +0300] "POST /wp-cron.php?doing_wp_cron=1777500381.9554219245910644531250 HTTP/1.1" 200 448 "-" "WordPress/6.3.8; https://serhatburke.miroglu.net"
52.167.144.147 - - [30/Apr/2026:01:06:04 +0300] "GET /die-besten-angeschlossen-casinos-uber-echtgeld-inside-das-schweiz-2026/ HTTP/2" 200 20490 "-" "Mozilla/5.0 AppleWebKit/537.36 (KHTML, like Gecko; compatible; bingbot/2.0; +http://www.bing.com/bingbot.htm) Chrome/116.0.1938.76 Safari/537.36"
40.77.167.6 - - [30/Apr/2026:01:06:07 +0300] "GET /guia-avanzada-de-juegos-en-vibebet-casino/ HTTP/2" 200 18010 "-" "Mozilla/5.0 AppleWebKit/537.36 (KHTML, like Gecko; compatible; bingbot/2.0; +http://www.bing.com/bingbot.htm) Chrome/116.0.1938.76 Safari/537.36"
40.77.167.132 - - [30/Apr/2026:01:06:09 +0300] "GET /rise-of-the-ronin-jeux-ps5/ HTTP/2" 200 20715 "-" "Mozilla/5.0 AppleWebKit/537.36 (KHTML, like Gecko; compatible; bingbot/2.0; +http://www.bing.com/bingbot.htm) Chrome/116.0.1938.76 Safari/537.36"
40.77.167.6 - - [30/Apr/2026:01:06:18 +0300] "GET /based-on-these-types-of-we-generate-a-whole-representative-views-you-to-may-differ-ranging-from-dreadful-and-you-can-advanced/ HTTP/2" 200 17764 "-" "Mozilla/5.0 AppleWebKit/537.36 (KHTML, like Gecko; compatible; bingbot/2.0; +http://www.bing.com/bingbot.htm) Chrome/116.0.1938.76 Safari/537.36"
103.219.169.229 - - [30/Apr/2026:01:06:22 +0300] "POST /xmlrpc.php HTTP/1.1" 200 630 "-" "Mozilla/5.0 (Windows NT 10.0; Win64; x64) AppleWebKit/537.36 (KHTML, like Gecko) Chrome/114.0.0.0 Safari/537.36"
185.216.113.70 - - [30/Apr/2026:01:07:00 +0300] "POST /wp-cron.php?doing_wp_cron=1777500420.1048319339752197265625 HTTP/1.1" 200 448 "-" "WordPress/6.3.8; https://serhatburke.miroglu.net"
40.77.167.132 - - [30/Apr/2026:01:06:45 +0300] "GET /full-day-tour-from-rome-to-pompeii-ruins-and-sorrento-coast-with-limoncello-tasting/ HTTP/2" 200 20943 "-" "Mozilla/5.0 AppleWebKit/537.36 (KHTML, like Gecko; compatible; bingbot/2.0; +http://www.bing.com/bingbot.htm) Chrome/116.0.1938.76 Safari/537.36"
40.77.167.132 - - [30/Apr/2026:01:06:49 +0300] "GET /amerika-birlesik-devletlerindeki-gercek-para-depozitsiz-goldbet-en-buyuk-visa-kumar-isletmeleri-2026-cevrimici-kumarhaneler-ustesinden-gelmek-icin-bir-tane/ HTTP/2" 200 18608 "-" "Mozilla/5.0 AppleWebKit/537.36 (KHTML, like Gecko; compatible; bingbot/2.0; +http://www.bing.com/bingbot.htm) Chrome/116.0.1938.76 Safari/537.36"
103.219.169.229 - - [30/Apr/2026:01:06:50 +0300] "POST /xmlrpc.php HTTP/1.1" 200 13476 "-" "Mozilla/5.0 (Windows NT 10.0; Win64; x64) AppleWebKit/537.36 (KHTML, like Gecko) Chrome/114.0.0.0 Safari/537.36"
172.93.215.204 - - [30/Apr/2026:01:07:16 +0300] "GET /novoline-casino-codice-bonus-registrazione/ HTTP/1.1" 200 17770 "-" "Mozilla/5.0 (compatible; Googlebot/2.1; +http://www.google.com/bot.html)"
185.216.113.70 - - [30/Apr/2026:01:08:03 +0300] "POST /wp-cron.php?doing_wp_cron=1777500483.0460860729217529296875 HTTP/1.1" 200 448 "-" "WordPress/6.3.8; https://serhatburke.miroglu.net"
103.219.169.229 - - [30/Apr/2026:01:07:50 +0300] "GET /betvictor-opinion-the-newest-bookmaker-to-your-better-sporting-events-chance/ HTTP/1.1" 200 77649 "-" "Mozilla/5.0 (Windows NT 10.0; rv:125.0) Gecko/20100101 Firefox/125.0"
57.128.22.95 - - [30/Apr/2026:01:07:54 +0300] "GET /35849-2/ HTTP/1.1" 200 18401 "-" "Mozilla/5.0 (compatible; Googlebot/2.1; +http://www.google.com/bot.html)"
185.216.113.70 - - [30/Apr/2026:01:08:59 +0300] "POST /wp-cron.php?doing_wp_cron=1777500539.6692070960998535156250 HTTP/1.1" 200 448 "-" "WordPress/6.3.8; https://serhatburke.miroglu.net"
57.128.22.95 - - [30/Apr/2026:01:08:47 +0300] "GET /automaty-hazard-online/ HTTP/1.1" 200 18473 "https://serhatburke.miroglu.net/" "Mozilla/5.0 (X11; Linux aarch64) AppleWebKit/537.36 (KHTML, like Gecko) Chrome/139.0.0.0 Safari/537.36"
45.84.192.5 - - [30/Apr/2026:01:08:54 +0300] "GET /28563-2/ HTTP/1.1" 200 19313 "https://serhatburke.miroglu.net/" "Mozilla/5.0 (X11; Ubuntu; Linux i686; rv:114.0) Gecko/20100101 Firefox/114.0"
104.168.112.71 - - [30/Apr/2026:01:09:02 +0300] "POST /wp-comments-post.php HTTP/1.1" 302 1070 "https://serhatburke.miroglu.net/automaty-hazard-online/" "Mozilla/5.0 (X11; Linux aarch64) AppleWebKit/537.36 (KHTML, like Gecko) Chrome/139.0.0.0 Safari/537.36"
45.84.192.5 - - [30/Apr/2026:01:09:14 +0300] "GET /28563-2/ HTTP/1.1" 200 19315 "https://serhatburke.miroglu.net/28563-2/" "Mozilla/5.0 (Windows NT 6.3; Win64; x64) AppleWebKit/537.36 (KHTML, like Gecko) Chrome/103.0.0.0 Safari/537.36"
45.84.192.5 - - [30/Apr/2026:01:09:29 +0300] "GET /wp-includes/css/dist/block-library/style.min.css?ver=6.3.8 HTTP/1.1" 200 13578 "https://serhatburke.miroglu.net/28563-2/" "Mozilla/5.0 (Windows NT 10.0; Win64; x64) AppleWebKit/537.36 (KHTML, like Gecko) Chrome/143.0.0.0 Safari/537.36"
45.84.192.5 - - [30/Apr/2026:01:09:29 +0300] "GET /wp-content/plugins/contact-form-7/includes/css/styles.css?ver=5.8 HTTP/1.1" 200 1490 "https://serhatburke.miroglu.net/28563-2/" "Mozilla/5.0 (Windows NT 10.0; Win64; x64) AppleWebKit/537.36 (KHTML, like Gecko) Chrome/143.0.0.0 Safari/537.36"
45.84.192.5 - - [30/Apr/2026:01:09:29 +0300] "GET /wp-content/themes/toppic/css/fontello.css?ver=4.2 HTTP/1.1" 200 1802 "https://serhatburke.miroglu.net/28563-2/" "Mozilla/5.0 (Windows NT 10.0; Win64; x64) AppleWebKit/537.36 (KHTML, like Gecko) Chrome/143.0.0.0 Safari/537.36"
45.84.192.5 - - [30/Apr/2026:01:09:29 +0300] "GET /wp-content/themes/toppic/css/reset.css?ver=4.2 HTTP/1.1" 200 1178 "https://serhatburke.miroglu.net/28563-2/" "Mozilla/5.0 (Windows NT 10.0; Win64; x64) AppleWebKit/537.36 (KHTML, like Gecko) Chrome/143.0.0.0 Safari/537.36"
45.84.192.5 - - [30/Apr/2026:01:09:29 +0300] "GET /wp-content/themes/toppic/css/default.css?ver=4.2 HTTP/1.1" 200 1811 "https://serhatburke.miroglu.net/28563-2/" "Mozilla/5.0 (Windows NT 10.0; Win64; x64) AppleWebKit/537.36 (KHTML, like Gecko) Chrome/143.0.0.0 Safari/537.36"
45.84.192.5 - - [30/Apr/2026:01:09:30 +0300] "GET /wp-content/themes/toppic/style.css?ver=4.2 HTTP/1.1" 200 23398 "https://serhatburke.miroglu.net/28563-2/" "Mozilla/5.0 (Windows NT 10.0; Win64; x64) AppleWebKit/537.36 (KHTML, like Gecko) Chrome/143.0.0.0 Safari/537.36"
45.84.192.5 - - [30/Apr/2026:01:09:30 +0300] "GET /wp-content/themes/toppic/css/royalslider.css?ver=4.2 HTTP/1.1" 200 1887 "https://serhatburke.miroglu.net/28563-2/" "Mozilla/5.0 (Windows NT 10.0; Win64; x64) AppleWebKit/537.36 (KHTML, like Gecko) Chrome/143.0.0.0 Safari/537.36"
45.84.192.5 - - [30/Apr/2026:01:09:30 +0300] "GET /wp-content/themes/toppic/css/rs-default.css?ver=4.2 HTTP/1.1" 200 2625 "https://serhatburke.miroglu.net/28563-2/" "Mozilla/5.0 (Windows NT 10.0; Win64; x64) AppleWebKit/537.36 (KHTML, like Gecko) Chrome/143.0.0.0 Safari/537.36"
45.84.192.5 - - [30/Apr/2026:01:09:30 +0300] "GET /wp-content/themes/toppic/css/lightbox.css?ver=4.2 HTTP/1.1" 200 2956 "https://serhatburke.miroglu.net/28563-2/" "Mozilla/5.0 (Windows NT 10.0; Win64; x64) AppleWebKit/537.36 (KHTML, like Gecko) Chrome/143.0.0.0 Safari/537.36"
104.168.112.71 - - [30/Apr/2026:01:09:18 +0300] "GET /automaty-hazard-online/?unapproved=921&moderation-hash=7b8bb276688d29e21aadec7ee19fc8e5 HTTP/1.1" 200 18849 "https://serhatburke.miroglu.net/wp-comments-post.php" "Mozilla/5.0 (X11; Linux aarch64) AppleWebKit/537.36 (KHTML, like Gecko) Chrome/139.0.0.0 Safari/537.36"
45.84.192.5 - - [30/Apr/2026:01:09:31 +0300] "GET /wp-content/themes/toppic/css/woocommerce.css?ver=4.2 HTTP/1.1" 200 2848 "https://serhatburke.miroglu.net/28563-2/" "Mozilla/5.0 (Windows NT 10.0; Win64; x64) AppleWebKit/537.36 (KHTML, like Gecko) Chrome/143.0.0.0 Safari/537.36"
45.84.192.5 - - [30/Apr/2026:01:09:31 +0300] "GET /wp-content/themes/toppic/css/responsive.css?ver=4.2 HTTP/1.1" 200 2796 "https://serhatburke.miroglu.net/28563-2/" "Mozilla/5.0 (Windows NT 10.0; Win64; x64) AppleWebKit/537.36 (KHTML, like Gecko) Chrome/143.0.0.0 Safari/537.36"
185.216.113.70 - - [30/Apr/2026:01:09:52 +0300] "POST /wp-cron.php?doing_wp_cron=1777500592.1776549816131591796875 HTTP/1.1" 200 448 "-" "WordPress/6.3.8; https://serhatburke.miroglu.net"
57.128.22.95 - - [30/Apr/2026:01:09:31 +0300] "GET /automaty-hazard-online/ HTTP/1.1" 200 18395 "-" "Mozilla/5.0 (compatible; Googlebot/2.1; +http://www.google.com/bot.html)"
45.84.192.5 - - [30/Apr/2026:01:09:31 +0300] "POST /wp-comments-post.php HTTP/1.1" 302 1055 "https://serhatburke.miroglu.net/28563-2/" "Mozilla/5.0 (Windows NT 6.3; Win64; x64) AppleWebKit/537.36 (KHTML, like Gecko) Chrome/103.0.0.0 Safari/537.36"
40.77.167.132 - - [30/Apr/2026:01:09:35 +0300] "GET /mobile-slots-2026-have-fun-with-the-finest-mobile-position-games-online/ HTTP/2" 200 19045 "-" "Mozilla/5.0 AppleWebKit/537.36 (KHTML, like Gecko; compatible; bingbot/2.0; +http://www.bing.com/bingbot.htm) Chrome/116.0.1938.76 Safari/537.36"
52.167.144.147 - - [30/Apr/2026:01:09:39 +0300] "GET /tronscan-navigating-the-world-of-tron-blockchain-effortlessly/ HTTP/2" 200 17639 "-" "Mozilla/5.0 AppleWebKit/537.36 (KHTML, like Gecko; compatible; bingbot/2.0; +http://www.bing.com/bingbot.htm) Chrome/116.0.1938.76 Safari/537.36"
52.167.144.213 - - [30/Apr/2026:01:09:44 +0300] "GET /reputatsiyata-na-bushuvashchiya-nosorog-razgledayte-2026-g-spechelete-prekrasen-drakon-koyto-predlaga-maksimum-250-sto/ HTTP/2" 200 20321 "-" "Mozilla/5.0 AppleWebKit/537.36 (KHTML, like Gecko; compatible; bingbot/2.0; +http://www.bing.com/bingbot.htm) Chrome/116.0.1938.76 Safari/537.36"
45.84.192.5 - - [30/Apr/2026:01:09:53 +0300] "GET /28563-2/?unapproved=922&moderation-hash=c04b11d000c4a798e0672495ccd66117 HTTP/1.1" 200 19846 "https://serhatburke.miroglu.net/wp-comments-post.php" "Mozilla/5.0 (Windows NT 6.3; Win64; x64) AppleWebKit/537.36 (KHTML, like Gecko) Chrome/103.0.0.0 Safari/537.36"
40.77.167.132 - - [30/Apr/2026:01:10:15 +0300] "GET /hugo-autonom-fletning-for-girls-with-guns-2-spillemaskine-spil-bred-nu/ HTTP/2" 200 20918 "-" "Mozilla/5.0 AppleWebKit/537.36 (KHTML, like Gecko; compatible; bingbot/2.0; +http://www.bing.com/bingbot.htm) Chrome/116.0.1938.76 Safari/537.36"
45.84.192.5 - - [30/Apr/2026:01:10:15 +0300] "GET /28563-2/ HTTP/1.1" 200 19315 "-" "Mozilla/5.0 (compatible; Googlebot/2.1; +http://www.google.com/bot.html)"
185.216.113.70 - - [30/Apr/2026:01:10:46 +0300] "POST /wp-cron.php?doing_wp_cron=1777500646.7909200191497802734375 HTTP/1.1" 200 448 "-" "WordPress/6.3.8; https://serhatburke.miroglu.net"
52.167.144.213 - - [30/Apr/2026:01:10:21 +0300] "GET /the-place-to-start-to-try-out-on-a-new-internet-casino/ HTTP/2" 200 17770 "-" "Mozilla/5.0 AppleWebKit/537.36 (KHTML, like Gecko; compatible; bingbot/2.0; +http://www.bing.com/bingbot.htm) Chrome/116.0.1938.76 Safari/537.36"
52.167.144.213 - - [30/Apr/2026:01:10:25 +0300] "GET /mr-bet-spielbank-welches-spielbank-an-irgendeinem-ort-diese-gegenseitig-in-schuss-halten-man-sagt-sie-seien/ HTTP/2" 200 20594 "-" "Mozilla/5.0 AppleWebKit/537.36 (KHTML, like Gecko; compatible; bingbot/2.0; +http://www.bing.com/bingbot.htm) Chrome/116.0.1938.76 Safari/537.36"
52.167.144.147 - - [30/Apr/2026:01:10:25 +0300] "GET /wilderness-value-ii/ HTTP/2" 200 18646 "-" "Mozilla/5.0 AppleWebKit/537.36 (KHTML, like Gecko; compatible; bingbot/2.0; +http://www.bing.com/bingbot.htm) Chrome/116.0.1938.76 Safari/537.36"
52.167.144.147 - - [30/Apr/2026:01:10:30 +0300] "GET /casino-med-swish-2026-rappa-swish-uttag-villig-casinon/ HTTP/2" 200 18704 "-" "Mozilla/5.0 AppleWebKit/537.36 (KHTML, like Gecko; compatible; bingbot/2.0; +http://www.bing.com/bingbot.htm) Chrome/116.0.1938.76 Safari/537.36"
52.167.144.224 - - [30/Apr/2026:01:11:04 +0300] "GET /wwf-10-free-no-deposit-online-casinos-image-the-country-broad-financing-to-possess-character/ HTTP/2" 200 18924 "-" "Mozilla/5.0 AppleWebKit/537.36 (KHTML, like Gecko; compatible; bingbot/2.0; +http://www.bing.com/bingbot.htm) Chrome/116.0.1938.76 Safari/537.36"
45.84.192.5 - - [30/Apr/2026:01:11:15 +0300] "GET /28563-2/ HTTP/1.1" 200 19290 "-" "Mozilla/5.0 (compatible; Googlebot/2.1; +http://www.google.com/bot.html)"
185.216.113.70 - - [30/Apr/2026:01:12:18 +0300] "POST /wp-cron.php?doing_wp_cron=1777500738.5317668914794921875000 HTTP/1.1" 200 448 "-" "WordPress/6.3.8; https://serhatburke.miroglu.net"
176.98.31.43 - - [30/Apr/2026:01:12:06 +0300] "POST /xmlrpc.php HTTP/1.1" 200 742 "-" "Mozilla/5.0 (Windows NT 10.0; WOW64; rv:45.0) Gecko/20100101 Firefox/45.0"
176.98.31.43 - - [30/Apr/2026:01:12:18 +0300] "GET /xmlrpc.php HTTP/1.1" 405 446 "-" "Mozilla/5.0 (Windows NT 10.0; WOW64; rv:45.0) Gecko/20100101 Firefox/45.0"
185.216.113.70 - - [30/Apr/2026:01:13:00 +0300] "POST /wp-cron.php?doing_wp_cron=1777500780.3508780002593994140625 HTTP/1.1" 200 448 "-" "WordPress/6.3.8; https://serhatburke.miroglu.net"
52.167.144.213 - - [30/Apr/2026:01:12:44 +0300] "GET /nejvetsi-sazkove-kancelare-zimpler-top-10-sazkovych-stranek-zimpler/ HTTP/2" 200 19096 "-" "Mozilla/5.0 AppleWebKit/537.36 (KHTML, like Gecko; compatible; bingbot/2.0; +http://www.bing.com/bingbot.htm) Chrome/116.0.1938.76 Safari/537.36"
40.77.167.132 - - [30/Apr/2026:01:12:45 +0300] "GET /how-to-monetize-this-site-eleven-smart-means-having-examples/ HTTP/2" 200 17496 "-" "Mozilla/5.0 AppleWebKit/537.36 (KHTML, like Gecko; compatible; bingbot/2.0; +http://www.bing.com/bingbot.htm) Chrome/116.0.1938.76 Safari/537.36"
52.167.144.224 - - [30/Apr/2026:01:12:47 +0300] "GET /daca-termenul-limita-este-scurt-nu-l-luati-decat-daca-sesiunea-dvs/ HTTP/2" 200 18250 "-" "Mozilla/5.0 AppleWebKit/537.36 (KHTML, like Gecko; compatible; bingbot/2.0; +http://www.bing.com/bingbot.htm) Chrome/116.0.1938.76 Safari/537.36"
40.77.167.132 - - [30/Apr/2026:01:13:06 +0300] "GET /freispiele-ohne-einzahlung-2026-100percent-gebuhrenfrei-and-fix/ HTTP/2" 200 20637 "-" "Mozilla/5.0 AppleWebKit/537.36 (KHTML, like Gecko; compatible; bingbot/2.0; +http://www.bing.com/bingbot.htm) Chrome/116.0.1938.76 Safari/537.36"
52.167.144.224 - - [30/Apr/2026:01:13:15 +0300] "GET /casumo-app-siehe-seite-download-pro-iphone-and-menschenahnlicher-roboter/ HTTP/2" 200 19998 "-" "Mozilla/5.0 AppleWebKit/537.36 (KHTML, like Gecko; compatible; bingbot/2.0; +http://www.bing.com/bingbot.htm) Chrome/116.0.1938.76 Safari/537.36"
185.216.113.70 - - [30/Apr/2026:01:13:40 +0300] "POST /wp-cron.php?doing_wp_cron=1777500820.1151039600372314453125 HTTP/1.1" 200 448 "-" "WordPress/6.3.8; https://serhatburke.miroglu.net"
52.167.144.213 - - [30/Apr/2026:01:13:20 +0300] "GET /non-alla-rinfusa-e-stata-considerata-quale-la-ottimale-mutamento-per-s/ HTTP/2" 200 17933 "-" "Mozilla/5.0 AppleWebKit/537.36 (KHTML, like Gecko; compatible; bingbot/2.0; +http://www.bing.com/bingbot.htm) Chrome/116.0.1938.76 Safari/537.36"
57.128.22.95 - - [30/Apr/2026:01:13:21 +0300] "GET /automaty-hazard-online/ HTTP/1.1" 200 18479 "-" "Mozilla/5.0 (compatible; Googlebot/2.1; +http://www.google.com/bot.html)"
40.77.167.132 - - [30/Apr/2026:01:13:25 +0300] "GET /jitawin-bangladesh-their-respected-place-to-go-for-casino-games-sports-betting/ HTTP/2" 200 17907 "-" "Mozilla/5.0 AppleWebKit/537.36 (KHTML, like Gecko; compatible; bingbot/2.0; +http://www.bing.com/bingbot.htm) Chrome/116.0.1938.76 Safari/537.36"
52.167.144.213 - - [30/Apr/2026:01:13:48 +0300] "GET /fa-fa-fa-position-opinion-2026-free-play-demonstration/ HTTP/2" 200 18752 "-" "Mozilla/5.0 AppleWebKit/537.36 (KHTML, like Gecko; compatible; bingbot/2.0; +http://www.bing.com/bingbot.htm) Chrome/116.0.1938.76 Safari/537.36"
165.73.242.8 - - [30/Apr/2026:01:14:00 +0300] "POST /xmlrpc.php HTTP/1.1" 200 630 "-" "Mozilla/5.0 (Windows NT 10.0; Win64; x64) AppleWebKit/537.36 (KHTML, like Gecko) Chrome/114.0.0.0 Safari/537.36"
185.216.113.70 - - [30/Apr/2026:01:14:33 +0300] "POST /wp-cron.php?doing_wp_cron=1777500873.0593340396881103515625 HTTP/1.1" 200 448 "-" "WordPress/6.3.8; https://serhatburke.miroglu.net"
165.73.242.8 - - [30/Apr/2026:01:14:20 +0300] "POST /xmlrpc.php HTTP/1.1" 200 12063 "-" "Mozilla/5.0 (Windows NT 10.0; Win64; x64) AppleWebKit/537.36 (KHTML, like Gecko) Chrome/114.0.0.0 Safari/537.36"
165.73.242.8 - - [30/Apr/2026:01:14:34 +0300] "GET /starcasino-voorjaar-actie-stormwind-100-firestorm-5-storting-fre-spins-op-etmaal/ HTTP/1.1" 200 76539 "-" "Mozilla/5.0 (Windows NT 10.0; Win64; x64; rv:125.0) Gecko/20100101 Firefox/125.0"
66.249.73.15 - - [30/Apr/2026:01:17:01 +0300] "GET /loki-casino-uk-an-exciting-world-of-video-slots/undefined?ts=1775520000 HTTP/1.1" 200 0 "https://serhatburke.miroglu.net/loki-casino-uk-an-exciting-world-of-video-slots/" "Mozilla/5.0 (Linux; Android 6.0.1; Nexus 5X Build/MMB29P) AppleWebKit/537.36 (KHTML, like Gecko) Chrome/147.0.7727.116 Mobile Safari/537.36 (compatible; Googlebot/2.1; +http://www.google.com/bot.html)"
185.216.113.70 - - [30/Apr/2026:01:17:29 +0300] "POST /wp-cron.php?doing_wp_cron=1777501049.0021779537200927734375 HTTP/1.1" 200 448 "-" "WordPress/6.3.8; https://serhatburke.miroglu.net"
52.167.144.211 - - [30/Apr/2026:01:17:15 +0300] "GET /kraken-aktual-nye-ssylki-i-bezopasnyi-vkhod-v-darknet/ HTTP/2" 200 18754 "-" "Mozilla/5.0 AppleWebKit/537.36 (KHTML, like Gecko; compatible; bingbot/2.0; +http://www.bing.com/bingbot.htm) Chrome/116.0.1938.76 Safari/537.36"
165.73.242.8 - - [30/Apr/2026:01:17:22 +0300] "POST /xmlrpc.php HTTP/1.1" 200 630 "-" "Mozilla/5.0 (Windows NT 10.0; Win64; x64) AppleWebKit/537.36 (KHTML, like Gecko) Chrome/114.0.0.0 Safari/537.36"
52.167.144.224 - - [30/Apr/2026:01:17:26 +0300] "GET /conheca-an-avantajado-ardil-para-aparelhar-e-abichar-afinar-mines/ HTTP/2" 200 20435 "-" "Mozilla/5.0 AppleWebKit/537.36 (KHTML, like Gecko; compatible; bingbot/2.0; +http://www.bing.com/bingbot.htm) Chrome/116.0.1938.76 Safari/537.36"
52.167.144.224 - - [30/Apr/2026:01:17:30 +0300] "GET /better-internet-casino-slot-jacks-or-better-1h-online-bonuses-2026-rating-4500-added-bonus-revolves/ HTTP/2" 200 19224 "-" "Mozilla/5.0 AppleWebKit/537.36 (KHTML, like Gecko; compatible; bingbot/2.0; +http://www.bing.com/bingbot.htm) Chrome/116.0.1938.76 Safari/537.36"
52.167.144.213 - - [30/Apr/2026:01:17:29 +0300] "GET /valoramos-demasiado-su-feedback-y-no-ha-transpirado-seguiremos-trabajando-con-el-fin-de-ofrecer-todo-el-tiempo-nuestro-preferiblemente-trabajo-en-solcasino/ HTTP/2" 200 18146 "-" "Mozilla/5.0 AppleWebKit/537.36 (KHTML, like Gecko; compatible; bingbot/2.0; +http://www.bing.com/bingbot.htm) Chrome/116.0.1938.76 Safari/537.36"
52.167.144.213 - - [30/Apr/2026:01:17:35 +0300] "GET /lottery-cops-and-robbers-slot-hotpicks-probability-of-successful-and-honours/ HTTP/2" 200 20004 "-" "Mozilla/5.0 AppleWebKit/537.36 (KHTML, like Gecko; compatible; bingbot/2.0; +http://www.bing.com/bingbot.htm) Chrome/116.0.1938.76 Safari/537.36"
52.167.144.211 - - [30/Apr/2026:01:17:40 +0300] "GET /all-the-betchain-gambling-enterprise-bonuses-march-2026-provided-casino-raging-bull-100-free-spins-with-loopx/ HTTP/2" 200 20469 "-" "Mozilla/5.0 AppleWebKit/537.36 (KHTML, like Gecko; compatible; bingbot/2.0; +http://www.bing.com/bingbot.htm) Chrome/116.0.1938.76 Safari/537.36"
102.221.34.103 - - [30/Apr/2026:01:17:44 +0300] "POST /xmlrpc.php HTTP/1.1" 200 630 "-" "Mozilla/5.0 (Windows NT 10.0; Win64; x64) AppleWebKit/537.36 (KHTML, like Gecko) Chrome/114.0.0.0 Safari/537.36"
165.73.242.8 - - [30/Apr/2026:01:17:56 +0300] "POST /xmlrpc.php HTTP/1.1" 200 12337 "-" "Mozilla/5.0 (Windows NT 10.0; Win64; x64) AppleWebKit/537.36 (KHTML, like Gecko) Chrome/114.0.0.0 Safari/537.36"
52.167.144.224 - - [30/Apr/2026:01:18:15 +0300] "GET /something-to-note-the-latest-mixture-of-gambling-enterprise-and-you-will-sportsbook-is-actually-smooth/ HTTP/2" 200 17847 "-" "Mozilla/5.0 AppleWebKit/537.36 (KHTML, like Gecko; compatible; bingbot/2.0; +http://www.bing.com/bingbot.htm) Chrome/116.0.1938.76 Safari/537.36"
185.216.113.70 - - [30/Apr/2026:01:18:49 +0300] "POST /wp-cron.php?doing_wp_cron=1777501129.8378829956054687500000 HTTP/1.1" 200 448 "-" "WordPress/6.3.8; https://serhatburke.miroglu.net"
52.167.144.211 - - [30/Apr/2026:01:18:26 +0300] "GET /boche-erreichbar-casino-bonus-abzuglich-einzahlung-2026-zuverlassige-angebote-im-gesamtschau/ HTTP/2" 200 20660 "-" "Mozilla/5.0 AppleWebKit/537.36 (KHTML, like Gecko; compatible; bingbot/2.0; +http://www.bing.com/bingbot.htm) Chrome/116.0.1938.76 Safari/537.36"
165.73.242.8 - - [30/Apr/2026:01:18:25 +0300] "GET /offlin-gokkasten-noppes-performen-ervoor-leuk-wicked-jackpots-mobiel-casino-android-of-strafbaar/ HTTP/1.1" 200 77380 "-" "Mozilla/5.0 (Windows NT 10.0; Win64; x64) AppleWebKit/537.36 (KHTML, like Gecko) Chrome/124.0.0.0 Safari/537.36 Edg/124.0.0.0"
102.221.34.103 - - [30/Apr/2026:01:18:27 +0300] "POST /xmlrpc.php HTTP/1.1" 200 15319 "-" "Mozilla/5.0 (Windows NT 10.0; Win64; x64) AppleWebKit/537.36 (KHTML, like Gecko) Chrome/114.0.0.0 Safari/537.36"
52.167.144.213 - - [30/Apr/2026:01:18:30 +0300] "GET /freispiele-blos-einzahlung-dritter-monat-des-jahres-online-casino-deutschland-echtgeld-2026/ HTTP/2" 200 20006 "-" "Mozilla/5.0 AppleWebKit/537.36 (KHTML, like Gecko; compatible; bingbot/2.0; +http://www.bing.com/bingbot.htm) Chrome/116.0.1938.76 Safari/537.36"
102.221.34.103 - - [30/Apr/2026:01:18:53 +0300] "GET /gamblezens-personal-sixty-free-spins-no-bitstarz-casino-top-deposit-extra/ HTTP/1.1" 200 79286 "-" "Mozilla/5.0 (Windows NT 10.0; Win64; x64) AppleWebKit/537.36 (KHTML, like Gecko) Chrome/123.0.0.0 Safari/537.36"
52.167.144.210 - - [30/Apr/2026:01:18:58 +0300] "GET /triple-diamond-slot-machine-because-of-the-igt-enjoy-on-the-internet-100percent-free/ HTTP/2" 200 20137 "-" "Mozilla/5.0 AppleWebKit/537.36 (KHTML, like Gecko; compatible; bingbot/2.0; +http://www.bing.com/bingbot.htm) Chrome/116.0.1938.76 Safari/537.36"
185.216.113.70 - - [30/Apr/2026:01:20:26 +0300] "POST /wp-cron.php?doing_wp_cron=1777501226.6858999729156494140625 HTTP/1.1" 200 448 "-" "WordPress/6.3.8; https://serhatburke.miroglu.net"
165.73.242.8 - - [30/Apr/2026:01:20:14 +0300] "POST /xmlrpc.php HTTP/1.1" 200 630 "-" "Mozilla/5.0 (Windows NT 10.0; Win64; x64) AppleWebKit/537.36 (KHTML, like Gecko) Chrome/114.0.0.0 Safari/537.36"
165.73.242.8 - - [30/Apr/2026:01:20:33 +0300] "POST /xmlrpc.php HTTP/1.1" 200 12599 "-" "Mozilla/5.0 (Windows NT 10.0; Win64; x64) AppleWebKit/537.36 (KHTML, like Gecko) Chrome/114.0.0.0 Safari/537.36"
185.216.113.70 - - [30/Apr/2026:01:20:58 +0300] "POST /wp-cron.php?doing_wp_cron=1777501258.7026948928833007812500 HTTP/1.1" 200 448 "-" "WordPress/6.3.8; https://serhatburke.miroglu.net"
165.73.242.8 - - [30/Apr/2026:01:20:46 +0300] "GET /fre-cards-gokkasten-gratis-zonder-download-spins-kloosterzuster-deposit-2026-voor-spins-zonder-betaling-inschatten-superspins-nl/ HTTP/1.1" 200 78259 "-" "Mozilla/5.0 (Windows NT 10.0; Win64; x64) AppleWebKit/537.36 (KHTML, like Gecko) Chrome/123.0.0.0 Safari/537.36 OPR/109.0.0.0"
185.216.113.70 - - [30/Apr/2026:01:21:44 +0300] "POST /wp-cron.php?doing_wp_cron=1777501304.1886661052703857421875 HTTP/1.1" 200 448 "-" "WordPress/6.3.8; https://serhatburke.miroglu.net"
102.221.34.103 - - [30/Apr/2026:01:21:31 +0300] "POST /xmlrpc.php HTTP/1.1" 200 630 "-" "Mozilla/5.0 (Windows NT 10.0; Win64; x64) AppleWebKit/537.36 (KHTML, like Gecko) Chrome/114.0.0.0 Safari/537.36"
102.221.34.103 - - [30/Apr/2026:01:21:50 +0300] "POST /xmlrpc.php HTTP/1.1" 200 15947 "-" "Mozilla/5.0 (Windows NT 10.0; Win64; x64) AppleWebKit/537.36 (KHTML, like Gecko) Chrome/114.0.0.0 Safari/537.36"
102.221.34.103 - - [30/Apr/2026:01:22:05 +0300] "GET /explaining-the-newest-bet365-gambling-establishment-100-percent-free-spins-giveaway-source-hyperlink-added-bonus-provide/ HTTP/1.1" 200 81107 "-" "Mozilla/5.0 (Windows NT 10.0; Win64; x64) AppleWebKit/537.36 (KHTML, like Gecko) Chrome/124.0.0.0 Safari/537.36 Edg/124.0.0.0"
185.216.113.70 - - [30/Apr/2026:01:23:13 +0300] "POST /wp-cron.php?doing_wp_cron=1777501393.0204479694366455078125 HTTP/1.1" 200 448 "-" "WordPress/6.3.8; https://serhatburke.miroglu.net"
165.73.242.8 - - [30/Apr/2026:01:23:01 +0300] "POST /xmlrpc.php HTTP/1.1" 200 630 "-" "Mozilla/5.0 (Windows NT 10.0; Win64; x64) AppleWebKit/537.36 (KHTML, like Gecko) Chrome/114.0.0.0 Safari/537.36"
165.73.242.8 - - [30/Apr/2026:01:23:23 +0300] "POST /xmlrpc.php HTTP/1.1" 200 11942 "-" "Mozilla/5.0 (Windows NT 10.0; Win64; x64) AppleWebKit/537.36 (KHTML, like Gecko) Chrome/114.0.0.0 Safari/537.36"
185.216.113.70 - - [30/Apr/2026:01:23:52 +0300] "POST /wp-cron.php?doing_wp_cron=1777501432.6632530689239501953125 HTTP/1.1" 200 448 "-" "WordPress/6.3.8; https://serhatburke.miroglu.net"
165.73.242.8 - - [30/Apr/2026:01:23:40 +0300] "GET /gratis-spins-buiten-stortin-erbij-eersterangs-online-casinos-hugo-slot-2026-algemene-conditie/ HTTP/1.1" 200 76702 "-" "Mozilla/5.0 (Windows NT 10.0; Win64; x64) AppleWebKit/537.36 (KHTML, like Gecko) Chrome/122.0.0.0 Safari/537.36"
185.216.113.70 - - [30/Apr/2026:01:25:06 +0300] "POST /wp-cron.php?doing_wp_cron=1777501506.7667748928070068359375 HTTP/1.1" 200 448 "-" "WordPress/6.3.8; https://serhatburke.miroglu.net"
102.221.34.103 - - [30/Apr/2026:01:24:54 +0300] "POST /xmlrpc.php HTTP/1.1" 200 630 "-" "Mozilla/5.0 (Windows NT 10.0; Win64; x64) AppleWebKit/537.36 (KHTML, like Gecko) Chrome/114.0.0.0 Safari/537.36"
102.221.34.103 - - [30/Apr/2026:01:25:13 +0300] "POST /xmlrpc.php HTTP/1.1" 200 15867 "-" "Mozilla/5.0 (Windows NT 10.0; Win64; x64) AppleWebKit/537.36 (KHTML, like Gecko) Chrome/114.0.0.0 Safari/537.36"
185.216.113.70 - - [30/Apr/2026:01:25:39 +0300] "POST /wp-cron.php?doing_wp_cron=1777501539.7810320854187011718750 HTTP/1.1" 200 448 "-" "WordPress/6.3.8; https://serhatburke.miroglu.net"
102.221.34.103 - - [30/Apr/2026:01:25:27 +0300] "GET /explaining-the-fresh-bet365-casino-totally-free-lucky-time-games-play-slots-and-casino-games-spins-gift-extra-provide/ HTTP/1.1" 200 80948 "-" "Mozilla/5.0 (Windows NT 10.0; Win64; x64; rv:125.0) Gecko/20100101 Firefox/125.0"
165.73.242.8 - - [30/Apr/2026:01:25:29 +0300] "POST /xmlrpc.php HTTP/1.1" 200 630 "-" "Mozilla/5.0 (Windows NT 10.0; Win64; x64) AppleWebKit/537.36 (KHTML, like Gecko) Chrome/114.0.0.0 Safari/537.36"
216.73.217.81 - - [30/Apr/2026:01:25:47 +0300] "GET /sitemap.rss HTTP/2" 200 0 "-" "Mozilla/5.0 AppleWebKit/537.36 (KHTML, like Gecko; compatible; ClaudeBot/1.0; +claudebot@anthropic.com)"
165.73.242.8 - - [30/Apr/2026:01:25:49 +0300] "POST /xmlrpc.php HTTP/1.1" 200 12472 "-" "Mozilla/5.0 (Windows NT 10.0; Win64; x64) AppleWebKit/537.36 (KHTML, like Gecko) Chrome/114.0.0.0 Safari/537.36"
165.73.242.8 - - [30/Apr/2026:01:26:04 +0300] "GET /gratis-spins-te-nederlandse-casinos-maart-barcrest-gokkast-online-2026/ HTTP/1.1" 200 76880 "-" "Mozilla/5.0 (Windows NT 10.0; Win64; x64; rv:124.0) Gecko/20100101 Firefox/124.0"
185.216.113.70 - - [30/Apr/2026:01:26:43 +0300] "POST /wp-cron.php?doing_wp_cron=1777501603.6049759387969970703125 HTTP/1.1" 200 448 "-" "WordPress/6.3.8; https://serhatburke.miroglu.net"
43.229.135.118 - - [30/Apr/2026:01:26:31 +0300] "GET /beste-casino-site-belgie-hoge-inzet/ HTTP/1.1" 200 19280 "https://serhatburke.miroglu.net/" "Mozilla/5.0 (X11; Linux x86_64) AppleWebKit/537.36 (KHTML, like Gecko) Chrome/114.0.0.0 Safari/537.36 Vivaldi/5.3.2679.68"
43.229.135.118 - - [30/Apr/2026:01:26:46 +0300] "GET /wp-includes/css/dist/block-library/style.min.css?ver=6.3.8 HTTP/1.1" 200 13578 "https://serhatburke.miroglu.net/beste-casino-site-belgie-hoge-inzet/" "Mozilla/5.0 (Windows NT 10.0; Win64; x64) AppleWebKit/537.36 (KHTML, like Gecko) Chrome/143.0.0.0 Safari/537.36"
43.229.135.118 - - [30/Apr/2026:01:26:46 +0300] "GET /wp-content/plugins/contact-form-7/includes/css/styles.css?ver=5.8 HTTP/1.1" 200 1490 "https://serhatburke.miroglu.net/beste-casino-site-belgie-hoge-inzet/" "Mozilla/5.0 (Windows NT 10.0; Win64; x64) AppleWebKit/537.36 (KHTML, like Gecko) Chrome/143.0.0.0 Safari/537.36"
43.229.135.118 - - [30/Apr/2026:01:26:47 +0300] "GET /wp-content/themes/toppic/css/fontello.css?ver=4.2 HTTP/1.1" 200 1802 "https://serhatburke.miroglu.net/beste-casino-site-belgie-hoge-inzet/" "Mozilla/5.0 (Windows NT 10.0; Win64; x64) AppleWebKit/537.36 (KHTML, like Gecko) Chrome/143.0.0.0 Safari/537.36"
103.219.169.229 - - [30/Apr/2026:01:26:35 +0300] "POST /xmlrpc.php HTTP/1.1" 200 630 "-" "Mozilla/5.0 (Windows NT 10.0; Win64; x64) AppleWebKit/537.36 (KHTML, like Gecko) Chrome/114.0.0.0 Safari/537.36"
43.229.135.118 - - [30/Apr/2026:01:26:48 +0300] "GET /wp-content/themes/toppic/css/reset.css?ver=4.2 HTTP/1.1" 200 1178 "https://serhatburke.miroglu.net/beste-casino-site-belgie-hoge-inzet/" "Mozilla/5.0 (Windows NT 10.0; Win64; x64) AppleWebKit/537.36 (KHTML, like Gecko) Chrome/143.0.0.0 Safari/537.36"
43.229.135.118 - - [30/Apr/2026:01:26:49 +0300] "GET /wp-content/themes/toppic/css/default.css?ver=4.2 HTTP/1.1" 200 1811 "https://serhatburke.miroglu.net/beste-casino-site-belgie-hoge-inzet/" "Mozilla/5.0 (Windows NT 10.0; Win64; x64) AppleWebKit/537.36 (KHTML, like Gecko) Chrome/143.0.0.0 Safari/537.36"
43.229.135.118 - - [30/Apr/2026:01:26:50 +0300] "GET /wp-content/themes/toppic/style.css?ver=4.2 HTTP/1.1" 200 23398 "https://serhatburke.miroglu.net/beste-casino-site-belgie-hoge-inzet/" "Mozilla/5.0 (Windows NT 10.0; Win64; x64) AppleWebKit/537.36 (KHTML, like Gecko) Chrome/143.0.0.0 Safari/537.36"
43.229.135.118 - - [30/Apr/2026:01:26:51 +0300] "GET /wp-content/themes/toppic/css/royalslider.css?ver=4.2 HTTP/1.1" 200 1887 "https://serhatburke.miroglu.net/beste-casino-site-belgie-hoge-inzet/" "Mozilla/5.0 (Windows NT 10.0; Win64; x64) AppleWebKit/537.36 (KHTML, like Gecko) Chrome/143.0.0.0 Safari/537.36"
43.229.135.118 - - [30/Apr/2026:01:26:52 +0300] "GET /wp-content/themes/toppic/css/rs-default.css?ver=4.2 HTTP/1.1" 200 2625 "https://serhatburke.miroglu.net/beste-casino-site-belgie-hoge-inzet/" "Mozilla/5.0 (Windows NT 10.0; Win64; x64) AppleWebKit/537.36 (KHTML, like Gecko) Chrome/143.0.0.0 Safari/537.36"
43.229.135.118 - - [30/Apr/2026:01:26:53 +0300] "GET /wp-content/themes/toppic/css/lightbox.css?ver=4.2 HTTP/1.1" 200 2956 "https://serhatburke.miroglu.net/beste-casino-site-belgie-hoge-inzet/" "Mozilla/5.0 (Windows NT 10.0; Win64; x64) AppleWebKit/537.36 (KHTML, like Gecko) Chrome/143.0.0.0 Safari/537.36"
43.229.135.118 - - [30/Apr/2026:01:26:54 +0300] "GET /wp-content/themes/toppic/css/woocommerce.css?ver=4.2 HTTP/1.1" 200 2848 "https://serhatburke.miroglu.net/beste-casino-site-belgie-hoge-inzet/" "Mozilla/5.0 (Windows NT 10.0; Win64; x64) AppleWebKit/537.36 (KHTML, like Gecko) Chrome/143.0.0.0 Safari/537.36"
43.229.135.118 - - [30/Apr/2026:01:26:54 +0300] "GET /wp-content/themes/toppic/css/responsive.css?ver=4.2 HTTP/1.1" 200 2796 "https://serhatburke.miroglu.net/beste-casino-site-belgie-hoge-inzet/" "Mozilla/5.0 (Windows NT 10.0; Win64; x64) AppleWebKit/537.36 (KHTML, like Gecko) Chrome/143.0.0.0 Safari/537.36"
103.219.169.229 - - [30/Apr/2026:01:26:55 +0300] "POST /xmlrpc.php HTTP/1.1" 200 13597 "-" "Mozilla/5.0 (Windows NT 10.0; Win64; x64) AppleWebKit/537.36 (KHTML, like Gecko) Chrome/114.0.0.0 Safari/537.36"
43.229.135.118 - - [30/Apr/2026:01:26:55 +0300] "POST /wp-comments-post.php HTTP/1.1" 302 1083 "https://serhatburke.miroglu.net/beste-casino-site-belgie-hoge-inzet/" "Mozilla/5.0 (X11; Linux x86_64) AppleWebKit/537.36 (KHTML, like Gecko) Chrome/114.0.0.0 Safari/537.36 Vivaldi/5.3.2679.68"
43.229.135.118 - - [30/Apr/2026:01:27:09 +0300] "GET /beste-casino-site-belgie-hoge-inzet/?unapproved=923&moderation-hash=8f76e26a06eb9d944e26d34afe6384a8 HTTP/1.1" 200 19828 "https://serhatburke.miroglu.net/wp-comments-post.php" "Mozilla/5.0 (X11; Linux x86_64) AppleWebKit/537.36 (KHTML, like Gecko) Chrome/114.0.0.0 Safari/537.36 Vivaldi/5.3.2679.68"
103.219.169.229 - - [30/Apr/2026:01:27:09 +0300] "GET /huge-national-athletes-and-you-will-bikers-coating-the-ponies-possibility-and-you-can-betting-information/ HTTP/1.1" 200 78400 "-" "Mozilla/5.0 (Windows NT 10.0; Win64; x64; rv:124.0) Gecko/20100101 Firefox/124.0"
43.229.135.118 - - [30/Apr/2026:01:27:23 +0300] "GET /beste-casino-site-belgie-hoge-inzet/ HTTP/1.1" 200 19264 "-" "Mozilla/5.0 (compatible; Googlebot/2.1; +http://www.google.com/bot.html)"
185.216.113.70 - - [30/Apr/2026:01:27:52 +0300] "POST /wp-cron.php?doing_wp_cron=1777501672.8510539531707763671875 HTTP/1.1" 200 448 "-" "WordPress/6.3.8; https://serhatburke.miroglu.net"
165.73.242.8 - - [30/Apr/2026:01:27:41 +0300] "POST /xmlrpc.php HTTP/1.1" 200 630 "-" "Mozilla/5.0 (Windows NT 10.0; Win64; x64) AppleWebKit/537.36 (KHTML, like Gecko) Chrome/114.0.0.0 Safari/537.36"
165.73.242.8 - - [30/Apr/2026:01:28:00 +0300] "POST /xmlrpc.php HTTP/1.1" 200 11977 "-" "Mozilla/5.0 (Windows NT 10.0; Win64; x64) AppleWebKit/537.36 (KHTML, like Gecko) Chrome/114.0.0.0 Safari/537.36"
165.73.242.8 - - [30/Apr/2026:01:28:14 +0300] "GET /free-spins-premie-2026-bedrijfstop-10-voor-winstgevende-site-spins-bonussen/ HTTP/1.1" 200 76210 "-" "Mozilla/5.0 (Windows NT 10.0; Win64; x64) AppleWebKit/537.36 (KHTML, like Gecko) Chrome/124.0.0.0 Safari/537.36 Edg/124.0.0.0"
185.216.113.70 - - [30/Apr/2026:01:28:55 +0300] "POST /wp-cron.php?doing_wp_cron=1777501735.0796871185302734375000 HTTP/1.1" 200 448 "-" "WordPress/6.3.8; https://serhatburke.miroglu.net"
102.221.34.103 - - [30/Apr/2026:01:28:42 +0300] "POST /xmlrpc.php HTTP/1.1" 200 630 "-" "Mozilla/5.0 (Windows NT 10.0; Win64; x64) AppleWebKit/537.36 (KHTML, like Gecko) Chrome/114.0.0.0 Safari/537.36"
102.221.34.103 - - [30/Apr/2026:01:29:01 +0300] "POST /xmlrpc.php HTTP/1.1" 200 15964 "-" "Mozilla/5.0 (Windows NT 10.0; Win64; x64) AppleWebKit/537.36 (KHTML, like Gecko) Chrome/114.0.0.0 Safari/537.36"
102.221.34.103 - - [30/Apr/2026:01:29:15 +0300] "GET /gain-benefit-from-the-local-western-world-merry-xmas-rtp-slot-machine-100percent-free-within-the-indian-fantasizing-position/ HTTP/1.1" 200 81286 "-" "Mozilla/5.0 (Windows NT 10.0; Win64; x64) AppleWebKit/537.36 (KHTML, like Gecko) Chrome/109.0.0.0 Safari/537.36"
43.229.135.118 - - [30/Apr/2026:01:29:19 +0300] "GET /beste-casino-site-belgie-hoge-inzet/ HTTP/1.1" 200 19264 "-" "Mozilla/5.0 (compatible; Googlebot/2.1; +http://www.google.com/bot.html)"
185.216.113.70 - - [30/Apr/2026:01:29:42 +0300] "POST /wp-cron.php?doing_wp_cron=1777501782.7723100185394287109375 HTTP/1.1" 200 448 "-" "WordPress/6.3.8; https://serhatburke.miroglu.net"
103.219.169.229 - - [30/Apr/2026:01:29:31 +0300] "POST /xmlrpc.php HTTP/1.1" 200 630 "-" "Mozilla/5.0 (Windows NT 10.0; Win64; x64) AppleWebKit/537.36 (KHTML, like Gecko) Chrome/114.0.0.0 Safari/537.36"
103.219.169.229 - - [30/Apr/2026:01:29:51 +0300] "POST /xmlrpc.php HTTP/1.1" 200 12838 "-" "Mozilla/5.0 (Windows NT 10.0; Win64; x64) AppleWebKit/537.36 (KHTML, like Gecko) Chrome/114.0.0.0 Safari/537.36"
165.73.242.8 - - [30/Apr/2026:01:29:51 +0300] "POST /xmlrpc.php HTTP/1.1" 200 630 "-" "Mozilla/5.0 (Windows NT 10.0; Win64; x64) AppleWebKit/537.36 (KHTML, like Gecko) Chrome/114.0.0.0 Safari/537.36"
103.219.169.229 - - [30/Apr/2026:01:30:10 +0300] "GET /14-greatest-bitcoin-and-you-may-crypto-wagering-internet-sites-2026/ HTTP/1.1" 200 76869 "-" "Mozilla/5.0 (Windows NT 10.0; Win64; x64) AppleWebKit/537.36 (KHTML, like Gecko) Chrome/124.0.0.0 Safari/537.36 Edg/124.0.0.0"
165.73.242.8 - - [30/Apr/2026:01:30:16 +0300] "POST /xmlrpc.php HTTP/1.1" 200 12053 "-" "Mozilla/5.0 (Windows NT 10.0; Win64; x64) AppleWebKit/537.36 (KHTML, like Gecko) Chrome/114.0.0.0 Safari/537.36"
185.216.113.70 - - [30/Apr/2026:01:30:42 +0300] "POST /wp-cron.php?doing_wp_cron=1777501841.9351069927215576171875 HTTP/1.1" 200 448 "-" "WordPress/6.3.8; https://serhatburke.miroglu.net"
165.73.242.8 - - [30/Apr/2026:01:30:30 +0300] "GET /gokhal-premie-gratis-spins-geen-storting-jungle-games-lentemaand-2026-computerprogramma-plu-matchen/ HTTP/1.1" 200 77077 "-" "Mozilla/5.0 (Windows NT 10.0; Win64; x64) AppleWebKit/537.36 (KHTML, like Gecko) Chrome/123.0.0.0 Safari/537.36 OPR/109.0.0.0"
185.216.113.70 - - [30/Apr/2026:01:31:41 +0300] "POST /wp-cron.php?doing_wp_cron=1777501901.2038409709930419921875 HTTP/1.1" 200 448 "-" "WordPress/6.3.8; https://serhatburke.miroglu.net"
128.1.218.165 - - [30/Apr/2026:01:31:29 +0300] "POST /xmlrpc.php HTTP/1.1" 200 630 "-" "Mozilla/5.0 (Windows NT 10.0; Win64; x64) AppleWebKit/537.36 (KHTML, like Gecko) Chrome/114.0.0.0 Safari/537.36"
128.1.218.165 - - [30/Apr/2026:01:31:48 +0300] "POST /xmlrpc.php HTTP/1.1" 200 14204 "-" "Mozilla/5.0 (Windows NT 10.0; Win64; x64) AppleWebKit/537.36 (KHTML, like Gecko) Chrome/114.0.0.0 Safari/537.36"
176.98.31.43 - - [30/Apr/2026:01:31:54 +0300] "POST /xmlrpc.php HTTP/1.1" 200 742 "-" "Mozilla/5.0 (Windows NT 10.0; WOW64; rv:45.0) Gecko/20100101 Firefox/45.0"
165.73.242.8 - - [30/Apr/2026:01:31:55 +0300] "POST /xmlrpc.php HTTP/1.1" 200 630 "-" "Mozilla/5.0 (Windows NT 10.0; Win64; x64) AppleWebKit/537.36 (KHTML, like Gecko) Chrome/114.0.0.0 Safari/537.36"
128.1.218.165 - - [30/Apr/2026:01:32:04 +0300] "GET /finest-real-safari-king-free-spins-150-money-gambling-enterprise-sites-in-the-2026-real-money-casinos/ HTTP/1.1" 200 78734 "-" "Mozilla/5.0 (Windows NT 10.0; Win64; x64) AppleWebKit/537.36 (KHTML, like Gecko) Chrome/109.0.0.0 Safari/537.36"
176.98.31.43 - - [30/Apr/2026:01:32:10 +0300] "GET /xmlrpc.php HTTP/1.1" 405 446 "-" "Mozilla/5.0 (Windows NT 10.0; WOW64; rv:45.0) Gecko/20100101 Firefox/45.0"
185.216.113.70 - - [30/Apr/2026:01:32:34 +0300] "POST /wp-cron.php?doing_wp_cron=1777501953.9571979045867919921875 HTTP/1.1" 200 448 "-" "WordPress/6.3.8; https://serhatburke.miroglu.net"
165.73.242.8 - - [30/Apr/2026:01:32:20 +0300] "POST /xmlrpc.php HTTP/1.1" 200 12355 "-" "Mozilla/5.0 (Windows NT 10.0; Win64; x64) AppleWebKit/537.36 (KHTML, like Gecko) Chrome/114.0.0.0 Safari/537.36"
165.73.242.8 - - [30/Apr/2026:01:32:35 +0300] "GET /fre-spins-toeslag-2026-bergtop-dragons-inferno-slot-10-voor-spins-bonussen/ HTTP/1.1" 200 76610 "-" "Mozilla/5.0 (Windows NT 10.0; Win64; x64) AppleWebKit/537.36 (KHTML, like Gecko) Chrome/122.0.0.0 Safari/537.36"
37.139.53.240 - - [30/Apr/2026:01:32:38 +0300] "POST / HTTP/2" 200 0 "-" "Mozilla/5.0 (Macintosh; Intel Mac OS X 10_15_7) AppleWebKit/537.36 (KHTML, like Gecko) Chrome/131.0.0.0 Safari/537.36"
52.167.144.157 - - [30/Apr/2026:01:32:36 +0300] "GET /in-which-might-you-claim-an-educated-maltese-on-line-poker-incentives/ HTTP/2" 200 17574 "-" "Mozilla/5.0 AppleWebKit/537.36 (KHTML, like Gecko; compatible; bingbot/2.0; +http://www.bing.com/bingbot.htm) Chrome/116.0.1938.76 Safari/537.36"
52.167.144.157 - - [30/Apr/2026:01:32:40 +0300] "GET /basta-casinobonus-kasino-bonusar-wichtiger-hyperlink-som-du-inte-visste-fanns/ HTTP/2" 200 19892 "-" "Mozilla/5.0 AppleWebKit/537.36 (KHTML, like Gecko; compatible; bingbot/2.0; +http://www.bing.com/bingbot.htm) Chrome/116.0.1938.76 Safari/537.36"
40.77.167.74 - - [30/Apr/2026:01:32:46 +0300] "GET /happy-twins-position-review-trial-100-percent-free-play/ HTTP/2" 200 18214 "-" "Mozilla/5.0 AppleWebKit/537.36 (KHTML, like Gecko; compatible; bingbot/2.0; +http://www.bing.com/bingbot.htm) Chrome/116.0.1938.76 Safari/537.36"
102.221.34.103 - - [30/Apr/2026:01:32:49 +0300] "POST /xmlrpc.php HTTP/1.1" 200 630 "-" "Mozilla/5.0 (Windows NT 10.0; Win64; x64) AppleWebKit/537.36 (KHTML, like Gecko) Chrome/114.0.0.0 Safari/537.36"
103.219.169.229 - - [30/Apr/2026:01:32:50 +0300] "POST /xmlrpc.php HTTP/1.1" 200 630 "-" "Mozilla/5.0 (Windows NT 10.0; Win64; x64) AppleWebKit/537.36 (KHTML, like Gecko) Chrome/114.0.0.0 Safari/537.36"
185.216.113.70 - - [30/Apr/2026:01:33:41 +0300] "POST /wp-cron.php?doing_wp_cron=1777502020.9590480327606201171875 HTTP/1.1" 200 448 "-" "WordPress/6.3.8; https://serhatburke.miroglu.net"
185.216.113.70 - - [30/Apr/2026:01:33:41 +0300] "POST /wp-cron.php?doing_wp_cron=1777502021.3830499649047851562500 HTTP/1.1" 200 448 "-" "WordPress/6.3.8; https://serhatburke.miroglu.net"
40.77.167.6 - - [30/Apr/2026:01:33:27 +0300] "GET /16832-2/ HTTP/2" 200 18619 "-" "Mozilla/5.0 AppleWebKit/537.36 (KHTML, like Gecko; compatible; bingbot/2.0; +http://www.bing.com/bingbot.htm) Chrome/116.0.1938.76 Safari/537.36"
37.139.53.240 - - [30/Apr/2026:01:33:13 +0300] "POST / HTTP/2" 200 19033 "-" "Mozilla/5.0 (Macintosh; Intel Mac OS X 10.15; rv:135.0) Gecko/20100101 Firefox/135.0"
185.216.113.70 - - [30/Apr/2026:01:33:55 +0300] "POST /wp-cron.php?doing_wp_cron=1777502035.1427159309387207031250 HTTP/1.1" 200 448 "-" "WordPress/6.3.8; https://serhatburke.miroglu.net"
102.221.34.103 - - [30/Apr/2026:01:33:32 +0300] "POST /xmlrpc.php HTTP/1.1" 200 15379 "-" "Mozilla/5.0 (Windows NT 10.0; Win64; x64) AppleWebKit/537.36 (KHTML, like Gecko) Chrome/114.0.0.0 Safari/537.36"
185.216.113.70 - - [30/Apr/2026:01:33:59 +0300] "POST /wp-cron.php?doing_wp_cron=1777502039.5503740310668945312500 HTTP/1.1" 200 448 "-" "WordPress/6.3.8; https://serhatburke.miroglu.net"
103.219.169.229 - - [30/Apr/2026:01:33:34 +0300] "POST /xmlrpc.php HTTP/1.1" 200 13296 "-" "Mozilla/5.0 (Windows NT 10.0; Win64; x64) AppleWebKit/537.36 (KHTML, like Gecko) Chrome/114.0.0.0 Safari/537.36"
40.77.167.6 - - [30/Apr/2026:01:33:46 +0300] "GET /mega-fortune-spilleautomat-og-en-microgaming-spillspor-mega-progressiv-jackpot/ HTTP/2" 200 18030 "-" "Mozilla/5.0 AppleWebKit/537.36 (KHTML, like Gecko; compatible; bingbot/2.0; +http://www.bing.com/bingbot.htm) Chrome/116.0.1938.76 Safari/537.36"
102.221.34.103 - - [30/Apr/2026:01:33:56 +0300] "GET /enjoy-free-online-slots-new-casinos-no-deposit-royalgame-600-position-games-no-install/ HTTP/1.1" 200 79618 "-" "Mozilla/5.0 (Windows NT 10.0; Win64; x64) AppleWebKit/537.36 (KHTML, like Gecko) Chrome/122.0.0.0 Safari/537.36"
165.73.242.8 - - [30/Apr/2026:01:33:58 +0300] "POST /xmlrpc.php HTTP/1.1" 200 630 "-" "Mozilla/5.0 (Windows NT 10.0; Win64; x64) AppleWebKit/537.36 (KHTML, like Gecko) Chrome/114.0.0.0 Safari/537.36"
103.219.169.229 - - [30/Apr/2026:01:34:01 +0300] "GET /the-five-kind-of-night-clubs-just-in-case-to-use-them/ HTTP/1.1" 200 76657 "-" "Mozilla/5.0 (Windows NT 10.0; Win64; x64) AppleWebKit/537.36 (KHTML, like Gecko) Chrome/124.0.0.0 Safari/537.36"
40.77.167.6 - - [30/Apr/2026:01:34:36 +0300] "GET /neue-online-casinos-schweiz3241/ HTTP/2" 200 18520 "-" "Mozilla/5.0 AppleWebKit/537.36 (KHTML, like Gecko; compatible; bingbot/2.0; +http://www.bing.com/bingbot.htm) Chrome/116.0.1938.76 Safari/537.36"
185.216.113.70 - - [30/Apr/2026:01:34:56 +0300] "POST /wp-cron.php?doing_wp_cron=1777502096.7524430751800537109375 HTTP/1.1" 200 448 "-" "WordPress/6.3.8; https://serhatburke.miroglu.net"
165.73.242.8 - - [30/Apr/2026:01:34:44 +0300] "POST /xmlrpc.php HTTP/1.1" 200 12407 "-" "Mozilla/5.0 (Windows NT 10.0; Win64; x64) AppleWebKit/537.36 (KHTML, like Gecko) Chrome/114.0.0.0 Safari/537.36"
165.73.242.8 - - [30/Apr/2026:01:34:58 +0300] "GET /gratis-spins-lucky-i24slot-app-downloaden-voor-android-angler-eigenlijk-strafbaar-acteren-2026-liefste-gokhal-afwisselend-pro-spins-buiten-stortregenen-%E3%83%95%E3%82%A3%E3%83%AA%E3%83%94%E3%83%B3/ HTTP/1.1" 200 80059 "-" "Mozilla/5.0 (Windows NT 10.0; Win64; x64) AppleWebKit/537.36 (KHTML, like Gecko) Chrome/109.0.0.0 Safari/537.36"
185.216.113.70 - - [30/Apr/2026:01:35:44 +0300] "POST /wp-cron.php?doing_wp_cron=1777502144.4818930625915527343750 HTTP/1.1" 200 448 "-" "WordPress/6.3.8; https://serhatburke.miroglu.net"
45.250.252.163 - - [30/Apr/2026:01:35:29 +0300] "POST /xmlrpc.php HTTP/1.1" 200 630 "-" "Mozilla/5.0 (Windows NT 10.0; Win64; x64) AppleWebKit/537.36 (KHTML, like Gecko) Chrome/114.0.0.0 Safari/537.36"
103.219.169.229 - - [30/Apr/2026:01:35:56 +0300] "POST /xmlrpc.php HTTP/1.1" 200 630 "-" "Mozilla/5.0 (Windows NT 10.0; Win64; x64) AppleWebKit/537.36 (KHTML, like Gecko) Chrome/114.0.0.0 Safari/537.36"
45.250.252.163 - - [30/Apr/2026:01:35:52 +0300] "POST /xmlrpc.php HTTP/1.1" 200 14610 "-" "Mozilla/5.0 (Windows NT 10.0; Win64; x64) AppleWebKit/537.36 (KHTML, like Gecko) Chrome/114.0.0.0 Safari/537.36"
185.216.113.70 - - [30/Apr/2026:01:36:27 +0300] "POST /wp-cron.php?doing_wp_cron=1777502187.5650839805603027343750 HTTP/1.1" 200 448 "-" "WordPress/6.3.8; https://serhatburke.miroglu.net"
165.73.242.8 - - [30/Apr/2026:01:36:11 +0300] "POST /xmlrpc.php HTTP/1.1" 200 630 "-" "Mozilla/5.0 (Windows NT 10.0; Win64; x64) AppleWebKit/537.36 (KHTML, like Gecko) Chrome/114.0.0.0 Safari/537.36"
103.219.169.229 - - [30/Apr/2026:01:36:16 +0300] "POST /xmlrpc.php HTTP/1.1" 200 12506 "-" "Mozilla/5.0 (Windows NT 10.0; Win64; x64) AppleWebKit/537.36 (KHTML, like Gecko) Chrome/114.0.0.0 Safari/537.36"
45.250.252.163 - - [30/Apr/2026:01:36:15 +0300] "GET /juegos-sin-cargo-aplicacion-1xslot-con-el-fin-de-android-descarga-las-mas-grandes-apks/ HTTP/1.1" 200 79128 "-" "Mozilla/5.0 (Windows NT 10.0; Win64; x64) AppleWebKit/537.36 (KHTML, like Gecko) Chrome/122.0.0.0 Safari/537.36"
102.221.34.103 - - [30/Apr/2026:01:36:24 +0300] "POST /xmlrpc.php HTTP/1.1" 200 630 "-" "Mozilla/5.0 (Windows NT 10.0; Win64; x64) AppleWebKit/537.36 (KHTML, like Gecko) Chrome/114.0.0.0 Safari/537.36"
165.73.242.8 - - [30/Apr/2026:01:36:34 +0300] "POST /xmlrpc.php HTTP/1.1" 200 12316 "-" "Mozilla/5.0 (Windows NT 10.0; Win64; x64) AppleWebKit/537.36 (KHTML, like Gecko) Chrome/114.0.0.0 Safari/537.36"
103.219.169.229 - - [30/Apr/2026:01:36:38 +0300] "GET /ladbrokes-television-ad-flaunts-the-new-revise-my-acca-ability/ HTTP/1.1" 200 76350 "-" "Mozilla/5.0 (Windows NT 10.0; rv:109.0) Gecko/20100101 Firefox/115.0"
102.221.34.103 - - [30/Apr/2026:01:36:53 +0300] "POST /xmlrpc.php HTTP/1.1" 200 15419 "-" "Mozilla/5.0 (Windows NT 10.0; Win64; x64) AppleWebKit/537.36 (KHTML, like Gecko) Chrome/114.0.0.0 Safari/537.36"
165.73.242.8 - - [30/Apr/2026:01:36:54 +0300] "GET /kosteloos-spins-zonder-golden-tiger-slot-stortin-thuis-pro-gokhal-bonussen/ HTTP/1.1" 200 76446 "-" "Mozilla/5.0 (Windows NT 10.0; Win64; x64) AppleWebKit/537.36 (KHTML, like Gecko) Chrome/123.0.0.0 Safari/537.36 OPR/109.0.0.0"
66.249.76.77 - - [30/Apr/2026:01:37:15 +0300] "GET /loki-casino-uk-an-exciting-world-of-video-slots/undefined?ts=1775520000 HTTP/1.1" 200 0 "https://serhatburke.miroglu.net/loki-casino-uk-an-exciting-world-of-video-slots/" "Mozilla/5.0 (Linux; Android 6.0.1; Nexus 5X Build/MMB29P) AppleWebKit/537.36 (KHTML, like Gecko) Chrome/147.0.7727.116 Mobile Safari/537.36 (compatible; Googlebot/2.1; +http://www.google.com/bot.html)"
102.221.34.103 - - [30/Apr/2026:01:37:11 +0300] "GET /funky-good-fresh-fruit-position-free-rich-25-spins-casino-promo-code-gameplay-extra-rtp/ HTTP/1.1" 200 79681 "-" "Mozilla/5.0 (Windows NT 10.0; Win64; x64) AppleWebKit/537.36 (KHTML, like Gecko) Chrome/109.0.0.0 Safari/537.36"
