128.1.218.184 - - [29/Apr/2026:18:55:41 +0300] "GET /rotiri-gratuite-pe-inregistrare-rotiri-gratuite-fara-depunere-2/ HTTP/1.1" 200 75626 "-" "Mozilla/5.0 (Windows NT 10.0; rv:125.0) Gecko/20100101 Firefox/125.0"
62.12.118.35 - - [29/Apr/2026:18:55:57 +0300] "POST /xmlrpc.php HTTP/1.1" 200 15569 "-" "Mozilla/5.0 (Windows NT 10.0; Win64; x64) AppleWebKit/537.36 (KHTML, like Gecko) Chrome/114.0.0.0 Safari/537.36"
185.244.183.170 - - [29/Apr/2026:18:55:59 +0300] "POST /xmlrpc.php HTTP/1.1" 200 233541 "-" "Mozilla/5.0 (Macintosh; Intel Mac OS X 10_15_7) AppleWebKit/537.36 (KHTML, like Gecko) Chrome/122.0.0.0 Safari/537.36"
52.167.144.203 - - [29/Apr/2026:18:56:19 +0300] "GET /mr-cashback-status-opinion-95-37percent-rtp-playtech-2026-africas-team-directory-nigeria-ghana-valley-of-pharaohs-mobile-slot-southern-africa/ HTTP/2" 200 0 "-" "Mozilla/5.0 AppleWebKit/537.36 (KHTML, like Gecko; compatible; bingbot/2.0; +http://www.bing.com/bingbot.htm) Chrome/116.0.1938.76 Safari/537.36"
40.77.167.150 - - [29/Apr/2026:18:56:20 +0300] "GET /online-hexbreaker-3-slot-spiele-casinos-unter-einsatz-von-rapider-ausschuttung-2026-im-check/ HTTP/2" 200 0 "-" "Mozilla/5.0 AppleWebKit/537.36 (KHTML, like Gecko; compatible; bingbot/2.0; +http://www.bing.com/bingbot.htm) Chrome/116.0.1938.76 Safari/537.36"
40.77.167.150 - - [29/Apr/2026:18:56:23 +0300] "GET /top-casino-online-bani-reali-2026-romania-cele-apasator-bune-cum-sa-transferati-bonusul-goldbet-in-contul-principal-cazinouri-online-in-bani-reali/ HTTP/2" 200 0 "-" "Mozilla/5.0 AppleWebKit/537.36 (KHTML, like Gecko; compatible; bingbot/2.0; +http://www.bing.com/bingbot.htm) Chrome/116.0.1938.76 Safari/537.36"
40.77.167.132 - - [29/Apr/2026:18:56:28 +0300] "GET /reiseziel-fur-casino-liebhaber-top-orte-die-sie/ HTTP/2" 200 0 "-" "Mozilla/5.0 AppleWebKit/537.36 (KHTML, like Gecko; compatible; bingbot/2.0; +http://www.bing.com/bingbot.htm) Chrome/116.0.1938.76 Safari/537.36"
185.216.113.70 - - [29/Apr/2026:18:57:18 +0300] "POST /wp-cron.php?doing_wp_cron=1777478238.3885669708251953125000 HTTP/1.1" 200 448 "-" "WordPress/6.3.8; https://serhatburke.miroglu.net"
40.77.167.132 - - [29/Apr/2026:18:56:29 +0300] "GET /diese-besten-verbunden-casinos-in-teutonia-2026-tagesordnungspunkt-kuren/ HTTP/2" 200 0 "-" "Mozilla/5.0 AppleWebKit/537.36 (KHTML, like Gecko; compatible; bingbot/2.0; +http://www.bing.com/bingbot.htm) Chrome/116.0.1938.76 Safari/537.36"
185.244.183.170 - - [29/Apr/2026:18:56:19 +0300] "POST /xmlrpc.php HTTP/1.1" 200 0 "-" "Mozilla/5.0 (Macintosh; Intel Mac OS X 10_15_7) AppleWebKit/537.36 (KHTML, like Gecko) Chrome/122.0.0.0 Safari/537.36"
62.12.118.35 - - [29/Apr/2026:18:56:18 +0300] "GET /knights-of-avalon-slot-casino-lux-casino-remark-gamble-totally-free-demo-2026/ HTTP/1.1" 200 79380 "-" "Mozilla/5.0 (Windows NT 10.0; Win64; x64) AppleWebKit/537.36 (KHTML, like Gecko) Chrome/124.0.0.0 Safari/537.36 Edg/124.0.0.0"
158.69.22.136 - - [29/Apr/2026:18:56:58 +0300] "GET /35849-2/ HTTP/1.1" 200 0 "-" "Mozilla/5.0 (compatible; Googlebot/2.1; +http://www.google.com/bot.html)"
128.1.218.184 - - [29/Apr/2026:18:56:22 +0300] "POST /xmlrpc.php HTTP/1.1" 200 630 "-" "Mozilla/5.0 (Windows NT 10.0; Win64; x64) AppleWebKit/537.36 (KHTML, like Gecko) Chrome/114.0.0.0 Safari/537.36"
104.166.164.35 - - [29/Apr/2026:18:56:30 +0300] "POST /xmlrpc.php HTTP/1.1" 200 630 "-" "Mozilla/5.0 (Windows NT 10.0; Win64; x64) AppleWebKit/537.36 (KHTML, like Gecko) Chrome/114.0.0.0 Safari/537.36"
66.249.73.1 - - [29/Apr/2026:18:57:33 +0300] "GET /katanaspin-casino-review-the-ultimate-online-casino-for-uk-players/undefined?ts=1775520000 HTTP/1.1" 200 0 "https://serhatburke.miroglu.net/katanaspin-casino-review-the-ultimate-online-casino-for-uk-players/" "Mozilla/5.0 (Linux; Android 6.0.1; Nexus 5X Build/MMB29P) AppleWebKit/537.36 (KHTML, like Gecko) Chrome/147.0.7727.116 Mobile Safari/537.36 (compatible; Googlebot/2.1; +http://www.google.com/bot.html)"
66.249.76.64 - - [29/Apr/2026:18:56:46 +0300] "GET /robots.txt HTTP/1.1" 200 719 "-" "Mozilla/5.0 (compatible; Googlebot/2.1; +http://www.google.com/bot.html)"
52.167.144.203 - - [29/Apr/2026:18:57:19 +0300] "GET /bonanza-pozicio-attekintese-2026-100percent-ban-ingyenes-szerencsejatek-proba/ HTTP/2" 200 0 "-" "Mozilla/5.0 AppleWebKit/537.36 (KHTML, like Gecko; compatible; bingbot/2.0; +http://www.bing.com/bingbot.htm) Chrome/116.0.1938.76 Safari/537.36"
52.167.144.203 - - [29/Apr/2026:18:57:23 +0300] "GET /25-free-spins-for-new-and-existing-players-by-22/ HTTP/2" 200 0 "-" "Mozilla/5.0 AppleWebKit/537.36 (KHTML, like Gecko; compatible; bingbot/2.0; +http://www.bing.com/bingbot.htm) Chrome/116.0.1938.76 Safari/537.36"
185.244.183.170 - - [29/Apr/2026:18:57:20 +0300] "POST /xmlrpc.php HTTP/1.1" 200 0 "-" "Mozilla/5.0 (Macintosh; Intel Mac OS X 10_15_7) AppleWebKit/537.36 (KHTML, like Gecko) Chrome/122.0.0.0 Safari/537.36"
40.77.167.132 - - [29/Apr/2026:18:57:34 +0300] "GET /enjoy-no-deposit-william-hill-for-online-casinos-free-position-online-game-no-obtain-zero-membership/ HTTP/2" 200 0 "-" "Mozilla/5.0 AppleWebKit/537.36 (KHTML, like Gecko; compatible; bingbot/2.0; +http://www.bing.com/bingbot.htm) Chrome/116.0.1938.76 Safari/537.36"
185.216.113.70 - - [29/Apr/2026:18:58:32 +0300] "POST /wp-cron.php?doing_wp_cron=1777478312.4442889690399169921875 HTTP/1.1" 200 448 "-" "WordPress/6.3.8; https://serhatburke.miroglu.net"
185.216.113.70 - - [29/Apr/2026:18:58:34 +0300] "POST /wp-cron.php?doing_wp_cron=1777478313.8461730480194091796875 HTTP/1.1" 200 448 "-" "WordPress/6.3.8; https://serhatburke.miroglu.net"
185.216.113.70 - - [29/Apr/2026:18:58:56 +0300] "POST /wp-cron.php?doing_wp_cron=1777478336.0920300483703613281250 HTTP/1.1" 200 448 "-" "WordPress/6.3.8; https://serhatburke.miroglu.net"
185.216.113.70 - - [29/Apr/2026:18:58:58 +0300] "POST /wp-cron.php?doing_wp_cron=1777478338.3546059131622314453125 HTTP/1.1" 200 448 "-" "WordPress/6.3.8; https://serhatburke.miroglu.net"
128.1.218.184 - - [29/Apr/2026:18:57:35 +0300] "POST /xmlrpc.php HTTP/1.1" 200 11983 "-" "Mozilla/5.0 (Windows NT 10.0; Win64; x64) AppleWebKit/537.36 (KHTML, like Gecko) Chrome/114.0.0.0 Safari/537.36"
185.216.113.70 - - [29/Apr/2026:18:59:04 +0300] "POST /wp-cron.php?doing_wp_cron=1777478344.1376988887786865234375 HTTP/1.1" 200 448 "-" "WordPress/6.3.8; https://serhatburke.miroglu.net"
185.216.113.70 - - [29/Apr/2026:18:59:07 +0300] "POST /wp-cron.php?doing_wp_cron=1777478347.1632390022277832031250 HTTP/1.1" 200 448 "-" "WordPress/6.3.8; https://serhatburke.miroglu.net"
128.1.218.184 - - [29/Apr/2026:18:57:37 +0300] "POST /xmlrpc.php HTTP/1.1" 200 630 "-" "Mozilla/5.0 (Windows NT 10.0; Win64; x64) AppleWebKit/537.36 (KHTML, like Gecko) Chrome/114.0.0.0 Safari/537.36"
52.167.144.203 - - [29/Apr/2026:18:58:19 +0300] "GET /mr-green-codigo-sobre-bono-apuestas-deportivas-falto-deposito/ HTTP/2" 200 0 "-" "Mozilla/5.0 AppleWebKit/537.36 (KHTML, like Gecko; compatible; bingbot/2.0; +http://www.bing.com/bingbot.htm) Chrome/116.0.1938.76 Safari/537.36"
185.216.113.70 - - [29/Apr/2026:18:59:19 +0300] "POST /wp-cron.php?doing_wp_cron=1777478359.1484560966491699218750 HTTP/1.1" 200 448 "-" "WordPress/6.3.8; https://serhatburke.miroglu.net"
104.166.164.35 - - [29/Apr/2026:18:57:40 +0300] "POST /xmlrpc.php HTTP/1.1" 200 14907 "-" "Mozilla/5.0 (Windows NT 10.0; Win64; x64) AppleWebKit/537.36 (KHTML, like Gecko) Chrome/114.0.0.0 Safari/537.36"
40.77.167.132 - - [29/Apr/2026:18:58:32 +0300] "GET /tragaperras-sin-cargo-soluciona-referente-a-5-reel-drive-1-deposito-slots-en-internet-de-balde-desplazandolo-hacia-el-pelo-carente-retribuir/ HTTP/2" 200 0 "-" "Mozilla/5.0 AppleWebKit/537.36 (KHTML, like Gecko; compatible; bingbot/2.0; +http://www.bing.com/bingbot.htm) Chrome/116.0.1938.76 Safari/537.36"
185.244.183.170 - - [29/Apr/2026:18:58:26 +0300] "POST /xmlrpc.php HTTP/1.1" 200 0 "-" "Mozilla/5.0 (Macintosh; Intel Mac OS X 10_15_7) AppleWebKit/537.36 (KHTML, like Gecko) Chrome/122.0.0.0 Safari/537.36"
185.216.113.70 - - [29/Apr/2026:18:59:42 +0300] "POST /wp-cron.php?doing_wp_cron=1777478382.0466859340667724609375 HTTP/1.1" 200 448 "-" "WordPress/6.3.8; https://serhatburke.miroglu.net"
62.12.118.35 - - [29/Apr/2026:18:57:53 +0300] "POST /xmlrpc.php HTTP/1.1" 200 630 "-" "Mozilla/5.0 (Windows NT 10.0; Win64; x64) AppleWebKit/537.36 (KHTML, like Gecko) Chrome/114.0.0.0 Safari/537.36"
38.246.32.214 - - [29/Apr/2026:18:58:13 +0300] "POST /xmlrpc.php HTTP/1.1" 500 745 "-" "Mozilla/5.0 (Windows NT 10.0; Win64; x64) AppleWebKit/537.36 (KHTML, like Gecko) Chrome/114.0.0.0 Safari/537.36"
185.216.113.70 - - [29/Apr/2026:19:00:12 +0300] "POST /wp-cron.php?doing_wp_cron=1777478411.9380199909210205078125 HTTP/1.1" 200 448 "-" "WordPress/6.3.8; https://serhatburke.miroglu.net"
185.244.183.170 - - [29/Apr/2026:18:59:30 +0300] "POST /xmlrpc.php HTTP/1.1" 200 0 "-" "Mozilla/5.0 (Macintosh; Intel Mac OS X 10_15_7) AppleWebKit/537.36 (KHTML, like Gecko) Chrome/122.0.0.0 Safari/537.36"
128.1.218.184 - - [29/Apr/2026:18:58:47 +0300] "POST /xmlrpc.php HTTP/1.1" 500 745 "-" "Mozilla/5.0 (Windows NT 10.0; Win64; x64) AppleWebKit/537.36 (KHTML, like Gecko) Chrome/114.0.0.0 Safari/537.36"
82.25.62.125 - - [29/Apr/2026:18:59:00 +0300] "GET /88701-2/ HTTP/1.1" 500 782 "-" "Mozilla/5.0 (compatible; Googlebot/2.1; +http://www.google.com/bot.html)"
128.1.218.184 - - [29/Apr/2026:18:59:00 +0300] "GET /car-de-gaming-120-x-60-x-76-cm/ HTTP/1.1" 500 745 "-" "Mozilla/5.0 (Windows NT 10.0; Win64; x64) AppleWebKit/537.36 (KHTML, like Gecko) Chrome/122.0.0.0 Safari/537.36"
104.166.164.35 - - [29/Apr/2026:18:59:12 +0300] "POST /xmlrpc.php HTTP/1.1" 500 745 "-" "Mozilla/5.0 (Windows NT 10.0; Win64; x64) AppleWebKit/537.36 (KHTML, like Gecko) Chrome/114.0.0.0 Safari/537.36"
128.1.218.184 - - [29/Apr/2026:18:59:15 +0300] "POST /xmlrpc.php HTTP/1.1" 500 745 "-" "Mozilla/5.0 (Windows NT 10.0; Win64; x64) AppleWebKit/537.36 (KHTML, like Gecko) Chrome/114.0.0.0 Safari/537.36"
104.166.164.35 - - [29/Apr/2026:18:59:26 +0300] "POST /xmlrpc.php HTTP/1.1" 500 745 "-" "Mozilla/5.0 (Windows NT 10.0; Win64; x64) AppleWebKit/537.36 (KHTML, like Gecko) Chrome/114.0.0.0 Safari/537.36"
185.216.113.70 - - [29/Apr/2026:19:01:13 +0300] "POST /wp-cron.php?doing_wp_cron=1777478473.1565198898315429687500 HTTP/1.1" 200 448 "-" "WordPress/6.3.8; https://serhatburke.miroglu.net"
62.12.118.35 - - [29/Apr/2026:18:59:33 +0300] "POST /xmlrpc.php HTTP/1.1" 500 745 "-" "Mozilla/5.0 (Windows NT 10.0; Win64; x64) AppleWebKit/537.36 (KHTML, like Gecko) Chrome/114.0.0.0 Safari/537.36"
185.244.183.170 - - [29/Apr/2026:19:00:32 +0300] "POST /xmlrpc.php HTTP/1.1" 200 0 "-" "Mozilla/5.0 (Macintosh; Intel Mac OS X 10_15_7) AppleWebKit/537.36 (KHTML, like Gecko) Chrome/122.0.0.0 Safari/537.36"
38.246.32.214 - - [29/Apr/2026:18:59:53 +0300] "POST /xmlrpc.php HTTP/1.1" 500 745 "-" "Mozilla/5.0 (Windows NT 10.0; Win64; x64) AppleWebKit/537.36 (KHTML, like Gecko) Chrome/114.0.0.0 Safari/537.36"
107.152.46.202 - - [29/Apr/2026:19:00:08 +0300] "GET /automaty-hazard-online/ HTTP/1.1" 200 0 "https://serhatburke.miroglu.net/" "Mozilla/5.0 (Linux x86_64; rv:114.0) Gecko/20100101 Firefox/114.0"
128.1.218.184 - - [29/Apr/2026:19:00:00 +0300] "POST /xmlrpc.php HTTP/1.1" 500 745 "-" "Mozilla/5.0 (Windows NT 10.0; Win64; x64) AppleWebKit/537.36 (KHTML, like Gecko) Chrome/114.0.0.0 Safari/537.36"
62.12.118.35 - - [29/Apr/2026:19:00:10 +0300] "POST /xmlrpc.php HTTP/1.1" 500 745 "-" "Mozilla/5.0 (Windows NT 10.0; Win64; x64) AppleWebKit/537.36 (KHTML, like Gecko) Chrome/114.0.0.0 Safari/537.36"
40.77.167.132 - - [29/Apr/2026:19:01:22 +0300] "GET /volte-of-300-spielsaal-bonus-offers-active-as-milk-the-cash-cow-kostenlose-80-spins-of-march-2026/ HTTP/2" 200 0 "-" "Mozilla/5.0 AppleWebKit/537.36 (KHTML, like Gecko; compatible; bingbot/2.0; +http://www.bing.com/bingbot.htm) Chrome/116.0.1938.76 Safari/537.36"
40.77.167.241 - - [29/Apr/2026:19:01:29 +0300] "GET /thunderstruck-position-gamble-free-and-read-comment/ HTTP/2" 200 0 "-" "Mozilla/5.0 AppleWebKit/537.36 (KHTML, like Gecko; compatible; bingbot/2.0; +http://www.bing.com/bingbot.htm) Chrome/116.0.1938.76 Safari/537.36"
40.77.167.156 - - [29/Apr/2026:19:01:33 +0300] "GET /dunder-erfahrungen-probe-2026-vertrauenswurdig-und-beschmu/ HTTP/2" 200 0 "-" "Mozilla/5.0 AppleWebKit/537.36 (KHTML, like Gecko; compatible; bingbot/2.0; +http://www.bing.com/bingbot.htm) Chrome/116.0.1938.76 Safari/537.36"
128.1.218.184 - - [29/Apr/2026:19:00:28 +0300] "POST /xmlrpc.php HTTP/1.1" 500 745 "-" "Mozilla/5.0 (Windows NT 10.0; Win64; x64) AppleWebKit/537.36 (KHTML, like Gecko) Chrome/114.0.0.0 Safari/537.36"
104.194.132.199 - - [29/Apr/2026:19:00:33 +0300] "GET /beste-casino-site-belgie-hoge-inzet/ HTTP/1.1" 500 782 "https://serhatburke.miroglu.net/" "Mozilla/5.0 (Windows NT 10.0; Win64; x64) AppleWebKit/537.36 (KHTML, like Gecko) Chrome/114.0.0.0 Safari/537.36 Edg/114.0.1264.71"
185.244.183.170 - - [29/Apr/2026:19:01:34 +0300] "POST /xmlrpc.php HTTP/1.1" 200 0 "-" "Mozilla/5.0 (Macintosh; Intel Mac OS X 10_15_7) AppleWebKit/537.36 (KHTML, like Gecko) Chrome/122.0.0.0 Safari/537.36"
128.1.218.184 - - [29/Apr/2026:19:00:40 +0300] "POST /xmlrpc.php HTTP/1.1" 500 745 "-" "Mozilla/5.0 (Windows NT 10.0; Win64; x64) AppleWebKit/537.36 (KHTML, like Gecko) Chrome/114.0.0.0 Safari/537.36"
104.166.164.35 - - [29/Apr/2026:19:00:52 +0300] "POST /xmlrpc.php HTTP/1.1" 500 745 "-" "Mozilla/5.0 (Windows NT 10.0; Win64; x64) AppleWebKit/537.36 (KHTML, like Gecko) Chrome/114.0.0.0 Safari/537.36"
128.1.218.184 - - [29/Apr/2026:19:01:00 +0300] "POST /xmlrpc.php HTTP/1.1" 500 745 "-" "Mozilla/5.0 (Windows NT 10.0; Win64; x64) AppleWebKit/537.36 (KHTML, like Gecko) Chrome/114.0.0.0 Safari/537.36"
104.194.132.199 - - [29/Apr/2026:19:01:03 +0300] "GET /beste-casino-site-belgie-hoge-inzet/ HTTP/1.1" 500 782 "https://serhatburke.miroglu.net/" "Mozilla/5.0 (Windows NT 10.0; Win64; x64) AppleWebKit/537.36 (KHTML, like Gecko) Chrome/114.0.0.0 Safari/537.36 Edg/114.0.1264.71"
104.166.164.35 - - [29/Apr/2026:19:01:06 +0300] "GET /?p=144182 HTTP/1.1" 500 745 "-" "Mozilla/5.0 (Windows NT 10.0; Win64; x64) AppleWebKit/537.36 (KHTML, like Gecko) Chrome/124.0.0.0 Safari/537.36 Edg/124.0.0.0"
128.1.218.184 - - [29/Apr/2026:19:01:12 +0300] "POST /xmlrpc.php HTTP/1.1" 500 745 "-" "Mozilla/5.0 (Windows NT 10.0; Win64; x64) AppleWebKit/537.36 (KHTML, like Gecko) Chrome/114.0.0.0 Safari/537.36"
40.77.167.132 - - [29/Apr/2026:19:02:26 +0300] "GET /negativliste-ecu-moon-spielbank-2026-quelle-hyperlink-test-ferner-erfahrungen-pramie/ HTTP/2" 200 0 "-" "Mozilla/5.0 AppleWebKit/537.36 (KHTML, like Gecko; compatible; bingbot/2.0; +http://www.bing.com/bingbot.htm) Chrome/116.0.1938.76 Safari/537.36"
62.12.118.35 - - [29/Apr/2026:19:01:18 +0300] "POST /xmlrpc.php HTTP/1.1" 500 745 "-" "Mozilla/5.0 (Windows NT 10.0; Win64; x64) AppleWebKit/537.36 (KHTML, like Gecko) Chrome/114.0.0.0 Safari/537.36"
40.77.167.156 - - [29/Apr/2026:19:02:31 +0300] "GET /tips-and-tricks-rebellion-casino-app-download-canada-to-boost-the-chance-playing-ports-betmgm/ HTTP/2" 200 0 "-" "Mozilla/5.0 AppleWebKit/537.36 (KHTML, like Gecko; compatible; bingbot/2.0; +http://www.bing.com/bingbot.htm) Chrome/116.0.1938.76 Safari/537.36"
40.77.167.241 - - [29/Apr/2026:19:02:31 +0300] "GET /unser-besten-book-of-dead-spielautomat-casinos-uber-wesentlich-schneller-ausschuttung-2026/ HTTP/2" 200 0 "-" "Mozilla/5.0 AppleWebKit/537.36 (KHTML, like Gecko; compatible; bingbot/2.0; +http://www.bing.com/bingbot.htm) Chrome/116.0.1938.76 Safari/537.36"
40.77.167.156 - - [29/Apr/2026:19:02:35 +0300] "GET /whenever-playing-harbors-earliest-seemed-they-all-got-an-equivalent-structure-and-possibilities/ HTTP/2" 200 0 "-" "Mozilla/5.0 AppleWebKit/537.36 (KHTML, like Gecko; compatible; bingbot/2.0; +http://www.bing.com/bingbot.htm) Chrome/116.0.1938.76 Safari/537.36"
185.216.113.70 - - [29/Apr/2026:19:03:18 +0300] "POST /wp-cron.php?doing_wp_cron=1777478598.7504398822784423828125 HTTP/1.1" 200 448 "-" "WordPress/6.3.8; https://serhatburke.miroglu.net"
185.216.113.70 - - [29/Apr/2026:19:03:32 +0300] "POST /wp-cron.php?doing_wp_cron=1777478611.8755989074707031250000 HTTP/1.1" 200 448 "-" "WordPress/6.3.8; https://serhatburke.miroglu.net"
104.194.132.199 - - [29/Apr/2026:19:01:33 +0300] "GET /beste-casino-site-belgie-hoge-inzet/ HTTP/1.1" 500 782 "https://serhatburke.miroglu.net/" "Mozilla/5.0 (Windows NT 10.0; Win64; x64) AppleWebKit/537.36 (KHTML, like Gecko) Chrome/114.0.0.0 Safari/537.36 Edg/114.0.1264.71"
185.244.183.170 - - [29/Apr/2026:19:02:36 +0300] "POST /xmlrpc.php HTTP/1.1" 200 0 "-" "Mozilla/5.0 (Macintosh; Intel Mac OS X 10_15_7) AppleWebKit/537.36 (KHTML, like Gecko) Chrome/122.0.0.0 Safari/537.36"
185.216.113.70 - - [29/Apr/2026:19:03:39 +0300] "POST /wp-cron.php?doing_wp_cron=1777478618.9576621055603027343750 HTTP/1.1" 200 448 "-" "WordPress/6.3.8; https://serhatburke.miroglu.net"
128.1.218.184 - - [29/Apr/2026:19:01:41 +0300] "POST /xmlrpc.php HTTP/1.1" 500 1102 "-" "Mozilla/5.0 (Windows NT 10.0; Win64; x64) AppleWebKit/537.36 (KHTML, like Gecko) Chrome/114.0.0.0 Safari/537.36"
185.216.113.70 - - [29/Apr/2026:19:03:45 +0300] "POST /wp-cron.php?doing_wp_cron=1777478625.7527070045471191406250 HTTP/1.1" 200 448 "-" "WordPress/6.3.8; https://serhatburke.miroglu.net"
104.166.164.35 - - [29/Apr/2026:19:01:51 +0300] "POST /xmlrpc.php HTTP/1.1" 200 630 "-" "Mozilla/5.0 (Windows NT 10.0; Win64; x64) AppleWebKit/537.36 (KHTML, like Gecko) Chrome/114.0.0.0 Safari/537.36"
185.216.113.70 - - [29/Apr/2026:19:03:47 +0300] "POST /wp-cron.php?doing_wp_cron=1777478627.8428049087524414062500 HTTP/1.1" 200 448 "-" "WordPress/6.3.8; https://serhatburke.miroglu.net"
62.12.118.35 - - [29/Apr/2026:19:01:50 +0300] "POST /xmlrpc.php HTTP/1.1" 500 1102 "-" "Mozilla/5.0 (Windows NT 10.0; Win64; x64) AppleWebKit/537.36 (KHTML, like Gecko) Chrome/114.0.0.0 Safari/537.36"
107.152.46.202 - - [29/Apr/2026:19:01:58 +0300] "GET /automaty-hazard-online/ HTTP/1.1" 500 782 "https://serhatburke.miroglu.net/" "Mozilla/5.0 (Linux x86_64; rv:114.0) Gecko/20100101 Firefox/114.0"
40.77.167.156 - - [29/Apr/2026:19:03:29 +0300] "GET /simple-tips-to-fix-problems-with-destroyed-passwords-as-well-as-the-recovery-process/ HTTP/2" 200 0 "-" "Mozilla/5.0 AppleWebKit/537.36 (KHTML, like Gecko; compatible; bingbot/2.0; +http://www.bing.com/bingbot.htm) Chrome/116.0.1938.76 Safari/537.36"
185.216.113.70 - - [29/Apr/2026:19:04:21 +0300] "POST /wp-cron.php?doing_wp_cron=1777478661.3555309772491455078125 HTTP/1.1" 200 448 "-" "WordPress/6.3.8; https://serhatburke.miroglu.net"
62.12.118.35 - - [29/Apr/2026:19:02:22 +0300] "POST /xmlrpc.php HTTP/1.1" 500 1102 "-" "Mozilla/5.0 (Windows NT 10.0; Win64; x64) AppleWebKit/537.36 (KHTML, like Gecko) Chrome/114.0.0.0 Safari/537.36"
185.216.113.70 - - [29/Apr/2026:19:04:33 +0300] "POST /wp-cron.php?doing_wp_cron=1777478673.3763968944549560546875 HTTP/1.1" 200 448 "-" "WordPress/6.3.8; https://serhatburke.miroglu.net"
128.1.218.184 - - [29/Apr/2026:19:02:51 +0300] "POST /xmlrpc.php HTTP/1.1" 500 1102 "-" "Mozilla/5.0 (Windows NT 10.0; Win64; x64) AppleWebKit/537.36 (KHTML, like Gecko) Chrome/114.0.0.0 Safari/537.36"
185.244.183.170 - - [29/Apr/2026:19:03:39 +0300] "POST /xmlrpc.php HTTP/1.1" 200 0 "-" "Mozilla/5.0 (Macintosh; Intel Mac OS X 10_15_7) AppleWebKit/537.36 (KHTML, like Gecko) Chrome/122.0.0.0 Safari/537.36"
128.1.218.184 - - [29/Apr/2026:19:02:40 +0300] "GET /?p=144184 HTTP/1.1" 500 745 "-" "Mozilla/5.0 (Windows NT 10.0; Win64; x64) AppleWebKit/537.36 (KHTML, like Gecko) Chrome/124.0.0.0 Safari/537.36"
104.166.164.35 - - [29/Apr/2026:19:02:46 +0300] "POST /xmlrpc.php HTTP/1.1" 500 745 "-" "Mozilla/5.0 (Windows NT 10.0; Win64; x64) AppleWebKit/537.36 (KHTML, like Gecko) Chrome/114.0.0.0 Safari/537.36"
185.153.197.137 - - [29/Apr/2026:19:02:54 +0300] "POST /xmlrpc.php HTTP/1.1" 500 745 "-" "Mozilla/5.0 (Windows NT 10.0; Win64; x64) AppleWebKit/537.36 (KHTML, like Gecko) Chrome/114.0.0.0 Safari/537.36"
185.216.113.70 - - [29/Apr/2026:19:05:09 +0300] "POST /wp-cron.php?doing_wp_cron=1777478708.9791049957275390625000 HTTP/1.1" 200 448 "-" "WordPress/6.3.8; https://serhatburke.miroglu.net"
104.166.164.35 - - [29/Apr/2026:19:03:31 +0300] "POST /xmlrpc.php HTTP/1.1" 500 1102 "-" "Mozilla/5.0 (Windows NT 10.0; Win64; x64) AppleWebKit/537.36 (KHTML, like Gecko) Chrome/114.0.0.0 Safari/537.36"
185.216.113.70 - - [29/Apr/2026:19:05:11 +0300] "POST /wp-cron.php?doing_wp_cron=1777478711.7514600753784179687500 HTTP/1.1" 200 448 "-" "WordPress/6.3.8; https://serhatburke.miroglu.net"
107.152.46.202 - - [29/Apr/2026:19:03:49 +0300] "GET /automaty-hazard-online/ HTTP/1.1" 200 18388 "https://serhatburke.miroglu.net/" "Mozilla/5.0 (Linux x86_64; rv:114.0) Gecko/20100101 Firefox/114.0"
185.216.113.70 - - [29/Apr/2026:19:05:34 +0300] "POST /wp-cron.php?doing_wp_cron=1777478734.0571479797363281250000 HTTP/1.1" 200 448 "-" "WordPress/6.3.8; https://serhatburke.miroglu.net"
128.1.218.184 - - [29/Apr/2026:19:04:21 +0300] "POST /xmlrpc.php HTTP/1.1" 200 627 "-" "Mozilla/5.0 (Windows NT 10.0; Win64; x64) AppleWebKit/537.36 (KHTML, like Gecko) Chrome/114.0.0.0 Safari/537.36"
185.244.183.170 - - [29/Apr/2026:19:04:40 +0300] "POST /xmlrpc.php HTTP/1.1" 200 0 "-" "Mozilla/5.0 (Macintosh; Intel Mac OS X 10_15_7) AppleWebKit/537.36 (KHTML, like Gecko) Chrome/122.0.0.0 Safari/537.36"
185.216.113.70 - - [29/Apr/2026:19:06:01 +0300] "POST /wp-cron.php?doing_wp_cron=1777478761.3503839969635009765625 HTTP/1.1" 200 448 "-" "WordPress/6.3.8; https://serhatburke.miroglu.net"
102.221.34.99 - - [29/Apr/2026:19:05:01 +0300] "GET /?p=144186 HTTP/1.1" 301 692 "-" "Mozilla/5.0 (Windows NT 10.0; Win64; x64) AppleWebKit/537.36 (KHTML, like Gecko) Chrome/123.0.0.0 Safari/537.36 OPR/109.0.0.0"
185.216.113.70 - - [29/Apr/2026:19:06:12 +0300] "POST /wp-cron.php?doing_wp_cron=1777478772.3013639450073242187500 HTTP/1.1" 200 448 "-" "WordPress/6.3.8; https://serhatburke.miroglu.net"
107.152.46.202 - - [29/Apr/2026:19:05:14 +0300] "POST /wp-comments-post.php HTTP/1.1" 302 1070 "https://serhatburke.miroglu.net/automaty-hazard-online/" "Mozilla/5.0 (Linux x86_64; rv:114.0) Gecko/20100101 Firefox/114.0"
185.216.113.70 - - [29/Apr/2026:19:06:17 +0300] "POST /wp-cron.php?doing_wp_cron=1777478777.5711219310760498046875 HTTP/1.1" 200 448 "-" "WordPress/6.3.8; https://serhatburke.miroglu.net"
104.166.164.35 - - [29/Apr/2026:19:05:16 +0300] "POST /xmlrpc.php HTTP/1.1" 200 14205 "-" "Mozilla/5.0 (Windows NT 10.0; Win64; x64) AppleWebKit/537.36 (KHTML, like Gecko) Chrome/114.0.0.0 Safari/537.36"
185.216.113.70 - - [29/Apr/2026:19:06:22 +0300] "POST /wp-cron.php?doing_wp_cron=1777478782.1437909603118896484375 HTTP/1.1" 200 448 "-" "WordPress/6.3.8; https://serhatburke.miroglu.net"
185.153.199.155 - - [29/Apr/2026:19:05:25 +0300] "POST /xmlrpc.php HTTP/1.1" 200 14205 "-" "Mozilla/5.0 (Windows NT 10.0; Win64; x64) AppleWebKit/537.36 (KHTML, like Gecko) Chrome/114.0.0.0 Safari/537.36"
176.98.31.43 - - [29/Apr/2026:19:05:55 +0300] "POST /xmlrpc.php HTTP/1.1" 200 0 "-" "Mozilla/5.0 (Windows NT 10.0; WOW64; rv:45.0) Gecko/20100101 Firefox/45.0"
176.98.31.43 - - [29/Apr/2026:19:06:26 +0300] "GET /xmlrpc.php HTTP/1.1" 200 0 "-" "Mozilla/5.0 (Windows NT 10.0; WOW64; rv:45.0) Gecko/20100101 Firefox/45.0"
185.216.113.70 - - [29/Apr/2026:19:06:58 +0300] "POST /wp-cron.php?doing_wp_cron=1777478817.8386700153350830078125 HTTP/1.1" 200 448 "-" "WordPress/6.3.8; https://serhatburke.miroglu.net"
185.216.113.70 - - [29/Apr/2026:19:07:12 +0300] "POST /wp-cron.php?doing_wp_cron=1777478832.2651410102844238281250 HTTP/1.1" 200 448 "-" "WordPress/6.3.8; https://serhatburke.miroglu.net"
102.221.34.99 - - [29/Apr/2026:19:06:08 +0300] "GET /club-club-black-colored-sheep-slot-columbus-deluxe-slot-machine-on-line-totally-free-rtp-95-step-three/ HTTP/1.1" 200 79984 "-" "Mozilla/5.0 (Windows NT 10.0; Win64; x64) AppleWebKit/537.36 (KHTML, like Gecko) Chrome/123.0.0.0 Safari/537.36 OPR/109.0.0.0"
185.216.113.70 - - [29/Apr/2026:19:07:14 +0300] "POST /wp-cron.php?doing_wp_cron=1777478834.3598909378051757812500 HTTP/1.1" 200 448 "-" "WordPress/6.3.8; https://serhatburke.miroglu.net"
107.152.46.202 - - [29/Apr/2026:19:06:13 +0300] "GET /automaty-hazard-online/?unapproved=894&moderation-hash=9e32906ab6c102605113be6f65cdad9f HTTP/1.1" 200 18850 "https://serhatburke.miroglu.net/wp-comments-post.php" "Mozilla/5.0 (Linux x86_64; rv:114.0) Gecko/20100101 Firefox/114.0"
185.216.113.70 - - [29/Apr/2026:19:07:27 +0300] "POST /wp-cron.php?doing_wp_cron=1777478847.1615519523620605468750 HTTP/1.1" 200 448 "-" "WordPress/6.3.8; https://serhatburke.miroglu.net"
104.166.164.54 - - [29/Apr/2026:19:06:23 +0300] "GET /?p=144191 HTTP/1.1" 301 695 "-" "Mozilla/5.0 (Windows NT 10.0; rv:125.0) Gecko/20100101 Firefox/125.0"
185.216.113.70 - - [29/Apr/2026:19:07:37 +0300] "POST /wp-cron.php?doing_wp_cron=1777478856.9390239715576171875000 HTTP/1.1" 200 448 "-" "WordPress/6.3.8; https://serhatburke.miroglu.net"
102.221.34.99 - - [29/Apr/2026:19:06:36 +0300] "POST /xmlrpc.php HTTP/1.1" 200 861 "-" "Mozilla/5.0 (Windows NT 10.0; Win64; x64) AppleWebKit/537.36 (KHTML, like Gecko) Chrome/114.0.0.0 Safari/537.36"
107.152.46.202 - - [29/Apr/2026:19:07:16 +0300] "GET /automaty-hazard-online/ HTTP/1.1" 200 18395 "-" "Mozilla/5.0 (Linux x86_64; rv:114.0) Gecko/20100101 Firefox/114.0"
104.166.164.54 - - [29/Apr/2026:19:07:35 +0300] "GET /no-deposit-casino-bonuses-100-percent-free-spins-casino-wonclub-login-to-have-on-the-internet-people-2026/ HTTP/1.1" 200 79710 "-" "Mozilla/5.0 (Windows NT 10.0; rv:125.0) Gecko/20100101 Firefox/125.0"
176.98.31.43 - - [29/Apr/2026:19:08:00 +0300] "POST /xmlrpc.php HTTP/1.1" 200 742 "-" "Mozilla/5.0 (Windows NT 10.0; WOW64; rv:45.0) Gecko/20100101 Firefox/45.0"
104.166.164.54 - - [29/Apr/2026:19:08:03 +0300] "POST /xmlrpc.php HTTP/1.1" 200 861 "-" "Mozilla/5.0 (Windows NT 10.0; Win64; x64) AppleWebKit/537.36 (KHTML, like Gecko) Chrome/114.0.0.0 Safari/537.36"
176.98.31.43 - - [29/Apr/2026:19:08:24 +0300] "GET /xmlrpc.php HTTP/1.1" 405 446 "-" "Mozilla/5.0 (Windows NT 10.0; WOW64; rv:45.0) Gecko/20100101 Firefox/45.0"
185.216.113.70 - - [29/Apr/2026:19:09:52 +0300] "POST /wp-cron.php?doing_wp_cron=1777478992.6549289226531982421875 HTTP/1.1" 200 448 "-" "WordPress/6.3.8; https://serhatburke.miroglu.net"
107.152.46.202 - - [29/Apr/2026:19:09:31 +0300] "GET /automaty-hazard-online/ HTTP/1.1" 200 18395 "-" "Mozilla/5.0 (X11; Linux i686) AppleWebKit/537.36 (KHTML, like Gecko) Chrome/114.0.0.0 Safari/537.36 Vivaldi/5.3.2679.68"
40.77.167.45 - - [29/Apr/2026:19:09:33 +0300] "GET /according-to-legend-an-ancient-emperor-rules-a-kingdom-labeled-as-immortal/ HTTP/2" 200 17726 "-" "Mozilla/5.0 AppleWebKit/537.36 (KHTML, like Gecko; compatible; bingbot/2.0; +http://www.bing.com/bingbot.htm) Chrome/116.0.1938.76 Safari/537.36"
40.77.167.241 - - [29/Apr/2026:19:09:38 +0300] "GET /volte-migliori-siti-verso-le-scommesse-online-del-2026/ HTTP/2" 200 17695 "-" "Mozilla/5.0 AppleWebKit/537.36 (KHTML, like Gecko; compatible; bingbot/2.0; +http://www.bing.com/bingbot.htm) Chrome/116.0.1938.76 Safari/537.36"
185.216.113.70 - - [29/Apr/2026:19:11:27 +0300] "POST /wp-cron.php?doing_wp_cron=1777479087.0466909408569335937500 HTTP/1.1" 200 448 "-" "WordPress/6.3.8; https://serhatburke.miroglu.net"
179.38.81.220 - - [29/Apr/2026:19:11:12 +0300] "POST /xmlrpc.php HTTP/2" 200 140 "-" "WordPress/XMLRPC Client"
179.38.81.220 - - [29/Apr/2026:19:11:27 +0300] "GET /?p=144197 HTTP/2" 301 0 "-" "Mozilla/5.0 (Windows NT 10.0; Win64; x64) AppleWebKit/537.36 (KHTML, like Gecko) Chrome/120.0.0.0 Safari/537.36"
52.167.144.169 - - [29/Apr/2026:19:12:11 +0300] "GET /bonos-de-giros-obtener-mas-regalado-casinos-con-tiradas-regalado-2026/ HTTP/2" 200 21339 "-" "Mozilla/5.0 AppleWebKit/537.36 (KHTML, like Gecko; compatible; bingbot/2.0; +http://www.bing.com/bingbot.htm) Chrome/116.0.1938.76 Safari/537.36"
52.167.144.210 - - [29/Apr/2026:19:12:16 +0300] "GET /draagbaar-gokhal-nederlan-casino-big-kahuna-2026-%EF%B8%8F-uitgelezene-mobiele-casinos-bij-acteren/ HTTP/2" 200 18484 "-" "Mozilla/5.0 AppleWebKit/537.36 (KHTML, like Gecko; compatible; bingbot/2.0; +http://www.bing.com/bingbot.htm) Chrome/116.0.1938.76 Safari/537.36"
185.216.113.70 - - [29/Apr/2026:19:12:41 +0300] "POST /wp-cron.php?doing_wp_cron=1777479161.4959390163421630859375 HTTP/1.1" 200 448 "-" "WordPress/6.3.8; https://serhatburke.miroglu.net"
40.77.167.45 - - [29/Apr/2026:19:12:24 +0300] "GET /het-snelst-uitbetalende-casino-in-nederland-2026-4/ HTTP/2" 200 146582 "-" "Mozilla/5.0 AppleWebKit/537.36 (KHTML, like Gecko; compatible; bingbot/2.0; +http://www.bing.com/bingbot.htm) Chrome/116.0.1938.76 Safari/537.36"
40.77.167.45 - - [29/Apr/2026:19:12:28 +0300] "GET /untamed-wolf-paquet-mien-recent-divertissement-ice-casino-code-promotionnel-de-machines-a-sous-de-la-serie-untamed-dans-vegas-palms/ HTTP/2" 200 20476 "-" "Mozilla/5.0 AppleWebKit/537.36 (KHTML, like Gecko; compatible; bingbot/2.0; +http://www.bing.com/bingbot.htm) Chrome/116.0.1938.76 Safari/537.36"
185.216.113.70 - - [29/Apr/2026:19:15:25 +0300] "POST /wp-cron.php?doing_wp_cron=1777479325.7812070846557617187500 HTTP/1.1" 200 448 "-" "WordPress/6.3.8; https://serhatburke.miroglu.net"
91.108.80.31 - - [29/Apr/2026:19:15:09 +0300] "GET /zotabet-casino-bonus-premier-depot-2026/ HTTP/1.1" 200 19136 "https://serhatburke.miroglu.net/" "Mozilla/5.0 (Macintosh; Intel Mac OS X 10_15_7) AppleWebKit/605.1.15 (KHTML, like Gecko) Version/26.1 Safari/605.1.15"
52.167.144.210 - - [29/Apr/2026:19:15:14 +0300] "GET /jeu-avec-tentative-du-brique-reel-plus-redoutables-casinos-un-tantinet-2026/ HTTP/2" 200 19779 "-" "Mozilla/5.0 AppleWebKit/537.36 (KHTML, like Gecko; compatible; bingbot/2.0; +http://www.bing.com/bingbot.htm) Chrome/116.0.1938.76 Safari/537.36"
52.167.144.210 - - [29/Apr/2026:19:15:18 +0300] "GET /contact-parking-and-you-game-pokie-online-may-faqs/ HTTP/2" 200 19634 "-" "Mozilla/5.0 AppleWebKit/537.36 (KHTML, like Gecko; compatible; bingbot/2.0; +http://www.bing.com/bingbot.htm) Chrome/116.0.1938.76 Safari/537.36"
52.167.144.169 - - [29/Apr/2026:19:15:23 +0300] "GET /bonus-casino-excellentes-encarts-publicitaires-avec-salle-de-jeu-quelque-jeu-mahjong-88-en-ligne-peu/ HTTP/2" 200 19057 "-" "Mozilla/5.0 AppleWebKit/537.36 (KHTML, like Gecko; compatible; bingbot/2.0; +http://www.bing.com/bingbot.htm) Chrome/116.0.1938.76 Safari/537.36"
91.108.80.31 - - [29/Apr/2026:19:15:31 +0300] "GET /zotabet-casino-bonus-premier-depot-2026/ HTTP/1.1" 200 19223 "https://serhatburke.miroglu.net/zotabet-casino-bonus-premier-depot-2026/" "Mozilla/5.0 (Windows NT 6.3; Win64; x64) AppleWebKit/537.36 (KHTML, like Gecko) Chrome/103.0.0.0 Safari/537.36"
91.108.80.31 - - [29/Apr/2026:19:15:53 +0300] "GET /wp-includes/css/dist/block-library/style.min.css?ver=6.3.8 HTTP/1.1" 200 13578 "https://serhatburke.miroglu.net/zotabet-casino-bonus-premier-depot-2026/" "Mozilla/5.0 (Windows NT 10.0; Win64; x64) AppleWebKit/537.36 (KHTML, like Gecko) Chrome/145.0.0.0 Safari/537.36"
91.108.80.31 - - [29/Apr/2026:19:15:53 +0300] "GET /wp-content/plugins/contact-form-7/includes/css/styles.css?ver=5.8 HTTP/1.1" 200 1490 "https://serhatburke.miroglu.net/zotabet-casino-bonus-premier-depot-2026/" "Mozilla/5.0 (Windows NT 10.0; Win64; x64) AppleWebKit/537.36 (KHTML, like Gecko) Chrome/145.0.0.0 Safari/537.36"
91.108.80.31 - - [29/Apr/2026:19:15:54 +0300] "GET /wp-content/themes/toppic/css/fontello.css?ver=4.2 HTTP/1.1" 200 1802 "https://serhatburke.miroglu.net/zotabet-casino-bonus-premier-depot-2026/" "Mozilla/5.0 (Windows NT 10.0; Win64; x64) AppleWebKit/537.36 (KHTML, like Gecko) Chrome/145.0.0.0 Safari/537.36"
91.108.80.31 - - [29/Apr/2026:19:15:54 +0300] "GET /wp-content/themes/toppic/css/reset.css?ver=4.2 HTTP/1.1" 200 1178 "https://serhatburke.miroglu.net/zotabet-casino-bonus-premier-depot-2026/" "Mozilla/5.0 (Windows NT 10.0; Win64; x64) AppleWebKit/537.36 (KHTML, like Gecko) Chrome/145.0.0.0 Safari/537.36"
91.108.80.31 - - [29/Apr/2026:19:15:54 +0300] "GET /wp-content/themes/toppic/css/default.css?ver=4.2 HTTP/1.1" 200 1811 "https://serhatburke.miroglu.net/zotabet-casino-bonus-premier-depot-2026/" "Mozilla/5.0 (Windows NT 10.0; Win64; x64) AppleWebKit/537.36 (KHTML, like Gecko) Chrome/145.0.0.0 Safari/537.36"
91.108.80.31 - - [29/Apr/2026:19:15:54 +0300] "GET /wp-content/themes/toppic/style.css?ver=4.2 HTTP/1.1" 200 23398 "https://serhatburke.miroglu.net/zotabet-casino-bonus-premier-depot-2026/" "Mozilla/5.0 (Windows NT 10.0; Win64; x64) AppleWebKit/537.36 (KHTML, like Gecko) Chrome/145.0.0.0 Safari/537.36"
91.108.80.31 - - [29/Apr/2026:19:15:55 +0300] "GET /wp-content/themes/toppic/css/royalslider.css?ver=4.2 HTTP/1.1" 200 1887 "https://serhatburke.miroglu.net/zotabet-casino-bonus-premier-depot-2026/" "Mozilla/5.0 (Windows NT 10.0; Win64; x64) AppleWebKit/537.36 (KHTML, like Gecko) Chrome/145.0.0.0 Safari/537.36"
91.108.80.31 - - [29/Apr/2026:19:15:55 +0300] "GET /wp-content/themes/toppic/css/rs-default.css?ver=4.2 HTTP/1.1" 200 2625 "https://serhatburke.miroglu.net/zotabet-casino-bonus-premier-depot-2026/" "Mozilla/5.0 (Windows NT 10.0; Win64; x64) AppleWebKit/537.36 (KHTML, like Gecko) Chrome/145.0.0.0 Safari/537.36"
91.108.80.31 - - [29/Apr/2026:19:15:55 +0300] "GET /wp-content/themes/toppic/css/lightbox.css?ver=4.2 HTTP/1.1" 200 2956 "https://serhatburke.miroglu.net/zotabet-casino-bonus-premier-depot-2026/" "Mozilla/5.0 (Windows NT 10.0; Win64; x64) AppleWebKit/537.36 (KHTML, like Gecko) Chrome/145.0.0.0 Safari/537.36"
91.108.80.31 - - [29/Apr/2026:19:15:56 +0300] "GET /wp-content/themes/toppic/css/woocommerce.css?ver=4.2 HTTP/1.1" 200 2848 "https://serhatburke.miroglu.net/zotabet-casino-bonus-premier-depot-2026/" "Mozilla/5.0 (Windows NT 10.0; Win64; x64) AppleWebKit/537.36 (KHTML, like Gecko) Chrome/145.0.0.0 Safari/537.36"
91.108.80.31 - - [29/Apr/2026:19:15:56 +0300] "GET /wp-content/themes/toppic/css/responsive.css?ver=4.2 HTTP/1.1" 200 2796 "https://serhatburke.miroglu.net/zotabet-casino-bonus-premier-depot-2026/" "Mozilla/5.0 (Windows NT 10.0; Win64; x64) AppleWebKit/537.36 (KHTML, like Gecko) Chrome/145.0.0.0 Safari/537.36"
40.77.167.17 - - [29/Apr/2026:19:15:58 +0300] "GET /simple-tips-to-play-blackjack-laws-and-regulations-tips-for-all-quick-hit-play-slot-the-scholar/ HTTP/2" 200 18448 "-" "Mozilla/5.0 AppleWebKit/537.36 (KHTML, like Gecko; compatible; bingbot/2.0; +http://www.bing.com/bingbot.htm) Chrome/116.0.1938.76 Safari/537.36"
91.108.80.31 - - [29/Apr/2026:19:15:56 +0300] "POST /wp-comments-post.php HTTP/1.1" 200 1582 "https://serhatburke.miroglu.net/zotabet-casino-bonus-premier-depot-2026/" "Mozilla/5.0 (Windows NT 6.3; Win64; x64) AppleWebKit/537.36 (KHTML, like Gecko) Chrome/103.0.0.0 Safari/537.36"
91.108.80.31 - - [29/Apr/2026:19:16:14 +0300] "GET /zotabet-casino-bonus-premier-depot-2026/ HTTP/1.1" 200 19103 "-" "Mozilla/5.0 (compatible; Googlebot/2.1; +http://www.google.com/bot.html)"
57.128.22.95 - - [29/Apr/2026:19:19:12 +0300] "GET /88701-2/ HTTP/1.1" 200 18386 "-" "Mozilla/5.0 (compatible; Googlebot/2.1; +http://www.google.com/bot.html)"
57.128.22.95 - - [29/Apr/2026:19:19:56 +0300] "GET /88701-2/ HTTP/1.1" 200 18386 "-" "Mozilla/5.0 (compatible; Googlebot/2.1; +http://www.google.com/bot.html)"
185.216.113.70 - - [29/Apr/2026:19:20:52 +0300] "POST /wp-cron.php?doing_wp_cron=1777479652.5118520259857177734375 HTTP/1.1" 200 448 "-" "WordPress/6.3.8; https://serhatburke.miroglu.net"
40.77.167.76 - - [29/Apr/2026:19:20:40 +0300] "GET /greatest-a-real-income-slots-from-the-caesars-castle-internet-casino-2026-al-new-casino-games-free-com/ HTTP/2" 200 18915 "-" "Mozilla/5.0 AppleWebKit/537.36 (KHTML, like Gecko; compatible; bingbot/2.0; +http://www.bing.com/bingbot.htm) Chrome/116.0.1938.76 Safari/537.36"
185.216.113.70 - - [29/Apr/2026:19:21:40 +0300] "POST /wp-cron.php?doing_wp_cron=1777479700.5385539531707763671875 HTTP/1.1" 200 448 "-" "WordPress/6.3.8; https://serhatburke.miroglu.net"
91.108.80.31 - - [29/Apr/2026:19:21:27 +0300] "GET /zotabet-casino-bonus-premier-depot-2026/ HTTP/1.1" 200 19103 "-" "Mozilla/5.0 (compatible; Googlebot/2.1; +http://www.google.com/bot.html)"
147.92.52.124 - - [29/Apr/2026:19:22:02 +0300] "GET /automaty-hazard-online/ HTTP/1.1" 200 18351 "https://serhatburke.miroglu.net/" "Mozilla/5.0 (Windows NT 10.0; Win64; x64; Xbox; Xbox One) AppleWebKit/537.36 (KHTML, like Gecko) Chrome/114.0.0.0 Safari/537.36 Edge/44.18363.8131"
147.92.52.124 - - [29/Apr/2026:19:22:17 +0300] "POST /wp-comments-post.php HTTP/1.1" 302 1033 "https://serhatburke.miroglu.net/automaty-hazard-online/" "Mozilla/5.0 (Windows NT 10.0; Win64; x64; Xbox; Xbox One) AppleWebKit/537.36 (KHTML, like Gecko) Chrome/114.0.0.0 Safari/537.36 Edge/44.18363.8131"
185.216.113.70 - - [29/Apr/2026:19:22:54 +0300] "POST /wp-cron.php?doing_wp_cron=1777479774.0595400333404541015625 HTTP/1.1" 200 448 "-" "WordPress/6.3.8; https://serhatburke.miroglu.net"
147.92.52.124 - - [29/Apr/2026:19:22:30 +0300] "GET /automaty-hazard-online/?unapproved=895&moderation-hash=95a05a51f5cc35668c1d6a24b367d525 HTTP/1.1" 200 18834 "https://serhatburke.miroglu.net/wp-comments-post.php" "Mozilla/5.0 (Windows NT 10.0; Win64; x64; Xbox; Xbox One) AppleWebKit/537.36 (KHTML, like Gecko) Chrome/114.0.0.0 Safari/537.36 Edge/44.18363.8131"
40.77.167.76 - - [29/Apr/2026:19:22:32 +0300] "GET /could-there-be-gambling-free-revolves-5-reel-flames-no-deposit-on-the-branson-mercantile-office-systems-pvt-ltd/ HTTP/2" 200 17955 "-" "Mozilla/5.0 AppleWebKit/537.36 (KHTML, like Gecko; compatible; bingbot/2.0; +http://www.bing.com/bingbot.htm) Chrome/116.0.1938.76 Safari/537.36"
40.77.167.17 - - [29/Apr/2026:19:22:35 +0300] "GET /the-brand-new-connecticut-playing-department-oversees-all-of-the-businesses-making-certain-games-try-fair-and-therefore-pro-loans-is-actually-safe/ HTTP/2" 200 17747 "-" "Mozilla/5.0 AppleWebKit/537.36 (KHTML, like Gecko; compatible; bingbot/2.0; +http://www.bing.com/bingbot.htm) Chrome/116.0.1938.76 Safari/537.36"
52.167.144.169 - - [29/Apr/2026:19:22:36 +0300] "GET /financial-approaches-for-a-real-income-slots-in-the-usa/ HTTP/2" 200 17571 "-" "Mozilla/5.0 AppleWebKit/537.36 (KHTML, like Gecko; compatible; bingbot/2.0; +http://www.bing.com/bingbot.htm) Chrome/116.0.1938.76 Safari/537.36"
40.77.167.17 - - [29/Apr/2026:19:22:41 +0300] "GET /book-of-ra-gebuhrenfrei-das-royalgame-osterreich-boni-klassiker-fur-spielefans/ HTTP/2" 200 19810 "-" "Mozilla/5.0 AppleWebKit/537.36 (KHTML, like Gecko; compatible; bingbot/2.0; +http://www.bing.com/bingbot.htm) Chrome/116.0.1938.76 Safari/537.36"
185.216.113.70 - - [29/Apr/2026:19:23:17 +0300] "POST /wp-cron.php?doing_wp_cron=1777479797.7187910079956054687500 HTTP/1.1" 200 448 "-" "WordPress/6.3.8; https://serhatburke.miroglu.net"
138.229.103.222 - - [29/Apr/2026:19:22:50 +0300] "GET /automaty-hazard-online/ HTTP/1.1" 200 18358 "-" "Mozilla/5.0 (Windows NT 10.0; Win64; x64; Xbox; Xbox One) AppleWebKit/537.36 (KHTML, like Gecko) Chrome/114.0.0.0 Safari/537.36 Edge/44.18363.8131"
40.77.167.70 - - [29/Apr/2026:19:23:22 +0300] "GET /celebrity-development-prepaid-cards-casino-no-deposit-bonus-entertainment-development/ HTTP/2" 200 20110 "-" "Mozilla/5.0 AppleWebKit/537.36 (KHTML, like Gecko; compatible; bingbot/2.0; +http://www.bing.com/bingbot.htm) Chrome/116.0.1938.76 Safari/537.36"
185.216.113.70 - - [29/Apr/2026:19:24:47 +0300] "POST /wp-cron.php?doing_wp_cron=1777479887.8399150371551513671875 HTTP/1.1" 200 448 "-" "WordPress/6.3.8; https://serhatburke.miroglu.net"
167.160.69.251 - - [29/Apr/2026:19:24:33 +0300] "GET /automaty-hazard-online/ HTTP/1.1" 200 18358 "-" "Mozilla/5.0 (X11; Linux i686) AppleWebKit/537.36 (KHTML, like Gecko) Chrome/114.0.0.0 Safari/537.36 Vivaldi/5.3.2679.68"
40.77.167.76 - - [29/Apr/2026:19:24:52 +0300] "GET /play-thunderstruck-2-status-96-65-rtp-real-cash-video-game-mercantile-place-of-work-systems-pvt-ltd/ HTTP/2" 200 20340 "-" "Mozilla/5.0 AppleWebKit/537.36 (KHTML, like Gecko; compatible; bingbot/2.0; +http://www.bing.com/bingbot.htm) Chrome/116.0.1938.76 Safari/537.36"
40.77.167.70 - - [29/Apr/2026:19:24:56 +0300] "GET /fortune-dragon-pg-trinocasino-faca-login-aparelho-dragao-belzebu-acessivel-e-como-aparelhar/ HTTP/2" 200 20929 "-" "Mozilla/5.0 AppleWebKit/537.36 (KHTML, like Gecko; compatible; bingbot/2.0; +http://www.bing.com/bingbot.htm) Chrome/116.0.1938.76 Safari/537.36"
40.77.167.17 - - [29/Apr/2026:19:24:55 +0300] "GET /jedoch-konnten-mich-unser-agenten-mit-leutseligkeit-ferner-fachkenntnissen-ein-agenten-uberzeugen/ HTTP/2" 200 18330 "-" "Mozilla/5.0 AppleWebKit/537.36 (KHTML, like Gecko; compatible; bingbot/2.0; +http://www.bing.com/bingbot.htm) Chrome/116.0.1938.76 Safari/537.36"
40.77.167.70 - - [29/Apr/2026:19:25:21 +0300] "GET /tagesordnungspunkt-10-verbunden-roulette-casinos-2026-echt-money-games/ HTTP/2" 200 19553 "-" "Mozilla/5.0 AppleWebKit/537.36 (KHTML, like Gecko; compatible; bingbot/2.0; +http://www.bing.com/bingbot.htm) Chrome/116.0.1938.76 Safari/537.36"
185.216.113.70 - - [29/Apr/2026:19:25:40 +0300] "POST /wp-cron.php?doing_wp_cron=1777479940.3224771022796630859375 HTTP/1.1" 200 448 "-" "WordPress/6.3.8; https://serhatburke.miroglu.net"
40.77.167.76 - - [29/Apr/2026:19:25:23 +0300] "GET /free-coins-now-slot-game-amazon-wild-rtp-offers/ HTTP/2" 200 19631 "-" "Mozilla/5.0 AppleWebKit/537.36 (KHTML, like Gecko; compatible; bingbot/2.0; +http://www.bing.com/bingbot.htm) Chrome/116.0.1938.76 Safari/537.36"
40.77.167.76 - - [29/Apr/2026:19:25:25 +0300] "GET /bokep-pemersatu-bangsa-kenapa-harus-bokep-sih/ HTTP/2" 200 21291 "-" "Mozilla/5.0 AppleWebKit/537.36 (KHTML, like Gecko; compatible; bingbot/2.0; +http://www.bing.com/bingbot.htm) Chrome/116.0.1938.76 Safari/537.36"
40.77.167.70 - - [29/Apr/2026:19:25:42 +0300] "GET /gamble-31-000-zcela-zdarma-porty-a-online-hry-bez-vkladu-a-instalace/ HTTP/2" 200 18902 "-" "Mozilla/5.0 AppleWebKit/537.36 (KHTML, like Gecko; compatible; bingbot/2.0; +http://www.bing.com/bingbot.htm) Chrome/116.0.1938.76 Safari/537.36"
40.77.167.76 - - [29/Apr/2026:19:25:55 +0300] "GET /mines-demo-acostumado-slot-bonanza-para-dinheiro-real-aparelhamento-de-parada-mines/ HTTP/2" 200 18909 "-" "Mozilla/5.0 AppleWebKit/537.36 (KHTML, like Gecko; compatible; bingbot/2.0; +http://www.bing.com/bingbot.htm) Chrome/116.0.1938.76 Safari/537.36"
185.216.113.70 - - [29/Apr/2026:19:28:52 +0300] "POST /wp-cron.php?doing_wp_cron=1777480131.9093320369720458984375 HTTP/1.1" 200 448 "-" "WordPress/6.3.8; https://serhatburke.miroglu.net"
176.98.31.43 - - [29/Apr/2026:19:28:37 +0300] "POST /xmlrpc.php HTTP/1.1" 200 742 "-" "Mozilla/5.0 (Windows NT 10.0; WOW64; rv:45.0) Gecko/20100101 Firefox/45.0"
170.0.171.7 - - [29/Apr/2026:19:28:40 +0300] "GET / HTTP/1.1" 200 22091 "-" "Mozilla/5.0 (Windows NT 10.0; Win64; x64) AppleWebKit/537.36 (KHTML, like Gecko) Chrome/120.0.0.0 Safari/537.36"
176.98.31.43 - - [29/Apr/2026:19:28:52 +0300] "GET /xmlrpc.php HTTP/1.1" 405 446 "-" "Mozilla/5.0 (Windows NT 10.0; WOW64; rv:45.0) Gecko/20100101 Firefox/45.0"
185.216.113.70 - - [29/Apr/2026:19:30:18 +0300] "POST /wp-cron.php?doing_wp_cron=1777480218.4727840423583984375000 HTTP/1.1" 200 448 "-" "WordPress/6.3.8; https://serhatburke.miroglu.net"
176.98.31.43 - - [29/Apr/2026:19:30:05 +0300] "POST /xmlrpc.php HTTP/1.1" 200 742 "-" "Mozilla/5.0 (Windows NT 10.0; WOW64; rv:45.0) Gecko/20100101 Firefox/45.0"
176.98.31.43 - - [29/Apr/2026:19:30:18 +0300] "GET /xmlrpc.php HTTP/1.1" 405 446 "-" "Mozilla/5.0 (Windows NT 10.0; WOW64; rv:45.0) Gecko/20100101 Firefox/45.0"
52.167.144.218 - - [29/Apr/2026:19:30:21 +0300] "GET /post-sitemap68.xml HTTP/2" 200 52271 "-" "Mozilla/5.0 AppleWebKit/537.36 (KHTML, like Gecko; compatible; bingbot/2.0; +http://www.bing.com/bingbot.htm) Chrome/116.0.1938.76 Safari/537.36"
185.216.113.70 - - [29/Apr/2026:19:31:39 +0300] "POST /wp-cron.php?doing_wp_cron=1777480299.4150040149688720703125 HTTP/1.1" 200 448 "-" "WordPress/6.3.8; https://serhatburke.miroglu.net"
37.139.53.240 - - [29/Apr/2026:19:31:17 +0300] "POST / HTTP/2" 200 18881 "-" "Mozilla/5.0 (Macintosh; Intel Mac OS X 10_15_7) AppleWebKit/605.1.15 (KHTML, like Gecko) Version/18.0 Safari/605.1.15"
103.219.169.227 - - [29/Apr/2026:19:31:37 +0300] "POST /xmlrpc.php HTTP/1.1" 200 630 "-" "Mozilla/5.0 (Windows NT 10.0; Win64; x64) AppleWebKit/537.36 (KHTML, like Gecko) Chrome/114.0.0.0 Safari/537.36"
103.219.169.227 - - [29/Apr/2026:19:31:58 +0300] "POST /xmlrpc.php HTTP/1.1" 200 11467 "-" "Mozilla/5.0 (Windows NT 10.0; Win64; x64) AppleWebKit/537.36 (KHTML, like Gecko) Chrome/114.0.0.0 Safari/537.36"
185.153.199.159 - - [29/Apr/2026:19:32:17 +0300] "POST /xmlrpc.php HTTP/1.1" 200 11449 "-" "Mozilla/5.0 (Windows NT 10.0; Win64; x64) AppleWebKit/537.36 (KHTML, like Gecko) Chrome/114.0.0.0 Safari/537.36"
185.216.113.70 - - [29/Apr/2026:19:32:48 +0300] "POST /wp-cron.php?doing_wp_cron=1777480367.8698589801788330078125 HTTP/1.1" 200 448 "-" "WordPress/6.3.8; https://serhatburke.miroglu.net"
103.219.169.136 - - [29/Apr/2026:19:32:33 +0300] "GET /book-ori-ra-online-meci-book-au-ra-slot-de-vlad-cazino/ HTTP/1.1" 200 75206 "-" "Mozilla/5.0 (Windows NT 10.0; Win64; x64) AppleWebKit/537.36 (KHTML, like Gecko) Chrome/123.0.0.0 Safari/537.36"
185.216.113.70 - - [29/Apr/2026:19:34:11 +0300] "POST /wp-cron.php?doing_wp_cron=1777480450.9941740036010742187500 HTTP/1.1" 200 448 "-" "WordPress/6.3.8; https://serhatburke.miroglu.net"
193.43.249.108 - - [29/Apr/2026:19:33:46 +0300] "GET /xmlrpc.php HTTP/1.1" 405 446 "-" "-"
185.216.113.70 - - [29/Apr/2026:19:36:00 +0300] "POST /wp-cron.php?doing_wp_cron=1777480560.8159480094909667968750 HTTP/1.1" 200 448 "-" "WordPress/6.3.8; https://serhatburke.miroglu.net"
103.219.169.136 - - [29/Apr/2026:19:35:47 +0300] "POST /xmlrpc.php HTTP/1.1" 200 630 "-" "Mozilla/5.0 (Windows NT 10.0; Win64; x64) AppleWebKit/537.36 (KHTML, like Gecko) Chrome/114.0.0.0 Safari/537.36"
186.12.184.223 - - [29/Apr/2026:19:36:01 +0300] "POST /xmlrpc.php HTTP/2" 200 204 "-" "XML-RPC for PHP 4.11.1"
103.219.169.136 - - [29/Apr/2026:19:36:07 +0300] "POST /xmlrpc.php HTTP/1.1" 200 11499 "-" "Mozilla/5.0 (Windows NT 10.0; Win64; x64) AppleWebKit/537.36 (KHTML, like Gecko) Chrome/114.0.0.0 Safari/537.36"
185.216.113.70 - - [29/Apr/2026:19:36:39 +0300] "POST /wp-cron.php?doing_wp_cron=1777480599.6981070041656494140625 HTTP/1.1" 200 448 "-" "WordPress/6.3.8; https://serhatburke.miroglu.net"
103.219.169.136 - - [29/Apr/2026:19:36:26 +0300] "GET /cazinou-online-sloturi-grati/ HTTP/1.1" 200 74782 "-" "Mozilla/5.0 (Windows NT 10.0; rv:125.0) Gecko/20100101 Firefox/125.0"
185.216.113.70 - - [29/Apr/2026:19:38:33 +0300] "POST /wp-cron.php?doing_wp_cron=1777480713.8038170337677001953125 HTTP/1.1" 200 448 "-" "WordPress/6.3.8; https://serhatburke.miroglu.net"
38.246.32.214 - - [29/Apr/2026:19:38:20 +0300] "POST /xmlrpc.php HTTP/1.1" 200 630 "-" "Mozilla/5.0 (Windows NT 10.0; Win64; x64) AppleWebKit/537.36 (KHTML, like Gecko) Chrome/114.0.0.0 Safari/537.36"
103.219.169.136 - - [29/Apr/2026:19:38:38 +0300] "POST /xmlrpc.php HTTP/1.1" 200 630 "-" "Mozilla/5.0 (Windows NT 10.0; Win64; x64) AppleWebKit/537.36 (KHTML, like Gecko) Chrome/114.0.0.0 Safari/537.36"
38.246.32.214 - - [29/Apr/2026:19:38:39 +0300] "POST /xmlrpc.php HTTP/1.1" 200 9015 "-" "Mozilla/5.0 (Windows NT 10.0; Win64; x64) AppleWebKit/537.36 (KHTML, like Gecko) Chrome/114.0.0.0 Safari/537.36"
57.128.22.95 - - [29/Apr/2026:19:38:51 +0300] "GET /35849-2/ HTTP/1.1" 200 18401 "-" "Mozilla/5.0 (compatible; Googlebot/2.1; +http://www.google.com/bot.html)"
52.167.144.199 - - [29/Apr/2026:19:38:54 +0300] "GET /emocion-y-fortuna-spingranny-te-abre-las-puertas-al/ HTTP/2" 200 19181 "-" "Mozilla/5.0 AppleWebKit/537.36 (KHTML, like Gecko; compatible; bingbot/2.0; +http://www.bing.com/bingbot.htm) Chrome/116.0.1938.76 Safari/537.36"
38.246.32.214 - - [29/Apr/2026:19:39:01 +0300] "GET /just-in-case-casinos-into-the-north-carolina-be-court-online-the-best-game-brands-could-well-be-readily-available/ HTTP/1.1" 200 74295 "-" "Mozilla/5.0 (Windows NT 10.0; Win64; x64) AppleWebKit/537.36 (KHTML, like Gecko) Chrome/124.0.0.0 Safari/537.36 Edg/124.0.0.0"
103.219.169.136 - - [29/Apr/2026:19:39:04 +0300] "POST /xmlrpc.php HTTP/1.1" 200 11842 "-" "Mozilla/5.0 (Windows NT 10.0; Win64; x64) AppleWebKit/537.36 (KHTML, like Gecko) Chrome/114.0.0.0 Safari/537.36"
185.216.113.70 - - [29/Apr/2026:19:39:39 +0300] "POST /wp-cron.php?doing_wp_cron=1777480779.2387690544128417968750 HTTP/1.1" 200 448 "-" "WordPress/6.3.8; https://serhatburke.miroglu.net"
52.167.144.218 - - [29/Apr/2026:19:39:04 +0300] "GET /kraken-bezopasnye-metody-dostupa-k-darknet-resursam-2026/ HTTP/2" 200 18945 "-" "Mozilla/5.0 AppleWebKit/537.36 (KHTML, like Gecko; compatible; bingbot/2.0; +http://www.bing.com/bingbot.htm) Chrome/116.0.1938.76 Safari/537.36"
52.167.144.218 - - [29/Apr/2026:19:39:08 +0300] "GET /zimpler-casinos-2026-greatest-gambling-enterprises-you-to-accept-zimpler-places/ HTTP/2" 200 18424 "-" "Mozilla/5.0 AppleWebKit/537.36 (KHTML, like Gecko; compatible; bingbot/2.0; +http://www.bing.com/bingbot.htm) Chrome/116.0.1938.76 Safari/537.36"
40.77.167.11 - - [29/Apr/2026:19:39:13 +0300] "GET /beste-online-casinos-2026-10-traktandum-seriose-banana-splash-spiel-casino-seiten/ HTTP/2" 200 19537 "-" "Mozilla/5.0 AppleWebKit/537.36 (KHTML, like Gecko; compatible; bingbot/2.0; +http://www.bing.com/bingbot.htm) Chrome/116.0.1938.76 Safari/537.36"
52.167.144.199 - - [29/Apr/2026:19:39:34 +0300] "GET /make-every-visit-more-rewarding-45/ HTTP/2" 200 187039 "-" "Mozilla/5.0 AppleWebKit/537.36 (KHTML, like Gecko; compatible; bingbot/2.0; +http://www.bing.com/bingbot.htm) Chrome/116.0.1938.76 Safari/537.36"
103.219.169.136 - - [29/Apr/2026:19:39:40 +0300] "GET /30-s-jocuri-de-jucat-acasa-pe-doi-distractie-pentru-copii-adolescenti-si-adulti/ HTTP/1.1" 200 76418 "-" "Mozilla/5.0 (Windows NT 10.0; Win64; x64) AppleWebKit/537.36 (KHTML, like Gecko) Chrome/123.0.0.0 Safari/537.36"
