82.25.62.125 - - [29/Apr/2026:23:46:23 +0300] "GET /wp-content/themes/toppic/css/fontello.css?ver=4.2 HTTP/1.1" 200 1802 "https://serhatburke.miroglu.net/novoline-casino-codice-bonus-registrazione/" "Mozilla/5.0 (Windows NT 10.0; Win64; x64) AppleWebKit/537.36 (KHTML, like Gecko) Chrome/145.0.0.0 Safari/537.36"
82.25.62.125 - - [29/Apr/2026:23:46:24 +0300] "GET /wp-content/themes/toppic/css/reset.css?ver=4.2 HTTP/1.1" 200 1178 "https://serhatburke.miroglu.net/novoline-casino-codice-bonus-registrazione/" "Mozilla/5.0 (Windows NT 10.0; Win64; x64) AppleWebKit/537.36 (KHTML, like Gecko) Chrome/145.0.0.0 Safari/537.36"
82.25.62.125 - - [29/Apr/2026:23:46:24 +0300] "GET /wp-content/themes/toppic/css/default.css?ver=4.2 HTTP/1.1" 200 1811 "https://serhatburke.miroglu.net/novoline-casino-codice-bonus-registrazione/" "Mozilla/5.0 (Windows NT 10.0; Win64; x64) AppleWebKit/537.36 (KHTML, like Gecko) Chrome/145.0.0.0 Safari/537.36"
82.25.62.125 - - [29/Apr/2026:23:46:25 +0300] "GET /wp-content/themes/toppic/style.css?ver=4.2 HTTP/1.1" 200 23398 "https://serhatburke.miroglu.net/novoline-casino-codice-bonus-registrazione/" "Mozilla/5.0 (Windows NT 10.0; Win64; x64) AppleWebKit/537.36 (KHTML, like Gecko) Chrome/145.0.0.0 Safari/537.36"
82.25.62.125 - - [29/Apr/2026:23:46:26 +0300] "GET /wp-content/themes/toppic/css/royalslider.css?ver=4.2 HTTP/1.1" 200 1887 "https://serhatburke.miroglu.net/novoline-casino-codice-bonus-registrazione/" "Mozilla/5.0 (Windows NT 10.0; Win64; x64) AppleWebKit/537.36 (KHTML, like Gecko) Chrome/145.0.0.0 Safari/537.36"
82.25.62.125 - - [29/Apr/2026:23:46:27 +0300] "GET /wp-content/themes/toppic/css/rs-default.css?ver=4.2 HTTP/1.1" 200 2625 "https://serhatburke.miroglu.net/novoline-casino-codice-bonus-registrazione/" "Mozilla/5.0 (Windows NT 10.0; Win64; x64) AppleWebKit/537.36 (KHTML, like Gecko) Chrome/145.0.0.0 Safari/537.36"
82.25.62.125 - - [29/Apr/2026:23:46:28 +0300] "GET /wp-content/themes/toppic/css/lightbox.css?ver=4.2 HTTP/1.1" 200 2956 "https://serhatburke.miroglu.net/novoline-casino-codice-bonus-registrazione/" "Mozilla/5.0 (Windows NT 10.0; Win64; x64) AppleWebKit/537.36 (KHTML, like Gecko) Chrome/145.0.0.0 Safari/537.36"
82.25.62.125 - - [29/Apr/2026:23:46:29 +0300] "GET /wp-content/themes/toppic/css/woocommerce.css?ver=4.2 HTTP/1.1" 200 2848 "https://serhatburke.miroglu.net/novoline-casino-codice-bonus-registrazione/" "Mozilla/5.0 (Windows NT 10.0; Win64; x64) AppleWebKit/537.36 (KHTML, like Gecko) Chrome/145.0.0.0 Safari/537.36"
82.25.62.125 - - [29/Apr/2026:23:46:29 +0300] "GET /wp-content/themes/toppic/css/responsive.css?ver=4.2 HTTP/1.1" 200 2796 "https://serhatburke.miroglu.net/novoline-casino-codice-bonus-registrazione/" "Mozilla/5.0 (Windows NT 10.0; Win64; x64) AppleWebKit/537.36 (KHTML, like Gecko) Chrome/145.0.0.0 Safari/537.36"
62.12.119.247 - - [29/Apr/2026:23:46:22 +0300] "GET /sleeper-promo-code-wtop-rating-100-nba-saturday-the-site-night-put-match/ HTTP/1.1" 200 78965 "-" "Mozilla/5.0 (Windows NT 10.0; Win64; x64; rv:125.0) Gecko/20100101 Firefox/125.0"
82.25.62.125 - - [29/Apr/2026:23:46:30 +0300] "POST /wp-comments-post.php HTTP/1.1" 302 1090 "https://serhatburke.miroglu.net/novoline-casino-codice-bonus-registrazione/" "Mozilla/5.0 (X11; Linux x86_64; rv:146.0) Gecko/20100101 Firefox/146.0"
62.12.119.247 - - [29/Apr/2026:23:46:34 +0300] "POST /xmlrpc.php HTTP/1.1" 200 630 "-" "Mozilla/5.0 (Windows NT 10.0; Win64; x64) AppleWebKit/537.36 (KHTML, like Gecko) Chrome/114.0.0.0 Safari/537.36"
66.249.76.64 - - [29/Apr/2026:23:46:45 +0300] "GET /onlain-2026-dlia-novickov-i-profi-rekomendacii-ekspertov6187/ HTTP/1.1" 200 19516 "-" "Mozilla/5.0 (Linux; Android 6.0.1; Nexus 5X Build/MMB29P) AppleWebKit/537.36 (KHTML, like Gecko) Chrome/147.0.7727.116 Mobile Safari/537.36 (compatible; Googlebot/2.1; +http://www.google.com/bot.html)"
82.25.62.125 - - [29/Apr/2026:23:46:46 +0300] "GET /novoline-casino-codice-bonus-registrazione/?unapproved=913&moderation-hash=2388a2ebf0fbcead1ec9155d61b29249 HTTP/1.1" 200 18200 "https://serhatburke.miroglu.net/wp-comments-post.php" "Mozilla/5.0 (X11; Linux x86_64; rv:146.0) Gecko/20100101 Firefox/146.0"
185.216.113.70 - - [29/Apr/2026:23:47:08 +0300] "POST /wp-cron.php?doing_wp_cron=1777495628.2175469398498535156250 HTTP/1.1" 200 448 "-" "WordPress/6.3.8; https://serhatburke.miroglu.net"
62.12.119.247 - - [29/Apr/2026:23:46:53 +0300] "POST /xmlrpc.php HTTP/1.1" 200 15052 "-" "Mozilla/5.0 (Windows NT 10.0; Win64; x64) AppleWebKit/537.36 (KHTML, like Gecko) Chrome/114.0.0.0 Safari/537.36"
185.216.113.70 - - [29/Apr/2026:23:47:14 +0300] "POST /wp-cron.php?doing_wp_cron=1777495633.9797561168670654296875 HTTP/1.1" 200 448 "-" "WordPress/6.3.8; https://serhatburke.miroglu.net"
181.178.246.135 - - [29/Apr/2026:23:46:59 +0300] "POST /xmlrpc.php HTTP/2" 200 141 "-" "WordPress/XMLRPC Client"
62.12.119.247 - - [29/Apr/2026:23:47:09 +0300] "GET /step-1-finest-united-states-of-america-online-casinos-big-kahuna-real-money-2026-confirmed-real-money-sites/ HTTP/1.1" 200 80035 "-" "Mozilla/5.0 (Windows NT 10.0; Win64; x64) AppleWebKit/537.36 (KHTML, like Gecko) Chrome/122.0.0.0 Safari/537.36"
181.178.246.135 - - [29/Apr/2026:23:47:14 +0300] "GET /?p=144536 HTTP/2" 301 0 "-" "Mozilla/5.0 (Windows NT 10.0; Win64; x64) AppleWebKit/537.36 (KHTML, like Gecko) Chrome/120.0.0.0 Safari/537.36"
62.12.119.247 - - [29/Apr/2026:23:47:38 +0300] "POST /xmlrpc.php HTTP/1.1" 200 630 "-" "Mozilla/5.0 (Windows NT 10.0; Win64; x64) AppleWebKit/537.36 (KHTML, like Gecko) Chrome/114.0.0.0 Safari/537.36"
80.90.183.146 - - [29/Apr/2026:23:47:48 +0300] "GET /35849-2/ HTTP/1.1" 200 18380 "https://serhatburke.miroglu.net/" "Mozilla/5.0 (Macintosh; Intel Mac OS X 10_15_7) AppleWebKit/537.36 (KHTML, like Gecko) Chrome/145.0.0.0 Safari/537.36"
185.216.113.70 - - [29/Apr/2026:23:48:13 +0300] "POST /wp-cron.php?doing_wp_cron=1777495693.2477591037750244140625 HTTP/1.1" 200 448 "-" "WordPress/6.3.8; https://serhatburke.miroglu.net"
62.12.119.247 - - [29/Apr/2026:23:47:57 +0300] "POST /xmlrpc.php HTTP/1.1" 200 15159 "-" "Mozilla/5.0 (Windows NT 10.0; Win64; x64) AppleWebKit/537.36 (KHTML, like Gecko) Chrome/114.0.0.0 Safari/537.36"
51.79.228.162 - - [29/Apr/2026:23:48:05 +0300] "POST /xmlrpc.php HTTP/2" 200 0 "-" "Mozilla/5.0 (X11; CrOS x86_64 10323.67.0) AppleWebKit/537.36 (KHTML, like Gecko) Chrome/65.0.3325.209 Safari/537.36"
80.90.183.146 - - [29/Apr/2026:23:48:08 +0300] "GET /35849-2/ HTTP/1.1" 200 18401 "https://serhatburke.miroglu.net/35849-2/" "Mozilla/5.0 (Windows NT 6.3; Win64; x64) AppleWebKit/537.36 (KHTML, like Gecko) Chrome/103.0.0.0 Safari/537.36"
80.90.183.146 - - [29/Apr/2026:23:48:30 +0300] "GET /wp-includes/css/dist/block-library/style.min.css?ver=6.3.8 HTTP/1.1" 200 13578 "https://serhatburke.miroglu.net/35849-2/" "Mozilla/5.0 (Windows NT 10.0; Win64; x64) AppleWebKit/537.36 (KHTML, like Gecko) Chrome/145.0.0.0 Safari/537.36"
80.90.183.146 - - [29/Apr/2026:23:48:30 +0300] "GET /wp-content/plugins/contact-form-7/includes/css/styles.css?ver=5.8 HTTP/1.1" 200 1490 "https://serhatburke.miroglu.net/35849-2/" "Mozilla/5.0 (Windows NT 10.0; Win64; x64) AppleWebKit/537.36 (KHTML, like Gecko) Chrome/145.0.0.0 Safari/537.36"
80.90.183.146 - - [29/Apr/2026:23:48:31 +0300] "GET /wp-content/themes/toppic/css/fontello.css?ver=4.2 HTTP/1.1" 200 1802 "https://serhatburke.miroglu.net/35849-2/" "Mozilla/5.0 (Windows NT 10.0; Win64; x64) AppleWebKit/537.36 (KHTML, like Gecko) Chrome/145.0.0.0 Safari/537.36"
80.90.183.146 - - [29/Apr/2026:23:48:31 +0300] "GET /wp-content/themes/toppic/css/reset.css?ver=4.2 HTTP/1.1" 200 1178 "https://serhatburke.miroglu.net/35849-2/" "Mozilla/5.0 (Windows NT 10.0; Win64; x64) AppleWebKit/537.36 (KHTML, like Gecko) Chrome/145.0.0.0 Safari/537.36"
80.90.183.146 - - [29/Apr/2026:23:48:32 +0300] "GET /wp-content/themes/toppic/css/default.css?ver=4.2 HTTP/1.1" 200 1811 "https://serhatburke.miroglu.net/35849-2/" "Mozilla/5.0 (Windows NT 10.0; Win64; x64) AppleWebKit/537.36 (KHTML, like Gecko) Chrome/145.0.0.0 Safari/537.36"
80.90.183.146 - - [29/Apr/2026:23:48:32 +0300] "GET /wp-content/themes/toppic/style.css?ver=4.2 HTTP/1.1" 200 23398 "https://serhatburke.miroglu.net/35849-2/" "Mozilla/5.0 (Windows NT 10.0; Win64; x64) AppleWebKit/537.36 (KHTML, like Gecko) Chrome/145.0.0.0 Safari/537.36"
80.90.183.146 - - [29/Apr/2026:23:48:33 +0300] "GET /wp-content/themes/toppic/css/royalslider.css?ver=4.2 HTTP/1.1" 200 1887 "https://serhatburke.miroglu.net/35849-2/" "Mozilla/5.0 (Windows NT 10.0; Win64; x64) AppleWebKit/537.36 (KHTML, like Gecko) Chrome/145.0.0.0 Safari/537.36"
80.90.183.146 - - [29/Apr/2026:23:48:33 +0300] "GET /wp-content/themes/toppic/css/rs-default.css?ver=4.2 HTTP/1.1" 200 2625 "https://serhatburke.miroglu.net/35849-2/" "Mozilla/5.0 (Windows NT 10.0; Win64; x64) AppleWebKit/537.36 (KHTML, like Gecko) Chrome/145.0.0.0 Safari/537.36"
80.90.183.146 - - [29/Apr/2026:23:48:34 +0300] "GET /wp-content/themes/toppic/css/lightbox.css?ver=4.2 HTTP/1.1" 200 2956 "https://serhatburke.miroglu.net/35849-2/" "Mozilla/5.0 (Windows NT 10.0; Win64; x64) AppleWebKit/537.36 (KHTML, like Gecko) Chrome/145.0.0.0 Safari/537.36"
80.90.183.146 - - [29/Apr/2026:23:48:35 +0300] "GET /wp-content/themes/toppic/css/woocommerce.css?ver=4.2 HTTP/1.1" 200 2848 "https://serhatburke.miroglu.net/35849-2/" "Mozilla/5.0 (Windows NT 10.0; Win64; x64) AppleWebKit/537.36 (KHTML, like Gecko) Chrome/145.0.0.0 Safari/537.36"
80.90.183.146 - - [29/Apr/2026:23:48:35 +0300] "GET /wp-content/themes/toppic/css/responsive.css?ver=4.2 HTTP/1.1" 200 2796 "https://serhatburke.miroglu.net/35849-2/" "Mozilla/5.0 (Windows NT 10.0; Win64; x64) AppleWebKit/537.36 (KHTML, like Gecko) Chrome/145.0.0.0 Safari/537.36"
62.12.119.247 - - [29/Apr/2026:23:48:14 +0300] "GET /50-free-revolves-no-deposit-south-africa-to-casino-cocoa-100-free-spins-the-membership-reviews-realize-customer-care-ratings-of-50freespinsnodepositsouthafrica-com/ HTTP/1.1" 200 81595 "-" "Mozilla/5.0 (Windows NT 10.0; rv:125.0) Gecko/20100101 Firefox/125.0"
216.73.217.81 - - [29/Apr/2026:23:48:26 +0300] "GET /robots.txt HTTP/2" 200 110 "-" "Mozilla/5.0 AppleWebKit/537.36 (KHTML, like Gecko; compatible; ClaudeBot/1.0; +claudebot@anthropic.com)"
216.73.217.81 - - [29/Apr/2026:23:48:46 +0300] "GET /sitemap.rss HTTP/2" 200 0 "-" "Mozilla/5.0 AppleWebKit/537.36 (KHTML, like Gecko; compatible; ClaudeBot/1.0; +claudebot@anthropic.com)"
65.109.104.153 - - [29/Apr/2026:23:48:33 +0300] "GET /beste-casino-site-belgie-hoge-inzet/ HTTP/1.1" 200 19264 "-" "Mozilla/5.0 (X11; Linux i686) AppleWebKit/537.36 (KHTML, like Gecko) Chrome/114.0.0.0 Safari/537.36 Vivaldi/5.3.2679.68"
216.73.217.81 - - [29/Apr/2026:23:48:47 +0300] "GET /sitemap.xml HTTP/2" 200 0 "-" "Mozilla/5.0 AppleWebKit/537.36 (KHTML, like Gecko; compatible; ClaudeBot/1.0; +claudebot@anthropic.com)"
80.90.183.146 - - [29/Apr/2026:23:48:36 +0300] "POST /wp-comments-post.php HTTP/1.1" 302 1055 "https://serhatburke.miroglu.net/35849-2/" "Mozilla/5.0 (Windows NT 6.3; Win64; x64) AppleWebKit/537.36 (KHTML, like Gecko) Chrome/103.0.0.0 Safari/537.36"
185.216.113.70 - - [29/Apr/2026:23:49:09 +0300] "POST /wp-cron.php?doing_wp_cron=1777495749.5345890522003173828125 HTTP/1.1" 200 448 "-" "WordPress/6.3.8; https://serhatburke.miroglu.net"
62.12.119.247 - - [29/Apr/2026:23:48:46 +0300] "POST /xmlrpc.php HTTP/1.1" 200 630 "-" "Mozilla/5.0 (Windows NT 10.0; Win64; x64) AppleWebKit/537.36 (KHTML, like Gecko) Chrome/114.0.0.0 Safari/537.36"
80.90.183.146 - - [29/Apr/2026:23:48:58 +0300] "GET /35849-2/?unapproved=914&moderation-hash=c5bd9872758d1a7a227a325841681bc3 HTTP/1.1" 200 18756 "https://serhatburke.miroglu.net/wp-comments-post.php" "Mozilla/5.0 (Windows NT 6.3; Win64; x64) AppleWebKit/537.36 (KHTML, like Gecko) Chrome/103.0.0.0 Safari/537.36"
62.12.119.247 - - [29/Apr/2026:23:49:15 +0300] "POST /xmlrpc.php HTTP/1.1" 200 15136 "-" "Mozilla/5.0 (Windows NT 10.0; Win64; x64) AppleWebKit/537.36 (KHTML, like Gecko) Chrome/114.0.0.0 Safari/537.36"
80.90.183.146 - - [29/Apr/2026:23:49:16 +0300] "GET /35849-2/ HTTP/1.1" 200 18401 "-" "Mozilla/5.0 (compatible; Googlebot/2.1; +http://www.google.com/bot.html)"
185.216.113.70 - - [29/Apr/2026:23:49:44 +0300] "POST /wp-cron.php?doing_wp_cron=1777495784.4076819419860839843750 HTTP/1.1" 200 448 "-" "WordPress/6.3.8; https://serhatburke.miroglu.net"
62.12.119.247 - - [29/Apr/2026:23:49:32 +0300] "GET /1-put-gambling-enterprises-fool-around-with-the-lowest-deposit-flashdash-app-login-in-the-united-kingdom/ HTTP/1.1" 200 80041 "-" "Mozilla/5.0 (Windows NT 10.0; Win64; x64) AppleWebKit/537.36 (KHTML, like Gecko) Chrome/122.0.0.0 Safari/537.36"
176.98.31.43 - - [29/Apr/2026:23:49:46 +0300] "POST /xmlrpc.php HTTP/1.1" 200 742 "-" "Mozilla/5.0 (Windows NT 10.0; WOW64; rv:45.0) Gecko/20100101 Firefox/45.0"
62.12.119.247 - - [29/Apr/2026:23:49:52 +0300] "POST /xmlrpc.php HTTP/1.1" 200 630 "-" "Mozilla/5.0 (Windows NT 10.0; Win64; x64) AppleWebKit/537.36 (KHTML, like Gecko) Chrome/114.0.0.0 Safari/537.36"
176.98.31.43 - - [29/Apr/2026:23:50:02 +0300] "GET /xmlrpc.php HTTP/1.1" 405 446 "-" "Mozilla/5.0 (Windows NT 10.0; WOW64; rv:45.0) Gecko/20100101 Firefox/45.0"
185.216.113.70 - - [29/Apr/2026:23:50:27 +0300] "POST /wp-cron.php?doing_wp_cron=1777495827.8390069007873535156250 HTTP/1.1" 200 448 "-" "WordPress/6.3.8; https://serhatburke.miroglu.net"
62.12.119.247 - - [29/Apr/2026:23:50:16 +0300] "POST /xmlrpc.php HTTP/1.1" 200 15647 "-" "Mozilla/5.0 (Windows NT 10.0; Win64; x64) AppleWebKit/537.36 (KHTML, like Gecko) Chrome/114.0.0.0 Safari/537.36"
62.12.119.247 - - [29/Apr/2026:23:50:29 +0300] "GET /10-mr-green-10-free-spins-no-deposit-required-free-no-deposit-local-casino-bonuses-to-have-join/ HTTP/1.1" 200 80206 "-" "Mozilla/5.0 (Windows NT 10.0; Win64; x64; rv:124.0) Gecko/20100101 Firefox/124.0"
66.249.73.1 - - [29/Apr/2026:23:50:50 +0300] "GET /betify-casino-avis-bonus-exclusif-202613296-2/ HTTP/1.1" 200 18976 "-" "Mozilla/5.0 (Linux; Android 6.0.1; Nexus 5X Build/MMB29P) AppleWebKit/537.36 (KHTML, like Gecko) Chrome/147.0.7727.116 Mobile Safari/537.36 (compatible; Googlebot/2.1; +http://www.google.com/bot.html)"
62.12.119.247 - - [29/Apr/2026:23:50:56 +0300] "POST /xmlrpc.php HTTP/1.1" 200 630 "-" "Mozilla/5.0 (Windows NT 10.0; Win64; x64) AppleWebKit/537.36 (KHTML, like Gecko) Chrome/114.0.0.0 Safari/537.36"
66.249.73.15 - - [29/Apr/2026:23:51:06 +0300] "GET /betify-casino-avis-bonus-exclusif-202613296-2/undefined?ts=1775520000 HTTP/1.1" 200 0 "https://serhatburke.miroglu.net/betify-casino-avis-bonus-exclusif-202613296-2/" "Mozilla/5.0 (Linux; Android 6.0.1; Nexus 5X Build/MMB29P) AppleWebKit/537.36 (KHTML, like Gecko) Chrome/147.0.7727.116 Mobile Safari/537.36 (compatible; Googlebot/2.1; +http://www.google.com/bot.html)"
185.216.113.70 - - [29/Apr/2026:23:51:29 +0300] "POST /wp-cron.php?doing_wp_cron=1777495888.9470601081848144531250 HTTP/1.1" 200 448 "-" "WordPress/6.3.8; https://serhatburke.miroglu.net"
62.12.119.247 - - [29/Apr/2026:23:51:15 +0300] "POST /xmlrpc.php HTTP/1.1" 200 15143 "-" "Mozilla/5.0 (Windows NT 10.0; Win64; x64) AppleWebKit/537.36 (KHTML, like Gecko) Chrome/114.0.0.0 Safari/537.36"
66.249.73.14 - - [29/Apr/2026:23:51:25 +0300] "GET /betify-casino-avis-bonus-exclusif-202613296-2/undefined?ts=1775520000 HTTP/1.1" 200 0 "https://serhatburke.miroglu.net/betify-casino-avis-bonus-exclusif-202613296-2/" "Mozilla/5.0 (Linux; Android 6.0.1; Nexus 5X Build/MMB29P) AppleWebKit/537.36 (KHTML, like Gecko) Chrome/147.0.7727.116 Mobile Safari/537.36 (compatible; Googlebot/2.1; +http://www.google.com/bot.html)"
185.216.113.70 - - [29/Apr/2026:23:51:43 +0300] "POST /wp-cron.php?doing_wp_cron=1777495903.3830049037933349609375 HTTP/1.1" 200 448 "-" "WordPress/6.3.8; https://serhatburke.miroglu.net"
66.249.76.77 - - [29/Apr/2026:23:51:35 +0300] "GET /betify-casino-avis-bonus-exclusif-202613296-2/undefined?ts=1775520000 HTTP/1.1" 200 0 "https://serhatburke.miroglu.net/betify-casino-avis-bonus-exclusif-202613296-2/" "Mozilla/5.0 (Linux; Android 6.0.1; Nexus 5X Build/MMB29P) AppleWebKit/537.36 (KHTML, like Gecko) Chrome/147.0.7727.116 Mobile Safari/537.36 (compatible; Googlebot/2.1; +http://www.google.com/bot.html)"
62.12.119.247 - - [29/Apr/2026:23:51:30 +0300] "GET /greatest-internet-casino-no-deposit-bonus-requirements-free-betfair-10-spins-casino-promo-code-2026/ HTTP/1.1" 200 79654 "-" "Mozilla/5.0 (Windows NT 10.0; Win64; x64) AppleWebKit/537.36 (KHTML, like Gecko) Chrome/123.0.0.0 Safari/537.36 OPR/109.0.0.0"
66.249.73.14 - - [29/Apr/2026:23:51:48 +0300] "GET /betify-casino-avis-bonus-exclusif-202613296-2/undefined?ts=1775520000 HTTP/1.1" 200 0 "https://serhatburke.miroglu.net/betify-casino-avis-bonus-exclusif-202613296-2/" "Mozilla/5.0 (Linux; Android 6.0.1; Nexus 5X Build/MMB29P) AppleWebKit/537.36 (KHTML, like Gecko) Chrome/147.0.7727.116 Mobile Safari/537.36 (compatible; Googlebot/2.1; +http://www.google.com/bot.html)"
66.249.73.14 - - [29/Apr/2026:23:51:54 +0300] "GET /betify-casino-avis-bonus-exclusif-202613296-2/undefined?ts=1775520000 HTTP/1.1" 200 0 "https://serhatburke.miroglu.net/betify-casino-avis-bonus-exclusif-202613296-2/" "Mozilla/5.0 (Linux; Android 6.0.1; Nexus 5X Build/MMB29P) AppleWebKit/537.36 (KHTML, like Gecko) Chrome/147.0.7727.116 Mobile Safari/537.36 (compatible; Googlebot/2.1; +http://www.google.com/bot.html)"
62.12.119.247 - - [29/Apr/2026:23:51:52 +0300] "POST /xmlrpc.php HTTP/1.1" 200 630 "-" "Mozilla/5.0 (Windows NT 10.0; Win64; x64) AppleWebKit/537.36 (KHTML, like Gecko) Chrome/114.0.0.0 Safari/537.36"
104.166.164.56 - - [29/Apr/2026:23:51:59 +0300] "POST /xmlrpc.php HTTP/1.1" 200 630 "-" "Mozilla/5.0 (Windows NT 10.0; Win64; x64) AppleWebKit/537.36 (KHTML, like Gecko) Chrome/114.0.0.0 Safari/537.36"
185.216.113.70 - - [29/Apr/2026:23:52:41 +0300] "POST /wp-cron.php?doing_wp_cron=1777495961.0337131023406982421875 HTTP/1.1" 200 448 "-" "WordPress/6.3.8; https://serhatburke.miroglu.net"
62.12.119.247 - - [29/Apr/2026:23:52:26 +0300] "POST /xmlrpc.php HTTP/1.1" 200 15492 "-" "Mozilla/5.0 (Windows NT 10.0; Win64; x64) AppleWebKit/537.36 (KHTML, like Gecko) Chrome/114.0.0.0 Safari/537.36"
104.166.164.56 - - [29/Apr/2026:23:52:32 +0300] "POST /xmlrpc.php HTTP/1.1" 200 16265 "-" "Mozilla/5.0 (Windows NT 10.0; Win64; x64) AppleWebKit/537.36 (KHTML, like Gecko) Chrome/114.0.0.0 Safari/537.36"
62.12.119.247 - - [29/Apr/2026:23:52:42 +0300] "GET /kiwis-cost-local-casino-nz-2026-play-centre-court-real-money-remark-1200-pokies-jackpots-alive-local-casino/ HTTP/1.1" 200 80426 "-" "Mozilla/5.0 (Windows NT 10.0; Win64; x64; rv:124.0) Gecko/20100101 Firefox/124.0"
80.90.183.146 - - [29/Apr/2026:23:52:43 +0300] "GET /35849-2/ HTTP/1.1" 200 18401 "-" "Mozilla/5.0 (compatible; Googlebot/2.1; +http://www.google.com/bot.html)"
62.12.119.247 - - [29/Apr/2026:23:52:45 +0300] "POST /xmlrpc.php HTTP/1.1" 200 630 "-" "Mozilla/5.0 (Windows NT 10.0; Win64; x64) AppleWebKit/537.36 (KHTML, like Gecko) Chrome/114.0.0.0 Safari/537.36"
104.166.164.56 - - [29/Apr/2026:23:52:54 +0300] "GET /mas-grandes-casinos-en-internet-acerca-de-bananas-go-bahamas-ranura-de-bonificacion-espana-asesor-completa-150-alternativas-fairy-land-dos-y-actualizada/ HTTP/1.1" 200 82799 "-" "Mozilla/5.0 (Windows NT 10.0; Win64; x64) AppleWebKit/537.36 (KHTML, like Gecko) Chrome/122.0.0.0 Safari/537.36"
185.216.113.70 - - [29/Apr/2026:23:53:39 +0300] "POST /wp-cron.php?doing_wp_cron=1777496019.7760779857635498046875 HTTP/1.1" 200 448 "-" "WordPress/6.3.8; https://serhatburke.miroglu.net"
62.12.119.247 - - [29/Apr/2026:23:53:26 +0300] "POST /xmlrpc.php HTTP/1.1" 200 14790 "-" "Mozilla/5.0 (Windows NT 10.0; Win64; x64) AppleWebKit/537.36 (KHTML, like Gecko) Chrome/114.0.0.0 Safari/537.36"
62.12.119.247 - - [29/Apr/2026:23:53:36 +0300] "POST /xmlrpc.php HTTP/1.1" 200 630 "-" "Mozilla/5.0 (Windows NT 10.0; Win64; x64) AppleWebKit/537.36 (KHTML, like Gecko) Chrome/114.0.0.0 Safari/537.36"
62.12.119.247 - - [29/Apr/2026:23:53:41 +0300] "GET /wilderness-benefits-position-remark-bonuses-casino-gala-100-free-spins-southern-area-africa-publication-2026/ HTTP/1.1" 200 79683 "-" "Mozilla/5.0 (Windows NT 10.0; Win64; x64) AppleWebKit/537.36 (KHTML, like Gecko) Chrome/123.0.0.0 Safari/537.36 OPR/109.0.0.0"
52.167.144.225 - - [29/Apr/2026:23:53:59 +0300] "GET /besplatni-slot-pharaohs-preuzima%D1%9Ae-aplikatsi%D1%98e-vulkan-vegas-za-android-silver-dos-deluxe/ HTTP/2" 200 19630 "-" "Mozilla/5.0 AppleWebKit/537.36 (KHTML, like Gecko; compatible; bingbot/2.0; +http://www.bing.com/bingbot.htm) Chrome/116.0.1938.76 Safari/537.36"
62.12.119.247 - - [29/Apr/2026:23:54:00 +0300] "POST /xmlrpc.php HTTP/1.1" 200 15741 "-" "Mozilla/5.0 (Windows NT 10.0; Win64; x64) AppleWebKit/537.36 (KHTML, like Gecko) Chrome/114.0.0.0 Safari/537.36"
185.216.113.70 - - [29/Apr/2026:23:54:42 +0300] "POST /wp-cron.php?doing_wp_cron=1777496082.1594429016113281250000 HTTP/1.1" 200 448 "-" "WordPress/6.3.8; https://serhatburke.miroglu.net"
52.167.144.158 - - [29/Apr/2026:23:54:02 +0300] "GET /europe777-casino-appreciation-fouillee-bonus-singulier/ HTTP/2" 200 20274 "-" "Mozilla/5.0 AppleWebKit/537.36 (KHTML, like Gecko; compatible; bingbot/2.0; +http://www.bing.com/bingbot.htm) Chrome/116.0.1938.76 Safari/537.36"
185.216.113.70 - - [29/Apr/2026:23:54:43 +0300] "POST /wp-cron.php?doing_wp_cron=1777496083.2619879245758056640625 HTTP/1.1" 200 448 "-" "WordPress/6.3.8; https://serhatburke.miroglu.net"
40.77.167.22 - - [29/Apr/2026:23:54:03 +0300] "GET /emocion-y-adrenalina-al-maximo-con-bdmbet-espana-cada-giro-es/ HTTP/2" 200 20069 "-" "Mozilla/5.0 AppleWebKit/537.36 (KHTML, like Gecko; compatible; bingbot/2.0; +http://www.bing.com/bingbot.htm) Chrome/116.0.1938.76 Safari/537.36"
185.216.113.70 - - [29/Apr/2026:23:54:50 +0300] "POST /wp-cron.php?doing_wp_cron=1777496090.0377469062805175781250 HTTP/1.1" 200 448 "-" "WordPress/6.3.8; https://serhatburke.miroglu.net"
66.249.76.77 - - [29/Apr/2026:23:54:39 +0300] "GET /katanaspin-casino-review-the-ultimate-online-casino-for-uk-players/undefined?ts=1775520000 HTTP/1.1" 200 0 "https://serhatburke.miroglu.net/katanaspin-casino-review-the-ultimate-online-casino-for-uk-players/" "Mozilla/5.0 (Linux; Android 6.0.1; Nexus 5X Build/MMB29P) AppleWebKit/537.36 (KHTML, like Gecko) Chrome/147.0.7727.116 Mobile Safari/537.36 (compatible; Googlebot/2.1; +http://www.google.com/bot.html)"
52.167.144.158 - - [29/Apr/2026:23:54:08 +0300] "GET /31841-2/ HTTP/2" 200 17153 "-" "Mozilla/5.0 AppleWebKit/537.36 (KHTML, like Gecko; compatible; bingbot/2.0; +http://www.bing.com/bingbot.htm) Chrome/116.0.1938.76 Safari/537.36"
185.216.113.70 - - [29/Apr/2026:23:54:55 +0300] "POST /wp-cron.php?doing_wp_cron=1777496095.4600679874420166015625 HTTP/1.1" 200 448 "-" "WordPress/6.3.8; https://serhatburke.miroglu.net"
165.73.240.152 - - [29/Apr/2026:23:54:15 +0300] "POST /xmlrpc.php HTTP/1.1" 200 630 "-" "Mozilla/5.0 (Windows NT 10.0; Win64; x64) AppleWebKit/537.36 (KHTML, like Gecko) Chrome/114.0.0.0 Safari/537.36"
66.249.73.14 - - [29/Apr/2026:23:54:51 +0300] "GET /katanaspin-casino-review-the-ultimate-online-casino-for-uk-players/undefined?ts=1775520000 HTTP/1.1" 200 0 "https://serhatburke.miroglu.net/katanaspin-casino-review-the-ultimate-online-casino-for-uk-players/" "Mozilla/5.0 (Linux; Android 6.0.1; Nexus 5X Build/MMB29P) AppleWebKit/537.36 (KHTML, like Gecko) Chrome/147.0.7727.116 Mobile Safari/537.36 (compatible; Googlebot/2.1; +http://www.google.com/bot.html)"
62.12.119.247 - - [29/Apr/2026:23:54:25 +0300] "POST /xmlrpc.php HTTP/1.1" 200 630 "-" "Mozilla/5.0 (Windows NT 10.0; Win64; x64) AppleWebKit/537.36 (KHTML, like Gecko) Chrome/114.0.0.0 Safari/537.36"
66.249.73.14 - - [29/Apr/2026:23:55:03 +0300] "GET /katanaspin-casino-review-the-ultimate-online-casino-for-uk-players/undefined?ts=1775520000 HTTP/1.1" 200 0 "https://serhatburke.miroglu.net/katanaspin-casino-review-the-ultimate-online-casino-for-uk-players/" "Mozilla/5.0 (Linux; Android 6.0.1; Nexus 5X Build/MMB29P) AppleWebKit/537.36 (KHTML, like Gecko) Chrome/147.0.7727.116 Mobile Safari/537.36 (compatible; Googlebot/2.1; +http://www.google.com/bot.html)"
66.249.76.77 - - [29/Apr/2026:23:55:14 +0300] "GET /katanaspin-casino-review-the-ultimate-online-casino-for-uk-players/undefined?ts=1775520000 HTTP/1.1" 200 0 "https://serhatburke.miroglu.net/katanaspin-casino-review-the-ultimate-online-casino-for-uk-players/" "Mozilla/5.0 (Linux; Android 6.0.1; Nexus 5X Build/MMB29P) AppleWebKit/537.36 (KHTML, like Gecko) Chrome/147.0.7727.116 Mobile Safari/537.36 (compatible; Googlebot/2.1; +http://www.google.com/bot.html)"
62.12.119.247 - - [29/Apr/2026:23:54:36 +0300] "GET /a-guide-to-vault-benefits-query-raging-rex-rtp-slot-machine-compressed/ HTTP/1.1" 200 79691 "-" "Mozilla/5.0 (Windows NT 10.0; Win64; x64) AppleWebKit/537.36 (KHTML, like Gecko) Chrome/123.0.0.0 Safari/537.36"
40.77.167.22 - - [29/Apr/2026:23:54:48 +0300] "GET /apostar-floating-dragon-hold-and-spin-uma-vez-que-algum-efetivo/ HTTP/2" 200 0 "-" "Mozilla/5.0 AppleWebKit/537.36 (KHTML, like Gecko; compatible; bingbot/2.0; +http://www.bing.com/bingbot.htm) Chrome/116.0.1938.76 Safari/537.36"
66.249.73.14 - - [29/Apr/2026:23:55:27 +0300] "GET /katanaspin-casino-review-the-ultimate-online-casino-for-uk-players/undefined?ts=1775520000 HTTP/1.1" 200 0 "https://serhatburke.miroglu.net/katanaspin-casino-review-the-ultimate-online-casino-for-uk-players/" "Mozilla/5.0 (Linux; Android 6.0.1; Nexus 5X Build/MMB29P) AppleWebKit/537.36 (KHTML, like Gecko) Chrome/147.0.7727.116 Mobile Safari/537.36 (compatible; Googlebot/2.1; +http://www.google.com/bot.html)"
165.73.240.152 - - [29/Apr/2026:23:55:03 +0300] "POST /xmlrpc.php HTTP/1.1" 200 12430 "-" "Mozilla/5.0 (Windows NT 10.0; Win64; x64) AppleWebKit/537.36 (KHTML, like Gecko) Chrome/114.0.0.0 Safari/537.36"
62.12.119.247 - - [29/Apr/2026:23:55:11 +0300] "POST /xmlrpc.php HTTP/1.1" 200 630 "-" "Mozilla/5.0 (Windows NT 10.0; Win64; x64) AppleWebKit/537.36 (KHTML, like Gecko) Chrome/114.0.0.0 Safari/537.36"
185.216.113.70 - - [29/Apr/2026:23:55:56 +0300] "POST /wp-cron.php?doing_wp_cron=1777496156.8038771152496337890625 HTTP/1.1" 200 448 "-" "WordPress/6.3.8; https://serhatburke.miroglu.net"
62.12.119.247 - - [29/Apr/2026:23:55:17 +0300] "POST /xmlrpc.php HTTP/1.1" 200 14879 "-" "Mozilla/5.0 (Windows NT 10.0; Win64; x64) AppleWebKit/537.36 (KHTML, like Gecko) Chrome/114.0.0.0 Safari/537.36"
74.177.109.164 - - [29/Apr/2026:23:55:39 +0300] "GET /%E3%83%AF%E3%83%B3%E3%83%80%E3%83%95%E3%83%AB%E3%83%BB%E3%82%B4%E3%83%83%E3%83%87%E3%82%B9%E3%83%BB%E3%82%B9%E3%83%AD%E3%83%83%E3%83%88%EF%BC%9A%E6%83%85%E5%A0%B1%E3%80%81%E3%83%95%E3%83%AA%E3%83%BC/ HTTP/1.1" 200 0 "-" "Mozilla/5.0 (Windows NT 10.0; Win64; x64) AppleWebKit/537.36 (KHTML, like Gecko) Chrome/131.0.0.0 Safari/537.36 Edg/131.0.0.0"
185.216.113.70 - - [29/Apr/2026:23:56:05 +0300] "POST /wp-cron.php?doing_wp_cron=1777496165.0492000579833984375000 HTTP/1.1" 200 448 "-" "WordPress/6.3.8; https://serhatburke.miroglu.net"
165.73.240.152 - - [29/Apr/2026:23:55:54 +0300] "GET /gratis-gokkas-zonder-downloa-major-millions-online-gokkast-offlin-slots-performen-2026/ HTTP/1.1" 200 76995 "-" "Mozilla/5.0 (Windows NT 10.0; Win64; x64) AppleWebKit/537.36 (KHTML, like Gecko) Chrome/123.0.0.0 Safari/537.36 OPR/109.0.0.0"
62.12.119.247 - - [29/Apr/2026:23:55:57 +0300] "GET /davinci-diamonds-video-eurolotto-casino-game-slot-gamble-free-igt-online-slots-games/ HTTP/1.1" 200 79251 "-" "Mozilla/5.0 (Windows NT 10.0; rv:125.0) Gecko/20100101 Firefox/125.0"
62.12.119.247 - - [29/Apr/2026:23:55:59 +0300] "POST /xmlrpc.php HTTP/1.1" 200 15265 "-" "Mozilla/5.0 (Windows NT 10.0; Win64; x64) AppleWebKit/537.36 (KHTML, like Gecko) Chrome/114.0.0.0 Safari/537.36"
62.12.119.247 - - [29/Apr/2026:23:56:02 +0300] "POST /xmlrpc.php HTTP/1.1" 200 630 "-" "Mozilla/5.0 (Windows NT 10.0; Win64; x64) AppleWebKit/537.36 (KHTML, like Gecko) Chrome/114.0.0.0 Safari/537.36"
185.216.113.70 - - [29/Apr/2026:23:56:45 +0300] "POST /wp-cron.php?doing_wp_cron=1777496205.5281269550323486328125 HTTP/1.1" 200 448 "-" "WordPress/6.3.8; https://serhatburke.miroglu.net"
62.12.119.247 - - [29/Apr/2026:23:56:33 +0300] "GET /19-del-rio-casino-finest-gambling-establishment-apps-the-real-deal-currency-playing-2026/ HTTP/1.1" 200 79754 "-" "Mozilla/5.0 (Windows NT 10.0; Win64; x64) AppleWebKit/537.36 (KHTML, like Gecko) Chrome/124.0.0.0 Safari/537.36 Edg/124.0.0.0"
62.12.119.247 - - [29/Apr/2026:23:56:39 +0300] "POST /xmlrpc.php HTTP/1.1" 200 15352 "-" "Mozilla/5.0 (Windows NT 10.0; Win64; x64) AppleWebKit/537.36 (KHTML, like Gecko) Chrome/114.0.0.0 Safari/537.36"
62.12.119.247 - - [29/Apr/2026:23:56:54 +0300] "GET /1win-asia-gambling-and-you-devilfish-50-free-spins-no-deposit-bonus-can-casino-website-in-the-asia/ HTTP/1.1" 200 79860 "-" "Mozilla/5.0 (Windows NT 10.0; Win64; x64) AppleWebKit/537.36 (KHTML, like Gecko) Chrome/123.0.0.0 Safari/537.36"
62.12.119.247 - - [29/Apr/2026:23:56:55 +0300] "POST /xmlrpc.php HTTP/1.1" 200 630 "-" "Mozilla/5.0 (Windows NT 10.0; Win64; x64) AppleWebKit/537.36 (KHTML, like Gecko) Chrome/114.0.0.0 Safari/537.36"
62.12.119.247 - - [29/Apr/2026:23:57:14 +0300] "POST /xmlrpc.php HTTP/1.1" 200 15171 "-" "Mozilla/5.0 (Windows NT 10.0; Win64; x64) AppleWebKit/537.36 (KHTML, like Gecko) Chrome/114.0.0.0 Safari/537.36"
185.216.113.70 - - [29/Apr/2026:23:57:40 +0300] "POST /wp-cron.php?doing_wp_cron=1777496260.9064619541168212890625 HTTP/1.1" 200 448 "-" "WordPress/6.3.8; https://serhatburke.miroglu.net"
62.12.119.247 - - [29/Apr/2026:23:57:28 +0300] "GET /drbet-local-casino-remark-2026-exciting-casino-pocket-sign-up-bonus-uk-acceptance-give/ HTTP/1.1" 200 79530 "-" "Mozilla/5.0 (Windows NT 10.0; Win64; x64) AppleWebKit/537.36 (KHTML, like Gecko) Chrome/122.0.0.0 Safari/537.36"
62.12.119.247 - - [29/Apr/2026:23:57:44 +0300] "POST /xmlrpc.php HTTP/1.1" 200 630 "-" "Mozilla/5.0 (Windows NT 10.0; Win64; x64) AppleWebKit/537.36 (KHTML, like Gecko) Chrome/114.0.0.0 Safari/537.36"
185.216.113.70 - - [29/Apr/2026:23:58:16 +0300] "POST /wp-cron.php?doing_wp_cron=1777496296.6768279075622558593750 HTTP/1.1" 200 448 "-" "WordPress/6.3.8; https://serhatburke.miroglu.net"
62.12.119.247 - - [29/Apr/2026:23:58:03 +0300] "POST /xmlrpc.php HTTP/1.1" 200 15314 "-" "Mozilla/5.0 (Windows NT 10.0; Win64; x64) AppleWebKit/537.36 (KHTML, like Gecko) Chrome/114.0.0.0 Safari/537.36"
62.12.119.247 - - [29/Apr/2026:23:58:18 +0300] "GET /dragon-dancing-cellular-slot-review-ice-ice-yeti-casinos-microgaming/ HTTP/1.1" 200 79090 "-" "Mozilla/5.0 (Windows NT 10.0; Win64; x64) AppleWebKit/537.36 (KHTML, like Gecko) Chrome/124.0.0.0 Safari/537.36"
80.74.164.227 - - [29/Apr/2026:23:58:23 +0300] "GET /28563-2/ HTTP/1.1" 200 19313 "https://serhatburke.miroglu.net/" "Mozilla/5.0 (X11; Linux x86_64) AppleWebKit/537.36 (KHTML, like Gecko) Chrome/146.0.0.0 Safari/537.36"
185.216.113.70 - - [29/Apr/2026:23:58:55 +0300] "POST /wp-cron.php?doing_wp_cron=1777496335.2738940715789794921875 HTTP/1.1" 200 448 "-" "WordPress/6.3.8; https://serhatburke.miroglu.net"
62.12.119.247 - - [29/Apr/2026:23:58:41 +0300] "POST /xmlrpc.php HTTP/1.1" 200 630 "-" "Mozilla/5.0 (Windows NT 10.0; Win64; x64) AppleWebKit/537.36 (KHTML, like Gecko) Chrome/114.0.0.0 Safari/537.36"
80.74.164.227 - - [29/Apr/2026:23:58:55 +0300] "GET /28563-2/ HTTP/1.1" 200 19315 "https://serhatburke.miroglu.net/28563-2/" "Mozilla/5.0 (Windows NT 6.3; Win64; x64) AppleWebKit/537.36 (KHTML, like Gecko) Chrome/103.0.0.0 Safari/537.36"
80.74.164.227 - - [29/Apr/2026:23:59:13 +0300] "GET /wp-includes/css/dist/block-library/style.min.css?ver=6.3.8 HTTP/1.1" 200 13578 "https://serhatburke.miroglu.net/28563-2/" "Mozilla/5.0 (Windows NT 10.0; Win64; x64) AppleWebKit/537.36 (KHTML, like Gecko) Chrome/145.0.0.0 Safari/537.36"
80.74.164.227 - - [29/Apr/2026:23:59:15 +0300] "GET /wp-content/plugins/contact-form-7/includes/css/styles.css?ver=5.8 HTTP/1.1" 200 1490 "https://serhatburke.miroglu.net/28563-2/" "Mozilla/5.0 (Windows NT 10.0; Win64; x64) AppleWebKit/537.36 (KHTML, like Gecko) Chrome/145.0.0.0 Safari/537.36"
80.74.164.227 - - [29/Apr/2026:23:59:15 +0300] "GET /wp-content/themes/toppic/css/fontello.css?ver=4.2 HTTP/1.1" 200 1802 "https://serhatburke.miroglu.net/28563-2/" "Mozilla/5.0 (Windows NT 10.0; Win64; x64) AppleWebKit/537.36 (KHTML, like Gecko) Chrome/145.0.0.0 Safari/537.36"
80.74.164.227 - - [29/Apr/2026:23:59:16 +0300] "GET /wp-content/themes/toppic/css/reset.css?ver=4.2 HTTP/1.1" 200 1178 "https://serhatburke.miroglu.net/28563-2/" "Mozilla/5.0 (Windows NT 10.0; Win64; x64) AppleWebKit/537.36 (KHTML, like Gecko) Chrome/145.0.0.0 Safari/537.36"
80.74.164.227 - - [29/Apr/2026:23:59:17 +0300] "GET /wp-content/themes/toppic/css/default.css?ver=4.2 HTTP/1.1" 200 1811 "https://serhatburke.miroglu.net/28563-2/" "Mozilla/5.0 (Windows NT 10.0; Win64; x64) AppleWebKit/537.36 (KHTML, like Gecko) Chrome/145.0.0.0 Safari/537.36"
62.12.119.247 - - [29/Apr/2026:23:59:01 +0300] "POST /xmlrpc.php HTTP/1.1" 200 15318 "-" "Mozilla/5.0 (Windows NT 10.0; Win64; x64) AppleWebKit/537.36 (KHTML, like Gecko) Chrome/114.0.0.0 Safari/537.36"
80.74.164.227 - - [29/Apr/2026:23:59:18 +0300] "GET /wp-content/themes/toppic/style.css?ver=4.2 HTTP/1.1" 200 23398 "https://serhatburke.miroglu.net/28563-2/" "Mozilla/5.0 (Windows NT 10.0; Win64; x64) AppleWebKit/537.36 (KHTML, like Gecko) Chrome/145.0.0.0 Safari/537.36"
80.74.164.227 - - [29/Apr/2026:23:59:22 +0300] "GET /wp-content/themes/toppic/css/royalslider.css?ver=4.2 HTTP/1.1" 200 1887 "https://serhatburke.miroglu.net/28563-2/" "Mozilla/5.0 (Windows NT 10.0; Win64; x64) AppleWebKit/537.36 (KHTML, like Gecko) Chrome/145.0.0.0 Safari/537.36"
80.74.164.227 - - [29/Apr/2026:23:59:24 +0300] "GET /wp-content/themes/toppic/css/rs-default.css?ver=4.2 HTTP/1.1" 200 2625 "https://serhatburke.miroglu.net/28563-2/" "Mozilla/5.0 (Windows NT 10.0; Win64; x64) AppleWebKit/537.36 (KHTML, like Gecko) Chrome/145.0.0.0 Safari/537.36"
80.74.164.227 - - [29/Apr/2026:23:59:24 +0300] "GET /wp-content/themes/toppic/css/lightbox.css?ver=4.2 HTTP/1.1" 200 2956 "https://serhatburke.miroglu.net/28563-2/" "Mozilla/5.0 (Windows NT 10.0; Win64; x64) AppleWebKit/537.36 (KHTML, like Gecko) Chrome/145.0.0.0 Safari/537.36"
80.74.164.227 - - [29/Apr/2026:23:59:25 +0300] "GET /wp-content/themes/toppic/css/woocommerce.css?ver=4.2 HTTP/1.1" 200 2848 "https://serhatburke.miroglu.net/28563-2/" "Mozilla/5.0 (Windows NT 10.0; Win64; x64) AppleWebKit/537.36 (KHTML, like Gecko) Chrome/145.0.0.0 Safari/537.36"
80.74.164.227 - - [29/Apr/2026:23:59:26 +0300] "GET /wp-content/themes/toppic/css/responsive.css?ver=4.2 HTTP/1.1" 200 2796 "https://serhatburke.miroglu.net/28563-2/" "Mozilla/5.0 (Windows NT 10.0; Win64; x64) AppleWebKit/537.36 (KHTML, like Gecko) Chrome/145.0.0.0 Safari/537.36"
62.12.119.247 - - [29/Apr/2026:23:59:20 +0300] "GET /dragon-shrine-50-free-spins-on-house-of-fun-video-slot/ HTTP/1.1" 200 78666 "-" "Mozilla/5.0 (Windows NT 10.0; rv:125.0) Gecko/20100101 Firefox/125.0"
185.216.113.70 - - [29/Apr/2026:23:59:41 +0300] "POST /wp-cron.php?doing_wp_cron=1777496381.3409008979797363281250 HTTP/1.1" 200 448 "-" "WordPress/6.3.8; https://serhatburke.miroglu.net"
80.74.164.227 - - [29/Apr/2026:23:59:27 +0300] "POST /wp-comments-post.php HTTP/1.1" 302 1055 "https://serhatburke.miroglu.net/28563-2/" "Mozilla/5.0 (Windows NT 6.3; Win64; x64) AppleWebKit/537.36 (KHTML, like Gecko) Chrome/103.0.0.0 Safari/537.36"
62.12.119.247 - - [29/Apr/2026:23:59:34 +0300] "POST /xmlrpc.php HTTP/1.1" 200 630 "-" "Mozilla/5.0 (Windows NT 10.0; Win64; x64) AppleWebKit/537.36 (KHTML, like Gecko) Chrome/114.0.0.0 Safari/537.36"
80.74.164.227 - - [29/Apr/2026:23:59:42 +0300] "GET /28563-2/?unapproved=915&moderation-hash=36ddfe016467e15adad128ea12331797 HTTP/1.1" 200 19843 "https://serhatburke.miroglu.net/wp-comments-post.php" "Mozilla/5.0 (Windows NT 6.3; Win64; x64) AppleWebKit/537.36 (KHTML, like Gecko) Chrome/103.0.0.0 Safari/537.36"
62.12.119.247 - - [29/Apr/2026:23:59:59 +0300] "POST /xmlrpc.php HTTP/1.1" 200 15202 "-" "Mozilla/5.0 (Windows NT 10.0; Win64; x64) AppleWebKit/537.36 (KHTML, like Gecko) Chrome/114.0.0.0 Safari/537.36"
80.74.164.227 - - [30/Apr/2026:00:00:03 +0300] "GET /28563-2/ HTTP/1.1" 200 19315 "-" "Mozilla/5.0 (compatible; Googlebot/2.1; +http://www.google.com/bot.html)"
104.166.164.56 - - [30/Apr/2026:00:00:22 +0300] "POST /xmlrpc.php HTTP/1.1" 200 630 "-" "Mozilla/5.0 (Windows NT 10.0; Win64; x64) AppleWebKit/537.36 (KHTML, like Gecko) Chrome/114.0.0.0 Safari/537.36"
185.216.113.70 - - [30/Apr/2026:00:00:44 +0300] "POST /wp-cron.php?doing_wp_cron=1777496444.5348548889160156250000 HTTP/1.1" 200 448 "-" "WordPress/6.3.8; https://serhatburke.miroglu.net"
62.12.119.247 - - [30/Apr/2026:00:00:28 +0300] "POST /xmlrpc.php HTTP/1.1" 200 630 "-" "Mozilla/5.0 (Windows NT 10.0; Win64; x64) AppleWebKit/537.36 (KHTML, like Gecko) Chrome/114.0.0.0 Safari/537.36"
62.12.119.247 - - [30/Apr/2026:00:00:28 +0300] "GET /dragon-casino-fashiontv-login-shrine-casino-slot-games-enjoy-online-slots-for-free/ HTTP/1.1" 200 79219 "-" "Mozilla/5.0 (Windows NT 10.0; Win64; x64) AppleWebKit/537.36 (KHTML, like Gecko) Chrome/123.0.0.0 Safari/537.36"
104.166.164.56 - - [30/Apr/2026:00:00:46 +0300] "POST /xmlrpc.php HTTP/1.1" 200 16231 "-" "Mozilla/5.0 (Windows NT 10.0; Win64; x64) AppleWebKit/537.36 (KHTML, like Gecko) Chrome/114.0.0.0 Safari/537.36"
62.12.119.247 - - [30/Apr/2026:00:00:51 +0300] "POST /xmlrpc.php HTTP/1.1" 200 15580 "-" "Mozilla/5.0 (Windows NT 10.0; Win64; x64) AppleWebKit/537.36 (KHTML, like Gecko) Chrome/114.0.0.0 Safari/537.36"
104.166.164.56 - - [30/Apr/2026:00:01:06 +0300] "GET /goldenbet-casino-sin-naturaleza-de-casino-888-puesta-falto-tanque-bono-seria-la-farol-que-todos-comen/ HTTP/1.1" 200 81220 "-" "Mozilla/5.0 (Windows NT 10.0; Win64; x64; rv:125.0) Gecko/20100101 Firefox/125.0"
62.12.119.247 - - [30/Apr/2026:00:01:10 +0300] "GET /check-in-fairspin-canada-login-so-you-can-thescore-choice-us/ HTTP/1.1" 200 79197 "-" "Mozilla/5.0 (Windows NT 10.0; Win64; x64) AppleWebKit/537.36 (KHTML, like Gecko) Chrome/109.0.0.0 Safari/537.36"
62.12.119.247 - - [30/Apr/2026:00:01:23 +0300] "POST /xmlrpc.php HTTP/1.1" 200 630 "-" "Mozilla/5.0 (Windows NT 10.0; Win64; x64) AppleWebKit/537.36 (KHTML, like Gecko) Chrome/114.0.0.0 Safari/537.36"
185.216.113.70 - - [30/Apr/2026:00:01:56 +0300] "POST /wp-cron.php?doing_wp_cron=1777496516.6334350109100341796875 HTTP/1.1" 200 448 "-" "WordPress/6.3.8; https://serhatburke.miroglu.net"
62.12.119.247 - - [30/Apr/2026:00:01:43 +0300] "POST /xmlrpc.php HTTP/1.1" 200 15305 "-" "Mozilla/5.0 (Windows NT 10.0; Win64; x64) AppleWebKit/537.36 (KHTML, like Gecko) Chrome/114.0.0.0 Safari/537.36"
62.12.119.247 - - [30/Apr/2026:00:01:59 +0300] "GET /extremely-practical-link-important-mod-minecraft-mod/ HTTP/1.1" 200 78862 "-" "Mozilla/5.0 (Windows NT 10.0; Win64; x64; rv:124.0) Gecko/20100101 Firefox/124.0"
80.74.164.227 - - [30/Apr/2026:00:02:23 +0300] "GET /28563-2/ HTTP/1.1" 200 19315 "-" "Mozilla/5.0 (compatible; Googlebot/2.1; +http://www.google.com/bot.html)"
62.12.119.247 - - [30/Apr/2026:00:02:23 +0300] "POST /xmlrpc.php HTTP/1.1" 200 630 "-" "Mozilla/5.0 (Windows NT 10.0; Win64; x64) AppleWebKit/537.36 (KHTML, like Gecko) Chrome/114.0.0.0 Safari/537.36"
185.216.113.70 - - [30/Apr/2026:00:02:56 +0300] "POST /wp-cron.php?doing_wp_cron=1777496576.5094308853149414062500 HTTP/1.1" 200 448 "-" "WordPress/6.3.8; https://serhatburke.miroglu.net"
62.12.119.247 - - [30/Apr/2026:00:02:44 +0300] "POST /xmlrpc.php HTTP/1.1" 200 14615 "-" "Mozilla/5.0 (Windows NT 10.0; Win64; x64) AppleWebKit/537.36 (KHTML, like Gecko) Chrome/114.0.0.0 Safari/537.36"
62.12.119.247 - - [30/Apr/2026:00:02:57 +0300] "GET /horus-eyes-casino-hyperlink-slot-games-understand-our-very-own-remark-enjoy-on-the-internet/ HTTP/1.1" 200 79215 "-" "Mozilla/5.0 (Windows NT 10.0; Win64; x64) AppleWebKit/537.36 (KHTML, like Gecko) Chrome/122.0.0.0 Safari/537.36"
62.12.119.247 - - [30/Apr/2026:00:03:03 +0300] "POST /xmlrpc.php HTTP/1.1" 200 630 "-" "Mozilla/5.0 (Windows NT 10.0; Win64; x64) AppleWebKit/537.36 (KHTML, like Gecko) Chrome/114.0.0.0 Safari/537.36"
38.246.32.214 - - [30/Apr/2026:00:03:09 +0300] "POST /xmlrpc.php HTTP/1.1" 200 630 "-" "Mozilla/5.0 (Windows NT 10.0; Win64; x64) AppleWebKit/537.36 (KHTML, like Gecko) Chrome/114.0.0.0 Safari/537.36"
185.216.113.70 - - [30/Apr/2026:00:03:41 +0300] "POST /wp-cron.php?doing_wp_cron=1777496621.6053049564361572265625 HTTP/1.1" 200 448 "-" "WordPress/6.3.8; https://serhatburke.miroglu.net"
34.244.21.35 - - [30/Apr/2026:00:03:25 +0300] "POST /xmlrpc.php HTTP/1.1" 200 1155 "-" "Mozilla/5.0 (Macintosh; Intel Mac OS X 10_15_7) AppleWebKit/537.36 (KHTML, like Gecko) Chrome/108.0.0.0 Safari/537.36"
62.12.119.247 - - [30/Apr/2026:00:03:29 +0300] "POST /xmlrpc.php HTTP/1.1" 200 14992 "-" "Mozilla/5.0 (Windows NT 10.0; Win64; x64) AppleWebKit/537.36 (KHTML, like Gecko) Chrome/114.0.0.0 Safari/537.36"
38.246.32.214 - - [30/Apr/2026:00:03:32 +0300] "POST /xmlrpc.php HTTP/1.1" 200 8728 "-" "Mozilla/5.0 (Windows NT 10.0; Win64; x64) AppleWebKit/537.36 (KHTML, like Gecko) Chrome/114.0.0.0 Safari/537.36"
62.12.119.247 - - [30/Apr/2026:00:03:48 +0300] "GET /fa-fa-fa-gamble-real-slot-all-that-glitters-2-cash-harbors-online/ HTTP/1.1" 200 78325 "-" "Mozilla/5.0 (Windows NT 10.0; Win64; x64) AppleWebKit/537.36 (KHTML, like Gecko) Chrome/122.0.0.0 Safari/537.36"
62.12.119.247 - - [30/Apr/2026:00:03:48 +0300] "POST /xmlrpc.php HTTP/1.1" 200 630 "-" "Mozilla/5.0 (Windows NT 10.0; Win64; x64) AppleWebKit/537.36 (KHTML, like Gecko) Chrome/114.0.0.0 Safari/537.36"
38.246.32.214 - - [30/Apr/2026:00:03:54 +0300] "GET /this-way-you-dont-need-to-to-possess-people-whom-gamble-to-them-so-youre-able-to-get-lost-inside-the-interpretation/ HTTP/1.1" 200 74214 "-" "Mozilla/5.0 (Windows NT 10.0; rv:125.0) Gecko/20100101 Firefox/125.0"
185.216.113.70 - - [30/Apr/2026:00:04:41 +0300] "POST /wp-cron.php?doing_wp_cron=1777496681.3759961128234863281250 HTTP/1.1" 200 448 "-" "WordPress/6.3.8; https://serhatburke.miroglu.net"
62.12.119.247 - - [30/Apr/2026:00:04:19 +0300] "POST /xmlrpc.php HTTP/1.1" 200 15450 "-" "Mozilla/5.0 (Windows NT 10.0; Win64; x64) AppleWebKit/537.36 (KHTML, like Gecko) Chrome/114.0.0.0 Safari/537.36"
62.12.119.247 - - [30/Apr/2026:00:04:34 +0300] "POST /xmlrpc.php HTTP/1.1" 200 630 "-" "Mozilla/5.0 (Windows NT 10.0; Win64; x64) AppleWebKit/537.36 (KHTML, like Gecko) Chrome/114.0.0.0 Safari/537.36"
62.12.119.247 - - [30/Apr/2026:00:04:43 +0300] "GET /fa-fa-fa-enjoy-free-spins-book-of-ra-deluxe-no-deposit-a-real-income-harbors-on-the-web/ HTTP/1.1" 200 79795 "-" "Mozilla/5.0 (Windows NT 10.0; Win64; x64) AppleWebKit/537.36 (KHTML, like Gecko) Chrome/124.0.0.0 Safari/537.36"
62.12.119.247 - - [30/Apr/2026:00:04:58 +0300] "POST /xmlrpc.php HTTP/1.1" 200 15596 "-" "Mozilla/5.0 (Windows NT 10.0; Win64; x64) AppleWebKit/537.36 (KHTML, like Gecko) Chrome/114.0.0.0 Safari/537.36"
62.12.119.247 - - [30/Apr/2026:00:05:15 +0300] "GET /fafafa-demonstration-enjoy-free-casino-golden-tiger-slot-on-the-internet/ HTTP/1.1" 200 79464 "-" "Mozilla/5.0 (Windows NT 10.0; rv:109.0) Gecko/20100101 Firefox/115.0"
62.12.119.247 - - [30/Apr/2026:00:05:18 +0300] "POST /xmlrpc.php HTTP/1.1" 200 630 "-" "Mozilla/5.0 (Windows NT 10.0; Win64; x64) AppleWebKit/537.36 (KHTML, like Gecko) Chrome/114.0.0.0 Safari/537.36"
38.246.32.214 - - [30/Apr/2026:00:05:25 +0300] "POST /xmlrpc.php HTTP/1.1" 200 630 "-" "Mozilla/5.0 (Windows NT 10.0; Win64; x64) AppleWebKit/537.36 (KHTML, like Gecko) Chrome/114.0.0.0 Safari/537.36"
185.216.113.70 - - [30/Apr/2026:00:05:51 +0300] "POST /wp-cron.php?doing_wp_cron=1777496751.2317349910736083984375 HTTP/1.1" 200 448 "-" "WordPress/6.3.8; https://serhatburke.miroglu.net"
62.12.119.247 - - [30/Apr/2026:00:05:38 +0300] "POST /xmlrpc.php HTTP/1.1" 200 15190 "-" "Mozilla/5.0 (Windows NT 10.0; Win64; x64) AppleWebKit/537.36 (KHTML, like Gecko) Chrome/114.0.0.0 Safari/537.36"
38.246.32.214 - - [30/Apr/2026:00:05:44 +0300] "POST /xmlrpc.php HTTP/1.1" 200 11590 "-" "Mozilla/5.0 (Windows NT 10.0; Win64; x64) AppleWebKit/537.36 (KHTML, like Gecko) Chrome/114.0.0.0 Safari/537.36"
62.12.119.247 - - [30/Apr/2026:00:05:52 +0300] "GET /fafafa-slot-free-demonstration-casino-ladbrokes-100-free-spins-opinion-2025/ HTTP/1.1" 200 78915 "-" "Mozilla/5.0 (Windows NT 10.0; Win64; x64) AppleWebKit/537.36 (KHTML, like Gecko) Chrome/123.0.0.0 Safari/537.36"
38.246.32.214 - - [30/Apr/2026:00:06:05 +0300] "GET /help-guide-to-casinos-on-the-internet-in-massachusetts-an-educated-massachusetts-gambling-enterprise-web-sites-to-possess-2026/ HTTP/1.1" 200 77078 "-" "Mozilla/5.0 (Windows NT 10.0; Win64; x64) AppleWebKit/537.36 (KHTML, like Gecko) Chrome/123.0.0.0 Safari/537.36"
62.12.119.247 - - [30/Apr/2026:00:06:07 +0300] "POST /xmlrpc.php HTTP/1.1" 200 630 "-" "Mozilla/5.0 (Windows NT 10.0; Win64; x64) AppleWebKit/537.36 (KHTML, like Gecko) Chrome/114.0.0.0 Safari/537.36"
185.216.113.70 - - [30/Apr/2026:00:06:42 +0300] "POST /wp-cron.php?doing_wp_cron=1777496802.1724910736083984375000 HTTP/1.1" 200 448 "-" "WordPress/6.3.8; https://serhatburke.miroglu.net"
62.12.119.247 - - [30/Apr/2026:00:06:28 +0300] "POST /xmlrpc.php HTTP/1.1" 200 15487 "-" "Mozilla/5.0 (Windows NT 10.0; Win64; x64) AppleWebKit/537.36 (KHTML, like Gecko) Chrome/114.0.0.0 Safari/537.36"
103.219.169.194 - - [30/Apr/2026:00:06:36 +0300] "POST /xmlrpc.php HTTP/1.1" 200 630 "-" "Mozilla/5.0 (Windows NT 10.0; Win64; x64) AppleWebKit/537.36 (KHTML, like Gecko) Chrome/114.0.0.0 Safari/537.36"
62.12.119.247 - - [30/Apr/2026:00:06:43 +0300] "GET /fairy-gate-position-opinion-cloud-quest-slot-trial-free-enjoy/ HTTP/1.1" 200 79276 "-" "Mozilla/5.0 (Windows NT 10.0; Win64; x64; rv:125.0) Gecko/20100101 Firefox/125.0"
62.12.119.247 - - [30/Apr/2026:00:06:55 +0300] "POST /xmlrpc.php HTTP/1.1" 200 630 "-" "Mozilla/5.0 (Windows NT 10.0; Win64; x64) AppleWebKit/537.36 (KHTML, like Gecko) Chrome/114.0.0.0 Safari/537.36"
216.73.217.81 - - [30/Apr/2026:00:07:10 +0300] "GET /sitemap.rss HTTP/2" 200 0 "-" "Mozilla/5.0 AppleWebKit/537.36 (KHTML, like Gecko; compatible; ClaudeBot/1.0; +claudebot@anthropic.com)"
216.73.217.81 - - [30/Apr/2026:00:07:10 +0300] "GET /sitemap.xml HTTP/2" 200 0 "-" "Mozilla/5.0 AppleWebKit/537.36 (KHTML, like Gecko; compatible; ClaudeBot/1.0; +claudebot@anthropic.com)"
103.219.169.194 - - [30/Apr/2026:00:07:06 +0300] "POST /xmlrpc.php HTTP/1.1" 200 12729 "-" "Mozilla/5.0 (Windows NT 10.0; Win64; x64) AppleWebKit/537.36 (KHTML, like Gecko) Chrome/114.0.0.0 Safari/537.36"
62.12.119.247 - - [30/Apr/2026:00:07:19 +0300] "POST /xmlrpc.php HTTP/1.1" 200 14995 "-" "Mozilla/5.0 (Windows NT 10.0; Win64; x64) AppleWebKit/537.36 (KHTML, like Gecko) Chrome/114.0.0.0 Safari/537.36"
103.219.169.194 - - [30/Apr/2026:00:07:27 +0300] "GET /best-golf-playing-websites-inside-the-2026-ranked-assessed/ HTTP/1.1" 200 76423 "-" "Mozilla/5.0 (Windows NT 10.0; Win64; x64) AppleWebKit/537.36 (KHTML, like Gecko) Chrome/124.0.0.0 Safari/537.36"
38.246.32.214 - - [30/Apr/2026:00:07:35 +0300] "POST /xmlrpc.php HTTP/1.1" 200 630 "-" "Mozilla/5.0 (Windows NT 10.0; Win64; x64) AppleWebKit/537.36 (KHTML, like Gecko) Chrome/114.0.0.0 Safari/537.36"
62.12.119.247 - - [30/Apr/2026:00:07:42 +0300] "POST /xmlrpc.php HTTP/1.1" 200 630 "-" "Mozilla/5.0 (Windows NT 10.0; Win64; x64) AppleWebKit/537.36 (KHTML, like Gecko) Chrome/114.0.0.0 Safari/537.36"
62.12.119.247 - - [30/Apr/2026:00:07:42 +0300] "GET /great-nugget-gambling-establishment-incentive-spins-250-extra-revolves-cosmic-eclipse-rtp-casino-ug-extra-score-cuatro/ HTTP/1.1" 200 80246 "-" "Mozilla/5.0 (Windows NT 10.0; Win64; x64) AppleWebKit/537.36 (KHTML, like Gecko) Chrome/122.0.0.0 Safari/537.36"
38.246.32.214 - - [30/Apr/2026:00:07:56 +0300] "POST /xmlrpc.php HTTP/1.1" 200 9014 "-" "Mozilla/5.0 (Windows NT 10.0; Win64; x64) AppleWebKit/537.36 (KHTML, like Gecko) Chrome/114.0.0.0 Safari/537.36"
104.166.164.56 - - [30/Apr/2026:00:08:08 +0300] "POST /xmlrpc.php HTTP/1.1" 200 630 "-" "Mozilla/5.0 (Windows NT 10.0; Win64; x64) AppleWebKit/537.36 (KHTML, like Gecko) Chrome/114.0.0.0 Safari/537.36"
38.246.32.214 - - [30/Apr/2026:00:08:10 +0300] "GET /public-casinos-function-advanced-shelter-systems-designed-to-ensure-the-defense-of-their-north-carolina-pages/ HTTP/1.1" 200 74159 "-" "Mozilla/5.0 (Windows NT 10.0; Win64; x64) AppleWebKit/537.36 (KHTML, like Gecko) Chrome/123.0.0.0 Safari/537.36 OPR/109.0.0.0"
62.12.119.247 - - [30/Apr/2026:00:08:13 +0300] "POST /xmlrpc.php HTTP/1.1" 200 14765 "-" "Mozilla/5.0 (Windows NT 10.0; Win64; x64) AppleWebKit/537.36 (KHTML, like Gecko) Chrome/114.0.0.0 Safari/537.36"
185.216.113.70 - - [30/Apr/2026:00:08:45 +0300] "POST /wp-cron.php?doing_wp_cron=1777496925.6206009387969970703125 HTTP/1.1" 200 448 "-" "WordPress/6.3.8; https://serhatburke.miroglu.net"
185.153.199.155 - - [30/Apr/2026:00:08:33 +0300] "POST /xmlrpc.php HTTP/1.1" 200 15698 "-" "Mozilla/5.0 (Windows NT 10.0; Win64; x64) AppleWebKit/537.36 (KHTML, like Gecko) Chrome/114.0.0.0 Safari/537.36"
45.250.252.179 - - [30/Apr/2026:00:08:52 +0300] "POST /xmlrpc.php HTTP/1.1" 200 15698 "-" "Mozilla/5.0 (Windows NT 10.0; Win64; x64) AppleWebKit/537.36 (KHTML, like Gecko) Chrome/114.0.0.0 Safari/537.36"
52.167.144.189 - - [30/Apr/2026:00:09:00 +0300] "GET /dexscreener-dex-scanner-real-time-tools-for-traders/ HTTP/2" 200 19542 "-" "Mozilla/5.0 AppleWebKit/537.36 (KHTML, like Gecko; compatible; bingbot/2.0; +http://www.bing.com/bingbot.htm) Chrome/116.0.1938.76 Safari/537.36"
62.12.119.247 - - [30/Apr/2026:00:08:58 +0300] "GET /skillmachine-gnome-slot-free-spins-net-casino-remark-2026/ HTTP/1.1" 200 78503 "-" "Mozilla/5.0 (Windows NT 10.0; rv:125.0) Gecko/20100101 Firefox/125.0"
40.77.167.48 - - [30/Apr/2026:00:09:04 +0300] "GET /online-possibilities-digital-casinos-for-after-you-can-not-result-in-the-excursion/ HTTP/2" 200 17763 "-" "Mozilla/5.0 AppleWebKit/537.36 (KHTML, like Gecko; compatible; bingbot/2.0; +http://www.bing.com/bingbot.htm) Chrome/116.0.1938.76 Safari/537.36"
