172.237.60.137 - - [29/Apr/2026:16:27:41 +0300] "GET /panda-miracle-position-available-online-free-of-bitcoin-casino-bonus-charge-otherwise-real/ HTTP/1.1" 200 79349 "-" "Mozilla/5.0 (Windows NT 10.0; Win64; x64) AppleWebKit/537.36 (KHTML, like Gecko) Chrome/122.0.0.0 Safari/537.36"
57.128.22.95 - - [29/Apr/2026:16:27:43 +0300] "GET /novoline-casino-codice-bonus-registrazione/ HTTP/1.1" 200 17770 "-" "Mozilla/5.0 (compatible; Googlebot/2.1; +http://www.google.com/bot.html)"
130.51.23.22 - - [29/Apr/2026:16:27:57 +0300] "POST /wp-comments-post.php HTTP/1.1" 302 1083 "https://serhatburke.miroglu.net/beste-casino-site-belgie-hoge-inzet/" "Mozilla/5.0 (X11; CrOS x86_64 14541.0.0) AppleWebKit/537.36 (KHTML, like Gecko) Chrome/145.0.0.0 Safari/537.36"
130.51.23.22 - - [29/Apr/2026:16:28:14 +0300] "GET /beste-casino-site-belgie-hoge-inzet/?unapproved=890&moderation-hash=353cc0e019030e399cb50d9ea74a1075 HTTP/1.1" 200 19728 "https://serhatburke.miroglu.net/wp-comments-post.php" "Mozilla/5.0 (X11; CrOS x86_64 14541.0.0) AppleWebKit/537.36 (KHTML, like Gecko) Chrome/145.0.0.0 Safari/537.36"
185.216.113.70 - - [29/Apr/2026:16:28:45 +0300] "POST /wp-cron.php?doing_wp_cron=1777469325.3452620506286621093750 HTTP/1.1" 200 448 "-" "WordPress/6.3.8; https://serhatburke.miroglu.net"
130.51.23.22 - - [29/Apr/2026:16:28:30 +0300] "GET /beste-casino-site-belgie-hoge-inzet/ HTTP/1.1" 200 19264 "-" "Mozilla/5.0 (compatible; Googlebot/2.1; +http://www.google.com/bot.html)"
157.22.124.229 - - [29/Apr/2026:16:28:30 +0300] "GET / HTTP/2" 200 21328 "-" "Mozilla/5.0 (Macintosh; Intel Mac OS X 10_15_7) AppleWebKit/537.36 (KHTML, like Gecko) Chrome/120.0.0.0 Safari/537.36"
172.237.60.137 - - [29/Apr/2026:16:28:47 +0300] "POST /xmlrpc.php HTTP/1.1" 200 630 "-" "Mozilla/5.0 (Windows NT 10.0; Win64; x64) AppleWebKit/537.36 (KHTML, like Gecko) Chrome/114.0.0.0 Safari/537.36"
167.160.66.241 - - [29/Apr/2026:16:28:54 +0300] "GET /quickwin-casino-opinie-i-bonusy-2026/ HTTP/1.1" 200 18727 "https://serhatburke.miroglu.net/" "Mozilla/5.0 (X11; Linux i686; rv:114.0) Gecko/20100101 Firefox/114.0"
185.216.113.70 - - [29/Apr/2026:16:29:23 +0300] "POST /wp-cron.php?doing_wp_cron=1777469362.9805738925933837890625 HTTP/1.1" 200 448 "-" "WordPress/6.3.8; https://serhatburke.miroglu.net"
172.237.60.137 - - [29/Apr/2026:16:29:09 +0300] "POST /xmlrpc.php HTTP/1.1" 200 15330 "-" "Mozilla/5.0 (Windows NT 10.0; Win64; x64) AppleWebKit/537.36 (KHTML, like Gecko) Chrome/114.0.0.0 Safari/537.36"
172.237.60.137 - - [29/Apr/2026:16:29:24 +0300] "GET /best-us-casinos-on-the-internet-top-10-casinos-compared-casino-stake7-real-money-2026/ HTTP/1.1" 200 79590 "-" "Mozilla/5.0 (Windows NT 10.0; rv:125.0) Gecko/20100101 Firefox/125.0"
66.249.76.77 - - [29/Apr/2026:16:29:57 +0300] "GET /robots.txt HTTP/1.1" 200 719 "-" "Mozilla/5.0 (compatible; Googlebot/2.1; +http://www.google.com/bot.html)"
185.216.113.70 - - [29/Apr/2026:16:31:01 +0300] "POST /wp-cron.php?doing_wp_cron=1777469461.6655290126800537109375 HTTP/1.1" 200 448 "-" "WordPress/6.3.8; https://serhatburke.miroglu.net"
172.237.60.137 - - [29/Apr/2026:16:30:46 +0300] "POST /xmlrpc.php HTTP/1.1" 200 630 "-" "Mozilla/5.0 (Windows NT 10.0; Win64; x64) AppleWebKit/537.36 (KHTML, like Gecko) Chrome/114.0.0.0 Safari/537.36"
98.98.43.122 - - [29/Apr/2026:16:30:49 +0300] "POST /xmlrpc.php HTTP/1.1" 200 630 "-" "Mozilla/5.0 (Windows NT 10.0; Win64; x64) AppleWebKit/537.36 (KHTML, like Gecko) Chrome/114.0.0.0 Safari/537.36"
172.237.60.137 - - [29/Apr/2026:16:31:08 +0300] "POST /xmlrpc.php HTTP/1.1" 200 15358 "-" "Mozilla/5.0 (Windows NT 10.0; Win64; x64) AppleWebKit/537.36 (KHTML, like Gecko) Chrome/114.0.0.0 Safari/537.36"
98.98.43.122 - - [29/Apr/2026:16:31:11 +0300] "POST /xmlrpc.php HTTP/1.1" 200 15709 "-" "Mozilla/5.0 (Windows NT 10.0; Win64; x64) AppleWebKit/537.36 (KHTML, like Gecko) Chrome/114.0.0.0 Safari/537.36"
185.216.113.70 - - [29/Apr/2026:16:31:43 +0300] "POST /wp-cron.php?doing_wp_cron=1777469503.2065870761871337890625 HTTP/1.1" 200 448 "-" "WordPress/6.3.8; https://serhatburke.miroglu.net"
172.237.60.137 - - [29/Apr/2026:16:31:29 +0300] "GET /best-paypal-casinos-in-america-mustang-gold-slot-2026/ HTTP/1.1" 200 78909 "-" "Mozilla/5.0 (Windows NT 10.0; Win64; x64; rv:125.0) Gecko/20100101 Firefox/125.0"
98.98.43.122 - - [29/Apr/2026:16:31:32 +0300] "GET /cleopatra-ii-the-original-slot-video-game-gr88-casino-bonus-withdrawal-rules-from-the-comfort-of-las-vegas/ HTTP/1.1" 200 80555 "-" "Mozilla/5.0 (Windows NT 10.0; Win64; x64) AppleWebKit/537.36 (KHTML, like Gecko) Chrome/122.0.0.0 Safari/537.36"
66.249.73.15 - - [29/Apr/2026:16:31:52 +0300] "GET /loki-casino-uk-an-exciting-world-of-video-slots/ HTTP/1.1" 200 18781 "-" "Mozilla/5.0 (Linux; Android 6.0.1; Nexus 5X Build/MMB29P) AppleWebKit/537.36 (KHTML, like Gecko) Chrome/147.0.7727.116 Mobile Safari/537.36 (compatible; Googlebot/2.1; +http://www.google.com/bot.html)"
66.249.76.77 - - [29/Apr/2026:16:32:33 +0300] "GET /loki-casino-uk-an-exciting-world-of-video-slots/undefined?ts=1775520000 HTTP/1.1" 200 0 "https://serhatburke.miroglu.net/loki-casino-uk-an-exciting-world-of-video-slots/" "Mozilla/5.0 (Linux; Android 6.0.1; Nexus 5X Build/MMB29P) AppleWebKit/537.36 (KHTML, like Gecko) Chrome/147.0.7727.116 Mobile Safari/537.36 (compatible; Googlebot/2.1; +http://www.google.com/bot.html)"
185.216.113.70 - - [29/Apr/2026:16:33:23 +0300] "POST /wp-cron.php?doing_wp_cron=1777469603.5537910461425781250000 HTTP/1.1" 200 448 "-" "WordPress/6.3.8; https://serhatburke.miroglu.net"
52.167.144.221 - - [29/Apr/2026:16:33:05 +0300] "GET /which-are-the-most-popular-free-cellular-movies-ports-in-the-ireland-in-the-2026-deendayal-search-institute/ HTTP/2" 200 20038 "-" "Mozilla/5.0 AppleWebKit/537.36 (KHTML, like Gecko; compatible; bingbot/2.0; +http://www.bing.com/bingbot.htm) Chrome/116.0.1938.76 Safari/537.36"
40.77.167.43 - - [29/Apr/2026:16:33:09 +0300] "GET /pragmatic-play-este-printre-cele-mai-multe-care-dintre-ei-get-renumii-i-mai-activi-dezvoltatori-off-romania/ HTTP/2" 200 17781 "-" "Mozilla/5.0 AppleWebKit/537.36 (KHTML, like Gecko; compatible; bingbot/2.0; +http://www.bing.com/bingbot.htm) Chrome/116.0.1938.76 Safari/537.36"
52.167.144.167 - - [29/Apr/2026:16:33:09 +0300] "GET /historical-incidents-famous-birthdays-about-this-time-of-them-all/ HTTP/2" 200 18801 "-" "Mozilla/5.0 AppleWebKit/537.36 (KHTML, like Gecko; compatible; bingbot/2.0; +http://www.bing.com/bingbot.htm) Chrome/116.0.1938.76 Safari/537.36"
40.77.167.43 - - [29/Apr/2026:16:33:18 +0300] "GET /betmgm-pa-gambling-enterprise-extra-code-bookiescas-get-1100-video-poker-sites-incentive-twenty-five-on-the-family-feb-eleven/ HTTP/2" 200 19379 "-" "Mozilla/5.0 AppleWebKit/537.36 (KHTML, like Gecko; compatible; bingbot/2.0; +http://www.bing.com/bingbot.htm) Chrome/116.0.1938.76 Safari/537.36"
40.77.167.43 - - [29/Apr/2026:16:33:48 +0300] "GET /atomic-wallet-simplifying-your-crypto-management-experience-2/ HTTP/2" 200 18265 "-" "Mozilla/5.0 AppleWebKit/537.36 (KHTML, like Gecko; compatible; bingbot/2.0; +http://www.bing.com/bingbot.htm) Chrome/116.0.1938.76 Safari/537.36"
98.98.43.122 - - [29/Apr/2026:16:33:53 +0300] "POST /xmlrpc.php HTTP/1.1" 200 630 "-" "Mozilla/5.0 (Windows NT 10.0; Win64; x64) AppleWebKit/537.36 (KHTML, like Gecko) Chrome/114.0.0.0 Safari/537.36"
185.216.113.70 - - [29/Apr/2026:16:34:37 +0300] "POST /wp-cron.php?doing_wp_cron=1777469677.7701470851898193359375 HTTP/1.1" 200 448 "-" "WordPress/6.3.8; https://serhatburke.miroglu.net"
52.167.144.167 - - [29/Apr/2026:16:34:16 +0300] "GET /discovering-bscscan-a-comprehensive-guide-for-traders-2/ HTTP/2" 200 17895 "-" "Mozilla/5.0 AppleWebKit/537.36 (KHTML, like Gecko; compatible; bingbot/2.0; +http://www.bing.com/bingbot.htm) Chrome/116.0.1938.76 Safari/537.36"
98.98.43.122 - - [29/Apr/2026:16:34:16 +0300] "POST /xmlrpc.php HTTP/1.1" 200 15186 "-" "Mozilla/5.0 (Windows NT 10.0; Win64; x64) AppleWebKit/537.36 (KHTML, like Gecko) Chrome/114.0.0.0 Safari/537.36"
40.77.167.43 - - [29/Apr/2026:16:34:21 +0300] "GET /chathub-review-2026-features-pricing-alternate-4/ HTTP/2" 200 20228 "-" "Mozilla/5.0 AppleWebKit/537.36 (KHTML, like Gecko; compatible; bingbot/2.0; +http://www.bing.com/bingbot.htm) Chrome/116.0.1938.76 Safari/537.36"
40.77.167.150 - - [29/Apr/2026:16:34:26 +0300] "GET /portu-vulkan-spiele-kazino-latvija-pieejas-celvedis-efektivi-triki-tiessaistes-spelu-automatu-spelem/ HTTP/2" 200 18899 "-" "Mozilla/5.0 AppleWebKit/537.36 (KHTML, like Gecko; compatible; bingbot/2.0; +http://www.bing.com/bingbot.htm) Chrome/116.0.1938.76 Safari/537.36"
40.77.167.150 - - [29/Apr/2026:16:34:30 +0300] "GET /spanischer-matador-spielautomat-vollstandiger-praktischer-link-spielfuhrer/ HTTP/2" 200 20294 "-" "Mozilla/5.0 AppleWebKit/537.36 (KHTML, like Gecko; compatible; bingbot/2.0; +http://www.bing.com/bingbot.htm) Chrome/116.0.1938.76 Safari/537.36"
98.98.43.122 - - [29/Apr/2026:16:34:41 +0300] "GET /free-online-subscribe-rummyroyal-slot-machine-real-money-variations/ HTTP/1.1" 200 79013 "-" "Mozilla/5.0 (Windows NT 10.0; Win64; x64) AppleWebKit/537.36 (KHTML, like Gecko) Chrome/123.0.0.0 Safari/537.36"
52.167.144.167 - - [29/Apr/2026:16:34:46 +0300] "GET /najlepsie-podniky-v-oblasti-mobilnych-hazardnych-hier-hry-so-skutocnym-prijmom-uplna-sprava-v-roku-2026/ HTTP/2" 200 19029 "-" "Mozilla/5.0 AppleWebKit/537.36 (KHTML, like Gecko; compatible; bingbot/2.0; +http://www.bing.com/bingbot.htm) Chrome/116.0.1938.76 Safari/537.36"
52.167.144.167 - - [29/Apr/2026:16:34:51 +0300] "GET /gamble-cashapillar-video-slot-on-the-web-in-the-super-casino/ HTTP/2" 200 19496 "-" "Mozilla/5.0 AppleWebKit/537.36 (KHTML, like Gecko; compatible; bingbot/2.0; +http://www.bing.com/bingbot.htm) Chrome/116.0.1938.76 Safari/537.36"
57.128.22.95 - - [29/Apr/2026:16:35:09 +0300] "GET /novoline-casino-codice-bonus-registrazione/ HTTP/1.1" 200 17770 "-" "Mozilla/5.0 (compatible; Googlebot/2.1; +http://www.google.com/bot.html)"
98.98.43.122 - - [29/Apr/2026:16:36:08 +0300] "POST /xmlrpc.php HTTP/1.1" 200 630 "-" "Mozilla/5.0 (Windows NT 10.0; Win64; x64) AppleWebKit/537.36 (KHTML, like Gecko) Chrome/114.0.0.0 Safari/537.36"
136.0.118.87 - - [29/Apr/2026:16:36:08 +0300] "POST /xmlrpc.php HTTP/1.1" 200 730 "-" "axios/1.11.0"
185.216.113.70 - - [29/Apr/2026:16:36:41 +0300] "POST /wp-cron.php?doing_wp_cron=1777469801.1667180061340332031250 HTTP/1.1" 200 448 "-" "WordPress/6.3.8; https://serhatburke.miroglu.net"
104.239.73.145 - - [29/Apr/2026:16:36:19 +0300] "POST /xmlrpc.php HTTP/1.1" 200 730 "-" "axios/1.11.0"
198.105.100.30 - - [29/Apr/2026:16:36:27 +0300] "POST /xmlrpc.php HTTP/1.1" 200 730 "-" "axios/1.11.0"
130.51.23.22 - - [29/Apr/2026:16:36:28 +0300] "GET /beste-casino-site-belgie-hoge-inzet/ HTTP/1.1" 200 19264 "-" "Mozilla/5.0 (compatible; Googlebot/2.1; +http://www.google.com/bot.html)"
98.98.43.122 - - [29/Apr/2026:16:36:31 +0300] "POST /xmlrpc.php HTTP/1.1" 200 14974 "-" "Mozilla/5.0 (Windows NT 10.0; Win64; x64) AppleWebKit/537.36 (KHTML, like Gecko) Chrome/114.0.0.0 Safari/537.36"
98.98.43.122 - - [29/Apr/2026:16:37:04 +0300] "GET /5-better-sportsbook-bonuses-get-5000-fairspin-games-because-of-the-county/ HTTP/1.1" 200 79198 "-" "Mozilla/5.0 (Windows NT 10.0; Win64; x64; rv:124.0) Gecko/20100101 Firefox/124.0"
185.216.113.70 - - [29/Apr/2026:16:38:34 +0300] "POST /wp-cron.php?doing_wp_cron=1777469914.1247339248657226562500 HTTP/1.1" 200 448 "-" "WordPress/6.3.8; https://serhatburke.miroglu.net"
98.98.43.122 - - [29/Apr/2026:16:38:12 +0300] "POST /xmlrpc.php HTTP/1.1" 200 630 "-" "Mozilla/5.0 (Windows NT 10.0; Win64; x64) AppleWebKit/537.36 (KHTML, like Gecko) Chrome/114.0.0.0 Safari/537.36"
98.98.43.122 - - [29/Apr/2026:16:38:41 +0300] "POST /xmlrpc.php HTTP/1.1" 200 15703 "-" "Mozilla/5.0 (Windows NT 10.0; Win64; x64) AppleWebKit/537.36 (KHTML, like Gecko) Chrome/114.0.0.0 Safari/537.36"
98.98.43.122 - - [29/Apr/2026:16:38:57 +0300] "GET /enjoy-pharaohs-fortune-free-of-ghost-slider-rtp-slot-free-spins-charge-otherwise-a-real-income-on-line/ HTTP/1.1" 200 80345 "-" "Mozilla/5.0 (Windows NT 10.0; Win64; x64) AppleWebKit/537.36 (KHTML, like Gecko) Chrome/123.0.0.0 Safari/537.36"
185.216.113.70 - - [29/Apr/2026:16:40:38 +0300] "POST /wp-cron.php?doing_wp_cron=1777470038.2204210758209228515625 HTTP/1.1" 200 448 "-" "WordPress/6.3.8; https://serhatburke.miroglu.net"
98.98.43.122 - - [29/Apr/2026:16:40:07 +0300] "POST /xmlrpc.php HTTP/1.1" 200 630 "-" "Mozilla/5.0 (Windows NT 10.0; Win64; x64) AppleWebKit/537.36 (KHTML, like Gecko) Chrome/114.0.0.0 Safari/537.36"
98.98.43.122 - - [29/Apr/2026:16:40:46 +0300] "POST /xmlrpc.php HTTP/1.1" 200 15350 "-" "Mozilla/5.0 (Windows NT 10.0; Win64; x64) AppleWebKit/537.36 (KHTML, like Gecko) Chrome/114.0.0.0 Safari/537.36"
98.98.43.122 - - [29/Apr/2026:16:41:09 +0300] "GET /free-slots-zero-install-no-membership-totally-free-shoot-casino-slot-machines-immediate-play/ HTTP/1.1" 200 79709 "-" "Mozilla/5.0 (Windows NT 10.0; Win64; x64) AppleWebKit/537.36 (KHTML, like Gecko) Chrome/123.0.0.0 Safari/537.36 OPR/109.0.0.0"
185.216.113.70 - - [29/Apr/2026:16:41:48 +0300] "POST /wp-cron.php?doing_wp_cron=1777470108.0986649990081787109375 HTTP/1.1" 200 448 "-" "WordPress/6.3.8; https://serhatburke.miroglu.net"
40.77.167.43 - - [29/Apr/2026:16:41:31 +0300] "GET /unleash-the-power-of-efficient-trading-with-jupiter-swap/ HTTP/2" 200 18102 "-" "Mozilla/5.0 AppleWebKit/537.36 (KHTML, like Gecko; compatible; bingbot/2.0; +http://www.bing.com/bingbot.htm) Chrome/116.0.1938.76 Safari/537.36"
40.77.167.43 - - [29/Apr/2026:16:41:35 +0300] "GET /greatest-christmas-casino-games-within-the-all-slots-casino-code-2026/ HTTP/2" 200 19195 "-" "Mozilla/5.0 AppleWebKit/537.36 (KHTML, like Gecko; compatible; bingbot/2.0; +http://www.bing.com/bingbot.htm) Chrome/116.0.1938.76 Safari/537.36"
40.77.167.150 - - [29/Apr/2026:16:41:41 +0300] "GET /video-slot-opportunity-how-they-works-and-exacltly-what-the-possibility-spartan-slots-casino-bonus-withdraw-are-indeed/ HTTP/2" 200 19254 "-" "Mozilla/5.0 AppleWebKit/537.36 (KHTML, like Gecko; compatible; bingbot/2.0; +http://www.bing.com/bingbot.htm) Chrome/116.0.1938.76 Safari/537.36"
98.98.43.122 - - [29/Apr/2026:16:41:56 +0300] "POST /xmlrpc.php HTTP/1.1" 200 630 "-" "Mozilla/5.0 (Windows NT 10.0; Win64; x64) AppleWebKit/537.36 (KHTML, like Gecko) Chrome/114.0.0.0 Safari/537.36"
40.77.167.150 - - [29/Apr/2026:16:42:06 +0300] "GET /7-card-blackjack-online-game/ HTTP/2" 200 17758 "-" "Mozilla/5.0 AppleWebKit/537.36 (KHTML, like Gecko; compatible; bingbot/2.0; +http://www.bing.com/bingbot.htm) Chrome/116.0.1938.76 Safari/537.36"
185.216.113.70 - - [29/Apr/2026:16:42:33 +0300] "POST /wp-cron.php?doing_wp_cron=1777470153.6629428863525390625000 HTTP/1.1" 200 448 "-" "WordPress/6.3.8; https://serhatburke.miroglu.net"
98.98.43.122 - - [29/Apr/2026:16:42:18 +0300] "POST /xmlrpc.php HTTP/1.1" 200 15047 "-" "Mozilla/5.0 (Windows NT 10.0; Win64; x64) AppleWebKit/537.36 (KHTML, like Gecko) Chrome/114.0.0.0 Safari/537.36"
66.249.73.14 - - [29/Apr/2026:16:42:33 +0300] "GET /shufflecasino-uk-reward-program-review-exclusive-benefits-for-british-players/ HTTP/1.1" 200 0 "https://wzyaoi.driftlogic-games.biz/" "Mozilla/5.0 (Linux; Android 6.0.1; Nexus 5X Build/MMB29P) AppleWebKit/537.36 (KHTML, like Gecko) Chrome/147.0.7727.116 Mobile Safari/537.36 (compatible; Googlebot/2.1; +http://www.google.com/bot.html)"
98.98.43.122 - - [29/Apr/2026:16:42:35 +0300] "GET /dragon-shrine-slot-machine-game-southern-area-africa-enjoy-quickspin-harbors-on-the-internet-to-have-liquid-gold-1-deposit-100-percent-free/ HTTP/1.1" 200 80655 "-" "Mozilla/5.0 (Windows NT 10.0; Win64; x64) AppleWebKit/537.36 (KHTML, like Gecko) Chrome/109.0.0.0 Safari/537.36"
185.216.113.70 - - [29/Apr/2026:16:43:45 +0300] "POST /wp-cron.php?doing_wp_cron=1777470224.9628169536590576171875 HTTP/1.1" 200 448 "-" "WordPress/6.3.8; https://serhatburke.miroglu.net"
98.98.43.122 - - [29/Apr/2026:16:43:31 +0300] "POST /xmlrpc.php HTTP/1.1" 200 630 "-" "Mozilla/5.0 (Windows NT 10.0; Win64; x64) AppleWebKit/537.36 (KHTML, like Gecko) Chrome/114.0.0.0 Safari/537.36"
40.77.167.150 - - [29/Apr/2026:16:43:56 +0300] "GET /mejores-casinos-online-en-mexico-en-febrero-2026-ranking-rocky-juego-de-ranura-al-dia/ HTTP/2" 200 0 "-" "Mozilla/5.0 AppleWebKit/537.36 (KHTML, like Gecko; compatible; bingbot/2.0; +http://www.bing.com/bingbot.htm) Chrome/116.0.1938.76 Safari/537.36"
40.77.167.156 - - [29/Apr/2026:16:43:58 +0300] "GET /experience-efficient-crypto-tracking-with-ledger-live/ HTTP/2" 200 0 "-" "Mozilla/5.0 AppleWebKit/537.36 (KHTML, like Gecko; compatible; bingbot/2.0; +http://www.bing.com/bingbot.htm) Chrome/116.0.1938.76 Safari/537.36"
52.167.144.211 - - [29/Apr/2026:16:44:00 +0300] "GET /zmones-vulkan-spiele-apk-prisijungimas-bjarke-ingels-grupe/ HTTP/2" 200 0 "-" "Mozilla/5.0 AppleWebKit/537.36 (KHTML, like Gecko; compatible; bingbot/2.0; +http://www.bing.com/bingbot.htm) Chrome/116.0.1938.76 Safari/537.36"
40.77.167.150 - - [29/Apr/2026:16:44:00 +0300] "GET /aladdin-slots-casino-free-spins-no-deposit-bonus-2026/ HTTP/2" 200 0 "-" "Mozilla/5.0 AppleWebKit/537.36 (KHTML, like Gecko; compatible; bingbot/2.0; +http://www.bing.com/bingbot.htm) Chrome/116.0.1938.76 Safari/537.36"
52.167.144.211 - - [29/Apr/2026:16:44:09 +0300] "GET /caesars-perks-is-actually-a-loyalty-program-where-participants-collect-things-when-to-relax-and-play-on-the-internet-within-local-casino/ HTTP/2" 200 0 "-" "Mozilla/5.0 AppleWebKit/537.36 (KHTML, like Gecko; compatible; bingbot/2.0; +http://www.bing.com/bingbot.htm) Chrome/116.0.1938.76 Safari/537.36"
52.167.144.211 - - [29/Apr/2026:16:44:14 +0300] "GET /avrunding-200-fri-spinn-uten-gave-hent-free-50-gratis-spinn-puss-n-boots-spins-inni-dogn/ HTTP/2" 200 0 "-" "Mozilla/5.0 AppleWebKit/537.36 (KHTML, like Gecko; compatible; bingbot/2.0; +http://www.bing.com/bingbot.htm) Chrome/116.0.1938.76 Safari/537.36"
185.216.113.70 - - [29/Apr/2026:16:45:27 +0300] "POST /wp-cron.php?doing_wp_cron=1777470326.9386129379272460937500 HTTP/1.1" 200 448 "-" "WordPress/6.3.8; https://serhatburke.miroglu.net"
98.98.43.122 - - [29/Apr/2026:16:43:52 +0300] "POST /xmlrpc.php HTTP/1.1" 200 15848 "-" "Mozilla/5.0 (Windows NT 10.0; Win64; x64) AppleWebKit/537.36 (KHTML, like Gecko) Chrome/114.0.0.0 Safari/537.36"
40.77.167.156 - - [29/Apr/2026:16:44:47 +0300] "GET /thunderstruck-reputation-on-the-internet-no-obtain-because-the-a-life-threatening-opportunity-bingo-massive-amounts-step-one-put-in-order-to-delight-in-to-the-staking-without-the-money-threat/ HTTP/2" 200 0 "-" "Mozilla/5.0 AppleWebKit/537.36 (KHTML, like Gecko; compatible; bingbot/2.0; +http://www.bing.com/bingbot.htm) Chrome/116.0.1938.76 Safari/537.36"
52.167.144.211 - - [29/Apr/2026:16:45:10 +0300] "GET /learn-acdc-lightning-link-1-deposit-thunderstruck-violin-simple-tips-to-play-example-having-cards/ HTTP/2" 200 0 "-" "Mozilla/5.0 AppleWebKit/537.36 (KHTML, like Gecko; compatible; bingbot/2.0; +http://www.bing.com/bingbot.htm) Chrome/116.0.1938.76 Safari/537.36"
185.216.113.70 - - [29/Apr/2026:16:46:23 +0300] "POST /wp-cron.php?doing_wp_cron=1777470383.0467019081115722656250 HTTP/1.1" 200 448 "-" "WordPress/6.3.8; https://serhatburke.miroglu.net"
66.249.73.14 - - [29/Apr/2026:16:45:02 +0300] "GET /mostbet-az-bukmeker-ve-kazino-mostbet-giri-rsmi-sayt1827/ HTTP/1.1" 200 18468 "-" "Mozilla/5.0 (Linux; Android 6.0.1; Nexus 5X Build/MMB29P) AppleWebKit/537.36 (KHTML, like Gecko) Chrome/147.0.7727.116 Mobile Safari/537.36 (compatible; Googlebot/2.1; +http://www.google.com/bot.html)"
98.98.43.122 - - [29/Apr/2026:16:45:19 +0300] "POST /xmlrpc.php HTTP/1.1" 200 630 "-" "Mozilla/5.0 (Windows NT 10.0; Win64; x64) AppleWebKit/537.36 (KHTML, like Gecko) Chrome/114.0.0.0 Safari/537.36"
40.77.167.156 - - [29/Apr/2026:16:45:48 +0300] "GET /writing/ HTTP/2" 200 0 "-" "Mozilla/5.0 AppleWebKit/537.36 (KHTML, like Gecko; compatible; bingbot/2.0; +http://www.bing.com/bingbot.htm) Chrome/116.0.1938.76 Safari/537.36"
98.98.43.122 - - [29/Apr/2026:16:45:29 +0300] "GET /online-game-aztec-treasure-slot-out-of-thrones-position-slot-pharaohs-fortune-on-the-internet-trial-comment/ HTTP/1.1" 200 80595 "-" "Mozilla/5.0 (Windows NT 10.0; rv:109.0) Gecko/20100101 Firefox/115.0"
98.98.43.122 - - [29/Apr/2026:16:46:42 +0300] "POST /xmlrpc.php HTTP/1.1" 200 15678 "-" "Mozilla/5.0 (Windows NT 10.0; Win64; x64) AppleWebKit/537.36 (KHTML, like Gecko) Chrome/114.0.0.0 Safari/537.36"
98.98.43.122 - - [29/Apr/2026:16:46:58 +0300] "POST /xmlrpc.php HTTP/1.1" 200 630 "-" "Mozilla/5.0 (Windows NT 10.0; Win64; x64) AppleWebKit/537.36 (KHTML, like Gecko) Chrome/114.0.0.0 Safari/537.36"
98.98.43.122 - - [29/Apr/2026:16:47:05 +0300] "GET /22-finest-bitcoin-btc-gambling-enterprises-gambling-internet-sites-2026-finest-crypto-gambling-enterprise-miss-kitty-casino-selections-ranked/ HTTP/1.1" 200 81756 "-" "Mozilla/5.0 (Windows NT 10.0; Win64; x64) AppleWebKit/537.36 (KHTML, like Gecko) Chrome/123.0.0.0 Safari/537.36 OPR/109.0.0.0"
91.99.6.95 - - [29/Apr/2026:16:47:07 +0300] "GET /robots.txt HTTP/1.1" 200 0 "-" "Mozilla/5.0 (Windows NT 10.0; Win64; x64) AppleWebKit/537.36 (KHTML, like Gecko) Chrome/145.0.0.0 Safari/537.36"
185.216.113.70 - - [29/Apr/2026:16:47:36 +0300] "POST /wp-cron.php?doing_wp_cron=1777470456.2823491096496582031250 HTTP/1.1" 200 448 "-" "WordPress/6.3.8; https://serhatburke.miroglu.net"
91.99.6.95 - - [29/Apr/2026:16:47:22 +0300] "GET /casino-utan-spelpaus-plitliga-alternativ-for-2/ HTTP/1.1" 200 258140 "-" "Mozilla/5.0 (Windows NT 10.0; Win64; x64) AppleWebKit/537.36 (KHTML, like Gecko) Chrome/145.0.0.0 Safari/537.36"
98.98.43.122 - - [29/Apr/2026:16:47:20 +0300] "POST /xmlrpc.php HTTP/1.1" 200 14558 "-" "Mozilla/5.0 (Windows NT 10.0; Win64; x64) AppleWebKit/537.36 (KHTML, like Gecko) Chrome/114.0.0.0 Safari/537.36"
98.98.43.122 - - [29/Apr/2026:16:47:41 +0300] "GET /the-fresh-big-bad-wolf-slot-free-spins-grand-travel-slots-review-5-reel-adventure-added-bonus/ HTTP/1.1" 200 79157 "-" "Mozilla/5.0 (Windows NT 10.0; Win64; x64) AppleWebKit/537.36 (KHTML, like Gecko) Chrome/122.0.0.0 Safari/537.36"
185.216.113.70 - - [29/Apr/2026:16:48:42 +0300] "POST /wp-cron.php?doing_wp_cron=1777470522.8464360237121582031250 HTTP/1.1" 200 448 "-" "WordPress/6.3.8; https://serhatburke.miroglu.net"
98.98.43.122 - - [29/Apr/2026:16:48:27 +0300] "POST /xmlrpc.php HTTP/1.1" 200 630 "-" "Mozilla/5.0 (Windows NT 10.0; Win64; x64) AppleWebKit/537.36 (KHTML, like Gecko) Chrome/114.0.0.0 Safari/537.36"
98.98.43.122 - - [29/Apr/2026:16:48:49 +0300] "POST /xmlrpc.php HTTP/1.1" 200 15099 "-" "Mozilla/5.0 (Windows NT 10.0; Win64; x64) AppleWebKit/537.36 (KHTML, like Gecko) Chrome/114.0.0.0 Safari/537.36"
45.227.255.105 - - [29/Apr/2026:16:49:00 +0300] "GET /wp-login.php HTTP/2" 200 3092 "-" "Mozilla/5.0 (Windows NT 10.0; Win64; x64) AppleWebKit/537.36 (KHTML, like Gecko) Chrome/124.0.6367.207 Safari/537.36"
98.98.43.122 - - [29/Apr/2026:16:49:10 +0300] "GET /crypto-casino-added-bonus-number-bier-fest-offers-2026/ HTTP/1.1" 200 78754 "-" "Mozilla/5.0 (Windows NT 10.0; rv:109.0) Gecko/20100101 Firefox/115.0"
45.227.255.105 - - [29/Apr/2026:16:49:17 +0300] "POST /xmlrpc.php HTTP/2" 200 200 "-" "Mozilla/5.0 (Windows NT 10.0; Win64; x64) AppleWebKit/537.36 (KHTML, like Gecko) Chrome/124.0.6367.207 Safari/537.36"
185.216.113.70 - - [29/Apr/2026:16:49:43 +0300] "POST /wp-cron.php?doing_wp_cron=1777470583.2462730407714843750000 HTTP/1.1" 200 448 "-" "WordPress/6.3.8; https://serhatburke.miroglu.net"
172.237.60.137 - - [29/Apr/2026:16:49:29 +0300] "POST /xmlrpc.php HTTP/1.1" 200 630 "-" "Mozilla/5.0 (Windows NT 10.0; Win64; x64) AppleWebKit/537.36 (KHTML, like Gecko) Chrome/114.0.0.0 Safari/537.36"
45.227.255.105 - - [29/Apr/2026:16:49:31 +0300] "GET /wp-login.php HTTP/2" 200 3092 "-" "Mozilla/5.0 (Windows NT 10.0; Win64; x64) AppleWebKit/537.36 (KHTML, like Gecko) Chrome/124.0.6367.207 Safari/537.36"
45.227.255.105 - - [29/Apr/2026:16:49:45 +0300] "POST /wp-login.php HTTP/2" 200 3216 "https://serhatburke.miroglu.net/wp-login.php" "Mozilla/5.0 (Windows NT 10.0; Win64; x64) AppleWebKit/537.36 (KHTML, like Gecko) Chrome/124.0.6367.207 Safari/537.36"
172.237.60.137 - - [29/Apr/2026:16:49:50 +0300] "POST /xmlrpc.php HTTP/1.1" 200 15289 "-" "Mozilla/5.0 (Windows NT 10.0; Win64; x64) AppleWebKit/537.36 (KHTML, like Gecko) Chrome/114.0.0.0 Safari/537.36"
98.98.43.122 - - [29/Apr/2026:16:49:57 +0300] "POST /xmlrpc.php HTTP/1.1" 200 630 "-" "Mozilla/5.0 (Windows NT 10.0; Win64; x64) AppleWebKit/537.36 (KHTML, like Gecko) Chrome/114.0.0.0 Safari/537.36"
181.173.4.111 - - [29/Apr/2026:16:50:06 +0300] "GET /wp-login.php HTTP/2" 200 3092 "-" "Mozilla/5.0 (Windows NT 10.0; Win64; x64) AppleWebKit/537.36 (KHTML, like Gecko) Chrome/124.0.6367.207 Safari/537.36"
172.237.60.137 - - [29/Apr/2026:16:50:12 +0300] "GET /pharaohs-luck-100-percent-free-video-napoleon-josephine-slot-machine-slot-gamble-demo-because-of-the-igt/ HTTP/1.1" 200 80251 "-" "Mozilla/5.0 (Windows NT 10.0; Win64; x64) AppleWebKit/537.36 (KHTML, like Gecko) Chrome/123.0.0.0 Safari/537.36"
185.216.113.70 - - [29/Apr/2026:16:50:40 +0300] "POST /wp-cron.php?doing_wp_cron=1777470638.8190538883209228515625 HTTP/1.1" 200 448 "-" "WordPress/6.3.8; https://serhatburke.miroglu.net"
185.216.113.70 - - [29/Apr/2026:16:50:40 +0300] "POST /wp-cron.php?doing_wp_cron=1777470637.8628029823303222656250 HTTP/1.1" 200 448 "-" "WordPress/6.3.8; https://serhatburke.miroglu.net"
98.98.43.122 - - [29/Apr/2026:16:50:23 +0300] "POST /xmlrpc.php HTTP/1.1" 200 15571 "-" "Mozilla/5.0 (Windows NT 10.0; Win64; x64) AppleWebKit/537.36 (KHTML, like Gecko) Chrome/114.0.0.0 Safari/537.36"
181.173.4.111 - - [29/Apr/2026:16:50:22 +0300] "POST /wp-login.php HTTP/2" 200 3216 "https://serhatburke.miroglu.net/wp-login.php" "Mozilla/5.0 (Windows NT 10.0; Win64; x64) AppleWebKit/537.36 (KHTML, like Gecko) Chrome/124.0.6367.207 Safari/537.36"
98.98.43.122 - - [29/Apr/2026:16:50:42 +0300] "GET /play-cash-crazy-slot-machine-over-a-thousand-slots/ HTTP/1.1" 200 78896 "-" "Mozilla/5.0 (Windows NT 10.0; Win64; x64) AppleWebKit/537.36 (KHTML, like Gecko) Chrome/123.0.0.0 Safari/537.36 OPR/109.0.0.0"
178.23.94.29 - - [29/Apr/2026:16:50:41 +0300] "GET /wp-login.php HTTP/2" 200 3092 "-" "Mozilla/5.0 (Windows NT 10.0; Win64; x64) AppleWebKit/537.36 (KHTML, like Gecko) Chrome/124.0.6367.207 Safari/537.36"
178.23.94.29 - - [29/Apr/2026:16:51:11 +0300] "POST /wp-login.php HTTP/2" 200 3216 "https://serhatburke.miroglu.net/wp-login.php" "Mozilla/5.0 (Windows NT 10.0; Win64; x64) AppleWebKit/537.36 (KHTML, like Gecko) Chrome/124.0.6367.207 Safari/537.36"
45.227.255.105 - - [29/Apr/2026:16:51:25 +0300] "GET /wp-login.php HTTP/2" 200 3092 "-" "Mozilla/5.0 (Windows NT 10.0; Win64; x64) AppleWebKit/537.36 (KHTML, like Gecko) Chrome/124.0.6367.207 Safari/537.36"
185.216.113.70 - - [29/Apr/2026:16:51:43 +0300] "POST /wp-cron.php?doing_wp_cron=1777470703.2444880008697509765625 HTTP/1.1" 200 448 "-" "WordPress/6.3.8; https://serhatburke.miroglu.net"
98.98.43.122 - - [29/Apr/2026:16:51:30 +0300] "POST /xmlrpc.php HTTP/1.1" 200 630 "-" "Mozilla/5.0 (Windows NT 10.0; Win64; x64) AppleWebKit/537.36 (KHTML, like Gecko) Chrome/114.0.0.0 Safari/537.36"
185.216.113.70 - - [29/Apr/2026:16:51:50 +0300] "POST /wp-cron.php?doing_wp_cron=1777470710.8752460479736328125000 HTTP/1.1" 200 448 "-" "WordPress/6.3.8; https://serhatburke.miroglu.net"
45.227.255.105 - - [29/Apr/2026:16:51:37 +0300] "POST /wp-login.php HTTP/2" 200 3216 "https://serhatburke.miroglu.net/wp-login.php" "Mozilla/5.0 (Windows NT 10.0; Win64; x64) AppleWebKit/537.36 (KHTML, like Gecko) Chrome/124.0.6367.207 Safari/537.36"
98.98.43.122 - - [29/Apr/2026:16:51:50 +0300] "POST /xmlrpc.php HTTP/1.1" 200 15264 "-" "Mozilla/5.0 (Windows NT 10.0; Win64; x64) AppleWebKit/537.36 (KHTML, like Gecko) Chrome/114.0.0.0 Safari/537.36"
82.40.107.112 - - [29/Apr/2026:16:51:52 +0300] "GET /wp-login.php HTTP/2" 200 3092 "-" "Mozilla/5.0 (Windows NT 10.0; Win64; x64) AppleWebKit/537.36 (KHTML, like Gecko) Chrome/124.0.6367.207 Safari/537.36"
82.40.107.112 - - [29/Apr/2026:16:52:13 +0300] "POST /wp-login.php HTTP/2" 200 3216 "https://serhatburke.miroglu.net/wp-login.php" "Mozilla/5.0 (Windows NT 10.0; Win64; x64) AppleWebKit/537.36 (KHTML, like Gecko) Chrome/124.0.6367.207 Safari/537.36"
98.98.43.122 - - [29/Apr/2026:16:52:13 +0300] "GET /gorgeous-gorgeous-fruit-trial-gamble-totally-free-slot-casino-silver-oak-login-game/ HTTP/1.1" 200 79516 "-" "Mozilla/5.0 (Windows NT 10.0; Win64; x64; rv:124.0) Gecko/20100101 Firefox/124.0"
185.216.113.70 - - [29/Apr/2026:16:52:43 +0300] "POST /wp-cron.php?doing_wp_cron=1777470763.1323180198669433593750 HTTP/1.1" 200 448 "-" "WordPress/6.3.8; https://serhatburke.miroglu.net"
74.59.166.81 - - [29/Apr/2026:16:52:28 +0300] "GET /wp-login.php HTTP/2" 200 3092 "-" "Mozilla/5.0 (Windows NT 10.0; Win64; x64) AppleWebKit/537.36 (KHTML, like Gecko) Chrome/124.0.6367.207 Safari/537.36"
74.59.166.81 - - [29/Apr/2026:16:52:43 +0300] "POST /wp-login.php HTTP/2" 200 3216 "https://serhatburke.miroglu.net/wp-login.php" "Mozilla/5.0 (Windows NT 10.0; Win64; x64) AppleWebKit/537.36 (KHTML, like Gecko) Chrome/124.0.6367.207 Safari/537.36"
98.98.43.122 - - [29/Apr/2026:16:52:53 +0300] "POST /xmlrpc.php HTTP/1.1" 200 630 "-" "Mozilla/5.0 (Windows NT 10.0; Win64; x64) AppleWebKit/537.36 (KHTML, like Gecko) Chrome/114.0.0.0 Safari/537.36"
185.216.113.70 - - [29/Apr/2026:16:53:26 +0300] "POST /wp-cron.php?doing_wp_cron=1777470806.6345510482788085937500 HTTP/1.1" 200 448 "-" "WordPress/6.3.8; https://serhatburke.miroglu.net"
98.98.43.122 - - [29/Apr/2026:16:53:13 +0300] "POST /xmlrpc.php HTTP/1.1" 200 15418 "-" "Mozilla/5.0 (Windows NT 10.0; Win64; x64) AppleWebKit/537.36 (KHTML, like Gecko) Chrome/114.0.0.0 Safari/537.36"
98.98.43.122 - - [29/Apr/2026:16:53:28 +0300] "GET /patent-research-marketing-dolphins-pearl-for-real-money-research-functions/ HTTP/1.1" 200 79248 "-" "Mozilla/5.0 (Windows NT 10.0; Win64; x64) AppleWebKit/537.36 (KHTML, like Gecko) Chrome/123.0.0.0 Safari/537.36"
98.98.43.122 - - [29/Apr/2026:16:54:13 +0300] "POST /xmlrpc.php HTTP/1.1" 200 630 "-" "Mozilla/5.0 (Windows NT 10.0; Win64; x64) AppleWebKit/537.36 (KHTML, like Gecko) Chrome/114.0.0.0 Safari/537.36"
185.216.113.70 - - [29/Apr/2026:16:54:44 +0300] "POST /wp-cron.php?doing_wp_cron=1777470884.2825410366058349609375 HTTP/1.1" 200 448 "-" "WordPress/6.3.8; https://serhatburke.miroglu.net"
98.98.43.122 - - [29/Apr/2026:16:54:31 +0300] "POST /xmlrpc.php HTTP/1.1" 200 15534 "-" "Mozilla/5.0 (Windows NT 10.0; Win64; x64) AppleWebKit/537.36 (KHTML, like Gecko) Chrome/114.0.0.0 Safari/537.36"
98.98.43.122 - - [29/Apr/2026:16:54:46 +0300] "GET /southern-area-casino-seasons-park-position-info-free-spins-and-more/ HTTP/1.1" 200 79414 "-" "Mozilla/5.0 (Windows NT 10.0; Win64; x64) AppleWebKit/537.36 (KHTML, like Gecko) Chrome/124.0.0.0 Safari/537.36 Edg/124.0.0.0"
185.244.183.170 - - [29/Apr/2026:16:54:57 +0300] "POST /xmlrpc.php HTTP/1.1" 200 233541 "-" "Mozilla/5.0 (Windows NT 10.0; Win64; x64; Xbox; Xbox One) AppleWebKit/537.36 (KHTML, like Gecko) Chrome/114.0.0.0 Safari/537.36 Edge/44.18363.8131"
185.244.183.170 - - [29/Apr/2026:16:55:13 +0300] "POST /xmlrpc.php HTTP/1.1" 200 725 "-" "Mozilla/5.0 (Windows NT 10.0; Win64; x64; Xbox; Xbox One) AppleWebKit/537.36 (KHTML, like Gecko) Chrome/114.0.0.0 Safari/537.36 Edge/44.18363.8131"
91.236.142.3 - - [29/Apr/2026:16:55:22 +0300] "GET /88701-2/ HTTP/1.1" 200 0 "-" "Mozilla/5.0 (X11; Linux i686) AppleWebKit/537.36 (KHTML, like Gecko) Chrome/114.0.0.0 Safari/537.36 Vivaldi/5.3.2679.68"
185.216.113.70 - - [29/Apr/2026:16:55:55 +0300] "POST /wp-cron.php?doing_wp_cron=1777470954.8437120914459228515625 HTTP/1.1" 200 448 "-" "WordPress/6.3.8; https://serhatburke.miroglu.net"
172.237.60.137 - - [29/Apr/2026:16:55:24 +0300] "POST /xmlrpc.php HTTP/1.1" 200 630 "-" "Mozilla/5.0 (Windows NT 10.0; Win64; x64) AppleWebKit/537.36 (KHTML, like Gecko) Chrome/114.0.0.0 Safari/537.36"
40.77.167.132 - - [29/Apr/2026:16:55:25 +0300] "GET /fixed-totally-free-spins-to-your-jurassic-playground-rates-securities-fixed-costs-examining-membership/ HTTP/2" 200 20143 "-" "Mozilla/5.0 AppleWebKit/537.36 (KHTML, like Gecko; compatible; bingbot/2.0; +http://www.bing.com/bingbot.htm) Chrome/116.0.1938.76 Safari/537.36"
185.244.183.170 - - [29/Apr/2026:16:55:31 +0300] "POST /xmlrpc.php HTTP/1.1" 200 489 "-" "Mozilla/5.0 (Windows NT 10.0; Win64; x64; Xbox; Xbox One) AppleWebKit/537.36 (KHTML, like Gecko) Chrome/114.0.0.0 Safari/537.36 Edge/44.18363.8131"
98.98.43.122 - - [29/Apr/2026:16:55:36 +0300] "POST /xmlrpc.php HTTP/1.1" 200 630 "-" "Mozilla/5.0 (Windows NT 10.0; Win64; x64) AppleWebKit/537.36 (KHTML, like Gecko) Chrome/114.0.0.0 Safari/537.36"
172.237.60.137 - - [29/Apr/2026:16:56:02 +0300] "POST /xmlrpc.php HTTP/1.1" 200 15501 "-" "Mozilla/5.0 (Windows NT 10.0; Win64; x64) AppleWebKit/537.36 (KHTML, like Gecko) Chrome/114.0.0.0 Safari/537.36"
185.244.183.170 - - [29/Apr/2026:16:56:01 +0300] "POST /xmlrpc.php HTTP/1.1" 200 765018 "-" "Mozilla/5.0 (Windows NT 10.0; Win64; x64; Xbox; Xbox One) AppleWebKit/537.36 (KHTML, like Gecko) Chrome/114.0.0.0 Safari/537.36 Edge/44.18363.8131"
98.98.43.122 - - [29/Apr/2026:16:56:10 +0300] "POST /xmlrpc.php HTTP/1.1" 200 15099 "-" "Mozilla/5.0 (Windows NT 10.0; Win64; x64) AppleWebKit/537.36 (KHTML, like Gecko) Chrome/114.0.0.0 Safari/537.36"
185.216.113.70 - - [29/Apr/2026:16:56:39 +0300] "POST /wp-cron.php?doing_wp_cron=1777470999.4061191082000732421875 HTTP/1.1" 200 448 "-" "WordPress/6.3.8; https://serhatburke.miroglu.net"
172.237.60.137 - - [29/Apr/2026:16:56:25 +0300] "GET /qt-modern-professionals-me660-pharaohs-gold-exclusive-casino-bonus-money-withdraw-metal-color-range-silk-h2o-centered-attractive-steel-painting-household-color-solvents/ HTTP/1.1" 200 82041 "-" "Mozilla/5.0 (Windows NT 10.0; Win64; x64) AppleWebKit/537.36 (KHTML, like Gecko) Chrome/124.0.0.0 Safari/537.36 Edg/124.0.0.0"
98.98.43.122 - - [29/Apr/2026:16:56:29 +0300] "GET /auction-web-sites-com-monogram-spider-boy-action-profile-boobs-the-site-toys-video-game/ HTTP/1.1" 200 79471 "-" "Mozilla/5.0 (Windows NT 10.0; Win64; x64) AppleWebKit/537.36 (KHTML, like Gecko) Chrome/122.0.0.0 Safari/537.36"
98.98.43.122 - - [29/Apr/2026:16:57:04 +0300] "POST /xmlrpc.php HTTP/1.1" 200 630 "-" "Mozilla/5.0 (Windows NT 10.0; Win64; x64) AppleWebKit/537.36 (KHTML, like Gecko) Chrome/114.0.0.0 Safari/537.36"
185.216.113.70 - - [29/Apr/2026:16:57:37 +0300] "POST /wp-cron.php?doing_wp_cron=1777471057.8250260353088378906250 HTTP/1.1" 200 448 "-" "WordPress/6.3.8; https://serhatburke.miroglu.net"
98.98.43.122 - - [29/Apr/2026:16:57:23 +0300] "POST /xmlrpc.php HTTP/1.1" 200 15229 "-" "Mozilla/5.0 (Windows NT 10.0; Win64; x64) AppleWebKit/537.36 (KHTML, like Gecko) Chrome/114.0.0.0 Safari/537.36"
98.98.43.122 - - [29/Apr/2026:16:57:40 +0300] "GET /set-of-honors-gotten-prime-slots-casino-no-deposit-code-by-2002-2007-examine-kid-movie-collection-wikipedia/ HTTP/1.1" 200 80083 "-" "Mozilla/5.0 (Windows NT 10.0; rv:109.0) Gecko/20100101 Firefox/115.0"
172.237.60.137 - - [29/Apr/2026:16:58:09 +0300] "POST /xmlrpc.php HTTP/1.1" 200 630 "-" "Mozilla/5.0 (Windows NT 10.0; Win64; x64) AppleWebKit/537.36 (KHTML, like Gecko) Chrome/114.0.0.0 Safari/537.36"
185.216.113.70 - - [29/Apr/2026:16:58:41 +0300] "POST /wp-cron.php?doing_wp_cron=1777471121.2346439361572265625000 HTTP/1.1" 200 448 "-" "WordPress/6.3.8; https://serhatburke.miroglu.net"
98.98.43.122 - - [29/Apr/2026:16:58:28 +0300] "POST /xmlrpc.php HTTP/1.1" 200 630 "-" "Mozilla/5.0 (Windows NT 10.0; Win64; x64) AppleWebKit/537.36 (KHTML, like Gecko) Chrome/114.0.0.0 Safari/537.36"
172.237.60.137 - - [29/Apr/2026:16:58:30 +0300] "POST /xmlrpc.php HTTP/1.1" 200 15419 "-" "Mozilla/5.0 (Windows NT 10.0; Win64; x64) AppleWebKit/537.36 (KHTML, like Gecko) Chrome/114.0.0.0 Safari/537.36"
172.237.60.137 - - [29/Apr/2026:16:58:46 +0300] "GET /risk-high-voltage-ii-position-wonder-your-lord-of-the-ocean-paypal-paypal-path-so-you-can-big-victories/ HTTP/1.1" 200 80118 "-" "Mozilla/5.0 (Windows NT 10.0; Win64; x64; rv:125.0) Gecko/20100101 Firefox/125.0"
98.98.43.122 - - [29/Apr/2026:16:58:48 +0300] "POST /xmlrpc.php HTTP/1.1" 200 15174 "-" "Mozilla/5.0 (Windows NT 10.0; Win64; x64) AppleWebKit/537.36 (KHTML, like Gecko) Chrome/114.0.0.0 Safari/537.36"
185.216.113.70 - - [29/Apr/2026:16:59:41 +0300] "POST /wp-cron.php?doing_wp_cron=1777471181.7965610027313232421875 HTTP/1.1" 200 448 "-" "WordPress/6.3.8; https://serhatburke.miroglu.net"
98.98.43.122 - - [29/Apr/2026:16:59:17 +0300] "GET /starburst-status-comment-2026-gameplay-moonlight-princess-80-totally-free-spins-rtp-nuts-reel-outlaws-slot-element-said-chung-nhan-iso/ HTTP/1.1" 200 81158 "-" "Mozilla/5.0 (Windows NT 10.0; Win64; x64; rv:124.0) Gecko/20100101 Firefox/124.0"
185.216.113.70 - - [29/Apr/2026:17:00:12 +0300] "POST /wp-cron.php?doing_wp_cron=1777471212.0392429828643798828125 HTTP/1.1" 200 448 "-" "WordPress/6.3.8; https://serhatburke.miroglu.net"
98.98.43.122 - - [29/Apr/2026:16:59:52 +0300] "POST /xmlrpc.php HTTP/1.1" 200 630 "-" "Mozilla/5.0 (Windows NT 10.0; Win64; x64) AppleWebKit/537.36 (KHTML, like Gecko) Chrome/114.0.0.0 Safari/537.36"
40.77.167.0 - - [29/Apr/2026:17:00:13 +0300] "GET /your-own-enter-in-is-actually-invaluable-to-united-states-even-as-we-try-to-bring-the-best-playing-feel/ HTTP/2" 200 17939 "-" "Mozilla/5.0 AppleWebKit/537.36 (KHTML, like Gecko; compatible; bingbot/2.0; +http://www.bing.com/bingbot.htm) Chrome/116.0.1938.76 Safari/537.36"
40.77.167.0 - - [29/Apr/2026:17:00:16 +0300] "GET /triple-diamond-goldbet-ilovasini-yuklab-olish-pokie-bepul-va-fikrni-oqing/ HTTP/2" 200 18578 "-" "Mozilla/5.0 AppleWebKit/537.36 (KHTML, like Gecko; compatible; bingbot/2.0; +http://www.bing.com/bingbot.htm) Chrome/116.0.1938.76 Safari/537.36"
98.98.43.122 - - [29/Apr/2026:17:00:18 +0300] "POST /xmlrpc.php HTTP/1.1" 200 15577 "-" "Mozilla/5.0 (Windows NT 10.0; Win64; x64) AppleWebKit/537.36 (KHTML, like Gecko) Chrome/114.0.0.0 Safari/537.36"
52.167.144.224 - - [29/Apr/2026:17:00:22 +0300] "GET /explore-the-unique-features-of-atomic-wallet/ HTTP/2" 200 17457 "-" "Mozilla/5.0 AppleWebKit/537.36 (KHTML, like Gecko; compatible; bingbot/2.0; +http://www.bing.com/bingbot.htm) Chrome/116.0.1938.76 Safari/537.36"
40.77.167.27 - - [29/Apr/2026:17:00:29 +0300] "GET /gangbar-spielcasino-unter-zuhilfenahme-von-echtgeld-startguthaben-frei-einzahlung-2019-teutonisch/ HTTP/2" 200 20181 "-" "Mozilla/5.0 AppleWebKit/537.36 (KHTML, like Gecko; compatible; bingbot/2.0; +http://www.bing.com/bingbot.htm) Chrome/116.0.1938.76 Safari/537.36"
185.216.113.70 - - [29/Apr/2026:17:01:04 +0300] "POST /wp-cron.php?doing_wp_cron=1777471264.8649990558624267578125 HTTP/1.1" 200 448 "-" "WordPress/6.3.8; https://serhatburke.miroglu.net"
172.237.60.137 - - [29/Apr/2026:17:00:48 +0300] "POST /xmlrpc.php HTTP/1.1" 200 630 "-" "Mozilla/5.0 (Windows NT 10.0; Win64; x64) AppleWebKit/537.36 (KHTML, like Gecko) Chrome/114.0.0.0 Safari/537.36"
98.98.43.122 - - [29/Apr/2026:17:00:53 +0300] "GET /gamble-starburst-durian-dynamite-rtp-slot-machine-position-opinion-casinos-extra-video-clips/ HTTP/1.1" 200 80136 "-" "Mozilla/5.0 (Windows NT 10.0; Win64; x64) AppleWebKit/537.36 (KHTML, like Gecko) Chrome/124.0.0.0 Safari/537.36 Edg/124.0.0.0"
40.77.167.0 - - [29/Apr/2026:17:01:05 +0300] "GET /this-website-contains-age-restricted-materials-including-nudity-and-explicit-depictions-of-sexual-activity/ HTTP/2" 200 17767 "-" "Mozilla/5.0 AppleWebKit/537.36 (KHTML, like Gecko; compatible; bingbot/2.0; +http://www.bing.com/bingbot.htm) Chrome/116.0.1938.76 Safari/537.36"
5.183.130.172 - - [29/Apr/2026:17:01:06 +0300] "GET /zotabet-casino-bonus-premier-depot-2026/ HTTP/1.1" 200 0 "-" "Mozilla/5.0 (X11; Linux i686) AppleWebKit/537.36 (KHTML, like Gecko) Chrome/114.0.0.0 Safari/537.36 Vivaldi/5.3.2679.68"
172.237.60.137 - - [29/Apr/2026:17:01:12 +0300] "POST /xmlrpc.php HTTP/1.1" 200 15381 "-" "Mozilla/5.0 (Windows NT 10.0; Win64; x64) AppleWebKit/537.36 (KHTML, like Gecko) Chrome/114.0.0.0 Safari/537.36"
98.98.43.122 - - [29/Apr/2026:17:01:13 +0300] "POST /xmlrpc.php HTTP/1.1" 200 630 "-" "Mozilla/5.0 (Windows NT 10.0; Win64; x64) AppleWebKit/537.36 (KHTML, like Gecko) Chrome/114.0.0.0 Safari/537.36"
185.216.113.70 - - [29/Apr/2026:17:01:52 +0300] "POST /wp-cron.php?doing_wp_cron=1777471311.9340579509735107421875 HTTP/1.1" 200 448 "-" "WordPress/6.3.8; https://serhatburke.miroglu.net"
172.237.60.137 - - [29/Apr/2026:17:01:38 +0300] "GET /bar-bar-black-colored-sheep-online-slots-games-deposit-10-get-80-free-spins-2024-view-%E0%B8%A7%E0%B8%B4%E0%B8%97%E0%B8%A2%E0%B8%B2%E0%B8%A5%E0%B8%B1%E0%B8%A2%E0%B8%81%E0%B8%B2%E0%B8%A3%E0%B8%AD/ HTTP/1.1" 200 82472 "-" "Mozilla/5.0 (Windows NT 10.0; Win64; x64) AppleWebKit/537.36 (KHTML, like Gecko) Chrome/124.0.0.0 Safari/537.36"
98.98.43.122 - - [29/Apr/2026:17:01:42 +0300] "POST /xmlrpc.php HTTP/1.1" 200 15463 "-" "Mozilla/5.0 (Windows NT 10.0; Win64; x64) AppleWebKit/537.36 (KHTML, like Gecko) Chrome/114.0.0.0 Safari/537.36"
98.98.43.122 - - [29/Apr/2026:17:01:59 +0300] "GET /starburst-playgrand-30-no-deposit-free-spins-2023-on-the-internet-slot-machine-game/ HTTP/1.1" 200 79683 "-" "Mozilla/5.0 (Windows NT 10.0; rv:125.0) Gecko/20100101 Firefox/125.0"
185.216.113.70 - - [29/Apr/2026:17:02:48 +0300] "POST /wp-cron.php?doing_wp_cron=1777471368.9002020359039306640625 HTTP/1.1" 200 448 "-" "WordPress/6.3.8; https://serhatburke.miroglu.net"
98.98.43.122 - - [29/Apr/2026:17:02:31 +0300] "POST /xmlrpc.php HTTP/1.1" 200 630 "-" "Mozilla/5.0 (Windows NT 10.0; Win64; x64) AppleWebKit/537.36 (KHTML, like Gecko) Chrome/114.0.0.0 Safari/537.36"
98.98.43.122 - - [29/Apr/2026:17:02:55 +0300] "POST /xmlrpc.php HTTP/1.1" 200 15386 "-" "Mozilla/5.0 (Windows NT 10.0; Win64; x64) AppleWebKit/537.36 (KHTML, like Gecko) Chrome/114.0.0.0 Safari/537.36"
172.237.60.137 - - [29/Apr/2026:17:03:10 +0300] "POST /xmlrpc.php HTTP/1.1" 200 630 "-" "Mozilla/5.0 (Windows NT 10.0; Win64; x64) AppleWebKit/537.36 (KHTML, like Gecko) Chrome/114.0.0.0 Safari/537.36"
98.98.43.122 - - [29/Apr/2026:17:03:12 +0300] "GET /superstar-jetbull-casino-wars-jedi-survivor-editions-fundamental-debt-collectors-more/ HTTP/1.1" 200 79725 "-" "Mozilla/5.0 (Windows NT 10.0; Win64; x64; rv:124.0) Gecko/20100101 Firefox/124.0"
185.216.113.70 - - [29/Apr/2026:17:03:44 +0300] "POST /wp-cron.php?doing_wp_cron=1777471424.5178720951080322265625 HTTP/1.1" 200 448 "-" "WordPress/6.3.8; https://serhatburke.miroglu.net"
172.237.60.137 - - [29/Apr/2026:17:03:31 +0300] "POST /xmlrpc.php HTTP/1.1" 200 15341 "-" "Mozilla/5.0 (Windows NT 10.0; Win64; x64) AppleWebKit/537.36 (KHTML, like Gecko) Chrome/114.0.0.0 Safari/537.36"
98.98.43.122 - - [29/Apr/2026:17:03:39 +0300] "POST /xmlrpc.php HTTP/1.1" 200 630 "-" "Mozilla/5.0 (Windows NT 10.0; Win64; x64) AppleWebKit/537.36 (KHTML, like Gecko) Chrome/114.0.0.0 Safari/537.36"
172.237.60.137 - - [29/Apr/2026:17:03:47 +0300] "GET /how-to-gamble-rocket-category-bucks-glass-with-one-rainforest-dream-1-deposit-hundredone-hundred-thousand-value-of-honors/ HTTP/1.1" 200 80781 "-" "Mozilla/5.0 (Windows NT 10.0; Win64; x64; rv:125.0) Gecko/20100101 Firefox/125.0"
98.98.43.122 - - [29/Apr/2026:17:04:09 +0300] "POST /xmlrpc.php HTTP/1.1" 200 15319 "-" "Mozilla/5.0 (Windows NT 10.0; Win64; x64) AppleWebKit/537.36 (KHTML, like Gecko) Chrome/114.0.0.0 Safari/537.36"
190.6.34.245 - - [29/Apr/2026:17:04:16 +0300] "POST /xmlrpc.php HTTP/2" 200 140 "-" "WordPress/XMLRPC Client"
98.98.43.122 - - [29/Apr/2026:17:04:30 +0300] "GET /all-the-syndicate-gambling-enterprise-incentives-february-drueckglueck-20-free-spins-no-deposit-2023-2026-available-with-loopx/ HTTP/1.1" 200 80690 "-" "Mozilla/5.0 (Windows NT 10.0; rv:109.0) Gecko/20100101 Firefox/115.0"
185.216.113.70 - - [29/Apr/2026:17:04:49 +0300] "POST /wp-cron.php?doing_wp_cron=1777471489.2829809188842773437500 HTTP/1.1" 200 448 "-" "WordPress/6.3.8; https://serhatburke.miroglu.net"
190.6.34.245 - - [29/Apr/2026:17:04:35 +0300] "GET /?p=144016 HTTP/2" 301 0 "-" "Mozilla/5.0 (Windows NT 10.0; Win64; x64) AppleWebKit/537.36 (KHTML, like Gecko) Chrome/120.0.0.0 Safari/537.36"
208.81.203.101 - - [29/Apr/2026:17:05:20 +0300] "POST /xmlrpc.php HTTP/1.1" 200 630 "-" "Mozilla/5.0 (Windows NT 10.0; Win64; x64) AppleWebKit/537.36 (KHTML, like Gecko) Chrome/114.0.0.0 Safari/537.36"
66.249.73.14 - - [29/Apr/2026:17:06:06 +0300] "GET /wp-content/themes/toppic/js/jquery.custom.js?ver=4.2 HTTP/1.1" 200 8843 "https://serhatburke.miroglu.net/loki-casino-uk-an-exciting-world-of-video-slots/" "Mozilla/5.0 (Linux; Android 6.0.1; Nexus 5X Build/MMB29P) AppleWebKit/537.36 (KHTML, like Gecko) Chrome/147.0.7727.116 Mobile Safari/537.36 (compatible; Googlebot/2.1; +http://www.google.com/bot.html)"
185.216.113.70 - - [29/Apr/2026:17:06:20 +0300] "POST /wp-cron.php?doing_wp_cron=1777471580.2385499477386474609375 HTTP/1.1" 200 448 "-" "WordPress/6.3.8; https://serhatburke.miroglu.net"
52.167.144.224 - - [29/Apr/2026:17:05:39 +0300] "GET /its-no-wonder-we-quite-often-get-known-as-better-cellular-system/ HTTP/2" 200 17755 "-" "Mozilla/5.0 AppleWebKit/537.36 (KHTML, like Gecko; compatible; bingbot/2.0; +http://www.bing.com/bingbot.htm) Chrome/116.0.1938.76 Safari/537.36"
208.81.203.101 - - [29/Apr/2026:17:05:42 +0300] "POST /xmlrpc.php HTTP/1.1" 200 14468 "-" "Mozilla/5.0 (Windows NT 10.0; Win64; x64) AppleWebKit/537.36 (KHTML, like Gecko) Chrome/114.0.0.0 Safari/537.36"
52.167.144.166 - - [29/Apr/2026:17:05:43 +0300] "GET /harnessing-the-power-of-bscscan-for-crypto-success-2/ HTTP/2" 200 17830 "-" "Mozilla/5.0 AppleWebKit/537.36 (KHTML, like Gecko; compatible; bingbot/2.0; +http://www.bing.com/bingbot.htm) Chrome/116.0.1938.76 Safari/537.36"
52.167.144.224 - - [29/Apr/2026:17:05:49 +0300] "GET /alaskan-fishing-slot-free-demonstration-opinion-thunderstruck-ii-slot-2026/ HTTP/2" 200 19404 "-" "Mozilla/5.0 AppleWebKit/537.36 (KHTML, like Gecko; compatible; bingbot/2.0; +http://www.bing.com/bingbot.htm) Chrome/116.0.1938.76 Safari/537.36"
40.77.167.27 - - [29/Apr/2026:17:05:50 +0300] "GET /futures-trading-platform-change-futures-igt-gaming-android-slots-on-line-plus500/ HTTP/2" 200 18989 "-" "Mozilla/5.0 AppleWebKit/537.36 (KHTML, like Gecko; compatible; bingbot/2.0; +http://www.bing.com/bingbot.htm) Chrome/116.0.1938.76 Safari/537.36"
40.77.167.27 - - [29/Apr/2026:17:05:54 +0300] "GET /best-societal-gambling-enterprises-inside-2026-greatest-you-societal-local-casino-websites/ HTTP/2" 200 19357 "-" "Mozilla/5.0 AppleWebKit/537.36 (KHTML, like Gecko; compatible; bingbot/2.0; +http://www.bing.com/bingbot.htm) Chrome/116.0.1938.76 Safari/537.36"
185.153.199.155 - - [29/Apr/2026:17:06:24 +0300] "POST /xmlrpc.php HTTP/1.1" 200 14468 "-" "Mozilla/5.0 (Windows NT 10.0; Win64; x64) AppleWebKit/537.36 (KHTML, like Gecko) Chrome/114.0.0.0 Safari/537.36"
104.166.164.19 - - [29/Apr/2026:17:06:30 +0300] "POST /xmlrpc.php HTTP/1.1" 200 630 "-" "Mozilla/5.0 (Windows NT 10.0; Win64; x64) AppleWebKit/537.36 (KHTML, like Gecko) Chrome/114.0.0.0 Safari/537.36"
66.249.73.14 - - [29/Apr/2026:17:06:49 +0300] "GET /loki-casino-uk-an-exciting-world-of-video-slots/undefined?ts=1775520000 HTTP/1.1" 200 0 "https://serhatburke.miroglu.net/loki-casino-uk-an-exciting-world-of-video-slots/" "Mozilla/5.0 (Linux; Android 6.0.1; Nexus 5X Build/MMB29P) AppleWebKit/537.36 (KHTML, like Gecko) Chrome/147.0.7727.116 Mobile Safari/537.36 (compatible; Googlebot/2.1; +http://www.google.com/bot.html)"
185.216.113.70 - - [29/Apr/2026:17:07:21 +0300] "POST /wp-cron.php?doing_wp_cron=1777471641.0395181179046630859375 HTTP/1.1" 200 448 "-" "WordPress/6.3.8; https://serhatburke.miroglu.net"
52.167.144.224 - - [29/Apr/2026:17:06:52 +0300] "GET /finest-real-cash-casinos-on-the-internet-in-america-2026/ HTTP/2" 200 21123 "-" "Mozilla/5.0 AppleWebKit/537.36 (KHTML, like Gecko; compatible; bingbot/2.0; +http://www.bing.com/bingbot.htm) Chrome/116.0.1938.76 Safari/537.36"
104.166.164.19 - - [29/Apr/2026:17:06:51 +0300] "GET /?p=144018 HTTP/1.1" 301 709 "-" "Mozilla/5.0 (Windows NT 10.0; Win64; x64) AppleWebKit/537.36 (KHTML, like Gecko) Chrome/124.0.0.0 Safari/537.36"
104.166.164.19 - - [29/Apr/2026:17:07:00 +0300] "POST /xmlrpc.php HTTP/1.1" 200 14973 "-" "Mozilla/5.0 (Windows NT 10.0; Win64; x64) AppleWebKit/537.36 (KHTML, like Gecko) Chrome/114.0.0.0 Safari/537.36"
52.167.144.224 - - [29/Apr/2026:17:06:48 +0300] "GET /score-100-around-100-eur-when-you-select-the-deposit-bonus-worthwhile-throughout-the-put-location/ HTTP/2" 200 15801 "-" "Mozilla/5.0 AppleWebKit/537.36 (KHTML, like Gecko; compatible; bingbot/2.0; +http://www.bing.com/bingbot.htm) Chrome/116.0.1938.76 Safari/537.36"
185.216.113.70 - - [29/Apr/2026:17:07:51 +0300] "POST /wp-cron.php?doing_wp_cron=1777471671.7561430931091308593750 HTTP/1.1" 200 448 "-" "WordPress/6.3.8; https://serhatburke.miroglu.net"
218.152.33.179 - - [29/Apr/2026:17:07:15 +0300] "GET /28563-2/ HTTP/1.1" 200 19313 "https://serhatburke.miroglu.net/" "Mozilla/5.0 (X11; Linux x86_64) AppleWebKit/537.36 (KHTML, like Gecko) Chrome/144.0.0.0 Safari/537.36"
104.166.164.19 - - [29/Apr/2026:17:07:23 +0300] "GET /100-percent-free-crash-neymar-game-old-version-login-revolves-no-deposit-added-bonus-gambling-enterprises-united-states/ HTTP/1.1" 200 79742 "-" "Mozilla/5.0 (Windows NT 10.0; Win64; x64) AppleWebKit/537.36 (KHTML, like Gecko) Chrome/124.0.0.0 Safari/537.36"
52.167.144.224 - - [29/Apr/2026:17:07:38 +0300] "GET /queen-of-ones-nile-pokie-machine-jackpot-up-to-9000-coins/ HTTP/2" 200 0 "-" "Mozilla/5.0 AppleWebKit/537.36 (KHTML, like Gecko; compatible; bingbot/2.0; +http://www.bing.com/bingbot.htm) Chrome/116.0.1938.76 Safari/537.36"
104.166.164.19 - - [29/Apr/2026:17:07:35 +0300] "POST /xmlrpc.php HTTP/1.1" 200 630 "-" "Mozilla/5.0 (Windows NT 10.0; Win64; x64) AppleWebKit/537.36 (KHTML, like Gecko) Chrome/114.0.0.0 Safari/537.36"
