82.102.23.186 - - [29/Apr/2026:21:21:31 +0300] "GET /wp-includes/js/media-audiovideo.min.js?ver=6.3.8 HTTP/2" 200 3152 "https://serhatburke.miroglu.net/wp-admin/post-new.php" "Mozilla/5.0 (Windows NT 10.0; Win64; x64) AppleWebKit/537.36 (KHTML, like Gecko) Chrome/147.0.0.0 Safari/537.36"
82.102.23.186 - - [29/Apr/2026:21:21:31 +0300] "GET /wp-includes/js/dist/edit-post.min.js?ver=f80cf449718896dc7e2d HTTP/2" 200 33261 "https://serhatburke.miroglu.net/wp-admin/post-new.php" "Mozilla/5.0 (Windows NT 10.0; Win64; x64) AppleWebKit/537.36 (KHTML, like Gecko) Chrome/147.0.0.0 Safari/537.36"
82.102.23.186 - - [29/Apr/2026:21:21:31 +0300] "GET /wp-includes/js/mce-view.min.js?ver=6.3.8 HTTP/2" 200 3470 "https://serhatburke.miroglu.net/wp-admin/post-new.php" "Mozilla/5.0 (Windows NT 10.0; Win64; x64) AppleWebKit/537.36 (KHTML, like Gecko) Chrome/147.0.0.0 Safari/537.36"
82.102.23.186 - - [29/Apr/2026:21:21:31 +0300] "GET /wp-includes/js/imgareaselect/jquery.imgareaselect.min.js?ver=6.3.8 HTTP/2" 200 3588 "https://serhatburke.miroglu.net/wp-admin/post-new.php" "Mozilla/5.0 (Windows NT 10.0; Win64; x64) AppleWebKit/537.36 (KHTML, like Gecko) Chrome/147.0.0.0 Safari/537.36"
82.102.23.186 - - [29/Apr/2026:21:21:31 +0300] "GET /wp-admin/js/image-edit.min.js?ver=6.3.8 HTTP/2" 200 4218 "https://serhatburke.miroglu.net/wp-admin/post-new.php" "Mozilla/5.0 (Windows NT 10.0; Win64; x64) AppleWebKit/537.36 (KHTML, like Gecko) Chrome/147.0.0.0 Safari/537.36"
82.102.23.186 - - [29/Apr/2026:21:21:31 +0300] "GET /wp-includes/js/quicktags.min.js?ver=6.3.8 HTTP/2" 200 3331 "https://serhatburke.miroglu.net/wp-admin/post-new.php" "Mozilla/5.0 (Windows NT 10.0; Win64; x64) AppleWebKit/537.36 (KHTML, like Gecko) Chrome/147.0.0.0 Safari/537.36"
82.102.23.186 - - [29/Apr/2026:21:21:31 +0300] "GET /wp-content/plugins/all-in-one-seo-pack/dist/Lite/assets//link-format/link-format-classic.js?ver=4.4.4 HTTP/2" 200 4340 "https://serhatburke.miroglu.net/wp-admin/post-new.php" "Mozilla/5.0 (Windows NT 10.0; Win64; x64) AppleWebKit/537.36 (KHTML, like Gecko) Chrome/147.0.0.0 Safari/537.36"
82.102.23.186 - - [29/Apr/2026:21:21:31 +0300] "GET /wp-includes/js/jquery/ui/menu.min.js?ver=1.13.2 HTTP/2" 200 2883 "https://serhatburke.miroglu.net/wp-admin/post-new.php" "Mozilla/5.0 (Windows NT 10.0; Win64; x64) AppleWebKit/537.36 (KHTML, like Gecko) Chrome/147.0.0.0 Safari/537.36"
82.102.23.186 - - [29/Apr/2026:21:21:31 +0300] "GET /wp-includes/js/jquery/ui/autocomplete.min.js?ver=1.13.2 HTTP/2" 200 2677 "https://serhatburke.miroglu.net/wp-admin/post-new.php" "Mozilla/5.0 (Windows NT 10.0; Win64; x64) AppleWebKit/537.36 (KHTML, like Gecko) Chrome/147.0.0.0 Safari/537.36"
82.102.23.186 - - [29/Apr/2026:21:21:31 +0300] "GET /wp-includes/js/thickbox/thickbox.js?ver=3.1-20121105 HTTP/2" 200 3991 "https://serhatburke.miroglu.net/wp-admin/post-new.php" "Mozilla/5.0 (Windows NT 10.0; Win64; x64) AppleWebKit/537.36 (KHTML, like Gecko) Chrome/147.0.0.0 Safari/537.36"
82.102.23.186 - - [29/Apr/2026:21:21:31 +0300] "GET /wp-admin/js/media-upload.min.js?ver=6.3.8 HTTP/2" 200 540 "https://serhatburke.miroglu.net/wp-admin/post-new.php" "Mozilla/5.0 (Windows NT 10.0; Win64; x64) AppleWebKit/537.36 (KHTML, like Gecko) Chrome/147.0.0.0 Safari/537.36"
82.102.23.186 - - [29/Apr/2026:21:21:31 +0300] "GET /wp-includes/js/dist/block-directory.min.js?ver=cf69143cf8a7a08f7e0f HTTP/2" 200 6647 "https://serhatburke.miroglu.net/wp-admin/post-new.php" "Mozilla/5.0 (Windows NT 10.0; Win64; x64) AppleWebKit/537.36 (KHTML, like Gecko) Chrome/147.0.0.0 Safari/537.36"
82.102.23.186 - - [29/Apr/2026:21:21:31 +0300] "GET /wp-includes/js/dist/format-library.min.js?ver=841596d9c9d3cabeaec1 HTTP/2" 200 7303 "https://serhatburke.miroglu.net/wp-admin/post-new.php" "Mozilla/5.0 (Windows NT 10.0; Win64; x64) AppleWebKit/537.36 (KHTML, like Gecko) Chrome/147.0.0.0 Safari/537.36"
82.102.23.186 - - [29/Apr/2026:21:21:31 +0300] "GET /wp-content/plugins/all-in-one-seo-pack/dist/Lite/assets/wp-notices.a7398236.js?ver=4.4.4 HTTP/2" 200 409 "https://serhatburke.miroglu.net/wp-admin/post-new.php" "Mozilla/5.0 (Windows NT 10.0; Win64; x64) AppleWebKit/537.36 (KHTML, like Gecko) Chrome/147.0.0.0 Safari/537.36"
82.102.23.186 - - [29/Apr/2026:21:21:31 +0300] "GET /wp-content/plugins/all-in-one-seo-pack/dist/Lite/assets/headline-analyzer.5d1e6936.js?ver=4.4.4 HTTP/2" 200 10139 "https://serhatburke.miroglu.net/wp-admin/post-new.php" "Mozilla/5.0 (Windows NT 10.0; Win64; x64) AppleWebKit/537.36 (KHTML, like Gecko) Chrome/147.0.0.0 Safari/537.36"
82.102.23.186 - - [29/Apr/2026:21:21:31 +0300] "GET /wp-content/plugins/google-analytics-for-wordpress/assets/gutenberg/js/editor.js?ver=10.1.3 HTTP/2" 200 75108 "https://serhatburke.miroglu.net/wp-admin/post-new.php" "Mozilla/5.0 (Windows NT 10.0; Win64; x64) AppleWebKit/537.36 (KHTML, like Gecko) Chrome/147.0.0.0 Safari/537.36"
82.102.23.186 - - [29/Apr/2026:21:21:31 +0300] "GET /wp-content/plugins/wpforms-lite/assets/js/components/admin/gutenberg/formselector.es5.min.js?ver=1.8.3.1 HTTP/2" 200 5391 "https://serhatburke.miroglu.net/wp-admin/post-new.php" "Mozilla/5.0 (Windows NT 10.0; Win64; x64) AppleWebKit/537.36 (KHTML, like Gecko) Chrome/147.0.0.0 Safari/537.36"
82.102.23.186 - - [29/Apr/2026:21:21:31 +0300] "GET /wp-content/plugins/wpforms-lite/assets/js/wpforms-modern.min.js?ver=1.8.3.1 HTTP/2" 200 1821 "https://serhatburke.miroglu.net/wp-admin/post-new.php" "Mozilla/5.0 (Windows NT 10.0; Win64; x64) AppleWebKit/537.36 (KHTML, like Gecko) Chrome/147.0.0.0 Safari/537.36"
82.102.23.186 - - [29/Apr/2026:21:21:31 +0300] "GET /wp-includes/js/wp-api.min.js?ver=6.3.8 HTTP/2" 200 3983 "https://serhatburke.miroglu.net/wp-admin/post-new.php" "Mozilla/5.0 (Windows NT 10.0; Win64; x64) AppleWebKit/537.36 (KHTML, like Gecko) Chrome/147.0.0.0 Safari/537.36"
82.102.23.186 - - [29/Apr/2026:21:21:31 +0300] "GET /wp-content/plugins/all-in-one-seo-pack/dist/Lite/assets/link-format/link-format-block.js?ver=4.4.4 HTTP/2" 200 6894 "https://serhatburke.miroglu.net/wp-admin/post-new.php" "Mozilla/5.0 (Windows NT 10.0; Win64; x64) AppleWebKit/537.36 (KHTML, like Gecko) Chrome/147.0.0.0 Safari/537.36"
82.102.23.186 - - [29/Apr/2026:21:21:31 +0300] "GET /wp-content/plugins/all-in-one-seo-pack/dist/Lite/assets/post-settings.02a2a256.js?ver=4.4.4 HTTP/2" 200 7883 "https://serhatburke.miroglu.net/wp-admin/post-new.php" "Mozilla/5.0 (Windows NT 10.0; Win64; x64) AppleWebKit/537.36 (KHTML, like Gecko) Chrome/147.0.0.0 Safari/537.36"
82.102.23.186 - - [29/Apr/2026:21:21:31 +0300] "GET /wp-content/plugins/all-in-one-seo-pack/dist/Lite/assets/blocks.12b02266.js?ver=4.4.4 HTTP/2" 200 20558 "https://serhatburke.miroglu.net/wp-admin/post-new.php" "Mozilla/5.0 (Windows NT 10.0; Win64; x64) AppleWebKit/537.36 (KHTML, like Gecko) Chrome/147.0.0.0 Safari/537.36"
82.102.23.186 - - [29/Apr/2026:21:21:31 +0300] "GET /wp-content/plugins/wpforms-lite/assets/lib/choices.min.js?ver=9.0.1 HTTP/2" 200 18545 "https://serhatburke.miroglu.net/wp-admin/post-new.php" "Mozilla/5.0 (Windows NT 10.0; Win64; x64) AppleWebKit/537.36 (KHTML, like Gecko) Chrome/147.0.0.0 Safari/537.36"
82.102.23.186 - - [29/Apr/2026:21:21:31 +0300] "GET /wp-admin/js/svg-painter.js?ver=6.3.8 HTTP/2" 200 1971 "https://serhatburke.miroglu.net/wp-admin/post-new.php" "Mozilla/5.0 (Windows NT 10.0; Win64; x64) AppleWebKit/537.36 (KHTML, like Gecko) Chrome/147.0.0.0 Safari/537.36"
82.102.23.186 - - [29/Apr/2026:21:21:31 +0300] "GET /wp-includes/js/wp-auth-check.min.js?ver=6.3.8 HTTP/2" 200 691 "https://serhatburke.miroglu.net/wp-admin/post-new.php" "Mozilla/5.0 (Windows NT 10.0; Win64; x64) AppleWebKit/537.36 (KHTML, like Gecko) Chrome/147.0.0.0 Safari/537.36"
82.102.23.186 - - [29/Apr/2026:21:21:31 +0300] "GET /wp-content/plugins/all-in-one-seo-pack/dist/Lite/assets/link-format.e0347b56.js?ver=4.4.4 HTTP/2" 200 1463 "https://serhatburke.miroglu.net/wp-admin/post-new.php" "Mozilla/5.0 (Windows NT 10.0; Win64; x64) AppleWebKit/537.36 (KHTML, like Gecko) Chrome/147.0.0.0 Safari/537.36"
82.102.23.186 - - [29/Apr/2026:21:21:31 +0300] "GET /wp-content/plugins/all-in-one-seo-pack/dist/Lite/assets/primary-term.faeb72a3.js?ver=4.4.4 HTTP/2" 200 2175 "https://serhatburke.miroglu.net/wp-admin/post-new.php" "Mozilla/5.0 (Windows NT 10.0; Win64; x64) AppleWebKit/537.36 (KHTML, like Gecko) Chrome/147.0.0.0 Safari/537.36"
82.102.23.186 - - [29/Apr/2026:21:21:31 +0300] "GET /wp-content/plugins/all-in-one-seo-pack/dist/Lite/assets/publish-panel.0ea2b44e.js?ver=4.4.4 HTTP/2" 200 5495 "https://serhatburke.miroglu.net/wp-admin/post-new.php" "Mozilla/5.0 (Windows NT 10.0; Win64; x64) AppleWebKit/537.36 (KHTML, like Gecko) Chrome/147.0.0.0 Safari/537.36"
82.102.23.186 - - [29/Apr/2026:21:21:31 +0300] "GET /wp-content/plugins/all-in-one-seo-pack/dist/Lite/assets/notifications.e3899576.js?ver=4.4.4 HTTP/2" 200 688 "https://serhatburke.miroglu.net/wp-admin/post-new.php" "Mozilla/5.0 (Windows NT 10.0; Win64; x64) AppleWebKit/537.36 (KHTML, like Gecko) Chrome/147.0.0.0 Safari/537.36"
82.102.23.186 - - [29/Apr/2026:21:21:31 +0300] "GET /wp-content/plugins/all-in-one-seo-pack/dist/Lite/assets/app.7d8c6b04.js?ver=4.4.4 HTTP/2" 200 456 "https://serhatburke.miroglu.net/wp-admin/post-new.php" "Mozilla/5.0 (Windows NT 10.0; Win64; x64) AppleWebKit/537.36 (KHTML, like Gecko) Chrome/147.0.0.0 Safari/537.36"
82.102.23.186 - - [29/Apr/2026:21:21:31 +0300] "GET /wp-content/plugins/google-analytics-for-wordpress/assets/js/admin-common.min.js?ver=10.1.3 HTTP/2" 200 513 "https://serhatburke.miroglu.net/wp-admin/post-new.php" "Mozilla/5.0 (Windows NT 10.0; Win64; x64) AppleWebKit/537.36 (KHTML, like Gecko) Chrome/147.0.0.0 Safari/537.36"
82.102.23.186 - - [29/Apr/2026:21:21:31 +0300] "GET /wp-content/plugins/google-analytics-for-wordpress/assets/js/admin-setup-wizard.js?ver=10.1.3 HTTP/2" 200 738 "https://serhatburke.miroglu.net/wp-admin/post-new.php" "Mozilla/5.0 (Windows NT 10.0; Win64; x64) AppleWebKit/537.36 (KHTML, like Gecko) Chrome/147.0.0.0 Safari/537.36"
82.102.23.186 - - [29/Apr/2026:21:21:31 +0300] "GET /wp-content/plugins/wpforms-lite/assets/lite/js/admin/education/lite-connect.min.js?ver=1.8.3.1 HTTP/2" 200 1480 "https://serhatburke.miroglu.net/wp-admin/post-new.php" "Mozilla/5.0 (Windows NT 10.0; Win64; x64) AppleWebKit/537.36 (KHTML, like Gecko) Chrome/147.0.0.0 Safari/537.36"
82.102.23.186 - - [29/Apr/2026:21:21:31 +0300] "GET /wp-content/plugins/meta-box/meta-box/js/script.js?ver=5.2.4 HTTP/2" 200 341 "https://serhatburke.miroglu.net/wp-admin/post-new.php" "Mozilla/5.0 (Windows NT 10.0; Win64; x64) AppleWebKit/537.36 (KHTML, like Gecko) Chrome/147.0.0.0 Safari/537.36"
82.102.23.186 - - [29/Apr/2026:21:21:31 +0300] "GET /wp-content/plugins/all-in-one-seo-pack/dist/Lite/assets/js/AddPlus.fd1914a5.js HTTP/2" 200 482 "https://serhatburke.miroglu.net/wp-content/plugins/all-in-one-seo-pack/dist/Lite/assets/blocks.12b02266.js?ver=4.4.4" "Mozilla/5.0 (Windows NT 10.0; Win64; x64) AppleWebKit/537.36 (KHTML, like Gecko) Chrome/147.0.0.0 Safari/537.36"
82.102.23.186 - - [29/Apr/2026:21:21:31 +0300] "GET /wp-content/plugins/meta-box/meta-box/js/select.js?ver=5.2.4 HTTP/2" 200 259 "https://serhatburke.miroglu.net/wp-admin/post-new.php" "Mozilla/5.0 (Windows NT 10.0; Win64; x64) AppleWebKit/537.36 (KHTML, like Gecko) Chrome/147.0.0.0 Safari/537.36"
82.102.23.186 - - [29/Apr/2026:21:21:31 +0300] "GET /wp-includes/js/media-grid.min.js?ver=6.3.8 HTTP/2" 200 3654 "https://serhatburke.miroglu.net/wp-admin/post-new.php" "Mozilla/5.0 (Windows NT 10.0; Win64; x64) AppleWebKit/537.36 (KHTML, like Gecko) Chrome/147.0.0.0 Safari/537.36"
82.102.23.186 - - [29/Apr/2026:21:21:31 +0300] "GET /wp-content/plugins/meta-box/meta-box/js/media.js?ver=5.2.4 HTTP/2" 200 4140 "https://serhatburke.miroglu.net/wp-admin/post-new.php" "Mozilla/5.0 (Windows NT 10.0; Win64; x64) AppleWebKit/537.36 (KHTML, like Gecko) Chrome/147.0.0.0 Safari/537.36"
82.102.23.186 - - [29/Apr/2026:21:21:31 +0300] "GET /wp-content/plugins/meta-box/meta-box/js/file.js?ver=5.2.4 HTTP/2" 200 1185 "https://serhatburke.miroglu.net/wp-admin/post-new.php" "Mozilla/5.0 (Windows NT 10.0; Win64; x64) AppleWebKit/537.36 (KHTML, like Gecko) Chrome/147.0.0.0 Safari/537.36"
82.102.23.186 - - [29/Apr/2026:21:21:31 +0300] "GET /wp-content/plugins/meta-box/meta-box/js/image-advanced.js?ver=5.2.4 HTTP/2" 200 495 "https://serhatburke.miroglu.net/wp-admin/post-new.php" "Mozilla/5.0 (Windows NT 10.0; Win64; x64) AppleWebKit/537.36 (KHTML, like Gecko) Chrome/147.0.0.0 Safari/537.36"
82.102.23.186 - - [29/Apr/2026:21:21:31 +0300] "GET /wp-content/plugins/all-in-one-seo-pack/dist/Lite/assets/js/HighlightToggle.ce133bc9.js HTTP/2" 200 946 "https://serhatburke.miroglu.net/wp-content/plugins/all-in-one-seo-pack/dist/Lite/assets/blocks.12b02266.js?ver=4.4.4" "Mozilla/5.0 (Windows NT 10.0; Win64; x64) AppleWebKit/537.36 (KHTML, like Gecko) Chrome/147.0.0.0 Safari/537.36"
82.102.23.186 - - [29/Apr/2026:21:21:31 +0300] "GET /wp-content/plugins/all-in-one-seo-pack/dist/Lite/assets/js/vue.runtime.esm-bundler.60c71097.js HTTP/2" 200 134 "https://serhatburke.miroglu.net/wp-content/plugins/all-in-one-seo-pack/dist/Lite/assets/blocks.12b02266.js?ver=4.4.4" "Mozilla/5.0 (Windows NT 10.0; Win64; x64) AppleWebKit/537.36 (KHTML, like Gecko) Chrome/147.0.0.0 Safari/537.36"
82.102.23.186 - - [29/Apr/2026:21:21:31 +0300] "GET /wp-content/plugins/all-in-one-seo-pack/dist/Lite/assets/js/Drag.9683a277.js HTTP/2" 200 33361 "https://serhatburke.miroglu.net/wp-content/plugins/all-in-one-seo-pack/dist/Lite/assets/blocks.12b02266.js?ver=4.4.4" "Mozilla/5.0 (Windows NT 10.0; Win64; x64) AppleWebKit/537.36 (KHTML, like Gecko) Chrome/147.0.0.0 Safari/537.36"
82.102.23.186 - - [29/Apr/2026:21:21:31 +0300] "GET /wp-content/plugins/meta-box/meta-box/js/file-input.js?ver=5.2.4 HTTP/2" 200 464 "https://serhatburke.miroglu.net/wp-admin/post-new.php" "Mozilla/5.0 (Windows NT 10.0; Win64; x64) AppleWebKit/537.36 (KHTML, like Gecko) Chrome/147.0.0.0 Safari/537.36"
82.102.23.186 - - [29/Apr/2026:21:21:32 +0300] "GET /wp-content/plugins/meta-box/meta-box/js/button-group.js?ver=5.2.4 HTTP/2" 200 342 "https://serhatburke.miroglu.net/wp-admin/post-new.php" "Mozilla/5.0 (Windows NT 10.0; Win64; x64) AppleWebKit/537.36 (KHTML, like Gecko) Chrome/147.0.0.0 Safari/537.36"
82.102.23.186 - - [29/Apr/2026:21:21:32 +0300] "GET /wp-content/plugins/meta-box/meta-box/js/wysiwyg.js?ver=5.2.4 HTTP/2" 200 1639 "https://serhatburke.miroglu.net/wp-admin/post-new.php" "Mozilla/5.0 (Windows NT 10.0; Win64; x64) AppleWebKit/537.36 (KHTML, like Gecko) Chrome/147.0.0.0 Safari/537.36"
82.102.23.186 - - [29/Apr/2026:21:21:32 +0300] "GET /wp-content/plugins/meta-box/meta-box-tabs/tabs.js?ver=1.0.0 HTTP/2" 200 481 "https://serhatburke.miroglu.net/wp-admin/post-new.php" "Mozilla/5.0 (Windows NT 10.0; Win64; x64) AppleWebKit/537.36 (KHTML, like Gecko) Chrome/147.0.0.0 Safari/537.36"
82.102.23.186 - - [29/Apr/2026:21:21:32 +0300] "GET /wp-content/plugins/meta-box/meta-box-conditional-logic/conditional-logic.js?ver=1.5 HTTP/2" 200 4434 "https://serhatburke.miroglu.net/wp-admin/post-new.php" "Mozilla/5.0 (Windows NT 10.0; Win64; x64) AppleWebKit/537.36 (KHTML, like Gecko) Chrome/147.0.0.0 Safari/537.36"
82.102.23.186 - - [29/Apr/2026:21:21:32 +0300] "GET /wp-content/plugins/wpforms-lite/assets/lite/js/admin/edit-post-education.es5.min.js?ver=1.8.3.1 HTTP/2" 200 2087 "https://serhatburke.miroglu.net/wp-admin/post-new.php" "Mozilla/5.0 (Windows NT 10.0; Win64; x64) AppleWebKit/537.36 (KHTML, like Gecko) Chrome/147.0.0.0 Safari/537.36"
82.102.23.186 - - [29/Apr/2026:21:21:32 +0300] "GET /wp-content/plugins/all-in-one-seo-pack/dist/Lite/assets/limit-modified-date.0ac38707.js?ver=4.4.4 HTTP/2" 200 1274 "https://serhatburke.miroglu.net/wp-admin/post-new.php" "Mozilla/5.0 (Windows NT 10.0; Win64; x64) AppleWebKit/537.36 (KHTML, like Gecko) Chrome/147.0.0.0 Safari/537.36"
82.102.23.186 - - [29/Apr/2026:21:21:32 +0300] "GET /wp-content/plugins/wpforms-lite/assets/js/admin-editor.min.js?ver=1.8.3.1 HTTP/2" 200 321 "https://serhatburke.miroglu.net/wp-admin/post-new.php" "Mozilla/5.0 (Windows NT 10.0; Win64; x64) AppleWebKit/537.36 (KHTML, like Gecko) Chrome/147.0.0.0 Safari/537.36"
82.102.23.186 - - [29/Apr/2026:21:21:32 +0300] "GET /wp-includes/js/wp-embed.min.js?ver=6.3.8 HTTP/2" 200 740 "https://serhatburke.miroglu.net/wp-admin/post-new.php" "Mozilla/5.0 (Windows NT 10.0; Win64; x64) AppleWebKit/537.36 (KHTML, like Gecko) Chrome/147.0.0.0 Safari/537.36"
82.102.23.186 - - [29/Apr/2026:21:21:32 +0300] "GET /wp-content/plugins/js_composer/assets/vc/logo/wpb-logo-white_32.svg HTTP/2" 200 713 "https://serhatburke.miroglu.net/wp-admin/post-new.php" "Mozilla/5.0 (Windows NT 10.0; Win64; x64) AppleWebKit/537.36 (KHTML, like Gecko) Chrome/147.0.0.0 Safari/537.36"
82.102.23.186 - - [29/Apr/2026:21:21:32 +0300] "GET /wp-content/plugins/wp-file-manager/images/wp_file_manager.svg HTTP/2" 200 1199 "https://serhatburke.miroglu.net/wp-admin/post-new.php" "Mozilla/5.0 (Windows NT 10.0; Win64; x64) AppleWebKit/537.36 (KHTML, like Gecko) Chrome/147.0.0.0 Safari/537.36"
82.102.23.186 - - [29/Apr/2026:21:21:32 +0300] "GET /wp-content/plugins/google-analytics-for-wordpress/assets/images/monsterinsights-notice-box-logo.svg HTTP/2" 200 6163 "https://serhatburke.miroglu.net/wp-admin/post-new.php" "Mozilla/5.0 (Windows NT 10.0; Win64; x64) AppleWebKit/537.36 (KHTML, like Gecko) Chrome/147.0.0.0 Safari/537.36"
82.102.23.186 - - [29/Apr/2026:21:21:32 +0300] "GET /wp-includes/js/thickbox/loadingAnimation.gif HTTP/2" 200 15238 "https://serhatburke.miroglu.net/wp-admin/post-new.php" "Mozilla/5.0 (Windows NT 10.0; Win64; x64) AppleWebKit/537.36 (KHTML, like Gecko) Chrome/147.0.0.0 Safari/537.36"
82.102.23.186 - - [29/Apr/2026:21:21:33 +0300] "GET /wp-content/uploads/2023/08/favicon-16x16-3.png HTTP/2" 200 529 "https://serhatburke.miroglu.net/wp-admin/post-new.php" "Mozilla/5.0 (Windows NT 10.0; Win64; x64) AppleWebKit/537.36 (KHTML, like Gecko) Chrome/147.0.0.0 Safari/537.36"
82.102.23.186 - - [29/Apr/2026:21:21:34 +0300] "GET /wp-content/plugins/all-in-one-seo-pack/dist/Lite/assets/main-20ad6c21.js HTTP/2" 200 479345 "https://serhatburke.miroglu.net/wp-admin/post-new.php" "Mozilla/5.0 (Windows NT 10.0; Win64; x64) AppleWebKit/537.36 (KHTML, like Gecko) Chrome/147.0.0.0 Safari/537.36"
82.102.23.186 - - [29/Apr/2026:21:21:56 +0300] "GET /wp-content/plugins/all-in-one-seo-pack/dist/Lite/assets/main-20ad6c21.js HTTP/2" 200 458902 "https://serhatburke.miroglu.net/wp-admin/post-new.php" "Mozilla/5.0 (Windows NT 10.0; Win64; x64) AppleWebKit/537.36 (KHTML, like Gecko) Chrome/147.0.0.0 Safari/537.36"
82.102.23.186 - - [29/Apr/2026:21:22:14 +0300] "GET /wp-content/plugins/all-in-one-seo-pack/dist/Lite/assets/main-20ad6c21.js HTTP/2" 200 458902 "https://serhatburke.miroglu.net/wp-admin/post-new.php" "Mozilla/5.0 (Windows NT 10.0; Win64; x64) AppleWebKit/537.36 (KHTML, like Gecko) Chrome/147.0.0.0 Safari/537.36"
82.102.23.186 - - [29/Apr/2026:21:22:16 +0300] "GET /wp-content/plugins/all-in-one-seo-pack/dist/Lite/assets/main-20ad6c21.js HTTP/2" 200 458902 "https://serhatburke.miroglu.net/wp-admin/post-new.php" "Mozilla/5.0 (Windows NT 10.0; Win64; x64) AppleWebKit/537.36 (KHTML, like Gecko) Chrome/147.0.0.0 Safari/537.36"
185.216.113.70 - - [29/Apr/2026:21:22:30 +0300] "POST /wp-cron.php?doing_wp_cron=1777486950.0795929431915283203125 HTTP/1.1" 200 448 "-" "WordPress/6.3.8; https://serhatburke.miroglu.net"
38.246.32.214 - - [29/Apr/2026:21:21:31 +0300] "POST /xmlrpc.php HTTP/1.1" 200 630 "-" "Mozilla/5.0 (Windows NT 10.0; Win64; x64) AppleWebKit/537.36 (KHTML, like Gecko) Chrome/114.0.0.0 Safari/537.36"
82.102.23.186 - - [29/Apr/2026:21:21:31 +0300] "GET /wp-json/wp/v2/ HTTP/2" 200 10764 "https://serhatburke.miroglu.net/wp-admin/post-new.php" "Mozilla/5.0 (Windows NT 10.0; Win64; x64) AppleWebKit/537.36 (KHTML, like Gecko) Chrome/147.0.0.0 Safari/537.36"
82.102.23.186 - - [29/Apr/2026:21:21:33 +0300] "GET /wp-json/wp/v2/themes?context=edit&status=active&_locale=user HTTP/2" 200 799 "https://serhatburke.miroglu.net/wp-admin/post-new.php" "Mozilla/5.0 (Windows NT 10.0; Win64; x64) AppleWebKit/537.36 (KHTML, like Gecko) Chrome/147.0.0.0 Safari/537.36"
82.102.23.186 - - [29/Apr/2026:21:21:33 +0300] "GET /wp-json/wp/v2/taxonomies?context=edit&per_page=100&_locale=user HTTP/2" 200 1367 "https://serhatburke.miroglu.net/wp-admin/post-new.php" "Mozilla/5.0 (Windows NT 10.0; Win64; x64) AppleWebKit/537.36 (KHTML, like Gecko) Chrome/147.0.0.0 Safari/537.36"
82.102.23.186 - - [29/Apr/2026:21:22:43 +0300] "GET /wp-content/plugins/all-in-one-seo-pack/dist/Lite/assets/main-20ad6c21.js HTTP/2" 200 458902 "https://serhatburke.miroglu.net/wp-admin/post-new.php" "Mozilla/5.0 (Windows NT 10.0; Win64; x64) AppleWebKit/537.36 (KHTML, like Gecko) Chrome/147.0.0.0 Safari/537.36"
82.102.23.186 - - [29/Apr/2026:21:21:33 +0300] "GET /wp-json/wp/v2/block-patterns/categories?_locale=user HTTP/2" 200 810 "https://serhatburke.miroglu.net/wp-admin/post-new.php" "Mozilla/5.0 (Windows NT 10.0; Win64; x64) AppleWebKit/537.36 (KHTML, like Gecko) Chrome/147.0.0.0 Safari/537.36"
82.102.23.186 - - [29/Apr/2026:21:21:33 +0300] "GET /wp-json/wp/v2/users?context=view&who=authors&per_page=50&_fields=id%2Cname&_locale=user HTTP/2" 200 6 "https://serhatburke.miroglu.net/wp-admin/post-new.php" "Mozilla/5.0 (Windows NT 10.0; Win64; x64) AppleWebKit/537.36 (KHTML, like Gecko) Chrome/147.0.0.0 Safari/537.36"
82.102.23.186 - - [29/Apr/2026:21:22:47 +0300] "GET /wp-content/plugins/all-in-one-seo-pack/dist/Lite/assets/main-20ad6c21.js HTTP/2" 200 458902 "https://serhatburke.miroglu.net/wp-admin/post-new.php" "Mozilla/5.0 (Windows NT 10.0; Win64; x64) AppleWebKit/537.36 (KHTML, like Gecko) Chrome/147.0.0.0 Safari/537.36"
82.102.23.186 - - [29/Apr/2026:21:21:33 +0300] "GET /wp-json/?_fields=description%2Cgmt_offset%2Chome%2Cname%2Csite_icon%2Csite_icon_url%2Csite_logo%2Ctimezone_string%2Curl&_locale=user HTTP/2" 200 347 "https://serhatburke.miroglu.net/wp-admin/post-new.php" "Mozilla/5.0 (Windows NT 10.0; Win64; x64) AppleWebKit/537.36 (KHTML, like Gecko) Chrome/147.0.0.0 Safari/537.36"
82.102.23.186 - - [29/Apr/2026:21:21:33 +0300] "OPTIONS /wp-json/wp/v2/posts/144334?_locale=user HTTP/2" 200 2113 "https://serhatburke.miroglu.net/wp-admin/post-new.php" "Mozilla/5.0 (Windows NT 10.0; Win64; x64) AppleWebKit/537.36 (KHTML, like Gecko) Chrome/147.0.0.0 Safari/537.36"
82.102.23.186 - - [29/Apr/2026:21:22:49 +0300] "GET /wp-content/plugins/all-in-one-seo-pack/dist/Lite/assets/main-20ad6c21.js HTTP/2" 200 458902 "https://serhatburke.miroglu.net/wp-admin/post-new.php" "Mozilla/5.0 (Windows NT 10.0; Win64; x64) AppleWebKit/537.36 (KHTML, like Gecko) Chrome/147.0.0.0 Safari/537.36"
82.102.23.186 - - [29/Apr/2026:21:21:33 +0300] "GET /wp-json/wp/v2/block-patterns/patterns?_locale=user HTTP/2" 200 27298 "https://serhatburke.miroglu.net/wp-admin/post-new.php" "Mozilla/5.0 (Windows NT 10.0; Win64; x64) AppleWebKit/537.36 (KHTML, like Gecko) Chrome/147.0.0.0 Safari/537.36"
82.102.23.186 - - [29/Apr/2026:21:21:33 +0300] "GET /wp-json/wp/v2/blocks?context=edit&per_page=100&_locale=user HTTP/2" 200 6 "https://serhatburke.miroglu.net/wp-admin/post-new.php" "Mozilla/5.0 (Windows NT 10.0; Win64; x64) AppleWebKit/537.36 (KHTML, like Gecko) Chrome/147.0.0.0 Safari/537.36"
82.102.23.186 - - [29/Apr/2026:21:22:51 +0300] "GET /wp-content/plugins/all-in-one-seo-pack/dist/Lite/assets/main-20ad6c21.js HTTP/2" 200 458902 "https://serhatburke.miroglu.net/wp-admin/post-new.php" "Mozilla/5.0 (Windows NT 10.0; Win64; x64) AppleWebKit/537.36 (KHTML, like Gecko) Chrome/147.0.0.0 Safari/537.36"
82.102.23.186 - - [29/Apr/2026:21:21:33 +0300] "GET /wp-json/aioseo/v1/ping/ HTTP/2" 200 20 "https://serhatburke.miroglu.net/wp-admin/post-new.php" "Mozilla/5.0 (Windows NT 10.0; Win64; x64) AppleWebKit/537.36 (KHTML, like Gecko) Chrome/147.0.0.0 Safari/537.36"
82.102.23.186 - - [29/Apr/2026:21:22:52 +0300] "GET /wp-content/plugins/all-in-one-seo-pack/dist/Lite/assets/main-20ad6c21.js HTTP/2" 200 458902 "https://serhatburke.miroglu.net/wp-admin/post-new.php" "Mozilla/5.0 (Windows NT 10.0; Win64; x64) AppleWebKit/537.36 (KHTML, like Gecko) Chrome/147.0.0.0 Safari/537.36"
82.102.23.186 - - [29/Apr/2026:21:22:32 +0300] "POST /wp-admin/admin-ajax.php HTTP/2" 200 0 "https://serhatburke.miroglu.net/wp-admin/post-new.php" "Mozilla/5.0 (Windows NT 10.0; Win64; x64) AppleWebKit/537.36 (KHTML, like Gecko) Chrome/147.0.0.0 Safari/537.36"
82.102.23.186 - - [29/Apr/2026:21:23:03 +0300] "GET /wp-content/uploads/2023/08/favicon-16x16-3.png HTTP/2" 200 529 "https://serhatburke.miroglu.net/wp-admin/post-new.php" "Mozilla/5.0 (Windows NT 10.0; Win64; x64) AppleWebKit/537.36 (KHTML, like Gecko) Chrome/147.0.0.0 Safari/537.36"
158.69.22.136 - - [29/Apr/2026:21:22:52 +0300] "GET /35849-2/ HTTP/1.1" 200 0 "-" "Mozilla/5.0 (compatible; Googlebot/2.1; +http://www.google.com/bot.html)"
82.102.23.186 - - [29/Apr/2026:21:22:52 +0300] "POST /xmlrpc.php HTTP/1.1" 200 0 "https://serhatburke.miroglu.net/" "Mozilla/5.0 (Windows NT 10.0; Win64; x64) AppleWebKit/537.36 (KHTML, like Gecko) Chrome/122.0.0.0 Safari/537.36"
185.216.113.70 - - [29/Apr/2026:21:23:32 +0300] "POST /wp-cron.php?doing_wp_cron=1777487012.5873448848724365234375 HTTP/1.1" 200 448 "-" "WordPress/6.3.8; https://serhatburke.miroglu.net"
82.102.23.186 - - [29/Apr/2026:21:22:14 +0300] "GET /wp-json/wp/v2/taxonomies/post_tag?context=edit&_locale=user HTTP/2" 200 971 "https://serhatburke.miroglu.net/wp-admin/post-new.php" "Mozilla/5.0 (Windows NT 10.0; Win64; x64) AppleWebKit/537.36 (KHTML, like Gecko) Chrome/147.0.0.0 Safari/537.36"
82.102.23.186 - - [29/Apr/2026:21:23:34 +0300] "GET /wp-content/plugins/all-in-one-seo-pack/dist/Lite/assets/main-20ad6c21.js HTTP/2" 200 458902 "https://serhatburke.miroglu.net/wp-admin/post-new.php" "Mozilla/5.0 (Windows NT 10.0; Win64; x64) AppleWebKit/537.36 (KHTML, like Gecko) Chrome/147.0.0.0 Safari/537.36"
185.216.113.70 - - [29/Apr/2026:21:23:41 +0300] "POST /wp-cron.php?doing_wp_cron=1777487021.4526920318603515625000 HTTP/1.1" 200 448 "-" "WordPress/6.3.8; https://serhatburke.miroglu.net"
82.102.23.186 - - [29/Apr/2026:21:22:14 +0300] "GET /wp-json/wp/v2/taxonomies/category?context=edit&_locale=user HTTP/2" 200 1012 "https://serhatburke.miroglu.net/wp-admin/post-new.php" "Mozilla/5.0 (Windows NT 10.0; Win64; x64) AppleWebKit/537.36 (KHTML, like Gecko) Chrome/147.0.0.0 Safari/537.36"
82.102.23.186 - - [29/Apr/2026:21:23:43 +0300] "GET /wp-content/plugins/all-in-one-seo-pack/dist/Lite/assets/main-20ad6c21.js HTTP/2" 200 458902 "https://serhatburke.miroglu.net/wp-admin/post-new.php" "Mozilla/5.0 (Windows NT 10.0; Win64; x64) AppleWebKit/537.36 (KHTML, like Gecko) Chrome/147.0.0.0 Safari/537.36"
185.216.113.70 - - [29/Apr/2026:21:23:44 +0300] "POST /wp-cron.php?doing_wp_cron=1777487024.6514480113983154296875 HTTP/1.1" 200 448 "-" "WordPress/6.3.8; https://serhatburke.miroglu.net"
82.102.23.186 - - [29/Apr/2026:21:22:14 +0300] "GET /wp-json/wp/v2/categories/1?context=edit&_locale=user HTTP/2" 200 269 "https://serhatburke.miroglu.net/wp-admin/post-new.php" "Mozilla/5.0 (Windows NT 10.0; Win64; x64) AppleWebKit/537.36 (KHTML, like Gecko) Chrome/147.0.0.0 Safari/537.36"
185.216.113.70 - - [29/Apr/2026:21:23:45 +0300] "POST /wp-cron.php?doing_wp_cron=1777487025.2706398963928222656250 HTTP/1.1" 200 448 "-" "WordPress/6.3.8; https://serhatburke.miroglu.net"
82.102.23.186 - - [29/Apr/2026:21:22:15 +0300] "POST /wp-json/wp/v2/posts/144334?_locale=user HTTP/2" 200 7052 "https://serhatburke.miroglu.net/wp-admin/post-new.php" "Mozilla/5.0 (Windows NT 10.0; Win64; x64) AppleWebKit/537.36 (KHTML, like Gecko) Chrome/147.0.0.0 Safari/537.36"
82.102.23.186 - - [29/Apr/2026:21:23:46 +0300] "GET /wp-content/uploads/2023/08/favicon-16x16-3.png HTTP/2" 200 529 "https://serhatburke.miroglu.net/wp-admin/post.php?post=144334&action=edit" "Mozilla/5.0 (Windows NT 10.0; Win64; x64) AppleWebKit/537.36 (KHTML, like Gecko) Chrome/147.0.0.0 Safari/537.36"
82.102.23.186 - - [29/Apr/2026:21:23:46 +0300] "GET /wp-content/plugins/all-in-one-seo-pack/dist/Lite/assets/main-20ad6c21.js HTTP/2" 200 458902 "https://serhatburke.miroglu.net/wp-admin/post.php?post=144334&action=edit" "Mozilla/5.0 (Windows NT 10.0; Win64; x64) AppleWebKit/537.36 (KHTML, like Gecko) Chrome/147.0.0.0 Safari/537.36"
82.102.23.186 - - [29/Apr/2026:21:23:46 +0300] "GET /wp-content/plugins/all-in-one-seo-pack/dist/Lite/assets/main-20ad6c21.js HTTP/2" 200 458902 "https://serhatburke.miroglu.net/wp-admin/post.php?post=144334&action=edit" "Mozilla/5.0 (Windows NT 10.0; Win64; x64) AppleWebKit/537.36 (KHTML, like Gecko) Chrome/147.0.0.0 Safari/537.36"
185.216.113.70 - - [29/Apr/2026:21:23:47 +0300] "POST /wp-cron.php?doing_wp_cron=1777487027.6455709934234619140625 HTTP/1.1" 200 448 "-" "WordPress/6.3.8; https://serhatburke.miroglu.net"
38.246.32.214 - - [29/Apr/2026:21:22:49 +0300] "POST /xmlrpc.php HTTP/1.1" 200 630 "-" "Mozilla/5.0 (Windows NT 10.0; Win64; x64) AppleWebKit/537.36 (KHTML, like Gecko) Chrome/114.0.0.0 Safari/537.36"
130.250.231.118 - - [29/Apr/2026:21:23:20 +0300] "POST /xmlrpc.php HTTP/2" 200 0 "-" "WordPress/XMLRPC Client"
185.216.113.70 - - [29/Apr/2026:21:23:52 +0300] "POST /wp-cron.php?doing_wp_cron=1777487031.8566579818725585937500 HTTP/1.1" 200 448 "-" "WordPress/6.3.8; https://serhatburke.miroglu.net"
38.246.32.214 - - [29/Apr/2026:21:22:38 +0300] "POST /xmlrpc.php HTTP/1.1" 200 9643 "-" "Mozilla/5.0 (Windows NT 10.0; Win64; x64) AppleWebKit/537.36 (KHTML, like Gecko) Chrome/114.0.0.0 Safari/537.36"
82.102.23.186 - - [29/Apr/2026:21:23:56 +0300] "GET /wp-content/plugins/all-in-one-seo-pack/dist/Lite/assets/main-20ad6c21.js HTTP/2" 200 458902 "https://serhatburke.miroglu.net/wp-admin/post.php?post=144334&action=edit" "Mozilla/5.0 (Windows NT 10.0; Win64; x64) AppleWebKit/537.36 (KHTML, like Gecko) Chrome/147.0.0.0 Safari/537.36"
185.216.113.70 - - [29/Apr/2026:21:23:58 +0300] "POST /wp-cron.php?doing_wp_cron=1777487037.8663709163665771484375 HTTP/1.1" 200 448 "-" "WordPress/6.3.8; https://serhatburke.miroglu.net"
185.216.113.70 - - [29/Apr/2026:21:24:00 +0300] "POST /wp-cron.php?doing_wp_cron=1777487040.6786129474639892578125 HTTP/1.1" 200 448 "-" "WordPress/6.3.8; https://serhatburke.miroglu.net"
82.102.23.186 - - [29/Apr/2026:21:23:32 +0300] "POST /wp-admin/admin-ajax.php HTTP/2" 200 0 "https://serhatburke.miroglu.net/wp-admin/post-new.php" "Mozilla/5.0 (Windows NT 10.0; Win64; x64) AppleWebKit/537.36 (KHTML, like Gecko) Chrome/147.0.0.0 Safari/537.36"
82.102.23.186 - - [29/Apr/2026:21:23:46 +0300] "POST /wp-admin/post.php?post=144334&action=edit&meta-box-loader=1&meta-box-loader-nonce=c298af6bda&_locale=user HTTP/2" 200 0 "https://serhatburke.miroglu.net/wp-admin/post-new.php" "Mozilla/5.0 (Windows NT 10.0; Win64; x64) AppleWebKit/537.36 (KHTML, like Gecko) Chrome/147.0.0.0 Safari/537.36"
82.102.23.186 - - [29/Apr/2026:21:24:05 +0300] "POST /wp-admin/admin-ajax.php HTTP/2" 200 0 "https://serhatburke.miroglu.net/wp-admin/post.php?post=144334&action=edit" "Mozilla/5.0 (Windows NT 10.0; Win64; x64) AppleWebKit/537.36 (KHTML, like Gecko) Chrome/147.0.0.0 Safari/537.36"
197.204.64.168 - - [29/Apr/2026:21:23:51 +0300] "POST /xmlrpc.php HTTP/2" 200 0 "-" "WordPress/XMLRPC Client"
52.167.144.179 - - [29/Apr/2026:21:23:53 +0300] "GET /sexy-since-the-hades-position-comment-join-the-three-dimensional-adventure-in-order-to-hell-and-you-may-winnings/ HTTP/2" 200 0 "-" "Mozilla/5.0 AppleWebKit/537.36 (KHTML, like Gecko; compatible; bingbot/2.0; +http://www.bing.com/bingbot.htm) Chrome/116.0.1938.76 Safari/537.36"
40.77.167.132 - - [29/Apr/2026:21:23:56 +0300] "GET /gokhal-werkelijk-bankbiljet-offlin-gokken-voordat-geld-2026/ HTTP/2" 200 0 "-" "Mozilla/5.0 AppleWebKit/537.36 (KHTML, like Gecko; compatible; bingbot/2.0; +http://www.bing.com/bingbot.htm) Chrome/116.0.1938.76 Safari/537.36"
40.77.167.155 - - [29/Apr/2026:21:23:57 +0300] "GET /durante-1-2-horas-se-podri-juguetear-a-cualquier-titulo-vacante-asi%EF%BF%BD-como-percibir-dicho-propuesta-sin-peligro/ HTTP/2" 200 0 "-" "Mozilla/5.0 AppleWebKit/537.36 (KHTML, like Gecko; compatible; bingbot/2.0; +http://www.bing.com/bingbot.htm) Chrome/116.0.1938.76 Safari/537.36"
181.209.110.98 - - [29/Apr/2026:21:24:24 +0300] "POST /xmlrpc.php HTTP/2" 200 0 "-" "WordPress/XMLRPC Client"
185.216.113.70 - - [29/Apr/2026:21:24:55 +0300] "POST /wp-cron.php?doing_wp_cron=1777487095.7394049167633056640625 HTTP/1.1" 200 448 "-" "WordPress/6.3.8; https://serhatburke.miroglu.net"
45.148.232.225 - - [29/Apr/2026:21:24:55 +0300] "POST /xmlrpc.php HTTP/2" 200 0 "-" "WordPress/XMLRPC Client"
185.216.113.70 - - [29/Apr/2026:21:25:39 +0300] "POST /wp-cron.php?doing_wp_cron=1777487139.5505599975585937500000 HTTP/1.1" 200 448 "-" "WordPress/6.3.8; https://serhatburke.miroglu.net"
185.216.113.70 - - [29/Apr/2026:21:25:42 +0300] "POST /wp-cron.php?doing_wp_cron=1777487142.6526319980621337890625 HTTP/1.1" 200 448 "-" "WordPress/6.3.8; https://serhatburke.miroglu.net"
185.216.113.70 - - [29/Apr/2026:21:25:45 +0300] "POST /wp-cron.php?doing_wp_cron=1777487144.9446179866790771484375 HTTP/1.1" 200 448 "-" "WordPress/6.3.8; https://serhatburke.miroglu.net"
40.77.167.155 - - [29/Apr/2026:21:24:56 +0300] "GET /siberian-luna-park-slot-violent-storm-video-game-remark/ HTTP/2" 200 0 "-" "Mozilla/5.0 AppleWebKit/537.36 (KHTML, like Gecko; compatible; bingbot/2.0; +http://www.bing.com/bingbot.htm) Chrome/116.0.1938.76 Safari/537.36"
38.246.32.214 - - [29/Apr/2026:21:23:58 +0300] "POST /xmlrpc.php HTTP/1.1" 200 630 "-" "Mozilla/5.0 (Windows NT 10.0; Win64; x64) AppleWebKit/537.36 (KHTML, like Gecko) Chrome/114.0.0.0 Safari/537.36"
185.216.113.70 - - [29/Apr/2026:21:25:46 +0300] "POST /wp-cron.php?doing_wp_cron=1777487146.8427269458770751953125 HTTP/1.1" 200 448 "-" "WordPress/6.3.8; https://serhatburke.miroglu.net"
38.246.32.214 - - [29/Apr/2026:21:23:53 +0300] "GET /exactly-how-we-rates-and-you-will-opinion-the-big-internet-casino-singapore-internet-sites-2026/ HTTP/1.1" 200 74509 "-" "Mozilla/5.0 (Windows NT 10.0; rv:125.0) Gecko/20100101 Firefox/125.0"
185.216.113.70 - - [29/Apr/2026:21:25:50 +0300] "POST /wp-cron.php?doing_wp_cron=1777487150.5549070835113525390625 HTTP/1.1" 200 448 "-" "WordPress/6.3.8; https://serhatburke.miroglu.net"
38.246.32.214 - - [29/Apr/2026:21:23:54 +0300] "POST /xmlrpc.php HTTP/1.1" 200 8851 "-" "Mozilla/5.0 (Windows NT 10.0; Win64; x64) AppleWebKit/537.36 (KHTML, like Gecko) Chrome/114.0.0.0 Safari/537.36"
94.203.210.140 - - [29/Apr/2026:21:25:27 +0300] "POST /xmlrpc.php HTTP/2" 200 0 "-" "WordPress/XMLRPC Client"
40.77.179.255 - - [29/Apr/2026:21:25:38 +0300] "GET /generirane-na-video-obzori-v-notebooklm-notebooklm-let/undefined?ts=1777487137 HTTP/2" 200 0 "https://serhatburke.miroglu.net/generirane-na-video-obzori-v-notebooklm-notebooklm-let/" "Mozilla/5.0 AppleWebKit/537.36 (KHTML, like Gecko; compatible; bingbot/2.0; +http://www.bing.com/bingbot.htm) Chrome/136.0.0.0 Safari/537.36"
65.55.210.99 - - [29/Apr/2026:21:25:42 +0300] "GET /generirane-na-video-obzori-v-notebooklm-notebooklm-let/undefined?ts=1777487141 HTTP/2" 200 0 "https://serhatburke.miroglu.net/generirane-na-video-obzori-v-notebooklm-notebooklm-let/" "Mozilla/5.0 AppleWebKit/537.36 (KHTML, like Gecko; compatible; bingbot/2.0; +http://www.bing.com/bingbot.htm) Chrome/136.0.0.0 Safari/537.36"
40.77.177.25 - - [29/Apr/2026:21:25:40 +0300] "GET /generirane-na-video-obzori-v-notebooklm-notebooklm-let/undefined?ts=1777487139 HTTP/2" 200 0 "https://serhatburke.miroglu.net/generirane-na-video-obzori-v-notebooklm-notebooklm-let/" "Mozilla/5.0 AppleWebKit/537.36 (KHTML, like Gecko; compatible; bingbot/2.0; +http://www.bing.com/bingbot.htm) Chrome/136.0.0.0 Safari/537.36"
40.77.179.21 - - [29/Apr/2026:21:25:44 +0300] "GET /generirane-na-video-obzori-v-notebooklm-notebooklm-let/undefined?ts=1777487143 HTTP/2" 200 0 "https://serhatburke.miroglu.net/generirane-na-video-obzori-v-notebooklm-notebooklm-let/" "Mozilla/5.0 AppleWebKit/537.36 (KHTML, like Gecko; compatible; bingbot/2.0; +http://www.bing.com/bingbot.htm) Chrome/136.0.0.0 Safari/537.36"
40.77.179.205 - - [29/Apr/2026:21:25:47 +0300] "GET /generirane-na-video-obzori-v-notebooklm-notebooklm-let/undefined?ts=1777487145 HTTP/2" 200 0 "https://serhatburke.miroglu.net/generirane-na-video-obzori-v-notebooklm-notebooklm-let/" "Mozilla/5.0 AppleWebKit/537.36 (KHTML, like Gecko; compatible; bingbot/2.0; +http://www.bing.com/bingbot.htm) Chrome/136.0.0.0 Safari/537.36"
40.77.179.127 - - [29/Apr/2026:21:25:49 +0300] "GET /generirane-na-video-obzori-v-notebooklm-notebooklm-let/undefined?ts=1777487148 HTTP/2" 200 0 "https://serhatburke.miroglu.net/generirane-na-video-obzori-v-notebooklm-notebooklm-let/" "Mozilla/5.0 AppleWebKit/537.36 (KHTML, like Gecko; compatible; bingbot/2.0; +http://www.bing.com/bingbot.htm) Chrome/136.0.0.0 Safari/537.36"
40.77.179.162 - - [29/Apr/2026:21:25:53 +0300] "GET /generirane-na-video-obzori-v-notebooklm-notebooklm-let/undefined?ts=1777487152 HTTP/2" 200 0 "https://serhatburke.miroglu.net/generirane-na-video-obzori-v-notebooklm-notebooklm-let/" "Mozilla/5.0 AppleWebKit/537.36 (KHTML, like Gecko; compatible; bingbot/2.0; +http://www.bing.com/bingbot.htm) Chrome/136.0.0.0 Safari/537.36"
65.55.210.68 - - [29/Apr/2026:21:25:51 +0300] "GET /generirane-na-video-obzori-v-notebooklm-notebooklm-let/undefined?ts=1777487150 HTTP/2" 200 0 "https://serhatburke.miroglu.net/generirane-na-video-obzori-v-notebooklm-notebooklm-let/" "Mozilla/5.0 AppleWebKit/537.36 (KHTML, like Gecko; compatible; bingbot/2.0; +http://www.bing.com/bingbot.htm) Chrome/136.0.0.0 Safari/537.36"
40.77.179.144 - - [29/Apr/2026:21:25:55 +0300] "GET /generirane-na-video-obzori-v-notebooklm-notebooklm-let/undefined?ts=1777487154 HTTP/2" 200 0 "https://serhatburke.miroglu.net/generirane-na-video-obzori-v-notebooklm-notebooklm-let/" "Mozilla/5.0 AppleWebKit/537.36 (KHTML, like Gecko; compatible; bingbot/2.0; +http://www.bing.com/bingbot.htm) Chrome/136.0.0.0 Safari/537.36"
40.77.179.199 - - [29/Apr/2026:21:25:57 +0300] "GET /generirane-na-video-obzori-v-notebooklm-notebooklm-let/undefined?ts=1777487156 HTTP/2" 200 0 "https://serhatburke.miroglu.net/generirane-na-video-obzori-v-notebooklm-notebooklm-let/" "Mozilla/5.0 AppleWebKit/537.36 (KHTML, like Gecko; compatible; bingbot/2.0; +http://www.bing.com/bingbot.htm) Chrome/136.0.0.0 Safari/537.36"
40.77.179.151 - - [29/Apr/2026:21:25:59 +0300] "GET /generirane-na-video-obzori-v-notebooklm-notebooklm-let/undefined?ts=1777487158 HTTP/2" 200 0 "https://serhatburke.miroglu.net/generirane-na-video-obzori-v-notebooklm-notebooklm-let/" "Mozilla/5.0 AppleWebKit/537.36 (KHTML, like Gecko; compatible; bingbot/2.0; +http://www.bing.com/bingbot.htm) Chrome/136.0.0.0 Safari/537.36"
40.77.177.55 - - [29/Apr/2026:21:26:01 +0300] "GET /generirane-na-video-obzori-v-notebooklm-notebooklm-let/undefined?ts=1777487160 HTTP/2" 200 0 "https://serhatburke.miroglu.net/generirane-na-video-obzori-v-notebooklm-notebooklm-let/" "Mozilla/5.0 AppleWebKit/537.36 (KHTML, like Gecko; compatible; bingbot/2.0; +http://www.bing.com/bingbot.htm) Chrome/136.0.0.0 Safari/537.36"
40.77.179.253 - - [29/Apr/2026:21:26:03 +0300] "GET /generirane-na-video-obzori-v-notebooklm-notebooklm-let/undefined?ts=1777487162 HTTP/2" 200 0 "https://serhatburke.miroglu.net/generirane-na-video-obzori-v-notebooklm-notebooklm-let/" "Mozilla/5.0 AppleWebKit/537.36 (KHTML, like Gecko; compatible; bingbot/2.0; +http://www.bing.com/bingbot.htm) Chrome/136.0.0.0 Safari/537.36"
65.55.210.97 - - [29/Apr/2026:21:26:05 +0300] "GET /generirane-na-video-obzori-v-notebooklm-notebooklm-let/undefined?ts=1777487164 HTTP/2" 200 0 "https://serhatburke.miroglu.net/generirane-na-video-obzori-v-notebooklm-notebooklm-let/" "Mozilla/5.0 AppleWebKit/537.36 (KHTML, like Gecko; compatible; bingbot/2.0; +http://www.bing.com/bingbot.htm) Chrome/136.0.0.0 Safari/537.36"
40.77.179.93 - - [29/Apr/2026:21:26:07 +0300] "GET /generirane-na-video-obzori-v-notebooklm-notebooklm-let/undefined?ts=1777487166 HTTP/2" 200 0 "https://serhatburke.miroglu.net/generirane-na-video-obzori-v-notebooklm-notebooklm-let/" "Mozilla/5.0 AppleWebKit/537.36 (KHTML, like Gecko; compatible; bingbot/2.0; +http://www.bing.com/bingbot.htm) Chrome/136.0.0.0 Safari/537.36"
40.77.179.30 - - [29/Apr/2026:21:26:09 +0300] "GET /generirane-na-video-obzori-v-notebooklm-notebooklm-let/undefined?ts=1777487168 HTTP/2" 200 0 "https://serhatburke.miroglu.net/generirane-na-video-obzori-v-notebooklm-notebooklm-let/" "Mozilla/5.0 AppleWebKit/537.36 (KHTML, like Gecko; compatible; bingbot/2.0; +http://www.bing.com/bingbot.htm) Chrome/136.0.0.0 Safari/537.36"
199.30.24.6 - - [29/Apr/2026:21:26:11 +0300] "GET /generirane-na-video-obzori-v-notebooklm-notebooklm-let/undefined?ts=1777487170 HTTP/2" 200 0 "https://serhatburke.miroglu.net/generirane-na-video-obzori-v-notebooklm-notebooklm-let/" "Mozilla/5.0 AppleWebKit/537.36 (KHTML, like Gecko; compatible; bingbot/2.0; +http://www.bing.com/bingbot.htm) Chrome/136.0.0.0 Safari/537.36"
40.77.179.207 - - [29/Apr/2026:21:26:13 +0300] "GET /generirane-na-video-obzori-v-notebooklm-notebooklm-let/undefined?ts=1777487172 HTTP/2" 200 0 "https://serhatburke.miroglu.net/generirane-na-video-obzori-v-notebooklm-notebooklm-let/" "Mozilla/5.0 AppleWebKit/537.36 (KHTML, like Gecko; compatible; bingbot/2.0; +http://www.bing.com/bingbot.htm) Chrome/136.0.0.0 Safari/537.36"
40.77.179.38 - - [29/Apr/2026:21:26:15 +0300] "GET /generirane-na-video-obzori-v-notebooklm-notebooklm-let/undefined?ts=1777487174 HTTP/2" 200 0 "https://serhatburke.miroglu.net/generirane-na-video-obzori-v-notebooklm-notebooklm-let/" "Mozilla/5.0 AppleWebKit/537.36 (KHTML, like Gecko; compatible; bingbot/2.0; +http://www.bing.com/bingbot.htm) Chrome/136.0.0.0 Safari/537.36"
40.77.178.25 - - [29/Apr/2026:21:26:18 +0300] "GET /generirane-na-video-obzori-v-notebooklm-notebooklm-let/undefined?ts=1777487177 HTTP/2" 200 0 "https://serhatburke.miroglu.net/generirane-na-video-obzori-v-notebooklm-notebooklm-let/" "Mozilla/5.0 AppleWebKit/537.36 (KHTML, like Gecko; compatible; bingbot/2.0; +http://www.bing.com/bingbot.htm) Chrome/136.0.0.0 Safari/537.36"
185.216.113.70 - - [29/Apr/2026:21:24:56 +0300] "POST /wp-admin/admin-ajax.php?action=as_async_request_queue_runner&nonce=0b04fbb7a8 HTTP/1.1" 500 745 "-" "WordPress/6.3.8; https://serhatburke.miroglu.net"
185.216.113.70 - - [29/Apr/2026:21:27:16 +0300] "POST /wp-cron.php?doing_wp_cron=1777487236.5586659908294677734375 HTTP/1.1" 200 448 "-" "WordPress/6.3.8; https://serhatburke.miroglu.net"
38.246.32.214 - - [29/Apr/2026:21:25:40 +0300] "POST /xmlrpc.php HTTP/1.1" 200 8851 "-" "Mozilla/5.0 (Windows NT 10.0; Win64; x64) AppleWebKit/537.36 (KHTML, like Gecko) Chrome/114.0.0.0 Safari/537.36"
38.246.32.214 - - [29/Apr/2026:21:25:32 +0300] "POST /xmlrpc.php HTTP/1.1" 500 745 "-" "Mozilla/5.0 (Windows NT 10.0; Win64; x64) AppleWebKit/537.36 (KHTML, like Gecko) Chrome/114.0.0.0 Safari/537.36"
38.246.32.214 - - [29/Apr/2026:21:25:33 +0300] "POST /xmlrpc.php HTTP/1.1" 500 745 "-" "Mozilla/5.0 (Windows NT 10.0; Win64; x64) AppleWebKit/537.36 (KHTML, like Gecko) Chrome/114.0.0.0 Safari/537.36"
38.246.32.214 - - [29/Apr/2026:21:25:40 +0300] "POST /xmlrpc.php HTTP/1.1" 500 745 "-" "Mozilla/5.0 (Windows NT 10.0; Win64; x64) AppleWebKit/537.36 (KHTML, like Gecko) Chrome/114.0.0.0 Safari/537.36"
185.216.113.70 - - [29/Apr/2026:21:27:45 +0300] "POST /wp-cron.php?doing_wp_cron=1777487264.8243670463562011718750 HTTP/1.1" 200 448 "-" "WordPress/6.3.8; https://serhatburke.miroglu.net"
185.216.113.70 - - [29/Apr/2026:21:27:46 +0300] "POST /wp-cron.php?doing_wp_cron=1777487266.0602459907531738281250 HTTP/1.1" 200 448 "-" "WordPress/6.3.8; https://serhatburke.miroglu.net"
185.216.113.70 - - [29/Apr/2026:21:27:48 +0300] "POST /wp-cron.php?doing_wp_cron=1777487267.9613780975341796875000 HTTP/1.1" 200 448 "-" "WordPress/6.3.8; https://serhatburke.miroglu.net"
185.216.113.70 - - [29/Apr/2026:21:27:49 +0300] "POST /wp-cron.php?doing_wp_cron=1777487268.9537210464477539062500 HTTP/1.1" 200 448 "-" "WordPress/6.3.8; https://serhatburke.miroglu.net"
40.77.167.132 - - [29/Apr/2026:21:27:09 +0300] "GET /thunderstruck-ii-position-comment-2026-play-on-the-web/ HTTP/2" 200 0 "-" "Mozilla/5.0 AppleWebKit/537.36 (KHTML, like Gecko; compatible; bingbot/2.0; +http://www.bing.com/bingbot.htm) Chrome/116.0.1938.76 Safari/537.36"
40.77.167.48 - - [29/Apr/2026:21:27:13 +0300] "GET /how-bscscan-empowers-traders-with-real-time-insights/ HTTP/2" 200 0 "-" "Mozilla/5.0 AppleWebKit/537.36 (KHTML, like Gecko; compatible; bingbot/2.0; +http://www.bing.com/bingbot.htm) Chrome/116.0.1938.76 Safari/537.36"
185.216.113.70 - - [29/Apr/2026:21:28:04 +0300] "POST /wp-cron.php?doing_wp_cron=1777487284.2589259147644042968750 HTTP/1.1" 200 448 "-" "WordPress/6.3.8; https://serhatburke.miroglu.net"
185.216.113.70 - - [29/Apr/2026:21:28:04 +0300] "POST /wp-cron.php?doing_wp_cron=1777487284.8460540771484375000000 HTTP/1.1" 200 448 "-" "WordPress/6.3.8; https://serhatburke.miroglu.net"
40.77.167.155 - - [29/Apr/2026:21:27:16 +0300] "GET /7-trick-icons-inside-mr-bet-verification-the-mayan-codices-as-well-as-their-definitions/ HTTP/2" 200 0 "-" "Mozilla/5.0 AppleWebKit/537.36 (KHTML, like Gecko; compatible; bingbot/2.0; +http://www.bing.com/bingbot.htm) Chrome/116.0.1938.76 Safari/537.36"
40.77.167.48 - - [29/Apr/2026:21:27:17 +0300] "GET /better-casino-rizk-mobile-step-three-web-based-casinos-you-to-accept-paypal-2024/ HTTP/2" 200 0 "-" "Mozilla/5.0 AppleWebKit/537.36 (KHTML, like Gecko; compatible; bingbot/2.0; +http://www.bing.com/bingbot.htm) Chrome/116.0.1938.76 Safari/537.36"
185.216.113.70 - - [29/Apr/2026:21:28:46 +0300] "POST /wp-cron.php?doing_wp_cron=1777487326.7379500865936279296875 HTTP/1.1" 200 448 "-" "WordPress/6.3.8; https://serhatburke.miroglu.net"
38.246.32.214 - - [29/Apr/2026:21:26:47 +0300] "POST /xmlrpc.php HTTP/1.1" 200 630 "-" "Mozilla/5.0 (Windows NT 10.0; Win64; x64) AppleWebKit/537.36 (KHTML, like Gecko) Chrome/114.0.0.0 Safari/537.36"
52.167.144.156 - - [29/Apr/2026:21:28:07 +0300] "GET /bonus-escludendo-base-sopra-averi-in-regalo-vincitu-luogo-utilizzarlo/ HTTP/2" 200 0 "-" "Mozilla/5.0 AppleWebKit/537.36 (KHTML, like Gecko; compatible; bingbot/2.0; +http://www.bing.com/bingbot.htm) Chrome/116.0.1938.76 Safari/537.36"
185.216.113.70 - - [29/Apr/2026:21:28:59 +0300] "POST /wp-cron.php?doing_wp_cron=1777487339.1611380577087402343750 HTTP/1.1" 200 448 "-" "WordPress/6.3.8; https://serhatburke.miroglu.net"
52.167.144.156 - - [29/Apr/2026:21:28:11 +0300] "GET /pokie-host-ismokejimai-naujojoje-zelandijoje-rtp-ir-savo-immerion-casino-prisijungimo-atsisiuntimas-apk-galimybiu-supratimas/ HTTP/2" 200 0 "-" "Mozilla/5.0 AppleWebKit/537.36 (KHTML, like Gecko; compatible; bingbot/2.0; +http://www.bing.com/bingbot.htm) Chrome/116.0.1938.76 Safari/537.36"
38.246.32.214 - - [29/Apr/2026:21:27:17 +0300] "GET /its-really-uncommon-to-find-an-on-line-gambling-establishment-that-provides-a-beneficial-no-deposit-added-bonus/ HTTP/1.1" 200 74020 "-" "Mozilla/5.0 (Windows NT 10.0; Win64; x64; rv:124.0) Gecko/20100101 Firefox/124.0"
185.216.113.70 - - [29/Apr/2026:21:29:03 +0300] "POST /wp-cron.php?doing_wp_cron=1777487343.6399629116058349609375 HTTP/1.1" 200 448 "-" "WordPress/6.3.8; https://serhatburke.miroglu.net"
38.246.32.214 - - [29/Apr/2026:21:27:12 +0300] "POST /xmlrpc.php HTTP/1.1" 500 1102 "-" "Mozilla/5.0 (Windows NT 10.0; Win64; x64) AppleWebKit/537.36 (KHTML, like Gecko) Chrome/114.0.0.0 Safari/537.36"
40.77.167.48 - - [29/Apr/2026:21:28:16 +0300] "GET /common-online-pokies-which-have-hey-rebellion-casino-login-registration-earnings-aud/ HTTP/2" 200 0 "-" "Mozilla/5.0 AppleWebKit/537.36 (KHTML, like Gecko; compatible; bingbot/2.0; +http://www.bing.com/bingbot.htm) Chrome/116.0.1938.76 Safari/537.36"
185.216.113.70 - - [29/Apr/2026:21:29:08 +0300] "POST /wp-cron.php?doing_wp_cron=1777487348.1546530723571777343750 HTTP/1.1" 200 448 "-" "WordPress/6.3.8; https://serhatburke.miroglu.net"
38.246.32.214 - - [29/Apr/2026:21:27:23 +0300] "POST /xmlrpc.php HTTP/1.1" 200 7701 "-" "Mozilla/5.0 (Windows NT 10.0; Win64; x64) AppleWebKit/537.36 (KHTML, like Gecko) Chrome/114.0.0.0 Safari/537.36"
185.216.113.70 - - [29/Apr/2026:21:29:28 +0300] "POST /wp-cron.php?doing_wp_cron=1777487367.9385800361633300781250 HTTP/1.1" 200 448 "-" "WordPress/6.3.8; https://serhatburke.miroglu.net"
185.216.113.70 - - [29/Apr/2026:21:29:42 +0300] "POST /wp-cron.php?doing_wp_cron=1777487382.0379779338836669921875 HTTP/1.1" 200 448 "-" "WordPress/6.3.8; https://serhatburke.miroglu.net"
38.246.32.214 - - [29/Apr/2026:21:28:27 +0300] "POST /xmlrpc.php HTTP/1.1" 500 1102 "-" "Mozilla/5.0 (Windows NT 10.0; Win64; x64) AppleWebKit/537.36 (KHTML, like Gecko) Chrome/114.0.0.0 Safari/537.36"
52.167.144.156 - - [29/Apr/2026:21:29:07 +0300] "GET /wanneer-innovativer-glucksspieler-inside-fortunejack-fahig-sein-sie-via-der-ersten-einzahlung-diesseitigen-betrachtlichen-krypto-casino-maklercourtage-erhalten/ HTTP/2" 200 0 "-" "Mozilla/5.0 AppleWebKit/537.36 (KHTML, like Gecko; compatible; bingbot/2.0; +http://www.bing.com/bingbot.htm) Chrome/116.0.1938.76 Safari/537.36"
185.216.113.70 - - [29/Apr/2026:21:30:09 +0300] "POST /wp-cron.php?doing_wp_cron=1777487408.9629991054534912109375 HTTP/1.1" 200 448 "-" "WordPress/6.3.8; https://serhatburke.miroglu.net"
38.246.32.214 - - [29/Apr/2026:21:29:01 +0300] "POST /xmlrpc.php HTTP/1.1" 200 861 "-" "Mozilla/5.0 (Windows NT 10.0; Win64; x64) AppleWebKit/537.36 (KHTML, like Gecko) Chrome/114.0.0.0 Safari/537.36"
185.216.113.70 - - [29/Apr/2026:21:30:09 +0300] "POST /wp-cron.php?doing_wp_cron=1777487409.6878640651702880859375 HTTP/1.1" 200 448 "-" "WordPress/6.3.8; https://serhatburke.miroglu.net"
38.246.32.214 - - [29/Apr/2026:21:29:09 +0300] "POST /xmlrpc.php HTTP/1.1" 200 7701 "-" "Mozilla/5.0 (Windows NT 10.0; Win64; x64) AppleWebKit/537.36 (KHTML, like Gecko) Chrome/114.0.0.0 Safari/537.36"
