62.12.119.247 - - [29/Apr/2026:22:00:14 +0300] "GET /thunderstruck-slots-mrbet-totally-free-revolves-jackpot-city-sign-up-added-bonus-zero-deposit-matter-enjoyable-viking-determined-150-chances-ramses-2-ports-costa-rica/ HTTP/1.1" 200 80894 "-" "Mozilla/5.0 (Windows NT 10.0; rv:109.0) Gecko/20100101 Firefox/115.0"
185.216.113.70 - - [29/Apr/2026:22:00:50 +0300] "POST /wp-cron.php?doing_wp_cron=1777489250.8333590030670166015625 HTTP/1.1" 200 448 "-" "WordPress/6.3.8; https://serhatburke.miroglu.net"
62.12.119.247 - - [29/Apr/2026:22:00:38 +0300] "POST /xmlrpc.php HTTP/1.1" 200 14946 "-" "Mozilla/5.0 (Windows NT 10.0; Win64; x64) AppleWebKit/537.36 (KHTML, like Gecko) Chrome/114.0.0.0 Safari/537.36"
104.166.164.54 - - [29/Apr/2026:22:00:55 +0300] "POST /xmlrpc.php HTTP/1.1" 200 630 "-" "Mozilla/5.0 (Windows NT 10.0; Win64; x64) AppleWebKit/537.36 (KHTML, like Gecko) Chrome/114.0.0.0 Safari/537.36"
62.12.119.247 - - [29/Apr/2026:22:00:51 +0300] "GET /karamba-casino-opinion-get-100-totally-online-casino-no-deposit-beonbet-free-spins-around-2-hundred-added-bonus/ HTTP/1.1" 200 80020 "-" "Mozilla/5.0 (Windows NT 10.0; Win64; x64) AppleWebKit/537.36 (KHTML, like Gecko) Chrome/109.0.0.0 Safari/537.36"
62.12.119.247 - - [29/Apr/2026:22:01:13 +0300] "POST /xmlrpc.php HTTP/1.1" 200 630 "-" "Mozilla/5.0 (Windows NT 10.0; Win64; x64) AppleWebKit/537.36 (KHTML, like Gecko) Chrome/114.0.0.0 Safari/537.36"
104.166.164.54 - - [29/Apr/2026:22:01:20 +0300] "POST /xmlrpc.php HTTP/1.1" 200 15932 "-" "Mozilla/5.0 (Windows NT 10.0; Win64; x64) AppleWebKit/537.36 (KHTML, like Gecko) Chrome/114.0.0.0 Safari/537.36"
62.12.119.247 - - [29/Apr/2026:22:01:33 +0300] "POST /xmlrpc.php HTTP/1.1" 200 15065 "-" "Mozilla/5.0 (Windows NT 10.0; Win64; x64) AppleWebKit/537.36 (KHTML, like Gecko) Chrome/114.0.0.0 Safari/537.36"
185.216.113.70 - - [29/Apr/2026:22:01:59 +0300] "POST /wp-cron.php?doing_wp_cron=1777489319.4694399833679199218750 HTTP/1.1" 200 448 "-" "WordPress/6.3.8; https://serhatburke.miroglu.net"
104.166.164.54 - - [29/Apr/2026:22:01:37 +0300] "GET /tragamonedas-mega-crystal-forest-abertura-en-linea-moolah-sus-particulares-de-slotcatalog-daily-jackpot-20000-dinero-real-digest/ HTTP/1.1" 200 81571 "-" "Mozilla/5.0 (Windows NT 10.0; Win64; x64) AppleWebKit/537.36 (KHTML, like Gecko) Chrome/123.0.0.0 Safari/537.36 OPR/109.0.0.0"
185.216.113.70 - - [29/Apr/2026:22:02:08 +0300] "POST /wp-cron.php?doing_wp_cron=1777489328.6615779399871826171875 HTTP/1.1" 200 448 "-" "WordPress/6.3.8; https://serhatburke.miroglu.net"
40.77.167.131 - - [29/Apr/2026:22:01:41 +0300] "GET /exploring-the-versatile-capabilities-of-solscan-today/ HTTP/2" 200 17870 "-" "Mozilla/5.0 AppleWebKit/537.36 (KHTML, like Gecko; compatible; bingbot/2.0; +http://www.bing.com/bingbot.htm) Chrome/116.0.1938.76 Safari/537.36"
185.216.113.70 - - [29/Apr/2026:22:02:20 +0300] "POST /wp-cron.php?doing_wp_cron=1777489339.8497710227966308593750 HTTP/1.1" 200 448 "-" "WordPress/6.3.8; https://serhatburke.miroglu.net"
40.77.167.50 - - [29/Apr/2026:22:01:47 +0300] "GET /erreichbar-spielsaal-provision-im-march-2026-unser-casino-silver-bullet-besten-angebote/ HTTP/2" 200 20394 "-" "Mozilla/5.0 AppleWebKit/537.36 (KHTML, like Gecko; compatible; bingbot/2.0; +http://www.bing.com/bingbot.htm) Chrome/116.0.1938.76 Safari/537.36"
185.216.113.70 - - [29/Apr/2026:22:02:29 +0300] "POST /wp-cron.php?doing_wp_cron=1777489348.8379719257354736328125 HTTP/1.1" 200 448 "-" "WordPress/6.3.8; https://serhatburke.miroglu.net"
62.12.119.247 - - [29/Apr/2026:22:01:50 +0300] "GET /karjala-gambling-enterprise-remark-2026-phoenix-sun-rtp-slot-casino-bonuses-%EF%B8%8F-views-%EF%B8%8F-information/ HTTP/1.1" 200 80114 "-" "Mozilla/5.0 (Windows NT 10.0; Win64; x64) AppleWebKit/537.36 (KHTML, like Gecko) Chrome/123.0.0.0 Safari/537.36"
40.77.167.46 - - [29/Apr/2026:22:01:51 +0300] "GET /2026-twin-spin-slot-version-better-options/ HTTP/2" 200 19365 "-" "Mozilla/5.0 AppleWebKit/537.36 (KHTML, like Gecko; compatible; bingbot/2.0; +http://www.bing.com/bingbot.htm) Chrome/116.0.1938.76 Safari/537.36"
40.77.167.50 - - [29/Apr/2026:22:02:18 +0300] "GET /trends-emergenti-nel-settore-del-gioco-d-x27/ HTTP/2" 200 0 "-" "Mozilla/5.0 AppleWebKit/537.36 (KHTML, like Gecko; compatible; bingbot/2.0; +http://www.bing.com/bingbot.htm) Chrome/116.0.1938.76 Safari/537.36"
185.216.113.70 - - [29/Apr/2026:22:03:12 +0300] "POST /wp-cron.php?doing_wp_cron=1777489392.0419681072235107421875 HTTP/1.1" 200 448 "-" "WordPress/6.3.8; https://serhatburke.miroglu.net"
40.77.167.50 - - [29/Apr/2026:22:02:22 +0300] "GET /top-10-us-local-casino-bonuses-2026-opinion-cadillac-jack-slot-and-book/ HTTP/2" 200 0 "-" "Mozilla/5.0 AppleWebKit/537.36 (KHTML, like Gecko; compatible; bingbot/2.0; +http://www.bing.com/bingbot.htm) Chrome/116.0.1938.76 Safari/537.36"
40.77.167.131 - - [29/Apr/2026:22:02:23 +0300] "GET /tronscan-the-definitive-guide-to-crypto-asset-tracking/ HTTP/2" 200 0 "-" "Mozilla/5.0 AppleWebKit/537.36 (KHTML, like Gecko; compatible; bingbot/2.0; +http://www.bing.com/bingbot.htm) Chrome/116.0.1938.76 Safari/537.36"
62.12.119.247 - - [29/Apr/2026:22:02:07 +0300] "POST /xmlrpc.php HTTP/1.1" 200 630 "-" "Mozilla/5.0 (Windows NT 10.0; Win64; x64) AppleWebKit/537.36 (KHTML, like Gecko) Chrome/114.0.0.0 Safari/537.36"
40.77.167.131 - - [29/Apr/2026:22:02:34 +0300] "GET /sportpesa-super-jackpot-extends-to-more-374-million/ HTTP/2" 200 0 "-" "Mozilla/5.0 AppleWebKit/537.36 (KHTML, like Gecko; compatible; bingbot/2.0; +http://www.bing.com/bingbot.htm) Chrome/116.0.1938.76 Safari/537.36"
38.246.32.214 - - [29/Apr/2026:22:02:24 +0300] "POST /xmlrpc.php HTTP/1.1" 200 630 "-" "Mozilla/5.0 (Windows NT 10.0; Win64; x64) AppleWebKit/537.36 (KHTML, like Gecko) Chrome/114.0.0.0 Safari/537.36"
57.128.22.95 - - [29/Apr/2026:22:02:23 +0300] "GET /28563-2/ HTTP/1.1" 200 19313 "https://serhatburke.miroglu.net/" "Mozilla/5.0 (X11; Linux x86_64; rv:146.0) Gecko/20100101 Firefox/146.0"
40.77.167.46 - - [29/Apr/2026:22:02:47 +0300] "GET /fria-patiensspel/ HTTP/2" 200 0 "-" "Mozilla/5.0 AppleWebKit/537.36 (KHTML, like Gecko; compatible; bingbot/2.0; +http://www.bing.com/bingbot.htm) Chrome/116.0.1938.76 Safari/537.36"
40.77.167.46 - - [29/Apr/2026:22:02:51 +0300] "GET /showboat-branson-belle-2026-schedule-tickets/ HTTP/2" 200 0 "-" "Mozilla/5.0 AppleWebKit/537.36 (KHTML, like Gecko; compatible; bingbot/2.0; +http://www.bing.com/bingbot.htm) Chrome/116.0.1938.76 Safari/537.36"
40.77.167.50 - - [29/Apr/2026:22:03:19 +0300] "GET /mucchio-asportazione-spontaneo-migliori-confusione-che-adultero-prontamente-2026/ HTTP/2" 200 0 "-" "Mozilla/5.0 AppleWebKit/537.36 (KHTML, like Gecko; compatible; bingbot/2.0; +http://www.bing.com/bingbot.htm) Chrome/116.0.1938.76 Safari/537.36"
62.12.119.247 - - [29/Apr/2026:22:02:55 +0300] "POST /xmlrpc.php HTTP/1.1" 200 630 "-" "Mozilla/5.0 (Windows NT 10.0; Win64; x64) AppleWebKit/537.36 (KHTML, like Gecko) Chrome/114.0.0.0 Safari/537.36"
40.77.167.50 - - [29/Apr/2026:22:03:23 +0300] "GET /beste-mobile-casinos-as-part-of-teutonia-die-traktandum-online-roulettino-lite-login-anbieter-2026/ HTTP/2" 200 0 "-" "Mozilla/5.0 AppleWebKit/537.36 (KHTML, like Gecko; compatible; bingbot/2.0; +http://www.bing.com/bingbot.htm) Chrome/116.0.1938.76 Safari/537.36"
185.216.113.70 - - [29/Apr/2026:22:04:24 +0300] "POST /wp-cron.php?doing_wp_cron=1777489464.6706669330596923828125 HTTP/1.1" 200 448 "-" "WordPress/6.3.8; https://serhatburke.miroglu.net"
185.216.113.70 - - [29/Apr/2026:22:04:25 +0300] "POST /wp-cron.php?doing_wp_cron=1777489465.6539700031280517578125 HTTP/1.1" 200 448 "-" "WordPress/6.3.8; https://serhatburke.miroglu.net"
62.12.119.247 - - [29/Apr/2026:22:03:19 +0300] "POST /xmlrpc.php HTTP/1.1" 200 15244 "-" "Mozilla/5.0 (Windows NT 10.0; Win64; x64) AppleWebKit/537.36 (KHTML, like Gecko) Chrome/114.0.0.0 Safari/537.36"
57.128.22.95 - - [29/Apr/2026:22:03:23 +0300] "GET /28563-2/ HTTP/1.1" 200 19313 "https://serhatburke.miroglu.net/" "Mozilla/5.0 (X11; Linux x86_64; rv:146.0) Gecko/20100101 Firefox/146.0"
40.77.167.46 - - [29/Apr/2026:22:03:47 +0300] "GET /the-brand-new-subscription-techniques-are-simple-and-quick-and-you-will-deposit-fund-has-worked-without-any-problems/ HTTP/2" 200 0 "-" "Mozilla/5.0 AppleWebKit/537.36 (KHTML, like Gecko; compatible; bingbot/2.0; +http://www.bing.com/bingbot.htm) Chrome/116.0.1938.76 Safari/537.36"
40.77.167.46 - - [29/Apr/2026:22:03:51 +0300] "GET /the-new-borgata-gambling-enterprise-greeting-bonus-promo-password-sportslineborg-includes-to-500-within-the-dark-knight-slot-machine-deposit-fits-loans-up-to-1one-hundred-thousand-added-bonus-revo/ HTTP/2" 200 0 "-" "Mozilla/5.0 AppleWebKit/537.36 (KHTML, like Gecko; compatible; bingbot/2.0; +http://www.bing.com/bingbot.htm) Chrome/116.0.1938.76 Safari/537.36"
40.77.167.131 - - [29/Apr/2026:22:03:52 +0300] "GET /kraken-bezopasnye-puti-v-darknet-2026-goda/ HTTP/2" 200 0 "-" "Mozilla/5.0 AppleWebKit/537.36 (KHTML, like Gecko; compatible; bingbot/2.0; +http://www.bing.com/bingbot.htm) Chrome/116.0.1938.76 Safari/537.36"
185.216.113.70 - - [29/Apr/2026:22:04:41 +0300] "POST /wp-cron.php?doing_wp_cron=1777489481.7606530189514160156250 HTTP/1.1" 200 448 "-" "WordPress/6.3.8; https://serhatburke.miroglu.net"
38.246.32.214 - - [29/Apr/2026:22:03:41 +0300] "POST /xmlrpc.php HTTP/1.1" 200 9055 "-" "Mozilla/5.0 (Windows NT 10.0; Win64; x64) AppleWebKit/537.36 (KHTML, like Gecko) Chrome/114.0.0.0 Safari/537.36"
40.77.167.131 - - [29/Apr/2026:22:03:56 +0300] "GET /happiest-xmas-gypsy-rose-slot-games-tree/ HTTP/2" 200 0 "-" "Mozilla/5.0 AppleWebKit/537.36 (KHTML, like Gecko; compatible; bingbot/2.0; +http://www.bing.com/bingbot.htm) Chrome/116.0.1938.76 Safari/537.36"
185.216.113.70 - - [29/Apr/2026:22:04:49 +0300] "POST /wp-cron.php?doing_wp_cron=1777489488.9484229087829589843750 HTTP/1.1" 200 448 "-" "WordPress/6.3.8; https://serhatburke.miroglu.net"
62.12.119.247 - - [29/Apr/2026:22:03:37 +0300] "POST /xmlrpc.php HTTP/1.1" 200 630 "-" "Mozilla/5.0 (Windows NT 10.0; Win64; x64) AppleWebKit/537.36 (KHTML, like Gecko) Chrome/114.0.0.0 Safari/537.36"
40.77.167.76 - - [29/Apr/2026:22:04:18 +0300] "GET /mouse-click-register-today-and-you-will-let-us-get-this-group-been/ HTTP/2" 200 0 "-" "Mozilla/5.0 AppleWebKit/537.36 (KHTML, like Gecko; compatible; bingbot/2.0; +http://www.bing.com/bingbot.htm) Chrome/116.0.1938.76 Safari/537.36"
52.39.241.40 - - [29/Apr/2026:22:05:01 +0300] "POST /xmlrpc.php HTTP/2" 200 0 "-" "Mozilla/5.0 (Windows NT 10.0; WOW64) AppleWebKit/537.36 (KHTML, like Gecko) Chrome/65.0.3325.162 Safari/537.36"
185.216.113.70 - - [29/Apr/2026:22:05:34 +0300] "POST /wp-cron.php?doing_wp_cron=1777489534.6838610172271728515625 HTTP/1.1" 200 448 "-" "WordPress/6.3.8; https://serhatburke.miroglu.net"
62.12.119.247 - - [29/Apr/2026:22:04:17 +0300] "POST /xmlrpc.php HTTP/1.1" 200 15714 "-" "Mozilla/5.0 (Windows NT 10.0; Win64; x64) AppleWebKit/537.36 (KHTML, like Gecko) Chrome/114.0.0.0 Safari/537.36"
62.12.119.247 - - [29/Apr/2026:22:04:28 +0300] "GET /cet-essai-commentaire-sur-playojo-80-no-deposit-free-spins-correct-options-casino-de-2026/ HTTP/1.1" 200 79575 "-" "Mozilla/5.0 (Windows NT 10.0; Win64; x64) AppleWebKit/537.36 (KHTML, like Gecko) Chrome/122.0.0.0 Safari/537.36"
57.128.22.95 - - [29/Apr/2026:22:04:24 +0300] "GET /28563-2/ HTTP/1.1" 200 19313 "https://serhatburke.miroglu.net/" "Mozilla/5.0 (X11; Linux x86_64; rv:146.0) Gecko/20100101 Firefox/146.0"
38.246.32.214 - - [29/Apr/2026:22:04:34 +0300] "POST /xmlrpc.php HTTP/1.1" 200 630 "-" "Mozilla/5.0 (Windows NT 10.0; Win64; x64) AppleWebKit/537.36 (KHTML, like Gecko) Chrome/114.0.0.0 Safari/537.36"
38.246.32.214 - - [29/Apr/2026:22:04:44 +0300] "GET /already-the-largest-and-greatest-choice-for-gambling-establishment-build-gambling-inside-northern-dakota-is-the-fact-which-takes-place-on-tribal-places/ HTTP/1.1" 200 75148 "-" "Mozilla/5.0 (Windows NT 10.0; Win64; x64; rv:125.0) Gecko/20100101 Firefox/125.0"
62.12.119.247 - - [29/Apr/2026:22:04:32 +0300] "POST /xmlrpc.php HTTP/1.1" 200 630 "-" "Mozilla/5.0 (Windows NT 10.0; Win64; x64) AppleWebKit/537.36 (KHTML, like Gecko) Chrome/114.0.0.0 Safari/537.36"
40.77.167.76 - - [29/Apr/2026:22:05:20 +0300] "GET /gamble-noahs-ark-slot-at-no-cost-attractive-image-and-unique/ HTTP/2" 200 0 "-" "Mozilla/5.0 AppleWebKit/537.36 (KHTML, like Gecko; compatible; bingbot/2.0; +http://www.bing.com/bingbot.htm) Chrome/116.0.1938.76 Safari/537.36"
196.243.240.191 - - [29/Apr/2026:22:05:00 +0300] "GET /zotabet-casino-bonus-premier-depot-2026/ HTTP/1.1" 200 19111 "https://serhatburke.miroglu.net/" "Mozilla/5.0 (X11; Linux x86_64; rv:109.0) Gecko/20100101 Firefox/119.0"
62.12.119.247 - - [29/Apr/2026:22:04:56 +0300] "POST /xmlrpc.php HTTP/1.1" 200 15532 "-" "Mozilla/5.0 (Windows NT 10.0; Win64; x64) AppleWebKit/537.36 (KHTML, like Gecko) Chrome/114.0.0.0 Safari/537.36"
62.12.119.247 - - [29/Apr/2026:22:05:22 +0300] "POST /xmlrpc.php HTTP/1.1" 200 630 "-" "Mozilla/5.0 (Windows NT 10.0; Win64; x64) AppleWebKit/537.36 (KHTML, like Gecko) Chrome/114.0.0.0 Safari/537.36"
185.216.113.70 - - [29/Apr/2026:22:06:46 +0300] "POST /wp-cron.php?doing_wp_cron=1777489605.9586029052734375000000 HTTP/1.1" 200 448 "-" "WordPress/6.3.8; https://serhatburke.miroglu.net"
198.144.180.70 - - [29/Apr/2026:22:05:30 +0300] "GET /zotabet-casino-bonus-premier-depot-2026/ HTTP/1.1" 200 19136 "https://serhatburke.miroglu.net/" "Mozilla/5.0 (X11; Linux x86_64; rv:109.0) Gecko/20100101 Firefox/119.0"
185.216.113.70 - - [29/Apr/2026:22:06:50 +0300] "POST /wp-cron.php?doing_wp_cron=1777489609.8698599338531494140625 HTTP/1.1" 200 448 "-" "WordPress/6.3.8; https://serhatburke.miroglu.net"
62.12.119.247 - - [29/Apr/2026:22:05:37 +0300] "GET /leovegas-promo-password-2026-all-the-bonuses-lion-slots-50-free-spins-no-deposit-casino-2023-reviewed-invited-incentive/ HTTP/1.1" 200 81075 "-" "Mozilla/5.0 (Windows NT 10.0; Win64; x64; rv:125.0) Gecko/20100101 Firefox/125.0"
185.216.113.70 - - [29/Apr/2026:22:07:12 +0300] "POST /wp-cron.php?doing_wp_cron=1777489632.6544599533081054687500 HTTP/1.1" 200 448 "-" "WordPress/6.3.8; https://serhatburke.miroglu.net"
200.71.124.254 - - [29/Apr/2026:22:06:01 +0300] "GET /zotabet-casino-bonus-premier-depot-2026/ HTTP/1.1" 200 19136 "https://serhatburke.miroglu.net/" "Mozilla/5.0 (X11; Linux x86_64; rv:109.0) Gecko/20100101 Firefox/119.0"
185.216.113.70 - - [29/Apr/2026:22:07:18 +0300] "POST /wp-cron.php?doing_wp_cron=1777489638.6479539871215820312500 HTTP/1.1" 200 448 "-" "WordPress/6.3.8; https://serhatburke.miroglu.net"
38.246.32.214 - - [29/Apr/2026:22:06:06 +0300] "POST /xmlrpc.php HTTP/1.1" 200 8995 "-" "Mozilla/5.0 (Windows NT 10.0; Win64; x64) AppleWebKit/537.36 (KHTML, like Gecko) Chrome/114.0.0.0 Safari/537.36"
185.216.113.70 - - [29/Apr/2026:22:07:20 +0300] "POST /wp-cron.php?doing_wp_cron=1777489640.7724790573120117187500 HTTP/1.1" 200 448 "-" "WordPress/6.3.8; https://serhatburke.miroglu.net"
62.12.119.247 - - [29/Apr/2026:22:06:11 +0300] "POST /xmlrpc.php HTTP/1.1" 200 15505 "-" "Mozilla/5.0 (Windows NT 10.0; Win64; x64) AppleWebKit/537.36 (KHTML, like Gecko) Chrome/114.0.0.0 Safari/537.36"
185.216.113.70 - - [29/Apr/2026:22:07:37 +0300] "POST /wp-cron.php?doing_wp_cron=1777489657.5378661155700683593750 HTTP/1.1" 200 448 "-" "WordPress/6.3.8; https://serhatburke.miroglu.net"
62.12.119.247 - - [29/Apr/2026:22:06:13 +0300] "POST /xmlrpc.php HTTP/1.1" 200 630 "-" "Mozilla/5.0 (Windows NT 10.0; Win64; x64) AppleWebKit/537.36 (KHTML, like Gecko) Chrome/114.0.0.0 Safari/537.36"
185.216.113.70 - - [29/Apr/2026:22:07:39 +0300] "POST /wp-cron.php?doing_wp_cron=1777489659.1617560386657714843750 HTTP/1.1" 200 448 "-" "WordPress/6.3.8; https://serhatburke.miroglu.net"
38.246.32.214 - - [29/Apr/2026:22:06:21 +0300] "POST /xmlrpc.php HTTP/1.1" 200 630 "-" "Mozilla/5.0 (Windows NT 10.0; Win64; x64) AppleWebKit/537.36 (KHTML, like Gecko) Chrome/114.0.0.0 Safari/537.36"
185.216.113.70 - - [29/Apr/2026:22:07:46 +0300] "POST /wp-cron.php?doing_wp_cron=1777489666.5617051124572753906250 HTTP/1.1" 200 448 "-" "WordPress/6.3.8; https://serhatburke.miroglu.net"
185.216.113.70 - - [29/Apr/2026:22:07:47 +0300] "POST /wp-cron.php?doing_wp_cron=1777489667.5445570945739746093750 HTTP/1.1" 200 448 "-" "WordPress/6.3.8; https://serhatburke.miroglu.net"
57.128.22.95 - - [29/Apr/2026:22:06:27 +0300] "GET /zotabet-casino-bonus-premier-depot-2026/ HTTP/1.1" 200 19232 "https://serhatburke.miroglu.net/" "Mozilla/5.0 (Windows NT 10.0; Win64; x64) AppleWebKit/537.36 (KHTML, like Gecko) Chrome/146.0.0.0 Safari/537.36"
62.12.119.247 - - [29/Apr/2026:22:06:19 +0300] "GET /betfred-gambling-enterprise-incentive-code-british-march-2026-awaken-in-order-to-2-primebetz-promo-code-hundred-100-percent-free-spins/ HTTP/1.1" 200 81157 "-" "Mozilla/5.0 (Windows NT 10.0; Win64; x64; rv:125.0) Gecko/20100101 Firefox/125.0"
185.216.113.70 - - [29/Apr/2026:22:08:02 +0300] "POST /wp-cron.php?doing_wp_cron=1777489682.8691160678863525390625 HTTP/1.1" 200 448 "-" "WordPress/6.3.8; https://serhatburke.miroglu.net"
62.12.119.247 - - [29/Apr/2026:22:06:41 +0300] "POST /xmlrpc.php HTTP/1.1" 200 15327 "-" "Mozilla/5.0 (Windows NT 10.0; Win64; x64) AppleWebKit/537.36 (KHTML, like Gecko) Chrome/114.0.0.0 Safari/537.36"
185.216.113.70 - - [29/Apr/2026:22:09:07 +0300] "POST /wp-cron.php?doing_wp_cron=1777489747.3453330993652343750000 HTTP/1.1" 200 448 "-" "WordPress/6.3.8; https://serhatburke.miroglu.net"
62.12.119.247 - - [29/Apr/2026:22:07:12 +0300] "POST /xmlrpc.php HTTP/1.1" 200 630 "-" "Mozilla/5.0 (Windows NT 10.0; Win64; x64) AppleWebKit/537.36 (KHTML, like Gecko) Chrome/114.0.0.0 Safari/537.36"
185.216.113.70 - - [29/Apr/2026:22:09:14 +0300] "POST /wp-cron.php?doing_wp_cron=1777489754.5465641021728515625000 HTTP/1.1" 200 448 "-" "WordPress/6.3.8; https://serhatburke.miroglu.net"
57.128.22.95 - - [29/Apr/2026:22:07:27 +0300] "GET /zotabet-casino-bonus-premier-depot-2026/ HTTP/1.1" 200 19313 "https://serhatburke.miroglu.net/" "Mozilla/5.0 (Windows NT 10.0; Win64; x64) AppleWebKit/537.36 (KHTML, like Gecko) Chrome/146.0.0.0 Safari/537.36"
38.246.32.214 - - [29/Apr/2026:22:07:20 +0300] "GET /a-gambling-enterprise-means-more-than-just-a-handful-of-games-it-needs-range/ HTTP/1.1" 500 745 "-" "Mozilla/5.0 (Windows NT 10.0; Win64; x64) AppleWebKit/537.36 (KHTML, like Gecko) Chrome/122.0.0.0 Safari/537.36"
185.216.113.70 - - [29/Apr/2026:22:09:25 +0300] "POST /wp-cron.php?doing_wp_cron=1777489765.0445599555969238281250 HTTP/1.1" 200 448 "-" "WordPress/6.3.8; https://serhatburke.miroglu.net"
62.12.119.247 - - [29/Apr/2026:22:07:24 +0300] "GET /100-percent-free-slots-on-the-web-no-deposit-bonus-captain-quids-societal-casino/ HTTP/1.1" 500 745 "-" "Mozilla/5.0 (Windows NT 10.0; Win64; x64) AppleWebKit/537.36 (KHTML, like Gecko) Chrome/123.0.0.0 Safari/537.36"
185.216.113.70 - - [29/Apr/2026:22:09:39 +0300] "POST /wp-cron.php?doing_wp_cron=1777489779.5556778907775878906250 HTTP/1.1" 200 448 "-" "WordPress/6.3.8; https://serhatburke.miroglu.net"
38.246.32.214 - - [29/Apr/2026:22:07:49 +0300] "POST /xmlrpc.php HTTP/1.1" 200 9231 "-" "Mozilla/5.0 (Windows NT 10.0; Win64; x64) AppleWebKit/537.36 (KHTML, like Gecko) Chrome/114.0.0.0 Safari/537.36"
62.12.119.247 - - [29/Apr/2026:22:07:45 +0300] "POST /xmlrpc.php HTTP/1.1" 500 745 "-" "Mozilla/5.0 (Windows NT 10.0; Win64; x64) AppleWebKit/537.36 (KHTML, like Gecko) Chrome/114.0.0.0 Safari/537.36"
38.246.32.214 - - [29/Apr/2026:22:08:04 +0300] "POST /xmlrpc.php HTTP/1.1" 500 745 "-" "Mozilla/5.0 (Windows NT 10.0; Win64; x64) AppleWebKit/537.36 (KHTML, like Gecko) Chrome/114.0.0.0 Safari/537.36"
185.216.113.70 - - [29/Apr/2026:22:10:08 +0300] "POST /wp-cron.php?doing_wp_cron=1777489807.9176669120788574218750 HTTP/1.1" 200 448 "-" "WordPress/6.3.8; https://serhatburke.miroglu.net"
62.12.119.247 - - [29/Apr/2026:22:08:07 +0300] "GET /bitcoin-gambling-enterprise-rainbow-riches-slot-multi-award-winning-crypto-gambling-establishment/ HTTP/1.1" 500 745 "-" "Mozilla/5.0 (Windows NT 10.0; Win64; x64) AppleWebKit/537.36 (KHTML, like Gecko) Chrome/123.0.0.0 Safari/537.36"
104.166.164.54 - - [29/Apr/2026:22:08:21 +0300] "POST /xmlrpc.php HTTP/1.1" 500 745 "-" "Mozilla/5.0 (Windows NT 10.0; Win64; x64) AppleWebKit/537.36 (KHTML, like Gecko) Chrome/114.0.0.0 Safari/537.36"
57.128.22.95 - - [29/Apr/2026:22:08:28 +0300] "GET /zotabet-casino-bonus-premier-depot-2026/ HTTP/1.1" 500 782 "https://serhatburke.miroglu.net/" "Mozilla/5.0 (Windows NT 10.0; Win64; x64) AppleWebKit/537.36 (KHTML, like Gecko) Chrome/146.0.0.0 Safari/537.36"
185.216.113.70 - - [29/Apr/2026:22:10:33 +0300] "POST /wp-cron.php?doing_wp_cron=1777489833.7171549797058105468750 HTTP/1.1" 200 448 "-" "WordPress/6.3.8; https://serhatburke.miroglu.net"
62.12.119.247 - - [29/Apr/2026:22:08:52 +0300] "POST /xmlrpc.php HTTP/1.1" 500 745 "-" "Mozilla/5.0 (Windows NT 10.0; Win64; x64) AppleWebKit/537.36 (KHTML, like Gecko) Chrome/114.0.0.0 Safari/537.36"
57.128.22.95 - - [29/Apr/2026:22:09:57 +0300] "GET /88701-2/ HTTP/1.1" 200 0 "-" "Mozilla/5.0 (compatible; Googlebot/2.1; +http://www.google.com/bot.html)"
38.246.32.214 - - [29/Apr/2026:22:09:00 +0300] "POST /xmlrpc.php HTTP/1.1" 500 745 "-" "Mozilla/5.0 (Windows NT 10.0; Win64; x64) AppleWebKit/537.36 (KHTML, like Gecko) Chrome/114.0.0.0 Safari/537.36"
62.12.119.247 - - [29/Apr/2026:22:09:02 +0300] "POST /xmlrpc.php HTTP/1.1" 500 745 "-" "Mozilla/5.0 (Windows NT 10.0; Win64; x64) AppleWebKit/537.36 (KHTML, like Gecko) Chrome/114.0.0.0 Safari/537.36"
62.12.119.247 - - [29/Apr/2026:22:09:30 +0300] "POST /xmlrpc.php HTTP/1.1" 500 745 "-" "Mozilla/5.0 (Windows NT 10.0; Win64; x64) AppleWebKit/537.36 (KHTML, like Gecko) Chrome/114.0.0.0 Safari/537.36"
38.246.32.214 - - [29/Apr/2026:22:09:33 +0300] "POST /xmlrpc.php HTTP/1.1" 500 745 "-" "Mozilla/5.0 (Windows NT 10.0; Win64; x64) AppleWebKit/537.36 (KHTML, like Gecko) Chrome/114.0.0.0 Safari/537.36"
38.246.32.214 - - [29/Apr/2026:22:09:38 +0300] "POST /xmlrpc.php HTTP/1.1" 500 745 "-" "Mozilla/5.0 (Windows NT 10.0; Win64; x64) AppleWebKit/537.36 (KHTML, like Gecko) Chrome/114.0.0.0 Safari/537.36"
40.77.167.131 - - [29/Apr/2026:22:10:49 +0300] "GET /%E3%83%AF%E3%83%B3%E3%83%80%E3%83%95%E3%83%AB%E3%83%BB%E3%82%B4%E3%83%83%E3%83%87%E3%82%B9%E3%83%BB%E3%82%B9%E3%83%AD%E3%83%83%E3%83%88%EF%BC%9A%E6%83%85%E5%A0%B1%E3%80%81%E3%83%95%E3%83%AA%E3%83%BC/ HTTP/2" 200 0 "-" "Mozilla/5.0 AppleWebKit/537.36 (KHTML, like Gecko; compatible; bingbot/2.0; +http://www.bing.com/bingbot.htm) Chrome/116.0.1938.76 Safari/537.36"
38.246.32.214 - - [29/Apr/2026:22:09:44 +0300] "POST /xmlrpc.php HTTP/1.1" 500 745 "-" "Mozilla/5.0 (Windows NT 10.0; Win64; x64) AppleWebKit/537.36 (KHTML, like Gecko) Chrome/114.0.0.0 Safari/537.36"
62.12.119.247 - - [29/Apr/2026:22:09:45 +0300] "POST /xmlrpc.php HTTP/1.1" 500 745 "-" "Mozilla/5.0 (Windows NT 10.0; Win64; x64) AppleWebKit/537.36 (KHTML, like Gecko) Chrome/114.0.0.0 Safari/537.36"
104.166.164.54 - - [29/Apr/2026:22:10:00 +0300] "POST /xmlrpc.php HTTP/1.1" 500 745 "-" "Mozilla/5.0 (Windows NT 10.0; Win64; x64) AppleWebKit/537.36 (KHTML, like Gecko) Chrome/114.0.0.0 Safari/537.36"
147.235.144.124 - - [29/Apr/2026:22:11:39 +0300] "GET /beste-casino-site-belgie-hoge-inzet/ HTTP/1.1" 200 0 "-" "Mozilla/5.0 (compatible; Googlebot/2.1; +http://www.google.com/bot.html)"
185.216.113.70 - - [29/Apr/2026:22:12:12 +0300] "POST /wp-cron.php?doing_wp_cron=1777489932.1756730079650878906250 HTTP/1.1" 200 448 "-" "WordPress/6.3.8; https://serhatburke.miroglu.net"
62.12.119.247 - - [29/Apr/2026:22:10:37 +0300] "POST /xmlrpc.php HTTP/1.1" 200 14511 "-" "Mozilla/5.0 (Windows NT 10.0; Win64; x64) AppleWebKit/537.36 (KHTML, like Gecko) Chrome/114.0.0.0 Safari/537.36"
185.216.113.70 - - [29/Apr/2026:22:12:18 +0300] "POST /wp-cron.php?doing_wp_cron=1777489938.4633250236511230468750 HTTP/1.1" 200 448 "-" "WordPress/6.3.8; https://serhatburke.miroglu.net"
185.216.113.70 - - [29/Apr/2026:22:12:19 +0300] "POST /wp-cron.php?doing_wp_cron=1777489939.0791339874267578125000 HTTP/1.1" 200 448 "-" "WordPress/6.3.8; https://serhatburke.miroglu.net"
38.246.32.214 - - [29/Apr/2026:22:11:13 +0300] "GET /?p=144435 HTTP/1.1" 301 706 "-" "Mozilla/5.0 (Windows NT 10.0; Win64; x64) AppleWebKit/537.36 (KHTML, like Gecko) Chrome/109.0.0.0 Safari/537.36"
62.12.119.247 - - [29/Apr/2026:22:11:10 +0300] "GET /?p=144433 HTTP/1.1" 301 699 "-" "Mozilla/5.0 (Windows NT 10.0; Win64; x64) AppleWebKit/537.36 (KHTML, like Gecko) Chrome/124.0.0.0 Safari/537.36 Edg/124.0.0.0"
185.216.113.70 - - [29/Apr/2026:22:12:21 +0300] "POST /wp-cron.php?doing_wp_cron=1777489941.1672220230102539062500 HTTP/1.1" 200 448 "-" "WordPress/6.3.8; https://serhatburke.miroglu.net"
38.246.32.214 - - [29/Apr/2026:22:11:18 +0300] "POST /xmlrpc.php HTTP/1.1" 500 1102 "-" "Mozilla/5.0 (Windows NT 10.0; Win64; x64) AppleWebKit/537.36 (KHTML, like Gecko) Chrome/114.0.0.0 Safari/537.36"
40.77.167.41 - - [29/Apr/2026:22:12:18 +0300] "GET /bwin-sportsbook-betting-website-opinion-inside-2026/ HTTP/2" 200 0 "-" "Mozilla/5.0 AppleWebKit/537.36 (KHTML, like Gecko; compatible; bingbot/2.0; +http://www.bing.com/bingbot.htm) Chrome/116.0.1938.76 Safari/537.36"
52.167.144.234 - - [29/Apr/2026:22:12:23 +0300] "GET /melbet-opinion-2026-understanding-player-reviews-from-the-casino-sunmaker-bonus-codes-philippines/ HTTP/2" 200 0 "-" "Mozilla/5.0 AppleWebKit/537.36 (KHTML, like Gecko; compatible; bingbot/2.0; +http://www.bing.com/bingbot.htm) Chrome/116.0.1938.76 Safari/537.36"
40.77.167.41 - - [29/Apr/2026:22:12:28 +0300] "GET /kraken-issleduite-darknet-s-bezopasnymi-ssylkami-2026/ HTTP/2" 200 0 "-" "Mozilla/5.0 AppleWebKit/537.36 (KHTML, like Gecko; compatible; bingbot/2.0; +http://www.bing.com/bingbot.htm) Chrome/116.0.1938.76 Safari/537.36"
185.216.113.70 - - [29/Apr/2026:22:13:22 +0300] "POST /wp-cron.php?doing_wp_cron=1777490002.0618810653686523437500 HTTP/1.1" 200 448 "-" "WordPress/6.3.8; https://serhatburke.miroglu.net"
40.77.167.76 - - [29/Apr/2026:22:12:33 +0300] "GET /current-listing-of-an-informed-this-new-web-based-casinos-with-incentives/ HTTP/2" 200 0 "-" "Mozilla/5.0 AppleWebKit/537.36 (KHTML, like Gecko; compatible; bingbot/2.0; +http://www.bing.com/bingbot.htm) Chrome/116.0.1938.76 Safari/537.36"
62.12.119.247 - - [29/Apr/2026:22:12:14 +0300] "GET /formal-24-casino-login-for-pc-local-casino-gamble-victory-genuine-awards/ HTTP/1.1" 200 79328 "-" "Mozilla/5.0 (Windows NT 10.0; Win64; x64) AppleWebKit/537.36 (KHTML, like Gecko) Chrome/124.0.0.0 Safari/537.36 Edg/124.0.0.0"
38.246.32.214 - - [29/Apr/2026:22:12:20 +0300] "GET /we-realize-each-person-provides-various-other-needs-and-therefore-review-and-score-an-educated-game-across-the-board/ HTTP/1.1" 200 74779 "-" "Mozilla/5.0 (Windows NT 10.0; Win64; x64) AppleWebKit/537.36 (KHTML, like Gecko) Chrome/109.0.0.0 Safari/537.36"
62.12.119.247 - - [29/Apr/2026:22:12:22 +0300] "GET /no-deposit-incentive-rules-100-secrets-of-the-amazon-rtp-jackpot-slot-percent-free-revolves-updated-every-day/ HTTP/1.1" 200 80823 "-" "Mozilla/5.0 (Windows NT 10.0; Win64; x64) AppleWebKit/537.36 (KHTML, like Gecko) Chrome/124.0.0.0 Safari/537.36 Edg/124.0.0.0"
38.246.32.214 - - [29/Apr/2026:22:12:53 +0300] "POST /xmlrpc.php HTTP/1.1" 200 627 "-" "Mozilla/5.0 (Windows NT 10.0; Win64; x64) AppleWebKit/537.36 (KHTML, like Gecko) Chrome/114.0.0.0 Safari/537.36"
62.12.119.247 - - [29/Apr/2026:22:12:50 +0300] "POST /xmlrpc.php HTTP/1.1" 200 861 "-" "Mozilla/5.0 (Windows NT 10.0; Win64; x64) AppleWebKit/537.36 (KHTML, like Gecko) Chrome/114.0.0.0 Safari/537.36"
40.77.167.41 - - [29/Apr/2026:22:13:18 +0300] "GET /mega-moolah-jackpot-winners-all-the-wins-detailed-enjoy-providing-melbourne-birthday-celebration-wedding-providing-special-occasions-funerals/ HTTP/2" 200 19723 "-" "Mozilla/5.0 AppleWebKit/537.36 (KHTML, like Gecko; compatible; bingbot/2.0; +http://www.bing.com/bingbot.htm) Chrome/116.0.1938.76 Safari/537.36"
52.167.144.234 - - [29/Apr/2026:22:13:22 +0300] "GET /free-chip-incentives-instead-deposit-%EF%BF%BD-pros-and-cons/ HTTP/2" 200 17446 "-" "Mozilla/5.0 AppleWebKit/537.36 (KHTML, like Gecko; compatible; bingbot/2.0; +http://www.bing.com/bingbot.htm) Chrome/116.0.1938.76 Safari/537.36"
40.77.167.41 - - [29/Apr/2026:22:13:28 +0300] "GET /best-real-money-web-based-casino-online-minimum-deposit-3-casinos-top-ten-within-the-february-2026/ HTTP/2" 200 20333 "-" "Mozilla/5.0 AppleWebKit/537.36 (KHTML, like Gecko; compatible; bingbot/2.0; +http://www.bing.com/bingbot.htm) Chrome/116.0.1938.76 Safari/537.36"
157.90.251.56 - - [29/Apr/2026:22:13:58 +0300] "GET /wp-login.php HTTP/2" 200 3092 "-" "Mozilla/5.0 (Macintosh; Intel Mac OS X 10_13_4) AppleWebKit/537.36 (KHTML, like Gecko) Chrome/66.0.3359.117 Safari/537.36"
40.77.167.41 - - [29/Apr/2026:22:14:07 +0300] "GET /the-brand-new-faqs-webpage-also-offers-a-good-listing-of-topics-as-well-as-costs-award-redemption-confirmation-and-you-may-video-game/ HTTP/2" 200 17639 "-" "Mozilla/5.0 AppleWebKit/537.36 (KHTML, like Gecko; compatible; bingbot/2.0; +http://www.bing.com/bingbot.htm) Chrome/116.0.1938.76 Safari/537.36"
157.90.251.56 - - [29/Apr/2026:22:14:13 +0300] "POST /wp-login.php HTTP/2" 200 3254 "https://serhatburke.miroglu.net/wp-login.php" "Mozilla/5.0 (Macintosh; Intel Mac OS X 10_13_4) AppleWebKit/537.36 (KHTML, like Gecko) Chrome/66.0.3359.117 Safari/537.36"
40.77.167.41 - - [29/Apr/2026:22:14:27 +0300] "GET /restricted-play-hot-shot-online-country/ HTTP/2" 200 18838 "-" "Mozilla/5.0 AppleWebKit/537.36 (KHTML, like Gecko; compatible; bingbot/2.0; +http://www.bing.com/bingbot.htm) Chrome/116.0.1938.76 Safari/537.36"
185.216.113.70 - - [29/Apr/2026:22:14:59 +0300] "POST /wp-cron.php?doing_wp_cron=1777490099.5252280235290527343750 HTTP/1.1" 200 448 "-" "WordPress/6.3.8; https://serhatburke.miroglu.net"
40.77.167.41 - - [29/Apr/2026:22:14:47 +0300] "GET /happiest-xmas-forest-slot-online-1920-casino-game-habanero-remark-score/ HTTP/2" 200 19211 "-" "Mozilla/5.0 AppleWebKit/537.36 (KHTML, like Gecko; compatible; bingbot/2.0; +http://www.bing.com/bingbot.htm) Chrome/116.0.1938.76 Safari/537.36"
40.77.167.41 - - [29/Apr/2026:22:15:07 +0300] "GET /bovegas-coupon-codes-huge-fits-free-chips-agent-jane-blonde-pokie-for-money-spins/ HTTP/2" 200 18857 "-" "Mozilla/5.0 AppleWebKit/537.36 (KHTML, like Gecko; compatible; bingbot/2.0; +http://www.bing.com/bingbot.htm) Chrome/116.0.1938.76 Safari/537.36"
185.216.113.70 - - [29/Apr/2026:22:16:40 +0300] "POST /wp-cron.php?doing_wp_cron=1777490200.8155770301818847656250 HTTP/1.1" 200 448 "-" "WordPress/6.3.8; https://serhatburke.miroglu.net"
66.249.73.1 - - [29/Apr/2026:22:16:28 +0300] "GET /?p=135987 HTTP/1.1" 301 668 "-" "Mozilla/5.0 (Linux; Android 6.0.1; Nexus 5X Build/MMB29P) AppleWebKit/537.36 (KHTML, like Gecko) Chrome/147.0.7727.116 Mobile Safari/537.36 (compatible; Googlebot/2.1; +http://www.google.com/bot.html)"
14.191.18.147 - - [29/Apr/2026:22:16:53 +0300] "POST /xmlrpc.php HTTP/2" 200 138 "-" "WordPress/XMLRPC Client"
185.216.113.70 - - [29/Apr/2026:22:17:20 +0300] "POST /wp-cron.php?doing_wp_cron=1777490240.3721759319305419921875 HTTP/1.1" 200 448 "-" "WordPress/6.3.8; https://serhatburke.miroglu.net"
14.191.18.147 - - [29/Apr/2026:22:17:07 +0300] "GET /?p=144444 HTTP/2" 301 0 "-" "Mozilla/5.0 (Windows NT 10.0; Win64; x64) AppleWebKit/537.36 (KHTML, like Gecko) Chrome/120.0.0.0 Safari/537.36"
185.216.113.70 - - [29/Apr/2026:22:17:59 +0300] "POST /wp-cron.php?doing_wp_cron=1777490279.6567308902740478515625 HTTP/1.1" 200 448 "-" "WordPress/6.3.8; https://serhatburke.miroglu.net"
40.77.167.8 - - [29/Apr/2026:22:17:38 +0300] "GET /50-freispiele-exklusive-einzahlung-eine-fantastische-lekture-2026-aktuelle-angebote/ HTTP/2" 200 19825 "-" "Mozilla/5.0 AppleWebKit/537.36 (KHTML, like Gecko; compatible; bingbot/2.0; +http://www.bing.com/bingbot.htm) Chrome/116.0.1938.76 Safari/537.36"
40.77.167.8 - - [29/Apr/2026:22:17:40 +0300] "GET /crown-of-egyp-tragamonedas-regalado-falto-descargar/ HTTP/2" 200 19627 "-" "Mozilla/5.0 AppleWebKit/537.36 (KHTML, like Gecko; compatible; bingbot/2.0; +http://www.bing.com/bingbot.htm) Chrome/116.0.1938.76 Safari/537.36"
40.77.167.41 - - [29/Apr/2026:22:17:43 +0300] "GET /holly-jolly-pleased-go-out-pours-merchandise-711-townbank-rd-cape-could-possible-get-new-jersey-vy-nj-new-jersey-legitimne-miestne-kasino-08204-5-decembra-2025-motivacne-stiahnite-si-apl/ HTTP/2" 200 19236 "-" "Mozilla/5.0 AppleWebKit/537.36 (KHTML, like Gecko; compatible; bingbot/2.0; +http://www.bing.com/bingbot.htm) Chrome/116.0.1938.76 Safari/537.36"
66.249.73.14 - - [29/Apr/2026:22:17:46 +0300] "GET /gua-de-casinos-en-lnea-en-argentina4962-2/ HTTP/1.1" 200 18857 "-" "Mozilla/5.0 (Linux; Android 6.0.1; Nexus 5X Build/MMB29P) AppleWebKit/537.36 (KHTML, like Gecko) Chrome/147.0.7727.116 Mobile Safari/537.36 (compatible; Googlebot/2.1; +http://www.google.com/bot.html)"
52.167.144.234 - - [29/Apr/2026:22:17:56 +0300] "GET /najlepsze-krajowe-kasyno-sieciowy-2025/ HTTP/2" 200 18970 "-" "Mozilla/5.0 AppleWebKit/537.36 (KHTML, like Gecko; compatible; bingbot/2.0; +http://www.bing.com/bingbot.htm) Chrome/116.0.1938.76 Safari/537.36"
52.167.144.234 - - [29/Apr/2026:22:18:00 +0300] "GET /5-dragons-pokie-servers-demo-spartacus-online-slot-play-for-real-money-from-aristocrat/ HTTP/2" 200 19049 "-" "Mozilla/5.0 AppleWebKit/537.36 (KHTML, like Gecko; compatible; bingbot/2.0; +http://www.bing.com/bingbot.htm) Chrome/116.0.1938.76 Safari/537.36"
40.77.167.41 - - [29/Apr/2026:22:18:16 +0300] "GET /eye-of-horus-tricks-tipps-provision-enthullt-buffalo-spielautomat-2026-%D7%90%D7%95%D7%A4%D7%A0%D7%AA-%D7%99%D7%94%D7%9C%D7%95%D7%9D/ HTTP/2" 200 20735 "-" "Mozilla/5.0 AppleWebKit/537.36 (KHTML, like Gecko; compatible; bingbot/2.0; +http://www.bing.com/bingbot.htm) Chrome/116.0.1938.76 Safari/537.36"
185.216.113.70 - - [29/Apr/2026:22:22:46 +0300] "POST /wp-cron.php?doing_wp_cron=1777490566.0527470111846923828125 HTTP/1.1" 200 448 "-" "WordPress/6.3.8; https://serhatburke.miroglu.net"
142.93.217.129 - - [29/Apr/2026:22:22:31 +0300] "GET /wp-login.php HTTP/2" 200 3092 "-" "Mozilla/5.0 (Windows NT 6.1; Win64; x64) AppleWebKit/537.36 (KHTML, like Gecko) Chrome/67.0.3396.62 Safari/537.36"
142.93.217.129 - - [29/Apr/2026:22:22:46 +0300] "POST /wp-login.php HTTP/2" 200 3254 "https://serhatburke.miroglu.net/wp-login.php" "Mozilla/5.0 (Windows NT 6.1; Win64; x64) AppleWebKit/537.36 (KHTML, like Gecko) Chrome/67.0.3396.62 Safari/537.36"
66.249.76.64 - - [29/Apr/2026:22:23:16 +0300] "GET /robots.txt HTTP/1.1" 200 719 "-" "Mozilla/5.0 (compatible; Googlebot/2.1; +http://www.google.com/bot.html)"
185.216.113.70 - - [29/Apr/2026:22:24:40 +0300] "POST /wp-cron.php?doing_wp_cron=1777490679.8851580619812011718750 HTTP/1.1" 200 448 "-" "WordPress/6.3.8; https://serhatburke.miroglu.net"
135.181.117.104 - - [29/Apr/2026:22:24:27 +0300] "GET /bystryi-vyxod-iz-finansovyx-trudnostei-podberite-idealnyi-zaim-s/ HTTP/1.0" 200 95448 "-" "Mozilla/5.0 (Windows NT 6.3; Win64; x64) AppleWebKit/537.36 (KHTML, like Gecko) Chrome/75.0.3770.100 Safari/537.36"
66.249.76.64 - - [29/Apr/2026:22:24:38 +0300] "GET /robots.txt HTTP/1.1" 200 719 "-" "Mozilla/5.0 (compatible; Googlebot/2.1; +http://www.google.com/bot.html)"
185.216.113.70 - - [29/Apr/2026:22:29:52 +0300] "POST /wp-cron.php?doing_wp_cron=1777490992.1254351139068603515625 HTTP/1.1" 200 448 "-" "WordPress/6.3.8; https://serhatburke.miroglu.net"
212.34.148.156 - - [29/Apr/2026:22:29:37 +0300] "GET /zotabet-casino-bonus-premier-depot-2026/ HTTP/1.1" 200 19136 "https://serhatburke.miroglu.net/" "Mozilla/5.0 (Macintosh; Intel Mac OS X 10_15_7) AppleWebKit/605.1.15 (KHTML, like Gecko) Version/26.3 Safari/605.1.15"
212.34.148.156 - - [29/Apr/2026:22:29:54 +0300] "GET /wp-includes/css/dist/block-library/style.min.css?ver=6.3.8 HTTP/1.1" 200 13578 "https://serhatburke.miroglu.net/zotabet-casino-bonus-premier-depot-2026/" "Mozilla/5.0 (Windows NT 10.0; Win64; x64) AppleWebKit/537.36 (KHTML, like Gecko) Chrome/145.0.0.0 Safari/537.36"
212.34.148.156 - - [29/Apr/2026:22:29:54 +0300] "GET /wp-content/plugins/contact-form-7/includes/css/styles.css?ver=5.8 HTTP/1.1" 200 1490 "https://serhatburke.miroglu.net/zotabet-casino-bonus-premier-depot-2026/" "Mozilla/5.0 (Windows NT 10.0; Win64; x64) AppleWebKit/537.36 (KHTML, like Gecko) Chrome/145.0.0.0 Safari/537.36"
212.34.148.156 - - [29/Apr/2026:22:29:55 +0300] "GET /wp-content/themes/toppic/css/fontello.css?ver=4.2 HTTP/1.1" 200 1802 "https://serhatburke.miroglu.net/zotabet-casino-bonus-premier-depot-2026/" "Mozilla/5.0 (Windows NT 10.0; Win64; x64) AppleWebKit/537.36 (KHTML, like Gecko) Chrome/145.0.0.0 Safari/537.36"
212.34.148.156 - - [29/Apr/2026:22:29:55 +0300] "GET /wp-content/themes/toppic/css/reset.css?ver=4.2 HTTP/1.1" 200 1178 "https://serhatburke.miroglu.net/zotabet-casino-bonus-premier-depot-2026/" "Mozilla/5.0 (Windows NT 10.0; Win64; x64) AppleWebKit/537.36 (KHTML, like Gecko) Chrome/145.0.0.0 Safari/537.36"
212.34.148.156 - - [29/Apr/2026:22:29:55 +0300] "GET /wp-content/themes/toppic/css/default.css?ver=4.2 HTTP/1.1" 200 1811 "https://serhatburke.miroglu.net/zotabet-casino-bonus-premier-depot-2026/" "Mozilla/5.0 (Windows NT 10.0; Win64; x64) AppleWebKit/537.36 (KHTML, like Gecko) Chrome/145.0.0.0 Safari/537.36"
212.34.148.156 - - [29/Apr/2026:22:29:56 +0300] "GET /wp-content/themes/toppic/style.css?ver=4.2 HTTP/1.1" 200 23398 "https://serhatburke.miroglu.net/zotabet-casino-bonus-premier-depot-2026/" "Mozilla/5.0 (Windows NT 10.0; Win64; x64) AppleWebKit/537.36 (KHTML, like Gecko) Chrome/145.0.0.0 Safari/537.36"
212.34.148.156 - - [29/Apr/2026:22:29:56 +0300] "GET /wp-content/themes/toppic/css/royalslider.css?ver=4.2 HTTP/1.1" 200 1887 "https://serhatburke.miroglu.net/zotabet-casino-bonus-premier-depot-2026/" "Mozilla/5.0 (Windows NT 10.0; Win64; x64) AppleWebKit/537.36 (KHTML, like Gecko) Chrome/145.0.0.0 Safari/537.36"
212.34.148.156 - - [29/Apr/2026:22:29:56 +0300] "GET /wp-content/themes/toppic/css/rs-default.css?ver=4.2 HTTP/1.1" 200 2625 "https://serhatburke.miroglu.net/zotabet-casino-bonus-premier-depot-2026/" "Mozilla/5.0 (Windows NT 10.0; Win64; x64) AppleWebKit/537.36 (KHTML, like Gecko) Chrome/145.0.0.0 Safari/537.36"
212.34.148.156 - - [29/Apr/2026:22:29:57 +0300] "GET /wp-content/themes/toppic/css/lightbox.css?ver=4.2 HTTP/1.1" 200 2956 "https://serhatburke.miroglu.net/zotabet-casino-bonus-premier-depot-2026/" "Mozilla/5.0 (Windows NT 10.0; Win64; x64) AppleWebKit/537.36 (KHTML, like Gecko) Chrome/145.0.0.0 Safari/537.36"
212.34.148.156 - - [29/Apr/2026:22:29:57 +0300] "GET /wp-content/themes/toppic/css/woocommerce.css?ver=4.2 HTTP/1.1" 200 2848 "https://serhatburke.miroglu.net/zotabet-casino-bonus-premier-depot-2026/" "Mozilla/5.0 (Windows NT 10.0; Win64; x64) AppleWebKit/537.36 (KHTML, like Gecko) Chrome/145.0.0.0 Safari/537.36"
212.34.148.156 - - [29/Apr/2026:22:29:57 +0300] "GET /wp-content/themes/toppic/css/responsive.css?ver=4.2 HTTP/1.1" 200 2796 "https://serhatburke.miroglu.net/zotabet-casino-bonus-premier-depot-2026/" "Mozilla/5.0 (Windows NT 10.0; Win64; x64) AppleWebKit/537.36 (KHTML, like Gecko) Chrome/145.0.0.0 Safari/537.36"
212.34.148.156 - - [29/Apr/2026:22:29:57 +0300] "POST /wp-comments-post.php HTTP/1.1" 302 1087 "https://serhatburke.miroglu.net/zotabet-casino-bonus-premier-depot-2026/" "Mozilla/5.0 (Macintosh; Intel Mac OS X 10_15_7) AppleWebKit/605.1.15 (KHTML, like Gecko) Version/26.3 Safari/605.1.15"
212.34.148.156 - - [29/Apr/2026:22:30:11 +0300] "GET /zotabet-casino-bonus-premier-depot-2026/?unapproved=905&moderation-hash=73ac5c071fdf0db504513b0ba1eec66c HTTP/1.1" 200 19525 "https://serhatburke.miroglu.net/wp-comments-post.php" "Mozilla/5.0 (Macintosh; Intel Mac OS X 10_15_7) AppleWebKit/605.1.15 (KHTML, like Gecko) Version/26.3 Safari/605.1.15"
212.34.148.156 - - [29/Apr/2026:22:30:24 +0300] "GET /zotabet-casino-bonus-premier-depot-2026/ HTTP/1.1" 200 19103 "-" "Mozilla/5.0 (compatible; Googlebot/2.1; +http://www.google.com/bot.html)"
185.216.113.70 - - [29/Apr/2026:22:31:01 +0300] "POST /wp-cron.php?doing_wp_cron=1777491061.0612199306488037109375 HTTP/1.1" 200 448 "-" "WordPress/6.3.8; https://serhatburke.miroglu.net"
216.73.217.81 - - [29/Apr/2026:22:30:48 +0300] "GET /robots.txt HTTP/2" 200 110 "-" "Mozilla/5.0 AppleWebKit/537.36 (KHTML, like Gecko; compatible; ClaudeBot/1.0; +claudebot@anthropic.com)"
40.77.167.23 - - [29/Apr/2026:22:31:20 +0300] "GET /book-of-dead-gratis-spielen-queen-hearts-deluxe-slot-tagesordnungspunkt-runde-2026-gratis/ HTTP/2" 200 20518 "-" "Mozilla/5.0 AppleWebKit/537.36 (KHTML, like Gecko; compatible; bingbot/2.0; +http://www.bing.com/bingbot.htm) Chrome/116.0.1938.76 Safari/537.36"
185.216.113.70 - - [29/Apr/2026:22:31:39 +0300] "POST /wp-cron.php?doing_wp_cron=1777491099.0849978923797607421875 HTTP/1.1" 200 448 "-" "WordPress/6.3.8; https://serhatburke.miroglu.net"
40.77.167.11 - - [29/Apr/2026:22:31:25 +0300] "GET /si-encuentras-que-nuestro-entretenimiento-esta-afectando-tu-biografia-tenemos-dinero-gratuitos-asi-como-confidenciales-a-su-disposicion-sobre-juega-juegos-de-maquinas-tragamonedas-en-linea-su-a/ HTTP/2" 200 19988 "-" "Mozilla/5.0 AppleWebKit/537.36 (KHTML, like Gecko; compatible; bingbot/2.0; +http://www.bing.com/bingbot.htm) Chrome/116.0.1938.76 Safari/537.36"
40.77.167.26 - - [29/Apr/2026:22:31:30 +0300] "GET /piec-spinbetter-%EF%BF%BD-mocne-kasyno-do-graczy-ktorzy-lubia-jak-mozesz-granie-blik/ HTTP/2" 200 18452 "-" "Mozilla/5.0 AppleWebKit/537.36 (KHTML, like Gecko; compatible; bingbot/2.0; +http://www.bing.com/bingbot.htm) Chrome/116.0.1938.76 Safari/537.36"
40.77.167.23 - - [29/Apr/2026:22:31:40 +0300] "GET /cele-apasator-populare-jocuri-sa-cazino-paypal-cazinou-online-indreptar-absolut-pentru-incepatori-si-avansati/ HTTP/2" 200 19863 "-" "Mozilla/5.0 AppleWebKit/537.36 (KHTML, like Gecko; compatible; bingbot/2.0; +http://www.bing.com/bingbot.htm) Chrome/116.0.1938.76 Safari/537.36"
40.77.167.11 - - [29/Apr/2026:22:31:53 +0300] "GET /particular-companies-and-individuals-whom-realize-that-peace-bdd-facilitates-their-everyday-functions-choose-to-hand-back-because-of-the-supporting-your-panels-in-various-capabilities-as-with-any-unl/ HTTP/2" 200 18283 "-" "Mozilla/5.0 AppleWebKit/537.36 (KHTML, like Gecko; compatible; bingbot/2.0; +http://www.bing.com/bingbot.htm) Chrome/116.0.1938.76 Safari/537.36"
40.77.167.11 - - [29/Apr/2026:22:31:57 +0300] "GET /slots-unter-einsatz-von-hoher-ausschuttung-erster-gewinnchance-2026/ HTTP/2" 200 18847 "-" "Mozilla/5.0 AppleWebKit/537.36 (KHTML, like Gecko; compatible; bingbot/2.0; +http://www.bing.com/bingbot.htm) Chrome/116.0.1938.76 Safari/537.36"
40.77.167.23 - - [29/Apr/2026:22:32:02 +0300] "GET /dunder-app-2026-mobile-ausgabe-scrolls-of-ra-hd-150-kostenlose-spins-unter-anderem-app-download-durch-dunder/ HTTP/2" 200 19539 "-" "Mozilla/5.0 AppleWebKit/537.36 (KHTML, like Gecko; compatible; bingbot/2.0; +http://www.bing.com/bingbot.htm) Chrome/116.0.1938.76 Safari/537.36"
212.34.148.156 - - [29/Apr/2026:22:32:18 +0300] "GET /zotabet-casino-bonus-premier-depot-2026/ HTTP/1.1" 200 19103 "-" "Mozilla/5.0 (compatible; Googlebot/2.1; +http://www.google.com/bot.html)"
40.77.167.11 - - [29/Apr/2026:22:32:23 +0300] "GET /uzhiva%D1%98te-u-preko-20-000-besplatnikh-slotova-bez-potrebe-vulkan-vegas-besplatni-spinovi-bez-depozita-za-preuzima%D1%9Aem-u-kanadi/ HTTP/2" 200 19976 "-" "Mozilla/5.0 AppleWebKit/537.36 (KHTML, like Gecko; compatible; bingbot/2.0; +http://www.bing.com/bingbot.htm) Chrome/116.0.1938.76 Safari/537.36"
185.216.113.70 - - [29/Apr/2026:22:32:40 +0300] "POST /wp-cron.php?doing_wp_cron=1777491160.3615579605102539062500 HTTP/1.1" 200 448 "-" "WordPress/6.3.8; https://serhatburke.miroglu.net"
40.77.167.11 - - [29/Apr/2026:22:32:27 +0300] "GET /trendy-fruits-jackpot-position-opinion-and-you-will-greatest-casinos-2026/ HTTP/2" 200 18713 "-" "Mozilla/5.0 AppleWebKit/537.36 (KHTML, like Gecko; compatible; bingbot/2.0; +http://www.bing.com/bingbot.htm) Chrome/116.0.1938.76 Safari/537.36"
185.216.113.70 - - [29/Apr/2026:22:34:14 +0300] "POST /wp-cron.php?doing_wp_cron=1777491254.3505659103393554687500 HTTP/1.1" 200 448 "-" "WordPress/6.3.8; https://serhatburke.miroglu.net"
40.77.167.26 - - [29/Apr/2026:22:34:00 +0300] "GET /the-application-form-has-several-game-and-additionally-modern-jackpot-ports-or-any-other-graphically-unbelievable-solutions/ HTTP/2" 200 17614 "-" "Mozilla/5.0 AppleWebKit/537.36 (KHTML, like Gecko; compatible; bingbot/2.0; +http://www.bing.com/bingbot.htm) Chrome/116.0.1938.76 Safari/537.36"
52.167.144.169 - - [29/Apr/2026:22:34:05 +0300] "GET /whether-or-not-it-expires-before-you-carry-out-you-can-clean-out-the-advantage-and-one-payouts-you-received-of-it/ HTTP/2" 200 17651 "-" "Mozilla/5.0 AppleWebKit/537.36 (KHTML, like Gecko; compatible; bingbot/2.0; +http://www.bing.com/bingbot.htm) Chrome/116.0.1938.76 Safari/537.36"
45.233.78.130 - - [29/Apr/2026:22:34:13 +0300] "POST /xmlrpc.php HTTP/2" 200 0 "-" "WordPress/XMLRPC Client"
52.167.144.169 - - [29/Apr/2026:22:34:09 +0300] "GET /also-well-known-for-recognizing-cryptocurrency-professionals-in-addition-to-giving-high-gambling-restrictions-and-you-may-instant-withdrawals/ HTTP/2" 200 17853 "-" "Mozilla/5.0 AppleWebKit/537.36 (KHTML, like Gecko; compatible; bingbot/2.0; +http://www.bing.com/bingbot.htm) Chrome/116.0.1938.76 Safari/537.36"
40.77.167.23 - - [29/Apr/2026:22:34:14 +0300] "GET /10-basta-utlandska-casinon/ HTTP/2" 200 18699 "-" "Mozilla/5.0 AppleWebKit/537.36 (KHTML, like Gecko; compatible; bingbot/2.0; +http://www.bing.com/bingbot.htm) Chrome/116.0.1938.76 Safari/537.36"
57.128.22.95 - - [29/Apr/2026:22:34:18 +0300] "GET /28563-2/ HTTP/1.1" 200 19313 "https://serhatburke.miroglu.net/" "Mozilla/5.0 (Macintosh; Intel Mac OS X 10_15_7) AppleWebKit/537.36 (KHTML, like Gecko) Chrome/145.0.0.0 Safari/537.36"
40.77.167.26 - - [29/Apr/2026:22:34:21 +0300] "GET /leprechaun-the-fresh-rodent-prepare-position-big-victory-happens-egypt-slots-opinion-u0026-online-game-advice-inside-the-keytocasino-sunmaker-free-spins-no-deposit-casino-games-%D8%AF%D9%82%D8%A7/ HTTP/2" 200 20098 "-" "Mozilla/5.0 AppleWebKit/537.36 (KHTML, like Gecko; compatible; bingbot/2.0; +http://www.bing.com/bingbot.htm) Chrome/116.0.1938.76 Safari/537.36"
198.23.171.35 - - [29/Apr/2026:22:34:56 +0300] "GET /wp-includes/css/dist/block-library/style.min.css?ver=6.3.8 HTTP/1.1" 200 13578 "https://serhatburke.miroglu.net/28563-2/" "Mozilla/5.0 (Windows NT 10.0; Win64; x64) AppleWebKit/537.36 (KHTML, like Gecko) Chrome/145.0.0.0 Safari/537.36"
198.23.171.35 - - [29/Apr/2026:22:34:57 +0300] "GET /wp-content/plugins/contact-form-7/includes/css/styles.css?ver=5.8 HTTP/1.1" 200 1490 "https://serhatburke.miroglu.net/28563-2/" "Mozilla/5.0 (Windows NT 10.0; Win64; x64) AppleWebKit/537.36 (KHTML, like Gecko) Chrome/145.0.0.0 Safari/537.36"
198.23.171.35 - - [29/Apr/2026:22:34:58 +0300] "GET /wp-content/themes/toppic/css/fontello.css?ver=4.2 HTTP/1.1" 200 1802 "https://serhatburke.miroglu.net/28563-2/" "Mozilla/5.0 (Windows NT 10.0; Win64; x64) AppleWebKit/537.36 (KHTML, like Gecko) Chrome/145.0.0.0 Safari/537.36"
198.23.171.35 - - [29/Apr/2026:22:34:59 +0300] "GET /wp-content/themes/toppic/css/reset.css?ver=4.2 HTTP/1.1" 200 1178 "https://serhatburke.miroglu.net/28563-2/" "Mozilla/5.0 (Windows NT 10.0; Win64; x64) AppleWebKit/537.36 (KHTML, like Gecko) Chrome/145.0.0.0 Safari/537.36"
198.23.171.35 - - [29/Apr/2026:22:35:00 +0300] "GET /wp-content/themes/toppic/css/default.css?ver=4.2 HTTP/1.1" 200 1811 "https://serhatburke.miroglu.net/28563-2/" "Mozilla/5.0 (Windows NT 10.0; Win64; x64) AppleWebKit/537.36 (KHTML, like Gecko) Chrome/145.0.0.0 Safari/537.36"
198.23.171.35 - - [29/Apr/2026:22:35:01 +0300] "GET /wp-content/themes/toppic/style.css?ver=4.2 HTTP/1.1" 200 23398 "https://serhatburke.miroglu.net/28563-2/" "Mozilla/5.0 (Windows NT 10.0; Win64; x64) AppleWebKit/537.36 (KHTML, like Gecko) Chrome/145.0.0.0 Safari/537.36"
198.23.171.35 - - [29/Apr/2026:22:35:02 +0300] "GET /wp-content/themes/toppic/css/royalslider.css?ver=4.2 HTTP/1.1" 200 1887 "https://serhatburke.miroglu.net/28563-2/" "Mozilla/5.0 (Windows NT 10.0; Win64; x64) AppleWebKit/537.36 (KHTML, like Gecko) Chrome/145.0.0.0 Safari/537.36"
47.229.40.84 - - [29/Apr/2026:22:34:44 +0300] "POST /xmlrpc.php HTTP/2" 200 140 "-" "WordPress/XMLRPC Client"
198.23.171.35 - - [29/Apr/2026:22:35:04 +0300] "GET /wp-content/themes/toppic/css/rs-default.css?ver=4.2 HTTP/1.1" 200 2625 "https://serhatburke.miroglu.net/28563-2/" "Mozilla/5.0 (Windows NT 10.0; Win64; x64) AppleWebKit/537.36 (KHTML, like Gecko) Chrome/145.0.0.0 Safari/537.36"
198.23.171.35 - - [29/Apr/2026:22:35:05 +0300] "GET /wp-content/themes/toppic/css/lightbox.css?ver=4.2 HTTP/1.1" 200 2956 "https://serhatburke.miroglu.net/28563-2/" "Mozilla/5.0 (Windows NT 10.0; Win64; x64) AppleWebKit/537.36 (KHTML, like Gecko) Chrome/145.0.0.0 Safari/537.36"
198.23.171.35 - - [29/Apr/2026:22:35:06 +0300] "GET /wp-content/themes/toppic/css/woocommerce.css?ver=4.2 HTTP/1.1" 200 2848 "https://serhatburke.miroglu.net/28563-2/" "Mozilla/5.0 (Windows NT 10.0; Win64; x64) AppleWebKit/537.36 (KHTML, like Gecko) Chrome/145.0.0.0 Safari/537.36"
198.23.171.35 - - [29/Apr/2026:22:35:07 +0300] "GET /wp-content/themes/toppic/css/responsive.css?ver=4.2 HTTP/1.1" 200 2796 "https://serhatburke.miroglu.net/28563-2/" "Mozilla/5.0 (Windows NT 10.0; Win64; x64) AppleWebKit/537.36 (KHTML, like Gecko) Chrome/145.0.0.0 Safari/537.36"
40.77.167.23 - - [29/Apr/2026:22:35:01 +0300] "GET /finest-a-real-income-pokies-2026-au-pokies-for-real-money/ HTTP/2" 200 19629 "-" "Mozilla/5.0 AppleWebKit/537.36 (KHTML, like Gecko; compatible; bingbot/2.0; +http://www.bing.com/bingbot.htm) Chrome/116.0.1938.76 Safari/537.36"
185.216.113.70 - - [29/Apr/2026:22:35:20 +0300] "POST /wp-cron.php?doing_wp_cron=1777491319.8769280910491943359375 HTTP/1.1" 200 448 "-" "WordPress/6.3.8; https://serhatburke.miroglu.net"
