38.246.32.228 - - [30/Apr/2026:02:31:53 +0300] "POST /xmlrpc.php HTTP/1.1" 200 630 "-" "Mozilla/5.0 (Windows NT 10.0; Win64; x64) AppleWebKit/537.36 (KHTML, like Gecko) Chrome/114.0.0.0 Safari/537.36"
45.250.252.180 - - [30/Apr/2026:02:31:55 +0300] "POST /xmlrpc.php HTTP/1.1" 200 630 "-" "Mozilla/5.0 (Windows NT 10.0; Win64; x64) AppleWebKit/537.36 (KHTML, like Gecko) Chrome/114.0.0.0 Safari/537.36"
23.83.90.56 - - [30/Apr/2026:02:32:03 +0300] "GET /beste-casino-site-belgie-hoge-inzet/ HTTP/1.1" 200 19264 "-" "Mozilla/5.0 (compatible; Googlebot/2.1; +http://www.google.com/bot.html)"
108.181.120.104 - - [30/Apr/2026:02:32:02 +0300] "GET /fanatics-gambling-enterprise-promo-password-march-shadow-bet-casino-allege-1000-free-spins/ HTTP/1.1" 200 79659 "-" "Mozilla/5.0 (Windows NT 10.0; rv:109.0) Gecko/20100101 Firefox/115.0"
185.216.113.70 - - [30/Apr/2026:02:32:56 +0300] "POST /wp-cron.php?doing_wp_cron=1777505575.8546500205993652343750 HTTP/1.1" 200 448 "-" "WordPress/6.3.8; https://serhatburke.miroglu.net"
103.219.169.227 - - [30/Apr/2026:02:32:25 +0300] "GET /haz-play-joker-8000-slots-local-casino-erfahrungen-2026-try-bewertung/ HTTP/1.1" 200 78510 "-" "Mozilla/5.0 (Windows NT 10.0; rv:109.0) Gecko/20100101 Firefox/115.0"
185.216.113.70 - - [30/Apr/2026:02:33:08 +0300] "POST /wp-cron.php?doing_wp_cron=1777505588.0790719985961914062500 HTTP/1.1" 200 448 "-" "WordPress/6.3.8; https://serhatburke.miroglu.net"
52.167.144.213 - - [30/Apr/2026:02:32:33 +0300] "GET /discover-tronscan-the-ultimate-tool-for-crypto-tracking/ HTTP/2" 200 17773 "-" "Mozilla/5.0 AppleWebKit/537.36 (KHTML, like Gecko; compatible; bingbot/2.0; +http://www.bing.com/bingbot.htm) Chrome/116.0.1938.76 Safari/537.36"
52.167.144.166 - - [30/Apr/2026:02:32:38 +0300] "GET /alles-sun-2026-overhandigd-plusteken-tijden-va-alles-manen-wegens-2026/ HTTP/2" 200 20170 "-" "Mozilla/5.0 AppleWebKit/537.36 (KHTML, like Gecko; compatible; bingbot/2.0; +http://www.bing.com/bingbot.htm) Chrome/116.0.1938.76 Safari/537.36"
38.246.32.228 - - [30/Apr/2026:02:32:38 +0300] "POST /xmlrpc.php HTTP/1.1" 200 8470 "-" "Mozilla/5.0 (Windows NT 10.0; Win64; x64) AppleWebKit/537.36 (KHTML, like Gecko) Chrome/114.0.0.0 Safari/537.36"
40.77.167.61 - - [30/Apr/2026:02:32:42 +0300] "GET /kraken-bezopasnye-ssylki-dlia-darkneta-v-2026/ HTTP/2" 200 18342 "-" "Mozilla/5.0 AppleWebKit/537.36 (KHTML, like Gecko; compatible; bingbot/2.0; +http://www.bing.com/bingbot.htm) Chrome/116.0.1938.76 Safari/537.36"
40.77.167.61 - - [30/Apr/2026:02:32:47 +0300] "GET /maximize-profitability-with-raydium-swap-today/ HTTP/2" 200 18019 "-" "Mozilla/5.0 AppleWebKit/537.36 (KHTML, like Gecko; compatible; bingbot/2.0; +http://www.bing.com/bingbot.htm) Chrome/116.0.1938.76 Safari/537.36"
45.250.252.180 - - [30/Apr/2026:02:32:45 +0300] "POST /xmlrpc.php HTTP/1.1" 200 12184 "-" "Mozilla/5.0 (Windows NT 10.0; Win64; x64) AppleWebKit/537.36 (KHTML, like Gecko) Chrome/114.0.0.0 Safari/537.36"
45.250.252.151 - - [30/Apr/2026:02:33:00 +0300] "POST /xmlrpc.php HTTP/1.1" 200 630 "-" "Mozilla/5.0 (Windows NT 10.0; Win64; x64) AppleWebKit/537.36 (KHTML, like Gecko) Chrome/114.0.0.0 Safari/537.36"
38.246.32.228 - - [30/Apr/2026:02:33:18 +0300] "GET /might-may-see-one-online-casinos-bring-multiple-put-meets-invited-incentives/ HTTP/1.1" 200 72755 "-" "Mozilla/5.0 (Windows NT 10.0; Win64; x64) AppleWebKit/537.36 (KHTML, like Gecko) Chrome/124.0.0.0 Safari/537.36 Edg/124.0.0.0"
185.216.113.70 - - [30/Apr/2026:02:34:11 +0300] "POST /wp-cron.php?doing_wp_cron=1777505651.2421300411224365234375 HTTP/1.1" 200 448 "-" "WordPress/6.3.8; https://serhatburke.miroglu.net"
52.167.144.213 - - [30/Apr/2026:02:33:23 +0300] "GET /casino-prime-sans-classe-calcule-gratification-twin-spin-casino-dharibot-2026/ HTTP/2" 200 20786 "-" "Mozilla/5.0 AppleWebKit/537.36 (KHTML, like Gecko; compatible; bingbot/2.0; +http://www.bing.com/bingbot.htm) Chrome/116.0.1938.76 Safari/537.36"
185.216.113.70 - - [30/Apr/2026:02:34:14 +0300] "POST /wp-cron.php?doing_wp_cron=1777505654.1685910224914550781250 HTTP/1.1" 200 448 "-" "WordPress/6.3.8; https://serhatburke.miroglu.net"
185.216.113.70 - - [30/Apr/2026:02:34:14 +0300] "POST /wp-cron.php?doing_wp_cron=1777505654.4565579891204833984375 HTTP/1.1" 200 448 "-" "WordPress/6.3.8; https://serhatburke.miroglu.net"
52.167.144.213 - - [30/Apr/2026:02:33:26 +0300] "GET /the-newest-subscription-processes-are-quick-and-simple-and-transferring-loans-did-without-having-any-trouble/ HTTP/2" 200 17623 "-" "Mozilla/5.0 AppleWebKit/537.36 (KHTML, like Gecko; compatible; bingbot/2.0; +http://www.bing.com/bingbot.htm) Chrome/116.0.1938.76 Safari/537.36"
52.167.144.166 - - [30/Apr/2026:02:33:27 +0300] "GET /best-fifty-web-based-casinos-from-the-casino-21prive-u-s-in-the-feb-2026-real-money-sweeps-model/ HTTP/2" 200 19806 "-" "Mozilla/5.0 AppleWebKit/537.36 (KHTML, like Gecko; compatible; bingbot/2.0; +http://www.bing.com/bingbot.htm) Chrome/116.0.1938.76 Safari/537.36"
185.216.113.70 - - [30/Apr/2026:02:34:29 +0300] "POST /wp-cron.php?doing_wp_cron=1777505669.0427908897399902343750 HTTP/1.1" 200 448 "-" "WordPress/6.3.8; https://serhatburke.miroglu.net"
45.250.252.180 - - [30/Apr/2026:02:33:38 +0300] "GET /nye-danske-hitnspin-slots-promo-kode-casino-sider/ HTTP/1.1" 200 75912 "-" "Mozilla/5.0 (Windows NT 10.0; Win64; x64) AppleWebKit/537.36 (KHTML, like Gecko) Chrome/123.0.0.0 Safari/537.36 OPR/109.0.0.0"
176.98.31.43 - - [30/Apr/2026:02:34:00 +0300] "POST /xmlrpc.php HTTP/1.1" 200 0 "-" "Mozilla/5.0 (Windows NT 10.0; WOW64; rv:45.0) Gecko/20100101 Firefox/45.0"
185.216.113.70 - - [30/Apr/2026:02:34:33 +0300] "POST /wp-cron.php?doing_wp_cron=1777505673.6506299972534179687500 HTTP/1.1" 200 448 "-" "WordPress/6.3.8; https://serhatburke.miroglu.net"
40.77.167.61 - - [30/Apr/2026:02:33:44 +0300] "GET /100percent-indbetalingsbonus-igang-nye-casino-spillere-alfa-og-omega-islending-casinoer/ HTTP/2" 200 0 "-" "Mozilla/5.0 AppleWebKit/537.36 (KHTML, like Gecko; compatible; bingbot/2.0; +http://www.bing.com/bingbot.htm) Chrome/116.0.1938.76 Safari/537.36"
185.216.113.70 - - [30/Apr/2026:02:34:39 +0300] "POST /wp-cron.php?doing_wp_cron=1777505679.3712511062622070312500 HTTP/1.1" 200 448 "-" "WordPress/6.3.8; https://serhatburke.miroglu.net"
108.181.120.104 - - [30/Apr/2026:02:33:51 +0300] "POST /xmlrpc.php HTTP/1.1" 200 630 "-" "Mozilla/5.0 (Windows NT 10.0; Win64; x64) AppleWebKit/537.36 (KHTML, like Gecko) Chrome/114.0.0.0 Safari/537.36"
185.216.113.70 - - [30/Apr/2026:02:34:51 +0300] "POST /wp-cron.php?doing_wp_cron=1777505691.0529251098632812500000 HTTP/1.1" 200 448 "-" "WordPress/6.3.8; https://serhatburke.miroglu.net"
45.250.252.151 - - [30/Apr/2026:02:33:56 +0300] "POST /xmlrpc.php HTTP/1.1" 200 13232 "-" "Mozilla/5.0 (Windows NT 10.0; Win64; x64) AppleWebKit/537.36 (KHTML, like Gecko) Chrome/114.0.0.0 Safari/537.36"
176.98.31.43 - - [30/Apr/2026:02:34:31 +0300] "GET /xmlrpc.php HTTP/1.1" 200 0 "-" "Mozilla/5.0 (Windows NT 10.0; WOW64; rv:45.0) Gecko/20100101 Firefox/45.0"
52.167.144.213 - - [30/Apr/2026:02:34:22 +0300] "GET /10-ecu-terminator-2-slotspiel-fur-echtes-geld-pramie-abzuglich-einzahlung/ HTTP/2" 200 0 "-" "Mozilla/5.0 AppleWebKit/537.36 (KHTML, like Gecko; compatible; bingbot/2.0; +http://www.bing.com/bingbot.htm) Chrome/116.0.1938.76 Safari/537.36"
185.216.113.70 - - [30/Apr/2026:02:35:23 +0300] "POST /wp-cron.php?doing_wp_cron=1777505723.5376930236816406250000 HTTP/1.1" 200 448 "-" "WordPress/6.3.8; https://serhatburke.miroglu.net"
185.216.113.70 - - [30/Apr/2026:02:35:33 +0300] "POST /wp-cron.php?doing_wp_cron=1777505732.8632509708404541015625 HTTP/1.1" 200 448 "-" "WordPress/6.3.8; https://serhatburke.miroglu.net"
185.216.113.70 - - [30/Apr/2026:02:35:46 +0300] "POST /wp-cron.php?doing_wp_cron=1777505745.8884410858154296875000 HTTP/1.1" 200 448 "-" "WordPress/6.3.8; https://serhatburke.miroglu.net"
185.216.113.70 - - [30/Apr/2026:02:35:46 +0300] "POST /wp-cron.php?doing_wp_cron=1777505745.9828310012817382812500 HTTP/1.1" 200 448 "-" "WordPress/6.3.8; https://serhatburke.miroglu.net"
108.181.120.104 - - [30/Apr/2026:02:34:47 +0300] "POST /xmlrpc.php HTTP/1.1" 200 15188 "-" "Mozilla/5.0 (Windows NT 10.0; Win64; x64) AppleWebKit/537.36 (KHTML, like Gecko) Chrome/114.0.0.0 Safari/537.36"
45.250.252.180 - - [30/Apr/2026:02:34:41 +0300] "POST /xmlrpc.php HTTP/1.1" 200 630 "-" "Mozilla/5.0 (Windows NT 10.0; Win64; x64) AppleWebKit/537.36 (KHTML, like Gecko) Chrome/114.0.0.0 Safari/537.36"
185.216.113.70 - - [30/Apr/2026:02:35:51 +0300] "POST /wp-cron.php?doing_wp_cron=1777505751.8687019348144531250000 HTTP/1.1" 200 448 "-" "WordPress/6.3.8; https://serhatburke.miroglu.net"
45.250.252.151 - - [30/Apr/2026:02:34:52 +0300] "GET /mega-moolah-ballonix-casinos-en-ligne-tours-non-payants-ou-prime-avec-opportune/ HTTP/1.1" 200 77918 "-" "Mozilla/5.0 (Windows NT 10.0; Win64; x64; rv:124.0) Gecko/20100101 Firefox/124.0"
108.181.120.104 - - [30/Apr/2026:02:35:47 +0300] "GET /sensuous-since-the-hades-slot-opinion-96-75-rtp-gday-1-deposit-microgaming-2026/ HTTP/1.1" 200 79485 "-" "Mozilla/5.0 (Windows NT 10.0; Win64; x64; rv:124.0) Gecko/20100101 Firefox/124.0"
45.250.252.180 - - [30/Apr/2026:02:35:53 +0300] "POST /xmlrpc.php HTTP/1.1" 200 11227 "-" "Mozilla/5.0 (Windows NT 10.0; Win64; x64) AppleWebKit/537.36 (KHTML, like Gecko) Chrome/114.0.0.0 Safari/537.36"
108.181.120.104 - - [30/Apr/2026:02:36:15 +0300] "POST /xmlrpc.php HTTP/1.1" 200 630 "-" "Mozilla/5.0 (Windows NT 10.0; Win64; x64) AppleWebKit/537.36 (KHTML, like Gecko) Chrome/114.0.0.0 Safari/537.36"
45.250.252.180 - - [30/Apr/2026:02:36:32 +0300] "GET /pa-kortspil-find-de-bedste-casino-raging-rhino-tilslutte-bridge-sider/ HTTP/1.1" 200 75511 "-" "Mozilla/5.0 (Windows NT 10.0; Win64; x64) AppleWebKit/537.36 (KHTML, like Gecko) Chrome/124.0.0.0 Safari/537.36"
185.216.113.70 - - [30/Apr/2026:02:36:54 +0300] "POST /wp-cron.php?doing_wp_cron=1777505814.2055931091308593750000 HTTP/1.1" 200 448 "-" "WordPress/6.3.8; https://serhatburke.miroglu.net"
108.181.120.104 - - [30/Apr/2026:02:36:39 +0300] "POST /xmlrpc.php HTTP/1.1" 200 15135 "-" "Mozilla/5.0 (Windows NT 10.0; Win64; x64) AppleWebKit/537.36 (KHTML, like Gecko) Chrome/114.0.0.0 Safari/537.36"
108.181.120.104 - - [30/Apr/2026:02:36:56 +0300] "GET /totally-free-slots-zero-download-no-subscription-100-percent-free-slot-royalgame-app-login-machines-instant-play/ HTTP/1.1" 200 80206 "-" "Mozilla/5.0 (Windows NT 10.0; rv:109.0) Gecko/20100101 Firefox/115.0"
57.128.22.95 - - [30/Apr/2026:02:37:13 +0300] "GET /novoline-casino-codice-bonus-registrazione/ HTTP/1.1" 200 17770 "-" "Mozilla/5.0 (compatible; Googlebot/2.1; +http://www.google.com/bot.html)"
45.250.252.180 - - [30/Apr/2026:02:37:14 +0300] "POST /xmlrpc.php HTTP/1.1" 200 630 "-" "Mozilla/5.0 (Windows NT 10.0; Win64; x64) AppleWebKit/537.36 (KHTML, like Gecko) Chrome/114.0.0.0 Safari/537.36"
185.216.113.70 - - [30/Apr/2026:02:38:01 +0300] "POST /wp-cron.php?doing_wp_cron=1777505881.8487229347229003906250 HTTP/1.1" 200 448 "-" "WordPress/6.3.8; https://serhatburke.miroglu.net"
45.250.252.180 - - [30/Apr/2026:02:37:42 +0300] "POST /xmlrpc.php HTTP/1.1" 200 12787 "-" "Mozilla/5.0 (Windows NT 10.0; Win64; x64) AppleWebKit/537.36 (KHTML, like Gecko) Chrome/114.0.0.0 Safari/537.36"
45.250.252.180 - - [30/Apr/2026:02:38:05 +0300] "GET /fungere-far-massevis-af-sted-gode-kampagner-plu-tilbud-150-chancer-money-game-hos-maria-casino/ HTTP/1.1" 200 77626 "-" "Mozilla/5.0 (Windows NT 10.0; Win64; x64) AppleWebKit/537.36 (KHTML, like Gecko) Chrome/109.0.0.0 Safari/537.36"
185.216.113.70 - - [30/Apr/2026:02:38:41 +0300] "POST /wp-cron.php?doing_wp_cron=1777505921.7830440998077392578125 HTTP/1.1" 200 448 "-" "WordPress/6.3.8; https://serhatburke.miroglu.net"
38.246.32.228 - - [30/Apr/2026:02:38:30 +0300] "POST /xmlrpc.php HTTP/1.1" 200 630 "-" "Mozilla/5.0 (Windows NT 10.0; Win64; x64) AppleWebKit/537.36 (KHTML, like Gecko) Chrome/114.0.0.0 Safari/537.36"
108.181.120.104 - - [30/Apr/2026:02:38:40 +0300] "POST /xmlrpc.php HTTP/1.1" 200 630 "-" "Mozilla/5.0 (Windows NT 10.0; Win64; x64) AppleWebKit/537.36 (KHTML, like Gecko) Chrome/114.0.0.0 Safari/537.36"
38.246.32.228 - - [30/Apr/2026:02:38:47 +0300] "POST /xmlrpc.php HTTP/1.1" 200 9007 "-" "Mozilla/5.0 (Windows NT 10.0; Win64; x64) AppleWebKit/537.36 (KHTML, like Gecko) Chrome/114.0.0.0 Safari/537.36"
108.181.120.104 - - [30/Apr/2026:02:39:01 +0300] "POST /xmlrpc.php HTTP/1.1" 200 14675 "-" "Mozilla/5.0 (Windows NT 10.0; Win64; x64) AppleWebKit/537.36 (KHTML, like Gecko) Chrome/114.0.0.0 Safari/537.36"
38.246.32.228 - - [30/Apr/2026:02:39:02 +0300] "GET /we-like-casumo-therefore-we-did-very-for-many-years/ HTTP/1.1" 200 72679 "-" "Mozilla/5.0 (Windows NT 10.0; rv:109.0) Gecko/20100101 Firefox/115.0"
108.181.120.104 - - [30/Apr/2026:02:39:15 +0300] "GET /specialist-blackjack-resources-procedures-change-your-games-slots-capital-casino-2025/ HTTP/1.1" 200 78844 "-" "Mozilla/5.0 (Windows NT 10.0; Win64; x64) AppleWebKit/537.36 (KHTML, like Gecko) Chrome/122.0.0.0 Safari/537.36"
185.216.113.70 - - [30/Apr/2026:02:40:05 +0300] "POST /wp-cron.php?doing_wp_cron=1777506005.8956010341644287109375 HTTP/1.1" 200 448 "-" "WordPress/6.3.8; https://serhatburke.miroglu.net"
130.51.23.22 - - [30/Apr/2026:02:39:48 +0300] "GET /beste-casino-site-belgie-hoge-inzet/ HTTP/1.1" 200 19264 "-" "Mozilla/5.0 (compatible; Googlebot/2.1; +http://www.google.com/bot.html)"
45.250.252.151 - - [30/Apr/2026:02:39:42 +0300] "POST /xmlrpc.php HTTP/1.1" 200 630 "-" "Mozilla/5.0 (Windows NT 10.0; Win64; x64) AppleWebKit/537.36 (KHTML, like Gecko) Chrome/114.0.0.0 Safari/537.36"
45.250.252.180 - - [30/Apr/2026:02:39:47 +0300] "POST /xmlrpc.php HTTP/1.1" 500 1102 "-" "Mozilla/5.0 (Windows NT 10.0; Win64; x64) AppleWebKit/537.36 (KHTML, like Gecko) Chrome/114.0.0.0 Safari/537.36"
40.77.167.150 - - [30/Apr/2026:02:40:13 +0300] "GET /marvel-casino-to-poprawne-miejsce-dla-fanow-gier-hazardowych-i-mozesz-uniwersum-komiksowego/ HTTP/2" 200 19095 "-" "Mozilla/5.0 AppleWebKit/537.36 (KHTML, like Gecko; compatible; bingbot/2.0; +http://www.bing.com/bingbot.htm) Chrome/116.0.1938.76 Safari/537.36"
40.77.167.46 - - [30/Apr/2026:02:40:17 +0300] "GET /pragmatic-play-spielbank-01-2026-testbericht-casino-book-of-ra-original-bonusdetails-and-schlussfolgerung/ HTTP/2" 200 18644 "-" "Mozilla/5.0 AppleWebKit/537.36 (KHTML, like Gecko; compatible; bingbot/2.0; +http://www.bing.com/bingbot.htm) Chrome/116.0.1938.76 Safari/537.36"
45.250.252.151 - - [30/Apr/2026:02:40:14 +0300] "POST /xmlrpc.php HTTP/1.1" 200 13907 "-" "Mozilla/5.0 (Windows NT 10.0; Win64; x64) AppleWebKit/537.36 (KHTML, like Gecko) Chrome/114.0.0.0 Safari/537.36"
185.216.113.70 - - [30/Apr/2026:02:40:53 +0300] "POST /wp-cron.php?doing_wp_cron=1777506053.3982620239257812500000 HTTP/1.1" 200 448 "-" "WordPress/6.3.8; https://serhatburke.miroglu.net"
45.250.252.151 - - [30/Apr/2026:02:40:38 +0300] "GET /book-of-ra-instrument-vers-avec-admirable-novomatic-propose-casino-book-of-ra-deluxe-bingo-le-epreuve-offert/ HTTP/1.1" 200 78807 "-" "Mozilla/5.0 (Windows NT 10.0; Win64; x64; rv:124.0) Gecko/20100101 Firefox/124.0"
40.77.167.46 - - [30/Apr/2026:02:40:47 +0300] "GET /santas-stack-dream-miss-position-trial-rtp-94-00-%E1%90%88-100-percent-free-play/ HTTP/2" 200 19800 "-" "Mozilla/5.0 AppleWebKit/537.36 (KHTML, like Gecko; compatible; bingbot/2.0; +http://www.bing.com/bingbot.htm) Chrome/116.0.1938.76 Safari/537.36"
108.181.120.104 - - [30/Apr/2026:02:41:25 +0300] "POST /xmlrpc.php HTTP/1.1" 200 630 "-" "Mozilla/5.0 (Windows NT 10.0; Win64; x64) AppleWebKit/537.36 (KHTML, like Gecko) Chrome/114.0.0.0 Safari/537.36"
185.216.113.70 - - [30/Apr/2026:02:41:55 +0300] "POST /wp-cron.php?doing_wp_cron=1777506115.3860380649566650390625 HTTP/1.1" 200 448 "-" "WordPress/6.3.8; https://serhatburke.miroglu.net"
108.181.120.104 - - [30/Apr/2026:02:41:43 +0300] "POST /xmlrpc.php HTTP/1.1" 200 15541 "-" "Mozilla/5.0 (Windows NT 10.0; Win64; x64) AppleWebKit/537.36 (KHTML, like Gecko) Chrome/114.0.0.0 Safari/537.36"
108.181.120.104 - - [30/Apr/2026:02:41:57 +0300] "GET /100-percent-free-spin-bonuses-incorporate-tales-from-interest-regarding-the-immortal-love-ii-hexenkessel-slot-free-spins-slot-betmgm/ HTTP/1.1" 200 81028 "-" "Mozilla/5.0 (Windows NT 10.0; Win64; x64) AppleWebKit/537.36 (KHTML, like Gecko) Chrome/123.0.0.0 Safari/537.36"
103.219.169.227 - - [30/Apr/2026:02:42:01 +0300] "POST /xmlrpc.php HTTP/1.1" 200 630 "-" "Mozilla/5.0 (Windows NT 10.0; Win64; x64) AppleWebKit/537.36 (KHTML, like Gecko) Chrome/114.0.0.0 Safari/537.36"
103.219.169.227 - - [30/Apr/2026:02:42:23 +0300] "POST /xmlrpc.php HTTP/1.1" 200 13845 "-" "Mozilla/5.0 (Windows NT 10.0; Win64; x64) AppleWebKit/537.36 (KHTML, like Gecko) Chrome/114.0.0.0 Safari/537.36"
185.216.113.70 - - [30/Apr/2026:02:42:49 +0300] "POST /wp-cron.php?doing_wp_cron=1777506169.0596449375152587890625 HTTP/1.1" 200 448 "-" "WordPress/6.3.8; https://serhatburke.miroglu.net"
103.219.169.227 - - [30/Apr/2026:02:42:37 +0300] "GET /finest-online-casino-no-deposit-extra-slot-miss-midas-codes-2026/ HTTP/1.1" 200 77526 "-" "Mozilla/5.0 (Windows NT 10.0; Win64; x64) AppleWebKit/537.36 (KHTML, like Gecko) Chrome/109.0.0.0 Safari/537.36"
185.216.113.70 - - [30/Apr/2026:02:43:42 +0300] "POST /wp-cron.php?doing_wp_cron=1777506222.2870819568634033203125 HTTP/1.1" 200 448 "-" "WordPress/6.3.8; https://serhatburke.miroglu.net"
186.31.14.202 - - [30/Apr/2026:02:43:27 +0300] "POST /xmlrpc.php HTTP/2" 200 204 "-" "XML-RPC for PHP 4.11.1"
108.181.120.104 - - [30/Apr/2026:02:43:59 +0300] "POST /xmlrpc.php HTTP/1.1" 200 630 "-" "Mozilla/5.0 (Windows NT 10.0; Win64; x64) AppleWebKit/537.36 (KHTML, like Gecko) Chrome/114.0.0.0 Safari/537.36"
185.216.113.70 - - [30/Apr/2026:02:44:31 +0300] "POST /wp-cron.php?doing_wp_cron=1777506271.1745378971099853515625 HTTP/1.1" 200 448 "-" "WordPress/6.3.8; https://serhatburke.miroglu.net"
108.181.120.104 - - [30/Apr/2026:02:44:18 +0300] "POST /xmlrpc.php HTTP/1.1" 200 15298 "-" "Mozilla/5.0 (Windows NT 10.0; Win64; x64) AppleWebKit/537.36 (KHTML, like Gecko) Chrome/114.0.0.0 Safari/537.36"
108.181.120.104 - - [30/Apr/2026:02:44:33 +0300] "GET /indian-dreaming-release-the-kraken-rtp-slot-online-position-gameplay-free-online-trial/ HTTP/1.1" 200 79656 "-" "Mozilla/5.0 (Windows NT 10.0; Win64; x64) AppleWebKit/537.36 (KHTML, like Gecko) Chrome/122.0.0.0 Safari/537.36"
103.219.169.227 - - [30/Apr/2026:02:44:36 +0300] "POST /xmlrpc.php HTTP/1.1" 200 630 "-" "Mozilla/5.0 (Windows NT 10.0; Win64; x64) AppleWebKit/537.36 (KHTML, like Gecko) Chrome/114.0.0.0 Safari/537.36"
103.219.169.227 - - [30/Apr/2026:02:44:58 +0300] "POST /xmlrpc.php HTTP/1.1" 200 14757 "-" "Mozilla/5.0 (Windows NT 10.0; Win64; x64) AppleWebKit/537.36 (KHTML, like Gecko) Chrome/114.0.0.0 Safari/537.36"
103.219.169.227 - - [30/Apr/2026:02:45:12 +0300] "GET /ho-ho-ho-position-play-microgaming-video-game-for-fun-on-the-150-chances-hotline-web/ HTTP/1.1" 200 78981 "-" "Mozilla/5.0 (Windows NT 10.0; Win64; x64) AppleWebKit/537.36 (KHTML, like Gecko) Chrome/123.0.0.0 Safari/537.36 OPR/109.0.0.0"
185.216.113.70 - - [30/Apr/2026:02:46:40 +0300] "POST /wp-cron.php?doing_wp_cron=1777506400.3901441097259521484375 HTTP/1.1" 200 448 "-" "WordPress/6.3.8; https://serhatburke.miroglu.net"
45.250.252.151 - - [30/Apr/2026:02:46:19 +0300] "POST /xmlrpc.php HTTP/1.1" 200 630 "-" "Mozilla/5.0 (Windows NT 10.0; Win64; x64) AppleWebKit/537.36 (KHTML, like Gecko) Chrome/114.0.0.0 Safari/537.36"
108.181.120.104 - - [30/Apr/2026:02:46:28 +0300] "POST /xmlrpc.php HTTP/1.1" 200 630 "-" "Mozilla/5.0 (Windows NT 10.0; Win64; x64) AppleWebKit/537.36 (KHTML, like Gecko) Chrome/114.0.0.0 Safari/537.36"
108.181.120.104 - - [30/Apr/2026:02:46:48 +0300] "POST /xmlrpc.php HTTP/1.1" 200 15323 "-" "Mozilla/5.0 (Windows NT 10.0; Win64; x64) AppleWebKit/537.36 (KHTML, like Gecko) Chrome/114.0.0.0 Safari/537.36"
45.250.252.151 - - [30/Apr/2026:02:46:49 +0300] "POST /xmlrpc.php HTTP/1.1" 200 18773 "-" "Mozilla/5.0 (Windows NT 10.0; Win64; x64) AppleWebKit/537.36 (KHTML, like Gecko) Chrome/114.0.0.0 Safari/537.36"
108.181.120.104 - - [30/Apr/2026:02:47:03 +0300] "GET /%E1%90%88-ladbrokes-50-free-spins-no-deposit-iron-man-play-game-%E1%90%88-playtech/ HTTP/1.1" 200 79501 "-" "Mozilla/5.0 (Windows NT 10.0; Win64; x64) AppleWebKit/537.36 (KHTML, like Gecko) Chrome/124.0.0.0 Safari/537.36"
45.250.252.151 - - [30/Apr/2026:02:47:09 +0300] "GET /fantastik-salle-de-jeu-ce-post-300-de-bonus-ou-30-free-spins-via-un-casino/ HTTP/1.1" 200 82975 "-" "Mozilla/5.0 (Windows NT 10.0; Win64; x64) AppleWebKit/537.36 (KHTML, like Gecko) Chrome/123.0.0.0 Safari/537.36 OPR/109.0.0.0"
185.216.113.70 - - [30/Apr/2026:02:47:40 +0300] "POST /wp-cron.php?doing_wp_cron=1777506460.1743130683898925781250 HTTP/1.1" 200 448 "-" "WordPress/6.3.8; https://serhatburke.miroglu.net"
103.219.169.227 - - [30/Apr/2026:02:47:28 +0300] "POST /xmlrpc.php HTTP/1.1" 200 630 "-" "Mozilla/5.0 (Windows NT 10.0; Win64; x64) AppleWebKit/537.36 (KHTML, like Gecko) Chrome/114.0.0.0 Safari/537.36"
103.219.169.227 - - [30/Apr/2026:02:47:46 +0300] "POST /xmlrpc.php HTTP/1.1" 200 14344 "-" "Mozilla/5.0 (Windows NT 10.0; Win64; x64) AppleWebKit/537.36 (KHTML, like Gecko) Chrome/114.0.0.0 Safari/537.36"
103.219.169.227 - - [30/Apr/2026:02:48:00 +0300] "GET /holly-jolly-penguins-slot-opinion-play-holly-jolly-farm-of-fun-slot-penguins-harbors-because-of-the-microgaming/ HTTP/1.1" 200 79468 "-" "Mozilla/5.0 (Windows NT 10.0; Win64; x64) AppleWebKit/537.36 (KHTML, like Gecko) Chrome/123.0.0.0 Safari/537.36"
52.167.144.176 - - [30/Apr/2026:02:48:14 +0300] "GET /meci-de-pacanele-online-coyote-moon-castiga-wild-water-grati/ HTTP/2" 200 19608 "-" "Mozilla/5.0 AppleWebKit/537.36 (KHTML, like Gecko; compatible; bingbot/2.0; +http://www.bing.com/bingbot.htm) Chrome/116.0.1938.76 Safari/537.36"
185.216.113.70 - - [30/Apr/2026:02:48:40 +0300] "POST /wp-cron.php?doing_wp_cron=1777506520.0607089996337890625000 HTTP/1.1" 200 448 "-" "WordPress/6.3.8; https://serhatburke.miroglu.net"
40.77.167.48 - - [30/Apr/2026:02:48:19 +0300] "GET /kraken-bezopasnye-onion-ssylki-dlia-dostupa-v-2026-6/ HTTP/2" 200 18740 "-" "Mozilla/5.0 AppleWebKit/537.36 (KHTML, like Gecko; compatible; bingbot/2.0; +http://www.bing.com/bingbot.htm) Chrome/116.0.1938.76 Safari/537.36"
40.77.167.48 - - [30/Apr/2026:02:48:23 +0300] "GET /also-quite-popular-within-the-latin-the-usa-european-countries-and-you-will-australasia-as-well-as-macau/ HTTP/2" 200 17833 "-" "Mozilla/5.0 AppleWebKit/537.36 (KHTML, like Gecko; compatible; bingbot/2.0; +http://www.bing.com/bingbot.htm) Chrome/116.0.1938.76 Safari/537.36"
40.77.167.150 - - [30/Apr/2026:02:48:25 +0300] "GET /las-secretos-para-los-tecnicos-alrededor-esparcimiento-de-craps/ HTTP/2" 200 17865 "-" "Mozilla/5.0 AppleWebKit/537.36 (KHTML, like Gecko; compatible; bingbot/2.0; +http://www.bing.com/bingbot.htm) Chrome/116.0.1938.76 Safari/537.36"
40.77.167.150 - - [30/Apr/2026:02:48:28 +0300] "GET /darmowe-spiny-zbyt-rejestracje-jak-i-rowniez-50-darmowych-obrotow-bez-depozytu-marco-polo-z-brakiem-depozytu-2025/ HTTP/2" 200 19713 "-" "Mozilla/5.0 AppleWebKit/537.36 (KHTML, like Gecko; compatible; bingbot/2.0; +http://www.bing.com/bingbot.htm) Chrome/116.0.1938.76 Safari/537.36"
52.167.144.176 - - [30/Apr/2026:02:48:33 +0300] "GET /do-not-enjoy-dining-table-games-if-youd-like-to-earn-items/ HTTP/2" 200 17576 "-" "Mozilla/5.0 AppleWebKit/537.36 (KHTML, like Gecko; compatible; bingbot/2.0; +http://www.bing.com/bingbot.htm) Chrome/116.0.1938.76 Safari/537.36"
40.77.167.150 - - [30/Apr/2026:02:49:04 +0300] "GET /bitcoin-gambling-establishment-casino-jackpotpe-login-multiple-leading-crypto-gambling-enterprise/ HTTP/2" 200 19164 "-" "Mozilla/5.0 AppleWebKit/537.36 (KHTML, like Gecko; compatible; bingbot/2.0; +http://www.bing.com/bingbot.htm) Chrome/116.0.1938.76 Safari/537.36"
108.181.120.104 - - [30/Apr/2026:02:49:06 +0300] "POST /xmlrpc.php HTTP/1.1" 200 630 "-" "Mozilla/5.0 (Windows NT 10.0; Win64; x64) AppleWebKit/537.36 (KHTML, like Gecko) Chrome/114.0.0.0 Safari/537.36"
185.216.113.70 - - [30/Apr/2026:02:49:38 +0300] "POST /wp-cron.php?doing_wp_cron=1777506578.6151111125946044921875 HTTP/1.1" 200 448 "-" "WordPress/6.3.8; https://serhatburke.miroglu.net"
108.181.120.104 - - [30/Apr/2026:02:49:25 +0300] "POST /xmlrpc.php HTTP/1.1" 200 15345 "-" "Mozilla/5.0 (Windows NT 10.0; Win64; x64) AppleWebKit/537.36 (KHTML, like Gecko) Chrome/114.0.0.0 Safari/537.36"
108.181.120.104 - - [30/Apr/2026:02:49:40 +0300] "GET /jack-fairspin-slots-bonus-as-well-as-the-beanstalk-gambling-enterprise-games-sauber-pros-inc/ HTTP/1.1" 200 79611 "-" "Mozilla/5.0 (Windows NT 10.0; Win64; x64) AppleWebKit/537.36 (KHTML, like Gecko) Chrome/123.0.0.0 Safari/537.36"
103.219.169.227 - - [30/Apr/2026:02:49:41 +0300] "POST /xmlrpc.php HTTP/1.1" 200 630 "-" "Mozilla/5.0 (Windows NT 10.0; Win64; x64) AppleWebKit/537.36 (KHTML, like Gecko) Chrome/114.0.0.0 Safari/537.36"
103.219.169.227 - - [30/Apr/2026:02:50:06 +0300] "POST /xmlrpc.php HTTP/1.1" 200 15104 "-" "Mozilla/5.0 (Windows NT 10.0; Win64; x64) AppleWebKit/537.36 (KHTML, like Gecko) Chrome/114.0.0.0 Safari/537.36"
185.216.113.70 - - [30/Apr/2026:02:50:37 +0300] "POST /wp-cron.php?doing_wp_cron=1777506637.0783390998840332031250 HTTP/1.1" 200 448 "-" "WordPress/6.3.8; https://serhatburke.miroglu.net"
103.219.169.227 - - [30/Apr/2026:02:50:24 +0300] "GET /holly-jolly-bonanza-2-booming-games-totally-free-gamble-within-free-spins-no-deposit-farm-of-fun-the-trial-function-slot-review/ HTTP/1.1" 200 80501 "-" "Mozilla/5.0 (Windows NT 10.0; rv:109.0) Gecko/20100101 Firefox/115.0"
185.216.113.70 - - [30/Apr/2026:02:51:42 +0300] "POST /wp-cron.php?doing_wp_cron=1777506702.9267959594726562500000 HTTP/1.1" 200 448 "-" "WordPress/6.3.8; https://serhatburke.miroglu.net"
108.181.120.104 - - [30/Apr/2026:02:51:29 +0300] "POST /xmlrpc.php HTTP/1.1" 200 630 "-" "Mozilla/5.0 (Windows NT 10.0; Win64; x64) AppleWebKit/537.36 (KHTML, like Gecko) Chrome/114.0.0.0 Safari/537.36"
45.250.252.151 - - [30/Apr/2026:02:51:44 +0300] "POST /xmlrpc.php HTTP/1.1" 200 630 "-" "Mozilla/5.0 (Windows NT 10.0; Win64; x64) AppleWebKit/537.36 (KHTML, like Gecko) Chrome/114.0.0.0 Safari/537.36"
108.181.120.104 - - [30/Apr/2026:02:51:49 +0300] "POST /xmlrpc.php HTTP/1.1" 200 15813 "-" "Mozilla/5.0 (Windows NT 10.0; Win64; x64) AppleWebKit/537.36 (KHTML, like Gecko) Chrome/114.0.0.0 Safari/537.36"
52.167.144.173 - - [30/Apr/2026:02:51:54 +0300] "GET /kosteloos-spins-de-eersterangs-5-kosteloos-spins-gokhuis-bonussen-vanuit-march-2026/ HTTP/2" 200 19924 "-" "Mozilla/5.0 AppleWebKit/537.36 (KHTML, like Gecko; compatible; bingbot/2.0; +http://www.bing.com/bingbot.htm) Chrome/116.0.1938.76 Safari/537.36"
52.167.144.176 - - [30/Apr/2026:02:52:04 +0300] "GET /kraken-aktual-nye-ssylki-i-sovety-po-bezopasnosti-2026-2/ HTTP/2" 200 18686 "-" "Mozilla/5.0 AppleWebKit/537.36 (KHTML, like Gecko; compatible; bingbot/2.0; +http://www.bing.com/bingbot.htm) Chrome/116.0.1938.76 Safari/537.36"
185.216.113.70 - - [30/Apr/2026:02:52:39 +0300] "POST /wp-cron.php?doing_wp_cron=1777506759.2376921176910400390625 HTTP/1.1" 200 448 "-" "WordPress/6.3.8; https://serhatburke.miroglu.net"
103.219.169.227 - - [30/Apr/2026:02:52:05 +0300] "POST /xmlrpc.php HTTP/1.1" 200 630 "-" "Mozilla/5.0 (Windows NT 10.0; Win64; x64) AppleWebKit/537.36 (KHTML, like Gecko) Chrome/114.0.0.0 Safari/537.36"
52.167.144.176 - - [30/Apr/2026:02:52:08 +0300] "GET /what-is-the-difference-between-real-time-black-jack-and-blackjack-in-homes-founded-gambling-enterprises/ HTTP/2" 200 17812 "-" "Mozilla/5.0 AppleWebKit/537.36 (KHTML, like Gecko; compatible; bingbot/2.0; +http://www.bing.com/bingbot.htm) Chrome/116.0.1938.76 Safari/537.36"
108.181.120.104 - - [30/Apr/2026:02:52:09 +0300] "GET /forest-hugo-gambling-establishment-the-new-ruby-fortune-100-free-spins-welcome-bonus-no-deposit-zealand-bonuses-jim-el-dorado-position-play-the-video-game-free-on-line/ HTTP/1.1" 200 82487 "-" "Mozilla/5.0 (Windows NT 10.0; rv:109.0) Gecko/20100101 Firefox/115.0"
45.250.252.151 - - [30/Apr/2026:02:52:13 +0300] "POST /xmlrpc.php HTTP/1.1" 200 13366 "-" "Mozilla/5.0 (Windows NT 10.0; Win64; x64) AppleWebKit/537.36 (KHTML, like Gecko) Chrome/114.0.0.0 Safari/537.36"
52.167.144.173 - - [30/Apr/2026:02:52:24 +0300] "GET /funciona-vano-en-spinata-gigantesco-acerca-de-manera-demo/ HTTP/2" 200 21764 "-" "Mozilla/5.0 AppleWebKit/537.36 (KHTML, like Gecko; compatible; bingbot/2.0; +http://www.bing.com/bingbot.htm) Chrome/116.0.1938.76 Safari/537.36"
52.167.144.173 - - [30/Apr/2026:02:52:28 +0300] "GET /potenial-sa-a-fi-intrebat-cu-sigurana-de-voi-catigurile-mari/ HTTP/2" 200 17760 "-" "Mozilla/5.0 AppleWebKit/537.36 (KHTML, like Gecko; compatible; bingbot/2.0; +http://www.bing.com/bingbot.htm) Chrome/116.0.1938.76 Safari/537.36"
103.219.169.227 - - [30/Apr/2026:02:52:46 +0300] "POST /xmlrpc.php HTTP/1.1" 200 14558 "-" "Mozilla/5.0 (Windows NT 10.0; Win64; x64) AppleWebKit/537.36 (KHTML, like Gecko) Chrome/114.0.0.0 Safari/537.36"
45.250.252.151 - - [30/Apr/2026:02:52:53 +0300] "GET /tours-gratuits-sans-nul-conserve-bonus-danniversaire-de-billionairespin-free-spins-pourboire-avec-casino-2025/ HTTP/1.1" 200 78607 "-" "Mozilla/5.0 (Windows NT 10.0; Win64; x64) AppleWebKit/537.36 (KHTML, like Gecko) Chrome/124.0.0.0 Safari/537.36 Edg/124.0.0.0"
52.167.144.173 - - [30/Apr/2026:02:53:05 +0300] "GET /free-enjoy-keks-slot-machines-and-review-rtp-95-twenty-eight/ HTTP/2" 200 19641 "-" "Mozilla/5.0 AppleWebKit/537.36 (KHTML, like Gecko; compatible; bingbot/2.0; +http://www.bing.com/bingbot.htm) Chrome/116.0.1938.76 Safari/537.36"
103.219.169.227 - - [30/Apr/2026:02:53:10 +0300] "GET /hot-shot-halloween-witch-1-deposit-slot-machine-game-play-the-game-by-the-microgaming-on-line/ HTTP/1.1" 200 78968 "-" "Mozilla/5.0 (Windows NT 10.0; Win64; x64; rv:125.0) Gecko/20100101 Firefox/125.0"
185.216.113.70 - - [30/Apr/2026:02:54:12 +0300] "POST /wp-cron.php?doing_wp_cron=1777506852.3636798858642578125000 HTTP/1.1" 200 448 "-" "WordPress/6.3.8; https://serhatburke.miroglu.net"
108.181.120.104 - - [30/Apr/2026:02:54:00 +0300] "POST /xmlrpc.php HTTP/1.1" 200 630 "-" "Mozilla/5.0 (Windows NT 10.0; Win64; x64) AppleWebKit/537.36 (KHTML, like Gecko) Chrome/114.0.0.0 Safari/537.36"
103.219.169.227 - - [30/Apr/2026:02:54:10 +0300] "POST /xmlrpc.php HTTP/1.1" 200 630 "-" "Mozilla/5.0 (Windows NT 10.0; Win64; x64) AppleWebKit/537.36 (KHTML, like Gecko) Chrome/114.0.0.0 Safari/537.36"
108.181.120.104 - - [30/Apr/2026:02:54:19 +0300] "POST /xmlrpc.php HTTP/1.1" 200 15882 "-" "Mozilla/5.0 (Windows NT 10.0; Win64; x64) AppleWebKit/537.36 (KHTML, like Gecko) Chrome/114.0.0.0 Safari/537.36"
66.249.73.14 - - [30/Apr/2026:02:54:42 +0300] "GET /katanaspin-casino-review-the-ultimate-online-casino-for-uk-players/undefined?ts=1775520000 HTTP/1.1" 200 0 "https://serhatburke.miroglu.net/katanaspin-casino-review-the-ultimate-online-casino-for-uk-players/" "Mozilla/5.0 (Linux; Android 6.0.1; Nexus 5X Build/MMB29P) AppleWebKit/537.36 (KHTML, like Gecko) Chrome/147.0.7727.116 Mobile Safari/537.36 (compatible; Googlebot/2.1; +http://www.google.com/bot.html)"
66.249.76.77 - - [30/Apr/2026:02:54:53 +0300] "GET /katanaspin-casino-review-the-ultimate-online-casino-for-uk-players/undefined?ts=1775520000 HTTP/1.1" 200 0 "https://serhatburke.miroglu.net/katanaspin-casino-review-the-ultimate-online-casino-for-uk-players/" "Mozilla/5.0 (Linux; Android 6.0.1; Nexus 5X Build/MMB29P) AppleWebKit/537.36 (KHTML, like Gecko) Chrome/147.0.7727.116 Mobile Safari/537.36 (compatible; Googlebot/2.1; +http://www.google.com/bot.html)"
52.167.144.142 - - [30/Apr/2026:02:54:24 +0300] "GET /ahead-of-to-relax-and-play-you-need-to-know-how-much-time-and-cash-you-find-the-money-for-spend/ HTTP/2" 200 17668 "-" "Mozilla/5.0 AppleWebKit/537.36 (KHTML, like Gecko; compatible; bingbot/2.0; +http://www.bing.com/bingbot.htm) Chrome/116.0.1938.76 Safari/537.36"
185.216.113.70 - - [30/Apr/2026:02:55:15 +0300] "POST /wp-cron.php?doing_wp_cron=1777506914.9525799751281738281250 HTTP/1.1" 200 448 "-" "WordPress/6.3.8; https://serhatburke.miroglu.net"
185.216.113.70 - - [30/Apr/2026:02:55:15 +0300] "POST /wp-cron.php?doing_wp_cron=1777506915.5449330806732177734375 HTTP/1.1" 200 448 "-" "WordPress/6.3.8; https://serhatburke.miroglu.net"
185.216.113.70 - - [30/Apr/2026:02:55:16 +0300] "POST /wp-cron.php?doing_wp_cron=1777506916.1530110836029052734375 HTTP/1.1" 200 448 "-" "WordPress/6.3.8; https://serhatburke.miroglu.net"
66.249.76.77 - - [30/Apr/2026:02:55:04 +0300] "GET /katanaspin-casino-review-the-ultimate-online-casino-for-uk-players/undefined?ts=1775520000 HTTP/1.1" 200 0 "https://serhatburke.miroglu.net/katanaspin-casino-review-the-ultimate-online-casino-for-uk-players/" "Mozilla/5.0 (Linux; Android 6.0.1; Nexus 5X Build/MMB29P) AppleWebKit/537.36 (KHTML, like Gecko) Chrome/147.0.7727.116 Mobile Safari/537.36 (compatible; Googlebot/2.1; +http://www.google.com/bot.html)"
216.238.66.112 - - [30/Apr/2026:02:54:27 +0300] "POST /xmlrpc.php HTTP/1.1" 200 630 "-" "Mozilla/5.0 (Windows NT 10.0; Win64; x64) AppleWebKit/537.36 (KHTML, like Gecko) Chrome/114.0.0.0 Safari/537.36"
52.167.144.142 - - [30/Apr/2026:02:54:27 +0300] "GET /reel-design-innovations-and-player-engagement-in-modern-slot-machines/ HTTP/2" 200 18422 "-" "Mozilla/5.0 AppleWebKit/537.36 (KHTML, like Gecko; compatible; bingbot/2.0; +http://www.bing.com/bingbot.htm) Chrome/116.0.1938.76 Safari/537.36"
40.77.167.48 - - [30/Apr/2026:02:54:27 +0300] "GET /erreichbar-spielbank-diese-seite-durchsuchen-qua-handyrechnung-retournieren-alpenrepublik-2026/ HTTP/2" 200 0 "-" "Mozilla/5.0 AppleWebKit/537.36 (KHTML, like Gecko; compatible; bingbot/2.0; +http://www.bing.com/bingbot.htm) Chrome/116.0.1938.76 Safari/537.36"
185.216.113.70 - - [30/Apr/2026:02:55:17 +0300] "POST /wp-cron.php?doing_wp_cron=1777506917.2487990856170654296875 HTTP/1.1" 200 448 "-" "WordPress/6.3.8; https://serhatburke.miroglu.net"
52.167.144.173 - - [30/Apr/2026:02:54:29 +0300] "GET /essential-guide-to-dexscreener-and-its-features-for-traders/ HTTP/2" 200 17694 "-" "Mozilla/5.0 AppleWebKit/537.36 (KHTML, like Gecko; compatible; bingbot/2.0; +http://www.bing.com/bingbot.htm) Chrome/116.0.1938.76 Safari/537.36"
66.249.73.14 - - [30/Apr/2026:02:55:18 +0300] "GET /katanaspin-casino-review-the-ultimate-online-casino-for-uk-players/undefined?ts=1775520000 HTTP/1.1" 200 0 "https://serhatburke.miroglu.net/katanaspin-casino-review-the-ultimate-online-casino-for-uk-players/" "Mozilla/5.0 (Linux; Android 6.0.1; Nexus 5X Build/MMB29P) AppleWebKit/537.36 (KHTML, like Gecko) Chrome/147.0.7727.116 Mobile Safari/537.36 (compatible; Googlebot/2.1; +http://www.google.com/bot.html)"
185.216.113.70 - - [30/Apr/2026:02:55:35 +0300] "POST /wp-cron.php?doing_wp_cron=1777506935.1532309055328369140625 HTTP/1.1" 200 448 "-" "WordPress/6.3.8; https://serhatburke.miroglu.net"
103.219.169.227 - - [30/Apr/2026:02:54:37 +0300] "POST /xmlrpc.php HTTP/1.1" 200 14596 "-" "Mozilla/5.0 (Windows NT 10.0; Win64; x64) AppleWebKit/537.36 (KHTML, like Gecko) Chrome/114.0.0.0 Safari/537.36"
66.249.73.14 - - [30/Apr/2026:02:55:29 +0300] "GET /katanaspin-casino-review-the-ultimate-online-casino-for-uk-players/undefined?ts=1775520000 HTTP/1.1" 200 0 "https://serhatburke.miroglu.net/katanaspin-casino-review-the-ultimate-online-casino-for-uk-players/" "Mozilla/5.0 (Linux; Android 6.0.1; Nexus 5X Build/MMB29P) AppleWebKit/537.36 (KHTML, like Gecko) Chrome/147.0.7727.116 Mobile Safari/537.36 (compatible; Googlebot/2.1; +http://www.google.com/bot.html)"
176.98.31.43 - - [30/Apr/2026:02:55:15 +0300] "POST /xmlrpc.php HTTP/1.1" 200 0 "-" "Mozilla/5.0 (Windows NT 10.0; WOW64; rv:45.0) Gecko/20100101 Firefox/45.0"
108.181.120.104 - - [30/Apr/2026:02:54:54 +0300] "GET /black-colored-diamond-deluxe-position-opinion-gamble-on-the-online-casino-magic-stars-web-for-free/ HTTP/1.1" 200 80397 "-" "Mozilla/5.0 (Windows NT 10.0; Win64; x64) AppleWebKit/537.36 (KHTML, like Gecko) Chrome/123.0.0.0 Safari/537.36 OPR/109.0.0.0"
176.98.31.43 - - [30/Apr/2026:02:55:46 +0300] "GET /xmlrpc.php HTTP/1.1" 200 0 "-" "Mozilla/5.0 (Windows NT 10.0; WOW64; rv:45.0) Gecko/20100101 Firefox/45.0"
52.167.144.173 - - [30/Apr/2026:02:55:36 +0300] "GET /kraken-bezopasnye-onion-ssylki-i-dostup-v-darknet-2026-4/ HTTP/2" 200 0 "-" "Mozilla/5.0 AppleWebKit/537.36 (KHTML, like Gecko; compatible; bingbot/2.0; +http://www.bing.com/bingbot.htm) Chrome/116.0.1938.76 Safari/537.36"
216.238.66.112 - - [30/Apr/2026:02:55:23 +0300] "POST /xmlrpc.php HTTP/1.1" 200 12027 "-" "Mozilla/5.0 (Windows NT 10.0; Win64; x64) AppleWebKit/537.36 (KHTML, like Gecko) Chrome/114.0.0.0 Safari/537.36"
52.167.144.173 - - [30/Apr/2026:02:55:40 +0300] "GET /estafas-importantes-el-riqueza-cual-se-debe-prevenir-y-no-ha-transpirado-la-manera-sobre-como-hipervinculo-urgente-valoro-protege-el-inversion/ HTTP/2" 200 0 "-" "Mozilla/5.0 AppleWebKit/537.36 (KHTML, like Gecko; compatible; bingbot/2.0; +http://www.bing.com/bingbot.htm) Chrome/116.0.1938.76 Safari/537.36"
185.216.113.70 - - [30/Apr/2026:02:56:42 +0300] "POST /wp-cron.php?doing_wp_cron=1777507002.1519470214843750000000 HTTP/1.1" 200 448 "-" "WordPress/6.3.8; https://serhatburke.miroglu.net"
45.250.252.151 - - [30/Apr/2026:02:55:25 +0300] "POST /xmlrpc.php HTTP/1.1" 200 630 "-" "Mozilla/5.0 (Windows NT 10.0; Win64; x64) AppleWebKit/537.36 (KHTML, like Gecko) Chrome/114.0.0.0 Safari/537.36"
185.216.113.70 - - [30/Apr/2026:02:56:47 +0300] "POST /wp-cron.php?doing_wp_cron=1777507007.5737330913543701171875 HTTP/1.1" 200 448 "-" "WordPress/6.3.8; https://serhatburke.miroglu.net"
103.219.169.227 - - [30/Apr/2026:02:55:36 +0300] "GET /hot-shot-slot-machine-play-on-the-web-totally-free-zero-download-from-football-slot-free-spins-the-microgaming/ HTTP/1.1" 200 79782 "-" "Mozilla/5.0 (Windows NT 10.0; Win64; x64; rv:124.0) Gecko/20100101 Firefox/124.0"
185.216.113.70 - - [30/Apr/2026:02:57:00 +0300] "POST /wp-cron.php?doing_wp_cron=1777507020.0472590923309326171875 HTTP/1.1" 200 448 "-" "WordPress/6.3.8; https://serhatburke.miroglu.net"
103.219.169.227 - - [30/Apr/2026:02:56:09 +0300] "POST /xmlrpc.php HTTP/1.1" 200 630 "-" "Mozilla/5.0 (Windows NT 10.0; Win64; x64) AppleWebKit/537.36 (KHTML, like Gecko) Chrome/114.0.0.0 Safari/537.36"
185.216.113.70 - - [30/Apr/2026:02:57:06 +0300] "POST /wp-cron.php?doing_wp_cron=1777507026.4740810394287109375000 HTTP/1.1" 200 448 "-" "WordPress/6.3.8; https://serhatburke.miroglu.net"
216.238.66.112 - - [30/Apr/2026:02:56:27 +0300] "GET /kosteloos-gokkasten-optreden-ancient-world-gokkasten-voor-echt-geld-%EF%B8%8F-ontdek-het-leukste-gokautomaten-van-2026/ HTTP/1.1" 200 77539 "-" "Mozilla/5.0 (Windows NT 10.0; Win64; x64; rv:125.0) Gecko/20100101 Firefox/125.0"
185.216.113.70 - - [30/Apr/2026:02:57:13 +0300] "POST /wp-cron.php?doing_wp_cron=1777507033.3458468914031982421875 HTTP/1.1" 200 448 "-" "WordPress/6.3.8; https://serhatburke.miroglu.net"
52.167.144.173 - - [30/Apr/2026:02:56:35 +0300] "GET /casinon-valkomstbonus-casinon-med-suveran-bonusar-2026/ HTTP/2" 200 18649 "-" "Mozilla/5.0 AppleWebKit/537.36 (KHTML, like Gecko; compatible; bingbot/2.0; +http://www.bing.com/bingbot.htm) Chrome/116.0.1938.76 Safari/537.36"
45.250.252.151 - - [30/Apr/2026:02:56:53 +0300] "POST /xmlrpc.php HTTP/1.1" 200 13140 "-" "Mozilla/5.0 (Windows NT 10.0; Win64; x64) AppleWebKit/537.36 (KHTML, like Gecko) Chrome/114.0.0.0 Safari/537.36"
103.219.169.227 - - [30/Apr/2026:02:57:07 +0300] "POST /xmlrpc.php HTTP/1.1" 200 14596 "-" "Mozilla/5.0 (Windows NT 10.0; Win64; x64) AppleWebKit/537.36 (KHTML, like Gecko) Chrome/114.0.0.0 Safari/537.36"
103.219.169.227 - - [30/Apr/2026:02:57:39 +0300] "GET /enjoy-sexy-shots-i-love-christmas-slot-free-spins-megaways-pokie-online-game/ HTTP/1.1" 200 78504 "-" "Mozilla/5.0 (Windows NT 10.0; Win64; x64) AppleWebKit/537.36 (KHTML, like Gecko) Chrome/123.0.0.0 Safari/537.36 OPR/109.0.0.0"
45.250.252.151 - - [30/Apr/2026:02:57:41 +0300] "GET /evaluation-pour-vive-mien-salle-de-jeu-coaching-connexion-id-i24slot-arraisonnements-inspiration-conception-qsse/ HTTP/1.1" 200 78407 "-" "Mozilla/5.0 (Windows NT 10.0; Win64; x64) AppleWebKit/537.36 (KHTML, like Gecko) Chrome/124.0.0.0 Safari/537.36"
103.219.169.227 - - [30/Apr/2026:02:57:54 +0300] "POST /xmlrpc.php HTTP/1.1" 200 630 "-" "Mozilla/5.0 (Windows NT 10.0; Win64; x64) AppleWebKit/537.36 (KHTML, like Gecko) Chrome/114.0.0.0 Safari/537.36"
185.216.113.70 - - [30/Apr/2026:02:58:26 +0300] "POST /wp-cron.php?doing_wp_cron=1777507106.8199501037597656250000 HTTP/1.1" 200 448 "-" "WordPress/6.3.8; https://serhatburke.miroglu.net"
103.219.169.227 - - [30/Apr/2026:02:58:13 +0300] "POST /xmlrpc.php HTTP/1.1" 200 13503 "-" "Mozilla/5.0 (Windows NT 10.0; Win64; x64) AppleWebKit/537.36 (KHTML, like Gecko) Chrome/114.0.0.0 Safari/537.36"
103.219.169.227 - - [30/Apr/2026:02:58:28 +0300] "GET /house-from-enjoyable-casino-harbors-install-and-you-will-sunrise-reels-mobile-slot-use-desktop-computer-yahoo-play-store/ HTTP/1.1" 200 78898 "-" "Mozilla/5.0 (Windows NT 10.0; Win64; x64; rv:124.0) Gecko/20100101 Firefox/124.0"
38.246.32.228 - - [30/Apr/2026:02:59:22 +0300] "POST /xmlrpc.php HTTP/1.1" 200 630 "-" "Mozilla/5.0 (Windows NT 10.0; Win64; x64) AppleWebKit/537.36 (KHTML, like Gecko) Chrome/114.0.0.0 Safari/537.36"
185.216.113.70 - - [30/Apr/2026:02:59:39 +0300] "POST /wp-cron.php?doing_wp_cron=1777507179.6159389019012451171875 HTTP/1.1" 200 448 "-" "WordPress/6.3.8; https://serhatburke.miroglu.net"
103.219.169.227 - - [30/Apr/2026:02:59:27 +0300] "POST /xmlrpc.php HTTP/1.1" 200 630 "-" "Mozilla/5.0 (Windows NT 10.0; Win64; x64) AppleWebKit/537.36 (KHTML, like Gecko) Chrome/114.0.0.0 Safari/537.36"
38.246.32.228 - - [30/Apr/2026:02:59:40 +0300] "POST /xmlrpc.php HTTP/1.1" 200 8868 "-" "Mozilla/5.0 (Windows NT 10.0; Win64; x64) AppleWebKit/537.36 (KHTML, like Gecko) Chrome/114.0.0.0 Safari/537.36"
103.219.169.227 - - [30/Apr/2026:02:59:46 +0300] "POST /xmlrpc.php HTTP/1.1" 200 13374 "-" "Mozilla/5.0 (Windows NT 10.0; Win64; x64) AppleWebKit/537.36 (KHTML, like Gecko) Chrome/114.0.0.0 Safari/537.36"
38.246.32.228 - - [30/Apr/2026:02:59:56 +0300] "GET /certified-site-regarding-bip-bip-local-casino-picked-antique-gambling-games/ HTTP/1.1" 200 73253 "-" "Mozilla/5.0 (Windows NT 10.0; Win64; x64) AppleWebKit/537.36 (KHTML, like Gecko) Chrome/124.0.0.0 Safari/537.36 Edg/124.0.0.0"
103.219.169.227 - - [30/Apr/2026:03:00:02 +0300] "GET /free-revolves-enjoyable-extra-now-joker-wild-double-up-online-slot-offers/ HTTP/1.1" 200 77429 "-" "Mozilla/5.0 (Windows NT 10.0; rv:109.0) Gecko/20100101 Firefox/115.0"
185.216.113.70 - - [30/Apr/2026:03:00:50 +0300] "POST /wp-cron.php?doing_wp_cron=1777507250.3597741127014160156250 HTTP/1.1" 200 448 "-" "WordPress/6.3.8; https://serhatburke.miroglu.net"
47.128.51.208 - - [30/Apr/2026:03:00:36 +0300] "GET /celebrate-9casino-uk-big-slot-wins-with-us/ HTTP/2" 200 17958 "-" "Mozilla/5.0 (compatible; Bytespider; spider-feedback@bytedance.com) AppleWebKit/537.36 (KHTML, like Gecko) Chrome/70.0.0.0 Safari/537.36"
47.128.51.208 - - [30/Apr/2026:03:00:51 +0300] "GET /wp-includes/css/dist/block-library/style.min.css?ver=6.3.8 HTTP/2" 200 12962 "https://serhatburke.miroglu.net/celebrate-9casino-uk-big-slot-wins-with-us/" "Mozilla/5.0 (compatible; Bytespider; spider-feedback@bytedance.com) AppleWebKit/537.36 (KHTML, like Gecko) Chrome/70.0.0.0 Safari/537.36"
47.128.51.208 - - [30/Apr/2026:03:00:51 +0300] "GET /wp-content/themes/toppic/css/rs-default.css?ver=4.2 HTTP/2" 200 2011 "https://serhatburke.miroglu.net/celebrate-9casino-uk-big-slot-wins-with-us/" "Mozilla/5.0 (compatible; Bytespider; spider-feedback@bytedance.com) AppleWebKit/537.36 (KHTML, like Gecko) Chrome/70.0.0.0 Safari/537.36"
47.128.51.208 - - [30/Apr/2026:03:00:51 +0300] "GET /wp-content/themes/toppic/css/royalslider.css?ver=4.2 HTTP/2" 200 1273 "https://serhatburke.miroglu.net/celebrate-9casino-uk-big-slot-wins-with-us/" "Mozilla/5.0 (compatible; Bytespider; spider-feedback@bytedance.com) AppleWebKit/537.36 (KHTML, like Gecko) Chrome/70.0.0.0 Safari/537.36"
47.128.51.208 - - [30/Apr/2026:03:00:51 +0300] "GET /wp-content/themes/toppic/css/woocommerce.css?ver=4.2 HTTP/2" 200 2234 "https://serhatburke.miroglu.net/celebrate-9casino-uk-big-slot-wins-with-us/" "Mozilla/5.0 (compatible; Bytespider; spider-feedback@bytedance.com) AppleWebKit/537.36 (KHTML, like Gecko) Chrome/70.0.0.0 Safari/537.36"
47.128.51.208 - - [30/Apr/2026:03:00:51 +0300] "GET /wp-content/themes/toppic/css/lightbox.css?ver=4.2 HTTP/2" 200 2342 "https://serhatburke.miroglu.net/celebrate-9casino-uk-big-slot-wins-with-us/" "Mozilla/5.0 (compatible; Bytespider; spider-feedback@bytedance.com) AppleWebKit/537.36 (KHTML, like Gecko) Chrome/70.0.0.0 Safari/537.36"
114.38.252.232 - - [30/Apr/2026:03:00:48 +0300] "POST /wp-login.php HTTP/2" 302 0 "-" "Mozilla/5.0 (Windows NT 10.0; Win64; x64; rv:135.0) Gecko/20100101 Firefox/135.0"
114.38.252.232 - - [30/Apr/2026:03:01:12 +0300] "GET /wp-admin HTTP/2" 301 795 "https://serhatburke.miroglu.net/wp-login.php" "Mozilla/5.0 (Windows NT 10.0; Win64; x64; rv:135.0) Gecko/20100101 Firefox/135.0"
114.38.252.232 - - [30/Apr/2026:03:01:13 +0300] "GET /wp-admin/ HTTP/2" 200 0 "https://serhatburke.miroglu.net/wp-admin" "Mozilla/5.0 (Windows NT 10.0; Win64; x64; rv:135.0) Gecko/20100101 Firefox/135.0"
45.250.252.151 - - [30/Apr/2026:03:00:52 +0300] "POST /xmlrpc.php HTTP/1.1" 200 630 "-" "Mozilla/5.0 (Windows NT 10.0; Win64; x64) AppleWebKit/537.36 (KHTML, like Gecko) Chrome/114.0.0.0 Safari/537.36"
103.219.169.227 - - [30/Apr/2026:03:00:56 +0300] "POST /xmlrpc.php HTTP/1.1" 200 630 "-" "Mozilla/5.0 (Windows NT 10.0; Win64; x64) AppleWebKit/537.36 (KHTML, like Gecko) Chrome/114.0.0.0 Safari/537.36"
38.246.32.228 - - [30/Apr/2026:03:01:00 +0300] "POST /xmlrpc.php HTTP/1.1" 200 630 "-" "Mozilla/5.0 (Windows NT 10.0; Win64; x64) AppleWebKit/537.36 (KHTML, like Gecko) Chrome/114.0.0.0 Safari/537.36"
47.128.51.190 - - [30/Apr/2026:03:01:20 +0300] "GET /robots.txt HTTP/1.1" 200 0 "-" "Mozilla/5.0 (Linux; Android 5.0) AppleWebKit/537.36 (KHTML, like Gecko) Mobile Safari/537.36 (compatible; Bytespider; spider-feedback@bytedance.com)"
185.216.113.70 - - [30/Apr/2026:03:01:43 +0300] "POST /wp-cron.php?doing_wp_cron=1777507303.3731849193572998046875 HTTP/1.1" 200 448 "-" "WordPress/6.3.8; https://serhatburke.miroglu.net"
185.168.30.38 - - [30/Apr/2026:03:01:17 +0300] "POST /wp-login.php HTTP/2" 302 0 "-" "Mozilla/5.0 (Windows NT 10.0; Win64; x64; rv:135.0) Gecko/20100101 Firefox/135.0"
185.168.30.38 - - [30/Apr/2026:03:01:44 +0300] "GET /wp-admin HTTP/2" 301 795 "https://serhatburke.miroglu.net/wp-login.php" "Mozilla/5.0 (Windows NT 10.0; Win64; x64; rv:135.0) Gecko/20100101 Firefox/135.0"
103.219.169.227 - - [30/Apr/2026:03:01:31 +0300] "POST /xmlrpc.php HTTP/1.1" 200 14673 "-" "Mozilla/5.0 (Windows NT 10.0; Win64; x64) AppleWebKit/537.36 (KHTML, like Gecko) Chrome/114.0.0.0 Safari/537.36"
45.250.252.151 - - [30/Apr/2026:03:01:28 +0300] "POST /xmlrpc.php HTTP/1.1" 200 13144 "-" "Mozilla/5.0 (Windows NT 10.0; Win64; x64) AppleWebKit/537.36 (KHTML, like Gecko) Chrome/114.0.0.0 Safari/537.36"
38.246.32.228 - - [30/Apr/2026:03:01:34 +0300] "POST /xmlrpc.php HTTP/1.1" 200 8797 "-" "Mozilla/5.0 (Windows NT 10.0; Win64; x64) AppleWebKit/537.36 (KHTML, like Gecko) Chrome/114.0.0.0 Safari/537.36"
218.164.7.33 - - [30/Apr/2026:03:01:48 +0300] "POST /wp-login.php HTTP/2" 200 0 "-" "Mozilla/5.0 (Windows NT 10.0; Win64; x64; rv:135.0) Gecko/20100101 Firefox/135.0"
103.219.169.227 - - [30/Apr/2026:03:02:00 +0300] "GET /household-away-from-enjoyable-casino-in-which-the-ports-will-always-100-percent-fruits-slot-for-real-money-free/ HTTP/1.1" 200 79446 "-" "Mozilla/5.0 (Windows NT 10.0; Win64; x64) AppleWebKit/537.36 (KHTML, like Gecko) Chrome/124.0.0.0 Safari/537.36"
52.167.144.17 - - [30/Apr/2026:03:02:01 +0300] "GET /book-of-dead-verbunden-2026-santas-wild-ride-1-kaution-kostenlos-uber-echtgeld/ HTTP/2" 200 19540 "-" "Mozilla/5.0 AppleWebKit/537.36 (KHTML, like Gecko; compatible; bingbot/2.0; +http://www.bing.com/bingbot.htm) Chrome/116.0.1938.76 Safari/537.36"
38.246.32.228 - - [30/Apr/2026:03:02:03 +0300] "GET /what-sort-of-playing-is-actually-judge-inside-northern-dakota/ HTTP/1.1" 200 72501 "-" "Mozilla/5.0 (Windows NT 10.0; Win64; x64) AppleWebKit/537.36 (KHTML, like Gecko) Chrome/124.0.0.0 Safari/537.36"
45.250.252.151 - - [30/Apr/2026:03:02:02 +0300] "GET /pactole-magic-salle-de-jeu-slots-book-of-ra-roulette-emplacement-applications-dans-google-play/ HTTP/1.1" 200 77785 "-" "Mozilla/5.0 (Windows NT 10.0; Win64; x64) AppleWebKit/537.36 (KHTML, like Gecko) Chrome/122.0.0.0 Safari/537.36"
40.77.167.43 - - [30/Apr/2026:03:02:17 +0300] "GET /just-how-to-sign-up-with-the-best-on-the-web-position-internet-sites/ HTTP/2" 200 18147 "-" "Mozilla/5.0 AppleWebKit/537.36 (KHTML, like Gecko; compatible; bingbot/2.0; +http://www.bing.com/bingbot.htm) Chrome/116.0.1938.76 Safari/537.36"
103.219.169.227 - - [30/Apr/2026:03:02:22 +0300] "POST /xmlrpc.php HTTP/1.1" 200 630 "-" "Mozilla/5.0 (Windows NT 10.0; Win64; x64) AppleWebKit/537.36 (KHTML, like Gecko) Chrome/114.0.0.0 Safari/537.36"
185.216.113.70 - - [30/Apr/2026:03:03:00 +0300] "POST /wp-cron.php?doing_wp_cron=1777507379.9470570087432861328125 HTTP/1.1" 200 448 "-" "WordPress/6.3.8; https://serhatburke.miroglu.net"
40.77.167.43 - - [30/Apr/2026:03:02:45 +0300] "GET /secret-brick-fits-3-luxury-secret-game-play-online-at-the-simple-online-game/ HTTP/2" 200 19809 "-" "Mozilla/5.0 AppleWebKit/537.36 (KHTML, like Gecko; compatible; bingbot/2.0; +http://www.bing.com/bingbot.htm) Chrome/116.0.1938.76 Safari/537.36"
103.219.169.227 - - [30/Apr/2026:03:02:49 +0300] "POST /xmlrpc.php HTTP/1.1" 200 14812 "-" "Mozilla/5.0 (Windows NT 10.0; Win64; x64) AppleWebKit/537.36 (KHTML, like Gecko) Chrome/114.0.0.0 Safari/537.36"
