57.128.22.95 - - [29/Apr/2026:08:42:09 +0300] "GET /beste-casino-site-belgie-hoge-inzet/ HTTP/1.1" 200 19281 "https://serhatburke.miroglu.net/" "Mozilla/5.0 (Windows NT 10.0; Win64; x64; rv:149.0) Gecko/20100101 Firefox/149.0"
167.160.180.96 - - [29/Apr/2026:08:42:24 +0300] "GET /wp-includes/css/dist/block-library/style.min.css?ver=6.3.8 HTTP/1.1" 200 13578 "https://serhatburke.miroglu.net/beste-casino-site-belgie-hoge-inzet/" "Mozilla/5.0 (Windows NT 10.0; Win64; x64) AppleWebKit/537.36 (KHTML, like Gecko) Chrome/145.0.0.0 Safari/537.36"
167.160.180.96 - - [29/Apr/2026:08:42:26 +0300] "GET /wp-content/plugins/contact-form-7/includes/css/styles.css?ver=5.8 HTTP/1.1" 200 1490 "https://serhatburke.miroglu.net/beste-casino-site-belgie-hoge-inzet/" "Mozilla/5.0 (Windows NT 10.0; Win64; x64) AppleWebKit/537.36 (KHTML, like Gecko) Chrome/145.0.0.0 Safari/537.36"
167.160.180.96 - - [29/Apr/2026:08:42:27 +0300] "GET /wp-content/themes/toppic/css/fontello.css?ver=4.2 HTTP/1.1" 200 1802 "https://serhatburke.miroglu.net/beste-casino-site-belgie-hoge-inzet/" "Mozilla/5.0 (Windows NT 10.0; Win64; x64) AppleWebKit/537.36 (KHTML, like Gecko) Chrome/145.0.0.0 Safari/537.36"
167.160.180.96 - - [29/Apr/2026:08:42:29 +0300] "GET /wp-content/themes/toppic/css/reset.css?ver=4.2 HTTP/1.1" 200 1178 "https://serhatburke.miroglu.net/beste-casino-site-belgie-hoge-inzet/" "Mozilla/5.0 (Windows NT 10.0; Win64; x64) AppleWebKit/537.36 (KHTML, like Gecko) Chrome/145.0.0.0 Safari/537.36"
167.160.180.96 - - [29/Apr/2026:08:42:30 +0300] "GET /wp-content/themes/toppic/css/default.css?ver=4.2 HTTP/1.1" 200 1811 "https://serhatburke.miroglu.net/beste-casino-site-belgie-hoge-inzet/" "Mozilla/5.0 (Windows NT 10.0; Win64; x64) AppleWebKit/537.36 (KHTML, like Gecko) Chrome/145.0.0.0 Safari/537.36"
167.160.180.96 - - [29/Apr/2026:08:42:31 +0300] "GET /wp-content/themes/toppic/style.css?ver=4.2 HTTP/1.1" 200 23398 "https://serhatburke.miroglu.net/beste-casino-site-belgie-hoge-inzet/" "Mozilla/5.0 (Windows NT 10.0; Win64; x64) AppleWebKit/537.36 (KHTML, like Gecko) Chrome/145.0.0.0 Safari/537.36"
167.160.180.96 - - [29/Apr/2026:08:42:33 +0300] "GET /wp-content/themes/toppic/css/royalslider.css?ver=4.2 HTTP/1.1" 200 1887 "https://serhatburke.miroglu.net/beste-casino-site-belgie-hoge-inzet/" "Mozilla/5.0 (Windows NT 10.0; Win64; x64) AppleWebKit/537.36 (KHTML, like Gecko) Chrome/145.0.0.0 Safari/537.36"
52.167.144.225 - - [29/Apr/2026:08:42:19 +0300] "GET /kraken-bezopasnoe-issledovanie-darkneta-2026-3/ HTTP/2" 200 18890 "-" "Mozilla/5.0 AppleWebKit/537.36 (KHTML, like Gecko; compatible; bingbot/2.0; +http://www.bing.com/bingbot.htm) Chrome/116.0.1938.76 Safari/537.36"
167.160.180.96 - - [29/Apr/2026:08:42:34 +0300] "GET /wp-content/themes/toppic/css/rs-default.css?ver=4.2 HTTP/1.1" 200 2625 "https://serhatburke.miroglu.net/beste-casino-site-belgie-hoge-inzet/" "Mozilla/5.0 (Windows NT 10.0; Win64; x64) AppleWebKit/537.36 (KHTML, like Gecko) Chrome/145.0.0.0 Safari/537.36"
167.160.180.96 - - [29/Apr/2026:08:42:35 +0300] "GET /wp-content/themes/toppic/css/lightbox.css?ver=4.2 HTTP/1.1" 200 2956 "https://serhatburke.miroglu.net/beste-casino-site-belgie-hoge-inzet/" "Mozilla/5.0 (Windows NT 10.0; Win64; x64) AppleWebKit/537.36 (KHTML, like Gecko) Chrome/145.0.0.0 Safari/537.36"
167.160.180.96 - - [29/Apr/2026:08:42:36 +0300] "GET /wp-content/themes/toppic/css/woocommerce.css?ver=4.2 HTTP/1.1" 200 2848 "https://serhatburke.miroglu.net/beste-casino-site-belgie-hoge-inzet/" "Mozilla/5.0 (Windows NT 10.0; Win64; x64) AppleWebKit/537.36 (KHTML, like Gecko) Chrome/145.0.0.0 Safari/537.36"
91.242.215.171 - - [29/Apr/2026:08:42:23 +0300] "POST /xmlrpc.php HTTP/1.1" 200 10424 "-" "Mozilla/5.0 (Windows NT 10.0; Win64; x64) AppleWebKit/537.36 (KHTML, like Gecko) Chrome/114.0.0.0 Safari/537.36"
167.160.180.96 - - [29/Apr/2026:08:42:38 +0300] "GET /wp-content/themes/toppic/css/responsive.css?ver=4.2 HTTP/1.1" 200 2796 "https://serhatburke.miroglu.net/beste-casino-site-belgie-hoge-inzet/" "Mozilla/5.0 (Windows NT 10.0; Win64; x64) AppleWebKit/537.36 (KHTML, like Gecko) Chrome/145.0.0.0 Safari/537.36"
185.216.113.70 - - [29/Apr/2026:08:42:51 +0300] "POST /wp-cron.php?doing_wp_cron=1777441371.6463680267333984375000 HTTP/1.1" 200 448 "-" "WordPress/6.3.8; https://serhatburke.miroglu.net"
167.160.180.96 - - [29/Apr/2026:08:42:39 +0300] "POST /wp-comments-post.php HTTP/1.1" 302 1083 "https://serhatburke.miroglu.net/beste-casino-site-belgie-hoge-inzet/" "Mozilla/5.0 (Windows NT 10.0; Win64; x64; rv:149.0) Gecko/20100101 Firefox/149.0"
91.242.215.171 - - [29/Apr/2026:08:42:41 +0300] "GET /lizenzinformationen-sie-sind-unverblumt-verfugbar-welches-es-hinein-europaischen-nutzer-vertrauenswurdiger-potenz/ HTTP/1.1" 200 76575 "-" "Mozilla/5.0 (Windows NT 10.0; Win64; x64) AppleWebKit/537.36 (KHTML, like Gecko) Chrome/124.0.0.0 Safari/537.36"
167.160.180.96 - - [29/Apr/2026:08:42:52 +0300] "GET /beste-casino-site-belgie-hoge-inzet/?unapproved=861&moderation-hash=e9af374884f9f753117f4fa45e3fbdc2 HTTP/1.1" 200 19819 "https://serhatburke.miroglu.net/wp-comments-post.php" "Mozilla/5.0 (Windows NT 10.0; Win64; x64; rv:149.0) Gecko/20100101 Firefox/149.0"
57.128.22.95 - - [29/Apr/2026:08:43:07 +0300] "GET /beste-casino-site-belgie-hoge-inzet/ HTTP/1.1" 200 19265 "-" "Mozilla/5.0 (compatible; Googlebot/2.1; +http://www.google.com/bot.html)"
185.216.113.70 - - [29/Apr/2026:08:44:31 +0300] "POST /wp-cron.php?doing_wp_cron=1777441471.2444000244140625000000 HTTP/1.1" 200 448 "-" "WordPress/6.3.8; https://serhatburke.miroglu.net"
91.242.215.171 - - [29/Apr/2026:08:44:06 +0300] "POST /xmlrpc.php HTTP/1.1" 200 630 "-" "Mozilla/5.0 (Windows NT 10.0; Win64; x64) AppleWebKit/537.36 (KHTML, like Gecko) Chrome/114.0.0.0 Safari/537.36"
57.128.22.95 - - [29/Apr/2026:08:44:24 +0300] "GET /zotabet-casino-bonus-premier-depot-2026/ HTTP/1.1" 200 19124 "-" "Mozilla/5.0 (compatible; Googlebot/2.1; +http://www.google.com/bot.html)"
91.242.215.171 - - [29/Apr/2026:08:45:18 +0300] "GET /?p=143425 HTTP/1.1" 301 731 "-" "Mozilla/5.0 (Windows NT 10.0; Win64; x64) AppleWebKit/537.36 (KHTML, like Gecko) Chrome/124.0.0.0 Safari/537.36 Edg/124.0.0.0"
185.216.113.70 - - [29/Apr/2026:08:46:02 +0300] "POST /wp-cron.php?doing_wp_cron=1777441562.6379079818725585937500 HTTP/1.1" 200 448 "-" "WordPress/6.3.8; https://serhatburke.miroglu.net"
91.242.215.171 - - [29/Apr/2026:08:45:40 +0300] "POST /xmlrpc.php HTTP/1.1" 200 630 "-" "Mozilla/5.0 (Windows NT 10.0; Win64; x64) AppleWebKit/537.36 (KHTML, like Gecko) Chrome/114.0.0.0 Safari/537.36"
91.242.215.171 - - [29/Apr/2026:08:45:42 +0300] "GET /unsereins-assistieren-ihnen-gegenseitig-schnell-anzumelden-indem-eltern-den-quantensprung-weiters-ein-%EF%BF%BD-gleichgewicht-nicht-verlieren/ HTTP/1.1" 200 76768 "-" "Mozilla/5.0 (Windows NT 10.0; Win64; x64) AppleWebKit/537.36 (KHTML, like Gecko) Chrome/124.0.0.0 Safari/537.36 Edg/124.0.0.0"
57.128.22.95 - - [29/Apr/2026:08:45:49 +0300] "GET /beste-casino-site-belgie-hoge-inzet/ HTTP/1.1" 200 19265 "-" "Mozilla/5.0 (compatible; Googlebot/2.1; +http://www.google.com/bot.html)"
52.167.144.225 - - [29/Apr/2026:08:45:59 +0300] "GET /jouer-sur-le-blackjack-personnellement-avec-pour-la-maille-effectif-dans-un-pays-europeen-plus-grands-sites-dans-2026/ HTTP/2" 200 19603 "-" "Mozilla/5.0 AppleWebKit/537.36 (KHTML, like Gecko; compatible; bingbot/2.0; +http://www.bing.com/bingbot.htm) Chrome/116.0.1938.76 Safari/537.36"
40.77.167.27 - - [29/Apr/2026:08:46:04 +0300] "GET /dungeons-dragons-the-state-jewels-of-the-orient-1-deposit-household-out-of-dd-dungeons-dragons/ HTTP/2" 200 19263 "-" "Mozilla/5.0 AppleWebKit/537.36 (KHTML, like Gecko; compatible; bingbot/2.0; +http://www.bing.com/bingbot.htm) Chrome/116.0.1938.76 Safari/537.36"
40.77.167.27 - - [29/Apr/2026:08:46:08 +0300] "GET /of-a-lot-local-casino-register-bonuses-try-compatible-with-people-online-game-during-the-the-latest-brands-portfolio/ HTTP/2" 200 17712 "-" "Mozilla/5.0 AppleWebKit/537.36 (KHTML, like Gecko; compatible; bingbot/2.0; +http://www.bing.com/bingbot.htm) Chrome/116.0.1938.76 Safari/537.36"
40.77.167.79 - - [29/Apr/2026:08:46:14 +0300] "GET /basta-direkt-casino-sverige-2026-mata-100-genast-casinon/ HTTP/2" 200 19462 "-" "Mozilla/5.0 AppleWebKit/537.36 (KHTML, like Gecko; compatible; bingbot/2.0; +http://www.bing.com/bingbot.htm) Chrome/116.0.1938.76 Safari/537.36"
91.242.215.171 - - [29/Apr/2026:08:46:21 +0300] "POST /xmlrpc.php HTTP/1.1" 200 10063 "-" "Mozilla/5.0 (Windows NT 10.0; Win64; x64) AppleWebKit/537.36 (KHTML, like Gecko) Chrome/114.0.0.0 Safari/537.36"
52.167.144.225 - - [29/Apr/2026:08:46:51 +0300] "GET /la-manera-sobre-como-jugar-alrededor-del-bingo-y-no-ha-codigo-de-promocion-para-ranuras-spinsy-transpirado-ganar-guia-transito-a-camino/ HTTP/2" 200 23981 "-" "Mozilla/5.0 AppleWebKit/537.36 (KHTML, like Gecko; compatible; bingbot/2.0; +http://www.bing.com/bingbot.htm) Chrome/116.0.1938.76 Safari/537.36"
104.207.48.160 - - [29/Apr/2026:08:47:08 +0300] "GET /35849-2/ HTTP/1.1" 200 18361 "-" "Mozilla/5.0 (compatible; Googlebot/2.1; +http://www.google.com/bot.html)"
91.242.215.171 - - [29/Apr/2026:08:47:09 +0300] "GET /nachfolgende-iphone-app-ermoglicht-sekundar-neue-funktionen-wie-live-schreiben-push-benachrichtigungen-oder-eine-schnelle-consultation/ HTTP/1.1" 200 76470 "-" "Mozilla/5.0 (Windows NT 10.0; Win64; x64; rv:124.0) Gecko/20100101 Firefox/124.0"
185.216.113.70 - - [29/Apr/2026:08:48:22 +0300] "POST /wp-cron.php?doing_wp_cron=1777441702.5822350978851318359375 HTTP/1.1" 200 448 "-" "WordPress/6.3.8; https://serhatburke.miroglu.net"
91.242.215.171 - - [29/Apr/2026:08:48:10 +0300] "POST /xmlrpc.php HTTP/1.1" 200 630 "-" "Mozilla/5.0 (Windows NT 10.0; Win64; x64) AppleWebKit/537.36 (KHTML, like Gecko) Chrome/114.0.0.0 Safari/537.36"
185.216.113.70 - - [29/Apr/2026:08:49:01 +0300] "POST /wp-cron.php?doing_wp_cron=1777441741.2403500080108642578125 HTTP/1.1" 200 448 "-" "WordPress/6.3.8; https://serhatburke.miroglu.net"
91.242.215.171 - - [29/Apr/2026:08:48:33 +0300] "POST /xmlrpc.php HTTP/1.1" 200 14880 "-" "Mozilla/5.0 (Windows NT 10.0; Win64; x64) AppleWebKit/537.36 (KHTML, like Gecko) Chrome/114.0.0.0 Safari/537.36"
91.242.215.171 - - [29/Apr/2026:08:49:15 +0300] "GET /selbige-diversitat-an-zahlungsplattformen-verlangt-diesseitigen-kunden-flexibilitat-in-den-der-weiters-auszahlungen/ HTTP/1.1" 200 80744 "-" "Mozilla/5.0 (Windows NT 10.0; Win64; x64) AppleWebKit/537.36 (KHTML, like Gecko) Chrome/123.0.0.0 Safari/537.36"
185.216.113.70 - - [29/Apr/2026:08:50:14 +0300] "POST /wp-cron.php?doing_wp_cron=1777441814.4295420646667480468750 HTTP/1.1" 200 448 "-" "WordPress/6.3.8; https://serhatburke.miroglu.net"
91.242.215.171 - - [29/Apr/2026:08:50:01 +0300] "POST /xmlrpc.php HTTP/1.1" 200 630 "-" "Mozilla/5.0 (Windows NT 10.0; Win64; x64) AppleWebKit/537.36 (KHTML, like Gecko) Chrome/114.0.0.0 Safari/537.36"
138.229.107.214 - - [29/Apr/2026:08:50:22 +0300] "GET /automaty-hazard-online/ HTTP/1.1" 200 18372 "https://serhatburke.miroglu.net/" "Mozilla/5.0 (X11; Linux i686; rv:114.0) Gecko/20100101 Firefox/114.0"
185.216.113.70 - - [29/Apr/2026:08:50:41 +0300] "POST /wp-cron.php?doing_wp_cron=1777441841.4000689983367919921875 HTTP/1.1" 200 448 "-" "WordPress/6.3.8; https://serhatburke.miroglu.net"
91.242.215.171 - - [29/Apr/2026:08:50:28 +0300] "POST /xmlrpc.php HTTP/1.1" 200 13576 "-" "Mozilla/5.0 (Windows NT 10.0; Win64; x64) AppleWebKit/537.36 (KHTML, like Gecko) Chrome/114.0.0.0 Safari/537.36"
138.229.107.214 - - [29/Apr/2026:08:50:40 +0300] "POST /wp-comments-post.php HTTP/1.1" 302 1033 "https://serhatburke.miroglu.net/automaty-hazard-online/" "Mozilla/5.0 (X11; Linux i686; rv:114.0) Gecko/20100101 Firefox/114.0"
91.242.215.171 - - [29/Apr/2026:08:50:46 +0300] "GET /hierfur-gultigkeit-besitzen-diese-3-fachen-umsatzbedingungen-parece-existireren-gar-kein-maximales-fortune-bzw/ HTTP/1.1" 200 79506 "-" "Mozilla/5.0 (Windows NT 10.0; Win64; x64; rv:125.0) Gecko/20100101 Firefox/125.0"
138.229.107.214 - - [29/Apr/2026:08:50:58 +0300] "GET /automaty-hazard-online/?unapproved=862&moderation-hash=8ed1f7650e9c4dfe2b276653930d9243 HTTP/1.1" 200 18812 "https://serhatburke.miroglu.net/wp-comments-post.php" "Mozilla/5.0 (X11; Linux i686; rv:114.0) Gecko/20100101 Firefox/114.0"
82.25.62.125 - - [29/Apr/2026:08:50:58 +0300] "GET /88701-2/ HTTP/1.1" 200 18393 "https://serhatburke.miroglu.net/" "Mozilla/5.0 (Macintosh; Intel Mac OS X 10_15_7) AppleWebKit/605.1.15 (KHTML, like Gecko) Version/26.1 Safari/605.1.15"
82.25.62.125 - - [29/Apr/2026:08:51:16 +0300] "GET /wp-includes/css/dist/block-library/style.min.css?ver=6.3.8 HTTP/1.1" 200 13578 "https://serhatburke.miroglu.net/88701-2/" "Mozilla/5.0 (Windows NT 10.0; Win64; x64) AppleWebKit/537.36 (KHTML, like Gecko) Chrome/145.0.0.0 Safari/537.36"
82.25.62.125 - - [29/Apr/2026:08:51:17 +0300] "GET /wp-content/plugins/contact-form-7/includes/css/styles.css?ver=5.8 HTTP/1.1" 200 1490 "https://serhatburke.miroglu.net/88701-2/" "Mozilla/5.0 (Windows NT 10.0; Win64; x64) AppleWebKit/537.36 (KHTML, like Gecko) Chrome/145.0.0.0 Safari/537.36"
82.25.62.125 - - [29/Apr/2026:08:51:18 +0300] "GET /wp-content/themes/toppic/css/fontello.css?ver=4.2 HTTP/1.1" 200 1802 "https://serhatburke.miroglu.net/88701-2/" "Mozilla/5.0 (Windows NT 10.0; Win64; x64) AppleWebKit/537.36 (KHTML, like Gecko) Chrome/145.0.0.0 Safari/537.36"
82.25.62.125 - - [29/Apr/2026:08:51:18 +0300] "GET /wp-content/themes/toppic/css/reset.css?ver=4.2 HTTP/1.1" 200 1178 "https://serhatburke.miroglu.net/88701-2/" "Mozilla/5.0 (Windows NT 10.0; Win64; x64) AppleWebKit/537.36 (KHTML, like Gecko) Chrome/145.0.0.0 Safari/537.36"
82.25.62.125 - - [29/Apr/2026:08:51:19 +0300] "GET /wp-content/themes/toppic/css/default.css?ver=4.2 HTTP/1.1" 200 1811 "https://serhatburke.miroglu.net/88701-2/" "Mozilla/5.0 (Windows NT 10.0; Win64; x64) AppleWebKit/537.36 (KHTML, like Gecko) Chrome/145.0.0.0 Safari/537.36"
82.25.62.125 - - [29/Apr/2026:08:51:20 +0300] "GET /wp-content/themes/toppic/style.css?ver=4.2 HTTP/1.1" 200 23398 "https://serhatburke.miroglu.net/88701-2/" "Mozilla/5.0 (Windows NT 10.0; Win64; x64) AppleWebKit/537.36 (KHTML, like Gecko) Chrome/145.0.0.0 Safari/537.36"
82.25.62.125 - - [29/Apr/2026:08:51:21 +0300] "GET /wp-content/themes/toppic/css/royalslider.css?ver=4.2 HTTP/1.1" 200 1887 "https://serhatburke.miroglu.net/88701-2/" "Mozilla/5.0 (Windows NT 10.0; Win64; x64) AppleWebKit/537.36 (KHTML, like Gecko) Chrome/145.0.0.0 Safari/537.36"
82.25.62.125 - - [29/Apr/2026:08:51:22 +0300] "GET /wp-content/themes/toppic/css/rs-default.css?ver=4.2 HTTP/1.1" 200 2625 "https://serhatburke.miroglu.net/88701-2/" "Mozilla/5.0 (Windows NT 10.0; Win64; x64) AppleWebKit/537.36 (KHTML, like Gecko) Chrome/145.0.0.0 Safari/537.36"
82.25.62.125 - - [29/Apr/2026:08:51:23 +0300] "GET /wp-content/themes/toppic/css/lightbox.css?ver=4.2 HTTP/1.1" 200 2956 "https://serhatburke.miroglu.net/88701-2/" "Mozilla/5.0 (Windows NT 10.0; Win64; x64) AppleWebKit/537.36 (KHTML, like Gecko) Chrome/145.0.0.0 Safari/537.36"
82.25.62.125 - - [29/Apr/2026:08:51:23 +0300] "GET /wp-content/themes/toppic/css/woocommerce.css?ver=4.2 HTTP/1.1" 200 2848 "https://serhatburke.miroglu.net/88701-2/" "Mozilla/5.0 (Windows NT 10.0; Win64; x64) AppleWebKit/537.36 (KHTML, like Gecko) Chrome/145.0.0.0 Safari/537.36"
82.25.62.125 - - [29/Apr/2026:08:51:24 +0300] "GET /wp-content/themes/toppic/css/responsive.css?ver=4.2 HTTP/1.1" 200 2796 "https://serhatburke.miroglu.net/88701-2/" "Mozilla/5.0 (Windows NT 10.0; Win64; x64) AppleWebKit/537.36 (KHTML, like Gecko) Chrome/145.0.0.0 Safari/537.36"
147.92.52.124 - - [29/Apr/2026:08:51:15 +0300] "GET /automaty-hazard-online/ HTTP/1.1" 200 18362 "-" "Mozilla/5.0 (X11; Linux i686; rv:114.0) Gecko/20100101 Firefox/114.0"
82.25.62.125 - - [29/Apr/2026:08:51:25 +0300] "POST /wp-comments-post.php HTTP/1.1" 302 1055 "https://serhatburke.miroglu.net/88701-2/" "Mozilla/5.0 (Macintosh; Intel Mac OS X 10_15_7) AppleWebKit/605.1.15 (KHTML, like Gecko) Version/26.1 Safari/605.1.15"
185.216.113.70 - - [29/Apr/2026:08:51:52 +0300] "POST /wp-cron.php?doing_wp_cron=1777441912.6083519458770751953125 HTTP/1.1" 200 448 "-" "WordPress/6.3.8; https://serhatburke.miroglu.net"
82.25.62.125 - - [29/Apr/2026:08:51:38 +0300] "GET /88701-2/?unapproved=863&moderation-hash=69f4f3e021e1577a47b727d60705ea84 HTTP/1.1" 200 18815 "https://serhatburke.miroglu.net/wp-comments-post.php" "Mozilla/5.0 (Macintosh; Intel Mac OS X 10_15_7) AppleWebKit/605.1.15 (KHTML, like Gecko) Version/26.1 Safari/605.1.15"
147.92.52.124 - - [29/Apr/2026:08:51:53 +0300] "GET /automaty-hazard-online/ HTTP/1.1" 200 18362 "-" "Mozilla/5.0 (X11; Fedora; Linux x86_64; rv:114.0) Gecko/20100101 Firefox/114.0"
82.25.62.125 - - [29/Apr/2026:08:51:54 +0300] "GET /88701-2/ HTTP/1.1" 200 18389 "-" "Mozilla/5.0 (compatible; Googlebot/2.1; +http://www.google.com/bot.html)"
91.242.215.171 - - [29/Apr/2026:08:52:05 +0300] "POST /xmlrpc.php HTTP/1.1" 200 630 "-" "Mozilla/5.0 (Windows NT 10.0; Win64; x64) AppleWebKit/537.36 (KHTML, like Gecko) Chrome/114.0.0.0 Safari/537.36"
185.216.113.70 - - [29/Apr/2026:08:52:37 +0300] "POST /wp-cron.php?doing_wp_cron=1777441957.8093030452728271484375 HTTP/1.1" 200 448 "-" "WordPress/6.3.8; https://serhatburke.miroglu.net"
172.237.60.137 - - [29/Apr/2026:08:52:25 +0300] "POST /xmlrpc.php HTTP/1.1" 200 630 "-" "Mozilla/5.0 (Windows NT 10.0; Win64; x64) AppleWebKit/537.36 (KHTML, like Gecko) Chrome/114.0.0.0 Safari/537.36"
91.242.215.171 - - [29/Apr/2026:08:52:34 +0300] "POST /xmlrpc.php HTTP/1.1" 200 10128 "-" "Mozilla/5.0 (Windows NT 10.0; Win64; x64) AppleWebKit/537.36 (KHTML, like Gecko) Chrome/114.0.0.0 Safari/537.36"
57.128.22.95 - - [29/Apr/2026:08:52:41 +0300] "GET /zotabet-casino-bonus-premier-depot-2026/ HTTP/1.1" 200 19124 "-" "Mozilla/5.0 (compatible; Googlebot/2.1; +http://www.google.com/bot.html)"
172.237.60.137 - - [29/Apr/2026:08:52:45 +0300] "POST /xmlrpc.php HTTP/1.1" 200 14576 "-" "Mozilla/5.0 (Windows NT 10.0; Win64; x64) AppleWebKit/537.36 (KHTML, like Gecko) Chrome/114.0.0.0 Safari/537.36"
172.237.60.137 - - [29/Apr/2026:08:53:04 +0300] "GET /spinia-is-a-fraud-top-alberta-online-casino-end-up-being-cautioned/ HTTP/1.1" 200 78524 "-" "Mozilla/5.0 (Windows NT 10.0; Win64; x64; rv:124.0) Gecko/20100101 Firefox/124.0"
91.242.215.171 - - [29/Apr/2026:08:53:04 +0300] "GET /wir-mochten-auf-diese-weise-sie-sich-hinein-unnilseptium-wie-zuhause-empfinden-weiters-jeden-moment-geniessen-im-stande-sein/ HTTP/1.1" 200 76204 "-" "Mozilla/5.0 (Windows NT 10.0; Win64; x64) AppleWebKit/537.36 (KHTML, like Gecko) Chrome/124.0.0.0 Safari/537.36 Edg/124.0.0.0"
185.216.113.70 - - [29/Apr/2026:08:53:43 +0300] "POST /wp-cron.php?doing_wp_cron=1777442022.9829089641571044921875 HTTP/1.1" 200 448 "-" "WordPress/6.3.8; https://serhatburke.miroglu.net"
91.242.215.171 - - [29/Apr/2026:08:53:31 +0300] "POST /xmlrpc.php HTTP/1.1" 200 630 "-" "Mozilla/5.0 (Windows NT 10.0; Win64; x64) AppleWebKit/537.36 (KHTML, like Gecko) Chrome/114.0.0.0 Safari/537.36"
91.242.215.171 - - [29/Apr/2026:08:53:54 +0300] "POST /xmlrpc.php HTTP/1.1" 200 10262 "-" "Mozilla/5.0 (Windows NT 10.0; Win64; x64) AppleWebKit/537.36 (KHTML, like Gecko) Chrome/114.0.0.0 Safari/537.36"
91.242.215.171 - - [29/Apr/2026:08:54:14 +0300] "GET /man-cap-beilaufig-ein-engagiertes-kundensupport-team-dasjenige-in-petto-wird-as-part-of-wundern-oder-denken-dahinter-fordern/ HTTP/1.1" 200 76363 "-" "Mozilla/5.0 (Windows NT 10.0; Win64; x64) AppleWebKit/537.36 (KHTML, like Gecko) Chrome/123.0.0.0 Safari/537.36 OPR/109.0.0.0"
185.216.113.70 - - [29/Apr/2026:08:55:14 +0300] "POST /wp-cron.php?doing_wp_cron=1777442114.6504468917846679687500 HTTP/1.1" 200 448 "-" "WordPress/6.3.8; https://serhatburke.miroglu.net"
41.249.99.10 - - [29/Apr/2026:08:55:01 +0300] "POST /xmlrpc.php HTTP/2" 200 141 "-" "WordPress/XMLRPC Client"
41.249.99.10 - - [29/Apr/2026:08:55:15 +0300] "GET /?p=143439 HTTP/2" 301 0 "-" "Mozilla/5.0 (Windows NT 10.0; Win64; x64) AppleWebKit/537.36 (KHTML, like Gecko) Chrome/120.0.0.0 Safari/537.36"
103.195.116.38 - - [29/Apr/2026:08:55:17 +0300] "POST /xmlrpc.php HTTP/2" 200 134628 "-" "WordPress XML-RPC Client"
185.216.113.70 - - [29/Apr/2026:08:55:50 +0300] "POST /wp-cron.php?doing_wp_cron=1777442150.3425369262695312500000 HTTP/1.1" 200 448 "-" "WordPress/6.3.8; https://serhatburke.miroglu.net"
103.195.116.38 - - [29/Apr/2026:08:55:37 +0300] "POST /xmlrpc.php HTTP/2" 200 178634 "-" "WordPress XML-RPC Client"
103.195.116.38 - - [29/Apr/2026:08:55:52 +0300] "POST /xmlrpc.php HTTP/2" 200 429030 "-" "WordPress XML-RPC Client"
103.195.116.38 - - [29/Apr/2026:08:56:07 +0300] "POST /xmlrpc.php HTTP/2" 200 407947 "-" "WordPress XML-RPC Client"
103.195.116.38 - - [29/Apr/2026:08:56:21 +0300] "POST /xmlrpc.php HTTP/2" 200 4963399 "-" "WordPress XML-RPC Client"
185.216.113.70 - - [29/Apr/2026:08:56:53 +0300] "POST /wp-cron.php?doing_wp_cron=1777442213.3812839984893798828125 HTTP/1.1" 200 448 "-" "WordPress/6.3.8; https://serhatburke.miroglu.net"
103.195.116.38 - - [29/Apr/2026:08:56:40 +0300] "POST /xmlrpc.php HTTP/2" 200 7012352 "-" "WordPress XML-RPC Client"
52.167.144.137 - - [29/Apr/2026:08:57:22 +0300] "GET /discover-tronscan-your-key-to-effortless-tron-tracking/ HTTP/2" 200 17808 "-" "Mozilla/5.0 AppleWebKit/537.36 (KHTML, like Gecko; compatible; bingbot/2.0; +http://www.bing.com/bingbot.htm) Chrome/116.0.1938.76 Safari/537.36"
185.216.113.70 - - [29/Apr/2026:08:57:44 +0300] "POST /wp-cron.php?doing_wp_cron=1777442264.1252889633178710937500 HTTP/1.1" 200 448 "-" "WordPress/6.3.8; https://serhatburke.miroglu.net"
52.167.144.210 - - [29/Apr/2026:08:57:31 +0300] "GET /wann-das-oder-dass-erklarung-beispiele-ubungen-4-5/ HTTP/2" 200 20246 "-" "Mozilla/5.0 AppleWebKit/537.36 (KHTML, like Gecko; compatible; bingbot/2.0; +http://www.bing.com/bingbot.htm) Chrome/116.0.1938.76 Safari/537.36"
52.167.144.167 - - [29/Apr/2026:08:57:36 +0300] "GET /demostracion-juega-magic-love-de-el-maquina-ranuras-clasicas-evolution-gaming-tragamonedas-pharaohs-gold-iii-de-novomatic/ HTTP/2" 200 24478 "-" "Mozilla/5.0 AppleWebKit/537.36 (KHTML, like Gecko; compatible; bingbot/2.0; +http://www.bing.com/bingbot.htm) Chrome/116.0.1938.76 Safari/537.36"
82.25.62.125 - - [29/Apr/2026:08:57:45 +0300] "GET /88701-2/ HTTP/1.1" 200 18389 "-" "Mozilla/5.0 (compatible; Googlebot/2.1; +http://www.google.com/bot.html)"
52.167.144.210 - - [29/Apr/2026:08:57:51 +0300] "GET /atomic-wallet-your-key-to-seamless-crypto-transactions/ HTTP/2" 200 17938 "-" "Mozilla/5.0 AppleWebKit/537.36 (KHTML, like Gecko; compatible; bingbot/2.0; +http://www.bing.com/bingbot.htm) Chrome/116.0.1938.76 Safari/537.36"
172.237.60.137 - - [29/Apr/2026:08:58:11 +0300] "POST /xmlrpc.php HTTP/1.1" 200 630 "-" "Mozilla/5.0 (Windows NT 10.0; Win64; x64) AppleWebKit/537.36 (KHTML, like Gecko) Chrome/114.0.0.0 Safari/537.36"
91.242.215.171 - - [29/Apr/2026:08:58:18 +0300] "POST /xmlrpc.php HTTP/1.1" 200 630 "-" "Mozilla/5.0 (Windows NT 10.0; Win64; x64) AppleWebKit/537.36 (KHTML, like Gecko) Chrome/114.0.0.0 Safari/537.36"
185.216.113.70 - - [29/Apr/2026:08:58:43 +0300] "POST /wp-cron.php?doing_wp_cron=1777442323.5443959236145019531250 HTTP/1.1" 200 448 "-" "WordPress/6.3.8; https://serhatburke.miroglu.net"
172.237.60.137 - - [29/Apr/2026:08:58:30 +0300] "POST /xmlrpc.php HTTP/1.1" 200 14904 "-" "Mozilla/5.0 (Windows NT 10.0; Win64; x64) AppleWebKit/537.36 (KHTML, like Gecko) Chrome/114.0.0.0 Safari/537.36"
91.242.215.171 - - [29/Apr/2026:08:58:38 +0300] "POST /xmlrpc.php HTTP/1.1" 200 10368 "-" "Mozilla/5.0 (Windows NT 10.0; Win64; x64) AppleWebKit/537.36 (KHTML, like Gecko) Chrome/114.0.0.0 Safari/537.36"
172.237.60.137 - - [29/Apr/2026:08:58:45 +0300] "GET /syndicate-casino-opinion-2026-a-lot-bonus-deposit-10-of-greeting-bonus/ HTTP/1.1" 200 78989 "-" "Mozilla/5.0 (Windows NT 10.0; Win64; x64) AppleWebKit/537.36 (KHTML, like Gecko) Chrome/123.0.0.0 Safari/537.36 OPR/109.0.0.0"
91.242.215.171 - - [29/Apr/2026:08:58:57 +0300] "GET /gamer-vermogen-wie-auch-klassiker-amyotrophic-lateral-sclerosis-beilaufig-aktuelle-neuerscheinungen-kuren/ HTTP/1.1" 200 75949 "-" "Mozilla/5.0 (Windows NT 10.0; rv:109.0) Gecko/20100101 Firefox/115.0"
185.216.113.70 - - [29/Apr/2026:08:59:49 +0300] "POST /wp-cron.php?doing_wp_cron=1777442389.8497030735015869140625 HTTP/1.1" 200 448 "-" "WordPress/6.3.8; https://serhatburke.miroglu.net"
80.90.183.146 - - [29/Apr/2026:08:59:37 +0300] "GET /88701-2/ HTTP/1.1" 200 18389 "-" "Mozilla/5.0 (compatible; Googlebot/2.1; +http://www.google.com/bot.html)"
52.167.144.210 - - [29/Apr/2026:09:00:22 +0300] "GET /maydondagi-bepul-portlar-777-mahalliy-kazino-katta-aylanishlar-va-imtiyozlar/ HTTP/2" 200 18768 "-" "Mozilla/5.0 AppleWebKit/537.36 (KHTML, like Gecko; compatible; bingbot/2.0; +http://www.bing.com/bingbot.htm) Chrome/116.0.1938.76 Safari/537.36"
185.216.113.70 - - [29/Apr/2026:09:00:41 +0300] "POST /wp-cron.php?doing_wp_cron=1777442441.0899119377136230468750 HTTP/1.1" 200 448 "-" "WordPress/6.3.8; https://serhatburke.miroglu.net"
52.167.144.137 - - [29/Apr/2026:09:00:26 +0300] "GET /du-denouement-lavantage-de-notre-soudain-salle-de-jeu-pas-du-tout-germe-borne-bien-plus-i%EF%BF%BD-lensemble-des-jeu-aux-diplomaties/ HTTP/2" 200 18025 "-" "Mozilla/5.0 AppleWebKit/537.36 (KHTML, like Gecko; compatible; bingbot/2.0; +http://www.bing.com/bingbot.htm) Chrome/116.0.1938.76 Safari/537.36"
172.237.60.137 - - [29/Apr/2026:09:00:34 +0300] "POST /xmlrpc.php HTTP/1.1" 200 630 "-" "Mozilla/5.0 (Windows NT 10.0; Win64; x64) AppleWebKit/537.36 (KHTML, like Gecko) Chrome/114.0.0.0 Safari/537.36"
52.167.144.210 - - [29/Apr/2026:09:00:41 +0300] "GET /for-every-twist-sells-a-worth-of-10p-providing-ten-value-of-incentive-enjoy/ HTTP/2" 200 18140 "-" "Mozilla/5.0 AppleWebKit/537.36 (KHTML, like Gecko; compatible; bingbot/2.0; +http://www.bing.com/bingbot.htm) Chrome/116.0.1938.76 Safari/537.36"
172.237.60.137 - - [29/Apr/2026:09:00:57 +0300] "POST /xmlrpc.php HTTP/1.1" 200 14201 "-" "Mozilla/5.0 (Windows NT 10.0; Win64; x64) AppleWebKit/537.36 (KHTML, like Gecko) Chrome/114.0.0.0 Safari/537.36"
172.237.60.137 - - [29/Apr/2026:09:01:12 +0300] "GET /the-brand-new-mother-casino-virtual-city-harbors-on-the-web/ HTTP/1.1" 200 77680 "-" "Mozilla/5.0 (Windows NT 10.0; Win64; x64) AppleWebKit/537.36 (KHTML, like Gecko) Chrome/109.0.0.0 Safari/537.36"
52.167.144.210 - - [29/Apr/2026:09:01:13 +0300] "GET /provide-can-be-acquired-to-brand-new-and-you-may-totally-confirmed-users-just/ HTTP/2" 200 17726 "-" "Mozilla/5.0 AppleWebKit/537.36 (KHTML, like Gecko; compatible; bingbot/2.0; +http://www.bing.com/bingbot.htm) Chrome/116.0.1938.76 Safari/537.36"
185.216.113.70 - - [29/Apr/2026:09:02:54 +0300] "POST /wp-cron.php?doing_wp_cron=1777442574.3848700523376464843750 HTTP/1.1" 200 448 "-" "WordPress/6.3.8; https://serhatburke.miroglu.net"
172.237.60.137 - - [29/Apr/2026:09:02:41 +0300] "POST /xmlrpc.php HTTP/1.1" 200 630 "-" "Mozilla/5.0 (Windows NT 10.0; Win64; x64) AppleWebKit/537.36 (KHTML, like Gecko) Chrome/114.0.0.0 Safari/537.36"
172.237.60.137 - - [29/Apr/2026:09:03:01 +0300] "POST /xmlrpc.php HTTP/1.1" 200 14686 "-" "Mozilla/5.0 (Windows NT 10.0; Win64; x64) AppleWebKit/537.36 (KHTML, like Gecko) Chrome/114.0.0.0 Safari/537.36"
52.167.144.210 - - [29/Apr/2026:09:03:02 +0300] "GET /in-functie-din-conditiile-de-rulaj-asigura-te-pentru-ca-stabilesti-a-dori-sa-action/ HTTP/2" 200 17663 "-" "Mozilla/5.0 AppleWebKit/537.36 (KHTML, like Gecko; compatible; bingbot/2.0; +http://www.bing.com/bingbot.htm) Chrome/116.0.1938.76 Safari/537.36"
52.167.144.210 - - [29/Apr/2026:09:03:05 +0300] "GET /la-lakers-versus-golden-state-fighters-forecast-picks-odds-nba-friday/ HTTP/2" 200 20709 "-" "Mozilla/5.0 AppleWebKit/537.36 (KHTML, like Gecko; compatible; bingbot/2.0; +http://www.bing.com/bingbot.htm) Chrome/116.0.1938.76 Safari/537.36"
52.167.144.137 - - [29/Apr/2026:09:03:14 +0300] "GET /jurassic-park-position-review-demo-five-rounds-away-from-totally-free-spins/ HTTP/2" 200 20972 "-" "Mozilla/5.0 AppleWebKit/537.36 (KHTML, like Gecko; compatible; bingbot/2.0; +http://www.bing.com/bingbot.htm) Chrome/116.0.1938.76 Safari/537.36"
185.216.113.70 - - [29/Apr/2026:09:03:39 +0300] "POST /wp-cron.php?doing_wp_cron=1777442619.9073820114135742187500 HTTP/1.1" 200 448 "-" "WordPress/6.3.8; https://serhatburke.miroglu.net"
40.77.167.26 - - [29/Apr/2026:09:03:18 +0300] "GET /free-pokies-igt-aristocrat-ainsworth-million-dollars-kid-play-light-question-ash-gaming-slot-machines-games-konami-costa-rica/ HTTP/2" 200 19013 "-" "Mozilla/5.0 AppleWebKit/537.36 (KHTML, like Gecko; compatible; bingbot/2.0; +http://www.bing.com/bingbot.htm) Chrome/116.0.1938.76 Safari/537.36"
172.237.60.137 - - [29/Apr/2026:09:03:27 +0300] "GET /web-based-casinos-recognizing-casino-wink-slots-real-money-visa/ HTTP/1.1" 200 78405 "-" "Mozilla/5.0 (Windows NT 10.0; Win64; x64; rv:125.0) Gecko/20100101 Firefox/125.0"
185.216.113.70 - - [29/Apr/2026:09:04:46 +0300] "POST /wp-cron.php?doing_wp_cron=1777442685.9614639282226562500000 HTTP/1.1" 200 448 "-" "WordPress/6.3.8; https://serhatburke.miroglu.net"
172.237.60.137 - - [29/Apr/2026:09:04:34 +0300] "POST /xmlrpc.php HTTP/1.1" 200 630 "-" "Mozilla/5.0 (Windows NT 10.0; Win64; x64) AppleWebKit/537.36 (KHTML, like Gecko) Chrome/114.0.0.0 Safari/537.36"
172.237.60.137 - - [29/Apr/2026:09:04:53 +0300] "POST /xmlrpc.php HTTP/1.1" 200 15021 "-" "Mozilla/5.0 (Windows NT 10.0; Win64; x64) AppleWebKit/537.36 (KHTML, like Gecko) Chrome/114.0.0.0 Safari/537.36"
52.167.144.137 - - [29/Apr/2026:09:05:05 +0300] "GET /bonus-sem-deposito-br-300-shields-melhores-bonus-sem-armazem-2022-sin-deposito-en-efectivo-unlimluck-prn-informatica/ HTTP/2" 200 19061 "-" "Mozilla/5.0 AppleWebKit/537.36 (KHTML, like Gecko; compatible; bingbot/2.0; +http://www.bing.com/bingbot.htm) Chrome/116.0.1938.76 Safari/537.36"
172.237.60.137 - - [29/Apr/2026:09:05:07 +0300] "GET /greatest-lowest-put-casinos-2026-minimal-deposit-the-cup-online-casino-choices-out-of-step-1/ HTTP/1.1" 200 79356 "-" "Mozilla/5.0 (Windows NT 10.0; Win64; x64) AppleWebKit/537.36 (KHTML, like Gecko) Chrome/124.0.0.0 Safari/537.36"
40.77.167.75 - - [29/Apr/2026:09:05:10 +0300] "GET /casino-utan-svensk-licens-2026-spela-utan-spelpaus-80/ HTTP/2" 200 116492 "-" "Mozilla/5.0 AppleWebKit/537.36 (KHTML, like Gecko; compatible; bingbot/2.0; +http://www.bing.com/bingbot.htm) Chrome/116.0.1938.76 Safari/537.36"
40.77.167.26 - - [29/Apr/2026:09:05:22 +0300] "GET /10-finest-cascading-reels-harbors-you-need-to-gamble-on-slot-butterflies-line-today/ HTTP/2" 200 19561 "-" "Mozilla/5.0 AppleWebKit/537.36 (KHTML, like Gecko; compatible; bingbot/2.0; +http://www.bing.com/bingbot.htm) Chrome/116.0.1938.76 Safari/537.36"
185.216.113.70 - - [29/Apr/2026:09:05:52 +0300] "POST /wp-cron.php?doing_wp_cron=1777442752.4785540103912353515625 HTTP/1.1" 200 448 "-" "WordPress/6.3.8; https://serhatburke.miroglu.net"
52.167.144.137 - - [29/Apr/2026:09:05:34 +0300] "GET /wish-to-know-the-best-internet-casino-australia-choices-for-2026/ HTTP/2" 200 17722 "-" "Mozilla/5.0 AppleWebKit/537.36 (KHTML, like Gecko; compatible; bingbot/2.0; +http://www.bing.com/bingbot.htm) Chrome/116.0.1938.76 Safari/537.36"
52.167.144.137 - - [29/Apr/2026:09:05:35 +0300] "GET /starburst-distraire-i-tous-les-jeu-un-machine-a-sous-penalty-duel-tantinet-unibet-salle-de-jeu/ HTTP/2" 200 21817 "-" "Mozilla/5.0 AppleWebKit/537.36 (KHTML, like Gecko; compatible; bingbot/2.0; +http://www.bing.com/bingbot.htm) Chrome/116.0.1938.76 Safari/537.36"
40.77.167.75 - - [29/Apr/2026:09:05:39 +0300] "GET /toly%D2%93ymen-goldbet-kazino-depozits%D1%96z-promo-kodtary-teg%D1%96n-aynalymdar-depozits%D1%96z-%D2%9Bosyl%D2%93an-bonus-a%D2%9Bsh-%D2%9B%D2%B1mar-oyyndary-k%D3%99s%D1%96poryndary-2026/ HTTP/2" 200 20223 "-" "Mozilla/5.0 AppleWebKit/537.36 (KHTML, like Gecko; compatible; bingbot/2.0; +http://www.bing.com/bingbot.htm) Chrome/116.0.1938.76 Safari/537.36"
40.77.167.26 - - [29/Apr/2026:09:05:43 +0300] "GET /beste-casino-sint-niklaas/ HTTP/2" 200 19222 "-" "Mozilla/5.0 AppleWebKit/537.36 (KHTML, like Gecko; compatible; bingbot/2.0; +http://www.bing.com/bingbot.htm) Chrome/116.0.1938.76 Safari/537.36"
172.237.60.137 - - [29/Apr/2026:09:06:24 +0300] "POST /xmlrpc.php HTTP/1.1" 200 630 "-" "Mozilla/5.0 (Windows NT 10.0; Win64; x64) AppleWebKit/537.36 (KHTML, like Gecko) Chrome/114.0.0.0 Safari/537.36"
185.216.113.70 - - [29/Apr/2026:09:06:56 +0300] "POST /wp-cron.php?doing_wp_cron=1777442816.2171421051025390625000 HTTP/1.1" 200 448 "-" "WordPress/6.3.8; https://serhatburke.miroglu.net"
172.237.60.137 - - [29/Apr/2026:09:06:42 +0300] "POST /xmlrpc.php HTTP/1.1" 200 14930 "-" "Mozilla/5.0 (Windows NT 10.0; Win64; x64) AppleWebKit/537.36 (KHTML, like Gecko) Chrome/114.0.0.0 Safari/537.36"
172.237.60.137 - - [29/Apr/2026:09:06:58 +0300] "GET /finest-1-lay-playing-casino-hello-mobile-enterprises-british-2026-bet365-no-deposit-free-spins-2023-choice-step-one-lb-brs/ HTTP/1.1" 200 80058 "-" "Mozilla/5.0 (Windows NT 10.0; Win64; x64) AppleWebKit/537.36 (KHTML, like Gecko) Chrome/122.0.0.0 Safari/537.36"
185.216.113.70 - - [29/Apr/2026:09:08:08 +0300] "POST /wp-cron.php?doing_wp_cron=1777442888.6006710529327392578125 HTTP/1.1" 200 448 "-" "WordPress/6.3.8; https://serhatburke.miroglu.net"
172.237.60.137 - - [29/Apr/2026:09:07:55 +0300] "POST /xmlrpc.php HTTP/1.1" 200 630 "-" "Mozilla/5.0 (Windows NT 10.0; Win64; x64) AppleWebKit/537.36 (KHTML, like Gecko) Chrome/114.0.0.0 Safari/537.36"
172.237.60.137 - - [29/Apr/2026:09:08:15 +0300] "POST /xmlrpc.php HTTP/1.1" 200 14992 "-" "Mozilla/5.0 (Windows NT 10.0; Win64; x64) AppleWebKit/537.36 (KHTML, like Gecko) Chrome/114.0.0.0 Safari/537.36"
185.216.113.70 - - [29/Apr/2026:09:08:41 +0300] "POST /wp-cron.php?doing_wp_cron=1777442921.6486589908599853515625 HTTP/1.1" 200 448 "-" "WordPress/6.3.8; https://serhatburke.miroglu.net"
172.237.60.137 - - [29/Apr/2026:09:08:29 +0300] "GET /the-best-important-hyperlink-real-cash-online-casinos-2026/ HTTP/1.1" 200 78524 "-" "Mozilla/5.0 (Windows NT 10.0; Win64; x64) AppleWebKit/537.36 (KHTML, like Gecko) Chrome/109.0.0.0 Safari/537.36"
185.216.113.70 - - [29/Apr/2026:09:09:46 +0300] "POST /wp-cron.php?doing_wp_cron=1777442986.6960690021514892578125 HTTP/1.1" 200 448 "-" "WordPress/6.3.8; https://serhatburke.miroglu.net"
172.237.60.137 - - [29/Apr/2026:09:09:34 +0300] "POST /xmlrpc.php HTTP/1.1" 200 630 "-" "Mozilla/5.0 (Windows NT 10.0; Win64; x64) AppleWebKit/537.36 (KHTML, like Gecko) Chrome/114.0.0.0 Safari/537.36"
212.34.148.156 - - [29/Apr/2026:09:09:50 +0300] "GET /beste-casino-site-belgie-hoge-inzet/ HTTP/1.1" 200 19265 "-" "Mozilla/5.0 (compatible; Googlebot/2.1; +http://www.google.com/bot.html)"
172.237.60.137 - - [29/Apr/2026:09:09:53 +0300] "POST /xmlrpc.php HTTP/1.1" 200 14857 "-" "Mozilla/5.0 (Windows NT 10.0; Win64; x64) AppleWebKit/537.36 (KHTML, like Gecko) Chrome/114.0.0.0 Safari/537.36"
172.237.60.137 - - [29/Apr/2026:09:10:11 +0300] "GET /limited-casino-online-neteller-country/ HTTP/1.1" 200 78012 "-" "Mozilla/5.0 (Windows NT 10.0; Win64; x64) AppleWebKit/537.36 (KHTML, like Gecko) Chrome/123.0.0.0 Safari/537.36 OPR/109.0.0.0"
185.216.113.70 - - [29/Apr/2026:09:11:13 +0300] "POST /wp-cron.php?doing_wp_cron=1777443073.3106999397277832031250 HTTP/1.1" 200 448 "-" "WordPress/6.3.8; https://serhatburke.miroglu.net"
172.237.60.137 - - [29/Apr/2026:09:11:01 +0300] "POST /xmlrpc.php HTTP/1.1" 200 630 "-" "Mozilla/5.0 (Windows NT 10.0; Win64; x64) AppleWebKit/537.36 (KHTML, like Gecko) Chrome/114.0.0.0 Safari/537.36"
172.237.60.137 - - [29/Apr/2026:09:11:20 +0300] "POST /xmlrpc.php HTTP/1.1" 200 14404 "-" "Mozilla/5.0 (Windows NT 10.0; Win64; x64) AppleWebKit/537.36 (KHTML, like Gecko) Chrome/114.0.0.0 Safari/537.36"
185.216.113.70 - - [29/Apr/2026:09:11:45 +0300] "POST /wp-cron.php?doing_wp_cron=1777443105.6497020721435546875000 HTTP/1.1" 200 448 "-" "WordPress/6.3.8; https://serhatburke.miroglu.net"
172.237.60.137 - - [29/Apr/2026:09:11:33 +0300] "GET /cloverpit-tricks-casino-grosvenor-mobile-and-tips-guide-location-monster/ HTTP/1.1" 200 78368 "-" "Mozilla/5.0 (Windows NT 10.0; Win64; x64; rv:125.0) Gecko/20100101 Firefox/125.0"
185.216.113.70 - - [29/Apr/2026:09:12:41 +0300] "POST /wp-cron.php?doing_wp_cron=1777443161.7516009807586669921875 HTTP/1.1" 200 448 "-" "WordPress/6.3.8; https://serhatburke.miroglu.net"
172.237.60.137 - - [29/Apr/2026:09:12:24 +0300] "POST /xmlrpc.php HTTP/1.1" 200 630 "-" "Mozilla/5.0 (Windows NT 10.0; Win64; x64) AppleWebKit/537.36 (KHTML, like Gecko) Chrome/114.0.0.0 Safari/537.36"
57.128.22.95 - - [29/Apr/2026:09:12:24 +0300] "GET /88701-2/ HTTP/1.1" 200 18401 "https://serhatburke.miroglu.net/" "Mozilla/5.0 (Macintosh; Intel Mac OS X 10_15_7) AppleWebKit/537.36 (KHTML, like Gecko) Chrome/145.0.0.0 Safari/537.36 Edg/145.0.0.0"
167.160.171.31 - - [29/Apr/2026:09:12:49 +0300] "POST /wp-comments-post.php HTTP/1.1" 302 1055 "https://serhatburke.miroglu.net/88701-2/" "Mozilla/5.0 (Macintosh; Intel Mac OS X 10_15_7) AppleWebKit/537.36 (KHTML, like Gecko) Chrome/145.0.0.0 Safari/537.36 Edg/145.0.0.0"
172.237.60.137 - - [29/Apr/2026:09:12:50 +0300] "POST /xmlrpc.php HTTP/1.1" 200 15142 "-" "Mozilla/5.0 (Windows NT 10.0; Win64; x64) AppleWebKit/537.36 (KHTML, like Gecko) Chrome/114.0.0.0 Safari/537.36"
104.28.254.237 - - [29/Apr/2026:09:13:01 +0300] "GET / HTTP/1.1" 200 19234 "-" "Mozilla/5.0 (Macintosh; Intel Mac OS X 10_15_7) AppleWebKit/537.36 (KHTML, like Gecko) Chrome/132.0.0.0 Safari/537.36; Manus-User/1.0"
57.128.22.95 - - [29/Apr/2026:09:13:11 +0300] "GET /88701-2/ HTTP/1.1" 200 18389 "-" "Mozilla/5.0 (compatible; Googlebot/2.1; +http://www.google.com/bot.html)"
172.237.60.137 - - [29/Apr/2026:09:13:17 +0300] "GET /choy-sun-doa-casino-slot-games-on-the-internet-by-the-aristocrat-casinoluck-casino-for-real-cash-gambling-absolve-to-play/ HTTP/1.1" 200 80492 "-" "Mozilla/5.0 (Windows NT 10.0; rv:109.0) Gecko/20100101 Firefox/115.0"
185.216.113.70 - - [29/Apr/2026:09:13:59 +0300] "POST /wp-cron.php?doing_wp_cron=1777443239.7589440345764160156250 HTTP/1.1" 200 448 "-" "WordPress/6.3.8; https://serhatburke.miroglu.net"
57.128.22.95 - - [29/Apr/2026:09:13:45 +0300] "GET /88701-2/ HTTP/1.1" 200 18389 "-" "Mozilla/5.0 (compatible; Googlebot/2.1; +http://www.google.com/bot.html)"
172.237.60.137 - - [29/Apr/2026:09:13:53 +0300] "POST /xmlrpc.php HTTP/1.1" 200 630 "-" "Mozilla/5.0 (Windows NT 10.0; Win64; x64) AppleWebKit/537.36 (KHTML, like Gecko) Chrome/114.0.0.0 Safari/537.36"
40.77.167.75 - - [29/Apr/2026:09:14:01 +0300] "GET /publication-away-from-ra-position-remark-2026-bonuses-jackpots-far-more/ HTTP/2" 200 19363 "-" "Mozilla/5.0 AppleWebKit/537.36 (KHTML, like Gecko; compatible; bingbot/2.0; +http://www.bing.com/bingbot.htm) Chrome/116.0.1938.76 Safari/537.36"
172.237.60.137 - - [29/Apr/2026:09:14:14 +0300] "POST /xmlrpc.php HTTP/1.1" 200 14797 "-" "Mozilla/5.0 (Windows NT 10.0; Win64; x64) AppleWebKit/537.36 (KHTML, like Gecko) Chrome/114.0.0.0 Safari/537.36"
185.216.113.70 - - [29/Apr/2026:09:14:40 +0300] "POST /wp-cron.php?doing_wp_cron=1777443280.1054430007934570312500 HTTP/1.1" 200 448 "-" "WordPress/6.3.8; https://serhatburke.miroglu.net"
172.237.60.137 - - [29/Apr/2026:09:14:28 +0300] "GET /gamble-online-casino-games-better-adventures-beyond-wonderland-mobile-demonstration-game-in-the-2026/ HTTP/1.1" 200 79627 "-" "Mozilla/5.0 (Windows NT 10.0; Win64; x64) AppleWebKit/537.36 (KHTML, like Gecko) Chrome/124.0.0.0 Safari/537.36"
185.216.113.70 - - [29/Apr/2026:09:15:41 +0300] "POST /wp-cron.php?doing_wp_cron=1777443341.0275440216064453125000 HTTP/1.1" 200 448 "-" "WordPress/6.3.8; https://serhatburke.miroglu.net"
172.237.60.137 - - [29/Apr/2026:09:15:28 +0300] "POST /xmlrpc.php HTTP/1.1" 200 630 "-" "Mozilla/5.0 (Windows NT 10.0; Win64; x64) AppleWebKit/537.36 (KHTML, like Gecko) Chrome/114.0.0.0 Safari/537.36"
172.237.60.137 - - [29/Apr/2026:09:15:47 +0300] "POST /xmlrpc.php HTTP/1.1" 200 15544 "-" "Mozilla/5.0 (Windows NT 10.0; Win64; x64) AppleWebKit/537.36 (KHTML, like Gecko) Chrome/114.0.0.0 Safari/537.36"
172.237.60.137 - - [29/Apr/2026:09:16:02 +0300] "GET /ea-fc-twenty-six-thunderstruck-modify-tracker-the-cards-paypal-casinos-online-that-accept-how-enhancements-functions/ HTTP/1.1" 200 80708 "-" "Mozilla/5.0 (Windows NT 10.0; Win64; x64) AppleWebKit/537.36 (KHTML, like Gecko) Chrome/122.0.0.0 Safari/537.36"
185.216.113.70 - - [29/Apr/2026:09:17:00 +0300] "POST /wp-cron.php?doing_wp_cron=1777443420.0639200210571289062500 HTTP/1.1" 200 448 "-" "WordPress/6.3.8; https://serhatburke.miroglu.net"
172.237.60.137 - - [29/Apr/2026:09:16:48 +0300] "POST /xmlrpc.php HTTP/1.1" 200 630 "-" "Mozilla/5.0 (Windows NT 10.0; Win64; x64) AppleWebKit/537.36 (KHTML, like Gecko) Chrome/114.0.0.0 Safari/537.36"
172.237.60.137 - - [29/Apr/2026:09:17:07 +0300] "POST /xmlrpc.php HTTP/1.1" 200 15380 "-" "Mozilla/5.0 (Windows NT 10.0; Win64; x64) AppleWebKit/537.36 (KHTML, like Gecko) Chrome/114.0.0.0 Safari/537.36"
172.237.60.137 - - [29/Apr/2026:09:17:22 +0300] "GET /betting-online-game-cricket-star-incentives-away-casino-spin-win-app-from-position-machin/ HTTP/1.1" 200 79861 "-" "Mozilla/5.0 (Windows NT 10.0; Win64; x64) AppleWebKit/537.36 (KHTML, like Gecko) Chrome/124.0.0.0 Safari/537.36 Edg/124.0.0.0"
185.216.113.70 - - [29/Apr/2026:09:18:17 +0300] "POST /wp-cron.php?doing_wp_cron=1777443497.9070301055908203125000 HTTP/1.1" 200 448 "-" "WordPress/6.3.8; https://serhatburke.miroglu.net"
57.128.22.95 - - [29/Apr/2026:09:18:05 +0300] "GET /88701-2/ HTTP/1.1" 200 18389 "-" "Mozilla/5.0 (compatible; Googlebot/2.1; +http://www.google.com/bot.html)"
172.237.60.137 - - [29/Apr/2026:09:18:09 +0300] "POST /xmlrpc.php HTTP/1.1" 200 630 "-" "Mozilla/5.0 (Windows NT 10.0; Win64; x64) AppleWebKit/537.36 (KHTML, like Gecko) Chrome/114.0.0.0 Safari/537.36"
172.237.60.137 - - [29/Apr/2026:09:18:28 +0300] "POST /xmlrpc.php HTTP/1.1" 200 14856 "-" "Mozilla/5.0 (Windows NT 10.0; Win64; x64) AppleWebKit/537.36 (KHTML, like Gecko) Chrome/114.0.0.0 Safari/537.36"
216.73.217.81 - - [29/Apr/2026:09:18:29 +0300] "GET /robots.txt HTTP/2" 200 110 "-" "Mozilla/5.0 AppleWebKit/537.36 (KHTML, like Gecko; compatible; ClaudeBot/1.0; +claudebot@anthropic.com)"
216.73.217.81 - - [29/Apr/2026:09:18:43 +0300] "GET /sitemap.xml HTTP/2" 200 0 "-" "Mozilla/5.0 AppleWebKit/537.36 (KHTML, like Gecko; compatible; ClaudeBot/1.0; +claudebot@anthropic.com)"
185.216.113.70 - - [29/Apr/2026:09:18:55 +0300] "POST /wp-cron.php?doing_wp_cron=1777443535.2151699066162109375000 HTTP/1.1" 200 448 "-" "WordPress/6.3.8; https://serhatburke.miroglu.net"
172.237.60.137 - - [29/Apr/2026:09:18:43 +0300] "GET /so-what-does-bananas-go-bahamas-free-1-deposit-hazard-suggest/ HTTP/1.1" 200 78660 "-" "Mozilla/5.0 (Windows NT 10.0; Win64; x64) AppleWebKit/537.36 (KHTML, like Gecko) Chrome/109.0.0.0 Safari/537.36"
172.237.60.137 - - [29/Apr/2026:09:19:16 +0300] "POST /xmlrpc.php HTTP/1.1" 200 630 "-" "Mozilla/5.0 (Windows NT 10.0; Win64; x64) AppleWebKit/537.36 (KHTML, like Gecko) Chrome/114.0.0.0 Safari/537.36"
185.216.113.70 - - [29/Apr/2026:09:19:46 +0300] "POST /wp-cron.php?doing_wp_cron=1777443586.4779729843139648437500 HTTP/1.1" 200 448 "-" "WordPress/6.3.8; https://serhatburke.miroglu.net"
172.237.60.137 - - [29/Apr/2026:09:19:34 +0300] "POST /xmlrpc.php HTTP/1.1" 200 15323 "-" "Mozilla/5.0 (Windows NT 10.0; Win64; x64) AppleWebKit/537.36 (KHTML, like Gecko) Chrome/114.0.0.0 Safari/537.36"
172.237.60.137 - - [29/Apr/2026:09:19:49 +0300] "GET /da-vinci-diamonds-review-2026-viking-age-3d-1-deposit-professional-bitcoin-local-casino-bustabit-incentive-requirements-associate-remark-remau-work-environment-chairs-durban/ HTTP/1.1" 200 82055 "-" "Mozilla/5.0 (Windows NT 10.0; Win64; x64) AppleWebKit/537.36 (KHTML, like Gecko) Chrome/123.0.0.0 Safari/537.36"
185.232.21.250 - - [29/Apr/2026:09:20:20 +0300] "GET /wp-login.php HTTP/2" 200 3091 "https://serhatburke.miroglu.net/" "Mozilla/5.0 (Windows NT 10.0; Win64; x64) AppleWebKit/537.36 (KHTML, like Gecko) Chrome/147.0.0.0 Safari/537.36"
185.232.21.250 - - [29/Apr/2026:09:20:45 +0300] "GET /favicon.ico HTTP/2" 200 926 "https://serhatburke.miroglu.net/wp-login.php" "Mozilla/5.0 (Windows NT 10.0; Win64; x64) AppleWebKit/537.36 (KHTML, like Gecko) Chrome/147.0.0.0 Safari/537.36"
185.216.113.70 - - [29/Apr/2026:09:20:47 +0300] "POST /wp-cron.php?doing_wp_cron=1777443647.3795609474182128906250 HTTP/1.1" 200 448 "-" "WordPress/6.3.8; https://serhatburke.miroglu.net"
172.237.60.137 - - [29/Apr/2026:09:20:29 +0300] "POST /xmlrpc.php HTTP/1.1" 200 630 "-" "Mozilla/5.0 (Windows NT 10.0; Win64; x64) AppleWebKit/537.36 (KHTML, like Gecko) Chrome/114.0.0.0 Safari/537.36"
185.216.113.70 - - [29/Apr/2026:09:21:13 +0300] "POST /wp-cron.php?doing_wp_cron=1777443673.1002900600433349609375 HTTP/1.1" 200 448 "-" "WordPress/6.3.8; https://serhatburke.miroglu.net"
34.116.28.32 - - [29/Apr/2026:09:20:45 +0300] "GET /demo-modunda-ucretsiz-oynayn-sweet-bonanza-demo/ HTTP/1.1" 200 19516 "-" "Mozilla/5.0 (compatible; Google-Apps-Script; beanserver; +https://script.google.com; id: UAEmdDd_w0O9VrNXUtN3dpWLxGhCUbrq1cYg)"
185.216.113.70 - - [29/Apr/2026:09:21:26 +0300] "POST /wp-cron.php?doing_wp_cron=1777443686.0166060924530029296875 HTTP/1.1" 200 448 "-" "WordPress/6.3.8; https://serhatburke.miroglu.net"
172.237.60.137 - - [29/Apr/2026:09:20:54 +0300] "POST /xmlrpc.php HTTP/1.1" 200 15504 "-" "Mozilla/5.0 (Windows NT 10.0; Win64; x64) AppleWebKit/537.36 (KHTML, like Gecko) Chrome/114.0.0.0 Safari/537.36"
185.232.21.250 - - [29/Apr/2026:09:20:57 +0300] "POST /xmlrpc.php HTTP/1.1" 200 767 "https://serhatburke.miroglu.net/" "Mozilla/5.0 (Windows NT 10.0; Win64; x64) AppleWebKit/537.36 (KHTML, like Gecko) Chrome/122.0.0.0 Safari/537.36"
172.237.60.137 - - [29/Apr/2026:09:21:28 +0300] "GET /da-vinci-play-slots-nz-online-for-free-expensive-diamonds-slot-comment-demo/ HTTP/1.1" 200 79551 "-" "Mozilla/5.0 (Windows NT 10.0; Win64; x64; rv:125.0) Gecko/20100101 Firefox/125.0"
172.237.60.137 - - [29/Apr/2026:09:21:46 +0300] "POST /xmlrpc.php HTTP/1.1" 200 630 "-" "Mozilla/5.0 (Windows NT 10.0; Win64; x64) AppleWebKit/537.36 (KHTML, like Gecko) Chrome/114.0.0.0 Safari/537.36"
185.216.113.70 - - [29/Apr/2026:09:22:26 +0300] "POST /wp-cron.php?doing_wp_cron=1777443746.2565550804138183593750 HTTP/1.1" 200 448 "-" "WordPress/6.3.8; https://serhatburke.miroglu.net"
172.237.60.137 - - [29/Apr/2026:09:22:10 +0300] "POST /xmlrpc.php HTTP/1.1" 200 15218 "-" "Mozilla/5.0 (Windows NT 10.0; Win64; x64) AppleWebKit/537.36 (KHTML, like Gecko) Chrome/114.0.0.0 Safari/537.36"
172.237.60.137 - - [29/Apr/2026:09:22:28 +0300] "GET /play-deceased-or-alive-spinsamurai-welcome-bonus-slot-the-real-deal-currency-at-the-playojo/ HTTP/1.1" 200 79406 "-" "Mozilla/5.0 (Windows NT 10.0; Win64; x64; rv:125.0) Gecko/20100101 Firefox/125.0"
172.237.60.137 - - [29/Apr/2026:09:23:03 +0300] "POST /xmlrpc.php HTTP/1.1" 200 630 "-" "Mozilla/5.0 (Windows NT 10.0; Win64; x64) AppleWebKit/537.36 (KHTML, like Gecko) Chrome/114.0.0.0 Safari/537.36"
185.216.113.70 - - [29/Apr/2026:09:23:33 +0300] "POST /wp-cron.php?doing_wp_cron=1777443813.5954320430755615234375 HTTP/1.1" 200 448 "-" "WordPress/6.3.8; https://serhatburke.miroglu.net"
172.237.60.137 - - [29/Apr/2026:09:23:21 +0300] "POST /xmlrpc.php HTTP/1.1" 200 15207 "-" "Mozilla/5.0 (Windows NT 10.0; Win64; x64) AppleWebKit/537.36 (KHTML, like Gecko) Chrome/114.0.0.0 Safari/537.36"
172.237.60.137 - - [29/Apr/2026:09:23:35 +0300] "GET /7-finest-online-voodoo-candy-shop-slot-machine-real-money-casino-incentives-march-2026-finest-offers-requirements-promotions/ HTTP/1.1" 200 80682 "-" "Mozilla/5.0 (Windows NT 10.0; rv:109.0) Gecko/20100101 Firefox/115.0"
212.34.148.156 - - [29/Apr/2026:09:23:46 +0300] "GET /zotabet-casino-bonus-premier-depot-2026/ HTTP/1.1" 200 19124 "-" "Mozilla/5.0 (compatible; Googlebot/2.1; +http://www.google.com/bot.html)"
40.77.167.1 - - [29/Apr/2026:09:23:56 +0300] "GET /essential-dexscreener-features-every-trader-should-know-3/ HTTP/2" 200 17985 "-" "Mozilla/5.0 AppleWebKit/537.36 (KHTML, like Gecko; compatible; bingbot/2.0; +http://www.bing.com/bingbot.htm) Chrome/116.0.1938.76 Safari/537.36"
40.77.167.158 - - [29/Apr/2026:09:24:00 +0300] "GET /paypal-online-casinos-2026-spielautomaten-golden-sevens-top-casinos-via-paypal-bezuge/ HTTP/2" 200 20300 "-" "Mozilla/5.0 AppleWebKit/537.36 (KHTML, like Gecko; compatible; bingbot/2.0; +http://www.bing.com/bingbot.htm) Chrome/116.0.1938.76 Safari/537.36"
52.167.144.169 - - [29/Apr/2026:09:24:06 +0300] "GET /comment-procurer-chaque-secret-de-la-gestion-en-compagnie-de-brainrot/ HTTP/2" 200 19587 "-" "Mozilla/5.0 AppleWebKit/537.36 (KHTML, like Gecko; compatible; bingbot/2.0; +http://www.bing.com/bingbot.htm) Chrome/116.0.1938.76 Safari/537.36"
172.237.60.137 - - [29/Apr/2026:09:24:07 +0300] "POST /xmlrpc.php HTTP/1.1" 200 630 "-" "Mozilla/5.0 (Windows NT 10.0; Win64; x64) AppleWebKit/537.36 (KHTML, like Gecko) Chrome/114.0.0.0 Safari/537.36"
212.34.148.156 - - [29/Apr/2026:09:24:07 +0300] "GET /zotabet-casino-bonus-premier-depot-2026/ HTTP/1.1" 200 19124 "-" "Mozilla/5.0 (compatible; Googlebot/2.1; +http://www.google.com/bot.html)"
185.216.113.70 - - [29/Apr/2026:09:24:43 +0300] "POST /wp-cron.php?doing_wp_cron=1777443883.2535738945007324218750 HTTP/1.1" 200 448 "-" "WordPress/6.3.8; https://serhatburke.miroglu.net"
91.242.215.171 - - [29/Apr/2026:09:24:23 +0300] "POST /xmlrpc.php HTTP/1.1" 200 630 "-" "Mozilla/5.0 (Windows NT 10.0; Win64; x64) AppleWebKit/537.36 (KHTML, like Gecko) Chrome/114.0.0.0 Safari/537.36"
40.77.167.1 - - [29/Apr/2026:09:24:26 +0300] "GET /beste-bitcoin-casinos-2026-tagesordnungspunkt-btc-casinos-mrbet-test-im-probe/ HTTP/2" 200 19629 "-" "Mozilla/5.0 AppleWebKit/537.36 (KHTML, like Gecko; compatible; bingbot/2.0; +http://www.bing.com/bingbot.htm) Chrome/116.0.1938.76 Safari/537.36"
172.237.60.137 - - [29/Apr/2026:09:24:43 +0300] "POST /xmlrpc.php HTTP/1.1" 200 14658 "-" "Mozilla/5.0 (Windows NT 10.0; Win64; x64) AppleWebKit/537.36 (KHTML, like Gecko) Chrome/114.0.0.0 Safari/537.36"
