185.216.113.70 - - [27/Apr/2026:16:36:48 +0300] "POST /wp-cron.php?doing_wp_cron=1777297008.5381140708923339843750 HTTP/1.1" 200 448 "-" "WordPress/6.3.8; https://serhatburke.miroglu.net"
52.167.144.173 - - [27/Apr/2026:16:36:07 +0300] "GET /revolutionary-advantages-of-using-jupiter-swap-for-crypto-trading/ HTTP/2" 200 17858 "-" "Mozilla/5.0 AppleWebKit/537.36 (KHTML, like Gecko; compatible; bingbot/2.0; +http://www.bing.com/bingbot.htm) Chrome/116.0.1938.76 Safari/537.36"
185.216.113.70 - - [27/Apr/2026:16:36:52 +0300] "POST /wp-cron.php?doing_wp_cron=1777297012.5015699863433837890625 HTTP/1.1" 200 448 "-" "WordPress/6.3.8; https://serhatburke.miroglu.net"
38.248.90.131 - - [27/Apr/2026:16:36:19 +0300] "POST /xmlrpc.php HTTP/1.1" 200 630 "-" "Mozilla/5.0 (Windows NT 10.0; Win64; x64) AppleWebKit/537.36 (KHTML, like Gecko) Chrome/114.0.0.0 Safari/537.36"
185.216.113.70 - - [27/Apr/2026:16:36:53 +0300] "POST /wp-cron.php?doing_wp_cron=1777297013.1088290214538574218750 HTTP/1.1" 200 448 "-" "WordPress/6.3.8; https://serhatburke.miroglu.net"
52.167.144.173 - - [27/Apr/2026:16:36:11 +0300] "GET /no-deposit-max-damage-slot-machines/ HTTP/2" 200 19121 "-" "Mozilla/5.0 AppleWebKit/537.36 (KHTML, like Gecko; compatible; bingbot/2.0; +http://www.bing.com/bingbot.htm) Chrome/116.0.1938.76 Safari/537.36"
200.25.47.113 - - [27/Apr/2026:16:36:20 +0300] "GET /uhka-korkea-jannite-megapays-pelipaikka-demo-iso-tyylinen-pelaaminen/ HTTP/1.1" 200 75782 "-" "Mozilla/5.0 (Windows NT 10.0; Win64; x64) AppleWebKit/537.36 (KHTML, like Gecko) Chrome/123.0.0.0 Safari/537.36"
185.216.113.70 - - [27/Apr/2026:16:37:23 +0300] "POST /wp-cron.php?doing_wp_cron=1777297043.3323309421539306640625 HTTP/1.1" 200 448 "-" "WordPress/6.3.8; https://serhatburke.miroglu.net"
38.248.90.131 - - [27/Apr/2026:16:36:59 +0300] "POST /xmlrpc.php HTTP/1.1" 200 9977 "-" "Mozilla/5.0 (Windows NT 10.0; Win64; x64) AppleWebKit/537.36 (KHTML, like Gecko) Chrome/114.0.0.0 Safari/537.36"
38.248.90.131 - - [27/Apr/2026:16:37:24 +0300] "POST /xmlrpc.php HTTP/1.1" 200 630 "-" "Mozilla/5.0 (Windows NT 10.0; Win64; x64) AppleWebKit/537.36 (KHTML, like Gecko) Chrome/114.0.0.0 Safari/537.36"
38.248.90.131 - - [27/Apr/2026:16:37:24 +0300] "GET /wszyscy-stol-transmitowany-wlasciwie-jakosci-hd-korzystny-interfejs-uzytkownika-pozwala-konfigurowac-zaklady-zamiast-zaklocen/ HTTP/1.1" 200 75643 "-" "Mozilla/5.0 (Windows NT 10.0; Win64; x64) AppleWebKit/537.36 (KHTML, like Gecko) Chrome/123.0.0.0 Safari/537.36 OPR/109.0.0.0"
200.25.47.113 - - [27/Apr/2026:16:37:33 +0300] "POST /xmlrpc.php HTTP/1.1" 200 630 "-" "Mozilla/5.0 (Windows NT 10.0; Win64; x64) AppleWebKit/537.36 (KHTML, like Gecko) Chrome/114.0.0.0 Safari/537.36"
38.248.90.131 - - [27/Apr/2026:16:37:52 +0300] "POST /xmlrpc.php HTTP/1.1" 200 9884 "-" "Mozilla/5.0 (Windows NT 10.0; Win64; x64) AppleWebKit/537.36 (KHTML, like Gecko) Chrome/114.0.0.0 Safari/537.36"
200.25.47.113 - - [27/Apr/2026:16:37:59 +0300] "POST /xmlrpc.php HTTP/1.1" 200 10137 "-" "Mozilla/5.0 (Windows NT 10.0; Win64; x64) AppleWebKit/537.36 (KHTML, like Gecko) Chrome/114.0.0.0 Safari/537.36"
38.248.90.131 - - [27/Apr/2026:16:38:08 +0300] "GET /nalezy-a-takze-odkrywac-w-sprawie-obfitych-opcjach-bonusowych-oferowanych-przez-przedzial-czasowy-micrograming/ HTTP/1.1" 200 75442 "-" "Mozilla/5.0 (Windows NT 10.0; Win64; x64; rv:124.0) Gecko/20100101 Firefox/124.0"
38.248.90.131 - - [27/Apr/2026:16:38:25 +0300] "POST /xmlrpc.php HTTP/1.1" 200 630 "-" "Mozilla/5.0 (Windows NT 10.0; Win64; x64) AppleWebKit/537.36 (KHTML, like Gecko) Chrome/114.0.0.0 Safari/537.36"
200.25.47.113 - - [27/Apr/2026:16:38:20 +0300] "GET /lohikaarme-liikkuu-kolikkopeli-verkossa/ HTTP/1.1" 200 74446 "-" "Mozilla/5.0 (Windows NT 10.0; rv:125.0) Gecko/20100101 Firefox/125.0"
185.216.113.70 - - [27/Apr/2026:16:38:57 +0300] "POST /wp-cron.php?doing_wp_cron=1777297137.2171180248260498046875 HTTP/1.1" 200 448 "-" "WordPress/6.3.8; https://serhatburke.miroglu.net"
38.248.90.131 - - [27/Apr/2026:16:38:44 +0300] "POST /xmlrpc.php HTTP/1.1" 200 9663 "-" "Mozilla/5.0 (Windows NT 10.0; Win64; x64) AppleWebKit/537.36 (KHTML, like Gecko) Chrome/114.0.0.0 Safari/537.36"
38.248.90.131 - - [27/Apr/2026:16:38:58 +0300] "GET /niestety-w-ofercie-operatora-nieodpowiednie-programu-od-wewnatrz-vip-graczy/ HTTP/1.1" 200 74424 "-" "Mozilla/5.0 (Windows NT 10.0; Win64; x64) AppleWebKit/537.36 (KHTML, like Gecko) Chrome/123.0.0.0 Safari/537.36"
98.98.197.162 - - [27/Apr/2026:16:39:18 +0300] "POST /xmlrpc.php HTTP/1.1" 200 630 "-" "Mozilla/5.0 (Windows NT 10.0; Win64; x64) AppleWebKit/537.36 (KHTML, like Gecko) Chrome/114.0.0.0 Safari/537.36"
38.248.90.131 - - [27/Apr/2026:16:39:23 +0300] "POST /xmlrpc.php HTTP/1.1" 200 630 "-" "Mozilla/5.0 (Windows NT 10.0; Win64; x64) AppleWebKit/537.36 (KHTML, like Gecko) Chrome/114.0.0.0 Safari/537.36"
185.216.113.70 - - [27/Apr/2026:16:39:50 +0300] "POST /wp-cron.php?doing_wp_cron=1777297190.1101400852203369140625 HTTP/1.1" 200 448 "-" "WordPress/6.3.8; https://serhatburke.miroglu.net"
200.25.47.113 - - [27/Apr/2026:16:39:35 +0300] "POST /xmlrpc.php HTTP/1.1" 200 630 "-" "Mozilla/5.0 (Windows NT 10.0; Win64; x64) AppleWebKit/537.36 (KHTML, like Gecko) Chrome/114.0.0.0 Safari/537.36"
98.98.197.162 - - [27/Apr/2026:16:39:37 +0300] "POST /xmlrpc.php HTTP/1.1" 200 16005 "-" "Mozilla/5.0 (Windows NT 10.0; Win64; x64) AppleWebKit/537.36 (KHTML, like Gecko) Chrome/114.0.0.0 Safari/537.36"
38.248.90.131 - - [27/Apr/2026:16:39:42 +0300] "POST /xmlrpc.php HTTP/1.1" 200 9256 "-" "Mozilla/5.0 (Windows NT 10.0; Win64; x64) AppleWebKit/537.36 (KHTML, like Gecko) Chrome/114.0.0.0 Safari/537.36"
200.25.47.113 - - [27/Apr/2026:16:40:04 +0300] "POST /xmlrpc.php HTTP/1.1" 200 9923 "-" "Mozilla/5.0 (Windows NT 10.0; Win64; x64) AppleWebKit/537.36 (KHTML, like Gecko) Chrome/114.0.0.0 Safari/537.36"
98.98.197.162 - - [27/Apr/2026:16:39:57 +0300] "GET /greatest-on-line-pokies-australian-continent-real-money-pokies-march-2026/ HTTP/1.1" 200 80040 "-" "Mozilla/5.0 (Windows NT 10.0; rv:109.0) Gecko/20100101 Firefox/115.0"
38.248.90.131 - - [27/Apr/2026:16:40:03 +0300] "GET /to-gra-online-obowiazujace-w-nagrod-kod-kuponu-na-kasynie-lucky-bay/ HTTP/1.1" 200 73699 "-" "Mozilla/5.0 (Windows NT 10.0; Win64; x64) AppleWebKit/537.36 (KHTML, like Gecko) Chrome/124.0.0.0 Safari/537.36 Edg/124.0.0.0"
185.216.113.70 - - [27/Apr/2026:16:40:39 +0300] "POST /wp-cron.php?doing_wp_cron=1777297239.2870500087738037109375 HTTP/1.1" 200 448 "-" "WordPress/6.3.8; https://serhatburke.miroglu.net"
38.248.90.131 - - [27/Apr/2026:16:40:26 +0300] "POST /xmlrpc.php HTTP/1.1" 200 630 "-" "Mozilla/5.0 (Windows NT 10.0; Win64; x64) AppleWebKit/537.36 (KHTML, like Gecko) Chrome/114.0.0.0 Safari/537.36"
200.25.47.113 - - [27/Apr/2026:16:40:23 +0300] "GET /crack-away-uhkapelilaitos/ HTTP/1.1" 200 74041 "-" "Mozilla/5.0 (Windows NT 10.0; Win64; x64; rv:125.0) Gecko/20100101 Firefox/125.0"
77.232.38.47 - - [27/Apr/2026:16:40:43 +0300] "POST /xmlrpc.php HTTP/1.1" 200 210714 "-" "Mozilla/5.0 (Macintosh; Intel Mac OS X 12_5) AppleWebKit/537.36 (KHTML, like Gecko) Chrome/114.0.0.0 Safari/537.36 Edg/114.0.1264.71"
38.248.90.131 - - [27/Apr/2026:16:40:46 +0300] "POST /xmlrpc.php HTTP/1.1" 200 9501 "-" "Mozilla/5.0 (Windows NT 10.0; Win64; x64) AppleWebKit/537.36 (KHTML, like Gecko) Chrome/114.0.0.0 Safari/537.36"
38.248.90.131 - - [27/Apr/2026:16:41:06 +0300] "GET /cena-promocyjna-bylo-dostepna-bez-limitu-i-wszystko/ HTTP/1.1" 200 73379 "-" "Mozilla/5.0 (Windows NT 10.0; rv:125.0) Gecko/20100101 Firefox/125.0"
185.216.113.70 - - [27/Apr/2026:16:41:41 +0300] "POST /wp-cron.php?doing_wp_cron=1777297301.2460060119628906250000 HTTP/1.1" 200 448 "-" "WordPress/6.3.8; https://serhatburke.miroglu.net"
77.232.38.47 - - [27/Apr/2026:16:41:15 +0300] "POST /xmlrpc.php HTTP/1.1" 200 903 "-" "Mozilla/5.0 (Macintosh; Intel Mac OS X 12_5) AppleWebKit/537.36 (KHTML, like Gecko) Chrome/114.0.0.0 Safari/537.36 Edg/114.0.1264.71"
38.248.90.131 - - [27/Apr/2026:16:41:31 +0300] "POST /xmlrpc.php HTTP/1.1" 200 630 "-" "Mozilla/5.0 (Windows NT 10.0; Win64; x64) AppleWebKit/537.36 (KHTML, like Gecko) Chrome/114.0.0.0 Safari/537.36"
38.248.90.131 - - [27/Apr/2026:16:41:58 +0300] "POST /xmlrpc.php HTTP/1.1" 200 9197 "-" "Mozilla/5.0 (Windows NT 10.0; Win64; x64) AppleWebKit/537.36 (KHTML, like Gecko) Chrome/114.0.0.0 Safari/537.36"
200.25.47.113 - - [27/Apr/2026:16:42:03 +0300] "POST /xmlrpc.php HTTP/1.1" 200 630 "-" "Mozilla/5.0 (Windows NT 10.0; Win64; x64) AppleWebKit/537.36 (KHTML, like Gecko) Chrome/114.0.0.0 Safari/537.36"
77.232.38.47 - - [27/Apr/2026:16:42:06 +0300] "POST /xmlrpc.php HTTP/1.1" 200 667 "-" "Mozilla/5.0 (Macintosh; Intel Mac OS X 12_5) AppleWebKit/537.36 (KHTML, like Gecko) Chrome/114.0.0.0 Safari/537.36 Edg/114.0.1264.71"
38.248.90.131 - - [27/Apr/2026:16:42:14 +0300] "GET /calkowicie-darmowy-obliczony-zwrot-gotowki-nba-express-dnia-hokej-freebet/ HTTP/1.1" 200 73575 "-" "Mozilla/5.0 (Windows NT 10.0; rv:109.0) Gecko/20100101 Firefox/115.0"
185.216.113.70 - - [27/Apr/2026:16:42:39 +0300] "POST /wp-cron.php?doing_wp_cron=1777297358.9562180042266845703125 HTTP/1.1" 200 448 "-" "WordPress/6.3.8; https://serhatburke.miroglu.net"
77.232.38.47 - - [27/Apr/2026:16:42:26 +0300] "POST /xmlrpc.php HTTP/1.1" 200 706 "-" "Mozilla/5.0 (Macintosh; Intel Mac OS X 12_5) AppleWebKit/537.36 (KHTML, like Gecko) Chrome/114.0.0.0 Safari/537.36 Edg/114.0.1264.71"
200.25.47.113 - - [27/Apr/2026:16:42:38 +0300] "POST /xmlrpc.php HTTP/1.1" 200 10420 "-" "Mozilla/5.0 (Windows NT 10.0; Win64; x64) AppleWebKit/537.36 (KHTML, like Gecko) Chrome/114.0.0.0 Safari/537.36"
38.248.90.131 - - [27/Apr/2026:16:42:40 +0300] "POST /xmlrpc.php HTTP/1.1" 200 630 "-" "Mozilla/5.0 (Windows NT 10.0; Win64; x64) AppleWebKit/537.36 (KHTML, like Gecko) Chrome/114.0.0.0 Safari/537.36"
52.167.144.171 - - [27/Apr/2026:16:42:53 +0300] "GET /opiniones-para-beneficiarse-alrededor-del-maximum-las-bonos-desprovisto-deposito/ HTTP/2" 200 17661 "-" "Mozilla/5.0 AppleWebKit/537.36 (KHTML, like Gecko; compatible; bingbot/2.0; +http://www.bing.com/bingbot.htm) Chrome/116.0.1938.76 Safari/537.36"
40.77.167.17 - - [27/Apr/2026:16:42:57 +0300] "GET /2-hundred-free-revolves-no-utile-link-deposit-offers-2026/ HTTP/2" 200 19222 "-" "Mozilla/5.0 AppleWebKit/537.36 (KHTML, like Gecko; compatible; bingbot/2.0; +http://www.bing.com/bingbot.htm) Chrome/116.0.1938.76 Safari/537.36"
38.248.90.131 - - [27/Apr/2026:16:43:08 +0300] "POST /xmlrpc.php HTTP/1.1" 200 9691 "-" "Mozilla/5.0 (Windows NT 10.0; Win64; x64) AppleWebKit/537.36 (KHTML, like Gecko) Chrome/114.0.0.0 Safari/537.36"
200.25.47.113 - - [27/Apr/2026:16:43:03 +0300] "GET /42-uusimmat-bonuskoodit-ilman-talletusta-maaliskuu-2026-paivitetaan-paivittain/ HTTP/1.1" 200 76105 "-" "Mozilla/5.0 (Windows NT 10.0; rv:109.0) Gecko/20100101 Firefox/115.0"
38.248.90.131 - - [27/Apr/2026:16:43:19 +0300] "POST /xmlrpc.php HTTP/1.1" 200 630 "-" "Mozilla/5.0 (Windows NT 10.0; Win64; x64) AppleWebKit/537.36 (KHTML, like Gecko) Chrome/114.0.0.0 Safari/537.36"
185.216.113.70 - - [27/Apr/2026:16:43:50 +0300] "POST /wp-cron.php?doing_wp_cron=1777297430.2323560714721679687500 HTTP/1.1" 200 448 "-" "WordPress/6.3.8; https://serhatburke.miroglu.net"
38.248.90.131 - - [27/Apr/2026:16:43:34 +0300] "GET /sztuczki-dla-platnosci-do-spin-city-casino-wplaty-i-zarobki/ HTTP/1.1" 200 73713 "-" "Mozilla/5.0 (Windows NT 10.0; Win64; x64; rv:124.0) Gecko/20100101 Firefox/124.0"
52.167.144.171 - - [27/Apr/2026:16:43:34 +0300] "GET /earn-12-lcb-chips-when-creating-your-own-initially-put-during-the-casino-brango/ HTTP/2" 200 17802 "-" "Mozilla/5.0 AppleWebKit/537.36 (KHTML, like Gecko; compatible; bingbot/2.0; +http://www.bing.com/bingbot.htm) Chrome/116.0.1938.76 Safari/537.36"
38.248.90.131 - - [27/Apr/2026:16:43:42 +0300] "POST /xmlrpc.php HTTP/1.1" 200 9496 "-" "Mozilla/5.0 (Windows NT 10.0; Win64; x64) AppleWebKit/537.36 (KHTML, like Gecko) Chrome/114.0.0.0 Safari/537.36"
98.98.197.162 - - [27/Apr/2026:16:43:42 +0300] "POST /xmlrpc.php HTTP/1.1" 200 630 "-" "Mozilla/5.0 (Windows NT 10.0; Win64; x64) AppleWebKit/537.36 (KHTML, like Gecko) Chrome/114.0.0.0 Safari/537.36"
52.167.144.171 - - [27/Apr/2026:16:44:01 +0300] "GET /globe-sales-commander-from-slot-machines-and-slot-machine-game-parts-during-the-the-country-nomad-gambling-a-family-group-work-on-veteran-owned-slot-machine-vendor-based-inside-austin-texas-dedic/ HTTP/2" 200 17983 "-" "Mozilla/5.0 AppleWebKit/537.36 (KHTML, like Gecko; compatible; bingbot/2.0; +http://www.bing.com/bingbot.htm) Chrome/116.0.1938.76 Safari/537.36"
98.98.197.162 - - [27/Apr/2026:16:44:11 +0300] "POST /xmlrpc.php HTTP/1.1" 200 16074 "-" "Mozilla/5.0 (Windows NT 10.0; Win64; x64) AppleWebKit/537.36 (KHTML, like Gecko) Chrome/114.0.0.0 Safari/537.36"
38.248.90.131 - - [27/Apr/2026:16:44:05 +0300] "GET /metody-wydawania-szybkie-wplaty-i-bedziesz-zyski-w-strone-kasynie-slotoro/ HTTP/1.1" 200 73897 "-" "Mozilla/5.0 (Windows NT 10.0; Win64; x64) AppleWebKit/537.36 (KHTML, like Gecko) Chrome/122.0.0.0 Safari/537.36"
52.167.144.171 - - [27/Apr/2026:16:44:06 +0300] "GET /down-load-enjoy-trendy-bay-ranch-excitement-video-game-for-the-desktop-mac-computer-emulator/ HTTP/2" 200 23050 "-" "Mozilla/5.0 AppleWebKit/537.36 (KHTML, like Gecko; compatible; bingbot/2.0; +http://www.bing.com/bingbot.htm) Chrome/116.0.1938.76 Safari/537.36"
200.25.47.113 - - [27/Apr/2026:16:44:10 +0300] "POST /xmlrpc.php HTTP/1.1" 200 630 "-" "Mozilla/5.0 (Windows NT 10.0; Win64; x64) AppleWebKit/537.36 (KHTML, like Gecko) Chrome/114.0.0.0 Safari/537.36"
38.248.90.131 - - [27/Apr/2026:16:44:20 +0300] "POST /xmlrpc.php HTTP/1.1" 200 630 "-" "Mozilla/5.0 (Windows NT 10.0; Win64; x64) AppleWebKit/537.36 (KHTML, like Gecko) Chrome/114.0.0.0 Safari/537.36"
185.216.113.70 - - [27/Apr/2026:16:44:58 +0300] "POST /wp-cron.php?doing_wp_cron=1777297498.1597249507904052734375 HTTP/1.1" 200 448 "-" "WordPress/6.3.8; https://serhatburke.miroglu.net"
98.98.197.162 - - [27/Apr/2026:16:44:44 +0300] "GET /5-finest-hacks-to-get-100-percent-free-coins-internally-away-from-enjoyable-in-the-2026/ HTTP/1.1" 200 80491 "-" "Mozilla/5.0 (Windows NT 10.0; Win64; x64) AppleWebKit/537.36 (KHTML, like Gecko) Chrome/122.0.0.0 Safari/537.36"
38.248.90.131 - - [27/Apr/2026:16:44:55 +0300] "POST /xmlrpc.php HTTP/1.1" 200 9494 "-" "Mozilla/5.0 (Windows NT 10.0; Win64; x64) AppleWebKit/537.36 (KHTML, like Gecko) Chrome/114.0.0.0 Safari/537.36"
200.25.47.113 - - [27/Apr/2026:16:44:55 +0300] "POST /xmlrpc.php HTTP/1.1" 200 10390 "-" "Mozilla/5.0 (Windows NT 10.0; Win64; x64) AppleWebKit/537.36 (KHTML, like Gecko) Chrome/114.0.0.0 Safari/537.36"
38.248.90.131 - - [27/Apr/2026:16:45:15 +0300] "POST /xmlrpc.php HTTP/1.1" 200 630 "-" "Mozilla/5.0 (Windows NT 10.0; Win64; x64) AppleWebKit/537.36 (KHTML, like Gecko) Chrome/114.0.0.0 Safari/537.36"
38.248.90.131 - - [27/Apr/2026:16:45:16 +0300] "GET /lemon-casino-oni-jedno-z-wielu-kasyn-online-stad-ma-te-zalete-ze-rozne-inne-gra-online-i-oferty/ HTTP/1.1" 200 74673 "-" "Mozilla/5.0 (Windows NT 10.0; Win64; x64) AppleWebKit/537.36 (KHTML, like Gecko) Chrome/123.0.0.0 Safari/537.36"
185.216.113.70 - - [27/Apr/2026:16:45:39 +0300] "POST /wp-cron.php?doing_wp_cron=1777297539.0762751102447509765625 HTTP/1.1" 200 448 "-" "WordPress/6.3.8; https://serhatburke.miroglu.net"
200.25.47.113 - - [27/Apr/2026:16:45:25 +0300] "GET /bonukset-portit-ja-turvallisemmat-takaisinmaksut/ HTTP/1.1" 200 74741 "-" "Mozilla/5.0 (Windows NT 10.0; rv:125.0) Gecko/20100101 Firefox/125.0"
38.248.90.131 - - [27/Apr/2026:16:45:35 +0300] "POST /xmlrpc.php HTTP/1.1" 200 9751 "-" "Mozilla/5.0 (Windows NT 10.0; Win64; x64) AppleWebKit/537.36 (KHTML, like Gecko) Chrome/114.0.0.0 Safari/537.36"
38.248.90.131 - - [27/Apr/2026:16:45:52 +0300] "GET /pokryte-rabaty-jest-wlasciwie-bezposrednie-to-oznacza-implikuja-okreslony-oznacza-w-wyniku/ HTTP/1.1" 200 74614 "-" "Mozilla/5.0 (Windows NT 10.0; Win64; x64) AppleWebKit/537.36 (KHTML, like Gecko) Chrome/122.0.0.0 Safari/537.36"
38.248.90.131 - - [27/Apr/2026:16:46:09 +0300] "POST /xmlrpc.php HTTP/1.1" 200 630 "-" "Mozilla/5.0 (Windows NT 10.0; Win64; x64) AppleWebKit/537.36 (KHTML, like Gecko) Chrome/114.0.0.0 Safari/537.36"
200.25.47.113 - - [27/Apr/2026:16:46:21 +0300] "POST /xmlrpc.php HTTP/1.1" 200 630 "-" "Mozilla/5.0 (Windows NT 10.0; Win64; x64) AppleWebKit/537.36 (KHTML, like Gecko) Chrome/114.0.0.0 Safari/537.36"
185.216.113.70 - - [27/Apr/2026:16:46:41 +0300] "POST /wp-cron.php?doing_wp_cron=1777297601.2582459449768066406250 HTTP/1.1" 200 448 "-" "WordPress/6.3.8; https://serhatburke.miroglu.net"
38.248.90.131 - - [27/Apr/2026:16:46:29 +0300] "POST /xmlrpc.php HTTP/1.1" 200 12102 "-" "Mozilla/5.0 (Windows NT 10.0; Win64; x64) AppleWebKit/537.36 (KHTML, like Gecko) Chrome/114.0.0.0 Safari/537.36"
91.108.80.31 - - [27/Apr/2026:16:46:25 +0300] "GET /88701-2/ HTTP/1.1" 200 18458 "https://serhatburke.miroglu.net/" "Mozilla/5.0 (X11; CrOS x86_64 14541.0.0) AppleWebKit/537.36 (KHTML, like Gecko) Chrome/145.0.0.0 Safari/537.36"
200.25.47.113 - - [27/Apr/2026:16:46:45 +0300] "POST /xmlrpc.php HTTP/1.1" 200 10649 "-" "Mozilla/5.0 (Windows NT 10.0; Win64; x64) AppleWebKit/537.36 (KHTML, like Gecko) Chrome/114.0.0.0 Safari/537.36"
91.108.80.31 - - [27/Apr/2026:16:46:50 +0300] "GET /88701-2/ HTTP/1.1" 200 18389 "https://serhatburke.miroglu.net/88701-2/" "Mozilla/5.0 (Windows NT 6.3; Win64; x64) AppleWebKit/537.36 (KHTML, like Gecko) Chrome/103.0.0.0 Safari/537.36"
91.108.80.31 - - [27/Apr/2026:16:47:13 +0300] "GET /wp-includes/css/dist/block-library/style.min.css?ver=6.3.8 HTTP/1.1" 200 13578 "https://serhatburke.miroglu.net/88701-2/" "Mozilla/5.0 (Windows NT 10.0; Win64; x64) AppleWebKit/537.36 (KHTML, like Gecko) Chrome/145.0.0.0 Safari/537.36"
91.108.80.31 - - [27/Apr/2026:16:47:13 +0300] "GET /wp-content/plugins/contact-form-7/includes/css/styles.css?ver=5.8 HTTP/1.1" 200 1490 "https://serhatburke.miroglu.net/88701-2/" "Mozilla/5.0 (Windows NT 10.0; Win64; x64) AppleWebKit/537.36 (KHTML, like Gecko) Chrome/145.0.0.0 Safari/537.36"
91.108.80.31 - - [27/Apr/2026:16:47:13 +0300] "GET /wp-content/themes/toppic/css/fontello.css?ver=4.2 HTTP/1.1" 200 1802 "https://serhatburke.miroglu.net/88701-2/" "Mozilla/5.0 (Windows NT 10.0; Win64; x64) AppleWebKit/537.36 (KHTML, like Gecko) Chrome/145.0.0.0 Safari/537.36"
91.108.80.31 - - [27/Apr/2026:16:47:13 +0300] "GET /wp-content/themes/toppic/css/reset.css?ver=4.2 HTTP/1.1" 200 1178 "https://serhatburke.miroglu.net/88701-2/" "Mozilla/5.0 (Windows NT 10.0; Win64; x64) AppleWebKit/537.36 (KHTML, like Gecko) Chrome/145.0.0.0 Safari/537.36"
91.108.80.31 - - [27/Apr/2026:16:47:13 +0300] "GET /wp-content/themes/toppic/css/default.css?ver=4.2 HTTP/1.1" 200 1811 "https://serhatburke.miroglu.net/88701-2/" "Mozilla/5.0 (Windows NT 10.0; Win64; x64) AppleWebKit/537.36 (KHTML, like Gecko) Chrome/145.0.0.0 Safari/537.36"
91.108.80.31 - - [27/Apr/2026:16:47:14 +0300] "GET /wp-content/themes/toppic/style.css?ver=4.2 HTTP/1.1" 200 23398 "https://serhatburke.miroglu.net/88701-2/" "Mozilla/5.0 (Windows NT 10.0; Win64; x64) AppleWebKit/537.36 (KHTML, like Gecko) Chrome/145.0.0.0 Safari/537.36"
91.108.80.31 - - [27/Apr/2026:16:47:14 +0300] "GET /wp-content/themes/toppic/css/royalslider.css?ver=4.2 HTTP/1.1" 200 1887 "https://serhatburke.miroglu.net/88701-2/" "Mozilla/5.0 (Windows NT 10.0; Win64; x64) AppleWebKit/537.36 (KHTML, like Gecko) Chrome/145.0.0.0 Safari/537.36"
91.108.80.31 - - [27/Apr/2026:16:47:14 +0300] "GET /wp-content/themes/toppic/css/rs-default.css?ver=4.2 HTTP/1.1" 200 2625 "https://serhatburke.miroglu.net/88701-2/" "Mozilla/5.0 (Windows NT 10.0; Win64; x64) AppleWebKit/537.36 (KHTML, like Gecko) Chrome/145.0.0.0 Safari/537.36"
91.108.80.31 - - [27/Apr/2026:16:47:14 +0300] "GET /wp-content/themes/toppic/css/lightbox.css?ver=4.2 HTTP/1.1" 200 2956 "https://serhatburke.miroglu.net/88701-2/" "Mozilla/5.0 (Windows NT 10.0; Win64; x64) AppleWebKit/537.36 (KHTML, like Gecko) Chrome/145.0.0.0 Safari/537.36"
91.108.80.31 - - [27/Apr/2026:16:47:15 +0300] "GET /wp-content/themes/toppic/css/woocommerce.css?ver=4.2 HTTP/1.1" 200 2848 "https://serhatburke.miroglu.net/88701-2/" "Mozilla/5.0 (Windows NT 10.0; Win64; x64) AppleWebKit/537.36 (KHTML, like Gecko) Chrome/145.0.0.0 Safari/537.36"
91.108.80.31 - - [27/Apr/2026:16:47:15 +0300] "GET /wp-content/themes/toppic/css/responsive.css?ver=4.2 HTTP/1.1" 200 2796 "https://serhatburke.miroglu.net/88701-2/" "Mozilla/5.0 (Windows NT 10.0; Win64; x64) AppleWebKit/537.36 (KHTML, like Gecko) Chrome/145.0.0.0 Safari/537.36"
38.248.90.131 - - [27/Apr/2026:16:46:47 +0300] "GET /to-zabawy-moge-grac-sposrod-bezplatnymi-spinami-braku-depozytu/ HTTP/1.1" 200 76140 "-" "Mozilla/5.0 (Windows NT 10.0; Win64; x64) AppleWebKit/537.36 (KHTML, like Gecko) Chrome/123.0.0.0 Safari/537.36 OPR/109.0.0.0"
38.248.90.131 - - [27/Apr/2026:16:47:12 +0300] "POST /xmlrpc.php HTTP/1.1" 200 630 "-" "Mozilla/5.0 (Windows NT 10.0; Win64; x64) AppleWebKit/537.36 (KHTML, like Gecko) Chrome/114.0.0.0 Safari/537.36"
91.108.80.31 - - [27/Apr/2026:16:47:15 +0300] "POST /wp-comments-post.php HTTP/1.1" 302 1055 "https://serhatburke.miroglu.net/88701-2/" "Mozilla/5.0 (Windows NT 6.3; Win64; x64) AppleWebKit/537.36 (KHTML, like Gecko) Chrome/103.0.0.0 Safari/537.36"
200.25.47.113 - - [27/Apr/2026:16:47:14 +0300] "GET /no-put-100-prosenttia-ilmainen-revolves-kannustin-2025-vaihe-1-voidaan-tehda-voi-olla-myos-uhkapelilaitoksen-asema-nolla-put-kannustin-pyorii-ofituria/ HTTP/1.1" 200 78385 "-" "Mozilla/5.0 (Windows NT 10.0; Win64; x64) AppleWebKit/537.36 (KHTML, like Gecko) Chrome/123.0.0.0 Safari/537.36 OPR/109.0.0.0"
185.216.113.70 - - [27/Apr/2026:16:47:45 +0300] "POST /wp-cron.php?doing_wp_cron=1777297665.5909030437469482421875 HTTP/1.1" 200 448 "-" "WordPress/6.3.8; https://serhatburke.miroglu.net"
91.108.80.31 - - [27/Apr/2026:16:47:32 +0300] "GET /88701-2/?unapproved=743&moderation-hash=bf537827ed9c7fbfa9fa177d80e65c2f HTTP/1.1" 200 18806 "https://serhatburke.miroglu.net/wp-comments-post.php" "Mozilla/5.0 (Windows NT 6.3; Win64; x64) AppleWebKit/537.36 (KHTML, like Gecko) Chrome/103.0.0.0 Safari/537.36"
38.248.90.131 - - [27/Apr/2026:16:47:36 +0300] "POST /xmlrpc.php HTTP/1.1" 200 9543 "-" "Mozilla/5.0 (Windows NT 10.0; Win64; x64) AppleWebKit/537.36 (KHTML, like Gecko) Chrome/114.0.0.0 Safari/537.36"
91.108.80.31 - - [27/Apr/2026:16:47:46 +0300] "GET /88701-2/ HTTP/1.1" 200 18389 "-" "Mozilla/5.0 (compatible; Googlebot/2.1; +http://www.google.com/bot.html)"
38.248.90.131 - - [27/Apr/2026:16:47:51 +0300] "GET /z-drugiej-strony-duzo-gra-live-przyjdz-w-tym-w-strone-forma-mobilnej/ HTTP/1.1" 200 73782 "-" "Mozilla/5.0 (Windows NT 10.0; Win64; x64; rv:125.0) Gecko/20100101 Firefox/125.0"
200.25.47.113 - - [27/Apr/2026:16:48:10 +0300] "POST /xmlrpc.php HTTP/1.1" 200 630 "-" "Mozilla/5.0 (Windows NT 10.0; Win64; x64) AppleWebKit/537.36 (KHTML, like Gecko) Chrome/114.0.0.0 Safari/537.36"
38.248.90.131 - - [27/Apr/2026:16:48:13 +0300] "POST /xmlrpc.php HTTP/1.1" 200 630 "-" "Mozilla/5.0 (Windows NT 10.0; Win64; x64) AppleWebKit/537.36 (KHTML, like Gecko) Chrome/114.0.0.0 Safari/537.36"
185.216.113.70 - - [27/Apr/2026:16:48:50 +0300] "POST /wp-cron.php?doing_wp_cron=1777297729.9122560024261474609375 HTTP/1.1" 200 448 "-" "WordPress/6.3.8; https://serhatburke.miroglu.net"
40.77.167.17 - - [27/Apr/2026:16:48:29 +0300] "GET /discover-the-unique-benefits-of-dexscreener-for-traders/ HTTP/2" 200 18037 "-" "Mozilla/5.0 AppleWebKit/537.36 (KHTML, like Gecko; compatible; bingbot/2.0; +http://www.bing.com/bingbot.htm) Chrome/116.0.1938.76 Safari/537.36"
38.248.90.131 - - [27/Apr/2026:16:48:32 +0300] "POST /xmlrpc.php HTTP/1.1" 200 9141 "-" "Mozilla/5.0 (Windows NT 10.0; Win64; x64) AppleWebKit/537.36 (KHTML, like Gecko) Chrome/114.0.0.0 Safari/537.36"
52.167.144.171 - - [27/Apr/2026:16:48:33 +0300] "GET /%CE%B1%CF%80%CE%BB%CE%AD%CF%82-%CF%83%CF%85%CE%BC%CE%B2%CE%BF%CF%85%CE%BB%CE%AD%CF%82-%CE%B3%CE%B9%CE%B1-%CE%BD%CE%B1-%CE%BA%CE%B5%CF%81%CE%B4%CE%AF%CF%83%CE%B5%CF%84%CE%B5-%CE%BA%CE%B1%CF%84%CE%AC/ HTTP/2" 200 20633 "-" "Mozilla/5.0 AppleWebKit/537.36 (KHTML, like Gecko; compatible; bingbot/2.0; +http://www.bing.com/bingbot.htm) Chrome/116.0.1938.76 Safari/537.36"
200.25.47.113 - - [27/Apr/2026:16:48:36 +0300] "POST /xmlrpc.php HTTP/1.1" 200 10523 "-" "Mozilla/5.0 (Windows NT 10.0; Win64; x64) AppleWebKit/537.36 (KHTML, like Gecko) Chrome/114.0.0.0 Safari/537.36"
40.77.167.10 - - [27/Apr/2026:16:48:45 +0300] "GET /beste-casino-finn-denne-informasjonen-her-arv-uten-almisse-2026-bred-bonuser/ HTTP/2" 200 18375 "-" "Mozilla/5.0 AppleWebKit/537.36 (KHTML, like Gecko; compatible; bingbot/2.0; +http://www.bing.com/bingbot.htm) Chrome/116.0.1938.76 Safari/537.36"
98.98.197.162 - - [27/Apr/2026:16:48:50 +0300] "POST /xmlrpc.php HTTP/1.1" 200 630 "-" "Mozilla/5.0 (Windows NT 10.0; Win64; x64) AppleWebKit/537.36 (KHTML, like Gecko) Chrome/114.0.0.0 Safari/537.36"
38.248.90.131 - - [27/Apr/2026:16:49:06 +0300] "POST /xmlrpc.php HTTP/1.1" 200 630 "-" "Mozilla/5.0 (Windows NT 10.0; Win64; x64) AppleWebKit/537.36 (KHTML, like Gecko) Chrome/114.0.0.0 Safari/537.36"
38.248.90.131 - - [27/Apr/2026:16:49:03 +0300] "GET /popularne-gry-na-zywo-w-kasynie-nienagrane-energycasino/ HTTP/1.1" 200 73299 "-" "Mozilla/5.0 (Windows NT 10.0; Win64; x64) AppleWebKit/537.36 (KHTML, like Gecko) Chrome/123.0.0.0 Safari/537.36"
40.77.167.17 - - [27/Apr/2026:16:49:08 +0300] "GET /get-ready-to-experience-the-best-rush-off-excitement-at-the-hyper-local-casino/ HTTP/2" 200 19172 "-" "Mozilla/5.0 AppleWebKit/537.36 (KHTML, like Gecko; compatible; bingbot/2.0; +http://www.bing.com/bingbot.htm) Chrome/116.0.1938.76 Safari/537.36"
200.25.47.113 - - [27/Apr/2026:16:49:18 +0300] "GET /kaksikymmentaviisi-taysin-ilmaiskierrosta-ilman-talletusta-uhkapeliyhtiot-2026/ HTTP/1.1" 200 75783 "-" "Mozilla/5.0 (Windows NT 10.0; Win64; x64) AppleWebKit/537.36 (KHTML, like Gecko) Chrome/124.0.0.0 Safari/537.36"
185.216.113.70 - - [27/Apr/2026:16:49:57 +0300] "POST /wp-cron.php?doing_wp_cron=1777297796.9046349525451660156250 HTTP/1.1" 200 448 "-" "WordPress/6.3.8; https://serhatburke.miroglu.net"
98.98.197.162 - - [27/Apr/2026:16:49:39 +0300] "POST /xmlrpc.php HTTP/1.1" 200 15779 "-" "Mozilla/5.0 (Windows NT 10.0; Win64; x64) AppleWebKit/537.36 (KHTML, like Gecko) Chrome/114.0.0.0 Safari/537.36"
38.248.90.131 - - [27/Apr/2026:16:49:44 +0300] "POST /xmlrpc.php HTTP/1.1" 200 630 "-" "Mozilla/5.0 (Windows NT 10.0; Win64; x64) AppleWebKit/537.36 (KHTML, like Gecko) Chrome/114.0.0.0 Safari/537.36"
38.248.90.131 - - [27/Apr/2026:16:49:46 +0300] "POST /xmlrpc.php HTTP/1.1" 200 9323 "-" "Mozilla/5.0 (Windows NT 10.0; Win64; x64) AppleWebKit/537.36 (KHTML, like Gecko) Chrome/114.0.0.0 Safari/537.36"
98.98.197.162 - - [27/Apr/2026:16:49:58 +0300] "GET /rating-100-free-spins-today/ HTTP/1.1" 200 78698 "-" "Mozilla/5.0 (Windows NT 10.0; rv:125.0) Gecko/20100101 Firefox/125.0"
38.248.90.131 - - [27/Apr/2026:16:50:11 +0300] "GET /obwarowania-promocji-jakiekolwiek-ma-faktycznie-spin-city-casino-dodatkowy-bonus-posiadania-aplikacji-o/ HTTP/1.1" 200 74684 "-" "Mozilla/5.0 (Windows NT 10.0; Win64; x64) AppleWebKit/537.36 (KHTML, like Gecko) Chrome/109.0.0.0 Safari/537.36"
38.248.90.131 - - [27/Apr/2026:16:50:12 +0300] "POST /xmlrpc.php HTTP/1.1" 200 8964 "-" "Mozilla/5.0 (Windows NT 10.0; Win64; x64) AppleWebKit/537.36 (KHTML, like Gecko) Chrome/114.0.0.0 Safari/537.36"
185.216.113.70 - - [27/Apr/2026:16:50:42 +0300] "POST /wp-cron.php?doing_wp_cron=1777297842.6605288982391357421875 HTTP/1.1" 200 448 "-" "WordPress/6.3.8; https://serhatburke.miroglu.net"
200.25.47.113 - - [27/Apr/2026:16:50:28 +0300] "POST /xmlrpc.php HTTP/1.1" 200 630 "-" "Mozilla/5.0 (Windows NT 10.0; Win64; x64) AppleWebKit/537.36 (KHTML, like Gecko) Chrome/114.0.0.0 Safari/537.36"
38.248.90.131 - - [27/Apr/2026:16:50:36 +0300] "GET /luckera-casino-podziemne-kasyna-ktorzy-maja-pakietem-samotny-000-darmowych-spinow-na-inicjuj/ HTTP/1.1" 200 74112 "-" "Mozilla/5.0 (Windows NT 10.0; Win64; x64) AppleWebKit/537.36 (KHTML, like Gecko) Chrome/123.0.0.0 Safari/537.36"
98.98.43.163 - - [27/Apr/2026:16:50:39 +0300] "POST /xmlrpc.php HTTP/1.1" 200 630 "-" "Mozilla/5.0 (Windows NT 10.0; Win64; x64) AppleWebKit/537.36 (KHTML, like Gecko) Chrome/114.0.0.0 Safari/537.36"
38.248.90.131 - - [27/Apr/2026:16:50:39 +0300] "POST /xmlrpc.php HTTP/1.1" 200 630 "-" "Mozilla/5.0 (Windows NT 10.0; Win64; x64) AppleWebKit/537.36 (KHTML, like Gecko) Chrome/114.0.0.0 Safari/537.36"
203.223.89.237 - - [27/Apr/2026:16:50:44 +0300] "POST /xmlrpc.php HTTP/2" 200 0 "-" "WordPress/XMLRPC Client"
200.25.47.113 - - [27/Apr/2026:16:50:55 +0300] "POST /xmlrpc.php HTTP/1.1" 200 10408 "-" "Mozilla/5.0 (Windows NT 10.0; Win64; x64) AppleWebKit/537.36 (KHTML, like Gecko) Chrome/114.0.0.0 Safari/537.36"
130.49.76.150 - - [27/Apr/2026:16:51:14 +0300] "POST /xmlrpc.php HTTP/2" 200 141 "-" "WordPress/XMLRPC Client"
38.248.90.131 - - [27/Apr/2026:16:51:18 +0300] "POST /xmlrpc.php HTTP/1.1" 200 9284 "-" "Mozilla/5.0 (Windows NT 10.0; Win64; x64) AppleWebKit/537.36 (KHTML, like Gecko) Chrome/114.0.0.0 Safari/537.36"
185.216.113.70 - - [27/Apr/2026:16:51:43 +0300] "POST /wp-cron.php?doing_wp_cron=1777297903.1304891109466552734375 HTTP/1.1" 200 448 "-" "WordPress/6.3.8; https://serhatburke.miroglu.net"
98.98.43.163 - - [27/Apr/2026:16:51:18 +0300] "POST /xmlrpc.php HTTP/1.1" 200 13395 "-" "Mozilla/5.0 (Windows NT 10.0; Win64; x64) AppleWebKit/537.36 (KHTML, like Gecko) Chrome/114.0.0.0 Safari/537.36"
185.216.113.70 - - [27/Apr/2026:16:51:54 +0300] "POST /wp-cron.php?doing_wp_cron=1777297914.5122830867767333984375 HTTP/1.1" 200 448 "-" "WordPress/6.3.8; https://serhatburke.miroglu.net"
200.25.47.113 - - [27/Apr/2026:16:51:25 +0300] "GET /verkkosivustojesi-ydin-2/ HTTP/1.1" 200 73904 "-" "Mozilla/5.0 (Windows NT 10.0; Win64; x64) AppleWebKit/537.36 (KHTML, like Gecko) Chrome/109.0.0.0 Safari/537.36"
130.49.76.150 - - [27/Apr/2026:16:51:37 +0300] "GET /?p=140398 HTTP/2" 200 0 "-" "Mozilla/5.0 (Windows NT 10.0; Win64; x64) AppleWebKit/537.36 (KHTML, like Gecko) Chrome/120.0.0.0 Safari/537.36"
185.216.113.70 - - [27/Apr/2026:16:52:10 +0300] "POST /wp-cron.php?doing_wp_cron=1777297930.3080980777740478515625 HTTP/1.1" 200 448 "-" "WordPress/6.3.8; https://serhatburke.miroglu.net"
185.216.113.70 - - [27/Apr/2026:16:52:13 +0300] "POST /wp-cron.php?doing_wp_cron=1777297933.7198560237884521484375 HTTP/1.1" 200 448 "-" "WordPress/6.3.8; https://serhatburke.miroglu.net"
38.248.90.131 - - [27/Apr/2026:16:51:38 +0300] "POST /xmlrpc.php HTTP/1.1" 200 630 "-" "Mozilla/5.0 (Windows NT 10.0; Win64; x64) AppleWebKit/537.36 (KHTML, like Gecko) Chrome/114.0.0.0 Safari/537.36"
185.216.113.70 - - [27/Apr/2026:16:52:21 +0300] "POST /wp-cron.php?doing_wp_cron=1777297941.1105139255523681640625 HTTP/1.1" 200 448 "-" "WordPress/6.3.8; https://serhatburke.miroglu.net"
38.248.90.131 - - [27/Apr/2026:16:51:42 +0300] "GET /podejscie-slotow-z-motywem-pana-ktora-stawia-rtp-i-mozesz-zarzadzanie-bankrollem-przewodnictwo/ HTTP/1.1" 200 74296 "-" "Mozilla/5.0 (Windows NT 10.0; Win64; x64) AppleWebKit/537.36 (KHTML, like Gecko) Chrome/109.0.0.0 Safari/537.36"
98.98.43.163 - - [27/Apr/2026:16:51:44 +0300] "GET /casinon-kasino-winnings-of-oz-online-ultimata-svenska-sprake-casinon-gallande-inter-2026/ HTTP/1.1" 200 78102 "-" "Mozilla/5.0 (Windows NT 10.0; Win64; x64) AppleWebKit/537.36 (KHTML, like Gecko) Chrome/122.0.0.0 Safari/537.36"
200.25.47.113 - - [27/Apr/2026:16:52:15 +0300] "POST /xmlrpc.php HTTP/1.1" 200 630 "-" "Mozilla/5.0 (Windows NT 10.0; Win64; x64) AppleWebKit/537.36 (KHTML, like Gecko) Chrome/114.0.0.0 Safari/537.36"
38.248.90.131 - - [27/Apr/2026:16:52:21 +0300] "POST /xmlrpc.php HTTP/1.1" 200 9022 "-" "Mozilla/5.0 (Windows NT 10.0; Win64; x64) AppleWebKit/537.36 (KHTML, like Gecko) Chrome/114.0.0.0 Safari/537.36"
38.248.90.131 - - [27/Apr/2026:16:52:29 +0300] "POST /xmlrpc.php HTTP/1.1" 200 630 "-" "Mozilla/5.0 (Windows NT 10.0; Win64; x64) AppleWebKit/537.36 (KHTML, like Gecko) Chrome/114.0.0.0 Safari/537.36"
91.108.80.31 - - [27/Apr/2026:16:52:42 +0300] "GET /88701-2/ HTTP/1.1" 200 0 "-" "Mozilla/5.0 (compatible; Googlebot/2.1; +http://www.google.com/bot.html)"
185.216.113.70 - - [27/Apr/2026:16:53:23 +0300] "POST /wp-cron.php?doing_wp_cron=1777298003.3305408954620361328125 HTTP/1.1" 200 448 "-" "WordPress/6.3.8; https://serhatburke.miroglu.net"
185.216.113.70 - - [27/Apr/2026:16:53:40 +0300] "POST /wp-cron.php?doing_wp_cron=1777298019.9116549491882324218750 HTTP/1.1" 200 448 "-" "WordPress/6.3.8; https://serhatburke.miroglu.net"
62.12.118.39 - - [27/Apr/2026:16:52:54 +0300] "POST /xmlrpc.php HTTP/1.1" 200 630 "-" "Mozilla/5.0 (Windows NT 10.0; Win64; x64) AppleWebKit/537.36 (KHTML, like Gecko) Chrome/114.0.0.0 Safari/537.36"
185.216.113.70 - - [27/Apr/2026:16:53:54 +0300] "POST /wp-cron.php?doing_wp_cron=1777298034.9049510955810546875000 HTTP/1.1" 200 448 "-" "WordPress/6.3.8; https://serhatburke.miroglu.net"
38.248.90.131 - - [27/Apr/2026:16:53:06 +0300] "GET /lemon-casino-organizacja-kodowania-promocyjny-wyjawszy-depozytu-%EF%BF%BD-przedstawienia-znizki/ HTTP/1.1" 200 74044 "-" "Mozilla/5.0 (Windows NT 10.0; Win64; x64; rv:124.0) Gecko/20100101 Firefox/124.0"
185.216.113.70 - - [27/Apr/2026:16:54:10 +0300] "POST /wp-cron.php?doing_wp_cron=1777298050.5195341110229492187500 HTTP/1.1" 200 448 "-" "WordPress/6.3.8; https://serhatburke.miroglu.net"
200.25.47.113 - - [27/Apr/2026:16:53:11 +0300] "POST /xmlrpc.php HTTP/1.1" 200 10861 "-" "Mozilla/5.0 (Windows NT 10.0; Win64; x64) AppleWebKit/537.36 (KHTML, like Gecko) Chrome/114.0.0.0 Safari/537.36"
185.216.113.70 - - [27/Apr/2026:16:54:16 +0300] "POST /wp-cron.php?doing_wp_cron=1777298056.7273130416870117187500 HTTP/1.1" 200 448 "-" "WordPress/6.3.8; https://serhatburke.miroglu.net"
38.248.90.131 - - [27/Apr/2026:16:53:18 +0300] "POST /xmlrpc.php HTTP/1.1" 200 9296 "-" "Mozilla/5.0 (Windows NT 10.0; Win64; x64) AppleWebKit/537.36 (KHTML, like Gecko) Chrome/114.0.0.0 Safari/537.36"
185.216.113.70 - - [27/Apr/2026:16:54:17 +0300] "POST /wp-cron.php?doing_wp_cron=1777298056.9271869659423828125000 HTTP/1.1" 200 448 "-" "WordPress/6.3.8; https://serhatburke.miroglu.net"
37.120.155.2 - - [27/Apr/2026:16:53:18 +0300] "GET /wp-login.php HTTP/2" 200 3094 "https://serhatburke.miroglu.net/" "Mozilla/5.0 (Windows NT 10.0; Win64; x64) AppleWebKit/537.36 (KHTML, like Gecko) Chrome/146.0.0.0 Safari/537.36"
185.216.113.70 - - [27/Apr/2026:16:54:22 +0300] "POST /wp-cron.php?doing_wp_cron=1777298062.2568950653076171875000 HTTP/1.1" 200 448 "-" "WordPress/6.3.8; https://serhatburke.miroglu.net"
38.248.90.131 - - [27/Apr/2026:16:53:22 +0300] "POST /xmlrpc.php HTTP/1.1" 200 630 "-" "Mozilla/5.0 (Windows NT 10.0; Win64; x64) AppleWebKit/537.36 (KHTML, like Gecko) Chrome/114.0.0.0 Safari/537.36"
37.120.155.2 - - [27/Apr/2026:16:54:01 +0300] "POST /xmlrpc.php HTTP/1.1" 200 0 "https://serhatburke.miroglu.net/" "Mozilla/5.0 (Windows NT 10.0; Win64; x64) AppleWebKit/537.36 (KHTML, like Gecko) Chrome/122.0.0.0 Safari/537.36"
37.120.155.2 - - [27/Apr/2026:16:54:17 +0300] "GET /wp-login.php HTTP/2" 200 0 "https://serhatburke.miroglu.net/" "Mozilla/5.0 (Windows NT 10.0; Win64; x64) AppleWebKit/537.36 (KHTML, like Gecko) Chrome/146.0.0.0 Safari/537.36"
185.216.113.70 - - [27/Apr/2026:16:55:09 +0300] "POST /wp-cron.php?doing_wp_cron=1777298109.7098600864410400390625 HTTP/1.1" 200 448 "-" "WordPress/6.3.8; https://serhatburke.miroglu.net"
62.12.118.39 - - [27/Apr/2026:16:53:46 +0300] "POST /xmlrpc.php HTTP/1.1" 200 16399 "-" "Mozilla/5.0 (Windows NT 10.0; Win64; x64) AppleWebKit/537.36 (KHTML, like Gecko) Chrome/114.0.0.0 Safari/537.36"
185.216.113.70 - - [27/Apr/2026:16:55:17 +0300] "POST /wp-cron.php?doing_wp_cron=1777298117.0207049846649169921875 HTTP/1.1" 200 448 "-" "WordPress/6.3.8; https://serhatburke.miroglu.net"
200.25.47.113 - - [27/Apr/2026:16:53:57 +0300] "POST /xmlrpc.php HTTP/1.1" 200 630 "-" "Mozilla/5.0 (Windows NT 10.0; Win64; x64) AppleWebKit/537.36 (KHTML, like Gecko) Chrome/114.0.0.0 Safari/537.36"
37.120.155.2 - - [27/Apr/2026:16:54:55 +0300] "POST /xmlrpc.php HTTP/1.1" 200 0 "https://serhatburke.miroglu.net/" "Mozilla/5.0 (Windows NT 10.0; Win64; x64) AppleWebKit/537.36 (KHTML, like Gecko) Chrome/122.0.0.0 Safari/537.36"
185.216.113.70 - - [27/Apr/2026:16:55:31 +0300] "POST /wp-cron.php?doing_wp_cron=1777298131.2393639087677001953125 HTTP/1.1" 200 448 "-" "WordPress/6.3.8; https://serhatburke.miroglu.net"
98.98.197.162 - - [27/Apr/2026:16:54:01 +0300] "POST /xmlrpc.php HTTP/1.1" 200 630 "-" "Mozilla/5.0 (Windows NT 10.0; Win64; x64) AppleWebKit/537.36 (KHTML, like Gecko) Chrome/114.0.0.0 Safari/537.36"
91.108.80.31 - - [27/Apr/2026:16:55:11 +0300] "GET /88701-2/ HTTP/1.1" 200 0 "https://serhatburke.miroglu.net/" "Mozilla/5.0 (Macintosh; Intel Mac OS X 10_15_7) AppleWebKit/605.1.15 (KHTML, like Gecko) Version/26.4 Safari/605.1.15"
185.216.113.70 - - [27/Apr/2026:16:55:44 +0300] "POST /wp-cron.php?doing_wp_cron=1777298144.3224010467529296875000 HTTP/1.1" 200 448 "-" "WordPress/6.3.8; https://serhatburke.miroglu.net"
38.248.90.131 - - [27/Apr/2026:16:54:18 +0300] "GET /powyzsza-edukacja-pytanie-gry-na-kasynie-lemon-i-aktywacji-promocji-w-nowych-graczy/ HTTP/1.1" 200 74044 "-" "Mozilla/5.0 (Windows NT 10.0; Win64; x64) AppleWebKit/537.36 (KHTML, like Gecko) Chrome/124.0.0.0 Safari/537.36 Edg/124.0.0.0"
185.216.113.70 - - [27/Apr/2026:16:55:57 +0300] "POST /wp-cron.php?doing_wp_cron=1777298157.7562038898468017578125 HTTP/1.1" 200 448 "-" "WordPress/6.3.8; https://serhatburke.miroglu.net"
38.248.90.131 - - [27/Apr/2026:16:54:01 +0300] "POST /xmlrpc.php HTTP/1.1" 200 630 "-" "Mozilla/5.0 (Windows NT 10.0; Win64; x64) AppleWebKit/537.36 (KHTML, like Gecko) Chrome/114.0.0.0 Safari/537.36"
185.216.113.70 - - [27/Apr/2026:16:55:59 +0300] "POST /wp-cron.php?doing_wp_cron=1777298159.5141839981079101562500 HTTP/1.1" 200 448 "-" "WordPress/6.3.8; https://serhatburke.miroglu.net"
200.25.47.113 - - [27/Apr/2026:16:54:14 +0300] "GET /ho-ho-ho-slot-review-2026-taysin-ilmainen-gamble-demo/ HTTP/1.1" 200 75330 "-" "Mozilla/5.0 (Windows NT 10.0; Win64; x64) AppleWebKit/537.36 (KHTML, like Gecko) Chrome/124.0.0.0 Safari/537.36"
185.216.113.70 - - [27/Apr/2026:16:56:10 +0300] "POST /wp-cron.php?doing_wp_cron=1777298170.8021500110626220703125 HTTP/1.1" 200 448 "-" "WordPress/6.3.8; https://serhatburke.miroglu.net"
38.248.90.131 - - [27/Apr/2026:16:54:30 +0300] "POST /xmlrpc.php HTTP/1.1" 200 9133 "-" "Mozilla/5.0 (Windows NT 10.0; Win64; x64) AppleWebKit/537.36 (KHTML, like Gecko) Chrome/114.0.0.0 Safari/537.36"
38.248.90.131 - - [27/Apr/2026:16:54:58 +0300] "POST /xmlrpc.php HTTP/1.1" 500 745 "-" "Mozilla/5.0 (Windows NT 10.0; Win64; x64) AppleWebKit/537.36 (KHTML, like Gecko) Chrome/114.0.0.0 Safari/537.36"
185.216.113.70 - - [27/Apr/2026:16:57:11 +0300] "POST /wp-cron.php?doing_wp_cron=1777298231.3151149749755859375000 HTTP/1.1" 200 448 "-" "WordPress/6.3.8; https://serhatburke.miroglu.net"
62.12.118.39 - - [27/Apr/2026:16:55:11 +0300] "GET /local-casino-sieger-extra-gold-oak-gambling-establishment-application-apples-ios-bonus-regulations-up-to-date-february-2026/ HTTP/1.1" 500 745 "-" "Mozilla/5.0 (Windows NT 10.0; Win64; x64) AppleWebKit/537.36 (KHTML, like Gecko) Chrome/123.0.0.0 Safari/537.36 OPR/109.0.0.0"
185.216.113.70 - - [27/Apr/2026:16:57:22 +0300] "POST /wp-cron.php?doing_wp_cron=1777298242.2979209423065185546875 HTTP/1.1" 200 448 "-" "WordPress/6.3.8; https://serhatburke.miroglu.net"
200.25.47.113 - - [27/Apr/2026:16:55:31 +0300] "POST /xmlrpc.php HTTP/1.1" 200 10024 "-" "Mozilla/5.0 (Windows NT 10.0; Win64; x64) AppleWebKit/537.36 (KHTML, like Gecko) Chrome/114.0.0.0 Safari/537.36"
200.25.47.113 - - [27/Apr/2026:16:55:26 +0300] "POST /xmlrpc.php HTTP/1.1" 500 745 "-" "Mozilla/5.0 (Windows NT 10.0; Win64; x64) AppleWebKit/537.36 (KHTML, like Gecko) Chrome/114.0.0.0 Safari/537.36"
172.237.61.148 - - [27/Apr/2026:16:55:37 +0300] "POST /xmlrpc.php HTTP/1.1" 500 745 "-" "Mozilla/5.0 (Windows NT 10.0; Win64; x64) AppleWebKit/537.36 (KHTML, like Gecko) Chrome/114.0.0.0 Safari/537.36"
98.98.197.162 - - [27/Apr/2026:16:55:38 +0300] "POST /xmlrpc.php HTTP/1.1" 500 745 "-" "Mozilla/5.0 (Windows NT 10.0; Win64; x64) AppleWebKit/537.36 (KHTML, like Gecko) Chrome/114.0.0.0 Safari/537.36"
91.108.80.31 - - [27/Apr/2026:16:55:41 +0300] "GET /88701-2/ HTTP/1.1" 500 782 "https://serhatburke.miroglu.net/" "Mozilla/5.0 (Macintosh; Intel Mac OS X 10_15_7) AppleWebKit/605.1.15 (KHTML, like Gecko) Version/26.4 Safari/605.1.15"
38.248.90.131 - - [27/Apr/2026:16:55:42 +0300] "POST /xmlrpc.php HTTP/1.1" 500 745 "-" "Mozilla/5.0 (Windows NT 10.0; Win64; x64) AppleWebKit/537.36 (KHTML, like Gecko) Chrome/114.0.0.0 Safari/537.36"
38.248.90.131 - - [27/Apr/2026:16:55:52 +0300] "POST /xmlrpc.php HTTP/1.1" 200 630 "-" "Mozilla/5.0 (Windows NT 10.0; Win64; x64) AppleWebKit/537.36 (KHTML, like Gecko) Chrome/114.0.0.0 Safari/537.36"
185.216.113.70 - - [27/Apr/2026:16:57:50 +0300] "POST /wp-cron.php?doing_wp_cron=1777298270.2180459499359130859375 HTTP/1.1" 200 448 "-" "WordPress/6.3.8; https://serhatburke.miroglu.net"
200.25.47.113 - - [27/Apr/2026:16:55:59 +0300] "POST /xmlrpc.php HTTP/1.1" 500 745 "-" "Mozilla/5.0 (Windows NT 10.0; Win64; x64) AppleWebKit/537.36 (KHTML, like Gecko) Chrome/114.0.0.0 Safari/537.36"
91.108.80.31 - - [27/Apr/2026:16:56:11 +0300] "GET /88701-2/ HTTP/1.1" 500 782 "https://serhatburke.miroglu.net/" "Mozilla/5.0 (Macintosh; Intel Mac OS X 10_15_7) AppleWebKit/605.1.15 (KHTML, like Gecko) Version/26.4 Safari/605.1.15"
185.216.113.70 - - [27/Apr/2026:16:58:11 +0300] "POST /wp-cron.php?doing_wp_cron=1777298291.7360999584197998046875 HTTP/1.1" 200 448 "-" "WordPress/6.3.8; https://serhatburke.miroglu.net"
38.248.90.131 - - [27/Apr/2026:16:56:16 +0300] "POST /xmlrpc.php HTTP/1.1" 500 745 "-" "Mozilla/5.0 (Windows NT 10.0; Win64; x64) AppleWebKit/537.36 (KHTML, like Gecko) Chrome/114.0.0.0 Safari/537.36"
98.98.43.163 - - [27/Apr/2026:16:56:21 +0300] "POST /xmlrpc.php HTTP/1.1" 500 745 "-" "Mozilla/5.0 (Windows NT 10.0; Win64; x64) AppleWebKit/537.36 (KHTML, like Gecko) Chrome/114.0.0.0 Safari/537.36"
38.248.90.131 - - [27/Apr/2026:16:56:33 +0300] "POST /xmlrpc.php HTTP/1.1" 500 745 "-" "Mozilla/5.0 (Windows NT 10.0; Win64; x64) AppleWebKit/537.36 (KHTML, like Gecko) Chrome/114.0.0.0 Safari/537.36"
62.12.118.39 - - [27/Apr/2026:16:56:35 +0300] "POST /xmlrpc.php HTTP/1.1" 500 745 "-" "Mozilla/5.0 (Windows NT 10.0; Win64; x64) AppleWebKit/537.36 (KHTML, like Gecko) Chrome/114.0.0.0 Safari/537.36"
57.128.22.95 - - [27/Apr/2026:16:57:36 +0300] "GET /novoline-casino-codice-bonus-registrazione/ HTTP/1.1" 200 0 "-" "Mozilla/5.0 (compatible; Googlebot/2.1; +http://www.google.com/bot.html)"
38.248.90.131 - - [27/Apr/2026:16:56:38 +0300] "POST /xmlrpc.php HTTP/1.1" 500 745 "-" "Mozilla/5.0 (Windows NT 10.0; Win64; x64) AppleWebKit/537.36 (KHTML, like Gecko) Chrome/114.0.0.0 Safari/537.36"
185.244.183.170 - - [27/Apr/2026:16:57:46 +0300] "POST /xmlrpc.php HTTP/1.1" 200 0 "-" "Mozilla/5.0 (Windows NT 10.0; Win64; x64; Xbox; Xbox One) AppleWebKit/537.36 (KHTML, like Gecko) Chrome/114.0.0.0 Safari/537.36 Edge/44.18363.8131"
62.12.118.39 - - [27/Apr/2026:16:56:51 +0300] "POST /xmlrpc.php HTTP/1.1" 500 745 "-" "Mozilla/5.0 (Windows NT 10.0; Win64; x64) AppleWebKit/537.36 (KHTML, like Gecko) Chrome/114.0.0.0 Safari/537.36"
52.167.144.179 - - [27/Apr/2026:16:58:22 +0300] "GET /pazvelkite-i-interneto-svetaine-rizikuokite-patikrinkite-ar-svetaine-verde-casino-originali-programa-netikra-ar-ji-apgaulinga/ HTTP/2" 200 0 "-" "Mozilla/5.0 AppleWebKit/537.36 (KHTML, like Gecko; compatible; bingbot/2.0; +http://www.bing.com/bingbot.htm) Chrome/116.0.1938.76 Safari/537.36"
172.237.61.148 - - [27/Apr/2026:16:57:17 +0300] "POST /xmlrpc.php HTTP/1.1" 500 745 "-" "Mozilla/5.0 (Windows NT 10.0; Win64; x64) AppleWebKit/537.36 (KHTML, like Gecko) Chrome/114.0.0.0 Safari/537.36"
40.77.167.47 - - [27/Apr/2026:16:58:29 +0300] "GET /an-irgendeinem-ort-existiert-gentleman-verdecasino-promo-code-das-um-durch-ihm-hinten-profitieren/ HTTP/2" 200 0 "-" "Mozilla/5.0 AppleWebKit/537.36 (KHTML, like Gecko; compatible; bingbot/2.0; +http://www.bing.com/bingbot.htm) Chrome/116.0.1938.76 Safari/537.36"
38.248.90.131 - - [27/Apr/2026:16:57:22 +0300] "POST /xmlrpc.php HTTP/1.1" 500 745 "-" "Mozilla/5.0 (Windows NT 10.0; Win64; x64) AppleWebKit/537.36 (KHTML, like Gecko) Chrome/114.0.0.0 Safari/537.36"
98.98.197.162 - - [27/Apr/2026:16:57:23 +0300] "POST /xmlrpc.php HTTP/1.1" 500 745 "-" "Mozilla/5.0 (Windows NT 10.0; Win64; x64) AppleWebKit/537.36 (KHTML, like Gecko) Chrome/114.0.0.0 Safari/537.36"
38.248.90.131 - - [27/Apr/2026:16:57:26 +0300] "POST /xmlrpc.php HTTP/1.1" 500 745 "-" "Mozilla/5.0 (Windows NT 10.0; Win64; x64) AppleWebKit/537.36 (KHTML, like Gecko) Chrome/114.0.0.0 Safari/537.36"
38.248.90.131 - - [27/Apr/2026:16:57:32 +0300] "POST /xmlrpc.php HTTP/1.1" 500 745 "-" "Mozilla/5.0 (Windows NT 10.0; Win64; x64) AppleWebKit/537.36 (KHTML, like Gecko) Chrome/114.0.0.0 Safari/537.36"
185.244.183.170 - - [27/Apr/2026:16:58:49 +0300] "POST /xmlrpc.php HTTP/1.1" 200 0 "-" "Mozilla/5.0 (Windows NT 10.0; Win64; x64; Xbox; Xbox One) AppleWebKit/537.36 (KHTML, like Gecko) Chrome/114.0.0.0 Safari/537.36 Edge/44.18363.8131"
38.248.90.131 - - [27/Apr/2026:16:57:56 +0300] "GET /?p=140408 HTTP/1.1" 500 745 "-" "Mozilla/5.0 (Windows NT 10.0; Win64; x64) AppleWebKit/537.36 (KHTML, like Gecko) Chrome/123.0.0.0 Safari/537.36 OPR/109.0.0.0"
98.98.43.163 - - [27/Apr/2026:16:58:01 +0300] "POST /xmlrpc.php HTTP/1.1" 500 745 "-" "Mozilla/5.0 (Windows NT 10.0; Win64; x64) AppleWebKit/537.36 (KHTML, like Gecko) Chrome/114.0.0.0 Safari/537.36"
38.248.90.131 - - [27/Apr/2026:16:58:02 +0300] "POST /xmlrpc.php HTTP/1.1" 500 745 "-" "Mozilla/5.0 (Windows NT 10.0; Win64; x64) AppleWebKit/537.36 (KHTML, like Gecko) Chrome/114.0.0.0 Safari/537.36"
38.248.90.131 - - [27/Apr/2026:16:58:13 +0300] "POST /xmlrpc.php HTTP/1.1" 500 745 "-" "Mozilla/5.0 (Windows NT 10.0; Win64; x64) AppleWebKit/537.36 (KHTML, like Gecko) Chrome/114.0.0.0 Safari/537.36"
62.12.118.39 - - [27/Apr/2026:16:58:14 +0300] "POST /xmlrpc.php HTTP/1.1" 500 745 "-" "Mozilla/5.0 (Windows NT 10.0; Win64; x64) AppleWebKit/537.36 (KHTML, like Gecko) Chrome/114.0.0.0 Safari/537.36"
40.77.167.47 - - [27/Apr/2026:16:59:30 +0300] "GET /nya-st-george-and-the-dragon-spelautomat-casinon-%EF%B8%8F-lokalisera-nya-svenska-sprake-natcasino-inom-var-lista/ HTTP/2" 200 0 "-" "Mozilla/5.0 AppleWebKit/537.36 (KHTML, like Gecko; compatible; bingbot/2.0; +http://www.bing.com/bingbot.htm) Chrome/116.0.1938.76 Safari/537.36"
185.216.113.70 - - [27/Apr/2026:17:00:23 +0300] "POST /wp-cron.php?doing_wp_cron=1777298423.2972500324249267578125 HTTP/1.1" 200 448 "-" "WordPress/6.3.8; https://serhatburke.miroglu.net"
98.98.197.162 - - [27/Apr/2026:16:59:01 +0300] "POST /xmlrpc.php HTTP/1.1" 200 630 "-" "Mozilla/5.0 (Windows NT 10.0; Win64; x64) AppleWebKit/537.36 (KHTML, like Gecko) Chrome/114.0.0.0 Safari/537.36"
52.167.144.179 - - [27/Apr/2026:16:59:39 +0300] "GET /quick-struck-precious-metal-position-review-bally-gamble-100-percent-jack-hammer-slot-free-demo/ HTTP/2" 200 0 "-" "Mozilla/5.0 AppleWebKit/537.36 (KHTML, like Gecko; compatible; bingbot/2.0; +http://www.bing.com/bingbot.htm) Chrome/116.0.1938.76 Safari/537.36"
185.216.113.70 - - [27/Apr/2026:17:00:29 +0300] "POST /wp-cron.php?doing_wp_cron=1777298429.4024479389190673828125 HTTP/1.1" 200 448 "-" "WordPress/6.3.8; https://serhatburke.miroglu.net"
98.98.43.163 - - [27/Apr/2026:16:58:47 +0300] "POST /xmlrpc.php HTTP/1.1" 200 630 "-" "Mozilla/5.0 (Windows NT 10.0; Win64; x64) AppleWebKit/537.36 (KHTML, like Gecko) Chrome/114.0.0.0 Safari/537.36"
185.216.113.70 - - [27/Apr/2026:17:00:32 +0300] "POST /wp-cron.php?doing_wp_cron=1777298432.5261130332946777343750 HTTP/1.1" 200 448 "-" "WordPress/6.3.8; https://serhatburke.miroglu.net"
185.216.113.70 - - [27/Apr/2026:17:00:39 +0300] "POST /wp-cron.php?doing_wp_cron=1777298438.9356679916381835937500 HTTP/1.1" 200 448 "-" "WordPress/6.3.8; https://serhatburke.miroglu.net"
38.248.90.131 - - [27/Apr/2026:16:59:11 +0300] "POST /xmlrpc.php HTTP/1.1" 200 8471 "-" "Mozilla/5.0 (Windows NT 10.0; Win64; x64) AppleWebKit/537.36 (KHTML, like Gecko) Chrome/114.0.0.0 Safari/537.36"
185.216.113.70 - - [27/Apr/2026:17:00:45 +0300] "POST /wp-cron.php?doing_wp_cron=1777298444.9315440654754638671875 HTTP/1.1" 200 448 "-" "WordPress/6.3.8; https://serhatburke.miroglu.net"
185.216.113.70 - - [27/Apr/2026:17:00:47 +0300] "POST /wp-cron.php?doing_wp_cron=1777298447.5962929725646972656250 HTTP/1.1" 200 448 "-" "WordPress/6.3.8; https://serhatburke.miroglu.net"
38.248.90.131 - - [27/Apr/2026:16:59:17 +0300] "POST /xmlrpc.php HTTP/1.1" 200 8468 "-" "Mozilla/5.0 (Windows NT 10.0; Win64; x64) AppleWebKit/537.36 (KHTML, like Gecko) Chrome/114.0.0.0 Safari/537.36"
185.244.183.170 - - [27/Apr/2026:16:59:52 +0300] "POST /xmlrpc.php HTTP/1.1" 200 0 "-" "Mozilla/5.0 (Windows NT 10.0; Win64; x64; Xbox; Xbox One) AppleWebKit/537.36 (KHTML, like Gecko) Chrome/114.0.0.0 Safari/537.36 Edge/44.18363.8131"
57.128.22.95 - - [27/Apr/2026:16:59:11 +0300] "GET /novoline-casino-codice-bonus-registrazione/ HTTP/1.1" 200 17770 "https://serhatburke.miroglu.net/" "Mozilla/5.0 (Windows NT 10.0; Win64; x64) AppleWebKit/537.36 (KHTML, like Gecko) Chrome/142.0.0.0 Safari/537.36"
185.216.113.70 - - [27/Apr/2026:17:01:02 +0300] "POST /wp-cron.php?doing_wp_cron=1777298461.8255848884582519531250 HTTP/1.1" 200 448 "-" "WordPress/6.3.8; https://serhatburke.miroglu.net"
98.98.197.162 - - [27/Apr/2026:16:59:04 +0300] "GET /?p=140412 HTTP/1.1" 500 745 "-" "Mozilla/5.0 (Windows NT 10.0; Win64; x64) AppleWebKit/537.36 (KHTML, like Gecko) Chrome/109.0.0.0 Safari/537.36"
