35.224.168.243 - - [27/Apr/2026:12:52:26 +0300] "GET /wp-content/plugins/js_composer/assets/lib/bower/vcIconPicker/jquery.fonticonpicker.min.js?ver=6.13.0 HTTP/2" 200 3360 "https://serhatburke.miroglu.net/wp-admin/post.php?post=2740&action=edit" "Mozilla/5.0 (X11; Linux x86_64) AppleWebKit/537.36 (KHTML, like Gecko) HeadlessChrome/147.0.7727.15 Safari/537.36"
35.224.168.243 - - [27/Apr/2026:12:52:26 +0300] "GET /wp-content/plugins/wpforms-lite/assets/js/admin-editor.min.js?ver=1.8.3.1 HTTP/2" 200 321 "https://serhatburke.miroglu.net/wp-admin/post.php?post=2740&action=edit" "Mozilla/5.0 (X11; Linux x86_64) AppleWebKit/537.36 (KHTML, like Gecko) HeadlessChrome/147.0.7727.15 Safari/537.36"
35.224.168.243 - - [27/Apr/2026:12:52:26 +0300] "GET /wp-includes/js/wp-embed.min.js?ver=6.3.8 HTTP/2" 200 740 "https://serhatburke.miroglu.net/wp-admin/post.php?post=2740&action=edit" "Mozilla/5.0 (X11; Linux x86_64) AppleWebKit/537.36 (KHTML, like Gecko) HeadlessChrome/147.0.7727.15 Safari/537.36"
35.224.168.243 - - [27/Apr/2026:12:52:26 +0300] "GET /wp-content/plugins/wpforms-lite/assets/images/sullie-vc.png HTTP/2" 200 4395 "https://serhatburke.miroglu.net/wp-admin/post.php?post=2740&action=edit" "Mozilla/5.0 (X11; Linux x86_64) AppleWebKit/537.36 (KHTML, like Gecko) HeadlessChrome/147.0.7727.15 Safari/537.36"
35.224.168.243 - - [27/Apr/2026:12:52:27 +0300] "GET /wp-includes/js/thickbox/loadingAnimation.gif HTTP/2" 200 15238 "https://serhatburke.miroglu.net/wp-admin/post.php?post=2740&action=edit" "Mozilla/5.0 (X11; Linux x86_64) AppleWebKit/537.36 (KHTML, like Gecko) HeadlessChrome/147.0.7727.15 Safari/537.36"
35.224.168.243 - - [27/Apr/2026:12:52:27 +0300] "GET /wp-content/plugins/js_composer/assets/fonts/vc_icons_v2/fonts/vcpb-plugin-icons.ttf?f6ud62 HTTP/2" 200 7464 "https://serhatburke.miroglu.net/wp-content/plugins/js_composer/assets/css/js_composer_backend_editor.min.css?ver=6.13.0" "Mozilla/5.0 (X11; Linux x86_64) AppleWebKit/537.36 (KHTML, like Gecko) HeadlessChrome/147.0.7727.15 Safari/537.36"
35.224.168.243 - - [27/Apr/2026:12:52:28 +0300] "GET /wp-content/plugins/js_composer/assets/vc/logo/wpb-logo-white.svg HTTP/2" 200 715 "https://serhatburke.miroglu.net/wp-content/plugins/js_composer/assets/css/js_composer_backend_editor.min.css?ver=6.13.0" "Mozilla/5.0 (X11; Linux x86_64) AppleWebKit/537.36 (KHTML, like Gecko) HeadlessChrome/147.0.7727.15 Safari/537.36"
35.224.168.243 - - [27/Apr/2026:12:52:28 +0300] "GET /wp-content/plugins/all-in-one-seo-pack/dist/Lite/assets/main-20ad6c21.js HTTP/2" 200 479345 "https://serhatburke.miroglu.net/wp-admin/post.php?post=2740&action=edit" "Mozilla/5.0 (X11; Linux x86_64) AppleWebKit/537.36 (KHTML, like Gecko) HeadlessChrome/147.0.7727.15 Safari/537.36"
35.224.168.243 - - [27/Apr/2026:12:52:27 +0300] "GET / HTTP/2" 200 0 "-" "Mozilla/5.0 (X11; Linux x86_64) AppleWebKit/537.36 (KHTML, like Gecko) HeadlessChrome/147.0.7727.15 Safari/537.36"
35.224.168.243 - - [27/Apr/2026:12:52:56 +0300] "GET /?nocache=1777283575155 HTTP/1.1" 200 0 "-" "node"
35.224.168.243 - - [27/Apr/2026:12:52:25 +0300] "GET /wp-json/wp/v2/ HTTP/2" 200 10764 "https://serhatburke.miroglu.net/wp-admin/post.php?post=2740&action=edit" "Mozilla/5.0 (X11; Linux x86_64) AppleWebKit/537.36 (KHTML, like Gecko) HeadlessChrome/147.0.7727.15 Safari/537.36"
35.224.168.243 - - [27/Apr/2026:12:52:27 +0300] "GET /wp-json/wp/v2/blocks?context=edit&per_page=100&_locale=user HTTP/2" 200 6 "https://serhatburke.miroglu.net/wp-admin/post.php?post=2740&action=edit" "Mozilla/5.0 (X11; Linux x86_64) AppleWebKit/537.36 (KHTML, like Gecko) HeadlessChrome/147.0.7727.15 Safari/537.36"
35.224.168.243 - - [27/Apr/2026:12:52:27 +0300] "GET /wp-json/aioseo/v1/ping/ HTTP/2" 200 20 "https://serhatburke.miroglu.net/wp-admin/post.php?post=2740&action=edit" "Mozilla/5.0 (X11; Linux x86_64) AppleWebKit/537.36 (KHTML, like Gecko) HeadlessChrome/147.0.7727.15 Safari/537.36"
35.224.168.243 - - [27/Apr/2026:12:52:28 +0300] "GET /wp-json/?_fields=description%2Cgmt_offset%2Chome%2Cname%2Csite_icon%2Csite_icon_url%2Csite_logo%2Ctimezone_string%2Curl&_locale=user HTTP/2" 200 347 "https://serhatburke.miroglu.net/wp-admin/post.php?post=2740&action=edit" "Mozilla/5.0 (X11; Linux x86_64) AppleWebKit/537.36 (KHTML, like Gecko) HeadlessChrome/147.0.7727.15 Safari/537.36"
35.224.168.243 - - [27/Apr/2026:12:53:35 +0300] "GET /wp-content/uploads/2023/08/favicon-16x16-3.png HTTP/2" 200 529 "https://serhatburke.miroglu.net/wp-admin/post.php?post=2740&action=edit" "Mozilla/5.0 (X11; Linux x86_64) AppleWebKit/537.36 (KHTML, like Gecko) HeadlessChrome/147.0.7727.15 Safari/537.36"
35.224.168.243 - - [27/Apr/2026:12:52:27 +0300] "POST /wp-json/aioseo/v1/analyze-headline/ HTTP/2" 200 256 "https://serhatburke.miroglu.net/wp-admin/post.php?post=2740&action=edit" "Mozilla/5.0 (X11; Linux x86_64) AppleWebKit/537.36 (KHTML, like Gecko) HeadlessChrome/147.0.7727.15 Safari/537.36"
35.224.168.243 - - [27/Apr/2026:12:52:28 +0300] "OPTIONS /wp-json/wp/v2/pages/2740?_locale=user HTTP/2" 200 1860 "https://serhatburke.miroglu.net/wp-admin/post.php?post=2740&action=edit" "Mozilla/5.0 (X11; Linux x86_64) AppleWebKit/537.36 (KHTML, like Gecko) HeadlessChrome/147.0.7727.15 Safari/537.36"
35.224.168.243 - - [27/Apr/2026:12:52:28 +0300] "GET /wp-json/wp/v2/users?context=view&who=authors&per_page=50&_fields=id%2Cname&_locale=user HTTP/2" 200 6 "https://serhatburke.miroglu.net/wp-admin/post.php?post=2740&action=edit" "Mozilla/5.0 (X11; Linux x86_64) AppleWebKit/537.36 (KHTML, like Gecko) HeadlessChrome/147.0.7727.15 Safari/537.36"
185.216.113.70 - - [27/Apr/2026:12:53:28 +0300] "POST /wp-cron.php?doing_wp_cron=1777283608.1156260967254638671875 HTTP/1.1" 200 448 "-" "WordPress/6.3.8; https://serhatburke.miroglu.net"
35.224.168.243 - - [27/Apr/2026:12:52:28 +0300] "GET /wp-json/wp/v2/block-patterns/categories?_locale=user HTTP/2" 200 810 "https://serhatburke.miroglu.net/wp-admin/post.php?post=2740&action=edit" "Mozilla/5.0 (X11; Linux x86_64) AppleWebKit/537.36 (KHTML, like Gecko) HeadlessChrome/147.0.7727.15 Safari/537.36"
35.224.168.243 - - [27/Apr/2026:12:53:05 +0300] "GET /?nocache=1777283575155 HTTP/2" 200 0 "-" "Mozilla/5.0 (X11; Linux x86_64) AppleWebKit/537.36 (KHTML, like Gecko) HeadlessChrome/147.0.7727.15 Safari/537.36"
35.224.168.243 - - [27/Apr/2026:12:52:28 +0300] "GET /wp-json/wp/v2/taxonomies?context=edit&per_page=100&_locale=user HTTP/2" 200 1367 "https://serhatburke.miroglu.net/wp-admin/post.php?post=2740&action=edit" "Mozilla/5.0 (X11; Linux x86_64) AppleWebKit/537.36 (KHTML, like Gecko) HeadlessChrome/147.0.7727.15 Safari/537.36"
35.224.168.243 - - [27/Apr/2026:12:52:27 +0300] "GET /wp-json/wp/v2/block-patterns/patterns?_locale=user HTTP/2" 200 27225 "https://serhatburke.miroglu.net/wp-admin/post.php?post=2740&action=edit" "Mozilla/5.0 (X11; Linux x86_64) AppleWebKit/537.36 (KHTML, like Gecko) HeadlessChrome/147.0.7727.15 Safari/537.36"
35.224.168.243 - - [27/Apr/2026:12:53:36 +0300] "GET /?nocache=1777283615164 HTTP/1.1" 200 0 "-" "node"
35.224.168.243 - - [27/Apr/2026:12:53:27 +0300] "POST /wp-admin/admin-ajax.php HTTP/2" 200 0 "https://serhatburke.miroglu.net/wp-admin/post.php?post=2740&action=edit" "Mozilla/5.0 (X11; Linux x86_64) AppleWebKit/537.36 (KHTML, like Gecko) HeadlessChrome/147.0.7727.15 Safari/537.36"
35.224.168.243 - - [27/Apr/2026:12:52:28 +0300] "GET /wp-json/wp/v2/themes?context=edit&status=active&_locale=user HTTP/2" 200 799 "https://serhatburke.miroglu.net/wp-admin/post.php?post=2740&action=edit" "Mozilla/5.0 (X11; Linux x86_64) AppleWebKit/537.36 (KHTML, like Gecko) HeadlessChrome/147.0.7727.15 Safari/537.36"
35.224.168.243 - - [27/Apr/2026:12:52:47 +0300] "POST /wp-json/wp/v2/users/me?_locale=user HTTP/2" 200 1041 "https://serhatburke.miroglu.net/wp-admin/post.php?post=2740&action=edit" "Mozilla/5.0 (X11; Linux x86_64) AppleWebKit/537.36 (KHTML, like Gecko) HeadlessChrome/147.0.7727.15 Safari/537.36"
35.224.168.243 - - [27/Apr/2026:12:53:20 +0300] "POST /wp-admin/admin-ajax.php HTTP/2" 200 5 "https://serhatburke.miroglu.net/wp-admin/post.php?post=2740&action=edit" "Mozilla/5.0 (X11; Linux x86_64) AppleWebKit/537.36 (KHTML, like Gecko) HeadlessChrome/147.0.7727.15 Safari/537.36"
35.224.168.243 - - [27/Apr/2026:12:52:48 +0300] "POST /wp-json/wp/v2/pages/2740?_locale=user HTTP/2" 200 4696 "https://serhatburke.miroglu.net/wp-admin/post.php?post=2740&action=edit" "Mozilla/5.0 (X11; Linux x86_64) AppleWebKit/537.36 (KHTML, like Gecko) HeadlessChrome/147.0.7727.15 Safari/537.36"
185.216.113.70 - - [27/Apr/2026:12:54:28 +0300] "POST /wp-cron.php?doing_wp_cron=1777283668.1965680122375488281250 HTTP/1.1" 200 448 "-" "WordPress/6.3.8; https://serhatburke.miroglu.net"
35.224.168.243 - - [27/Apr/2026:12:54:23 +0300] "POST /wp-admin/post.php?post=2740&action=edit&meta-box-loader=1&meta-box-loader-nonce=fd36a6469b&_locale=user HTTP/2" 200 0 "https://serhatburke.miroglu.net/wp-admin/post.php?post=2740&action=edit" "Mozilla/5.0 (X11; Linux x86_64) AppleWebKit/537.36 (KHTML, like Gecko) HeadlessChrome/147.0.7727.15 Safari/537.36"
35.224.168.243 - - [27/Apr/2026:12:54:27 +0300] "POST /wp-admin/admin-ajax.php HTTP/2" 200 0 "https://serhatburke.miroglu.net/wp-admin/post.php?post=2740&action=edit" "Mozilla/5.0 (X11; Linux x86_64) AppleWebKit/537.36 (KHTML, like Gecko) HeadlessChrome/147.0.7727.15 Safari/537.36"
35.224.168.243 - - [27/Apr/2026:12:54:28 +0300] "GET /wp-includes/css/admin-bar.min.css?ver=6.3.8 HTTP/2" 200 3637 "https://serhatburke.miroglu.net/?nocache=1777283615164" "Mozilla/5.0 (X11; Linux x86_64) AppleWebKit/537.36 (KHTML, like Gecko) HeadlessChrome/147.0.7727.15 Safari/537.36"
35.224.168.243 - - [27/Apr/2026:12:54:28 +0300] "GET /wp-includes/css/dist/block-library/style.min.css?ver=6.3.8 HTTP/2" 200 12962 "https://serhatburke.miroglu.net/?nocache=1777283615164" "Mozilla/5.0 (X11; Linux x86_64) AppleWebKit/537.36 (KHTML, like Gecko) HeadlessChrome/147.0.7727.15 Safari/537.36"
35.224.168.243 - - [27/Apr/2026:12:54:28 +0300] "GET /wp-content/plugins/all-in-one-seo-pack/dist/Lite/assets/css/admin-bar.8221d1e4.css?ver=4.4.4 HTTP/2" 200 3327 "https://serhatburke.miroglu.net/?nocache=1777283615164" "Mozilla/5.0 (X11; Linux x86_64) AppleWebKit/537.36 (KHTML, like Gecko) HeadlessChrome/147.0.7727.15 Safari/537.36"
35.224.168.243 - - [27/Apr/2026:12:54:28 +0300] "GET /wp-content/plugins/contact-form-7/includes/css/styles.css?ver=5.8 HTTP/2" 200 878 "https://serhatburke.miroglu.net/?nocache=1777283615164" "Mozilla/5.0 (X11; Linux x86_64) AppleWebKit/537.36 (KHTML, like Gecko) HeadlessChrome/147.0.7727.15 Safari/537.36"
35.224.168.243 - - [27/Apr/2026:12:54:28 +0300] "GET /wp-includes/css/dist/components/style.min.css?ver=6.3.8 HTTP/2" 200 11391 "https://serhatburke.miroglu.net/?nocache=1777283615164" "Mozilla/5.0 (X11; Linux x86_64) AppleWebKit/537.36 (KHTML, like Gecko) HeadlessChrome/147.0.7727.15 Safari/537.36"
35.224.168.243 - - [27/Apr/2026:12:54:28 +0300] "GET /wp-content/themes/toppic/css/fontello.css?ver=4.2 HTTP/2" 200 1188 "https://serhatburke.miroglu.net/?nocache=1777283615164" "Mozilla/5.0 (X11; Linux x86_64) AppleWebKit/537.36 (KHTML, like Gecko) HeadlessChrome/147.0.7727.15 Safari/537.36"
35.224.168.243 - - [27/Apr/2026:12:53:45 +0300] "GET /?nocache=1777283615164 HTTP/2" 200 108461 "-" "Mozilla/5.0 (X11; Linux x86_64) AppleWebKit/537.36 (KHTML, like Gecko) HeadlessChrome/147.0.7727.15 Safari/537.36"
35.224.168.243 - - [27/Apr/2026:12:54:28 +0300] "GET /wp-content/themes/toppic/css/reset.css?ver=4.2 HTTP/2" 200 566 "https://serhatburke.miroglu.net/?nocache=1777283615164" "Mozilla/5.0 (X11; Linux x86_64) AppleWebKit/537.36 (KHTML, like Gecko) HeadlessChrome/147.0.7727.15 Safari/537.36"
35.224.168.243 - - [27/Apr/2026:12:54:28 +0300] "GET /wp-content/themes/toppic/css/default.css?ver=4.2 HTTP/2" 200 1198 "https://serhatburke.miroglu.net/?nocache=1777283615164" "Mozilla/5.0 (X11; Linux x86_64) AppleWebKit/537.36 (KHTML, like Gecko) HeadlessChrome/147.0.7727.15 Safari/537.36"
35.224.168.243 - - [27/Apr/2026:12:54:28 +0300] "GET /wp-content/themes/toppic/style.css?ver=4.2 HTTP/2" 200 22783 "https://serhatburke.miroglu.net/?nocache=1777283615164" "Mozilla/5.0 (X11; Linux x86_64) AppleWebKit/537.36 (KHTML, like Gecko) HeadlessChrome/147.0.7727.15 Safari/537.36"
35.224.168.243 - - [27/Apr/2026:12:54:28 +0300] "GET /wp-content/themes/toppic/css/royalslider.css?ver=4.2 HTTP/2" 200 1273 "https://serhatburke.miroglu.net/?nocache=1777283615164" "Mozilla/5.0 (X11; Linux x86_64) AppleWebKit/537.36 (KHTML, like Gecko) HeadlessChrome/147.0.7727.15 Safari/537.36"
35.224.168.243 - - [27/Apr/2026:12:54:28 +0300] "GET /wp-content/themes/toppic/css/rs-default.css?ver=4.2 HTTP/2" 200 2011 "https://serhatburke.miroglu.net/?nocache=1777283615164" "Mozilla/5.0 (X11; Linux x86_64) AppleWebKit/537.36 (KHTML, like Gecko) HeadlessChrome/147.0.7727.15 Safari/537.36"
35.224.168.243 - - [27/Apr/2026:12:54:28 +0300] "GET /wp-content/themes/toppic/css/lightbox.css?ver=4.2 HTTP/2" 200 2342 "https://serhatburke.miroglu.net/?nocache=1777283615164" "Mozilla/5.0 (X11; Linux x86_64) AppleWebKit/537.36 (KHTML, like Gecko) HeadlessChrome/147.0.7727.15 Safari/537.36"
35.224.168.243 - - [27/Apr/2026:12:54:28 +0300] "GET /wp-content/themes/toppic/css/woocommerce.css?ver=4.2 HTTP/2" 200 2234 "https://serhatburke.miroglu.net/?nocache=1777283615164" "Mozilla/5.0 (X11; Linux x86_64) AppleWebKit/537.36 (KHTML, like Gecko) HeadlessChrome/147.0.7727.15 Safari/537.36"
35.224.168.243 - - [27/Apr/2026:12:54:28 +0300] "GET /wp-content/themes/toppic/css/responsive.css?ver=4.2 HTTP/2" 200 2182 "https://serhatburke.miroglu.net/?nocache=1777283615164" "Mozilla/5.0 (X11; Linux x86_64) AppleWebKit/537.36 (KHTML, like Gecko) HeadlessChrome/147.0.7727.15 Safari/537.36"
35.224.168.243 - - [27/Apr/2026:12:54:28 +0300] "GET /wp-content/plugins/roses-like-this/likesScript.js?ver=6.3.8 HTTP/2" 200 619 "https://serhatburke.miroglu.net/?nocache=1777283615164" "Mozilla/5.0 (X11; Linux x86_64) AppleWebKit/537.36 (KHTML, like Gecko) HeadlessChrome/147.0.7727.15 Safari/537.36"
35.224.168.243 - - [27/Apr/2026:12:54:28 +0300] "GET /wp-content/plugins/all-in-one-seo-pack/dist/Lite/assets/seo-preview.eaa6b7d8.js?ver=4.4.4 HTTP/2" 200 4286 "https://serhatburke.miroglu.net/?nocache=1777283615164" "Mozilla/5.0 (X11; Linux x86_64) AppleWebKit/537.36 (KHTML, like Gecko) HeadlessChrome/147.0.7727.15 Safari/537.36"
35.224.168.243 - - [27/Apr/2026:12:54:29 +0300] "GET /wp-content/plugins/all-in-one-seo-pack/dist/Lite/assets/css/main.95b9b6b4.css?ver=4.4.4 HTTP/2" 200 1038 "https://serhatburke.miroglu.net/?nocache=1777283615164" "Mozilla/5.0 (X11; Linux x86_64) AppleWebKit/537.36 (KHTML, like Gecko) HeadlessChrome/147.0.7727.15 Safari/537.36"
35.224.168.243 - - [27/Apr/2026:12:54:29 +0300] "GET /wp-content/plugins/contact-form-7/includes/swv/js/index.js?ver=5.8 HTTP/2" 200 3061 "https://serhatburke.miroglu.net/?nocache=1777283615164" "Mozilla/5.0 (X11; Linux x86_64) AppleWebKit/537.36 (KHTML, like Gecko) HeadlessChrome/147.0.7727.15 Safari/537.36"
35.224.168.243 - - [27/Apr/2026:12:54:29 +0300] "GET /wp-content/plugins/contact-form-7/includes/js/index.js?ver=5.8 HTTP/2" 200 3918 "https://serhatburke.miroglu.net/?nocache=1777283615164" "Mozilla/5.0 (X11; Linux x86_64) AppleWebKit/537.36 (KHTML, like Gecko) HeadlessChrome/147.0.7727.15 Safari/537.36"
35.224.168.243 - - [27/Apr/2026:12:54:29 +0300] "GET /wp-content/themes/toppic/js/jquery.parallax.custom.js?ver=4.2 HTTP/2" 200 720 "https://serhatburke.miroglu.net/?nocache=1777283615164" "Mozilla/5.0 (X11; Linux x86_64) AppleWebKit/537.36 (KHTML, like Gecko) HeadlessChrome/147.0.7727.15 Safari/537.36"
35.224.168.243 - - [27/Apr/2026:12:54:29 +0300] "GET /wp-content/themes/toppic/js/jquery.mtree.js?ver=4.2 HTTP/2" 200 883 "https://serhatburke.miroglu.net/?nocache=1777283615164" "Mozilla/5.0 (X11; Linux x86_64) AppleWebKit/537.36 (KHTML, like Gecko) HeadlessChrome/147.0.7727.15 Safari/537.36"
35.224.168.243 - - [27/Apr/2026:12:54:29 +0300] "GET /wp-content/themes/toppic/js/jquery.tipsy.js?ver=4.2 HTTP/2" 200 829 "https://serhatburke.miroglu.net/?nocache=1777283615164" "Mozilla/5.0 (X11; Linux x86_64) AppleWebKit/537.36 (KHTML, like Gecko) HeadlessChrome/147.0.7727.15 Safari/537.36"
35.224.168.243 - - [27/Apr/2026:12:54:29 +0300] "GET /wp-content/themes/toppic/js/jquery.transit.min.js?ver=4.2 HTTP/2" 200 2624 "https://serhatburke.miroglu.net/?nocache=1777283615164" "Mozilla/5.0 (X11; Linux x86_64) AppleWebKit/537.36 (KHTML, like Gecko) HeadlessChrome/147.0.7727.15 Safari/537.36"
35.224.168.243 - - [27/Apr/2026:12:54:29 +0300] "GET /wp-content/themes/toppic/js/scrollMonitor.js?ver=4.2 HTTP/2" 200 2538 "https://serhatburke.miroglu.net/?nocache=1777283615164" "Mozilla/5.0 (X11; Linux x86_64) AppleWebKit/537.36 (KHTML, like Gecko) HeadlessChrome/147.0.7727.15 Safari/537.36"
35.224.168.243 - - [27/Apr/2026:12:54:29 +0300] "GET /wp-content/uploads/2023/08/LOGO-1.png HTTP/2" 200 5530 "https://serhatburke.miroglu.net/?nocache=1777283615164" "Mozilla/5.0 (X11; Linux x86_64) AppleWebKit/537.36 (KHTML, like Gecko) HeadlessChrome/147.0.7727.15 Safari/537.36"
35.224.168.243 - - [27/Apr/2026:12:54:29 +0300] "GET /wp-content/themes/toppic/css/font/fontello.woff2?64692809 HTTP/2" 200 8356 "https://serhatburke.miroglu.net/wp-content/themes/toppic/css/fontello.css?ver=4.2" "Mozilla/5.0 (X11; Linux x86_64) AppleWebKit/537.36 (KHTML, like Gecko) HeadlessChrome/147.0.7727.15 Safari/537.36"
35.224.168.243 - - [27/Apr/2026:12:54:29 +0300] "GET /wp-content/themes/toppic/js/jquery.touchswipe.js?ver=4.2 HTTP/2" 200 4734 "https://serhatburke.miroglu.net/?nocache=1777283615164" "Mozilla/5.0 (X11; Linux x86_64) AppleWebKit/537.36 (KHTML, like Gecko) HeadlessChrome/147.0.7727.15 Safari/537.36"
35.224.168.243 - - [27/Apr/2026:12:54:29 +0300] "GET /wp-content/themes/toppic/js/jquery.modernizr.custom.js?ver=4.2 HTTP/2" 200 2892 "https://serhatburke.miroglu.net/?nocache=1777283615164" "Mozilla/5.0 (X11; Linux x86_64) AppleWebKit/537.36 (KHTML, like Gecko) HeadlessChrome/147.0.7727.15 Safari/537.36"
35.224.168.243 - - [27/Apr/2026:12:54:29 +0300] "GET /wp-content/themes/toppic/js/jquery.kenb.js?ver=4.2 HTTP/2" 200 1252 "https://serhatburke.miroglu.net/?nocache=1777283615164" "Mozilla/5.0 (X11; Linux x86_64) AppleWebKit/537.36 (KHTML, like Gecko) HeadlessChrome/147.0.7727.15 Safari/537.36"
35.224.168.243 - - [27/Apr/2026:12:54:29 +0300] "GET /wp-content/themes/toppic/js/jquery.royalslider.min.js?ver=4.2 HTTP/2" 200 18024 "https://serhatburke.miroglu.net/?nocache=1777283615164" "Mozilla/5.0 (X11; Linux x86_64) AppleWebKit/537.36 (KHTML, like Gecko) HeadlessChrome/147.0.7727.15 Safari/537.36"
35.224.168.243 - - [27/Apr/2026:12:54:29 +0300] "GET /wp-content/themes/toppic/js/jquery.magnific-popup.min.js?ver=4.2 HTTP/2" 200 7278 "https://serhatburke.miroglu.net/?nocache=1777283615164" "Mozilla/5.0 (X11; Linux x86_64) AppleWebKit/537.36 (KHTML, like Gecko) HeadlessChrome/147.0.7727.15 Safari/537.36"
35.224.168.243 - - [27/Apr/2026:12:54:29 +0300] "GET /wp-content/themes/toppic/js/jquery.custom.js?ver=4.2 HTTP/2" 200 8215 "https://serhatburke.miroglu.net/?nocache=1777283615164" "Mozilla/5.0 (X11; Linux x86_64) AppleWebKit/537.36 (KHTML, like Gecko) HeadlessChrome/147.0.7727.15 Safari/537.36"
35.224.168.243 - - [27/Apr/2026:12:54:29 +0300] "GET /wp-content/themes/toppic/js/lazysizes.min.js?ver=4.2 HTTP/2" 200 3175 "https://serhatburke.miroglu.net/?nocache=1777283615164" "Mozilla/5.0 (X11; Linux x86_64) AppleWebKit/537.36 (KHTML, like Gecko) HeadlessChrome/147.0.7727.15 Safari/537.36"
35.224.168.243 - - [27/Apr/2026:12:54:29 +0300] "GET /wp-content/plugins/all-in-one-seo-pack/dist/Lite/assets/js/Twitter.32ea8329.js HTTP/2" 200 682 "https://serhatburke.miroglu.net/wp-content/plugins/all-in-one-seo-pack/dist/Lite/assets/seo-preview.eaa6b7d8.js?ver=4.4.4" "Mozilla/5.0 (X11; Linux x86_64) AppleWebKit/537.36 (KHTML, like Gecko) HeadlessChrome/147.0.7727.15 Safari/537.36"
35.224.168.243 - - [27/Apr/2026:12:54:29 +0300] "GET /wp-content/plugins/all-in-one-seo-pack/dist/Lite/assets/css/main.95b9b6b4.css HTTP/2" 200 1038 "https://serhatburke.miroglu.net/?nocache=1777283615164" "Mozilla/5.0 (X11; Linux x86_64) AppleWebKit/537.36 (KHTML, like Gecko) HeadlessChrome/147.0.7727.15 Safari/537.36"
35.224.168.243 - - [27/Apr/2026:12:54:29 +0300] "GET /wp-content/plugins/all-in-one-seo-pack/dist/Lite/assets/css/Index.518f837a.css HTTP/2" 200 857 "https://serhatburke.miroglu.net/?nocache=1777283615164" "Mozilla/5.0 (X11; Linux x86_64) AppleWebKit/537.36 (KHTML, like Gecko) HeadlessChrome/147.0.7727.15 Safari/537.36"
35.224.168.243 - - [27/Apr/2026:12:54:29 +0300] "GET /wp-content/plugins/all-in-one-seo-pack/dist/Lite/assets/css/Caret.82e4ef18.css HTTP/2" 200 957 "https://serhatburke.miroglu.net/?nocache=1777283615164" "Mozilla/5.0 (X11; Linux x86_64) AppleWebKit/537.36 (KHTML, like Gecko) HeadlessChrome/147.0.7727.15 Safari/537.36"
35.224.168.243 - - [27/Apr/2026:12:54:29 +0300] "GET /wp-content/plugins/all-in-one-seo-pack/dist/Lite/assets/css/Tabs.ec7cb519.css HTTP/2" 200 1518 "https://serhatburke.miroglu.net/?nocache=1777283615164" "Mozilla/5.0 (X11; Linux x86_64) AppleWebKit/537.36 (KHTML, like Gecko) HeadlessChrome/147.0.7727.15 Safari/537.36"
35.224.168.243 - - [27/Apr/2026:12:54:29 +0300] "GET /wp-content/plugins/all-in-one-seo-pack/dist/Lite/assets/css/FacebookPreview.602923a4.css HTTP/2" 200 800 "https://serhatburke.miroglu.net/?nocache=1777283615164" "Mozilla/5.0 (X11; Linux x86_64) AppleWebKit/537.36 (KHTML, like Gecko) HeadlessChrome/147.0.7727.15 Safari/537.36"
35.224.168.243 - - [27/Apr/2026:12:54:29 +0300] "GET /wp-content/plugins/all-in-one-seo-pack/dist/Lite/assets/css/GoogleSearchPreview.7d51503b.css HTTP/2" 200 485 "https://serhatburke.miroglu.net/?nocache=1777283615164" "Mozilla/5.0 (X11; Linux x86_64) AppleWebKit/537.36 (KHTML, like Gecko) HeadlessChrome/147.0.7727.15 Safari/537.36"
35.224.168.243 - - [27/Apr/2026:12:54:29 +0300] "GET /wp-content/plugins/all-in-one-seo-pack/dist/Lite/assets/css/TwitterPreview.8e2452b0.css HTTP/2" 200 825 "https://serhatburke.miroglu.net/?nocache=1777283615164" "Mozilla/5.0 (X11; Linux x86_64) AppleWebKit/537.36 (KHTML, like Gecko) HeadlessChrome/147.0.7727.15 Safari/537.36"
35.224.168.243 - - [27/Apr/2026:12:54:21 +0300] "GET /?nocache=1777283660166 HTTP/1.1" 200 0 "-" "node"
185.216.113.70 - - [27/Apr/2026:12:54:40 +0300] "POST /wp-cron.php?doing_wp_cron=1777283679.9118170738220214843750 HTTP/1.1" 200 448 "-" "WordPress/6.3.8; https://serhatburke.miroglu.net"
35.224.168.243 - - [27/Apr/2026:12:54:00 +0300] "POST /wp-admin/admin-ajax.php HTTP/2" 200 5 "https://serhatburke.miroglu.net/wp-admin/post.php?post=2740&action=edit" "Mozilla/5.0 (X11; Linux x86_64) AppleWebKit/537.36 (KHTML, like Gecko) HeadlessChrome/147.0.7727.15 Safari/537.36"
185.216.113.70 - - [27/Apr/2026:12:54:58 +0300] "POST /wp-cron.php?doing_wp_cron=1777283698.9203081130981445312500 HTTP/1.1" 200 448 "-" "WordPress/6.3.8; https://serhatburke.miroglu.net"
185.216.113.70 - - [27/Apr/2026:12:55:01 +0300] "POST /wp-cron.php?doing_wp_cron=1777283701.8131449222564697265625 HTTP/1.1" 200 448 "-" "WordPress/6.3.8; https://serhatburke.miroglu.net"
185.216.113.70 - - [27/Apr/2026:12:55:07 +0300] "POST /wp-cron.php?doing_wp_cron=1777283707.1116108894348144531250 HTTP/1.1" 200 448 "-" "WordPress/6.3.8; https://serhatburke.miroglu.net"
35.224.168.243 - - [27/Apr/2026:12:54:30 +0300] "GET /?nocache=1777283660166 HTTP/2" 200 108455 "-" "Mozilla/5.0 (X11; Linux x86_64) AppleWebKit/537.36 (KHTML, like Gecko) HeadlessChrome/147.0.7727.15 Safari/537.36"
35.224.168.243 - - [27/Apr/2026:12:55:11 +0300] "GET /?nocache=1777283710168 HTTP/1.1" 200 0 "-" "node"
35.224.168.243 - - [27/Apr/2026:12:55:20 +0300] "GET /?nocache=1777283710168 HTTP/2" 200 0 "-" "Mozilla/5.0 (X11; Linux x86_64) AppleWebKit/537.36 (KHTML, like Gecko) HeadlessChrome/147.0.7727.15 Safari/537.36"
107.152.46.252 - - [27/Apr/2026:12:55:35 +0300] "GET /zotabet-casino-bonus-premier-depot-2026/ HTTP/1.1" 200 19133 "https://serhatburke.miroglu.net/" "Mozilla/5.0 (X11; Linux x86_64) AppleWebKit/537.36 (KHTML, like Gecko) Chrome/114.0.0.0 Safari/537.36 OPR/89.0.4447.51"
185.216.113.70 - - [27/Apr/2026:12:55:55 +0300] "POST /wp-cron.php?doing_wp_cron=1777283754.8880178928375244140625 HTTP/1.1" 200 448 "-" "WordPress/6.3.8; https://serhatburke.miroglu.net"
98.98.197.162 - - [27/Apr/2026:12:55:40 +0300] "POST /xmlrpc.php HTTP/1.1" 200 630 "-" "Mozilla/5.0 (Windows NT 10.0; Win64; x64) AppleWebKit/537.36 (KHTML, like Gecko) Chrome/114.0.0.0 Safari/537.36"
107.152.46.252 - - [27/Apr/2026:12:55:55 +0300] "POST /wp-comments-post.php HTTP/1.1" 302 1087 "https://serhatburke.miroglu.net/zotabet-casino-bonus-premier-depot-2026/" "Mozilla/5.0 (X11; Linux x86_64) AppleWebKit/537.36 (KHTML, like Gecko) Chrome/114.0.0.0 Safari/537.36 OPR/89.0.4447.51"
98.98.197.162 - - [27/Apr/2026:12:56:02 +0300] "POST /xmlrpc.php HTTP/1.1" 200 15976 "-" "Mozilla/5.0 (Windows NT 10.0; Win64; x64) AppleWebKit/537.36 (KHTML, like Gecko) Chrome/114.0.0.0 Safari/537.36"
107.152.46.252 - - [27/Apr/2026:12:56:11 +0300] "GET /zotabet-casino-bonus-premier-depot-2026/?unapproved=738&moderation-hash=087831f7c9416b39b5c428f12cc83d5f HTTP/1.1" 200 19542 "https://serhatburke.miroglu.net/wp-comments-post.php" "Mozilla/5.0 (X11; Linux x86_64) AppleWebKit/537.36 (KHTML, like Gecko) Chrome/114.0.0.0 Safari/537.36 OPR/89.0.4447.51"
107.152.46.252 - - [27/Apr/2026:12:56:26 +0300] "GET /zotabet-casino-bonus-premier-depot-2026/ HTTP/1.1" 200 19124 "-" "Mozilla/5.0 (X11; Linux x86_64) AppleWebKit/537.36 (KHTML, like Gecko) Chrome/114.0.0.0 Safari/537.36 OPR/89.0.4447.51"
98.98.197.162 - - [27/Apr/2026:12:56:20 +0300] "GET /the-36-finest-pattern-from-2025/ HTTP/1.1" 200 78884 "-" "Mozilla/5.0 (Windows NT 10.0; Win64; x64) AppleWebKit/537.36 (KHTML, like Gecko) Chrome/123.0.0.0 Safari/537.36 OPR/109.0.0.0"
185.216.113.70 - - [27/Apr/2026:12:56:54 +0300] "POST /wp-cron.php?doing_wp_cron=1777283814.4567189216613769531250 HTTP/1.1" 200 448 "-" "WordPress/6.3.8; https://serhatburke.miroglu.net"
40.77.167.121 - - [27/Apr/2026:12:56:40 +0300] "GET /the-fresh-20-zimpler-20-dollar-casino-free-spins-no-deposit-2026-%EF%B8%8F-done-number/ HTTP/2" 200 19564 "-" "Mozilla/5.0 AppleWebKit/537.36 (KHTML, like Gecko; compatible; bingbot/2.0; +http://www.bing.com/bingbot.htm) Chrome/116.0.1938.76 Safari/537.36"
40.77.167.46 - - [27/Apr/2026:12:56:46 +0300] "GET /official-web-site/ HTTP/2" 200 19537 "-" "Mozilla/5.0 AppleWebKit/537.36 (KHTML, like Gecko; compatible; bingbot/2.0; +http://www.bing.com/bingbot.htm) Chrome/116.0.1938.76 Safari/537.36"
40.77.167.46 - - [27/Apr/2026:12:56:50 +0300] "GET /turbonino-gambling-play-wild-heist-real-money-establishment-on-the-internet-log-on/ HTTP/2" 200 19889 "-" "Mozilla/5.0 AppleWebKit/537.36 (KHTML, like Gecko; compatible; bingbot/2.0; +http://www.bing.com/bingbot.htm) Chrome/116.0.1938.76 Safari/537.36"
185.216.113.70 - - [27/Apr/2026:12:58:55 +0300] "POST /wp-cron.php?doing_wp_cron=1777283935.2901449203491210937500 HTTP/1.1" 200 448 "-" "WordPress/6.3.8; https://serhatburke.miroglu.net"
52.167.144.173 - - [27/Apr/2026:12:58:41 +0300] "GET /puzzle-art-gallery-position-demo-comment-push-betting/ HTTP/2" 200 20067 "-" "Mozilla/5.0 AppleWebKit/537.36 (KHTML, like Gecko; compatible; bingbot/2.0; +http://www.bing.com/bingbot.htm) Chrome/116.0.1938.76 Safari/537.36"
40.77.167.121 - - [27/Apr/2026:12:58:52 +0300] "GET /az-1839-bol-szarmazo-vadonatuj-hatalmas-nemzeti-bajnoklista-segit-onnek-2019-ben/ HTTP/2" 200 20767 "-" "Mozilla/5.0 AppleWebKit/537.36 (KHTML, like Gecko; compatible; bingbot/2.0; +http://www.bing.com/bingbot.htm) Chrome/116.0.1938.76 Safari/537.36"
52.167.144.173 - - [27/Apr/2026:12:59:14 +0300] "GET /we-want-to-serve-as-your-own-playing-platform/ HTTP/2" 200 17600 "-" "Mozilla/5.0 AppleWebKit/537.36 (KHTML, like Gecko; compatible; bingbot/2.0; +http://www.bing.com/bingbot.htm) Chrome/116.0.1938.76 Safari/537.36"
185.216.113.70 - - [27/Apr/2026:13:00:00 +0300] "POST /wp-cron.php?doing_wp_cron=1777284000.6756799221038818359375 HTTP/1.1" 200 448 "-" "WordPress/6.3.8; https://serhatburke.miroglu.net"
52.167.144.173 - - [27/Apr/2026:12:59:42 +0300] "GET /cassinos-com-dinheiro-efetivo-melhores-sites-como-jogos-para-2025/ HTTP/2" 200 15688 "-" "Mozilla/5.0 AppleWebKit/537.36 (KHTML, like Gecko; compatible; bingbot/2.0; +http://www.bing.com/bingbot.htm) Chrome/116.0.1938.76 Safari/537.36"
185.216.113.70 - - [27/Apr/2026:13:00:49 +0300] "POST /wp-cron.php?doing_wp_cron=1777284049.1904160976409912109375 HTTP/1.1" 200 448 "-" "WordPress/6.3.8; https://serhatburke.miroglu.net"
98.98.197.162 - - [27/Apr/2026:13:00:35 +0300] "POST /xmlrpc.php HTTP/1.1" 200 630 "-" "Mozilla/5.0 (Windows NT 10.0; Win64; x64) AppleWebKit/537.36 (KHTML, like Gecko) Chrome/114.0.0.0 Safari/537.36"
107.152.46.252 - - [27/Apr/2026:13:00:36 +0300] "GET /zotabet-casino-bonus-premier-depot-2026/ HTTP/1.1" 200 19124 "-" "Mozilla/5.0 (Windows NT 10.0; WOW64; x64) AppleWebKit/537.36 (KHTML, like Gecko) Chrome/114.0.0.0 Safari/537.36 OPR/89.0.4447.51"
98.98.197.162 - - [27/Apr/2026:13:00:55 +0300] "POST /xmlrpc.php HTTP/1.1" 200 15102 "-" "Mozilla/5.0 (Windows NT 10.0; Win64; x64) AppleWebKit/537.36 (KHTML, like Gecko) Chrome/114.0.0.0 Safari/537.36"
98.98.197.162 - - [27/Apr/2026:13:01:15 +0300] "GET /saturday-nights-funkin-fresh-fruit-ninja-free-online-online-game-for-the-miniplay-com/ HTTP/1.1" 200 79410 "-" "Mozilla/5.0 (Windows NT 10.0; Win64; x64; rv:125.0) Gecko/20100101 Firefox/125.0"
185.216.113.70 - - [27/Apr/2026:13:02:18 +0300] "POST /wp-cron.php?doing_wp_cron=1777284138.2960109710693359375000 HTTP/1.1" 200 448 "-" "WordPress/6.3.8; https://serhatburke.miroglu.net"
5.45.74.152 - - [27/Apr/2026:13:02:05 +0300] "GET /wp-login.php HTTP/2" 200 3090 "https://serhatburke.miroglu.net/" "Mozilla/5.0 (Windows NT 10.0; Win64; x64) AppleWebKit/537.36 (KHTML, like Gecko) Chrome/146.0.0.0 Safari/537.36"
185.216.113.70 - - [27/Apr/2026:13:02:49 +0300] "POST /wp-cron.php?doing_wp_cron=1777284169.3576180934906005859375 HTTP/1.1" 200 448 "-" "WordPress/6.3.8; https://serhatburke.miroglu.net"
66.249.73.14 - - [27/Apr/2026:13:02:38 +0300] "GET /hand-of-luck-casino-uk-a-players-review-and-insights/ HTTP/1.1" 200 0 "https://yxesi.driftengine-games.info/" "Mozilla/5.0 (Linux; Android 6.0.1; Nexus 5X Build/MMB29P) AppleWebKit/537.36 (KHTML, like Gecko) Chrome/146.0.7680.177 Mobile Safari/537.36 (compatible; Googlebot/2.1; +http://www.google.com/bot.html)"
66.249.73.15 - - [27/Apr/2026:13:02:36 +0300] "GET /robots.txt HTTP/1.1" 200 719 "-" "Mozilla/5.0 (compatible; Googlebot/2.1; +http://www.google.com/bot.html)"
185.216.113.70 - - [27/Apr/2026:13:05:43 +0300] "POST /wp-cron.php?doing_wp_cron=1777284343.5131530761718750000000 HTTP/1.1" 200 448 "-" "WordPress/6.3.8; https://serhatburke.miroglu.net"
52.167.144.17 - - [27/Apr/2026:13:05:14 +0300] "GET /in-the-past-particularly-today-video-game-off-opportunity-was-greatly-prominent/ HTTP/2" 200 17814 "-" "Mozilla/5.0 AppleWebKit/537.36 (KHTML, like Gecko; compatible; bingbot/2.0; +http://www.bing.com/bingbot.htm) Chrome/116.0.1938.76 Safari/537.36"
40.77.167.3 - - [27/Apr/2026:13:05:17 +0300] "GET /local-casino-incentive-offers-ideal-signup-allowed-incentives/ HTTP/2" 200 17759 "-" "Mozilla/5.0 AppleWebKit/537.36 (KHTML, like Gecko; compatible; bingbot/2.0; +http://www.bing.com/bingbot.htm) Chrome/116.0.1938.76 Safari/537.36"
40.77.167.121 - - [27/Apr/2026:13:05:19 +0300] "GET /discovering-bscscan-the-essential-tool-for-crypto-traders/ HTTP/2" 200 17684 "-" "Mozilla/5.0 AppleWebKit/537.36 (KHTML, like Gecko; compatible; bingbot/2.0; +http://www.bing.com/bingbot.htm) Chrome/116.0.1938.76 Safari/537.36"
52.167.144.17 - - [27/Apr/2026:13:05:26 +0300] "GET /adulare-lapertura-di-nuovi-bisca-e-soddisfacentemente-proprio-in-fondo-qualsiasi-qualita-di-lineamenti/ HTTP/2" 200 17823 "-" "Mozilla/5.0 AppleWebKit/537.36 (KHTML, like Gecko; compatible; bingbot/2.0; +http://www.bing.com/bingbot.htm) Chrome/116.0.1938.76 Safari/537.36"
40.77.167.3 - - [27/Apr/2026:13:05:31 +0300] "GET /sobre-como-designar-un-sitio-de-casino-cual-acepte-skrill/ HTTP/2" 200 17747 "-" "Mozilla/5.0 AppleWebKit/537.36 (KHTML, like Gecko; compatible; bingbot/2.0; +http://www.bing.com/bingbot.htm) Chrome/116.0.1938.76 Safari/537.36"
98.98.197.162 - - [27/Apr/2026:13:05:58 +0300] "POST /xmlrpc.php HTTP/1.1" 200 630 "-" "Mozilla/5.0 (Windows NT 10.0; Win64; x64) AppleWebKit/537.36 (KHTML, like Gecko) Chrome/114.0.0.0 Safari/537.36"
185.216.113.70 - - [27/Apr/2026:13:06:30 +0300] "POST /wp-cron.php?doing_wp_cron=1777284389.9157209396362304687500 HTTP/1.1" 200 448 "-" "WordPress/6.3.8; https://serhatburke.miroglu.net"
98.98.197.162 - - [27/Apr/2026:13:06:19 +0300] "POST /xmlrpc.php HTTP/1.1" 200 15858 "-" "Mozilla/5.0 (Windows NT 10.0; Win64; x64) AppleWebKit/537.36 (KHTML, like Gecko) Chrome/114.0.0.0 Safari/537.36"
40.77.167.3 - - [27/Apr/2026:13:06:16 +0300] "GET /greatest-fruit-pay-casinos-slot-rabbit-fire-circus-uk-safe-safe-costs-inside-2026/ HTTP/2" 200 19933 "-" "Mozilla/5.0 AppleWebKit/537.36 (KHTML, like Gecko; compatible; bingbot/2.0; +http://www.bing.com/bingbot.htm) Chrome/116.0.1938.76 Safari/537.36"
98.98.197.162 - - [27/Apr/2026:13:06:35 +0300] "GET /funky-fruit-gamers-eden-by-the-dragon-betting/ HTTP/1.1" 200 78979 "-" "Mozilla/5.0 (Windows NT 10.0; Win64; x64; rv:124.0) Gecko/20100101 Firefox/124.0"
178.159.37.83 - - [27/Apr/2026:13:06:44 +0300] "POST /xmlrpc.php HTTP/1.1" 200 209221 "-" "Mozilla/5.0 (Windows NT 10.0; Win64; x64) AppleWebKit/537.36 (KHTML, like Gecko) Chrome/114.0.0.0 YaBrowser/22.7.0 Yowser/2.5 Safari/537.36"
178.159.37.83 - - [27/Apr/2026:13:07:02 +0300] "POST /xmlrpc.php HTTP/1.1" 200 664 "-" "Mozilla/5.0 (Windows NT 10.0; Win64; x64) AppleWebKit/537.36 (KHTML, like Gecko) Chrome/114.0.0.0 YaBrowser/22.7.0 Yowser/2.5 Safari/537.36"
178.159.37.83 - - [27/Apr/2026:13:07:16 +0300] "POST /xmlrpc.php HTTP/1.1" 200 664 "-" "Mozilla/5.0 (Windows NT 10.0; Win64; x64) AppleWebKit/537.36 (KHTML, like Gecko) Chrome/114.0.0.0 YaBrowser/22.7.0 Yowser/2.5 Safari/537.36"
185.216.113.70 - - [27/Apr/2026:13:07:46 +0300] "POST /wp-cron.php?doing_wp_cron=1777284466.3130440711975097656250 HTTP/1.1" 200 448 "-" "WordPress/6.3.8; https://serhatburke.miroglu.net"
178.159.37.83 - - [27/Apr/2026:13:07:33 +0300] "POST /xmlrpc.php HTTP/1.1" 200 667 "-" "Mozilla/5.0 (Windows NT 10.0; Win64; x64) AppleWebKit/537.36 (KHTML, like Gecko) Chrome/114.0.0.0 YaBrowser/22.7.0 Yowser/2.5 Safari/537.36"
178.159.37.83 - - [27/Apr/2026:13:07:51 +0300] "POST /xmlrpc.php HTTP/1.1" 200 17752 "-" "Mozilla/5.0 (Windows NT 10.0; Win64; x64) AppleWebKit/537.36 (KHTML, like Gecko) Chrome/114.0.0.0 YaBrowser/22.7.0 Yowser/2.5 Safari/537.36"
185.216.113.70 - - [27/Apr/2026:13:09:43 +0300] "POST /wp-cron.php?doing_wp_cron=1777284583.0369639396667480468750 HTTP/1.1" 200 448 "-" "WordPress/6.3.8; https://serhatburke.miroglu.net"
104.249.167.28 - - [27/Apr/2026:13:09:28 +0300] "POST /xmlrpc.php HTTP/1.1" 200 210693 "-" "Mozilla/5.0 (Windows NT 10.0; WOW64) AppleWebKit/537.36 (KHTML, like Gecko) Chrome/114.0.0.0 Safari/537.36"
113.132.57.82 - - [27/Apr/2026:13:09:48 +0300] "POST /xmlrpc.php HTTP/1.1" 200 667 "-" "Mozilla/5.0 (Windows NT 10.0; WOW64) AppleWebKit/537.36 (KHTML, like Gecko) Chrome/114.0.0.0 Safari/537.36"
77.232.38.106 - - [27/Apr/2026:13:09:45 +0300] "GET /beste-casino-site-belgie-hoge-inzet/ HTTP/1.1" 200 19281 "https://serhatburke.miroglu.net/" "Mozilla/5.0 (X11; Linux x86_64) AppleWebKit/537.36 (KHTML, like Gecko) Chrome/114.0.0.0 Safari/537.36 Vivaldi/5.3.2679.68"
185.216.113.70 - - [27/Apr/2026:13:10:23 +0300] "POST /wp-cron.php?doing_wp_cron=1777284623.8580179214477539062500 HTTP/1.1" 200 448 "-" "WordPress/6.3.8; https://serhatburke.miroglu.net"
77.232.38.106 - - [27/Apr/2026:13:10:10 +0300] "GET /?p=27261 HTTP/1.1" 301 662 "https://serhatburke.miroglu.net/beste-casino-site-belgie-hoge-inzet/" "Mozilla/5.0 (X11; Linux x86_64) AppleWebKit/537.36 (KHTML, like Gecko) Chrome/114.0.0.0 Safari/537.36 Vivaldi/5.3.2679.68"
149.200.184.189 - - [27/Apr/2026:13:10:13 +0300] "POST /xmlrpc.php HTTP/1.1" 200 6760 "-" "Mozilla/5.0 (Windows NT 10.0; WOW64) AppleWebKit/537.36 (KHTML, like Gecko) Chrome/114.0.0.0 Safari/537.36"
77.232.38.106 - - [27/Apr/2026:13:10:24 +0300] "GET /beste-casino-site-belgie-hoge-inzet/ HTTP/1.1" 200 19279 "https://serhatburke.miroglu.net/?p=27261" "Mozilla/5.0 (X11; Linux x86_64) AppleWebKit/537.36 (KHTML, like Gecko) Chrome/114.0.0.0 Safari/537.36 Vivaldi/5.3.2679.68"
98.98.197.162 - - [27/Apr/2026:13:10:29 +0300] "POST /xmlrpc.php HTTP/1.1" 200 630 "-" "Mozilla/5.0 (Windows NT 10.0; Win64; x64) AppleWebKit/537.36 (KHTML, like Gecko) Chrome/114.0.0.0 Safari/537.36"
98.98.197.162 - - [27/Apr/2026:13:10:53 +0300] "POST /xmlrpc.php HTTP/1.1" 200 15782 "-" "Mozilla/5.0 (Windows NT 10.0; Win64; x64) AppleWebKit/537.36 (KHTML, like Gecko) Chrome/114.0.0.0 Safari/537.36"
98.98.197.162 - - [27/Apr/2026:13:11:07 +0300] "GET /wager-free-complete-remark/ HTTP/1.1" 200 78443 "-" "Mozilla/5.0 (Windows NT 10.0; Win64; x64; rv:124.0) Gecko/20100101 Firefox/124.0"
185.216.113.70 - - [27/Apr/2026:13:11:53 +0300] "POST /wp-cron.php?doing_wp_cron=1777284713.8353979587554931640625 HTTP/1.1" 200 448 "-" "WordPress/6.3.8; https://serhatburke.miroglu.net"
52.167.144.17 - - [27/Apr/2026:13:11:41 +0300] "GET /lieve-uitbetalende-offlin-gokkasten-2026-hitnspin-promo-diegene-zijn-kant/ HTTP/2" 200 17937 "-" "Mozilla/5.0 AppleWebKit/537.36 (KHTML, like Gecko; compatible; bingbot/2.0; +http://www.bing.com/bingbot.htm) Chrome/116.0.1938.76 Safari/537.36"
52.167.144.17 - - [27/Apr/2026:13:12:14 +0300] "GET /prime-sans-archive-de-casinozer-de-quoi-va-sagir-il/ HTTP/2" 200 17846 "-" "Mozilla/5.0 AppleWebKit/537.36 (KHTML, like Gecko; compatible; bingbot/2.0; +http://www.bing.com/bingbot.htm) Chrome/116.0.1938.76 Safari/537.36"
185.216.113.70 - - [27/Apr/2026:13:14:51 +0300] "POST /wp-cron.php?doing_wp_cron=1777284891.3538661003112792968750 HTTP/1.1" 200 448 "-" "WordPress/6.3.8; https://serhatburke.miroglu.net"
52.167.144.192 - - [27/Apr/2026:13:14:35 +0300] "GET /dieser-vergleich-hilft-ihnen-intensiv-relevante-unterschiede-direkt-dahinter-schnallen-klassische-casinospiele-wie-gleichfalls-roulette-und-blackjack-man-sagt-sie-casino-stargames-mobile-seien-auf/ HTTP/2" 200 19740 "-" "Mozilla/5.0 AppleWebKit/537.36 (KHTML, like Gecko; compatible; bingbot/2.0; +http://www.bing.com/bingbot.htm) Chrome/116.0.1938.76 Safari/537.36"
216.73.217.81 - - [27/Apr/2026:13:14:41 +0300] "GET /robots.txt HTTP/2" 200 110 "-" "Mozilla/5.0 AppleWebKit/537.36 (KHTML, like Gecko; compatible; ClaudeBot/1.0; +claudebot@anthropic.com)"
98.98.197.162 - - [27/Apr/2026:13:14:45 +0300] "POST /xmlrpc.php HTTP/1.1" 200 630 "-" "Mozilla/5.0 (Windows NT 10.0; Win64; x64) AppleWebKit/537.36 (KHTML, like Gecko) Chrome/114.0.0.0 Safari/537.36"
98.98.197.162 - - [27/Apr/2026:13:15:13 +0300] "POST /xmlrpc.php HTTP/1.1" 200 15186 "-" "Mozilla/5.0 (Windows NT 10.0; Win64; x64) AppleWebKit/537.36 (KHTML, like Gecko) Chrome/114.0.0.0 Safari/537.36"
98.98.197.162 - - [27/Apr/2026:13:15:26 +0300] "GET /cool-good-fresh-fruit-ranch-pokie-play-for-free-understand-remark/ HTTP/1.1" 200 78933 "-" "Mozilla/5.0 (Windows NT 10.0; Win64; x64; rv:125.0) Gecko/20100101 Firefox/125.0"
185.216.113.70 - - [27/Apr/2026:13:15:50 +0300] "POST /wp-cron.php?doing_wp_cron=1777284950.7020440101623535156250 HTTP/1.1" 200 448 "-" "WordPress/6.3.8; https://serhatburke.miroglu.net"
52.167.144.192 - - [27/Apr/2026:13:15:38 +0300] "GET /blive-forende-site-10-snige-sig-bonusser/ HTTP/2" 200 20592 "-" "Mozilla/5.0 AppleWebKit/537.36 (KHTML, like Gecko; compatible; bingbot/2.0; +http://www.bing.com/bingbot.htm) Chrome/116.0.1938.76 Safari/537.36"
185.216.113.70 - - [27/Apr/2026:13:19:32 +0300] "POST /wp-cron.php?doing_wp_cron=1777285172.1535079479217529296875 HTTP/1.1" 200 448 "-" "WordPress/6.3.8; https://serhatburke.miroglu.net"
37.139.53.240 - - [27/Apr/2026:13:19:09 +0300] "POST / HTTP/2" 200 18422 "-" "Mozilla/5.0 (Macintosh; Intel Mac OS X 10_15_7) AppleWebKit/605.1.15 (KHTML, like Gecko) Version/18.0 Safari/605.1.15"
98.98.197.162 - - [27/Apr/2026:13:19:26 +0300] "POST /xmlrpc.php HTTP/1.1" 200 630 "-" "Mozilla/5.0 (Windows NT 10.0; Win64; x64) AppleWebKit/537.36 (KHTML, like Gecko) Chrome/114.0.0.0 Safari/537.36"
98.98.197.162 - - [27/Apr/2026:13:19:45 +0300] "POST /xmlrpc.php HTTP/1.1" 200 16027 "-" "Mozilla/5.0 (Windows NT 10.0; Win64; x64) AppleWebKit/537.36 (KHTML, like Gecko) Chrome/114.0.0.0 Safari/537.36"
34.116.28.33 - - [27/Apr/2026:13:19:49 +0300] "GET /en-cok-kazandran-slot-oyunlar-2026-yuksek-rtp-slot/ HTTP/1.1" 200 20241 "-" "Mozilla/5.0 (compatible; Google-Apps-Script; beanserver; +https://script.google.com; id: UAEmdDd_w0O9VrNXUtN3dpWLxGhCUbrq1cYg)"
98.98.197.162 - - [27/Apr/2026:13:20:01 +0300] "GET /funky-fruits-slot-play-on-the-web-free-of-charge-and-you-will-earn-a-real-income/ HTTP/1.1" 200 80049 "-" "Mozilla/5.0 (Windows NT 10.0; Win64; x64) AppleWebKit/537.36 (KHTML, like Gecko) Chrome/123.0.0.0 Safari/537.36 OPR/109.0.0.0"
185.216.113.70 - - [27/Apr/2026:13:24:00 +0300] "POST /wp-cron.php?doing_wp_cron=1777285440.6129419803619384765625 HTTP/1.1" 200 448 "-" "WordPress/6.3.8; https://serhatburke.miroglu.net"
40.77.167.6 - - [27/Apr/2026:13:23:43 +0300] "GET /gratiswetten-and-freebet-aktionen-exklusive-einzahlung-an-dem-22-zweiter-monat-des-jahres-2026/ HTTP/2" 200 21357 "-" "Mozilla/5.0 AppleWebKit/537.36 (KHTML, like Gecko; compatible; bingbot/2.0; +http://www.bing.com/bingbot.htm) Chrome/116.0.1938.76 Safari/537.36"
185.216.113.70 - - [27/Apr/2026:13:25:57 +0300] "POST /wp-cron.php?doing_wp_cron=1777285557.4798328876495361328125 HTTP/1.1" 200 448 "-" "WordPress/6.3.8; https://serhatburke.miroglu.net"
40.77.167.6 - - [27/Apr/2026:13:25:44 +0300] "GET /essential-guide-to-dexscreener-maximize-your-trading-success/ HTTP/2" 200 18054 "-" "Mozilla/5.0 AppleWebKit/537.36 (KHTML, like Gecko; compatible; bingbot/2.0; +http://www.bing.com/bingbot.htm) Chrome/116.0.1938.76 Safari/537.36"
185.216.113.70 - - [27/Apr/2026:13:27:36 +0300] "POST /wp-cron.php?doing_wp_cron=1777285655.9782938957214355468750 HTTP/1.1" 200 448 "-" "WordPress/6.3.8; https://serhatburke.miroglu.net"
47.128.51.189 - - [27/Apr/2026:13:27:22 +0300] "GET /robots.txt HTTP/1.1" 200 605 "-" "Mozilla/5.0 (Linux; Android 5.0) AppleWebKit/537.36 (KHTML, like Gecko) Mobile Safari/537.36 (compatible; Bytespider; spider-feedback@bytedance.com)"
185.216.113.70 - - [27/Apr/2026:13:29:24 +0300] "POST /wp-cron.php?doing_wp_cron=1777285764.6068160533905029296875 HTTP/1.1" 200 448 "-" "WordPress/6.3.8; https://serhatburke.miroglu.net"
158.69.22.136 - - [27/Apr/2026:13:29:11 +0300] "GET /beste-casino-site-belgie-hoge-inzet/ HTTP/1.1" 200 19265 "-" "Mozilla/5.0 (compatible; Googlebot/2.1; +http://www.google.com/bot.html)"
185.216.113.70 - - [27/Apr/2026:13:30:10 +0300] "POST /wp-cron.php?doing_wp_cron=1777285810.5301508903503417968750 HTTP/1.1" 200 448 "-" "WordPress/6.3.8; https://serhatburke.miroglu.net"
98.98.197.162 - - [27/Apr/2026:13:29:56 +0300] "POST /xmlrpc.php HTTP/1.1" 200 630 "-" "Mozilla/5.0 (Windows NT 10.0; Win64; x64) AppleWebKit/537.36 (KHTML, like Gecko) Chrome/114.0.0.0 Safari/537.36"
98.98.197.162 - - [27/Apr/2026:13:30:17 +0300] "POST /xmlrpc.php HTTP/1.1" 200 16029 "-" "Mozilla/5.0 (Windows NT 10.0; Win64; x64) AppleWebKit/537.36 (KHTML, like Gecko) Chrome/114.0.0.0 Safari/537.36"
185.216.113.70 - - [27/Apr/2026:13:30:44 +0300] "POST /wp-cron.php?doing_wp_cron=1777285844.8736639022827148437500 HTTP/1.1" 200 448 "-" "WordPress/6.3.8; https://serhatburke.miroglu.net"
98.98.197.162 - - [27/Apr/2026:13:30:31 +0300] "GET /online-slots-canada-safe-internet-sites-genuine-c-earnings-interac-withdrawals/ HTTP/1.1" 200 80173 "-" "Mozilla/5.0 (Windows NT 10.0; rv:109.0) Gecko/20100101 Firefox/115.0"
185.216.113.70 - - [27/Apr/2026:13:34:15 +0300] "POST /wp-cron.php?doing_wp_cron=1777286055.4378991127014160156250 HTTP/1.1" 200 448 "-" "WordPress/6.3.8; https://serhatburke.miroglu.net"
209.50.181.163 - - [27/Apr/2026:13:34:01 +0300] "GET /wp-login.php HTTP/1.1" 200 4196 "-" "Mozilla/5.0 (Windows NT 10.0; Win64; x64) AppleWebKit/537.36 (KHTML, like Gecko) Chrome/143.0.0.0 Safari/537.36"
209.50.181.163 - - [27/Apr/2026:13:34:16 +0300] "POST /wp-login.php HTTP/1.1" 302 1359 "https://serhatburke.miroglu.net/wp-login.php" "Mozilla/5.0 (Windows NT 10.0; Win64; x64) AppleWebKit/537.36 (KHTML, like Gecko) Chrome/143.0.0.0 Safari/537.36"
57.128.22.95 - - [27/Apr/2026:13:34:22 +0300] "GET /zotabet-casino-bonus-premier-depot-2026/ HTTP/1.1" 200 19217 "-" "Mozilla/5.0 (compatible; Googlebot/2.1; +http://www.google.com/bot.html)"
185.216.113.70 - - [27/Apr/2026:13:34:44 +0300] "POST /wp-cron.php?doing_wp_cron=1777286083.9013690948486328125000 HTTP/1.1" 200 448 "-" "WordPress/6.3.8; https://serhatburke.miroglu.net"
209.50.181.163 - - [27/Apr/2026:13:34:31 +0300] "GET /wp-admin/ HTTP/1.1" 200 246481 "https://serhatburke.miroglu.net/wp-login.php" "Mozilla/5.0 (Windows NT 10.0; Win64; x64) AppleWebKit/537.36 (KHTML, like Gecko) Chrome/143.0.0.0 Safari/537.36"
209.50.181.163 - - [27/Apr/2026:13:34:46 +0300] "GET /wp-admin/plugin-install.php HTTP/1.1" 403 233 "https://serhatburke.miroglu.net/wp-login.php" "Mozilla/5.0 (Windows NT 10.0; Win64; x64) AppleWebKit/537.36 (KHTML, like Gecko) Chrome/143.0.0.0 Safari/537.36"
209.50.181.163 - - [27/Apr/2026:13:34:46 +0300] "GET /wp-admin/plugin-install.php HTTP/1.1" 403 233 "https://serhatburke.miroglu.net/wp-login.php" "Mozilla/5.0 (Windows NT 10.0; Win64; x64) AppleWebKit/537.36 (KHTML, like Gecko) Chrome/143.0.0.0 Safari/537.36"
40.77.167.46 - - [27/Apr/2026:13:34:58 +0300] "GET /precis-losenordsinstallning-for-ursprunglig-kallsida-bwin-casino-inloggning-i-sverige/ HTTP/2" 200 19123 "-" "Mozilla/5.0 AppleWebKit/537.36 (KHTML, like Gecko; compatible; bingbot/2.0; +http://www.bing.com/bingbot.htm) Chrome/116.0.1938.76 Safari/537.36"
185.216.113.70 - - [27/Apr/2026:13:38:34 +0300] "POST /wp-cron.php?doing_wp_cron=1777286314.0866448879241943359375 HTTP/1.1" 200 448 "-" "WordPress/6.3.8; https://serhatburke.miroglu.net"
40.77.167.46 - - [27/Apr/2026:13:38:20 +0300] "GET /ma-tendencje-do-odwolywalem-sie-na-ich-duzej-czesc-faq-w-przypadku-w-strone-wyzszym-stopniu-ogolnych-watpliwosci/ HTTP/2" 200 18594 "-" "Mozilla/5.0 AppleWebKit/537.36 (KHTML, like Gecko; compatible; bingbot/2.0; +http://www.bing.com/bingbot.htm) Chrome/116.0.1938.76 Safari/537.36"
40.77.167.46 - - [27/Apr/2026:13:38:39 +0300] "GET /la-psicologia-detras-de-las-decisiones-en-el-juego/ HTTP/2" 200 18602 "-" "Mozilla/5.0 AppleWebKit/537.36 (KHTML, like Gecko; compatible; bingbot/2.0; +http://www.bing.com/bingbot.htm) Chrome/116.0.1938.76 Safari/537.36"
170.168.96.34 - - [27/Apr/2026:13:39:05 +0300] "POST /xmlrpc.php HTTP/2" 200 314 "-" "Mozilla/5.0 (Macintosh; Intel Mac OS X 13_5) AppleWebKit/605.1.15 (KHTML, like Gecko) Version/17.5 Safari/605.1.15"
146.19.140.57 - - [27/Apr/2026:13:39:05 +0300] "POST /xmlrpc.php HTTP/2" 200 314 "-" "Mozilla/5.0 (Windows NT 10.0; Win64; x64; rv:127.0) Gecko/20100101 Firefox/127.0"
185.216.113.70 - - [27/Apr/2026:13:39:47 +0300] "POST /wp-cron.php?doing_wp_cron=1777286387.6885800361633300781250 HTTP/1.1" 200 448 "-" "WordPress/6.3.8; https://serhatburke.miroglu.net"
200.25.47.109 - - [27/Apr/2026:13:39:27 +0300] "POST /xmlrpc.php HTTP/1.1" 200 630 "-" "Mozilla/5.0 (Windows NT 10.0; Win64; x64) AppleWebKit/537.36 (KHTML, like Gecko) Chrome/114.0.0.0 Safari/537.36"
40.77.167.10 - - [27/Apr/2026:13:39:25 +0300] "GET /pontosan-melyek-az-billionairespin-alkalmazas-attekintese-5-legjobb-futball-ihlette-kikoto/ HTTP/2" 200 19250 "-" "Mozilla/5.0 AppleWebKit/537.36 (KHTML, like Gecko; compatible; bingbot/2.0; +http://www.bing.com/bingbot.htm) Chrome/116.0.1938.76 Safari/537.36"
52.167.144.211 - - [27/Apr/2026:13:39:30 +0300] "GET /online-gokspellen-acteren-de-leukste-gokspelletjes-belicht/ HTTP/2" 200 19789 "-" "Mozilla/5.0 AppleWebKit/537.36 (KHTML, like Gecko; compatible; bingbot/2.0; +http://www.bing.com/bingbot.htm) Chrome/116.0.1938.76 Safari/537.36"
98.98.197.162 - - [27/Apr/2026:13:39:56 +0300] "POST /xmlrpc.php HTTP/1.1" 200 630 "-" "Mozilla/5.0 (Windows NT 10.0; Win64; x64) AppleWebKit/537.36 (KHTML, like Gecko) Chrome/114.0.0.0 Safari/537.36"
200.25.47.109 - - [27/Apr/2026:13:39:57 +0300] "POST /xmlrpc.php HTTP/1.1" 200 10484 "-" "Mozilla/5.0 (Windows NT 10.0; Win64; x64) AppleWebKit/537.36 (KHTML, like Gecko) Chrome/114.0.0.0 Safari/537.36"
185.216.113.70 - - [27/Apr/2026:13:40:45 +0300] "POST /wp-cron.php?doing_wp_cron=1777286445.6073009967803955078125 HTTP/1.1" 200 448 "-" "WordPress/6.3.8; https://serhatburke.miroglu.net"
216.26.249.61 - - [27/Apr/2026:13:40:20 +0300] "GET /wp-login.php HTTP/1.1" 200 4196 "-" "Mozilla/5.0 (Windows NT 10.0; Win64; x64) AppleWebKit/537.36 (KHTML, like Gecko) Chrome/143.0.0.0 Safari/537.36"
65.111.11.213 - - [27/Apr/2026:13:40:21 +0300] "GET /wp-login.php HTTP/1.1" 200 4196 "-" "Mozilla/5.0 (Windows NT 10.0; Win64; x64) AppleWebKit/537.36 (KHTML, like Gecko) Chrome/143.0.0.0 Safari/537.36"
98.98.197.162 - - [27/Apr/2026:13:40:20 +0300] "POST /xmlrpc.php HTTP/1.1" 200 15713 "-" "Mozilla/5.0 (Windows NT 10.0; Win64; x64) AppleWebKit/537.36 (KHTML, like Gecko) Chrome/114.0.0.0 Safari/537.36"
200.25.47.109 - - [27/Apr/2026:13:40:20 +0300] "GET /polttava-huomio-riders-of-the-storm-peli-paikka/ HTTP/1.1" 200 74546 "-" "Mozilla/5.0 (Windows NT 10.0; Win64; x64; rv:125.0) Gecko/20100101 Firefox/125.0"
216.26.249.61 - - [27/Apr/2026:13:40:46 +0300] "POST /wp-login.php HTTP/1.1" 302 1365 "https://serhatburke.miroglu.net/wp-login.php" "Mozilla/5.0 (Windows NT 10.0; Win64; x64) AppleWebKit/537.36 (KHTML, like Gecko) Chrome/143.0.0.0 Safari/537.36"
