185.216.113.70 - - [27/Apr/2026:12:21:40 +0300] "POST /wp-cron.php?doing_wp_cron=1777281700.4993228912353515625000 HTTP/1.1" 200 448 "-" "WordPress/6.3.8; https://serhatburke.miroglu.net"
98.98.197.162 - - [27/Apr/2026:12:21:26 +0300] "GET /totally-free-spins-united-kingdom-no-deposit/ HTTP/1.1" 200 78937 "-" "Mozilla/5.0 (Windows NT 10.0; Win64; x64) AppleWebKit/537.36 (KHTML, like Gecko) Chrome/109.0.0.0 Safari/537.36"
216.73.217.81 - - [27/Apr/2026:12:23:57 +0300] "GET /sitemap.xml HTTP/2" 200 0 "-" "Mozilla/5.0 AppleWebKit/537.36 (KHTML, like Gecko; compatible; ClaudeBot/1.0; +claudebot@anthropic.com)"
185.216.113.70 - - [27/Apr/2026:12:24:35 +0300] "POST /wp-cron.php?doing_wp_cron=1777281875.5101020336151123046875 HTTP/1.1" 200 448 "-" "WordPress/6.3.8; https://serhatburke.miroglu.net"
192.142.53.92 - - [27/Apr/2026:12:24:23 +0300] "GET /de-beste-online-casino-s-van-nederland-voor-een-183/ HTTP/2" 200 179259 "-" "Mozilla/5.0 (Windows NT 10.0; Win64; x64) AppleWebKit/537.36 (KHTML, like Gecko) Chrome/124.0.0.0 Safari/537.36"
52.167.144.238 - - [27/Apr/2026:12:25:04 +0300] "GET /skuespil-vederlagsfri-online-safari-heat-paypal-hasard-pro-2025-udforsk-alle-varianter-risikofrit-comunica-ma/ HTTP/2" 200 18452 "-" "Mozilla/5.0 AppleWebKit/537.36 (KHTML, like Gecko; compatible; bingbot/2.0; +http://www.bing.com/bingbot.htm) Chrome/116.0.1938.76 Safari/537.36"
40.77.167.151 - - [27/Apr/2026:12:25:08 +0300] "GET /exploring-the-unique-features-of-solscan-for-traders-7/ HTTP/2" 200 18324 "-" "Mozilla/5.0 AppleWebKit/537.36 (KHTML, like Gecko; compatible; bingbot/2.0; +http://www.bing.com/bingbot.htm) Chrome/116.0.1938.76 Safari/537.36"
185.216.113.70 - - [27/Apr/2026:12:25:47 +0300] "POST /wp-cron.php?doing_wp_cron=1777281947.8020899295806884765625 HTTP/1.1" 200 448 "-" "WordPress/6.3.8; https://serhatburke.miroglu.net"
52.167.144.238 - - [27/Apr/2026:12:25:34 +0300] "GET /67-engaging-icebreakers-hot-star-spilleautomater-gratis-spinn-that-your-team-wont-find-cheesy/ HTTP/2" 200 19805 "-" "Mozilla/5.0 AppleWebKit/537.36 (KHTML, like Gecko; compatible; bingbot/2.0; +http://www.bing.com/bingbot.htm) Chrome/116.0.1938.76 Safari/537.36"
40.77.167.151 - - [27/Apr/2026:12:25:39 +0300] "GET /we-satisfaction-our-selves-to-your-score-an-informed-low-gamstop-websites-to-the-british-field/ HTTP/2" 200 17749 "-" "Mozilla/5.0 AppleWebKit/537.36 (KHTML, like Gecko; compatible; bingbot/2.0; +http://www.bing.com/bingbot.htm) Chrome/116.0.1938.76 Safari/537.36"
40.77.167.76 - - [27/Apr/2026:12:26:03 +0300] "GET /book-of-ra-jogar-online-dado-ou-por-bagarote-efetivo/ HTTP/2" 200 20859 "-" "Mozilla/5.0 AppleWebKit/537.36 (KHTML, like Gecko; compatible; bingbot/2.0; +http://www.bing.com/bingbot.htm) Chrome/116.0.1938.76 Safari/537.36"
31.144.168.64 - - [27/Apr/2026:12:26:23 +0300] "POST /xmlrpc.php HTTP/2" 200 1487 "-" "Mozilla/5.0 (Windows; U; Windows NT 6.1) AppleWebKit/532.27.5 (KHTML, like Gecko) Version/5.0.2 Safari/532.27.5"
185.216.113.70 - - [27/Apr/2026:12:26:48 +0300] "POST /wp-cron.php?doing_wp_cron=1777282008.3310189247131347656250 HTTP/1.1" 200 448 "-" "WordPress/6.3.8; https://serhatburke.miroglu.net"
31.144.168.64 - - [27/Apr/2026:12:26:36 +0300] "POST /xmlrpc.php HTTP/2" 200 110 "-" "Mozilla/5.0 (Windows; U; Windows NT 6.1) AppleWebKit/532.27.5 (KHTML, like Gecko) Version/5.0.2 Safari/532.27.5"
31.144.168.64 - - [27/Apr/2026:12:26:49 +0300] "POST /xmlrpc.php HTTP/2" 200 3436 "-" "Mozilla/5.0 (Windows; U; Windows NT 6.1) AppleWebKit/532.27.5 (KHTML, like Gecko) Version/5.0.2 Safari/532.27.5"
157.22.47.25 - - [27/Apr/2026:12:27:26 +0300] "GET / HTTP/2" 200 20827 "-" "Mozilla/5.0 (Macintosh; Intel Mac OS X 10_15_7) AppleWebKit/537.36 (KHTML, like Gecko) Chrome/120.0.0.0 Safari/537.36"
216.73.217.81 - - [27/Apr/2026:12:28:46 +0300] "GET /wino-casino-review-a-premier-destination-for-uk-players/ HTTP/2" 200 0 "-" "Mozilla/5.0 AppleWebKit/537.36 (KHTML, like Gecko; compatible; ClaudeBot/1.0; +claudebot@anthropic.com)"
185.216.113.70 - - [27/Apr/2026:12:30:10 +0300] "POST /wp-cron.php?doing_wp_cron=1777282210.6017670631408691406250 HTTP/1.1" 200 448 "-" "WordPress/6.3.8; https://serhatburke.miroglu.net"
98.98.197.162 - - [27/Apr/2026:12:29:56 +0300] "POST /xmlrpc.php HTTP/1.1" 200 630 "-" "Mozilla/5.0 (Windows NT 10.0; Win64; x64) AppleWebKit/537.36 (KHTML, like Gecko) Chrome/114.0.0.0 Safari/537.36"
98.98.197.162 - - [27/Apr/2026:12:30:17 +0300] "POST /xmlrpc.php HTTP/1.1" 200 16331 "-" "Mozilla/5.0 (Windows NT 10.0; Win64; x64) AppleWebKit/537.36 (KHTML, like Gecko) Chrome/114.0.0.0 Safari/537.36"
185.99.255.75 - - [27/Apr/2026:12:30:22 +0300] "GET /zotabet-casino-bonus-premier-depot-2026/ HTTP/1.1" 200 19148 "https://serhatburke.miroglu.net/" "Mozilla/5.0 (Macintosh; Intel Mac OS X 12_5) AppleWebKit/537.36 (KHTML, like Gecko) Chrome/114.0.0.0 Safari/537.36 Edg/114.0.1264.71"
185.99.255.75 - - [27/Apr/2026:12:30:40 +0300] "GET /wp-includes/css/dist/block-library/style.min.css?ver=6.3.8 HTTP/1.1" 200 13578 "https://serhatburke.miroglu.net/zotabet-casino-bonus-premier-depot-2026/" "Mozilla/5.0 (Windows NT 10.0; Win64; x64) AppleWebKit/537.36 (KHTML, like Gecko) Chrome/143.0.0.0 Safari/537.36"
185.99.255.75 - - [27/Apr/2026:12:30:40 +0300] "GET /wp-content/plugins/contact-form-7/includes/css/styles.css?ver=5.8 HTTP/1.1" 200 1490 "https://serhatburke.miroglu.net/zotabet-casino-bonus-premier-depot-2026/" "Mozilla/5.0 (Windows NT 10.0; Win64; x64) AppleWebKit/537.36 (KHTML, like Gecko) Chrome/143.0.0.0 Safari/537.36"
185.99.255.75 - - [27/Apr/2026:12:30:40 +0300] "GET /wp-content/themes/toppic/css/fontello.css?ver=4.2 HTTP/1.1" 200 1802 "https://serhatburke.miroglu.net/zotabet-casino-bonus-premier-depot-2026/" "Mozilla/5.0 (Windows NT 10.0; Win64; x64) AppleWebKit/537.36 (KHTML, like Gecko) Chrome/143.0.0.0 Safari/537.36"
185.99.255.75 - - [27/Apr/2026:12:30:41 +0300] "GET /wp-content/themes/toppic/css/reset.css?ver=4.2 HTTP/1.1" 200 1178 "https://serhatburke.miroglu.net/zotabet-casino-bonus-premier-depot-2026/" "Mozilla/5.0 (Windows NT 10.0; Win64; x64) AppleWebKit/537.36 (KHTML, like Gecko) Chrome/143.0.0.0 Safari/537.36"
185.99.255.75 - - [27/Apr/2026:12:30:41 +0300] "GET /wp-content/themes/toppic/css/default.css?ver=4.2 HTTP/1.1" 200 1811 "https://serhatburke.miroglu.net/zotabet-casino-bonus-premier-depot-2026/" "Mozilla/5.0 (Windows NT 10.0; Win64; x64) AppleWebKit/537.36 (KHTML, like Gecko) Chrome/143.0.0.0 Safari/537.36"
185.99.255.75 - - [27/Apr/2026:12:30:41 +0300] "GET /wp-content/themes/toppic/style.css?ver=4.2 HTTP/1.1" 200 23398 "https://serhatburke.miroglu.net/zotabet-casino-bonus-premier-depot-2026/" "Mozilla/5.0 (Windows NT 10.0; Win64; x64) AppleWebKit/537.36 (KHTML, like Gecko) Chrome/143.0.0.0 Safari/537.36"
185.99.255.75 - - [27/Apr/2026:12:30:41 +0300] "GET /wp-content/themes/toppic/css/royalslider.css?ver=4.2 HTTP/1.1" 200 1887 "https://serhatburke.miroglu.net/zotabet-casino-bonus-premier-depot-2026/" "Mozilla/5.0 (Windows NT 10.0; Win64; x64) AppleWebKit/537.36 (KHTML, like Gecko) Chrome/143.0.0.0 Safari/537.36"
185.99.255.75 - - [27/Apr/2026:12:30:42 +0300] "GET /wp-content/themes/toppic/css/rs-default.css?ver=4.2 HTTP/1.1" 200 2625 "https://serhatburke.miroglu.net/zotabet-casino-bonus-premier-depot-2026/" "Mozilla/5.0 (Windows NT 10.0; Win64; x64) AppleWebKit/537.36 (KHTML, like Gecko) Chrome/143.0.0.0 Safari/537.36"
185.99.255.75 - - [27/Apr/2026:12:30:42 +0300] "GET /wp-content/themes/toppic/css/lightbox.css?ver=4.2 HTTP/1.1" 200 2956 "https://serhatburke.miroglu.net/zotabet-casino-bonus-premier-depot-2026/" "Mozilla/5.0 (Windows NT 10.0; Win64; x64) AppleWebKit/537.36 (KHTML, like Gecko) Chrome/143.0.0.0 Safari/537.36"
185.99.255.75 - - [27/Apr/2026:12:30:42 +0300] "GET /wp-content/themes/toppic/css/woocommerce.css?ver=4.2 HTTP/1.1" 200 2848 "https://serhatburke.miroglu.net/zotabet-casino-bonus-premier-depot-2026/" "Mozilla/5.0 (Windows NT 10.0; Win64; x64) AppleWebKit/537.36 (KHTML, like Gecko) Chrome/143.0.0.0 Safari/537.36"
185.99.255.75 - - [27/Apr/2026:12:30:42 +0300] "GET /wp-content/themes/toppic/css/responsive.css?ver=4.2 HTTP/1.1" 200 2796 "https://serhatburke.miroglu.net/zotabet-casino-bonus-premier-depot-2026/" "Mozilla/5.0 (Windows NT 10.0; Win64; x64) AppleWebKit/537.36 (KHTML, like Gecko) Chrome/143.0.0.0 Safari/537.36"
185.216.113.70 - - [27/Apr/2026:12:30:48 +0300] "POST /wp-cron.php?doing_wp_cron=1777282248.5139429569244384765625 HTTP/1.1" 200 448 "-" "WordPress/6.3.8; https://serhatburke.miroglu.net"
98.98.197.162 - - [27/Apr/2026:12:30:35 +0300] "GET /pharaohs-luck-100-percent-free-slot-machine-enjoy-trial-from-the-casino-bob-a-hundred-no-deposit-extra-igt/ HTTP/1.1" 200 81096 "-" "Mozilla/5.0 (Windows NT 10.0; Win64; x64) AppleWebKit/537.36 (KHTML, like Gecko) Chrome/124.0.0.0 Safari/537.36"
185.99.255.75 - - [27/Apr/2026:12:30:43 +0300] "POST /wp-comments-post.php HTTP/1.1" 302 1087 "https://serhatburke.miroglu.net/zotabet-casino-bonus-premier-depot-2026/" "Mozilla/5.0 (Macintosh; Intel Mac OS X 12_5) AppleWebKit/537.36 (KHTML, like Gecko) Chrome/114.0.0.0 Safari/537.36 Edg/114.0.1264.71"
40.77.167.158 - - [27/Apr/2026:12:30:47 +0300] "GET /jokers-treasure-island-150-giros-gratis-jewels-wild/ HTTP/2" 200 22825 "-" "Mozilla/5.0 AppleWebKit/537.36 (KHTML, like Gecko; compatible; bingbot/2.0; +http://www.bing.com/bingbot.htm) Chrome/116.0.1938.76 Safari/537.36"
40.77.167.40 - - [27/Apr/2026:12:30:52 +0300] "GET /kraken-vash-putevoditel-po-darknetu-2026-5/ HTTP/2" 200 19316 "-" "Mozilla/5.0 AppleWebKit/537.36 (KHTML, like Gecko; compatible; bingbot/2.0; +http://www.bing.com/bingbot.htm) Chrome/116.0.1938.76 Safari/537.36"
185.99.255.75 - - [27/Apr/2026:12:31:03 +0300] "GET /zotabet-casino-bonus-premier-depot-2026/?unapproved=736&moderation-hash=b9eec3463d920e8bfb9f71cc284d6b11 HTTP/1.1" 200 19671 "https://serhatburke.miroglu.net/wp-comments-post.php" "Mozilla/5.0 (Macintosh; Intel Mac OS X 12_5) AppleWebKit/537.36 (KHTML, like Gecko) Chrome/114.0.0.0 Safari/537.36 Edg/114.0.1264.71"
40.77.167.76 - - [27/Apr/2026:12:30:57 +0300] "GET /tournette-en-ligne-sans-cout-sauf-que-tournette-en-brique-incontestable/ HTTP/2" 200 17801 "-" "Mozilla/5.0 AppleWebKit/537.36 (KHTML, like Gecko; compatible; bingbot/2.0; +http://www.bing.com/bingbot.htm) Chrome/116.0.1938.76 Safari/537.36"
185.99.255.75 - - [27/Apr/2026:12:31:25 +0300] "GET /zotabet-casino-bonus-premier-depot-2026/ HTTP/1.1" 200 19130 "-" "Mozilla/5.0 (compatible; Googlebot/2.1; +http://www.google.com/bot.html)"
185.216.113.70 - - [27/Apr/2026:12:31:44 +0300] "POST /wp-cron.php?doing_wp_cron=1777282304.0305299758911132812500 HTTP/1.1" 200 448 "-" "WordPress/6.3.8; https://serhatburke.miroglu.net"
40.77.167.158 - - [27/Apr/2026:12:31:32 +0300] "GET /unser-besten-book-of-dead-spielautomat-casinos-uber-wesentlich-schneller-ausschuttung-2026/ HTTP/2" 200 20385 "-" "Mozilla/5.0 AppleWebKit/537.36 (KHTML, like Gecko; compatible; bingbot/2.0; +http://www.bing.com/bingbot.htm) Chrome/116.0.1938.76 Safari/537.36"
66.249.73.14 - - [27/Apr/2026:12:31:46 +0300] "GET /admiral-shark-casino-uk-review-dive-into-exciting-online-gaming/ HTTP/1.1" 200 0 "https://afsuh.neonvault-games.info/" "Mozilla/5.0 (Linux; Android 6.0.1; Nexus 5X Build/MMB29P) AppleWebKit/537.36 (KHTML, like Gecko) Chrome/146.0.7680.177 Mobile Safari/537.36 (compatible; Googlebot/2.1; +http://www.google.com/bot.html)"
185.216.113.70 - - [27/Apr/2026:12:34:06 +0300] "POST /wp-cron.php?doing_wp_cron=1777282446.8056249618530273437500 HTTP/1.1" 200 448 "-" "WordPress/6.3.8; https://serhatburke.miroglu.net"
46.29.114.197 - - [27/Apr/2026:12:33:52 +0300] "POST /xmlrpc.php HTTP/1.1" 200 208537 "-" "Mozilla/5.0 (Windows NT 10.0; Win64; x64) AppleWebKit/537.36 (KHTML, like Gecko) Chrome/80.0.3987.87 Safari/537.36"
185.99.255.75 - - [27/Apr/2026:12:34:07 +0300] "GET /zotabet-casino-bonus-premier-depot-2026/ HTTP/1.1" 200 19130 "-" "Mozilla/5.0 (compatible; Googlebot/2.1; +http://www.google.com/bot.html)"
46.29.114.197 - - [27/Apr/2026:12:34:07 +0300] "POST /xmlrpc.php HTTP/1.1" 200 6758 "-" "Mozilla/5.0 (Windows NT 10.0; Win64; x64) AppleWebKit/537.36 (KHTML, like Gecko) Chrome/80.0.3987.87 Safari/537.36"
185.216.113.70 - - [27/Apr/2026:12:34:41 +0300] "POST /wp-cron.php?doing_wp_cron=1777282481.2026860713958740234375 HTTP/1.1" 200 448 "-" "WordPress/6.3.8; https://serhatburke.miroglu.net"
46.29.114.197 - - [27/Apr/2026:12:34:28 +0300] "POST /xmlrpc.php HTTP/1.1" 200 5719 "-" "Mozilla/5.0 (Windows NT 10.0; Win64; x64) AppleWebKit/537.36 (KHTML, like Gecko) Chrome/80.0.3987.87 Safari/537.36"
46.29.114.197 - - [27/Apr/2026:12:34:41 +0300] "POST /xmlrpc.php HTTP/1.1" 200 489 "-" "Mozilla/5.0 (Windows NT 10.0; Win64; x64) AppleWebKit/537.36 (KHTML, like Gecko) Chrome/80.0.3987.87 Safari/537.36"
185.216.113.70 - - [27/Apr/2026:12:35:06 +0300] "POST /wp-cron.php?doing_wp_cron=1777282506.5941379070281982421875 HTTP/1.1" 200 448 "-" "WordPress/6.3.8; https://serhatburke.miroglu.net"
46.29.114.197 - - [27/Apr/2026:12:34:54 +0300] "POST /xmlrpc.php HTTP/1.1" 200 7859 "-" "Mozilla/5.0 (Windows NT 10.0; Win64; x64) AppleWebKit/537.36 (KHTML, like Gecko) Chrome/80.0.3987.87 Safari/537.36"
185.216.113.70 - - [27/Apr/2026:12:35:26 +0300] "HEAD /wp-content/uploads/2026/04/5-kopija-3.jpeg HTTP/1.1" 200 536 "-" "WordPress/6.3.8; https://serhatburke.miroglu.net"
185.216.113.70 - - [27/Apr/2026:12:35:26 +0300] "HEAD /wp-content/uploads/2026/04/mini_razor-shark-port-recension-2026-18_1.jpeg HTTP/1.1" 200 537 "-" "WordPress/6.3.8; https://serhatburke.miroglu.net"
185.216.113.70 - - [27/Apr/2026:12:36:22 +0300] "POST /wp-cron.php?doing_wp_cron=1777282582.0866611003875732421875 HTTP/1.1" 200 448 "-" "WordPress/6.3.8; https://serhatburke.miroglu.net"
78.71.235.68 - - [27/Apr/2026:12:36:10 +0300] "GET / HTTP/1.1" 200 19193 "-" "Mozilla/5.0 (X11; Linux x86_64) AppleWebKit/537.36 (KHTML, like Gecko) Chrome/146.0.0.0 Safari/537.36"
78.71.235.68 - - [27/Apr/2026:12:36:27 +0300] "POST /xmlrpc.php HTTP/1.1" 200 735 "https://serhatburke.miroglu.net" "Mozilla/5.0 (X11; Linux x86_64) AppleWebKit/537.36 (KHTML, like Gecko) Chrome/146.0.0.0 Safari/537.36"
40.77.167.158 - - [27/Apr/2026:12:36:27 +0300] "GET /eye-of-horus-kostenlos-vortragen-abzuglich-registration-2026/ HTTP/2" 200 18708 "-" "Mozilla/5.0 AppleWebKit/537.36 (KHTML, like Gecko; compatible; bingbot/2.0; +http://www.bing.com/bingbot.htm) Chrome/116.0.1938.76 Safari/537.36"
40.77.167.40 - - [27/Apr/2026:12:36:32 +0300] "GET /h1-discovering-tronscan-your-powerful-crypto-tracking-tool-h1/ HTTP/2" 200 17665 "-" "Mozilla/5.0 AppleWebKit/537.36 (KHTML, like Gecko; compatible; bingbot/2.0; +http://www.bing.com/bingbot.htm) Chrome/116.0.1938.76 Safari/537.36"
40.77.167.40 - - [27/Apr/2026:12:36:32 +0300] "GET /ultimat-svenska-spraket-casinon-2026-cherry-kasino-med-riktiga-pengar-100-casino-jamforda-bast-inom-forsoka/ HTTP/2" 200 19259 "-" "Mozilla/5.0 AppleWebKit/537.36 (KHTML, like Gecko; compatible; bingbot/2.0; +http://www.bing.com/bingbot.htm) Chrome/116.0.1938.76 Safari/537.36"
87.249.133.10 - - [27/Apr/2026:12:37:13 +0300] "GET /robots.txt HTTP/1.1" 200 642 "-" "Screaming Frog SEO Spider/23.3"
66.249.73.14 - - [27/Apr/2026:12:37:24 +0300] "GET /celebrate-9casino-uk-big-slot-wins-with-us/ HTTP/1.1" 200 0 "https://yxesi.driftengine-games.info/" "Mozilla/5.0 (Linux; Android 6.0.1; Nexus 5X Build/MMB29P) AppleWebKit/537.36 (KHTML, like Gecko) Chrome/146.0.7680.177 Mobile Safari/537.36 (compatible; Googlebot/2.1; +http://www.google.com/bot.html)"
87.249.133.10 - - [27/Apr/2026:12:37:25 +0300] "GET /razor-shark-port-recension-2026-18/ HTTP/1.1" 200 21511 "-" "Screaming Frog SEO Spider/23.3"
185.216.113.70 - - [27/Apr/2026:12:38:47 +0300] "POST /wp-cron.php?doing_wp_cron=1777282727.6113119125366210937500 HTTP/1.1" 200 448 "-" "WordPress/6.3.8; https://serhatburke.miroglu.net"
178.159.37.49 - - [27/Apr/2026:12:38:30 +0300] "GET /riobet-promokod-kak-poluchit-bonusy-i-frispiny-v-18/ HTTP/1.1" 200 26313 "-" "Screaming Frog SEO Spider/19.8"
185.216.113.70 - - [27/Apr/2026:12:39:53 +0300] "POST /wp-cron.php?doing_wp_cron=1777282792.9881989955902099609375 HTTP/1.1" 200 448 "-" "WordPress/6.3.8; https://serhatburke.miroglu.net"
107.152.46.202 - - [27/Apr/2026:12:39:40 +0300] "GET /casino-online-skrill-prelievo-veloce/ HTTP/1.1" 200 18793 "-" "Mozilla/5.0 (Windows NT 10.0; WOW64; x64) AppleWebKit/537.36 (KHTML, like Gecko) Chrome/114.0.0.0 Safari/537.36 OPR/89.0.4447.51"
98.98.197.162 - - [27/Apr/2026:12:39:46 +0300] "POST /xmlrpc.php HTTP/1.1" 200 630 "-" "Mozilla/5.0 (Windows NT 10.0; Win64; x64) AppleWebKit/537.36 (KHTML, like Gecko) Chrome/114.0.0.0 Safari/537.36"
98.98.197.162 - - [27/Apr/2026:12:40:05 +0300] "POST /xmlrpc.php HTTP/1.1" 200 15741 "-" "Mozilla/5.0 (Windows NT 10.0; Win64; x64) AppleWebKit/537.36 (KHTML, like Gecko) Chrome/114.0.0.0 Safari/537.36"
98.98.197.162 - - [27/Apr/2026:12:40:20 +0300] "GET /sheer-precious-metal-harbors-opinion-fafafa-games-within-the-2026-10000-money-winnings-ckm-news/ HTTP/1.1" 200 80241 "-" "Mozilla/5.0 (Windows NT 10.0; rv:125.0) Gecko/20100101 Firefox/125.0"
185.216.113.70 - - [27/Apr/2026:12:42:12 +0300] "POST /wp-cron.php?doing_wp_cron=1777282932.4483520984649658203125 HTTP/1.1" 200 448 "-" "WordPress/6.3.8; https://serhatburke.miroglu.net"
45.84.192.5 - - [27/Apr/2026:12:41:59 +0300] "GET /88701-2/ HTTP/1.1" 200 18406 "-" "Mozilla/5.0 (compatible; Googlebot/2.1; +http://www.google.com/bot.html)"
185.216.113.70 - - [27/Apr/2026:12:42:52 +0300] "POST /wp-cron.php?doing_wp_cron=1777282972.8023579120635986328125 HTTP/1.1" 200 448 "-" "WordPress/6.3.8; https://serhatburke.miroglu.net"
178.159.37.83 - - [27/Apr/2026:12:42:41 +0300] "GET /slot-oyunlarnda-en-cok-kazandran-oyunlar-ve-22/ HTTP/1.1" 200 25118 "-" "Screaming Frog SEO Spider/19.8"
40.77.167.132 - - [27/Apr/2026:12:42:59 +0300] "GET /aquele-aparelhar-footballx-infantilidade-esmola-ou-com-bonus/ HTTP/2" 200 20586 "-" "Mozilla/5.0 AppleWebKit/537.36 (KHTML, like Gecko; compatible; bingbot/2.0; +http://www.bing.com/bingbot.htm) Chrome/116.0.1938.76 Safari/537.36"
178.159.37.105 - - [27/Apr/2026:12:43:06 +0300] "POST /xmlrpc.php HTTP/1.1" 200 208516 "-" "Mozilla/5.0 (Windows NT 10.0; Win64; x64) AppleWebKit/537.36 (KHTML, like Gecko) Chrome/114.0.0.0 Safari/537.36 Edg/114.0.1823.43"
52.167.144.158 - - [27/Apr/2026:12:43:03 +0300] "GET /50-gratis-spins-leest-ziedaar-plas-over-voor-spins-casino-magic-wand-va-february-2026/ HTTP/2" 200 18461 "-" "Mozilla/5.0 AppleWebKit/537.36 (KHTML, like Gecko; compatible; bingbot/2.0; +http://www.bing.com/bingbot.htm) Chrome/116.0.1938.76 Safari/537.36"
40.77.167.50 - - [27/Apr/2026:12:43:08 +0300] "GET /tronscan-revolutionizing-your-tron-blockchain-experience/ HTTP/2" 200 18365 "-" "Mozilla/5.0 AppleWebKit/537.36 (KHTML, like Gecko; compatible; bingbot/2.0; +http://www.bing.com/bingbot.htm) Chrome/116.0.1938.76 Safari/537.36"
185.216.113.70 - - [27/Apr/2026:12:43:40 +0300] "POST /wp-cron.php?doing_wp_cron=1777283020.5153698921203613281250 HTTP/1.1" 200 448 "-" "WordPress/6.3.8; https://serhatburke.miroglu.net"
178.159.37.105 - - [27/Apr/2026:12:43:28 +0300] "POST /xmlrpc.php HTTP/1.1" 200 664 "-" "Mozilla/5.0 (Windows NT 10.0; Win64; x64) AppleWebKit/537.36 (KHTML, like Gecko) Chrome/114.0.0.0 Safari/537.36 Edg/114.0.1823.43"
178.159.37.105 - - [27/Apr/2026:12:43:41 +0300] "POST /xmlrpc.php HTTP/1.1" 200 667 "-" "Mozilla/5.0 (Windows NT 10.0; Win64; x64) AppleWebKit/537.36 (KHTML, like Gecko) Chrome/114.0.0.0 Safari/537.36 Edg/114.0.1823.43"
40.77.167.50 - - [27/Apr/2026:12:43:45 +0300] "GET /de-ce-ar-trebui-sa-verific-termenii-i-condiiile-bonusurilor-de-au-ethereum/ HTTP/2" 200 17932 "-" "Mozilla/5.0 AppleWebKit/537.36 (KHTML, like Gecko; compatible; bingbot/2.0; +http://www.bing.com/bingbot.htm) Chrome/116.0.1938.76 Safari/537.36"
185.216.113.70 - - [27/Apr/2026:12:44:10 +0300] "POST /wp-cron.php?doing_wp_cron=1777283050.6180500984191894531250 HTTP/1.1" 200 448 "-" "WordPress/6.3.8; https://serhatburke.miroglu.net"
178.159.37.105 - - [27/Apr/2026:12:43:58 +0300] "POST /xmlrpc.php HTTP/1.1" 200 6835 "-" "Mozilla/5.0 (Windows NT 10.0; Win64; x64) AppleWebKit/537.36 (KHTML, like Gecko) Chrome/114.0.0.0 Safari/537.36 Edg/114.0.1823.43"
66.249.73.1 - - [27/Apr/2026:12:44:35 +0300] "GET /superspinscasino-uk-free-games-a-review-for-british-players/ HTTP/1.1" 200 0 "https://xjprydk.driftengine-games.info/" "Mozilla/5.0 (Linux; Android 6.0.1; Nexus 5X Build/MMB29P) AppleWebKit/537.36 (KHTML, like Gecko) Chrome/146.0.7680.177 Mobile Safari/537.36 (compatible; Googlebot/2.1; +http://www.google.com/bot.html)"
185.216.113.70 - - [27/Apr/2026:12:44:49 +0300] "POST /wp-cron.php?doing_wp_cron=1777283089.8110001087188720703125 HTTP/1.1" 200 448 "-" "WordPress/6.3.8; https://serhatburke.miroglu.net"
98.98.197.162 - - [27/Apr/2026:12:44:38 +0300] "POST /xmlrpc.php HTTP/1.1" 200 630 "-" "Mozilla/5.0 (Windows NT 10.0; Win64; x64) AppleWebKit/537.36 (KHTML, like Gecko) Chrome/114.0.0.0 Safari/537.36"
98.98.197.162 - - [27/Apr/2026:12:44:59 +0300] "POST /xmlrpc.php HTTP/1.1" 200 15723 "-" "Mozilla/5.0 (Windows NT 10.0; Win64; x64) AppleWebKit/537.36 (KHTML, like Gecko) Chrome/114.0.0.0 Safari/537.36"
66.249.73.15 - - [27/Apr/2026:12:45:10 +0300] "GET /superspinscasino-uk-free-games-a-review-for-british-players/ HTTP/1.1" 200 0 "https://yxesi.driftengine-games.info/" "Mozilla/5.0 (Linux; Android 6.0.1; Nexus 5X Build/MMB29P) AppleWebKit/537.36 (KHTML, like Gecko) Chrome/146.0.7680.177 Mobile Safari/537.36 (compatible; Googlebot/2.1; +http://www.google.com/bot.html)"
185.216.113.70 - - [27/Apr/2026:12:45:42 +0300] "POST /wp-cron.php?doing_wp_cron=1777283141.9094569683074951171875 HTTP/1.1" 200 448 "-" "WordPress/6.3.8; https://serhatburke.miroglu.net"
40.77.167.50 - - [27/Apr/2026:12:45:15 +0300] "GET /over-report-on-dollars-splash-slot/ HTTP/2" 200 19668 "-" "Mozilla/5.0 AppleWebKit/537.36 (KHTML, like Gecko; compatible; bingbot/2.0; +http://www.bing.com/bingbot.htm) Chrome/116.0.1938.76 Safari/537.36"
98.98.197.162 - - [27/Apr/2026:12:45:21 +0300] "GET /trendy-fruit-harbors-view/ HTTP/1.1" 200 78353 "-" "Mozilla/5.0 (Windows NT 10.0; rv:125.0) Gecko/20100101 Firefox/125.0"
40.77.167.132 - - [27/Apr/2026:12:45:21 +0300] "GET /naskolko-opticheskie-sovety-pozvoljajut-polzovatelju/ HTTP/2" 200 22883 "-" "Mozilla/5.0 AppleWebKit/537.36 (KHTML, like Gecko; compatible; bingbot/2.0; +http://www.bing.com/bingbot.htm) Chrome/116.0.1938.76 Safari/537.36"
52.167.144.158 - - [27/Apr/2026:12:45:24 +0300] "GET /play-the-greatest-aztec-position-on-line-free-of-charge/ HTTP/2" 200 18635 "-" "Mozilla/5.0 AppleWebKit/537.36 (KHTML, like Gecko; compatible; bingbot/2.0; +http://www.bing.com/bingbot.htm) Chrome/116.0.1938.76 Safari/537.36"
52.167.144.158 - - [27/Apr/2026:12:45:25 +0300] "GET /showboat-branson-belle-2026-plan-leprechaun-happens-egypt-1-deposit-and-chairs/ HTTP/2" 200 18552 "-" "Mozilla/5.0 AppleWebKit/537.36 (KHTML, like Gecko; compatible; bingbot/2.0; +http://www.bing.com/bingbot.htm) Chrome/116.0.1938.76 Safari/537.36"
40.77.167.132 - - [27/Apr/2026:12:46:23 +0300] "GET /inicio-happiest-christmas-tree-120-free-spins/ HTTP/2" 200 19296 "-" "Mozilla/5.0 AppleWebKit/537.36 (KHTML, like Gecko; compatible; bingbot/2.0; +http://www.bing.com/bingbot.htm) Chrome/116.0.1938.76 Safari/537.36"
185.216.113.70 - - [27/Apr/2026:12:46:44 +0300] "POST /wp-cron.php?doing_wp_cron=1777283204.5669779777526855468750 HTTP/1.1" 200 448 "-" "WordPress/6.3.8; https://serhatburke.miroglu.net"
57.128.22.95 - - [27/Apr/2026:12:46:31 +0300] "GET /zotabet-casino-bonus-premier-depot-2026/ HTTP/1.1" 200 19148 "https://serhatburke.miroglu.net/" "Mozilla/5.0 (Windows NT 10.0; Win64; x64) AppleWebKit/537.36 (KHTML, like Gecko) Chrome/137.0.0.0 Safari/537.36"
167.160.180.95 - - [27/Apr/2026:12:46:50 +0300] "GET /wp-includes/css/dist/block-library/style.min.css?ver=6.3.8 HTTP/1.1" 200 13578 "https://serhatburke.miroglu.net/zotabet-casino-bonus-premier-depot-2026/" "Mozilla/5.0 (Windows NT 10.0; Win64; x64) AppleWebKit/537.36 (KHTML, like Gecko) Chrome/145.0.0.0 Safari/537.36"
167.160.180.95 - - [27/Apr/2026:12:46:52 +0300] "GET /wp-content/plugins/contact-form-7/includes/css/styles.css?ver=5.8 HTTP/1.1" 200 1490 "https://serhatburke.miroglu.net/zotabet-casino-bonus-premier-depot-2026/" "Mozilla/5.0 (Windows NT 10.0; Win64; x64) AppleWebKit/537.36 (KHTML, like Gecko) Chrome/145.0.0.0 Safari/537.36"
167.160.180.95 - - [27/Apr/2026:12:46:53 +0300] "GET /wp-content/themes/toppic/css/fontello.css?ver=4.2 HTTP/1.1" 200 1802 "https://serhatburke.miroglu.net/zotabet-casino-bonus-premier-depot-2026/" "Mozilla/5.0 (Windows NT 10.0; Win64; x64) AppleWebKit/537.36 (KHTML, like Gecko) Chrome/145.0.0.0 Safari/537.36"
167.160.180.95 - - [27/Apr/2026:12:46:54 +0300] "GET /wp-content/themes/toppic/css/reset.css?ver=4.2 HTTP/1.1" 200 1178 "https://serhatburke.miroglu.net/zotabet-casino-bonus-premier-depot-2026/" "Mozilla/5.0 (Windows NT 10.0; Win64; x64) AppleWebKit/537.36 (KHTML, like Gecko) Chrome/145.0.0.0 Safari/537.36"
167.160.180.95 - - [27/Apr/2026:12:46:55 +0300] "GET /wp-content/themes/toppic/css/default.css?ver=4.2 HTTP/1.1" 200 1811 "https://serhatburke.miroglu.net/zotabet-casino-bonus-premier-depot-2026/" "Mozilla/5.0 (Windows NT 10.0; Win64; x64) AppleWebKit/537.36 (KHTML, like Gecko) Chrome/145.0.0.0 Safari/537.36"
167.160.180.95 - - [27/Apr/2026:12:46:57 +0300] "GET /wp-content/themes/toppic/style.css?ver=4.2 HTTP/1.1" 200 23398 "https://serhatburke.miroglu.net/zotabet-casino-bonus-premier-depot-2026/" "Mozilla/5.0 (Windows NT 10.0; Win64; x64) AppleWebKit/537.36 (KHTML, like Gecko) Chrome/145.0.0.0 Safari/537.36"
167.160.180.95 - - [27/Apr/2026:12:46:58 +0300] "GET /wp-content/themes/toppic/css/royalslider.css?ver=4.2 HTTP/1.1" 200 1887 "https://serhatburke.miroglu.net/zotabet-casino-bonus-premier-depot-2026/" "Mozilla/5.0 (Windows NT 10.0; Win64; x64) AppleWebKit/537.36 (KHTML, like Gecko) Chrome/145.0.0.0 Safari/537.36"
167.160.180.95 - - [27/Apr/2026:12:46:59 +0300] "GET /wp-content/themes/toppic/css/rs-default.css?ver=4.2 HTTP/1.1" 200 2625 "https://serhatburke.miroglu.net/zotabet-casino-bonus-premier-depot-2026/" "Mozilla/5.0 (Windows NT 10.0; Win64; x64) AppleWebKit/537.36 (KHTML, like Gecko) Chrome/145.0.0.0 Safari/537.36"
167.160.180.95 - - [27/Apr/2026:12:47:01 +0300] "GET /wp-content/themes/toppic/css/lightbox.css?ver=4.2 HTTP/1.1" 200 2956 "https://serhatburke.miroglu.net/zotabet-casino-bonus-premier-depot-2026/" "Mozilla/5.0 (Windows NT 10.0; Win64; x64) AppleWebKit/537.36 (KHTML, like Gecko) Chrome/145.0.0.0 Safari/537.36"
167.160.180.95 - - [27/Apr/2026:12:47:02 +0300] "GET /wp-content/themes/toppic/css/woocommerce.css?ver=4.2 HTTP/1.1" 200 2848 "https://serhatburke.miroglu.net/zotabet-casino-bonus-premier-depot-2026/" "Mozilla/5.0 (Windows NT 10.0; Win64; x64) AppleWebKit/537.36 (KHTML, like Gecko) Chrome/145.0.0.0 Safari/537.36"
40.77.167.132 - - [27/Apr/2026:12:46:49 +0300] "GET /barcrest-slots-verifique-isso-todos-os-jogos-acessivel-abrasado-provedor/ HTTP/2" 200 18339 "-" "Mozilla/5.0 AppleWebKit/537.36 (KHTML, like Gecko; compatible; bingbot/2.0; +http://www.bing.com/bingbot.htm) Chrome/116.0.1938.76 Safari/537.36"
167.160.180.95 - - [27/Apr/2026:12:47:03 +0300] "GET /wp-content/themes/toppic/css/responsive.css?ver=4.2 HTTP/1.1" 200 2796 "https://serhatburke.miroglu.net/zotabet-casino-bonus-premier-depot-2026/" "Mozilla/5.0 (Windows NT 10.0; Win64; x64) AppleWebKit/537.36 (KHTML, like Gecko) Chrome/145.0.0.0 Safari/537.36"
167.160.180.95 - - [27/Apr/2026:12:47:04 +0300] "POST /wp-comments-post.php HTTP/1.1" 302 1087 "https://serhatburke.miroglu.net/zotabet-casino-bonus-premier-depot-2026/" "Mozilla/5.0 (Windows NT 10.0; Win64; x64) AppleWebKit/537.36 (KHTML, like Gecko) Chrome/137.0.0.0 Safari/537.36"
167.160.180.95 - - [27/Apr/2026:12:47:18 +0300] "GET /zotabet-casino-bonus-premier-depot-2026/?unapproved=737&moderation-hash=a32351c6156e287b230373cbf8859cae HTTP/1.1" 200 19682 "https://serhatburke.miroglu.net/wp-comments-post.php" "Mozilla/5.0 (Windows NT 10.0; Win64; x64) AppleWebKit/537.36 (KHTML, like Gecko) Chrome/137.0.0.0 Safari/537.36"
185.216.113.70 - - [27/Apr/2026:12:47:45 +0300] "POST /wp-cron.php?doing_wp_cron=1777283265.1664528846740722656250 HTTP/1.1" 200 448 "-" "WordPress/6.3.8; https://serhatburke.miroglu.net"
57.128.22.95 - - [27/Apr/2026:12:47:32 +0300] "GET /zotabet-casino-bonus-premier-depot-2026/ HTTP/1.1" 200 19130 "-" "Mozilla/5.0 (compatible; Googlebot/2.1; +http://www.google.com/bot.html)"
66.249.73.14 - - [27/Apr/2026:12:47:57 +0300] "GET /hand-of-luck-casino-uk-a-players-review-and-insights/ HTTP/1.1" 200 0 "https://yxesi.driftengine-games.info/" "Mozilla/5.0 (Linux; Android 6.0.1; Nexus 5X Build/MMB29P) AppleWebKit/537.36 (KHTML, like Gecko) Chrome/146.0.7680.177 Mobile Safari/537.36 (compatible; Googlebot/2.1; +http://www.google.com/bot.html)"
185.216.113.70 - - [27/Apr/2026:12:50:23 +0300] "POST /wp-cron.php?doing_wp_cron=1777283422.8990440368652343750000 HTTP/1.1" 200 448 "-" "WordPress/6.3.8; https://serhatburke.miroglu.net"
57.128.22.95 - - [27/Apr/2026:12:50:09 +0300] "GET /zotabet-casino-bonus-premier-depot-2026/ HTTP/1.1" 200 19130 "-" "Mozilla/5.0 (compatible; Googlebot/2.1; +http://www.google.com/bot.html)"
98.98.197.162 - - [27/Apr/2026:12:50:27 +0300] "POST /xmlrpc.php HTTP/1.1" 200 630 "-" "Mozilla/5.0 (Windows NT 10.0; Win64; x64) AppleWebKit/537.36 (KHTML, like Gecko) Chrome/114.0.0.0 Safari/537.36"
185.216.113.70 - - [27/Apr/2026:12:50:52 +0300] "POST /wp-cron.php?doing_wp_cron=1777283452.4138219356536865234375 HTTP/1.1" 200 448 "-" "WordPress/6.3.8; https://serhatburke.miroglu.net"
35.224.168.243 - - [27/Apr/2026:12:50:40 +0300] "GET /wp-admin/options-reading.php HTTP/2" 302 0 "-" "Mozilla/5.0 (X11; Linux x86_64) AppleWebKit/537.36 (KHTML, like Gecko) HeadlessChrome/147.0.7727.15 Safari/537.36"
98.98.197.162 - - [27/Apr/2026:12:50:46 +0300] "POST /xmlrpc.php HTTP/1.1" 200 15539 "-" "Mozilla/5.0 (Windows NT 10.0; Win64; x64) AppleWebKit/537.36 (KHTML, like Gecko) Chrome/114.0.0.0 Safari/537.36"
35.224.168.243 - - [27/Apr/2026:12:50:52 +0300] "GET /wp-login.php?redirect_to=https%3A%2F%2Fserhatburke.miroglu.net%2Fwp-admin%2Foptions-reading.php&reauth=1 HTTP/2" 200 3115 "-" "Mozilla/5.0 (X11; Linux x86_64) AppleWebKit/537.36 (KHTML, like Gecko) HeadlessChrome/147.0.7727.15 Safari/537.36"
35.224.168.243 - - [27/Apr/2026:12:51:10 +0300] "GET /wp-includes/css/dashicons.min.css?ver=6.3.8 HTTP/2" 200 35110 "https://serhatburke.miroglu.net/wp-login.php?redirect_to=https%3A%2F%2Fserhatburke.miroglu.net%2Fwp-admin%2Foptions-reading.php&reauth=1" "Mozilla/5.0 (X11; Linux x86_64) AppleWebKit/537.36 (KHTML, like Gecko) HeadlessChrome/147.0.7727.15 Safari/537.36"
35.224.168.243 - - [27/Apr/2026:12:51:10 +0300] "GET /wp-includes/css/buttons.min.css?ver=6.3.8 HTTP/2" 200 1255 "https://serhatburke.miroglu.net/wp-login.php?redirect_to=https%3A%2F%2Fserhatburke.miroglu.net%2Fwp-admin%2Foptions-reading.php&reauth=1" "Mozilla/5.0 (X11; Linux x86_64) AppleWebKit/537.36 (KHTML, like Gecko) HeadlessChrome/147.0.7727.15 Safari/537.36"
35.224.168.243 - - [27/Apr/2026:12:51:10 +0300] "GET /wp-admin/css/forms.min.css?ver=6.3.8 HTTP/2" 200 6209 "https://serhatburke.miroglu.net/wp-login.php?redirect_to=https%3A%2F%2Fserhatburke.miroglu.net%2Fwp-admin%2Foptions-reading.php&reauth=1" "Mozilla/5.0 (X11; Linux x86_64) AppleWebKit/537.36 (KHTML, like Gecko) HeadlessChrome/147.0.7727.15 Safari/537.36"
35.224.168.243 - - [27/Apr/2026:12:51:10 +0300] "GET /wp-admin/css/l10n.min.css?ver=6.3.8 HTTP/2" 200 596 "https://serhatburke.miroglu.net/wp-login.php?redirect_to=https%3A%2F%2Fserhatburke.miroglu.net%2Fwp-admin%2Foptions-reading.php&reauth=1" "Mozilla/5.0 (X11; Linux x86_64) AppleWebKit/537.36 (KHTML, like Gecko) HeadlessChrome/147.0.7727.15 Safari/537.36"
35.224.168.243 - - [27/Apr/2026:12:51:10 +0300] "GET /wp-admin/css/login.min.css?ver=6.3.8 HTTP/2" 200 1948 "https://serhatburke.miroglu.net/wp-login.php?redirect_to=https%3A%2F%2Fserhatburke.miroglu.net%2Fwp-admin%2Foptions-reading.php&reauth=1" "Mozilla/5.0 (X11; Linux x86_64) AppleWebKit/537.36 (KHTML, like Gecko) HeadlessChrome/147.0.7727.15 Safari/537.36"
35.224.168.243 - - [27/Apr/2026:12:51:10 +0300] "GET /wp-includes/js/jquery/jquery.min.js?ver=3.7.0 HTTP/2" 200 29712 "https://serhatburke.miroglu.net/wp-login.php?redirect_to=https%3A%2F%2Fserhatburke.miroglu.net%2Fwp-admin%2Foptions-reading.php&reauth=1" "Mozilla/5.0 (X11; Linux x86_64) AppleWebKit/537.36 (KHTML, like Gecko) HeadlessChrome/147.0.7727.15 Safari/537.36"
35.224.168.243 - - [27/Apr/2026:12:51:10 +0300] "GET /wp-includes/js/jquery/jquery-migrate.min.js?ver=3.4.1 HTTP/2" 200 4678 "https://serhatburke.miroglu.net/wp-login.php?redirect_to=https%3A%2F%2Fserhatburke.miroglu.net%2Fwp-admin%2Foptions-reading.php&reauth=1" "Mozilla/5.0 (X11; Linux x86_64) AppleWebKit/537.36 (KHTML, like Gecko) HeadlessChrome/147.0.7727.15 Safari/537.36"
35.224.168.243 - - [27/Apr/2026:12:51:10 +0300] "GET /wp-includes/js/zxcvbn-async.min.js?ver=1.0 HTTP/2" 200 187 "https://serhatburke.miroglu.net/wp-login.php?redirect_to=https%3A%2F%2Fserhatburke.miroglu.net%2Fwp-admin%2Foptions-reading.php&reauth=1" "Mozilla/5.0 (X11; Linux x86_64) AppleWebKit/537.36 (KHTML, like Gecko) HeadlessChrome/147.0.7727.15 Safari/537.36"
35.224.168.243 - - [27/Apr/2026:12:51:10 +0300] "GET /wp-includes/js/dist/vendor/wp-polyfill-inert.min.js?ver=3.1.2 HTTP/2" 200 2320 "https://serhatburke.miroglu.net/wp-login.php?redirect_to=https%3A%2F%2Fserhatburke.miroglu.net%2Fwp-admin%2Foptions-reading.php&reauth=1" "Mozilla/5.0 (X11; Linux x86_64) AppleWebKit/537.36 (KHTML, like Gecko) HeadlessChrome/147.0.7727.15 Safari/537.36"
35.224.168.243 - - [27/Apr/2026:12:51:10 +0300] "GET /wp-includes/js/dist/vendor/regenerator-runtime.min.js?ver=0.13.11 HTTP/2" 200 2398 "https://serhatburke.miroglu.net/wp-login.php?redirect_to=https%3A%2F%2Fserhatburke.miroglu.net%2Fwp-admin%2Foptions-reading.php&reauth=1" "Mozilla/5.0 (X11; Linux x86_64) AppleWebKit/537.36 (KHTML, like Gecko) HeadlessChrome/147.0.7727.15 Safari/537.36"
35.224.168.243 - - [27/Apr/2026:12:51:10 +0300] "GET /wp-includes/js/dist/vendor/wp-polyfill.min.js?ver=3.15.0 HTTP/2" 200 5718 "https://serhatburke.miroglu.net/wp-login.php?redirect_to=https%3A%2F%2Fserhatburke.miroglu.net%2Fwp-admin%2Foptions-reading.php&reauth=1" "Mozilla/5.0 (X11; Linux x86_64) AppleWebKit/537.36 (KHTML, like Gecko) HeadlessChrome/147.0.7727.15 Safari/537.36"
35.224.168.243 - - [27/Apr/2026:12:51:10 +0300] "GET /wp-includes/js/dist/hooks.min.js?ver=c6aec9a8d4e5a5d543a1 HTTP/2" 200 1486 "https://serhatburke.miroglu.net/wp-login.php?redirect_to=https%3A%2F%2Fserhatburke.miroglu.net%2Fwp-admin%2Foptions-reading.php&reauth=1" "Mozilla/5.0 (X11; Linux x86_64) AppleWebKit/537.36 (KHTML, like Gecko) HeadlessChrome/147.0.7727.15 Safari/537.36"
35.224.168.243 - - [27/Apr/2026:12:51:10 +0300] "GET /wp-includes/js/dist/i18n.min.js?ver=7701b0c3857f914212ef HTTP/2" 200 3568 "https://serhatburke.miroglu.net/wp-login.php?redirect_to=https%3A%2F%2Fserhatburke.miroglu.net%2Fwp-admin%2Foptions-reading.php&reauth=1" "Mozilla/5.0 (X11; Linux x86_64) AppleWebKit/537.36 (KHTML, like Gecko) HeadlessChrome/147.0.7727.15 Safari/537.36"
35.224.168.243 - - [27/Apr/2026:12:51:10 +0300] "GET /wp-admin/js/password-strength-meter.min.js?ver=6.3.8 HTTP/2" 200 558 "https://serhatburke.miroglu.net/wp-login.php?redirect_to=https%3A%2F%2Fserhatburke.miroglu.net%2Fwp-admin%2Foptions-reading.php&reauth=1" "Mozilla/5.0 (X11; Linux x86_64) AppleWebKit/537.36 (KHTML, like Gecko) HeadlessChrome/147.0.7727.15 Safari/537.36"
35.224.168.243 - - [27/Apr/2026:12:51:10 +0300] "GET /wp-includes/js/underscore.min.js?ver=1.13.4 HTTP/2" 200 7179 "https://serhatburke.miroglu.net/wp-login.php?redirect_to=https%3A%2F%2Fserhatburke.miroglu.net%2Fwp-admin%2Foptions-reading.php&reauth=1" "Mozilla/5.0 (X11; Linux x86_64) AppleWebKit/537.36 (KHTML, like Gecko) HeadlessChrome/147.0.7727.15 Safari/537.36"
35.224.168.243 - - [27/Apr/2026:12:51:10 +0300] "GET /wp-includes/js/wp-util.min.js?ver=6.3.8 HTTP/2" 200 693 "https://serhatburke.miroglu.net/wp-login.php?redirect_to=https%3A%2F%2Fserhatburke.miroglu.net%2Fwp-admin%2Foptions-reading.php&reauth=1" "Mozilla/5.0 (X11; Linux x86_64) AppleWebKit/537.36 (KHTML, like Gecko) HeadlessChrome/147.0.7727.15 Safari/537.36"
35.224.168.243 - - [27/Apr/2026:12:51:10 +0300] "GET /wp-admin/js/user-profile.min.js?ver=6.3.8 HTTP/2" 200 2150 "https://serhatburke.miroglu.net/wp-login.php?redirect_to=https%3A%2F%2Fserhatburke.miroglu.net%2Fwp-admin%2Foptions-reading.php&reauth=1" "Mozilla/5.0 (X11; Linux x86_64) AppleWebKit/537.36 (KHTML, like Gecko) HeadlessChrome/147.0.7727.15 Safari/537.36"
35.224.168.243 - - [27/Apr/2026:12:51:10 +0300] "GET /wp-admin/images/wordpress-logo.svg?ver=20131107 HTTP/2" 200 759 "https://serhatburke.miroglu.net/wp-admin/css/login.min.css?ver=6.3.8" "Mozilla/5.0 (X11; Linux x86_64) AppleWebKit/537.36 (KHTML, like Gecko) HeadlessChrome/147.0.7727.15 Safari/537.36"
35.224.168.243 - - [27/Apr/2026:12:51:10 +0300] "GET /wp-includes/js/zxcvbn.min.js HTTP/2" 200 389493 "https://serhatburke.miroglu.net/wp-login.php?redirect_to=https%3A%2F%2Fserhatburke.miroglu.net%2Fwp-admin%2Foptions-reading.php&reauth=1" "Mozilla/5.0 (X11; Linux x86_64) AppleWebKit/537.36 (KHTML, like Gecko) HeadlessChrome/147.0.7727.15 Safari/537.36"
35.224.168.243 - - [27/Apr/2026:12:51:10 +0300] "GET /wp-admin/options-reading.php HTTP/2" 302 0 "-" "Mozilla/5.0 (X11; Linux x86_64) AppleWebKit/537.36 (KHTML, like Gecko) HeadlessChrome/147.0.7727.15 Safari/537.36"
98.98.197.162 - - [27/Apr/2026:12:51:04 +0300] "GET /cool-fruits-frenzy-demo-slot-by-the-dragon-playing-free-enjoy-review/ HTTP/1.1" 200 79655 "-" "Mozilla/5.0 (Windows NT 10.0; Win64; x64) AppleWebKit/537.36 (KHTML, like Gecko) Chrome/124.0.0.0 Safari/537.36"
35.224.168.243 - - [27/Apr/2026:12:51:23 +0300] "GET /wp-login.php?redirect_to=https%3A%2F%2Fserhatburke.miroglu.net%2Fwp-admin%2Foptions-reading.php&reauth=1 HTTP/2" 200 3115 "-" "Mozilla/5.0 (X11; Linux x86_64) AppleWebKit/537.36 (KHTML, like Gecko) HeadlessChrome/147.0.7727.15 Safari/537.36"
35.224.168.243 - - [27/Apr/2026:12:51:35 +0300] "POST /wp-login.php HTTP/2" 302 0 "https://serhatburke.miroglu.net/wp-login.php?redirect_to=https%3A%2F%2Fserhatburke.miroglu.net%2Fwp-admin%2Foptions-reading.php&reauth=1" "Mozilla/5.0 (X11; Linux x86_64) AppleWebKit/537.36 (KHTML, like Gecko) HeadlessChrome/147.0.7727.15 Safari/537.36"
185.216.113.70 - - [27/Apr/2026:12:52:02 +0300] "POST /wp-cron.php?doing_wp_cron=1777283522.3867149353027343750000 HTTP/1.1" 200 448 "-" "WordPress/6.3.8; https://serhatburke.miroglu.net"
35.224.168.243 - - [27/Apr/2026:12:51:48 +0300] "GET /wp-admin/options-reading.php HTTP/2" 200 113755 "https://serhatburke.miroglu.net/wp-login.php?redirect_to=https%3A%2F%2Fserhatburke.miroglu.net%2Fwp-admin%2Foptions-reading.php&reauth=1" "Mozilla/5.0 (X11; Linux x86_64) AppleWebKit/537.36 (KHTML, like Gecko) HeadlessChrome/147.0.7727.15 Safari/537.36"
35.224.168.243 - - [27/Apr/2026:12:52:03 +0300] "GET /wp-content/plugins/all-in-one-seo-pack/dist/Lite/assets/css/main.2ac0cc67.css?ver=4.4.4 HTTP/2" 200 271 "https://serhatburke.miroglu.net/wp-admin/options-reading.php" "Mozilla/5.0 (X11; Linux x86_64) AppleWebKit/537.36 (KHTML, like Gecko) HeadlessChrome/147.0.7727.15 Safari/537.36"
35.224.168.243 - - [27/Apr/2026:12:52:03 +0300] "GET /wp-content/plugins/all-in-one-seo-pack/dist/Lite/assets/css/main.0ab815b6.css?ver=4.4.4 HTTP/2" 200 5345 "https://serhatburke.miroglu.net/wp-admin/options-reading.php" "Mozilla/5.0 (X11; Linux x86_64) AppleWebKit/537.36 (KHTML, like Gecko) HeadlessChrome/147.0.7727.15 Safari/537.36"
35.224.168.243 - - [27/Apr/2026:12:52:03 +0300] "GET /wp-content/plugins/wp-file-manager/css/fm_common.css?ver=6.3.8 HTTP/2" 200 153 "https://serhatburke.miroglu.net/wp-admin/options-reading.php" "Mozilla/5.0 (X11; Linux x86_64) AppleWebKit/537.36 (KHTML, like Gecko) HeadlessChrome/147.0.7727.15 Safari/537.36"
35.224.168.243 - - [27/Apr/2026:12:52:03 +0300] "GET /wp-content/plugins/google-analytics-for-wordpress/assets/css/admin-common.min.css?ver=10.1.3 HTTP/2" 200 409 "https://serhatburke.miroglu.net/wp-admin/options-reading.php" "Mozilla/5.0 (X11; Linux x86_64) AppleWebKit/537.36 (KHTML, like Gecko) HeadlessChrome/147.0.7727.15 Safari/537.36"
35.224.168.243 - - [27/Apr/2026:12:52:03 +0300] "GET /wp-content/plugins/google-analytics-for-wordpress/lite/assets/vue/css/admin.css?ver=10.1.3 HTTP/2" 200 362 "https://serhatburke.miroglu.net/wp-admin/options-reading.php" "Mozilla/5.0 (X11; Linux x86_64) AppleWebKit/537.36 (KHTML, like Gecko) HeadlessChrome/147.0.7727.15 Safari/537.36"
35.224.168.243 - - [27/Apr/2026:12:52:03 +0300] "GET /wp-content/plugins/google-analytics-for-wordpress/assets/css/admin-metabox-sitenotes.css?ver=10.1.3 HTTP/2" 200 176 "https://serhatburke.miroglu.net/wp-admin/options-reading.php" "Mozilla/5.0 (X11; Linux x86_64) AppleWebKit/537.36 (KHTML, like Gecko) HeadlessChrome/147.0.7727.15 Safari/537.36"
35.224.168.243 - - [27/Apr/2026:12:52:03 +0300] "GET /wp-content/themes/toppic/css/meta-style.css?ver=4.2 HTTP/2" 200 979 "https://serhatburke.miroglu.net/wp-admin/options-reading.php" "Mozilla/5.0 (X11; Linux x86_64) AppleWebKit/537.36 (KHTML, like Gecko) HeadlessChrome/147.0.7727.15 Safari/537.36"
35.224.168.243 - - [27/Apr/2026:12:52:03 +0300] "GET /wp-admin/load-styles.php?c=1&dir=ltr&load%5Bchunk_0%5D=dashicons,admin-bar,common,forms,admin-menu,dashboard,list-tables,edit,revisions,media,themes,about,nav-menus,wp-pointer,widgets&load%5Bchunk_1%5D=,site-icon,l10n,buttons,wp-auth-check,wp-components&ver=6.3.8 HTTP/2" 200 113834 "https://serhatburke.miroglu.net/wp-admin/options-reading.php" "Mozilla/5.0 (X11; Linux x86_64) AppleWebKit/537.36 (KHTML, like Gecko) HeadlessChrome/147.0.7727.15 Safari/537.36"
35.224.168.243 - - [27/Apr/2026:12:52:03 +0300] "GET /wp-content/plugins/wpforms-lite/assets/css/admin-bar.min.css?ver=1.8.3.1 HTTP/2" 200 397 "https://serhatburke.miroglu.net/wp-admin/options-reading.php" "Mozilla/5.0 (X11; Linux x86_64) AppleWebKit/537.36 (KHTML, like Gecko) HeadlessChrome/147.0.7727.15 Safari/537.36"
35.224.168.243 - - [27/Apr/2026:12:52:03 +0300] "GET /wp-content/plugins/google-analytics-for-wordpress/lite/assets/admin-bar/insights.css?ver=2285a9c504aa37d29a57 HTTP/2" 200 1347 "https://serhatburke.miroglu.net/wp-admin/options-reading.php" "Mozilla/5.0 (X11; Linux x86_64) AppleWebKit/537.36 (KHTML, like Gecko) HeadlessChrome/147.0.7727.15 Safari/537.36"
35.224.168.243 - - [27/Apr/2026:12:52:03 +0300] "GET /wp-content/plugins/google-analytics-for-wordpress/assets/js/admin-metabox-sitenotes.js?ver=10.1.3 HTTP/2" 200 277 "https://serhatburke.miroglu.net/wp-admin/options-reading.php" "Mozilla/5.0 (X11; Linux x86_64) AppleWebKit/537.36 (KHTML, like Gecko) HeadlessChrome/147.0.7727.15 Safari/537.36"
35.224.168.243 - - [27/Apr/2026:12:52:03 +0300] "GET /wp-content/plugins/all-in-one-seo-pack/dist/Lite/assets/js/_plugin-vue_export-helper.b97bdf23.js HTTP/2" 200 212 "https://serhatburke.miroglu.net/wp-admin/options-reading.php" "Mozilla/5.0 (X11; Linux x86_64) AppleWebKit/537.36 (KHTML, like Gecko) HeadlessChrome/147.0.7727.15 Safari/537.36"
35.224.168.243 - - [27/Apr/2026:12:52:03 +0300] "GET /wp-content/plugins/all-in-one-seo-pack/dist/Lite/assets/js/vue.runtime.esm-bundler.b39e1078.js HTTP/2" 200 39772 "https://serhatburke.miroglu.net/wp-admin/options-reading.php" "Mozilla/5.0 (X11; Linux x86_64) AppleWebKit/537.36 (KHTML, like Gecko) HeadlessChrome/147.0.7727.15 Safari/537.36"
35.224.168.243 - - [27/Apr/2026:12:52:03 +0300] "GET /wp-content/plugins/all-in-one-seo-pack/dist/Lite/assets/js/links.23796d97.js HTTP/2" 200 46535 "https://serhatburke.miroglu.net/wp-admin/options-reading.php" "Mozilla/5.0 (X11; Linux x86_64) AppleWebKit/537.36 (KHTML, like Gecko) HeadlessChrome/147.0.7727.15 Safari/537.36"
35.224.168.243 - - [27/Apr/2026:12:52:03 +0300] "GET /wp-content/plugins/all-in-one-seo-pack/dist/Lite/assets/js/translations.6e7b2383.js HTTP/2" 200 339 "https://serhatburke.miroglu.net/wp-admin/options-reading.php" "Mozilla/5.0 (X11; Linux x86_64) AppleWebKit/537.36 (KHTML, like Gecko) HeadlessChrome/147.0.7727.15 Safari/537.36"
35.224.168.243 - - [27/Apr/2026:12:52:03 +0300] "GET /wp-content/plugins/all-in-one-seo-pack/dist/Lite/assets/js/default-i18n.3881921e.js HTTP/2" 200 4578 "https://serhatburke.miroglu.net/wp-admin/options-reading.php" "Mozilla/5.0 (X11; Linux x86_64) AppleWebKit/537.36 (KHTML, like Gecko) HeadlessChrome/147.0.7727.15 Safari/537.36"
35.224.168.243 - - [27/Apr/2026:12:52:03 +0300] "GET /wp-content/plugins/all-in-one-seo-pack/dist/Lite/assets/js/isArrayLikeObject.22a096cb.js HTTP/2" 200 14929 "https://serhatburke.miroglu.net/wp-admin/options-reading.php" "Mozilla/5.0 (X11; Linux x86_64) AppleWebKit/537.36 (KHTML, like Gecko) HeadlessChrome/147.0.7727.15 Safari/537.36"
35.224.168.243 - - [27/Apr/2026:12:52:03 +0300] "GET /wp-admin/load-scripts.php?c=1&load%5Bchunk_0%5D=jquery-core,jquery-migrate,utils&ver=6.3.8 HTTP/2" 200 36096 "https://serhatburke.miroglu.net/wp-admin/options-reading.php" "Mozilla/5.0 (X11; Linux x86_64) AppleWebKit/537.36 (KHTML, like Gecko) HeadlessChrome/147.0.7727.15 Safari/537.36"
35.224.168.243 - - [27/Apr/2026:12:52:03 +0300] "GET /wp-content/plugins/all-in-one-seo-pack/dist/Lite/assets/notifications.e3899576.js?ver=4.4.4 HTTP/2" 200 688 "https://serhatburke.miroglu.net/wp-admin/options-reading.php" "Mozilla/5.0 (X11; Linux x86_64) AppleWebKit/537.36 (KHTML, like Gecko) HeadlessChrome/147.0.7727.15 Safari/537.36"
35.224.168.243 - - [27/Apr/2026:12:52:03 +0300] "GET /wp-content/plugins/all-in-one-seo-pack/dist/Lite/assets/app.7d8c6b04.js?ver=4.4.4 HTTP/2" 200 456 "https://serhatburke.miroglu.net/wp-admin/options-reading.php" "Mozilla/5.0 (X11; Linux x86_64) AppleWebKit/537.36 (KHTML, like Gecko) HeadlessChrome/147.0.7727.15 Safari/537.36"
35.224.168.243 - - [27/Apr/2026:12:52:03 +0300] "GET /wp-content/plugins/js_composer/assets/vc/logo/wpb-logo-white_32.svg HTTP/2" 200 713 "https://serhatburke.miroglu.net/wp-admin/options-reading.php" "Mozilla/5.0 (X11; Linux x86_64) AppleWebKit/537.36 (KHTML, like Gecko) HeadlessChrome/147.0.7727.15 Safari/537.36"
35.224.168.243 - - [27/Apr/2026:12:52:03 +0300] "GET /wp-content/plugins/wp-file-manager/images/wp_file_manager.svg HTTP/2" 200 1199 "https://serhatburke.miroglu.net/wp-admin/options-reading.php" "Mozilla/5.0 (X11; Linux x86_64) AppleWebKit/537.36 (KHTML, like Gecko) HeadlessChrome/147.0.7727.15 Safari/537.36"
35.224.168.243 - - [27/Apr/2026:12:52:03 +0300] "GET /wp-content/plugins/google-analytics-for-wordpress/assets/images/monsterinsights-notice-box-logo.svg HTTP/2" 200 6163 "https://serhatburke.miroglu.net/wp-admin/options-reading.php" "Mozilla/5.0 (X11; Linux x86_64) AppleWebKit/537.36 (KHTML, like Gecko) HeadlessChrome/147.0.7727.15 Safari/537.36"
35.224.168.243 - - [27/Apr/2026:12:52:03 +0300] "GET /wp-admin/js/common.min.js?ver=6.3.8 HTTP/2" 200 6355 "https://serhatburke.miroglu.net/wp-admin/options-reading.php" "Mozilla/5.0 (X11; Linux x86_64) AppleWebKit/537.36 (KHTML, like Gecko) HeadlessChrome/147.0.7727.15 Safari/537.36"
35.224.168.243 - - [27/Apr/2026:12:52:03 +0300] "GET /wp-includes/js/hoverintent-js.min.js?ver=2.2.1 HTTP/2" 200 665 "https://serhatburke.miroglu.net/wp-admin/options-reading.php" "Mozilla/5.0 (X11; Linux x86_64) AppleWebKit/537.36 (KHTML, like Gecko) HeadlessChrome/147.0.7727.15 Safari/537.36"
35.224.168.243 - - [27/Apr/2026:12:52:03 +0300] "GET /wp-includes/js/admin-bar.min.js?ver=6.3.8 HTTP/2" 200 1264 "https://serhatburke.miroglu.net/wp-admin/options-reading.php" "Mozilla/5.0 (X11; Linux x86_64) AppleWebKit/537.36 (KHTML, like Gecko) HeadlessChrome/147.0.7727.15 Safari/537.36"
35.224.168.243 - - [27/Apr/2026:12:52:03 +0300] "GET /wp-admin/js/svg-painter.js?ver=6.3.8 HTTP/2" 200 1971 "https://serhatburke.miroglu.net/wp-admin/options-reading.php" "Mozilla/5.0 (X11; Linux x86_64) AppleWebKit/537.36 (KHTML, like Gecko) HeadlessChrome/147.0.7727.15 Safari/537.36"
35.224.168.243 - - [27/Apr/2026:12:52:03 +0300] "GET /wp-admin/load-scripts.php?c=1&load%5Bchunk_0%5D=hoverIntent,wp-polyfill-inert,regenerator-runtime,wp-polyfill,wp-hooks&ver=6.3.8 HTTP/2" 200 12561 "https://serhatburke.miroglu.net/wp-admin/options-reading.php" "Mozilla/5.0 (X11; Linux x86_64) AppleWebKit/537.36 (KHTML, like Gecko) HeadlessChrome/147.0.7727.15 Safari/537.36"
35.224.168.243 - - [27/Apr/2026:12:52:04 +0300] "GET /wp-includes/js/heartbeat.min.js?ver=6.3.8 HTTP/2" 200 1925 "https://serhatburke.miroglu.net/wp-admin/options-reading.php" "Mozilla/5.0 (X11; Linux x86_64) AppleWebKit/537.36 (KHTML, like Gecko) HeadlessChrome/147.0.7727.15 Safari/537.36"
35.224.168.243 - - [27/Apr/2026:12:52:04 +0300] "GET /wp-includes/js/wp-auth-check.min.js?ver=6.3.8 HTTP/2" 200 691 "https://serhatburke.miroglu.net/wp-admin/options-reading.php" "Mozilla/5.0 (X11; Linux x86_64) AppleWebKit/537.36 (KHTML, like Gecko) HeadlessChrome/147.0.7727.15 Safari/537.36"
35.224.168.243 - - [27/Apr/2026:12:52:04 +0300] "GET /wp-content/plugins/google-analytics-for-wordpress/assets/js/admin-common.min.js?ver=10.1.3 HTTP/2" 200 513 "https://serhatburke.miroglu.net/wp-admin/options-reading.php" "Mozilla/5.0 (X11; Linux x86_64) AppleWebKit/537.36 (KHTML, like Gecko) HeadlessChrome/147.0.7727.15 Safari/537.36"
35.224.168.243 - - [27/Apr/2026:12:52:04 +0300] "GET /wp-content/plugins/google-analytics-for-wordpress/assets/js/admin-setup-wizard.js?ver=10.1.3 HTTP/2" 200 738 "https://serhatburke.miroglu.net/wp-admin/options-reading.php" "Mozilla/5.0 (X11; Linux x86_64) AppleWebKit/537.36 (KHTML, like Gecko) HeadlessChrome/147.0.7727.15 Safari/537.36"
