40.77.167.70 - - [27/Apr/2026:19:29:40 +0300] "GET /discover-tronscan-your-essential-crypto-tracking-tool/ HTTP/2" 200 17634 "-" "Mozilla/5.0 AppleWebKit/537.36 (KHTML, like Gecko; compatible; bingbot/2.0; +http://www.bing.com/bingbot.htm) Chrome/116.0.1938.76 Safari/537.36"
185.216.113.70 - - [27/Apr/2026:19:30:19 +0300] "POST /wp-cron.php?doing_wp_cron=1777307419.0048110485076904296875 HTTP/1.1" 200 448 "-" "WordPress/6.3.8; https://serhatburke.miroglu.net"
38.248.90.131 - - [27/Apr/2026:19:29:58 +0300] "GET /stawiam-zaryzykowanie-do-wydajnosc-na-pokera-bakarat-i-mozesz-wojne/ HTTP/1.1" 200 73502 "-" "Mozilla/5.0 (Windows NT 10.0; Win64; x64) AppleWebKit/537.36 (KHTML, like Gecko) Chrome/124.0.0.0 Safari/537.36 Edg/124.0.0.0"
172.237.61.148 - - [27/Apr/2026:19:30:08 +0300] "POST /xmlrpc.php HTTP/1.1" 200 13650 "-" "Mozilla/5.0 (Windows NT 10.0; Win64; x64) AppleWebKit/537.36 (KHTML, like Gecko) Chrome/114.0.0.0 Safari/537.36"
98.98.43.138 - - [27/Apr/2026:19:30:09 +0300] "GET /hitta-natcasino-med-swish-topplista-innan-swish-casino-2026/ HTTP/1.1" 200 76772 "-" "Mozilla/5.0 (Windows NT 10.0; Win64; x64) AppleWebKit/537.36 (KHTML, like Gecko) Chrome/122.0.0.0 Safari/537.36"
172.237.61.148 - - [27/Apr/2026:19:30:22 +0300] "POST /xmlrpc.php HTTP/1.1" 200 630 "-" "Mozilla/5.0 (Windows NT 10.0; Win64; x64) AppleWebKit/537.36 (KHTML, like Gecko) Chrome/114.0.0.0 Safari/537.36"
40.77.167.70 - - [27/Apr/2026:19:30:19 +0300] "GET /rotiri-gratuite-dar-achitare-2026-oferte-aplicatia-de-conectare-verde-casino-de-500-free-spins/ HTTP/2" 200 20168 "-" "Mozilla/5.0 AppleWebKit/537.36 (KHTML, like Gecko; compatible; bingbot/2.0; +http://www.bing.com/bingbot.htm) Chrome/116.0.1938.76 Safari/537.36"
38.248.90.131 - - [27/Apr/2026:19:30:28 +0300] "POST /xmlrpc.php HTTP/1.1" 200 630 "-" "Mozilla/5.0 (Windows NT 10.0; Win64; x64) AppleWebKit/537.36 (KHTML, like Gecko) Chrome/114.0.0.0 Safari/537.36"
98.98.197.162 - - [27/Apr/2026:19:30:45 +0300] "POST /xmlrpc.php HTTP/1.1" 200 630 "-" "Mozilla/5.0 (Windows NT 10.0; Win64; x64) AppleWebKit/537.36 (KHTML, like Gecko) Chrome/114.0.0.0 Safari/537.36"
172.237.61.148 - - [27/Apr/2026:19:30:36 +0300] "GET /eye-of-horus-slot-demo-and-bericht-play-for-free-as-part-of-the-gb/ HTTP/1.1" 200 78146 "-" "Mozilla/5.0 (Windows NT 10.0; rv:125.0) Gecko/20100101 Firefox/125.0"
185.216.113.70 - - [27/Apr/2026:19:31:19 +0300] "POST /wp-cron.php?doing_wp_cron=1777307479.0001668930053710937500 HTTP/1.1" 200 448 "-" "WordPress/6.3.8; https://serhatburke.miroglu.net"
172.237.61.148 - - [27/Apr/2026:19:31:03 +0300] "POST /xmlrpc.php HTTP/1.1" 200 14889 "-" "Mozilla/5.0 (Windows NT 10.0; Win64; x64) AppleWebKit/537.36 (KHTML, like Gecko) Chrome/114.0.0.0 Safari/537.36"
38.248.90.131 - - [27/Apr/2026:19:31:06 +0300] "POST /xmlrpc.php HTTP/1.1" 200 9235 "-" "Mozilla/5.0 (Windows NT 10.0; Win64; x64) AppleWebKit/537.36 (KHTML, like Gecko) Chrome/114.0.0.0 Safari/537.36"
98.98.197.162 - - [27/Apr/2026:19:31:12 +0300] "POST /xmlrpc.php HTTP/1.1" 200 15654 "-" "Mozilla/5.0 (Windows NT 10.0; Win64; x64) AppleWebKit/537.36 (KHTML, like Gecko) Chrome/114.0.0.0 Safari/537.36"
172.237.61.148 - - [27/Apr/2026:19:31:14 +0300] "POST /xmlrpc.php HTTP/1.1" 200 630 "-" "Mozilla/5.0 (Windows NT 10.0; Win64; x64) AppleWebKit/537.36 (KHTML, like Gecko) Chrome/114.0.0.0 Safari/537.36"
172.237.61.148 - - [27/Apr/2026:19:31:20 +0300] "GET /innerster-planet-slot-exklusive-registration-degustieren/ HTTP/1.1" 200 78881 "-" "Mozilla/5.0 (Windows NT 10.0; Win64; x64) AppleWebKit/537.36 (KHTML, like Gecko) Chrome/123.0.0.0 Safari/537.36 OPR/109.0.0.0"
38.248.90.131 - - [27/Apr/2026:19:31:27 +0300] "GET /zgarnij-kod-rabatowy-calkowity-casino-kod-promocyjny-calkowity-casino-rabaty-2025/ HTTP/1.1" 200 73844 "-" "Mozilla/5.0 (Windows NT 10.0; Win64; x64) AppleWebKit/537.36 (KHTML, like Gecko) Chrome/123.0.0.0 Safari/537.36 OPR/109.0.0.0"
38.248.90.131 - - [27/Apr/2026:19:31:41 +0300] "POST /xmlrpc.php HTTP/1.1" 200 630 "-" "Mozilla/5.0 (Windows NT 10.0; Win64; x64) AppleWebKit/537.36 (KHTML, like Gecko) Chrome/114.0.0.0 Safari/537.36"
172.237.61.148 - - [27/Apr/2026:19:31:50 +0300] "POST /xmlrpc.php HTTP/1.1" 200 14314 "-" "Mozilla/5.0 (Windows NT 10.0; Win64; x64) AppleWebKit/537.36 (KHTML, like Gecko) Chrome/114.0.0.0 Safari/537.36"
98.98.197.162 - - [27/Apr/2026:19:31:42 +0300] "GET /best-casinos-on-the-internet-around-australia-%EF%B8%8F-ranked-from-the-professionals-2026/ HTTP/1.1" 200 80352 "-" "Mozilla/5.0 (Windows NT 10.0; Win64; x64) AppleWebKit/537.36 (KHTML, like Gecko) Chrome/123.0.0.0 Safari/537.36 OPR/109.0.0.0"
172.237.61.148 - - [27/Apr/2026:19:32:03 +0300] "POST /xmlrpc.php HTTP/1.1" 200 630 "-" "Mozilla/5.0 (Windows NT 10.0; Win64; x64) AppleWebKit/537.36 (KHTML, like Gecko) Chrome/114.0.0.0 Safari/537.36"
38.248.90.131 - - [27/Apr/2026:19:32:11 +0300] "POST /xmlrpc.php HTTP/1.1" 200 9227 "-" "Mozilla/5.0 (Windows NT 10.0; Win64; x64) AppleWebKit/537.36 (KHTML, like Gecko) Chrome/114.0.0.0 Safari/537.36"
172.237.61.148 - - [27/Apr/2026:19:32:10 +0300] "GET /eye-of-horus-pramie-angebote-deutschland-freispiele-and-casinodeals/ HTTP/1.1" 200 78448 "-" "Mozilla/5.0 (Windows NT 10.0; Win64; x64) AppleWebKit/537.36 (KHTML, like Gecko) Chrome/124.0.0.0 Safari/537.36 Edg/124.0.0.0"
185.216.113.70 - - [27/Apr/2026:19:32:39 +0300] "POST /wp-cron.php?doing_wp_cron=1777307559.3008599281311035156250 HTTP/1.1" 200 448 "-" "WordPress/6.3.8; https://serhatburke.miroglu.net"
172.237.61.148 - - [27/Apr/2026:19:32:25 +0300] "POST /xmlrpc.php HTTP/1.1" 200 14521 "-" "Mozilla/5.0 (Windows NT 10.0; Win64; x64) AppleWebKit/537.36 (KHTML, like Gecko) Chrome/114.0.0.0 Safari/537.36"
38.248.90.131 - - [27/Apr/2026:19:32:27 +0300] "GET /zgarnij-kod-kuponu-dodaj-casino-kod-rabatowy-total-casino-kuponow-2025/ HTTP/1.1" 200 73556 "-" "Mozilla/5.0 (Windows NT 10.0; rv:109.0) Gecko/20100101 Firefox/115.0"
172.237.61.148 - - [27/Apr/2026:19:32:41 +0300] "GET /gratis-auffuhren-vollstandiger-guide/ HTTP/1.1" 200 77888 "-" "Mozilla/5.0 (Windows NT 10.0; Win64; x64) AppleWebKit/537.36 (KHTML, like Gecko) Chrome/123.0.0.0 Safari/537.36"
172.237.61.148 - - [27/Apr/2026:19:32:49 +0300] "POST /xmlrpc.php HTTP/1.1" 200 630 "-" "Mozilla/5.0 (Windows NT 10.0; Win64; x64) AppleWebKit/537.36 (KHTML, like Gecko) Chrome/114.0.0.0 Safari/537.36"
38.248.90.131 - - [27/Apr/2026:19:32:56 +0300] "POST /xmlrpc.php HTTP/1.1" 200 630 "-" "Mozilla/5.0 (Windows NT 10.0; Win64; x64) AppleWebKit/537.36 (KHTML, like Gecko) Chrome/114.0.0.0 Safari/537.36"
185.216.113.70 - - [27/Apr/2026:19:33:25 +0300] "POST /wp-cron.php?doing_wp_cron=1777307605.5287220478057861328125 HTTP/1.1" 200 448 "-" "WordPress/6.3.8; https://serhatburke.miroglu.net"
172.237.61.148 - - [27/Apr/2026:19:33:10 +0300] "POST /xmlrpc.php HTTP/1.1" 200 15439 "-" "Mozilla/5.0 (Windows NT 10.0; Win64; x64) AppleWebKit/537.36 (KHTML, like Gecko) Chrome/114.0.0.0 Safari/537.36"
38.248.90.131 - - [27/Apr/2026:19:33:15 +0300] "POST /xmlrpc.php HTTP/1.1" 200 9648 "-" "Mozilla/5.0 (Windows NT 10.0; Win64; x64) AppleWebKit/537.36 (KHTML, like Gecko) Chrome/114.0.0.0 Safari/537.36"
46.224.140.177 - - [27/Apr/2026:19:33:18 +0300] "POST /xmlrpc.php HTTP/1.1" 200 604 "-" "Mozilla/5.0 (Windows NT 10.0; Win64; x64) AppleWebKit/537.36 (KHTML, like Gecko) Chrome/108.0.0.0 Safari/537.36"
172.237.61.148 - - [27/Apr/2026:19:33:29 +0300] "GET /about-the-eye-bundesweit-eye-institute/ HTTP/1.1" 200 78803 "-" "Mozilla/5.0 (Windows NT 10.0; Win64; x64; rv:125.0) Gecko/20100101 Firefox/125.0"
46.224.140.177 - - [27/Apr/2026:19:33:39 +0300] "POST /xmlrpc.php HTTP/1.1" 200 3984 "-" "Mozilla/5.0 (Windows NT 10.0; Win64; x64) AppleWebKit/537.36 (KHTML, like Gecko) Chrome/108.0.0.0 Safari/537.36"
38.248.90.131 - - [27/Apr/2026:19:33:39 +0300] "GET /nizej-niz-dowiedz-sie-procesy-szukania-konta-oraz-opisujemy-zachety-ktore-mozna-otrzymac-z-poczatkujacy/ HTTP/1.1" 200 74722 "-" "Mozilla/5.0 (Windows NT 10.0; Win64; x64) AppleWebKit/537.36 (KHTML, like Gecko) Chrome/122.0.0.0 Safari/537.36"
172.237.61.148 - - [27/Apr/2026:19:33:41 +0300] "POST /xmlrpc.php HTTP/1.1" 200 630 "-" "Mozilla/5.0 (Windows NT 10.0; Win64; x64) AppleWebKit/537.36 (KHTML, like Gecko) Chrome/114.0.0.0 Safari/537.36"
46.224.140.177 - - [27/Apr/2026:19:34:05 +0300] "GET /5000-bonus-gratis-spins/ HTTP/1.1" 200 0 "-" "Mozilla/5.0 (Windows NT 10.0; Win64; x64) AppleWebKit/537.36 (KHTML, like Gecko) Chrome/108.0.0.0 Safari/537.36"
38.248.90.131 - - [27/Apr/2026:19:34:10 +0300] "POST /xmlrpc.php HTTP/1.1" 200 630 "-" "Mozilla/5.0 (Windows NT 10.0; Win64; x64) AppleWebKit/537.36 (KHTML, like Gecko) Chrome/114.0.0.0 Safari/537.36"
172.237.61.148 - - [27/Apr/2026:19:34:16 +0300] "POST /xmlrpc.php HTTP/1.1" 200 14013 "-" "Mozilla/5.0 (Windows NT 10.0; Win64; x64) AppleWebKit/537.36 (KHTML, like Gecko) Chrome/114.0.0.0 Safari/537.36"
46.224.140.177 - - [27/Apr/2026:19:34:21 +0300] "POST /xmlrpc.php HTTP/1.1" 200 594 "-" "Mozilla/5.0 (Windows NT 10.0; Win64; x64) AppleWebKit/537.36 (KHTML, like Gecko) Chrome/108.0.0.0 Safari/537.36"
185.216.113.70 - - [27/Apr/2026:19:34:50 +0300] "POST /wp-cron.php?doing_wp_cron=1777307690.0297210216522216796875 HTTP/1.1" 200 448 "-" "WordPress/6.3.8; https://serhatburke.miroglu.net"
38.248.90.131 - - [27/Apr/2026:19:34:30 +0300] "POST /xmlrpc.php HTTP/1.1" 200 9105 "-" "Mozilla/5.0 (Windows NT 10.0; Win64; x64) AppleWebKit/537.36 (KHTML, like Gecko) Chrome/114.0.0.0 Safari/537.36"
172.237.61.148 - - [27/Apr/2026:19:34:30 +0300] "POST /xmlrpc.php HTTP/1.1" 200 630 "-" "Mozilla/5.0 (Windows NT 10.0; Win64; x64) AppleWebKit/537.36 (KHTML, like Gecko) Chrome/114.0.0.0 Safari/537.36"
172.237.61.148 - - [27/Apr/2026:19:34:32 +0300] "GET /eye-of-horus-gebuhrenfrei-auffuhren-blos-anmeldung-2026/ HTTP/1.1" 200 78159 "-" "Mozilla/5.0 (Windows NT 10.0; rv:109.0) Gecko/20100101 Firefox/115.0"
38.248.90.131 - - [27/Apr/2026:19:34:51 +0300] "GET /nastepowaniu-tradycyjnej-szukania-naszym-czlonkostwo-musimy-uzywa-jeszcze-aby-upewnic-sie/ HTTP/1.1" 200 73965 "-" "Mozilla/5.0 (Windows NT 10.0; Win64; x64) AppleWebKit/537.36 (KHTML, like Gecko) Chrome/109.0.0.0 Safari/537.36"
172.237.61.148 - - [27/Apr/2026:19:34:56 +0300] "POST /xmlrpc.php HTTP/1.1" 200 15173 "-" "Mozilla/5.0 (Windows NT 10.0; Win64; x64) AppleWebKit/537.36 (KHTML, like Gecko) Chrome/114.0.0.0 Safari/537.36"
172.237.61.148 - - [27/Apr/2026:19:35:17 +0300] "POST /xmlrpc.php HTTP/1.1" 200 630 "-" "Mozilla/5.0 (Windows NT 10.0; Win64; x64) AppleWebKit/537.36 (KHTML, like Gecko) Chrome/114.0.0.0 Safari/537.36"
172.237.61.148 - - [27/Apr/2026:19:35:15 +0300] "GET /der-faszinierender-slot-unteilbar-charmanten-agyptischen-sache/ HTTP/1.1" 200 79272 "-" "Mozilla/5.0 (Windows NT 10.0; Win64; x64) AppleWebKit/537.36 (KHTML, like Gecko) Chrome/123.0.0.0 Safari/537.36 OPR/109.0.0.0"
38.248.90.131 - - [27/Apr/2026:19:35:22 +0300] "POST /xmlrpc.php HTTP/1.1" 200 630 "-" "Mozilla/5.0 (Windows NT 10.0; Win64; x64) AppleWebKit/537.36 (KHTML, like Gecko) Chrome/114.0.0.0 Safari/537.36"
185.216.113.70 - - [27/Apr/2026:19:35:54 +0300] "POST /wp-cron.php?doing_wp_cron=1777307754.5116419792175292968750 HTTP/1.1" 200 448 "-" "WordPress/6.3.8; https://serhatburke.miroglu.net"
172.237.61.148 - - [27/Apr/2026:19:35:41 +0300] "POST /xmlrpc.php HTTP/1.1" 200 14630 "-" "Mozilla/5.0 (Windows NT 10.0; Win64; x64) AppleWebKit/537.36 (KHTML, like Gecko) Chrome/114.0.0.0 Safari/537.36"
38.248.90.131 - - [27/Apr/2026:19:35:44 +0300] "POST /xmlrpc.php HTTP/1.1" 200 12361 "-" "Mozilla/5.0 (Windows NT 10.0; Win64; x64) AppleWebKit/537.36 (KHTML, like Gecko) Chrome/114.0.0.0 Safari/537.36"
172.237.61.148 - - [27/Apr/2026:19:35:56 +0300] "GET /eye-of-horus-zum-besten-geben-inside-brd-slot-um-echtes-bares/ HTTP/1.1" 200 78495 "-" "Mozilla/5.0 (Windows NT 10.0; Win64; x64; rv:125.0) Gecko/20100101 Firefox/125.0"
38.248.90.131 - - [27/Apr/2026:19:35:59 +0300] "GET /graj-z-gry-hazardowe-uzywaniem-ulubionego-sprzet-przenosnego/ HTTP/1.1" 200 76357 "-" "Mozilla/5.0 (Windows NT 10.0; Win64; x64) AppleWebKit/537.36 (KHTML, like Gecko) Chrome/123.0.0.0 Safari/537.36 OPR/109.0.0.0"
172.237.61.148 - - [27/Apr/2026:19:36:03 +0300] "POST /xmlrpc.php HTTP/1.1" 200 630 "-" "Mozilla/5.0 (Windows NT 10.0; Win64; x64) AppleWebKit/537.36 (KHTML, like Gecko) Chrome/114.0.0.0 Safari/537.36"
37.120.155.2 - - [27/Apr/2026:19:36:14 +0300] "GET /wp-login.php HTTP/2" 200 0 "https://serhatburke.miroglu.net/" "Mozilla/5.0 (Windows NT 10.0; Win64; x64) AppleWebKit/537.36 (KHTML, like Gecko) Chrome/146.0.0.0 Safari/537.36"
40.77.167.6 - - [27/Apr/2026:19:36:09 +0300] "GET /parece-existiert-probleme-via-ihr-einzahlung-im-moglich-spielbank-qua-paypal-schnelle-hilfestellung-und-rasche-erklarungen/ HTTP/2" 200 18241 "-" "Mozilla/5.0 AppleWebKit/537.36 (KHTML, like Gecko; compatible; bingbot/2.0; +http://www.bing.com/bingbot.htm) Chrome/116.0.1938.76 Safari/537.36"
40.77.167.6 - - [27/Apr/2026:19:36:13 +0300] "GET /ice-breaker-push-gaming-centre-court-online-spilleautomat-slot-review/ HTTP/2" 200 19610 "-" "Mozilla/5.0 AppleWebKit/537.36 (KHTML, like Gecko; compatible; bingbot/2.0; +http://www.bing.com/bingbot.htm) Chrome/116.0.1938.76 Safari/537.36"
185.216.113.70 - - [27/Apr/2026:19:36:50 +0300] "POST /wp-cron.php?doing_wp_cron=1777307810.6024200916290283203125 HTTP/1.1" 200 448 "-" "WordPress/6.3.8; https://serhatburke.miroglu.net"
98.98.43.138 - - [27/Apr/2026:19:36:26 +0300] "POST /xmlrpc.php HTTP/1.1" 200 630 "-" "Mozilla/5.0 (Windows NT 10.0; Win64; x64) AppleWebKit/537.36 (KHTML, like Gecko) Chrome/114.0.0.0 Safari/537.36"
38.248.90.131 - - [27/Apr/2026:19:36:40 +0300] "POST /xmlrpc.php HTTP/1.1" 200 630 "-" "Mozilla/5.0 (Windows NT 10.0; Win64; x64) AppleWebKit/537.36 (KHTML, like Gecko) Chrome/114.0.0.0 Safari/537.36"
37.120.155.2 - - [27/Apr/2026:19:36:52 +0300] "POST /xmlrpc.php HTTP/1.1" 200 0 "https://serhatburke.miroglu.net/" "Mozilla/5.0 (Windows NT 10.0; Win64; x64) AppleWebKit/537.36 (KHTML, like Gecko) Chrome/122.0.0.0 Safari/537.36"
172.237.61.148 - - [27/Apr/2026:19:36:44 +0300] "POST /xmlrpc.php HTTP/1.1" 200 14410 "-" "Mozilla/5.0 (Windows NT 10.0; Win64; x64) AppleWebKit/537.36 (KHTML, like Gecko) Chrome/114.0.0.0 Safari/537.36"
172.237.61.148 - - [27/Apr/2026:19:36:50 +0300] "POST /xmlrpc.php HTTP/1.1" 200 630 "-" "Mozilla/5.0 (Windows NT 10.0; Win64; x64) AppleWebKit/537.36 (KHTML, like Gecko) Chrome/114.0.0.0 Safari/537.36"
185.216.113.70 - - [27/Apr/2026:19:37:52 +0300] "POST /wp-cron.php?doing_wp_cron=1777307872.3164420127868652343750 HTTP/1.1" 200 448 "-" "WordPress/6.3.8; https://serhatburke.miroglu.net"
98.98.43.138 - - [27/Apr/2026:19:36:58 +0300] "POST /xmlrpc.php HTTP/1.1" 200 12143 "-" "Mozilla/5.0 (Windows NT 10.0; Win64; x64) AppleWebKit/537.36 (KHTML, like Gecko) Chrome/114.0.0.0 Safari/537.36"
185.216.113.70 - - [27/Apr/2026:19:38:09 +0300] "POST /wp-cron.php?doing_wp_cron=1777307889.3030390739440917968750 HTTP/1.1" 200 448 "-" "WordPress/6.3.8; https://serhatburke.miroglu.net"
185.216.113.70 - - [27/Apr/2026:19:38:10 +0300] "POST /wp-cron.php?doing_wp_cron=1777307889.9112749099731445312500 HTTP/1.1" 200 448 "-" "WordPress/6.3.8; https://serhatburke.miroglu.net"
38.248.90.131 - - [27/Apr/2026:19:37:14 +0300] "POST /xmlrpc.php HTTP/1.1" 200 8971 "-" "Mozilla/5.0 (Windows NT 10.0; Win64; x64) AppleWebKit/537.36 (KHTML, like Gecko) Chrome/114.0.0.0 Safari/537.36"
185.216.113.70 - - [27/Apr/2026:19:38:13 +0300] "POST /wp-cron.php?doing_wp_cron=1777307893.4275579452514648437500 HTTP/1.1" 200 448 "-" "WordPress/6.3.8; https://serhatburke.miroglu.net"
175.100.33.197 - - [27/Apr/2026:19:37:10 +0300] "GET /novoline-casino-codice-bonus-registrazione/ HTTP/1.1" 200 17782 "-" "Mozilla/5.0 (compatible; Googlebot/2.1; +http://www.google.com/bot.html)"
57.128.22.95 - - [27/Apr/2026:19:37:16 +0300] "GET /zotabet-casino-bonus-premier-depot-2026/ HTTP/1.1" 200 0 "-" "Mozilla/5.0 (compatible; Googlebot/2.1; +http://www.google.com/bot.html)"
185.216.113.70 - - [27/Apr/2026:19:38:28 +0300] "POST /wp-cron.php?doing_wp_cron=1777307908.1195850372314453125000 HTTP/1.1" 200 448 "-" "WordPress/6.3.8; https://serhatburke.miroglu.net"
172.237.61.148 - - [27/Apr/2026:19:37:28 +0300] "GET /klassischer-innerster-planet-slot/ HTTP/1.1" 200 78138 "-" "Mozilla/5.0 (Windows NT 10.0; rv:109.0) Gecko/20100101 Firefox/115.0"
185.216.113.70 - - [27/Apr/2026:19:38:47 +0300] "POST /wp-cron.php?doing_wp_cron=1777307927.1355650424957275390625 HTTP/1.1" 200 448 "-" "WordPress/6.3.8; https://serhatburke.miroglu.net"
172.237.61.148 - - [27/Apr/2026:19:37:46 +0300] "POST /xmlrpc.php HTTP/1.1" 200 13381 "-" "Mozilla/5.0 (Windows NT 10.0; Win64; x64) AppleWebKit/537.36 (KHTML, like Gecko) Chrome/114.0.0.0 Safari/537.36"
38.248.90.131 - - [27/Apr/2026:19:37:44 +0300] "POST /xmlrpc.php HTTP/1.1" 200 630 "-" "Mozilla/5.0 (Windows NT 10.0; Win64; x64) AppleWebKit/537.36 (KHTML, like Gecko) Chrome/114.0.0.0 Safari/537.36"
185.216.113.70 - - [27/Apr/2026:19:38:52 +0300] "POST /wp-cron.php?doing_wp_cron=1777307932.0939800739288330078125 HTTP/1.1" 200 448 "-" "WordPress/6.3.8; https://serhatburke.miroglu.net"
172.237.61.148 - - [27/Apr/2026:19:37:36 +0300] "POST /xmlrpc.php HTTP/1.1" 200 630 "-" "Mozilla/5.0 (Windows NT 10.0; Win64; x64) AppleWebKit/537.36 (KHTML, like Gecko) Chrome/114.0.0.0 Safari/537.36"
40.77.167.6 - - [27/Apr/2026:19:38:29 +0300] "GET /discovering-sushiswap-the-future-of-decentralized-trading-2/ HTTP/2" 200 0 "-" "Mozilla/5.0 AppleWebKit/537.36 (KHTML, like Gecko; compatible; bingbot/2.0; +http://www.bing.com/bingbot.htm) Chrome/116.0.1938.76 Safari/537.36"
40.77.167.16 - - [27/Apr/2026:19:38:32 +0300] "GET /kraken-vasha-putevodnaia-zvezda-v-darknete-2026/ HTTP/2" 200 0 "-" "Mozilla/5.0 AppleWebKit/537.36 (KHTML, like Gecko; compatible; bingbot/2.0; +http://www.bing.com/bingbot.htm) Chrome/116.0.1938.76 Safari/537.36"
40.77.167.16 - - [27/Apr/2026:19:38:32 +0300] "GET /die-besten-echtgeld-erreichbar-casinos-2026-aktuelle-verzeichnis/ HTTP/2" 200 0 "-" "Mozilla/5.0 AppleWebKit/537.36 (KHTML, like Gecko; compatible; bingbot/2.0; +http://www.bing.com/bingbot.htm) Chrome/116.0.1938.76 Safari/537.36"
98.98.43.138 - - [27/Apr/2026:19:37:54 +0300] "GET /tillag-inte-med-insattning-odds-casino-utan-insattningskrav/ HTTP/1.1" 200 76554 "-" "Mozilla/5.0 (Windows NT 10.0; rv:125.0) Gecko/20100101 Firefox/125.0"
98.98.43.138 - - [27/Apr/2026:19:38:09 +0300] "POST /xmlrpc.php HTTP/1.1" 200 630 "-" "Mozilla/5.0 (Windows NT 10.0; Win64; x64) AppleWebKit/537.36 (KHTML, like Gecko) Chrome/114.0.0.0 Safari/537.36"
38.248.90.131 - - [27/Apr/2026:19:38:11 +0300] "GET /nastepowaniu-tradycyjnej-rejestracja-w-celu-w-naszym-poziomy-powinnismy-uzywa-jeszcze-zweryfikowac/ HTTP/1.1" 200 74081 "-" "Mozilla/5.0 (Windows NT 10.0; Win64; x64) AppleWebKit/537.36 (KHTML, like Gecko) Chrome/124.0.0.0 Safari/537.36 Edg/124.0.0.0"
172.237.61.148 - - [27/Apr/2026:19:38:22 +0300] "POST /xmlrpc.php HTTP/1.1" 500 745 "-" "Mozilla/5.0 (Windows NT 10.0; Win64; x64) AppleWebKit/537.36 (KHTML, like Gecko) Chrome/114.0.0.0 Safari/537.36"
185.216.113.70 - - [27/Apr/2026:19:40:19 +0300] "POST /wp-cron.php?doing_wp_cron=1777308019.2376110553741455078125 HTTP/1.1" 200 448 "-" "WordPress/6.3.8; https://serhatburke.miroglu.net"
40.77.167.16 - - [27/Apr/2026:19:39:35 +0300] "GET /lord-of-jesli-chodzi-o-morze-bei-keramiken-kostenlos-vortragen-spinfest-pc-login-echtgeld-tipp/ HTTP/2" 200 0 "-" "Mozilla/5.0 AppleWebKit/537.36 (KHTML, like Gecko; compatible; bingbot/2.0; +http://www.bing.com/bingbot.htm) Chrome/116.0.1938.76 Safari/537.36"
172.237.61.148 - - [27/Apr/2026:19:38:49 +0300] "GET /eye-of-horus-spielautomat-in-sonnennachster-planet-gaming/ HTTP/1.1" 200 77697 "-" "Mozilla/5.0 (Windows NT 10.0; Win64; x64; rv:125.0) Gecko/20100101 Firefox/125.0"
185.216.113.70 - - [27/Apr/2026:19:40:27 +0300] "POST /wp-cron.php?doing_wp_cron=1777308026.8163239955902099609375 HTTP/1.1" 200 448 "-" "WordPress/6.3.8; https://serhatburke.miroglu.net"
38.248.90.131 - - [27/Apr/2026:19:38:55 +0300] "POST /xmlrpc.php HTTP/1.1" 200 9103 "-" "Mozilla/5.0 (Windows NT 10.0; Win64; x64) AppleWebKit/537.36 (KHTML, like Gecko) Chrome/114.0.0.0 Safari/537.36"
40.77.167.16 - - [27/Apr/2026:19:39:38 +0300] "GET /le-diversifie-tipologie-di-premio-senza-tenuta-nei-casa-da-gioco-online/ HTTP/2" 200 0 "-" "Mozilla/5.0 AppleWebKit/537.36 (KHTML, like Gecko; compatible; bingbot/2.0; +http://www.bing.com/bingbot.htm) Chrome/116.0.1938.76 Safari/537.36"
185.216.113.70 - - [27/Apr/2026:19:40:48 +0300] "POST /wp-cron.php?doing_wp_cron=1777308048.3161659240722656250000 HTTP/1.1" 200 448 "-" "WordPress/6.3.8; https://serhatburke.miroglu.net"
38.248.90.131 - - [27/Apr/2026:19:38:57 +0300] "POST /xmlrpc.php HTTP/1.1" 200 630 "-" "Mozilla/5.0 (Windows NT 10.0; Win64; x64) AppleWebKit/537.36 (KHTML, like Gecko) Chrome/114.0.0.0 Safari/537.36"
172.237.61.148 - - [27/Apr/2026:19:39:02 +0300] "POST /xmlrpc.php HTTP/1.1" 200 14216 "-" "Mozilla/5.0 (Windows NT 10.0; Win64; x64) AppleWebKit/537.36 (KHTML, like Gecko) Chrome/114.0.0.0 Safari/537.36"
185.216.113.70 - - [27/Apr/2026:19:40:59 +0300] "POST /wp-cron.php?doing_wp_cron=1777308059.0450980663299560546875 HTTP/1.1" 200 448 "-" "WordPress/6.3.8; https://serhatburke.miroglu.net"
185.216.113.70 - - [27/Apr/2026:19:41:00 +0300] "POST /wp-cron.php?doing_wp_cron=1777308060.3121850490570068359375 HTTP/1.1" 200 448 "-" "WordPress/6.3.8; https://serhatburke.miroglu.net"
172.237.61.148 - - [27/Apr/2026:19:39:11 +0300] "POST /xmlrpc.php HTTP/1.1" 500 745 "-" "Mozilla/5.0 (Windows NT 10.0; Win64; x64) AppleWebKit/537.36 (KHTML, like Gecko) Chrome/114.0.0.0 Safari/537.36"
66.249.73.14 - - [27/Apr/2026:19:41:07 +0300] "GET /chumba-casino-uk-review-your-gateway-to-exciting-online-gaming/ HTTP/1.1" 200 0 "https://yorejdp.magmaflow-games.biz/" "Mozilla/5.0 (Linux; Android 6.0.1; Nexus 5X Build/MMB29P) AppleWebKit/537.36 (KHTML, like Gecko) Chrome/146.0.7680.177 Mobile Safari/537.36 (compatible; Googlebot/2.1; +http://www.google.com/bot.html)"
172.237.61.148 - - [27/Apr/2026:19:40:02 +0300] "POST /xmlrpc.php HTTP/1.1" 500 1102 "-" "Mozilla/5.0 (Windows NT 10.0; Win64; x64) AppleWebKit/537.36 (KHTML, like Gecko) Chrome/114.0.0.0 Safari/537.36"
98.98.43.138 - - [27/Apr/2026:19:39:34 +0300] "POST /xmlrpc.php HTTP/1.1" 200 627 "-" "Mozilla/5.0 (Windows NT 10.0; Win64; x64) AppleWebKit/537.36 (KHTML, like Gecko) Chrome/114.0.0.0 Safari/537.36"
185.216.113.70 - - [27/Apr/2026:19:41:25 +0300] "POST /wp-cron.php?doing_wp_cron=1777308085.1965351104736328125000 HTTP/1.1" 200 448 "-" "WordPress/6.3.8; https://serhatburke.miroglu.net"
185.216.113.70 - - [27/Apr/2026:19:41:29 +0300] "POST /wp-cron.php?doing_wp_cron=1777308089.3101160526275634765625 HTTP/1.1" 200 448 "-" "WordPress/6.3.8; https://serhatburke.miroglu.net"
185.216.113.70 - - [27/Apr/2026:19:41:37 +0300] "POST /wp-cron.php?doing_wp_cron=1777308097.1212019920349121093750 HTTP/1.1" 200 448 "-" "WordPress/6.3.8; https://serhatburke.miroglu.net"
98.98.43.138 - - [27/Apr/2026:19:39:54 +0300] "POST /xmlrpc.php HTTP/1.1" 200 12426 "-" "Mozilla/5.0 (Windows NT 10.0; Win64; x64) AppleWebKit/537.36 (KHTML, like Gecko) Chrome/114.0.0.0 Safari/537.36"
98.98.43.138 - - [27/Apr/2026:19:39:47 +0300] "POST /xmlrpc.php HTTP/1.1" 500 745 "-" "Mozilla/5.0 (Windows NT 10.0; Win64; x64) AppleWebKit/537.36 (KHTML, like Gecko) Chrome/114.0.0.0 Safari/537.36"
185.216.113.70 - - [27/Apr/2026:19:41:51 +0300] "POST /wp-cron.php?doing_wp_cron=1777308111.4123690128326416015625 HTTP/1.1" 200 448 "-" "WordPress/6.3.8; https://serhatburke.miroglu.net"
172.237.61.148 - - [27/Apr/2026:19:39:57 +0300] "POST /xmlrpc.php HTTP/1.1" 200 630 "-" "Mozilla/5.0 (Windows NT 10.0; Win64; x64) AppleWebKit/537.36 (KHTML, like Gecko) Chrome/114.0.0.0 Safari/537.36"
38.248.90.131 - - [27/Apr/2026:19:40:02 +0300] "POST /xmlrpc.php HTTP/1.1" 500 745 "-" "Mozilla/5.0 (Windows NT 10.0; Win64; x64) AppleWebKit/537.36 (KHTML, like Gecko) Chrome/114.0.0.0 Safari/537.36"
185.216.113.70 - - [27/Apr/2026:19:42:02 +0300] "POST /wp-cron.php?doing_wp_cron=1777308121.9985771179199218750000 HTTP/1.1" 200 448 "-" "WordPress/6.3.8; https://serhatburke.miroglu.net"
38.248.90.131 - - [27/Apr/2026:19:40:28 +0300] "GET /come-casino-kontrasygnat-promocji-na-fillip-poniewaz-chwili-depozytow/ HTTP/1.1" 500 745 "-" "Mozilla/5.0 (Windows NT 10.0; Win64; x64) AppleWebKit/537.36 (KHTML, like Gecko) Chrome/124.0.0.0 Safari/537.36 Edg/124.0.0.0"
172.237.61.148 - - [27/Apr/2026:19:40:29 +0300] "POST /xmlrpc.php HTTP/1.1" 500 745 "-" "Mozilla/5.0 (Windows NT 10.0; Win64; x64) AppleWebKit/537.36 (KHTML, like Gecko) Chrome/114.0.0.0 Safari/537.36"
38.248.90.131 - - [27/Apr/2026:19:40:37 +0300] "POST /xmlrpc.php HTTP/1.1" 500 745 "-" "Mozilla/5.0 (Windows NT 10.0; Win64; x64) AppleWebKit/537.36 (KHTML, like Gecko) Chrome/114.0.0.0 Safari/537.36"
172.237.61.148 - - [27/Apr/2026:19:40:44 +0300] "POST /xmlrpc.php HTTP/1.1" 500 745 "-" "Mozilla/5.0 (Windows NT 10.0; Win64; x64) AppleWebKit/537.36 (KHTML, like Gecko) Chrome/114.0.0.0 Safari/537.36"
98.98.197.162 - - [27/Apr/2026:19:40:47 +0300] "POST /xmlrpc.php HTTP/1.1" 500 745 "-" "Mozilla/5.0 (Windows NT 10.0; Win64; x64) AppleWebKit/537.36 (KHTML, like Gecko) Chrome/114.0.0.0 Safari/537.36"
172.237.61.148 - - [27/Apr/2026:19:40:48 +0300] "POST /xmlrpc.php HTTP/1.1" 500 745 "-" "Mozilla/5.0 (Windows NT 10.0; Win64; x64) AppleWebKit/537.36 (KHTML, like Gecko) Chrome/114.0.0.0 Safari/537.36"
172.237.61.148 - - [27/Apr/2026:19:40:51 +0300] "POST /xmlrpc.php HTTP/1.1" 500 745 "-" "Mozilla/5.0 (Windows NT 10.0; Win64; x64) AppleWebKit/537.36 (KHTML, like Gecko) Chrome/114.0.0.0 Safari/537.36"
38.248.90.131 - - [27/Apr/2026:19:41:07 +0300] "POST /xmlrpc.php HTTP/1.1" 500 745 "-" "Mozilla/5.0 (Windows NT 10.0; Win64; x64) AppleWebKit/537.36 (KHTML, like Gecko) Chrome/114.0.0.0 Safari/537.36"
185.216.113.70 - - [27/Apr/2026:19:43:06 +0300] "POST /wp-cron.php?doing_wp_cron=1777308186.3166060447692871093750 HTTP/1.1" 200 448 "-" "WordPress/6.3.8; https://serhatburke.miroglu.net"
185.216.113.70 - - [27/Apr/2026:19:43:09 +0300] "POST /wp-cron.php?doing_wp_cron=1777308188.7208309173583984375000 HTTP/1.1" 200 448 "-" "WordPress/6.3.8; https://serhatburke.miroglu.net"
98.98.43.138 - - [27/Apr/2026:19:41:27 +0300] "POST /xmlrpc.php HTTP/1.1" 500 745 "-" "Mozilla/5.0 (Windows NT 10.0; Win64; x64) AppleWebKit/537.36 (KHTML, like Gecko) Chrome/114.0.0.0 Safari/537.36"
185.216.113.70 - - [27/Apr/2026:19:43:28 +0300] "POST /wp-cron.php?doing_wp_cron=1777308208.6129889488220214843750 HTTP/1.1" 200 448 "-" "WordPress/6.3.8; https://serhatburke.miroglu.net"
172.237.61.148 - - [27/Apr/2026:19:41:38 +0300] "POST /xmlrpc.php HTTP/1.1" 500 1102 "-" "Mozilla/5.0 (Windows NT 10.0; Win64; x64) AppleWebKit/537.36 (KHTML, like Gecko) Chrome/114.0.0.0 Safari/537.36"
98.98.43.138 - - [27/Apr/2026:19:41:40 +0300] "POST /xmlrpc.php HTTP/1.1" 500 745 "-" "Mozilla/5.0 (Windows NT 10.0; Win64; x64) AppleWebKit/537.36 (KHTML, like Gecko) Chrome/114.0.0.0 Safari/537.36"
38.248.90.131 - - [27/Apr/2026:19:41:43 +0300] "POST /xmlrpc.php HTTP/1.1" 500 745 "-" "Mozilla/5.0 (Windows NT 10.0; Win64; x64) AppleWebKit/537.36 (KHTML, like Gecko) Chrome/114.0.0.0 Safari/537.36"
185.216.113.70 - - [27/Apr/2026:19:43:45 +0300] "POST /wp-cron.php?doing_wp_cron=1777308225.4983799457550048828125 HTTP/1.1" 200 448 "-" "WordPress/6.3.8; https://serhatburke.miroglu.net"
38.248.90.131 - - [27/Apr/2026:19:42:09 +0300] "POST /xmlrpc.php HTTP/1.1" 500 745 "-" "Mozilla/5.0 (Windows NT 10.0; Win64; x64) AppleWebKit/537.36 (KHTML, like Gecko) Chrome/114.0.0.0 Safari/537.36"
185.216.113.70 - - [27/Apr/2026:19:44:05 +0300] "POST /wp-cron.php?doing_wp_cron=1777308245.3653540611267089843750 HTTP/1.1" 200 448 "-" "WordPress/6.3.8; https://serhatburke.miroglu.net"
38.248.90.131 - - [27/Apr/2026:19:42:15 +0300] "POST /xmlrpc.php HTTP/1.1" 500 745 "-" "Mozilla/5.0 (Windows NT 10.0; Win64; x64) AppleWebKit/537.36 (KHTML, like Gecko) Chrome/114.0.0.0 Safari/537.36"
38.248.90.131 - - [27/Apr/2026:19:42:22 +0300] "POST /xmlrpc.php HTTP/1.1" 200 9544 "-" "Mozilla/5.0 (Windows NT 10.0; Win64; x64) AppleWebKit/537.36 (KHTML, like Gecko) Chrome/114.0.0.0 Safari/537.36"
185.216.113.70 - - [27/Apr/2026:19:44:22 +0300] "POST /wp-cron.php?doing_wp_cron=1777308262.6091849803924560546875 HTTP/1.1" 200 448 "-" "WordPress/6.3.8; https://serhatburke.miroglu.net"
172.237.61.148 - - [27/Apr/2026:19:42:23 +0300] "POST /xmlrpc.php HTTP/1.1" 500 745 "-" "Mozilla/5.0 (Windows NT 10.0; Win64; x64) AppleWebKit/537.36 (KHTML, like Gecko) Chrome/114.0.0.0 Safari/537.36"
98.98.197.162 - - [27/Apr/2026:19:42:27 +0300] "POST /xmlrpc.php HTTP/1.1" 500 745 "-" "Mozilla/5.0 (Windows NT 10.0; Win64; x64) AppleWebKit/537.36 (KHTML, like Gecko) Chrome/114.0.0.0 Safari/537.36"
172.237.61.148 - - [27/Apr/2026:19:42:28 +0300] "GET /?p=140755 HTTP/1.1" 500 745 "-" "Mozilla/5.0 (Windows NT 10.0; rv:125.0) Gecko/20100101 Firefox/125.0"
57.128.22.95 - - [27/Apr/2026:19:42:45 +0300] "GET /zotabet-casino-bonus-premier-depot-2026/ HTTP/1.1" 500 782 "-" "Mozilla/5.0 (compatible; Googlebot/2.1; +http://www.google.com/bot.html)"
38.248.90.131 - - [27/Apr/2026:19:42:48 +0300] "POST /xmlrpc.php HTTP/1.1" 500 745 "-" "Mozilla/5.0 (Windows NT 10.0; Win64; x64) AppleWebKit/537.36 (KHTML, like Gecko) Chrome/114.0.0.0 Safari/537.36"
185.216.113.70 - - [27/Apr/2026:19:45:13 +0300] "POST /wp-cron.php?doing_wp_cron=1777308312.9033060073852539062500 HTTP/1.1" 200 448 "-" "WordPress/6.3.8; https://serhatburke.miroglu.net"
38.248.90.131 - - [27/Apr/2026:19:43:17 +0300] "POST /xmlrpc.php HTTP/1.1" 500 745 "-" "Mozilla/5.0 (Windows NT 10.0; Win64; x64) AppleWebKit/537.36 (KHTML, like Gecko) Chrome/114.0.0.0 Safari/537.36"
98.98.43.138 - - [27/Apr/2026:19:43:20 +0300] "GET /?p=140757 HTTP/1.1" 500 745 "-" "Mozilla/5.0 (Windows NT 10.0; Win64; x64; rv:124.0) Gecko/20100101 Firefox/124.0"
172.237.61.148 - - [27/Apr/2026:19:43:22 +0300] "POST /xmlrpc.php HTTP/1.1" 500 745 "-" "Mozilla/5.0 (Windows NT 10.0; Win64; x64) AppleWebKit/537.36 (KHTML, like Gecko) Chrome/114.0.0.0 Safari/537.36"
185.216.113.70 - - [27/Apr/2026:19:45:37 +0300] "POST /wp-cron.php?doing_wp_cron=1777308337.2645850181579589843750 HTTP/1.1" 200 448 "-" "WordPress/6.3.8; https://serhatburke.miroglu.net"
38.248.90.131 - - [27/Apr/2026:19:44:08 +0300] "POST /xmlrpc.php HTTP/1.1" 200 9544 "-" "Mozilla/5.0 (Windows NT 10.0; Win64; x64) AppleWebKit/537.36 (KHTML, like Gecko) Chrome/114.0.0.0 Safari/537.36"
185.216.113.70 - - [27/Apr/2026:19:45:40 +0300] "POST /wp-cron.php?doing_wp_cron=1777308339.8154489994049072265625 HTTP/1.1" 200 448 "-" "WordPress/6.3.8; https://serhatburke.miroglu.net"
172.237.61.148 - - [27/Apr/2026:19:44:08 +0300] "POST /xmlrpc.php HTTP/1.1" 200 861 "-" "Mozilla/5.0 (Windows NT 10.0; Win64; x64) AppleWebKit/537.36 (KHTML, like Gecko) Chrome/114.0.0.0 Safari/537.36"
185.216.113.70 - - [27/Apr/2026:19:45:44 +0300] "POST /wp-cron.php?doing_wp_cron=1777308343.8994228839874267578125 HTTP/1.1" 200 448 "-" "WordPress/6.3.8; https://serhatburke.miroglu.net"
38.248.90.131 - - [27/Apr/2026:19:43:55 +0300] "POST /xmlrpc.php HTTP/1.1" 500 1102 "-" "Mozilla/5.0 (Windows NT 10.0; Win64; x64) AppleWebKit/537.36 (KHTML, like Gecko) Chrome/114.0.0.0 Safari/537.36"
52.167.144.158 - - [27/Apr/2026:19:44:55 +0300] "GET /discover-the-benefits-of-using-ledger-live-for-crypto-15/ HTTP/2" 200 0 "-" "Mozilla/5.0 AppleWebKit/537.36 (KHTML, like Gecko; compatible; bingbot/2.0; +http://www.bing.com/bingbot.htm) Chrome/116.0.1938.76 Safari/537.36"
185.216.113.70 - - [27/Apr/2026:19:45:48 +0300] "POST /wp-cron.php?doing_wp_cron=1777308348.6563770771026611328125 HTTP/1.1" 200 448 "-" "WordPress/6.3.8; https://serhatburke.miroglu.net"
40.77.167.61 - - [27/Apr/2026:19:45:01 +0300] "GET /pari-kazino-bonus-bez-vulkan-vegas-preuzimanje-aplikacije-u-crnoj-gori-depozita-2026/ HTTP/2" 200 0 "-" "Mozilla/5.0 AppleWebKit/537.36 (KHTML, like Gecko; compatible; bingbot/2.0; +http://www.bing.com/bingbot.htm) Chrome/116.0.1938.76 Safari/537.36"
40.77.167.61 - - [27/Apr/2026:19:45:05 +0300] "GET /ceci-de-votre-choix-retenir-dun-mot-avec-stake/ HTTP/2" 200 0 "-" "Mozilla/5.0 AppleWebKit/537.36 (KHTML, like Gecko; compatible; bingbot/2.0; +http://www.bing.com/bingbot.htm) Chrome/116.0.1938.76 Safari/537.36"
185.216.113.70 - - [27/Apr/2026:19:46:30 +0300] "POST /wp-cron.php?doing_wp_cron=1777308390.4483540058135986328125 HTTP/1.1" 200 448 "-" "WordPress/6.3.8; https://serhatburke.miroglu.net"
66.249.73.15 - - [27/Apr/2026:19:44:47 +0300] "GET /wino-casino-review-a-premier-destination-for-uk-players/ HTTP/1.1" 200 18604 "-" "Mozilla/5.0 (Linux; Android 6.0.1; Nexus 5X Build/MMB29P) AppleWebKit/537.36 (KHTML, like Gecko) Chrome/147.0.7727.116 Mobile Safari/537.36 (compatible; Googlebot/2.1; +http://www.google.com/bot.html)"
185.216.113.70 - - [27/Apr/2026:19:46:37 +0300] "POST /wp-cron.php?doing_wp_cron=1777308397.3281939029693603515625 HTTP/1.1" 200 448 "-" "WordPress/6.3.8; https://serhatburke.miroglu.net"
172.237.61.148 - - [27/Apr/2026:19:45:07 +0300] "POST /xmlrpc.php HTTP/1.1" 200 13106 "-" "Mozilla/5.0 (Windows NT 10.0; Win64; x64) AppleWebKit/537.36 (KHTML, like Gecko) Chrome/114.0.0.0 Safari/537.36"
185.216.113.70 - - [27/Apr/2026:19:46:45 +0300] "POST /wp-cron.php?doing_wp_cron=1777308405.2206139564514160156250 HTTP/1.1" 200 448 "-" "WordPress/6.3.8; https://serhatburke.miroglu.net"
98.98.43.138 - - [27/Apr/2026:19:45:00 +0300] "POST /xmlrpc.php HTTP/1.1" 200 627 "-" "Mozilla/5.0 (Windows NT 10.0; Win64; x64) AppleWebKit/537.36 (KHTML, like Gecko) Chrome/114.0.0.0 Safari/537.36"
52.167.144.158 - - [27/Apr/2026:19:45:56 +0300] "GET /essential-steps-to-download-and-use-atomic-wallet/ HTTP/2" 200 0 "-" "Mozilla/5.0 AppleWebKit/537.36 (KHTML, like Gecko; compatible; bingbot/2.0; +http://www.bing.com/bingbot.htm) Chrome/116.0.1938.76 Safari/537.36"
185.216.113.70 - - [27/Apr/2026:19:46:48 +0300] "POST /wp-cron.php?doing_wp_cron=1777308408.6158320903778076171875 HTTP/1.1" 200 448 "-" "WordPress/6.3.8; https://serhatburke.miroglu.net"
40.77.167.16 - - [27/Apr/2026:19:46:14 +0300] "GET /kraken-bezopasnyi-dostup-k-darknetu-i-onion-resursam-2026/ HTTP/2" 200 0 "-" "Mozilla/5.0 AppleWebKit/537.36 (KHTML, like Gecko; compatible; bingbot/2.0; +http://www.bing.com/bingbot.htm) Chrome/116.0.1938.76 Safari/537.36"
185.216.113.70 - - [27/Apr/2026:19:47:20 +0300] "POST /wp-cron.php?doing_wp_cron=1777308440.6106030941009521484375 HTTP/1.1" 200 448 "-" "WordPress/6.3.8; https://serhatburke.miroglu.net"
38.248.90.131 - - [27/Apr/2026:19:45:38 +0300] "GET /badania-ktorzy-maja-ofertami-startowymi-opartymi-w-depozytach-z-energy-casino/ HTTP/1.1" 200 75225 "-" "Mozilla/5.0 (Windows NT 10.0; Win64; x64; rv:124.0) Gecko/20100101 Firefox/124.0"
66.249.73.14 - - [27/Apr/2026:19:47:16 +0300] "GET /wino-casino-review-a-premier-destination-for-uk-players/undefined?ts=1775520000 HTTP/1.1" 200 0 "https://serhatburke.miroglu.net/wino-casino-review-a-premier-destination-for-uk-players/" "Mozilla/5.0 (Linux; Android 6.0.1; Nexus 5X Build/MMB29P) AppleWebKit/537.36 (KHTML, like Gecko) Chrome/147.0.7727.116 Mobile Safari/537.36 (compatible; Googlebot/2.1; +http://www.google.com/bot.html)"
40.77.167.158 - - [27/Apr/2026:19:46:55 +0300] "GET /wild-robins-dedication-to-fair-enjoy-rng-degree-and-you-may-safer-encryption/ HTTP/2" 200 0 "-" "Mozilla/5.0 AppleWebKit/537.36 (KHTML, like Gecko; compatible; bingbot/2.0; +http://www.bing.com/bingbot.htm) Chrome/116.0.1938.76 Safari/537.36"
40.77.167.61 - - [27/Apr/2026:19:47:11 +0300] "GET /19000-held-by-888-unless-it-rating-all-of-the-sensitive-info/ HTTP/2" 200 0 "-" "Mozilla/5.0 AppleWebKit/537.36 (KHTML, like Gecko; compatible; bingbot/2.0; +http://www.bing.com/bingbot.htm) Chrome/116.0.1938.76 Safari/537.36"
185.216.113.70 - - [27/Apr/2026:19:48:06 +0300] "POST /wp-cron.php?doing_wp_cron=1777308486.3141460418701171875000 HTTP/1.1" 200 448 "-" "WordPress/6.3.8; https://serhatburke.miroglu.net"
185.216.113.70 - - [27/Apr/2026:19:48:11 +0300] "POST /wp-cron.php?doing_wp_cron=1777308490.9238770008087158203125 HTTP/1.1" 200 448 "-" "WordPress/6.3.8; https://serhatburke.miroglu.net"
172.237.61.148 - - [27/Apr/2026:19:46:39 +0300] "GET /what-does-the-eye-look-like-diagram-of-the-eye/ HTTP/1.1" 200 77246 "-" "Mozilla/5.0 (Windows NT 10.0; Win64; x64) AppleWebKit/537.36 (KHTML, like Gecko) Chrome/123.0.0.0 Safari/537.36 OPR/109.0.0.0"
185.216.113.70 - - [27/Apr/2026:19:48:20 +0300] "POST /wp-cron.php?doing_wp_cron=1777308500.0151391029357910156250 HTTP/1.1" 200 448 "-" "WordPress/6.3.8; https://serhatburke.miroglu.net"
38.248.90.131 - - [27/Apr/2026:19:47:19 +0300] "POST /xmlrpc.php HTTP/1.1" 200 861 "-" "Mozilla/5.0 (Windows NT 10.0; Win64; x64) AppleWebKit/537.36 (KHTML, like Gecko) Chrome/114.0.0.0 Safari/537.36"
185.216.113.70 - - [27/Apr/2026:19:48:36 +0300] "POST /wp-cron.php?doing_wp_cron=1777308516.2035310268402099609375 HTTP/1.1" 200 448 "-" "WordPress/6.3.8; https://serhatburke.miroglu.net"
40.77.167.158 - - [27/Apr/2026:19:47:56 +0300] "GET /free-spins-2026-letzter-schrei-60-freispiele-abzuglich-einzahlung/ HTTP/2" 200 20918 "-" "Mozilla/5.0 AppleWebKit/537.36 (KHTML, like Gecko; compatible; bingbot/2.0; +http://www.bing.com/bingbot.htm) Chrome/116.0.1938.76 Safari/537.36"
40.77.167.61 - - [27/Apr/2026:19:48:13 +0300] "GET /if-you-are-reviewing-gambling-establishment-significant-we-came-across-casino-brango-their-well-paired-sis-site/ HTTP/2" 200 17965 "-" "Mozilla/5.0 AppleWebKit/537.36 (KHTML, like Gecko; compatible; bingbot/2.0; +http://www.bing.com/bingbot.htm) Chrome/116.0.1938.76 Safari/537.36"
66.249.76.77 - - [27/Apr/2026:19:48:51 +0300] "GET /superspinscasino-uk-free-games-a-review-for-british-players/undefined?ts=1775520000 HTTP/1.1" 200 0 "https://serhatburke.miroglu.net/superspinscasino-uk-free-games-a-review-for-british-players/" "Mozilla/5.0 (Linux; Android 6.0.1; Nexus 5X Build/MMB29P) AppleWebKit/537.36 (KHTML, like Gecko) Chrome/146.0.7680.177 Mobile Safari/537.36 (compatible; Googlebot/2.1; +http://www.google.com/bot.html)"
66.249.76.77 - - [27/Apr/2026:19:49:03 +0300] "GET /superspinscasino-uk-free-games-a-review-for-british-players/undefined?ts=1775520000 HTTP/1.1" 200 0 "https://serhatburke.miroglu.net/superspinscasino-uk-free-games-a-review-for-british-players/" "Mozilla/5.0 (Linux; Android 6.0.1; Nexus 5X Build/MMB29P) AppleWebKit/537.36 (KHTML, like Gecko) Chrome/146.0.7680.177 Mobile Safari/537.36 (compatible; Googlebot/2.1; +http://www.google.com/bot.html)"
40.77.167.61 - - [27/Apr/2026:19:49:09 +0300] "GET /herna-kitty-i24slot-innskraning-cat-spilakassinn-athugasemdir-og-100-okeypis-prufuaskrift/ HTTP/2" 200 18590 "-" "Mozilla/5.0 AppleWebKit/537.36 (KHTML, like Gecko; compatible; bingbot/2.0; +http://www.bing.com/bingbot.htm) Chrome/116.0.1938.76 Safari/537.36"
185.216.113.70 - - [27/Apr/2026:19:51:46 +0300] "POST /wp-cron.php?doing_wp_cron=1777308706.4872300624847412109375 HTTP/1.1" 200 448 "-" "WordPress/6.3.8; https://serhatburke.miroglu.net"
46.224.140.177 - - [27/Apr/2026:19:51:29 +0300] "POST /xmlrpc.php HTTP/1.1" 200 604 "-" "Mozilla/5.0 (Windows NT 10.0; Win64; x64) AppleWebKit/537.36 (KHTML, like Gecko) Chrome/108.0.0.0 Safari/537.36"
46.224.140.177 - - [27/Apr/2026:19:51:48 +0300] "POST /xmlrpc.php HTTP/1.1" 200 3419 "-" "Mozilla/5.0 (Windows NT 10.0; Win64; x64) AppleWebKit/537.36 (KHTML, like Gecko) Chrome/108.0.0.0 Safari/537.36"
46.224.140.177 - - [27/Apr/2026:19:52:05 +0300] "GET /officiele-casino-in-belgie/ HTTP/1.1" 200 0 "-" "Mozilla/5.0 (Windows NT 10.0; Win64; x64) AppleWebKit/537.36 (KHTML, like Gecko) Chrome/108.0.0.0 Safari/537.36"
46.224.140.177 - - [27/Apr/2026:19:52:21 +0300] "POST /xmlrpc.php HTTP/1.1" 200 594 "-" "Mozilla/5.0 (Windows NT 10.0; Win64; x64) AppleWebKit/537.36 (KHTML, like Gecko) Chrome/108.0.0.0 Safari/537.36"
185.216.113.70 - - [27/Apr/2026:19:52:59 +0300] "POST /wp-cron.php?doing_wp_cron=1777308779.3180260658264160156250 HTTP/1.1" 200 448 "-" "WordPress/6.3.8; https://serhatburke.miroglu.net"
62.12.118.39 - - [27/Apr/2026:19:52:46 +0300] "POST /xmlrpc.php HTTP/1.1" 200 630 "-" "Mozilla/5.0 (Windows NT 10.0; Win64; x64) AppleWebKit/537.36 (KHTML, like Gecko) Chrome/114.0.0.0 Safari/537.36"
62.12.118.39 - - [27/Apr/2026:19:53:05 +0300] "POST /xmlrpc.php HTTP/1.1" 200 16317 "-" "Mozilla/5.0 (Windows NT 10.0; Win64; x64) AppleWebKit/537.36 (KHTML, like Gecko) Chrome/114.0.0.0 Safari/537.36"
62.12.118.39 - - [27/Apr/2026:19:53:20 +0300] "GET /5-best-web-based-casinos-within-the-canada-2026-real-money-internet-sites/ HTTP/1.1" 200 80428 "-" "Mozilla/5.0 (Windows NT 10.0; rv:109.0) Gecko/20100101 Firefox/115.0"
185.216.113.70 - - [27/Apr/2026:19:56:06 +0300] "POST /wp-cron.php?doing_wp_cron=1777308966.7390489578247070312500 HTTP/1.1" 200 448 "-" "WordPress/6.3.8; https://serhatburke.miroglu.net"
172.237.61.148 - - [27/Apr/2026:19:55:52 +0300] "POST /xmlrpc.php HTTP/1.1" 200 630 "-" "Mozilla/5.0 (Windows NT 10.0; Win64; x64) AppleWebKit/537.36 (KHTML, like Gecko) Chrome/114.0.0.0 Safari/537.36"
172.237.61.148 - - [27/Apr/2026:19:56:13 +0300] "POST /xmlrpc.php HTTP/1.1" 200 15447 "-" "Mozilla/5.0 (Windows NT 10.0; Win64; x64) AppleWebKit/537.36 (KHTML, like Gecko) Chrome/114.0.0.0 Safari/537.36"
62.12.118.39 - - [27/Apr/2026:19:56:19 +0300] "POST /xmlrpc.php HTTP/1.1" 200 630 "-" "Mozilla/5.0 (Windows NT 10.0; Win64; x64) AppleWebKit/537.36 (KHTML, like Gecko) Chrome/114.0.0.0 Safari/537.36"
185.216.113.70 - - [27/Apr/2026:19:56:49 +0300] "POST /wp-cron.php?doing_wp_cron=1777309009.5496520996093750000000 HTTP/1.1" 200 448 "-" "WordPress/6.3.8; https://serhatburke.miroglu.net"
62.12.118.39 - - [27/Apr/2026:19:56:39 +0300] "POST /xmlrpc.php HTTP/1.1" 200 16076 "-" "Mozilla/5.0 (Windows NT 10.0; Win64; x64) AppleWebKit/537.36 (KHTML, like Gecko) Chrome/114.0.0.0 Safari/537.36"
172.237.61.148 - - [27/Apr/2026:19:56:31 +0300] "GET /der-ungewohnliche-fur-nusse-spielautomat-eye-of-horus-app-space-christmas-1-pfand-nachrichten-gebuhrenfrei-%E6%B7%A8%E7%BE%8E%E7%9A%AE%E8%86%9A%E7%A7%91%E8%A8%BA%E6%89%80/ HTTP/1.1" 200 72327 "-" "Mozilla/5.0 (Windows NT 10.0; rv:109.0) Gecko/20100101 Firefox/115.0"
62.12.118.39 - - [27/Apr/2026:19:56:55 +0300] "GET /current-casino-advertisements/ HTTP/1.1" 200 79054 "-" "Mozilla/5.0 (Windows NT 10.0; Win64; x64; rv:125.0) Gecko/20100101 Firefox/125.0"
185.216.113.70 - - [27/Apr/2026:20:03:03 +0300] "POST /wp-cron.php?doing_wp_cron=1777309383.1593589782714843750000 HTTP/1.1" 200 448 "-" "WordPress/6.3.8; https://serhatburke.miroglu.net"
62.12.118.39 - - [27/Apr/2026:20:02:49 +0300] "POST /xmlrpc.php HTTP/1.1" 200 630 "-" "Mozilla/5.0 (Windows NT 10.0; Win64; x64) AppleWebKit/537.36 (KHTML, like Gecko) Chrome/114.0.0.0 Safari/537.36"
62.12.118.39 - - [27/Apr/2026:20:03:10 +0300] "POST /xmlrpc.php HTTP/1.1" 200 16349 "-" "Mozilla/5.0 (Windows NT 10.0; Win64; x64) AppleWebKit/537.36 (KHTML, like Gecko) Chrome/114.0.0.0 Safari/537.36"
201.229.172.51 - - [27/Apr/2026:20:03:25 +0300] "POST /xmlrpc.php HTTP/2" 200 140 "-" "WordPress/XMLRPC Client"
62.12.118.39 - - [27/Apr/2026:20:03:24 +0300] "GET /trendy-good-fresh-fruit-position-enjoy-totally-free-playtech-online-game-on-the-internet/ HTTP/1.1" 200 81021 "-" "Mozilla/5.0 (Windows NT 10.0; Win64; x64) AppleWebKit/537.36 (KHTML, like Gecko) Chrome/123.0.0.0 Safari/537.36 OPR/109.0.0.0"
185.216.113.70 - - [27/Apr/2026:20:03:51 +0300] "POST /wp-cron.php?doing_wp_cron=1777309431.2194499969482421875000 HTTP/1.1" 200 448 "-" "WordPress/6.3.8; https://serhatburke.miroglu.net"
201.229.172.51 - - [27/Apr/2026:20:03:39 +0300] "GET /?p=140780 HTTP/2" 301 0 "-" "Mozilla/5.0 (Windows NT 10.0; Win64; x64) AppleWebKit/537.36 (KHTML, like Gecko) Chrome/120.0.0.0 Safari/537.36"
66.249.73.14 - - [27/Apr/2026:20:04:03 +0300] "GET /superspinscasino-uk-free-games-a-review-for-british-players/undefined?ts=1775520000 HTTP/1.1" 200 0 "https://serhatburke.miroglu.net/superspinscasino-uk-free-games-a-review-for-british-players/" "Mozilla/5.0 (Linux; Android 6.0.1; Nexus 5X Build/MMB29P) AppleWebKit/537.36 (KHTML, like Gecko) Chrome/146.0.7680.177 Mobile Safari/537.36 (compatible; Googlebot/2.1; +http://www.google.com/bot.html)"
66.249.73.15 - - [27/Apr/2026:20:04:15 +0300] "GET /superspinscasino-uk-free-games-a-review-for-british-players/undefined?ts=1775520000 HTTP/1.1" 200 0 "https://serhatburke.miroglu.net/superspinscasino-uk-free-games-a-review-for-british-players/" "Mozilla/5.0 (Linux; Android 6.0.1; Nexus 5X Build/MMB29P) AppleWebKit/537.36 (KHTML, like Gecko) Chrome/146.0.7680.177 Mobile Safari/537.36 (compatible; Googlebot/2.1; +http://www.google.com/bot.html)"
66.249.76.77 - - [27/Apr/2026:20:04:27 +0300] "GET /superspinscasino-uk-free-games-a-review-for-british-players/undefined?ts=1775520000 HTTP/1.1" 200 0 "https://serhatburke.miroglu.net/superspinscasino-uk-free-games-a-review-for-british-players/" "Mozilla/5.0 (Linux; Android 6.0.1; Nexus 5X Build/MMB29P) AppleWebKit/537.36 (KHTML, like Gecko) Chrome/146.0.7680.177 Mobile Safari/537.36 (compatible; Googlebot/2.1; +http://www.google.com/bot.html)"
185.216.113.70 - - [27/Apr/2026:20:04:40 +0300] "POST /wp-cron.php?doing_wp_cron=1777309479.9203538894653320312500 HTTP/1.1" 200 448 "-" "WordPress/6.3.8; https://serhatburke.miroglu.net"
66.249.73.14 - - [27/Apr/2026:20:04:42 +0300] "GET /superspinscasino-uk-free-games-a-review-for-british-players/undefined?ts=1775520000 HTTP/1.1" 200 0 "https://serhatburke.miroglu.net/superspinscasino-uk-free-games-a-review-for-british-players/" "Mozilla/5.0 (Linux; Android 6.0.1; Nexus 5X Build/MMB29P) AppleWebKit/537.36 (KHTML, like Gecko) Chrome/146.0.7680.177 Mobile Safari/537.36 (compatible; Googlebot/2.1; +http://www.google.com/bot.html)"
185.216.113.70 - - [27/Apr/2026:20:05:39 +0300] "POST /wp-cron.php?doing_wp_cron=1777309539.5495369434356689453125 HTTP/1.1" 200 448 "-" "WordPress/6.3.8; https://serhatburke.miroglu.net"
40.77.167.17 - - [27/Apr/2026:20:05:26 +0300] "GET /druckgluck-kasino-erfahrungen-and-test-2026-maklercourtage-codes/ HTTP/2" 200 20417 "-" "Mozilla/5.0 AppleWebKit/537.36 (KHTML, like Gecko; compatible; bingbot/2.0; +http://www.bing.com/bingbot.htm) Chrome/116.0.1938.76 Safari/537.36"
52.167.144.173 - - [27/Apr/2026:20:05:34 +0300] "GET /private-in-breadth-field-intelligence-can-help-you-improve-your-money/ HTTP/2" 200 18069 "-" "Mozilla/5.0 AppleWebKit/537.36 (KHTML, like Gecko; compatible; bingbot/2.0; +http://www.bing.com/bingbot.htm) Chrome/116.0.1938.76 Safari/537.36"
52.167.144.222 - - [27/Apr/2026:20:05:41 +0300] "GET /pili-dream-battle-from-dragons-online-streaming-on-the-web/ HTTP/2" 200 19437 "-" "Mozilla/5.0 AppleWebKit/537.36 (KHTML, like Gecko; compatible; bingbot/2.0; +http://www.bing.com/bingbot.htm) Chrome/116.0.1938.76 Safari/537.36"
40.77.167.17 - - [27/Apr/2026:20:05:56 +0300] "GET /dies-automatenspiel-via-casino-fruits-and-jokers-100-lines-irgendeiner-smartphone-versio/ HTTP/2" 200 19900 "-" "Mozilla/5.0 AppleWebKit/537.36 (KHTML, like Gecko; compatible; bingbot/2.0; +http://www.bing.com/bingbot.htm) Chrome/116.0.1938.76 Safari/537.36"
46.8.223.48 - - [27/Apr/2026:20:07:50 +0300] "GET /wp-login.php HTTP/1.1" 200 0 "-" "Mozilla/5.0 (Windows NT 10.0; Win64; x64) AppleWebKit/537.36 (KHTML, like Gecko) Chrome/124.0.0.0 Safari/537.36"
46.8.223.48 - - [27/Apr/2026:20:08:08 +0300] "GET /wp-admin HTTP/1.1" 301 1242 "-" "Mozilla/5.0 (Windows NT 10.0; Win64; x64) AppleWebKit/537.36 (KHTML, like Gecko) Chrome/124.0.0.0 Safari/537.36"
46.8.223.48 - - [27/Apr/2026:20:07:59 +0300] "GET /wp-admin/ HTTP/1.1" 200 0 "-" "Mozilla/5.0 (Windows NT 10.0; Win64; x64) AppleWebKit/537.36 (KHTML, like Gecko) Chrome/124.0.0.0 Safari/537.36"
46.8.223.48 - - [27/Apr/2026:20:08:09 +0300] "GET /wp-admin/ HTTP/1.1" 200 0 "-" "Mozilla/5.0 (Windows NT 10.0; Win64; x64) AppleWebKit/537.36 (KHTML, like Gecko) Chrome/124.0.0.0 Safari/537.36"
46.8.223.48 - - [27/Apr/2026:20:08:18 +0300] "GET /wp-admin/index.php HTTP/1.1" 200 0 "-" "Mozilla/5.0 (Windows NT 10.0; Win64; x64) AppleWebKit/537.36 (KHTML, like Gecko) Chrome/124.0.0.0 Safari/537.36"
46.8.223.48 - - [27/Apr/2026:20:08:27 +0300] "GET /admin/ HTTP/1.1" 200 0 "-" "Mozilla/5.0 (Windows NT 10.0; Win64; x64) AppleWebKit/537.36 (KHTML, like Gecko) Chrome/124.0.0.0 Safari/537.36"
46.8.223.48 - - [27/Apr/2026:20:08:36 +0300] "GET /admin HTTP/1.1" 200 0 "-" "Mozilla/5.0 (Windows NT 10.0; Win64; x64) AppleWebKit/537.36 (KHTML, like Gecko) Chrome/124.0.0.0 Safari/537.36"
46.8.223.48 - - [27/Apr/2026:20:08:46 +0300] "GET /admin.php HTTP/1.1" 200 0 "-" "Mozilla/5.0 (Windows NT 10.0; Win64; x64) AppleWebKit/537.36 (KHTML, like Gecko) Chrome/124.0.0.0 Safari/537.36"
46.8.223.48 - - [27/Apr/2026:20:08:54 +0300] "GET /login/ HTTP/1.1" 200 0 "-" "Mozilla/5.0 (Windows NT 10.0; Win64; x64) AppleWebKit/537.36 (KHTML, like Gecko) Chrome/124.0.0.0 Safari/537.36"
185.216.113.70 - - [27/Apr/2026:20:09:08 +0300] "POST /wp-cron.php?doing_wp_cron=1777309748.1550259590148925781250 HTTP/1.1" 200 448 "-" "WordPress/6.3.8; https://serhatburke.miroglu.net"
62.12.118.39 - - [27/Apr/2026:20:08:51 +0300] "POST /xmlrpc.php HTTP/1.1" 200 630 "-" "Mozilla/5.0 (Windows NT 10.0; Win64; x64) AppleWebKit/537.36 (KHTML, like Gecko) Chrome/114.0.0.0 Safari/537.36"
46.8.223.48 - - [27/Apr/2026:20:09:03 +0300] "GET /login HTTP/1.1" 200 0 "-" "Mozilla/5.0 (Windows NT 10.0; Win64; x64) AppleWebKit/537.36 (KHTML, like Gecko) Chrome/124.0.0.0 Safari/537.36"
46.8.223.48 - - [27/Apr/2026:20:09:12 +0300] "GET /wp-login HTTP/1.1" 200 0 "-" "Mozilla/5.0 (Windows NT 10.0; Win64; x64) AppleWebKit/537.36 (KHTML, like Gecko) Chrome/124.0.0.0 Safari/537.36"
46.8.223.48 - - [27/Apr/2026:20:09:21 +0300] "GET /dashboard/ HTTP/1.1" 200 0 "-" "Mozilla/5.0 (Windows NT 10.0; Win64; x64) AppleWebKit/537.36 (KHTML, like Gecko) Chrome/124.0.0.0 Safari/537.36"
62.12.118.39 - - [27/Apr/2026:20:09:15 +0300] "POST /xmlrpc.php HTTP/1.1" 200 16645 "-" "Mozilla/5.0 (Windows NT 10.0; Win64; x64) AppleWebKit/537.36 (KHTML, like Gecko) Chrome/114.0.0.0 Safari/537.36"
