65.111.11.213 - - [27/Apr/2026:13:40:47 +0300] "POST /wp-login.php HTTP/1.1" 200 4156 "https://serhatburke.miroglu.net/wp-login.php" "Mozilla/5.0 (Windows NT 10.0; Win64; x64) AppleWebKit/537.36 (KHTML, like Gecko) Chrome/143.0.0.0 Safari/537.36"
98.98.197.162 - - [27/Apr/2026:13:40:49 +0300] "GET /tips-play-and-luxuriate-in-unbelievable-honours-inside-the-cool-fruit-position/ HTTP/1.1" 200 79902 "-" "Mozilla/5.0 (Windows NT 10.0; Win64; x64) AppleWebKit/537.36 (KHTML, like Gecko) Chrome/123.0.0.0 Safari/537.36 OPR/109.0.0.0"
65.111.31.141 - - [27/Apr/2026:13:41:17 +0300] "GET /wp-login.php HTTP/1.1" 200 4196 "-" "Mozilla/5.0 (Windows NT 10.0; Win64; x64) AppleWebKit/537.36 (KHTML, like Gecko) Chrome/143.0.0.0 Safari/537.36"
216.26.249.61 - - [27/Apr/2026:13:41:16 +0300] "GET /wp-admin/ HTTP/1.1" 200 246176 "https://serhatburke.miroglu.net/wp-login.php" "Mozilla/5.0 (Windows NT 10.0; Win64; x64) AppleWebKit/537.36 (KHTML, like Gecko) Chrome/143.0.0.0 Safari/537.36"
216.26.249.61 - - [27/Apr/2026:13:41:34 +0300] "GET /wp-admin/plugin-install.php HTTP/1.1" 403 233 "https://serhatburke.miroglu.net/wp-login.php" "Mozilla/5.0 (Windows NT 10.0; Win64; x64) AppleWebKit/537.36 (KHTML, like Gecko) Chrome/143.0.0.0 Safari/537.36"
216.26.249.61 - - [27/Apr/2026:13:41:34 +0300] "GET /wp-admin/plugin-install.php HTTP/1.1" 403 233 "https://serhatburke.miroglu.net/wp-login.php" "Mozilla/5.0 (Windows NT 10.0; Win64; x64) AppleWebKit/537.36 (KHTML, like Gecko) Chrome/143.0.0.0 Safari/537.36"
185.216.113.70 - - [27/Apr/2026:13:41:45 +0300] "POST /wp-cron.php?doing_wp_cron=1777286505.1397569179534912109375 HTTP/1.1" 200 448 "-" "WordPress/6.3.8; https://serhatburke.miroglu.net"
65.111.31.141 - - [27/Apr/2026:13:41:33 +0300] "POST /wp-login.php HTTP/1.1" 200 4156 "https://serhatburke.miroglu.net/wp-login.php" "Mozilla/5.0 (Windows NT 10.0; Win64; x64) AppleWebKit/537.36 (KHTML, like Gecko) Chrome/143.0.0.0 Safari/537.36"
104.207.40.22 - - [27/Apr/2026:13:41:46 +0300] "GET /wp-login.php HTTP/1.1" 200 4196 "-" "Mozilla/5.0 (Windows NT 10.0; Win64; x64) AppleWebKit/537.36 (KHTML, like Gecko) Chrome/143.0.0.0 Safari/537.36"
104.207.40.22 - - [27/Apr/2026:13:42:00 +0300] "POST /wp-login.php HTTP/1.1" 200 4156 "https://serhatburke.miroglu.net/wp-login.php" "Mozilla/5.0 (Windows NT 10.0; Win64; x64) AppleWebKit/537.36 (KHTML, like Gecko) Chrome/143.0.0.0 Safari/537.36"
216.73.217.81 - - [27/Apr/2026:13:42:10 +0300] "GET /sitemap.rss HTTP/2" 200 0 "-" "Mozilla/5.0 AppleWebKit/537.36 (KHTML, like Gecko; compatible; ClaudeBot/1.0; +claudebot@anthropic.com)"
158.69.22.136 - - [27/Apr/2026:13:42:16 +0300] "GET /zotabet-casino-bonus-premier-depot-2026/ HTTP/1.1" 200 19099 "-" "Mozilla/5.0 (compatible; Googlebot/2.1; +http://www.google.com/bot.html)"
185.216.113.70 - - [27/Apr/2026:13:42:44 +0300] "POST /wp-cron.php?doing_wp_cron=1777286564.5456869602203369140625 HTTP/1.1" 200 448 "-" "WordPress/6.3.8; https://serhatburke.miroglu.net"
98.98.79.37 - - [27/Apr/2026:13:42:31 +0300] "POST /xmlrpc.php HTTP/1.1" 200 630 "-" "Mozilla/5.0 (Windows NT 10.0; Win64; x64) AppleWebKit/537.36 (KHTML, like Gecko) Chrome/114.0.0.0 Safari/537.36"
158.69.22.136 - - [27/Apr/2026:13:42:43 +0300] "GET /beste-casino-site-belgie-hoge-inzet/ HTTP/1.1" 200 19265 "-" "Mozilla/5.0 (compatible; Googlebot/2.1; +http://www.google.com/bot.html)"
130.49.77.221 - - [27/Apr/2026:13:42:53 +0300] "GET /wp-login.php HTTP/2" 200 0 "-" "Mozilla/5.0 (Windows NT 10.0; Win64; x64) AppleWebKit/537.36 (KHTML, like Gecko) Chrome/124.0.6367.207 Safari/537.36"
93.177.119.124 - - [27/Apr/2026:13:42:52 +0300] "GET /wp-login.php HTTP/2" 200 0 "-" "Mozilla/5.0 (Windows NT 10.0; Win64; x64; rv:127.0) Gecko/20100101 Firefox/127.0"
98.98.79.37 - - [27/Apr/2026:13:42:50 +0300] "POST /xmlrpc.php HTTP/1.1" 200 12328 "-" "Mozilla/5.0 (Windows NT 10.0; Win64; x64) AppleWebKit/537.36 (KHTML, like Gecko) Chrome/114.0.0.0 Safari/537.36"
98.98.79.37 - - [27/Apr/2026:13:43:15 +0300] "GET /spiegheremo-indi-avvenimento-acquitte-queste-promozioni-migliori-delle-altre-di-nuovo-che-razza-di-usarle-al-meglio/ HTTP/1.1" 200 77994 "-" "Mozilla/5.0 (Windows NT 10.0; Win64; x64) AppleWebKit/537.36 (KHTML, like Gecko) Chrome/122.0.0.0 Safari/537.36"
185.216.113.70 - - [27/Apr/2026:13:44:49 +0300] "POST /wp-cron.php?doing_wp_cron=1777286689.0403048992156982421875 HTTP/1.1" 200 448 "-" "WordPress/6.3.8; https://serhatburke.miroglu.net"
212.119.47.97 - - [27/Apr/2026:13:44:36 +0300] "GET /wp-login.php HTTP/2" 200 3090 "-" "Mozilla/5.0 (Macintosh; Intel Mac OS X 13_5) AppleWebKit/605.1.15 (KHTML, like Gecko) Version/17.5 Safari/605.1.15"
98.98.197.162 - - [27/Apr/2026:13:44:55 +0300] "POST /xmlrpc.php HTTP/1.1" 200 630 "-" "Mozilla/5.0 (Windows NT 10.0; Win64; x64) AppleWebKit/537.36 (KHTML, like Gecko) Chrome/114.0.0.0 Safari/537.36"
185.216.113.70 - - [27/Apr/2026:13:45:37 +0300] "POST /wp-cron.php?doing_wp_cron=1777286737.4760370254516601562500 HTTP/1.1" 200 448 "-" "WordPress/6.3.8; https://serhatburke.miroglu.net"
98.98.197.162 - - [27/Apr/2026:13:45:19 +0300] "POST /xmlrpc.php HTTP/1.1" 200 15016 "-" "Mozilla/5.0 (Windows NT 10.0; Win64; x64) AppleWebKit/537.36 (KHTML, like Gecko) Chrome/114.0.0.0 Safari/537.36"
52.167.144.171 - - [27/Apr/2026:13:45:16 +0300] "GET /right-here-to-you-when-%EF%BF%BD-actual-service-no-bots/ HTTP/2" 200 18043 "-" "Mozilla/5.0 AppleWebKit/537.36 (KHTML, like Gecko; compatible; bingbot/2.0; +http://www.bing.com/bingbot.htm) Chrome/116.0.1938.76 Safari/537.36"
52.167.144.147 - - [27/Apr/2026:13:45:21 +0300] "GET /trambusto-online-per-contante-veri-per-categoria-selezione-delle-eccellenze/ HTTP/2" 200 17784 "-" "Mozilla/5.0 AppleWebKit/537.36 (KHTML, like Gecko; compatible; bingbot/2.0; +http://www.bing.com/bingbot.htm) Chrome/116.0.1938.76 Safari/537.36"
98.98.197.162 - - [27/Apr/2026:13:45:42 +0300] "GET /cool-fruits-jackpot-position-review-and-you-will-greatest-gambling-enterprises-2026/ HTTP/1.1" 200 79049 "-" "Mozilla/5.0 (Windows NT 10.0; Win64; x64) AppleWebKit/537.36 (KHTML, like Gecko) Chrome/123.0.0.0 Safari/537.36 OPR/109.0.0.0"
52.167.144.147 - - [27/Apr/2026:13:46:00 +0300] "GET /greatest-on-line-casino-extra-better-promotions-march-2026/ HTTP/2" 200 18656 "-" "Mozilla/5.0 AppleWebKit/537.36 (KHTML, like Gecko; compatible; bingbot/2.0; +http://www.bing.com/bingbot.htm) Chrome/116.0.1938.76 Safari/537.36"
170.168.240.208 - - [27/Apr/2026:13:46:07 +0300] "GET /wp-login.php HTTP/2" 200 3090 "-" "Mozilla/5.0 (Macintosh; Intel Mac OS X 13_5) AppleWebKit/605.1.15 (KHTML, like Gecko) Version/17.5 Safari/605.1.15"
216.73.217.81 - - [27/Apr/2026:13:49:11 +0300] "GET /sitemap.xml HTTP/2" 200 0 "-" "Mozilla/5.0 AppleWebKit/537.36 (KHTML, like Gecko; compatible; ClaudeBot/1.0; +claudebot@anthropic.com)"
185.216.113.70 - - [27/Apr/2026:13:50:19 +0300] "POST /wp-cron.php?doing_wp_cron=1777287019.2188870906829833984375 HTTP/1.1" 200 448 "-" "WordPress/6.3.8; https://serhatburke.miroglu.net"
216.26.231.22 - - [27/Apr/2026:13:49:53 +0300] "GET /wp-login.php HTTP/1.1" 200 4196 "-" "Mozilla/5.0 (Windows NT 10.0; Win64; x64) AppleWebKit/537.36 (KHTML, like Gecko) Chrome/143.0.0.0 Safari/537.36"
45.3.44.72 - - [27/Apr/2026:13:49:54 +0300] "GET /wp-login.php HTTP/1.1" 200 4196 "-" "Mozilla/5.0 (Windows NT 10.0; Win64; x64) AppleWebKit/537.36 (KHTML, like Gecko) Chrome/143.0.0.0 Safari/537.36"
65.111.4.221 - - [27/Apr/2026:13:49:54 +0300] "GET /wp-login.php HTTP/1.1" 200 4196 "-" "Mozilla/5.0 (Windows NT 10.0; Win64; x64) AppleWebKit/537.36 (KHTML, like Gecko) Chrome/143.0.0.0 Safari/537.36"
65.111.22.100 - - [27/Apr/2026:13:49:55 +0300] "GET /wp-login.php HTTP/1.1" 200 4196 "-" "Mozilla/5.0 (Windows NT 10.0; Win64; x64) AppleWebKit/537.36 (KHTML, like Gecko) Chrome/143.0.0.0 Safari/537.36"
45.3.44.72 - - [27/Apr/2026:13:50:19 +0300] "POST /wp-login.php HTTP/1.1" 302 1374 "https://serhatburke.miroglu.net/wp-login.php" "Mozilla/5.0 (Windows NT 10.0; Win64; x64) AppleWebKit/537.36 (KHTML, like Gecko) Chrome/143.0.0.0 Safari/537.36"
65.111.4.221 - - [27/Apr/2026:13:50:21 +0300] "POST /wp-login.php HTTP/1.1" 200 4156 "https://serhatburke.miroglu.net/wp-login.php" "Mozilla/5.0 (Windows NT 10.0; Win64; x64) AppleWebKit/537.36 (KHTML, like Gecko) Chrome/143.0.0.0 Safari/537.36"
65.111.22.100 - - [27/Apr/2026:13:50:22 +0300] "POST /wp-login.php HTTP/1.1" 302 1374 "https://serhatburke.miroglu.net/wp-login.php" "Mozilla/5.0 (Windows NT 10.0; Win64; x64) AppleWebKit/537.36 (KHTML, like Gecko) Chrome/143.0.0.0 Safari/537.36"
216.26.231.22 - - [27/Apr/2026:13:50:19 +0300] "POST /wp-login.php HTTP/1.1" 302 1374 "https://serhatburke.miroglu.net/wp-login.php" "Mozilla/5.0 (Windows NT 10.0; Win64; x64) AppleWebKit/537.36 (KHTML, like Gecko) Chrome/143.0.0.0 Safari/537.36"
103.104.142.115 - - [27/Apr/2026:13:50:47 +0300] "GET /automaty-hazard-online HTTP/1.1" 200 0 "https://serhatburke.miroglu.net/" "Mozilla/5.0 (Macintosh; Intel Mac OS X 10.15; rv:122.0) Gecko/20100101 Firefox/122.0"
98.98.197.162 - - [27/Apr/2026:13:50:38 +0300] "POST /xmlrpc.php HTTP/1.1" 200 630 "-" "Mozilla/5.0 (Windows NT 10.0; Win64; x64) AppleWebKit/537.36 (KHTML, like Gecko) Chrome/114.0.0.0 Safari/537.36"
185.216.113.70 - - [27/Apr/2026:13:51:31 +0300] "POST /wp-cron.php?doing_wp_cron=1777287091.2586839199066162109375 HTTP/1.1" 200 448 "-" "WordPress/6.3.8; https://serhatburke.miroglu.net"
185.216.113.70 - - [27/Apr/2026:13:51:31 +0300] "POST /wp-cron.php?doing_wp_cron=1777287091.3611140251159667968750 HTTP/1.1" 200 448 "-" "WordPress/6.3.8; https://serhatburke.miroglu.net"
185.216.113.70 - - [27/Apr/2026:13:51:31 +0300] "POST /wp-cron.php?doing_wp_cron=1777287091.8283538818359375000000 HTTP/1.1" 200 448 "-" "WordPress/6.3.8; https://serhatburke.miroglu.net"
104.207.32.92 - - [27/Apr/2026:13:50:59 +0300] "GET /wp-login.php HTTP/1.1" 200 4196 "-" "Mozilla/5.0 (Windows NT 10.0; Win64; x64) AppleWebKit/537.36 (KHTML, like Gecko) Chrome/143.0.0.0 Safari/537.36"
185.216.113.70 - - [27/Apr/2026:13:51:33 +0300] "POST /wp-cron.php?doing_wp_cron=1777287093.2212610244750976562500 HTTP/1.1" 200 448 "-" "WordPress/6.3.8; https://serhatburke.miroglu.net"
65.111.22.100 - - [27/Apr/2026:13:50:58 +0300] "GET /wp-admin/ HTTP/1.1" 200 246300 "https://serhatburke.miroglu.net/wp-login.php" "Mozilla/5.0 (Windows NT 10.0; Win64; x64) AppleWebKit/537.36 (KHTML, like Gecko) Chrome/143.0.0.0 Safari/537.36"
45.3.44.72 - - [27/Apr/2026:13:50:57 +0300] "GET /wp-admin/ HTTP/1.1" 200 246361 "https://serhatburke.miroglu.net/wp-login.php" "Mozilla/5.0 (Windows NT 10.0; Win64; x64) AppleWebKit/537.36 (KHTML, like Gecko) Chrome/143.0.0.0 Safari/537.36"
45.3.44.72 - - [27/Apr/2026:13:51:34 +0300] "GET /wp-admin/plugin-install.php HTTP/1.1" 403 233 "https://serhatburke.miroglu.net/wp-login.php" "Mozilla/5.0 (Windows NT 10.0; Win64; x64) AppleWebKit/537.36 (KHTML, like Gecko) Chrome/143.0.0.0 Safari/537.36"
65.111.22.100 - - [27/Apr/2026:13:51:34 +0300] "GET /wp-admin/plugin-install.php HTTP/1.1" 403 233 "https://serhatburke.miroglu.net/wp-login.php" "Mozilla/5.0 (Windows NT 10.0; Win64; x64) AppleWebKit/537.36 (KHTML, like Gecko) Chrome/143.0.0.0 Safari/537.36"
45.3.44.72 - - [27/Apr/2026:13:51:34 +0300] "GET /wp-admin/plugin-install.php HTTP/1.1" 403 233 "https://serhatburke.miroglu.net/wp-login.php" "Mozilla/5.0 (Windows NT 10.0; Win64; x64) AppleWebKit/537.36 (KHTML, like Gecko) Chrome/143.0.0.0 Safari/537.36"
65.111.22.100 - - [27/Apr/2026:13:51:34 +0300] "GET /wp-admin/plugin-install.php HTTP/1.1" 403 233 "https://serhatburke.miroglu.net/wp-login.php" "Mozilla/5.0 (Windows NT 10.0; Win64; x64) AppleWebKit/537.36 (KHTML, like Gecko) Chrome/143.0.0.0 Safari/537.36"
216.26.231.22 - - [27/Apr/2026:13:51:02 +0300] "GET /wp-admin/ HTTP/1.1" 200 246280 "https://serhatburke.miroglu.net/wp-login.php" "Mozilla/5.0 (Windows NT 10.0; Win64; x64) AppleWebKit/537.36 (KHTML, like Gecko) Chrome/143.0.0.0 Safari/537.36"
216.26.231.22 - - [27/Apr/2026:13:51:36 +0300] "GET /wp-admin/plugin-install.php HTTP/1.1" 403 233 "https://serhatburke.miroglu.net/wp-login.php" "Mozilla/5.0 (Windows NT 10.0; Win64; x64) AppleWebKit/537.36 (KHTML, like Gecko) Chrome/143.0.0.0 Safari/537.36"
216.26.231.22 - - [27/Apr/2026:13:51:37 +0300] "GET /wp-admin/plugin-install.php HTTP/1.1" 403 233 "https://serhatburke.miroglu.net/wp-login.php" "Mozilla/5.0 (Windows NT 10.0; Win64; x64) AppleWebKit/537.36 (KHTML, like Gecko) Chrome/143.0.0.0 Safari/537.36"
185.216.113.70 - - [27/Apr/2026:13:52:05 +0300] "POST /wp-cron.php?doing_wp_cron=1777287125.7013559341430664062500 HTTP/1.1" 200 448 "-" "WordPress/6.3.8; https://serhatburke.miroglu.net"
98.98.197.162 - - [27/Apr/2026:13:51:22 +0300] "POST /xmlrpc.php HTTP/1.1" 200 15572 "-" "Mozilla/5.0 (Windows NT 10.0; Win64; x64) AppleWebKit/537.36 (KHTML, like Gecko) Chrome/114.0.0.0 Safari/537.36"
104.207.32.92 - - [27/Apr/2026:13:51:32 +0300] "POST /wp-login.php HTTP/1.1" 200 4156 "https://serhatburke.miroglu.net/wp-login.php" "Mozilla/5.0 (Windows NT 10.0; Win64; x64) AppleWebKit/537.36 (KHTML, like Gecko) Chrome/143.0.0.0 Safari/537.36"
195.181.160.193 - - [27/Apr/2026:13:51:40 +0300] "GET /en-cok-kazandran-slot-oyunlar-2026-yuksek-rtp-slot/ HTTP/1.1" 200 22619 "-" "Screaming Frog SEO Spider/19.8"
62.12.118.39 - - [27/Apr/2026:13:52:13 +0300] "POST /xmlrpc.php HTTP/1.1" 200 630 "-" "Mozilla/5.0 (Windows NT 10.0; Win64; x64) AppleWebKit/537.36 (KHTML, like Gecko) Chrome/114.0.0.0 Safari/537.36"
98.98.197.162 - - [27/Apr/2026:13:52:07 +0300] "GET /cool-fresh-fruit-demonstration-playslots-web-step-one-slot-financing/ HTTP/1.1" 200 79505 "-" "Mozilla/5.0 (Windows NT 10.0; Win64; x64; rv:125.0) Gecko/20100101 Firefox/125.0"
45.3.43.110 - - [27/Apr/2026:13:52:24 +0300] "GET /wp-login.php HTTP/1.1" 200 4196 "-" "Mozilla/5.0 (Windows NT 10.0; Win64; x64) AppleWebKit/537.36 (KHTML, like Gecko) Chrome/143.0.0.0 Safari/537.36"
45.151.161.88 - - [27/Apr/2026:13:52:37 +0300] "POST /xmlrpc.php HTTP/1.1" 200 730 "-" "axios/1.11.0"
185.216.113.70 - - [27/Apr/2026:13:53:12 +0300] "POST /wp-cron.php?doing_wp_cron=1777287192.8115799427032470703125 HTTP/1.1" 200 448 "-" "WordPress/6.3.8; https://serhatburke.miroglu.net"
64.137.31.168 - - [27/Apr/2026:13:52:48 +0300] "POST /xmlrpc.php HTTP/1.1" 200 730 "-" "axios/1.11.0"
185.216.113.70 - - [27/Apr/2026:13:53:23 +0300] "POST /wp-cron.php?doing_wp_cron=1777287203.1747460365295410156250 HTTP/1.1" 200 448 "-" "WordPress/6.3.8; https://serhatburke.miroglu.net"
45.3.43.110 - - [27/Apr/2026:13:52:53 +0300] "POST /wp-login.php HTTP/1.1" 200 4156 "https://serhatburke.miroglu.net/wp-login.php" "Mozilla/5.0 (Windows NT 10.0; Win64; x64) AppleWebKit/537.36 (KHTML, like Gecko) Chrome/143.0.0.0 Safari/537.36"
185.216.113.70 - - [27/Apr/2026:13:53:26 +0300] "POST /wp-cron.php?doing_wp_cron=1777287205.9411919116973876953125 HTTP/1.1" 200 448 "-" "WordPress/6.3.8; https://serhatburke.miroglu.net"
62.12.118.39 - - [27/Apr/2026:13:52:55 +0300] "POST /xmlrpc.php HTTP/1.1" 200 17019 "-" "Mozilla/5.0 (Windows NT 10.0; Win64; x64) AppleWebKit/537.36 (KHTML, like Gecko) Chrome/114.0.0.0 Safari/537.36"
185.216.113.70 - - [27/Apr/2026:13:53:28 +0300] "POST /wp-cron.php?doing_wp_cron=1777287208.8010890483856201171875 HTTP/1.1" 200 448 "-" "WordPress/6.3.8; https://serhatburke.miroglu.net"
216.173.104.14 - - [27/Apr/2026:13:52:58 +0300] "POST /xmlrpc.php HTTP/1.1" 200 730 "-" "axios/1.11.0"
185.216.113.70 - - [27/Apr/2026:13:53:42 +0300] "POST /wp-cron.php?doing_wp_cron=1777287222.2041509151458740234375 HTTP/1.1" 200 448 "-" "WordPress/6.3.8; https://serhatburke.miroglu.net"
66.249.73.15 - - [27/Apr/2026:13:53:07 +0300] "GET /bandar-judi-bola-terpercaya-pilihan-utama-taruhan-8/ HTTP/1.1" 200 402416 "-" "Mozilla/5.0 (Linux; Android 6.0.1; Nexus 5X Build/MMB29P) AppleWebKit/537.36 (KHTML, like Gecko) Chrome/146.0.7680.177 Mobile Safari/537.36 (compatible; Googlebot/2.1; +http://www.google.com/bot.html)"
66.249.73.14 - - [27/Apr/2026:13:53:51 +0300] "GET /wp-content/themes/toppic/js/jquery.modernizr.custom.js?ver=4.2 HTTP/1.1" 200 3520 "https://serhatburke.miroglu.net/bandar-judi-bola-terpercaya-pilihan-utama-taruhan-8/" "Mozilla/5.0 (Linux; Android 6.0.1; Nexus 5X Build/MMB29P) AppleWebKit/537.36 (KHTML, like Gecko) Chrome/146.0.7680.177 Mobile Safari/537.36 (compatible; Googlebot/2.1; +http://www.google.com/bot.html)"
66.249.73.14 - - [27/Apr/2026:13:53:51 +0300] "GET /wp-content/plugins/contact-form-7/includes/swv/js/index.js?ver=5.8 HTTP/1.1" 200 3511 "https://serhatburke.miroglu.net/bandar-judi-bola-terpercaya-pilihan-utama-taruhan-8/" "Mozilla/5.0 (Linux; Android 6.0.1; Nexus 5X Build/MMB29P) AppleWebKit/537.36 (KHTML, like Gecko) Chrome/146.0.7680.177 Mobile Safari/537.36 (compatible; Googlebot/2.1; +http://www.google.com/bot.html)"
66.249.73.14 - - [27/Apr/2026:13:53:52 +0300] "GET /bandar-judi-bola-terpercaya-pilihan-utama-taruhan-8/undefined?ts=1775520000 HTTP/1.1" 200 0 "https://serhatburke.miroglu.net/bandar-judi-bola-terpercaya-pilihan-utama-taruhan-8/" "Mozilla/5.0 (Linux; Android 6.0.1; Nexus 5X Build/MMB29P) AppleWebKit/537.36 (KHTML, like Gecko) Chrome/146.0.7680.177 Mobile Safari/537.36 (compatible; Googlebot/2.1; +http://www.google.com/bot.html)"
66.249.73.14 - - [27/Apr/2026:13:53:55 +0300] "GET /bandar-judi-bola-terpercaya-pilihan-utama-taruhan-8/undefined?ts=1775520000 HTTP/1.1" 200 0 "https://serhatburke.miroglu.net/bandar-judi-bola-terpercaya-pilihan-utama-taruhan-8/" "Mozilla/5.0 (Linux; Android 6.0.1; Nexus 5X Build/MMB29P) AppleWebKit/537.36 (KHTML, like Gecko) Chrome/146.0.7680.177 Mobile Safari/537.36 (compatible; Googlebot/2.1; +http://www.google.com/bot.html)"
66.249.73.14 - - [27/Apr/2026:13:53:56 +0300] "GET /bandar-judi-bola-terpercaya-pilihan-utama-taruhan-8/undefined?ts=1775520000 HTTP/1.1" 200 0 "https://serhatburke.miroglu.net/bandar-judi-bola-terpercaya-pilihan-utama-taruhan-8/" "Mozilla/5.0 (Linux; Android 6.0.1; Nexus 5X Build/MMB29P) AppleWebKit/537.36 (KHTML, like Gecko) Chrome/146.0.7680.177 Mobile Safari/537.36 (compatible; Googlebot/2.1; +http://www.google.com/bot.html)"
66.249.73.14 - - [27/Apr/2026:13:53:58 +0300] "GET /bandar-judi-bola-terpercaya-pilihan-utama-taruhan-8/undefined?ts=1775520000 HTTP/1.1" 200 0 "https://serhatburke.miroglu.net/bandar-judi-bola-terpercaya-pilihan-utama-taruhan-8/" "Mozilla/5.0 (Linux; Android 6.0.1; Nexus 5X Build/MMB29P) AppleWebKit/537.36 (KHTML, like Gecko) Chrome/146.0.7680.177 Mobile Safari/537.36 (compatible; Googlebot/2.1; +http://www.google.com/bot.html)"
66.249.73.14 - - [27/Apr/2026:13:54:10 +0300] "GET /bandar-judi-bola-terpercaya-pilihan-utama-taruhan-8/undefined?ts=1775520000 HTTP/1.1" 200 0 "https://serhatburke.miroglu.net/bandar-judi-bola-terpercaya-pilihan-utama-taruhan-8/" "Mozilla/5.0 (Linux; Android 6.0.1; Nexus 5X Build/MMB29P) AppleWebKit/537.36 (KHTML, like Gecko) Chrome/146.0.7680.177 Mobile Safari/537.36 (compatible; Googlebot/2.1; +http://www.google.com/bot.html)"
66.249.73.14 - - [27/Apr/2026:13:54:12 +0300] "GET /bandar-judi-bola-terpercaya-pilihan-utama-taruhan-8/undefined?ts=1775520000 HTTP/1.1" 200 0 "https://serhatburke.miroglu.net/bandar-judi-bola-terpercaya-pilihan-utama-taruhan-8/" "Mozilla/5.0 (Linux; Android 6.0.1; Nexus 5X Build/MMB29P) AppleWebKit/537.36 (KHTML, like Gecko) Chrome/146.0.7680.177 Mobile Safari/537.36 (compatible; Googlebot/2.1; +http://www.google.com/bot.html)"
52.167.144.224 - - [27/Apr/2026:13:53:34 +0300] "GET /bitcoin-lightning-dracula-en-linea-network-a-que-es-lo-primero-seria-y-como-soluciona/ HTTP/2" 200 0 "-" "Mozilla/5.0 AppleWebKit/537.36 (KHTML, like Gecko; compatible; bingbot/2.0; +http://www.bing.com/bingbot.htm) Chrome/116.0.1938.76 Safari/537.36"
66.249.73.14 - - [27/Apr/2026:13:54:14 +0300] "GET /bandar-judi-bola-terpercaya-pilihan-utama-taruhan-8/undefined?ts=1775520000 HTTP/1.1" 200 0 "https://serhatburke.miroglu.net/bandar-judi-bola-terpercaya-pilihan-utama-taruhan-8/" "Mozilla/5.0 (Linux; Android 6.0.1; Nexus 5X Build/MMB29P) AppleWebKit/537.36 (KHTML, like Gecko) Chrome/146.0.7680.177 Mobile Safari/537.36 (compatible; Googlebot/2.1; +http://www.google.com/bot.html)"
66.249.73.14 - - [27/Apr/2026:13:54:16 +0300] "GET /bandar-judi-bola-terpercaya-pilihan-utama-taruhan-8/undefined?ts=1775520000 HTTP/1.1" 200 0 "https://serhatburke.miroglu.net/bandar-judi-bola-terpercaya-pilihan-utama-taruhan-8/" "Mozilla/5.0 (Linux; Android 6.0.1; Nexus 5X Build/MMB29P) AppleWebKit/537.36 (KHTML, like Gecko) Chrome/146.0.7680.177 Mobile Safari/537.36 (compatible; Googlebot/2.1; +http://www.google.com/bot.html)"
185.216.113.70 - - [27/Apr/2026:13:54:29 +0300] "POST /wp-cron.php?doing_wp_cron=1777287269.0511929988861083984375 HTTP/1.1" 200 448 "-" "WordPress/6.3.8; https://serhatburke.miroglu.net"
185.216.113.70 - - [27/Apr/2026:13:54:29 +0300] "POST /wp-cron.php?doing_wp_cron=1777287269.8662290573120117187500 HTTP/1.1" 200 448 "-" "WordPress/6.3.8; https://serhatburke.miroglu.net"
52.167.144.147 - - [27/Apr/2026:13:53:41 +0300] "GET /discover-the-advantages-of-using-ledger-live-for-crypto-3/ HTTP/2" 200 0 "-" "Mozilla/5.0 AppleWebKit/537.36 (KHTML, like Gecko; compatible; bingbot/2.0; +http://www.bing.com/bingbot.htm) Chrome/116.0.1938.76 Safari/537.36"
66.249.73.14 - - [27/Apr/2026:13:54:22 +0300] "GET /bandar-judi-bola-terpercaya-pilihan-utama-taruhan-8/undefined?ts=1775520000 HTTP/1.1" 200 0 "https://serhatburke.miroglu.net/bandar-judi-bola-terpercaya-pilihan-utama-taruhan-8/" "Mozilla/5.0 (Linux; Android 6.0.1; Nexus 5X Build/MMB29P) AppleWebKit/537.36 (KHTML, like Gecko) Chrome/146.0.7680.177 Mobile Safari/537.36 (compatible; Googlebot/2.1; +http://www.google.com/bot.html)"
66.249.73.14 - - [27/Apr/2026:13:54:23 +0300] "GET /bandar-judi-bola-terpercaya-pilihan-utama-taruhan-8/undefined?ts=1775520000 HTTP/1.1" 200 0 "https://serhatburke.miroglu.net/bandar-judi-bola-terpercaya-pilihan-utama-taruhan-8/" "Mozilla/5.0 (Linux; Android 6.0.1; Nexus 5X Build/MMB29P) AppleWebKit/537.36 (KHTML, like Gecko) Chrome/146.0.7680.177 Mobile Safari/537.36 (compatible; Googlebot/2.1; +http://www.google.com/bot.html)"
66.249.73.14 - - [27/Apr/2026:13:54:23 +0300] "GET /bandar-judi-bola-terpercaya-pilihan-utama-taruhan-8/undefined?ts=1775520000 HTTP/1.1" 200 0 "https://serhatburke.miroglu.net/bandar-judi-bola-terpercaya-pilihan-utama-taruhan-8/" "Mozilla/5.0 (Linux; Android 6.0.1; Nexus 5X Build/MMB29P) AppleWebKit/537.36 (KHTML, like Gecko) Chrome/146.0.7680.177 Mobile Safari/537.36 (compatible; Googlebot/2.1; +http://www.google.com/bot.html)"
66.249.73.14 - - [27/Apr/2026:13:54:25 +0300] "GET /bandar-judi-bola-terpercaya-pilihan-utama-taruhan-8/undefined?ts=1775520000 HTTP/1.1" 200 0 "https://serhatburke.miroglu.net/bandar-judi-bola-terpercaya-pilihan-utama-taruhan-8/" "Mozilla/5.0 (Linux; Android 6.0.1; Nexus 5X Build/MMB29P) AppleWebKit/537.36 (KHTML, like Gecko) Chrome/146.0.7680.177 Mobile Safari/537.36 (compatible; Googlebot/2.1; +http://www.google.com/bot.html)"
62.12.118.39 - - [27/Apr/2026:13:53:27 +0300] "GET /southern-area-park-status-opinion-netent-free-trial-96-100-percent-free-revolves-betvictor-80-casino-69-rtp-ministere-de-los-angeles-sante-publique/ HTTP/1.1" 200 82947 "-" "Mozilla/5.0 (Windows NT 10.0; Win64; x64) AppleWebKit/537.36 (KHTML, like Gecko) Chrome/122.0.0.0 Safari/537.36"
66.249.73.15 - - [27/Apr/2026:13:54:35 +0300] "GET /bandar-judi-bola-terpercaya-pilihan-utama-taruhan-8/undefined?ts=1775520000 HTTP/1.1" 200 0 "https://serhatburke.miroglu.net/bandar-judi-bola-terpercaya-pilihan-utama-taruhan-8/" "Mozilla/5.0 (Linux; Android 6.0.1; Nexus 5X Build/MMB29P) AppleWebKit/537.36 (KHTML, like Gecko) Chrome/146.0.7680.177 Mobile Safari/537.36 (compatible; Googlebot/2.1; +http://www.google.com/bot.html)"
66.249.73.1 - - [27/Apr/2026:13:54:37 +0300] "GET /bandar-judi-bola-terpercaya-pilihan-utama-taruhan-8/undefined?ts=1775520000 HTTP/1.1" 200 0 "https://serhatburke.miroglu.net/bandar-judi-bola-terpercaya-pilihan-utama-taruhan-8/" "Mozilla/5.0 (Linux; Android 6.0.1; Nexus 5X Build/MMB29P) AppleWebKit/537.36 (KHTML, like Gecko) Chrome/146.0.7680.177 Mobile Safari/537.36 (compatible; Googlebot/2.1; +http://www.google.com/bot.html)"
66.249.73.15 - - [27/Apr/2026:13:54:39 +0300] "GET /bandar-judi-bola-terpercaya-pilihan-utama-taruhan-8/undefined?ts=1775520000 HTTP/1.1" 200 0 "https://serhatburke.miroglu.net/bandar-judi-bola-terpercaya-pilihan-utama-taruhan-8/" "Mozilla/5.0 (Linux; Android 6.0.1; Nexus 5X Build/MMB29P) AppleWebKit/537.36 (KHTML, like Gecko) Chrome/146.0.7680.177 Mobile Safari/537.36 (compatible; Googlebot/2.1; +http://www.google.com/bot.html)"
185.216.113.70 - - [27/Apr/2026:13:55:03 +0300] "POST /wp-cron.php?doing_wp_cron=1777287303.5398499965667724609375 HTTP/1.1" 200 448 "-" "WordPress/6.3.8; https://serhatburke.miroglu.net"
186.189.85.151 - - [27/Apr/2026:13:54:41 +0300] "POST /xmlrpc.php HTTP/2" 200 0 "-" "WordPress/XMLRPC Client"
185.216.113.70 - - [27/Apr/2026:13:55:14 +0300] "POST /wp-cron.php?doing_wp_cron=1777287314.4096100330352783203125 HTTP/1.1" 200 448 "-" "WordPress/6.3.8; https://serhatburke.miroglu.net"
37.120.155.2 - - [27/Apr/2026:13:54:55 +0300] "GET /wp-login.php HTTP/2" 200 0 "https://serhatburke.miroglu.net/" "Mozilla/5.0 (Windows NT 10.0; Win64; x64) AppleWebKit/537.36 (KHTML, like Gecko) Chrome/146.0.0.0 Safari/537.36"
185.216.113.70 - - [27/Apr/2026:13:55:22 +0300] "POST /wp-cron.php?doing_wp_cron=1777287322.7128291130065917968750 HTTP/1.1" 200 448 "-" "WordPress/6.3.8; https://serhatburke.miroglu.net"
185.216.113.70 - - [27/Apr/2026:13:55:24 +0300] "POST /wp-cron.php?doing_wp_cron=1777287324.0186738967895507812500 HTTP/1.1" 200 448 "-" "WordPress/6.3.8; https://serhatburke.miroglu.net"
98.98.79.37 - - [27/Apr/2026:13:54:05 +0300] "POST /xmlrpc.php HTTP/1.1" 200 630 "-" "Mozilla/5.0 (Windows NT 10.0; Win64; x64) AppleWebKit/537.36 (KHTML, like Gecko) Chrome/114.0.0.0 Safari/537.36"
185.216.113.70 - - [27/Apr/2026:13:55:31 +0300] "POST /wp-cron.php?doing_wp_cron=1777287331.5472290515899658203125 HTTP/1.1" 200 448 "-" "WordPress/6.3.8; https://serhatburke.miroglu.net"
62.12.118.39 - - [27/Apr/2026:13:54:13 +0300] "POST /xmlrpc.php HTTP/1.1" 200 630 "-" "Mozilla/5.0 (Windows NT 10.0; Win64; x64) AppleWebKit/537.36 (KHTML, like Gecko) Chrome/114.0.0.0 Safari/537.36"
103.166.100.36 - - [27/Apr/2026:13:55:12 +0300] "POST /xmlrpc.php HTTP/2" 200 0 "-" "WordPress/XMLRPC Client"
185.216.113.70 - - [27/Apr/2026:13:55:45 +0300] "POST /wp-cron.php?doing_wp_cron=1777287345.0451629161834716796875 HTTP/1.1" 200 448 "-" "WordPress/6.3.8; https://serhatburke.miroglu.net"
185.216.113.70 - - [27/Apr/2026:13:55:45 +0300] "POST /wp-cron.php?doing_wp_cron=1777287345.0527698993682861328125 HTTP/1.1" 200 448 "-" "WordPress/6.3.8; https://serhatburke.miroglu.net"
37.120.155.2 - - [27/Apr/2026:13:55:39 +0300] "POST /xmlrpc.php HTTP/1.1" 200 0 "https://serhatburke.miroglu.net/" "Mozilla/5.0 (Windows NT 10.0; Win64; x64) AppleWebKit/537.36 (KHTML, like Gecko) Chrome/122.0.0.0 Safari/537.36"
193.151.191.172 - - [27/Apr/2026:13:55:43 +0300] "POST /xmlrpc.php HTTP/2" 200 0 "-" "WordPress/XMLRPC Client"
190.6.53.18 - - [27/Apr/2026:13:55:51 +0300] "POST /xmlrpc.php HTTP/2" 200 0 "-" "WordPress/XMLRPC Client"
52.167.144.224 - - [27/Apr/2026:13:55:45 +0300] "GET /connecter-mon-pese-personne-sanitas-sbf-73-mobile/ HTTP/2" 200 0 "-" "Mozilla/5.0 AppleWebKit/537.36 (KHTML, like Gecko; compatible; bingbot/2.0; +http://www.bing.com/bingbot.htm) Chrome/116.0.1938.76 Safari/537.36"
40.77.167.23 - - [27/Apr/2026:13:55:50 +0300] "GET /labakie-tiessaistes-spelu-automati-australija-uz-goldbet-atjauninasanas-lietotnes-lejupielade-istu-valutu-2026-gada-janvari/ HTTP/2" 200 0 "-" "Mozilla/5.0 AppleWebKit/537.36 (KHTML, like Gecko; compatible; bingbot/2.0; +http://www.bing.com/bingbot.htm) Chrome/116.0.1938.76 Safari/537.36"
95.26.142.211 - - [27/Apr/2026:13:56:13 +0300] "POST /xmlrpc.php HTTP/2" 200 0 "-" "WordPress/XMLRPC Client"
92.97.186.13 - - [27/Apr/2026:13:56:22 +0300] "POST /xmlrpc.php HTTP/2" 200 0 "-" "WordPress/XMLRPC Client"
185.216.113.70 - - [27/Apr/2026:13:57:02 +0300] "POST /wp-cron.php?doing_wp_cron=1777287422.3018860816955566406250 HTTP/1.1" 200 448 "-" "WordPress/6.3.8; https://serhatburke.miroglu.net"
98.98.79.37 - - [27/Apr/2026:13:55:30 +0300] "POST /xmlrpc.php HTTP/1.1" 200 9808 "-" "Mozilla/5.0 (Windows NT 10.0; Win64; x64) AppleWebKit/537.36 (KHTML, like Gecko) Chrome/114.0.0.0 Safari/537.36"
185.216.113.70 - - [27/Apr/2026:13:57:06 +0300] "POST /wp-cron.php?doing_wp_cron=1777287426.0274391174316406250000 HTTP/1.1" 200 448 "-" "WordPress/6.3.8; https://serhatburke.miroglu.net"
62.12.118.39 - - [27/Apr/2026:13:55:39 +0300] "POST /xmlrpc.php HTTP/1.1" 200 16389 "-" "Mozilla/5.0 (Windows NT 10.0; Win64; x64) AppleWebKit/537.36 (KHTML, like Gecko) Chrome/114.0.0.0 Safari/537.36"
185.216.113.70 - - [27/Apr/2026:13:57:11 +0300] "POST /wp-cron.php?doing_wp_cron=1777287431.1081531047821044921875 HTTP/1.1" 200 448 "-" "WordPress/6.3.8; https://serhatburke.miroglu.net"
98.98.197.162 - - [27/Apr/2026:13:55:49 +0300] "POST /xmlrpc.php HTTP/1.1" 200 630 "-" "Mozilla/5.0 (Windows NT 10.0; Win64; x64) AppleWebKit/537.36 (KHTML, like Gecko) Chrome/114.0.0.0 Safari/537.36"
170.168.174.48 - - [27/Apr/2026:13:56:43 +0300] "POST /xmlrpc.php HTTP/2" 200 0 "-" "WordPress/XMLRPC Client"
185.216.113.70 - - [27/Apr/2026:13:57:14 +0300] "POST /wp-cron.php?doing_wp_cron=1777287434.4105579853057861328125 HTTP/1.1" 200 448 "-" "WordPress/6.3.8; https://serhatburke.miroglu.net"
62.12.118.39 - - [27/Apr/2026:13:55:56 +0300] "POST /xmlrpc.php HTTP/1.1" 200 630 "-" "Mozilla/5.0 (Windows NT 10.0; Win64; x64) AppleWebKit/537.36 (KHTML, like Gecko) Chrome/114.0.0.0 Safari/537.36"
181.117.164.55 - - [27/Apr/2026:13:56:54 +0300] "POST /xmlrpc.php HTTP/2" 200 0 "-" "WordPress/XMLRPC Client"
40.77.167.23 - - [27/Apr/2026:13:56:47 +0300] "GET /bedste-online-kasino-2026-blive-spilleban-sider-pr-dannevan/ HTTP/2" 200 0 "-" "Mozilla/5.0 AppleWebKit/537.36 (KHTML, like Gecko; compatible; bingbot/2.0; +http://www.bing.com/bingbot.htm) Chrome/116.0.1938.76 Safari/537.36"
190.5.35.120 - - [27/Apr/2026:13:57:26 +0300] "POST /xmlrpc.php HTTP/2" 200 0 "-" "WordPress/XMLRPC Client"
185.216.113.70 - - [27/Apr/2026:13:58:13 +0300] "POST /wp-cron.php?doing_wp_cron=1777287493.3123259544372558593750 HTTP/1.1" 200 448 "-" "WordPress/6.3.8; https://serhatburke.miroglu.net"
185.216.113.70 - - [27/Apr/2026:13:58:15 +0300] "POST /wp-cron.php?doing_wp_cron=1777287495.6156539916992187500000 HTTP/1.1" 200 448 "-" "WordPress/6.3.8; https://serhatburke.miroglu.net"
98.98.79.37 - - [27/Apr/2026:13:57:03 +0300] "GET /biblioteka-gier-na-verde-casino-w-sieci-jest-naprawde-rozbudowana-kazdy-a-znajdzie-tu-cos-w-bezposrednio/ HTTP/1.1" 200 74891 "-" "Mozilla/5.0 (Windows NT 10.0; Win64; x64; rv:124.0) Gecko/20100101 Firefox/124.0"
62.12.118.39 - - [27/Apr/2026:13:57:08 +0300] "GET /discover-a-four-hundred-gambling-establishment-extra-and-you-can-improve-your-winnings/ HTTP/1.1" 200 80909 "-" "Mozilla/5.0 (Windows NT 10.0; Win64; x64) AppleWebKit/537.36 (KHTML, like Gecko) Chrome/124.0.0.0 Safari/537.36"
185.216.113.70 - - [27/Apr/2026:13:58:23 +0300] "POST /wp-cron.php?doing_wp_cron=1777287503.8147180080413818359375 HTTP/1.1" 200 448 "-" "WordPress/6.3.8; https://serhatburke.miroglu.net"
185.216.113.70 - - [27/Apr/2026:13:58:24 +0300] "POST /wp-cron.php?doing_wp_cron=1777287504.1175758838653564453125 HTTP/1.1" 200 448 "-" "WordPress/6.3.8; https://serhatburke.miroglu.net"
62.12.118.39 - - [27/Apr/2026:13:57:22 +0300] "POST /xmlrpc.php HTTP/1.1" 200 630 "-" "Mozilla/5.0 (Windows NT 10.0; Win64; x64) AppleWebKit/537.36 (KHTML, like Gecko) Chrome/114.0.0.0 Safari/537.36"
98.98.197.162 - - [27/Apr/2026:13:57:18 +0300] "POST /xmlrpc.php HTTP/1.1" 200 15656 "-" "Mozilla/5.0 (Windows NT 10.0; Win64; x64) AppleWebKit/537.36 (KHTML, like Gecko) Chrome/114.0.0.0 Safari/537.36"
158.69.22.136 - - [27/Apr/2026:13:57:58 +0300] "GET /beste-casino-site-belgie-hoge-inzet/ HTTP/1.1" 200 0 "-" "Mozilla/5.0 (compatible; Googlebot/2.1; +http://www.google.com/bot.html)"
103.163.103.66 - - [27/Apr/2026:13:57:58 +0300] "POST /xmlrpc.php HTTP/2" 200 0 "-" "WordPress/XMLRPC Client"
185.216.113.70 - - [27/Apr/2026:13:58:28 +0300] "POST /wp-cron.php?doing_wp_cron=1777287508.6000831127166748046875 HTTP/1.1" 200 448 "-" "WordPress/6.3.8; https://serhatburke.miroglu.net"
62.12.118.39 - - [27/Apr/2026:13:57:21 +0300] "POST /xmlrpc.php HTTP/1.1" 200 16584 "-" "Mozilla/5.0 (Windows NT 10.0; Win64; x64) AppleWebKit/537.36 (KHTML, like Gecko) Chrome/114.0.0.0 Safari/537.36"
185.216.113.70 - - [27/Apr/2026:13:59:09 +0300] "POST /wp-cron.php?doing_wp_cron=1777287548.8162400722503662109375 HTTP/1.1" 200 448 "-" "WordPress/6.3.8; https://serhatburke.miroglu.net"
34.116.28.32 - - [27/Apr/2026:13:57:58 +0300] "GET /en-cok-kazandran-slot-oyunlar-listesi-ve/ HTTP/1.1" 200 19741 "-" "Mozilla/5.0 (compatible; Google-Apps-Script; beanserver; +https://script.google.com; id: UAEmdDd_sODWm-qWyj0Mn18Ch99yFoVoSS4Y)"
185.216.113.70 - - [27/Apr/2026:13:59:30 +0300] "POST /wp-cron.php?doing_wp_cron=1777287570.0515789985656738281250 HTTP/1.1" 200 448 "-" "WordPress/6.3.8; https://serhatburke.miroglu.net"
185.216.113.70 - - [27/Apr/2026:13:59:32 +0300] "POST /wp-cron.php?doing_wp_cron=1777287572.9016480445861816406250 HTTP/1.1" 200 448 "-" "WordPress/6.3.8; https://serhatburke.miroglu.net"
185.216.113.70 - - [27/Apr/2026:13:59:34 +0300] "POST /wp-cron.php?doing_wp_cron=1777287574.4151690006256103515625 HTTP/1.1" 200 448 "-" "WordPress/6.3.8; https://serhatburke.miroglu.net"
62.12.118.39 - - [27/Apr/2026:13:58:30 +0300] "POST /xmlrpc.php HTTP/1.1" 200 16918 "-" "Mozilla/5.0 (Windows NT 10.0; Win64; x64) AppleWebKit/537.36 (KHTML, like Gecko) Chrome/114.0.0.0 Safari/537.36"
98.98.197.162 - - [27/Apr/2026:13:58:26 +0300] "GET /cool-date-solution-to-winnings-more-statistics-resources-and-you-may-incentives/ HTTP/1.1" 200 79600 "-" "Mozilla/5.0 (Windows NT 10.0; Win64; x64) AppleWebKit/537.36 (KHTML, like Gecko) Chrome/123.0.0.0 Safari/537.36"
62.12.118.39 - - [27/Apr/2026:13:58:30 +0300] "GET /blackjack-tips-techniques/ HTTP/1.1" 200 79293 "-" "Mozilla/5.0 (Windows NT 10.0; Win64; x64; rv:125.0) Gecko/20100101 Firefox/125.0"
185.216.113.70 - - [27/Apr/2026:13:59:41 +0300] "POST /wp-cron.php?doing_wp_cron=1777287581.0513749122619628906250 HTTP/1.1" 200 448 "-" "WordPress/6.3.8; https://serhatburke.miroglu.net"
62.12.118.39 - - [27/Apr/2026:13:58:41 +0300] "POST /xmlrpc.php HTTP/1.1" 200 630 "-" "Mozilla/5.0 (Windows NT 10.0; Win64; x64) AppleWebKit/537.36 (KHTML, like Gecko) Chrome/114.0.0.0 Safari/537.36"
62.12.118.39 - - [27/Apr/2026:13:59:36 +0300] "GET /betmgm-gambling-enterprise-michigan-added-bonus-password-rotocas-in-the-march-biggest-1k-invited-package/ HTTP/1.1" 200 81807 "-" "Mozilla/5.0 (Windows NT 10.0; Win64; x64; rv:124.0) Gecko/20100101 Firefox/124.0"
62.12.118.39 - - [27/Apr/2026:13:59:48 +0300] "POST /xmlrpc.php HTTP/1.1" 200 16773 "-" "Mozilla/5.0 (Windows NT 10.0; Win64; x64) AppleWebKit/537.36 (KHTML, like Gecko) Chrome/114.0.0.0 Safari/537.36"
98.98.197.162 - - [27/Apr/2026:14:00:03 +0300] "POST /xmlrpc.php HTTP/1.1" 200 630 "-" "Mozilla/5.0 (Windows NT 10.0; Win64; x64) AppleWebKit/537.36 (KHTML, like Gecko) Chrome/114.0.0.0 Safari/537.36"
185.216.113.70 - - [27/Apr/2026:14:00:45 +0300] "POST /wp-cron.php?doing_wp_cron=1777287645.8088200092315673828125 HTTP/1.1" 200 448 "-" "WordPress/6.3.8; https://serhatburke.miroglu.net"
62.12.118.39 - - [27/Apr/2026:14:00:12 +0300] "POST /xmlrpc.php HTTP/1.1" 200 630 "-" "Mozilla/5.0 (Windows NT 10.0; Win64; x64) AppleWebKit/537.36 (KHTML, like Gecko) Chrome/114.0.0.0 Safari/537.36"
185.216.113.70 - - [27/Apr/2026:14:01:22 +0300] "POST /wp-cron.php?doing_wp_cron=1777287682.4302980899810791015625 HTTP/1.1" 200 448 "-" "WordPress/6.3.8; https://serhatburke.miroglu.net"
66.249.73.14 - - [27/Apr/2026:14:01:13 +0300] "GET /hand-of-luck-casino-uk-a-players-review-and-insights/ HTTP/1.1" 200 0 "https://mqojf.frost-games.com.es/" "Mozilla/5.0 (Linux; Android 6.0.1; Nexus 5X Build/MMB29P) AppleWebKit/537.36 (KHTML, like Gecko) Chrome/146.0.7680.177 Mobile Safari/537.36 (compatible; Googlebot/2.1; +http://www.google.com/bot.html)"
62.12.118.39 - - [27/Apr/2026:14:00:34 +0300] "GET /resorts-community-vegas-luxury-lodge-gambling-establishment-feel/ HTTP/1.1" 200 80823 "-" "Mozilla/5.0 (Windows NT 10.0; Win64; x64) AppleWebKit/537.36 (KHTML, like Gecko) Chrome/123.0.0.0 Safari/537.36 OPR/109.0.0.0"
62.12.118.39 - - [27/Apr/2026:14:00:52 +0300] "POST /xmlrpc.php HTTP/1.1" 200 15987 "-" "Mozilla/5.0 (Windows NT 10.0; Win64; x64) AppleWebKit/537.36 (KHTML, like Gecko) Chrome/114.0.0.0 Safari/537.36"
98.98.197.162 - - [27/Apr/2026:14:00:47 +0300] "POST /xmlrpc.php HTTP/1.1" 200 15666 "-" "Mozilla/5.0 (Windows NT 10.0; Win64; x64) AppleWebKit/537.36 (KHTML, like Gecko) Chrome/114.0.0.0 Safari/537.36"
62.12.118.39 - - [27/Apr/2026:14:01:28 +0300] "POST /xmlrpc.php HTTP/1.1" 200 630 "-" "Mozilla/5.0 (Windows NT 10.0; Win64; x64) AppleWebKit/537.36 (KHTML, like Gecko) Chrome/114.0.0.0 Safari/537.36"
98.98.197.162 - - [27/Apr/2026:14:01:56 +0300] "GET /facturation/ HTTP/1.1" 200 77893 "-" "Mozilla/5.0 (Windows NT 10.0; Win64; x64) AppleWebKit/537.36 (KHTML, like Gecko) Chrome/123.0.0.0 Safari/537.36 OPR/109.0.0.0"
62.12.118.39 - - [27/Apr/2026:14:01:55 +0300] "GET /7-better-online-casino-incentives-promotions-in-the-march-2026/ HTTP/1.1" 200 79691 "-" "Mozilla/5.0 (Windows NT 10.0; Win64; x64) AppleWebKit/537.36 (KHTML, like Gecko) Chrome/109.0.0.0 Safari/537.36"
62.12.118.39 - - [27/Apr/2026:14:02:20 +0300] "POST /xmlrpc.php HTTP/1.1" 200 16997 "-" "Mozilla/5.0 (Windows NT 10.0; Win64; x64) AppleWebKit/537.36 (KHTML, like Gecko) Chrome/114.0.0.0 Safari/537.36"
185.216.113.70 - - [27/Apr/2026:14:02:53 +0300] "POST /wp-cron.php?doing_wp_cron=1777287773.8511610031127929687500 HTTP/1.1" 200 448 "-" "WordPress/6.3.8; https://serhatburke.miroglu.net"
62.12.118.39 - - [27/Apr/2026:14:02:37 +0300] "POST /xmlrpc.php HTTP/1.1" 200 630 "-" "Mozilla/5.0 (Windows NT 10.0; Win64; x64) AppleWebKit/537.36 (KHTML, like Gecko) Chrome/114.0.0.0 Safari/537.36"
62.12.118.39 - - [27/Apr/2026:14:02:36 +0300] "GET /crazy-fox-canada-bonus-rules-totally-free-revolves-opinion/ HTTP/1.1" 200 80643 "-" "Mozilla/5.0 (Windows NT 10.0; Win64; x64) AppleWebKit/537.36 (KHTML, like Gecko) Chrome/109.0.0.0 Safari/537.36"
98.98.79.37 - - [27/Apr/2026:14:02:59 +0300] "POST /xmlrpc.php HTTP/1.1" 200 630 "-" "Mozilla/5.0 (Windows NT 10.0; Win64; x64) AppleWebKit/537.36 (KHTML, like Gecko) Chrome/114.0.0.0 Safari/537.36"
62.12.118.39 - - [27/Apr/2026:14:03:00 +0300] "POST /xmlrpc.php HTTP/1.1" 200 15959 "-" "Mozilla/5.0 (Windows NT 10.0; Win64; x64) AppleWebKit/537.36 (KHTML, like Gecko) Chrome/114.0.0.0 Safari/537.36"
185.216.113.70 - - [27/Apr/2026:14:03:49 +0300] "POST /wp-cron.php?doing_wp_cron=1777287828.9108800888061523437500 HTTP/1.1" 200 448 "-" "WordPress/6.3.8; https://serhatburke.miroglu.net"
62.12.118.39 - - [27/Apr/2026:14:03:26 +0300] "POST /xmlrpc.php HTTP/1.1" 200 630 "-" "Mozilla/5.0 (Windows NT 10.0; Win64; x64) AppleWebKit/537.36 (KHTML, like Gecko) Chrome/114.0.0.0 Safari/537.36"
62.12.118.39 - - [27/Apr/2026:14:03:37 +0300] "GET /crypto-excitement-casino-2026-log-in-rating-no-deposit-added-bonus-code/ HTTP/1.1" 200 79961 "-" "Mozilla/5.0 (Windows NT 10.0; Win64; x64) AppleWebKit/537.36 (KHTML, like Gecko) Chrome/124.0.0.0 Safari/537.36 Edg/124.0.0.0"
200.25.47.109 - - [27/Apr/2026:14:03:37 +0300] "POST /xmlrpc.php HTTP/1.1" 200 630 "-" "Mozilla/5.0 (Windows NT 10.0; Win64; x64) AppleWebKit/537.36 (KHTML, like Gecko) Chrome/114.0.0.0 Safari/537.36"
98.98.79.37 - - [27/Apr/2026:14:03:41 +0300] "POST /xmlrpc.php HTTP/1.1" 200 9298 "-" "Mozilla/5.0 (Windows NT 10.0; Win64; x64) AppleWebKit/537.36 (KHTML, like Gecko) Chrome/114.0.0.0 Safari/537.36"
185.216.113.70 - - [27/Apr/2026:14:04:50 +0300] "POST /wp-cron.php?doing_wp_cron=1777287890.1357181072235107421875 HTTP/1.1" 200 448 "-" "WordPress/6.3.8; https://serhatburke.miroglu.net"
62.12.118.39 - - [27/Apr/2026:14:03:55 +0300] "POST /xmlrpc.php HTTP/1.1" 200 16281 "-" "Mozilla/5.0 (Windows NT 10.0; Win64; x64) AppleWebKit/537.36 (KHTML, like Gecko) Chrome/114.0.0.0 Safari/537.36"
31.144.37.169 - - [27/Apr/2026:14:04:24 +0300] "POST /xmlrpc.php HTTP/2" 200 0 "-" "Mozilla/5.0 (X11; Linux x86_64; rv:5.0) Gecko/20200202 Firefox/37.0"
185.216.113.70 - - [27/Apr/2026:14:05:03 +0300] "POST /wp-cron.php?doing_wp_cron=1777287902.9164021015167236328125 HTTP/1.1" 200 448 "-" "WordPress/6.3.8; https://serhatburke.miroglu.net"
62.12.118.39 - - [27/Apr/2026:14:04:14 +0300] "POST /xmlrpc.php HTTP/1.1" 200 630 "-" "Mozilla/5.0 (Windows NT 10.0; Win64; x64) AppleWebKit/537.36 (KHTML, like Gecko) Chrome/114.0.0.0 Safari/537.36"
185.216.113.70 - - [27/Apr/2026:14:05:12 +0300] "POST /wp-cron.php?doing_wp_cron=1777287912.4154109954833984375000 HTTP/1.1" 200 448 "-" "WordPress/6.3.8; https://serhatburke.miroglu.net"
98.98.197.162 - - [27/Apr/2026:14:04:23 +0300] "POST /xmlrpc.php HTTP/1.1" 200 630 "-" "Mozilla/5.0 (Windows NT 10.0; Win64; x64) AppleWebKit/537.36 (KHTML, like Gecko) Chrome/114.0.0.0 Safari/537.36"
185.216.113.70 - - [27/Apr/2026:14:05:16 +0300] "POST /wp-cron.php?doing_wp_cron=1777287916.2095210552215576171875 HTTP/1.1" 200 448 "-" "WordPress/6.3.8; https://serhatburke.miroglu.net"
98.98.79.37 - - [27/Apr/2026:14:04:24 +0300] "POST /xmlrpc.php HTTP/1.1" 200 630 "-" "Mozilla/5.0 (Windows NT 10.0; Win64; x64) AppleWebKit/537.36 (KHTML, like Gecko) Chrome/114.0.0.0 Safari/537.36"
40.77.167.143 - - [27/Apr/2026:14:04:52 +0300] "GET /ensure-deposit%E3%81%AE%E6%84%8F%E5%91%B3%E3%83%BB%E4%BD%BF%E3%81%84%E6%96%B9%E3%83%BB%E8%AA%AD%E3%81%BF%E6%96%B9-weblio%E8%8B%B1%E5%92%8C%E8%BE%9E%E6%9B%B8/ HTTP/2" 200 0 "-" "Mozilla/5.0 AppleWebKit/537.36 (KHTML, like Gecko; compatible; bingbot/2.0; +http://www.bing.com/bingbot.htm) Chrome/116.0.1938.76 Safari/537.36"
185.216.113.70 - - [27/Apr/2026:14:05:44 +0300] "POST /wp-cron.php?doing_wp_cron=1777287944.7516739368438720703125 HTTP/1.1" 200 448 "-" "WordPress/6.3.8; https://serhatburke.miroglu.net"
40.77.167.3 - - [27/Apr/2026:14:04:58 +0300] "GET /ghostbusters-50-free-spins-on-turn-your-fortune-rtp-no-deposit-premium/ HTTP/2" 200 0 "-" "Mozilla/5.0 AppleWebKit/537.36 (KHTML, like Gecko; compatible; bingbot/2.0; +http://www.bing.com/bingbot.htm) Chrome/116.0.1938.76 Safari/537.36"
165.140.118.5 - - [27/Apr/2026:14:05:18 +0300] "GET /zotabet-casino-bonus-premier-depot-2026/ HTTP/1.1" 200 0 "https://serhatburke.miroglu.net/" "Mozilla/5.0 (Linux x86_64; rv:114.0) Gecko/20100101 Firefox/114.0"
98.98.79.37 - - [27/Apr/2026:14:04:35 +0300] "GET /grupa-kod-kuponu-verde-gambling-establishment-aktywuje-specjalny-wyznaczony-po-oni-konkretnego-kodu-added-reward/ HTTP/1.1" 200 74854 "-" "Mozilla/5.0 (Windows NT 10.0; Win64; x64) AppleWebKit/537.36 (KHTML, like Gecko) Chrome/109.0.0.0 Safari/537.36"
40.77.167.23 - - [27/Apr/2026:14:05:02 +0300] "GET /lender-transmits-continue-to-be-a-valid-fee-approach-during-the-legit-gambling-enterprises/ HTTP/2" 200 0 "-" "Mozilla/5.0 AppleWebKit/537.36 (KHTML, like Gecko; compatible; bingbot/2.0; +http://www.bing.com/bingbot.htm) Chrome/116.0.1938.76 Safari/537.36"
185.216.113.70 - - [27/Apr/2026:14:05:57 +0300] "POST /wp-cron.php?doing_wp_cron=1777287957.6167039871215820312500 HTTP/1.1" 200 448 "-" "WordPress/6.3.8; https://serhatburke.miroglu.net"
200.25.47.109 - - [27/Apr/2026:14:04:39 +0300] "POST /xmlrpc.php HTTP/1.1" 200 10341 "-" "Mozilla/5.0 (Windows NT 10.0; Win64; x64) AppleWebKit/537.36 (KHTML, like Gecko) Chrome/114.0.0.0 Safari/537.36"
185.216.113.70 - - [27/Apr/2026:14:06:25 +0300] "POST /wp-cron.php?doing_wp_cron=1777287985.2558119297027587890625 HTTP/1.1" 200 448 "-" "WordPress/6.3.8; https://serhatburke.miroglu.net"
40.77.167.43 - - [27/Apr/2026:14:05:55 +0300] "GET /post_tag-sitemap.xml HTTP/2" 200 0 "-" "Mozilla/5.0 AppleWebKit/537.36 (KHTML, like Gecko; compatible; bingbot/2.0; +http://www.bing.com/bingbot.htm) Chrome/116.0.1938.76 Safari/537.36"
62.12.118.39 - - [27/Apr/2026:14:04:51 +0300] "GET /javascript-is-not-offered-2/ HTTP/1.1" 500 745 "-" "Mozilla/5.0 (Windows NT 10.0; Win64; x64) AppleWebKit/537.36 (KHTML, like Gecko) Chrome/123.0.0.0 Safari/537.36"
62.12.118.39 - - [27/Apr/2026:14:05:10 +0300] "POST /xmlrpc.php HTTP/1.1" 500 745 "-" "Mozilla/5.0 (Windows NT 10.0; Win64; x64) AppleWebKit/537.36 (KHTML, like Gecko) Chrome/114.0.0.0 Safari/537.36"
31.144.37.169 - - [27/Apr/2026:14:06:42 +0300] "POST /xmlrpc.php HTTP/2" 200 0 "-" "Mozilla/5.0 (Macintosh; U; PPC Mac OS X 10_7_0 rv:3.0) Gecko/20211021 Firefox/36.0"
62.12.118.39 - - [27/Apr/2026:14:05:15 +0300] "POST /xmlrpc.php HTTP/1.1" 500 745 "-" "Mozilla/5.0 (Windows NT 10.0; Win64; x64) AppleWebKit/537.36 (KHTML, like Gecko) Chrome/114.0.0.0 Safari/537.36"
98.98.197.162 - - [27/Apr/2026:14:05:19 +0300] "POST /xmlrpc.php HTTP/1.1" 500 745 "-" "Mozilla/5.0 (Windows NT 10.0; Win64; x64) AppleWebKit/537.36 (KHTML, like Gecko) Chrome/114.0.0.0 Safari/537.36"
98.98.79.37 - - [27/Apr/2026:14:05:24 +0300] "POST /xmlrpc.php HTTP/1.1" 500 745 "-" "Mozilla/5.0 (Windows NT 10.0; Win64; x64) AppleWebKit/537.36 (KHTML, like Gecko) Chrome/114.0.0.0 Safari/537.36"
98.98.79.37 - - [27/Apr/2026:14:05:40 +0300] "POST /xmlrpc.php HTTP/1.1" 500 745 "-" "Mozilla/5.0 (Windows NT 10.0; Win64; x64) AppleWebKit/537.36 (KHTML, like Gecko) Chrome/114.0.0.0 Safari/537.36"
38.154.114.47 - - [27/Apr/2026:14:05:41 +0300] "GET /88701-2/ HTTP/1.1" 500 782 "https://serhatburke.miroglu.net/" "Mozilla/5.0 (X11; CrOS x86_64 14541.0.0) AppleWebKit/537.36 (KHTML, like Gecko) Chrome/144.0.0.0 Safari/537.36"
165.140.118.5 - - [27/Apr/2026:14:05:48 +0300] "GET /zotabet-casino-bonus-premier-depot-2026/ HTTP/1.1" 500 782 "https://serhatburke.miroglu.net/" "Mozilla/5.0 (Linux x86_64; rv:114.0) Gecko/20100101 Firefox/114.0"
38.248.90.131 - - [27/Apr/2026:14:06:01 +0300] "POST /xmlrpc.php HTTP/1.1" 500 745 "-" "Mozilla/5.0 (Windows NT 10.0; Win64; x64) AppleWebKit/537.36 (KHTML, like Gecko) Chrome/114.0.0.0 Safari/537.36"
200.25.47.109 - - [27/Apr/2026:14:06:03 +0300] "GET /twice-kasino-suomi-casinos-down-gambling-enterprisen-alennuskoodit-ilmaiset-pelimerkit/ HTTP/1.1" 500 745 "-" "Mozilla/5.0 (Windows NT 10.0; Win64; x64; rv:125.0) Gecko/20100101 Firefox/125.0"
62.12.118.39 - - [27/Apr/2026:14:06:08 +0300] "POST /xmlrpc.php HTTP/1.1" 500 745 "-" "Mozilla/5.0 (Windows NT 10.0; Win64; x64) AppleWebKit/537.36 (KHTML, like Gecko) Chrome/114.0.0.0 Safari/537.36"
31.144.37.169 - - [27/Apr/2026:14:07:40 +0300] "POST /xmlrpc.php HTTP/2" 200 0 "-" "Mozilla/5.0 (X11; Linux x86_64; rv:5.0) Gecko/20200202 Firefox/37.0"
66.249.73.15 - - [27/Apr/2026:14:08:00 +0300] "GET /wino-casino-review-a-premier-destination-for-uk-players/ HTTP/1.1" 200 0 "https://mqojf.frost-games.com.es/" "Mozilla/5.0 (Linux; Android 6.0.1; Nexus 5X Build/MMB29P) AppleWebKit/537.36 (KHTML, like Gecko) Chrome/146.0.7680.177 Mobile Safari/537.36 (compatible; Googlebot/2.1; +http://www.google.com/bot.html)"
185.216.113.70 - - [27/Apr/2026:14:08:08 +0300] "POST /wp-cron.php?doing_wp_cron=1777288088.3056008815765380859375 HTTP/1.1" 200 448 "-" "WordPress/6.3.8; https://serhatburke.miroglu.net"
38.154.117.60 - - [27/Apr/2026:14:06:12 +0300] "GET /88701-2/ HTTP/1.1" 500 782 "https://serhatburke.miroglu.net/" "Mozilla/5.0 (X11; CrOS x86_64 14541.0.0) AppleWebKit/537.36 (KHTML, like Gecko) Chrome/144.0.0.0 Safari/537.36"
165.140.118.5 - - [27/Apr/2026:14:06:18 +0300] "GET /zotabet-casino-bonus-premier-depot-2026/ HTTP/1.1" 500 782 "https://serhatburke.miroglu.net/" "Mozilla/5.0 (Linux x86_64; rv:114.0) Gecko/20100101 Firefox/114.0"
62.12.118.39 - - [27/Apr/2026:14:06:31 +0300] "POST /xmlrpc.php HTTP/1.1" 500 745 "-" "Mozilla/5.0 (Windows NT 10.0; Win64; x64) AppleWebKit/537.36 (KHTML, like Gecko) Chrome/114.0.0.0 Safari/537.36"
38.154.103.97 - - [27/Apr/2026:14:06:43 +0300] "GET /88701-2/ HTTP/1.1" 500 782 "https://serhatburke.miroglu.net/" "Mozilla/5.0 (X11; CrOS x86_64 14541.0.0) AppleWebKit/537.36 (KHTML, like Gecko) Chrome/144.0.0.0 Safari/537.36"
200.25.47.109 - - [27/Apr/2026:14:06:44 +0300] "POST /xmlrpc.php HTTP/1.1" 500 745 "-" "Mozilla/5.0 (Windows NT 10.0; Win64; x64) AppleWebKit/537.36 (KHTML, like Gecko) Chrome/114.0.0.0 Safari/537.36"
62.12.118.39 - - [27/Apr/2026:14:06:49 +0300] "POST /xmlrpc.php HTTP/1.1" 500 745 "-" "Mozilla/5.0 (Windows NT 10.0; Win64; x64) AppleWebKit/537.36 (KHTML, like Gecko) Chrome/114.0.0.0 Safari/537.36"
62.12.118.39 - - [27/Apr/2026:14:06:55 +0300] "POST /xmlrpc.php HTTP/1.1" 500 745 "-" "Mozilla/5.0 (Windows NT 10.0; Win64; x64) AppleWebKit/537.36 (KHTML, like Gecko) Chrome/114.0.0.0 Safari/537.36"
62.12.118.39 - - [27/Apr/2026:14:06:55 +0300] "POST /xmlrpc.php HTTP/1.1" 500 745 "-" "Mozilla/5.0 (Windows NT 10.0; Win64; x64) AppleWebKit/537.36 (KHTML, like Gecko) Chrome/114.0.0.0 Safari/537.36"
98.98.79.37 - - [27/Apr/2026:14:07:00 +0300] "POST /xmlrpc.php HTTP/1.1" 500 745 "-" "Mozilla/5.0 (Windows NT 10.0; Win64; x64) AppleWebKit/537.36 (KHTML, like Gecko) Chrome/114.0.0.0 Safari/537.36"
98.98.197.162 - - [27/Apr/2026:14:07:04 +0300] "POST /xmlrpc.php HTTP/1.1" 500 745 "-" "Mozilla/5.0 (Windows NT 10.0; Win64; x64) AppleWebKit/537.36 (KHTML, like Gecko) Chrome/114.0.0.0 Safari/537.36"
98.98.79.37 - - [27/Apr/2026:14:07:08 +0300] "POST /xmlrpc.php HTTP/1.1" 500 745 "-" "Mozilla/5.0 (Windows NT 10.0; Win64; x64) AppleWebKit/537.36 (KHTML, like Gecko) Chrome/114.0.0.0 Safari/537.36"
98.98.79.37 - - [27/Apr/2026:14:07:20 +0300] "POST /xmlrpc.php HTTP/1.1" 500 745 "-" "Mozilla/5.0 (Windows NT 10.0; Win64; x64) AppleWebKit/537.36 (KHTML, like Gecko) Chrome/114.0.0.0 Safari/537.36"
40.77.167.43 - - [27/Apr/2026:14:08:38 +0300] "GET /azar-video-chat-cos-e-come-funziona-e-come-restare-14/ HTTP/2" 200 0 "-" "Mozilla/5.0 AppleWebKit/537.36 (KHTML, like Gecko; compatible; bingbot/2.0; +http://www.bing.com/bingbot.htm) Chrome/116.0.1938.76 Safari/537.36"
