37.120.155.2 - - [27/Apr/2026:14:30:49 +0300] "GET /wp-content/uploads/2023/08/favicon-16x16-3.png HTTP/2" 200 529 "https://serhatburke.miroglu.net/wp-admin/post-new.php" "Mozilla/5.0 (Windows NT 10.0; Win64; x64) AppleWebKit/537.36 (KHTML, like Gecko) Chrome/145.0.0.0 Safari/537.36"
37.120.155.2 - - [27/Apr/2026:14:29:14 +0300] "POST /wp-json/aioseo/v1/analyze-headline/ HTTP/2" 200 0 "https://serhatburke.miroglu.net/wp-admin/post-new.php" "Mozilla/5.0 (Windows NT 10.0; Win64; x64) AppleWebKit/537.36 (KHTML, like Gecko) Chrome/145.0.0.0 Safari/537.36"
37.120.155.2 - - [27/Apr/2026:14:29:15 +0300] "GET /wp-json/wp/v2/taxonomies/post_tag?context=edit&_locale=user HTTP/2" 200 0 "https://serhatburke.miroglu.net/wp-admin/post-new.php" "Mozilla/5.0 (Windows NT 10.0; Win64; x64) AppleWebKit/537.36 (KHTML, like Gecko) Chrome/145.0.0.0 Safari/537.36"
37.120.155.2 - - [27/Apr/2026:14:29:16 +0300] "GET /wp-json/wp/v2/taxonomies/category?context=edit&_locale=user HTTP/2" 200 0 "https://serhatburke.miroglu.net/wp-admin/post-new.php" "Mozilla/5.0 (Windows NT 10.0; Win64; x64) AppleWebKit/537.36 (KHTML, like Gecko) Chrome/145.0.0.0 Safari/537.36"
37.120.155.2 - - [27/Apr/2026:14:29:16 +0300] "GET /wp-json/wp/v2/categories/1?context=edit&_locale=user HTTP/2" 200 0 "https://serhatburke.miroglu.net/wp-admin/post-new.php" "Mozilla/5.0 (Windows NT 10.0; Win64; x64) AppleWebKit/537.36 (KHTML, like Gecko) Chrome/145.0.0.0 Safari/537.36"
37.120.155.2 - - [27/Apr/2026:14:29:16 +0300] "POST /wp-json/wp/v2/posts/140120?_locale=user HTTP/2" 200 0 "https://serhatburke.miroglu.net/wp-admin/post-new.php" "Mozilla/5.0 (Windows NT 10.0; Win64; x64) AppleWebKit/537.36 (KHTML, like Gecko) Chrome/145.0.0.0 Safari/537.36"
57.128.22.95 - - [27/Apr/2026:14:29:02 +0300] "GET /novoline-casino-codice-bonus-registrazione/ HTTP/1.1" 500 782 "-" "Mozilla/5.0 (compatible; Googlebot/2.1; +http://www.google.com/bot.html)"
185.216.113.70 - - [27/Apr/2026:14:31:34 +0300] "POST /wp-cron.php?doing_wp_cron=1777289494.5189630985260009765625 HTTP/1.1" 200 448 "-" "WordPress/6.3.8; https://serhatburke.miroglu.net"
158.69.22.136 - - [27/Apr/2026:14:31:19 +0300] "GET /beste-casino-site-belgie-hoge-inzet/ HTTP/1.1" 200 0 "-" "Mozilla/5.0 (compatible; Googlebot/2.1; +http://www.google.com/bot.html)"
185.216.113.70 - - [27/Apr/2026:14:31:57 +0300] "POST /wp-cron.php?doing_wp_cron=1777289517.5029320716857910156250 HTTP/1.1" 200 448 "-" "WordPress/6.3.8; https://serhatburke.miroglu.net"
98.98.197.162 - - [27/Apr/2026:14:30:37 +0300] "POST /xmlrpc.php HTTP/1.1" 200 15534 "-" "Mozilla/5.0 (Windows NT 10.0; Win64; x64) AppleWebKit/537.36 (KHTML, like Gecko) Chrome/114.0.0.0 Safari/537.36"
98.98.197.162 - - [27/Apr/2026:14:31:58 +0300] "GET /geisha-local-casino-online-game-remark-betmgm/ HTTP/1.1" 200 78931 "-" "Mozilla/5.0 (Windows NT 10.0; rv:125.0) Gecko/20100101 Firefox/125.0"
52.167.144.218 - - [27/Apr/2026:14:32:30 +0300] "GET /entendiendo-las-fundamentos-rodillos-lineas-sobre-paga-y-apuestas/ HTTP/2" 200 18775 "-" "Mozilla/5.0 AppleWebKit/537.36 (KHTML, like Gecko; compatible; bingbot/2.0; +http://www.bing.com/bingbot.htm) Chrome/116.0.1938.76 Safari/537.36"
40.77.167.18 - - [27/Apr/2026:14:32:35 +0300] "GET /goscie-naprawde-partner-gier-hazardowych-posiada-tak-upatrzone-zostalem-i-bedziesz-ducky-tytuly/ HTTP/2" 200 18258 "-" "Mozilla/5.0 AppleWebKit/537.36 (KHTML, like Gecko; compatible; bingbot/2.0; +http://www.bing.com/bingbot.htm) Chrome/116.0.1938.76 Safari/537.36"
185.216.113.70 - - [27/Apr/2026:14:32:59 +0300] "POST /wp-cron.php?doing_wp_cron=1777289579.3227140903472900390625 HTTP/1.1" 200 448 "-" "WordPress/6.3.8; https://serhatburke.miroglu.net"
80.90.183.146 - - [27/Apr/2026:14:32:45 +0300] "GET /88701-2/ HTTP/1.1" 200 18389 "-" "Mozilla/5.0 (compatible; Googlebot/2.1; +http://www.google.com/bot.html)"
185.216.113.70 - - [27/Apr/2026:14:34:05 +0300] "POST /wp-cron.php?doing_wp_cron=1777289645.1574449539184570312500 HTTP/1.1" 200 448 "-" "WordPress/6.3.8; https://serhatburke.miroglu.net"
82.25.62.125 - - [27/Apr/2026:14:33:53 +0300] "GET /beste-casino-site-belgie-hoge-inzet/ HTTP/1.1" 200 19265 "-" "Mozilla/5.0 (compatible; Googlebot/2.1; +http://www.google.com/bot.html)"
74.109.10.214 - - [27/Apr/2026:14:34:34 +0300] "GET /divaspin-review-payment-methods-deposit-options-fast-withdrawals-for-australian-players/ HTTP/2" 200 0 "-" "Mozilla/5.0 (Windows NT 10.0; Win64; x64) AppleWebKit/537.36 (KHTML, like Gecko) Chrome/145.0.0.0 Safari/537.36"
74.109.10.214 - - [27/Apr/2026:14:34:34 +0300] "GET /divaspin-review-payment-methods-deposit-options-fast-withdrawals-for-australian-players/ HTTP/2" 200 0 "-" "Mozilla/5.0 (Windows NT 10.0; Win64; x64) AppleWebKit/537.36 (KHTML, like Gecko) Chrome/145.0.0.0 Safari/537.36"
185.216.113.70 - - [27/Apr/2026:14:35:03 +0300] "POST /wp-cron.php?doing_wp_cron=1777289703.5464129447937011718750 HTTP/1.1" 200 448 "-" "WordPress/6.3.8; https://serhatburke.miroglu.net"
52.167.144.142 - - [27/Apr/2026:14:34:41 +0300] "GET /entdecke-die-geheimen-schatze-inoffizieller-mitarbeiter-casino-ladbrokes-kein-einzahlungsbonus-durchlauf/ HTTP/2" 200 18575 "-" "Mozilla/5.0 AppleWebKit/537.36 (KHTML, like Gecko; compatible; bingbot/2.0; +http://www.bing.com/bingbot.htm) Chrome/116.0.1938.76 Safari/537.36"
74.109.10.214 - - [27/Apr/2026:14:34:53 +0300] "GET /divaspin-review-payment-methods-deposit-options-fast-withdrawals-for-australian-players/ HTTP/2" 200 0 "-" "Mozilla/5.0 (Windows NT 10.0; Win64; x64) AppleWebKit/537.36 (KHTML, like Gecko) Chrome/145.0.0.0 Safari/537.36"
74.109.10.214 - - [27/Apr/2026:14:34:53 +0300] "GET /divaspin-review-payment-methods-deposit-options-fast-withdrawals-for-australian-players/ HTTP/2" 200 0 "-" "Mozilla/5.0 (Windows NT 10.0; Win64; x64) AppleWebKit/537.36 (KHTML, like Gecko) Chrome/145.0.0.0 Safari/537.36"
74.109.10.214 - - [27/Apr/2026:14:35:13 +0300] "GET /divaspin-review-payment-methods-deposit-options-fast-withdrawals-for-australian-players/ HTTP/2" 200 20213 "-" "Mozilla/5.0 (Windows NT 10.0; Win64; x64) AppleWebKit/537.36 (KHTML, like Gecko) Chrome/145.0.0.0 Safari/537.36"
74.109.10.214 - - [27/Apr/2026:14:35:13 +0300] "GET /divaspin-review-payment-methods-deposit-options-fast-withdrawals-for-australian-players/ HTTP/2" 200 0 "-" "Mozilla/5.0 (Windows NT 10.0; Win64; x64) AppleWebKit/537.36 (KHTML, like Gecko) Chrome/145.0.0.0 Safari/537.36"
185.216.113.70 - - [27/Apr/2026:14:36:25 +0300] "POST /wp-cron.php?doing_wp_cron=1777289785.4238369464874267578125 HTTP/1.1" 200 448 "-" "WordPress/6.3.8; https://serhatburke.miroglu.net"
200.25.47.109 - - [27/Apr/2026:14:36:13 +0300] "POST /xmlrpc.php HTTP/1.1" 200 630 "-" "Mozilla/5.0 (Windows NT 10.0; Win64; x64) AppleWebKit/537.36 (KHTML, like Gecko) Chrome/114.0.0.0 Safari/537.36"
200.25.47.109 - - [27/Apr/2026:14:36:32 +0300] "POST /xmlrpc.php HTTP/1.1" 200 11193 "-" "Mozilla/5.0 (Windows NT 10.0; Win64; x64) AppleWebKit/537.36 (KHTML, like Gecko) Chrome/114.0.0.0 Safari/537.36"
200.25.47.109 - - [27/Apr/2026:14:36:46 +0300] "GET /bucks-talletusvapaa-kateistalletus-primebetz-splash-slot-prowling-panther-5-laittaa-kommentoi-microgaming-%E5%8D%A1%E7%B1%B3%E6%98%9F%E6%A0%A1-%E6%95%99%E5%9F%B9%E6%9C%BA%E6%9E%84%E8%BF%90%E8%90%A5/ HTTP/1.1" 200 79522 "-" "Mozilla/5.0 (Windows NT 10.0; rv:109.0) Gecko/20100101 Firefox/115.0"
185.216.113.70 - - [27/Apr/2026:14:38:03 +0300] "POST /wp-cron.php?doing_wp_cron=1777289883.0391469001770019531250 HTTP/1.1" 200 448 "-" "WordPress/6.3.8; https://serhatburke.miroglu.net"
185.61.216.29 - - [27/Apr/2026:14:37:49 +0300] "GET /wp-login.php HTTP/2" 200 3090 "-" "Mozilla/5.0 (Windows NT 10.0; Win64; x64; rv:133.0) Gecko/20100101 Firefox/133.0"
185.61.216.29 - - [27/Apr/2026:14:38:04 +0300] "POST /xmlrpc.php HTTP/2" 200 314 "-" "Mozilla/5.0 (Macintosh; Intel Mac OS X 10_15_7) AppleWebKit/605.1.15 (KHTML, like Gecko) Version/18.0 Safari/605.1.15"
185.216.113.70 - - [27/Apr/2026:14:39:07 +0300] "POST /wp-cron.php?doing_wp_cron=1777289947.0138459205627441406250 HTTP/1.1" 200 448 "-" "WordPress/6.3.8; https://serhatburke.miroglu.net"
98.98.197.162 - - [27/Apr/2026:14:38:54 +0300] "POST /xmlrpc.php HTTP/1.1" 200 630 "-" "Mozilla/5.0 (Windows NT 10.0; Win64; x64) AppleWebKit/537.36 (KHTML, like Gecko) Chrome/114.0.0.0 Safari/537.36"
98.98.197.162 - - [27/Apr/2026:14:39:13 +0300] "POST /xmlrpc.php HTTP/1.1" 200 15805 "-" "Mozilla/5.0 (Windows NT 10.0; Win64; x64) AppleWebKit/537.36 (KHTML, like Gecko) Chrome/114.0.0.0 Safari/537.36"
185.216.113.70 - - [27/Apr/2026:14:39:40 +0300] "POST /wp-cron.php?doing_wp_cron=1777289980.1434309482574462890625 HTTP/1.1" 200 448 "-" "WordPress/6.3.8; https://serhatburke.miroglu.net"
98.98.197.162 - - [27/Apr/2026:14:39:27 +0300] "GET /geisha-slot-machine-free-enjoy-inside-trial-by-aristocrat/ HTTP/1.1" 200 79439 "-" "Mozilla/5.0 (Windows NT 10.0; Win64; x64; rv:125.0) Gecko/20100101 Firefox/125.0"
185.61.216.29 - - [27/Apr/2026:14:39:44 +0300] "GET /wp-login.php HTTP/2" 200 3090 "-" "Mozilla/5.0 (Macintosh; Intel Mac OS X 10_15_7) AppleWebKit/605.1.15 (KHTML, like Gecko) Version/18.0 Safari/605.1.15"
185.61.216.29 - - [27/Apr/2026:14:39:58 +0300] "POST /wp-login.php HTTP/2" 302 0 "https://serhatburke.miroglu.net/wp-login.php" "Mozilla/5.0 (Macintosh; Intel Mac OS X 10_15_7) AppleWebKit/605.1.15 (KHTML, like Gecko) Version/18.0 Safari/605.1.15"
185.61.216.29 - - [27/Apr/2026:14:40:11 +0300] "GET /wp-admin/ HTTP/2" 200 214780 "https://serhatburke.miroglu.net/wp-login.php" "Mozilla/5.0 (Macintosh; Intel Mac OS X 10_15_7) AppleWebKit/605.1.15 (KHTML, like Gecko) Version/18.0 Safari/605.1.15"
185.216.113.70 - - [27/Apr/2026:14:41:37 +0300] "POST /wp-cron.php?doing_wp_cron=1777290096.9755020141601562500000 HTTP/1.1" 200 448 "-" "WordPress/6.3.8; https://serhatburke.miroglu.net"
185.61.216.29 - - [27/Apr/2026:14:41:24 +0300] "GET /wp-admin/admin-ajax.php?action=rest-nonce HTTP/2" 200 14 "-" "Mozilla/5.0 (Macintosh; Intel Mac OS X 10_15_7) AppleWebKit/605.1.15 (KHTML, like Gecko) Version/18.0 Safari/605.1.15"
185.61.216.29 - - [27/Apr/2026:14:41:37 +0300] "GET /wp-json/wp/v2/users/me HTTP/2" 200 254 "-" "Mozilla/5.0 (Macintosh; Intel Mac OS X 10_15_7) AppleWebKit/605.1.15 (KHTML, like Gecko) Version/18.0 Safari/605.1.15"
185.61.216.29 - - [27/Apr/2026:14:41:50 +0300] "GET /wp-json/wp/v2/users/me HTTP/2" 200 254 "-" "Mozilla/5.0 (Macintosh; Intel Mac OS X 10_15_7) AppleWebKit/605.1.15 (KHTML, like Gecko) Version/18.0 Safari/605.1.15"
185.61.216.29 - - [27/Apr/2026:14:42:04 +0300] "GET /wp-json/wp/v2/users/me HTTP/2" 200 254 "-" "Mozilla/5.0 (Macintosh; Intel Mac OS X 10_15_7) AppleWebKit/605.1.15 (KHTML, like Gecko) Version/18.0 Safari/605.1.15"
185.61.216.29 - - [27/Apr/2026:14:42:22 +0300] "GET /wp-json/wp/v2/users/me HTTP/2" 200 254 "-" "Mozilla/5.0 (Macintosh; Intel Mac OS X 10_15_7) AppleWebKit/605.1.15 (KHTML, like Gecko) Version/18.0 Safari/605.1.15"
185.216.113.70 - - [27/Apr/2026:14:42:49 +0300] "POST /wp-cron.php?doing_wp_cron=1777290169.6413009166717529296875 HTTP/1.1" 200 448 "-" "WordPress/6.3.8; https://serhatburke.miroglu.net"
185.61.216.29 - - [27/Apr/2026:14:42:37 +0300] "GET /wp-json/wp/v2/users/me HTTP/2" 200 254 "-" "Mozilla/5.0 (Macintosh; Intel Mac OS X 10_15_7) AppleWebKit/605.1.15 (KHTML, like Gecko) Version/18.0 Safari/605.1.15"
34.116.28.32 - - [27/Apr/2026:14:42:35 +0300] "GET /1xbet-untuk-android-unduh-apk-dari-uptodown30087/ HTTP/1.1" 200 18372 "-" "Mozilla/5.0 (compatible; Google-Apps-Script; beanserver; +https://script.google.com; id: UAEmdDd98-IqFHPQ7FFTjM1LThi7WIa68nzw)"
98.98.197.162 - - [27/Apr/2026:14:43:05 +0300] "POST /xmlrpc.php HTTP/1.1" 200 630 "-" "Mozilla/5.0 (Windows NT 10.0; Win64; x64) AppleWebKit/537.36 (KHTML, like Gecko) Chrome/114.0.0.0 Safari/537.36"
98.98.79.37 - - [27/Apr/2026:14:43:08 +0300] "POST /xmlrpc.php HTTP/1.1" 200 630 "-" "Mozilla/5.0 (Windows NT 10.0; Win64; x64) AppleWebKit/537.36 (KHTML, like Gecko) Chrome/114.0.0.0 Safari/537.36"
185.61.216.29 - - [27/Apr/2026:14:43:34 +0300] "GET /wp-admin/plugin-install.php HTTP/2" 403 26 "-" "Mozilla/5.0 (Macintosh; Intel Mac OS X 10_15_7) AppleWebKit/605.1.15 (KHTML, like Gecko) Version/18.0 Safari/605.1.15"
185.61.216.29 - - [27/Apr/2026:14:43:35 +0300] "GET /wp-admin/plugin-install.php HTTP/2" 403 26 "-" "Mozilla/5.0 (Macintosh; Intel Mac OS X 10_15_7) AppleWebKit/605.1.15 (KHTML, like Gecko) Version/18.0 Safari/605.1.15"
185.61.216.29 - - [27/Apr/2026:14:43:35 +0300] "GET /wp-admin/plugin-install.php HTTP/2" 403 26 "-" "Mozilla/5.0 (Macintosh; Intel Mac OS X 10_15_7) AppleWebKit/605.1.15 (KHTML, like Gecko) Version/18.0 Safari/605.1.15"
185.61.216.29 - - [27/Apr/2026:14:43:36 +0300] "GET /wp-admin/plugin-install.php HTTP/2" 403 26 "-" "Mozilla/5.0 (Macintosh; Intel Mac OS X 10_15_7) AppleWebKit/605.1.15 (KHTML, like Gecko) Version/18.0 Safari/605.1.15"
185.61.216.29 - - [27/Apr/2026:14:43:37 +0300] "GET /wp-admin/plugin-install.php HTTP/2" 403 26 "-" "Mozilla/5.0 (Macintosh; Intel Mac OS X 10_15_7) AppleWebKit/605.1.15 (KHTML, like Gecko) Version/18.0 Safari/605.1.15"
185.216.113.70 - - [27/Apr/2026:14:43:37 +0300] "POST /wp-cron.php?doing_wp_cron=1777290217.4712560176849365234375 HTTP/1.1" 200 448 "-" "WordPress/6.3.8; https://serhatburke.miroglu.net"
98.98.197.162 - - [27/Apr/2026:14:43:24 +0300] "POST /xmlrpc.php HTTP/1.1" 200 16319 "-" "Mozilla/5.0 (Windows NT 10.0; Win64; x64) AppleWebKit/537.36 (KHTML, like Gecko) Chrome/114.0.0.0 Safari/537.36"
98.98.79.37 - - [27/Apr/2026:14:43:27 +0300] "POST /xmlrpc.php HTTP/1.1" 200 9128 "-" "Mozilla/5.0 (Windows NT 10.0; Win64; x64) AppleWebKit/537.36 (KHTML, like Gecko) Chrome/114.0.0.0 Safari/537.36"
98.98.197.162 - - [27/Apr/2026:14:43:39 +0300] "GET /free-online-pokies-victory-real-money-no-deposit/ HTTP/1.1" 200 79620 "-" "Mozilla/5.0 (Windows NT 10.0; Win64; x64) AppleWebKit/537.36 (KHTML, like Gecko) Chrome/124.0.0.0 Safari/537.36 Edg/124.0.0.0"
98.98.79.37 - - [27/Apr/2026:14:43:41 +0300] "GET /albo-premia-sa-bardzo-cos-takiego-jak-cale-danger-high-voltage-nie-wszyscy-jest-jednakowi/ HTTP/1.1" 200 74133 "-" "Mozilla/5.0 (Windows NT 10.0; Win64; x64) AppleWebKit/537.36 (KHTML, like Gecko) Chrome/124.0.0.0 Safari/537.36"
185.61.216.29 - - [27/Apr/2026:14:44:23 +0300] "POST /xmlrpc.php HTTP/2" 200 200 "-" "Mozilla/5.0 (Macintosh; Intel Mac OS X 10_15_7) AppleWebKit/605.1.15 (KHTML, like Gecko) Version/18.0 Safari/605.1.15"
185.216.113.70 - - [27/Apr/2026:14:44:46 +0300] "POST /wp-cron.php?doing_wp_cron=1777290286.0687050819396972656250 HTTP/1.1" 200 448 "-" "WordPress/6.3.8; https://serhatburke.miroglu.net"
104.249.5.245 - - [27/Apr/2026:14:44:33 +0300] "GET /novoline-casino-codice-bonus-registrazione/ HTTP/1.1" 200 17770 "https://serhatburke.miroglu.net/" "Mozilla/5.0 (Macintosh; Intel Mac OS X 12.5; rv:114.0) Gecko/20100101 Firefox/114.0"
185.216.113.70 - - [27/Apr/2026:14:46:34 +0300] "POST /wp-cron.php?doing_wp_cron=1777290393.9019711017608642578125 HTTP/1.1" 200 448 "-" "WordPress/6.3.8; https://serhatburke.miroglu.net"
216.73.217.81 - - [27/Apr/2026:14:46:21 +0300] "GET /robots.txt HTTP/2" 200 110 "-" "Mozilla/5.0 AppleWebKit/537.36 (KHTML, like Gecko; compatible; ClaudeBot/1.0; +claudebot@anthropic.com)"
216.73.217.81 - - [27/Apr/2026:14:46:34 +0300] "GET /sitemap.rss HTTP/2" 200 0 "-" "Mozilla/5.0 AppleWebKit/537.36 (KHTML, like Gecko; compatible; ClaudeBot/1.0; +claudebot@anthropic.com)"
52.167.144.238 - - [27/Apr/2026:14:46:36 +0300] "GET /cualquier-bono-resulta-una-aguinaldo-monetaria-que-brinda-la-clan-a-las-jugadores-por-diversas-razones/ HTTP/2" 200 17501 "-" "Mozilla/5.0 AppleWebKit/537.36 (KHTML, like Gecko; compatible; bingbot/2.0; +http://www.bing.com/bingbot.htm) Chrome/116.0.1938.76 Safari/537.36"
52.167.144.204 - - [27/Apr/2026:14:46:40 +0300] "GET /mata-ultimata-svenska-spraket-casinon-hitnspin-slots-kampanjkoder-2026/ HTTP/2" 200 18988 "-" "Mozilla/5.0 AppleWebKit/537.36 (KHTML, like Gecko; compatible; bingbot/2.0; +http://www.bing.com/bingbot.htm) Chrome/116.0.1938.76 Safari/537.36"
52.167.144.145 - - [27/Apr/2026:14:46:46 +0300] "GET /festiwal-hugo-rzetelne-pieniazki-jak-i-rowniez-rozpatrywanie-prac-szostej-bebnowe-automaty-firmy-hazardowego/ HTTP/2" 200 20109 "-" "Mozilla/5.0 AppleWebKit/537.36 (KHTML, like Gecko; compatible; bingbot/2.0; +http://www.bing.com/bingbot.htm) Chrome/116.0.1938.76 Safari/537.36"
52.167.144.238 - - [27/Apr/2026:14:47:06 +0300] "GET /enjoy-hot-blizzard-1-put-2026-on-the-web-slot-magic-lamp-hd-for-the-mobile/ HTTP/2" 200 18967 "-" "Mozilla/5.0 AppleWebKit/537.36 (KHTML, like Gecko; compatible; bingbot/2.0; +http://www.bing.com/bingbot.htm) Chrome/116.0.1938.76 Safari/537.36"
185.216.113.70 - - [27/Apr/2026:14:48:51 +0300] "POST /wp-cron.php?doing_wp_cron=1777290531.3424870967864990234375 HTTP/1.1" 200 448 "-" "WordPress/6.3.8; https://serhatburke.miroglu.net"
98.98.197.162 - - [27/Apr/2026:14:48:37 +0300] "POST /xmlrpc.php HTTP/1.1" 200 630 "-" "Mozilla/5.0 (Windows NT 10.0; Win64; x64) AppleWebKit/537.36 (KHTML, like Gecko) Chrome/114.0.0.0 Safari/537.36"
98.98.197.162 - - [27/Apr/2026:14:48:58 +0300] "POST /xmlrpc.php HTTP/1.1" 200 15130 "-" "Mozilla/5.0 (Windows NT 10.0; Win64; x64) AppleWebKit/537.36 (KHTML, like Gecko) Chrome/114.0.0.0 Safari/537.36"
98.98.197.162 - - [27/Apr/2026:14:49:13 +0300] "GET /action-raise-gladiator/ HTTP/1.1" 200 77866 "-" "Mozilla/5.0 (Windows NT 10.0; Win64; x64; rv:125.0) Gecko/20100101 Firefox/125.0"
185.216.113.70 - - [27/Apr/2026:14:50:38 +0300] "POST /wp-cron.php?doing_wp_cron=1777290638.0810909271240234375000 HTTP/1.1" 200 448 "-" "WordPress/6.3.8; https://serhatburke.miroglu.net"
37.120.155.2 - - [27/Apr/2026:14:50:26 +0300] "GET /wp-login.php HTTP/2" 200 3090 "https://serhatburke.miroglu.net/" "Mozilla/5.0 (Windows NT 10.0; Win64; x64) AppleWebKit/537.36 (KHTML, like Gecko) Chrome/145.0.0.0 Safari/537.36"
37.120.155.2 - - [27/Apr/2026:14:50:38 +0300] "GET /wp-includes/css/dashicons.min.css?ver=6.3.8 HTTP/2" 200 35110 "https://serhatburke.miroglu.net/wp-login.php" "Mozilla/5.0 (Windows NT 10.0; Win64; x64) AppleWebKit/537.36 (KHTML, like Gecko) Chrome/145.0.0.0 Safari/537.36"
37.120.155.2 - - [27/Apr/2026:14:50:38 +0300] "GET /wp-includes/css/buttons.min.css?ver=6.3.8 HTTP/2" 200 1255 "https://serhatburke.miroglu.net/wp-login.php" "Mozilla/5.0 (Windows NT 10.0; Win64; x64) AppleWebKit/537.36 (KHTML, like Gecko) Chrome/145.0.0.0 Safari/537.36"
37.120.155.2 - - [27/Apr/2026:14:50:38 +0300] "GET /wp-admin/css/forms.min.css?ver=6.3.8 HTTP/2" 200 6209 "https://serhatburke.miroglu.net/wp-login.php" "Mozilla/5.0 (Windows NT 10.0; Win64; x64) AppleWebKit/537.36 (KHTML, like Gecko) Chrome/145.0.0.0 Safari/537.36"
37.120.155.2 - - [27/Apr/2026:14:50:38 +0300] "GET /wp-admin/css/l10n.min.css?ver=6.3.8 HTTP/2" 200 596 "https://serhatburke.miroglu.net/wp-login.php" "Mozilla/5.0 (Windows NT 10.0; Win64; x64) AppleWebKit/537.36 (KHTML, like Gecko) Chrome/145.0.0.0 Safari/537.36"
37.120.155.2 - - [27/Apr/2026:14:50:38 +0300] "GET /wp-admin/css/login.min.css?ver=6.3.8 HTTP/2" 200 1948 "https://serhatburke.miroglu.net/wp-login.php" "Mozilla/5.0 (Windows NT 10.0; Win64; x64) AppleWebKit/537.36 (KHTML, like Gecko) Chrome/145.0.0.0 Safari/537.36"
37.120.155.2 - - [27/Apr/2026:14:50:38 +0300] "GET /wp-includes/js/jquery/jquery.min.js?ver=3.7.0 HTTP/2" 200 29712 "https://serhatburke.miroglu.net/wp-login.php" "Mozilla/5.0 (Windows NT 10.0; Win64; x64) AppleWebKit/537.36 (KHTML, like Gecko) Chrome/145.0.0.0 Safari/537.36"
37.120.155.2 - - [27/Apr/2026:14:50:38 +0300] "GET /wp-includes/js/zxcvbn-async.min.js?ver=1.0 HTTP/2" 200 187 "https://serhatburke.miroglu.net/wp-login.php" "Mozilla/5.0 (Windows NT 10.0; Win64; x64) AppleWebKit/537.36 (KHTML, like Gecko) Chrome/145.0.0.0 Safari/537.36"
37.120.155.2 - - [27/Apr/2026:14:50:38 +0300] "GET /wp-includes/js/jquery/jquery-migrate.min.js?ver=3.4.1 HTTP/2" 200 4678 "https://serhatburke.miroglu.net/wp-login.php" "Mozilla/5.0 (Windows NT 10.0; Win64; x64) AppleWebKit/537.36 (KHTML, like Gecko) Chrome/145.0.0.0 Safari/537.36"
37.120.155.2 - - [27/Apr/2026:14:50:38 +0300] "GET /wp-includes/js/dist/vendor/regenerator-runtime.min.js?ver=0.13.11 HTTP/2" 200 2398 "https://serhatburke.miroglu.net/wp-login.php" "Mozilla/5.0 (Windows NT 10.0; Win64; x64) AppleWebKit/537.36 (KHTML, like Gecko) Chrome/145.0.0.0 Safari/537.36"
37.120.155.2 - - [27/Apr/2026:14:50:38 +0300] "GET /wp-includes/js/dist/vendor/wp-polyfill-inert.min.js?ver=3.1.2 HTTP/2" 200 2320 "https://serhatburke.miroglu.net/wp-login.php" "Mozilla/5.0 (Windows NT 10.0; Win64; x64) AppleWebKit/537.36 (KHTML, like Gecko) Chrome/145.0.0.0 Safari/537.36"
37.120.155.2 - - [27/Apr/2026:14:50:38 +0300] "GET /wp-includes/js/dist/vendor/wp-polyfill.min.js?ver=3.15.0 HTTP/2" 200 5718 "https://serhatburke.miroglu.net/wp-login.php" "Mozilla/5.0 (Windows NT 10.0; Win64; x64) AppleWebKit/537.36 (KHTML, like Gecko) Chrome/145.0.0.0 Safari/537.36"
37.120.155.2 - - [27/Apr/2026:14:50:38 +0300] "GET /wp-includes/js/dist/hooks.min.js?ver=c6aec9a8d4e5a5d543a1 HTTP/2" 200 1486 "https://serhatburke.miroglu.net/wp-login.php" "Mozilla/5.0 (Windows NT 10.0; Win64; x64) AppleWebKit/537.36 (KHTML, like Gecko) Chrome/145.0.0.0 Safari/537.36"
37.120.155.2 - - [27/Apr/2026:14:50:38 +0300] "GET /wp-includes/js/dist/i18n.min.js?ver=7701b0c3857f914212ef HTTP/2" 200 3568 "https://serhatburke.miroglu.net/wp-login.php" "Mozilla/5.0 (Windows NT 10.0; Win64; x64) AppleWebKit/537.36 (KHTML, like Gecko) Chrome/145.0.0.0 Safari/537.36"
37.120.155.2 - - [27/Apr/2026:14:50:38 +0300] "GET /wp-admin/js/password-strength-meter.min.js?ver=6.3.8 HTTP/2" 200 558 "https://serhatburke.miroglu.net/wp-login.php" "Mozilla/5.0 (Windows NT 10.0; Win64; x64) AppleWebKit/537.36 (KHTML, like Gecko) Chrome/145.0.0.0 Safari/537.36"
37.120.155.2 - - [27/Apr/2026:14:50:38 +0300] "GET /wp-includes/js/underscore.min.js?ver=1.13.4 HTTP/2" 200 7179 "https://serhatburke.miroglu.net/wp-login.php" "Mozilla/5.0 (Windows NT 10.0; Win64; x64) AppleWebKit/537.36 (KHTML, like Gecko) Chrome/145.0.0.0 Safari/537.36"
37.120.155.2 - - [27/Apr/2026:14:50:38 +0300] "GET /wp-includes/js/wp-util.min.js?ver=6.3.8 HTTP/2" 200 693 "https://serhatburke.miroglu.net/wp-login.php" "Mozilla/5.0 (Windows NT 10.0; Win64; x64) AppleWebKit/537.36 (KHTML, like Gecko) Chrome/145.0.0.0 Safari/537.36"
37.120.155.2 - - [27/Apr/2026:14:50:38 +0300] "GET /wp-admin/js/user-profile.min.js?ver=6.3.8 HTTP/2" 200 2150 "https://serhatburke.miroglu.net/wp-login.php" "Mozilla/5.0 (Windows NT 10.0; Win64; x64) AppleWebKit/537.36 (KHTML, like Gecko) Chrome/145.0.0.0 Safari/537.36"
37.120.155.2 - - [27/Apr/2026:14:50:38 +0300] "GET /wp-admin/images/wordpress-logo.svg?ver=20131107 HTTP/2" 200 759 "https://serhatburke.miroglu.net/wp-admin/css/login.min.css?ver=6.3.8" "Mozilla/5.0 (Windows NT 10.0; Win64; x64) AppleWebKit/537.36 (KHTML, like Gecko) Chrome/145.0.0.0 Safari/537.36"
37.120.155.2 - - [27/Apr/2026:14:50:38 +0300] "GET /wp-content/uploads/2023/08/favicon-16x16-3.png HTTP/2" 200 529 "https://serhatburke.miroglu.net/wp-login.php" "Mozilla/5.0 (Windows NT 10.0; Win64; x64) AppleWebKit/537.36 (KHTML, like Gecko) Chrome/145.0.0.0 Safari/537.36"
37.120.155.2 - - [27/Apr/2026:14:50:38 +0300] "GET /wp-includes/js/zxcvbn.min.js HTTP/2" 200 389493 "https://serhatburke.miroglu.net/wp-login.php" "Mozilla/5.0 (Windows NT 10.0; Win64; x64) AppleWebKit/537.36 (KHTML, like Gecko) Chrome/145.0.0.0 Safari/537.36"
37.120.155.2 - - [27/Apr/2026:14:50:44 +0300] "POST /wp-login.php HTTP/2" 302 0 "https://serhatburke.miroglu.net/wp-login.php" "Mozilla/5.0 (Windows NT 10.0; Win64; x64) AppleWebKit/537.36 (KHTML, like Gecko) Chrome/145.0.0.0 Safari/537.36"
37.120.155.2 - - [27/Apr/2026:14:50:56 +0300] "GET /wp-admin/ HTTP/2" 200 214978 "https://serhatburke.miroglu.net/wp-login.php" "Mozilla/5.0 (Windows NT 10.0; Win64; x64) AppleWebKit/537.36 (KHTML, like Gecko) Chrome/145.0.0.0 Safari/537.36"
37.120.155.2 - - [27/Apr/2026:14:51:09 +0300] "GET /wp-content/plugins/all-in-one-seo-pack/dist/Lite/assets/js/_plugin-vue_export-helper.b97bdf23.js HTTP/2" 200 212 "https://serhatburke.miroglu.net/wp-admin/" "Mozilla/5.0 (Windows NT 10.0; Win64; x64) AppleWebKit/537.36 (KHTML, like Gecko) Chrome/145.0.0.0 Safari/537.36"
37.120.155.2 - - [27/Apr/2026:14:51:09 +0300] "GET /wp-content/plugins/all-in-one-seo-pack/dist/Lite/assets/js/vue.runtime.esm-bundler.b39e1078.js HTTP/2" 200 39772 "https://serhatburke.miroglu.net/wp-admin/" "Mozilla/5.0 (Windows NT 10.0; Win64; x64) AppleWebKit/537.36 (KHTML, like Gecko) Chrome/145.0.0.0 Safari/537.36"
37.120.155.2 - - [27/Apr/2026:14:51:09 +0300] "GET /wp-content/plugins/all-in-one-seo-pack/dist/Lite/assets/js/links.23796d97.js HTTP/2" 200 46535 "https://serhatburke.miroglu.net/wp-admin/" "Mozilla/5.0 (Windows NT 10.0; Win64; x64) AppleWebKit/537.36 (KHTML, like Gecko) Chrome/145.0.0.0 Safari/537.36"
37.120.155.2 - - [27/Apr/2026:14:51:09 +0300] "GET /wp-content/plugins/all-in-one-seo-pack/dist/Lite/assets/js/translations.6e7b2383.js HTTP/2" 200 339 "https://serhatburke.miroglu.net/wp-admin/" "Mozilla/5.0 (Windows NT 10.0; Win64; x64) AppleWebKit/537.36 (KHTML, like Gecko) Chrome/145.0.0.0 Safari/537.36"
37.120.155.2 - - [27/Apr/2026:14:51:09 +0300] "GET /wp-content/plugins/all-in-one-seo-pack/dist/Lite/assets/js/default-i18n.3881921e.js HTTP/2" 200 4578 "https://serhatburke.miroglu.net/wp-admin/" "Mozilla/5.0 (Windows NT 10.0; Win64; x64) AppleWebKit/537.36 (KHTML, like Gecko) Chrome/145.0.0.0 Safari/537.36"
37.120.155.2 - - [27/Apr/2026:14:51:09 +0300] "GET /wp-content/plugins/all-in-one-seo-pack/dist/Lite/assets/js/isArrayLikeObject.22a096cb.js HTTP/2" 200 14929 "https://serhatburke.miroglu.net/wp-admin/" "Mozilla/5.0 (Windows NT 10.0; Win64; x64) AppleWebKit/537.36 (KHTML, like Gecko) Chrome/145.0.0.0 Safari/537.36"
37.120.155.2 - - [27/Apr/2026:14:51:09 +0300] "GET /wp-includes/js/thickbox/thickbox.css?ver=6.3.8 HTTP/2" 200 824 "https://serhatburke.miroglu.net/wp-admin/" "Mozilla/5.0 (Windows NT 10.0; Win64; x64) AppleWebKit/537.36 (KHTML, like Gecko) Chrome/145.0.0.0 Safari/537.36"
37.120.155.2 - - [27/Apr/2026:14:51:09 +0300] "GET /wp-content/plugins/all-in-one-seo-pack/dist/Lite/assets/css/main.2ac0cc67.css?ver=4.4.4 HTTP/2" 200 271 "https://serhatburke.miroglu.net/wp-admin/" "Mozilla/5.0 (Windows NT 10.0; Win64; x64) AppleWebKit/537.36 (KHTML, like Gecko) Chrome/145.0.0.0 Safari/537.36"
37.120.155.2 - - [27/Apr/2026:14:51:09 +0300] "GET /wp-content/plugins/all-in-one-seo-pack/dist/Lite/assets/css/main.0ab815b6.css?ver=4.4.4 HTTP/2" 200 5345 "https://serhatburke.miroglu.net/wp-admin/" "Mozilla/5.0 (Windows NT 10.0; Win64; x64) AppleWebKit/537.36 (KHTML, like Gecko) Chrome/145.0.0.0 Safari/537.36"
37.120.155.2 - - [27/Apr/2026:14:51:09 +0300] "GET /wp-content/plugins/wp-file-manager/css/fm_common.css?ver=6.3.8 HTTP/2" 200 153 "https://serhatburke.miroglu.net/wp-admin/" "Mozilla/5.0 (Windows NT 10.0; Win64; x64) AppleWebKit/537.36 (KHTML, like Gecko) Chrome/145.0.0.0 Safari/537.36"
37.120.155.2 - - [27/Apr/2026:14:51:09 +0300] "GET /wp-content/plugins/google-analytics-for-wordpress/assets/css/admin-common.min.css?ver=10.1.3 HTTP/2" 200 409 "https://serhatburke.miroglu.net/wp-admin/" "Mozilla/5.0 (Windows NT 10.0; Win64; x64) AppleWebKit/537.36 (KHTML, like Gecko) Chrome/145.0.0.0 Safari/537.36"
37.120.155.2 - - [27/Apr/2026:14:51:09 +0300] "GET /wp-content/plugins/google-analytics-for-wordpress/lite/assets/vue/css/admin.css?ver=10.1.3 HTTP/2" 200 362 "https://serhatburke.miroglu.net/wp-admin/" "Mozilla/5.0 (Windows NT 10.0; Win64; x64) AppleWebKit/537.36 (KHTML, like Gecko) Chrome/145.0.0.0 Safari/537.36"
37.120.155.2 - - [27/Apr/2026:14:51:09 +0300] "GET /wp-content/plugins/google-analytics-for-wordpress/assets/css/admin-metabox-sitenotes.css?ver=10.1.3 HTTP/2" 200 176 "https://serhatburke.miroglu.net/wp-admin/" "Mozilla/5.0 (Windows NT 10.0; Win64; x64) AppleWebKit/537.36 (KHTML, like Gecko) Chrome/145.0.0.0 Safari/537.36"
37.120.155.2 - - [27/Apr/2026:14:51:09 +0300] "GET /wp-content/plugins/wpforms-lite/assets/lib/jquery.confirm/jquery-confirm.min.css?ver=3.3.4 HTTP/2" 200 3146 "https://serhatburke.miroglu.net/wp-admin/" "Mozilla/5.0 (Windows NT 10.0; Win64; x64) AppleWebKit/537.36 (KHTML, like Gecko) Chrome/145.0.0.0 Safari/537.36"
37.120.155.2 - - [27/Apr/2026:14:51:09 +0300] "GET /wp-content/plugins/wpforms-lite/assets/lib/font-awesome/font-awesome.min.css?ver=4.7.0 HTTP/2" 200 6701 "https://serhatburke.miroglu.net/wp-admin/" "Mozilla/5.0 (Windows NT 10.0; Win64; x64) AppleWebKit/537.36 (KHTML, like Gecko) Chrome/145.0.0.0 Safari/537.36"
37.120.155.2 - - [27/Apr/2026:14:51:09 +0300] "GET /wp-content/plugins/wpforms-lite/assets/lite/css/dashboard-education.min.css?ver=1.8.3.1 HTTP/2" 200 3237 "https://serhatburke.miroglu.net/wp-admin/" "Mozilla/5.0 (Windows NT 10.0; Win64; x64) AppleWebKit/537.36 (KHTML, like Gecko) Chrome/145.0.0.0 Safari/537.36"
37.120.155.2 - - [27/Apr/2026:14:51:09 +0300] "GET /wp-content/plugins/google-analytics-for-wordpress/lite/assets/vue/css/widget.css?ver=10.1.3 HTTP/2" 200 31545 "https://serhatburke.miroglu.net/wp-admin/" "Mozilla/5.0 (Windows NT 10.0; Win64; x64) AppleWebKit/537.36 (KHTML, like Gecko) Chrome/145.0.0.0 Safari/537.36"
37.120.155.2 - - [27/Apr/2026:14:51:09 +0300] "GET /wp-content/plugins/google-analytics-for-wordpress/lite/assets/vue/css/vendor.css?ver=10.1.3 HTTP/2" 200 688 "https://serhatburke.miroglu.net/wp-admin/" "Mozilla/5.0 (Windows NT 10.0; Win64; x64) AppleWebKit/537.36 (KHTML, like Gecko) Chrome/145.0.0.0 Safari/537.36"
37.120.155.2 - - [27/Apr/2026:14:51:09 +0300] "GET /wp-content/plugins/wpforms-lite/assets/css/admin-bar.min.css?ver=1.8.3.1 HTTP/2" 200 397 "https://serhatburke.miroglu.net/wp-admin/" "Mozilla/5.0 (Windows NT 10.0; Win64; x64) AppleWebKit/537.36 (KHTML, like Gecko) Chrome/145.0.0.0 Safari/537.36"
37.120.155.2 - - [27/Apr/2026:14:51:09 +0300] "GET /wp-content/plugins/wpforms-lite/assets/css/dashboard-widget.min.css?ver=1.8.3.1 HTTP/2" 200 2203 "https://serhatburke.miroglu.net/wp-admin/" "Mozilla/5.0 (Windows NT 10.0; Win64; x64) AppleWebKit/537.36 (KHTML, like Gecko) Chrome/145.0.0.0 Safari/537.36"
37.120.155.2 - - [27/Apr/2026:14:51:09 +0300] "GET /wp-content/plugins/google-analytics-for-wordpress/lite/assets/admin-bar/insights.css?ver=2285a9c504aa37d29a57 HTTP/2" 200 1347 "https://serhatburke.miroglu.net/wp-admin/" "Mozilla/5.0 (Windows NT 10.0; Win64; x64) AppleWebKit/537.36 (KHTML, like Gecko) Chrome/145.0.0.0 Safari/537.36"
37.120.155.2 - - [27/Apr/2026:14:51:09 +0300] "GET /wp-content/themes/toppic/css/meta-style.css?ver=4.2 HTTP/2" 200 979 "https://serhatburke.miroglu.net/wp-admin/" "Mozilla/5.0 (Windows NT 10.0; Win64; x64) AppleWebKit/537.36 (KHTML, like Gecko) Chrome/145.0.0.0 Safari/537.36"
37.120.155.2 - - [27/Apr/2026:14:51:09 +0300] "GET /wp-content/plugins/google-analytics-for-wordpress/assets/js/admin-metabox-sitenotes.js?ver=10.1.3 HTTP/2" 200 277 "https://serhatburke.miroglu.net/wp-admin/" "Mozilla/5.0 (Windows NT 10.0; Win64; x64) AppleWebKit/537.36 (KHTML, like Gecko) Chrome/145.0.0.0 Safari/537.36"
37.120.155.2 - - [27/Apr/2026:14:51:09 +0300] "GET /wp-admin/load-scripts.php?c=1&load%5Bchunk_0%5D=jquery-core,jquery-migrate,utils&ver=6.3.8 HTTP/2" 200 36096 "https://serhatburke.miroglu.net/wp-admin/" "Mozilla/5.0 (Windows NT 10.0; Win64; x64) AppleWebKit/537.36 (KHTML, like Gecko) Chrome/145.0.0.0 Safari/537.36"
37.120.155.2 - - [27/Apr/2026:14:51:09 +0300] "GET /wp-admin/load-styles.php?c=1&dir=ltr&load%5Bchunk_0%5D=dashicons,admin-bar,site-health,common,forms,admin-menu,dashboard,list-tables,edit,revisions,media,themes,about,nav-menus,wp-poi&load%5Bchunk_1%5D=nter,widgets,site-icon,l10n,buttons,wp-auth-check,wp-components&ver=6.3.8 HTTP/2" 200 115140 "https://serhatburke.miroglu.net/wp-admin/" "Mozilla/5.0 (Windows NT 10.0; Win64; x64) AppleWebKit/537.36 (KHTML, like Gecko) Chrome/145.0.0.0 Safari/537.36"
37.120.155.2 - - [27/Apr/2026:14:51:10 +0300] "GET /wp-includes/css/editor.min.css?ver=6.3.8 HTTP/2" 200 5626 "https://serhatburke.miroglu.net/wp-admin/" "Mozilla/5.0 (Windows NT 10.0; Win64; x64) AppleWebKit/537.36 (KHTML, like Gecko) Chrome/145.0.0.0 Safari/537.36"
37.120.155.2 - - [27/Apr/2026:14:51:10 +0300] "GET /wp-content/plugins/all-in-one-seo-pack/dist/Lite/assets/css/index.f13cbef6.css?ver=4.4.4 HTTP/2" 200 3697 "https://serhatburke.miroglu.net/wp-admin/" "Mozilla/5.0 (Windows NT 10.0; Win64; x64) AppleWebKit/537.36 (KHTML, like Gecko) Chrome/145.0.0.0 Safari/537.36"
37.120.155.2 - - [27/Apr/2026:14:51:10 +0300] "GET /wp-content/plugins/all-in-one-seo-pack/dist/Lite/assets/css/SeoSetup.aa37a8dd.css?ver=4.4.4 HTTP/2" 200 466 "https://serhatburke.miroglu.net/wp-admin/" "Mozilla/5.0 (Windows NT 10.0; Win64; x64) AppleWebKit/537.36 (KHTML, like Gecko) Chrome/145.0.0.0 Safari/537.36"
37.120.155.2 - - [27/Apr/2026:14:51:10 +0300] "GET /wp-content/plugins/all-in-one-seo-pack/dist/Lite/assets/css/Overview.f1ef313f.css?ver=4.4.4 HTTP/2" 200 442 "https://serhatburke.miroglu.net/wp-admin/" "Mozilla/5.0 (Windows NT 10.0; Win64; x64) AppleWebKit/537.36 (KHTML, like Gecko) Chrome/145.0.0.0 Safari/537.36"
37.120.155.2 - - [27/Apr/2026:14:51:10 +0300] "GET /wp-content/plugins/all-in-one-seo-pack/dist/Lite/assets/css/Caret.82e4ef18.css?ver=4.4.4 HTTP/2" 200 957 "https://serhatburke.miroglu.net/wp-admin/" "Mozilla/5.0 (Windows NT 10.0; Win64; x64) AppleWebKit/537.36 (KHTML, like Gecko) Chrome/145.0.0.0 Safari/537.36"
37.120.155.2 - - [27/Apr/2026:14:51:10 +0300] "GET /wp-content/plugins/all-in-one-seo-pack/dist/Lite/assets/css/DonutChartWithLegend.86f54c65.css?ver=4.4.4 HTTP/2" 200 635 "https://serhatburke.miroglu.net/wp-admin/" "Mozilla/5.0 (Windows NT 10.0; Win64; x64) AppleWebKit/537.36 (KHTML, like Gecko) Chrome/145.0.0.0 Safari/537.36"
37.120.155.2 - - [27/Apr/2026:14:51:10 +0300] "GET /wp-admin/js/common.min.js?ver=6.3.8 HTTP/2" 200 6355 "https://serhatburke.miroglu.net/wp-admin/" "Mozilla/5.0 (Windows NT 10.0; Win64; x64) AppleWebKit/537.36 (KHTML, like Gecko) Chrome/145.0.0.0 Safari/537.36"
37.120.155.2 - - [27/Apr/2026:14:51:10 +0300] "GET /wp-admin/load-scripts.php?c=1&load%5Bchunk_0%5D=hoverIntent,wp-polyfill-inert,regenerator-runtime,wp-polyfill,wp-hooks&ver=6.3.8 HTTP/2" 200 12563 "https://serhatburke.miroglu.net/wp-admin/" "Mozilla/5.0 (Windows NT 10.0; Win64; x64) AppleWebKit/537.36 (KHTML, like Gecko) Chrome/145.0.0.0 Safari/537.36"
37.120.155.2 - - [27/Apr/2026:14:51:10 +0300] "GET /wp-includes/js/hoverintent-js.min.js?ver=2.2.1 HTTP/2" 200 665 "https://serhatburke.miroglu.net/wp-admin/" "Mozilla/5.0 (Windows NT 10.0; Win64; x64) AppleWebKit/537.36 (KHTML, like Gecko) Chrome/145.0.0.0 Safari/537.36"
37.120.155.2 - - [27/Apr/2026:14:51:10 +0300] "GET /wp-includes/js/admin-bar.min.js?ver=6.3.8 HTTP/2" 200 1264 "https://serhatburke.miroglu.net/wp-admin/" "Mozilla/5.0 (Windows NT 10.0; Win64; x64) AppleWebKit/537.36 (KHTML, like Gecko) Chrome/145.0.0.0 Safari/537.36"
37.120.155.2 - - [27/Apr/2026:14:51:10 +0300] "GET /wp-content/plugins/google-analytics-for-wordpress/assets/images/monsterinsights-notice-box-logo.svg HTTP/2" 200 6163 "https://serhatburke.miroglu.net/wp-admin/" "Mozilla/5.0 (Windows NT 10.0; Win64; x64) AppleWebKit/537.36 (KHTML, like Gecko) Chrome/145.0.0.0 Safari/537.36"
37.120.155.2 - - [27/Apr/2026:14:51:10 +0300] "GET /wp-includes/js/clipboard.min.js?ver=2.0.11 HTTP/2" 200 2989 "https://serhatburke.miroglu.net/wp-admin/" "Mozilla/5.0 (Windows NT 10.0; Win64; x64) AppleWebKit/537.36 (KHTML, like Gecko) Chrome/145.0.0.0 Safari/537.36"
37.120.155.2 - - [27/Apr/2026:14:51:10 +0300] "GET /wp-includes/js/dist/dom-ready.min.js?ver=392bdd43726760d1f3ca HTTP/2" 200 281 "https://serhatburke.miroglu.net/wp-admin/" "Mozilla/5.0 (Windows NT 10.0; Win64; x64) AppleWebKit/537.36 (KHTML, like Gecko) Chrome/145.0.0.0 Safari/537.36"
37.120.155.2 - - [27/Apr/2026:14:51:10 +0300] "GET /wp-includes/js/dist/a11y.min.js?ver=7032343a947cfccf5608 HTTP/2" 200 834 "https://serhatburke.miroglu.net/wp-admin/" "Mozilla/5.0 (Windows NT 10.0; Win64; x64) AppleWebKit/537.36 (KHTML, like Gecko) Chrome/145.0.0.0 Safari/537.36"
37.120.155.2 - - [27/Apr/2026:14:51:10 +0300] "GET /wp-includes/js/api-request.min.js?ver=6.3.8 HTTP/2" 200 530 "https://serhatburke.miroglu.net/wp-admin/" "Mozilla/5.0 (Windows NT 10.0; Win64; x64) AppleWebKit/537.36 (KHTML, like Gecko) Chrome/145.0.0.0 Safari/537.36"
37.120.155.2 - - [27/Apr/2026:14:51:10 +0300] "GET /wp-includes/js/dist/url.min.js?ver=8814d23f2d64864d280d HTTP/2" 200 3390 "https://serhatburke.miroglu.net/wp-admin/" "Mozilla/5.0 (Windows NT 10.0; Win64; x64) AppleWebKit/537.36 (KHTML, like Gecko) Chrome/145.0.0.0 Safari/537.36"
37.120.155.2 - - [27/Apr/2026:14:51:10 +0300] "GET /wp-admin/js/site-health.min.js?ver=6.3.8 HTTP/2" 200 1981 "https://serhatburke.miroglu.net/wp-admin/" "Mozilla/5.0 (Windows NT 10.0; Win64; x64) AppleWebKit/537.36 (KHTML, like Gecko) Chrome/145.0.0.0 Safari/537.36"
37.120.155.2 - - [27/Apr/2026:14:51:10 +0300] "GET /wp-includes/js/wp-ajax-response.min.js?ver=6.3.8 HTTP/2" 200 972 "https://serhatburke.miroglu.net/wp-admin/" "Mozilla/5.0 (Windows NT 10.0; Win64; x64) AppleWebKit/537.36 (KHTML, like Gecko) Chrome/145.0.0.0 Safari/537.36"
37.120.155.2 - - [27/Apr/2026:14:51:10 +0300] "GET /wp-includes/js/jquery/jquery.color.min.js?ver=2.2.0 HTTP/2" 200 2800 "https://serhatburke.miroglu.net/wp-admin/" "Mozilla/5.0 (Windows NT 10.0; Win64; x64) AppleWebKit/537.36 (KHTML, like Gecko) Chrome/145.0.0.0 Safari/537.36"
37.120.155.2 - - [27/Apr/2026:14:51:10 +0300] "GET /wp-includes/js/wp-lists.min.js?ver=6.3.8 HTTP/2" 200 2359 "https://serhatburke.miroglu.net/wp-admin/" "Mozilla/5.0 (Windows NT 10.0; Win64; x64) AppleWebKit/537.36 (KHTML, like Gecko) Chrome/145.0.0.0 Safari/537.36"
37.120.155.2 - - [27/Apr/2026:14:51:10 +0300] "GET /wp-includes/js/quicktags.min.js?ver=6.3.8 HTTP/2" 200 3331 "https://serhatburke.miroglu.net/wp-admin/" "Mozilla/5.0 (Windows NT 10.0; Win64; x64) AppleWebKit/537.36 (KHTML, like Gecko) Chrome/145.0.0.0 Safari/537.36"
37.120.155.2 - - [27/Apr/2026:14:51:10 +0300] "GET /wp-includes/js/jquery/jquery.query.js?ver=2.2.3 HTTP/2" 200 1534 "https://serhatburke.miroglu.net/wp-admin/" "Mozilla/5.0 (Windows NT 10.0; Win64; x64) AppleWebKit/537.36 (KHTML, like Gecko) Chrome/145.0.0.0 Safari/537.36"
37.120.155.2 - - [27/Apr/2026:14:51:10 +0300] "GET /wp-admin/js/edit-comments.min.js?ver=6.3.8 HTTP/2" 200 4867 "https://serhatburke.miroglu.net/wp-admin/" "Mozilla/5.0 (Windows NT 10.0; Win64; x64) AppleWebKit/537.36 (KHTML, like Gecko) Chrome/145.0.0.0 Safari/537.36"
37.120.155.2 - - [27/Apr/2026:14:51:10 +0300] "GET /wp-includes/js/jquery/ui/core.min.js?ver=1.13.2 HTTP/2" 200 6801 "https://serhatburke.miroglu.net/wp-admin/" "Mozilla/5.0 (Windows NT 10.0; Win64; x64) AppleWebKit/537.36 (KHTML, like Gecko) Chrome/145.0.0.0 Safari/537.36"
37.120.155.2 - - [27/Apr/2026:14:51:10 +0300] "GET /wp-includes/js/jquery/ui/mouse.min.js?ver=1.13.2 HTTP/2" 200 1001 "https://serhatburke.miroglu.net/wp-admin/" "Mozilla/5.0 (Windows NT 10.0; Win64; x64) AppleWebKit/537.36 (KHTML, like Gecko) Chrome/145.0.0.0 Safari/537.36"
37.120.155.2 - - [27/Apr/2026:14:51:10 +0300] "GET /wp-includes/js/jquery/ui/sortable.min.js?ver=1.13.2 HTTP/2" 200 6333 "https://serhatburke.miroglu.net/wp-admin/" "Mozilla/5.0 (Windows NT 10.0; Win64; x64) AppleWebKit/537.36 (KHTML, like Gecko) Chrome/145.0.0.0 Safari/537.36"
37.120.155.2 - - [27/Apr/2026:14:51:10 +0300] "GET /wp-admin/js/postbox.min.js?ver=6.3.8 HTTP/2" 200 2053 "https://serhatburke.miroglu.net/wp-admin/" "Mozilla/5.0 (Windows NT 10.0; Win64; x64) AppleWebKit/537.36 (KHTML, like Gecko) Chrome/145.0.0.0 Safari/537.36"
37.120.155.2 - - [27/Apr/2026:14:51:10 +0300] "GET /wp-includes/js/dist/vendor/moment.min.js?ver=2.29.4 HTTP/2" 200 18186 "https://serhatburke.miroglu.net/wp-admin/" "Mozilla/5.0 (Windows NT 10.0; Win64; x64) AppleWebKit/537.36 (KHTML, like Gecko) Chrome/145.0.0.0 Safari/537.36"
37.120.155.2 - - [27/Apr/2026:14:51:10 +0300] "GET /wp-includes/js/dist/deprecated.min.js?ver=73ad3591e7bc95f4777a HTTP/2" 200 416 "https://serhatburke.miroglu.net/wp-admin/" "Mozilla/5.0 (Windows NT 10.0; Win64; x64) AppleWebKit/537.36 (KHTML, like Gecko) Chrome/145.0.0.0 Safari/537.36"
37.120.155.2 - - [27/Apr/2026:14:51:10 +0300] "GET /wp-includes/js/dist/date.min.js?ver=3d34bfc9ee4ff8794fdc HTTP/2" 200 36700 "https://serhatburke.miroglu.net/wp-admin/" "Mozilla/5.0 (Windows NT 10.0; Win64; x64) AppleWebKit/537.36 (KHTML, like Gecko) Chrome/145.0.0.0 Safari/537.36"
37.120.155.2 - - [27/Apr/2026:14:51:10 +0300] "GET /wp-admin/js/dashboard.min.js?ver=6.3.8 HTTP/2" 200 2835 "https://serhatburke.miroglu.net/wp-admin/" "Mozilla/5.0 (Windows NT 10.0; Win64; x64) AppleWebKit/537.36 (KHTML, like Gecko) Chrome/145.0.0.0 Safari/537.36"
37.120.155.2 - - [27/Apr/2026:14:51:10 +0300] "GET /wp-includes/js/thickbox/thickbox.js?ver=3.1-20121105 HTTP/2" 200 3991 "https://serhatburke.miroglu.net/wp-admin/" "Mozilla/5.0 (Windows NT 10.0; Win64; x64) AppleWebKit/537.36 (KHTML, like Gecko) Chrome/145.0.0.0 Safari/537.36"
37.120.155.2 - - [27/Apr/2026:14:51:10 +0300] "GET /wp-admin/js/plugin-install.min.js?ver=6.3.8 HTTP/2" 200 903 "https://serhatburke.miroglu.net/wp-admin/" "Mozilla/5.0 (Windows NT 10.0; Win64; x64) AppleWebKit/537.36 (KHTML, like Gecko) Chrome/145.0.0.0 Safari/537.36"
37.120.155.2 - - [27/Apr/2026:14:51:10 +0300] "GET /wp-admin/js/updates.min.js?ver=6.3.8 HTTP/2" 200 8760 "https://serhatburke.miroglu.net/wp-admin/" "Mozilla/5.0 (Windows NT 10.0; Win64; x64) AppleWebKit/537.36 (KHTML, like Gecko) Chrome/145.0.0.0 Safari/537.36"
37.120.155.2 - - [27/Apr/2026:14:51:10 +0300] "GET /wp-includes/js/shortcode.min.js?ver=6.3.8 HTTP/2" 200 1078 "https://serhatburke.miroglu.net/wp-admin/" "Mozilla/5.0 (Windows NT 10.0; Win64; x64) AppleWebKit/537.36 (KHTML, like Gecko) Chrome/145.0.0.0 Safari/537.36"
37.120.155.2 - - [27/Apr/2026:14:51:10 +0300] "GET /wp-admin/js/media-upload.min.js?ver=6.3.8 HTTP/2" 200 540 "https://serhatburke.miroglu.net/wp-admin/" "Mozilla/5.0 (Windows NT 10.0; Win64; x64) AppleWebKit/537.36 (KHTML, like Gecko) Chrome/145.0.0.0 Safari/537.36"
37.120.155.2 - - [27/Apr/2026:14:51:10 +0300] "GET /wp-admin/js/svg-painter.js?ver=6.3.8 HTTP/2" 200 1971 "https://serhatburke.miroglu.net/wp-admin/" "Mozilla/5.0 (Windows NT 10.0; Win64; x64) AppleWebKit/537.36 (KHTML, like Gecko) Chrome/145.0.0.0 Safari/537.36"
37.120.155.2 - - [27/Apr/2026:14:51:10 +0300] "GET /wp-includes/js/wp-sanitize.min.js?ver=6.3.8 HTTP/2" 200 236 "https://serhatburke.miroglu.net/wp-admin/" "Mozilla/5.0 (Windows NT 10.0; Win64; x64) AppleWebKit/537.36 (KHTML, like Gecko) Chrome/145.0.0.0 Safari/537.36"
37.120.155.2 - - [27/Apr/2026:14:51:11 +0300] "GET /wp-includes/js/heartbeat.min.js?ver=6.3.8 HTTP/2" 200 1925 "https://serhatburke.miroglu.net/wp-admin/" "Mozilla/5.0 (Windows NT 10.0; Win64; x64) AppleWebKit/537.36 (KHTML, like Gecko) Chrome/145.0.0.0 Safari/537.36"
37.120.155.2 - - [27/Apr/2026:14:51:11 +0300] "GET /wp-includes/js/wp-auth-check.min.js?ver=6.3.8 HTTP/2" 200 691 "https://serhatburke.miroglu.net/wp-admin/" "Mozilla/5.0 (Windows NT 10.0; Win64; x64) AppleWebKit/537.36 (KHTML, like Gecko) Chrome/145.0.0.0 Safari/537.36"
37.120.155.2 - - [27/Apr/2026:14:51:11 +0300] "GET /wp-content/plugins/all-in-one-seo-pack/dist/Lite/assets/app.7d8c6b04.js?ver=4.4.4 HTTP/2" 200 456 "https://serhatburke.miroglu.net/wp-admin/" "Mozilla/5.0 (Windows NT 10.0; Win64; x64) AppleWebKit/537.36 (KHTML, like Gecko) Chrome/145.0.0.0 Safari/537.36"
37.120.155.2 - - [27/Apr/2026:14:51:11 +0300] "GET /wp-content/plugins/all-in-one-seo-pack/dist/Lite/assets/notifications.e3899576.js?ver=4.4.4 HTTP/2" 200 688 "https://serhatburke.miroglu.net/wp-admin/" "Mozilla/5.0 (Windows NT 10.0; Win64; x64) AppleWebKit/537.36 (KHTML, like Gecko) Chrome/145.0.0.0 Safari/537.36"
37.120.155.2 - - [27/Apr/2026:14:51:11 +0300] "GET /wp-content/plugins/google-analytics-for-wordpress/assets/js/admin-common.min.js?ver=10.1.3 HTTP/2" 200 513 "https://serhatburke.miroglu.net/wp-admin/" "Mozilla/5.0 (Windows NT 10.0; Win64; x64) AppleWebKit/537.36 (KHTML, like Gecko) Chrome/145.0.0.0 Safari/537.36"
37.120.155.2 - - [27/Apr/2026:14:51:11 +0300] "GET /wp-content/plugins/google-analytics-for-wordpress/assets/js/admin-setup-wizard.js?ver=10.1.3 HTTP/2" 200 738 "https://serhatburke.miroglu.net/wp-admin/" "Mozilla/5.0 (Windows NT 10.0; Win64; x64) AppleWebKit/537.36 (KHTML, like Gecko) Chrome/145.0.0.0 Safari/537.36"
37.120.155.2 - - [27/Apr/2026:14:51:11 +0300] "GET /wp-content/plugins/wpforms-lite/assets/lite/js/admin/education/lite-connect.min.js?ver=1.8.3.1 HTTP/2" 200 1480 "https://serhatburke.miroglu.net/wp-admin/" "Mozilla/5.0 (Windows NT 10.0; Win64; x64) AppleWebKit/537.36 (KHTML, like Gecko) Chrome/145.0.0.0 Safari/537.36"
37.120.155.2 - - [27/Apr/2026:14:51:11 +0300] "GET /wp-content/plugins/wpforms-lite/assets/lib/chart.min.js?ver=2.7.2 HTTP/2" 200 45228 "https://serhatburke.miroglu.net/wp-admin/" "Mozilla/5.0 (Windows NT 10.0; Win64; x64) AppleWebKit/537.36 (KHTML, like Gecko) Chrome/145.0.0.0 Safari/537.36"
37.120.155.2 - - [27/Apr/2026:14:51:11 +0300] "GET /wp-content/plugins/google-analytics-for-wordpress/lite/assets/vue/js/widget.min.js?ver=10.1.3 HTTP/2" 200 45549 "https://serhatburke.miroglu.net/wp-admin/" "Mozilla/5.0 (Windows NT 10.0; Win64; x64) AppleWebKit/537.36 (KHTML, like Gecko) Chrome/145.0.0.0 Safari/537.36"
37.120.155.2 - - [27/Apr/2026:14:51:11 +0300] "GET /wp-content/plugins/wpforms-lite/assets/lib/jquery.confirm/jquery-confirm.min.js?ver=3.3.4 HTTP/2" 200 6935 "https://serhatburke.miroglu.net/wp-admin/" "Mozilla/5.0 (Windows NT 10.0; Win64; x64) AppleWebKit/537.36 (KHTML, like Gecko) Chrome/145.0.0.0 Safari/537.36"
37.120.155.2 - - [27/Apr/2026:14:51:11 +0300] "GET /wp-content/plugins/wpforms-lite/assets/lite/js/admin/dashboard-widget.min.js?ver=1.8.3.1 HTTP/2" 200 1181 "https://serhatburke.miroglu.net/wp-admin/" "Mozilla/5.0 (Windows NT 10.0; Win64; x64) AppleWebKit/537.36 (KHTML, like Gecko) Chrome/145.0.0.0 Safari/537.36"
37.120.155.2 - - [27/Apr/2026:14:51:11 +0300] "GET /wp-content/plugins/all-in-one-seo-pack/dist/Lite/assets/dashboard-widgets.93960a37.js?ver=4.4.4 HTTP/2" 200 3449 "https://serhatburke.miroglu.net/wp-admin/" "Mozilla/5.0 (Windows NT 10.0; Win64; x64) AppleWebKit/537.36 (KHTML, like Gecko) Chrome/145.0.0.0 Safari/537.36"
37.120.155.2 - - [27/Apr/2026:14:51:11 +0300] "GET /wp-content/plugins/all-in-one-seo-pack/dist/Lite/assets//link-format/link-format-classic.js?ver=4.4.4 HTTP/2" 200 4340 "https://serhatburke.miroglu.net/wp-admin/" "Mozilla/5.0 (Windows NT 10.0; Win64; x64) AppleWebKit/537.36 (KHTML, like Gecko) Chrome/145.0.0.0 Safari/537.36"
37.120.155.2 - - [27/Apr/2026:14:51:11 +0300] "GET /wp-includes/js/jquery/ui/menu.min.js?ver=1.13.2 HTTP/2" 200 2883 "https://serhatburke.miroglu.net/wp-admin/" "Mozilla/5.0 (Windows NT 10.0; Win64; x64) AppleWebKit/537.36 (KHTML, like Gecko) Chrome/145.0.0.0 Safari/537.36"
37.120.155.2 - - [27/Apr/2026:14:51:11 +0300] "GET /wp-includes/js/jquery/ui/autocomplete.min.js?ver=1.13.2 HTTP/2" 200 2677 "https://serhatburke.miroglu.net/wp-admin/" "Mozilla/5.0 (Windows NT 10.0; Win64; x64) AppleWebKit/537.36 (KHTML, like Gecko) Chrome/145.0.0.0 Safari/537.36"
37.120.155.2 - - [27/Apr/2026:14:51:11 +0300] "GET /wp-content/plugins/js_composer/assets/vc/logo/wpb-logo-white_32.svg HTTP/2" 200 713 "https://serhatburke.miroglu.net/wp-admin/" "Mozilla/5.0 (Windows NT 10.0; Win64; x64) AppleWebKit/537.36 (KHTML, like Gecko) Chrome/145.0.0.0 Safari/537.36"
37.120.155.2 - - [27/Apr/2026:14:51:11 +0300] "GET /wp-content/plugins/wp-file-manager/images/wp_file_manager.svg HTTP/2" 200 1199 "https://serhatburke.miroglu.net/wp-admin/" "Mozilla/5.0 (Windows NT 10.0; Win64; x64) AppleWebKit/537.36 (KHTML, like Gecko) Chrome/145.0.0.0 Safari/537.36"
37.120.155.2 - - [27/Apr/2026:14:51:11 +0300] "GET /wp-content/plugins/wpforms-lite/assets/images/sullie.png HTTP/2" 200 25007 "https://serhatburke.miroglu.net/wp-admin/" "Mozilla/5.0 (Windows NT 10.0; Win64; x64) AppleWebKit/537.36 (KHTML, like Gecko) Chrome/145.0.0.0 Safari/537.36"
37.120.155.2 - - [27/Apr/2026:14:51:11 +0300] "GET /wp-content/plugins/google-analytics-for-wordpress/lite/assets/vue/js/chunks/report-table-helper-ef7686bc.min.js HTTP/2" 200 6926 "https://serhatburke.miroglu.net/wp-content/plugins/google-analytics-for-wordpress/lite/assets/vue/js/widget.min.js?ver=10.1.3" "Mozilla/5.0 (Windows NT 10.0; Win64; x64) AppleWebKit/537.36 (KHTML, like Gecko) Chrome/145.0.0.0 Safari/537.36"
37.120.155.2 - - [27/Apr/2026:14:51:11 +0300] "GET /wp-content/plugins/google-analytics-for-wordpress/lite/assets/vue/js/chunks/monsterinsights-helper-plugin-4cb4e554.min.js HTTP/2" 200 39877 "https://serhatburke.miroglu.net/wp-content/plugins/google-analytics-for-wordpress/lite/assets/vue/js/widget.min.js?ver=10.1.3" "Mozilla/5.0 (Windows NT 10.0; Win64; x64) AppleWebKit/537.36 (KHTML, like Gecko) Chrome/145.0.0.0 Safari/537.36"
37.120.155.2 - - [27/Apr/2026:14:51:11 +0300] "GET /wp-content/plugins/all-in-one-seo-pack/dist/Lite/assets/js/index.cfe09a50.js HTTP/2" 200 7079 "https://serhatburke.miroglu.net/wp-content/plugins/all-in-one-seo-pack/dist/Lite/assets/dashboard-widgets.93960a37.js?ver=4.4.4" "Mozilla/5.0 (Windows NT 10.0; Win64; x64) AppleWebKit/537.36 (KHTML, like Gecko) Chrome/145.0.0.0 Safari/537.36"
37.120.155.2 - - [27/Apr/2026:14:51:11 +0300] "GET /wp-content/plugins/all-in-one-seo-pack/dist/Lite/assets/js/index.0eabb636.js HTTP/2" 200 19431 "https://serhatburke.miroglu.net/wp-content/plugins/all-in-one-seo-pack/dist/Lite/assets/dashboard-widgets.93960a37.js?ver=4.4.4" "Mozilla/5.0 (Windows NT 10.0; Win64; x64) AppleWebKit/537.36 (KHTML, like Gecko) Chrome/145.0.0.0 Safari/537.36"
