185.216.113.70 - - [27/Apr/2026:14:52:48 +0300] "POST /wp-cron.php?doing_wp_cron=1777290768.2042160034179687500000 HTTP/1.1" 200 448 "-" "WordPress/6.3.8; https://serhatburke.miroglu.net"
185.216.113.70 - - [27/Apr/2026:14:52:48 +0300] "POST /wp-cron.php?doing_wp_cron=1777290768.4188458919525146484375 HTTP/1.1" 200 448 "-" "WordPress/6.3.8; https://serhatburke.miroglu.net"
185.216.113.70 - - [27/Apr/2026:14:52:49 +0300] "POST /wp-cron.php?doing_wp_cron=1777290769.3074119091033935546875 HTTP/1.1" 200 448 "-" "WordPress/6.3.8; https://serhatburke.miroglu.net"
185.216.113.70 - - [27/Apr/2026:14:52:52 +0300] "POST /wp-cron.php?doing_wp_cron=1777290772.7171208858489990234375 HTTP/1.1" 200 448 "-" "WordPress/6.3.8; https://serhatburke.miroglu.net"
37.120.155.2 - - [27/Apr/2026:14:53:02 +0300] "GET /wp-content/plugins/all-in-one-seo-pack/dist/Lite/assets/main-20ad6c21.js HTTP/2" 200 458902 "https://serhatburke.miroglu.net/wp-admin/post-new.php" "Mozilla/5.0 (Windows NT 10.0; Win64; x64) AppleWebKit/537.36 (KHTML, like Gecko) Chrome/145.0.0.0 Safari/537.36"
185.216.113.70 - - [27/Apr/2026:14:52:54 +0300] "POST /wp-cron.php?doing_wp_cron=1777290774.3087439537048339843750 HTTP/1.1" 200 448 "-" "WordPress/6.3.8; https://serhatburke.miroglu.net"
185.216.113.70 - - [27/Apr/2026:14:52:56 +0300] "POST /wp-cron.php?doing_wp_cron=1777290775.9321570396423339843750 HTTP/1.1" 200 448 "-" "WordPress/6.3.8; https://serhatburke.miroglu.net"
37.120.155.2 - - [27/Apr/2026:14:52:32 +0300] "POST /xmlrpc.php HTTP/1.1" 200 0 "https://serhatburke.miroglu.net/" "Mozilla/5.0 (Windows NT 10.0; Win64; x64) AppleWebKit/537.36 (KHTML, like Gecko) Chrome/122.0.0.0 Safari/537.36"
185.216.113.70 - - [27/Apr/2026:14:53:27 +0300] "POST /wp-cron.php?doing_wp_cron=1777290807.2172570228576660156250 HTTP/1.1" 200 448 "-" "WordPress/6.3.8; https://serhatburke.miroglu.net"
98.98.79.37 - - [27/Apr/2026:14:51:54 +0300] "POST /xmlrpc.php HTTP/1.1" 200 630 "-" "Mozilla/5.0 (Windows NT 10.0; Win64; x64) AppleWebKit/537.36 (KHTML, like Gecko) Chrome/114.0.0.0 Safari/537.36"
98.98.43.150 - - [27/Apr/2026:14:51:37 +0300] "POST /xmlrpc.php HTTP/1.1" 500 745 "-" "Mozilla/5.0 (Windows NT 10.0; Win64; x64) AppleWebKit/537.36 (KHTML, like Gecko) Chrome/114.0.0.0 Safari/537.36"
178.159.37.142 - - [27/Apr/2026:14:52:40 +0300] "POST /xmlrpc.php HTTP/1.1" 200 0 "-" "Mozilla/5.0 (Windows NT 10.0; Win64; x64) AppleWebKit/537.36 (KHTML, like Gecko) Chrome/79.0.3945.130 Safari/537.36 OPR/66.0.3515.115"
37.120.155.2 - - [27/Apr/2026:14:53:34 +0300] "POST /wp-admin/admin-ajax.php HTTP/2" 200 0 "https://serhatburke.miroglu.net/wp-admin/post-new.php" "Mozilla/5.0 (Windows NT 10.0; Win64; x64) AppleWebKit/537.36 (KHTML, like Gecko) Chrome/145.0.0.0 Safari/537.36"
37.120.155.2 - - [27/Apr/2026:14:53:43 +0300] "GET /wp-content/uploads/2023/08/favicon-16x16-3.png HTTP/2" 200 529 "https://serhatburke.miroglu.net/wp-admin/post-new.php" "Mozilla/5.0 (Windows NT 10.0; Win64; x64) AppleWebKit/537.36 (KHTML, like Gecko) Chrome/145.0.0.0 Safari/537.36"
37.120.155.2 - - [27/Apr/2026:14:51:54 +0300] "POST /wp-json/aioseo/v1/analyze-headline/ HTTP/2" 200 0 "https://serhatburke.miroglu.net/wp-admin/post-new.php" "Mozilla/5.0 (Windows NT 10.0; Win64; x64) AppleWebKit/537.36 (KHTML, like Gecko) Chrome/145.0.0.0 Safari/537.36"
37.120.155.2 - - [27/Apr/2026:14:52:02 +0300] "GET /wp-json/wp/v2/taxonomies/post_tag?context=edit&_locale=user HTTP/2" 200 0 "https://serhatburke.miroglu.net/wp-admin/post-new.php" "Mozilla/5.0 (Windows NT 10.0; Win64; x64) AppleWebKit/537.36 (KHTML, like Gecko) Chrome/145.0.0.0 Safari/537.36"
37.120.155.2 - - [27/Apr/2026:14:52:02 +0300] "GET /wp-json/wp/v2/taxonomies/category?context=edit&_locale=user HTTP/2" 200 0 "https://serhatburke.miroglu.net/wp-admin/post-new.php" "Mozilla/5.0 (Windows NT 10.0; Win64; x64) AppleWebKit/537.36 (KHTML, like Gecko) Chrome/145.0.0.0 Safari/537.36"
37.120.155.2 - - [27/Apr/2026:14:52:02 +0300] "GET /wp-json/wp/v2/categories/1?context=edit&_locale=user HTTP/2" 200 0 "https://serhatburke.miroglu.net/wp-admin/post-new.php" "Mozilla/5.0 (Windows NT 10.0; Win64; x64) AppleWebKit/537.36 (KHTML, like Gecko) Chrome/145.0.0.0 Safari/537.36"
37.120.155.2 - - [27/Apr/2026:14:52:02 +0300] "POST /wp-json/wp/v2/posts/140133?_locale=user HTTP/2" 200 0 "https://serhatburke.miroglu.net/wp-admin/post-new.php" "Mozilla/5.0 (Windows NT 10.0; Win64; x64) AppleWebKit/537.36 (KHTML, like Gecko) Chrome/145.0.0.0 Safari/537.36"
37.120.155.2 - - [27/Apr/2026:14:53:43 +0300] "POST /wp-admin/admin-ajax.php HTTP/2" 200 0 "https://serhatburke.miroglu.net/wp-admin/post-new.php" "Mozilla/5.0 (Windows NT 10.0; Win64; x64) AppleWebKit/537.36 (KHTML, like Gecko) Chrome/145.0.0.0 Safari/537.36"
62.12.118.39 - - [27/Apr/2026:14:52:34 +0300] "POST /xmlrpc.php HTTP/1.1" 500 745 "-" "Mozilla/5.0 (Windows NT 10.0; Win64; x64) AppleWebKit/537.36 (KHTML, like Gecko) Chrome/114.0.0.0 Safari/537.36"
165.140.118.5 - - [27/Apr/2026:14:52:38 +0300] "GET /zotabet-casino-bonus-premier-depot-2026/ HTTP/1.1" 500 782 "https://serhatburke.miroglu.net/" "Mozilla/5.0 (Linux x86_64; rv:114.0) Gecko/20100101 Firefox/114.0"
185.216.113.70 - - [27/Apr/2026:14:54:51 +0300] "POST /wp-cron.php?doing_wp_cron=1777290891.3094971179962158203125 HTTP/1.1" 200 448 "-" "WordPress/6.3.8; https://serhatburke.miroglu.net"
98.98.79.37 - - [27/Apr/2026:14:52:58 +0300] "POST /xmlrpc.php HTTP/1.1" 200 630 "-" "Mozilla/5.0 (Windows NT 10.0; Win64; x64) AppleWebKit/537.36 (KHTML, like Gecko) Chrome/114.0.0.0 Safari/537.36"
165.140.118.5 - - [27/Apr/2026:14:53:08 +0300] "GET /zotabet-casino-bonus-premier-depot-2026/ HTTP/1.1" 500 782 "https://serhatburke.miroglu.net/" "Mozilla/5.0 (Linux x86_64; rv:114.0) Gecko/20100101 Firefox/114.0"
185.216.113.70 - - [27/Apr/2026:14:55:12 +0300] "POST /wp-cron.php?doing_wp_cron=1777290912.0005729198455810546875 HTTP/1.1" 200 448 "-" "WordPress/6.3.8; https://serhatburke.miroglu.net"
98.98.43.150 - - [27/Apr/2026:14:53:16 +0300] "POST /xmlrpc.php HTTP/1.1" 500 745 "-" "Mozilla/5.0 (Windows NT 10.0; Win64; x64) AppleWebKit/537.36 (KHTML, like Gecko) Chrome/114.0.0.0 Safari/537.36"
165.140.118.5 - - [27/Apr/2026:14:53:39 +0300] "GET /zotabet-casino-bonus-premier-depot-2026/ HTTP/1.1" 200 19133 "https://serhatburke.miroglu.net/" "Mozilla/5.0 (Linux x86_64; rv:114.0) Gecko/20100101 Firefox/114.0"
84.200.80.218 - - [27/Apr/2026:14:53:22 +0300] "GET /page-3905/ HTTP/1.1" 500 782 "-" "Screaming Frog SEO Spider/16.7"
185.216.113.70 - - [27/Apr/2026:14:55:28 +0300] "POST /wp-cron.php?doing_wp_cron=1777290928.0201830863952636718750 HTTP/1.1" 200 448 "-" "WordPress/6.3.8; https://serhatburke.miroglu.net"
185.216.113.70 - - [27/Apr/2026:14:55:30 +0300] "POST /wp-cron.php?doing_wp_cron=1777290929.6113080978393554687500 HTTP/1.1" 200 448 "-" "WordPress/6.3.8; https://serhatburke.miroglu.net"
98.98.79.37 - - [27/Apr/2026:14:53:34 +0300] "POST /xmlrpc.php HTTP/1.1" 500 745 "-" "Mozilla/5.0 (Windows NT 10.0; Win64; x64) AppleWebKit/537.36 (KHTML, like Gecko) Chrome/114.0.0.0 Safari/537.36"
185.216.113.70 - - [27/Apr/2026:14:55:45 +0300] "POST /wp-cron.php?doing_wp_cron=1777290944.9072039127349853515625 HTTP/1.1" 200 448 "-" "WordPress/6.3.8; https://serhatburke.miroglu.net"
185.216.113.70 - - [27/Apr/2026:14:55:49 +0300] "POST /wp-cron.php?doing_wp_cron=1777290948.8162240982055664062500 HTTP/1.1" 200 448 "-" "WordPress/6.3.8; https://serhatburke.miroglu.net"
200.25.47.113 - - [27/Apr/2026:14:54:11 +0300] "POST /xmlrpc.php HTTP/1.1" 200 630 "-" "Mozilla/5.0 (Windows NT 10.0; Win64; x64) AppleWebKit/537.36 (KHTML, like Gecko) Chrome/114.0.0.0 Safari/537.36"
98.98.79.37 - - [27/Apr/2026:14:53:55 +0300] "POST /xmlrpc.php HTTP/1.1" 500 745 "-" "Mozilla/5.0 (Windows NT 10.0; Win64; x64) AppleWebKit/537.36 (KHTML, like Gecko) Chrome/114.0.0.0 Safari/537.36"
98.98.197.162 - - [27/Apr/2026:14:54:03 +0300] "POST /xmlrpc.php HTTP/1.1" 500 745 "-" "Mozilla/5.0 (Windows NT 10.0; Win64; x64) AppleWebKit/537.36 (KHTML, like Gecko) Chrome/114.0.0.0 Safari/537.36"
62.12.118.39 - - [27/Apr/2026:14:54:14 +0300] "POST /xmlrpc.php HTTP/1.1" 500 745 "-" "Mozilla/5.0 (Windows NT 10.0; Win64; x64) AppleWebKit/537.36 (KHTML, like Gecko) Chrome/114.0.0.0 Safari/537.36"
185.216.113.70 - - [27/Apr/2026:14:56:25 +0300] "POST /wp-cron.php?doing_wp_cron=1777290985.3151240348815917968750 HTTP/1.1" 200 448 "-" "WordPress/6.3.8; https://serhatburke.miroglu.net"
185.216.113.70 - - [27/Apr/2026:14:56:31 +0300] "POST /wp-cron.php?doing_wp_cron=1777290991.5074560642242431640625 HTTP/1.1" 200 448 "-" "WordPress/6.3.8; https://serhatburke.miroglu.net"
98.98.79.37 - - [27/Apr/2026:14:54:38 +0300] "POST /xmlrpc.php HTTP/1.1" 500 1102 "-" "Mozilla/5.0 (Windows NT 10.0; Win64; x64) AppleWebKit/537.36 (KHTML, like Gecko) Chrome/114.0.0.0 Safari/537.36"
185.216.113.70 - - [27/Apr/2026:14:56:38 +0300] "POST /wp-cron.php?doing_wp_cron=1777290998.3224480152130126953125 HTTP/1.1" 200 448 "-" "WordPress/6.3.8; https://serhatburke.miroglu.net"
98.98.79.37 - - [27/Apr/2026:14:54:50 +0300] "POST /xmlrpc.php HTTP/1.1" 200 630 "-" "Mozilla/5.0 (Windows NT 10.0; Win64; x64) AppleWebKit/537.36 (KHTML, like Gecko) Chrome/114.0.0.0 Safari/537.36"
185.216.113.70 - - [27/Apr/2026:14:57:03 +0300] "POST /wp-cron.php?doing_wp_cron=1777291022.9224770069122314453125 HTTP/1.1" 200 448 "-" "WordPress/6.3.8; https://serhatburke.miroglu.net"
98.98.79.37 - - [27/Apr/2026:14:55:19 +0300] "POST /xmlrpc.php HTTP/1.1" 200 9576 "-" "Mozilla/5.0 (Windows NT 10.0; Win64; x64) AppleWebKit/537.36 (KHTML, like Gecko) Chrome/114.0.0.0 Safari/537.36"
185.216.113.70 - - [27/Apr/2026:14:57:24 +0300] "POST /wp-cron.php?doing_wp_cron=1777291044.4190430641174316406250 HTTP/1.1" 200 448 "-" "WordPress/6.3.8; https://serhatburke.miroglu.net"
98.98.197.162 - - [27/Apr/2026:14:55:43 +0300] "POST /xmlrpc.php HTTP/1.1" 500 1102 "-" "Mozilla/5.0 (Windows NT 10.0; Win64; x64) AppleWebKit/537.36 (KHTML, like Gecko) Chrome/114.0.0.0 Safari/537.36"
185.216.113.70 - - [27/Apr/2026:14:57:28 +0300] "POST /wp-cron.php?doing_wp_cron=1777291048.6160941123962402343750 HTTP/1.1" 200 448 "-" "WordPress/6.3.8; https://serhatburke.miroglu.net"
172.237.61.148 - - [27/Apr/2026:14:55:46 +0300] "POST /xmlrpc.php HTTP/1.1" 200 630 "-" "Mozilla/5.0 (Windows NT 10.0; Win64; x64) AppleWebKit/537.36 (KHTML, like Gecko) Chrome/114.0.0.0 Safari/537.36"
185.216.113.70 - - [27/Apr/2026:14:57:31 +0300] "POST /wp-cron.php?doing_wp_cron=1777291051.7231481075286865234375 HTTP/1.1" 200 448 "-" "WordPress/6.3.8; https://serhatburke.miroglu.net"
62.12.118.39 - - [27/Apr/2026:14:55:30 +0300] "POST /xmlrpc.php HTTP/1.1" 500 745 "-" "Mozilla/5.0 (Windows NT 10.0; Win64; x64) AppleWebKit/537.36 (KHTML, like Gecko) Chrome/114.0.0.0 Safari/537.36"
98.98.79.37 - - [27/Apr/2026:14:55:34 +0300] "POST /xmlrpc.php HTTP/1.1" 500 745 "-" "Mozilla/5.0 (Windows NT 10.0; Win64; x64) AppleWebKit/537.36 (KHTML, like Gecko) Chrome/114.0.0.0 Safari/537.36"
185.216.113.70 - - [27/Apr/2026:14:57:35 +0300] "POST /wp-cron.php?doing_wp_cron=1777291055.3184230327606201171875 HTTP/1.1" 200 448 "-" "WordPress/6.3.8; https://serhatburke.miroglu.net"
200.25.47.113 - - [27/Apr/2026:14:55:55 +0300] "POST /xmlrpc.php HTTP/1.1" 500 1102 "-" "Mozilla/5.0 (Windows NT 10.0; Win64; x64) AppleWebKit/537.36 (KHTML, like Gecko) Chrome/114.0.0.0 Safari/537.36"
185.216.113.70 - - [27/Apr/2026:14:57:40 +0300] "POST /wp-cron.php?doing_wp_cron=1777291060.6966080665588378906250 HTTP/1.1" 200 448 "-" "WordPress/6.3.8; https://serhatburke.miroglu.net"
40.77.167.70 - - [27/Apr/2026:14:56:51 +0300] "GET /%CE%B1%CE%BD%CE%BF%CE%B9%CF%87%CF%84%CE%AC-100-%CE%B4%CF%89%CF%81%CE%B5%CE%AC%CE%BD-%CF%80%CE%B1%CF%84%CE%B1%CF%84%CE%AC%CE%BA%CE%B9%CE%B1-%CE%B1%CF%80%CE%B1%CE%B9%CF%84%CE%AE%CF%83%CE%B5%CE%B9%CF%82/ HTTP/2" 200 0 "-" "Mozilla/5.0 AppleWebKit/537.36 (KHTML, like Gecko; compatible; bingbot/2.0; +http://www.bing.com/bingbot.htm) Chrome/116.0.1938.76 Safari/537.36"
40.77.167.14 - - [27/Apr/2026:14:57:00 +0300] "GET /you-could-find-complete-analysis-of-the-finest-gambling-enterprise-application-company-to-your-newcasinouk/ HTTP/2" 200 0 "-" "Mozilla/5.0 AppleWebKit/537.36 (KHTML, like Gecko; compatible; bingbot/2.0; +http://www.bing.com/bingbot.htm) Chrome/116.0.1938.76 Safari/537.36"
98.98.79.37 - - [27/Apr/2026:14:55:52 +0300] "POST /xmlrpc.php HTTP/1.1" 500 745 "-" "Mozilla/5.0 (Windows NT 10.0; Win64; x64) AppleWebKit/537.36 (KHTML, like Gecko) Chrome/114.0.0.0 Safari/537.36"
185.216.113.70 - - [27/Apr/2026:14:58:20 +0300] "POST /wp-cron.php?doing_wp_cron=1777291100.4129099845886230468750 HTTP/1.1" 200 448 "-" "WordPress/6.3.8; https://serhatburke.miroglu.net"
98.98.79.37 - - [27/Apr/2026:14:56:44 +0300] "POST /xmlrpc.php HTTP/1.1" 500 1102 "-" "Mozilla/5.0 (Windows NT 10.0; Win64; x64) AppleWebKit/537.36 (KHTML, like Gecko) Chrome/114.0.0.0 Safari/537.36"
98.98.79.37 - - [27/Apr/2026:14:56:23 +0300] "POST /xmlrpc.php HTTP/1.1" 500 745 "-" "Mozilla/5.0 (Windows NT 10.0; Win64; x64) AppleWebKit/537.36 (KHTML, like Gecko) Chrome/114.0.0.0 Safari/537.36"
98.98.79.37 - - [27/Apr/2026:14:56:30 +0300] "POST /xmlrpc.php HTTP/1.1" 500 745 "-" "Mozilla/5.0 (Windows NT 10.0; Win64; x64) AppleWebKit/537.36 (KHTML, like Gecko) Chrome/114.0.0.0 Safari/537.36"
185.216.113.70 - - [27/Apr/2026:14:58:41 +0300] "POST /wp-cron.php?doing_wp_cron=1777291121.1234359741210937500000 HTTP/1.1" 200 448 "-" "WordPress/6.3.8; https://serhatburke.miroglu.net"
98.98.79.37 - - [27/Apr/2026:14:57:00 +0300] "GET /?p=140134 HTTP/1.1" 301 746 "-" "Mozilla/5.0 (Windows NT 10.0; Win64; x64) AppleWebKit/537.36 (KHTML, like Gecko) Chrome/122.0.0.0 Safari/537.36"
62.12.118.39 - - [27/Apr/2026:14:57:10 +0300] "POST /xmlrpc.php HTTP/1.1" 500 745 "-" "Mozilla/5.0 (Windows NT 10.0; Win64; x64) AppleWebKit/537.36 (KHTML, like Gecko) Chrome/114.0.0.0 Safari/537.36"
185.216.113.70 - - [27/Apr/2026:14:59:20 +0300] "POST /wp-cron.php?doing_wp_cron=1777291160.2991559505462646484375 HTTP/1.1" 200 448 "-" "WordPress/6.3.8; https://serhatburke.miroglu.net"
98.98.79.37 - - [27/Apr/2026:14:57:32 +0300] "POST /xmlrpc.php HTTP/1.1" 500 1102 "-" "Mozilla/5.0 (Windows NT 10.0; Win64; x64) AppleWebKit/537.36 (KHTML, like Gecko) Chrome/114.0.0.0 Safari/537.36"
185.216.113.70 - - [27/Apr/2026:14:59:24 +0300] "POST /wp-cron.php?doing_wp_cron=1777291164.3341219425201416015625 HTTP/1.1" 200 448 "-" "WordPress/6.3.8; https://serhatburke.miroglu.net"
172.237.61.148 - - [27/Apr/2026:14:57:24 +0300] "POST /xmlrpc.php HTTP/1.1" 500 1102 "-" "Mozilla/5.0 (Windows NT 10.0; Win64; x64) AppleWebKit/537.36 (KHTML, like Gecko) Chrome/114.0.0.0 Safari/537.36"
74.109.10.214 - - [27/Apr/2026:14:59:10 +0300] "GET /zoccer-app-pasos-y-metodos-para-registrarte-y-jugar-en-zoccer-casino/ HTTP/2" 200 0 "-" "Mozilla/5.0 (Windows NT 10.0; Win64; x64) AppleWebKit/537.36 (KHTML, like Gecko) Chrome/145.0.0.0 Safari/537.36"
74.109.10.214 - - [27/Apr/2026:14:59:10 +0300] "GET /zoccer-app-pasos-y-metodos-para-registrarte-y-jugar-en-zoccer-casino/ HTTP/2" 200 0 "-" "Mozilla/5.0 (Windows NT 10.0; Win64; x64) AppleWebKit/537.36 (KHTML, like Gecko) Chrome/145.0.0.0 Safari/537.36"
185.216.113.70 - - [27/Apr/2026:14:59:38 +0300] "POST /wp-cron.php?doing_wp_cron=1777291178.8188459873199462890625 HTTP/1.1" 200 448 "-" "WordPress/6.3.8; https://serhatburke.miroglu.net"
200.25.47.113 - - [27/Apr/2026:14:58:11 +0300] "POST /xmlrpc.php HTTP/1.1" 500 1102 "-" "Mozilla/5.0 (Windows NT 10.0; Win64; x64) AppleWebKit/537.36 (KHTML, like Gecko) Chrome/114.0.0.0 Safari/537.36"
200.25.47.113 - - [27/Apr/2026:14:57:38 +0300] "POST /xmlrpc.php HTTP/1.1" 500 745 "-" "Mozilla/5.0 (Windows NT 10.0; Win64; x64) AppleWebKit/537.36 (KHTML, like Gecko) Chrome/114.0.0.0 Safari/537.36"
185.216.113.70 - - [27/Apr/2026:14:59:41 +0300] "POST /wp-cron.php?doing_wp_cron=1777291181.7047359943389892578125 HTTP/1.1" 200 448 "-" "WordPress/6.3.8; https://serhatburke.miroglu.net"
74.109.10.214 - - [27/Apr/2026:14:59:29 +0300] "GET /zoccer-app-pasos-y-metodos-para-registrarte-y-jugar-en-zoccer-casino/ HTTP/2" 200 0 "-" "Mozilla/5.0 (Windows NT 10.0; Win64; x64) AppleWebKit/537.36 (KHTML, like Gecko) Chrome/145.0.0.0 Safari/537.36"
74.109.10.214 - - [27/Apr/2026:14:59:29 +0300] "GET /zoccer-app-pasos-y-metodos-para-registrarte-y-jugar-en-zoccer-casino/ HTTP/2" 200 0 "-" "Mozilla/5.0 (Windows NT 10.0; Win64; x64) AppleWebKit/537.36 (KHTML, like Gecko) Chrome/145.0.0.0 Safari/537.36"
185.216.113.70 - - [27/Apr/2026:14:59:50 +0300] "POST /wp-cron.php?doing_wp_cron=1777291189.9025349617004394531250 HTTP/1.1" 200 448 "-" "WordPress/6.3.8; https://serhatburke.miroglu.net"
98.98.79.37 - - [27/Apr/2026:14:58:09 +0300] "POST /xmlrpc.php HTTP/1.1" 200 8522 "-" "Mozilla/5.0 (Windows NT 10.0; Win64; x64) AppleWebKit/537.36 (KHTML, like Gecko) Chrome/114.0.0.0 Safari/537.36"
185.216.113.70 - - [27/Apr/2026:15:00:03 +0300] "POST /wp-cron.php?doing_wp_cron=1777291203.1290180683135986328125 HTTP/1.1" 200 448 "-" "WordPress/6.3.8; https://serhatburke.miroglu.net"
98.98.79.37 - - [27/Apr/2026:14:58:15 +0300] "POST /xmlrpc.php HTTP/1.1" 200 11687 "-" "Mozilla/5.0 (Windows NT 10.0; Win64; x64) AppleWebKit/537.36 (KHTML, like Gecko) Chrome/114.0.0.0 Safari/537.36"
74.109.10.214 - - [27/Apr/2026:14:59:49 +0300] "GET /zoccer-app-pasos-y-metodos-para-registrarte-y-jugar-en-zoccer-casino/ HTTP/2" 200 0 "-" "Mozilla/5.0 (Windows NT 10.0; Win64; x64) AppleWebKit/537.36 (KHTML, like Gecko) Chrome/145.0.0.0 Safari/537.36"
74.109.10.214 - - [27/Apr/2026:14:59:49 +0300] "GET /zoccer-app-pasos-y-metodos-para-registrarte-y-jugar-en-zoccer-casino/ HTTP/2" 200 0 "-" "Mozilla/5.0 (Windows NT 10.0; Win64; x64) AppleWebKit/537.36 (KHTML, like Gecko) Chrome/145.0.0.0 Safari/537.36"
185.216.113.70 - - [27/Apr/2026:15:00:15 +0300] "POST /wp-cron.php?doing_wp_cron=1777291215.6206989288330078125000 HTTP/1.1" 200 448 "-" "WordPress/6.3.8; https://serhatburke.miroglu.net"
98.98.79.37 - - [27/Apr/2026:14:58:48 +0300] "GET /vox-casino-technologia-informacyjna-nowoczesna-platforma-hazardowa-oferujaca-graczom-ktorzy-maja-polski-bogata-selekcje-gier-i-myslenie-przyszlosciowe-opcje/ HTTP/1.1" 200 76191 "-" "Mozilla/5.0 (Windows NT 10.0; Win64; x64) AppleWebKit/537.36 (KHTML, like Gecko) Chrome/122.0.0.0 Safari/537.36"
141.0.151.194 - - [27/Apr/2026:15:00:09 +0300] "GET /zoccer-app-pasos-y-metodos-para-registrarte-y-jugar-en-zoccer-casino/ HTTP/2" 200 0 "-" "Mozilla/5.0 (Windows NT 10.0; Win64; x64) AppleWebKit/537.36 (KHTML, like Gecko) Chrome/145.0.0.0 Safari/537.36"
141.0.151.194 - - [27/Apr/2026:15:00:09 +0300] "GET /zoccer-app-pasos-y-metodos-para-registrarte-y-jugar-en-zoccer-casino/ HTTP/2" 200 0 "-" "Mozilla/5.0 (Windows NT 10.0; Win64; x64) AppleWebKit/537.36 (KHTML, like Gecko) Chrome/145.0.0.0 Safari/537.36"
98.98.79.37 - - [27/Apr/2026:14:58:40 +0300] "POST /xmlrpc.php HTTP/1.1" 500 745 "-" "Mozilla/5.0 (Windows NT 10.0; Win64; x64) AppleWebKit/537.36 (KHTML, like Gecko) Chrome/114.0.0.0 Safari/537.36"
141.0.151.194 - - [27/Apr/2026:15:00:28 +0300] "GET /zoccer-app-pasos-y-metodos-para-registrarte-y-jugar-en-zoccer-casino/ HTTP/2" 200 0 "-" "Mozilla/5.0 (Windows NT 10.0; Win64; x64) AppleWebKit/537.36 (KHTML, like Gecko) Chrome/145.0.0.0 Safari/537.36"
141.0.151.194 - - [27/Apr/2026:15:00:28 +0300] "GET /zoccer-app-pasos-y-metodos-para-registrarte-y-jugar-en-zoccer-casino/ HTTP/2" 200 0 "-" "Mozilla/5.0 (Windows NT 10.0; Win64; x64) AppleWebKit/537.36 (KHTML, like Gecko) Chrome/145.0.0.0 Safari/537.36"
185.216.113.70 - - [27/Apr/2026:15:00:51 +0300] "POST /wp-cron.php?doing_wp_cron=1777291251.3513131141662597656250 HTTP/1.1" 200 448 "-" "WordPress/6.3.8; https://serhatburke.miroglu.net"
172.237.61.148 - - [27/Apr/2026:14:59:09 +0300] "POST /xmlrpc.php HTTP/1.1" 200 13694 "-" "Mozilla/5.0 (Windows NT 10.0; Win64; x64) AppleWebKit/537.36 (KHTML, like Gecko) Chrome/114.0.0.0 Safari/537.36"
141.0.151.194 - - [27/Apr/2026:15:00:48 +0300] "GET /zoccer-app-pasos-y-metodos-para-registrarte-y-jugar-en-zoccer-casino/ HTTP/2" 200 0 "-" "Mozilla/5.0 (Windows NT 10.0; Win64; x64) AppleWebKit/537.36 (KHTML, like Gecko) Chrome/145.0.0.0 Safari/537.36"
141.0.151.194 - - [27/Apr/2026:15:00:48 +0300] "GET /zoccer-app-pasos-y-metodos-para-registrarte-y-jugar-en-zoccer-casino/ HTTP/2" 200 0 "-" "Mozilla/5.0 (Windows NT 10.0; Win64; x64) AppleWebKit/537.36 (KHTML, like Gecko) Chrome/145.0.0.0 Safari/537.36"
185.216.113.70 - - [27/Apr/2026:15:01:13 +0300] "POST /wp-cron.php?doing_wp_cron=1777291273.3010959625244140625000 HTTP/1.1" 200 448 "-" "WordPress/6.3.8; https://serhatburke.miroglu.net"
200.25.47.113 - - [27/Apr/2026:14:59:23 +0300] "POST /xmlrpc.php HTTP/1.1" 500 745 "-" "Mozilla/5.0 (Windows NT 10.0; Win64; x64) AppleWebKit/537.36 (KHTML, like Gecko) Chrome/114.0.0.0 Safari/537.36"
165.23.228.203 - - [27/Apr/2026:15:01:10 +0300] "GET /zoccer-app-pasos-y-metodos-para-registrarte-y-jugar-en-zoccer-casino/ HTTP/2" 200 0 "-" "Mozilla/5.0 (Windows NT 10.0; Win64; x64) AppleWebKit/537.36 (KHTML, like Gecko) Chrome/145.0.0.0 Safari/537.36"
165.23.228.203 - - [27/Apr/2026:15:01:10 +0300] "GET /zoccer-app-pasos-y-metodos-para-registrarte-y-jugar-en-zoccer-casino/ HTTP/2" 200 0 "-" "Mozilla/5.0 (Windows NT 10.0; Win64; x64) AppleWebKit/537.36 (KHTML, like Gecko) Chrome/145.0.0.0 Safari/537.36"
185.216.113.70 - - [27/Apr/2026:15:01:30 +0300] "POST /wp-cron.php?doing_wp_cron=1777291290.7202210426330566406250 HTTP/1.1" 200 448 "-" "WordPress/6.3.8; https://serhatburke.miroglu.net"
185.216.113.70 - - [27/Apr/2026:15:01:33 +0300] "POST /wp-cron.php?doing_wp_cron=1777291292.9364221096038818359375 HTTP/1.1" 200 448 "-" "WordPress/6.3.8; https://serhatburke.miroglu.net"
165.23.228.203 - - [27/Apr/2026:15:01:29 +0300] "GET /zoccer-app-pasos-y-metodos-para-registrarte-y-jugar-en-zoccer-casino/ HTTP/2" 200 0 "-" "Mozilla/5.0 (Windows NT 10.0; Win64; x64) AppleWebKit/537.36 (KHTML, like Gecko) Chrome/145.0.0.0 Safari/537.36"
165.23.228.203 - - [27/Apr/2026:15:01:29 +0300] "GET /zoccer-app-pasos-y-metodos-para-registrarte-y-jugar-en-zoccer-casino/ HTTP/2" 200 0 "-" "Mozilla/5.0 (Windows NT 10.0; Win64; x64) AppleWebKit/537.36 (KHTML, like Gecko) Chrome/145.0.0.0 Safari/537.36"
98.98.79.37 - - [27/Apr/2026:14:59:49 +0300] "GET /?p=140136 HTTP/1.1" 500 745 "-" "Mozilla/5.0 (Windows NT 10.0; Win64; x64) AppleWebKit/537.36 (KHTML, like Gecko) Chrome/123.0.0.0 Safari/537.36 OPR/109.0.0.0"
40.77.167.241 - - [27/Apr/2026:15:01:08 +0300] "GET /understanding-the-benefits-of-jupiter-swap-for-traders/ HTTP/2" 200 0 "-" "Mozilla/5.0 AppleWebKit/537.36 (KHTML, like Gecko; compatible; bingbot/2.0; +http://www.bing.com/bingbot.htm) Chrome/116.0.1938.76 Safari/537.36"
98.98.79.37 - - [27/Apr/2026:15:00:00 +0300] "POST /xmlrpc.php HTTP/1.1" 500 745 "-" "Mozilla/5.0 (Windows NT 10.0; Win64; x64) AppleWebKit/537.36 (KHTML, like Gecko) Chrome/114.0.0.0 Safari/537.36"
40.77.167.14 - - [27/Apr/2026:15:01:14 +0300] "GET /land-transfer-stamp-duty-calculator-state-revenue-179/ HTTP/2" 200 0 "-" "Mozilla/5.0 AppleWebKit/537.36 (KHTML, like Gecko; compatible; bingbot/2.0; +http://www.bing.com/bingbot.htm) Chrome/116.0.1938.76 Safari/537.36"
52.167.144.193 - - [27/Apr/2026:15:01:19 +0300] "GET /kraken-bezopasnoe-podkliuchenie-k-darknetu-2026-4/ HTTP/2" 200 0 "-" "Mozilla/5.0 AppleWebKit/537.36 (KHTML, like Gecko; compatible; bingbot/2.0; +http://www.bing.com/bingbot.htm) Chrome/116.0.1938.76 Safari/537.36"
165.23.228.203 - - [27/Apr/2026:15:01:49 +0300] "GET /zoccer-app-pasos-y-metodos-para-registrarte-y-jugar-en-zoccer-casino/ HTTP/2" 200 0 "-" "Mozilla/5.0 (Windows NT 10.0; Win64; x64) AppleWebKit/537.36 (KHTML, like Gecko) Chrome/145.0.0.0 Safari/537.36"
165.23.228.203 - - [27/Apr/2026:15:01:49 +0300] "GET /zoccer-app-pasos-y-metodos-para-registrarte-y-jugar-en-zoccer-casino/ HTTP/2" 200 0 "-" "Mozilla/5.0 (Windows NT 10.0; Win64; x64) AppleWebKit/537.36 (KHTML, like Gecko) Chrome/145.0.0.0 Safari/537.36"
204.186.246.132 - - [27/Apr/2026:15:02:10 +0300] "GET /zoccer-app-pasos-y-metodos-para-registrarte-y-jugar-en-zoccer-casino/ HTTP/2" 200 0 "-" "Mozilla/5.0 (Windows NT 10.0; Win64; x64) AppleWebKit/537.36 (KHTML, like Gecko) Chrome/145.0.0.0 Safari/537.36"
204.186.246.132 - - [27/Apr/2026:15:02:10 +0300] "GET /zoccer-app-pasos-y-metodos-para-registrarte-y-jugar-en-zoccer-casino/ HTTP/2" 200 0 "-" "Mozilla/5.0 (Windows NT 10.0; Win64; x64) AppleWebKit/537.36 (KHTML, like Gecko) Chrome/145.0.0.0 Safari/537.36"
185.216.113.70 - - [27/Apr/2026:15:02:37 +0300] "POST /wp-cron.php?doing_wp_cron=1777291357.4262070655822753906250 HTTP/1.1" 200 448 "-" "WordPress/6.3.8; https://serhatburke.miroglu.net"
57.128.22.95 - - [27/Apr/2026:15:00:39 +0300] "GET /novoline-casino-codice-bonus-registrazione/ HTTP/1.1" 500 782 "https://serhatburke.miroglu.net/" "Mozilla/5.0 (X11; Linux x86_64) AppleWebKit/537.36 (KHTML, like Gecko) Chrome/125.0.0.0 Safari/537.36"
185.216.113.70 - - [27/Apr/2026:15:02:42 +0300] "POST /wp-cron.php?doing_wp_cron=1777291362.5147290229797363281250 HTTP/1.1" 200 448 "-" "WordPress/6.3.8; https://serhatburke.miroglu.net"
172.237.61.148 - - [27/Apr/2026:15:00:54 +0300] "POST /xmlrpc.php HTTP/1.1" 200 13694 "-" "Mozilla/5.0 (Windows NT 10.0; Win64; x64) AppleWebKit/537.36 (KHTML, like Gecko) Chrome/114.0.0.0 Safari/537.36"
204.186.246.132 - - [27/Apr/2026:15:02:29 +0300] "GET /zoccer-app-pasos-y-metodos-para-registrarte-y-jugar-en-zoccer-casino/ HTTP/2" 200 0 "-" "Mozilla/5.0 (Windows NT 10.0; Win64; x64) AppleWebKit/537.36 (KHTML, like Gecko) Chrome/145.0.0.0 Safari/537.36"
204.186.246.132 - - [27/Apr/2026:15:02:29 +0300] "GET /zoccer-app-pasos-y-metodos-para-registrarte-y-jugar-en-zoccer-casino/ HTTP/2" 200 0 "-" "Mozilla/5.0 (Windows NT 10.0; Win64; x64) AppleWebKit/537.36 (KHTML, like Gecko) Chrome/145.0.0.0 Safari/537.36"
40.77.167.14 - - [27/Apr/2026:15:02:12 +0300] "GET /kak-ispol-zovat-kraken-darknet-bezopasno-v-2026/ HTTP/2" 200 0 "-" "Mozilla/5.0 AppleWebKit/537.36 (KHTML, like Gecko; compatible; bingbot/2.0; +http://www.bing.com/bingbot.htm) Chrome/116.0.1938.76 Safari/537.36"
200.25.47.113 - - [27/Apr/2026:15:01:05 +0300] "GET /?p=140140 HTTP/1.1" 500 745 "-" "Mozilla/5.0 (Windows NT 10.0; Win64; x64) AppleWebKit/537.36 (KHTML, like Gecko) Chrome/124.0.0.0 Safari/537.36 Edg/124.0.0.0"
204.186.246.132 - - [27/Apr/2026:15:02:49 +0300] "GET /zoccer-app-pasos-y-metodos-para-registrarte-y-jugar-en-zoccer-casino/ HTTP/2" 200 0 "-" "Mozilla/5.0 (Windows NT 10.0; Win64; x64) AppleWebKit/537.36 (KHTML, like Gecko) Chrome/145.0.0.0 Safari/537.36"
204.186.246.132 - - [27/Apr/2026:15:02:49 +0300] "GET /zoccer-app-pasos-y-metodos-para-registrarte-y-jugar-en-zoccer-casino/ HTTP/2" 200 0 "-" "Mozilla/5.0 (Windows NT 10.0; Win64; x64) AppleWebKit/537.36 (KHTML, like Gecko) Chrome/145.0.0.0 Safari/537.36"
151.244.111.202 - - [27/Apr/2026:15:02:11 +0300] "POST /xmlrpc.php HTTP/1.1" 200 0 "-" "Mozilla/5.0 (Macintosh; Intel Mac OS X 10_13_6) AppleWebKit/537.36 (KHTML, like Gecko) Chrome/80.0.3987.122 Safari/537.36"
185.216.113.70 - - [27/Apr/2026:15:03:15 +0300] "POST /wp-cron.php?doing_wp_cron=1777291395.1142048835754394531250 HTTP/1.1" 200 448 "-" "WordPress/6.3.8; https://serhatburke.miroglu.net"
98.98.79.37 - - [27/Apr/2026:15:01:29 +0300] "POST /xmlrpc.php HTTP/1.1" 200 861 "-" "Mozilla/5.0 (Windows NT 10.0; Win64; x64) AppleWebKit/537.36 (KHTML, like Gecko) Chrome/114.0.0.0 Safari/537.36"
92.207.197.40 - - [27/Apr/2026:15:03:09 +0300] "GET /zoccer-app-pasos-y-metodos-para-registrarte-y-jugar-en-zoccer-casino/ HTTP/2" 200 0 "-" "Mozilla/5.0 (Windows NT 10.0; Win64; x64) AppleWebKit/537.36 (KHTML, like Gecko) Chrome/145.0.0.0 Safari/537.36"
92.207.197.40 - - [27/Apr/2026:15:03:09 +0300] "GET /zoccer-app-pasos-y-metodos-para-registrarte-y-jugar-en-zoccer-casino/ HTTP/2" 200 0 "-" "Mozilla/5.0 (Windows NT 10.0; Win64; x64) AppleWebKit/537.36 (KHTML, like Gecko) Chrome/145.0.0.0 Safari/537.36"
185.216.113.70 - - [27/Apr/2026:15:03:25 +0300] "POST /wp-cron.php?doing_wp_cron=1777291405.3195381164550781250000 HTTP/1.1" 200 448 "-" "WordPress/6.3.8; https://serhatburke.miroglu.net"
98.98.79.37 - - [27/Apr/2026:15:01:41 +0300] "GET /?p=140144 HTTP/1.1" 301 641 "-" "Mozilla/5.0 (Windows NT 10.0; rv:125.0) Gecko/20100101 Firefox/125.0"
185.216.113.70 - - [27/Apr/2026:15:03:34 +0300] "POST /wp-cron.php?doing_wp_cron=1777291413.9161670207977294921875 HTTP/1.1" 200 448 "-" "WordPress/6.3.8; https://serhatburke.miroglu.net"
185.216.113.70 - - [27/Apr/2026:15:03:39 +0300] "POST /wp-cron.php?doing_wp_cron=1777291419.0070779323577880859375 HTTP/1.1" 200 448 "-" "WordPress/6.3.8; https://serhatburke.miroglu.net"
57.128.22.95 - - [27/Apr/2026:15:01:39 +0300] "GET /novoline-casino-codice-bonus-registrazione/ HTTP/1.1" 500 782 "https://serhatburke.miroglu.net/" "Mozilla/5.0 (X11; Linux x86_64) AppleWebKit/537.36 (KHTML, like Gecko) Chrome/125.0.0.0 Safari/537.36"
185.216.113.70 - - [27/Apr/2026:15:03:42 +0300] "POST /wp-cron.php?doing_wp_cron=1777291422.3200550079345703125000 HTTP/1.1" 200 448 "-" "WordPress/6.3.8; https://serhatburke.miroglu.net"
74.109.10.214 - - [27/Apr/2026:15:03:31 +0300] "GET /zoccer-app-pasos-y-metodos-para-registrarte-y-jugar-en-zoccer-casino/ HTTP/2" 200 0 "-" "Mozilla/5.0 (Windows NT 10.0; Win64; x64) AppleWebKit/537.36 (KHTML, like Gecko) Chrome/145.0.0.0 Safari/537.36"
74.109.10.214 - - [27/Apr/2026:15:03:31 +0300] "GET /zoccer-app-pasos-y-metodos-para-registrarte-y-jugar-en-zoccer-casino/ HTTP/2" 200 0 "-" "Mozilla/5.0 (Windows NT 10.0; Win64; x64) AppleWebKit/537.36 (KHTML, like Gecko) Chrome/145.0.0.0 Safari/537.36"
185.216.113.70 - - [27/Apr/2026:15:04:09 +0300] "POST /wp-cron.php?doing_wp_cron=1777291449.4333341121673583984375 HTTP/1.1" 200 448 "-" "WordPress/6.3.8; https://serhatburke.miroglu.net"
74.109.10.214 - - [27/Apr/2026:15:03:50 +0300] "GET /zoccer-app-pasos-y-metodos-para-registrarte-y-jugar-en-zoccer-casino/ HTTP/2" 200 0 "-" "Mozilla/5.0 (Windows NT 10.0; Win64; x64) AppleWebKit/537.36 (KHTML, like Gecko) Chrome/145.0.0.0 Safari/537.36"
74.109.10.214 - - [27/Apr/2026:15:03:50 +0300] "GET /zoccer-app-pasos-y-metodos-para-registrarte-y-jugar-en-zoccer-casino/ HTTP/2" 200 0 "-" "Mozilla/5.0 (Windows NT 10.0; Win64; x64) AppleWebKit/537.36 (KHTML, like Gecko) Chrome/145.0.0.0 Safari/537.36"
57.128.22.95 - - [27/Apr/2026:15:02:39 +0300] "GET /novoline-casino-codice-bonus-registrazione/ HTTP/1.1" 200 17770 "https://serhatburke.miroglu.net/" "Mozilla/5.0 (X11; Linux x86_64) AppleWebKit/537.36 (KHTML, like Gecko) Chrome/125.0.0.0 Safari/537.36"
151.244.111.202 - - [27/Apr/2026:15:03:12 +0300] "POST /xmlrpc.php HTTP/1.1" 200 0 "-" "Mozilla/5.0 (Macintosh; Intel Mac OS X 10_13_6) AppleWebKit/537.36 (KHTML, like Gecko) Chrome/80.0.3987.122 Safari/537.36"
185.216.113.70 - - [27/Apr/2026:15:04:19 +0300] "POST /wp-cron.php?doing_wp_cron=1777291458.9345378875732421875000 HTTP/1.1" 200 448 "-" "WordPress/6.3.8; https://serhatburke.miroglu.net"
172.237.61.148 - - [27/Apr/2026:15:02:34 +0300] "GET /?p=140147 HTTP/1.1" 301 661 "-" "Mozilla/5.0 (Windows NT 10.0; Win64; x64) AppleWebKit/537.36 (KHTML, like Gecko) Chrome/124.0.0.0 Safari/537.36 Edg/124.0.0.0"
216.73.217.81 - - [27/Apr/2026:15:04:19 +0300] "GET /celebrate-9casino-uk-big-slot-wins-with-us/ HTTP/2" 200 0 "-" "Mozilla/5.0 AppleWebKit/537.36 (KHTML, like Gecko; compatible; ClaudeBot/1.0; +claudebot@anthropic.com)"
74.109.10.214 - - [27/Apr/2026:15:04:10 +0300] "GET /zoccer-app-pasos-y-metodos-para-registrarte-y-jugar-en-zoccer-casino/ HTTP/2" 200 0 "-" "Mozilla/5.0 (Windows NT 10.0; Win64; x64) AppleWebKit/537.36 (KHTML, like Gecko) Chrome/145.0.0.0 Safari/537.36"
74.109.10.214 - - [27/Apr/2026:15:04:10 +0300] "GET /zoccer-app-pasos-y-metodos-para-registrarte-y-jugar-en-zoccer-casino/ HTTP/2" 200 0 "-" "Mozilla/5.0 (Windows NT 10.0; Win64; x64) AppleWebKit/537.36 (KHTML, like Gecko) Chrome/145.0.0.0 Safari/537.36"
200.25.47.113 - - [27/Apr/2026:15:02:41 +0300] "POST /xmlrpc.php HTTP/1.1" 500 745 "-" "Mozilla/5.0 (Windows NT 10.0; Win64; x64) AppleWebKit/537.36 (KHTML, like Gecko) Chrome/114.0.0.0 Safari/537.36"
185.216.113.70 - - [27/Apr/2026:15:04:48 +0300] "POST /wp-cron.php?doing_wp_cron=1777291488.5274200439453125000000 HTTP/1.1" 200 448 "-" "WordPress/6.3.8; https://serhatburke.miroglu.net"
98.98.79.37 - - [27/Apr/2026:15:03:34 +0300] "GET /pozytywy-i-wady-wejscie-do-bonusow-z-kasynie-vavada/ HTTP/1.1" 200 76288 "-" "Mozilla/5.0 (Windows NT 10.0; rv:125.0) Gecko/20100101 Firefox/125.0"
141.0.151.194 - - [27/Apr/2026:15:04:31 +0300] "GET /zoccer-app-pasos-y-metodos-para-registrarte-y-jugar-en-zoccer-casino/ HTTP/2" 200 0 "-" "Mozilla/5.0 (Windows NT 10.0; Win64; x64) AppleWebKit/537.36 (KHTML, like Gecko) Chrome/145.0.0.0 Safari/537.36"
141.0.151.194 - - [27/Apr/2026:15:04:31 +0300] "GET /zoccer-app-pasos-y-metodos-para-registrarte-y-jugar-en-zoccer-casino/ HTTP/2" 200 0 "-" "Mozilla/5.0 (Windows NT 10.0; Win64; x64) AppleWebKit/537.36 (KHTML, like Gecko) Chrome/145.0.0.0 Safari/537.36"
185.216.113.70 - - [27/Apr/2026:15:04:53 +0300] "POST /wp-cron.php?doing_wp_cron=1777291493.2207000255584716796875 HTTP/1.1" 200 448 "-" "WordPress/6.3.8; https://serhatburke.miroglu.net"
98.98.79.37 - - [27/Apr/2026:15:03:20 +0300] "POST /xmlrpc.php HTTP/1.1" 200 861 "-" "Mozilla/5.0 (Windows NT 10.0; Win64; x64) AppleWebKit/537.36 (KHTML, like Gecko) Chrome/114.0.0.0 Safari/537.36"
141.0.151.194 - - [27/Apr/2026:15:04:50 +0300] "GET /zoccer-app-pasos-y-metodos-para-registrarte-y-jugar-en-zoccer-casino/ HTTP/2" 200 0 "-" "Mozilla/5.0 (Windows NT 10.0; Win64; x64) AppleWebKit/537.36 (KHTML, like Gecko) Chrome/145.0.0.0 Safari/537.36"
141.0.151.194 - - [27/Apr/2026:15:04:50 +0300] "GET /zoccer-app-pasos-y-metodos-para-registrarte-y-jugar-en-zoccer-casino/ HTTP/2" 200 0 "-" "Mozilla/5.0 (Windows NT 10.0; Win64; x64) AppleWebKit/537.36 (KHTML, like Gecko) Chrome/145.0.0.0 Safari/537.36"
151.244.111.202 - - [27/Apr/2026:15:04:13 +0300] "POST /xmlrpc.php HTTP/1.1" 200 0 "-" "Mozilla/5.0 (Macintosh; Intel Mac OS X 10_13_6) AppleWebKit/537.36 (KHTML, like Gecko) Chrome/80.0.3987.122 Safari/537.36"
40.77.167.241 - - [27/Apr/2026:15:04:27 +0300] "GET /free-online-games-in-the-poki-slot-mayan-riches-play-now/ HTTP/2" 200 0 "-" "Mozilla/5.0 AppleWebKit/537.36 (KHTML, like Gecko; compatible; bingbot/2.0; +http://www.bing.com/bingbot.htm) Chrome/116.0.1938.76 Safari/537.36"
141.0.151.194 - - [27/Apr/2026:15:05:10 +0300] "GET /zoccer-app-pasos-y-metodos-para-registrarte-y-jugar-en-zoccer-casino/ HTTP/2" 200 0 "-" "Mozilla/5.0 (Windows NT 10.0; Win64; x64) AppleWebKit/537.36 (KHTML, like Gecko) Chrome/145.0.0.0 Safari/537.36"
141.0.151.194 - - [27/Apr/2026:15:05:10 +0300] "GET /zoccer-app-pasos-y-metodos-para-registrarte-y-jugar-en-zoccer-casino/ HTTP/2" 200 0 "-" "Mozilla/5.0 (Windows NT 10.0; Win64; x64) AppleWebKit/537.36 (KHTML, like Gecko) Chrome/145.0.0.0 Safari/537.36"
185.216.113.70 - - [27/Apr/2026:15:05:32 +0300] "POST /wp-cron.php?doing_wp_cron=1777291531.8181340694427490234375 HTTP/1.1" 200 448 "-" "WordPress/6.3.8; https://serhatburke.miroglu.net"
172.237.61.148 - - [27/Apr/2026:15:04:15 +0300] "POST /xmlrpc.php HTTP/1.1" 200 861 "-" "Mozilla/5.0 (Windows NT 10.0; Win64; x64) AppleWebKit/537.36 (KHTML, like Gecko) Chrome/114.0.0.0 Safari/537.36"
185.216.113.70 - - [27/Apr/2026:15:05:43 +0300] "POST /wp-cron.php?doing_wp_cron=1777291543.3123021125793457031250 HTTP/1.1" 200 448 "-" "WordPress/6.3.8; https://serhatburke.miroglu.net"
172.237.61.148 - - [27/Apr/2026:15:04:27 +0300] "GET /mr-bet-casino-150-chancen-victorious-10-euro-bonus-abzuglich-einzahlung/ HTTP/1.1" 200 78738 "-" "Mozilla/5.0 (Windows NT 10.0; Win64; x64) AppleWebKit/537.36 (KHTML, like Gecko) Chrome/124.0.0.0 Safari/537.36 Edg/124.0.0.0"
185.216.113.70 - - [27/Apr/2026:15:05:49 +0300] "POST /wp-cron.php?doing_wp_cron=1777291549.6251189708709716796875 HTTP/1.1" 200 448 "-" "WordPress/6.3.8; https://serhatburke.miroglu.net"
82.16.187.168 - - [27/Apr/2026:15:05:31 +0300] "GET /zoccer-app-pasos-y-metodos-para-registrarte-y-jugar-en-zoccer-casino/ HTTP/2" 200 0 "-" "Mozilla/5.0 (Windows NT 10.0; Win64; x64) AppleWebKit/537.36 (KHTML, like Gecko) Chrome/145.0.0.0 Safari/537.36"
173.217.250.152 - - [27/Apr/2026:15:05:32 +0300] "GET /zoccer-app-pasos-y-metodos-para-registrarte-y-jugar-en-zoccer-casino/ HTTP/2" 200 0 "-" "Mozilla/5.0 (Windows NT 10.0; Win64; x64) AppleWebKit/537.36 (KHTML, like Gecko) Chrome/145.0.0.0 Safari/537.36"
38.248.90.131 - - [27/Apr/2026:15:04:24 +0300] "POST /xmlrpc.php HTTP/1.1" 200 630 "-" "Mozilla/5.0 (Windows NT 10.0; Win64; x64) AppleWebKit/537.36 (KHTML, like Gecko) Chrome/114.0.0.0 Safari/537.36"
185.216.113.70 - - [27/Apr/2026:15:05:59 +0300] "POST /wp-cron.php?doing_wp_cron=1777291557.8060169219970703125000 HTTP/1.1" 200 448 "-" "WordPress/6.3.8; https://serhatburke.miroglu.net"
173.217.250.152 - - [27/Apr/2026:15:05:50 +0300] "GET /zoccer-app-pasos-y-metodos-para-registrarte-y-jugar-en-zoccer-casino/ HTTP/2" 200 0 "-" "Mozilla/5.0 (Windows NT 10.0; Win64; x64) AppleWebKit/537.36 (KHTML, like Gecko) Chrome/145.0.0.0 Safari/537.36"
173.217.250.152 - - [27/Apr/2026:15:05:50 +0300] "GET /zoccer-app-pasos-y-metodos-para-registrarte-y-jugar-en-zoccer-casino/ HTTP/2" 200 0 "-" "Mozilla/5.0 (Windows NT 10.0; Win64; x64) AppleWebKit/537.36 (KHTML, like Gecko) Chrome/145.0.0.0 Safari/537.36"
151.244.111.202 - - [27/Apr/2026:15:05:14 +0300] "POST /xmlrpc.php HTTP/1.1" 200 0 "-" "Mozilla/5.0 (Macintosh; Intel Mac OS X 10_13_6) AppleWebKit/537.36 (KHTML, like Gecko) Chrome/80.0.3987.122 Safari/537.36"
185.216.113.70 - - [27/Apr/2026:15:06:18 +0300] "POST /wp-cron.php?doing_wp_cron=1777291578.1152589321136474609375 HTTP/1.1" 200 448 "-" "WordPress/6.3.8; https://serhatburke.miroglu.net"
185.216.113.70 - - [27/Apr/2026:15:06:22 +0300] "POST /wp-cron.php?doing_wp_cron=1777291582.0481889247894287109375 HTTP/1.1" 200 448 "-" "WordPress/6.3.8; https://serhatburke.miroglu.net"
173.217.250.152 - - [27/Apr/2026:15:06:10 +0300] "GET /zoccer-app-pasos-y-metodos-para-registrarte-y-jugar-en-zoccer-casino/ HTTP/2" 200 0 "-" "Mozilla/5.0 (Windows NT 10.0; Win64; x64) AppleWebKit/537.36 (KHTML, like Gecko) Chrome/145.0.0.0 Safari/537.36"
173.217.250.152 - - [27/Apr/2026:15:06:10 +0300] "GET /zoccer-app-pasos-y-metodos-para-registrarte-y-jugar-en-zoccer-casino/ HTTP/2" 200 0 "-" "Mozilla/5.0 (Windows NT 10.0; Win64; x64) AppleWebKit/537.36 (KHTML, like Gecko) Chrome/145.0.0.0 Safari/537.36"
165.23.228.203 - - [27/Apr/2026:15:06:31 +0300] "GET /zoccer-app-pasos-y-metodos-para-registrarte-y-jugar-en-zoccer-casino/ HTTP/2" 200 0 "-" "Mozilla/5.0 (Windows NT 10.0; Win64; x64) AppleWebKit/537.36 (KHTML, like Gecko) Chrome/145.0.0.0 Safari/537.36"
165.23.228.203 - - [27/Apr/2026:15:06:31 +0300] "GET /zoccer-app-pasos-y-metodos-para-registrarte-y-jugar-en-zoccer-casino/ HTTP/2" 200 0 "-" "Mozilla/5.0 (Windows NT 10.0; Win64; x64) AppleWebKit/537.36 (KHTML, like Gecko) Chrome/145.0.0.0 Safari/537.36"
31.144.37.169 - - [27/Apr/2026:15:06:28 +0300] "POST /xmlrpc.php HTTP/2" 200 0 "-" "Mozilla/5.0 (Macintosh; Intel Mac OS X 10_8_0) AppleWebKit/5310 (KHTML, like Gecko) Chrome/36.0.804.0 Mobile Safari/5310"
185.216.113.70 - - [27/Apr/2026:15:06:58 +0300] "POST /wp-cron.php?doing_wp_cron=1777291618.1313750743865966796875 HTTP/1.1" 200 448 "-" "WordPress/6.3.8; https://serhatburke.miroglu.net"
38.248.90.131 - - [27/Apr/2026:15:05:58 +0300] "POST /xmlrpc.php HTTP/1.1" 200 11221 "-" "Mozilla/5.0 (Windows NT 10.0; Win64; x64) AppleWebKit/537.36 (KHTML, like Gecko) Chrome/114.0.0.0 Safari/537.36"
165.23.228.203 - - [27/Apr/2026:15:06:50 +0300] "GET /zoccer-app-pasos-y-metodos-para-registrarte-y-jugar-en-zoccer-casino/ HTTP/2" 200 0 "-" "Mozilla/5.0 (Windows NT 10.0; Win64; x64) AppleWebKit/537.36 (KHTML, like Gecko) Chrome/145.0.0.0 Safari/537.36"
165.23.228.203 - - [27/Apr/2026:15:06:50 +0300] "GET /zoccer-app-pasos-y-metodos-para-registrarte-y-jugar-en-zoccer-casino/ HTTP/2" 200 0 "-" "Mozilla/5.0 (Windows NT 10.0; Win64; x64) AppleWebKit/537.36 (KHTML, like Gecko) Chrome/145.0.0.0 Safari/537.36"
185.216.113.70 - - [27/Apr/2026:15:07:13 +0300] "POST /wp-cron.php?doing_wp_cron=1777291633.7211649417877197265625 HTTP/1.1" 200 448 "-" "WordPress/6.3.8; https://serhatburke.miroglu.net"
165.23.228.203 - - [27/Apr/2026:15:07:10 +0300] "GET /zoccer-app-pasos-y-metodos-para-registrarte-y-jugar-en-zoccer-casino/ HTTP/2" 200 0 "-" "Mozilla/5.0 (Windows NT 10.0; Win64; x64) AppleWebKit/537.36 (KHTML, like Gecko) Chrome/145.0.0.0 Safari/537.36"
165.23.228.203 - - [27/Apr/2026:15:07:10 +0300] "GET /zoccer-app-pasos-y-metodos-para-registrarte-y-jugar-en-zoccer-casino/ HTTP/2" 200 0 "-" "Mozilla/5.0 (Windows NT 10.0; Win64; x64) AppleWebKit/537.36 (KHTML, like Gecko) Chrome/145.0.0.0 Safari/537.36"
185.216.113.70 - - [27/Apr/2026:15:07:30 +0300] "POST /wp-cron.php?doing_wp_cron=1777291650.8073019981384277343750 HTTP/1.1" 200 448 "-" "WordPress/6.3.8; https://serhatburke.miroglu.net"
185.216.113.70 - - [27/Apr/2026:15:07:49 +0300] "POST /wp-cron.php?doing_wp_cron=1777291669.0132799148559570312500 HTTP/1.1" 200 448 "-" "WordPress/6.3.8; https://serhatburke.miroglu.net"
92.207.197.40 - - [27/Apr/2026:15:07:31 +0300] "GET /zoccer-app-pasos-y-metodos-para-registrarte-y-jugar-en-zoccer-casino/ HTTP/2" 200 0 "-" "Mozilla/5.0 (Windows NT 10.0; Win64; x64) AppleWebKit/537.36 (KHTML, like Gecko) Chrome/145.0.0.0 Safari/537.36"
92.207.197.40 - - [27/Apr/2026:15:07:31 +0300] "GET /zoccer-app-pasos-y-metodos-para-registrarte-y-jugar-en-zoccer-casino/ HTTP/2" 200 0 "-" "Mozilla/5.0 (Windows NT 10.0; Win64; x64) AppleWebKit/537.36 (KHTML, like Gecko) Chrome/145.0.0.0 Safari/537.36"
185.216.113.70 - - [27/Apr/2026:15:07:51 +0300] "POST /wp-cron.php?doing_wp_cron=1777291671.3015599250793457031250 HTTP/1.1" 200 448 "-" "WordPress/6.3.8; https://serhatburke.miroglu.net"
38.248.90.131 - - [27/Apr/2026:15:06:53 +0300] "POST /xmlrpc.php HTTP/1.1" 200 630 "-" "Mozilla/5.0 (Windows NT 10.0; Win64; x64) AppleWebKit/537.36 (KHTML, like Gecko) Chrome/114.0.0.0 Safari/537.36"
185.216.113.70 - - [27/Apr/2026:15:08:00 +0300] "POST /wp-cron.php?doing_wp_cron=1777291680.8029038906097412109375 HTTP/1.1" 200 448 "-" "WordPress/6.3.8; https://serhatburke.miroglu.net"
38.248.90.131 - - [27/Apr/2026:15:06:59 +0300] "GET /esaminare-largomento-riguardante-ai-codici-premio-privo-di-deposito-lo-reputiamo-alquanto-prestigioso/ HTTP/1.1" 200 76386 "-" "Mozilla/5.0 (Windows NT 10.0; Win64; x64; rv:125.0) Gecko/20100101 Firefox/125.0"
92.207.197.40 - - [27/Apr/2026:15:07:50 +0300] "GET /zoccer-app-pasos-y-metodos-para-registrarte-y-jugar-en-zoccer-casino/ HTTP/2" 200 0 "-" "Mozilla/5.0 (Windows NT 10.0; Win64; x64) AppleWebKit/537.36 (KHTML, like Gecko) Chrome/145.0.0.0 Safari/537.36"
92.207.197.40 - - [27/Apr/2026:15:07:50 +0300] "GET /zoccer-app-pasos-y-metodos-para-registrarte-y-jugar-en-zoccer-casino/ HTTP/2" 200 0 "-" "Mozilla/5.0 (Windows NT 10.0; Win64; x64) AppleWebKit/537.36 (KHTML, like Gecko) Chrome/145.0.0.0 Safari/537.36"
185.216.113.70 - - [27/Apr/2026:15:08:15 +0300] "POST /wp-cron.php?doing_wp_cron=1777291694.9170889854431152343750 HTTP/1.1" 200 448 "-" "WordPress/6.3.8; https://serhatburke.miroglu.net"
92.207.197.40 - - [27/Apr/2026:15:08:10 +0300] "GET /zoccer-app-pasos-y-metodos-para-registrarte-y-jugar-en-zoccer-casino/ HTTP/2" 200 0 "-" "Mozilla/5.0 (Windows NT 10.0; Win64; x64) AppleWebKit/537.36 (KHTML, like Gecko) Chrome/145.0.0.0 Safari/537.36"
92.207.197.40 - - [27/Apr/2026:15:08:10 +0300] "GET /zoccer-app-pasos-y-metodos-para-registrarte-y-jugar-en-zoccer-casino/ HTTP/2" 200 0 "-" "Mozilla/5.0 (Windows NT 10.0; Win64; x64) AppleWebKit/537.36 (KHTML, like Gecko) Chrome/145.0.0.0 Safari/537.36"
31.144.37.169 - - [27/Apr/2026:15:08:06 +0300] "POST /xmlrpc.php HTTP/2" 200 0 "-" "Mozilla/5.0 (Windows NT 5.2; nl-NL; rv:1.9.2.20) Gecko/20120811 Firefox/36.0"
185.216.113.70 - - [27/Apr/2026:15:08:43 +0300] "POST /wp-cron.php?doing_wp_cron=1777291722.9250528812408447265625 HTTP/1.1" 200 448 "-" "WordPress/6.3.8; https://serhatburke.miroglu.net"
185.216.113.70 - - [27/Apr/2026:15:08:50 +0300] "POST /wp-cron.php?doing_wp_cron=1777291730.2178270816802978515625 HTTP/1.1" 200 448 "-" "WordPress/6.3.8; https://serhatburke.miroglu.net"
52.167.144.193 - - [27/Apr/2026:15:08:04 +0300] "GET /resena-criancice-san-quentin-espana-comportamento-infantilidade-extinto-xways-2026/ HTTP/2" 200 0 "-" "Mozilla/5.0 AppleWebKit/537.36 (KHTML, like Gecko; compatible; bingbot/2.0; +http://www.bing.com/bingbot.htm) Chrome/116.0.1938.76 Safari/537.36"
185.216.113.70 - - [27/Apr/2026:15:09:02 +0300] "POST /wp-cron.php?doing_wp_cron=1777291742.0233418941497802734375 HTTP/1.1" 200 448 "-" "WordPress/6.3.8; https://serhatburke.miroglu.net"
31.144.37.169 - - [27/Apr/2026:15:08:38 +0300] "POST /xmlrpc.php HTTP/2" 200 0 "-" "Mozilla/5.0 (Windows NT 5.2; nl-NL; rv:1.9.2.20) Gecko/20120811 Firefox/36.0"
185.216.113.70 - - [27/Apr/2026:15:09:10 +0300] "POST /wp-cron.php?doing_wp_cron=1777291750.3357050418853759765625 HTTP/1.1" 200 448 "-" "WordPress/6.3.8; https://serhatburke.miroglu.net"
38.248.90.131 - - [27/Apr/2026:15:07:58 +0300] "POST /xmlrpc.php HTTP/1.1" 200 9761 "-" "Mozilla/5.0 (Windows NT 10.0; Win64; x64) AppleWebKit/537.36 (KHTML, like Gecko) Chrome/114.0.0.0 Safari/537.36"
185.216.113.70 - - [27/Apr/2026:15:09:24 +0300] "POST /wp-cron.php?doing_wp_cron=1777291764.2394258975982666015625 HTTP/1.1" 200 448 "-" "WordPress/6.3.8; https://serhatburke.miroglu.net"
38.248.90.131 - - [27/Apr/2026:15:08:22 +0300] "POST /xmlrpc.php HTTP/1.1" 200 630 "-" "Mozilla/5.0 (Windows NT 10.0; Win64; x64) AppleWebKit/537.36 (KHTML, like Gecko) Chrome/114.0.0.0 Safari/537.36"
38.248.90.131 - - [27/Apr/2026:15:09:13 +0300] "GET /qualsivoglia-rso-casino-online-aams-hanno-lobbligo-di-produrre-indivis-metodo-al-bazzecola-affidabile/ HTTP/1.1" 200 74933 "-" "Mozilla/5.0 (Windows NT 10.0; Win64; x64) AppleWebKit/537.36 (KHTML, like Gecko) Chrome/122.0.0.0 Safari/537.36"
38.248.90.131 - - [27/Apr/2026:15:09:31 +0300] "POST /xmlrpc.php HTTP/1.1" 200 9531 "-" "Mozilla/5.0 (Windows NT 10.0; Win64; x64) AppleWebKit/537.36 (KHTML, like Gecko) Chrome/114.0.0.0 Safari/537.36"
38.248.90.131 - - [27/Apr/2026:15:09:36 +0300] "POST /xmlrpc.php HTTP/1.1" 200 630 "-" "Mozilla/5.0 (Windows NT 10.0; Win64; x64) AppleWebKit/537.36 (KHTML, like Gecko) Chrome/114.0.0.0 Safari/537.36"
38.248.90.131 - - [27/Apr/2026:15:10:00 +0300] "GET /no-ordinariamente-non-puoi-detrarre-immediatamente-certain-premio-di-saluto-manco-le-eventuali-vincite-ottenute-giocandolo/ HTTP/1.1" 200 75201 "-" "Mozilla/5.0 (Windows NT 10.0; Win64; x64) AppleWebKit/537.36 (KHTML, like Gecko) Chrome/109.0.0.0 Safari/537.36"
185.216.113.70 - - [27/Apr/2026:15:10:19 +0300] "POST /wp-cron.php?doing_wp_cron=1777291819.7837359905242919921875 HTTP/1.1" 200 448 "-" "WordPress/6.3.8; https://serhatburke.miroglu.net"
38.248.90.131 - - [27/Apr/2026:15:10:07 +0300] "POST /xmlrpc.php HTTP/1.1" 200 9748 "-" "Mozilla/5.0 (Windows NT 10.0; Win64; x64) AppleWebKit/537.36 (KHTML, like Gecko) Chrome/114.0.0.0 Safari/537.36"
38.248.90.131 - - [27/Apr/2026:15:10:21 +0300] "GET /un-gratifica-di-commiato-bisca-e-unofferta-propagandistico-riservata-ai-nuovi-iscritti/ HTTP/1.1" 200 74523 "-" "Mozilla/5.0 (Windows NT 10.0; Win64; x64) AppleWebKit/537.36 (KHTML, like Gecko) Chrome/123.0.0.0 Safari/537.36"
185.216.113.70 - - [27/Apr/2026:15:11:06 +0300] "POST /wp-cron.php?doing_wp_cron=1777291866.6531500816345214843750 HTTP/1.1" 200 448 "-" "WordPress/6.3.8; https://serhatburke.miroglu.net"
38.248.90.131 - - [27/Apr/2026:15:10:53 +0300] "POST /xmlrpc.php HTTP/1.1" 200 630 "-" "Mozilla/5.0 (Windows NT 10.0; Win64; x64) AppleWebKit/537.36 (KHTML, like Gecko) Chrome/114.0.0.0 Safari/537.36"
38.248.90.131 - - [27/Apr/2026:15:11:13 +0300] "POST /xmlrpc.php HTTP/1.1" 200 9381 "-" "Mozilla/5.0 (Windows NT 10.0; Win64; x64) AppleWebKit/537.36 (KHTML, like Gecko) Chrome/114.0.0.0 Safari/537.36"
185.216.113.70 - - [27/Apr/2026:15:11:43 +0300] "POST /wp-cron.php?doing_wp_cron=1777291903.2326970100402832031250 HTTP/1.1" 200 448 "-" "WordPress/6.3.8; https://serhatburke.miroglu.net"
38.248.90.131 - - [27/Apr/2026:15:11:30 +0300] "GET /il-artificio-alle-slot-contribuisce-al-75-ai-requisiti-di-corrispondenza/ HTTP/1.1" 200 73919 "-" "Mozilla/5.0 (Windows NT 10.0; Win64; x64; rv:125.0) Gecko/20100101 Firefox/125.0"
52.167.144.193 - - [27/Apr/2026:15:11:45 +0300] "GET /the-latest-gambling-enterprise-simply-means-a-great-1x-playthrough-earlier-releases-the-brand-new-funds/ HTTP/2" 200 17750 "-" "Mozilla/5.0 AppleWebKit/537.36 (KHTML, like Gecko; compatible; bingbot/2.0; +http://www.bing.com/bingbot.htm) Chrome/116.0.1938.76 Safari/537.36"
52.167.144.176 - - [27/Apr/2026:15:11:49 +0300] "GET /finest-5-restricted-exchmarket-mobile-app-download-deposit-casinos-to-possess-january-2026/ HTTP/2" 200 18461 "-" "Mozilla/5.0 AppleWebKit/537.36 (KHTML, like Gecko; compatible; bingbot/2.0; +http://www.bing.com/bingbot.htm) Chrome/116.0.1938.76 Safari/537.36"
40.77.167.48 - - [27/Apr/2026:15:11:54 +0300] "GET /black-jack-info-learn-family-boundary-successful-actions/ HTTP/2" 200 19845 "-" "Mozilla/5.0 AppleWebKit/537.36 (KHTML, like Gecko; compatible; bingbot/2.0; +http://www.bing.com/bingbot.htm) Chrome/116.0.1938.76 Safari/537.36"
38.248.90.131 - - [27/Apr/2026:15:12:09 +0300] "POST /xmlrpc.php HTTP/1.1" 200 630 "-" "Mozilla/5.0 (Windows NT 10.0; Win64; x64) AppleWebKit/537.36 (KHTML, like Gecko) Chrome/114.0.0.0 Safari/537.36"
185.216.113.70 - - [27/Apr/2026:15:12:43 +0300] "POST /wp-cron.php?doing_wp_cron=1777291963.9059491157531738281250 HTTP/1.1" 200 448 "-" "WordPress/6.3.8; https://serhatburke.miroglu.net"
38.248.90.131 - - [27/Apr/2026:15:12:28 +0300] "POST /xmlrpc.php HTTP/1.1" 200 12601 "-" "Mozilla/5.0 (Windows NT 10.0; Win64; x64) AppleWebKit/537.36 (KHTML, like Gecko) Chrome/114.0.0.0 Safari/537.36"
216.73.217.81 - - [27/Apr/2026:15:12:35 +0300] "GET /sitemap.xml HTTP/2" 200 0 "-" "Mozilla/5.0 AppleWebKit/537.36 (KHTML, like Gecko; compatible; ClaudeBot/1.0; +claudebot@anthropic.com)"
