37.120.155.2 - - [27/Apr/2026:11:19:57 +0300] "GET /wp-includes/js/wp-sanitize.min.js?ver=6.3.8 HTTP/2" 200 236 "https://serhatburke.miroglu.net/wp-admin/" "Mozilla/5.0 (Windows NT 10.0; Win64; x64) AppleWebKit/537.36 (KHTML, like Gecko) Chrome/146.0.0.0 Safari/537.36"
37.120.155.2 - - [27/Apr/2026:11:19:57 +0300] "GET /wp-admin/js/updates.min.js?ver=6.3.8 HTTP/2" 200 8760 "https://serhatburke.miroglu.net/wp-admin/" "Mozilla/5.0 (Windows NT 10.0; Win64; x64) AppleWebKit/537.36 (KHTML, like Gecko) Chrome/146.0.0.0 Safari/537.36"
37.120.155.2 - - [27/Apr/2026:11:19:57 +0300] "GET /wp-admin/js/plugin-install.min.js?ver=6.3.8 HTTP/2" 200 903 "https://serhatburke.miroglu.net/wp-admin/" "Mozilla/5.0 (Windows NT 10.0; Win64; x64) AppleWebKit/537.36 (KHTML, like Gecko) Chrome/146.0.0.0 Safari/537.36"
37.120.155.2 - - [27/Apr/2026:11:19:57 +0300] "GET /wp-includes/js/shortcode.min.js?ver=6.3.8 HTTP/2" 200 1078 "https://serhatburke.miroglu.net/wp-admin/" "Mozilla/5.0 (Windows NT 10.0; Win64; x64) AppleWebKit/537.36 (KHTML, like Gecko) Chrome/146.0.0.0 Safari/537.36"
37.120.155.2 - - [27/Apr/2026:11:19:57 +0300] "GET /wp-admin/js/media-upload.min.js?ver=6.3.8 HTTP/2" 200 540 "https://serhatburke.miroglu.net/wp-admin/" "Mozilla/5.0 (Windows NT 10.0; Win64; x64) AppleWebKit/537.36 (KHTML, like Gecko) Chrome/146.0.0.0 Safari/537.36"
37.120.155.2 - - [27/Apr/2026:11:19:57 +0300] "GET /wp-admin/js/svg-painter.js?ver=6.3.8 HTTP/2" 200 1971 "https://serhatburke.miroglu.net/wp-admin/" "Mozilla/5.0 (Windows NT 10.0; Win64; x64) AppleWebKit/537.36 (KHTML, like Gecko) Chrome/146.0.0.0 Safari/537.36"
37.120.155.2 - - [27/Apr/2026:11:19:57 +0300] "GET /wp-includes/js/heartbeat.min.js?ver=6.3.8 HTTP/2" 200 1925 "https://serhatburke.miroglu.net/wp-admin/" "Mozilla/5.0 (Windows NT 10.0; Win64; x64) AppleWebKit/537.36 (KHTML, like Gecko) Chrome/146.0.0.0 Safari/537.36"
37.120.155.2 - - [27/Apr/2026:11:19:57 +0300] "GET /wp-content/plugins/google-analytics-for-wordpress/assets/js/admin-common.min.js?ver=10.1.3 HTTP/2" 200 513 "https://serhatburke.miroglu.net/wp-admin/" "Mozilla/5.0 (Windows NT 10.0; Win64; x64) AppleWebKit/537.36 (KHTML, like Gecko) Chrome/146.0.0.0 Safari/537.36"
37.120.155.2 - - [27/Apr/2026:11:19:57 +0300] "GET /wp-content/plugins/all-in-one-seo-pack/dist/Lite/assets/app.7d8c6b04.js?ver=4.4.4 HTTP/2" 200 456 "https://serhatburke.miroglu.net/wp-admin/" "Mozilla/5.0 (Windows NT 10.0; Win64; x64) AppleWebKit/537.36 (KHTML, like Gecko) Chrome/146.0.0.0 Safari/537.36"
37.120.155.2 - - [27/Apr/2026:11:19:57 +0300] "GET /wp-content/plugins/wpforms-lite/assets/lib/jquery.confirm/jquery-confirm.min.js?ver=3.3.4 HTTP/2" 200 6935 "https://serhatburke.miroglu.net/wp-admin/" "Mozilla/5.0 (Windows NT 10.0; Win64; x64) AppleWebKit/537.36 (KHTML, like Gecko) Chrome/146.0.0.0 Safari/537.36"
37.120.155.2 - - [27/Apr/2026:11:19:57 +0300] "GET /wp-content/plugins/wpforms-lite/assets/lite/js/admin/education/lite-connect.min.js?ver=1.8.3.1 HTTP/2" 200 1480 "https://serhatburke.miroglu.net/wp-admin/" "Mozilla/5.0 (Windows NT 10.0; Win64; x64) AppleWebKit/537.36 (KHTML, like Gecko) Chrome/146.0.0.0 Safari/537.36"
37.120.155.2 - - [27/Apr/2026:11:19:57 +0300] "GET /wp-includes/js/wp-auth-check.min.js?ver=6.3.8 HTTP/2" 200 691 "https://serhatburke.miroglu.net/wp-admin/" "Mozilla/5.0 (Windows NT 10.0; Win64; x64) AppleWebKit/537.36 (KHTML, like Gecko) Chrome/146.0.0.0 Safari/537.36"
37.120.155.2 - - [27/Apr/2026:11:19:57 +0300] "GET /wp-content/plugins/wpforms-lite/assets/lite/js/admin/dashboard-widget.min.js?ver=1.8.3.1 HTTP/2" 200 1181 "https://serhatburke.miroglu.net/wp-admin/" "Mozilla/5.0 (Windows NT 10.0; Win64; x64) AppleWebKit/537.36 (KHTML, like Gecko) Chrome/146.0.0.0 Safari/537.36"
37.120.155.2 - - [27/Apr/2026:11:19:57 +0300] "GET /wp-content/plugins/google-analytics-for-wordpress/lite/assets/vue/js/widget.min.js?ver=10.1.3 HTTP/2" 200 45549 "https://serhatburke.miroglu.net/wp-admin/" "Mozilla/5.0 (Windows NT 10.0; Win64; x64) AppleWebKit/537.36 (KHTML, like Gecko) Chrome/146.0.0.0 Safari/537.36"
37.120.155.2 - - [27/Apr/2026:11:19:57 +0300] "GET /wp-content/plugins/all-in-one-seo-pack/dist/Lite/assets/notifications.e3899576.js?ver=4.4.4 HTTP/2" 200 688 "https://serhatburke.miroglu.net/wp-admin/" "Mozilla/5.0 (Windows NT 10.0; Win64; x64) AppleWebKit/537.36 (KHTML, like Gecko) Chrome/146.0.0.0 Safari/537.36"
37.120.155.2 - - [27/Apr/2026:11:19:57 +0300] "GET /wp-content/plugins/google-analytics-for-wordpress/assets/images/monsterinsights-notice-box-logo.svg HTTP/2" 200 6163 "https://serhatburke.miroglu.net/wp-admin/" "Mozilla/5.0 (Windows NT 10.0; Win64; x64) AppleWebKit/537.36 (KHTML, like Gecko) Chrome/146.0.0.0 Safari/537.36"
37.120.155.2 - - [27/Apr/2026:11:19:57 +0300] "GET /wp-includes/js/dist/vendor/moment.min.js?ver=2.29.4 HTTP/2" 200 18186 "https://serhatburke.miroglu.net/wp-admin/" "Mozilla/5.0 (Windows NT 10.0; Win64; x64) AppleWebKit/537.36 (KHTML, like Gecko) Chrome/146.0.0.0 Safari/537.36"
37.120.155.2 - - [27/Apr/2026:11:19:57 +0300] "GET /wp-includes/js/dist/date.min.js?ver=3d34bfc9ee4ff8794fdc HTTP/2" 200 36700 "https://serhatburke.miroglu.net/wp-admin/" "Mozilla/5.0 (Windows NT 10.0; Win64; x64) AppleWebKit/537.36 (KHTML, like Gecko) Chrome/146.0.0.0 Safari/537.36"
37.120.155.2 - - [27/Apr/2026:11:19:57 +0300] "GET /wp-content/plugins/wpforms-lite/assets/lib/chart.min.js?ver=2.7.2 HTTP/2" 200 45228 "https://serhatburke.miroglu.net/wp-admin/" "Mozilla/5.0 (Windows NT 10.0; Win64; x64) AppleWebKit/537.36 (KHTML, like Gecko) Chrome/146.0.0.0 Safari/537.36"
37.120.155.2 - - [27/Apr/2026:11:19:57 +0300] "GET /wp-content/plugins/all-in-one-seo-pack/dist/Lite/assets//link-format/link-format-classic.js?ver=4.4.4 HTTP/2" 200 4340 "https://serhatburke.miroglu.net/wp-admin/" "Mozilla/5.0 (Windows NT 10.0; Win64; x64) AppleWebKit/537.36 (KHTML, like Gecko) Chrome/146.0.0.0 Safari/537.36"
37.120.155.2 - - [27/Apr/2026:11:19:57 +0300] "GET /wp-includes/js/jquery/ui/menu.min.js?ver=1.13.2 HTTP/2" 200 2883 "https://serhatburke.miroglu.net/wp-admin/" "Mozilla/5.0 (Windows NT 10.0; Win64; x64) AppleWebKit/537.36 (KHTML, like Gecko) Chrome/146.0.0.0 Safari/537.36"
37.120.155.2 - - [27/Apr/2026:11:19:57 +0300] "GET /wp-content/plugins/google-analytics-for-wordpress/assets/js/admin-setup-wizard.js?ver=10.1.3 HTTP/2" 200 738 "https://serhatburke.miroglu.net/wp-admin/" "Mozilla/5.0 (Windows NT 10.0; Win64; x64) AppleWebKit/537.36 (KHTML, like Gecko) Chrome/146.0.0.0 Safari/537.36"
37.120.155.2 - - [27/Apr/2026:11:19:57 +0300] "GET /wp-content/plugins/all-in-one-seo-pack/dist/Lite/assets/dashboard-widgets.93960a37.js?ver=4.4.4 HTTP/2" 200 3449 "https://serhatburke.miroglu.net/wp-admin/" "Mozilla/5.0 (Windows NT 10.0; Win64; x64) AppleWebKit/537.36 (KHTML, like Gecko) Chrome/146.0.0.0 Safari/537.36"
37.120.155.2 - - [27/Apr/2026:11:19:57 +0300] "GET /wp-includes/js/jquery/ui/autocomplete.min.js?ver=1.13.2 HTTP/2" 200 2677 "https://serhatburke.miroglu.net/wp-admin/" "Mozilla/5.0 (Windows NT 10.0; Win64; x64) AppleWebKit/537.36 (KHTML, like Gecko) Chrome/146.0.0.0 Safari/537.36"
37.120.155.2 - - [27/Apr/2026:11:19:57 +0300] "GET /wp-content/plugins/js_composer/assets/vc/logo/wpb-logo-white_32.svg HTTP/2" 200 713 "https://serhatburke.miroglu.net/wp-admin/" "Mozilla/5.0 (Windows NT 10.0; Win64; x64) AppleWebKit/537.36 (KHTML, like Gecko) Chrome/146.0.0.0 Safari/537.36"
37.120.155.2 - - [27/Apr/2026:11:19:57 +0300] "GET /wp-content/plugins/wpforms-lite/assets/images/sullie.png HTTP/2" 200 25007 "https://serhatburke.miroglu.net/wp-admin/" "Mozilla/5.0 (Windows NT 10.0; Win64; x64) AppleWebKit/537.36 (KHTML, like Gecko) Chrome/146.0.0.0 Safari/537.36"
37.120.155.2 - - [27/Apr/2026:11:19:57 +0300] "GET /wp-content/plugins/wp-file-manager/images/wp_file_manager.svg HTTP/2" 200 1199 "https://serhatburke.miroglu.net/wp-admin/" "Mozilla/5.0 (Windows NT 10.0; Win64; x64) AppleWebKit/537.36 (KHTML, like Gecko) Chrome/146.0.0.0 Safari/537.36"
37.120.155.2 - - [27/Apr/2026:11:19:57 +0300] "GET /wp-admin/load-scripts.php?c=1&load%5Bchunk_0%5D=hoverIntent,wp-polyfill-inert,regenerator-runtime,wp-polyfill,wp-hooks&ver=6.3.8 HTTP/2" 200 12561 "https://serhatburke.miroglu.net/wp-admin/" "Mozilla/5.0 (Windows NT 10.0; Win64; x64) AppleWebKit/537.36 (KHTML, like Gecko) Chrome/146.0.0.0 Safari/537.36"
37.120.155.2 - - [27/Apr/2026:11:19:58 +0300] "GET /wp-content/plugins/all-in-one-seo-pack/dist/Lite/assets/js/index.cfe09a50.js HTTP/2" 200 7079 "https://serhatburke.miroglu.net/wp-content/plugins/all-in-one-seo-pack/dist/Lite/assets/dashboard-widgets.93960a37.js?ver=4.4.4" "Mozilla/5.0 (Windows NT 10.0; Win64; x64) AppleWebKit/537.36 (KHTML, like Gecko) Chrome/146.0.0.0 Safari/537.36"
37.120.155.2 - - [27/Apr/2026:11:19:58 +0300] "GET /wp-content/plugins/google-analytics-for-wordpress/lite/assets/vue/js/chunks/report-table-helper-ef7686bc.min.js HTTP/2" 200 6926 "https://serhatburke.miroglu.net/wp-content/plugins/google-analytics-for-wordpress/lite/assets/vue/js/widget.min.js?ver=10.1.3" "Mozilla/5.0 (Windows NT 10.0; Win64; x64) AppleWebKit/537.36 (KHTML, like Gecko) Chrome/146.0.0.0 Safari/537.36"
37.120.155.2 - - [27/Apr/2026:11:19:58 +0300] "GET /wp-content/plugins/all-in-one-seo-pack/dist/Lite/assets/js/index.0eabb636.js HTTP/2" 200 19431 "https://serhatburke.miroglu.net/wp-content/plugins/all-in-one-seo-pack/dist/Lite/assets/dashboard-widgets.93960a37.js?ver=4.4.4" "Mozilla/5.0 (Windows NT 10.0; Win64; x64) AppleWebKit/537.36 (KHTML, like Gecko) Chrome/146.0.0.0 Safari/537.36"
37.120.155.2 - - [27/Apr/2026:11:19:58 +0300] "GET /wp-content/plugins/all-in-one-seo-pack/dist/Lite/assets/js/SeoSetup.d8a328c2.js HTTP/2" 200 24692 "https://serhatburke.miroglu.net/wp-content/plugins/all-in-one-seo-pack/dist/Lite/assets/dashboard-widgets.93960a37.js?ver=4.4.4" "Mozilla/5.0 (Windows NT 10.0; Win64; x64) AppleWebKit/537.36 (KHTML, like Gecko) Chrome/146.0.0.0 Safari/537.36"
37.120.155.2 - - [27/Apr/2026:11:19:58 +0300] "GET /wp-content/plugins/all-in-one-seo-pack/dist/Lite/assets/js/Overview.2607427a.js HTTP/2" 200 1605 "https://serhatburke.miroglu.net/wp-content/plugins/all-in-one-seo-pack/dist/Lite/assets/dashboard-widgets.93960a37.js?ver=4.4.4" "Mozilla/5.0 (Windows NT 10.0; Win64; x64) AppleWebKit/537.36 (KHTML, like Gecko) Chrome/146.0.0.0 Safari/537.36"
37.120.155.2 - - [27/Apr/2026:11:19:58 +0300] "GET /wp-content/plugins/all-in-one-seo-pack/dist/Lite/assets/js/constants.1758f66e.js HTTP/2" 200 14129 "https://serhatburke.miroglu.net/wp-content/plugins/all-in-one-seo-pack/dist/Lite/assets/dashboard-widgets.93960a37.js?ver=4.4.4" "Mozilla/5.0 (Windows NT 10.0; Win64; x64) AppleWebKit/537.36 (KHTML, like Gecko) Chrome/146.0.0.0 Safari/537.36"
37.120.155.2 - - [27/Apr/2026:11:19:58 +0300] "GET /wp-content/plugins/all-in-one-seo-pack/dist/Lite/assets/js/Caret.164d8058.js HTTP/2" 200 1705 "https://serhatburke.miroglu.net/wp-content/plugins/all-in-one-seo-pack/dist/Lite/assets/dashboard-widgets.93960a37.js?ver=4.4.4" "Mozilla/5.0 (Windows NT 10.0; Win64; x64) AppleWebKit/537.36 (KHTML, like Gecko) Chrome/146.0.0.0 Safari/537.36"
37.120.155.2 - - [27/Apr/2026:11:19:58 +0300] "GET /wp-content/plugins/all-in-one-seo-pack/dist/Lite/assets/js/DonutChartWithLegend.75733bae.js HTTP/2" 200 1730 "https://serhatburke.miroglu.net/wp-content/plugins/all-in-one-seo-pack/dist/Lite/assets/dashboard-widgets.93960a37.js?ver=4.4.4" "Mozilla/5.0 (Windows NT 10.0; Win64; x64) AppleWebKit/537.36 (KHTML, like Gecko) Chrome/146.0.0.0 Safari/537.36"
37.120.155.2 - - [27/Apr/2026:11:19:58 +0300] "GET /wp-content/plugins/all-in-one-seo-pack/dist/Lite/assets/js/numbers.c7cb4085.js HTTP/2" 200 1397 "https://serhatburke.miroglu.net/wp-content/plugins/all-in-one-seo-pack/dist/Lite/assets/dashboard-widgets.93960a37.js?ver=4.4.4" "Mozilla/5.0 (Windows NT 10.0; Win64; x64) AppleWebKit/537.36 (KHTML, like Gecko) Chrome/146.0.0.0 Safari/537.36"
37.120.155.2 - - [27/Apr/2026:11:19:58 +0300] "GET /wp-content/plugins/all-in-one-seo-pack/dist/Lite/assets/js/Rocket.b410855c.js HTTP/2" 200 812 "https://serhatburke.miroglu.net/wp-content/plugins/all-in-one-seo-pack/dist/Lite/assets/dashboard-widgets.93960a37.js?ver=4.4.4" "Mozilla/5.0 (Windows NT 10.0; Win64; x64) AppleWebKit/537.36 (KHTML, like Gecko) Chrome/146.0.0.0 Safari/537.36"
37.120.155.2 - - [27/Apr/2026:11:19:58 +0300] "GET /wp-content/plugins/all-in-one-seo-pack/dist/Lite/assets/js/elemLoaded.9a6eb745.js HTTP/2" 200 149 "https://serhatburke.miroglu.net/wp-content/plugins/all-in-one-seo-pack/dist/Lite/assets/dashboard-widgets.93960a37.js?ver=4.4.4" "Mozilla/5.0 (Windows NT 10.0; Win64; x64) AppleWebKit/537.36 (KHTML, like Gecko) Chrome/146.0.0.0 Safari/537.36"
37.120.155.2 - - [27/Apr/2026:11:19:58 +0300] "GET /wp-content/plugins/all-in-one-seo-pack/dist/Lite/assets/js/AnimatedNumber.b765a5ab.js HTTP/2" 200 381 "https://serhatburke.miroglu.net/wp-content/plugins/all-in-one-seo-pack/dist/Lite/assets/dashboard-widgets.93960a37.js?ver=4.4.4" "Mozilla/5.0 (Windows NT 10.0; Win64; x64) AppleWebKit/537.36 (KHTML, like Gecko) Chrome/146.0.0.0 Safari/537.36"
37.120.155.2 - - [27/Apr/2026:11:19:58 +0300] "GET /wp-content/plugins/google-analytics-for-wordpress/lite/assets/vue/js/chunks/monsterinsights-helper-plugin-4cb4e554.min.js HTTP/2" 200 39877 "https://serhatburke.miroglu.net/wp-content/plugins/google-analytics-for-wordpress/lite/assets/vue/js/widget.min.js?ver=10.1.3" "Mozilla/5.0 (Windows NT 10.0; Win64; x64) AppleWebKit/537.36 (KHTML, like Gecko) Chrome/146.0.0.0 Safari/537.36"
37.120.155.2 - - [27/Apr/2026:11:19:58 +0300] "GET /wp-content/plugins/google-analytics-for-wordpress/lite/assets/vue/js/chunks/vendor-65891c97.min.js HTTP/2" 200 276849 "https://serhatburke.miroglu.net/wp-content/plugins/google-analytics-for-wordpress/lite/assets/vue/js/widget.min.js?ver=10.1.3" "Mozilla/5.0 (Windows NT 10.0; Win64; x64) AppleWebKit/537.36 (KHTML, like Gecko) Chrome/146.0.0.0 Safari/537.36"
37.120.155.2 - - [27/Apr/2026:11:19:58 +0300] "GET /wp-content/uploads/2023/08/favicon-16x16-3.png HTTP/2" 200 529 "https://serhatburke.miroglu.net/wp-admin/" "Mozilla/5.0 (Windows NT 10.0; Win64; x64) AppleWebKit/537.36 (KHTML, like Gecko) Chrome/146.0.0.0 Safari/537.36"
98.98.197.162 - - [27/Apr/2026:11:19:42 +0300] "POST /xmlrpc.php HTTP/1.1" 200 630 "-" "Mozilla/5.0 (Windows NT 10.0; Win64; x64) AppleWebKit/537.36 (KHTML, like Gecko) Chrome/114.0.0.0 Safari/537.36"
52.167.144.190 - - [27/Apr/2026:11:19:49 +0300] "GET /avsloja-hemligheterna-bakom-casinostrategi-vad-varje-spelare-bor-veta/ HTTP/2" 200 17211 "-" "Mozilla/5.0 AppleWebKit/537.36 (KHTML, like Gecko; compatible; bingbot/2.0; +http://www.bing.com/bingbot.htm) Chrome/116.0.1938.76 Safari/537.36"
37.120.155.2 - - [27/Apr/2026:11:19:58 +0300] "GET /wp-admin/post-new.php HTTP/2" 200 366535 "https://serhatburke.miroglu.net/" "Mozilla/5.0 (Windows NT 10.0; Win64; x64) AppleWebKit/537.36 (KHTML, like Gecko) Chrome/146.0.0.0 Safari/537.36"
98.98.197.162 - - [27/Apr/2026:11:20:07 +0300] "POST /xmlrpc.php HTTP/1.1" 200 15240 "-" "Mozilla/5.0 (Windows NT 10.0; Win64; x64) AppleWebKit/537.36 (KHTML, like Gecko) Chrome/114.0.0.0 Safari/537.36"
185.216.113.70 - - [27/Apr/2026:11:20:41 +0300] "POST /wp-cron.php?doing_wp_cron=1777278041.2481200695037841796875 HTTP/1.1" 200 448 "-" "WordPress/6.3.8; https://serhatburke.miroglu.net"
98.98.197.162 - - [27/Apr/2026:11:20:29 +0300] "GET /good-fresh-fruit-fun-spend-that-have-mobile-credit-review-generating-fake-cash-is-not-enjoyable/ HTTP/1.1" 200 79997 "-" "Mozilla/5.0 (Windows NT 10.0; Win64; x64) AppleWebKit/537.36 (KHTML, like Gecko) Chrome/122.0.0.0 Safari/537.36"
37.120.155.2 - - [27/Apr/2026:11:20:36 +0300] "POST /xmlrpc.php HTTP/1.1" 200 767 "https://serhatburke.miroglu.net/" "Mozilla/5.0 (Windows NT 10.0; Win64; x64) AppleWebKit/537.36 (KHTML, like Gecko) Chrome/122.0.0.0 Safari/537.36"
185.217.71.89 - - [27/Apr/2026:11:21:27 +0300] "GET /diez-giros-sin-bonificacion-de-deposito-attila-regalado-carente-tanque-mas-grandes-abertura-gorila-chief-dos-bonos-2025-universitas-terbaik-di-indonesia/ HTTP/1.1" 200 0 "-" "Mozilla/5.0 (Windows NT 10.0; Win64; x64) AppleWebKit/537.36 (KHTML, like Gecko) Chrome/136.0.0.0 Safari/537.36"
185.216.113.70 - - [27/Apr/2026:11:26:56 +0300] "POST /wp-cron.php?doing_wp_cron=1777278416.3012030124664306640625 HTTP/1.1" 200 448 "-" "WordPress/6.3.8; https://serhatburke.miroglu.net"
52.167.144.173 - - [27/Apr/2026:11:26:37 +0300] "GET /bettys-model-offers-predictable-winnings-clear-promotion-laws-and-constant-gaming-lessons/ HTTP/2" 200 17899 "-" "Mozilla/5.0 AppleWebKit/537.36 (KHTML, like Gecko; compatible; bingbot/2.0; +http://www.bing.com/bingbot.htm) Chrome/116.0.1938.76 Safari/537.36"
52.167.144.17 - - [27/Apr/2026:11:26:42 +0300] "GET /discover-the-best-ways-to-use-atomic-wallet-for-crypto/ HTTP/2" 200 18366 "-" "Mozilla/5.0 AppleWebKit/537.36 (KHTML, like Gecko; compatible; bingbot/2.0; +http://www.bing.com/bingbot.htm) Chrome/116.0.1938.76 Safari/537.36"
52.167.144.230 - - [27/Apr/2026:11:26:43 +0300] "GET /star-trip-the-new-generation/ HTTP/2" 200 19345 "-" "Mozilla/5.0 AppleWebKit/537.36 (KHTML, like Gecko; compatible; bingbot/2.0; +http://www.bing.com/bingbot.htm) Chrome/116.0.1938.76 Safari/537.36"
52.167.144.230 - - [27/Apr/2026:11:26:52 +0300] "GET /microsoft-wild-catch-slot-no-deposit-365-copilot-register/ HTTP/2" 200 18821 "-" "Mozilla/5.0 AppleWebKit/537.36 (KHTML, like Gecko; compatible; bingbot/2.0; +http://www.bing.com/bingbot.htm) Chrome/116.0.1938.76 Safari/537.36"
216.73.217.81 - - [27/Apr/2026:11:27:56 +0300] "GET /sitemap.xml HTTP/2" 200 0 "-" "Mozilla/5.0 AppleWebKit/537.36 (KHTML, like Gecko; compatible; ClaudeBot/1.0; +claudebot@anthropic.com)"
185.216.113.70 - - [27/Apr/2026:11:28:49 +0300] "POST /wp-cron.php?doing_wp_cron=1777278529.7662200927734375000000 HTTP/1.1" 200 448 "-" "WordPress/6.3.8; https://serhatburke.miroglu.net"
52.167.144.173 - - [27/Apr/2026:11:28:37 +0300] "GET /dexscreener-your-ultimate-tool-for-navigating-dex-markets/ HTTP/2" 200 17741 "-" "Mozilla/5.0 AppleWebKit/537.36 (KHTML, like Gecko; compatible; bingbot/2.0; +http://www.bing.com/bingbot.htm) Chrome/116.0.1938.76 Safari/537.36"
185.216.113.70 - - [27/Apr/2026:11:29:13 +0300] "POST /wp-cron.php?doing_wp_cron=1777278553.5054249763488769531250 HTTP/1.1" 200 448 "-" "WordPress/6.3.8; https://serhatburke.miroglu.net"
52.167.144.17 - - [27/Apr/2026:11:28:54 +0300] "GET /better-sites-to-casino-1-free-with-10x-multiplier-have-2026/ HTTP/2" 200 19366 "-" "Mozilla/5.0 AppleWebKit/537.36 (KHTML, like Gecko; compatible; bingbot/2.0; +http://www.bing.com/bingbot.htm) Chrome/116.0.1938.76 Safari/537.36"
52.167.144.230 - - [27/Apr/2026:11:28:49 +0300] "GET /al-momento-non-sono-previste-promo-dedicate-al-popolare-imbroglio/ HTTP/2" 200 14952 "-" "Mozilla/5.0 AppleWebKit/537.36 (KHTML, like Gecko; compatible; bingbot/2.0; +http://www.bing.com/bingbot.htm) Chrome/116.0.1938.76 Safari/537.36"
52.167.144.173 - - [27/Apr/2026:11:28:58 +0300] "GET /from-ten-million-buffaloes-just-one-white-calf-flow-from-this-type-of-breathtaking-dogs-are-not-only-really-unusual-as-well-as-features-a-status-away-from-sacred-animals-like-kitties-in-t/ HTTP/2" 200 20948 "-" "Mozilla/5.0 AppleWebKit/537.36 (KHTML, like Gecko; compatible; bingbot/2.0; +http://www.bing.com/bingbot.htm) Chrome/116.0.1938.76 Safari/537.36"
52.167.144.230 - - [27/Apr/2026:11:29:28 +0300] "GET /dolarji-bonus-koda-za-goldbet-splash/ HTTP/2" 200 18036 "-" "Mozilla/5.0 AppleWebKit/537.36 (KHTML, like Gecko; compatible; bingbot/2.0; +http://www.bing.com/bingbot.htm) Chrome/116.0.1938.76 Safari/537.36"
98.98.197.162 - - [27/Apr/2026:11:29:34 +0300] "POST /xmlrpc.php HTTP/1.1" 200 630 "-" "Mozilla/5.0 (Windows NT 10.0; Win64; x64) AppleWebKit/537.36 (KHTML, like Gecko) Chrome/114.0.0.0 Safari/537.36"
98.98.197.162 - - [27/Apr/2026:11:29:55 +0300] "POST /xmlrpc.php HTTP/1.1" 200 16089 "-" "Mozilla/5.0 (Windows NT 10.0; Win64; x64) AppleWebKit/537.36 (KHTML, like Gecko) Chrome/114.0.0.0 Safari/537.36"
185.216.113.70 - - [27/Apr/2026:11:30:22 +0300] "POST /wp-cron.php?doing_wp_cron=1777278622.2641880512237548828125 HTTP/1.1" 200 448 "-" "WordPress/6.3.8; https://serhatburke.miroglu.net"
98.98.197.162 - - [27/Apr/2026:11:30:10 +0300] "GET /publication-of-ra-deluxe-position-review-novomatic-gamble-free-demo/ HTTP/1.1" 200 79723 "-" "Mozilla/5.0 (Windows NT 10.0; Win64; x64) AppleWebKit/537.36 (KHTML, like Gecko) Chrome/124.0.0.0 Safari/537.36 Edg/124.0.0.0"
185.216.113.70 - - [27/Apr/2026:11:36:11 +0300] "POST /wp-cron.php?doing_wp_cron=1777278971.7245190143585205078125 HTTP/1.1" 200 448 "-" "WordPress/6.3.8; https://serhatburke.miroglu.net"
40.77.167.126 - - [27/Apr/2026:11:35:58 +0300] "GET /talitre-gratis-ayant-trait-aux-appareil-pour-par-dessous-parmi-hier-29-1-2020/ HTTP/2" 200 17810 "-" "Mozilla/5.0 AppleWebKit/537.36 (KHTML, like Gecko; compatible; bingbot/2.0; +http://www.bing.com/bingbot.htm) Chrome/116.0.1938.76 Safari/537.36"
40.77.167.132 - - [27/Apr/2026:11:36:03 +0300] "GET /thunder-vs-pelicans-get-okc-topples-jeremiah-concerns-the-brand-new-orleans/ HTTP/2" 200 18384 "-" "Mozilla/5.0 AppleWebKit/537.36 (KHTML, like Gecko; compatible; bingbot/2.0; +http://www.bing.com/bingbot.htm) Chrome/116.0.1938.76 Safari/537.36"
185.216.113.70 - - [27/Apr/2026:11:38:49 +0300] "POST /wp-cron.php?doing_wp_cron=1777279129.5470659732818603515625 HTTP/1.1" 200 448 "-" "WordPress/6.3.8; https://serhatburke.miroglu.net"
40.77.167.126 - - [27/Apr/2026:11:38:28 +0300] "GET /melhores-slots-online-para-ganhar-bagarote-acercade-portugal-2026/ HTTP/2" 200 21390 "-" "Mozilla/5.0 AppleWebKit/537.36 (KHTML, like Gecko; compatible; bingbot/2.0; +http://www.bing.com/bingbot.htm) Chrome/116.0.1938.76 Safari/537.36"
40.77.167.132 - - [27/Apr/2026:11:38:33 +0300] "GET /fx-deposit-incentives-2026-listing-of-4-of-a-king-casino-better-fx-incentives/ HTTP/2" 200 18236 "-" "Mozilla/5.0 AppleWebKit/537.36 (KHTML, like Gecko; compatible; bingbot/2.0; +http://www.bing.com/bingbot.htm) Chrome/116.0.1938.76 Safari/537.36"
52.167.144.172 - - [27/Apr/2026:11:38:38 +0300] "GET /trendy-good-fresh-fruit-position-by-enhance-betting-free-demo-play/ HTTP/2" 200 23923 "-" "Mozilla/5.0 AppleWebKit/537.36 (KHTML, like Gecko; compatible; bingbot/2.0; +http://www.bing.com/bingbot.htm) Chrome/116.0.1938.76 Safari/537.36"
84.200.80.218 - - [27/Apr/2026:11:38:49 +0300] "POST /xmlrpc.php HTTP/1.1" 200 207737 "-" "Mozilla/5.0 (Windows NT 6.1) AppleWebKit/537.36 (KHTML, like Gecko) Chrome/80.0.3987.132 Safari/537.36"
52.167.144.172 - - [27/Apr/2026:11:38:38 +0300] "GET /5-minimum-deposit-3-online-casino-dragons-harbors-a-classic-of-aristocrat-mercantile-work-environment-options-pvt-ltd/ HTTP/2" 200 19593 "-" "Mozilla/5.0 AppleWebKit/537.36 (KHTML, like Gecko; compatible; bingbot/2.0; +http://www.bing.com/bingbot.htm) Chrome/116.0.1938.76 Safari/537.36"
84.200.80.218 - - [27/Apr/2026:11:39:14 +0300] "POST /xmlrpc.php HTTP/1.1" 200 486 "-" "Mozilla/5.0 (Windows NT 6.1) AppleWebKit/537.36 (KHTML, like Gecko) Chrome/80.0.3987.132 Safari/537.36"
185.216.113.70 - - [27/Apr/2026:11:39:51 +0300] "POST /wp-cron.php?doing_wp_cron=1777279191.6210260391235351562500 HTTP/1.1" 200 448 "-" "WordPress/6.3.8; https://serhatburke.miroglu.net"
98.98.197.162 - - [27/Apr/2026:11:39:24 +0300] "POST /xmlrpc.php HTTP/1.1" 200 630 "-" "Mozilla/5.0 (Windows NT 10.0; Win64; x64) AppleWebKit/537.36 (KHTML, like Gecko) Chrome/114.0.0.0 Safari/537.36"
84.200.80.218 - - [27/Apr/2026:11:39:30 +0300] "POST /xmlrpc.php HTTP/1.1" 200 489 "-" "Mozilla/5.0 (Windows NT 6.1) AppleWebKit/537.36 (KHTML, like Gecko) Chrome/80.0.3987.132 Safari/537.36"
40.77.167.132 - - [27/Apr/2026:11:39:25 +0300] "GET /top-gold-coins-local-casino-promo-code-score-100sc-150-far-more-coins-into-the-very-first-get/ HTTP/2" 200 18074 "-" "Mozilla/5.0 AppleWebKit/537.36 (KHTML, like Gecko; compatible; bingbot/2.0; +http://www.bing.com/bingbot.htm) Chrome/116.0.1938.76 Safari/537.36"
52.167.144.172 - - [27/Apr/2026:11:39:30 +0300] "GET /greatest-you-a-%D8%AF%D8%B1%D8%A2%D9%85%D8%AF-%D9%88%D8%A7%D9%82%D8%B9%DB%8C-ports-2026-greatest-casinos-slot-game-video/ HTTP/2" 200 20032 "-" "Mozilla/5.0 AppleWebKit/537.36 (KHTML, like Gecko; compatible; bingbot/2.0; +http://www.bing.com/bingbot.htm) Chrome/116.0.1938.76 Safari/537.36"
84.200.80.218 - - [27/Apr/2026:11:39:56 +0300] "POST /xmlrpc.php HTTP/1.1" 200 201346 "-" "Mozilla/5.0 (Windows NT 6.1) AppleWebKit/537.36 (KHTML, like Gecko) Chrome/80.0.3987.132 Safari/537.36"
98.98.197.162 - - [27/Apr/2026:11:39:58 +0300] "POST /xmlrpc.php HTTP/1.1" 200 15838 "-" "Mozilla/5.0 (Windows NT 10.0; Win64; x64) AppleWebKit/537.36 (KHTML, like Gecko) Chrome/114.0.0.0 Safari/537.36"
65.109.104.153 - - [27/Apr/2026:11:40:03 +0300] "GET /beste-casino-site-belgie-hoge-inzet/ HTTP/1.1" 200 19282 "-" "Mozilla/5.0 (Windows NT 10.0; WOW64; x64) AppleWebKit/537.36 (KHTML, like Gecko) Chrome/114.0.0.0 Safari/537.36 OPR/89.0.4447.51"
98.98.197.162 - - [27/Apr/2026:11:40:26 +0300] "GET /50-totally-free-revolves-no-deposit-bonus-in-the-southern-area-africa-enjoy-now/ HTTP/1.1" 200 80081 "-" "Mozilla/5.0 (Windows NT 10.0; Win64; x64) AppleWebKit/537.36 (KHTML, like Gecko) Chrome/122.0.0.0 Safari/537.36"
185.216.113.70 - - [27/Apr/2026:11:44:46 +0300] "POST /wp-cron.php?doing_wp_cron=1777279485.9119338989257812500000 HTTP/1.1" 200 448 "-" "WordPress/6.3.8; https://serhatburke.miroglu.net"
98.98.197.162 - - [27/Apr/2026:11:44:33 +0300] "POST /xmlrpc.php HTTP/1.1" 200 630 "-" "Mozilla/5.0 (Windows NT 10.0; Win64; x64) AppleWebKit/537.36 (KHTML, like Gecko) Chrome/114.0.0.0 Safari/537.36"
98.98.197.162 - - [27/Apr/2026:11:44:52 +0300] "POST /xmlrpc.php HTTP/1.1" 200 15400 "-" "Mozilla/5.0 (Windows NT 10.0; Win64; x64) AppleWebKit/537.36 (KHTML, like Gecko) Chrome/114.0.0.0 Safari/537.36"
185.216.113.70 - - [27/Apr/2026:11:45:47 +0300] "POST /wp-cron.php?doing_wp_cron=1777279546.8932309150695800781250 HTTP/1.1" 200 448 "-" "WordPress/6.3.8; https://serhatburke.miroglu.net"
52.167.144.173 - - [27/Apr/2026:11:45:10 +0300] "GET /tronscan-revolutionizing-your-cryptocurrency-tracking-experience-2/ HTTP/2" 200 17982 "-" "Mozilla/5.0 AppleWebKit/537.36 (KHTML, like Gecko; compatible; bingbot/2.0; +http://www.bing.com/bingbot.htm) Chrome/116.0.1938.76 Safari/537.36"
185.216.113.70 - - [27/Apr/2026:11:46:01 +0300] "POST /wp-cron.php?doing_wp_cron=1777279561.8009390830993652343750 HTTP/1.1" 200 448 "-" "WordPress/6.3.8; https://serhatburke.miroglu.net"
52.167.144.16 - - [27/Apr/2026:11:45:16 +0300] "GET /do-you-know-the-top-crypto-gambling-websites-inside-the-2026/ HTTP/2" 200 0 "-" "Mozilla/5.0 AppleWebKit/537.36 (KHTML, like Gecko; compatible; bingbot/2.0; +http://www.bing.com/bingbot.htm) Chrome/116.0.1938.76 Safari/537.36"
185.216.113.70 - - [27/Apr/2026:11:46:19 +0300] "POST /wp-cron.php?doing_wp_cron=1777279579.8120629787445068359375 HTTP/1.1" 200 448 "-" "WordPress/6.3.8; https://serhatburke.miroglu.net"
98.98.197.162 - - [27/Apr/2026:11:45:40 +0300] "GET /fifty-free-spins-no-deposit-2026-claim-the-totally-free-spins-extra/ HTTP/1.1" 200 79510 "-" "Mozilla/5.0 (Windows NT 10.0; Win64; x64) AppleWebKit/537.36 (KHTML, like Gecko) Chrome/124.0.0.0 Safari/537.36"
175.38.94.249 - - [27/Apr/2026:11:45:58 +0300] "POST /xmlrpc.php HTTP/2" 200 204 "-" "XML-RPC for PHP 4.11.1"
52.167.144.16 - - [27/Apr/2026:11:46:14 +0300] "GET /9-face-masks-of-fire-free-demonstration-play-one-which-just-shell-out/ HTTP/2" 200 17747 "-" "Mozilla/5.0 AppleWebKit/537.36 (KHTML, like Gecko; compatible; bingbot/2.0; +http://www.bing.com/bingbot.htm) Chrome/116.0.1938.76 Safari/537.36"
185.216.113.70 - - [27/Apr/2026:11:47:08 +0300] "POST /wp-cron.php?doing_wp_cron=1777279628.2993330955505371093750 HTTP/1.1" 200 448 "-" "WordPress/6.3.8; https://serhatburke.miroglu.net"
52.167.144.16 - - [27/Apr/2026:11:46:55 +0300] "GET /indian-fantasizing-slot-machine-comment-for-real-profit-australia/ HTTP/2" 200 19456 "-" "Mozilla/5.0 AppleWebKit/537.36 (KHTML, like Gecko; compatible; bingbot/2.0; +http://www.bing.com/bingbot.htm) Chrome/116.0.1938.76 Safari/537.36"
185.216.113.70 - - [27/Apr/2026:11:48:43 +0300] "POST /wp-cron.php?doing_wp_cron=1777279723.3540570735931396484375 HTTP/1.1" 200 448 "-" "WordPress/6.3.8; https://serhatburke.miroglu.net"
216.73.217.81 - - [27/Apr/2026:11:48:30 +0300] "GET /robots.txt HTTP/2" 200 110 "-" "Mozilla/5.0 AppleWebKit/537.36 (KHTML, like Gecko; compatible; ClaudeBot/1.0; +claudebot@anthropic.com)"
37.27.228.124 - - [27/Apr/2026:11:48:57 +0300] "POST /xmlrpc.php HTTP/1.1" 200 1155 "-" "Mozilla/5.0 (Windows NT 6.1) AppleWebKit/537.36 (KHTML, like Gecko) Chrome/80.0.3987.132 Safari/537.36"
185.216.113.70 - - [27/Apr/2026:11:50:32 +0300] "POST /wp-cron.php?doing_wp_cron=1777279832.2165999412536621093750 HTTP/1.1" 200 448 "-" "WordPress/6.3.8; https://serhatburke.miroglu.net"
52.167.144.161 - - [27/Apr/2026:11:50:04 +0300] "GET /kraken-bezopasnost-v-darknete-2026-goda/ HTTP/2" 200 18970 "-" "Mozilla/5.0 AppleWebKit/537.36 (KHTML, like Gecko; compatible; bingbot/2.0; +http://www.bing.com/bingbot.htm) Chrome/116.0.1938.76 Safari/537.36"
98.98.197.162 - - [27/Apr/2026:11:50:13 +0300] "POST /xmlrpc.php HTTP/1.1" 200 630 "-" "Mozilla/5.0 (Windows NT 10.0; Win64; x64) AppleWebKit/537.36 (KHTML, like Gecko) Chrome/114.0.0.0 Safari/537.36"
52.167.144.16 - - [27/Apr/2026:11:50:09 +0300] "GET /dine-deuces-wild-100-hand-online-casino-at-best-eating-inside-the-southbank/ HTTP/2" 200 19684 "-" "Mozilla/5.0 AppleWebKit/537.36 (KHTML, like Gecko; compatible; bingbot/2.0; +http://www.bing.com/bingbot.htm) Chrome/116.0.1938.76 Safari/537.36"
98.98.197.162 - - [27/Apr/2026:11:50:48 +0300] "POST /xmlrpc.php HTTP/1.1" 200 15927 "-" "Mozilla/5.0 (Windows NT 10.0; Win64; x64) AppleWebKit/537.36 (KHTML, like Gecko) Chrome/114.0.0.0 Safari/537.36"
98.98.197.162 - - [27/Apr/2026:11:51:05 +0300] "GET /greatest-totally-free-spins-you-2026-put-no-deposit-incentives/ HTTP/1.1" 200 79672 "-" "Mozilla/5.0 (Windows NT 10.0; Win64; x64) AppleWebKit/537.36 (KHTML, like Gecko) Chrome/109.0.0.0 Safari/537.36"
52.167.144.173 - - [27/Apr/2026:11:52:30 +0300] "GET /bewertungskriterien-so-gibt-es-unser-beste-gangbar-skrill-spielcasino/ HTTP/2" 200 0 "-" "Mozilla/5.0 AppleWebKit/537.36 (KHTML, like Gecko; compatible; bingbot/2.0; +http://www.bing.com/bingbot.htm) Chrome/116.0.1938.76 Safari/537.36"
52.167.144.16 - - [27/Apr/2026:11:52:35 +0300] "GET /greatest-web-quickspin-casino-games-based-casinos-inside-the-canada-roc-2026-specialist-tests-earnings/ HTTP/2" 200 0 "-" "Mozilla/5.0 AppleWebKit/537.36 (KHTML, like Gecko; compatible; bingbot/2.0; +http://www.bing.com/bingbot.htm) Chrome/116.0.1938.76 Safari/537.36"
52.167.144.161 - - [27/Apr/2026:11:52:36 +0300] "GET /comprehensive-dexscreener-guide-scan-dexs-faster-2026/ HTTP/2" 200 0 "-" "Mozilla/5.0 AppleWebKit/537.36 (KHTML, like Gecko; compatible; bingbot/2.0; +http://www.bing.com/bingbot.htm) Chrome/116.0.1938.76 Safari/537.36"
185.216.113.70 - - [27/Apr/2026:11:53:39 +0300] "POST /wp-cron.php?doing_wp_cron=1777280019.7465078830718994140625 HTTP/1.1" 200 448 "-" "WordPress/6.3.8; https://serhatburke.miroglu.net"
107.152.46.79 - - [27/Apr/2026:11:53:18 +0300] "GET /zotabet-casino-bonus-premier-depot-2026/ HTTP/1.1" 200 19130 "-" "Mozilla/5.0 (compatible; Googlebot/2.1; +http://www.google.com/bot.html)"
185.216.113.70 - - [27/Apr/2026:11:53:44 +0300] "POST /wp-cron.php?doing_wp_cron=1777280024.0769560337066650390625 HTTP/1.1" 200 448 "-" "WordPress/6.3.8; https://serhatburke.miroglu.net"
66.249.73.15 - - [27/Apr/2026:11:53:25 +0300] "GET /robots.txt HTTP/1.1" 200 719 "-" "Mozilla/5.0 (compatible; Googlebot/2.1; +http://www.google.com/bot.html)"
66.249.73.1 - - [27/Apr/2026:11:54:22 +0300] "GET /hand-of-luck-casino-uk-a-players-review-and-insights/undefined?ts=1775520000 HTTP/1.1" 200 0 "https://serhatburke.miroglu.net/hand-of-luck-casino-uk-a-players-review-and-insights/" "Mozilla/5.0 (Linux; Android 6.0.1; Nexus 5X Build/MMB29P) AppleWebKit/537.36 (KHTML, like Gecko) Chrome/146.0.7680.177 Mobile Safari/537.36 (compatible; Googlebot/2.1; +http://www.google.com/bot.html)"
66.249.73.15 - - [27/Apr/2026:11:54:36 +0300] "GET /hand-of-luck-casino-uk-a-players-review-and-insights/undefined?ts=1775520000 HTTP/1.1" 200 0 "https://serhatburke.miroglu.net/hand-of-luck-casino-uk-a-players-review-and-insights/" "Mozilla/5.0 (Linux; Android 6.0.1; Nexus 5X Build/MMB29P) AppleWebKit/537.36 (KHTML, like Gecko) Chrome/146.0.7680.177 Mobile Safari/537.36 (compatible; Googlebot/2.1; +http://www.google.com/bot.html)"
185.216.113.70 - - [27/Apr/2026:11:55:58 +0300] "POST /wp-cron.php?doing_wp_cron=1777280158.5861051082611083984375 HTTP/1.1" 200 448 "-" "WordPress/6.3.8; https://serhatburke.miroglu.net"
98.98.197.162 - - [27/Apr/2026:11:55:39 +0300] "POST /xmlrpc.php HTTP/1.1" 200 630 "-" "Mozilla/5.0 (Windows NT 10.0; Win64; x64) AppleWebKit/537.36 (KHTML, like Gecko) Chrome/114.0.0.0 Safari/537.36"
98.98.197.162 - - [27/Apr/2026:11:56:05 +0300] "POST /xmlrpc.php HTTP/1.1" 200 16867 "-" "Mozilla/5.0 (Windows NT 10.0; Win64; x64) AppleWebKit/537.36 (KHTML, like Gecko) Chrome/114.0.0.0 Safari/537.36"
185.216.113.70 - - [27/Apr/2026:11:56:51 +0300] "POST /wp-cron.php?doing_wp_cron=1777280210.9055600166320800781250 HTTP/1.1" 200 448 "-" "WordPress/6.3.8; https://serhatburke.miroglu.net"
98.98.197.162 - - [27/Apr/2026:11:56:30 +0300] "GET /goldilocks-and-the-crazy-lightning-connect-1-deposit-includes-100-percent-free-slot-machine-game-%E4%B8%AD%E8%8F%AF%E6%B0%91%E5%9C%8B-%E7%94%9F%E6%97%A5%E5%BF%AB%E6%A8%82-an-attractive-taiwan-now/ HTTP/1.1" 200 84120 "-" "Mozilla/5.0 (Windows NT 10.0; Win64; x64) AppleWebKit/537.36 (KHTML, like Gecko) Chrome/123.0.0.0 Safari/537.36"
185.216.113.70 - - [27/Apr/2026:11:59:52 +0300] "POST /wp-cron.php?doing_wp_cron=1777280391.9632270336151123046875 HTTP/1.1" 200 448 "-" "WordPress/6.3.8; https://serhatburke.miroglu.net"
49.13.210.22 - - [27/Apr/2026:11:59:26 +0300] "GET /robots.txt HTTP/1.1" 200 642 "-" "Screaming Frog SEO Spider/22.2"
49.13.210.22 - - [27/Apr/2026:11:59:47 +0300] "GET /igrajte-v-kripto-kazino-i-naslazhdajtes-bezopasnym-2/ HTTP/1.1" 200 21917 "-" "Screaming Frog SEO Spider/22.2"
65.109.104.153 - - [27/Apr/2026:12:00:10 +0300] "GET /beste-casino-site-belgie-hoge-inzet/ HTTP/1.1" 200 19290 "https://serhatburke.miroglu.net/" "Mozilla/5.0 (Macintosh; Intel Mac OS X 12_5) AppleWebKit/605.1.15 (KHTML, like Gecko) Version/15.4 Safari/605.1.15"
185.216.113.70 - - [27/Apr/2026:12:01:23 +0300] "POST /wp-cron.php?doing_wp_cron=1777280483.5610640048980712890625 HTTP/1.1" 200 448 "-" "WordPress/6.3.8; https://serhatburke.miroglu.net"
98.98.197.162 - - [27/Apr/2026:12:00:41 +0300] "POST /xmlrpc.php HTTP/1.1" 200 630 "-" "Mozilla/5.0 (Windows NT 10.0; Win64; x64) AppleWebKit/537.36 (KHTML, like Gecko) Chrome/114.0.0.0 Safari/537.36"
65.109.104.153 - - [27/Apr/2026:12:00:40 +0300] "GET /beste-casino-site-belgie-hoge-inzet/ HTTP/1.1" 200 19282 "https://serhatburke.miroglu.net/beste-casino-site-belgie-hoge-inzet/" "Mozilla/5.0 (Windows NT 6.3; Win64; x64) AppleWebKit/537.36 (KHTML, like Gecko) Chrome/103.0.0.0 Safari/537.36"
98.98.197.162 - - [27/Apr/2026:12:01:30 +0300] "POST /xmlrpc.php HTTP/1.1" 200 16352 "-" "Mozilla/5.0 (Windows NT 10.0; Win64; x64) AppleWebKit/537.36 (KHTML, like Gecko) Chrome/114.0.0.0 Safari/537.36"
65.109.104.153 - - [27/Apr/2026:12:01:24 +0300] "POST /wp-comments-post.php HTTP/1.1" 302 1083 "https://serhatburke.miroglu.net/beste-casino-site-belgie-hoge-inzet/" "Mozilla/5.0 (Windows NT 6.3; Win64; x64) AppleWebKit/537.36 (KHTML, like Gecko) Chrome/103.0.0.0 Safari/537.36"
65.109.104.153 - - [27/Apr/2026:12:01:50 +0300] "GET /beste-casino-site-belgie-hoge-inzet/?unapproved=734&moderation-hash=648e7ffcca14341cc471e2ab33631d80 HTTP/1.1" 200 19699 "https://serhatburke.miroglu.net/wp-comments-post.php" "Mozilla/5.0 (Windows NT 6.3; Win64; x64) AppleWebKit/537.36 (KHTML, like Gecko) Chrome/103.0.0.0 Safari/537.36"
98.98.197.162 - - [27/Apr/2026:12:01:52 +0300] "GET /jack-and-also-the-beanstalk-reputation-cricket-star-120-totally-free-spins-opinion-2026/ HTTP/1.1" 200 80647 "-" "Mozilla/5.0 (Windows NT 10.0; Win64; x64) AppleWebKit/537.36 (KHTML, like Gecko) Chrome/122.0.0.0 Safari/537.36"
65.109.104.153 - - [27/Apr/2026:12:02:05 +0300] "GET /beste-casino-site-belgie-hoge-inzet/ HTTP/1.1" 200 19282 "-" "Mozilla/5.0 (Windows NT 6.3; Win64; x64) AppleWebKit/537.36 (KHTML, like Gecko) Chrome/103.0.0.0 Safari/537.36"
37.120.155.2 - - [27/Apr/2026:12:02:17 +0300] "GET /wp-login.php HTTP/2" 200 0 "https://serhatburke.miroglu.net/" "Mozilla/5.0 (Windows NT 10.0; Win64; x64) AppleWebKit/537.36 (KHTML, like Gecko) Chrome/146.0.0.0 Safari/537.36"
185.216.113.70 - - [27/Apr/2026:12:02:47 +0300] "POST /wp-cron.php?doing_wp_cron=1777280567.2530789375305175781250 HTTP/1.1" 200 448 "-" "WordPress/6.3.8; https://serhatburke.miroglu.net"
37.27.228.124 - - [27/Apr/2026:12:02:57 +0300] "POST /xmlrpc.php HTTP/1.1" 200 1155 "-" "Mozilla/5.0 (Windows NT 10.0; Win64; x64) AppleWebKit/537.36 (KHTML, like Gecko) Chrome/140.0.0.0 Safari/537.36"
37.120.155.2 - - [27/Apr/2026:12:03:03 +0300] "POST /xmlrpc.php HTTP/1.1" 200 767 "https://serhatburke.miroglu.net/" "Mozilla/5.0 (Windows NT 10.0; Win64; x64) AppleWebKit/537.36 (KHTML, like Gecko) Chrome/122.0.0.0 Safari/537.36"
185.216.113.70 - - [27/Apr/2026:12:04:10 +0300] "POST /wp-cron.php?doing_wp_cron=1777280650.8496229648590087890625 HTTP/1.1" 200 448 "-" "WordPress/6.3.8; https://serhatburke.miroglu.net"
65.109.104.153 - - [27/Apr/2026:12:03:58 +0300] "GET /beste-casino-site-belgie-hoge-inzet/ HTTP/1.1" 200 19282 "-" "Mozilla/5.0 (Windows NT 10.0; WOW64; x64) AppleWebKit/537.36 (KHTML, like Gecko) Chrome/114.0.0.0 Safari/537.36 OPR/89.0.4447.51"
52.167.144.167 - - [27/Apr/2026:12:04:21 +0300] "GET /%E3%83%80%E3%82%A6%E3%83%B3%E3%83%AD%E3%83%BC%E3%83%89%E4%B8%8D%E8%A6%81%E3%81%A7%E3%80%81%E3%83%88%E3%83%AC%E3%83%B3%E3%83%87%E3%82%A3%E3%81%A7%E6%96%B0%E9%AE%AE%E3%81%AA%E3%83%95%E3%83%AB%E3%83%BC/ HTTP/2" 200 26138 "-" "Mozilla/5.0 AppleWebKit/537.36 (KHTML, like Gecko; compatible; bingbot/2.0; +http://www.bing.com/bingbot.htm) Chrome/116.0.1938.76 Safari/537.36"
185.216.113.70 - - [27/Apr/2026:12:05:31 +0300] "POST /wp-cron.php?doing_wp_cron=1777280731.7721590995788574218750 HTTP/1.1" 200 448 "-" "WordPress/6.3.8; https://serhatburke.miroglu.net"
98.98.197.162 - - [27/Apr/2026:12:05:19 +0300] "POST /xmlrpc.php HTTP/1.1" 200 630 "-" "Mozilla/5.0 (Windows NT 10.0; Win64; x64) AppleWebKit/537.36 (KHTML, like Gecko) Chrome/114.0.0.0 Safari/537.36"
98.98.197.162 - - [27/Apr/2026:12:05:38 +0300] "POST /xmlrpc.php HTTP/1.1" 200 15485 "-" "Mozilla/5.0 (Windows NT 10.0; Win64; x64) AppleWebKit/537.36 (KHTML, like Gecko) Chrome/114.0.0.0 Safari/537.36"
52.167.144.167 - - [27/Apr/2026:12:05:51 +0300] "GET /soluciona-gratuito-ranura-black-horse-a-fa-fa-twins-sobre-betsoft/ HTTP/2" 200 22949 "-" "Mozilla/5.0 AppleWebKit/537.36 (KHTML, like Gecko; compatible; bingbot/2.0; +http://www.bing.com/bingbot.htm) Chrome/116.0.1938.76 Safari/537.36"
98.98.197.162 - - [27/Apr/2026:12:05:53 +0300] "GET /vislio-introduces-no-deposit-local-casino-bonus-that-have-100-percent-free-revolves-wagering-internet-casino-gambling-to-own-2026/ HTTP/1.1" 200 80937 "-" "Mozilla/5.0 (Windows NT 10.0; Win64; x64) AppleWebKit/537.36 (KHTML, like Gecko) Chrome/122.0.0.0 Safari/537.36"
52.167.144.142 - - [27/Apr/2026:12:05:59 +0300] "GET /happy-zodiac-from-the-amatic-demo-da-vinci-diamonds-symbols-enjoy-position-games-a-hundred-free/ HTTP/2" 200 19503 "-" "Mozilla/5.0 AppleWebKit/537.36 (KHTML, like Gecko; compatible; bingbot/2.0; +http://www.bing.com/bingbot.htm) Chrome/116.0.1938.76 Safari/537.36"
52.167.144.167 - - [27/Apr/2026:12:06:21 +0300] "GET /lugares-del-mundo-con-juegos-sobre-casualidad-online-no-regulados/ HTTP/2" 200 18004 "-" "Mozilla/5.0 AppleWebKit/537.36 (KHTML, like Gecko; compatible; bingbot/2.0; +http://www.bing.com/bingbot.htm) Chrome/116.0.1938.76 Safari/537.36"
185.216.113.70 - - [27/Apr/2026:12:09:01 +0300] "POST /wp-cron.php?doing_wp_cron=1777280941.2321460247039794921875 HTTP/1.1" 200 448 "-" "WordPress/6.3.8; https://serhatburke.miroglu.net"
178.159.37.5 - 9betink [27/Apr/2026:12:08:46 +0300] "POST /xmlrpc.php HTTP/1.1" 200 208516 "-" "Mozilla/5.0 (Macintosh; Intel Mac OS X 10_15_1) AppleWebKit/537.36 (KHTML, like Gecko) Chrome/80.0.3987.132 Safari/537.36"
57.128.22.95 - - [27/Apr/2026:12:08:50 +0300] "GET /zotabet-casino-bonus-premier-depot-2026/ HTTP/1.1" 200 19130 "-" "Mozilla/5.0 (compatible; Googlebot/2.1; +http://www.google.com/bot.html)"
185.216.113.70 - - [27/Apr/2026:12:10:04 +0300] "POST /wp-cron.php?doing_wp_cron=1777281004.5468330383300781250000 HTTP/1.1" 200 448 "-" "WordPress/6.3.8; https://serhatburke.miroglu.net"
178.159.37.5 - 9betink [27/Apr/2026:12:09:51 +0300] "POST /xmlrpc.php HTTP/1.1" 200 667 "-" "Mozilla/5.0 (Macintosh; Intel Mac OS X 10_15_1) AppleWebKit/537.36 (KHTML, like Gecko) Chrome/80.0.3987.132 Safari/537.36"
178.159.37.5 - 9betink [27/Apr/2026:12:10:06 +0300] "POST /xmlrpc.php HTTP/1.1" 200 884 "-" "Mozilla/5.0 (Macintosh; Intel Mac OS X 10_15_1) AppleWebKit/537.36 (KHTML, like Gecko) Chrome/80.0.3987.132 Safari/537.36"
185.216.113.70 - - [27/Apr/2026:12:10:57 +0300] "POST /wp-cron.php?doing_wp_cron=1777281057.0302829742431640625000 HTTP/1.1" 200 448 "-" "WordPress/6.3.8; https://serhatburke.miroglu.net"
98.98.197.162 - - [27/Apr/2026:12:10:43 +0300] "POST /xmlrpc.php HTTP/1.1" 200 630 "-" "Mozilla/5.0 (Windows NT 10.0; Win64; x64) AppleWebKit/537.36 (KHTML, like Gecko) Chrome/114.0.0.0 Safari/537.36"
101.188.155.78 - - [27/Apr/2026:12:10:48 +0300] "POST /xmlrpc.php HTTP/1.1" 200 208516 "-" "Mozilla/5.0 (Windows NT 10.0; Win64; x64) AppleWebKit/537.36 (KHTML, like Gecko) Chrome/114.0.0.0 Safari/537.36"
98.98.197.162 - - [27/Apr/2026:12:11:03 +0300] "POST /xmlrpc.php HTTP/1.1" 200 15408 "-" "Mozilla/5.0 (Windows NT 10.0; Win64; x64) AppleWebKit/537.36 (KHTML, like Gecko) Chrome/114.0.0.0 Safari/537.36"
156.230.251.110 - - [27/Apr/2026:12:11:08 +0300] "GET /28563-2/ HTTP/1.1" 200 19352 "https://serhatburke.miroglu.net/" "Mozilla/5.0 (Macintosh; Intel Mac OS X 12_5) AppleWebKit/537.36 (KHTML, like Gecko) Chrome/114.0.0.0 Safari/537.36 OPR/89.0.4447.51"
14.192.213.102 - - [27/Apr/2026:12:11:24 +0300] "POST /xmlrpc.php HTTP/1.1" 200 667 "-" "Mozilla/5.0 (Windows NT 10.0; Win64; x64) AppleWebKit/537.36 (KHTML, like Gecko) Chrome/114.0.0.0 Safari/537.36"
98.98.197.162 - - [27/Apr/2026:12:11:20 +0300] "GET /gcore-6/ HTTP/1.1" 200 77747 "-" "Mozilla/5.0 (Windows NT 10.0; Win64; x64; rv:124.0) Gecko/20100101 Firefox/124.0"
185.216.113.70 - - [27/Apr/2026:12:11:52 +0300] "POST /wp-cron.php?doing_wp_cron=1777281112.8711409568786621093750 HTTP/1.1" 200 448 "-" "WordPress/6.3.8; https://serhatburke.miroglu.net"
66.189.88.113 - - [27/Apr/2026:12:11:40 +0300] "POST /xmlrpc.php HTTP/1.1" 200 6112 "-" "Mozilla/5.0 (Windows NT 10.0; Win64; x64) AppleWebKit/537.36 (KHTML, like Gecko) Chrome/114.0.0.0 Safari/537.36"
172.245.149.77 - - [27/Apr/2026:12:12:09 +0300] "GET /28563-2/ HTTP/1.1" 200 19310 "https://serhatburke.miroglu.net/28563-2/" "Mozilla/5.0 (Windows NT 6.3; Win64; x64) AppleWebKit/537.36 (KHTML, like Gecko) Chrome/103.0.0.0 Safari/537.36"
156.230.251.110 - - [27/Apr/2026:12:12:23 +0300] "GET /wp-includes/css/dist/block-library/style.min.css?ver=6.3.8 HTTP/1.1" 200 13578 "https://serhatburke.miroglu.net/28563-2/" "Mozilla/5.0 (Windows NT 10.0; Win64; x64) AppleWebKit/537.36 (KHTML, like Gecko) Chrome/143.0.0.0 Safari/537.36"
156.230.251.110 - - [27/Apr/2026:12:12:24 +0300] "GET /wp-content/plugins/contact-form-7/includes/css/styles.css?ver=5.8 HTTP/1.1" 200 1490 "https://serhatburke.miroglu.net/28563-2/" "Mozilla/5.0 (Windows NT 10.0; Win64; x64) AppleWebKit/537.36 (KHTML, like Gecko) Chrome/143.0.0.0 Safari/537.36"
67.205.147.46 - - [27/Apr/2026:12:12:28 +0300] "GET / HTTP/1.1" 200 0 "-" "Mozilla/5.0 (X11; Linux x86_64) AppleWebKit/537.36 (KHTML, like Gecko) Chrome/55.0.2883.87 Safari/537.36"
206.189.174.196 - - [27/Apr/2026:12:12:30 +0300] "GET /xmlrpc.php HTTP/1.1" 200 0 "-" "Mozilla/5.0 (X11; Linux x86_64) AppleWebKit/537.36 (KHTML, like Gecko) Chrome/55.0.2883.87 Safari/537.36"
206.189.174.196 - - [27/Apr/2026:12:12:36 +0300] "GET / HTTP/1.1" 200 0 "-" "Mozilla/5.0 (X11; Linux x86_64) AppleWebKit/537.36 (KHTML, like Gecko) Chrome/55.0.2883.87 Safari/537.36"
206.189.174.196 - - [27/Apr/2026:12:12:36 +0300] "GET /xmlrpc.php HTTP/1.1" 200 0 "-" "Mozilla/5.0 (X11; Linux x86_64) AppleWebKit/537.36 (KHTML, like Gecko) Chrome/55.0.2883.87 Safari/537.36"
185.216.113.70 - - [27/Apr/2026:12:12:48 +0300] "POST /wp-cron.php?doing_wp_cron=1777281168.6820240020751953125000 HTTP/1.1" 200 448 "-" "WordPress/6.3.8; https://serhatburke.miroglu.net"
196.51.135.251 - - [27/Apr/2026:12:13:02 +0300] "GET /wp-content/themes/toppic/css/reset.css?ver=4.2 HTTP/1.1" 200 1178 "https://serhatburke.miroglu.net/28563-2/" "Mozilla/5.0 (Windows NT 10.0; Win64; x64) AppleWebKit/537.36 (KHTML, like Gecko) Chrome/143.0.0.0 Safari/537.36"
156.230.250.241 - - [27/Apr/2026:12:13:40 +0300] "GET /wp-content/themes/toppic/style.css?ver=4.2 HTTP/1.1" 200 23398 "https://serhatburke.miroglu.net/28563-2/" "Mozilla/5.0 (Windows NT 10.0; Win64; x64) AppleWebKit/537.36 (KHTML, like Gecko) Chrome/143.0.0.0 Safari/537.36"
196.51.190.216 - - [27/Apr/2026:12:14:21 +0300] "GET /wp-content/themes/toppic/css/rs-default.css?ver=4.2 HTTP/1.1" 200 2625 "https://serhatburke.miroglu.net/28563-2/" "Mozilla/5.0 (Windows NT 10.0; Win64; x64) AppleWebKit/537.36 (KHTML, like Gecko) Chrome/143.0.0.0 Safari/537.36"
196.51.190.216 - - [27/Apr/2026:12:14:22 +0300] "GET /wp-content/themes/toppic/css/lightbox.css?ver=4.2 HTTP/1.1" 200 2956 "https://serhatburke.miroglu.net/28563-2/" "Mozilla/5.0 (Windows NT 10.0; Win64; x64) AppleWebKit/537.36 (KHTML, like Gecko) Chrome/143.0.0.0 Safari/537.36"
196.51.190.216 - - [27/Apr/2026:12:14:23 +0300] "GET /wp-content/themes/toppic/css/woocommerce.css?ver=4.2 HTTP/1.1" 200 2848 "https://serhatburke.miroglu.net/28563-2/" "Mozilla/5.0 (Windows NT 10.0; Win64; x64) AppleWebKit/537.36 (KHTML, like Gecko) Chrome/143.0.0.0 Safari/537.36"
196.51.190.216 - - [27/Apr/2026:12:14:24 +0300] "GET /wp-content/themes/toppic/css/responsive.css?ver=4.2 HTTP/1.1" 200 2796 "https://serhatburke.miroglu.net/28563-2/" "Mozilla/5.0 (Windows NT 10.0; Win64; x64) AppleWebKit/537.36 (KHTML, like Gecko) Chrome/143.0.0.0 Safari/537.36"
185.216.113.70 - - [27/Apr/2026:12:14:42 +0300] "POST /wp-cron.php?doing_wp_cron=1777281282.2131519317626953125000 HTTP/1.1" 200 448 "-" "WordPress/6.3.8; https://serhatburke.miroglu.net"
172.245.149.77 - - [27/Apr/2026:12:14:25 +0300] "POST /wp-comments-post.php HTTP/1.1" 302 1055 "https://serhatburke.miroglu.net/28563-2/" "Mozilla/5.0 (Windows NT 6.3; Win64; x64) AppleWebKit/537.36 (KHTML, like Gecko) Chrome/103.0.0.0 Safari/537.36"
40.77.167.23 - - [27/Apr/2026:12:14:26 +0300] "GET /bonus-de-lucru-pribeag-casino-million-dollar-man-slot-pentru-cazinou-mart-2026-50-oferte/ HTTP/2" 200 20286 "-" "Mozilla/5.0 AppleWebKit/537.36 (KHTML, like Gecko; compatible; bingbot/2.0; +http://www.bing.com/bingbot.htm) Chrome/116.0.1938.76 Safari/537.36"
52.167.144.167 - - [27/Apr/2026:12:14:32 +0300] "GET /canada-electric-diva-slot-machine-history-inhabitants-immigration-money-and-currency/ HTTP/2" 200 19302 "-" "Mozilla/5.0 AppleWebKit/537.36 (KHTML, like Gecko; compatible; bingbot/2.0; +http://www.bing.com/bingbot.htm) Chrome/116.0.1938.76 Safari/537.36"
172.245.149.77 - - [27/Apr/2026:12:14:42 +0300] "GET /28563-2/?unapproved=735&moderation-hash=ed22debba6a161ab1c56595251b9b149 HTTP/1.1" 200 19853 "https://serhatburke.miroglu.net/wp-comments-post.php" "Mozilla/5.0 (Windows NT 6.3; Win64; x64) AppleWebKit/537.36 (KHTML, like Gecko) Chrome/103.0.0.0 Safari/537.36"
185.216.113.70 - - [27/Apr/2026:12:15:56 +0300] "POST /wp-cron.php?doing_wp_cron=1777281356.7654349803924560546875 HTTP/1.1" 200 448 "-" "WordPress/6.3.8; https://serhatburke.miroglu.net"
98.98.197.162 - - [27/Apr/2026:12:15:44 +0300] "POST /xmlrpc.php HTTP/1.1" 200 630 "-" "Mozilla/5.0 (Windows NT 10.0; Win64; x64) AppleWebKit/537.36 (KHTML, like Gecko) Chrome/114.0.0.0 Safari/537.36"
98.98.197.162 - - [27/Apr/2026:12:16:03 +0300] "POST /xmlrpc.php HTTP/1.1" 200 16481 "-" "Mozilla/5.0 (Windows NT 10.0; Win64; x64) AppleWebKit/537.36 (KHTML, like Gecko) Chrome/114.0.0.0 Safari/537.36"
98.98.197.162 - - [27/Apr/2026:12:16:18 +0300] "GET /leprechaun-happens-egypt-condition-review-casinos-rigged-or-safe/ HTTP/1.1" 200 80415 "-" "Mozilla/5.0 (Windows NT 10.0; Win64; x64) AppleWebKit/537.36 (KHTML, like Gecko) Chrome/123.0.0.0 Safari/537.36 OPR/109.0.0.0"
185.216.113.70 - - [27/Apr/2026:12:17:55 +0300] "POST /wp-cron.php?doing_wp_cron=1777281475.4571919441223144531250 HTTP/1.1" 200 448 "-" "WordPress/6.3.8; https://serhatburke.miroglu.net"
52.167.144.238 - - [27/Apr/2026:12:17:43 +0300] "GET /populara-slots-15-mest-populara-spelautomaterna-2026-2/ HTTP/2" 200 18355 "-" "Mozilla/5.0 AppleWebKit/537.36 (KHTML, like Gecko; compatible; bingbot/2.0; +http://www.bing.com/bingbot.htm) Chrome/116.0.1938.76 Safari/537.36"
40.77.167.23 - - [27/Apr/2026:12:17:48 +0300] "GET /co-to-jest-marvel-casino-i-jak-ekstaza-chopine/ HTTP/2" 200 19501 "-" "Mozilla/5.0 AppleWebKit/537.36 (KHTML, like Gecko; compatible; bingbot/2.0; +http://www.bing.com/bingbot.htm) Chrome/116.0.1938.76 Safari/537.36"
185.216.113.70 - - [27/Apr/2026:12:21:05 +0300] "POST /wp-cron.php?doing_wp_cron=1777281665.4267039299011230468750 HTTP/1.1" 200 448 "-" "WordPress/6.3.8; https://serhatburke.miroglu.net"
98.98.197.162 - - [27/Apr/2026:12:20:51 +0300] "POST /xmlrpc.php HTTP/1.1" 200 630 "-" "Mozilla/5.0 (Windows NT 10.0; Win64; x64) AppleWebKit/537.36 (KHTML, like Gecko) Chrome/114.0.0.0 Safari/537.36"
98.98.197.162 - - [27/Apr/2026:12:21:12 +0300] "POST /xmlrpc.php HTTP/1.1" 200 15668 "-" "Mozilla/5.0 (Windows NT 10.0; Win64; x64) AppleWebKit/537.36 (KHTML, like Gecko) Chrome/114.0.0.0 Safari/537.36"
