37.120.155.2 - - [27/Apr/2026:16:19:06 +0300] "GET /wp-includes/js/dist/core-data.min.js?ver=b19b1b1045a3d2c45c69 HTTP/2" 200 15950 "https://serhatburke.miroglu.net/wp-admin/post-new.php" "Mozilla/5.0 (Windows NT 10.0; Win64; x64) AppleWebKit/537.36 (KHTML, like Gecko) Chrome/146.0.0.0 Safari/537.36"
37.120.155.2 - - [27/Apr/2026:16:19:06 +0300] "GET /wp-includes/js/dist/reusable-blocks.min.js?ver=ba0edecdf1360ec259cd HTTP/2" 200 2564 "https://serhatburke.miroglu.net/wp-admin/post-new.php" "Mozilla/5.0 (Windows NT 10.0; Win64; x64) AppleWebKit/537.36 (KHTML, like Gecko) Chrome/146.0.0.0 Safari/537.36"
37.120.155.2 - - [27/Apr/2026:16:19:06 +0300] "GET /wp-includes/js/dist/server-side-render.min.js?ver=81299db67c0fa2c65479 HTTP/2" 200 1808 "https://serhatburke.miroglu.net/wp-admin/post-new.php" "Mozilla/5.0 (Windows NT 10.0; Win64; x64) AppleWebKit/537.36 (KHTML, like Gecko) Chrome/146.0.0.0 Safari/537.36"
37.120.155.2 - - [27/Apr/2026:16:19:06 +0300] "GET /wp-includes/js/dist/viewport.min.js?ver=1fbef8175bb335c5603b HTTP/2" 200 904 "https://serhatburke.miroglu.net/wp-admin/post-new.php" "Mozilla/5.0 (Windows NT 10.0; Win64; x64) AppleWebKit/537.36 (KHTML, like Gecko) Chrome/146.0.0.0 Safari/537.36"
37.120.155.2 - - [27/Apr/2026:16:19:06 +0300] "GET /wp-admin/js/editor.min.js?ver=6.3.8 HTTP/2" 200 4506 "https://serhatburke.miroglu.net/wp-admin/post-new.php" "Mozilla/5.0 (Windows NT 10.0; Win64; x64) AppleWebKit/537.36 (KHTML, like Gecko) Chrome/146.0.0.0 Safari/537.36"
37.120.155.2 - - [27/Apr/2026:16:19:06 +0300] "GET /wp-includes/js/dist/block-library.min.js?ver=c4928240a198a3ee8a22 HTTP/2" 200 186311 "https://serhatburke.miroglu.net/wp-admin/post-new.php" "Mozilla/5.0 (Windows NT 10.0; Win64; x64) AppleWebKit/537.36 (KHTML, like Gecko) Chrome/146.0.0.0 Safari/537.36"
37.120.155.2 - - [27/Apr/2026:16:19:06 +0300] "GET /wp-includes/js/dist/commands.min.js?ver=03c9cb0672219c4cc0e7 HTTP/2" 200 15176 "https://serhatburke.miroglu.net/wp-admin/post-new.php" "Mozilla/5.0 (Windows NT 10.0; Win64; x64) AppleWebKit/537.36 (KHTML, like Gecko) Chrome/146.0.0.0 Safari/537.36"
37.120.155.2 - - [27/Apr/2026:16:19:06 +0300] "GET /wp-includes/js/dist/router.min.js?ver=a759460e1b445966c37f HTTP/2" 200 1804 "https://serhatburke.miroglu.net/wp-admin/post-new.php" "Mozilla/5.0 (Windows NT 10.0; Win64; x64) AppleWebKit/537.36 (KHTML, like Gecko) Chrome/146.0.0.0 Safari/537.36"
37.120.155.2 - - [27/Apr/2026:16:19:06 +0300] "GET /wp-includes/js/dist/core-commands.min.js?ver=90e1ba010f5600297bd1 HTTP/2" 200 2180 "https://serhatburke.miroglu.net/wp-admin/post-new.php" "Mozilla/5.0 (Windows NT 10.0; Win64; x64) AppleWebKit/537.36 (KHTML, like Gecko) Chrome/146.0.0.0 Safari/537.36"
37.120.155.2 - - [27/Apr/2026:16:19:06 +0300] "GET /wp-includes/js/dist/media-utils.min.js?ver=bcd60e7a2fb568f38015 HTTP/2" 200 2750 "https://serhatburke.miroglu.net/wp-admin/post-new.php" "Mozilla/5.0 (Windows NT 10.0; Win64; x64) AppleWebKit/537.36 (KHTML, like Gecko) Chrome/146.0.0.0 Safari/537.36"
37.120.155.2 - - [27/Apr/2026:16:19:06 +0300] "GET /wp-includes/js/dist/editor.min.js?ver=235f671dae61a6fd3deb HTTP/2" 200 43524 "https://serhatburke.miroglu.net/wp-admin/post-new.php" "Mozilla/5.0 (Windows NT 10.0; Win64; x64) AppleWebKit/537.36 (KHTML, like Gecko) Chrome/146.0.0.0 Safari/537.36"
37.120.155.2 - - [27/Apr/2026:16:19:06 +0300] "GET /wp-includes/js/dist/plugins.min.js?ver=463143a2aeec9687ac69 HTTP/2" 200 1679 "https://serhatburke.miroglu.net/wp-admin/post-new.php" "Mozilla/5.0 (Windows NT 10.0; Win64; x64) AppleWebKit/537.36 (KHTML, like Gecko) Chrome/146.0.0.0 Safari/537.36"
37.120.155.2 - - [27/Apr/2026:16:19:06 +0300] "GET /wp-includes/js/dist/widgets.min.js?ver=621e7f3fe3b0fbe4c0f6 HTTP/2" 200 6945 "https://serhatburke.miroglu.net/wp-admin/post-new.php" "Mozilla/5.0 (Windows NT 10.0; Win64; x64) AppleWebKit/537.36 (KHTML, like Gecko) Chrome/146.0.0.0 Safari/537.36"
37.120.155.2 - - [27/Apr/2026:16:19:06 +0300] "GET /wp-includes/js/backbone.min.js?ver=1.4.1 HTTP/2" 200 7691 "https://serhatburke.miroglu.net/wp-admin/post-new.php" "Mozilla/5.0 (Windows NT 10.0; Win64; x64) AppleWebKit/537.36 (KHTML, like Gecko) Chrome/146.0.0.0 Safari/537.36"
37.120.155.2 - - [27/Apr/2026:16:19:06 +0300] "GET /wp-includes/js/wp-backbone.min.js?ver=6.3.8 HTTP/2" 200 1086 "https://serhatburke.miroglu.net/wp-admin/post-new.php" "Mozilla/5.0 (Windows NT 10.0; Win64; x64) AppleWebKit/537.36 (KHTML, like Gecko) Chrome/146.0.0.0 Safari/537.36"
37.120.155.2 - - [27/Apr/2026:16:19:06 +0300] "GET /wp-includes/js/media-models.min.js?ver=6.3.8 HTTP/2" 200 4008 "https://serhatburke.miroglu.net/wp-admin/post-new.php" "Mozilla/5.0 (Windows NT 10.0; Win64; x64) AppleWebKit/537.36 (KHTML, like Gecko) Chrome/146.0.0.0 Safari/537.36"
37.120.155.2 - - [27/Apr/2026:16:19:06 +0300] "GET /wp-includes/js/mediaelement/mediaelement-migrate.min.js?ver=6.3.8 HTTP/2" 200 479 "https://serhatburke.miroglu.net/wp-admin/post-new.php" "Mozilla/5.0 (Windows NT 10.0; Win64; x64) AppleWebKit/537.36 (KHTML, like Gecko) Chrome/146.0.0.0 Safari/537.36"
37.120.155.2 - - [27/Apr/2026:16:19:06 +0300] "GET /wp-includes/js/mediaelement/wp-mediaelement.min.js?ver=6.3.8 HTTP/2" 200 453 "https://serhatburke.miroglu.net/wp-admin/post-new.php" "Mozilla/5.0 (Windows NT 10.0; Win64; x64) AppleWebKit/537.36 (KHTML, like Gecko) Chrome/146.0.0.0 Safari/537.36"
37.120.155.2 - - [27/Apr/2026:16:19:06 +0300] "GET /wp-includes/js/media-editor.min.js?ver=6.3.8 HTTP/2" 200 3457 "https://serhatburke.miroglu.net/wp-admin/post-new.php" "Mozilla/5.0 (Windows NT 10.0; Win64; x64) AppleWebKit/537.36 (KHTML, like Gecko) Chrome/146.0.0.0 Safari/537.36"
37.120.155.2 - - [27/Apr/2026:16:19:06 +0300] "GET /wp-includes/js/media-audiovideo.min.js?ver=6.3.8 HTTP/2" 200 3152 "https://serhatburke.miroglu.net/wp-admin/post-new.php" "Mozilla/5.0 (Windows NT 10.0; Win64; x64) AppleWebKit/537.36 (KHTML, like Gecko) Chrome/146.0.0.0 Safari/537.36"
37.120.155.2 - - [27/Apr/2026:16:19:06 +0300] "GET /wp-includes/js/mce-view.min.js?ver=6.3.8 HTTP/2" 200 3470 "https://serhatburke.miroglu.net/wp-admin/post-new.php" "Mozilla/5.0 (Windows NT 10.0; Win64; x64) AppleWebKit/537.36 (KHTML, like Gecko) Chrome/146.0.0.0 Safari/537.36"
37.120.155.2 - - [27/Apr/2026:16:19:06 +0300] "GET /wp-includes/js/imgareaselect/jquery.imgareaselect.min.js?ver=6.3.8 HTTP/2" 200 3588 "https://serhatburke.miroglu.net/wp-admin/post-new.php" "Mozilla/5.0 (Windows NT 10.0; Win64; x64) AppleWebKit/537.36 (KHTML, like Gecko) Chrome/146.0.0.0 Safari/537.36"
37.120.155.2 - - [27/Apr/2026:16:19:06 +0300] "GET /wp-admin/js/image-edit.min.js?ver=6.3.8 HTTP/2" 200 4218 "https://serhatburke.miroglu.net/wp-admin/post-new.php" "Mozilla/5.0 (Windows NT 10.0; Win64; x64) AppleWebKit/537.36 (KHTML, like Gecko) Chrome/146.0.0.0 Safari/537.36"
37.120.155.2 - - [27/Apr/2026:16:19:06 +0300] "GET /wp-includes/js/dist/block-directory.min.js?ver=cf69143cf8a7a08f7e0f HTTP/2" 200 6647 "https://serhatburke.miroglu.net/wp-admin/post-new.php" "Mozilla/5.0 (Windows NT 10.0; Win64; x64) AppleWebKit/537.36 (KHTML, like Gecko) Chrome/146.0.0.0 Safari/537.36"
37.120.155.2 - - [27/Apr/2026:16:19:06 +0300] "GET /wp-includes/js/dist/format-library.min.js?ver=841596d9c9d3cabeaec1 HTTP/2" 200 7303 "https://serhatburke.miroglu.net/wp-admin/post-new.php" "Mozilla/5.0 (Windows NT 10.0; Win64; x64) AppleWebKit/537.36 (KHTML, like Gecko) Chrome/146.0.0.0 Safari/537.36"
37.120.155.2 - - [27/Apr/2026:16:19:06 +0300] "GET /wp-content/plugins/all-in-one-seo-pack/dist/Lite/assets/wp-notices.a7398236.js?ver=4.4.4 HTTP/2" 200 409 "https://serhatburke.miroglu.net/wp-admin/post-new.php" "Mozilla/5.0 (Windows NT 10.0; Win64; x64) AppleWebKit/537.36 (KHTML, like Gecko) Chrome/146.0.0.0 Safari/537.36"
37.120.155.2 - - [27/Apr/2026:16:19:06 +0300] "GET /wp-content/plugins/all-in-one-seo-pack/dist/Lite/assets/headline-analyzer.5d1e6936.js?ver=4.4.4 HTTP/2" 200 10139 "https://serhatburke.miroglu.net/wp-admin/post-new.php" "Mozilla/5.0 (Windows NT 10.0; Win64; x64) AppleWebKit/537.36 (KHTML, like Gecko) Chrome/146.0.0.0 Safari/537.36"
37.120.155.2 - - [27/Apr/2026:16:19:06 +0300] "GET /wp-content/plugins/wpforms-lite/assets/js/components/admin/gutenberg/formselector.es5.min.js?ver=1.8.3.1 HTTP/2" 200 5391 "https://serhatburke.miroglu.net/wp-admin/post-new.php" "Mozilla/5.0 (Windows NT 10.0; Win64; x64) AppleWebKit/537.36 (KHTML, like Gecko) Chrome/146.0.0.0 Safari/537.36"
37.120.155.2 - - [27/Apr/2026:16:19:06 +0300] "GET /wp-content/plugins/wpforms-lite/assets/js/wpforms-modern.min.js?ver=1.8.3.1 HTTP/2" 200 1821 "https://serhatburke.miroglu.net/wp-admin/post-new.php" "Mozilla/5.0 (Windows NT 10.0; Win64; x64) AppleWebKit/537.36 (KHTML, like Gecko) Chrome/146.0.0.0 Safari/537.36"
37.120.155.2 - - [27/Apr/2026:16:19:06 +0300] "GET /wp-content/plugins/all-in-one-seo-pack/dist/Lite/assets/link-format/link-format-block.js?ver=4.4.4 HTTP/2" 200 6894 "https://serhatburke.miroglu.net/wp-admin/post-new.php" "Mozilla/5.0 (Windows NT 10.0; Win64; x64) AppleWebKit/537.36 (KHTML, like Gecko) Chrome/146.0.0.0 Safari/537.36"
37.120.155.2 - - [27/Apr/2026:16:19:06 +0300] "GET /wp-includes/js/wp-api.min.js?ver=6.3.8 HTTP/2" 200 3983 "https://serhatburke.miroglu.net/wp-admin/post-new.php" "Mozilla/5.0 (Windows NT 10.0; Win64; x64) AppleWebKit/537.36 (KHTML, like Gecko) Chrome/146.0.0.0 Safari/537.36"
37.120.155.2 - - [27/Apr/2026:16:19:06 +0300] "GET /wp-content/plugins/all-in-one-seo-pack/dist/Lite/assets/post-settings.02a2a256.js?ver=4.4.4 HTTP/2" 200 7883 "https://serhatburke.miroglu.net/wp-admin/post-new.php" "Mozilla/5.0 (Windows NT 10.0; Win64; x64) AppleWebKit/537.36 (KHTML, like Gecko) Chrome/146.0.0.0 Safari/537.36"
37.120.155.2 - - [27/Apr/2026:16:19:06 +0300] "GET /wp-content/plugins/all-in-one-seo-pack/dist/Lite/assets/publish-panel.0ea2b44e.js?ver=4.4.4 HTTP/2" 200 5495 "https://serhatburke.miroglu.net/wp-admin/post-new.php" "Mozilla/5.0 (Windows NT 10.0; Win64; x64) AppleWebKit/537.36 (KHTML, like Gecko) Chrome/146.0.0.0 Safari/537.36"
37.120.155.2 - - [27/Apr/2026:16:19:06 +0300] "GET /wp-content/plugins/meta-box/meta-box/js/script.js?ver=5.2.4 HTTP/2" 200 341 "https://serhatburke.miroglu.net/wp-admin/post-new.php" "Mozilla/5.0 (Windows NT 10.0; Win64; x64) AppleWebKit/537.36 (KHTML, like Gecko) Chrome/146.0.0.0 Safari/537.36"
37.120.155.2 - - [27/Apr/2026:16:19:06 +0300] "GET /wp-content/plugins/all-in-one-seo-pack/dist/Lite/assets/link-format.e0347b56.js?ver=4.4.4 HTTP/2" 200 1463 "https://serhatburke.miroglu.net/wp-admin/post-new.php" "Mozilla/5.0 (Windows NT 10.0; Win64; x64) AppleWebKit/537.36 (KHTML, like Gecko) Chrome/146.0.0.0 Safari/537.36"
37.120.155.2 - - [27/Apr/2026:16:19:06 +0300] "GET /wp-content/plugins/meta-box/meta-box/js/select.js?ver=5.2.4 HTTP/2" 200 259 "https://serhatburke.miroglu.net/wp-admin/post-new.php" "Mozilla/5.0 (Windows NT 10.0; Win64; x64) AppleWebKit/537.36 (KHTML, like Gecko) Chrome/146.0.0.0 Safari/537.36"
37.120.155.2 - - [27/Apr/2026:16:19:06 +0300] "GET /wp-includes/js/media-grid.min.js?ver=6.3.8 HTTP/2" 200 3654 "https://serhatburke.miroglu.net/wp-admin/post-new.php" "Mozilla/5.0 (Windows NT 10.0; Win64; x64) AppleWebKit/537.36 (KHTML, like Gecko) Chrome/146.0.0.0 Safari/537.36"
37.120.155.2 - - [27/Apr/2026:16:19:06 +0300] "GET /wp-content/plugins/all-in-one-seo-pack/dist/Lite/assets/primary-term.faeb72a3.js?ver=4.4.4 HTTP/2" 200 2175 "https://serhatburke.miroglu.net/wp-admin/post-new.php" "Mozilla/5.0 (Windows NT 10.0; Win64; x64) AppleWebKit/537.36 (KHTML, like Gecko) Chrome/146.0.0.0 Safari/537.36"
37.120.155.2 - - [27/Apr/2026:16:19:06 +0300] "GET /wp-content/plugins/meta-box/meta-box/js/media.js?ver=5.2.4 HTTP/2" 200 4140 "https://serhatburke.miroglu.net/wp-admin/post-new.php" "Mozilla/5.0 (Windows NT 10.0; Win64; x64) AppleWebKit/537.36 (KHTML, like Gecko) Chrome/146.0.0.0 Safari/537.36"
37.120.155.2 - - [27/Apr/2026:16:19:06 +0300] "GET /wp-content/plugins/meta-box/meta-box/js/file.js?ver=5.2.4 HTTP/2" 200 1185 "https://serhatburke.miroglu.net/wp-admin/post-new.php" "Mozilla/5.0 (Windows NT 10.0; Win64; x64) AppleWebKit/537.36 (KHTML, like Gecko) Chrome/146.0.0.0 Safari/537.36"
37.120.155.2 - - [27/Apr/2026:16:19:06 +0300] "GET /wp-content/plugins/meta-box/meta-box/js/image-advanced.js?ver=5.2.4 HTTP/2" 200 495 "https://serhatburke.miroglu.net/wp-admin/post-new.php" "Mozilla/5.0 (Windows NT 10.0; Win64; x64) AppleWebKit/537.36 (KHTML, like Gecko) Chrome/146.0.0.0 Safari/537.36"
37.120.155.2 - - [27/Apr/2026:16:19:06 +0300] "GET /wp-content/plugins/meta-box/meta-box/js/file-input.js?ver=5.2.4 HTTP/2" 200 464 "https://serhatburke.miroglu.net/wp-admin/post-new.php" "Mozilla/5.0 (Windows NT 10.0; Win64; x64) AppleWebKit/537.36 (KHTML, like Gecko) Chrome/146.0.0.0 Safari/537.36"
37.120.155.2 - - [27/Apr/2026:16:19:06 +0300] "GET /wp-content/plugins/meta-box/meta-box/js/button-group.js?ver=5.2.4 HTTP/2" 200 342 "https://serhatburke.miroglu.net/wp-admin/post-new.php" "Mozilla/5.0 (Windows NT 10.0; Win64; x64) AppleWebKit/537.36 (KHTML, like Gecko) Chrome/146.0.0.0 Safari/537.36"
37.120.155.2 - - [27/Apr/2026:16:19:06 +0300] "GET /wp-content/plugins/meta-box/meta-box/js/wysiwyg.js?ver=5.2.4 HTTP/2" 200 1639 "https://serhatburke.miroglu.net/wp-admin/post-new.php" "Mozilla/5.0 (Windows NT 10.0; Win64; x64) AppleWebKit/537.36 (KHTML, like Gecko) Chrome/146.0.0.0 Safari/537.36"
37.120.155.2 - - [27/Apr/2026:16:19:06 +0300] "GET /wp-content/plugins/meta-box/meta-box-tabs/tabs.js?ver=1.0.0 HTTP/2" 200 481 "https://serhatburke.miroglu.net/wp-admin/post-new.php" "Mozilla/5.0 (Windows NT 10.0; Win64; x64) AppleWebKit/537.36 (KHTML, like Gecko) Chrome/146.0.0.0 Safari/537.36"
37.120.155.2 - - [27/Apr/2026:16:19:06 +0300] "GET /wp-content/plugins/meta-box/meta-box-conditional-logic/conditional-logic.js?ver=1.5 HTTP/2" 200 4434 "https://serhatburke.miroglu.net/wp-admin/post-new.php" "Mozilla/5.0 (Windows NT 10.0; Win64; x64) AppleWebKit/537.36 (KHTML, like Gecko) Chrome/146.0.0.0 Safari/537.36"
37.120.155.2 - - [27/Apr/2026:16:19:06 +0300] "GET /wp-content/plugins/wpforms-lite/assets/lite/js/admin/edit-post-education.es5.min.js?ver=1.8.3.1 HTTP/2" 200 2087 "https://serhatburke.miroglu.net/wp-admin/post-new.php" "Mozilla/5.0 (Windows NT 10.0; Win64; x64) AppleWebKit/537.36 (KHTML, like Gecko) Chrome/146.0.0.0 Safari/537.36"
37.120.155.2 - - [27/Apr/2026:16:19:06 +0300] "GET /wp-content/plugins/all-in-one-seo-pack/dist/Lite/assets/limit-modified-date.0ac38707.js?ver=4.4.4 HTTP/2" 200 1274 "https://serhatburke.miroglu.net/wp-admin/post-new.php" "Mozilla/5.0 (Windows NT 10.0; Win64; x64) AppleWebKit/537.36 (KHTML, like Gecko) Chrome/146.0.0.0 Safari/537.36"
37.120.155.2 - - [27/Apr/2026:16:19:06 +0300] "GET /wp-content/plugins/wpforms-lite/assets/js/admin-editor.min.js?ver=1.8.3.1 HTTP/2" 200 321 "https://serhatburke.miroglu.net/wp-admin/post-new.php" "Mozilla/5.0 (Windows NT 10.0; Win64; x64) AppleWebKit/537.36 (KHTML, like Gecko) Chrome/146.0.0.0 Safari/537.36"
37.120.155.2 - - [27/Apr/2026:16:19:06 +0300] "GET /wp-includes/js/wp-embed.min.js?ver=6.3.8 HTTP/2" 200 740 "https://serhatburke.miroglu.net/wp-admin/post-new.php" "Mozilla/5.0 (Windows NT 10.0; Win64; x64) AppleWebKit/537.36 (KHTML, like Gecko) Chrome/146.0.0.0 Safari/537.36"
37.120.155.2 - - [27/Apr/2026:16:19:06 +0300] "GET /wp-includes/js/plupload/wp-plupload.min.js?ver=6.3.8 HTTP/2" 200 2169 "https://serhatburke.miroglu.net/wp-admin/post-new.php" "Mozilla/5.0 (Windows NT 10.0; Win64; x64) AppleWebKit/537.36 (KHTML, like Gecko) Chrome/146.0.0.0 Safari/537.36"
37.120.155.2 - - [27/Apr/2026:16:19:06 +0300] "GET /wp-includes/js/mediaelement/mediaelement-and-player.min.js?ver=4.2.17 HTTP/2" 200 36433 "https://serhatburke.miroglu.net/wp-admin/post-new.php" "Mozilla/5.0 (Windows NT 10.0; Win64; x64) AppleWebKit/537.36 (KHTML, like Gecko) Chrome/146.0.0.0 Safari/537.36"
37.120.155.2 - - [27/Apr/2026:16:19:06 +0300] "GET /wp-includes/js/media-views.min.js?ver=6.3.8 HTTP/2" 200 24763 "https://serhatburke.miroglu.net/wp-admin/post-new.php" "Mozilla/5.0 (Windows NT 10.0; Win64; x64) AppleWebKit/537.36 (KHTML, like Gecko) Chrome/146.0.0.0 Safari/537.36"
37.120.155.2 - - [27/Apr/2026:16:19:06 +0300] "GET /wp-includes/js/dist/edit-post.min.js?ver=f80cf449718896dc7e2d HTTP/2" 200 33261 "https://serhatburke.miroglu.net/wp-admin/post-new.php" "Mozilla/5.0 (Windows NT 10.0; Win64; x64) AppleWebKit/537.36 (KHTML, like Gecko) Chrome/146.0.0.0 Safari/537.36"
37.120.155.2 - - [27/Apr/2026:16:19:06 +0300] "GET /wp-content/plugins/google-analytics-for-wordpress/assets/gutenberg/js/editor.js?ver=10.1.3 HTTP/2" 200 75108 "https://serhatburke.miroglu.net/wp-admin/post-new.php" "Mozilla/5.0 (Windows NT 10.0; Win64; x64) AppleWebKit/537.36 (KHTML, like Gecko) Chrome/146.0.0.0 Safari/537.36"
37.120.155.2 - - [27/Apr/2026:16:19:06 +0300] "GET /wp-content/plugins/all-in-one-seo-pack/dist/Lite/assets/blocks.12b02266.js?ver=4.4.4 HTTP/2" 200 20558 "https://serhatburke.miroglu.net/wp-admin/post-new.php" "Mozilla/5.0 (Windows NT 10.0; Win64; x64) AppleWebKit/537.36 (KHTML, like Gecko) Chrome/146.0.0.0 Safari/537.36"
37.120.155.2 - - [27/Apr/2026:16:19:06 +0300] "GET /wp-content/plugins/wpforms-lite/assets/lib/choices.min.js?ver=9.0.1 HTTP/2" 200 18545 "https://serhatburke.miroglu.net/wp-admin/post-new.php" "Mozilla/5.0 (Windows NT 10.0; Win64; x64) AppleWebKit/537.36 (KHTML, like Gecko) Chrome/146.0.0.0 Safari/537.36"
37.120.155.2 - - [27/Apr/2026:16:19:07 +0300] "GET /wp-content/plugins/all-in-one-seo-pack/dist/Lite/assets/js/AddPlus.fd1914a5.js HTTP/2" 200 482 "https://serhatburke.miroglu.net/wp-content/plugins/all-in-one-seo-pack/dist/Lite/assets/blocks.12b02266.js?ver=4.4.4" "Mozilla/5.0 (Windows NT 10.0; Win64; x64) AppleWebKit/537.36 (KHTML, like Gecko) Chrome/146.0.0.0 Safari/537.36"
37.120.155.2 - - [27/Apr/2026:16:19:07 +0300] "GET /wp-content/plugins/all-in-one-seo-pack/dist/Lite/assets/js/HighlightToggle.ce133bc9.js HTTP/2" 200 946 "https://serhatburke.miroglu.net/wp-content/plugins/all-in-one-seo-pack/dist/Lite/assets/blocks.12b02266.js?ver=4.4.4" "Mozilla/5.0 (Windows NT 10.0; Win64; x64) AppleWebKit/537.36 (KHTML, like Gecko) Chrome/146.0.0.0 Safari/537.36"
37.120.155.2 - - [27/Apr/2026:16:19:07 +0300] "GET /wp-content/plugins/all-in-one-seo-pack/dist/Lite/assets/js/vue.runtime.esm-bundler.60c71097.js HTTP/2" 200 134 "https://serhatburke.miroglu.net/wp-content/plugins/all-in-one-seo-pack/dist/Lite/assets/blocks.12b02266.js?ver=4.4.4" "Mozilla/5.0 (Windows NT 10.0; Win64; x64) AppleWebKit/537.36 (KHTML, like Gecko) Chrome/146.0.0.0 Safari/537.36"
37.120.155.2 - - [27/Apr/2026:16:19:07 +0300] "GET /wp-content/plugins/all-in-one-seo-pack/dist/Lite/assets/js/Drag.9683a277.js HTTP/2" 200 33361 "https://serhatburke.miroglu.net/wp-content/plugins/all-in-one-seo-pack/dist/Lite/assets/blocks.12b02266.js?ver=4.4.4" "Mozilla/5.0 (Windows NT 10.0; Win64; x64) AppleWebKit/537.36 (KHTML, like Gecko) Chrome/146.0.0.0 Safari/537.36"
37.120.155.2 - - [27/Apr/2026:16:19:07 +0300] "GET /wp-content/uploads/2023/08/favicon-16x16-3.png HTTP/2" 200 529 "https://serhatburke.miroglu.net/wp-admin/post-new.php" "Mozilla/5.0 (Windows NT 10.0; Win64; x64) AppleWebKit/537.36 (KHTML, like Gecko) Chrome/146.0.0.0 Safari/537.36"
37.120.155.2 - - [27/Apr/2026:16:19:07 +0300] "GET /wp-includes/js/thickbox/loadingAnimation.gif HTTP/2" 200 15238 "https://serhatburke.miroglu.net/wp-admin/post-new.php" "Mozilla/5.0 (Windows NT 10.0; Win64; x64) AppleWebKit/537.36 (KHTML, like Gecko) Chrome/146.0.0.0 Safari/537.36"
37.120.155.2 - - [27/Apr/2026:16:19:09 +0300] "GET /wp-content/plugins/all-in-one-seo-pack/dist/Lite/assets/main-20ad6c21.js HTTP/2" 200 458902 "https://serhatburke.miroglu.net/wp-admin/post-new.php" "Mozilla/5.0 (Windows NT 10.0; Win64; x64) AppleWebKit/537.36 (KHTML, like Gecko) Chrome/146.0.0.0 Safari/537.36"
38.248.90.131 - - [27/Apr/2026:16:18:51 +0300] "GET /liczne-gier-i-dostawcow-obiecuje-ze-kazdy-gracz-moze-znalezc-tu-rzeczy-dla-siebie/ HTTP/1.1" 200 74073 "-" "Mozilla/5.0 (Windows NT 10.0; Win64; x64; rv:124.0) Gecko/20100101 Firefox/124.0"
37.120.155.2 - - [27/Apr/2026:16:19:24 +0300] "GET /wp-content/plugins/all-in-one-seo-pack/dist/Lite/assets/main-20ad6c21.js HTTP/2" 200 458902 "https://serhatburke.miroglu.net/wp-admin/post-new.php" "Mozilla/5.0 (Windows NT 10.0; Win64; x64) AppleWebKit/537.36 (KHTML, like Gecko) Chrome/146.0.0.0 Safari/537.36"
37.120.155.2 - - [27/Apr/2026:16:19:33 +0300] "GET /wp-content/plugins/all-in-one-seo-pack/dist/Lite/assets/main-20ad6c21.js HTTP/2" 200 458902 "https://serhatburke.miroglu.net/wp-admin/post-new.php" "Mozilla/5.0 (Windows NT 10.0; Win64; x64) AppleWebKit/537.36 (KHTML, like Gecko) Chrome/146.0.0.0 Safari/537.36"
37.120.155.2 - - [27/Apr/2026:16:19:35 +0300] "GET /wp-content/plugins/all-in-one-seo-pack/dist/Lite/assets/main-20ad6c21.js HTTP/2" 200 458902 "https://serhatburke.miroglu.net/wp-admin/post-new.php" "Mozilla/5.0 (Windows NT 10.0; Win64; x64) AppleWebKit/537.36 (KHTML, like Gecko) Chrome/146.0.0.0 Safari/537.36"
185.216.113.70 - - [27/Apr/2026:16:20:11 +0300] "POST /wp-cron.php?doing_wp_cron=1777296011.1971518993377685546875 HTTP/1.1" 200 448 "-" "WordPress/6.3.8; https://serhatburke.miroglu.net"
37.120.155.2 - - [27/Apr/2026:16:19:07 +0300] "GET /wp-json/wp/v2/ HTTP/2" 200 10764 "https://serhatburke.miroglu.net/wp-admin/post-new.php" "Mozilla/5.0 (Windows NT 10.0; Win64; x64) AppleWebKit/537.36 (KHTML, like Gecko) Chrome/146.0.0.0 Safari/537.36"
37.120.155.2 - - [27/Apr/2026:16:19:07 +0300] "GET /wp-json/aioseo/v1/ping/ HTTP/2" 200 20 "https://serhatburke.miroglu.net/wp-admin/post-new.php" "Mozilla/5.0 (Windows NT 10.0; Win64; x64) AppleWebKit/537.36 (KHTML, like Gecko) Chrome/146.0.0.0 Safari/537.36"
37.120.155.2 - - [27/Apr/2026:16:19:08 +0300] "GET /wp-json/wp/v2/blocks?context=edit&per_page=100&_locale=user HTTP/2" 200 6 "https://serhatburke.miroglu.net/wp-admin/post-new.php" "Mozilla/5.0 (Windows NT 10.0; Win64; x64) AppleWebKit/537.36 (KHTML, like Gecko) Chrome/146.0.0.0 Safari/537.36"
37.120.155.2 - - [27/Apr/2026:16:19:09 +0300] "GET /wp-json/wp/v2/themes?context=edit&status=active&_locale=user HTTP/2" 200 799 "https://serhatburke.miroglu.net/wp-admin/post-new.php" "Mozilla/5.0 (Windows NT 10.0; Win64; x64) AppleWebKit/537.36 (KHTML, like Gecko) Chrome/146.0.0.0 Safari/537.36"
37.120.155.2 - - [27/Apr/2026:16:19:08 +0300] "GET /wp-json/wp/v2/taxonomies?context=edit&per_page=100&_locale=user HTTP/2" 200 1367 "https://serhatburke.miroglu.net/wp-admin/post-new.php" "Mozilla/5.0 (Windows NT 10.0; Win64; x64) AppleWebKit/537.36 (KHTML, like Gecko) Chrome/146.0.0.0 Safari/537.36"
37.120.155.2 - - [27/Apr/2026:16:20:17 +0300] "GET /wp-content/plugins/all-in-one-seo-pack/dist/Lite/assets/main-20ad6c21.js HTTP/2" 200 458902 "https://serhatburke.miroglu.net/wp-admin/post-new.php" "Mozilla/5.0 (Windows NT 10.0; Win64; x64) AppleWebKit/537.36 (KHTML, like Gecko) Chrome/146.0.0.0 Safari/537.36"
37.120.155.2 - - [27/Apr/2026:16:19:08 +0300] "GET /wp-json/wp/v2/block-patterns/patterns?_locale=user HTTP/2" 200 27225 "https://serhatburke.miroglu.net/wp-admin/post-new.php" "Mozilla/5.0 (Windows NT 10.0; Win64; x64) AppleWebKit/537.36 (KHTML, like Gecko) Chrome/146.0.0.0 Safari/537.36"
37.120.155.2 - - [27/Apr/2026:16:19:08 +0300] "GET /wp-json/?_fields=description%2Cgmt_offset%2Chome%2Cname%2Csite_icon%2Csite_icon_url%2Csite_logo%2Ctimezone_string%2Curl&_locale=user HTTP/2" 200 347 "https://serhatburke.miroglu.net/wp-admin/post-new.php" "Mozilla/5.0 (Windows NT 10.0; Win64; x64) AppleWebKit/537.36 (KHTML, like Gecko) Chrome/146.0.0.0 Safari/537.36"
37.120.155.2 - - [27/Apr/2026:16:20:23 +0300] "GET /wp-content/uploads/2023/08/favicon-16x16-3.png HTTP/2" 200 529 "https://serhatburke.miroglu.net/wp-admin/post-new.php" "Mozilla/5.0 (Windows NT 10.0; Win64; x64) AppleWebKit/537.36 (KHTML, like Gecko) Chrome/146.0.0.0 Safari/537.36"
37.120.155.2 - - [27/Apr/2026:16:19:08 +0300] "GET /wp-json/wp/v2/users?context=view&who=authors&per_page=50&_fields=id%2Cname&_locale=user HTTP/2" 200 6 "https://serhatburke.miroglu.net/wp-admin/post-new.php" "Mozilla/5.0 (Windows NT 10.0; Win64; x64) AppleWebKit/537.36 (KHTML, like Gecko) Chrome/146.0.0.0 Safari/537.36"
37.120.155.2 - - [27/Apr/2026:16:19:08 +0300] "OPTIONS /wp-json/wp/v2/posts/140298?_locale=user HTTP/2" 200 2113 "https://serhatburke.miroglu.net/wp-admin/post-new.php" "Mozilla/5.0 (Windows NT 10.0; Win64; x64) AppleWebKit/537.36 (KHTML, like Gecko) Chrome/146.0.0.0 Safari/537.36"
37.120.155.2 - - [27/Apr/2026:16:20:24 +0300] "GET /wp-content/plugins/all-in-one-seo-pack/dist/Lite/assets/main-20ad6c21.js HTTP/2" 200 458902 "https://serhatburke.miroglu.net/wp-admin/post-new.php" "Mozilla/5.0 (Windows NT 10.0; Win64; x64) AppleWebKit/537.36 (KHTML, like Gecko) Chrome/146.0.0.0 Safari/537.36"
37.120.155.2 - - [27/Apr/2026:16:19:08 +0300] "GET /wp-json/wp/v2/block-patterns/categories?_locale=user HTTP/2" 200 810 "https://serhatburke.miroglu.net/wp-admin/post-new.php" "Mozilla/5.0 (Windows NT 10.0; Win64; x64) AppleWebKit/537.36 (KHTML, like Gecko) Chrome/146.0.0.0 Safari/537.36"
37.120.155.2 - - [27/Apr/2026:16:20:27 +0300] "GET /wp-content/plugins/all-in-one-seo-pack/dist/Lite/assets/main-20ad6c21.js HTTP/2" 200 458902 "https://serhatburke.miroglu.net/wp-admin/post-new.php" "Mozilla/5.0 (Windows NT 10.0; Win64; x64) AppleWebKit/537.36 (KHTML, like Gecko) Chrome/146.0.0.0 Safari/537.36"
37.120.155.2 - - [27/Apr/2026:16:20:07 +0300] "POST /xmlrpc.php HTTP/1.1" 200 0 "https://serhatburke.miroglu.net/" "Mozilla/5.0 (Windows NT 10.0; Win64; x64) AppleWebKit/537.36 (KHTML, like Gecko) Chrome/122.0.0.0 Safari/537.36"
37.120.155.2 - - [27/Apr/2026:16:20:07 +0300] "POST /wp-admin/admin-ajax.php HTTP/2" 200 0 "https://serhatburke.miroglu.net/wp-admin/post-new.php" "Mozilla/5.0 (Windows NT 10.0; Win64; x64) AppleWebKit/537.36 (KHTML, like Gecko) Chrome/146.0.0.0 Safari/537.36"
185.216.113.70 - - [27/Apr/2026:16:21:14 +0300] "POST /wp-cron.php?doing_wp_cron=1777296074.0326859951019287109375 HTTP/1.1" 200 448 "-" "WordPress/6.3.8; https://serhatburke.miroglu.net"
37.120.155.2 - - [27/Apr/2026:16:19:32 +0300] "GET /wp-json/wp/v2/taxonomies/post_tag?context=edit&_locale=user HTTP/2" 200 971 "https://serhatburke.miroglu.net/wp-admin/post-new.php" "Mozilla/5.0 (Windows NT 10.0; Win64; x64) AppleWebKit/537.36 (KHTML, like Gecko) Chrome/146.0.0.0 Safari/537.36"
185.216.113.70 - - [27/Apr/2026:16:21:15 +0300] "POST /wp-cron.php?doing_wp_cron=1777296075.0070300102233886718750 HTTP/1.1" 200 448 "-" "WordPress/6.3.8; https://serhatburke.miroglu.net"
37.120.155.2 - - [27/Apr/2026:16:19:32 +0300] "GET /wp-json/wp/v2/categories/1?context=edit&_locale=user HTTP/2" 200 269 "https://serhatburke.miroglu.net/wp-admin/post-new.php" "Mozilla/5.0 (Windows NT 10.0; Win64; x64) AppleWebKit/537.36 (KHTML, like Gecko) Chrome/146.0.0.0 Safari/537.36"
37.120.155.2 - - [27/Apr/2026:16:21:16 +0300] "GET /wp-content/plugins/all-in-one-seo-pack/dist/Lite/assets/main-20ad6c21.js HTTP/2" 200 458902 "https://serhatburke.miroglu.net/wp-admin/post-new.php" "Mozilla/5.0 (Windows NT 10.0; Win64; x64) AppleWebKit/537.36 (KHTML, like Gecko) Chrome/146.0.0.0 Safari/537.36"
185.216.113.70 - - [27/Apr/2026:16:21:17 +0300] "POST /wp-cron.php?doing_wp_cron=1777296077.1132578849792480468750 HTTP/1.1" 200 448 "-" "WordPress/6.3.8; https://serhatburke.miroglu.net"
37.120.155.2 - - [27/Apr/2026:16:19:25 +0300] "POST /wp-json/aioseo/v1/analyze-headline/ HTTP/2" 200 366 "https://serhatburke.miroglu.net/wp-admin/post-new.php" "Mozilla/5.0 (Windows NT 10.0; Win64; x64) AppleWebKit/537.36 (KHTML, like Gecko) Chrome/146.0.0.0 Safari/537.36"
155.94.150.97 - - [27/Apr/2026:16:20:49 +0300] "GET /zotabet-casino-bonus-premier-depot-2026/ HTTP/1.1" 200 0 "-" "Mozilla/5.0 (compatible; Googlebot/2.1; +http://www.google.com/bot.html)"
52.167.144.158 - - [27/Apr/2026:16:20:31 +0300] "GET /black-jack-approach-publication-tips-online-casinos-real-money-and-tricks-to-successful/ HTTP/2" 200 0 "-" "Mozilla/5.0 AppleWebKit/537.36 (KHTML, like Gecko; compatible; bingbot/2.0; +http://www.bing.com/bingbot.htm) Chrome/116.0.1938.76 Safari/537.36"
185.216.113.70 - - [27/Apr/2026:16:21:22 +0300] "POST /wp-cron.php?doing_wp_cron=1777296081.8386280536651611328125 HTTP/1.1" 200 448 "-" "WordPress/6.3.8; https://serhatburke.miroglu.net"
37.120.155.2 - - [27/Apr/2026:16:19:34 +0300] "POST /wp-json/wp/v2/posts/140298?_locale=user HTTP/2" 200 2309 "https://serhatburke.miroglu.net/wp-admin/post-new.php" "Mozilla/5.0 (Windows NT 10.0; Win64; x64) AppleWebKit/537.36 (KHTML, like Gecko) Chrome/146.0.0.0 Safari/537.36"
185.216.113.70 - - [27/Apr/2026:16:21:23 +0300] "POST /wp-cron.php?doing_wp_cron=1777296082.8901829719543457031250 HTTP/1.1" 200 448 "-" "WordPress/6.3.8; https://serhatburke.miroglu.net"
37.120.155.2 - - [27/Apr/2026:16:19:32 +0300] "GET /wp-json/wp/v2/taxonomies/category?context=edit&_locale=user HTTP/2" 200 1012 "https://serhatburke.miroglu.net/wp-admin/post-new.php" "Mozilla/5.0 (Windows NT 10.0; Win64; x64) AppleWebKit/537.36 (KHTML, like Gecko) Chrome/146.0.0.0 Safari/537.36"
37.120.155.2 - - [27/Apr/2026:16:21:23 +0300] "GET /wp-content/uploads/2023/08/favicon-16x16-3.png HTTP/2" 200 529 "https://serhatburke.miroglu.net/wp-admin/post.php?post=140298&action=edit" "Mozilla/5.0 (Windows NT 10.0; Win64; x64) AppleWebKit/537.36 (KHTML, like Gecko) Chrome/146.0.0.0 Safari/537.36"
37.120.155.2 - - [27/Apr/2026:16:21:23 +0300] "GET /wp-content/plugins/all-in-one-seo-pack/dist/Lite/assets/main-20ad6c21.js HTTP/2" 200 458902 "https://serhatburke.miroglu.net/wp-admin/post.php?post=140298&action=edit" "Mozilla/5.0 (Windows NT 10.0; Win64; x64) AppleWebKit/537.36 (KHTML, like Gecko) Chrome/146.0.0.0 Safari/537.36"
37.120.155.2 - - [27/Apr/2026:16:21:24 +0300] "GET /wp-content/plugins/all-in-one-seo-pack/dist/Lite/assets/main-20ad6c21.js HTTP/2" 200 458902 "https://serhatburke.miroglu.net/wp-admin/post.php?post=140298&action=edit" "Mozilla/5.0 (Windows NT 10.0; Win64; x64) AppleWebKit/537.36 (KHTML, like Gecko) Chrome/146.0.0.0 Safari/537.36"
52.167.144.145 - - [27/Apr/2026:16:20:36 +0300] "GET /discover-why-dexscreener-is-the-ultimate-dex-scanner-tool/ HTTP/2" 200 0 "-" "Mozilla/5.0 AppleWebKit/537.36 (KHTML, like Gecko; compatible; bingbot/2.0; +http://www.bing.com/bingbot.htm) Chrome/116.0.1938.76 Safari/537.36"
37.120.155.2 - - [27/Apr/2026:16:21:07 +0300] "POST /wp-admin/admin-ajax.php HTTP/2" 200 0 "https://serhatburke.miroglu.net/wp-admin/post-new.php" "Mozilla/5.0 (Windows NT 10.0; Win64; x64) AppleWebKit/537.36 (KHTML, like Gecko) Chrome/146.0.0.0 Safari/537.36"
37.120.155.2 - - [27/Apr/2026:16:21:23 +0300] "POST /wp-admin/post.php?post=140298&action=edit&meta-box-loader=1&meta-box-loader-nonce=6dc4087b31&_locale=user HTTP/2" 200 0 "https://serhatburke.miroglu.net/wp-admin/post-new.php" "Mozilla/5.0 (Windows NT 10.0; Win64; x64) AppleWebKit/537.36 (KHTML, like Gecko) Chrome/146.0.0.0 Safari/537.36"
185.216.113.70 - - [27/Apr/2026:16:21:35 +0300] "POST /wp-cron.php?doing_wp_cron=1777296095.4340798854827880859375 HTTP/1.1" 200 448 "-" "WordPress/6.3.8; https://serhatburke.miroglu.net"
185.216.113.70 - - [27/Apr/2026:16:21:44 +0300] "POST /wp-cron.php?doing_wp_cron=1777296104.3379371166229248046875 HTTP/1.1" 200 448 "-" "WordPress/6.3.8; https://serhatburke.miroglu.net"
38.248.90.131 - - [27/Apr/2026:16:20:42 +0300] "POST /xmlrpc.php HTTP/1.1" 200 630 "-" "Mozilla/5.0 (Windows NT 10.0; Win64; x64) AppleWebKit/537.36 (KHTML, like Gecko) Chrome/114.0.0.0 Safari/537.36"
38.248.90.131 - - [27/Apr/2026:16:21:51 +0300] "POST /xmlrpc.php HTTP/1.1" 200 9731 "-" "Mozilla/5.0 (Windows NT 10.0; Win64; x64) AppleWebKit/537.36 (KHTML, like Gecko) Chrome/114.0.0.0 Safari/537.36"
38.248.90.131 - - [27/Apr/2026:16:22:05 +0300] "POST /xmlrpc.php HTTP/1.1" 200 630 "-" "Mozilla/5.0 (Windows NT 10.0; Win64; x64) AppleWebKit/537.36 (KHTML, like Gecko) Chrome/114.0.0.0 Safari/537.36"
38.248.90.131 - - [27/Apr/2026:16:22:24 +0300] "GET /lemon-casino-%EF%BF%BD-calkiem-nowy-powiew-w-swiecie-hazardu-internet/ HTTP/1.1" 200 74094 "-" "Mozilla/5.0 (Windows NT 10.0; Win64; x64) AppleWebKit/537.36 (KHTML, like Gecko) Chrome/122.0.0.0 Safari/537.36"
185.216.113.70 - - [27/Apr/2026:16:22:50 +0300] "POST /wp-cron.php?doing_wp_cron=1777296170.2011280059814453125000 HTTP/1.1" 200 448 "-" "WordPress/6.3.8; https://serhatburke.miroglu.net"
38.248.90.131 - - [27/Apr/2026:16:22:33 +0300] "POST /xmlrpc.php HTTP/1.1" 200 9677 "-" "Mozilla/5.0 (Windows NT 10.0; Win64; x64) AppleWebKit/537.36 (KHTML, like Gecko) Chrome/114.0.0.0 Safari/537.36"
38.248.90.131 - - [27/Apr/2026:16:22:51 +0300] "GET /propozycje-dla-zakupow-na-spin-city-casino-wplaty-i-bedziesz-wyplaty/ HTTP/1.1" 200 73938 "-" "Mozilla/5.0 (Windows NT 10.0; Win64; x64) AppleWebKit/537.36 (KHTML, like Gecko) Chrome/122.0.0.0 Safari/537.36"
200.25.47.113 - - [27/Apr/2026:16:23:01 +0300] "POST /xmlrpc.php HTTP/1.1" 200 630 "-" "Mozilla/5.0 (Windows NT 10.0; Win64; x64) AppleWebKit/537.36 (KHTML, like Gecko) Chrome/114.0.0.0 Safari/537.36"
200.25.47.113 - - [27/Apr/2026:16:23:22 +0300] "POST /xmlrpc.php HTTP/1.1" 200 10037 "-" "Mozilla/5.0 (Windows NT 10.0; Win64; x64) AppleWebKit/537.36 (KHTML, like Gecko) Chrome/114.0.0.0 Safari/537.36"
38.248.90.131 - - [27/Apr/2026:16:23:36 +0300] "POST /xmlrpc.php HTTP/1.1" 200 630 "-" "Mozilla/5.0 (Windows NT 10.0; Win64; x64) AppleWebKit/537.36 (KHTML, like Gecko) Chrome/114.0.0.0 Safari/537.36"
82.25.62.125 - - [27/Apr/2026:16:23:46 +0300] "GET /beste-casino-site-belgie-hoge-inzet/ HTTP/1.1" 200 19265 "-" "Mozilla/5.0 (compatible; Googlebot/2.1; +http://www.google.com/bot.html)"
200.25.47.113 - - [27/Apr/2026:16:23:47 +0300] "GET /selitys-uudesta-bet365-local-kasinosta-joka-on-100-prosenttia-ilmainen-revolves-gift-extra-render/ HTTP/1.1" 200 75755 "-" "Mozilla/5.0 (Windows NT 10.0; rv:109.0) Gecko/20100101 Firefox/115.0"
38.248.90.131 - - [27/Apr/2026:16:24:13 +0300] "POST /xmlrpc.php HTTP/1.1" 200 9449 "-" "Mozilla/5.0 (Windows NT 10.0; Win64; x64) AppleWebKit/537.36 (KHTML, like Gecko) Chrome/114.0.0.0 Safari/537.36"
185.216.113.70 - - [27/Apr/2026:16:24:47 +0300] "POST /wp-cron.php?doing_wp_cron=1777296287.5259580612182617187500 HTTP/1.1" 200 448 "-" "WordPress/6.3.8; https://serhatburke.miroglu.net"
38.248.90.131 - - [27/Apr/2026:16:24:35 +0300] "GET /recenzja-spinia-casino-premia-reklama-jak-rowniez-oba5k-gier/ HTTP/1.1" 200 73712 "-" "Mozilla/5.0 (Windows NT 10.0; Win64; x64) AppleWebKit/537.36 (KHTML, like Gecko) Chrome/122.0.0.0 Safari/537.36"
38.248.90.131 - - [27/Apr/2026:16:24:51 +0300] "POST /xmlrpc.php HTTP/1.1" 200 630 "-" "Mozilla/5.0 (Windows NT 10.0; Win64; x64) AppleWebKit/537.36 (KHTML, like Gecko) Chrome/114.0.0.0 Safari/537.36"
38.248.90.131 - - [27/Apr/2026:16:25:11 +0300] "POST /xmlrpc.php HTTP/1.1" 200 9762 "-" "Mozilla/5.0 (Windows NT 10.0; Win64; x64) AppleWebKit/537.36 (KHTML, like Gecko) Chrome/114.0.0.0 Safari/537.36"
185.216.113.70 - - [27/Apr/2026:16:25:39 +0300] "POST /wp-cron.php?doing_wp_cron=1777296339.5941450595855712890625 HTTP/1.1" 200 448 "-" "WordPress/6.3.8; https://serhatburke.miroglu.net"
38.248.90.131 - - [27/Apr/2026:16:25:26 +0300] "GET /masz-pelnoprawne-kasynointernetowe-brucebetonline-po-prostu-musialo-wyprodukowac-graczom-opcja-uzywac-astat-z-wielu-popularnych-grach-stolowych/ HTTP/1.1" 200 75890 "-" "Mozilla/5.0 (Windows NT 10.0; Win64; x64) AppleWebKit/537.36 (KHTML, like Gecko) Chrome/123.0.0.0 Safari/537.36"
38.248.90.131 - - [27/Apr/2026:16:26:14 +0300] "POST /xmlrpc.php HTTP/1.1" 200 630 "-" "Mozilla/5.0 (Windows NT 10.0; Win64; x64) AppleWebKit/537.36 (KHTML, like Gecko) Chrome/114.0.0.0 Safari/537.36"
185.216.113.70 - - [27/Apr/2026:16:26:47 +0300] "POST /wp-cron.php?doing_wp_cron=1777296407.3311650753021240234375 HTTP/1.1" 200 448 "-" "WordPress/6.3.8; https://serhatburke.miroglu.net"
38.248.90.131 - - [27/Apr/2026:16:26:34 +0300] "POST /xmlrpc.php HTTP/1.1" 200 9285 "-" "Mozilla/5.0 (Windows NT 10.0; Win64; x64) AppleWebKit/537.36 (KHTML, like Gecko) Chrome/114.0.0.0 Safari/537.36"
38.248.90.131 - - [27/Apr/2026:16:26:48 +0300] "GET /bdmbet-%EF%BF%BD-l-darmowych-spinow-bez-depozytu-za-rejestracji/ HTTP/1.1" 200 73245 "-" "Mozilla/5.0 (Windows NT 10.0; Win64; x64) AppleWebKit/537.36 (KHTML, like Gecko) Chrome/124.0.0.0 Safari/537.36"
40.77.167.75 - - [27/Apr/2026:16:26:50 +0300] "GET /rotiri-gratuite-dar-achitare-azi-top-runde-gratuit-2025/ HTTP/2" 200 20960 "-" "Mozilla/5.0 AppleWebKit/537.36 (KHTML, like Gecko; compatible; bingbot/2.0; +http://www.bing.com/bingbot.htm) Chrome/116.0.1938.76 Safari/537.36"
40.77.167.75 - - [27/Apr/2026:16:26:54 +0300] "GET /page-perhaps-book-of-dead-1-deposit-not-discover/ HTTP/2" 200 19702 "-" "Mozilla/5.0 AppleWebKit/537.36 (KHTML, like Gecko; compatible; bingbot/2.0; +http://www.bing.com/bingbot.htm) Chrome/116.0.1938.76 Safari/537.36"
52.167.144.145 - - [27/Apr/2026:16:27:00 +0300] "GET /how-does-the-new-chanced-promotion-code-promote-compare-with-other-sweeps-promotions/ HTTP/2" 200 17644 "-" "Mozilla/5.0 AppleWebKit/537.36 (KHTML, like Gecko; compatible; bingbot/2.0; +http://www.bing.com/bingbot.htm) Chrome/116.0.1938.76 Safari/537.36"
185.216.113.70 - - [27/Apr/2026:16:27:41 +0300] "POST /wp-cron.php?doing_wp_cron=1777296461.4316859245300292968750 HTTP/1.1" 200 448 "-" "WordPress/6.3.8; https://serhatburke.miroglu.net"
38.248.90.131 - - [27/Apr/2026:16:27:24 +0300] "POST /xmlrpc.php HTTP/1.1" 200 630 "-" "Mozilla/5.0 (Windows NT 10.0; Win64; x64) AppleWebKit/537.36 (KHTML, like Gecko) Chrome/114.0.0.0 Safari/537.36"
51.75.162.201 - - [27/Apr/2026:16:27:16 +0300] "GET / HTTP/1.1" 200 18322 "-" "Mozilla/5.0 (compatible; Google-Site-Verification/1.0)"
185.201.136.40 - - [27/Apr/2026:16:27:34 +0300] "GET / HTTP/2" 200 20806 "-" "Mozilla/5.0 (Macintosh; Intel Mac OS X 10_15_7) AppleWebKit/537.36 (KHTML, like Gecko) Chrome/120.0.0.0 Safari/537.36"
38.248.90.131 - - [27/Apr/2026:16:27:48 +0300] "POST /xmlrpc.php HTTP/1.1" 200 9541 "-" "Mozilla/5.0 (Windows NT 10.0; Win64; x64) AppleWebKit/537.36 (KHTML, like Gecko) Chrome/114.0.0.0 Safari/537.36"
91.107.208.255 - - [27/Apr/2026:16:27:56 +0300] "POST /xmlrpc.php HTTP/1.1" 200 603 "-" "Mozilla/5.0 (Windows NT 10.0; Win64; x64) AppleWebKit/537.36 (KHTML, like Gecko) Chrome/108.0.0.0 Safari/537.36"
40.77.167.75 - - [27/Apr/2026:16:28:03 +0300] "GET /online-casino-promo-code-schweiz/ HTTP/2" 200 17890 "-" "Mozilla/5.0 AppleWebKit/537.36 (KHTML, like Gecko; compatible; bingbot/2.0; +http://www.bing.com/bingbot.htm) Chrome/116.0.1938.76 Safari/537.36"
91.107.208.255 - - [27/Apr/2026:16:28:12 +0300] "POST /xmlrpc.php HTTP/1.1" 200 3501 "-" "Mozilla/5.0 (Windows NT 10.0; Win64; x64) AppleWebKit/537.36 (KHTML, like Gecko) Chrome/108.0.0.0 Safari/537.36"
38.248.90.131 - - [27/Apr/2026:16:28:07 +0300] "GET /cashback-live-casino-25-z-2stu-%EF%BF%BD-unikalna-cena-dedykowana-fanom-gier-ktorzy-maja-prawdziwymi-krupierami/ HTTP/1.1" 200 74717 "-" "Mozilla/5.0 (Windows NT 10.0; Win64; x64; rv:125.0) Gecko/20100101 Firefox/125.0"
185.216.113.70 - - [27/Apr/2026:16:28:43 +0300] "POST /wp-cron.php?doing_wp_cron=1777296523.2333610057830810546875 HTTP/1.1" 200 448 "-" "WordPress/6.3.8; https://serhatburke.miroglu.net"
91.107.208.255 - - [27/Apr/2026:16:28:30 +0300] "GET /nv-casino-review-ee-exclusive-50-spins-no-deposit-bonus/ HTTP/1.1" 200 0 "-" "Mozilla/5.0 (Windows NT 10.0; Win64; x64) AppleWebKit/537.36 (KHTML, like Gecko) Chrome/108.0.0.0 Safari/537.36"
38.248.90.131 - - [27/Apr/2026:16:28:45 +0300] "POST /xmlrpc.php HTTP/1.1" 200 630 "-" "Mozilla/5.0 (Windows NT 10.0; Win64; x64) AppleWebKit/537.36 (KHTML, like Gecko) Chrome/114.0.0.0 Safari/537.36"
91.107.208.255 - - [27/Apr/2026:16:28:46 +0300] "POST /xmlrpc.php HTTP/1.1" 200 594 "-" "Mozilla/5.0 (Windows NT 10.0; Win64; x64) AppleWebKit/537.36 (KHTML, like Gecko) Chrome/108.0.0.0 Safari/537.36"
52.167.144.173 - - [27/Apr/2026:16:28:46 +0300] "GET /discover-the-unique-features-of-solscan-for-investors/ HTTP/2" 200 17972 "-" "Mozilla/5.0 AppleWebKit/537.36 (KHTML, like Gecko; compatible; bingbot/2.0; +http://www.bing.com/bingbot.htm) Chrome/116.0.1938.76 Safari/537.36"
185.216.113.70 - - [27/Apr/2026:16:29:29 +0300] "POST /wp-cron.php?doing_wp_cron=1777296569.4634211063385009765625 HTTP/1.1" 200 448 "-" "WordPress/6.3.8; https://serhatburke.miroglu.net"
38.248.90.131 - - [27/Apr/2026:16:29:16 +0300] "POST /xmlrpc.php HTTP/1.1" 200 9045 "-" "Mozilla/5.0 (Windows NT 10.0; Win64; x64) AppleWebKit/537.36 (KHTML, like Gecko) Chrome/114.0.0.0 Safari/537.36"
98.98.197.162 - - [27/Apr/2026:16:29:31 +0300] "POST /xmlrpc.php HTTP/1.1" 200 630 "-" "Mozilla/5.0 (Windows NT 10.0; Win64; x64) AppleWebKit/537.36 (KHTML, like Gecko) Chrome/114.0.0.0 Safari/537.36"
89.149.120.132 - - [27/Apr/2026:16:29:35 +0300] "POST /xmlrpc.php HTTP/1.1" 200 210693 "-" "Mozilla/5.0 (Windows NT 10.0; Win64; x64) AppleWebKit/537.36 (KHTML, like Gecko) Chrome/114.0.0.0 Safari/537.36 Vivaldi/5.3.2679.68"
38.248.90.131 - - [27/Apr/2026:16:29:31 +0300] "GET /przedzial-czasowy-zdrapki-calkowicie-za-darmo-%EF%BF%BD-nowa-forma-rozrywki-do-kasynie-2025/ HTTP/1.1" 200 73886 "-" "Mozilla/5.0 (Windows NT 10.0; rv:109.0) Gecko/20100101 Firefox/115.0"
38.248.90.131 - - [27/Apr/2026:16:29:52 +0300] "POST /xmlrpc.php HTTP/1.1" 200 630 "-" "Mozilla/5.0 (Windows NT 10.0; Win64; x64) AppleWebKit/537.36 (KHTML, like Gecko) Chrome/114.0.0.0 Safari/537.36"
98.98.197.162 - - [27/Apr/2026:16:30:02 +0300] "POST /xmlrpc.php HTTP/1.1" 200 15932 "-" "Mozilla/5.0 (Windows NT 10.0; Win64; x64) AppleWebKit/537.36 (KHTML, like Gecko) Chrome/114.0.0.0 Safari/537.36"
14.187.165.241 - - [27/Apr/2026:16:30:05 +0300] "POST /xmlrpc.php HTTP/1.1" 200 667 "-" "Mozilla/5.0 (Windows NT 10.0; Win64; x64) AppleWebKit/537.36 (KHTML, like Gecko) Chrome/114.0.0.0 Safari/537.36 Vivaldi/5.3.2679.68"
38.248.90.131 - - [27/Apr/2026:16:30:15 +0300] "POST /xmlrpc.php HTTP/1.1" 200 9693 "-" "Mozilla/5.0 (Windows NT 10.0; Win64; x64) AppleWebKit/537.36 (KHTML, like Gecko) Chrome/114.0.0.0 Safari/537.36"
98.98.197.162 - - [27/Apr/2026:16:30:20 +0300] "GET /finest-real-cash-online-casinos-betting-internet-sites-in-the-2026/ HTTP/1.1" 200 79513 "-" "Mozilla/5.0 (Windows NT 10.0; rv:109.0) Gecko/20100101 Firefox/115.0"
185.216.113.70 - - [27/Apr/2026:16:30:45 +0300] "POST /wp-cron.php?doing_wp_cron=1777296645.0583488941192626953125 HTTP/1.1" 200 448 "-" "WordPress/6.3.8; https://serhatburke.miroglu.net"
92.37.143.164 - - [27/Apr/2026:16:30:30 +0300] "POST /xmlrpc.php HTTP/1.1" 200 7161 "-" "Mozilla/5.0 (Windows NT 10.0; Win64; x64) AppleWebKit/537.36 (KHTML, like Gecko) Chrome/114.0.0.0 Safari/537.36 Vivaldi/5.3.2679.68"
38.248.90.131 - - [27/Apr/2026:16:30:32 +0300] "GET /motywacja-i-mozesz-oferty-to-przyszedl-ze-wzgledu-na-fakt-bardzo-dawna-niezwykle-wazny-element-calej-branzy-kasyn-internet/ HTTP/1.1" 200 75588 "-" "Mozilla/5.0 (Windows NT 10.0; rv:109.0) Gecko/20100101 Firefox/115.0"
38.248.90.131 - - [27/Apr/2026:16:30:59 +0300] "POST /xmlrpc.php HTTP/1.1" 200 630 "-" "Mozilla/5.0 (Windows NT 10.0; Win64; x64) AppleWebKit/537.36 (KHTML, like Gecko) Chrome/114.0.0.0 Safari/537.36"
185.216.113.70 - - [27/Apr/2026:16:31:32 +0300] "POST /wp-cron.php?doing_wp_cron=1777296692.5502910614013671875000 HTTP/1.1" 200 448 "-" "WordPress/6.3.8; https://serhatburke.miroglu.net"
38.248.90.131 - - [27/Apr/2026:16:31:19 +0300] "POST /xmlrpc.php HTTP/1.1" 200 9413 "-" "Mozilla/5.0 (Windows NT 10.0; Win64; x64) AppleWebKit/537.36 (KHTML, like Gecko) Chrome/114.0.0.0 Safari/537.36"
38.248.90.131 - - [27/Apr/2026:16:31:35 +0300] "GET /lucky-bird-casino-promo-codes-zapewniaja-dobry-sposob-szukac-poniewaz-najwiecej-korzysci-z-gry-online/ HTTP/1.1" 200 74478 "-" "Mozilla/5.0 (Windows NT 10.0; Win64; x64) AppleWebKit/537.36 (KHTML, like Gecko) Chrome/122.0.0.0 Safari/537.36"
38.248.90.131 - - [27/Apr/2026:16:31:58 +0300] "POST /xmlrpc.php HTTP/1.1" 200 630 "-" "Mozilla/5.0 (Windows NT 10.0; Win64; x64) AppleWebKit/537.36 (KHTML, like Gecko) Chrome/114.0.0.0 Safari/537.36"
185.216.113.70 - - [27/Apr/2026:16:32:30 +0300] "POST /wp-cron.php?doing_wp_cron=1777296750.3969929218292236328125 HTTP/1.1" 200 448 "-" "WordPress/6.3.8; https://serhatburke.miroglu.net"
38.248.90.131 - - [27/Apr/2026:16:32:17 +0300] "POST /xmlrpc.php HTTP/1.1" 200 9297 "-" "Mozilla/5.0 (Windows NT 10.0; Win64; x64) AppleWebKit/537.36 (KHTML, like Gecko) Chrome/114.0.0.0 Safari/537.36"
38.248.90.131 - - [27/Apr/2026:16:32:31 +0300] "GET /elonyok-es-hatranyok-%EF%BF%BD-mire-szamithatsz-dobry-jatek-soran/ HTTP/1.1" 200 73649 "-" "Mozilla/5.0 (Windows NT 10.0; Win64; x64) AppleWebKit/537.36 (KHTML, like Gecko) Chrome/124.0.0.0 Safari/537.36"
200.25.47.113 - - [27/Apr/2026:16:32:38 +0300] "POST /xmlrpc.php HTTP/1.1" 200 630 "-" "Mozilla/5.0 (Windows NT 10.0; Win64; x64) AppleWebKit/537.36 (KHTML, like Gecko) Chrome/114.0.0.0 Safari/537.36"
158.69.22.136 - - [27/Apr/2026:16:33:06 +0300] "GET /beste-casino-site-belgie-hoge-inzet/ HTTP/1.1" 200 19265 "-" "Mozilla/5.0 (compatible; Googlebot/2.1; +http://www.google.com/bot.html)"
200.25.47.113 - - [27/Apr/2026:16:33:09 +0300] "POST /xmlrpc.php HTTP/1.1" 200 9699 "-" "Mozilla/5.0 (Windows NT 10.0; Win64; x64) AppleWebKit/537.36 (KHTML, like Gecko) Chrome/114.0.0.0 Safari/537.36"
216.73.217.81 - - [27/Apr/2026:16:33:14 +0300] "GET /robots.txt HTTP/2" 200 110 "-" "Mozilla/5.0 AppleWebKit/537.36 (KHTML, like Gecko; compatible; ClaudeBot/1.0; +claudebot@anthropic.com)"
38.248.90.131 - - [27/Apr/2026:16:33:16 +0300] "POST /xmlrpc.php HTTP/1.1" 200 630 "-" "Mozilla/5.0 (Windows NT 10.0; Win64; x64) AppleWebKit/537.36 (KHTML, like Gecko) Chrome/114.0.0.0 Safari/537.36"
185.216.113.70 - - [27/Apr/2026:16:33:50 +0300] "POST /wp-cron.php?doing_wp_cron=1777296830.0851230621337890625000 HTTP/1.1" 200 448 "-" "WordPress/6.3.8; https://serhatburke.miroglu.net"
200.25.47.113 - - [27/Apr/2026:16:33:34 +0300] "GET /da-vinci-diamonds-dual-play-pelaa-nyt-taysin-ilmaiseksi-ei-latausta/ HTTP/1.1" 200 74532 "-" "Mozilla/5.0 (Windows NT 10.0; Win64; x64; rv:125.0) Gecko/20100101 Firefox/125.0"
38.248.90.131 - - [27/Apr/2026:16:33:44 +0300] "POST /xmlrpc.php HTTP/1.1" 200 9909 "-" "Mozilla/5.0 (Windows NT 10.0; Win64; x64) AppleWebKit/537.36 (KHTML, like Gecko) Chrome/114.0.0.0 Safari/537.36"
38.248.90.131 - - [27/Apr/2026:16:33:59 +0300] "GET /wydawanie-opcje-motywacyjne-sa-a-moze-kochajacy-zabawe-kasynowa-jak-i-mozesz-zaklady/ HTTP/1.1" 200 74989 "-" "Mozilla/5.0 (Windows NT 10.0; Win64; x64) AppleWebKit/537.36 (KHTML, like Gecko) Chrome/123.0.0.0 Safari/537.36 OPR/109.0.0.0"
38.248.90.131 - - [27/Apr/2026:16:34:13 +0300] "POST /xmlrpc.php HTTP/1.1" 200 630 "-" "Mozilla/5.0 (Windows NT 10.0; Win64; x64) AppleWebKit/537.36 (KHTML, like Gecko) Chrome/114.0.0.0 Safari/537.36"
172.93.212.221 - - [27/Apr/2026:16:34:14 +0300] "GET /zotabet-casino-bonus-premier-depot-2026/ HTTP/1.1" 200 0 "-" "Mozilla/5.0 (compatible; Googlebot/2.1; +http://www.google.com/bot.html)"
185.216.113.70 - - [27/Apr/2026:16:34:57 +0300] "POST /wp-cron.php?doing_wp_cron=1777296897.4175760746002197265625 HTTP/1.1" 200 448 "-" "WordPress/6.3.8; https://serhatburke.miroglu.net"
38.248.90.131 - - [27/Apr/2026:16:34:44 +0300] "POST /xmlrpc.php HTTP/1.1" 200 9304 "-" "Mozilla/5.0 (Windows NT 10.0; Win64; x64) AppleWebKit/537.36 (KHTML, like Gecko) Chrome/114.0.0.0 Safari/537.36"
38.248.90.131 - - [27/Apr/2026:16:34:58 +0300] "GET /musimy-wspomniec-ze-niedostatek-bonusu-wyjawszy-depozytu-nie-zaakceptowac-jest-najwyrazniej-szokiem/ HTTP/1.1" 200 74644 "-" "Mozilla/5.0 (Windows NT 10.0; Win64; x64) AppleWebKit/537.36 (KHTML, like Gecko) Chrome/124.0.0.0 Safari/537.36"
82.25.62.125 - - [27/Apr/2026:16:35:04 +0300] "GET /beste-casino-site-belgie-hoge-inzet/ HTTP/1.1" 200 19265 "-" "Mozilla/5.0 (compatible; Googlebot/2.1; +http://www.google.com/bot.html)"
38.248.90.131 - - [27/Apr/2026:16:35:19 +0300] "POST /xmlrpc.php HTTP/1.1" 200 630 "-" "Mozilla/5.0 (Windows NT 10.0; Win64; x64) AppleWebKit/537.36 (KHTML, like Gecko) Chrome/114.0.0.0 Safari/537.36"
200.25.47.113 - - [27/Apr/2026:16:35:23 +0300] "POST /xmlrpc.php HTTP/1.1" 200 630 "-" "Mozilla/5.0 (Windows NT 10.0; Win64; x64) AppleWebKit/537.36 (KHTML, like Gecko) Chrome/114.0.0.0 Safari/537.36"
185.216.113.70 - - [27/Apr/2026:16:35:44 +0300] "POST /wp-cron.php?doing_wp_cron=1777296943.8853359222412109375000 HTTP/1.1" 200 448 "-" "WordPress/6.3.8; https://serhatburke.miroglu.net"
170.168.243.73 - - [27/Apr/2026:16:35:30 +0300] "POST /xmlrpc.php HTTP/2" 200 141 "-" "WordPress/XMLRPC Client"
38.248.90.131 - - [27/Apr/2026:16:35:40 +0300] "POST /xmlrpc.php HTTP/1.1" 200 9389 "-" "Mozilla/5.0 (Windows NT 10.0; Win64; x64) AppleWebKit/537.36 (KHTML, like Gecko) Chrome/114.0.0.0 Safari/537.36"
170.168.243.73 - - [27/Apr/2026:16:35:44 +0300] "GET /?p=140338 HTTP/2" 200 0 "-" "Mozilla/5.0 (Windows NT 10.0; Win64; x64) AppleWebKit/537.36 (KHTML, like Gecko) Chrome/120.0.0.0 Safari/537.36"
200.25.47.113 - - [27/Apr/2026:16:35:45 +0300] "POST /xmlrpc.php HTTP/1.1" 200 10855 "-" "Mozilla/5.0 (Windows NT 10.0; Win64; x64) AppleWebKit/537.36 (KHTML, like Gecko) Chrome/114.0.0.0 Safari/537.36"
216.73.217.81 - - [27/Apr/2026:16:36:11 +0300] "GET /sitemap.rss HTTP/2" 200 0 "-" "Mozilla/5.0 AppleWebKit/537.36 (KHTML, like Gecko; compatible; ClaudeBot/1.0; +claudebot@anthropic.com)"
148.135.195.139 - - [27/Apr/2026:16:36:02 +0300] "GET /h1-here-is-a-unique-and-seo-optimized-h1-for-the-2/ HTTP/1.1" 200 98275 "-" "Screaming Frog SEO Spider/16.7"
185.216.113.70 - - [27/Apr/2026:16:36:44 +0300] "POST /wp-cron.php?doing_wp_cron=1777297004.7447619438171386718750 HTTP/1.1" 200 448 "-" "WordPress/6.3.8; https://serhatburke.miroglu.net"
38.248.90.131 - - [27/Apr/2026:16:36:04 +0300] "GET /jak-angazujace-wplaty-i-bedziesz-wyplaty-na-luckera-casino/ HTTP/1.1" 200 73754 "-" "Mozilla/5.0 (Windows NT 10.0; Win64; x64; rv:125.0) Gecko/20100101 Firefox/125.0"
