216.128.180.172 - - [23/Apr/2026:23:31:46 +0300] "POST /xmlrpc.php HTTP/1.1" 500 745 "-" "Mozilla/5.0 (Windows NT 10.0; Win64; x64) AppleWebKit/537.36 (KHTML, like Gecko) Chrome/114.0.0.0 Safari/537.36"
216.128.180.172 - - [23/Apr/2026:23:31:51 +0300] "GET /whether-youre-to-your-ports-black-jack-roulette-otherwise-real-time-agent-games-there-will-be-something-for-everybody/ HTTP/1.1" 500 745 "-" "Mozilla/5.0 (Windows NT 10.0; Win64; x64) AppleWebKit/537.36 (KHTML, like Gecko) Chrome/109.0.0.0 Safari/537.36"
216.128.180.172 - - [23/Apr/2026:23:31:59 +0300] "POST /xmlrpc.php HTTP/1.1" 500 745 "-" "Mozilla/5.0 (Windows NT 10.0; Win64; x64) AppleWebKit/537.36 (KHTML, like Gecko) Chrome/114.0.0.0 Safari/537.36"
200.25.47.120 - - [23/Apr/2026:23:32:06 +0300] "POST /xmlrpc.php HTTP/1.1" 500 745 "-" "Mozilla/5.0 (Windows NT 10.0; Win64; x64) AppleWebKit/537.36 (KHTML, like Gecko) Chrome/114.0.0.0 Safari/537.36"
185.216.113.70 - - [23/Apr/2026:23:34:11 +0300] "POST /wp-cron.php?doing_wp_cron=1776976451.7225999832153320312500 HTTP/1.1" 200 448 "-" "WordPress/6.3.8; https://serhatburke.miroglu.net"
128.1.227.231 - - [23/Apr/2026:23:32:11 +0300] "POST /xmlrpc.php HTTP/1.1" 500 745 "-" "Mozilla/5.0 (Windows NT 10.0; Win64; x64) AppleWebKit/537.36 (KHTML, like Gecko) Chrome/114.0.0.0 Safari/537.36"
128.1.227.231 - - [23/Apr/2026:23:32:17 +0300] "POST /xmlrpc.php HTTP/1.1" 500 745 "-" "Mozilla/5.0 (Windows NT 10.0; Win64; x64) AppleWebKit/537.36 (KHTML, like Gecko) Chrome/114.0.0.0 Safari/537.36"
200.25.47.120 - - [23/Apr/2026:23:32:22 +0300] "POST /xmlrpc.php HTTP/1.1" 500 745 "-" "Mozilla/5.0 (Windows NT 10.0; Win64; x64) AppleWebKit/537.36 (KHTML, like Gecko) Chrome/114.0.0.0 Safari/537.36"
178.159.37.44 - - [23/Apr/2026:23:33:24 +0300] "POST /xmlrpc.php HTTP/1.1" 200 0 "-" "Mozilla/5.0 (Windows NT 6.1; Win64; x64) AppleWebKit/537.36 (KHTML, like Gecko) Chrome/80.0.3987.149 Safari/537.36"
216.128.180.172 - - [23/Apr/2026:23:32:39 +0300] "POST /xmlrpc.php HTTP/1.1" 500 745 "-" "Mozilla/5.0 (Windows NT 10.0; Win64; x64) AppleWebKit/537.36 (KHTML, like Gecko) Chrome/114.0.0.0 Safari/537.36"
216.128.180.172 - - [23/Apr/2026:23:32:41 +0300] "GET /?p=131185 HTTP/1.1" 500 745 "-" "Mozilla/5.0 (Windows NT 10.0; rv:109.0) Gecko/20100101 Firefox/115.0"
185.216.113.70 - - [23/Apr/2026:23:34:26 +0300] "POST /wp-cron.php?doing_wp_cron=1776976466.3238608837127685546875 HTTP/1.1" 200 448 "-" "WordPress/6.3.8; https://serhatburke.miroglu.net"
185.216.113.70 - - [23/Apr/2026:23:34:37 +0300] "POST /wp-cron.php?doing_wp_cron=1776976477.2041480541229248046875 HTTP/1.1" 200 448 "-" "WordPress/6.3.8; https://serhatburke.miroglu.net"
200.25.47.120 - - [23/Apr/2026:23:32:46 +0300] "POST /xmlrpc.php HTTP/1.1" 500 745 "-" "Mozilla/5.0 (Windows NT 10.0; Win64; x64) AppleWebKit/537.36 (KHTML, like Gecko) Chrome/114.0.0.0 Safari/537.36"
185.216.113.70 - - [23/Apr/2026:23:35:04 +0300] "POST /wp-cron.php?doing_wp_cron=1776976504.0667190551757812500000 HTTP/1.1" 200 448 "-" "WordPress/6.3.8; https://serhatburke.miroglu.net"
200.25.47.120 - - [23/Apr/2026:23:33:04 +0300] "POST /xmlrpc.php HTTP/1.1" 500 745 "-" "Mozilla/5.0 (Windows NT 10.0; Win64; x64) AppleWebKit/537.36 (KHTML, like Gecko) Chrome/114.0.0.0 Safari/537.36"
185.216.113.70 - - [23/Apr/2026:23:35:25 +0300] "POST /wp-cron.php?doing_wp_cron=1776976525.4056789875030517578125 HTTP/1.1" 200 448 "-" "WordPress/6.3.8; https://serhatburke.miroglu.net"
178.159.37.44 - - [23/Apr/2026:23:34:24 +0300] "POST /xmlrpc.php HTTP/1.1" 200 0 "-" "Mozilla/5.0 (Windows NT 6.1; Win64; x64) AppleWebKit/537.36 (KHTML, like Gecko) Chrome/80.0.3987.149 Safari/537.36"
128.1.227.231 - - [23/Apr/2026:23:33:25 +0300] "POST /xmlrpc.php HTTP/1.1" 500 745 "-" "Mozilla/5.0 (Windows NT 10.0; Win64; x64) AppleWebKit/537.36 (KHTML, like Gecko) Chrome/114.0.0.0 Safari/537.36"
216.128.180.172 - - [23/Apr/2026:23:33:31 +0300] "POST /xmlrpc.php HTTP/1.1" 500 745 "-" "Mozilla/5.0 (Windows NT 10.0; Win64; x64) AppleWebKit/537.36 (KHTML, like Gecko) Chrome/114.0.0.0 Safari/537.36"
216.128.180.172 - - [23/Apr/2026:23:33:31 +0300] "POST /xmlrpc.php HTTP/1.1" 500 745 "-" "Mozilla/5.0 (Windows NT 10.0; Win64; x64) AppleWebKit/537.36 (KHTML, like Gecko) Chrome/114.0.0.0 Safari/537.36"
216.128.180.172 - - [23/Apr/2026:23:33:39 +0300] "POST /xmlrpc.php HTTP/1.1" 500 745 "-" "Mozilla/5.0 (Windows NT 10.0; Win64; x64) AppleWebKit/537.36 (KHTML, like Gecko) Chrome/114.0.0.0 Safari/537.36"
128.1.227.231 - - [23/Apr/2026:23:33:41 +0300] "POST /xmlrpc.php HTTP/1.1" 500 745 "-" "Mozilla/5.0 (Windows NT 10.0; Win64; x64) AppleWebKit/537.36 (KHTML, like Gecko) Chrome/114.0.0.0 Safari/537.36"
128.1.227.231 - - [23/Apr/2026:23:33:51 +0300] "POST /xmlrpc.php HTTP/1.1" 500 745 "-" "Mozilla/5.0 (Windows NT 10.0; Win64; x64) AppleWebKit/537.36 (KHTML, like Gecko) Chrome/114.0.0.0 Safari/537.36"
200.25.47.120 - - [23/Apr/2026:23:33:52 +0300] "POST /xmlrpc.php HTTP/1.1" 500 745 "-" "Mozilla/5.0 (Windows NT 10.0; Win64; x64) AppleWebKit/537.36 (KHTML, like Gecko) Chrome/114.0.0.0 Safari/537.36"
200.25.47.120 - - [23/Apr/2026:23:34:02 +0300] "POST /xmlrpc.php HTTP/1.1" 500 745 "-" "Mozilla/5.0 (Windows NT 10.0; Win64; x64) AppleWebKit/537.36 (KHTML, like Gecko) Chrome/114.0.0.0 Safari/537.36"
128.1.227.231 - - [23/Apr/2026:23:34:02 +0300] "POST /xmlrpc.php HTTP/1.1" 500 745 "-" "Mozilla/5.0 (Windows NT 10.0; Win64; x64) AppleWebKit/537.36 (KHTML, like Gecko) Chrome/114.0.0.0 Safari/537.36"
185.216.113.70 - - [23/Apr/2026:23:36:09 +0300] "POST /wp-cron.php?doing_wp_cron=1776976569.1082079410552978515625 HTTP/1.1" 200 448 "-" "WordPress/6.3.8; https://serhatburke.miroglu.net"
185.216.113.70 - - [23/Apr/2026:23:36:10 +0300] "POST /wp-cron.php?doing_wp_cron=1776976569.7326669692993164062500 HTTP/1.1" 200 448 "-" "WordPress/6.3.8; https://serhatburke.miroglu.net"
185.153.199.159 - - [23/Apr/2026:23:34:17 +0300] "POST /xmlrpc.php HTTP/1.1" 200 14746 "-" "Mozilla/5.0 (Windows NT 10.0; Win64; x64) AppleWebKit/537.36 (KHTML, like Gecko) Chrome/114.0.0.0 Safari/537.36"
185.216.113.70 - - [23/Apr/2026:23:36:14 +0300] "POST /wp-cron.php?doing_wp_cron=1776976574.3018410205841064453125 HTTP/1.1" 200 448 "-" "WordPress/6.3.8; https://serhatburke.miroglu.net"
185.153.199.159 - - [23/Apr/2026:23:34:17 +0300] "POST /xmlrpc.php HTTP/1.1" 200 15642 "-" "Mozilla/5.0 (Windows NT 10.0; Win64; x64) AppleWebKit/537.36 (KHTML, like Gecko) Chrome/114.0.0.0 Safari/537.36"
185.216.113.70 - - [23/Apr/2026:23:36:17 +0300] "POST /wp-cron.php?doing_wp_cron=1776976577.6237440109252929687500 HTTP/1.1" 200 448 "-" "WordPress/6.3.8; https://serhatburke.miroglu.net"
216.128.180.172 - - [23/Apr/2026:23:34:21 +0300] "POST /xmlrpc.php HTTP/1.1" 200 627 "-" "Mozilla/5.0 (Windows NT 10.0; Win64; x64) AppleWebKit/537.36 (KHTML, like Gecko) Chrome/114.0.0.0 Safari/537.36"
185.153.199.159 - - [23/Apr/2026:23:34:17 +0300] "POST /xmlrpc.php HTTP/1.1" 500 745 "-" "Mozilla/5.0 (Windows NT 10.0; Win64; x64) AppleWebKit/537.36 (KHTML, like Gecko) Chrome/114.0.0.0 Safari/537.36"
185.216.113.70 - - [23/Apr/2026:23:36:47 +0300] "POST /wp-cron.php?doing_wp_cron=1776976607.2121539115905761718750 HTTP/1.1" 200 448 "-" "WordPress/6.3.8; https://serhatburke.miroglu.net"
185.216.113.70 - - [23/Apr/2026:23:36:56 +0300] "POST /wp-cron.php?doing_wp_cron=1776976616.4100589752197265625000 HTTP/1.1" 200 448 "-" "WordPress/6.3.8; https://serhatburke.miroglu.net"
216.128.180.172 - - [23/Apr/2026:23:35:12 +0300] "GET /?p=131195 HTTP/1.1" 301 695 "-" "Mozilla/5.0 (Windows NT 10.0; Win64; x64; rv:124.0) Gecko/20100101 Firefox/124.0"
185.216.113.70 - - [23/Apr/2026:23:37:18 +0300] "POST /wp-cron.php?doing_wp_cron=1776976638.1190290451049804687500 HTTP/1.1" 200 448 "-" "WordPress/6.3.8; https://serhatburke.miroglu.net"
128.1.227.231 - - [23/Apr/2026:23:35:21 +0300] "POST /xmlrpc.php HTTP/1.1" 500 1102 "-" "Mozilla/5.0 (Windows NT 10.0; Win64; x64) AppleWebKit/537.36 (KHTML, like Gecko) Chrome/114.0.0.0 Safari/537.36"
185.216.113.70 - - [23/Apr/2026:23:37:23 +0300] "POST /wp-cron.php?doing_wp_cron=1776976643.5197520256042480468750 HTTP/1.1" 200 448 "-" "WordPress/6.3.8; https://serhatburke.miroglu.net"
200.25.47.105 - - [23/Apr/2026:23:36:04 +0300] "POST /xmlrpc.php HTTP/1.1" 200 14913 "-" "Mozilla/5.0 (Windows NT 10.0; Win64; x64) AppleWebKit/537.36 (KHTML, like Gecko) Chrome/114.0.0.0 Safari/537.36"
185.216.113.70 - - [23/Apr/2026:23:37:26 +0300] "POST /wp-cron.php?doing_wp_cron=1776976646.2200911045074462890625 HTTP/1.1" 200 448 "-" "WordPress/6.3.8; https://serhatburke.miroglu.net"
128.1.227.231 - - [23/Apr/2026:23:35:42 +0300] "GET /?p=131199 HTTP/1.1" 301 665 "-" "Mozilla/5.0 (Windows NT 10.0; Win64; x64) AppleWebKit/537.36 (KHTML, like Gecko) Chrome/109.0.0.0 Safari/537.36"
185.216.113.70 - - [23/Apr/2026:23:37:30 +0300] "POST /wp-cron.php?doing_wp_cron=1776976650.5255510807037353515625 HTTP/1.1" 200 448 "-" "WordPress/6.3.8; https://serhatburke.miroglu.net"
200.25.47.105 - - [23/Apr/2026:23:35:58 +0300] "GET /?p=131193 HTTP/1.1" 301 673 "-" "Mozilla/5.0 (Windows NT 10.0; Win64; x64) AppleWebKit/537.36 (KHTML, like Gecko) Chrome/109.0.0.0 Safari/537.36"
200.25.47.105 - - [23/Apr/2026:23:35:58 +0300] "GET /?p=131197 HTTP/1.1" 500 745 "-" "Mozilla/5.0 (Windows NT 10.0; Win64; x64; rv:125.0) Gecko/20100101 Firefox/125.0"
185.216.113.70 - - [23/Apr/2026:23:38:26 +0300] "POST /wp-cron.php?doing_wp_cron=1776976706.1034679412841796875000 HTTP/1.1" 200 448 "-" "WordPress/6.3.8; https://serhatburke.miroglu.net"
216.128.180.172 - - [23/Apr/2026:23:36:52 +0300] "POST /xmlrpc.php HTTP/1.1" 200 627 "-" "Mozilla/5.0 (Windows NT 10.0; Win64; x64) AppleWebKit/537.36 (KHTML, like Gecko) Chrome/114.0.0.0 Safari/537.36"
185.216.113.70 - - [23/Apr/2026:23:38:29 +0300] "POST /wp-cron.php?doing_wp_cron=1776976709.2264399528503417968750 HTTP/1.1" 200 448 "-" "WordPress/6.3.8; https://serhatburke.miroglu.net"
216.128.180.172 - - [23/Apr/2026:23:36:59 +0300] "GET /to-have-people-away-from-regulated-claims-sweepstakes-casinos-is-their-one-choice-for-on-line-casino-play/ HTTP/1.1" 404 58512 "-" "Mozilla/5.0 (Windows NT 10.0; Win64; x64; rv:124.0) Gecko/20100101 Firefox/124.0"
185.216.113.70 - - [23/Apr/2026:23:38:38 +0300] "POST /wp-cron.php?doing_wp_cron=1776976718.2472751140594482421875 HTTP/1.1" 200 448 "-" "WordPress/6.3.8; https://serhatburke.miroglu.net"
128.1.227.231 - - [23/Apr/2026:23:37:22 +0300] "POST /xmlrpc.php HTTP/1.1" 200 627 "-" "Mozilla/5.0 (Windows NT 10.0; Win64; x64) AppleWebKit/537.36 (KHTML, like Gecko) Chrome/114.0.0.0 Safari/537.36"
185.216.113.70 - - [23/Apr/2026:23:38:59 +0300] "POST /wp-cron.php?doing_wp_cron=1776976738.9017279148101806640625 HTTP/1.1" 200 448 "-" "WordPress/6.3.8; https://serhatburke.miroglu.net"
185.216.113.70 - - [23/Apr/2026:23:39:00 +0300] "POST /wp-cron.php?doing_wp_cron=1776976740.3064520359039306640625 HTTP/1.1" 200 448 "-" "WordPress/6.3.8; https://serhatburke.miroglu.net"
200.25.47.105 - - [23/Apr/2026:23:37:38 +0300] "POST /xmlrpc.php HTTP/1.1" 200 861 "-" "Mozilla/5.0 (Windows NT 10.0; Win64; x64) AppleWebKit/537.36 (KHTML, like Gecko) Chrome/114.0.0.0 Safari/537.36"
200.25.47.105 - - [23/Apr/2026:23:37:26 +0300] "GET /idraet-og-online-slotspil-pandamania-venner/ HTTP/1.1" 200 78096 "-" "Mozilla/5.0 (Windows NT 10.0; Win64; x64) AppleWebKit/537.36 (KHTML, like Gecko) Chrome/122.0.0.0 Safari/537.36"
185.216.113.70 - - [23/Apr/2026:23:39:06 +0300] "POST /wp-cron.php?doing_wp_cron=1776976746.7037711143493652343750 HTTP/1.1" 200 448 "-" "WordPress/6.3.8; https://serhatburke.miroglu.net"
185.216.113.70 - - [23/Apr/2026:23:39:07 +0300] "POST /wp-cron.php?doing_wp_cron=1776976747.5080509185791015625000 HTTP/1.1" 200 448 "-" "WordPress/6.3.8; https://serhatburke.miroglu.net"
200.25.47.105 - - [23/Apr/2026:23:37:38 +0300] "POST /xmlrpc.php HTTP/1.1" 200 861 "-" "Mozilla/5.0 (Windows NT 10.0; Win64; x64) AppleWebKit/537.36 (KHTML, like Gecko) Chrome/114.0.0.0 Safari/537.36"
128.1.227.231 - - [23/Apr/2026:23:37:30 +0300] "GET /best-erreichbar-panther-moon-1-kaution-kasino-provision-codes-in-march-2026/ HTTP/1.1" 404 58242 "-" "Mozilla/5.0 (Windows NT 10.0; Win64; x64) AppleWebKit/537.36 (KHTML, like Gecko) Chrome/109.0.0.0 Safari/537.36"
185.216.113.70 - - [23/Apr/2026:23:39:08 +0300] "POST /wp-cron.php?doing_wp_cron=1776976747.8030490875244140625000 HTTP/1.1" 200 448 "-" "WordPress/6.3.8; https://serhatburke.miroglu.net"
200.25.47.105 - - [23/Apr/2026:23:37:34 +0300] "GET /playtech-komme-spil-deal-or-no-deal-sammen-med-spilleautomater-vae-spilleverandoren/ HTTP/1.1" 200 79724 "-" "Mozilla/5.0 (Windows NT 10.0; Win64; x64) AppleWebKit/537.36 (KHTML, like Gecko) Chrome/109.0.0.0 Safari/537.36"
185.216.113.70 - - [23/Apr/2026:23:39:39 +0300] "POST /wp-cron.php?doing_wp_cron=1776976778.9149980545043945312500 HTTP/1.1" 200 448 "-" "WordPress/6.3.8; https://serhatburke.miroglu.net"
193.36.38.226 - - [23/Apr/2026:23:38:35 +0300] "POST /xmlrpc.php HTTP/1.1" 200 692 "-" "Mozilla/5.0 (Windows NT 10.0; Win64; x64) AppleWebKit/537.36 (KHTML, like Gecko) Chrome/114.0.0.0 Safari/537.36"
193.36.38.226 - - [23/Apr/2026:23:39:44 +0300] "POST /xmlrpc.php HTTP/1.1" 200 9425 "-" "Mozilla/5.0 (Windows NT 10.0; Win64; x64) AppleWebKit/537.36 (KHTML, like Gecko) Chrome/114.0.0.0 Safari/537.36"
193.36.38.226 - - [23/Apr/2026:23:40:04 +0300] "GET /the-above-casino-try-our-selection-for-an-informed-on-line-casino-to-relax-and-play-black-jack/ HTTP/1.1" 200 73536 "-" "Mozilla/5.0 (Windows NT 10.0; rv:109.0) Gecko/20100101 Firefox/115.0"
66.249.73.15 - - [23/Apr/2026:23:40:56 +0300] "GET /admiral-shark-casino-uk-review-dive-into-exciting-online-gaming/ HTTP/1.1" 200 0 "https://jraws.magmaflow-games.biz/" "Mozilla/5.0 (Linux; Android 6.0.1; Nexus 5X Build/MMB29P) AppleWebKit/537.36 (KHTML, like Gecko) Chrome/146.0.7680.177 Mobile Safari/537.36 (compatible; Googlebot/2.1; +http://www.google.com/bot.html)"
185.216.113.70 - - [23/Apr/2026:23:43:34 +0300] "POST /wp-cron.php?doing_wp_cron=1776977014.8361549377441406250000 HTTP/1.1" 200 448 "-" "WordPress/6.3.8; https://serhatburke.miroglu.net"
193.36.38.228 - - [23/Apr/2026:23:43:21 +0300] "POST /xmlrpc.php HTTP/1.1" 200 692 "-" "Mozilla/5.0 (Windows NT 10.0; Win64; x64) AppleWebKit/537.36 (KHTML, like Gecko) Chrome/114.0.0.0 Safari/537.36"
193.36.38.228 - - [23/Apr/2026:23:43:40 +0300] "POST /xmlrpc.php HTTP/1.1" 200 8823 "-" "Mozilla/5.0 (Windows NT 10.0; Win64; x64) AppleWebKit/537.36 (KHTML, like Gecko) Chrome/114.0.0.0 Safari/537.36"
193.36.38.228 - - [23/Apr/2026:23:43:53 +0300] "GET /yet-not-if-you-would-like-quick-payouts-it-is-best-to-prevent-the-after-the-fee-procedures/ HTTP/1.1" 200 72623 "-" "Mozilla/5.0 (Windows NT 10.0; Win64; x64) AppleWebKit/537.36 (KHTML, like Gecko) Chrome/123.0.0.0 Safari/537.36"
151.244.111.202 - - [23/Apr/2026:23:44:08 +0300] "GET /freelance-dienstleistungen-fur-sportwetten-2/ HTTP/1.1" 200 306677 "-" "Screaming Frog SEO Spider/16.7"
185.216.113.70 - - [23/Apr/2026:23:45:55 +0300] "POST /wp-cron.php?doing_wp_cron=1776977154.9001750946044921875000 HTTP/1.1" 200 448 "-" "WordPress/6.3.8; https://serhatburke.miroglu.net"
153.67.187.124 - - [23/Apr/2026:23:45:41 +0300] "POST /xmlrpc.php HTTP/2" 200 140 "-" "WordPress/XMLRPC Client"
153.67.187.124 - - [23/Apr/2026:23:45:55 +0300] "GET /?p=131212 HTTP/2" 301 0 "-" "Mozilla/5.0 (Windows NT 10.0; Win64; x64) AppleWebKit/537.36 (KHTML, like Gecko) Chrome/120.0.0.0 Safari/537.36"
198.145.97.101 - - [23/Apr/2026:23:46:10 +0300] "POST /xmlrpc.php HTTP/1.1" 200 761 "-" "Mozilla/5.0 (Windows NT 10.0; WOW64; rv:45.0) Gecko/20100101 Firefox/45.0"
185.216.113.70 - - [23/Apr/2026:23:46:54 +0300] "POST /wp-cron.php?doing_wp_cron=1776977213.8773140907287597656250 HTTP/1.1" 200 448 "-" "WordPress/6.3.8; https://serhatburke.miroglu.net"
198.145.97.101 - - [23/Apr/2026:23:46:34 +0300] "POST /xmlrpc.php HTTP/1.1" 200 674 "-" "Mozilla/5.0 (Windows NT 10.0; WOW64; rv:45.0) Gecko/20100101 Firefox/45.0"
198.145.97.101 - - [23/Apr/2026:23:46:57 +0300] "POST /xmlrpc.php HTTP/1.1" 200 8703 "-" "Mozilla/5.0 (Windows NT 10.0; WOW64; rv:45.0) Gecko/20100101 Firefox/45.0"
198.145.97.101 - - [23/Apr/2026:23:47:17 +0300] "GET /alocs-caps-hats-just-restocked/ HTTP/1.1" 200 26614 "-" "Mozilla/5.0 (Windows NT 10.0; WOW64; rv:45.0) Gecko/20100101 Firefox/45.0"
185.216.113.70 - - [23/Apr/2026:23:47:40 +0300] "POST /wp-cron.php?doing_wp_cron=1776977260.2393820285797119140625 HTTP/1.1" 200 448 "-" "WordPress/6.3.8; https://serhatburke.miroglu.net"
40.77.167.63 - - [23/Apr/2026:23:47:28 +0300] "GET /kraken-bezopasnyi-dostup-k-onion-resursam-darkneta/ HTTP/2" 200 18666 "-" "Mozilla/5.0 AppleWebKit/537.36 (KHTML, like Gecko; compatible; bingbot/2.0; +http://www.bing.com/bingbot.htm) Chrome/116.0.1938.76 Safari/537.36"
40.77.167.7 - - [23/Apr/2026:23:47:39 +0300] "GET /diese-besten-paypal-casinos-im-probe-sichere-ein-und-auszahlungen/ HTTP/2" 200 20352 "-" "Mozilla/5.0 AppleWebKit/537.36 (KHTML, like Gecko; compatible; bingbot/2.0; +http://www.bing.com/bingbot.htm) Chrome/116.0.1938.76 Safari/537.36"
185.216.113.70 - - [23/Apr/2026:23:49:00 +0300] "POST /wp-cron.php?doing_wp_cron=1776977339.1241168975830078125000 HTTP/1.1" 200 448 "-" "WordPress/6.3.8; https://serhatburke.miroglu.net"
37.27.132.190 - - [23/Apr/2026:23:48:45 +0300] "GET / HTTP/1.1" 200 18536 "-" "Mozilla/5.0 (X11; Linux x86_64) AppleWebKit/537.36 (KHTML, like Gecko) Chrome/142.0.0.0 Safari/537.36"
37.27.132.190 - - [23/Apr/2026:23:49:02 +0300] "POST /xmlrpc.php HTTP/1.1" 200 735 "https://serhatburke.miroglu.net" "Mozilla/5.0 (X11; Linux x86_64) AppleWebKit/537.36 (KHTML, like Gecko) Chrome/142.0.0.0 Safari/537.36"
40.77.167.151 - - [23/Apr/2026:23:49:23 +0300] "GET /post-sitemap.xml HTTP/2" 200 86750 "-" "Mozilla/5.0 AppleWebKit/537.36 (KHTML, like Gecko; compatible; bingbot/2.0; +http://www.bing.com/bingbot.htm) Chrome/116.0.1938.76 Safari/537.36"
185.216.113.70 - - [23/Apr/2026:23:53:56 +0300] "POST /wp-cron.php?doing_wp_cron=1776977636.1531150341033935546875 HTTP/1.1" 200 448 "-" "WordPress/6.3.8; https://serhatburke.miroglu.net"
103.122.2.107 - - [23/Apr/2026:23:53:42 +0300] "GET /casino-online-skrill-prelievo-veloce/ HTTP/1.1" 200 18641 "https://serhatburke.miroglu.net/" "Mozilla/5.0 (Windows NT 10.0; Win64; x64) AppleWebKit/537.36 (KHTML, like Gecko) Chrome/114.0.0.0 Safari/537.36 Vivaldi/5.3.2679.68"
103.134.246.104 - - [23/Apr/2026:23:55:53 +0300] "GET /wp-content/themes/toppic/style.css?ver=4.2 HTTP/1.1" 200 23398 "https://serhatburke.miroglu.net/casino-online-skrill-prelievo-veloce/" "Mozilla/5.0 (Windows NT 10.0; Win64; x64) AppleWebKit/537.36 (KHTML, like Gecko) Chrome/143.0.0.0 Safari/537.36"
185.216.113.70 - - [23/Apr/2026:23:57:03 +0300] "POST /wp-cron.php?doing_wp_cron=1776977823.1482689380645751953125 HTTP/1.1" 200 448 "-" "WordPress/6.3.8; https://serhatburke.miroglu.net"
23.26.149.198 - - [23/Apr/2026:23:56:50 +0300] "POST /xmlrpc.php HTTP/1.1" 200 4696 "-" "Mozilla/5.0 (Windows NT 10.0; WOW64; rv:45.0) Gecko/20100101 Firefox/45.0"
23.26.149.198 - - [23/Apr/2026:23:57:03 +0300] "POST /xmlrpc.php HTTP/1.1" 200 491 "-" "Mozilla/5.0 (Windows NT 10.0; WOW64; rv:45.0) Gecko/20100101 Firefox/45.0"
193.36.38.228 - - [23/Apr/2026:23:57:04 +0300] "POST /xmlrpc.php HTTP/1.1" 200 692 "-" "Mozilla/5.0 (Windows NT 10.0; Win64; x64) AppleWebKit/537.36 (KHTML, like Gecko) Chrome/114.0.0.0 Safari/537.36"
185.216.113.70 - - [23/Apr/2026:23:57:36 +0300] "POST /wp-cron.php?doing_wp_cron=1776977855.9887039661407470703125 HTTP/1.1" 200 448 "-" "WordPress/6.3.8; https://serhatburke.miroglu.net"
23.26.149.198 - - [23/Apr/2026:23:57:23 +0300] "GET / HTTP/1.1" 200 21212 "-" "Mozilla/5.0 (Windows NT 10.0; Win64; x64; rv:56.0) Gecko/20100101 Firefox/56.0"
23.26.149.198 - - [23/Apr/2026:23:57:37 +0300] "GET /wp-includes/css/dist/block-library/style.min.css?ver=6.3.8 HTTP/1.1" 200 14241 "https://serhatburke.miroglu.net/" "Mozilla/5.0 (Windows NT 10.0; Win64; x64; rv:56.0) Gecko/20100101 Firefox/56.0"
23.26.149.198 - - [23/Apr/2026:23:57:37 +0300] "GET /wp-content/plugins/contact-form-7/includes/css/styles.css?ver=5.8 HTTP/1.1" 200 1441 "https://serhatburke.miroglu.net/" "Mozilla/5.0 (Windows NT 10.0; Win64; x64; rv:56.0) Gecko/20100101 Firefox/56.0"
23.26.149.198 - - [23/Apr/2026:23:57:37 +0300] "GET /wp-content/themes/toppic/css/fontello.css?ver=4.2 HTTP/1.1" 200 1766 "https://serhatburke.miroglu.net/" "Mozilla/5.0 (Windows NT 10.0; Win64; x64; rv:56.0) Gecko/20100101 Firefox/56.0"
23.26.149.198 - - [23/Apr/2026:23:57:38 +0300] "GET /wp-content/themes/toppic/css/woocommerce.css?ver=4.2 HTTP/1.1" 200 2816 "https://serhatburke.miroglu.net/" "Mozilla/5.0 (Windows NT 10.0; Win64; x64; rv:56.0) Gecko/20100101 Firefox/56.0"
23.26.149.198 - - [23/Apr/2026:23:57:38 +0300] "GET /wp-content/themes/toppic/css/default.css?ver=4.2 HTTP/1.1" 200 1951 "https://serhatburke.miroglu.net/" "Mozilla/5.0 (Windows NT 10.0; Win64; x64; rv:56.0) Gecko/20100101 Firefox/56.0"
23.26.149.198 - - [23/Apr/2026:23:57:38 +0300] "GET /wp-content/themes/toppic/css/royalslider.css?ver=4.2 HTTP/1.1" 200 2007 "https://serhatburke.miroglu.net/" "Mozilla/5.0 (Windows NT 10.0; Win64; x64; rv:56.0) Gecko/20100101 Firefox/56.0"
23.26.149.198 - - [23/Apr/2026:23:57:38 +0300] "GET /wp-content/themes/toppic/css/reset.css?ver=4.2 HTTP/1.1" 200 1275 "https://serhatburke.miroglu.net/" "Mozilla/5.0 (Windows NT 10.0; Win64; x64; rv:56.0) Gecko/20100101 Firefox/56.0"
23.26.149.198 - - [23/Apr/2026:23:57:38 +0300] "GET /wp-content/themes/toppic/css/rs-default.css?ver=4.2 HTTP/1.1" 200 2788 "https://serhatburke.miroglu.net/" "Mozilla/5.0 (Windows NT 10.0; Win64; x64; rv:56.0) Gecko/20100101 Firefox/56.0"
23.26.149.198 - - [23/Apr/2026:23:57:38 +0300] "GET /wp-content/themes/toppic/style.css?ver=4.2 HTTP/1.1" 200 23964 "https://serhatburke.miroglu.net/" "Mozilla/5.0 (Windows NT 10.0; Win64; x64; rv:56.0) Gecko/20100101 Firefox/56.0"
23.26.149.198 - - [23/Apr/2026:23:57:38 +0300] "GET /wp-content/themes/toppic/css/lightbox.css?ver=4.2 HTTP/1.1" 200 3115 "https://serhatburke.miroglu.net/" "Mozilla/5.0 (Windows NT 10.0; Win64; x64; rv:56.0) Gecko/20100101 Firefox/56.0"
23.26.149.198 - - [23/Apr/2026:23:57:38 +0300] "GET /wp-content/themes/toppic/js/jquery.mtree.js?ver=4.2 HTTP/1.1" 200 1444 "https://serhatburke.miroglu.net/" "Mozilla/5.0 (Windows NT 10.0; Win64; x64; rv:56.0) Gecko/20100101 Firefox/56.0"
23.26.149.198 - - [23/Apr/2026:23:57:38 +0300] "GET /wp-content/themes/toppic/css/responsive.css?ver=4.2 HTTP/1.1" 200 2938 "https://serhatburke.miroglu.net/" "Mozilla/5.0 (Windows NT 10.0; Win64; x64; rv:56.0) Gecko/20100101 Firefox/56.0"
23.26.149.198 - - [23/Apr/2026:23:57:38 +0300] "GET /wp-content/plugins/google-analytics-for-wordpress/assets/js/frontend-gtag.min.js?ver=10.1.3 HTTP/1.1" 200 3913 "https://serhatburke.miroglu.net/" "Mozilla/5.0 (Windows NT 10.0; Win64; x64; rv:56.0) Gecko/20100101 Firefox/56.0"
23.26.149.198 - - [23/Apr/2026:23:57:38 +0300] "GET /wp-includes/js/jquery/jquery.min.js?ver=3.7.0 HTTP/1.1" 200 31019 "https://serhatburke.miroglu.net/" "Mozilla/5.0 (Windows NT 10.0; Win64; x64; rv:56.0) Gecko/20100101 Firefox/56.0"
23.26.149.198 - - [23/Apr/2026:23:57:38 +0300] "GET /wp-content/plugins/roses-like-this/likesScript.js?ver=6.3.8 HTTP/1.1" 200 1342 "https://serhatburke.miroglu.net/" "Mozilla/5.0 (Windows NT 10.0; Win64; x64; rv:56.0) Gecko/20100101 Firefox/56.0"
23.26.149.198 - - [23/Apr/2026:23:57:38 +0300] "GET /wp-includes/js/jquery/jquery-migrate.min.js?ver=3.4.1 HTTP/1.1" 200 5500 "https://serhatburke.miroglu.net/" "Mozilla/5.0 (Windows NT 10.0; Win64; x64; rv:56.0) Gecko/20100101 Firefox/56.0"
23.26.149.198 - - [23/Apr/2026:23:57:38 +0300] "GET /wp-content/plugins/contact-form-7/includes/swv/js/index.js?ver=5.8 HTTP/1.1" 200 3829 "https://serhatburke.miroglu.net/" "Mozilla/5.0 (Windows NT 10.0; Win64; x64; rv:56.0) Gecko/20100101 Firefox/56.0"
23.26.149.198 - - [23/Apr/2026:23:57:38 +0300] "GET /wp-content/themes/toppic/js/jquery.tipsy.js?ver=4.2 HTTP/1.1" 200 1401 "https://serhatburke.miroglu.net/" "Mozilla/5.0 (Windows NT 10.0; Win64; x64; rv:56.0) Gecko/20100101 Firefox/56.0"
23.26.149.198 - - [23/Apr/2026:23:57:38 +0300] "GET /wp-content/themes/toppic/js/jquery.transit.min.js?ver=4.2 HTTP/1.1" 200 3205 "https://serhatburke.miroglu.net/" "Mozilla/5.0 (Windows NT 10.0; Win64; x64; rv:56.0) Gecko/20100101 Firefox/56.0"
23.26.149.198 - - [23/Apr/2026:23:57:38 +0300] "GET /wp-content/themes/toppic/js/scrollMonitor.js?ver=4.2 HTTP/1.1" 200 3100 "https://serhatburke.miroglu.net/" "Mozilla/5.0 (Windows NT 10.0; Win64; x64; rv:56.0) Gecko/20100101 Firefox/56.0"
23.26.149.198 - - [23/Apr/2026:23:57:38 +0300] "GET /wp-content/plugins/contact-form-7/includes/js/index.js?ver=5.8 HTTP/1.1" 200 4793 "https://serhatburke.miroglu.net/" "Mozilla/5.0 (Windows NT 10.0; Win64; x64; rv:56.0) Gecko/20100101 Firefox/56.0"
23.26.149.198 - - [23/Apr/2026:23:57:38 +0300] "GET /wp-content/themes/toppic/js/jquery.touchswipe.js?ver=4.2 HTTP/1.1" 200 5344 "https://serhatburke.miroglu.net/" "Mozilla/5.0 (Windows NT 10.0; Win64; x64; rv:56.0) Gecko/20100101 Firefox/56.0"
23.26.149.198 - - [23/Apr/2026:23:57:38 +0300] "GET /wp-content/themes/toppic/js/jquery.parallax.custom.js?ver=4.2 HTTP/1.1" 200 1461 "https://serhatburke.miroglu.net/" "Mozilla/5.0 (Windows NT 10.0; Win64; x64; rv:56.0) Gecko/20100101 Firefox/56.0"
23.26.149.198 - - [23/Apr/2026:23:57:38 +0300] "GET /wp-content/themes/toppic/js/jquery.modernizr.custom.js?ver=4.2 HTTP/1.1" 200 3513 "https://serhatburke.miroglu.net/" "Mozilla/5.0 (Windows NT 10.0; Win64; x64; rv:56.0) Gecko/20100101 Firefox/56.0"
23.26.149.198 - - [23/Apr/2026:23:57:38 +0300] "GET /wp-content/themes/toppic/js/jquery.kenb.js?ver=4.2 HTTP/1.1" 200 1807 "https://serhatburke.miroglu.net/" "Mozilla/5.0 (Windows NT 10.0; Win64; x64; rv:56.0) Gecko/20100101 Firefox/56.0"
23.26.149.198 - - [23/Apr/2026:23:57:38 +0300] "GET /wp-content/themes/toppic/js/jquery.royalslider.min.js?ver=4.2 HTTP/1.1" 200 19187 "https://serhatburke.miroglu.net/" "Mozilla/5.0 (Windows NT 10.0; Win64; x64; rv:56.0) Gecko/20100101 Firefox/56.0"
23.26.149.198 - - [23/Apr/2026:23:57:38 +0300] "GET /wp-content/themes/toppic/js/jquery.magnific-popup.min.js?ver=4.2 HTTP/1.1" 200 8048 "https://serhatburke.miroglu.net/" "Mozilla/5.0 (Windows NT 10.0; Win64; x64; rv:56.0) Gecko/20100101 Firefox/56.0"
23.26.149.198 - - [23/Apr/2026:23:57:38 +0300] "GET /wp-content/themes/toppic/js/jquery.custom.js?ver=4.2 HTTP/1.1" 200 9046 "https://serhatburke.miroglu.net/" "Mozilla/5.0 (Windows NT 10.0; Win64; x64; rv:56.0) Gecko/20100101 Firefox/56.0"
23.26.149.198 - - [23/Apr/2026:23:57:38 +0300] "GET /wp-content/themes/toppic/js/lazysizes.min.js?ver=4.2 HTTP/1.1" 200 3766 "https://serhatburke.miroglu.net/" "Mozilla/5.0 (Windows NT 10.0; Win64; x64; rv:56.0) Gecko/20100101 Firefox/56.0"
23.26.149.198 - - [23/Apr/2026:23:57:38 +0300] "GET /wp-content/uploads/2023/08/LOGO-1.png HTTP/1.1" 200 5922 "https://serhatburke.miroglu.net/" "Mozilla/5.0 (Windows NT 10.0; Win64; x64; rv:56.0) Gecko/20100101 Firefox/56.0"
23.26.149.198 - - [23/Apr/2026:23:57:38 +0300] "GET /wp-content/uploads/2023/08/favicon-16x16-3.png HTTP/1.1" 200 917 "https://serhatburke.miroglu.net/" "Mozilla/5.0 (Windows NT 10.0; Win64; x64; rv:56.0) Gecko/20100101 Firefox/56.0"
23.26.149.198 - - [23/Apr/2026:23:57:39 +0300] "GET /wp-content/themes/toppic/css/font/fontello.woff2?64692809 HTTP/1.1" 200 8749 "https://serhatburke.miroglu.net/wp-content/themes/toppic/css/fontello.css?ver=4.2" "Mozilla/5.0 (Windows NT 10.0; Win64; x64; rv:56.0) Gecko/20100101 Firefox/56.0"
23.26.149.198 - - [23/Apr/2026:23:57:39 +0300] "GET /wp-includes/js/wp-emoji-release.min.js?ver=6.3.8 HTTP/1.1" 200 5504 "https://serhatburke.miroglu.net/" "Mozilla/5.0 (Windows NT 10.0; Win64; x64; rv:56.0) Gecko/20100101 Firefox/56.0"
193.36.38.228 - - [23/Apr/2026:23:57:28 +0300] "POST /xmlrpc.php HTTP/1.1" 200 10994 "-" "Mozilla/5.0 (Windows NT 10.0; Win64; x64) AppleWebKit/537.36 (KHTML, like Gecko) Chrome/114.0.0.0 Safari/537.36"
193.36.38.228 - - [23/Apr/2026:23:57:41 +0300] "GET /of-a-lot-crypto-centric-programs-promote-%EF%BF%BDno-kyc%EF%BF%BD-otherwise-simplistic-verification-techniques-for-cryptocurrency-deals/ HTTP/1.1" 200 75997 "-" "Mozilla/5.0 (Windows NT 10.0; Win64; x64) AppleWebKit/537.36 (KHTML, like Gecko) Chrome/122.0.0.0 Safari/537.36"
216.128.180.172 - - [23/Apr/2026:23:58:15 +0300] "POST /xmlrpc.php HTTP/1.1" 200 630 "-" "Mozilla/5.0 (Windows NT 10.0; Win64; x64) AppleWebKit/537.36 (KHTML, like Gecko) Chrome/114.0.0.0 Safari/537.36"
185.216.113.70 - - [23/Apr/2026:23:58:49 +0300] "POST /wp-cron.php?doing_wp_cron=1776977929.7710819244384765625000 HTTP/1.1" 200 448 "-" "WordPress/6.3.8; https://serhatburke.miroglu.net"
193.36.38.228 - - [23/Apr/2026:23:58:35 +0300] "POST /xmlrpc.php HTTP/1.1" 200 692 "-" "Mozilla/5.0 (Windows NT 10.0; Win64; x64) AppleWebKit/537.36 (KHTML, like Gecko) Chrome/114.0.0.0 Safari/537.36"
216.128.180.172 - - [23/Apr/2026:23:58:39 +0300] "POST /xmlrpc.php HTTP/1.1" 200 8779 "-" "Mozilla/5.0 (Windows NT 10.0; Win64; x64) AppleWebKit/537.36 (KHTML, like Gecko) Chrome/114.0.0.0 Safari/537.36"
216.128.180.172 - - [23/Apr/2026:23:58:54 +0300] "GET /this-really-is-ideal-for-taking-a-head-start-in-order-to-to-play-harbors-and-you-may-table-game-on-line/ HTTP/1.1" 200 72996 "-" "Mozilla/5.0 (Windows NT 10.0; Win64; x64; rv:124.0) Gecko/20100101 Firefox/124.0"
193.36.38.228 - - [23/Apr/2026:23:58:58 +0300] "POST /xmlrpc.php HTTP/1.1" 200 8466 "-" "Mozilla/5.0 (Windows NT 10.0; Win64; x64) AppleWebKit/537.36 (KHTML, like Gecko) Chrome/114.0.0.0 Safari/537.36"
193.36.38.228 - - [23/Apr/2026:23:59:19 +0300] "GET /therefore-there-isnt-any-method-in-which-you-could-potentially-ensure-an-earn-within-a-bona-fide-currency-online-casino/ HTTP/1.1" 200 73283 "-" "Mozilla/5.0 (Windows NT 10.0; Win64; x64) AppleWebKit/537.36 (KHTML, like Gecko) Chrome/123.0.0.0 Safari/537.36 OPR/109.0.0.0"
193.36.38.226 - - [23/Apr/2026:23:59:20 +0300] "POST /xmlrpc.php HTTP/1.1" 200 692 "-" "Mozilla/5.0 (Windows NT 10.0; Win64; x64) AppleWebKit/537.36 (KHTML, like Gecko) Chrome/114.0.0.0 Safari/537.36"
185.216.113.70 - - [23/Apr/2026:23:59:44 +0300] "POST /wp-cron.php?doing_wp_cron=1776977984.1639471054077148437500 HTTP/1.1" 200 448 "-" "WordPress/6.3.8; https://serhatburke.miroglu.net"
178.159.37.4 - - [23/Apr/2026:23:59:27 +0300] "POST /xmlrpc.php HTTP/1.1" 200 1155 "-" "Mozilla/5.0 (X11; Linux x86_64) AppleWebKit/537.36 (KHTML, like Gecko) Chrome/114.0.0.0 Safari/537.36"
193.36.38.226 - - [23/Apr/2026:23:59:43 +0300] "POST /xmlrpc.php HTTP/1.1" 200 11910 "-" "Mozilla/5.0 (Windows NT 10.0; Win64; x64) AppleWebKit/537.36 (KHTML, like Gecko) Chrome/114.0.0.0 Safari/537.36"
66.249.73.14 - - [23/Apr/2026:23:59:56 +0300] "GET /celebrate-9casino-uk-big-slot-wins-with-us/undefined?ts=1775520000 HTTP/1.1" 200 0 "https://serhatburke.miroglu.net/celebrate-9casino-uk-big-slot-wins-with-us/" "Mozilla/5.0 (Linux; Android 6.0.1; Nexus 5X Build/MMB29P) AppleWebKit/537.36 (KHTML, like Gecko) Chrome/146.0.7680.177 Mobile Safari/537.36 (compatible; Googlebot/2.1; +http://www.google.com/bot.html)"
66.249.73.14 - - [24/Apr/2026:00:00:11 +0300] "GET /celebrate-9casino-uk-big-slot-wins-with-us/undefined?ts=1775520000 HTTP/1.1" 200 0 "https://serhatburke.miroglu.net/celebrate-9casino-uk-big-slot-wins-with-us/" "Mozilla/5.0 (Linux; Android 6.0.1; Nexus 5X Build/MMB29P) AppleWebKit/537.36 (KHTML, like Gecko) Chrome/146.0.7680.177 Mobile Safari/537.36 (compatible; Googlebot/2.1; +http://www.google.com/bot.html)"
193.36.38.226 - - [24/Apr/2026:00:00:04 +0300] "GET /less-than-you-can-find-the-choice-for-the-current-best-gambling-enterprise-so-youre-able-to-gamble-position-online-game-during-the/ HTTP/1.1" 200 76829 "-" "Mozilla/5.0 (Windows NT 10.0; Win64; x64) AppleWebKit/537.36 (KHTML, like Gecko) Chrome/123.0.0.0 Safari/537.36"
66.249.76.77 - - [24/Apr/2026:00:00:22 +0300] "GET /celebrate-9casino-uk-big-slot-wins-with-us/undefined?ts=1775520000 HTTP/1.1" 200 0 "https://serhatburke.miroglu.net/celebrate-9casino-uk-big-slot-wins-with-us/" "Mozilla/5.0 (Linux; Android 6.0.1; Nexus 5X Build/MMB29P) AppleWebKit/537.36 (KHTML, like Gecko) Chrome/146.0.7680.177 Mobile Safari/537.36 (compatible; Googlebot/2.1; +http://www.google.com/bot.html)"
193.36.38.228 - - [24/Apr/2026:00:00:21 +0300] "POST /xmlrpc.php HTTP/1.1" 200 692 "-" "Mozilla/5.0 (Windows NT 10.0; Win64; x64) AppleWebKit/537.36 (KHTML, like Gecko) Chrome/114.0.0.0 Safari/537.36"
185.216.113.70 - - [24/Apr/2026:00:00:57 +0300] "POST /wp-cron.php?doing_wp_cron=1776978057.1841080188751220703125 HTTP/1.1" 200 448 "-" "WordPress/6.3.8; https://serhatburke.miroglu.net"
193.36.38.228 - - [24/Apr/2026:00:00:43 +0300] "POST /xmlrpc.php HTTP/1.1" 200 11685 "-" "Mozilla/5.0 (Windows NT 10.0; Win64; x64) AppleWebKit/537.36 (KHTML, like Gecko) Chrome/114.0.0.0 Safari/537.36"
193.36.38.228 - - [24/Apr/2026:00:00:58 +0300] "GET /for-us-users-regarding-the-kept-42-claims-offshore-casinos-are-the-newest-pribling/ HTTP/1.1" 200 75506 "-" "Mozilla/5.0 (Windows NT 10.0; Win64; x64) AppleWebKit/537.36 (KHTML, like Gecko) Chrome/122.0.0.0 Safari/537.36"
66.249.73.14 - - [24/Apr/2026:00:01:24 +0300] "GET /celebrate-9casino-uk-big-slot-wins-with-us/undefined?ts=1775520000 HTTP/1.1" 200 0 "https://serhatburke.miroglu.net/celebrate-9casino-uk-big-slot-wins-with-us/" "Mozilla/5.0 (Linux; Android 6.0.1; Nexus 5X Build/MMB29P) AppleWebKit/537.36 (KHTML, like Gecko) Chrome/146.0.7680.177 Mobile Safari/537.36 (compatible; Googlebot/2.1; +http://www.google.com/bot.html)"
185.216.113.70 - - [24/Apr/2026:00:01:43 +0300] "POST /wp-cron.php?doing_wp_cron=1776978103.8831999301910400390625 HTTP/1.1" 200 448 "-" "WordPress/6.3.8; https://serhatburke.miroglu.net"
66.249.73.14 - - [24/Apr/2026:00:01:55 +0300] "GET /celebrate-9casino-uk-big-slot-wins-with-us/ HTTP/1.1" 200 0 "https://jraws.magmaflow-games.biz/" "Mozilla/5.0 (Linux; Android 6.0.1; Nexus 5X Build/MMB29P) AppleWebKit/537.36 (KHTML, like Gecko) Chrome/146.0.7680.177 Mobile Safari/537.36 (compatible; Googlebot/2.1; +http://www.google.com/bot.html)"
193.36.38.226 - - [24/Apr/2026:00:01:49 +0300] "POST /xmlrpc.php HTTP/1.1" 200 692 "-" "Mozilla/5.0 (Windows NT 10.0; Win64; x64) AppleWebKit/537.36 (KHTML, like Gecko) Chrome/114.0.0.0 Safari/537.36"
193.36.38.228 - - [24/Apr/2026:00:01:51 +0300] "POST /xmlrpc.php HTTP/1.1" 200 692 "-" "Mozilla/5.0 (Windows NT 10.0; Win64; x64) AppleWebKit/537.36 (KHTML, like Gecko) Chrome/114.0.0.0 Safari/537.36"
185.216.113.70 - - [24/Apr/2026:00:02:30 +0300] "POST /wp-cron.php?doing_wp_cron=1776978150.2345058917999267578125 HTTP/1.1" 200 448 "-" "WordPress/6.3.8; https://serhatburke.miroglu.net"
193.36.38.226 - - [24/Apr/2026:00:02:15 +0300] "POST /xmlrpc.php HTTP/1.1" 200 9286 "-" "Mozilla/5.0 (Windows NT 10.0; Win64; x64) AppleWebKit/537.36 (KHTML, like Gecko) Chrome/114.0.0.0 Safari/537.36"
193.36.38.228 - - [24/Apr/2026:00:02:21 +0300] "POST /xmlrpc.php HTTP/1.1" 200 10691 "-" "Mozilla/5.0 (Windows NT 10.0; Win64; x64) AppleWebKit/537.36 (KHTML, like Gecko) Chrome/114.0.0.0 Safari/537.36"
193.36.38.226 - - [24/Apr/2026:00:02:33 +0300] "GET /less-than-you-will-find-listed-the-best-live-online-casino-games-based-on-players-over-the-united-kingdom/ HTTP/1.1" 200 73456 "-" "Mozilla/5.0 (Windows NT 10.0; Win64; x64) AppleWebKit/537.36 (KHTML, like Gecko) Chrome/109.0.0.0 Safari/537.36"
193.36.38.228 - - [24/Apr/2026:00:02:42 +0300] "GET /the-latest-nigerian-online-gaming-marketplace-is-booming-yet-not-every-programs-is-safe-or-fair/ HTTP/1.1" 200 74774 "-" "Mozilla/5.0 (Windows NT 10.0; Win64; x64) AppleWebKit/537.36 (KHTML, like Gecko) Chrome/123.0.0.0 Safari/537.36"
185.216.113.70 - - [24/Apr/2026:00:03:42 +0300] "POST /wp-cron.php?doing_wp_cron=1776978221.9140210151672363281250 HTTP/1.1" 200 448 "-" "WordPress/6.3.8; https://serhatburke.miroglu.net"
193.36.38.228 - - [24/Apr/2026:00:03:29 +0300] "POST /xmlrpc.php HTTP/1.1" 200 692 "-" "Mozilla/5.0 (Windows NT 10.0; Win64; x64) AppleWebKit/537.36 (KHTML, like Gecko) Chrome/114.0.0.0 Safari/537.36"
193.36.38.228 - - [24/Apr/2026:00:03:49 +0300] "POST /xmlrpc.php HTTP/1.1" 200 9564 "-" "Mozilla/5.0 (Windows NT 10.0; Win64; x64) AppleWebKit/537.36 (KHTML, like Gecko) Chrome/114.0.0.0 Safari/537.36"
193.36.38.228 - - [24/Apr/2026:00:04:03 +0300] "GET /an-usually-over-searched-aspect-of-high-quality-a-real-income-gambling-enterprises-s-the-group-of-fee-actions/ HTTP/1.1" 200 74201 "-" "Mozilla/5.0 (Windows NT 10.0; rv:109.0) Gecko/20100101 Firefox/115.0"
66.249.73.1 - - [24/Apr/2026:00:04:17 +0300] "GET /celebrate-9casino-uk-big-slot-wins-with-us/ HTTP/1.1" 200 0 "https://toawmzi.orbitflux-games.digital/" "Mozilla/5.0 (Linux; Android 6.0.1; Nexus 5X Build/MMB29P) AppleWebKit/537.36 (KHTML, like Gecko) Chrome/146.0.7680.177 Mobile Safari/537.36 (compatible; Googlebot/2.1; +http://www.google.com/bot.html)"
185.216.113.70 - - [24/Apr/2026:00:04:59 +0300] "POST /wp-cron.php?doing_wp_cron=1776978299.0259830951690673828125 HTTP/1.1" 200 448 "-" "WordPress/6.3.8; https://serhatburke.miroglu.net"
193.36.38.226 - - [24/Apr/2026:00:04:46 +0300] "POST /xmlrpc.php HTTP/1.1" 200 692 "-" "Mozilla/5.0 (Windows NT 10.0; Win64; x64) AppleWebKit/537.36 (KHTML, like Gecko) Chrome/114.0.0.0 Safari/537.36"
193.36.38.228 - - [24/Apr/2026:00:04:54 +0300] "POST /xmlrpc.php HTTP/1.1" 200 692 "-" "Mozilla/5.0 (Windows NT 10.0; Win64; x64) AppleWebKit/537.36 (KHTML, like Gecko) Chrome/114.0.0.0 Safari/537.36"
193.36.38.226 - - [24/Apr/2026:00:05:09 +0300] "POST /xmlrpc.php HTTP/1.1" 200 10454 "-" "Mozilla/5.0 (Windows NT 10.0; Win64; x64) AppleWebKit/537.36 (KHTML, like Gecko) Chrome/114.0.0.0 Safari/537.36"
193.36.38.228 - - [24/Apr/2026:00:05:15 +0300] "POST /xmlrpc.php HTTP/1.1" 200 9840 "-" "Mozilla/5.0 (Windows NT 10.0; Win64; x64) AppleWebKit/537.36 (KHTML, like Gecko) Chrome/114.0.0.0 Safari/537.36"
185.216.113.70 - - [24/Apr/2026:00:05:40 +0300] "POST /wp-cron.php?doing_wp_cron=1776978340.6721789836883544921875 HTTP/1.1" 200 448 "-" "WordPress/6.3.8; https://serhatburke.miroglu.net"
193.36.38.226 - - [24/Apr/2026:00:05:26 +0300] "GET /to-play-at-best-live-gambling-establishment-web-sites-need-each-other-preparing-and-you-may-punishment/ HTTP/1.1" 200 74704 "-" "Mozilla/5.0 (Windows NT 10.0; rv:125.0) Gecko/20100101 Firefox/125.0"
193.36.38.228 - - [24/Apr/2026:00:05:31 +0300] "GET /they-will-have-looked-acceptance-incentives-respect-software-or-other-campaigns/ HTTP/1.1" 200 73534 "-" "Mozilla/5.0 (Windows NT 10.0; Win64; x64; rv:125.0) Gecko/20100101 Firefox/125.0"
193.36.38.228 - - [24/Apr/2026:00:06:10 +0300] "POST /xmlrpc.php HTTP/1.1" 200 692 "-" "Mozilla/5.0 (Windows NT 10.0; Win64; x64) AppleWebKit/537.36 (KHTML, like Gecko) Chrome/114.0.0.0 Safari/537.36"
185.216.113.70 - - [24/Apr/2026:00:06:48 +0300] "POST /wp-cron.php?doing_wp_cron=1776978408.7254109382629394531250 HTTP/1.1" 200 448 "-" "WordPress/6.3.8; https://serhatburke.miroglu.net"
193.36.38.228 - - [24/Apr/2026:00:06:34 +0300] "POST /xmlrpc.php HTTP/1.1" 200 8636 "-" "Mozilla/5.0 (Windows NT 10.0; Win64; x64) AppleWebKit/537.36 (KHTML, like Gecko) Chrome/114.0.0.0 Safari/537.36"
193.36.38.228 - - [24/Apr/2026:00:06:50 +0300] "GET /we-together-with-have-a-look-at-the-way-the-casinos-games-blend-affects-the-new-total-house-boundary/ HTTP/1.1" 200 72956 "-" "Mozilla/5.0 (Windows NT 10.0; Win64; x64) AppleWebKit/537.36 (KHTML, like Gecko) Chrome/124.0.0.0 Safari/537.36"
185.216.113.70 - - [24/Apr/2026:00:07:44 +0300] "POST /wp-cron.php?doing_wp_cron=1776978464.2929439544677734375000 HTTP/1.1" 200 448 "-" "WordPress/6.3.8; https://serhatburke.miroglu.net"
193.36.38.228 - - [24/Apr/2026:00:07:32 +0300] "POST /xmlrpc.php HTTP/1.1" 200 692 "-" "Mozilla/5.0 (Windows NT 10.0; Win64; x64) AppleWebKit/537.36 (KHTML, like Gecko) Chrome/114.0.0.0 Safari/537.36"
193.36.38.226 - - [24/Apr/2026:00:07:48 +0300] "POST /xmlrpc.php HTTP/1.1" 200 692 "-" "Mozilla/5.0 (Windows NT 10.0; Win64; x64) AppleWebKit/537.36 (KHTML, like Gecko) Chrome/114.0.0.0 Safari/537.36"
193.36.38.228 - - [24/Apr/2026:00:07:50 +0300] "POST /xmlrpc.php HTTP/1.1" 200 9366 "-" "Mozilla/5.0 (Windows NT 10.0; Win64; x64) AppleWebKit/537.36 (KHTML, like Gecko) Chrome/114.0.0.0 Safari/537.36"
193.36.38.228 - - [24/Apr/2026:00:08:10 +0300] "GET /a-generally-over-appeared-facet-of-high-quality-real-cash-casinos-is-the-set-of-percentage-methods/ HTTP/1.1" 200 73591 "-" "Mozilla/5.0 (Windows NT 10.0; Win64; x64) AppleWebKit/537.36 (KHTML, like Gecko) Chrome/109.0.0.0 Safari/537.36"
193.36.38.226 - - [24/Apr/2026:00:08:13 +0300] "POST /xmlrpc.php HTTP/1.1" 200 11846 "-" "Mozilla/5.0 (Windows NT 10.0; Win64; x64) AppleWebKit/537.36 (KHTML, like Gecko) Chrome/114.0.0.0 Safari/537.36"
216.128.180.172 - - [24/Apr/2026:00:08:22 +0300] "POST /xmlrpc.php HTTP/1.1" 200 630 "-" "Mozilla/5.0 (Windows NT 10.0; Win64; x64) AppleWebKit/537.36 (KHTML, like Gecko) Chrome/114.0.0.0 Safari/537.36"
185.216.113.70 - - [24/Apr/2026:00:08:44 +0300] "POST /wp-cron.php?doing_wp_cron=1776978524.2686109542846679687500 HTTP/1.1" 200 448 "-" "WordPress/6.3.8; https://serhatburke.miroglu.net"
193.36.38.226 - - [24/Apr/2026:00:08:29 +0300] "GET /unfortuitously-nothing-of-our-own-seemed-playing-websites-undertake-players-from-the-latest-area/ HTTP/1.1" 200 75753 "-" "Mozilla/5.0 (Windows NT 10.0; Win64; x64; rv:124.0) Gecko/20100101 Firefox/124.0"
216.128.180.172 - - [24/Apr/2026:00:08:45 +0300] "POST /xmlrpc.php HTTP/1.1" 200 13581 "-" "Mozilla/5.0 (Windows NT 10.0; Win64; x64) AppleWebKit/537.36 (KHTML, like Gecko) Chrome/114.0.0.0 Safari/537.36"
193.36.38.228 - - [24/Apr/2026:00:08:54 +0300] "POST /xmlrpc.php HTTP/1.1" 200 692 "-" "Mozilla/5.0 (Windows NT 10.0; Win64; x64) AppleWebKit/537.36 (KHTML, like Gecko) Chrome/114.0.0.0 Safari/537.36"
216.128.180.172 - - [24/Apr/2026:00:09:02 +0300] "GET /crypto-casinos-usually-provide-a-great-deal-more-flexible-offers-versus-conventional-casinos-which-makes-them-appealing-to-users/ HTTP/1.1" 200 78588 "-" "Mozilla/5.0 (Windows NT 10.0; Win64; x64) AppleWebKit/537.36 (KHTML, like Gecko) Chrome/123.0.0.0 Safari/537.36"
193.36.38.228 - - [24/Apr/2026:00:09:16 +0300] "POST /xmlrpc.php HTTP/1.1" 200 8805 "-" "Mozilla/5.0 (Windows NT 10.0; Win64; x64) AppleWebKit/537.36 (KHTML, like Gecko) Chrome/114.0.0.0 Safari/537.36"
185.216.113.70 - - [24/Apr/2026:00:09:42 +0300] "POST /wp-cron.php?doing_wp_cron=1776978582.7037279605865478515625 HTTP/1.1" 200 448 "-" "WordPress/6.3.8; https://serhatburke.miroglu.net"
193.36.38.228 - - [24/Apr/2026:00:09:30 +0300] "GET /our-house-edge-s-the-casinos-centered-within-the-virtue-in-any-considering-online-game/ HTTP/1.1" 200 72705 "-" "Mozilla/5.0 (Windows NT 10.0; Win64; x64; rv:124.0) Gecko/20100101 Firefox/124.0"
128.1.227.231 - - [24/Apr/2026:00:09:57 +0300] "POST /xmlrpc.php HTTP/1.1" 200 630 "-" "Mozilla/5.0 (Windows NT 10.0; Win64; x64) AppleWebKit/537.36 (KHTML, like Gecko) Chrome/114.0.0.0 Safari/537.36"
216.128.180.172 - - [24/Apr/2026:00:09:58 +0300] "POST /xmlrpc.php HTTP/1.1" 200 630 "-" "Mozilla/5.0 (Windows NT 10.0; Win64; x64) AppleWebKit/537.36 (KHTML, like Gecko) Chrome/114.0.0.0 Safari/537.36"
193.36.38.226 - - [24/Apr/2026:00:10:01 +0300] "POST /xmlrpc.php HTTP/1.1" 200 692 "-" "Mozilla/5.0 (Windows NT 10.0; Win64; x64) AppleWebKit/537.36 (KHTML, like Gecko) Chrome/114.0.0.0 Safari/537.36"
193.36.38.228 - - [24/Apr/2026:00:10:11 +0300] "POST /xmlrpc.php HTTP/1.1" 200 692 "-" "Mozilla/5.0 (Windows NT 10.0; Win64; x64) AppleWebKit/537.36 (KHTML, like Gecko) Chrome/114.0.0.0 Safari/537.36"
185.216.113.70 - - [24/Apr/2026:00:10:42 +0300] "POST /wp-cron.php?doing_wp_cron=1776978642.6751871109008789062500 HTTP/1.1" 200 448 "-" "WordPress/6.3.8; https://serhatburke.miroglu.net"
57.128.22.95 - - [24/Apr/2026:00:10:17 +0300] "GET /beste-casino-site-belgie-hoge-inzet/ HTTP/1.1" 200 19037 "-" "Mozilla/5.0 (compatible; Googlebot/2.1; +http://www.google.com/bot.html)"
128.1.227.231 - - [24/Apr/2026:00:10:31 +0300] "POST /xmlrpc.php HTTP/1.1" 200 10715 "-" "Mozilla/5.0 (Windows NT 10.0; Win64; x64) AppleWebKit/537.36 (KHTML, like Gecko) Chrome/114.0.0.0 Safari/537.36"
216.128.180.172 - - [24/Apr/2026:00:10:33 +0300] "POST /xmlrpc.php HTTP/1.1" 200 10469 "-" "Mozilla/5.0 (Windows NT 10.0; Win64; x64) AppleWebKit/537.36 (KHTML, like Gecko) Chrome/114.0.0.0 Safari/537.36"
193.36.38.226 - - [24/Apr/2026:00:10:39 +0300] "POST /xmlrpc.php HTTP/1.1" 200 9208 "-" "Mozilla/5.0 (Windows NT 10.0; Win64; x64) AppleWebKit/537.36 (KHTML, like Gecko) Chrome/114.0.0.0 Safari/537.36"
103.180.152.199 - - [24/Apr/2026:00:10:53 +0300] "GET /zotabet-casino-bonus-premier-depot-2026/ HTTP/1.1" 200 0 "-" "Mozilla/5.0 (Windows NT 10.0; Win64; x64; Xbox; Xbox One) AppleWebKit/537.36 (KHTML, like Gecko) Chrome/114.0.0.0 Safari/537.36 Edge/44.18363.8131"
193.36.38.228 - - [24/Apr/2026:00:10:45 +0300] "POST /xmlrpc.php HTTP/1.1" 200 8429 "-" "Mozilla/5.0 (Windows NT 10.0; Win64; x64) AppleWebKit/537.36 (KHTML, like Gecko) Chrome/114.0.0.0 Safari/537.36"
128.1.227.231 - - [24/Apr/2026:00:11:02 +0300] "GET /casumo-erfahrungen-test-2026-500-provision-spielautomaten-freispielspiele-freispiele/ HTTP/1.1" 200 75025 "-" "Mozilla/5.0 (Windows NT 10.0; rv:125.0) Gecko/20100101 Firefox/125.0"
216.128.180.172 - - [24/Apr/2026:00:11:06 +0300] "GET /incentives-are-a-major-destination-within-online-casinos-and-you-may-immediate-detachment-gambling-enterprises-are-not-any-difference/ HTTP/1.1" 200 75600 "-" "Mozilla/5.0 (Windows NT 10.0; Win64; x64) AppleWebKit/537.36 (KHTML, like Gecko) Chrome/124.0.0.0 Safari/537.36 Edg/124.0.0.0"
185.216.113.70 - - [24/Apr/2026:00:11:51 +0300] "POST /wp-cron.php?doing_wp_cron=1776978711.3450338840484619140625 HTTP/1.1" 200 448 "-" "WordPress/6.3.8; https://serhatburke.miroglu.net"
193.36.38.226 - - [24/Apr/2026:00:11:22 +0300] "GET /the-brand-new-sites-affiliate-amicable-interface-and-you-can-fast-dumps-and-you-will-distributions-make-it-possible-for-people-to-utilize/ HTTP/1.1" 200 74450 "-" "Mozilla/5.0 (Windows NT 10.0; Win64; x64) AppleWebKit/537.36 (KHTML, like Gecko) Chrome/109.0.0.0 Safari/537.36"
185.216.113.70 - - [24/Apr/2026:00:11:56 +0300] "POST /wp-cron.php?doing_wp_cron=1776978716.5498590469360351562500 HTTP/1.1" 200 448 "-" "WordPress/6.3.8; https://serhatburke.miroglu.net"
193.36.38.228 - - [24/Apr/2026:00:11:26 +0300] "GET /all-webpages-into-the-record-more-than-matches-the-criteria-getting-good-higher-high-commission-internet-casino/ HTTP/1.1" 200 72935 "-" "Mozilla/5.0 (Windows NT 10.0; Win64; x64; rv:125.0) Gecko/20100101 Firefox/125.0"
185.216.113.70 - - [24/Apr/2026:00:12:02 +0300] "POST /wp-cron.php?doing_wp_cron=1776978722.2627530097961425781250 HTTP/1.1" 200 448 "-" "WordPress/6.3.8; https://serhatburke.miroglu.net"
193.36.38.228 - - [24/Apr/2026:00:11:33 +0300] "POST /xmlrpc.php HTTP/1.1" 200 692 "-" "Mozilla/5.0 (Windows NT 10.0; Win64; x64) AppleWebKit/537.36 (KHTML, like Gecko) Chrome/114.0.0.0 Safari/537.36"
216.128.180.172 - - [24/Apr/2026:00:11:44 +0300] "POST /xmlrpc.php HTTP/1.1" 200 630 "-" "Mozilla/5.0 (Windows NT 10.0; Win64; x64) AppleWebKit/537.36 (KHTML, like Gecko) Chrome/114.0.0.0 Safari/537.36"
193.36.38.228 - - [24/Apr/2026:00:12:08 +0300] "POST /xmlrpc.php HTTP/1.1" 200 10325 "-" "Mozilla/5.0 (Windows NT 10.0; Win64; x64) AppleWebKit/537.36 (KHTML, like Gecko) Chrome/114.0.0.0 Safari/537.36"
193.36.38.226 - - [24/Apr/2026:00:12:13 +0300] "POST /xmlrpc.php HTTP/1.1" 200 692 "-" "Mozilla/5.0 (Windows NT 10.0; Win64; x64) AppleWebKit/537.36 (KHTML, like Gecko) Chrome/114.0.0.0 Safari/537.36"
216.128.180.172 - - [24/Apr/2026:00:12:23 +0300] "POST /xmlrpc.php HTTP/1.1" 200 10528 "-" "Mozilla/5.0 (Windows NT 10.0; Win64; x64) AppleWebKit/537.36 (KHTML, like Gecko) Chrome/114.0.0.0 Safari/537.36"
185.216.113.70 - - [24/Apr/2026:00:13:04 +0300] "POST /wp-cron.php?doing_wp_cron=1776978784.3403389453887939453125 HTTP/1.1" 200 448 "-" "WordPress/6.3.8; https://serhatburke.miroglu.net"
193.36.38.228 - - [24/Apr/2026:00:12:42 +0300] "GET /as-a-result-it%EF%BF%BDs-really-worth-making-the-effort-to-sort-out-and-that-on-the-web-casinos-is-easiest/ HTTP/1.1" 200 74740 "-" "Mozilla/5.0 (Windows NT 10.0; Win64; x64) AppleWebKit/537.36 (KHTML, like Gecko) Chrome/109.0.0.0 Safari/537.36"
193.36.38.228 - - [24/Apr/2026:00:12:48 +0300] "POST /xmlrpc.php HTTP/1.1" 200 692 "-" "Mozilla/5.0 (Windows NT 10.0; Win64; x64) AppleWebKit/537.36 (KHTML, like Gecko) Chrome/114.0.0.0 Safari/537.36"
216.128.180.172 - - [24/Apr/2026:00:12:48 +0300] "GET /ignition-gambling-enterprise-even-offers-a-welcome-extra-including-a-nice-deposit-meets-for-new-players/ HTTP/1.1" 200 74887 "-" "Mozilla/5.0 (Windows NT 10.0; Win64; x64) AppleWebKit/537.36 (KHTML, like Gecko) Chrome/124.0.0.0 Safari/537.36"
193.36.38.226 - - [24/Apr/2026:00:12:51 +0300] "POST /xmlrpc.php HTTP/1.1" 200 11837 "-" "Mozilla/5.0 (Windows NT 10.0; Win64; x64) AppleWebKit/537.36 (KHTML, like Gecko) Chrome/114.0.0.0 Safari/537.36"
216.128.180.172 - - [24/Apr/2026:00:13:20 +0300] "POST /xmlrpc.php HTTP/1.1" 200 630 "-" "Mozilla/5.0 (Windows NT 10.0; Win64; x64) AppleWebKit/537.36 (KHTML, like Gecko) Chrome/114.0.0.0 Safari/537.36"
193.36.38.228 - - [24/Apr/2026:00:13:22 +0300] "POST /xmlrpc.php HTTP/1.1" 200 9250 "-" "Mozilla/5.0 (Windows NT 10.0; Win64; x64) AppleWebKit/537.36 (KHTML, like Gecko) Chrome/114.0.0.0 Safari/537.36"
193.36.38.226 - - [24/Apr/2026:00:13:22 +0300] "GET /roulette-roulette-try-an-essential-during-the-canadian-gambling-enterprises-giving-multiple-alternatives-next-only-to-black-jack/ HTTP/1.1" 200 76772 "-" "Mozilla/5.0 (Windows NT 10.0; Win64; x64) AppleWebKit/537.36 (KHTML, like Gecko) Chrome/124.0.0.0 Safari/537.36"
185.216.113.70 - - [24/Apr/2026:00:14:04 +0300] "POST /wp-cron.php?doing_wp_cron=1776978844.5312418937683105468750 HTTP/1.1" 200 448 "-" "WordPress/6.3.8; https://serhatburke.miroglu.net"
