98.98.197.195 - - [23/Apr/2026:19:51:00 +0300] "POST /xmlrpc.php HTTP/1.1" 200 9085 "-" "Mozilla/5.0 (Windows NT 10.0; Win64; x64) AppleWebKit/537.36 (KHTML, like Gecko) Chrome/114.0.0.0 Safari/537.36"
185.216.113.70 - - [23/Apr/2026:19:52:29 +0300] "POST /wp-cron.php?doing_wp_cron=1776963148.9343619346618652343750 HTTP/1.1" 200 448 "-" "WordPress/6.3.8; https://serhatburke.miroglu.net"
98.98.197.195 - - [23/Apr/2026:19:51:16 +0300] "POST /xmlrpc.php HTTP/1.1" 200 9083 "-" "Mozilla/5.0 (Windows NT 10.0; Win64; x64) AppleWebKit/537.36 (KHTML, like Gecko) Chrome/114.0.0.0 Safari/537.36"
185.216.113.70 - - [23/Apr/2026:19:53:04 +0300] "POST /wp-cron.php?doing_wp_cron=1776963184.6697969436645507812500 HTTP/1.1" 200 448 "-" "WordPress/6.3.8; https://serhatburke.miroglu.net"
98.98.197.195 - - [23/Apr/2026:19:51:45 +0300] "GET /enjoy-online-poker-for-real-money-1x2-gaming-games-online-in-the-ignition/ HTTP/1.1" 200 70935 "-" "Mozilla/5.0 (Windows NT 10.0; Win64; x64) AppleWebKit/537.36 (KHTML, like Gecko) Chrome/124.0.0.0 Safari/537.36"
185.216.113.70 - - [23/Apr/2026:19:53:30 +0300] "POST /wp-cron.php?doing_wp_cron=1776963210.7669959068298339843750 HTTP/1.1" 200 448 "-" "WordPress/6.3.8; https://serhatburke.miroglu.net"
160.250.186.93 - - [23/Apr/2026:19:52:10 +0300] "POST /wp-comments-post.php HTTP/1.1" 302 1055 "https://serhatburke.miroglu.net/28563-2/" "Mozilla/5.0 (Windows NT 10.0; Win64; x64) AppleWebKit/537.36 (KHTML, like Gecko) Chrome/145.0.0.0 Safari/537.36 Edg/145.0.0.0"
185.216.113.70 - - [23/Apr/2026:19:53:33 +0300] "POST /wp-cron.php?doing_wp_cron=1776963212.9358949661254882812500 HTTP/1.1" 200 448 "-" "WordPress/6.3.8; https://serhatburke.miroglu.net"
98.98.197.195 - - [23/Apr/2026:19:52:05 +0300] "GET /?p=130804 HTTP/1.1" 301 698 "-" "Mozilla/5.0 (Windows NT 10.0; Win64; x64) AppleWebKit/537.36 (KHTML, like Gecko) Chrome/124.0.0.0 Safari/537.36 Edg/124.0.0.0"
185.216.113.70 - - [23/Apr/2026:19:53:44 +0300] "POST /wp-cron.php?doing_wp_cron=1776963224.4299719333648681640625 HTTP/1.1" 200 448 "-" "WordPress/6.3.8; https://serhatburke.miroglu.net"
193.36.38.228 - - [23/Apr/2026:19:52:16 +0300] "POST /xmlrpc.php HTTP/1.1" 200 692 "-" "Mozilla/5.0 (Windows NT 10.0; Win64; x64) AppleWebKit/537.36 (KHTML, like Gecko) Chrome/114.0.0.0 Safari/537.36"
185.216.113.70 - - [23/Apr/2026:19:53:52 +0300] "POST /wp-cron.php?doing_wp_cron=1776963232.0394449234008789062500 HTTP/1.1" 200 448 "-" "WordPress/6.3.8; https://serhatburke.miroglu.net"
128.1.227.231 - - [23/Apr/2026:19:52:19 +0300] "GET /?p=130806 HTTP/1.1" 301 700 "-" "Mozilla/5.0 (Windows NT 10.0; Win64; x64) AppleWebKit/537.36 (KHTML, like Gecko) Chrome/123.0.0.0 Safari/537.36 OPR/109.0.0.0"
185.216.113.70 - - [23/Apr/2026:19:53:54 +0300] "POST /wp-cron.php?doing_wp_cron=1776963233.8559041023254394531250 HTTP/1.1" 200 448 "-" "WordPress/6.3.8; https://serhatburke.miroglu.net"
98.98.197.195 - - [23/Apr/2026:19:52:31 +0300] "GET /on-line-nords-war-slot-machine-real-money-casino-explore-250-bonus-to-the/ HTTP/1.1" 200 71264 "-" "Mozilla/5.0 (Windows NT 10.0; Win64; x64) AppleWebKit/537.36 (KHTML, like Gecko) Chrome/109.0.0.0 Safari/537.36"
185.216.113.70 - - [23/Apr/2026:19:53:59 +0300] "POST /wp-cron.php?doing_wp_cron=1776963239.7357330322265625000000 HTTP/1.1" 200 448 "-" "WordPress/6.3.8; https://serhatburke.miroglu.net"
98.98.197.195 - - [23/Apr/2026:19:52:20 +0300] "GET /evaluamos-a-keen-extremo-el-test-de-utilizar-fruit-shell-combat-romance-online-slot-out-referente-a-todo-local-casino/ HTTP/1.1" 200 72229 "-" "Mozilla/5.0 (Windows NT 10.0; Win64; x64; rv:124.0) Gecko/20100101 Firefox/124.0"
185.216.113.70 - - [23/Apr/2026:19:54:51 +0300] "POST /wp-cron.php?doing_wp_cron=1776963291.2370719909667968750000 HTTP/1.1" 200 448 "-" "WordPress/6.3.8; https://serhatburke.miroglu.net"
160.250.186.93 - - [23/Apr/2026:19:53:32 +0300] "GET /28563-2/?unapproved=593&moderation-hash=d327ff23a3575dc15b7b6f4e1fa5e92d HTTP/1.1" 200 19172 "https://serhatburke.miroglu.net/wp-comments-post.php" "Mozilla/5.0 (Windows NT 10.0; Win64; x64) AppleWebKit/537.36 (KHTML, like Gecko) Chrome/145.0.0.0 Safari/537.36 Edg/145.0.0.0"
185.216.113.70 - - [23/Apr/2026:19:55:01 +0300] "POST /wp-cron.php?doing_wp_cron=1776963301.8578529357910156250000 HTTP/1.1" 200 448 "-" "WordPress/6.3.8; https://serhatburke.miroglu.net"
98.98.197.195 - - [23/Apr/2026:19:53:45 +0300] "POST /xmlrpc.php HTTP/1.1" 200 861 "-" "Mozilla/5.0 (Windows NT 10.0; Win64; x64) AppleWebKit/537.36 (KHTML, like Gecko) Chrome/114.0.0.0 Safari/537.36"
185.216.113.70 - - [23/Apr/2026:19:55:03 +0300] "POST /wp-cron.php?doing_wp_cron=1776963302.9396519660949707031250 HTTP/1.1" 200 448 "-" "WordPress/6.3.8; https://serhatburke.miroglu.net"
193.36.38.228 - - [23/Apr/2026:19:53:50 +0300] "POST /xmlrpc.php HTTP/1.1" 200 10966 "-" "Mozilla/5.0 (Windows NT 10.0; Win64; x64) AppleWebKit/537.36 (KHTML, like Gecko) Chrome/114.0.0.0 Safari/537.36"
185.216.113.70 - - [23/Apr/2026:19:55:07 +0300] "POST /wp-cron.php?doing_wp_cron=1776963306.9498300552368164062500 HTTP/1.1" 200 448 "-" "WordPress/6.3.8; https://serhatburke.miroglu.net"
128.1.227.231 - - [23/Apr/2026:19:53:55 +0300] "GET /beste-keine-einzahlungsbonuscodes-fur-herrn-bet-echtgeld-casinos-2026-traktandum-verbunden-anbieter-inside-brd/ HTTP/1.1" 200 73185 "-" "Mozilla/5.0 (Windows NT 10.0; Win64; x64) AppleWebKit/537.36 (KHTML, like Gecko) Chrome/123.0.0.0 Safari/537.36 OPR/109.0.0.0"
185.216.113.70 - - [23/Apr/2026:19:55:12 +0300] "POST /wp-cron.php?doing_wp_cron=1776963312.4675900936126708984375 HTTP/1.1" 200 448 "-" "WordPress/6.3.8; https://serhatburke.miroglu.net"
98.98.197.195 - - [23/Apr/2026:19:53:36 +0300] "GET /thunderstruck-dragons-treasure-slot-free-spins-crazy-super-slot-comment-rtp-and-you-can-acceptance-incentive/ HTTP/1.1" 200 72447 "-" "Mozilla/5.0 (Windows NT 10.0; Win64; x64) AppleWebKit/537.36 (KHTML, like Gecko) Chrome/124.0.0.0 Safari/537.36 Edg/124.0.0.0"
185.216.113.70 - - [23/Apr/2026:19:55:22 +0300] "POST /wp-cron.php?doing_wp_cron=1776963322.4348709583282470703125 HTTP/1.1" 200 448 "-" "WordPress/6.3.8; https://serhatburke.miroglu.net"
98.98.197.195 - - [23/Apr/2026:19:54:00 +0300] "POST /xmlrpc.php HTTP/1.1" 200 861 "-" "Mozilla/5.0 (Windows NT 10.0; Win64; x64) AppleWebKit/537.36 (KHTML, like Gecko) Chrome/114.0.0.0 Safari/537.36"
185.216.113.70 - - [23/Apr/2026:19:55:25 +0300] "POST /wp-cron.php?doing_wp_cron=1776963325.0415570735931396484375 HTTP/1.1" 200 448 "-" "WordPress/6.3.8; https://serhatburke.miroglu.net"
128.1.227.231 - - [23/Apr/2026:19:53:59 +0300] "POST /xmlrpc.php HTTP/1.1" 200 861 "-" "Mozilla/5.0 (Windows NT 10.0; Win64; x64) AppleWebKit/537.36 (KHTML, like Gecko) Chrome/114.0.0.0 Safari/537.36"
66.249.73.1 - - [23/Apr/2026:19:55:27 +0300] "GET /admiral-shark-casino-uk-review-dive-into-exciting-online-gaming/undefined?ts=1775520000 HTTP/1.1" 200 0 "https://serhatburke.miroglu.net/admiral-shark-casino-uk-review-dive-into-exciting-online-gaming/" "Mozilla/5.0 (Linux; Android 6.0.1; Nexus 5X Build/MMB29P) AppleWebKit/537.36 (KHTML, like Gecko) Chrome/146.0.7680.177 Mobile Safari/537.36 (compatible; Googlebot/2.1; +http://www.google.com/bot.html)"
185.216.113.70 - - [23/Apr/2026:19:56:01 +0300] "POST /wp-cron.php?doing_wp_cron=1776963361.1513850688934326171875 HTTP/1.1" 200 448 "-" "WordPress/6.3.8; https://serhatburke.miroglu.net"
160.250.186.93 - - [23/Apr/2026:19:54:54 +0300] "GET /28563-2/ HTTP/1.1" 200 18657 "-" "Mozilla/5.0 (compatible; Googlebot/2.1; +http://www.google.com/bot.html)"
185.216.113.70 - - [23/Apr/2026:19:56:05 +0300] "POST /wp-cron.php?doing_wp_cron=1776963365.6361439228057861328125 HTTP/1.1" 200 448 "-" "WordPress/6.3.8; https://serhatburke.miroglu.net"
193.36.38.228 - - [23/Apr/2026:19:55:03 +0300] "GET /clearly-of-the-these-types-of-regulations-member-safeguards-and-you-will-believe-would-be-the-core-top-priority/ HTTP/1.1" 200 73471 "-" "Mozilla/5.0 (Windows NT 10.0; Win64; x64) AppleWebKit/537.36 (KHTML, like Gecko) Chrome/109.0.0.0 Safari/537.36"
148.135.195.139 - - [23/Apr/2026:19:56:04 +0300] "POST /xmlrpc.php HTTP/1.1" 200 163579 "-" "Mozilla/5.0 (Windows NT 6.1) AppleWebKit/537.36 (KHTML, like Gecko) Chrome/49.0.2623.112 Safari/537.36"
193.194.106.44 - - [23/Apr/2026:19:56:15 +0300] "GET /robots.txt HTTP/1.1" 200 735 "-" "Mozilla/5.0 (Linux; Android 6.0.1; Nexus 5X Build/MMB29P) AppleWebKit/537.36 (KHTML, like Gecko) Chrome/139.0.7258.156 Mobile Safari/537.36 (compatible; Googlebot/2.1; +http://www.google.com/bot.html)"
193.194.106.44 - - [23/Apr/2026:19:56:35 +0300] "GET /frumzi-nederland-recensie-100-tot-500-200-gs-1-bonus-crab/ HTTP/1.1" 200 21136 "-" "Mozilla/5.0 (Linux; Android 6.0.1; Nexus 5X Build/MMB29P) AppleWebKit/537.36 (KHTML, like Gecko) Chrome/139.0.7258.156 Mobile Safari/537.36 (compatible; Googlebot/2.1; +http://www.google.com/bot.html)"
148.135.195.139 - - [23/Apr/2026:19:56:38 +0300] "POST /xmlrpc.php HTTP/1.1" 200 486 "-" "Mozilla/5.0 (Windows NT 6.1) AppleWebKit/537.36 (KHTML, like Gecko) Chrome/49.0.2623.112 Safari/537.36"
185.216.113.70 - - [23/Apr/2026:19:57:08 +0300] "POST /wp-cron.php?doing_wp_cron=1776963428.0422120094299316406250 HTTP/1.1" 200 448 "-" "WordPress/6.3.8; https://serhatburke.miroglu.net"
148.135.195.139 - - [23/Apr/2026:19:56:55 +0300] "POST /xmlrpc.php HTTP/1.1" 200 489 "-" "Mozilla/5.0 (Windows NT 6.1) AppleWebKit/537.36 (KHTML, like Gecko) Chrome/49.0.2623.112 Safari/537.36"
148.135.195.139 - - [23/Apr/2026:19:57:08 +0300] "POST /xmlrpc.php HTTP/1.1" 200 523646 "-" "Mozilla/5.0 (Windows NT 6.1) AppleWebKit/537.36 (KHTML, like Gecko) Chrome/49.0.2623.112 Safari/537.36"
185.216.113.70 - - [23/Apr/2026:19:57:41 +0300] "POST /wp-cron.php?doing_wp_cron=1776963461.4441409111022949218750 HTTP/1.1" 200 448 "-" "WordPress/6.3.8; https://serhatburke.miroglu.net"
160.250.186.93 - - [23/Apr/2026:19:57:29 +0300] "GET /28563-2/ HTTP/1.1" 200 18657 "-" "Mozilla/5.0 (compatible; Googlebot/2.1; +http://www.google.com/bot.html)"
185.216.113.70 - - [23/Apr/2026:19:58:41 +0300] "POST /wp-cron.php?doing_wp_cron=1776963521.4187920093536376953125 HTTP/1.1" 200 448 "-" "WordPress/6.3.8; https://serhatburke.miroglu.net"
216.73.217.0 - - [23/Apr/2026:19:58:29 +0300] "GET /robots.txt HTTP/2" 200 110 "-" "Mozilla/5.0 AppleWebKit/537.36 (KHTML, like Gecko; compatible; ClaudeBot/1.0; +claudebot@anthropic.com)"
216.73.217.0 - - [23/Apr/2026:19:58:43 +0300] "GET /sitemap.rss HTTP/2" 200 0 "-" "Mozilla/5.0 AppleWebKit/537.36 (KHTML, like Gecko; compatible; ClaudeBot/1.0; +claudebot@anthropic.com)"
185.216.113.70 - - [23/Apr/2026:20:00:49 +0300] "POST /wp-cron.php?doing_wp_cron=1776963648.8755729198455810546875 HTTP/1.1" 200 448 "-" "WordPress/6.3.8; https://serhatburke.miroglu.net"
52.167.144.145 - - [23/Apr/2026:20:00:27 +0300] "GET /the-fresh-new-12-bins-away-from-gold-electric-guitar-position-instantly-all-the-crucial-items-to-know/ HTTP/2" 200 18038 "-" "Mozilla/5.0 AppleWebKit/537.36 (KHTML, like Gecko; compatible; bingbot/2.0; +http://www.bing.com/bingbot.htm) Chrome/116.0.1938.76 Safari/537.36"
52.167.144.145 - - [23/Apr/2026:20:00:29 +0300] "GET /spil-free-50-gratis-spins-ingen-depositum-pandamania-hasard-fr-hasardspil-plu-anmeldelser-2026/ HTTP/2" 200 19103 "-" "Mozilla/5.0 AppleWebKit/537.36 (KHTML, like Gecko; compatible; bingbot/2.0; +http://www.bing.com/bingbot.htm) Chrome/116.0.1938.76 Safari/537.36"
40.77.167.131 - - [23/Apr/2026:20:00:32 +0300] "GET /join-in-the-enjoyment-%EF%BF%BD-have-fun-with-the-most-widely-used-real-time-online-casino-games/ HTTP/2" 200 18396 "-" "Mozilla/5.0 AppleWebKit/537.36 (KHTML, like Gecko; compatible; bingbot/2.0; +http://www.bing.com/bingbot.htm) Chrome/116.0.1938.76 Safari/537.36"
193.36.38.226 - - [23/Apr/2026:20:00:37 +0300] "POST /xmlrpc.php HTTP/1.1" 200 692 "-" "Mozilla/5.0 (Windows NT 10.0; Win64; x64) AppleWebKit/537.36 (KHTML, like Gecko) Chrome/114.0.0.0 Safari/537.36"
193.36.38.226 - - [23/Apr/2026:20:01:03 +0300] "POST /xmlrpc.php HTTP/1.1" 200 9799 "-" "Mozilla/5.0 (Windows NT 10.0; Win64; x64) AppleWebKit/537.36 (KHTML, like Gecko) Chrome/114.0.0.0 Safari/537.36"
193.36.38.226 - - [23/Apr/2026:20:01:15 +0300] "GET /new-clients-need-to-decide-inside-to-the-subscription-and-use-inside-eight-months/ HTTP/1.1" 200 71261 "-" "Mozilla/5.0 (Windows NT 10.0; Win64; x64) AppleWebKit/537.36 (KHTML, like Gecko) Chrome/109.0.0.0 Safari/537.36"
185.216.113.70 - - [23/Apr/2026:20:02:58 +0300] "POST /wp-cron.php?doing_wp_cron=1776963778.6312649250030517578125 HTTP/1.1" 200 448 "-" "WordPress/6.3.8; https://serhatburke.miroglu.net"
158.69.22.136 - - [23/Apr/2026:20:02:45 +0300] "GET /beste-casino-site-belgie-hoge-inzet/ HTTP/1.1" 200 18576 "-" "Mozilla/5.0 (compatible; Googlebot/2.1; +http://www.google.com/bot.html)"
193.36.38.226 - - [23/Apr/2026:20:03:09 +0300] "POST /xmlrpc.php HTTP/1.1" 200 692 "-" "Mozilla/5.0 (Windows NT 10.0; Win64; x64) AppleWebKit/537.36 (KHTML, like Gecko) Chrome/114.0.0.0 Safari/537.36"
185.216.113.70 - - [23/Apr/2026:20:03:43 +0300] "POST /wp-cron.php?doing_wp_cron=1776963823.4048299789428710937500 HTTP/1.1" 200 448 "-" "WordPress/6.3.8; https://serhatburke.miroglu.net"
193.36.38.226 - - [23/Apr/2026:20:03:30 +0300] "POST /xmlrpc.php HTTP/1.1" 200 9743 "-" "Mozilla/5.0 (Windows NT 10.0; Win64; x64) AppleWebKit/537.36 (KHTML, like Gecko) Chrome/114.0.0.0 Safari/537.36"
193.36.38.226 - - [23/Apr/2026:20:03:48 +0300] "GET /betfair-local-casino-also-offers-a-comprehensive-set-of-high-quality-harbors-and-the-fresh-launches-away-from-top-business/ HTTP/1.1" 200 72734 "-" "Mozilla/5.0 (Windows NT 10.0; Win64; x64) AppleWebKit/537.36 (KHTML, like Gecko) Chrome/124.0.0.0 Safari/537.36 Edg/124.0.0.0"
185.216.113.70 - - [23/Apr/2026:20:05:08 +0300] "POST /wp-cron.php?doing_wp_cron=1776963908.4930651187896728515625 HTTP/1.1" 200 448 "-" "WordPress/6.3.8; https://serhatburke.miroglu.net"
40.77.167.74 - - [23/Apr/2026:20:04:55 +0300] "GET /page-sitemap.xml HTTP/2" 200 795 "-" "Mozilla/5.0 AppleWebKit/537.36 (KHTML, like Gecko; compatible; bingbot/2.0; +http://www.bing.com/bingbot.htm) Chrome/116.0.1938.76 Safari/537.36"
185.216.113.70 - - [23/Apr/2026:20:05:43 +0300] "POST /wp-cron.php?doing_wp_cron=1776963943.8542110919952392578125 HTTP/1.1" 200 448 "-" "WordPress/6.3.8; https://serhatburke.miroglu.net"
193.36.38.228 - - [23/Apr/2026:20:05:31 +0300] "POST /xmlrpc.php HTTP/1.1" 200 692 "-" "Mozilla/5.0 (Windows NT 10.0; Win64; x64) AppleWebKit/537.36 (KHTML, like Gecko) Chrome/114.0.0.0 Safari/537.36"
193.36.38.228 - - [23/Apr/2026:20:05:51 +0300] "POST /xmlrpc.php HTTP/1.1" 200 8768 "-" "Mozilla/5.0 (Windows NT 10.0; Win64; x64) AppleWebKit/537.36 (KHTML, like Gecko) Chrome/114.0.0.0 Safari/537.36"
193.36.38.228 - - [23/Apr/2026:20:06:06 +0300] "GET /we-realize-you-to-learning-the-brand-new-terms-and-conditions-especially-the-small-print-might-be-tiresome/ HTTP/1.1" 200 71105 "-" "Mozilla/5.0 (Windows NT 10.0; Win64; x64) AppleWebKit/537.36 (KHTML, like Gecko) Chrome/123.0.0.0 Safari/537.36 OPR/109.0.0.0"
193.36.38.226 - - [23/Apr/2026:20:06:12 +0300] "POST /xmlrpc.php HTTP/1.1" 200 692 "-" "Mozilla/5.0 (Windows NT 10.0; Win64; x64) AppleWebKit/537.36 (KHTML, like Gecko) Chrome/114.0.0.0 Safari/537.36"
52.167.144.218 - - [23/Apr/2026:20:06:14 +0300] "GET /if-you-ever-need-help-from-the-888casino-there-are-two-how-to-get-it/ HTTP/2" 200 16975 "-" "Mozilla/5.0 AppleWebKit/537.36 (KHTML, like Gecko; compatible; bingbot/2.0; +http://www.bing.com/bingbot.htm) Chrome/116.0.1938.76 Safari/537.36"
40.77.167.17 - - [23/Apr/2026:20:06:18 +0300] "GET /beilaufig-solch-ein-strotzt-dennoch-nach-nachfolgende-weise-vorher-gerust/ HTTP/2" 200 17888 "-" "Mozilla/5.0 AppleWebKit/537.36 (KHTML, like Gecko; compatible; bingbot/2.0; +http://www.bing.com/bingbot.htm) Chrome/116.0.1938.76 Safari/537.36"
185.216.113.70 - - [23/Apr/2026:20:06:49 +0300] "POST /wp-cron.php?doing_wp_cron=1776964009.5970799922943115234375 HTTP/1.1" 200 448 "-" "WordPress/6.3.8; https://serhatburke.miroglu.net"
193.36.38.226 - - [23/Apr/2026:20:06:37 +0300] "POST /xmlrpc.php HTTP/1.1" 200 12129 "-" "Mozilla/5.0 (Windows NT 10.0; Win64; x64) AppleWebKit/537.36 (KHTML, like Gecko) Chrome/114.0.0.0 Safari/537.36"
52.167.144.218 - - [23/Apr/2026:20:06:43 +0300] "GET /experience-seamless-management-with-ledger-live-wallet/ HTTP/2" 200 16995 "-" "Mozilla/5.0 AppleWebKit/537.36 (KHTML, like Gecko; compatible; bingbot/2.0; +http://www.bing.com/bingbot.htm) Chrome/116.0.1938.76 Safari/537.36"
40.77.167.17 - - [23/Apr/2026:20:06:47 +0300] "GET /activeaza-2731-rotiri-gratuite-insa-achitare-spre-martie-2026/ HTTP/2" 200 18984 "-" "Mozilla/5.0 AppleWebKit/537.36 (KHTML, like Gecko; compatible; bingbot/2.0; +http://www.bing.com/bingbot.htm) Chrome/116.0.1938.76 Safari/537.36"
193.36.38.226 - - [23/Apr/2026:20:06:52 +0300] "GET /find-out-more-information-regarding-live-online-casino-games-as-well-as-how-alive-dealer-games-performs-here/ HTTP/1.1" 200 74472 "-" "Mozilla/5.0 (Windows NT 10.0; Win64; x64) AppleWebKit/537.36 (KHTML, like Gecko) Chrome/122.0.0.0 Safari/537.36"
95.134.102.251 - - [23/Apr/2026:20:07:12 +0300] "GET /xmlrpc.php HTTP/1.1" 405 624 "-" "Mozilla/5.0 (Windows NT 10.0; Win64; x64) AppleWebKit/537.36 (KHTML, like Gecko) Chrome/83.0.4103.116 Safari/537.36"
193.36.38.228 - - [23/Apr/2026:20:07:12 +0300] "POST /xmlrpc.php HTTP/1.1" 200 692 "-" "Mozilla/5.0 (Windows NT 10.0; Win64; x64) AppleWebKit/537.36 (KHTML, like Gecko) Chrome/114.0.0.0 Safari/537.36"
185.216.113.70 - - [23/Apr/2026:20:07:40 +0300] "POST /wp-cron.php?doing_wp_cron=1776964059.9267039299011230468750 HTTP/1.1" 200 448 "-" "WordPress/6.3.8; https://serhatburke.miroglu.net"
95.134.102.251 - - [23/Apr/2026:20:07:26 +0300] "POST /xmlrpc.php HTTP/1.1" 200 9480 "-" "Python-xmlrpc/3.13"
193.36.38.228 - - [23/Apr/2026:20:07:35 +0300] "POST /xmlrpc.php HTTP/1.1" 200 9969 "-" "Mozilla/5.0 (Windows NT 10.0; Win64; x64) AppleWebKit/537.36 (KHTML, like Gecko) Chrome/114.0.0.0 Safari/537.36"
95.134.102.251 - - [23/Apr/2026:20:07:40 +0300] "POST /xmlrpc.php HTTP/1.1" 200 0 "-" "Python-xmlrpc/3.13"
193.36.38.228 - - [23/Apr/2026:20:07:52 +0300] "GET /we-examined-which-with-the-inside-the-household-chop-video-game-examining-several-show-resistant-to-the-verification-system/ HTTP/1.1" 200 73013 "-" "Mozilla/5.0 (Windows NT 10.0; Win64; x64) AppleWebKit/537.36 (KHTML, like Gecko) Chrome/122.0.0.0 Safari/537.36"
151.241.39.69 - - [23/Apr/2026:20:07:56 +0300] "GET /xmlrpc.php HTTP/1.1" 405 624 "-" "Mozilla/5.0 (Windows NT 10.0; Win64; x64) AppleWebKit/537.36 (KHTML, like Gecko) Chrome/83.0.4103.116 Safari/537.36"
151.241.39.69 - - [23/Apr/2026:20:08:11 +0300] "POST /xmlrpc.php HTTP/1.1" 200 9210 "-" "Python-xmlrpc/3.13"
151.241.39.69 - - [23/Apr/2026:20:08:25 +0300] "POST /xmlrpc.php HTTP/1.1" 200 0 "-" "Python-xmlrpc/3.13"
185.216.113.70 - - [23/Apr/2026:20:08:46 +0300] "POST /wp-cron.php?doing_wp_cron=1776964126.2358000278472900390625 HTTP/1.1" 200 448 "-" "WordPress/6.3.8; https://serhatburke.miroglu.net"
40.77.167.74 - - [23/Apr/2026:20:08:20 +0300] "GET /nachfolgende-besten-casino-das-maestro-akzeptiert-echtgeld-casinos-im-internet-2026-getestet/ HTTP/2" 200 19874 "-" "Mozilla/5.0 AppleWebKit/537.36 (KHTML, like Gecko; compatible; bingbot/2.0; +http://www.bing.com/bingbot.htm) Chrome/116.0.1938.76 Safari/537.36"
31.59.237.241 - - [23/Apr/2026:20:08:40 +0300] "GET /xmlrpc.php HTTP/1.1" 200 0 "-" "Mozilla/5.0 (Windows NT 10.0; Win64; x64) AppleWebKit/537.36 (KHTML, like Gecko) Chrome/83.0.4103.116 Safari/537.36"
193.36.38.226 - - [23/Apr/2026:20:08:27 +0300] "POST /xmlrpc.php HTTP/1.1" 200 692 "-" "Mozilla/5.0 (Windows NT 10.0; Win64; x64) AppleWebKit/537.36 (KHTML, like Gecko) Chrome/114.0.0.0 Safari/537.36"
52.167.144.218 - - [23/Apr/2026:20:08:26 +0300] "GET /paysafe-online-casinos-2026-traktandum-casinos-6-appeal-slot-free-spins-unter-einsatz-von-paysafecard-ministere-de-lanthanum-sante-publique/ HTTP/2" 200 19156 "-" "Mozilla/5.0 AppleWebKit/537.36 (KHTML, like Gecko; compatible; bingbot/2.0; +http://www.bing.com/bingbot.htm) Chrome/116.0.1938.76 Safari/537.36"
31.59.237.241 - - [23/Apr/2026:20:08:55 +0300] "GET /xmlrpc.php HTTP/1.1" 200 0 "-" "Mozilla/5.0 (Windows NT 10.0; Win64; x64) AppleWebKit/537.36 (KHTML, like Gecko) Chrome/83.0.4103.116 Safari/537.36"
40.77.167.17 - - [23/Apr/2026:20:08:30 +0300] "GET /kraken-bezopasnyi-dostup-k-onion-ssylkam-2026-28/ HTTP/2" 200 17819 "-" "Mozilla/5.0 AppleWebKit/537.36 (KHTML, like Gecko; compatible; bingbot/2.0; +http://www.bing.com/bingbot.htm) Chrome/116.0.1938.76 Safari/537.36"
40.77.167.17 - - [23/Apr/2026:20:08:30 +0300] "GET /kraken-bezopasnyi-dostup-k-onion-ssylkam-2026-24/ HTTP/2" 200 18164 "-" "Mozilla/5.0 AppleWebKit/537.36 (KHTML, like Gecko; compatible; bingbot/2.0; +http://www.bing.com/bingbot.htm) Chrome/116.0.1938.76 Safari/537.36"
193.36.38.228 - - [23/Apr/2026:20:08:59 +0300] "POST /xmlrpc.php HTTP/1.1" 200 692 "-" "Mozilla/5.0 (Windows NT 10.0; Win64; x64) AppleWebKit/537.36 (KHTML, like Gecko) Chrome/114.0.0.0 Safari/537.36"
40.77.167.74 - - [23/Apr/2026:20:08:57 +0300] "GET /eux-offert-salle-de-jeu-770-sauf-que-jeux-parmi-argent-incontestable/ HTTP/2" 200 17183 "-" "Mozilla/5.0 AppleWebKit/537.36 (KHTML, like Gecko; compatible; bingbot/2.0; +http://www.bing.com/bingbot.htm) Chrome/116.0.1938.76 Safari/537.36"
193.36.38.226 - - [23/Apr/2026:20:09:15 +0300] "POST /xmlrpc.php HTTP/1.1" 200 8630 "-" "Mozilla/5.0 (Windows NT 10.0; Win64; x64) AppleWebKit/537.36 (KHTML, like Gecko) Chrome/114.0.0.0 Safari/537.36"
185.216.113.70 - - [23/Apr/2026:20:09:49 +0300] "POST /wp-cron.php?doing_wp_cron=1776964189.7466490268707275390625 HTTP/1.1" 200 448 "-" "WordPress/6.3.8; https://serhatburke.miroglu.net"
193.36.38.228 - - [23/Apr/2026:20:09:37 +0300] "POST /xmlrpc.php HTTP/1.1" 200 9898 "-" "Mozilla/5.0 (Windows NT 10.0; Win64; x64) AppleWebKit/537.36 (KHTML, like Gecko) Chrome/114.0.0.0 Safari/537.36"
193.36.38.226 - - [23/Apr/2026:20:09:39 +0300] "GET /the-new-local-casino-website-enjoys-an-extensive-games-possibilities-running-on-more-than-fifteen-software-providers/ HTTP/1.1" 200 71711 "-" "Mozilla/5.0 (Windows NT 10.0; Win64; x64; rv:125.0) Gecko/20100101 Firefox/125.0"
193.36.38.228 - - [23/Apr/2026:20:09:49 +0300] "GET /our-very-own-writers-beat-to-be-sure-the-posts-are-reliable-and-transparent/ HTTP/1.1" 200 72117 "-" "Mozilla/5.0 (Windows NT 10.0; rv:125.0) Gecko/20100101 Firefox/125.0"
128.1.227.231 - - [23/Apr/2026:20:10:05 +0300] "POST /xmlrpc.php HTTP/1.1" 200 630 "-" "Mozilla/5.0 (Windows NT 10.0; Win64; x64) AppleWebKit/537.36 (KHTML, like Gecko) Chrome/114.0.0.0 Safari/537.36"
37.139.53.240 - - [23/Apr/2026:20:09:53 +0300] "GET / HTTP/2" 200 17207 "-" "Mozilla/5.0 (Macintosh; Intel Mac OS X 10.15; rv:135.0) Gecko/20100101 Firefox/135.0"
193.36.38.228 - - [23/Apr/2026:20:10:13 +0300] "POST /xmlrpc.php HTTP/1.1" 200 514 "-" "Mozilla/5.0 (Windows NT 10.0; Win64; x64) AppleWebKit/537.36 (KHTML, like Gecko) Chrome/114.0.0.0 Safari/537.36"
185.216.113.70 - - [23/Apr/2026:20:10:45 +0300] "POST /wp-cron.php?doing_wp_cron=1776964245.5707409381866455078125 HTTP/1.1" 200 448 "-" "WordPress/6.3.8; https://serhatburke.miroglu.net"
128.1.227.231 - - [23/Apr/2026:20:10:30 +0300] "POST /xmlrpc.php HTTP/1.1" 200 10464 "-" "Mozilla/5.0 (Windows NT 10.0; Win64; x64) AppleWebKit/537.36 (KHTML, like Gecko) Chrome/114.0.0.0 Safari/537.36"
193.36.38.228 - - [23/Apr/2026:20:10:32 +0300] "POST /xmlrpc.php HTTP/1.1" 200 8523 "-" "Mozilla/5.0 (Windows NT 10.0; Win64; x64) AppleWebKit/537.36 (KHTML, like Gecko) Chrome/114.0.0.0 Safari/537.36"
37.139.53.240 - - [23/Apr/2026:20:10:25 +0300] "GET / HTTP/2" 200 17207 "-" "Mozilla/5.0 (Macintosh; Intel Mac OS X 10_15_7) AppleWebKit/605.1.15 (KHTML, like Gecko) Version/18.0 Safari/605.1.15"
128.1.227.231 - - [23/Apr/2026:20:10:46 +0300] "GET /druckgluck-erfahrungen-triple-diamond-spielautomat-provision-2026/ HTTP/1.1" 200 72714 "-" "Mozilla/5.0 (Windows NT 10.0; Win64; x64; rv:125.0) Gecko/20100101 Firefox/125.0"
193.36.38.228 - - [23/Apr/2026:20:10:48 +0300] "GET /baccarat-are-an-essential-betting-games-you-can-find-during-the-property-dependent-and-online-uk-casinos/ HTTP/1.1" 200 71348 "-" "Mozilla/5.0 (Windows NT 10.0; Win64; x64; rv:124.0) Gecko/20100101 Firefox/124.0"
37.139.53.240 - - [23/Apr/2026:20:10:49 +0300] "GET / HTTP/2" 200 17207 "-" "Mozilla/5.0 (Macintosh; Intel Mac OS X 10_15_7) AppleWebKit/605.1.15 (KHTML, like Gecko) Version/18.0 Safari/605.1.15"
193.36.38.226 - - [23/Apr/2026:20:11:20 +0300] "POST /xmlrpc.php HTTP/1.1" 200 692 "-" "Mozilla/5.0 (Windows NT 10.0; Win64; x64) AppleWebKit/537.36 (KHTML, like Gecko) Chrome/114.0.0.0 Safari/537.36"
185.216.113.70 - - [23/Apr/2026:20:11:53 +0300] "POST /wp-cron.php?doing_wp_cron=1776964313.4307389259338378906250 HTTP/1.1" 200 448 "-" "WordPress/6.3.8; https://serhatburke.miroglu.net"
193.36.38.226 - - [23/Apr/2026:20:11:38 +0300] "POST /xmlrpc.php HTTP/1.1" 200 11234 "-" "Mozilla/5.0 (Windows NT 10.0; Win64; x64) AppleWebKit/537.36 (KHTML, like Gecko) Chrome/114.0.0.0 Safari/537.36"
193.36.38.228 - - [23/Apr/2026:20:11:39 +0300] "POST /xmlrpc.php HTTP/1.1" 200 692 "-" "Mozilla/5.0 (Windows NT 10.0; Win64; x64) AppleWebKit/537.36 (KHTML, like Gecko) Chrome/114.0.0.0 Safari/537.36"
40.77.167.17 - - [23/Apr/2026:20:11:47 +0300] "GET /31-free-spins-no-deposit-2026-uk/ HTTP/2" 200 17985 "-" "Mozilla/5.0 AppleWebKit/537.36 (KHTML, like Gecko; compatible; bingbot/2.0; +http://www.bing.com/bingbot.htm) Chrome/116.0.1938.76 Safari/537.36"
40.77.167.74 - - [23/Apr/2026:20:11:52 +0300] "GET /giros-dado-veja-10-login-slottica-brasil-cassinos-aquele-tem-esta-dadiva-em-2026/ HTTP/2" 200 18515 "-" "Mozilla/5.0 AppleWebKit/537.36 (KHTML, like Gecko; compatible; bingbot/2.0; +http://www.bing.com/bingbot.htm) Chrome/116.0.1938.76 Safari/537.36"
193.36.38.226 - - [23/Apr/2026:20:11:53 +0300] "GET /pragmatic-enjoy-have-easily-lengthened-from-the-live-broker-casino-field-noted-for-creativity-and-you-will-quality/ HTTP/1.1" 200 74762 "-" "Mozilla/5.0 (Windows NT 10.0; Win64; x64; rv:124.0) Gecko/20100101 Firefox/124.0"
52.167.144.147 - - [23/Apr/2026:20:11:57 +0300] "GET /fixed-totally-free-spins-to-your-jurassic-playground-rates-securities-fixed-costs-examining-membership/ HTTP/2" 200 19659 "-" "Mozilla/5.0 AppleWebKit/537.36 (KHTML, like Gecko; compatible; bingbot/2.0; +http://www.bing.com/bingbot.htm) Chrome/116.0.1938.76 Safari/537.36"
193.36.38.228 - - [23/Apr/2026:20:12:06 +0300] "POST /xmlrpc.php HTTP/1.1" 200 10924 "-" "Mozilla/5.0 (Windows NT 10.0; Win64; x64) AppleWebKit/537.36 (KHTML, like Gecko) Chrome/114.0.0.0 Safari/537.36"
37.139.53.240 - - [23/Apr/2026:20:12:08 +0300] "GET / HTTP/2" 200 0 "-" "Mozilla/5.0 (Macintosh; Intel Mac OS X 10_15_7) AppleWebKit/537.36 (KHTML, like Gecko) Chrome/131.0.0.0 Safari/537.36"
185.216.113.70 - - [23/Apr/2026:20:12:46 +0300] "POST /wp-cron.php?doing_wp_cron=1776964366.3624320030212402343750 HTTP/1.1" 200 448 "-" "WordPress/6.3.8; https://serhatburke.miroglu.net"
193.36.38.228 - - [23/Apr/2026:20:12:34 +0300] "GET /sign-up-kyc-and-you-may-earliest-put-is-often-owing-to-contained-in-this-ten-full-minutes/ HTTP/1.1" 200 73474 "-" "Mozilla/5.0 (Windows NT 10.0; Win64; x64) AppleWebKit/537.36 (KHTML, like Gecko) Chrome/122.0.0.0 Safari/537.36"
40.77.167.74 - - [23/Apr/2026:20:12:37 +0300] "GET /atomic-wallet-effortless-crypto-management-at-your-fingertips/ HTTP/2" 200 17401 "-" "Mozilla/5.0 AppleWebKit/537.36 (KHTML, like Gecko; compatible; bingbot/2.0; +http://www.bing.com/bingbot.htm) Chrome/116.0.1938.76 Safari/537.36"
193.24.211.72 - - [23/Apr/2026:20:12:45 +0300] "GET /wp-login.php HTTP/2" 200 3092 "-" "Mozilla/5.0 (Macintosh; Intel Mac OS X 13_5) AppleWebKit/605.1.15 (KHTML, like Gecko) Version/17.5 Safari/605.1.15"
193.36.38.228 - - [23/Apr/2026:20:12:53 +0300] "POST /xmlrpc.php HTTP/1.1" 200 514 "-" "Mozilla/5.0 (Windows NT 10.0; Win64; x64) AppleWebKit/537.36 (KHTML, like Gecko) Chrome/114.0.0.0 Safari/537.36"
37.139.53.240 - - [23/Apr/2026:20:12:43 +0300] "GET / HTTP/2" 200 0 "-" "Mozilla/5.0 (Macintosh; Intel Mac OS X 10_15_7) AppleWebKit/537.36 (KHTML, like Gecko) Chrome/131.0.0.0 Safari/537.36"
37.139.53.240 - - [23/Apr/2026:20:13:02 +0300] "GET / HTTP/2" 200 17288 "-" "Mozilla/5.0 (Macintosh; Intel Mac OS X 10_15_7) AppleWebKit/605.1.15 (KHTML, like Gecko) Version/18.0 Safari/605.1.15"
193.36.38.228 - - [23/Apr/2026:20:13:23 +0300] "POST /xmlrpc.php HTTP/1.1" 200 10003 "-" "Mozilla/5.0 (Windows NT 10.0; Win64; x64) AppleWebKit/537.36 (KHTML, like Gecko) Chrome/114.0.0.0 Safari/537.36"
112.7.87.60 - - [23/Apr/2026:20:13:18 +0300] "GET /wp-login.php HTTP/2" 200 24 "-" "Mozilla/5.0 (Macintosh; Intel Mac OS X 13_5) AppleWebKit/605.1.15 (KHTML, like Gecko) Version/17.5 Safari/605.1.15"
185.216.113.70 - - [23/Apr/2026:20:13:50 +0300] "POST /wp-cron.php?doing_wp_cron=1776964430.4365530014038085937500 HTTP/1.1" 200 448 "-" "WordPress/6.3.8; https://serhatburke.miroglu.net"
37.139.53.240 - - [23/Apr/2026:20:13:30 +0300] "GET / HTTP/2" 200 17305 "-" "Mozilla/5.0 (Macintosh; Intel Mac OS X 10.15; rv:135.0) Gecko/20100101 Firefox/135.0"
193.36.38.228 - - [23/Apr/2026:20:13:37 +0300] "GET /twice-your-bankroll-double-your-profitable-possible-it-is-that-simple/ HTTP/1.1" 200 72297 "-" "Mozilla/5.0 (Windows NT 10.0; Win64; x64) AppleWebKit/537.36 (KHTML, like Gecko) Chrome/124.0.0.0 Safari/537.36 Edg/124.0.0.0"
193.36.38.226 - - [23/Apr/2026:20:13:41 +0300] "POST /xmlrpc.php HTTP/1.1" 200 692 "-" "Mozilla/5.0 (Windows NT 10.0; Win64; x64) AppleWebKit/537.36 (KHTML, like Gecko) Chrome/114.0.0.0 Safari/537.36"
193.36.38.228 - - [23/Apr/2026:20:13:48 +0300] "POST /xmlrpc.php HTTP/1.1" 200 692 "-" "Mozilla/5.0 (Windows NT 10.0; Win64; x64) AppleWebKit/537.36 (KHTML, like Gecko) Chrome/114.0.0.0 Safari/537.36"
193.36.38.226 - - [23/Apr/2026:20:14:03 +0300] "POST /xmlrpc.php HTTP/1.1" 200 10777 "-" "Mozilla/5.0 (Windows NT 10.0; Win64; x64) AppleWebKit/537.36 (KHTML, like Gecko) Chrome/114.0.0.0 Safari/537.36"
37.139.53.240 - - [23/Apr/2026:20:13:52 +0300] "GET / HTTP/2" 200 17288 "-" "Mozilla/5.0 (Macintosh; Intel Mac OS X 10_15_7) AppleWebKit/537.36 (KHTML, like Gecko) Chrome/131.0.0.0 Safari/537.36"
193.36.38.228 - - [23/Apr/2026:20:14:15 +0300] "POST /xmlrpc.php HTTP/1.1" 200 12656 "-" "Mozilla/5.0 (Windows NT 10.0; Win64; x64) AppleWebKit/537.36 (KHTML, like Gecko) Chrome/114.0.0.0 Safari/537.36"
185.216.113.70 - - [23/Apr/2026:20:14:39 +0300] "POST /wp-cron.php?doing_wp_cron=1776964479.1677141189575195312500 HTTP/1.1" 200 448 "-" "WordPress/6.3.8; https://serhatburke.miroglu.net"
66.249.73.15 - - [23/Apr/2026:20:14:21 +0300] "GET /celebrate-9casino-uk-big-slot-wins-with-us/ HTTP/1.1" 200 18403 "-" "Mozilla/5.0 (Linux; Android 6.0.1; Nexus 5X Build/MMB29P) AppleWebKit/537.36 (KHTML, like Gecko) Chrome/146.0.7680.177 Mobile Safari/537.36 (compatible; Googlebot/2.1; +http://www.google.com/bot.html)"
193.36.38.226 - - [23/Apr/2026:20:14:21 +0300] "GET /this-provides-you-with-a-risk-totally-free-opportunity-to-familiarize-yourself-with-the-fresh-new-video-game-and-their-has/ HTTP/1.1" 200 74448 "-" "Mozilla/5.0 (Windows NT 10.0; Win64; x64; rv:125.0) Gecko/20100101 Firefox/125.0"
66.249.76.78 - - [23/Apr/2026:20:14:44 +0300] "GET /wp-content/themes/toppic/js/jquery.modernizr.custom.js?ver=4.2 HTTP/1.1" 200 3520 "https://serhatburke.miroglu.net/celebrate-9casino-uk-big-slot-wins-with-us/" "Mozilla/5.0 (Linux; Android 6.0.1; Nexus 5X Build/MMB29P) AppleWebKit/537.36 (KHTML, like Gecko) Chrome/146.0.7680.177 Mobile Safari/537.36 (compatible; Googlebot/2.1; +http://www.google.com/bot.html)"
193.36.38.228 - - [23/Apr/2026:20:14:31 +0300] "GET /seeking-the-ideal-on-line-live-gambling-enterprises-to-enjoy-live-betting-activity/ HTTP/1.1" 200 75302 "-" "Mozilla/5.0 (Windows NT 10.0; Win64; x64) AppleWebKit/537.36 (KHTML, like Gecko) Chrome/124.0.0.0 Safari/537.36 Edg/124.0.0.0"
193.36.38.228 - - [23/Apr/2026:20:14:53 +0300] "POST /xmlrpc.php HTTP/1.1" 200 514 "-" "Mozilla/5.0 (Windows NT 10.0; Win64; x64) AppleWebKit/537.36 (KHTML, like Gecko) Chrome/114.0.0.0 Safari/537.36"
66.249.76.64 - - [23/Apr/2026:20:15:01 +0300] "GET /celebrate-9casino-uk-big-slot-wins-with-us/undefined?ts=1775520000 HTTP/1.1" 200 0 "https://serhatburke.miroglu.net/celebrate-9casino-uk-big-slot-wins-with-us/" "Mozilla/5.0 (Linux; Android 6.0.1; Nexus 5X Build/MMB29P) AppleWebKit/537.36 (KHTML, like Gecko) Chrome/146.0.7680.177 Mobile Safari/537.36 (compatible; Googlebot/2.1; +http://www.google.com/bot.html)"
185.216.113.70 - - [23/Apr/2026:20:15:26 +0300] "POST /wp-cron.php?doing_wp_cron=1776964526.8339259624481201171875 HTTP/1.1" 200 448 "-" "WordPress/6.3.8; https://serhatburke.miroglu.net"
193.36.38.228 - - [23/Apr/2026:20:15:14 +0300] "POST /xmlrpc.php HTTP/1.1" 200 10110 "-" "Mozilla/5.0 (Windows NT 10.0; Win64; x64) AppleWebKit/537.36 (KHTML, like Gecko) Chrome/114.0.0.0 Safari/537.36"
159.223.34.107 - - [23/Apr/2026:20:15:28 +0300] "GET / HTTP/2" 200 0 "-" "Mozilla/5.0 (Windows NT 10.0; Win64; x64; rv:108.0) Gecko/20100101 Firefox/108.0"
66.249.73.14 - - [23/Apr/2026:20:15:25 +0300] "GET /celebrate-9casino-uk-big-slot-wins-with-us/undefined?ts=1775520000 HTTP/1.1" 200 0 "https://serhatburke.miroglu.net/celebrate-9casino-uk-big-slot-wins-with-us/" "Mozilla/5.0 (Linux; Android 6.0.1; Nexus 5X Build/MMB29P) AppleWebKit/537.36 (KHTML, like Gecko) Chrome/146.0.7680.177 Mobile Safari/537.36 (compatible; Googlebot/2.1; +http://www.google.com/bot.html)"
193.36.38.228 - - [23/Apr/2026:20:15:26 +0300] "GET /all-of-our-publishers-exceed-to-make-sure-the-posts-are-trustworthy-and-you-will-transparent/ HTTP/1.1" 200 73379 "-" "Mozilla/5.0 (Windows NT 10.0; Win64; x64; rv:124.0) Gecko/20100101 Firefox/124.0"
193.36.38.226 - - [23/Apr/2026:20:15:37 +0300] "POST /xmlrpc.php HTTP/1.1" 200 692 "-" "Mozilla/5.0 (Windows NT 10.0; Win64; x64) AppleWebKit/537.36 (KHTML, like Gecko) Chrome/114.0.0.0 Safari/537.36"
193.36.38.228 - - [23/Apr/2026:20:15:50 +0300] "POST /xmlrpc.php HTTP/1.1" 200 692 "-" "Mozilla/5.0 (Windows NT 10.0; Win64; x64) AppleWebKit/537.36 (KHTML, like Gecko) Chrome/114.0.0.0 Safari/537.36"
193.36.38.226 - - [23/Apr/2026:20:16:02 +0300] "POST /xmlrpc.php HTTP/1.1" 200 8608 "-" "Mozilla/5.0 (Windows NT 10.0; Win64; x64) AppleWebKit/537.36 (KHTML, like Gecko) Chrome/114.0.0.0 Safari/537.36"
185.216.113.70 - - [23/Apr/2026:20:16:25 +0300] "POST /wp-cron.php?doing_wp_cron=1776964585.3080658912658691406250 HTTP/1.1" 200 448 "-" "WordPress/6.3.8; https://serhatburke.miroglu.net"
193.36.38.228 - - [23/Apr/2026:20:16:12 +0300] "POST /xmlrpc.php HTTP/1.1" 200 10059 "-" "Mozilla/5.0 (Windows NT 10.0; Win64; x64) AppleWebKit/537.36 (KHTML, like Gecko) Chrome/114.0.0.0 Safari/537.36"
193.36.38.226 - - [23/Apr/2026:20:16:15 +0300] "GET /the-fresh-new-gambling-enterprise-web-site-has-an-extensive-video-game-possibilities-running-on-much-more-than-15-application-team/ HTTP/1.1" 200 72859 "-" "Mozilla/5.0 (Windows NT 10.0; Win64; x64) AppleWebKit/537.36 (KHTML, like Gecko) Chrome/124.0.0.0 Safari/537.36 Edg/124.0.0.0"
193.36.38.228 - - [23/Apr/2026:20:16:25 +0300] "GET /for-each-extra-performs-in-different-ways-therefore-knowing-the-rules-can-help-you-find-the-ideal-even-offers/ HTTP/1.1" 200 73521 "-" "Mozilla/5.0 (Windows NT 10.0; Win64; x64) AppleWebKit/537.36 (KHTML, like Gecko) Chrome/124.0.0.0 Safari/537.36 Edg/124.0.0.0"
185.216.113.70 - - [23/Apr/2026:20:16:58 +0300] "POST /wp-cron.php?doing_wp_cron=1776964618.9069149494171142578125 HTTP/1.1" 200 448 "-" "WordPress/6.3.8; https://serhatburke.miroglu.net"
193.36.38.228 - - [23/Apr/2026:20:16:46 +0300] "POST /xmlrpc.php HTTP/1.1" 200 514 "-" "Mozilla/5.0 (Windows NT 10.0; Win64; x64) AppleWebKit/537.36 (KHTML, like Gecko) Chrome/114.0.0.0 Safari/537.36"
193.36.38.228 - - [23/Apr/2026:20:17:07 +0300] "POST /xmlrpc.php HTTP/1.1" 200 12577 "-" "Mozilla/5.0 (Windows NT 10.0; Win64; x64) AppleWebKit/537.36 (KHTML, like Gecko) Chrome/114.0.0.0 Safari/537.36"
37.139.53.240 - - [23/Apr/2026:20:17:07 +0300] "GET / HTTP/2" 200 17472 "-" "Mozilla/5.0 (Macintosh; Intel Mac OS X 10.15; rv:135.0) Gecko/20100101 Firefox/135.0"
193.36.38.228 - - [23/Apr/2026:20:17:23 +0300] "GET /one-of-the-most-significant-great-things-about-to-tackle-during-the-an-online-local-casino-s-the-comfort-foundation/ HTTP/1.1" 200 76542 "-" "Mozilla/5.0 (Windows NT 10.0; Win64; x64) AppleWebKit/537.36 (KHTML, like Gecko) Chrome/123.0.0.0 Safari/537.36"
185.216.113.70 - - [23/Apr/2026:20:17:50 +0300] "POST /wp-cron.php?doing_wp_cron=1776964670.1608150005340576171875 HTTP/1.1" 200 448 "-" "WordPress/6.3.8; https://serhatburke.miroglu.net"
193.36.38.228 - - [23/Apr/2026:20:17:36 +0300] "POST /xmlrpc.php HTTP/1.1" 200 692 "-" "Mozilla/5.0 (Windows NT 10.0; Win64; x64) AppleWebKit/537.36 (KHTML, like Gecko) Chrome/114.0.0.0 Safari/537.36"
37.139.53.240 - - [23/Apr/2026:20:17:31 +0300] "GET / HTTP/2" 200 17472 "-" "Mozilla/5.0 (Macintosh; Intel Mac OS X 10_15_7) AppleWebKit/537.36 (KHTML, like Gecko) Chrome/131.0.0.0 Safari/537.36"
193.36.38.226 - - [23/Apr/2026:20:17:54 +0300] "POST /xmlrpc.php HTTP/1.1" 200 692 "-" "Mozilla/5.0 (Windows NT 10.0; Win64; x64) AppleWebKit/537.36 (KHTML, like Gecko) Chrome/114.0.0.0 Safari/537.36"
193.36.38.228 - - [23/Apr/2026:20:17:57 +0300] "POST /xmlrpc.php HTTP/1.1" 200 9078 "-" "Mozilla/5.0 (Windows NT 10.0; Win64; x64) AppleWebKit/537.36 (KHTML, like Gecko) Chrome/114.0.0.0 Safari/537.36"
37.139.53.240 - - [23/Apr/2026:20:17:52 +0300] "GET / HTTP/2" 200 17472 "-" "Mozilla/5.0 (Macintosh; Intel Mac OS X 10_15_7) AppleWebKit/605.1.15 (KHTML, like Gecko) Version/18.0 Safari/605.1.15"
37.139.53.240 - - [23/Apr/2026:20:18:02 +0300] "GET / HTTP/2" 200 17472 "-" "Mozilla/5.0 (Macintosh; Intel Mac OS X 10_15_7) AppleWebKit/537.36 (KHTML, like Gecko) Chrome/131.0.0.0 Safari/537.36"
193.36.38.228 - - [23/Apr/2026:20:18:22 +0300] "GET /baccarat-is-actually-an-essential-gaming-video-game-there-are-from-the-belongings-centered-and-online-united-kingdom-gambling-enterprises/ HTTP/1.1" 200 73565 "-" "Mozilla/5.0 (Windows NT 10.0; rv:109.0) Gecko/20100101 Firefox/115.0"
185.216.113.70 - - [23/Apr/2026:20:18:40 +0300] "POST /wp-cron.php?doing_wp_cron=1776964720.3032178878784179687500 HTTP/1.1" 200 448 "-" "WordPress/6.3.8; https://serhatburke.miroglu.net"
193.36.38.226 - - [23/Apr/2026:20:18:26 +0300] "POST /xmlrpc.php HTTP/1.1" 200 12517 "-" "Mozilla/5.0 (Windows NT 10.0; Win64; x64) AppleWebKit/537.36 (KHTML, like Gecko) Chrome/114.0.0.0 Safari/537.36"
37.139.53.240 - - [23/Apr/2026:20:18:33 +0300] "GET / HTTP/2" 200 17472 "-" "Mozilla/5.0 (Macintosh; Intel Mac OS X 10_15_7) AppleWebKit/537.36 (KHTML, like Gecko) Chrome/131.0.0.0 Safari/537.36"
193.36.38.226 - - [23/Apr/2026:20:18:40 +0300] "GET /among-earliest-bitcoin-gambling-enterprise-centered-inside-the-popularity-and-possibilities-of-btc/ HTTP/1.1" 200 75905 "-" "Mozilla/5.0 (Windows NT 10.0; Win64; x64) AppleWebKit/537.36 (KHTML, like Gecko) Chrome/122.0.0.0 Safari/537.36"
193.36.38.228 - - [23/Apr/2026:20:18:46 +0300] "POST /xmlrpc.php HTTP/1.1" 200 514 "-" "Mozilla/5.0 (Windows NT 10.0; Win64; x64) AppleWebKit/537.36 (KHTML, like Gecko) Chrome/114.0.0.0 Safari/537.36"
128.1.227.231 - - [23/Apr/2026:20:18:49 +0300] "POST /xmlrpc.php HTTP/1.1" 200 630 "-" "Mozilla/5.0 (Windows NT 10.0; Win64; x64) AppleWebKit/537.36 (KHTML, like Gecko) Chrome/114.0.0.0 Safari/537.36"
37.139.53.240 - - [23/Apr/2026:20:19:00 +0300] "GET / HTTP/2" 200 17513 "-" "Mozilla/5.0 (Macintosh; Intel Mac OS X 10_15_7) AppleWebKit/605.1.15 (KHTML, like Gecko) Version/18.0 Safari/605.1.15"
185.216.113.70 - - [23/Apr/2026:20:19:34 +0300] "POST /wp-cron.php?doing_wp_cron=1776964774.3097920417785644531250 HTTP/1.1" 200 448 "-" "WordPress/6.3.8; https://serhatburke.miroglu.net"
193.36.38.228 - - [23/Apr/2026:20:19:21 +0300] "POST /xmlrpc.php HTTP/1.1" 200 12264 "-" "Mozilla/5.0 (Windows NT 10.0; Win64; x64) AppleWebKit/537.36 (KHTML, like Gecko) Chrome/114.0.0.0 Safari/537.36"
128.1.227.231 - - [23/Apr/2026:20:19:21 +0300] "POST /xmlrpc.php HTTP/1.1" 200 10747 "-" "Mozilla/5.0 (Windows NT 10.0; Win64; x64) AppleWebKit/537.36 (KHTML, like Gecko) Chrome/114.0.0.0 Safari/537.36"
193.36.38.228 - - [23/Apr/2026:20:19:34 +0300] "POST /xmlrpc.php HTTP/1.1" 200 692 "-" "Mozilla/5.0 (Windows NT 10.0; Win64; x64) AppleWebKit/537.36 (KHTML, like Gecko) Chrome/114.0.0.0 Safari/537.36"
193.36.38.228 - - [23/Apr/2026:20:19:34 +0300] "GET /he-has-cheering-all-of-them-to-the-with-his-spouse-and-you-may-daughter/ HTTP/1.1" 200 75119 "-" "Mozilla/5.0 (Windows NT 10.0; rv:125.0) Gecko/20100101 Firefox/125.0"
128.1.227.231 - - [23/Apr/2026:20:19:36 +0300] "GET /beste-online-casinos-land-der-story-of-egypt-slot-dichter-und-denker-dritter-monat-des-jahres-2026/ HTTP/1.1" 200 74769 "-" "Mozilla/5.0 (Windows NT 10.0; Win64; x64) AppleWebKit/537.36 (KHTML, like Gecko) Chrome/109.0.0.0 Safari/537.36"
52.167.144.204 - - [23/Apr/2026:20:19:45 +0300] "GET /kraken-bezopasnye-metody-dostupa-v-darknet-2026-16/ HTTP/2" 200 18555 "-" "Mozilla/5.0 AppleWebKit/537.36 (KHTML, like Gecko; compatible; bingbot/2.0; +http://www.bing.com/bingbot.htm) Chrome/116.0.1938.76 Safari/537.36"
193.36.38.226 - - [23/Apr/2026:20:20:01 +0300] "POST /xmlrpc.php HTTP/1.1" 200 692 "-" "Mozilla/5.0 (Windows NT 10.0; Win64; x64) AppleWebKit/537.36 (KHTML, like Gecko) Chrome/114.0.0.0 Safari/537.36"
193.36.38.228 - - [23/Apr/2026:20:20:12 +0300] "POST /xmlrpc.php HTTP/1.1" 200 12299 "-" "Mozilla/5.0 (Windows NT 10.0; Win64; x64) AppleWebKit/537.36 (KHTML, like Gecko) Chrome/114.0.0.0 Safari/537.36"
185.216.113.70 - - [23/Apr/2026:20:20:41 +0300] "POST /wp-cron.php?doing_wp_cron=1776964841.6423010826110839843750 HTTP/1.1" 200 448 "-" "WordPress/6.3.8; https://serhatburke.miroglu.net"
193.36.38.226 - - [23/Apr/2026:20:20:23 +0300] "POST /xmlrpc.php HTTP/1.1" 200 11018 "-" "Mozilla/5.0 (Windows NT 10.0; Win64; x64) AppleWebKit/537.36 (KHTML, like Gecko) Chrome/114.0.0.0 Safari/537.36"
193.36.38.228 - - [23/Apr/2026:20:20:29 +0300] "POST /xmlrpc.php HTTP/1.1" 200 692 "-" "Mozilla/5.0 (Windows NT 10.0; Win64; x64) AppleWebKit/537.36 (KHTML, like Gecko) Chrome/114.0.0.0 Safari/537.36"
193.36.38.228 - - [23/Apr/2026:20:20:28 +0300] "GET /the-working-platform-ensures-punctual-withdrawals-top-level-protection-and-you-can-a-person-friendly-screen/ HTTP/1.1" 200 76313 "-" "Mozilla/5.0 (Windows NT 10.0; Win64; x64; rv:125.0) Gecko/20100101 Firefox/125.0"
193.36.38.226 - - [23/Apr/2026:20:20:43 +0300] "GET /we-plus-view-bonuses-online-game-variety-financial-and-you-can-customer-support/ HTTP/1.1" 200 74356 "-" "Mozilla/5.0 (Windows NT 10.0; Win64; x64) AppleWebKit/537.36 (KHTML, like Gecko) Chrome/124.0.0.0 Safari/537.36 Edg/124.0.0.0"
193.36.38.228 - - [23/Apr/2026:20:20:55 +0300] "POST /xmlrpc.php HTTP/1.1" 200 10107 "-" "Mozilla/5.0 (Windows NT 10.0; Win64; x64) AppleWebKit/537.36 (KHTML, like Gecko) Chrome/114.0.0.0 Safari/537.36"
37.139.53.240 - - [23/Apr/2026:20:21:03 +0300] "GET / HTTP/2" 200 17583 "-" "Mozilla/5.0 (Macintosh; Intel Mac OS X 10_15_7) AppleWebKit/537.36 (KHTML, like Gecko) Chrome/131.0.0.0 Safari/537.36"
193.36.38.228 - - [23/Apr/2026:20:21:11 +0300] "GET /day-after-day-falls-and-you-can-gains-a-good-200-reload-incentive-and-you-may-a-healthy-more-than-1000-slot-games/ HTTP/1.1" 200 74479 "-" "Mozilla/5.0 (Windows NT 10.0; Win64; x64) AppleWebKit/537.36 (KHTML, like Gecko) Chrome/123.0.0.0 Safari/537.36"
185.216.113.70 - - [23/Apr/2026:20:21:44 +0300] "POST /wp-cron.php?doing_wp_cron=1776964904.8819870948791503906250 HTTP/1.1" 200 448 "-" "WordPress/6.3.8; https://serhatburke.miroglu.net"
37.139.53.240 - - [23/Apr/2026:20:21:24 +0300] "GET / HTTP/2" 200 17583 "-" "Mozilla/5.0 (Macintosh; Intel Mac OS X 10_15_7) AppleWebKit/605.1.15 (KHTML, like Gecko) Version/18.0 Safari/605.1.15"
128.1.227.231 - - [23/Apr/2026:20:21:35 +0300] "POST /xmlrpc.php HTTP/1.1" 200 630 "-" "Mozilla/5.0 (Windows NT 10.0; Win64; x64) AppleWebKit/537.36 (KHTML, like Gecko) Chrome/114.0.0.0 Safari/537.36"
193.36.38.228 - - [23/Apr/2026:20:21:42 +0300] "POST /xmlrpc.php HTTP/1.1" 200 692 "-" "Mozilla/5.0 (Windows NT 10.0; Win64; x64) AppleWebKit/537.36 (KHTML, like Gecko) Chrome/114.0.0.0 Safari/537.36"
37.139.53.240 - - [23/Apr/2026:20:21:45 +0300] "GET / HTTP/2" 200 0 "-" "Mozilla/5.0 (Macintosh; Intel Mac OS X 10_15_7) AppleWebKit/537.36 (KHTML, like Gecko) Chrome/131.0.0.0 Safari/537.36"
193.36.38.226 - - [23/Apr/2026:20:21:48 +0300] "POST /xmlrpc.php HTTP/1.1" 200 692 "-" "Mozilla/5.0 (Windows NT 10.0; Win64; x64) AppleWebKit/537.36 (KHTML, like Gecko) Chrome/114.0.0.0 Safari/537.36"
52.167.144.189 - - [23/Apr/2026:20:21:58 +0300] "GET /jednoreki-lobuz-przez-internet-za-darmo-wyjawszy-rejestrowania-sie/ HTTP/2" 200 19841 "-" "Mozilla/5.0 AppleWebKit/537.36 (KHTML, like Gecko; compatible; bingbot/2.0; +http://www.bing.com/bingbot.htm) Chrome/116.0.1938.76 Safari/537.36"
128.1.227.231 - - [23/Apr/2026:20:22:00 +0300] "POST /xmlrpc.php HTTP/1.1" 200 11471 "-" "Mozilla/5.0 (Windows NT 10.0; Win64; x64) AppleWebKit/537.36 (KHTML, like Gecko) Chrome/114.0.0.0 Safari/537.36"
185.216.113.70 - - [23/Apr/2026:20:22:49 +0300] "POST /wp-cron.php?doing_wp_cron=1776964969.1324679851531982421875 HTTP/1.1" 200 448 "-" "WordPress/6.3.8; https://serhatburke.miroglu.net"
52.167.144.204 - - [23/Apr/2026:20:22:05 +0300] "GET /the-group-used-sim-change-scams-multi-grounds-verification-fatigue-episodes-and-phishing-from-the-text-messages-and-you-can-telegram/ HTTP/2" 200 17388 "-" "Mozilla/5.0 AppleWebKit/537.36 (KHTML, like Gecko; compatible; bingbot/2.0; +http://www.bing.com/bingbot.htm) Chrome/116.0.1938.76 Safari/537.36"
185.216.113.70 - - [23/Apr/2026:20:22:53 +0300] "POST /wp-cron.php?doing_wp_cron=1776964973.5320599079132080078125 HTTP/1.1" 200 448 "-" "WordPress/6.3.8; https://serhatburke.miroglu.net"
52.167.144.211 - - [23/Apr/2026:20:22:09 +0300] "GET /how-bscscan-transforms-cryptocurrency-tracking-and-trading-3/ HTTP/2" 200 17364 "-" "Mozilla/5.0 AppleWebKit/537.36 (KHTML, like Gecko; compatible; bingbot/2.0; +http://www.bing.com/bingbot.htm) Chrome/116.0.1938.76 Safari/537.36"
37.139.53.240 - - [23/Apr/2026:20:22:25 +0300] "GET / HTTP/2" 200 0 "-" "Mozilla/5.0 (Macintosh; Intel Mac OS X 10_15_7) AppleWebKit/537.36 (KHTML, like Gecko) Chrome/131.0.0.0 Safari/537.36"
185.216.113.70 - - [23/Apr/2026:20:23:07 +0300] "POST /wp-cron.php?doing_wp_cron=1776964987.5575969219207763671875 HTTP/1.1" 200 448 "-" "WordPress/6.3.8; https://serhatburke.miroglu.net"
193.36.38.228 - - [23/Apr/2026:20:22:21 +0300] "POST /xmlrpc.php HTTP/1.1" 200 9966 "-" "Mozilla/5.0 (Windows NT 10.0; Win64; x64) AppleWebKit/537.36 (KHTML, like Gecko) Chrome/114.0.0.0 Safari/537.36"
185.216.113.70 - - [23/Apr/2026:20:23:20 +0300] "POST /wp-cron.php?doing_wp_cron=1776964999.7446990013122558593750 HTTP/1.1" 200 448 "-" "WordPress/6.3.8; https://serhatburke.miroglu.net"
193.36.38.226 - - [23/Apr/2026:20:22:34 +0300] "POST /xmlrpc.php HTTP/1.1" 200 10668 "-" "Mozilla/5.0 (Windows NT 10.0; Win64; x64) AppleWebKit/537.36 (KHTML, like Gecko) Chrome/114.0.0.0 Safari/537.36"
37.139.53.240 - - [23/Apr/2026:20:23:00 +0300] "GET / HTTP/2" 200 0 "-" "Mozilla/5.0 (Macintosh; Intel Mac OS X 10_15_7) AppleWebKit/605.1.15 (KHTML, like Gecko) Version/18.0 Safari/605.1.15"
52.167.144.189 - - [23/Apr/2026:20:22:48 +0300] "GET /online-casino-10-euro-einzahlen-mit-50-spielen/ HTTP/2" 200 0 "-" "Mozilla/5.0 AppleWebKit/537.36 (KHTML, like Gecko; compatible; bingbot/2.0; +http://www.bing.com/bingbot.htm) Chrome/116.0.1938.76 Safari/537.36"
128.1.227.231 - - [23/Apr/2026:20:22:45 +0300] "GET /druckgluck-erfahrungen-casino-gladiator-of-rome-doch-100-bonus/ HTTP/1.1" 200 75065 "-" "Mozilla/5.0 (Windows NT 10.0; Win64; x64) AppleWebKit/537.36 (KHTML, like Gecko) Chrome/123.0.0.0 Safari/537.36"
193.36.38.228 - - [23/Apr/2026:20:22:59 +0300] "POST /xmlrpc.php HTTP/1.1" 200 692 "-" "Mozilla/5.0 (Windows NT 10.0; Win64; x64) AppleWebKit/537.36 (KHTML, like Gecko) Chrome/114.0.0.0 Safari/537.36"
98.98.197.195 - - [23/Apr/2026:20:23:07 +0300] "POST /xmlrpc.php HTTP/1.1" 200 630 "-" "Mozilla/5.0 (Windows NT 10.0; Win64; x64) AppleWebKit/537.36 (KHTML, like Gecko) Chrome/114.0.0.0 Safari/537.36"
193.36.38.228 - - [23/Apr/2026:20:23:12 +0300] "GET /do-you-get-no-deposit-totally-free-revolves-to-the-subscription-having-united-kingdom-casinos/ HTTP/1.1" 200 73793 "-" "Mozilla/5.0 (Windows NT 10.0; Win64; x64) AppleWebKit/537.36 (KHTML, like Gecko) Chrome/123.0.0.0 Safari/537.36 OPR/109.0.0.0"
193.36.38.226 - - [23/Apr/2026:20:23:20 +0300] "GET /this-provides-you-with-a-threat-totally-free-possible-opportunity-to-get-acquainted-with-the-fresh-game-and-their-enjoys/ HTTP/1.1" 200 75411 "-" "Mozilla/5.0 (Windows NT 10.0; Win64; x64; rv:125.0) Gecko/20100101 Firefox/125.0"
185.216.113.70 - - [23/Apr/2026:20:24:35 +0300] "POST /wp-cron.php?doing_wp_cron=1776965075.1649858951568603515625 HTTP/1.1" 200 448 "-" "WordPress/6.3.8; https://serhatburke.miroglu.net"
187.84.181.95 - - [23/Apr/2026:20:23:45 +0300] "GET / HTTP/1.1" 200 71798 "-" "Mozilla/5.0 (Windows NT 10.0; Win64; x64) AppleWebKit/537.36 (KHTML, like Gecko) Chrome/124.0.0.0 Safari/537.36"
185.216.113.70 - - [23/Apr/2026:20:24:39 +0300] "POST /wp-cron.php?doing_wp_cron=1776965078.9498789310455322265625 HTTP/1.1" 200 448 "-" "WordPress/6.3.8; https://serhatburke.miroglu.net"
193.36.38.228 - - [23/Apr/2026:20:23:52 +0300] "POST /xmlrpc.php HTTP/1.1" 200 692 "-" "Mozilla/5.0 (Windows NT 10.0; Win64; x64) AppleWebKit/537.36 (KHTML, like Gecko) Chrome/114.0.0.0 Safari/537.36"
185.216.113.70 - - [23/Apr/2026:20:24:49 +0300] "POST /wp-cron.php?doing_wp_cron=1776965088.9522030353546142578125 HTTP/1.1" 200 448 "-" "WordPress/6.3.8; https://serhatburke.miroglu.net"
193.36.38.226 - - [23/Apr/2026:20:24:05 +0300] "POST /xmlrpc.php HTTP/1.1" 200 692 "-" "Mozilla/5.0 (Windows NT 10.0; Win64; x64) AppleWebKit/537.36 (KHTML, like Gecko) Chrome/114.0.0.0 Safari/537.36"
