165.73.242.7 - - [23/Apr/2026:13:56:54 +0300] "GET /?p=130055 HTTP/1.1" 301 670 "-" "Mozilla/5.0 (Windows NT 10.0; rv:125.0) Gecko/20100101 Firefox/125.0"
185.216.113.70 - - [23/Apr/2026:13:58:48 +0300] "POST /wp-cron.php?doing_wp_cron=1776941928.6500298976898193359375 HTTP/1.1" 200 448 "-" "WordPress/6.3.8; https://serhatburke.miroglu.net"
165.73.242.7 - - [23/Apr/2026:13:57:19 +0300] "POST /xmlrpc.php HTTP/1.1" 200 9633 "-" "Mozilla/5.0 (Windows NT 10.0; Win64; x64) AppleWebKit/537.36 (KHTML, like Gecko) Chrome/114.0.0.0 Safari/537.36"
185.216.113.70 - - [23/Apr/2026:13:59:24 +0300] "POST /wp-cron.php?doing_wp_cron=1776941964.7336809635162353515625 HTTP/1.1" 200 448 "-" "WordPress/6.3.8; https://serhatburke.miroglu.net"
57.128.22.95 - - [23/Apr/2026:13:57:59 +0300] "GET /beste-casino-site-belgie-hoge-inzet/ HTTP/1.1" 200 18588 "https://serhatburke.miroglu.net/" "Mozilla/5.0 (Macintosh; Intel Mac OS X 10_15_7) AppleWebKit/605.1.15 (KHTML, like Gecko) Version/26.2 Safari/605.1.15"
185.216.113.70 - - [23/Apr/2026:14:00:08 +0300] "POST /wp-cron.php?doing_wp_cron=1776942007.8587388992309570312500 HTTP/1.1" 200 448 "-" "WordPress/6.3.8; https://serhatburke.miroglu.net"
165.73.242.7 - - [23/Apr/2026:13:58:36 +0300] "POST /xmlrpc.php HTTP/1.1" 200 861 "-" "Mozilla/5.0 (Windows NT 10.0; Win64; x64) AppleWebKit/537.36 (KHTML, like Gecko) Chrome/114.0.0.0 Safari/537.36"
185.216.113.70 - - [23/Apr/2026:14:00:11 +0300] "POST /wp-cron.php?doing_wp_cron=1776942011.0361299514770507812500 HTTP/1.1" 200 448 "-" "WordPress/6.3.8; https://serhatburke.miroglu.net"
185.216.113.70 - - [23/Apr/2026:14:00:12 +0300] "POST /wp-cron.php?doing_wp_cron=1776942011.8612899780273437500000 HTTP/1.1" 200 448 "-" "WordPress/6.3.8; https://serhatburke.miroglu.net"
165.73.242.7 - - [23/Apr/2026:13:58:50 +0300] "GET /pa-rak-case-gambling-enterprise-svenska-50-gratissnurr-pa-dual-spin-full-moon-romance-jackpot-slot-utan-insattning-parti-mercantile-workplace-systems-pvt-ltd/ HTTP/1.1" 200 73720 "-" "Mozilla/5.0 (Windows NT 10.0; Win64; x64; rv:124.0) Gecko/20100101 Firefox/124.0"
165.73.242.7 - - [23/Apr/2026:13:58:46 +0300] "GET /triple-diamond-position-on-the-web-trial-casino-pollen-nation-wager-totally-free/ HTTP/1.1" 200 70278 "-" "Mozilla/5.0 (Windows NT 10.0; rv:125.0) Gecko/20100101 Firefox/125.0"
185.216.113.70 - - [23/Apr/2026:14:00:14 +0300] "POST /wp-cron.php?doing_wp_cron=1776942014.3476259708404541015625 HTTP/1.1" 200 448 "-" "WordPress/6.3.8; https://serhatburke.miroglu.net"
57.128.22.95 - - [23/Apr/2026:13:58:59 +0300] "GET /beste-casino-site-belgie-hoge-inzet/ HTTP/1.1" 200 18588 "https://serhatburke.miroglu.net/" "Mozilla/5.0 (Macintosh; Intel Mac OS X 10_15_7) AppleWebKit/605.1.15 (KHTML, like Gecko) Version/26.2 Safari/605.1.15"
185.216.113.70 - - [23/Apr/2026:14:00:15 +0300] "POST /wp-cron.php?doing_wp_cron=1776942015.6356699466705322265625 HTTP/1.1" 200 448 "-" "WordPress/6.3.8; https://serhatburke.miroglu.net"
178.175.140.149 - - [23/Apr/2026:13:58:52 +0300] "POST /xmlrpc.php HTTP/1.1" 200 630 "-" "Mozilla/5.0 (Windows NT 10.0; Win64; x64) AppleWebKit/537.36 (KHTML, like Gecko) Chrome/114.0.0.0 Safari/537.36"
185.216.113.70 - - [23/Apr/2026:14:00:54 +0300] "POST /wp-cron.php?doing_wp_cron=1776942054.0449719429016113281250 HTTP/1.1" 200 448 "-" "WordPress/6.3.8; https://serhatburke.miroglu.net"
57.128.22.95 - - [23/Apr/2026:13:59:59 +0300] "GET /beste-casino-site-belgie-hoge-inzet/ HTTP/1.1" 200 18588 "https://serhatburke.miroglu.net/" "Mozilla/5.0 (Macintosh; Intel Mac OS X 10_15_7) AppleWebKit/605.1.15 (KHTML, like Gecko) Version/26.2 Safari/605.1.15"
167.160.180.44 - - [23/Apr/2026:14:00:57 +0300] "GET /wp-includes/css/dist/block-library/style.min.css?ver=6.3.8 HTTP/1.1" 200 13578 "https://serhatburke.miroglu.net/beste-casino-site-belgie-hoge-inzet/" "Mozilla/5.0 (Windows NT 10.0; Win64; x64) AppleWebKit/537.36 (KHTML, like Gecko) Chrome/145.0.0.0 Safari/537.36"
185.216.113.70 - - [23/Apr/2026:14:01:18 +0300] "POST /wp-cron.php?doing_wp_cron=1776942078.2499148845672607421875 HTTP/1.1" 200 448 "-" "WordPress/6.3.8; https://serhatburke.miroglu.net"
178.175.140.149 - - [23/Apr/2026:14:00:21 +0300] "POST /xmlrpc.php HTTP/1.1" 200 8525 "-" "Mozilla/5.0 (Windows NT 10.0; Win64; x64) AppleWebKit/537.36 (KHTML, like Gecko) Chrome/114.0.0.0 Safari/537.36"
185.216.113.70 - - [23/Apr/2026:14:01:28 +0300] "POST /wp-cron.php?doing_wp_cron=1776942088.0399050712585449218750 HTTP/1.1" 200 448 "-" "WordPress/6.3.8; https://serhatburke.miroglu.net"
40.77.167.151 - - [23/Apr/2026:14:00:40 +0300] "GET /variety-of-no-deposit-extra-rules-discover-worldwide/ HTTP/2" 200 0 "-" "Mozilla/5.0 AppleWebKit/537.36 (KHTML, like Gecko; compatible; bingbot/2.0; +http://www.bing.com/bingbot.htm) Chrome/116.0.1938.76 Safari/537.36"
118.189.242.201 - - [23/Apr/2026:14:00:29 +0300] "GET /zotabet-casino-bonus-premier-depot-2026/ HTTP/1.1" 200 18531 "https://serhatburke.miroglu.net/" "Mozilla/5.0 (Macintosh; Intel Mac OS X 12_5) AppleWebKit/537.36 (KHTML, like Gecko) Chrome/114.0.0.0 YaBrowser/22.7.0 Yowser/2.5 Safari/537.36"
185.216.113.70 - - [23/Apr/2026:14:01:43 +0300] "POST /wp-cron.php?doing_wp_cron=1776942103.3667860031127929687500 HTTP/1.1" 200 448 "-" "WordPress/6.3.8; https://serhatburke.miroglu.net"
52.167.144.158 - - [23/Apr/2026:14:01:08 +0300] "GET /playthrough-1x-concludes-a-month-trick-highlights-vip-system/ HTTP/2" 200 0 "-" "Mozilla/5.0 AppleWebKit/537.36 (KHTML, like Gecko; compatible; bingbot/2.0; +http://www.bing.com/bingbot.htm) Chrome/116.0.1938.76 Safari/537.36"
198.12.122.109 - - [23/Apr/2026:14:02:00 +0300] "GET /wp-content/themes/toppic/css/reset.css?ver=4.2 HTTP/1.1" 200 1178 "https://serhatburke.miroglu.net/beste-casino-site-belgie-hoge-inzet/" "Mozilla/5.0 (Windows NT 10.0; Win64; x64) AppleWebKit/537.36 (KHTML, like Gecko) Chrome/145.0.0.0 Safari/537.36"
198.12.122.109 - - [23/Apr/2026:14:02:02 +0300] "GET /wp-content/themes/toppic/css/default.css?ver=4.2 HTTP/1.1" 200 1811 "https://serhatburke.miroglu.net/beste-casino-site-belgie-hoge-inzet/" "Mozilla/5.0 (Windows NT 10.0; Win64; x64) AppleWebKit/537.36 (KHTML, like Gecko) Chrome/145.0.0.0 Safari/537.36"
198.12.122.109 - - [23/Apr/2026:14:02:03 +0300] "GET /wp-content/themes/toppic/style.css?ver=4.2 HTTP/1.1" 200 23398 "https://serhatburke.miroglu.net/beste-casino-site-belgie-hoge-inzet/" "Mozilla/5.0 (Windows NT 10.0; Win64; x64) AppleWebKit/537.36 (KHTML, like Gecko) Chrome/145.0.0.0 Safari/537.36"
185.216.113.70 - - [23/Apr/2026:14:02:05 +0300] "POST /wp-cron.php?doing_wp_cron=1776942125.0480720996856689453125 HTTP/1.1" 200 448 "-" "WordPress/6.3.8; https://serhatburke.miroglu.net"
198.12.122.109 - - [23/Apr/2026:14:02:05 +0300] "GET /wp-content/themes/toppic/css/royalslider.css?ver=4.2 HTTP/1.1" 200 1887 "https://serhatburke.miroglu.net/beste-casino-site-belgie-hoge-inzet/" "Mozilla/5.0 (Windows NT 10.0; Win64; x64) AppleWebKit/537.36 (KHTML, like Gecko) Chrome/145.0.0.0 Safari/537.36"
118.189.242.201 - - [23/Apr/2026:14:01:00 +0300] "GET /zotabet-casino-bonus-premier-depot-2026/ HTTP/1.1" 200 18592 "https://serhatburke.miroglu.net/" "Mozilla/5.0 (Macintosh; Intel Mac OS X 12_5) AppleWebKit/537.36 (KHTML, like Gecko) Chrome/114.0.0.0 YaBrowser/22.7.0 Yowser/2.5 Safari/537.36"
198.12.122.109 - - [23/Apr/2026:14:02:07 +0300] "GET /wp-content/themes/toppic/css/rs-default.css?ver=4.2 HTTP/1.1" 200 2625 "https://serhatburke.miroglu.net/beste-casino-site-belgie-hoge-inzet/" "Mozilla/5.0 (Windows NT 10.0; Win64; x64) AppleWebKit/537.36 (KHTML, like Gecko) Chrome/145.0.0.0 Safari/537.36"
198.12.122.109 - - [23/Apr/2026:14:02:08 +0300] "GET /wp-content/themes/toppic/css/lightbox.css?ver=4.2 HTTP/1.1" 200 2956 "https://serhatburke.miroglu.net/beste-casino-site-belgie-hoge-inzet/" "Mozilla/5.0 (Windows NT 10.0; Win64; x64) AppleWebKit/537.36 (KHTML, like Gecko) Chrome/145.0.0.0 Safari/537.36"
198.12.122.109 - - [23/Apr/2026:14:02:10 +0300] "GET /wp-content/themes/toppic/css/woocommerce.css?ver=4.2 HTTP/1.1" 200 2848 "https://serhatburke.miroglu.net/beste-casino-site-belgie-hoge-inzet/" "Mozilla/5.0 (Windows NT 10.0; Win64; x64) AppleWebKit/537.36 (KHTML, like Gecko) Chrome/145.0.0.0 Safari/537.36"
198.12.122.109 - - [23/Apr/2026:14:02:12 +0300] "GET /wp-content/themes/toppic/css/responsive.css?ver=4.2 HTTP/1.1" 200 2796 "https://serhatburke.miroglu.net/beste-casino-site-belgie-hoge-inzet/" "Mozilla/5.0 (Windows NT 10.0; Win64; x64) AppleWebKit/537.36 (KHTML, like Gecko) Chrome/145.0.0.0 Safari/537.36"
185.216.113.70 - - [23/Apr/2026:14:02:16 +0300] "POST /wp-cron.php?doing_wp_cron=1776942136.3467800617218017578125 HTTP/1.1" 200 448 "-" "WordPress/6.3.8; https://serhatburke.miroglu.net"
185.216.113.70 - - [23/Apr/2026:14:02:19 +0300] "POST /wp-cron.php?doing_wp_cron=1776942138.9428908824920654296875 HTTP/1.1" 200 448 "-" "WordPress/6.3.8; https://serhatburke.miroglu.net"
178.175.140.149 - - [23/Apr/2026:14:01:18 +0300] "GET /aunt-internet-no-deposit-2026-gambling-enterprises-120-totally-free-chips-incentive/ HTTP/1.1" 200 70165 "-" "Mozilla/5.0 (Windows NT 10.0; rv:109.0) Gecko/20100101 Firefox/115.0"
185.216.113.70 - - [23/Apr/2026:14:02:30 +0300] "POST /wp-cron.php?doing_wp_cron=1776942150.0830659866333007812500 HTTP/1.1" 200 448 "-" "WordPress/6.3.8; https://serhatburke.miroglu.net"
195.181.160.220 - - [23/Apr/2026:14:01:22 +0300] "GET /oficialnoe-zerkalo-laki-vorld-igry-onlajn-laki/ HTTP/1.1" 200 22897 "-" "Screaming Frog SEO Spider/19.8"
185.216.113.70 - - [23/Apr/2026:14:02:43 +0300] "POST /wp-cron.php?doing_wp_cron=1776942163.3342039585113525390625 HTTP/1.1" 200 448 "-" "WordPress/6.3.8; https://serhatburke.miroglu.net"
118.189.242.201 - - [23/Apr/2026:14:01:31 +0300] "GET /zotabet-casino-bonus-premier-depot-2026/ HTTP/1.1" 200 18531 "https://serhatburke.miroglu.net/" "Mozilla/5.0 (Macintosh; Intel Mac OS X 12_5) AppleWebKit/537.36 (KHTML, like Gecko) Chrome/114.0.0.0 YaBrowser/22.7.0 Yowser/2.5 Safari/537.36"
52.167.144.211 - - [23/Apr/2026:14:02:04 +0300] "GET /free-activities-wagers-with-no-put-try-rare-and-only-available-for-a-small-big-date/ HTTP/2" 200 0 "-" "Mozilla/5.0 AppleWebKit/537.36 (KHTML, like Gecko; compatible; bingbot/2.0; +http://www.bing.com/bingbot.htm) Chrome/116.0.1938.76 Safari/537.36"
185.216.113.70 - - [23/Apr/2026:14:03:19 +0300] "POST /wp-cron.php?doing_wp_cron=1776942199.4341869354248046875000 HTTP/1.1" 200 448 "-" "WordPress/6.3.8; https://serhatburke.miroglu.net"
193.194.106.44 - - [23/Apr/2026:14:02:05 +0300] "GET /robots.txt HTTP/1.1" 200 735 "-" "Mozilla/5.0 (Linux; Android 6.0.1; Nexus 5X Build/MMB29P) AppleWebKit/537.36 (KHTML, like Gecko) Chrome/139.0.7258.156 Mobile Safari/537.36 (compatible; Googlebot/2.1; +http://www.google.com/bot.html)"
185.216.113.70 - - [23/Apr/2026:14:03:22 +0300] "POST /wp-cron.php?doing_wp_cron=1776942202.7457358837127685546875 HTTP/1.1" 200 448 "-" "WordPress/6.3.8; https://serhatburke.miroglu.net"
185.216.113.70 - - [23/Apr/2026:14:03:33 +0300] "POST /wp-cron.php?doing_wp_cron=1776942212.9299979209899902343750 HTTP/1.1" 200 448 "-" "WordPress/6.3.8; https://serhatburke.miroglu.net"
198.12.122.109 - - [23/Apr/2026:14:02:13 +0300] "POST /wp-comments-post.php HTTP/1.1" 302 1083 "https://serhatburke.miroglu.net/beste-casino-site-belgie-hoge-inzet/" "Mozilla/5.0 (Macintosh; Intel Mac OS X 10_15_7) AppleWebKit/605.1.15 (KHTML, like Gecko) Version/26.2 Safari/605.1.15"
185.216.113.70 - - [23/Apr/2026:14:03:36 +0300] "POST /wp-cron.php?doing_wp_cron=1776942216.6488440036773681640625 HTTP/1.1" 200 448 "-" "WordPress/6.3.8; https://serhatburke.miroglu.net"
193.194.106.44 - - [23/Apr/2026:14:02:25 +0300] "GET /play-slots-online-for-free/ HTTP/1.1" 200 20459 "-" "Mozilla/5.0 (Linux; Android 6.0.1; Nexus 5X Build/MMB29P) AppleWebKit/537.36 (KHTML, like Gecko) Chrome/139.0.7258.156 Mobile Safari/537.36 (compatible; Googlebot/2.1; +http://www.google.com/bot.html)"
185.216.113.70 - - [23/Apr/2026:14:04:05 +0300] "POST /wp-cron.php?doing_wp_cron=1776942245.5724630355834960937500 HTTP/1.1" 200 448 "-" "WordPress/6.3.8; https://serhatburke.miroglu.net"
198.12.122.109 - - [23/Apr/2026:14:03:14 +0300] "POST /wp-comments-post.php HTTP/1.1" 409 1626 "https://serhatburke.miroglu.net/beste-casino-site-belgie-hoge-inzet/" "Mozilla/5.0 (Macintosh; Intel Mac OS X 10_15_7) AppleWebKit/605.1.15 (KHTML, like Gecko) Version/26.2 Safari/605.1.15"
167.160.180.95 - - [23/Apr/2026:14:04:06 +0300] "POST /wp-comments-post.php HTTP/1.1" 409 1626 "https://serhatburke.miroglu.net/beste-casino-site-belgie-hoge-inzet/" "Mozilla/5.0 (Macintosh; Intel Mac OS X 10_15_7) AppleWebKit/605.1.15 (KHTML, like Gecko) Version/26.2 Safari/605.1.15"
40.77.167.151 - - [23/Apr/2026:14:03:48 +0300] "GET /post-sitemap6.xml HTTP/2" 200 92339 "-" "Mozilla/5.0 AppleWebKit/537.36 (KHTML, like Gecko; compatible; bingbot/2.0; +http://www.bing.com/bingbot.htm) Chrome/116.0.1938.76 Safari/537.36"
167.160.180.95 - - [23/Apr/2026:14:04:27 +0300] "POST /wp-comments-post.php HTTP/1.1" 409 1626 "https://serhatburke.miroglu.net/beste-casino-site-belgie-hoge-inzet/" "Mozilla/5.0 (Macintosh; Intel Mac OS X 10_15_7) AppleWebKit/605.1.15 (KHTML, like Gecko) Version/26.2 Safari/605.1.15"
167.160.180.44 - - [23/Apr/2026:14:04:40 +0300] "POST /wp-comments-post.php HTTP/1.1" 409 1626 "https://serhatburke.miroglu.net/beste-casino-site-belgie-hoge-inzet/" "Mozilla/5.0 (Macintosh; Intel Mac OS X 10_15_7) AppleWebKit/605.1.15 (KHTML, like Gecko) Version/26.2 Safari/605.1.15"
185.216.113.70 - - [23/Apr/2026:14:05:08 +0300] "POST /wp-cron.php?doing_wp_cron=1776942308.0839729309082031250000 HTTP/1.1" 200 448 "-" "WordPress/6.3.8; https://serhatburke.miroglu.net"
107.172.18.120 - - [23/Apr/2026:14:04:54 +0300] "POST /wp-comments-post.php HTTP/1.1" 409 1626 "https://serhatburke.miroglu.net/beste-casino-site-belgie-hoge-inzet/" "Mozilla/5.0 (Macintosh; Intel Mac OS X 10_15_7) AppleWebKit/605.1.15 (KHTML, like Gecko) Version/26.2 Safari/605.1.15"
198.12.122.109 - - [23/Apr/2026:14:05:09 +0300] "POST /wp-comments-post.php HTTP/1.1" 409 1626 "https://serhatburke.miroglu.net/beste-casino-site-belgie-hoge-inzet/" "Mozilla/5.0 (Macintosh; Intel Mac OS X 10_15_7) AppleWebKit/605.1.15 (KHTML, like Gecko) Version/26.2 Safari/605.1.15"
198.12.122.109 - - [23/Apr/2026:14:05:23 +0300] "POST /wp-comments-post.php HTTP/1.1" 409 1626 "https://serhatburke.miroglu.net/beste-casino-site-belgie-hoge-inzet/" "Mozilla/5.0 (Macintosh; Intel Mac OS X 10_15_7) AppleWebKit/605.1.15 (KHTML, like Gecko) Version/26.2 Safari/605.1.15"
107.172.18.120 - - [23/Apr/2026:14:05:36 +0300] "POST /wp-comments-post.php HTTP/1.1" 200 0 "https://serhatburke.miroglu.net/beste-casino-site-belgie-hoge-inzet/" "Mozilla/5.0 (Macintosh; Intel Mac OS X 10_15_7) AppleWebKit/605.1.15 (KHTML, like Gecko) Version/26.2 Safari/605.1.15"
185.216.113.70 - - [23/Apr/2026:14:05:48 +0300] "POST /wp-cron.php?doing_wp_cron=1776942348.0357079505920410156250 HTTP/1.1" 200 448 "-" "WordPress/6.3.8; https://serhatburke.miroglu.net"
57.128.22.95 - - [23/Apr/2026:14:05:41 +0300] "GET /beste-casino-site-belgie-hoge-inzet/ HTTP/1.1" 200 18638 "-" "Mozilla/5.0 (compatible; Googlebot/2.1; +http://www.google.com/bot.html)"
57.128.22.95 - - [23/Apr/2026:14:06:23 +0300] "GET /beste-casino-site-belgie-hoge-inzet/ HTTP/1.1" 200 18576 "-" "Mozilla/5.0 (compatible; Googlebot/2.1; +http://www.google.com/bot.html)"
185.216.113.70 - - [23/Apr/2026:14:07:23 +0300] "POST /wp-cron.php?doing_wp_cron=1776942443.0995819568634033203125 HTTP/1.1" 200 448 "-" "WordPress/6.3.8; https://serhatburke.miroglu.net"
66.249.73.1 - - [23/Apr/2026:14:07:09 +0300] "GET /robots.txt HTTP/1.1" 200 719 "-" "Mozilla/5.0 (compatible; Googlebot/2.1; +http://www.google.com/bot.html)"
103.190.81.131 - - [23/Apr/2026:14:07:18 +0300] "GET /zotabet-casino-bonus-premier-depot-2026/ HTTP/1.1" 200 18531 "https://serhatburke.miroglu.net/" "Mozilla/5.0 (Macintosh; Intel Mac OS X 12.5; rv:114.0) Gecko/20100101 Firefox/114.0"
103.190.81.131 - - [23/Apr/2026:14:07:34 +0300] "POST /wp-comments-post.php HTTP/1.1" 302 1087 "https://serhatburke.miroglu.net/zotabet-casino-bonus-premier-depot-2026/" "Mozilla/5.0 (Macintosh; Intel Mac OS X 12.5; rv:114.0) Gecko/20100101 Firefox/114.0"
185.216.113.70 - - [23/Apr/2026:14:08:01 +0300] "POST /wp-cron.php?doing_wp_cron=1776942481.4940619468688964843750 HTTP/1.1" 200 448 "-" "WordPress/6.3.8; https://serhatburke.miroglu.net"
103.190.81.131 - - [23/Apr/2026:14:07:48 +0300] "GET /zotabet-casino-bonus-premier-depot-2026/?unapproved=583&moderation-hash=810ba821b6aa97375badc26e97c02f19 HTTP/1.1" 200 18949 "https://serhatburke.miroglu.net/wp-comments-post.php" "Mozilla/5.0 (Macintosh; Intel Mac OS X 12.5; rv:114.0) Gecko/20100101 Firefox/114.0"
103.177.109.251 - - [23/Apr/2026:14:07:51 +0300] "GET /zotabet-casino-bonus-premier-depot-2026/ HTTP/1.1" 200 18531 "https://serhatburke.miroglu.net/" "Mozilla/5.0 (Macintosh; Intel Mac OS X 12_5) AppleWebKit/537.36 (KHTML, like Gecko) Chrome/114.0.0.0 Safari/537.36"
66.249.73.15 - - [23/Apr/2026:14:08:15 +0300] "GET /wino-casino-review-a-premier-destination-for-uk-players/undefined?ts=1775520000 HTTP/1.1" 200 0 "https://serhatburke.miroglu.net/wino-casino-review-a-premier-destination-for-uk-players/" "Mozilla/5.0 (Linux; Android 6.0.1; Nexus 5X Build/MMB29P) AppleWebKit/537.36 (KHTML, like Gecko) Chrome/146.0.7680.177 Mobile Safari/537.36 (compatible; Googlebot/2.1; +http://www.google.com/bot.html)"
103.177.109.251 - - [23/Apr/2026:14:08:03 +0300] "GET /zotabet-casino-bonus-premier-depot-2026/ HTTP/1.1" 200 18496 "-" "Mozilla/5.0 (Macintosh; Intel Mac OS X 12.5; rv:114.0) Gecko/20100101 Firefox/114.0"
103.177.109.251 - - [23/Apr/2026:14:08:08 +0300] "POST /wp-comments-post.php HTTP/1.1" 302 1087 "https://serhatburke.miroglu.net/zotabet-casino-bonus-premier-depot-2026/" "Mozilla/5.0 (Macintosh; Intel Mac OS X 12_5) AppleWebKit/537.36 (KHTML, like Gecko) Chrome/114.0.0.0 Safari/537.36"
185.216.113.70 - - [23/Apr/2026:14:08:43 +0300] "POST /wp-cron.php?doing_wp_cron=1776942523.6578440666198730468750 HTTP/1.1" 200 448 "-" "WordPress/6.3.8; https://serhatburke.miroglu.net"
103.177.109.251 - - [23/Apr/2026:14:08:31 +0300] "GET /zotabet-casino-bonus-premier-depot-2026/?unapproved=584&moderation-hash=0a07d5dded66945d2f63d6a9fbc528c3 HTTP/1.1" 200 18951 "https://serhatburke.miroglu.net/wp-comments-post.php" "Mozilla/5.0 (Macintosh; Intel Mac OS X 12_5) AppleWebKit/537.36 (KHTML, like Gecko) Chrome/114.0.0.0 Safari/537.36"
103.178.233.225 - - [23/Apr/2026:14:08:45 +0300] "GET /zotabet-casino-bonus-premier-depot-2026/ HTTP/1.1" 200 18520 "-" "Mozilla/5.0 (Macintosh; Intel Mac OS X 12_5) AppleWebKit/537.36 (KHTML, like Gecko) Chrome/114.0.0.0 Safari/537.36"
103.178.233.225 - - [23/Apr/2026:14:09:16 +0300] "GET /zotabet-casino-bonus-premier-depot-2026/ HTTP/1.1" 200 18520 "-" "Mozilla/5.0 (Windows NT 10.0; Win64; x64; Xbox; Xbox One) AppleWebKit/537.36 (KHTML, like Gecko) Chrome/114.0.0.0 Safari/537.36 Edge/44.18363.8131"
185.216.113.70 - - [23/Apr/2026:14:09:46 +0300] "POST /wp-cron.php?doing_wp_cron=1776942586.0391399860382080078125 HTTP/1.1" 200 448 "-" "WordPress/6.3.8; https://serhatburke.miroglu.net"
178.175.140.149 - - [23/Apr/2026:14:09:33 +0300] "POST /xmlrpc.php HTTP/1.1" 200 630 "-" "Mozilla/5.0 (Windows NT 10.0; Win64; x64) AppleWebKit/537.36 (KHTML, like Gecko) Chrome/114.0.0.0 Safari/537.36"
178.175.140.149 - - [23/Apr/2026:14:09:51 +0300] "POST /xmlrpc.php HTTP/1.1" 200 7251 "-" "Mozilla/5.0 (Windows NT 10.0; Win64; x64) AppleWebKit/537.36 (KHTML, like Gecko) Chrome/114.0.0.0 Safari/537.36"
128.1.227.247 - - [23/Apr/2026:14:10:04 +0300] "POST /xmlrpc.php HTTP/1.1" 200 630 "-" "Mozilla/5.0 (Windows NT 10.0; Win64; x64) AppleWebKit/537.36 (KHTML, like Gecko) Chrome/114.0.0.0 Safari/537.36"
178.175.140.149 - - [23/Apr/2026:14:10:05 +0300] "GET /most-useful-paypal-gambling-enterprises-in-the-uk-to-own-april-2026/ HTTP/1.1" 200 68594 "-" "Mozilla/5.0 (Windows NT 10.0; Win64; x64) AppleWebKit/537.36 (KHTML, like Gecko) Chrome/123.0.0.0 Safari/537.36 OPR/109.0.0.0"
185.216.113.70 - - [23/Apr/2026:14:10:37 +0300] "POST /wp-cron.php?doing_wp_cron=1776942637.5575799942016601562500 HTTP/1.1" 200 448 "-" "WordPress/6.3.8; https://serhatburke.miroglu.net"
128.1.227.247 - - [23/Apr/2026:14:10:24 +0300] "POST /xmlrpc.php HTTP/1.1" 200 11131 "-" "Mozilla/5.0 (Windows NT 10.0; Win64; x64) AppleWebKit/537.36 (KHTML, like Gecko) Chrome/114.0.0.0 Safari/537.36"
103.178.233.225 - - [23/Apr/2026:14:10:39 +0300] "GET /zotabet-casino-bonus-premier-depot-2026/ HTTP/1.1" 200 18520 "-" "Mozilla/5.0 (Windows NT 10.0; Win64; x64; Xbox; Xbox One) AppleWebKit/537.36 (KHTML, like Gecko) Chrome/114.0.0.0 Safari/537.36 Edge/44.18363.8131"
128.1.227.247 - - [23/Apr/2026:14:10:39 +0300] "GET /eye-of-horus-pyramid-quest-keine-einzahlung-gebuhrenfrei-vortragen-gratis-demo-echtgeld-pramie/ HTTP/1.1" 200 73501 "-" "Mozilla/5.0 (Windows NT 10.0; Win64; x64; rv:124.0) Gecko/20100101 Firefox/124.0"
185.216.113.70 - - [23/Apr/2026:14:11:39 +0300] "POST /wp-cron.php?doing_wp_cron=1776942699.5724558830261230468750 HTTP/1.1" 200 448 "-" "WordPress/6.3.8; https://serhatburke.miroglu.net"
40.77.167.8 - - [23/Apr/2026:14:11:24 +0300] "GET /best-da-vinci-diamonds-slot-machine-cellular-gambling-enterprises-2026-finest-selections-of-the-year/ HTTP/2" 200 19212 "-" "Mozilla/5.0 AppleWebKit/537.36 (KHTML, like Gecko; compatible; bingbot/2.0; +http://www.bing.com/bingbot.htm) Chrome/116.0.1938.76 Safari/537.36"
178.175.140.149 - - [23/Apr/2026:14:11:26 +0300] "POST /xmlrpc.php HTTP/1.1" 200 630 "-" "Mozilla/5.0 (Windows NT 10.0; Win64; x64) AppleWebKit/537.36 (KHTML, like Gecko) Chrome/114.0.0.0 Safari/537.36"
66.249.73.15 - - [23/Apr/2026:14:11:47 +0300] "GET /admiral-shark-casino-uk-review-dive-into-exciting-online-gaming/ HTTP/1.1" 200 0 "https://toawmzi.orbitflux-games.digital/" "Mozilla/5.0 (Linux; Android 6.0.1; Nexus 5X Build/MMB29P) AppleWebKit/537.36 (KHTML, like Gecko) Chrome/146.0.7680.177 Mobile Safari/537.36 (compatible; Googlebot/2.1; +http://www.google.com/bot.html)"
52.167.144.195 - - [23/Apr/2026:14:11:38 +0300] "GET /essential-features-of-dexscreener-for-smart-traders/ HTTP/2" 200 16745 "-" "Mozilla/5.0 AppleWebKit/537.36 (KHTML, like Gecko; compatible; bingbot/2.0; +http://www.bing.com/bingbot.htm) Chrome/116.0.1938.76 Safari/537.36"
178.175.140.149 - - [23/Apr/2026:14:11:48 +0300] "POST /xmlrpc.php HTTP/1.1" 200 14070 "-" "Mozilla/5.0 (Windows NT 10.0; Win64; x64) AppleWebKit/537.36 (KHTML, like Gecko) Chrome/114.0.0.0 Safari/537.36"
178.175.140.149 - - [23/Apr/2026:14:12:11 +0300] "GET /gambling-establishment-bonuses-register-also-provides-british-april-2026/ HTTP/1.1" 200 75776 "-" "Mozilla/5.0 (Windows NT 10.0; Win64; x64) AppleWebKit/537.36 (KHTML, like Gecko) Chrome/122.0.0.0 Safari/537.36"
185.216.113.70 - - [23/Apr/2026:14:13:54 +0300] "POST /wp-cron.php?doing_wp_cron=1776942834.0661509037017822265625 HTTP/1.1" 200 448 "-" "WordPress/6.3.8; https://serhatburke.miroglu.net"
178.175.140.149 - - [23/Apr/2026:14:13:36 +0300] "POST /xmlrpc.php HTTP/1.1" 200 630 "-" "Mozilla/5.0 (Windows NT 10.0; Win64; x64) AppleWebKit/537.36 (KHTML, like Gecko) Chrome/114.0.0.0 Safari/537.36"
178.175.140.149 - - [23/Apr/2026:14:14:00 +0300] "POST /xmlrpc.php HTTP/1.1" 200 11638 "-" "Mozilla/5.0 (Windows NT 10.0; Win64; x64) AppleWebKit/537.36 (KHTML, like Gecko) Chrome/114.0.0.0 Safari/537.36"
98.98.197.186 - - [23/Apr/2026:14:13:59 +0300] "POST /xmlrpc.php HTTP/1.1" 200 630 "-" "Mozilla/5.0 (Windows NT 10.0; Win64; x64) AppleWebKit/537.36 (KHTML, like Gecko) Chrome/114.0.0.0 Safari/537.36"
40.77.167.8 - - [23/Apr/2026:14:14:02 +0300] "GET /discover-the-essential-features-of-solscan-for-crypto-users-2/ HTTP/2" 200 17543 "-" "Mozilla/5.0 AppleWebKit/537.36 (KHTML, like Gecko; compatible; bingbot/2.0; +http://www.bing.com/bingbot.htm) Chrome/116.0.1938.76 Safari/537.36"
52.167.144.156 - - [23/Apr/2026:14:14:07 +0300] "GET /h1-discovering-tronscan-the-ultimate-tron-analysis-tool-h1-3/ HTTP/2" 200 17258 "-" "Mozilla/5.0 AppleWebKit/537.36 (KHTML, like Gecko; compatible; bingbot/2.0; +http://www.bing.com/bingbot.htm) Chrome/116.0.1938.76 Safari/537.36"
40.77.167.71 - - [23/Apr/2026:14:14:11 +0300] "GET /the-wild-chase-et-anmeldelse-i-tillegg-til-anvisning-pragmatisk-side-addert-bonus/ HTTP/2" 200 17844 "-" "Mozilla/5.0 AppleWebKit/537.36 (KHTML, like Gecko; compatible; bingbot/2.0; +http://www.bing.com/bingbot.htm) Chrome/116.0.1938.76 Safari/537.36"
185.216.113.70 - - [23/Apr/2026:14:14:49 +0300] "POST /wp-cron.php?doing_wp_cron=1776942889.2767689228057861328125 HTTP/1.1" 200 448 "-" "WordPress/6.3.8; https://serhatburke.miroglu.net"
178.175.140.149 - - [23/Apr/2026:14:14:32 +0300] "GET /top-no-account-casinos-from-inside-the-2026-best-no-registration-casinos/ HTTP/1.1" 200 73368 "-" "Mozilla/5.0 (Windows NT 10.0; Win64; x64) AppleWebKit/537.36 (KHTML, like Gecko) Chrome/123.0.0.0 Safari/537.36"
98.98.197.186 - - [23/Apr/2026:14:14:38 +0300] "POST /xmlrpc.php HTTP/1.1" 200 10834 "-" "Mozilla/5.0 (Windows NT 10.0; Win64; x64) AppleWebKit/537.36 (KHTML, like Gecko) Chrome/114.0.0.0 Safari/537.36"
98.98.197.186 - - [23/Apr/2026:14:14:55 +0300] "GET /5-casino-online-payment-methods-deposit-local-casino-internet-sites-2026/ HTTP/1.1" 200 72032 "-" "Mozilla/5.0 (Windows NT 10.0; rv:109.0) Gecko/20100101 Firefox/115.0"
178.175.140.149 - - [23/Apr/2026:14:15:15 +0300] "POST /xmlrpc.php HTTP/1.1" 200 630 "-" "Mozilla/5.0 (Windows NT 10.0; Win64; x64) AppleWebKit/537.36 (KHTML, like Gecko) Chrome/114.0.0.0 Safari/537.36"
185.216.113.70 - - [23/Apr/2026:14:15:55 +0300] "POST /wp-cron.php?doing_wp_cron=1776942955.0914289951324462890625 HTTP/1.1" 200 448 "-" "WordPress/6.3.8; https://serhatburke.miroglu.net"
178.175.140.149 - - [23/Apr/2026:14:15:41 +0300] "POST /xmlrpc.php HTTP/1.1" 200 6967 "-" "Mozilla/5.0 (Windows NT 10.0; Win64; x64) AppleWebKit/537.36 (KHTML, like Gecko) Chrome/114.0.0.0 Safari/537.36"
178.175.140.149 - - [23/Apr/2026:14:15:57 +0300] "GET /totally-free-spins-no-deposit-bonus-not-on-gamstop-no-deposit-free-spins-zero-gamstop-now-offers-2026/ HTTP/1.1" 200 69389 "-" "Mozilla/5.0 (Windows NT 10.0; Win64; x64; rv:125.0) Gecko/20100101 Firefox/125.0"
89.167.59.5 - - [23/Apr/2026:14:15:59 +0300] "POST /xmlrpc.php HTTP/1.1" 200 604 "-" "Mozilla/5.0 (Windows NT 10.0; Win64; x64) AppleWebKit/537.36 (KHTML, like Gecko) Chrome/108.0.0.0 Safari/537.36"
89.167.59.5 - - [23/Apr/2026:14:16:19 +0300] "POST /xmlrpc.php HTTP/1.1" 200 4030 "-" "Mozilla/5.0 (Windows NT 10.0; Win64; x64) AppleWebKit/537.36 (KHTML, like Gecko) Chrome/108.0.0.0 Safari/537.36"
185.216.113.70 - - [23/Apr/2026:14:16:48 +0300] "POST /wp-cron.php?doing_wp_cron=1776943008.8257420063018798828125 HTTP/1.1" 200 448 "-" "WordPress/6.3.8; https://serhatburke.miroglu.net"
89.167.59.5 - - [23/Apr/2026:14:16:35 +0300] "GET /free-gambling-money/ HTTP/1.1" 200 0 "-" "Mozilla/5.0 (Windows NT 10.0; Win64; x64) AppleWebKit/537.36 (KHTML, like Gecko) Chrome/108.0.0.0 Safari/537.36"
89.167.59.5 - - [23/Apr/2026:14:16:50 +0300] "POST /xmlrpc.php HTTP/1.1" 200 594 "-" "Mozilla/5.0 (Windows NT 10.0; Win64; x64) AppleWebKit/537.36 (KHTML, like Gecko) Chrome/108.0.0.0 Safari/537.36"
178.175.140.149 - - [23/Apr/2026:14:17:15 +0300] "POST /xmlrpc.php HTTP/1.1" 200 630 "-" "Mozilla/5.0 (Windows NT 10.0; Win64; x64) AppleWebKit/537.36 (KHTML, like Gecko) Chrome/114.0.0.0 Safari/537.36"
185.216.113.70 - - [23/Apr/2026:14:17:47 +0300] "POST /wp-cron.php?doing_wp_cron=1776943067.4278559684753417968750 HTTP/1.1" 200 448 "-" "WordPress/6.3.8; https://serhatburke.miroglu.net"
178.175.140.149 - - [23/Apr/2026:14:17:34 +0300] "POST /xmlrpc.php HTTP/1.1" 200 9109 "-" "Mozilla/5.0 (Windows NT 10.0; Win64; x64) AppleWebKit/537.36 (KHTML, like Gecko) Chrome/114.0.0.0 Safari/537.36"
178.175.140.149 - - [23/Apr/2026:14:17:50 +0300] "GET /most-readily-useful-zero-kyc-gambling-enterprises-better-zero-verification-gambling-enterprises-into-the-2026/ HTTP/1.1" 200 71958 "-" "Mozilla/5.0 (Windows NT 10.0; Win64; x64) AppleWebKit/537.36 (KHTML, like Gecko) Chrome/109.0.0.0 Safari/537.36"
89.167.59.5 - - [23/Apr/2026:14:17:53 +0300] "POST /xmlrpc.php HTTP/1.1" 200 604 "-" "Mozilla/5.0 (Windows NT 10.0; Win64; x64) AppleWebKit/537.36 (KHTML, like Gecko) Chrome/108.0.0.0 Safari/537.36"
89.167.59.5 - - [23/Apr/2026:14:18:14 +0300] "POST /xmlrpc.php HTTP/1.1" 200 4178 "-" "Mozilla/5.0 (Windows NT 10.0; Win64; x64) AppleWebKit/537.36 (KHTML, like Gecko) Chrome/108.0.0.0 Safari/537.36"
185.216.113.70 - - [23/Apr/2026:14:18:43 +0300] "POST /wp-cron.php?doing_wp_cron=1776943123.4225449562072753906250 HTTP/1.1" 200 448 "-" "WordPress/6.3.8; https://serhatburke.miroglu.net"
46.224.140.177 - - [23/Apr/2026:14:18:24 +0300] "POST /xmlrpc.php HTTP/1.1" 200 604 "-" "Mozilla/5.0 (Windows NT 10.0; Win64; x64) AppleWebKit/537.36 (KHTML, like Gecko) Chrome/108.0.0.0 Safari/537.36"
89.167.59.5 - - [23/Apr/2026:14:18:33 +0300] "GET /play-anywhere-anytime-android-ios/ HTTP/1.1" 200 0 "-" "Mozilla/5.0 (Windows NT 10.0; Win64; x64) AppleWebKit/537.36 (KHTML, like Gecko) Chrome/108.0.0.0 Safari/537.36"
46.224.140.177 - - [23/Apr/2026:14:18:45 +0300] "POST /xmlrpc.php HTTP/1.1" 200 4055 "-" "Mozilla/5.0 (Windows NT 10.0; Win64; x64) AppleWebKit/537.36 (KHTML, like Gecko) Chrome/108.0.0.0 Safari/537.36"
89.167.59.5 - - [23/Apr/2026:14:18:49 +0300] "POST /xmlrpc.php HTTP/1.1" 200 594 "-" "Mozilla/5.0 (Windows NT 10.0; Win64; x64) AppleWebKit/537.36 (KHTML, like Gecko) Chrome/108.0.0.0 Safari/537.36"
178.175.140.149 - - [23/Apr/2026:14:19:01 +0300] "POST /xmlrpc.php HTTP/1.1" 200 630 "-" "Mozilla/5.0 (Windows NT 10.0; Win64; x64) AppleWebKit/537.36 (KHTML, like Gecko) Chrome/114.0.0.0 Safari/537.36"
46.224.140.177 - - [23/Apr/2026:14:19:12 +0300] "GET /download-chicken-road-app-for-seamless-slot-play/ HTTP/1.1" 200 18590 "-" "Mozilla/5.0 (Windows NT 10.0; Win64; x64) AppleWebKit/537.36 (KHTML, like Gecko) Chrome/108.0.0.0 Safari/537.36"
185.216.113.70 - - [23/Apr/2026:14:19:39 +0300] "POST /wp-cron.php?doing_wp_cron=1776943179.3923459053039550781250 HTTP/1.1" 200 448 "-" "WordPress/6.3.8; https://serhatburke.miroglu.net"
178.175.140.149 - - [23/Apr/2026:14:19:27 +0300] "POST /xmlrpc.php HTTP/1.1" 200 11551 "-" "Mozilla/5.0 (Windows NT 10.0; Win64; x64) AppleWebKit/537.36 (KHTML, like Gecko) Chrome/114.0.0.0 Safari/537.36"
178.175.140.149 - - [23/Apr/2026:14:19:40 +0300] "GET /zero-permit-online-casinos-and-you-will-bonuses-2025/ HTTP/1.1" 200 72529 "-" "Mozilla/5.0 (Windows NT 10.0; Win64; x64) AppleWebKit/537.36 (KHTML, like Gecko) Chrome/122.0.0.0 Safari/537.36"
91.107.208.255 - - [23/Apr/2026:14:19:41 +0300] "POST /xmlrpc.php HTTP/1.1" 200 604 "-" "Mozilla/5.0 (Windows NT 10.0; Win64; x64) AppleWebKit/537.36 (KHTML, like Gecko) Chrome/108.0.0.0 Safari/537.36"
185.216.113.70 - - [23/Apr/2026:14:20:14 +0300] "POST /wp-cron.php?doing_wp_cron=1776943214.3871660232543945312500 HTTP/1.1" 200 448 "-" "WordPress/6.3.8; https://serhatburke.miroglu.net"
91.107.208.255 - - [23/Apr/2026:14:20:01 +0300] "POST /xmlrpc.php HTTP/1.1" 200 4100 "-" "Mozilla/5.0 (Windows NT 10.0; Win64; x64) AppleWebKit/537.36 (KHTML, like Gecko) Chrome/108.0.0.0 Safari/537.36"
91.107.208.255 - - [23/Apr/2026:14:20:17 +0300] "GET /free-gambling-money/ HTTP/1.1" 200 18662 "-" "Mozilla/5.0 (Windows NT 10.0; Win64; x64) AppleWebKit/537.36 (KHTML, like Gecko) Chrome/108.0.0.0 Safari/537.36"
185.216.113.70 - - [23/Apr/2026:14:20:51 +0300] "POST /wp-cron.php?doing_wp_cron=1776943251.1389749050140380859375 HTTP/1.1" 200 448 "-" "WordPress/6.3.8; https://serhatburke.miroglu.net"
178.175.140.149 - - [23/Apr/2026:14:20:38 +0300] "POST /xmlrpc.php HTTP/1.1" 200 630 "-" "Mozilla/5.0 (Windows NT 10.0; Win64; x64) AppleWebKit/537.36 (KHTML, like Gecko) Chrome/114.0.0.0 Safari/537.36"
178.175.140.149 - - [23/Apr/2026:14:21:00 +0300] "POST /xmlrpc.php HTTP/1.1" 200 9370 "-" "Mozilla/5.0 (Windows NT 10.0; Win64; x64) AppleWebKit/537.36 (KHTML, like Gecko) Chrome/114.0.0.0 Safari/537.36"
89.167.59.5 - - [23/Apr/2026:14:21:08 +0300] "POST /xmlrpc.php HTTP/1.1" 200 603 "-" "Mozilla/5.0 (Windows NT 10.0; Win64; x64) AppleWebKit/537.36 (KHTML, like Gecko) Chrome/108.0.0.0 Safari/537.36"
128.1.227.247 - - [23/Apr/2026:14:21:12 +0300] "POST /xmlrpc.php HTTP/1.1" 200 630 "-" "Mozilla/5.0 (Windows NT 10.0; Win64; x64) AppleWebKit/537.36 (KHTML, like Gecko) Chrome/114.0.0.0 Safari/537.36"
178.175.140.149 - - [23/Apr/2026:14:21:14 +0300] "GET /private-playing-directory-finest-casinos-having-zero-kyc-criteria/ HTTP/1.1" 200 70820 "-" "Mozilla/5.0 (Windows NT 10.0; Win64; x64) AppleWebKit/537.36 (KHTML, like Gecko) Chrome/109.0.0.0 Safari/537.36"
185.216.113.70 - - [23/Apr/2026:14:21:40 +0300] "POST /wp-cron.php?doing_wp_cron=1776943300.7461218833923339843750 HTTP/1.1" 200 448 "-" "WordPress/6.3.8; https://serhatburke.miroglu.net"
89.167.59.5 - - [23/Apr/2026:14:21:27 +0300] "POST /xmlrpc.php HTTP/1.1" 200 3735 "-" "Mozilla/5.0 (Windows NT 10.0; Win64; x64) AppleWebKit/537.36 (KHTML, like Gecko) Chrome/108.0.0.0 Safari/537.36"
128.1.227.247 - - [23/Apr/2026:14:21:36 +0300] "POST /xmlrpc.php HTTP/1.1" 200 10642 "-" "Mozilla/5.0 (Windows NT 10.0; Win64; x64) AppleWebKit/537.36 (KHTML, like Gecko) Chrome/114.0.0.0 Safari/537.36"
89.167.59.5 - - [23/Apr/2026:14:21:44 +0300] "GET /download-on-android-ios-more/ HTTP/1.1" 200 0 "-" "Mozilla/5.0 (Windows NT 10.0; Win64; x64) AppleWebKit/537.36 (KHTML, like Gecko) Chrome/108.0.0.0 Safari/537.36"
128.1.227.247 - - [23/Apr/2026:14:21:53 +0300] "GET /leovegas-freispiele-2026-free-spins-exklusive-egypt-gods-mobile-einzahlung-as-part-of-leovegas/ HTTP/1.1" 200 73230 "-" "Mozilla/5.0 (Windows NT 10.0; Win64; x64) AppleWebKit/537.36 (KHTML, like Gecko) Chrome/123.0.0.0 Safari/537.36 OPR/109.0.0.0"
89.167.59.5 - - [23/Apr/2026:14:22:00 +0300] "POST /xmlrpc.php HTTP/1.1" 200 594 "-" "Mozilla/5.0 (Windows NT 10.0; Win64; x64) AppleWebKit/537.36 (KHTML, like Gecko) Chrome/108.0.0.0 Safari/537.36"
185.216.113.70 - - [23/Apr/2026:14:23:03 +0300] "POST /wp-cron.php?doing_wp_cron=1776943382.9927690029144287109375 HTTP/1.1" 200 448 "-" "WordPress/6.3.8; https://serhatburke.miroglu.net"
98.98.197.186 - - [23/Apr/2026:14:22:46 +0300] "POST /xmlrpc.php HTTP/1.1" 200 630 "-" "Mozilla/5.0 (Windows NT 10.0; Win64; x64) AppleWebKit/537.36 (KHTML, like Gecko) Chrome/114.0.0.0 Safari/537.36"
178.156.215.67 - - [23/Apr/2026:14:22:52 +0300] "POST /xmlrpc.php HTTP/1.1" 200 603 "-" "Mozilla/5.0 (Windows NT 10.0; Win64; x64) AppleWebKit/537.36 (KHTML, like Gecko) Chrome/108.0.0.0 Safari/537.36"
178.175.140.149 - - [23/Apr/2026:14:22:53 +0300] "POST /xmlrpc.php HTTP/1.1" 200 630 "-" "Mozilla/5.0 (Windows NT 10.0; Win64; x64) AppleWebKit/537.36 (KHTML, like Gecko) Chrome/114.0.0.0 Safari/537.36"
98.98.197.186 - - [23/Apr/2026:14:23:10 +0300] "POST /xmlrpc.php HTTP/1.1" 200 11060 "-" "Mozilla/5.0 (Windows NT 10.0; Win64; x64) AppleWebKit/537.36 (KHTML, like Gecko) Chrome/114.0.0.0 Safari/537.36"
165.73.242.7 - - [23/Apr/2026:14:23:10 +0300] "POST /xmlrpc.php HTTP/1.1" 200 630 "-" "Mozilla/5.0 (Windows NT 10.0; Win64; x64) AppleWebKit/537.36 (KHTML, like Gecko) Chrome/114.0.0.0 Safari/537.36"
178.156.215.67 - - [23/Apr/2026:14:23:14 +0300] "POST /xmlrpc.php HTTP/1.1" 200 4480 "-" "Mozilla/5.0 (Windows NT 10.0; Win64; x64) AppleWebKit/537.36 (KHTML, like Gecko) Chrome/108.0.0.0 Safari/537.36"
178.175.140.149 - - [23/Apr/2026:14:23:24 +0300] "POST /xmlrpc.php HTTP/1.1" 200 14147 "-" "Mozilla/5.0 (Windows NT 10.0; Win64; x64) AppleWebKit/537.36 (KHTML, like Gecko) Chrome/114.0.0.0 Safari/537.36"
178.156.215.67 - - [23/Apr/2026:14:23:42 +0300] "GET /play-online-at-top-casinos/ HTTP/1.1" 200 0 "-" "Mozilla/5.0 (Windows NT 10.0; Win64; x64) AppleWebKit/537.36 (KHTML, like Gecko) Chrome/108.0.0.0 Safari/537.36"
185.216.113.70 - - [23/Apr/2026:14:23:59 +0300] "POST /wp-cron.php?doing_wp_cron=1776943439.8425970077514648437500 HTTP/1.1" 200 448 "-" "WordPress/6.3.8; https://serhatburke.miroglu.net"
98.98.197.186 - - [23/Apr/2026:14:23:38 +0300] "GET /greatest-10-free-lobstermania-download-deposit-extra-within-the-uk-2026-put-ten-rating-bonus/ HTTP/1.1" 200 72794 "-" "Mozilla/5.0 (Windows NT 10.0; Win64; x64) AppleWebKit/537.36 (KHTML, like Gecko) Chrome/124.0.0.0 Safari/537.36"
165.73.242.7 - - [23/Apr/2026:14:23:43 +0300] "POST /xmlrpc.php HTTP/1.1" 200 10301 "-" "Mozilla/5.0 (Windows NT 10.0; Win64; x64) AppleWebKit/537.36 (KHTML, like Gecko) Chrome/114.0.0.0 Safari/537.36"
178.175.140.149 - - [23/Apr/2026:14:23:45 +0300] "GET /top-zero-kyc-gambling-enterprises-find-unknown-gambling-enterprises-into-the-2026/ HTTP/1.1" 200 75880 "-" "Mozilla/5.0 (Windows NT 10.0; Win64; x64) AppleWebKit/537.36 (KHTML, like Gecko) Chrome/109.0.0.0 Safari/537.36"
98.98.197.186 - - [23/Apr/2026:14:23:52 +0300] "POST /xmlrpc.php HTTP/1.1" 200 630 "-" "Mozilla/5.0 (Windows NT 10.0; Win64; x64) AppleWebKit/537.36 (KHTML, like Gecko) Chrome/114.0.0.0 Safari/537.36"
157.90.114.254 - - [23/Apr/2026:14:23:58 +0300] "POST /xmlrpc.php HTTP/1.1" 200 604 "-" "Mozilla/5.0 (Windows NT 10.0; Win64; x64) AppleWebKit/537.36 (KHTML, like Gecko) Chrome/108.0.0.0 Safari/537.36"
178.156.215.67 - - [23/Apr/2026:14:23:58 +0300] "POST /xmlrpc.php HTTP/1.1" 200 594 "-" "Mozilla/5.0 (Windows NT 10.0; Win64; x64) AppleWebKit/537.36 (KHTML, like Gecko) Chrome/108.0.0.0 Safari/537.36"
185.216.113.70 - - [23/Apr/2026:14:25:01 +0300] "POST /wp-cron.php?doing_wp_cron=1776943500.8465950489044189453125 HTTP/1.1" 200 448 "-" "WordPress/6.3.8; https://serhatburke.miroglu.net"
165.73.242.7 - - [23/Apr/2026:14:24:19 +0300] "GET /craigs-list-com-happiness-for-everybody-yahtzee-ports-online-game-elderly-friendly-dice-slot-machine-blend-easy-to-read-get-piece-intellectual-activity-to-best-casino-apps-for-iphone-have-the-elder/ HTTP/1.1" 200 75127 "-" "Mozilla/5.0 (Windows NT 10.0; Win64; x64) AppleWebKit/537.36 (KHTML, like Gecko) Chrome/122.0.0.0 Safari/537.36"
185.216.113.70 - - [23/Apr/2026:14:25:03 +0300] "POST /wp-cron.php?doing_wp_cron=1776943503.8401029109954833984375 HTTP/1.1" 200 448 "-" "WordPress/6.3.8; https://serhatburke.miroglu.net"
5.78.159.87 - - [23/Apr/2026:14:24:21 +0300] "POST /xmlrpc.php HTTP/1.1" 200 604 "-" "Mozilla/5.0 (Windows NT 10.0; Win64; x64) AppleWebKit/537.36 (KHTML, like Gecko) Chrome/108.0.0.0 Safari/537.36"
185.216.113.70 - - [23/Apr/2026:14:25:11 +0300] "POST /wp-cron.php?doing_wp_cron=1776943511.5411229133605957031250 HTTP/1.1" 200 448 "-" "WordPress/6.3.8; https://serhatburke.miroglu.net"
178.175.140.149 - - [23/Apr/2026:14:24:25 +0300] "POST /xmlrpc.php HTTP/1.1" 200 630 "-" "Mozilla/5.0 (Windows NT 10.0; Win64; x64) AppleWebKit/537.36 (KHTML, like Gecko) Chrome/114.0.0.0 Safari/537.36"
185.216.113.70 - - [23/Apr/2026:14:25:18 +0300] "POST /wp-cron.php?doing_wp_cron=1776943518.2404959201812744140625 HTTP/1.1" 200 448 "-" "WordPress/6.3.8; https://serhatburke.miroglu.net"
89.167.59.5 - - [23/Apr/2026:14:24:29 +0300] "POST /xmlrpc.php HTTP/1.1" 200 602 "-" "Mozilla/5.0 (Windows NT 10.0; Win64; x64) AppleWebKit/537.36 (KHTML, like Gecko) Chrome/108.0.0.0 Safari/537.36"
185.216.113.70 - - [23/Apr/2026:14:25:24 +0300] "POST /wp-cron.php?doing_wp_cron=1776943524.2491559982299804687500 HTTP/1.1" 200 448 "-" "WordPress/6.3.8; https://serhatburke.miroglu.net"
98.98.197.186 - - [23/Apr/2026:14:24:38 +0300] "POST /xmlrpc.php HTTP/1.1" 200 10986 "-" "Mozilla/5.0 (Windows NT 10.0; Win64; x64) AppleWebKit/537.36 (KHTML, like Gecko) Chrome/114.0.0.0 Safari/537.36"
52.167.144.157 - - [23/Apr/2026:14:24:52 +0300] "GET /zukunftstrends-im-glucksspiel-innovationen-die-die/ HTTP/2" 200 0 "-" "Mozilla/5.0 AppleWebKit/537.36 (KHTML, like Gecko; compatible; bingbot/2.0; +http://www.bing.com/bingbot.htm) Chrome/116.0.1938.76 Safari/537.36"
185.216.113.70 - - [23/Apr/2026:14:25:42 +0300] "POST /wp-cron.php?doing_wp_cron=1776943542.4548668861389160156250 HTTP/1.1" 200 448 "-" "WordPress/6.3.8; https://serhatburke.miroglu.net"
52.167.144.157 - - [23/Apr/2026:14:24:55 +0300] "GET /h1-tronscan-navigate-the-tron-blockchain-like-a-pro-h1-3/ HTTP/2" 200 0 "-" "Mozilla/5.0 AppleWebKit/537.36 (KHTML, like Gecko; compatible; bingbot/2.0; +http://www.bing.com/bingbot.htm) Chrome/116.0.1938.76 Safari/537.36"
98.98.197.186 - - [23/Apr/2026:14:25:04 +0300] "POST /xmlrpc.php HTTP/1.1" 200 630 "-" "Mozilla/5.0 (Windows NT 10.0; Win64; x64) AppleWebKit/537.36 (KHTML, like Gecko) Chrome/114.0.0.0 Safari/537.36"
178.175.140.149 - - [23/Apr/2026:14:25:18 +0300] "POST /xmlrpc.php HTTP/1.1" 200 9966 "-" "Mozilla/5.0 (Windows NT 10.0; Win64; x64) AppleWebKit/537.36 (KHTML, like Gecko) Chrome/114.0.0.0 Safari/537.36"
98.98.197.186 - - [23/Apr/2026:14:25:25 +0300] "GET /play-on-line-poker-for-machance-promo-codes-real-money-at-the-ignition/ HTTP/1.1" 200 72373 "-" "Mozilla/5.0 (Windows NT 10.0; Win64; x64) AppleWebKit/537.36 (KHTML, like Gecko) Chrome/123.0.0.0 Safari/537.36"
98.98.197.186 - - [23/Apr/2026:14:26:12 +0300] "POST /xmlrpc.php HTTP/1.1" 200 8238 "-" "Mozilla/5.0 (Windows NT 10.0; Win64; x64) AppleWebKit/537.36 (KHTML, like Gecko) Chrome/114.0.0.0 Safari/537.36"
98.98.197.186 - - [23/Apr/2026:14:26:13 +0300] "POST /xmlrpc.php HTTP/1.1" 200 630 "-" "Mozilla/5.0 (Windows NT 10.0; Win64; x64) AppleWebKit/537.36 (KHTML, like Gecko) Chrome/114.0.0.0 Safari/537.36"
178.175.140.149 - - [23/Apr/2026:14:26:16 +0300] "GET /zero-wager-no-deposit-added-bonus-maintain-your-payouts-when-you-look-at-the-2026/ HTTP/1.1" 200 71672 "-" "Mozilla/5.0 (Windows NT 10.0; Win64; x64; rv:124.0) Gecko/20100101 Firefox/124.0"
185.216.113.70 - - [23/Apr/2026:14:26:49 +0300] "POST /wp-cron.php?doing_wp_cron=1776943609.0949718952178955078125 HTTP/1.1" 200 448 "-" "WordPress/6.3.8; https://serhatburke.miroglu.net"
178.175.140.149 - - [23/Apr/2026:14:26:34 +0300] "POST /xmlrpc.php HTTP/1.1" 200 630 "-" "Mozilla/5.0 (Windows NT 10.0; Win64; x64) AppleWebKit/537.36 (KHTML, like Gecko) Chrome/114.0.0.0 Safari/537.36"
185.216.113.70 - - [23/Apr/2026:14:26:49 +0300] "POST /wp-cron.php?doing_wp_cron=1776943609.8557970523834228515625 HTTP/1.1" 200 448 "-" "WordPress/6.3.8; https://serhatburke.miroglu.net"
98.98.197.186 - - [23/Apr/2026:14:26:36 +0300] "GET /100-percent-free-aristocrat-pokies-australia-play-free-gate777-slots-bonus-casino-poker-hosts-online/ HTTP/1.1" 200 70159 "-" "Mozilla/5.0 (Windows NT 10.0; Win64; x64; rv:125.0) Gecko/20100101 Firefox/125.0"
185.216.113.70 - - [23/Apr/2026:14:27:00 +0300] "POST /wp-cron.php?doing_wp_cron=1776943620.3642098903656005859375 HTTP/1.1" 200 448 "-" "WordPress/6.3.8; https://serhatburke.miroglu.net"
98.98.197.186 - - [23/Apr/2026:14:26:42 +0300] "POST /xmlrpc.php HTTP/1.1" 200 10991 "-" "Mozilla/5.0 (Windows NT 10.0; Win64; x64) AppleWebKit/537.36 (KHTML, like Gecko) Chrome/114.0.0.0 Safari/537.36"
178.175.140.149 - - [23/Apr/2026:14:26:55 +0300] "POST /xmlrpc.php HTTP/1.1" 200 10927 "-" "Mozilla/5.0 (Windows NT 10.0; Win64; x64) AppleWebKit/537.36 (KHTML, like Gecko) Chrome/114.0.0.0 Safari/537.36"
98.98.197.186 - - [23/Apr/2026:14:27:01 +0300] "GET /better-bonus-code-for-goldbet-online-casinos-within-the-canada-greatest-gambling-enterprise-internet-sites-with-real-cash-and-you-can-permit/ HTTP/1.1" 200 74088 "-" "Mozilla/5.0 (Windows NT 10.0; Win64; x64) AppleWebKit/537.36 (KHTML, like Gecko) Chrome/109.0.0.0 Safari/537.36"
98.98.197.186 - - [23/Apr/2026:14:27:10 +0300] "POST /xmlrpc.php HTTP/1.1" 200 630 "-" "Mozilla/5.0 (Windows NT 10.0; Win64; x64) AppleWebKit/537.36 (KHTML, like Gecko) Chrome/114.0.0.0 Safari/537.36"
178.175.140.149 - - [23/Apr/2026:14:27:20 +0300] "GET /ideal-bitcoin-crypto-casinos-within-the-april-2026-analyzed/ HTTP/1.1" 200 72466 "-" "Mozilla/5.0 (Windows NT 10.0; Win64; x64; rv:124.0) Gecko/20100101 Firefox/124.0"
185.216.113.70 - - [23/Apr/2026:14:27:52 +0300] "POST /wp-cron.php?doing_wp_cron=1776943672.5660600662231445312500 HTTP/1.1" 200 448 "-" "WordPress/6.3.8; https://serhatburke.miroglu.net"
98.98.197.186 - - [23/Apr/2026:14:27:37 +0300] "POST /xmlrpc.php HTTP/1.1" 200 10924 "-" "Mozilla/5.0 (Windows NT 10.0; Win64; x64) AppleWebKit/537.36 (KHTML, like Gecko) Chrome/114.0.0.0 Safari/537.36"
178.175.140.149 - - [23/Apr/2026:14:27:44 +0300] "POST /xmlrpc.php HTTP/1.1" 200 630 "-" "Mozilla/5.0 (Windows NT 10.0; Win64; x64) AppleWebKit/537.36 (KHTML, like Gecko) Chrome/114.0.0.0 Safari/537.36"
40.77.167.3 - - [23/Apr/2026:14:27:47 +0300] "GET /upea-seksikas-tuoreet-hedelmat-vinkkeja-ja-royalgame-vanha-versio-login-nikseja-sinun-tarvitset-on/ HTTP/2" 200 17404 "-" "Mozilla/5.0 AppleWebKit/537.36 (KHTML, like Gecko; compatible; bingbot/2.0; +http://www.bing.com/bingbot.htm) Chrome/116.0.1938.76 Safari/537.36"
98.98.197.186 - - [23/Apr/2026:14:27:53 +0300] "GET /real-cash-pokies-bombastic-casino-app-login-incentives/ HTTP/1.1" 200 71892 "-" "Mozilla/5.0 (Windows NT 10.0; Win64; x64) AppleWebKit/537.36 (KHTML, like Gecko) Chrome/109.0.0.0 Safari/537.36"
128.1.227.247 - - [23/Apr/2026:14:28:00 +0300] "POST /xmlrpc.php HTTP/1.1" 200 630 "-" "Mozilla/5.0 (Windows NT 10.0; Win64; x64) AppleWebKit/537.36 (KHTML, like Gecko) Chrome/114.0.0.0 Safari/537.36"
178.175.140.149 - - [23/Apr/2026:14:28:14 +0300] "POST /xmlrpc.php HTTP/1.1" 200 8434 "-" "Mozilla/5.0 (Windows NT 10.0; Win64; x64) AppleWebKit/537.36 (KHTML, like Gecko) Chrome/114.0.0.0 Safari/537.36"
98.98.9.26 - - [23/Apr/2026:14:28:11 +0300] "POST /xmlrpc.php HTTP/1.1" 200 630 "-" "Mozilla/5.0 (Windows NT 10.0; Win64; x64) AppleWebKit/537.36 (KHTML, like Gecko) Chrome/114.0.0.0 Safari/537.36"
98.98.197.186 - - [23/Apr/2026:14:28:03 +0300] "POST /xmlrpc.php HTTP/1.1" 200 630 "-" "Mozilla/5.0 (Windows NT 10.0; Win64; x64) AppleWebKit/537.36 (KHTML, like Gecko) Chrome/114.0.0.0 Safari/537.36"
185.216.113.70 - - [23/Apr/2026:14:29:10 +0300] "POST /wp-cron.php?doing_wp_cron=1776943750.4577910900115966796875 HTTP/1.1" 200 448 "-" "WordPress/6.3.8; https://serhatburke.miroglu.net"
128.1.227.247 - - [23/Apr/2026:14:28:40 +0300] "POST /xmlrpc.php HTTP/1.1" 200 11263 "-" "Mozilla/5.0 (Windows NT 10.0; Win64; x64) AppleWebKit/537.36 (KHTML, like Gecko) Chrome/114.0.0.0 Safari/537.36"
178.175.140.149 - - [23/Apr/2026:14:28:41 +0300] "POST /xmlrpc.php HTTP/1.1" 200 630 "-" "Mozilla/5.0 (Windows NT 10.0; Win64; x64) AppleWebKit/537.36 (KHTML, like Gecko) Chrome/114.0.0.0 Safari/537.36"
178.175.140.149 - - [23/Apr/2026:14:28:39 +0300] "GET /what-is-actually-a-no-kyc-no-deposit-bonus-crypto-casino/ HTTP/1.1" 200 69935 "-" "Mozilla/5.0 (Windows NT 10.0; Win64; x64; rv:125.0) Gecko/20100101 Firefox/125.0"
98.98.197.186 - - [23/Apr/2026:14:28:45 +0300] "POST /xmlrpc.php HTTP/1.1" 200 11094 "-" "Mozilla/5.0 (Windows NT 10.0; Win64; x64) AppleWebKit/537.36 (KHTML, like Gecko) Chrome/114.0.0.0 Safari/537.36"
98.98.9.26 - - [23/Apr/2026:14:28:46 +0300] "POST /xmlrpc.php HTTP/1.1" 200 10820 "-" "Mozilla/5.0 (Windows NT 10.0; Win64; x64) AppleWebKit/537.36 (KHTML, like Gecko) Chrome/114.0.0.0 Safari/537.36"
98.98.197.186 - - [23/Apr/2026:14:28:58 +0300] "POST /xmlrpc.php HTTP/1.1" 200 630 "-" "Mozilla/5.0 (Windows NT 10.0; Win64; x64) AppleWebKit/537.36 (KHTML, like Gecko) Chrome/114.0.0.0 Safari/537.36"
128.1.227.247 - - [23/Apr/2026:14:29:13 +0300] "GET /beste-online-spielothek-125-freispiele-nicht-eher-online-book-of-ra-echtgeld-als-1-einzahlung-100-zugelassen/ HTTP/1.1" 200 73777 "-" "Mozilla/5.0 (Windows NT 10.0; Win64; x64) AppleWebKit/537.36 (KHTML, like Gecko) Chrome/123.0.0.0 Safari/537.36"
178.175.140.149 - - [23/Apr/2026:14:29:17 +0300] "POST /xmlrpc.php HTTP/1.1" 200 12205 "-" "Mozilla/5.0 (Windows NT 10.0; Win64; x64) AppleWebKit/537.36 (KHTML, like Gecko) Chrome/114.0.0.0 Safari/537.36"
98.98.197.186 - - [23/Apr/2026:14:29:20 +0300] "GET /unveiling-gifts-from-enduring-online-casino-bonus-zimpler-in-the-casino-online/ HTTP/1.1" 200 72487 "-" "Mozilla/5.0 (Windows NT 10.0; Win64; x64) AppleWebKit/537.36 (KHTML, like Gecko) Chrome/122.0.0.0 Safari/537.36"
98.98.9.26 - - [23/Apr/2026:14:29:24 +0300] "GET /huge-online-casino-deposit-10-get-50-bad-wolf-slot-machine-game-from-the-quickspin-best-local-casino-game-playing-online/ HTTP/1.1" 200 73518 "-" "Mozilla/5.0 (Windows NT 10.0; Win64; x64) AppleWebKit/537.36 (KHTML, like Gecko) Chrome/124.0.0.0 Safari/537.36 Edg/124.0.0.0"
185.216.113.70 - - [23/Apr/2026:14:30:16 +0300] "POST /wp-cron.php?doing_wp_cron=1776943816.7657349109649658203125 HTTP/1.1" 200 448 "-" "WordPress/6.3.8; https://serhatburke.miroglu.net"
178.175.140.149 - - [23/Apr/2026:14:29:30 +0300] "POST /xmlrpc.php HTTP/1.1" 200 630 "-" "Mozilla/5.0 (Windows NT 10.0; Win64; x64) AppleWebKit/537.36 (KHTML, like Gecko) Chrome/114.0.0.0 Safari/537.36"
185.216.113.70 - - [23/Apr/2026:14:30:23 +0300] "POST /wp-cron.php?doing_wp_cron=1776943823.0720350742340087890625 HTTP/1.1" 200 448 "-" "WordPress/6.3.8; https://serhatburke.miroglu.net"
165.73.242.7 - - [23/Apr/2026:14:29:41 +0300] "POST /xmlrpc.php HTTP/1.1" 200 630 "-" "Mozilla/5.0 (Windows NT 10.0; Win64; x64) AppleWebKit/537.36 (KHTML, like Gecko) Chrome/114.0.0.0 Safari/537.36"
185.216.113.70 - - [23/Apr/2026:14:30:24 +0300] "POST /wp-cron.php?doing_wp_cron=1776943824.5489261150360107421875 HTTP/1.1" 200 448 "-" "WordPress/6.3.8; https://serhatburke.miroglu.net"
98.98.197.186 - - [23/Apr/2026:14:29:42 +0300] "POST /xmlrpc.php HTTP/1.1" 200 11365 "-" "Mozilla/5.0 (Windows NT 10.0; Win64; x64) AppleWebKit/537.36 (KHTML, like Gecko) Chrome/114.0.0.0 Safari/537.36"
98.98.197.186 - - [23/Apr/2026:14:29:52 +0300] "POST /xmlrpc.php HTTP/1.1" 200 630 "-" "Mozilla/5.0 (Windows NT 10.0; Win64; x64) AppleWebKit/537.36 (KHTML, like Gecko) Chrome/114.0.0.0 Safari/537.36"
185.216.113.70 - - [23/Apr/2026:14:30:55 +0300] "POST /wp-cron.php?doing_wp_cron=1776943855.4418148994445800781250 HTTP/1.1" 200 448 "-" "WordPress/6.3.8; https://serhatburke.miroglu.net"
178.175.140.149 - - [23/Apr/2026:14:30:07 +0300] "GET /cme-group-futures-trading/ HTTP/1.1" 200 72679 "-" "Mozilla/5.0 (Windows NT 10.0; rv:125.0) Gecko/20100101 Firefox/125.0"
