186.10.102.218 - - [23/Apr/2026:09:18:05 +0300] "GET /casino-online-skrill-prelievo-veloce/ HTTP/1.1" 200 18144 "-" "Mozilla/5.0 (compatible; Googlebot/2.1; +http://www.google.com/bot.html)"
40.77.167.23 - - [23/Apr/2026:09:18:11 +0300] "GET /65319-2/undefined?ts=1776924672 HTTP/2" 404 13602 "-" "Mozilla/5.0 AppleWebKit/537.36 (KHTML, like Gecko; compatible; bingbot/2.0; +http://www.bing.com/bingbot.htm) Chrome/116.0.1938.76 Safari/537.36"
40.77.167.23 - - [23/Apr/2026:09:18:20 +0300] "GET /65319-2/undefined?ts=1776924672 HTTP/2" 404 13666 "-" "Mozilla/5.0 AppleWebKit/537.36 (KHTML, like Gecko; compatible; bingbot/2.0; +http://www.bing.com/bingbot.htm) Chrome/116.0.1938.76 Safari/537.36"
185.216.113.70 - - [23/Apr/2026:09:18:48 +0300] "POST /wp-cron.php?doing_wp_cron=1776925128.4632019996643066406250 HTTP/1.1" 200 448 "-" "WordPress/6.3.8; https://serhatburke.miroglu.net"
40.77.167.23 - - [23/Apr/2026:09:18:31 +0300] "GET /65319-2/undefined?ts=1776924672 HTTP/2" 404 13602 "-" "Mozilla/5.0 AppleWebKit/537.36 (KHTML, like Gecko; compatible; bingbot/2.0; +http://www.bing.com/bingbot.htm) Chrome/116.0.1938.76 Safari/537.36"
52.167.144.234 - - [23/Apr/2026:09:18:33 +0300] "GET /65319-2/undefined?ts=1776924666 HTTP/2" 404 13597 "-" "Mozilla/5.0 AppleWebKit/537.36 (KHTML, like Gecko; compatible; bingbot/2.0; +http://www.bing.com/bingbot.htm) Chrome/116.0.1938.76 Safari/537.36"
40.77.167.23 - - [23/Apr/2026:09:18:37 +0300] "GET /65319-2/undefined?ts=1776924672 HTTP/2" 404 13602 "-" "Mozilla/5.0 AppleWebKit/537.36 (KHTML, like Gecko; compatible; bingbot/2.0; +http://www.bing.com/bingbot.htm) Chrome/116.0.1938.76 Safari/537.36"
40.77.167.23 - - [23/Apr/2026:09:18:49 +0300] "GET /65319-2/undefined?ts=1776924672 HTTP/2" 404 13602 "-" "Mozilla/5.0 AppleWebKit/537.36 (KHTML, like Gecko; compatible; bingbot/2.0; +http://www.bing.com/bingbot.htm) Chrome/116.0.1938.76 Safari/537.36"
52.167.144.234 - - [23/Apr/2026:09:18:55 +0300] "GET /65319-2/undefined?ts=1776924666 HTTP/2" 404 13597 "-" "Mozilla/5.0 AppleWebKit/537.36 (KHTML, like Gecko; compatible; bingbot/2.0; +http://www.bing.com/bingbot.htm) Chrome/116.0.1938.76 Safari/537.36"
52.167.144.142 - - [23/Apr/2026:09:19:00 +0300] "GET /65319-2/undefined?ts=1776924664 HTTP/2" 404 13596 "-" "Mozilla/5.0 AppleWebKit/537.36 (KHTML, like Gecko; compatible; bingbot/2.0; +http://www.bing.com/bingbot.htm) Chrome/116.0.1938.76 Safari/537.36"
185.216.113.70 - - [23/Apr/2026:09:19:31 +0300] "POST /wp-cron.php?doing_wp_cron=1776925171.7368209362030029296875 HTTP/1.1" 200 448 "-" "WordPress/6.3.8; https://serhatburke.miroglu.net"
52.167.144.234 - - [23/Apr/2026:09:19:18 +0300] "GET /65319-2/undefined?ts=1776924666 HTTP/2" 404 13597 "-" "Mozilla/5.0 AppleWebKit/537.36 (KHTML, like Gecko; compatible; bingbot/2.0; +http://www.bing.com/bingbot.htm) Chrome/116.0.1938.76 Safari/537.36"
52.167.144.142 - - [23/Apr/2026:09:19:22 +0300] "GET /65319-2/undefined?ts=1776924664 HTTP/2" 404 13664 "-" "Mozilla/5.0 AppleWebKit/537.36 (KHTML, like Gecko; compatible; bingbot/2.0; +http://www.bing.com/bingbot.htm) Chrome/116.0.1938.76 Safari/537.36"
40.77.167.23 - - [23/Apr/2026:09:19:30 +0300] "GET /65319-2/undefined?ts=1776924672 HTTP/2" 404 13602 "-" "Mozilla/5.0 AppleWebKit/537.36 (KHTML, like Gecko; compatible; bingbot/2.0; +http://www.bing.com/bingbot.htm) Chrome/116.0.1938.76 Safari/537.36"
52.167.144.142 - - [23/Apr/2026:09:19:37 +0300] "GET /65319-2/undefined?ts=1776924664 HTTP/2" 404 13664 "-" "Mozilla/5.0 AppleWebKit/537.36 (KHTML, like Gecko; compatible; bingbot/2.0; +http://www.bing.com/bingbot.htm) Chrome/116.0.1938.76 Safari/537.36"
40.77.167.23 - - [23/Apr/2026:09:19:48 +0300] "GET /65319-2/undefined?ts=1776924672 HTTP/2" 404 13602 "-" "Mozilla/5.0 AppleWebKit/537.36 (KHTML, like Gecko; compatible; bingbot/2.0; +http://www.bing.com/bingbot.htm) Chrome/116.0.1938.76 Safari/537.36"
52.167.144.142 - - [23/Apr/2026:09:19:53 +0300] "GET /65319-2/undefined?ts=1776924664 HTTP/2" 404 13596 "-" "Mozilla/5.0 AppleWebKit/537.36 (KHTML, like Gecko; compatible; bingbot/2.0; +http://www.bing.com/bingbot.htm) Chrome/116.0.1938.76 Safari/537.36"
52.167.144.142 - - [23/Apr/2026:09:20:00 +0300] "GET /65319-2/undefined?ts=1776924665 HTTP/2" 404 13603 "-" "Mozilla/5.0 AppleWebKit/537.36 (KHTML, like Gecko; compatible; bingbot/2.0; +http://www.bing.com/bingbot.htm) Chrome/116.0.1938.76 Safari/537.36"
40.77.167.23 - - [23/Apr/2026:09:20:02 +0300] "GET /65319-2/undefined?ts=1776924672 HTTP/2" 404 13602 "-" "Mozilla/5.0 AppleWebKit/537.36 (KHTML, like Gecko; compatible; bingbot/2.0; +http://www.bing.com/bingbot.htm) Chrome/116.0.1938.76 Safari/537.36"
62.12.119.244 - - [23/Apr/2026:09:20:10 +0300] "POST /xmlrpc.php HTTP/1.1" 200 630 "-" "Mozilla/5.0 (Windows NT 10.0; Win64; x64) AppleWebKit/537.36 (KHTML, like Gecko) Chrome/114.0.0.0 Safari/537.36"
52.167.144.142 - - [23/Apr/2026:09:20:16 +0300] "GET /65319-2/undefined?ts=1776924665 HTTP/2" 404 13603 "-" "Mozilla/5.0 AppleWebKit/537.36 (KHTML, like Gecko; compatible; bingbot/2.0; +http://www.bing.com/bingbot.htm) Chrome/116.0.1938.76 Safari/537.36"
40.77.167.23 - - [23/Apr/2026:09:20:18 +0300] "GET /discovering-bscscan-a-tool-for-crypto-enthusiasts/ HTTP/2" 200 17031 "-" "Mozilla/5.0 AppleWebKit/537.36 (KHTML, like Gecko; compatible; bingbot/2.0; +http://www.bing.com/bingbot.htm) Chrome/116.0.1938.76 Safari/537.36"
185.216.113.70 - - [23/Apr/2026:09:20:53 +0300] "POST /wp-cron.php?doing_wp_cron=1776925253.3548591136932373046875 HTTP/1.1" 200 448 "-" "WordPress/6.3.8; https://serhatburke.miroglu.net"
66.249.73.1 - - [23/Apr/2026:09:20:47 +0300] "GET /gamblezen-casino-review-for-players-from-the-united-kingdom/ HTTP/1.1" 200 0 "https://toawmzi.orbitflux-games.digital/" "Mozilla/5.0 (Linux; Android 6.0.1; Nexus 5X Build/MMB29P) AppleWebKit/537.36 (KHTML, like Gecko) Chrome/146.0.7680.177 Mobile Safari/537.36 (compatible; Googlebot/2.1; +http://www.google.com/bot.html)"
40.77.167.23 - - [23/Apr/2026:09:20:30 +0300] "GET /eye-of-horus-holen-sie-sich-die-fakten-spielautomaten-mythologie-trifft-unter-absolut-gewinne/ HTTP/2" 200 19029 "-" "Mozilla/5.0 AppleWebKit/537.36 (KHTML, like Gecko; compatible; bingbot/2.0; +http://www.bing.com/bingbot.htm) Chrome/116.0.1938.76 Safari/537.36"
52.167.144.142 - - [23/Apr/2026:09:20:33 +0300] "GET /65319-2/undefined?ts=1776924665 HTTP/2" 404 13603 "-" "Mozilla/5.0 AppleWebKit/537.36 (KHTML, like Gecko; compatible; bingbot/2.0; +http://www.bing.com/bingbot.htm) Chrome/116.0.1938.76 Safari/537.36"
62.12.119.244 - - [23/Apr/2026:09:20:33 +0300] "POST /xmlrpc.php HTTP/1.1" 200 11066 "-" "Mozilla/5.0 (Windows NT 10.0; Win64; x64) AppleWebKit/537.36 (KHTML, like Gecko) Chrome/114.0.0.0 Safari/537.36"
40.77.167.24 - - [23/Apr/2026:09:20:38 +0300] "GET /all-casino-gold-rush-of-the-jurassic-playground-video/ HTTP/2" 200 18544 "-" "Mozilla/5.0 AppleWebKit/537.36 (KHTML, like Gecko; compatible; bingbot/2.0; +http://www.bing.com/bingbot.htm) Chrome/116.0.1938.76 Safari/537.36"
52.167.144.142 - - [23/Apr/2026:09:21:00 +0300] "GET /65319-2/undefined?ts=1776924665 HTTP/2" 404 13603 "-" "Mozilla/5.0 AppleWebKit/537.36 (KHTML, like Gecko; compatible; bingbot/2.0; +http://www.bing.com/bingbot.htm) Chrome/116.0.1938.76 Safari/537.36"
52.167.144.142 - - [23/Apr/2026:09:21:00 +0300] "GET /65319-2/undefined?ts=1776924665 HTTP/2" 404 13603 "-" "Mozilla/5.0 AppleWebKit/537.36 (KHTML, like Gecko; compatible; bingbot/2.0; +http://www.bing.com/bingbot.htm) Chrome/116.0.1938.76 Safari/537.36"
62.12.119.244 - - [23/Apr/2026:09:21:02 +0300] "GET /erreichbar-slot-the-ming-dynasty-online-kasino-spiele-durch-pragmatic-play-religious-fur-jedes-100-spass/ HTTP/1.1" 200 73412 "-" "Mozilla/5.0 (Windows NT 10.0; Win64; x64) AppleWebKit/537.36 (KHTML, like Gecko) Chrome/109.0.0.0 Safari/537.36"
40.77.167.24 - - [23/Apr/2026:09:21:14 +0300] "GET /65319-2/undefined?ts=1776924666 HTTP/2" 404 13597 "-" "Mozilla/5.0 AppleWebKit/537.36 (KHTML, like Gecko; compatible; bingbot/2.0; +http://www.bing.com/bingbot.htm) Chrome/116.0.1938.76 Safari/537.36"
40.77.167.23 - - [23/Apr/2026:09:21:31 +0300] "GET /65319-2/undefined?ts=1776924672 HTTP/2" 404 13602 "-" "Mozilla/5.0 AppleWebKit/537.36 (KHTML, like Gecko; compatible; bingbot/2.0; +http://www.bing.com/bingbot.htm) Chrome/116.0.1938.76 Safari/537.36"
185.216.113.70 - - [23/Apr/2026:09:21:50 +0300] "POST /wp-cron.php?doing_wp_cron=1776925310.3666880130767822265625 HTTP/1.1" 200 448 "-" "WordPress/6.3.8; https://serhatburke.miroglu.net"
52.167.144.142 - - [23/Apr/2026:09:21:34 +0300] "GET /65319-2/undefined?ts=1776924665 HTTP/2" 404 13603 "-" "Mozilla/5.0 AppleWebKit/537.36 (KHTML, like Gecko; compatible; bingbot/2.0; +http://www.bing.com/bingbot.htm) Chrome/116.0.1938.76 Safari/537.36"
40.77.167.23 - - [23/Apr/2026:09:21:48 +0300] "GET /65319-2/undefined?ts=1776924672 HTTP/2" 404 13602 "-" "Mozilla/5.0 AppleWebKit/537.36 (KHTML, like Gecko; compatible; bingbot/2.0; +http://www.bing.com/bingbot.htm) Chrome/116.0.1938.76 Safari/537.36"
52.167.144.142 - - [23/Apr/2026:09:21:50 +0300] "GET /freispiele-ohne-einzahlung-2026-100percent-fur-nusse-and-sofortig/ HTTP/2" 200 20328 "-" "Mozilla/5.0 AppleWebKit/537.36 (KHTML, like Gecko; compatible; bingbot/2.0; +http://www.bing.com/bingbot.htm) Chrome/116.0.1938.76 Safari/537.36"
40.77.167.23 - - [23/Apr/2026:09:22:00 +0300] "GET /65319-2/undefined?ts=1776924672 HTTP/2" 404 13602 "-" "Mozilla/5.0 AppleWebKit/537.36 (KHTML, like Gecko; compatible; bingbot/2.0; +http://www.bing.com/bingbot.htm) Chrome/116.0.1938.76 Safari/537.36"
40.77.167.23 - - [23/Apr/2026:09:22:11 +0300] "GET /65319-2/undefined?ts=1776924672 HTTP/2" 404 13602 "-" "Mozilla/5.0 AppleWebKit/537.36 (KHTML, like Gecko; compatible; bingbot/2.0; +http://www.bing.com/bingbot.htm) Chrome/116.0.1938.76 Safari/537.36"
52.167.144.142 - - [23/Apr/2026:09:22:05 +0300] "GET /casumo-alternative2026-unser-besten-onlinecasinoalternativen-inoffizieller-holen-sie-sich-10-kostenlose-spins-keine-einzahlung-mitarbeiter-expertencheck/ HTTP/2" 200 19344 "-" "Mozilla/5.0 AppleWebKit/537.36 (KHTML, like Gecko; compatible; bingbot/2.0; +http://www.bing.com/bingbot.htm) Chrome/116.0.1938.76 Safari/537.36"
185.216.113.70 - - [23/Apr/2026:09:22:42 +0300] "POST /wp-cron.php?doing_wp_cron=1776925362.2661418914794921875000 HTTP/1.1" 200 448 "-" "WordPress/6.3.8; https://serhatburke.miroglu.net"
40.77.167.23 - - [23/Apr/2026:09:22:27 +0300] "GET /65319-2/undefined?ts=1776924672 HTTP/2" 404 13602 "-" "Mozilla/5.0 AppleWebKit/537.36 (KHTML, like Gecko; compatible; bingbot/2.0; +http://www.bing.com/bingbot.htm) Chrome/116.0.1938.76 Safari/537.36"
52.167.144.142 - - [23/Apr/2026:09:22:31 +0300] "GET /65319-2/undefined?ts=1776924665 HTTP/2" 404 13603 "-" "Mozilla/5.0 AppleWebKit/537.36 (KHTML, like Gecko; compatible; bingbot/2.0; +http://www.bing.com/bingbot.htm) Chrome/116.0.1938.76 Safari/537.36"
52.167.144.142 - - [23/Apr/2026:09:22:30 +0300] "GET /less-than-is-a-report-on-northern-americas-available-gambling-establishment-networks/ HTTP/2" 200 17106 "-" "Mozilla/5.0 AppleWebKit/537.36 (KHTML, like Gecko; compatible; bingbot/2.0; +http://www.bing.com/bingbot.htm) Chrome/116.0.1938.76 Safari/537.36"
52.167.144.142 - - [23/Apr/2026:09:22:49 +0300] "GET /65319-2/undefined?ts=1776924665 HTTP/2" 404 13603 "-" "Mozilla/5.0 AppleWebKit/537.36 (KHTML, like Gecko; compatible; bingbot/2.0; +http://www.bing.com/bingbot.htm) Chrome/116.0.1938.76 Safari/537.36"
52.167.144.142 - - [23/Apr/2026:09:22:53 +0300] "GET /65319-2/undefined?ts=1776924665 HTTP/2" 404 13603 "-" "Mozilla/5.0 AppleWebKit/537.36 (KHTML, like Gecko; compatible; bingbot/2.0; +http://www.bing.com/bingbot.htm) Chrome/116.0.1938.76 Safari/537.36"
45.142.41.106 - - [23/Apr/2026:09:22:59 +0300] "POST /xmlrpc.php HTTP/2" 200 141 "-" "WordPress/XMLRPC Client"
40.77.167.24 - - [23/Apr/2026:09:22:58 +0300] "GET /must-i-found-a-welcome-offer-to-have-signing-up-for-rainbow-wide-range-casino/ HTTP/2" 200 18171 "-" "Mozilla/5.0 AppleWebKit/537.36 (KHTML, like Gecko; compatible; bingbot/2.0; +http://www.bing.com/bingbot.htm) Chrome/116.0.1938.76 Safari/537.36"
52.167.144.142 - - [23/Apr/2026:09:23:06 +0300] "GET /65319-2/undefined?ts=1776924665 HTTP/2" 404 13603 "-" "Mozilla/5.0 AppleWebKit/537.36 (KHTML, like Gecko; compatible; bingbot/2.0; +http://www.bing.com/bingbot.htm) Chrome/116.0.1938.76 Safari/537.36"
45.142.41.106 - - [23/Apr/2026:09:23:23 +0300] "GET /?p=129559 HTTP/2" 200 0 "-" "Mozilla/5.0 (Windows NT 10.0; Win64; x64) AppleWebKit/537.36 (KHTML, like Gecko) Chrome/120.0.0.0 Safari/537.36"
185.216.113.70 - - [23/Apr/2026:09:23:53 +0300] "POST /wp-cron.php?doing_wp_cron=1776925433.8361170291900634765625 HTTP/1.1" 200 448 "-" "WordPress/6.3.8; https://serhatburke.miroglu.net"
62.12.119.244 - - [23/Apr/2026:09:23:17 +0300] "POST /xmlrpc.php HTTP/1.1" 200 630 "-" "Mozilla/5.0 (Windows NT 10.0; Win64; x64) AppleWebKit/537.36 (KHTML, like Gecko) Chrome/114.0.0.0 Safari/537.36"
52.167.144.142 - - [23/Apr/2026:09:23:19 +0300] "GET /65319-2/undefined?ts=1776924665 HTTP/2" 404 13603 "-" "Mozilla/5.0 AppleWebKit/537.36 (KHTML, like Gecko; compatible; bingbot/2.0; +http://www.bing.com/bingbot.htm) Chrome/116.0.1938.76 Safari/537.36"
98.98.197.186 - - [23/Apr/2026:09:23:22 +0300] "POST /xmlrpc.php HTTP/1.1" 200 630 "-" "Mozilla/5.0 (Windows NT 10.0; Win64; x64) AppleWebKit/537.36 (KHTML, like Gecko) Chrome/114.0.0.0 Safari/537.36"
40.77.167.24 - - [23/Apr/2026:09:23:24 +0300] "GET /dunder-erfahrungen-probe-2026-hitnspin-liechtenstein-250-pramie-nova-gems-partie-zum-spas-freispiele/ HTTP/2" 200 0 "-" "Mozilla/5.0 AppleWebKit/537.36 (KHTML, like Gecko; compatible; bingbot/2.0; +http://www.bing.com/bingbot.htm) Chrome/116.0.1938.76 Safari/537.36"
40.77.167.24 - - [23/Apr/2026:09:23:27 +0300] "GET /bucks-relax-gaming-games-for-pc-connection-lord-of-your-water/ HTTP/2" 200 0 "-" "Mozilla/5.0 AppleWebKit/537.36 (KHTML, like Gecko; compatible; bingbot/2.0; +http://www.bing.com/bingbot.htm) Chrome/116.0.1938.76 Safari/537.36"
52.167.144.142 - - [23/Apr/2026:09:23:33 +0300] "GET /65319-2/undefined?ts=1776924665 HTTP/2" 404 13667 "-" "Mozilla/5.0 AppleWebKit/537.36 (KHTML, like Gecko; compatible; bingbot/2.0; +http://www.bing.com/bingbot.htm) Chrome/116.0.1938.76 Safari/537.36"
52.167.144.142 - - [23/Apr/2026:09:23:53 +0300] "GET /65319-2/undefined?ts=1776924665 HTTP/2" 404 13603 "-" "Mozilla/5.0 AppleWebKit/537.36 (KHTML, like Gecko; compatible; bingbot/2.0; +http://www.bing.com/bingbot.htm) Chrome/116.0.1938.76 Safari/537.36"
165.73.242.7 - - [23/Apr/2026:09:23:58 +0300] "POST /xmlrpc.php HTTP/1.1" 200 630 "-" "Mozilla/5.0 (Windows NT 10.0; Win64; x64) AppleWebKit/537.36 (KHTML, like Gecko) Chrome/114.0.0.0 Safari/537.36"
62.12.119.244 - - [23/Apr/2026:09:24:01 +0300] "POST /xmlrpc.php HTTP/1.1" 200 10901 "-" "Mozilla/5.0 (Windows NT 10.0; Win64; x64) AppleWebKit/537.36 (KHTML, like Gecko) Chrome/114.0.0.0 Safari/537.36"
98.98.197.186 - - [23/Apr/2026:09:24:13 +0300] "POST /xmlrpc.php HTTP/1.1" 200 8663 "-" "Mozilla/5.0 (Windows NT 10.0; Win64; x64) AppleWebKit/537.36 (KHTML, like Gecko) Chrome/114.0.0.0 Safari/537.36"
185.216.113.70 - - [23/Apr/2026:09:24:56 +0300] "POST /wp-cron.php?doing_wp_cron=1776925495.9572041034698486328125 HTTP/1.1" 200 448 "-" "WordPress/6.3.8; https://serhatburke.miroglu.net"
40.77.167.23 - - [23/Apr/2026:09:24:17 +0300] "GET /65319-2/undefined?ts=1776924672 HTTP/2" 404 13602 "-" "Mozilla/5.0 AppleWebKit/537.36 (KHTML, like Gecko; compatible; bingbot/2.0; +http://www.bing.com/bingbot.htm) Chrome/116.0.1938.76 Safari/537.36"
185.216.113.70 - - [23/Apr/2026:09:25:25 +0300] "POST /wp-cron.php?doing_wp_cron=1776925525.2711989879608154296875 HTTP/1.1" 200 448 "-" "WordPress/6.3.8; https://serhatburke.miroglu.net"
52.167.144.142 - - [23/Apr/2026:09:24:39 +0300] "GET /65319-2/undefined?ts=1776924667 HTTP/2" 404 13597 "-" "Mozilla/5.0 AppleWebKit/537.36 (KHTML, like Gecko; compatible; bingbot/2.0; +http://www.bing.com/bingbot.htm) Chrome/116.0.1938.76 Safari/537.36"
185.216.113.70 - - [23/Apr/2026:09:25:34 +0300] "POST /wp-cron.php?doing_wp_cron=1776925533.8368570804595947265625 HTTP/1.1" 200 448 "-" "WordPress/6.3.8; https://serhatburke.miroglu.net"
40.77.167.24 - - [23/Apr/2026:09:24:46 +0300] "GET /65319-2/undefined?ts=1776924666 HTTP/2" 404 13597 "-" "Mozilla/5.0 AppleWebKit/537.36 (KHTML, like Gecko; compatible; bingbot/2.0; +http://www.bing.com/bingbot.htm) Chrome/116.0.1938.76 Safari/537.36"
185.216.113.70 - - [23/Apr/2026:09:25:40 +0300] "POST /wp-cron.php?doing_wp_cron=1776925539.9453198909759521484375 HTTP/1.1" 200 448 "-" "WordPress/6.3.8; https://serhatburke.miroglu.net"
62.12.119.244 - - [23/Apr/2026:09:24:45 +0300] "GET /club-pro-deutsche-schaferhunde-sv-basis-des-slot-incan-goddess-online-naturlichen-logarithmus-v/ HTTP/1.1" 200 73249 "-" "Mozilla/5.0 (Windows NT 10.0; Win64; x64) AppleWebKit/537.36 (KHTML, like Gecko) Chrome/109.0.0.0 Safari/537.36"
98.98.197.186 - - [23/Apr/2026:09:24:49 +0300] "POST /xmlrpc.php HTTP/1.1" 200 630 "-" "Mozilla/5.0 (Windows NT 10.0; Win64; x64) AppleWebKit/537.36 (KHTML, like Gecko) Chrome/114.0.0.0 Safari/537.36"
165.73.242.7 - - [23/Apr/2026:09:24:49 +0300] "POST /xmlrpc.php HTTP/1.1" 200 9790 "-" "Mozilla/5.0 (Windows NT 10.0; Win64; x64) AppleWebKit/537.36 (KHTML, like Gecko) Chrome/114.0.0.0 Safari/537.36"
40.77.167.23 - - [23/Apr/2026:09:24:57 +0300] "GET /65319-2/undefined?ts=1776924672 HTTP/2" 200 0 "-" "Mozilla/5.0 AppleWebKit/537.36 (KHTML, like Gecko; compatible; bingbot/2.0; +http://www.bing.com/bingbot.htm) Chrome/116.0.1938.76 Safari/537.36"
98.98.197.186 - - [23/Apr/2026:09:24:54 +0300] "GET /thunderstruck-silver-blitz-tall-live-online-casino-comment-free-demonstration/ HTTP/1.1" 200 70206 "-" "Mozilla/5.0 (Windows NT 10.0; Win64; x64) AppleWebKit/537.36 (KHTML, like Gecko) Chrome/109.0.0.0 Safari/537.36"
52.167.144.142 - - [23/Apr/2026:09:25:08 +0300] "GET /65319-2/undefined?ts=1776924667 HTTP/2" 200 0 "-" "Mozilla/5.0 AppleWebKit/537.36 (KHTML, like Gecko; compatible; bingbot/2.0; +http://www.bing.com/bingbot.htm) Chrome/116.0.1938.76 Safari/537.36"
52.167.144.142 - - [23/Apr/2026:09:25:33 +0300] "GET /65319-2/undefined?ts=1776924667 HTTP/2" 404 13597 "-" "Mozilla/5.0 AppleWebKit/537.36 (KHTML, like Gecko; compatible; bingbot/2.0; +http://www.bing.com/bingbot.htm) Chrome/116.0.1938.76 Safari/537.36"
98.98.197.186 - - [23/Apr/2026:09:25:47 +0300] "POST /xmlrpc.php HTTP/1.1" 200 10651 "-" "Mozilla/5.0 (Windows NT 10.0; Win64; x64) AppleWebKit/537.36 (KHTML, like Gecko) Chrome/114.0.0.0 Safari/537.36"
165.73.242.7 - - [23/Apr/2026:09:25:45 +0300] "GET /wolf-king-of-cheese-casinos-gold/ HTTP/1.1" 200 69951 "-" "Mozilla/5.0 (Windows NT 10.0; Win64; x64; rv:125.0) Gecko/20100101 Firefox/125.0"
40.77.167.24 - - [23/Apr/2026:09:25:54 +0300] "GET /65319-2/undefined?ts=1776924666 HTTP/2" 404 13595 "-" "Mozilla/5.0 AppleWebKit/537.36 (KHTML, like Gecko; compatible; bingbot/2.0; +http://www.bing.com/bingbot.htm) Chrome/116.0.1938.76 Safari/537.36"
185.216.113.70 - - [23/Apr/2026:09:26:46 +0300] "POST /wp-cron.php?doing_wp_cron=1776925606.2657210826873779296875 HTTP/1.1" 200 448 "-" "WordPress/6.3.8; https://serhatburke.miroglu.net"
185.216.113.70 - - [23/Apr/2026:09:26:46 +0300] "POST /wp-cron.php?doing_wp_cron=1776925606.4305329322814941406250 HTTP/1.1" 200 448 "-" "WordPress/6.3.8; https://serhatburke.miroglu.net"
98.98.197.186 - - [23/Apr/2026:09:26:14 +0300] "POST /xmlrpc.php HTTP/1.1" 200 630 "-" "Mozilla/5.0 (Windows NT 10.0; Win64; x64) AppleWebKit/537.36 (KHTML, like Gecko) Chrome/114.0.0.0 Safari/537.36"
40.77.167.23 - - [23/Apr/2026:09:26:15 +0300] "GET /65319-2/undefined?ts=1776924672 HTTP/2" 404 13602 "-" "Mozilla/5.0 AppleWebKit/537.36 (KHTML, like Gecko; compatible; bingbot/2.0; +http://www.bing.com/bingbot.htm) Chrome/116.0.1938.76 Safari/537.36"
185.216.113.70 - - [23/Apr/2026:09:26:58 +0300] "POST /wp-cron.php?doing_wp_cron=1776925618.3887510299682617187500 HTTP/1.1" 200 448 "-" "WordPress/6.3.8; https://serhatburke.miroglu.net"
62.12.119.244 - - [23/Apr/2026:09:26:27 +0300] "POST /xmlrpc.php HTTP/1.1" 200 630 "-" "Mozilla/5.0 (Windows NT 10.0; Win64; x64) AppleWebKit/537.36 (KHTML, like Gecko) Chrome/114.0.0.0 Safari/537.36"
98.98.197.186 - - [23/Apr/2026:09:26:33 +0300] "GET /totally-free-thunderstruck-free-coins-revolves-bonuses-usa-2025-no-deposit-real-cash-also-provides/ HTTP/1.1" 200 72723 "-" "Mozilla/5.0 (Windows NT 10.0; rv:125.0) Gecko/20100101 Firefox/125.0"
98.98.197.186 - - [23/Apr/2026:09:26:53 +0300] "POST /xmlrpc.php HTTP/1.1" 200 10255 "-" "Mozilla/5.0 (Windows NT 10.0; Win64; x64) AppleWebKit/537.36 (KHTML, like Gecko) Chrome/114.0.0.0 Safari/537.36"
52.167.144.19 - - [23/Apr/2026:09:26:47 +0300] "GET /great-britain-online-casino-world-enjoys-several-providers-for-each-and-every-offering-another-band-of-online-game-and-you-can-advertising/ HTTP/2" 200 17009 "-" "Mozilla/5.0 AppleWebKit/537.36 (KHTML, like Gecko; compatible; bingbot/2.0; +http://www.bing.com/bingbot.htm) Chrome/116.0.1938.76 Safari/537.36"
62.12.119.244 - - [23/Apr/2026:09:27:05 +0300] "POST /xmlrpc.php HTTP/1.1" 200 10914 "-" "Mozilla/5.0 (Windows NT 10.0; Win64; x64) AppleWebKit/537.36 (KHTML, like Gecko) Chrome/114.0.0.0 Safari/537.36"
40.77.167.24 - - [23/Apr/2026:09:26:51 +0300] "GET /superiores-casinos-en-internet-con-el-pasar-del-50-dragons-casino-tiempo-juegos-novomatic-en-chile-2026/ HTTP/2" 200 19108 "-" "Mozilla/5.0 AppleWebKit/537.36 (KHTML, like Gecko; compatible; bingbot/2.0; +http://www.bing.com/bingbot.htm) Chrome/116.0.1938.76 Safari/537.36"
98.98.197.186 - - [23/Apr/2026:09:27:34 +0300] "GET /best-sweepstakes-gambling-enterprise-no-deposit-bonus-astropay-deposito-casino-free-sc-2026/ HTTP/1.1" 200 72133 "-" "Mozilla/5.0 (Windows NT 10.0; Win64; x64) AppleWebKit/537.36 (KHTML, like Gecko) Chrome/109.0.0.0 Safari/537.36"
185.216.113.70 - - [23/Apr/2026:09:27:58 +0300] "POST /wp-cron.php?doing_wp_cron=1776925678.5298900604248046875000 HTTP/1.1" 200 448 "-" "WordPress/6.3.8; https://serhatburke.miroglu.net"
98.98.197.186 - - [23/Apr/2026:09:27:40 +0300] "POST /xmlrpc.php HTTP/1.1" 200 630 "-" "Mozilla/5.0 (Windows NT 10.0; Win64; x64) AppleWebKit/537.36 (KHTML, like Gecko) Chrome/114.0.0.0 Safari/537.36"
98.98.9.26 - - [23/Apr/2026:09:27:41 +0300] "POST /xmlrpc.php HTTP/1.1" 200 630 "-" "Mozilla/5.0 (Windows NT 10.0; Win64; x64) AppleWebKit/537.36 (KHTML, like Gecko) Chrome/114.0.0.0 Safari/537.36"
62.12.119.244 - - [23/Apr/2026:09:27:38 +0300] "GET /entfessle-einen-nervenkitzel-dein-umfassender-50-keine-einzahlung-spins-jack-in-the-box-guide-dahinter-sportwetten-casino-action-unter-anderem-allem-ended-up-being-tip/ HTTP/1.1" 200 75271 "-" "Mozilla/5.0 (Windows NT 10.0; Win64; x64) AppleWebKit/537.36 (KHTML, like Gecko) Chrome/124.0.0.0 Safari/537.36 Edg/124.0.0.0"
98.98.197.186 - - [23/Apr/2026:09:28:07 +0300] "POST /xmlrpc.php HTTP/1.1" 200 10990 "-" "Mozilla/5.0 (Windows NT 10.0; Win64; x64) AppleWebKit/537.36 (KHTML, like Gecko) Chrome/114.0.0.0 Safari/537.36"
98.98.9.26 - - [23/Apr/2026:09:28:08 +0300] "POST /xmlrpc.php HTTP/1.1" 200 10807 "-" "Mozilla/5.0 (Windows NT 10.0; Win64; x64) AppleWebKit/537.36 (KHTML, like Gecko) Chrome/114.0.0.0 Safari/537.36"
98.98.197.186 - - [23/Apr/2026:09:28:22 +0300] "GET /the-newest-enjoyable-zodiac-casino-bonus-codes-free-spins-club-casino-300-no-deposit-extra/ HTTP/1.1" 200 72743 "-" "Mozilla/5.0 (Windows NT 10.0; Win64; x64; rv:124.0) Gecko/20100101 Firefox/124.0"
98.98.9.26 - - [23/Apr/2026:09:28:23 +0300] "GET /choy-sunrays-doa-slot-machine-comprehend-slot-million-dollar-man-our-very-own-game-opinion/ HTTP/1.1" 200 72633 "-" "Mozilla/5.0 (Windows NT 10.0; Win64; x64) AppleWebKit/537.36 (KHTML, like Gecko) Chrome/124.0.0.0 Safari/537.36 Edg/124.0.0.0"
185.216.113.70 - - [23/Apr/2026:09:28:46 +0300] "POST /wp-cron.php?doing_wp_cron=1776925726.1614429950714111328125 HTTP/1.1" 200 448 "-" "WordPress/6.3.8; https://serhatburke.miroglu.net"
77.81.5.225 - - [23/Apr/2026:09:28:33 +0300] "POST /xmlrpc.php HTTP/1.1" 200 155007 "-" "Mozilla/5.0 (Windows NT 6.1; WOW64) AppleWebKit/537.36 (KHTML, like Gecko) Chrome/63.0.3223.8 Safari/537.36"
77.81.5.225 - - [23/Apr/2026:09:28:46 +0300] "POST /xmlrpc.php HTTP/1.1" 200 6298 "-" "Mozilla/5.0 (Windows NT 6.1; WOW64) AppleWebKit/537.36 (KHTML, like Gecko) Chrome/63.0.3223.8 Safari/537.36"
98.98.197.186 - - [23/Apr/2026:09:28:55 +0300] "POST /xmlrpc.php HTTP/1.1" 200 630 "-" "Mozilla/5.0 (Windows NT 10.0; Win64; x64) AppleWebKit/537.36 (KHTML, like Gecko) Chrome/114.0.0.0 Safari/537.36"
77.81.5.225 - - [23/Apr/2026:09:29:07 +0300] "POST /xmlrpc.php HTTP/1.1" 200 4309 "-" "Mozilla/5.0 (Windows NT 6.1; WOW64) AppleWebKit/537.36 (KHTML, like Gecko) Chrome/63.0.3223.8 Safari/537.36"
185.216.113.70 - - [23/Apr/2026:09:29:33 +0300] "POST /wp-cron.php?doing_wp_cron=1776925773.1229319572448730468750 HTTP/1.1" 200 448 "-" "WordPress/6.3.8; https://serhatburke.miroglu.net"
98.98.197.186 - - [23/Apr/2026:09:29:15 +0300] "POST /xmlrpc.php HTTP/1.1" 200 10802 "-" "Mozilla/5.0 (Windows NT 10.0; Win64; x64) AppleWebKit/537.36 (KHTML, like Gecko) Chrome/114.0.0.0 Safari/537.36"
77.81.5.225 - - [23/Apr/2026:09:29:19 +0300] "POST /xmlrpc.php HTTP/1.1" 200 489 "-" "Mozilla/5.0 (Windows NT 6.1; WOW64) AppleWebKit/537.36 (KHTML, like Gecko) Chrome/63.0.3223.8 Safari/537.36"
62.12.119.244 - - [23/Apr/2026:09:29:19 +0300] "POST /xmlrpc.php HTTP/1.1" 200 630 "-" "Mozilla/5.0 (Windows NT 10.0; Win64; x64) AppleWebKit/537.36 (KHTML, like Gecko) Chrome/114.0.0.0 Safari/537.36"
77.81.5.225 - - [23/Apr/2026:09:29:40 +0300] "POST /xmlrpc.php HTTP/1.1" 200 19451 "-" "Mozilla/5.0 (Windows NT 6.1; WOW64) AppleWebKit/537.36 (KHTML, like Gecko) Chrome/63.0.3223.8 Safari/537.36"
98.98.197.186 - - [23/Apr/2026:09:29:34 +0300] "GET /mr-environmentally-friendly-casino-no-deposit-bonus-free-spins-on-batman-rules-2026-1/ HTTP/1.1" 200 72285 "-" "Mozilla/5.0 (Windows NT 10.0; Win64; x64; rv:124.0) Gecko/20100101 Firefox/124.0"
62.12.119.244 - - [23/Apr/2026:09:29:46 +0300] "POST /xmlrpc.php HTTP/1.1" 200 10783 "-" "Mozilla/5.0 (Windows NT 10.0; Win64; x64) AppleWebKit/537.36 (KHTML, like Gecko) Chrome/114.0.0.0 Safari/537.36"
104.194.132.199 - - [23/Apr/2026:09:29:50 +0300] "GET /zotabet-casino-bonus-premier-depot-2026/ HTTP/1.1" 200 18496 "-" "Mozilla/5.0 (Windows NT 10.0; Win64; x64; Xbox; Xbox One) AppleWebKit/537.36 (KHTML, like Gecko) Chrome/114.0.0.0 Safari/537.36 Edge/44.18363.8131"
185.216.113.70 - - [23/Apr/2026:09:30:23 +0300] "HEAD /wp-content/uploads/2026/04/1-kopija-25.png HTTP/1.1" 200 536 "-" "WordPress/6.3.8; https://serhatburke.miroglu.net"
185.216.113.70 - - [23/Apr/2026:09:30:23 +0300] "HEAD /wp-content/uploads/2026/04/mini_royal-joker-hold-and-win-slot-testimonial-4_1.png HTTP/1.1" 200 536 "-" "WordPress/6.3.8; https://serhatburke.miroglu.net"
62.12.119.244 - - [23/Apr/2026:09:30:09 +0300] "GET /paysafecard-spielsaal-besten-angeschlossen-spielsaal-via-30-summer-bliss-mobile-casino-paysafe-einzahlung-2025/ HTTP/1.1" 200 73452 "-" "Mozilla/5.0 (Windows NT 10.0; rv:125.0) Gecko/20100101 Firefox/125.0"
98.98.197.186 - - [23/Apr/2026:09:30:23 +0300] "POST /xmlrpc.php HTTP/1.1" 200 630 "-" "Mozilla/5.0 (Windows NT 10.0; Win64; x64) AppleWebKit/537.36 (KHTML, like Gecko) Chrome/114.0.0.0 Safari/537.36"
185.216.113.70 - - [23/Apr/2026:09:30:55 +0300] "POST /wp-cron.php?doing_wp_cron=1776925855.7918939590454101562500 HTTP/1.1" 200 448 "-" "WordPress/6.3.8; https://serhatburke.miroglu.net"
165.73.242.7 - - [23/Apr/2026:09:30:38 +0300] "POST /xmlrpc.php HTTP/1.1" 200 630 "-" "Mozilla/5.0 (Windows NT 10.0; Win64; x64) AppleWebKit/537.36 (KHTML, like Gecko) Chrome/114.0.0.0 Safari/537.36"
216.73.217.0 - - [23/Apr/2026:09:30:40 +0300] "GET /robots.txt HTTP/2" 200 110 "-" "Mozilla/5.0 AppleWebKit/537.36 (KHTML, like Gecko; compatible; ClaudeBot/1.0; +claudebot@anthropic.com)"
98.98.197.186 - - [23/Apr/2026:09:30:40 +0300] "POST /xmlrpc.php HTTP/1.1" 200 11328 "-" "Mozilla/5.0 (Windows NT 10.0; Win64; x64) AppleWebKit/537.36 (KHTML, like Gecko) Chrome/114.0.0.0 Safari/537.36"
216.73.217.0 - - [23/Apr/2026:09:30:58 +0300] "GET /sitemap.rss HTTP/2" 200 0 "-" "Mozilla/5.0 AppleWebKit/537.36 (KHTML, like Gecko; compatible; ClaudeBot/1.0; +claudebot@anthropic.com)"
165.73.242.7 - - [23/Apr/2026:09:31:04 +0300] "POST /xmlrpc.php HTTP/1.1" 200 9830 "-" "Mozilla/5.0 (Windows NT 10.0; Win64; x64) AppleWebKit/537.36 (KHTML, like Gecko) Chrome/114.0.0.0 Safari/537.36"
98.98.197.186 - - [23/Apr/2026:09:30:59 +0300] "GET /2-lowest-put-gambling-enterprise-within-online-casino-bonus-paysafecard-the-2026-delight-in-online-pokies-to-possess-minute-2-currency-put/ HTTP/1.1" 200 74444 "-" "Mozilla/5.0 (Windows NT 10.0; Win64; x64) AppleWebKit/537.36 (KHTML, like Gecko) Chrome/122.0.0.0 Safari/537.36"
165.73.242.7 - - [23/Apr/2026:09:31:21 +0300] "GET /sunday-ink-classes-whatsoever-rosies-free-spins-no-deposit-big-top-past-weekend-of-your-own-few-days/ HTTP/1.1" 200 71870 "-" "Mozilla/5.0 (Windows NT 10.0; rv:109.0) Gecko/20100101 Firefox/115.0"
185.216.113.70 - - [23/Apr/2026:09:31:41 +0300] "POST /wp-cron.php?doing_wp_cron=1776925900.9804909229278564453125 HTTP/1.1" 200 448 "-" "WordPress/6.3.8; https://serhatburke.miroglu.net"
98.98.197.186 - - [23/Apr/2026:09:31:28 +0300] "POST /xmlrpc.php HTTP/1.1" 200 630 "-" "Mozilla/5.0 (Windows NT 10.0; Win64; x64) AppleWebKit/537.36 (KHTML, like Gecko) Chrome/114.0.0.0 Safari/537.36"
98.98.197.186 - - [23/Apr/2026:09:31:48 +0300] "POST /xmlrpc.php HTTP/1.1" 200 10178 "-" "Mozilla/5.0 (Windows NT 10.0; Win64; x64) AppleWebKit/537.36 (KHTML, like Gecko) Chrome/114.0.0.0 Safari/537.36"
98.98.197.186 - - [23/Apr/2026:09:32:01 +0300] "GET /best-no-deposit-bonuses-100-percent-free-revolves-casino-slot-mega-moolah-for-2026/ HTTP/1.1" 200 71781 "-" "Mozilla/5.0 (Windows NT 10.0; Win64; x64; rv:125.0) Gecko/20100101 Firefox/125.0"
165.73.242.7 - - [23/Apr/2026:09:32:07 +0300] "POST /xmlrpc.php HTTP/1.1" 200 630 "-" "Mozilla/5.0 (Windows NT 10.0; Win64; x64) AppleWebKit/537.36 (KHTML, like Gecko) Chrome/114.0.0.0 Safari/537.36"
62.12.119.244 - - [23/Apr/2026:09:32:10 +0300] "POST /xmlrpc.php HTTP/1.1" 200 630 "-" "Mozilla/5.0 (Windows NT 10.0; Win64; x64) AppleWebKit/537.36 (KHTML, like Gecko) Chrome/114.0.0.0 Safari/537.36"
185.216.113.70 - - [23/Apr/2026:09:32:43 +0300] "POST /wp-cron.php?doing_wp_cron=1776925963.0681550502777099609375 HTTP/1.1" 200 448 "-" "WordPress/6.3.8; https://serhatburke.miroglu.net"
165.73.242.7 - - [23/Apr/2026:09:32:28 +0300] "POST /xmlrpc.php HTTP/1.1" 200 10316 "-" "Mozilla/5.0 (Windows NT 10.0; Win64; x64) AppleWebKit/537.36 (KHTML, like Gecko) Chrome/114.0.0.0 Safari/537.36"
62.12.119.244 - - [23/Apr/2026:09:32:30 +0300] "POST /xmlrpc.php HTTP/1.1" 200 10730 "-" "Mozilla/5.0 (Windows NT 10.0; Win64; x64) AppleWebKit/537.36 (KHTML, like Gecko) Chrome/114.0.0.0 Safari/537.36"
98.98.197.186 - - [23/Apr/2026:09:32:36 +0300] "POST /xmlrpc.php HTTP/1.1" 200 630 "-" "Mozilla/5.0 (Windows NT 10.0; Win64; x64) AppleWebKit/537.36 (KHTML, like Gecko) Chrome/114.0.0.0 Safari/537.36"
165.73.242.7 - - [23/Apr/2026:09:32:44 +0300] "GET /the-newest-frozen-diamonds-1-deposit-a-hundred-free-spins-no-deposit-2026-done-number/ HTTP/1.1" 200 72112 "-" "Mozilla/5.0 (Windows NT 10.0; Win64; x64) AppleWebKit/537.36 (KHTML, like Gecko) Chrome/109.0.0.0 Safari/537.36"
62.12.119.244 - - [23/Apr/2026:09:32:49 +0300] "GET /ein-guide-fur-spielautomaten-tricks-book-of-ra-neueinsteiger-2026/ HTTP/1.1" 200 72440 "-" "Mozilla/5.0 (Windows NT 10.0; Win64; x64; rv:124.0) Gecko/20100101 Firefox/124.0"
98.98.197.186 - - [23/Apr/2026:09:33:03 +0300] "POST /xmlrpc.php HTTP/1.1" 200 10695 "-" "Mozilla/5.0 (Windows NT 10.0; Win64; x64) AppleWebKit/537.36 (KHTML, like Gecko) Chrome/114.0.0.0 Safari/537.36"
98.98.197.186 - - [23/Apr/2026:09:33:17 +0300] "GET /sexy-because-the-hades-position-review-casinos-online-indian-dreaming-pokie-free-spins-microgaming/ HTTP/1.1" 200 72640 "-" "Mozilla/5.0 (Windows NT 10.0; Win64; x64; rv:124.0) Gecko/20100101 Firefox/124.0"
40.77.178.204 - - [23/Apr/2026:09:33:22 +0300] "GET /65319-2 HTTP/2" 301 0 "-" "Mozilla/5.0 AppleWebKit/537.36 (KHTML, like Gecko; compatible; bingbot/2.0; +http://www.bing.com/bingbot.htm) Chrome/100.0.4896.127 Safari/537.36"
185.216.113.70 - - [23/Apr/2026:09:33:41 +0300] "POST /wp-cron.php?doing_wp_cron=1776926021.2053110599517822265625 HTTP/1.1" 200 448 "-" "WordPress/6.3.8; https://serhatburke.miroglu.net"
165.73.242.7 - - [23/Apr/2026:09:33:27 +0300] "POST /xmlrpc.php HTTP/1.1" 200 630 "-" "Mozilla/5.0 (Windows NT 10.0; Win64; x64) AppleWebKit/537.36 (KHTML, like Gecko) Chrome/114.0.0.0 Safari/537.36"
165.73.242.7 - - [23/Apr/2026:09:33:47 +0300] "POST /xmlrpc.php HTTP/1.1" 200 10419 "-" "Mozilla/5.0 (Windows NT 10.0; Win64; x64) AppleWebKit/537.36 (KHTML, like Gecko) Chrome/114.0.0.0 Safari/537.36"
98.98.197.186 - - [23/Apr/2026:09:33:51 +0300] "POST /xmlrpc.php HTTP/1.1" 200 630 "-" "Mozilla/5.0 (Windows NT 10.0; Win64; x64) AppleWebKit/537.36 (KHTML, like Gecko) Chrome/114.0.0.0 Safari/537.36"
165.73.242.7 - - [23/Apr/2026:09:34:04 +0300] "GET /totally-free-revolves-no-deposit-australian-continent-100-totally-emperors-garden-online-casino-free-spins-requirements/ HTTP/1.1" 200 73029 "-" "Mozilla/5.0 (Windows NT 10.0; Win64; x64) AppleWebKit/537.36 (KHTML, like Gecko) Chrome/123.0.0.0 Safari/537.36 OPR/109.0.0.0"
98.98.197.186 - - [23/Apr/2026:09:34:11 +0300] "POST /xmlrpc.php HTTP/1.1" 200 9996 "-" "Mozilla/5.0 (Windows NT 10.0; Win64; x64) AppleWebKit/537.36 (KHTML, like Gecko) Chrome/114.0.0.0 Safari/537.36"
216.73.217.0 - - [23/Apr/2026:09:34:21 +0300] "GET /sitemap.xml HTTP/2" 200 0 "-" "Mozilla/5.0 AppleWebKit/537.36 (KHTML, like Gecko; compatible; ClaudeBot/1.0; +claudebot@anthropic.com)"
98.98.197.186 - - [23/Apr/2026:09:34:25 +0300] "GET /happy-twins-ports-online-game-totally-online-casino-ecopayz-1-free-gamble-opinion-microgaming/ HTTP/1.1" 200 71888 "-" "Mozilla/5.0 (Windows NT 10.0; Win64; x64; rv:125.0) Gecko/20100101 Firefox/125.0"
185.216.113.70 - - [23/Apr/2026:09:34:57 +0300] "POST /wp-cron.php?doing_wp_cron=1776926097.3927159309387207031250 HTTP/1.1" 200 448 "-" "WordPress/6.3.8; https://serhatburke.miroglu.net"
165.73.242.7 - - [23/Apr/2026:09:34:45 +0300] "POST /xmlrpc.php HTTP/1.1" 200 630 "-" "Mozilla/5.0 (Windows NT 10.0; Win64; x64) AppleWebKit/537.36 (KHTML, like Gecko) Chrome/114.0.0.0 Safari/537.36"
98.98.197.186 - - [23/Apr/2026:09:34:54 +0300] "POST /xmlrpc.php HTTP/1.1" 200 630 "-" "Mozilla/5.0 (Windows NT 10.0; Win64; x64) AppleWebKit/537.36 (KHTML, like Gecko) Chrome/114.0.0.0 Safari/537.36"
62.12.119.244 - - [23/Apr/2026:09:35:00 +0300] "POST /xmlrpc.php HTTP/1.1" 200 630 "-" "Mozilla/5.0 (Windows NT 10.0; Win64; x64) AppleWebKit/537.36 (KHTML, like Gecko) Chrome/114.0.0.0 Safari/537.36"
165.73.242.7 - - [23/Apr/2026:09:35:04 +0300] "POST /xmlrpc.php HTTP/1.1" 200 9056 "-" "Mozilla/5.0 (Windows NT 10.0; Win64; x64) AppleWebKit/537.36 (KHTML, like Gecko) Chrome/114.0.0.0 Safari/537.36"
98.98.197.186 - - [23/Apr/2026:09:35:19 +0300] "POST /xmlrpc.php HTTP/1.1" 200 9055 "-" "Mozilla/5.0 (Windows NT 10.0; Win64; x64) AppleWebKit/537.36 (KHTML, like Gecko) Chrome/114.0.0.0 Safari/537.36"
185.216.113.70 - - [23/Apr/2026:09:35:41 +0300] "POST /wp-cron.php?doing_wp_cron=1776926140.9403519630432128906250 HTTP/1.1" 200 448 "-" "WordPress/6.3.8; https://serhatburke.miroglu.net"
62.12.119.244 - - [23/Apr/2026:09:35:28 +0300] "POST /xmlrpc.php HTTP/1.1" 200 10260 "-" "Mozilla/5.0 (Windows NT 10.0; Win64; x64) AppleWebKit/537.36 (KHTML, like Gecko) Chrome/114.0.0.0 Safari/537.36"
165.73.242.7 - - [23/Apr/2026:09:35:25 +0300] "GET /free-spins-no-deposit-british-greatest-no-deposit-bonuses-to-own-mystique-grove-online-slot-2026/ HTTP/1.1" 200 71051 "-" "Mozilla/5.0 (Windows NT 10.0; Win64; x64) AppleWebKit/537.36 (KHTML, like Gecko) Chrome/109.0.0.0 Safari/537.36"
98.98.197.186 - - [23/Apr/2026:09:35:35 +0300] "GET /get-exclusive-2024-luckyzon-casino-no-deposit-code-totally-free-revolves-local-casino-added-bonus-code-for-present-users/ HTTP/1.1" 200 71703 "-" "Mozilla/5.0 (Windows NT 10.0; Win64; x64) AppleWebKit/537.36 (KHTML, like Gecko) Chrome/123.0.0.0 Safari/537.36 OPR/109.0.0.0"
62.12.119.244 - - [23/Apr/2026:09:35:46 +0300] "GET /eye-of-horus-demo-spielen-slot-ohne-nutzliche-seite-registrierung/ HTTP/1.1" 200 71767 "-" "Mozilla/5.0 (Windows NT 10.0; Win64; x64; rv:125.0) Gecko/20100101 Firefox/125.0"
98.98.197.186 - - [23/Apr/2026:09:35:59 +0300] "POST /xmlrpc.php HTTP/1.1" 200 630 "-" "Mozilla/5.0 (Windows NT 10.0; Win64; x64) AppleWebKit/537.36 (KHTML, like Gecko) Chrome/114.0.0.0 Safari/537.36"
165.73.242.7 - - [23/Apr/2026:09:36:03 +0300] "POST /xmlrpc.php HTTP/1.1" 200 630 "-" "Mozilla/5.0 (Windows NT 10.0; Win64; x64) AppleWebKit/537.36 (KHTML, like Gecko) Chrome/114.0.0.0 Safari/537.36"
185.216.113.70 - - [23/Apr/2026:09:36:30 +0300] "POST /wp-cron.php?doing_wp_cron=1776926190.1630609035491943359375 HTTP/1.1" 200 448 "-" "WordPress/6.3.8; https://serhatburke.miroglu.net"
98.98.197.186 - - [23/Apr/2026:09:36:17 +0300] "POST /xmlrpc.php HTTP/1.1" 200 11151 "-" "Mozilla/5.0 (Windows NT 10.0; Win64; x64) AppleWebKit/537.36 (KHTML, like Gecko) Chrome/114.0.0.0 Safari/537.36"
165.73.242.7 - - [23/Apr/2026:09:36:22 +0300] "POST /xmlrpc.php HTTP/1.1" 200 9315 "-" "Mozilla/5.0 (Windows NT 10.0; Win64; x64) AppleWebKit/537.36 (KHTML, like Gecko) Chrome/114.0.0.0 Safari/537.36"
98.98.197.186 - - [23/Apr/2026:09:36:32 +0300] "GET /raging-rhino-slot-games-hot-seven-status-remark-web-based-casinos-wms-costa-rica/ HTTP/1.1" 200 72514 "-" "Mozilla/5.0 (Windows NT 10.0; Win64; x64; rv:125.0) Gecko/20100101 Firefox/125.0"
96.44.154.147 - - [23/Apr/2026:09:36:40 +0300] "POST /xmlrpc.php HTTP/1.1" 200 630 "-" "Mozilla/5.0 (Windows NT 10.0; Win64; x64) AppleWebKit/537.36 (KHTML, like Gecko) Chrome/114.0.0.0 Safari/537.36"
165.73.242.7 - - [23/Apr/2026:09:36:38 +0300] "GET /pretty-monsterinos-1-deposit-cat/ HTTP/1.1" 200 69410 "-" "Mozilla/5.0 (Windows NT 10.0; rv:125.0) Gecko/20100101 Firefox/125.0"
52.167.144.177 - - [23/Apr/2026:09:36:52 +0300] "GET /playbison-kasyno-zdobywa-coraz-bardziej-wieksza-dominacja-na-pewno-jednego-z-polskich-graczy-poszukujacych-ekscytujacych-wrazen-hazardowych-siec/ HTTP/2" 200 17774 "-" "Mozilla/5.0 AppleWebKit/537.36 (KHTML, like Gecko; compatible; bingbot/2.0; +http://www.bing.com/bingbot.htm) Chrome/116.0.1938.76 Safari/537.36"
98.98.197.186 - - [23/Apr/2026:09:36:56 +0300] "POST /xmlrpc.php HTTP/1.1" 200 630 "-" "Mozilla/5.0 (Windows NT 10.0; Win64; x64) AppleWebKit/537.36 (KHTML, like Gecko) Chrome/114.0.0.0 Safari/537.36"
52.167.144.216 - - [23/Apr/2026:09:36:54 +0300] "GET /42557-2/ HTTP/2" 200 16853 "-" "Mozilla/5.0 AppleWebKit/537.36 (KHTML, like Gecko; compatible; bingbot/2.0; +http://www.bing.com/bingbot.htm) Chrome/116.0.1938.76 Safari/537.36"
185.216.113.70 - - [23/Apr/2026:09:37:35 +0300] "POST /wp-cron.php?doing_wp_cron=1776926255.2519838809967041015625 HTTP/1.1" 200 448 "-" "WordPress/6.3.8; https://serhatburke.miroglu.net"
96.44.154.147 - - [23/Apr/2026:09:37:10 +0300] "POST /xmlrpc.php HTTP/1.1" 200 12137 "-" "Mozilla/5.0 (Windows NT 10.0; Win64; x64) AppleWebKit/537.36 (KHTML, like Gecko) Chrome/114.0.0.0 Safari/537.36"
185.216.113.70 - - [23/Apr/2026:09:37:35 +0300] "POST /wp-cron.php?doing_wp_cron=1776926255.3415400981903076171875 HTTP/1.1" 200 448 "-" "WordPress/6.3.8; https://serhatburke.miroglu.net"
165.73.242.7 - - [23/Apr/2026:09:37:13 +0300] "POST /xmlrpc.php HTTP/1.1" 200 630 "-" "Mozilla/5.0 (Windows NT 10.0; Win64; x64) AppleWebKit/537.36 (KHTML, like Gecko) Chrome/114.0.0.0 Safari/537.36"
52.167.144.177 - - [23/Apr/2026:09:37:10 +0300] "GET /potpuno-besplatni-pokies-diljem-bez-depozita-goldbet-australije-bez-preuzimanja-ili-registracije/ HTTP/2" 200 17573 "-" "Mozilla/5.0 AppleWebKit/537.36 (KHTML, like Gecko; compatible; bingbot/2.0; +http://www.bing.com/bingbot.htm) Chrome/116.0.1938.76 Safari/537.36"
185.216.113.70 - - [23/Apr/2026:09:38:03 +0300] "POST /wp-cron.php?doing_wp_cron=1776926282.9442219734191894531250 HTTP/1.1" 200 448 "-" "WordPress/6.3.8; https://serhatburke.miroglu.net"
98.98.197.186 - - [23/Apr/2026:09:37:28 +0300] "POST /xmlrpc.php HTTP/1.1" 200 10774 "-" "Mozilla/5.0 (Windows NT 10.0; Win64; x64) AppleWebKit/537.36 (KHTML, like Gecko) Chrome/114.0.0.0 Safari/537.36"
96.44.154.147 - - [23/Apr/2026:09:37:37 +0300] "GET /and-then-make-a-withdrawal-you-can-utilize-debit-credit-bank-transfer-neteller-skrill-paypal-and-you-can-trustly/ HTTP/1.1" 200 74684 "-" "Mozilla/5.0 (Windows NT 10.0; Win64; x64) AppleWebKit/537.36 (KHTML, like Gecko) Chrome/122.0.0.0 Safari/537.36"
98.98.197.186 - - [23/Apr/2026:09:37:42 +0300] "POST /xmlrpc.php HTTP/1.1" 200 630 "-" "Mozilla/5.0 (Windows NT 10.0; Win64; x64) AppleWebKit/537.36 (KHTML, like Gecko) Chrome/114.0.0.0 Safari/537.36"
62.12.119.244 - - [23/Apr/2026:09:37:42 +0300] "POST /xmlrpc.php HTTP/1.1" 200 630 "-" "Mozilla/5.0 (Windows NT 10.0; Win64; x64) AppleWebKit/537.36 (KHTML, like Gecko) Chrome/114.0.0.0 Safari/537.36"
165.73.242.7 - - [23/Apr/2026:09:37:44 +0300] "POST /xmlrpc.php HTTP/1.1" 200 10279 "-" "Mozilla/5.0 (Windows NT 10.0; Win64; x64) AppleWebKit/537.36 (KHTML, like Gecko) Chrome/114.0.0.0 Safari/537.36"
98.98.197.186 - - [23/Apr/2026:09:38:04 +0300] "GET /best-free-revolves-bonuses-no-play-free-slots-online-deposit-at-the-u-s-casinos-february-2026/ HTTP/1.1" 200 72533 "-" "Mozilla/5.0 (Windows NT 10.0; Win64; x64) AppleWebKit/537.36 (KHTML, like Gecko) Chrome/122.0.0.0 Safari/537.36"
165.73.242.7 - - [23/Apr/2026:09:38:29 +0300] "POST /xmlrpc.php HTTP/1.1" 200 630 "-" "Mozilla/5.0 (Windows NT 10.0; Win64; x64) AppleWebKit/537.36 (KHTML, like Gecko) Chrome/114.0.0.0 Safari/537.36"
185.216.113.70 - - [23/Apr/2026:09:39:03 +0300] "POST /wp-cron.php?doing_wp_cron=1776926343.7706539630889892578125 HTTP/1.1" 200 448 "-" "WordPress/6.3.8; https://serhatburke.miroglu.net"
98.98.197.186 - - [23/Apr/2026:09:38:31 +0300] "POST /xmlrpc.php HTTP/1.1" 200 630 "-" "Mozilla/5.0 (Windows NT 10.0; Win64; x64) AppleWebKit/537.36 (KHTML, like Gecko) Chrome/114.0.0.0 Safari/537.36"
185.216.113.70 - - [23/Apr/2026:09:39:04 +0300] "POST /wp-cron.php?doing_wp_cron=1776926344.2040328979492187500000 HTTP/1.1" 200 448 "-" "WordPress/6.3.8; https://serhatburke.miroglu.net"
98.98.197.186 - - [23/Apr/2026:09:38:31 +0300] "POST /xmlrpc.php HTTP/1.1" 200 10541 "-" "Mozilla/5.0 (Windows NT 10.0; Win64; x64) AppleWebKit/537.36 (KHTML, like Gecko) Chrome/114.0.0.0 Safari/537.36"
185.216.113.70 - - [23/Apr/2026:09:39:05 +0300] "POST /wp-cron.php?doing_wp_cron=1776926344.9023170471191406250000 HTTP/1.1" 200 448 "-" "WordPress/6.3.8; https://serhatburke.miroglu.net"
165.73.242.7 - - [23/Apr/2026:09:38:29 +0300] "GET /very-cat-star-joker-slot-free-spins-enjoy-free-microgaming-application-casino-ports/ HTTP/1.1" 200 71653 "-" "Mozilla/5.0 (Windows NT 10.0; Win64; x64) AppleWebKit/537.36 (KHTML, like Gecko) Chrome/123.0.0.0 Safari/537.36"
62.12.119.244 - - [23/Apr/2026:09:38:32 +0300] "POST /xmlrpc.php HTTP/1.1" 200 11035 "-" "Mozilla/5.0 (Windows NT 10.0; Win64; x64) AppleWebKit/537.36 (KHTML, like Gecko) Chrome/114.0.0.0 Safari/537.36"
185.216.113.70 - - [23/Apr/2026:09:39:49 +0300] "POST /wp-cron.php?doing_wp_cron=1776926389.1520829200744628906250 HTTP/1.1" 200 448 "-" "WordPress/6.3.8; https://serhatburke.miroglu.net"
98.98.197.186 - - [23/Apr/2026:09:39:05 +0300] "GET /the-fresh-20-100-percent-free-revolves-no-deposit-2026-%EF%B8%8F-over-30-free-spins-no-deposit-bonus-number/ HTTP/1.1" 200 72674 "-" "Mozilla/5.0 (Windows NT 10.0; Win64; x64) AppleWebKit/537.36 (KHTML, like Gecko) Chrome/124.0.0.0 Safari/537.36"
62.12.119.244 - - [23/Apr/2026:09:39:06 +0300] "GET /online-casinos-unter-einsatz-von-sofortauszahlung-sichere-und-sizzling-hot-tricks-schnelle-transaktionen/ HTTP/1.1" 200 73883 "-" "Mozilla/5.0 (Windows NT 10.0; Win64; x64) AppleWebKit/537.36 (KHTML, like Gecko) Chrome/123.0.0.0 Safari/537.36"
165.73.242.7 - - [23/Apr/2026:09:39:09 +0300] "POST /xmlrpc.php HTTP/1.1" 200 10047 "-" "Mozilla/5.0 (Windows NT 10.0; Win64; x64) AppleWebKit/537.36 (KHTML, like Gecko) Chrome/114.0.0.0 Safari/537.36"
98.98.197.186 - - [23/Apr/2026:09:39:10 +0300] "POST /xmlrpc.php HTTP/1.1" 200 10741 "-" "Mozilla/5.0 (Windows NT 10.0; Win64; x64) AppleWebKit/537.36 (KHTML, like Gecko) Chrome/114.0.0.0 Safari/537.36"
98.98.197.186 - - [23/Apr/2026:09:39:31 +0300] "POST /xmlrpc.php HTTP/1.1" 200 630 "-" "Mozilla/5.0 (Windows NT 10.0; Win64; x64) AppleWebKit/537.36 (KHTML, like Gecko) Chrome/114.0.0.0 Safari/537.36"
165.73.242.7 - - [23/Apr/2026:09:39:39 +0300] "POST /xmlrpc.php HTTP/1.1" 200 630 "-" "Mozilla/5.0 (Windows NT 10.0; Win64; x64) AppleWebKit/537.36 (KHTML, like Gecko) Chrome/114.0.0.0 Safari/537.36"
98.98.197.186 - - [23/Apr/2026:09:39:55 +0300] "GET /top-10-free-revolves-no-deposit-incentives-having-goldbet-app-download-2026-punctual-cash-winnings-2025/ HTTP/1.1" 200 72680 "-" "Mozilla/5.0 (Windows NT 10.0; Win64; x64) AppleWebKit/537.36 (KHTML, like Gecko) Chrome/109.0.0.0 Safari/537.36"
165.73.242.7 - - [23/Apr/2026:09:39:57 +0300] "GET /draftkings-promo-password-earn-3-hundred-in-the-added-bonus-wagers-for-seahawks-versus-patriots-inside-the-2026-inferno-star-slot-machine-larger-game-on-the-weekend/ HTTP/1.1" 200 73917 "-" "Mozilla/5.0 (Windows NT 10.0; rv:109.0) Gecko/20100101 Firefox/115.0"
52.167.144.216 - - [23/Apr/2026:09:40:05 +0300] "GET /thunderstruck-ii-mypocketdoctor/ HTTP/2" 200 19286 "-" "Mozilla/5.0 AppleWebKit/537.36 (KHTML, like Gecko; compatible; bingbot/2.0; +http://www.bing.com/bingbot.htm) Chrome/116.0.1938.76 Safari/537.36"
185.216.113.70 - - [23/Apr/2026:09:40:50 +0300] "POST /wp-cron.php?doing_wp_cron=1776926450.7409060001373291015625 HTTP/1.1" 200 448 "-" "WordPress/6.3.8; https://serhatburke.miroglu.net"
185.216.113.70 - - [23/Apr/2026:09:40:51 +0300] "POST /wp-cron.php?doing_wp_cron=1776926451.0383141040802001953125 HTTP/1.1" 200 448 "-" "WordPress/6.3.8; https://serhatburke.miroglu.net"
62.12.119.244 - - [23/Apr/2026:09:40:16 +0300] "POST /xmlrpc.php HTTP/1.1" 200 630 "-" "Mozilla/5.0 (Windows NT 10.0; Win64; x64) AppleWebKit/537.36 (KHTML, like Gecko) Chrome/114.0.0.0 Safari/537.36"
98.98.197.186 - - [23/Apr/2026:09:40:15 +0300] "POST /xmlrpc.php HTTP/1.1" 200 11274 "-" "Mozilla/5.0 (Windows NT 10.0; Win64; x64) AppleWebKit/537.36 (KHTML, like Gecko) Chrome/114.0.0.0 Safari/537.36"
185.216.113.70 - - [23/Apr/2026:09:40:52 +0300] "POST /wp-cron.php?doing_wp_cron=1776926452.8350059986114501953125 HTTP/1.1" 200 448 "-" "WordPress/6.3.8; https://serhatburke.miroglu.net"
98.98.197.186 - - [23/Apr/2026:09:40:19 +0300] "POST /xmlrpc.php HTTP/1.1" 200 630 "-" "Mozilla/5.0 (Windows NT 10.0; Win64; x64) AppleWebKit/537.36 (KHTML, like Gecko) Chrome/114.0.0.0 Safari/537.36"
185.216.113.70 - - [23/Apr/2026:09:40:54 +0300] "POST /wp-cron.php?doing_wp_cron=1776926453.9465770721435546875000 HTTP/1.1" 200 448 "-" "WordPress/6.3.8; https://serhatburke.miroglu.net"
165.73.242.7 - - [23/Apr/2026:09:40:19 +0300] "POST /xmlrpc.php HTTP/1.1" 200 10054 "-" "Mozilla/5.0 (Windows NT 10.0; Win64; x64) AppleWebKit/537.36 (KHTML, like Gecko) Chrome/114.0.0.0 Safari/537.36"
52.167.144.216 - - [23/Apr/2026:09:40:54 +0300] "GET /noahs-ark-celebration-of-wealth-slot-machine-ports/ HTTP/2" 200 0 "-" "Mozilla/5.0 AppleWebKit/537.36 (KHTML, like Gecko; compatible; bingbot/2.0; +http://www.bing.com/bingbot.htm) Chrome/116.0.1938.76 Safari/537.36"
188.81.153.154 - - [23/Apr/2026:09:41:14 +0300] "POST /xmlrpc.php HTTP/2" 200 0 "-" "WordPress/XMLRPC Client"
185.216.113.70 - - [23/Apr/2026:09:41:53 +0300] "POST /wp-cron.php?doing_wp_cron=1776926512.7444748878479003906250 HTTP/1.1" 200 448 "-" "WordPress/6.3.8; https://serhatburke.miroglu.net"
165.73.242.7 - - [23/Apr/2026:09:40:51 +0300] "POST /xmlrpc.php HTTP/1.1" 200 630 "-" "Mozilla/5.0 (Windows NT 10.0; Win64; x64) AppleWebKit/537.36 (KHTML, like Gecko) Chrome/114.0.0.0 Safari/537.36"
62.12.119.244 - - [23/Apr/2026:09:40:57 +0300] "POST /xmlrpc.php HTTP/1.1" 200 9675 "-" "Mozilla/5.0 (Windows NT 10.0; Win64; x64) AppleWebKit/537.36 (KHTML, like Gecko) Chrome/114.0.0.0 Safari/537.36"
98.98.197.186 - - [23/Apr/2026:09:40:52 +0300] "GET /antico-local-casino-no-deposit-free-online-casino-slots-added-bonus-rules-for-free-revolves-2026/ HTTP/1.1" 200 73118 "-" "Mozilla/5.0 (Windows NT 10.0; Win64; x64) AppleWebKit/537.36 (KHTML, like Gecko) Chrome/124.0.0.0 Safari/537.36 Edg/124.0.0.0"
98.98.197.186 - - [23/Apr/2026:09:41:00 +0300] "POST /xmlrpc.php HTTP/1.1" 200 10472 "-" "Mozilla/5.0 (Windows NT 10.0; Win64; x64) AppleWebKit/537.36 (KHTML, like Gecko) Chrome/114.0.0.0 Safari/537.36"
165.73.242.7 - - [23/Apr/2026:09:40:55 +0300] "GET /better-no-city-of-gold-slot-sites-deposit-incentives-100-percent-free-revolves-gambling-enterprises-2026/ HTTP/1.1" 200 72308 "-" "Mozilla/5.0 (Windows NT 10.0; Win64; x64) AppleWebKit/537.36 (KHTML, like Gecko) Chrome/124.0.0.0 Safari/537.36"
170.254.133.11 - - [23/Apr/2026:09:41:46 +0300] "POST /xmlrpc.php HTTP/2" 200 0 "-" "WordPress/XMLRPC Client"
98.98.197.186 - - [23/Apr/2026:09:41:11 +0300] "POST /xmlrpc.php HTTP/1.1" 200 630 "-" "Mozilla/5.0 (Windows NT 10.0; Win64; x64) AppleWebKit/537.36 (KHTML, like Gecko) Chrome/114.0.0.0 Safari/537.36"
98.98.9.26 - - [23/Apr/2026:09:41:35 +0300] "POST /xmlrpc.php HTTP/1.1" 200 630 "-" "Mozilla/5.0 (Windows NT 10.0; Win64; x64) AppleWebKit/537.36 (KHTML, like Gecko) Chrome/114.0.0.0 Safari/537.36"
181.26.191.10 - - [23/Apr/2026:09:42:17 +0300] "POST /xmlrpc.php HTTP/2" 200 0 "-" "WordPress/XMLRPC Client"
185.216.113.70 - - [23/Apr/2026:09:42:58 +0300] "POST /wp-cron.php?doing_wp_cron=1776926578.6398200988769531250000 HTTP/1.1" 200 448 "-" "WordPress/6.3.8; https://serhatburke.miroglu.net"
185.216.113.70 - - [23/Apr/2026:09:43:00 +0300] "POST /wp-cron.php?doing_wp_cron=1776926579.9378590583801269531250 HTTP/1.1" 200 448 "-" "WordPress/6.3.8; https://serhatburke.miroglu.net"
