185.216.113.70 - - [23/Apr/2026:18:48:11 +0300] "POST /wp-cron.php?doing_wp_cron=1776959290.9457941055297851562500 HTTP/1.1" 200 448 "-" "WordPress/6.3.8; https://serhatburke.miroglu.net"
62.12.118.40 - - [23/Apr/2026:18:46:23 +0300] "POST /xmlrpc.php HTTP/1.1" 500 1102 "-" "Mozilla/5.0 (Windows NT 10.0; Win64; x64) AppleWebKit/537.36 (KHTML, like Gecko) Chrome/114.0.0.0 Safari/537.36"
185.216.113.70 - - [23/Apr/2026:18:48:32 +0300] "POST /wp-cron.php?doing_wp_cron=1776959312.5457830429077148437500 HTTP/1.1" 200 448 "-" "WordPress/6.3.8; https://serhatburke.miroglu.net"
185.216.113.70 - - [23/Apr/2026:18:48:34 +0300] "POST /wp-cron.php?doing_wp_cron=1776959313.8514180183410644531250 HTTP/1.1" 200 448 "-" "WordPress/6.3.8; https://serhatburke.miroglu.net"
98.98.197.195 - - [23/Apr/2026:18:46:41 +0300] "GET /?p=130684 HTTP/1.1" 301 660 "-" "Mozilla/5.0 (Windows NT 10.0; rv:109.0) Gecko/20100101 Firefox/115.0"
62.12.118.40 - - [23/Apr/2026:18:46:43 +0300] "GET /?p=130686 HTTP/1.1" 301 692 "-" "Mozilla/5.0 (Windows NT 10.0; Win64; x64) AppleWebKit/537.36 (KHTML, like Gecko) Chrome/123.0.0.0 Safari/537.36 OPR/109.0.0.0"
185.216.113.70 - - [23/Apr/2026:18:48:39 +0300] "POST /wp-cron.php?doing_wp_cron=1776959319.1304309368133544921875 HTTP/1.1" 200 448 "-" "WordPress/6.3.8; https://serhatburke.miroglu.net"
62.12.118.40 - - [23/Apr/2026:18:46:54 +0300] "POST /xmlrpc.php HTTP/1.1" 500 1102 "-" "Mozilla/5.0 (Windows NT 10.0; Win64; x64) AppleWebKit/537.36 (KHTML, like Gecko) Chrome/114.0.0.0 Safari/537.36"
185.216.113.70 - - [23/Apr/2026:18:48:49 +0300] "POST /wp-cron.php?doing_wp_cron=1776959329.3446519374847412109375 HTTP/1.1" 200 448 "-" "WordPress/6.3.8; https://serhatburke.miroglu.net"
98.98.197.195 - - [23/Apr/2026:18:46:50 +0300] "POST /xmlrpc.php HTTP/1.1" 500 1102 "-" "Mozilla/5.0 (Windows NT 10.0; Win64; x64) AppleWebKit/537.36 (KHTML, like Gecko) Chrome/114.0.0.0 Safari/537.36"
185.216.113.70 - - [23/Apr/2026:18:48:50 +0300] "POST /wp-cron.php?doing_wp_cron=1776959330.4329121112823486328125 HTTP/1.1" 200 448 "-" "WordPress/6.3.8; https://serhatburke.miroglu.net"
193.36.38.226 - - [23/Apr/2026:18:47:12 +0300] "POST /xmlrpc.php HTTP/1.1" 200 8879 "-" "Mozilla/5.0 (Windows NT 10.0; Win64; x64) AppleWebKit/537.36 (KHTML, like Gecko) Chrome/114.0.0.0 Safari/537.36"
185.216.113.70 - - [23/Apr/2026:18:48:53 +0300] "POST /wp-cron.php?doing_wp_cron=1776959332.7529160976409912109375 HTTP/1.1" 200 448 "-" "WordPress/6.3.8; https://serhatburke.miroglu.net"
98.98.197.195 - - [23/Apr/2026:18:47:21 +0300] "POST /xmlrpc.php HTTP/1.1" 200 627 "-" "Mozilla/5.0 (Windows NT 10.0; Win64; x64) AppleWebKit/537.36 (KHTML, like Gecko) Chrome/114.0.0.0 Safari/537.36"
185.216.113.70 - - [23/Apr/2026:18:48:54 +0300] "POST /wp-cron.php?doing_wp_cron=1776959333.7755808830261230468750 HTTP/1.1" 200 448 "-" "WordPress/6.3.8; https://serhatburke.miroglu.net"
128.1.227.231 - - [23/Apr/2026:18:47:29 +0300] "POST /xmlrpc.php HTTP/1.1" 500 1102 "-" "Mozilla/5.0 (Windows NT 10.0; Win64; x64) AppleWebKit/537.36 (KHTML, like Gecko) Chrome/114.0.0.0 Safari/537.36"
185.216.113.70 - - [23/Apr/2026:18:49:01 +0300] "POST /wp-cron.php?doing_wp_cron=1776959340.7458760738372802734375 HTTP/1.1" 200 448 "-" "WordPress/6.3.8; https://serhatburke.miroglu.net"
62.12.118.40 - - [23/Apr/2026:18:47:26 +0300] "POST /xmlrpc.php HTTP/1.1" 200 627 "-" "Mozilla/5.0 (Windows NT 10.0; Win64; x64) AppleWebKit/537.36 (KHTML, like Gecko) Chrome/114.0.0.0 Safari/537.36"
185.216.113.70 - - [23/Apr/2026:18:49:03 +0300] "POST /wp-cron.php?doing_wp_cron=1776959343.6455199718475341796875 HTTP/1.1" 200 448 "-" "WordPress/6.3.8; https://serhatburke.miroglu.net"
128.1.227.231 - - [23/Apr/2026:18:47:36 +0300] "POST /xmlrpc.php HTTP/1.1" 200 627 "-" "Mozilla/5.0 (Windows NT 10.0; Win64; x64) AppleWebKit/537.36 (KHTML, like Gecko) Chrome/114.0.0.0 Safari/537.36"
185.216.113.70 - - [23/Apr/2026:18:49:46 +0300] "POST /wp-cron.php?doing_wp_cron=1776959385.8781960010528564453125 HTTP/1.1" 200 448 "-" "WordPress/6.3.8; https://serhatburke.miroglu.net"
62.12.118.40 - - [23/Apr/2026:18:48:23 +0300] "POST /xmlrpc.php HTTP/1.1" 200 627 "-" "Mozilla/5.0 (Windows NT 10.0; Win64; x64) AppleWebKit/537.36 (KHTML, like Gecko) Chrome/114.0.0.0 Safari/537.36"
185.216.113.70 - - [23/Apr/2026:18:49:51 +0300] "POST /wp-cron.php?doing_wp_cron=1776959390.9505350589752197265625 HTTP/1.1" 200 448 "-" "WordPress/6.3.8; https://serhatburke.miroglu.net"
62.12.118.40 - - [23/Apr/2026:18:48:36 +0300] "GET /canadas-finest-the-casino-n1-50-free-spins-new-magic-from-xmas-video-slot-web-based-casinos-march-2026/ HTTP/1.1" 404 56617 "-" "Mozilla/5.0 (Windows NT 10.0; Win64; x64) AppleWebKit/537.36 (KHTML, like Gecko) Chrome/123.0.0.0 Safari/537.36 OPR/109.0.0.0"
185.216.113.70 - - [23/Apr/2026:18:50:04 +0300] "POST /wp-cron.php?doing_wp_cron=1776959404.7348499298095703125000 HTTP/1.1" 200 448 "-" "WordPress/6.3.8; https://serhatburke.miroglu.net"
98.98.197.195 - - [23/Apr/2026:18:48:35 +0300] "GET /gunsbet-discounts-auto-roulette-games-online-2026-no-deposit-incentive/ HTTP/1.1" 200 71789 "-" "Mozilla/5.0 (Windows NT 10.0; rv:109.0) Gecko/20100101 Firefox/115.0"
40.77.167.36 - - [23/Apr/2026:18:49:20 +0300] "GET /not-we-deal-with-bonus-tcs-one-limit-the-utmost-cash-out-regarding-bonus-play/ HTTP/2" 200 0 "-" "Mozilla/5.0 AppleWebKit/537.36 (KHTML, like Gecko; compatible; bingbot/2.0; +http://www.bing.com/bingbot.htm) Chrome/116.0.1938.76 Safari/537.36"
185.216.113.70 - - [23/Apr/2026:18:50:16 +0300] "POST /wp-cron.php?doing_wp_cron=1776959416.1428298950195312500000 HTTP/1.1" 200 448 "-" "WordPress/6.3.8; https://serhatburke.miroglu.net"
98.98.197.195 - - [23/Apr/2026:18:48:21 +0300] "POST /xmlrpc.php HTTP/1.1" 200 627 "-" "Mozilla/5.0 (Windows NT 10.0; Win64; x64) AppleWebKit/537.36 (KHTML, like Gecko) Chrome/114.0.0.0 Safari/537.36"
185.216.113.70 - - [23/Apr/2026:18:50:26 +0300] "POST /wp-cron.php?doing_wp_cron=1776959425.9303500652313232421875 HTTP/1.1" 200 448 "-" "WordPress/6.3.8; https://serhatburke.miroglu.net"
193.36.38.226 - - [23/Apr/2026:18:48:50 +0300] "GET /hinsichtlich-aktiviere-meinereiner-einen-nueve-euroletten-maklercourtage-blo-einzahlung-im-spielsalon/ HTTP/1.1" 200 71735 "-" "Mozilla/5.0 (Windows NT 10.0; Win64; x64; rv:125.0) Gecko/20100101 Firefox/125.0"
115.167.65.179 - - [23/Apr/2026:18:50:29 +0300] "GET /xmlrpc.php HTTP/1.1" 200 0 "-" "Mozilla/5.0 (Windows NT 10.0; Win64; x64) AppleWebKit/537.36 (KHTML, like Gecko) Chrome/83.0.4103.116 Safari/537.36"
40.77.167.36 - - [23/Apr/2026:18:50:23 +0300] "GET /unser-spezialitaten-kein-einzahlungsbonus-handel-or-no-geschaft-valley-of-pharaohs-slotspiel-hat-nachfolgende-eye-of-horus-app-adaptation-costa-rica/ HTTP/2" 200 0 "-" "Mozilla/5.0 AppleWebKit/537.36 (KHTML, like Gecko; compatible; bingbot/2.0; +http://www.bing.com/bingbot.htm) Chrome/116.0.1938.76 Safari/537.36"
155.94.236.24 - - [23/Apr/2026:18:50:33 +0300] "POST /xmlrpc.php HTTP/1.1" 200 630 "-" "Mozilla/5.0 (Windows NT 10.0; Win64; x64) AppleWebKit/537.36 (KHTML, like Gecko) Chrome/114.0.0.0 Safari/537.36"
193.36.38.226 - - [23/Apr/2026:18:50:31 +0300] "POST /xmlrpc.php HTTP/1.1" 200 923 "-" "Mozilla/5.0 (Windows NT 10.0; Win64; x64) AppleWebKit/537.36 (KHTML, like Gecko) Chrome/114.0.0.0 Safari/537.36"
151.244.111.202 - - [23/Apr/2026:18:50:59 +0300] "POST /xmlrpc.php HTTP/1.1" 200 162878 "-" "Mozilla/5.0 (Windows NT 6.1) AppleWebKit/537.36 (KHTML, like Gecko) Chrome/80.0.3987.132 Safari/537.36"
185.216.113.70 - - [23/Apr/2026:18:51:39 +0300] "POST /wp-cron.php?doing_wp_cron=1776959499.3870749473571777343750 HTTP/1.1" 200 448 "-" "WordPress/6.3.8; https://serhatburke.miroglu.net"
155.94.236.24 - - [23/Apr/2026:18:51:23 +0300] "POST /xmlrpc.php HTTP/1.1" 200 6935 "-" "Mozilla/5.0 (Windows NT 10.0; Win64; x64) AppleWebKit/537.36 (KHTML, like Gecko) Chrome/114.0.0.0 Safari/537.36"
185.216.113.70 - - [23/Apr/2026:18:51:40 +0300] "POST /wp-cron.php?doing_wp_cron=1776959500.4415309429168701171875 HTTP/1.1" 200 448 "-" "WordPress/6.3.8; https://serhatburke.miroglu.net"
151.244.111.202 - - [23/Apr/2026:18:51:24 +0300] "POST /xmlrpc.php HTTP/1.1" 200 489 "-" "Mozilla/5.0 (Windows NT 6.1) AppleWebKit/537.36 (KHTML, like Gecko) Chrome/80.0.3987.132 Safari/537.36"
185.216.113.70 - - [23/Apr/2026:18:51:55 +0300] "POST /wp-cron.php?doing_wp_cron=1776959514.9529109001159667968750 HTTP/1.1" 200 448 "-" "WordPress/6.3.8; https://serhatburke.miroglu.net"
5.78.159.87 - - [23/Apr/2026:18:51:28 +0300] "POST /xmlrpc.php HTTP/1.1" 200 602 "-" "Mozilla/5.0 (Windows NT 10.0; Win64; x64) AppleWebKit/537.36 (KHTML, like Gecko) Chrome/108.0.0.0 Safari/537.36"
151.244.111.202 - - [23/Apr/2026:18:51:41 +0300] "POST /xmlrpc.php HTTP/1.1" 200 354927 "-" "Mozilla/5.0 (Windows NT 6.1) AppleWebKit/537.36 (KHTML, like Gecko) Chrome/80.0.3987.132 Safari/537.36"
155.94.236.24 - - [23/Apr/2026:18:51:40 +0300] "GET /15-finest-around-the-globe-web-based-casinos-south-africa-2026/ HTTP/1.1" 200 68358 "-" "Mozilla/5.0 (Windows NT 10.0; Win64; x64) AppleWebKit/537.36 (KHTML, like Gecko) Chrome/123.0.0.0 Safari/537.36"
52.167.144.19 - - [23/Apr/2026:18:51:44 +0300] "GET /its-got-comprehensive-extra-possess-in-addition-to-totally-free-spins-reload-bonuses-cashback-and-an-effective-four-tier-vip-program/ HTTP/2" 200 17625 "-" "Mozilla/5.0 AppleWebKit/537.36 (KHTML, like Gecko; compatible; bingbot/2.0; +http://www.bing.com/bingbot.htm) Chrome/116.0.1938.76 Safari/537.36"
40.77.167.6 - - [23/Apr/2026:18:51:48 +0300] "GET /southern-park-position-opinion/ HTTP/2" 200 17670 "-" "Mozilla/5.0 AppleWebKit/537.36 (KHTML, like Gecko; compatible; bingbot/2.0; +http://www.bing.com/bingbot.htm) Chrome/116.0.1938.76 Safari/537.36"
5.78.159.87 - - [23/Apr/2026:18:51:56 +0300] "POST /xmlrpc.php HTTP/1.1" 200 594 "-" "Mozilla/5.0 (Windows NT 10.0; Win64; x64) AppleWebKit/537.36 (KHTML, like Gecko) Chrome/108.0.0.0 Safari/537.36"
155.94.236.24 - - [23/Apr/2026:18:52:18 +0300] "POST /xmlrpc.php HTTP/1.1" 200 630 "-" "Mozilla/5.0 (Windows NT 10.0; Win64; x64) AppleWebKit/537.36 (KHTML, like Gecko) Chrome/114.0.0.0 Safari/537.36"
185.216.113.70 - - [23/Apr/2026:18:52:59 +0300] "POST /wp-cron.php?doing_wp_cron=1776959579.3961770534515380859375 HTTP/1.1" 200 448 "-" "WordPress/6.3.8; https://serhatburke.miroglu.net"
155.94.236.24 - - [23/Apr/2026:18:52:47 +0300] "POST /xmlrpc.php HTTP/1.1" 200 8443 "-" "Mozilla/5.0 (Windows NT 10.0; Win64; x64) AppleWebKit/537.36 (KHTML, like Gecko) Chrome/114.0.0.0 Safari/537.36"
155.94.236.24 - - [23/Apr/2026:18:53:00 +0300] "GET /best-online-casinos-one-to-shell-out-real-cash-april-2026/ HTTP/1.1" 200 69656 "-" "Mozilla/5.0 (Windows NT 10.0; Win64; x64) AppleWebKit/537.36 (KHTML, like Gecko) Chrome/123.0.0.0 Safari/537.36"
185.216.113.70 - - [23/Apr/2026:18:54:06 +0300] "POST /wp-cron.php?doing_wp_cron=1776959646.3220651149749755859375 HTTP/1.1" 200 448 "-" "WordPress/6.3.8; https://serhatburke.miroglu.net"
155.94.236.24 - - [23/Apr/2026:18:53:54 +0300] "POST /xmlrpc.php HTTP/1.1" 200 630 "-" "Mozilla/5.0 (Windows NT 10.0; Win64; x64) AppleWebKit/537.36 (KHTML, like Gecko) Chrome/114.0.0.0 Safari/537.36"
155.94.236.24 - - [23/Apr/2026:18:54:12 +0300] "POST /xmlrpc.php HTTP/1.1" 200 8427 "-" "Mozilla/5.0 (Windows NT 10.0; Win64; x64) AppleWebKit/537.36 (KHTML, like Gecko) Chrome/114.0.0.0 Safari/537.36"
155.94.236.24 - - [23/Apr/2026:18:54:25 +0300] "GET /best-web-based-casinos-ireland-2026-subscribed-internet-sites-bonuses-commission-choices/ HTTP/1.1" 200 70683 "-" "Mozilla/5.0 (Windows NT 10.0; Win64; x64) AppleWebKit/537.36 (KHTML, like Gecko) Chrome/123.0.0.0 Safari/537.36 OPR/109.0.0.0"
185.216.113.70 - - [23/Apr/2026:18:55:39 +0300] "POST /wp-cron.php?doing_wp_cron=1776959739.4081768989562988281250 HTTP/1.1" 200 448 "-" "WordPress/6.3.8; https://serhatburke.miroglu.net"
155.94.236.24 - - [23/Apr/2026:18:55:27 +0300] "POST /xmlrpc.php HTTP/1.1" 200 630 "-" "Mozilla/5.0 (Windows NT 10.0; Win64; x64) AppleWebKit/537.36 (KHTML, like Gecko) Chrome/114.0.0.0 Safari/537.36"
155.94.236.24 - - [23/Apr/2026:18:55:45 +0300] "POST /xmlrpc.php HTTP/1.1" 200 11681 "-" "Mozilla/5.0 (Windows NT 10.0; Win64; x64) AppleWebKit/537.36 (KHTML, like Gecko) Chrome/114.0.0.0 Safari/537.36"
155.94.236.24 - - [23/Apr/2026:18:55:59 +0300] "GET /most-useful-casinos-on-the-internet-ireland-2026-top-irish-gambling-enterprise-internet-sites/ HTTP/1.1" 200 73945 "-" "Mozilla/5.0 (Windows NT 10.0; rv:109.0) Gecko/20100101 Firefox/115.0"
185.216.113.70 - - [23/Apr/2026:18:57:18 +0300] "POST /wp-cron.php?doing_wp_cron=1776959838.1636290550231933593750 HTTP/1.1" 200 448 "-" "WordPress/6.3.8; https://serhatburke.miroglu.net"
158.69.22.136 - - [23/Apr/2026:18:57:05 +0300] "GET /beste-casino-site-belgie-hoge-inzet/ HTTP/1.1" 200 18689 "-" "Mozilla/5.0 (compatible; Googlebot/2.1; +http://www.google.com/bot.html)"
155.94.236.24 - - [23/Apr/2026:18:57:08 +0300] "POST /xmlrpc.php HTTP/1.1" 200 630 "-" "Mozilla/5.0 (Windows NT 10.0; Win64; x64) AppleWebKit/537.36 (KHTML, like Gecko) Chrome/114.0.0.0 Safari/537.36"
52.167.144.19 - - [23/Apr/2026:18:57:21 +0300] "GET /revoila-un-listing-tous-les-renommes-baccalaureats-pertinents-de-cette-annee/ HTTP/2" 200 17447 "-" "Mozilla/5.0 AppleWebKit/537.36 (KHTML, like Gecko; compatible; bingbot/2.0; +http://www.bing.com/bingbot.htm) Chrome/116.0.1938.76 Safari/537.36"
155.94.236.24 - - [23/Apr/2026:18:57:27 +0300] "POST /xmlrpc.php HTTP/1.1" 200 13847 "-" "Mozilla/5.0 (Windows NT 10.0; Win64; x64) AppleWebKit/537.36 (KHTML, like Gecko) Chrome/114.0.0.0 Safari/537.36"
185.216.113.70 - - [23/Apr/2026:18:57:56 +0300] "POST /wp-cron.php?doing_wp_cron=1776959876.2759010791778564453125 HTTP/1.1" 200 448 "-" "WordPress/6.3.8; https://serhatburke.miroglu.net"
155.94.236.24 - - [23/Apr/2026:18:57:43 +0300] "GET /fascinating-slots-bonus-awaits/ HTTP/1.1" 200 74406 "-" "Mozilla/5.0 (Windows NT 10.0; Win64; x64) AppleWebKit/537.36 (KHTML, like Gecko) Chrome/124.0.0.0 Safari/537.36 Edg/124.0.0.0"
155.94.236.24 - - [23/Apr/2026:18:58:03 +0300] "POST /xmlrpc.php HTTP/1.1" 200 630 "-" "Mozilla/5.0 (Windows NT 10.0; Win64; x64) AppleWebKit/537.36 (KHTML, like Gecko) Chrome/114.0.0.0 Safari/537.36"
185.216.113.70 - - [23/Apr/2026:18:58:34 +0300] "POST /wp-cron.php?doing_wp_cron=1776959913.9972779750823974609375 HTTP/1.1" 200 448 "-" "WordPress/6.3.8; https://serhatburke.miroglu.net"
155.94.236.24 - - [23/Apr/2026:18:58:22 +0300] "POST /xmlrpc.php HTTP/1.1" 200 12705 "-" "Mozilla/5.0 (Windows NT 10.0; Win64; x64) AppleWebKit/537.36 (KHTML, like Gecko) Chrome/114.0.0.0 Safari/537.36"
155.94.236.24 - - [23/Apr/2026:18:58:35 +0300] "GET /enjoy-a-real-income-ports-on-the-internet/ HTTP/1.1" 200 73230 "-" "Mozilla/5.0 (Windows NT 10.0; Win64; x64) AppleWebKit/537.36 (KHTML, like Gecko) Chrome/123.0.0.0 Safari/537.36 OPR/109.0.0.0"
155.94.236.24 - - [23/Apr/2026:18:59:04 +0300] "POST /xmlrpc.php HTTP/1.1" 200 630 "-" "Mozilla/5.0 (Windows NT 10.0; Win64; x64) AppleWebKit/537.36 (KHTML, like Gecko) Chrome/114.0.0.0 Safari/537.36"
37.139.53.240 - - [23/Apr/2026:18:58:57 +0300] "POST / HTTP/2" 200 17085 "-" "Mozilla/5.0 (Macintosh; Intel Mac OS X 10_15_7) AppleWebKit/605.1.15 (KHTML, like Gecko) Version/18.0 Safari/605.1.15"
185.216.113.70 - - [23/Apr/2026:18:59:34 +0300] "POST /wp-cron.php?doing_wp_cron=1776959974.8789210319519042968750 HTTP/1.1" 200 448 "-" "WordPress/6.3.8; https://serhatburke.miroglu.net"
155.94.236.24 - - [23/Apr/2026:18:59:22 +0300] "POST /xmlrpc.php HTTP/1.1" 200 10129 "-" "Mozilla/5.0 (Windows NT 10.0; Win64; x64) AppleWebKit/537.36 (KHTML, like Gecko) Chrome/114.0.0.0 Safari/537.36"
155.94.236.24 - - [23/Apr/2026:18:59:35 +0300] "GET /jackpot-business-totally-free-ports-las-vegas-gambling-games-online/ HTTP/1.1" 200 71559 "-" "Mozilla/5.0 (Windows NT 10.0; rv:125.0) Gecko/20100101 Firefox/125.0"
155.94.236.24 - - [23/Apr/2026:19:00:01 +0300] "POST /xmlrpc.php HTTP/1.1" 200 630 "-" "Mozilla/5.0 (Windows NT 10.0; Win64; x64) AppleWebKit/537.36 (KHTML, like Gecko) Chrome/114.0.0.0 Safari/537.36"
185.216.113.70 - - [23/Apr/2026:19:00:35 +0300] "POST /wp-cron.php?doing_wp_cron=1776960035.4649529457092285156250 HTTP/1.1" 200 448 "-" "WordPress/6.3.8; https://serhatburke.miroglu.net"
155.94.236.24 - - [23/Apr/2026:19:00:20 +0300] "POST /xmlrpc.php HTTP/1.1" 200 8220 "-" "Mozilla/5.0 (Windows NT 10.0; Win64; x64) AppleWebKit/537.36 (KHTML, like Gecko) Chrome/114.0.0.0 Safari/537.36"
213.180.203.175 - - [23/Apr/2026:19:00:33 +0300] "GET /robots.txt HTTP/1.1" 200 742 "-" "Mozilla/5.0 (compatible; YandexBot/3.0; +http://yandex.com/bots)"
155.94.236.24 - - [23/Apr/2026:19:00:36 +0300] "GET /greatest-local-casino-sites-uks-definitive-self-help-guide-to-online-casino/ HTTP/1.1" 200 70175 "-" "Mozilla/5.0 (Windows NT 10.0; Win64; x64) AppleWebKit/537.36 (KHTML, like Gecko) Chrome/124.0.0.0 Safari/537.36 Edg/124.0.0.0"
87.250.224.12 - - [23/Apr/2026:19:00:49 +0300] "GET /post-sitemap19.xml HTTP/1.1" 200 140052 "-" "Mozilla/5.0 (compatible; YandexBot/3.0; +http://yandex.com/bots)"
155.94.236.24 - - [23/Apr/2026:19:01:01 +0300] "POST /xmlrpc.php HTTP/1.1" 200 630 "-" "Mozilla/5.0 (Windows NT 10.0; Win64; x64) AppleWebKit/537.36 (KHTML, like Gecko) Chrome/114.0.0.0 Safari/537.36"
185.216.113.70 - - [23/Apr/2026:19:01:31 +0300] "POST /wp-cron.php?doing_wp_cron=1776960091.1100840568542480468750 HTTP/1.1" 200 448 "-" "WordPress/6.3.8; https://serhatburke.miroglu.net"
155.94.236.24 - - [23/Apr/2026:19:01:19 +0300] "POST /xmlrpc.php HTTP/1.1" 200 8735 "-" "Mozilla/5.0 (Windows NT 10.0; Win64; x64) AppleWebKit/537.36 (KHTML, like Gecko) Chrome/114.0.0.0 Safari/537.36"
155.94.236.24 - - [23/Apr/2026:19:01:32 +0300] "GET /ideal-united-kingdom-on-line-casino-record-most-readily-useful-50-web-based-casinos-2026/ HTTP/1.1" 200 71111 "-" "Mozilla/5.0 (Windows NT 10.0; Win64; x64; rv:124.0) Gecko/20100101 Firefox/124.0"
155.94.236.24 - - [23/Apr/2026:19:02:00 +0300] "POST /xmlrpc.php HTTP/1.1" 200 630 "-" "Mozilla/5.0 (Windows NT 10.0; Win64; x64) AppleWebKit/537.36 (KHTML, like Gecko) Chrome/114.0.0.0 Safari/537.36"
185.216.113.70 - - [23/Apr/2026:19:02:31 +0300] "POST /wp-cron.php?doing_wp_cron=1776960151.0997760295867919921875 HTTP/1.1" 200 448 "-" "WordPress/6.3.8; https://serhatburke.miroglu.net"
155.94.236.24 - - [23/Apr/2026:19:02:19 +0300] "POST /xmlrpc.php HTTP/1.1" 200 8445 "-" "Mozilla/5.0 (Windows NT 10.0; Win64; x64) AppleWebKit/537.36 (KHTML, like Gecko) Chrome/114.0.0.0 Safari/537.36"
155.94.236.24 - - [23/Apr/2026:19:02:32 +0300] "GET /on-line-casino-2/ HTTP/1.1" 200 68509 "-" "Mozilla/5.0 (Windows NT 10.0; Win64; x64) AppleWebKit/537.36 (KHTML, like Gecko) Chrome/124.0.0.0 Safari/537.36"
155.94.236.24 - - [23/Apr/2026:19:02:52 +0300] "POST /xmlrpc.php HTTP/1.1" 200 630 "-" "Mozilla/5.0 (Windows NT 10.0; Win64; x64) AppleWebKit/537.36 (KHTML, like Gecko) Chrome/114.0.0.0 Safari/537.36"
185.216.113.70 - - [23/Apr/2026:19:03:22 +0300] "POST /wp-cron.php?doing_wp_cron=1776960202.0547571182250976562500 HTTP/1.1" 200 448 "-" "WordPress/6.3.8; https://serhatburke.miroglu.net"
155.94.236.24 - - [23/Apr/2026:19:03:10 +0300] "POST /xmlrpc.php HTTP/1.1" 200 9174 "-" "Mozilla/5.0 (Windows NT 10.0; Win64; x64) AppleWebKit/537.36 (KHTML, like Gecko) Chrome/114.0.0.0 Safari/537.36"
155.94.236.24 - - [23/Apr/2026:19:03:23 +0300] "GET /you-might-enter-each-and-every-day-games-inform-you-contests-in-the-ladbrokes-local-casino-to-help-you-compete-with-most-other-users-to-possess-honours-only-the-dollars-bonus-features-good-1x-wagerin/ HTTP/1.1" 200 75568 "-" "Mozilla/5.0 (Windows NT 10.0; rv:125.0) Gecko/20100101 Firefox/125.0"
185.216.113.70 - - [23/Apr/2026:19:03:57 +0300] "POST /wp-cron.php?doing_wp_cron=1776960237.3149590492248535156250 HTTP/1.1" 200 448 "-" "WordPress/6.3.8; https://serhatburke.miroglu.net"
155.94.236.24 - - [23/Apr/2026:19:03:45 +0300] "POST /xmlrpc.php HTTP/1.1" 200 630 "-" "Mozilla/5.0 (Windows NT 10.0; Win64; x64) AppleWebKit/537.36 (KHTML, like Gecko) Chrome/114.0.0.0 Safari/537.36"
155.94.236.24 - - [23/Apr/2026:19:04:03 +0300] "POST /xmlrpc.php HTTP/1.1" 200 13299 "-" "Mozilla/5.0 (Windows NT 10.0; Win64; x64) AppleWebKit/537.36 (KHTML, like Gecko) Chrome/114.0.0.0 Safari/537.36"
155.94.236.24 - - [23/Apr/2026:19:04:16 +0300] "GET /ladbrokes-casino-remark-2026-wake-up-to-help-you-500-totally-free-spins-whenever-your-play-10-into-the-slots/ HTTP/1.1" 200 75615 "-" "Mozilla/5.0 (Windows NT 10.0; Win64; x64; rv:124.0) Gecko/20100101 Firefox/124.0"
83.97.118.224 - - [23/Apr/2026:19:04:20 +0300] "GET /zotabet-casino-bonus-premier-depot-2026/ HTTP/1.1" 200 18531 "https://serhatburke.miroglu.net/" "Mozilla/5.0 (Macintosh; Intel Mac OS X 10_15_7) AppleWebKit/537.36 (KHTML, like Gecko) Chrome/144.0.0.0 Safari/537.36"
185.216.113.70 - - [23/Apr/2026:19:04:41 +0300] "POST /wp-cron.php?doing_wp_cron=1776960280.9667220115661621093750 HTTP/1.1" 200 448 "-" "WordPress/6.3.8; https://serhatburke.miroglu.net"
155.94.236.24 - - [23/Apr/2026:19:04:28 +0300] "POST /xmlrpc.php HTTP/1.1" 200 630 "-" "Mozilla/5.0 (Windows NT 10.0; Win64; x64) AppleWebKit/537.36 (KHTML, like Gecko) Chrome/114.0.0.0 Safari/537.36"
160.250.186.93 - - [23/Apr/2026:19:04:35 +0300] "GET /28563-2/ HTTP/1.1" 200 18702 "https://serhatburke.miroglu.net/" "Mozilla/5.0 (Macintosh; Intel Mac OS X 10.15; rv:148.0) Gecko/20100101 Firefox/148.0"
160.250.186.93 - - [23/Apr/2026:19:04:50 +0300] "GET /wp-includes/css/dist/block-library/style.min.css?ver=6.3.8 HTTP/1.1" 200 13578 "https://serhatburke.miroglu.net/28563-2/" "Mozilla/5.0 (Windows NT 10.0; Win64; x64) AppleWebKit/537.36 (KHTML, like Gecko) Chrome/145.0.0.0 Safari/537.36"
160.250.186.93 - - [23/Apr/2026:19:04:51 +0300] "GET /wp-content/plugins/contact-form-7/includes/css/styles.css?ver=5.8 HTTP/1.1" 200 1490 "https://serhatburke.miroglu.net/28563-2/" "Mozilla/5.0 (Windows NT 10.0; Win64; x64) AppleWebKit/537.36 (KHTML, like Gecko) Chrome/145.0.0.0 Safari/537.36"
160.250.186.93 - - [23/Apr/2026:19:04:52 +0300] "GET /wp-content/themes/toppic/css/fontello.css?ver=4.2 HTTP/1.1" 200 1802 "https://serhatburke.miroglu.net/28563-2/" "Mozilla/5.0 (Windows NT 10.0; Win64; x64) AppleWebKit/537.36 (KHTML, like Gecko) Chrome/145.0.0.0 Safari/537.36"
160.250.186.93 - - [23/Apr/2026:19:04:53 +0300] "GET /wp-content/themes/toppic/css/reset.css?ver=4.2 HTTP/1.1" 200 1178 "https://serhatburke.miroglu.net/28563-2/" "Mozilla/5.0 (Windows NT 10.0; Win64; x64) AppleWebKit/537.36 (KHTML, like Gecko) Chrome/145.0.0.0 Safari/537.36"
160.250.186.93 - - [23/Apr/2026:19:04:54 +0300] "GET /wp-content/themes/toppic/css/default.css?ver=4.2 HTTP/1.1" 200 1811 "https://serhatburke.miroglu.net/28563-2/" "Mozilla/5.0 (Windows NT 10.0; Win64; x64) AppleWebKit/537.36 (KHTML, like Gecko) Chrome/145.0.0.0 Safari/537.36"
160.250.186.93 - - [23/Apr/2026:19:04:55 +0300] "GET /wp-content/themes/toppic/style.css?ver=4.2 HTTP/1.1" 200 23398 "https://serhatburke.miroglu.net/28563-2/" "Mozilla/5.0 (Windows NT 10.0; Win64; x64) AppleWebKit/537.36 (KHTML, like Gecko) Chrome/145.0.0.0 Safari/537.36"
160.250.186.93 - - [23/Apr/2026:19:04:57 +0300] "GET /wp-content/themes/toppic/css/royalslider.css?ver=4.2 HTTP/1.1" 200 1887 "https://serhatburke.miroglu.net/28563-2/" "Mozilla/5.0 (Windows NT 10.0; Win64; x64) AppleWebKit/537.36 (KHTML, like Gecko) Chrome/145.0.0.0 Safari/537.36"
160.250.186.93 - - [23/Apr/2026:19:04:58 +0300] "GET /wp-content/themes/toppic/css/rs-default.css?ver=4.2 HTTP/1.1" 200 2625 "https://serhatburke.miroglu.net/28563-2/" "Mozilla/5.0 (Windows NT 10.0; Win64; x64) AppleWebKit/537.36 (KHTML, like Gecko) Chrome/145.0.0.0 Safari/537.36"
160.250.186.93 - - [23/Apr/2026:19:04:59 +0300] "GET /wp-content/themes/toppic/css/lightbox.css?ver=4.2 HTTP/1.1" 200 2956 "https://serhatburke.miroglu.net/28563-2/" "Mozilla/5.0 (Windows NT 10.0; Win64; x64) AppleWebKit/537.36 (KHTML, like Gecko) Chrome/145.0.0.0 Safari/537.36"
155.94.236.24 - - [23/Apr/2026:19:04:48 +0300] "POST /xmlrpc.php HTTP/1.1" 200 11906 "-" "Mozilla/5.0 (Windows NT 10.0; Win64; x64) AppleWebKit/537.36 (KHTML, like Gecko) Chrome/114.0.0.0 Safari/537.36"
160.250.186.93 - - [23/Apr/2026:19:05:00 +0300] "GET /wp-content/themes/toppic/css/woocommerce.css?ver=4.2 HTTP/1.1" 200 2848 "https://serhatburke.miroglu.net/28563-2/" "Mozilla/5.0 (Windows NT 10.0; Win64; x64) AppleWebKit/537.36 (KHTML, like Gecko) Chrome/145.0.0.0 Safari/537.36"
160.250.186.93 - - [23/Apr/2026:19:05:01 +0300] "GET /wp-content/themes/toppic/css/responsive.css?ver=4.2 HTTP/1.1" 200 2796 "https://serhatburke.miroglu.net/28563-2/" "Mozilla/5.0 (Windows NT 10.0; Win64; x64) AppleWebKit/537.36 (KHTML, like Gecko) Chrome/145.0.0.0 Safari/537.36"
160.250.186.93 - - [23/Apr/2026:19:05:02 +0300] "POST /wp-comments-post.php HTTP/1.1" 302 1055 "https://serhatburke.miroglu.net/28563-2/" "Mozilla/5.0 (Macintosh; Intel Mac OS X 10.15; rv:148.0) Gecko/20100101 Firefox/148.0"
155.94.236.24 - - [23/Apr/2026:19:05:01 +0300] "GET /nevada-web-based-casinos-2026-most-readily-useful-nv-playing-internet/ HTTP/1.1" 200 73447 "-" "Mozilla/5.0 (Windows NT 10.0; rv:109.0) Gecko/20100101 Firefox/115.0"
40.77.167.71 - - [23/Apr/2026:19:05:11 +0300] "GET /what-are-the-advantages-and-disadvantages-of-smooth-revolves/ HTTP/2" 200 17329 "-" "Mozilla/5.0 AppleWebKit/537.36 (KHTML, like Gecko; compatible; bingbot/2.0; +http://www.bing.com/bingbot.htm) Chrome/116.0.1938.76 Safari/537.36"
185.216.113.70 - - [23/Apr/2026:19:05:46 +0300] "POST /wp-cron.php?doing_wp_cron=1776960346.3426659107208251953125 HTTP/1.1" 200 448 "-" "WordPress/6.3.8; https://serhatburke.miroglu.net"
155.94.236.24 - - [23/Apr/2026:19:05:17 +0300] "POST /xmlrpc.php HTTP/1.1" 200 630 "-" "Mozilla/5.0 (Windows NT 10.0; Win64; x64) AppleWebKit/537.36 (KHTML, like Gecko) Chrome/114.0.0.0 Safari/537.36"
160.250.186.93 - - [23/Apr/2026:19:05:17 +0300] "GET /28563-2/?unapproved=590&moderation-hash=39f9e7b56d5a22b4c3ca309294986493 HTTP/1.1" 200 19100 "https://serhatburke.miroglu.net/wp-comments-post.php" "Mozilla/5.0 (Macintosh; Intel Mac OS X 10.15; rv:148.0) Gecko/20100101 Firefox/148.0"
40.77.167.53 - - [23/Apr/2026:19:05:17 +0300] "GET /montezuma-juego-colaborar-debido-a-giros-regalado-miss-kitty-desprovisto-deposito-2024-broadcast-system-integration/ HTTP/2" 200 20498 "-" "Mozilla/5.0 AppleWebKit/537.36 (KHTML, like Gecko; compatible; bingbot/2.0; +http://www.bing.com/bingbot.htm) Chrome/116.0.1938.76 Safari/537.36"
40.77.167.136 - - [23/Apr/2026:19:05:22 +0300] "GET /twin-twist-position-comment-96-6-rtp-netent-2026/ HTTP/2" 200 17390 "-" "Mozilla/5.0 AppleWebKit/537.36 (KHTML, like Gecko; compatible; bingbot/2.0; +http://www.bing.com/bingbot.htm) Chrome/116.0.1938.76 Safari/537.36"
40.77.167.71 - - [23/Apr/2026:19:05:40 +0300] "GET /discover-the-future-of-crypto-management-with-ledger-live-7/ HTTP/2" 200 17013 "-" "Mozilla/5.0 AppleWebKit/537.36 (KHTML, like Gecko; compatible; bingbot/2.0; +http://www.bing.com/bingbot.htm) Chrome/116.0.1938.76 Safari/537.36"
160.250.186.93 - - [23/Apr/2026:19:05:48 +0300] "GET /28563-2/ HTTP/1.1" 200 18657 "-" "Mozilla/5.0 (compatible; Googlebot/2.1; +http://www.google.com/bot.html)"
155.94.236.24 - - [23/Apr/2026:19:05:52 +0300] "POST /xmlrpc.php HTTP/1.1" 200 8726 "-" "Mozilla/5.0 (Windows NT 10.0; Win64; x64) AppleWebKit/537.36 (KHTML, like Gecko) Chrome/114.0.0.0 Safari/537.36"
158.69.22.136 - - [23/Apr/2026:19:05:56 +0300] "GET /beste-casino-site-belgie-hoge-inzet/ HTTP/1.1" 200 18576 "-" "Mozilla/5.0 (compatible; Googlebot/2.1; +http://www.google.com/bot.html)"
155.94.236.24 - - [23/Apr/2026:19:06:17 +0300] "GET /most-useful-vegas-web-based-casinos-for-real-money-2026/ HTTP/1.1" 200 69733 "-" "Mozilla/5.0 (Windows NT 10.0; Win64; x64) AppleWebKit/537.36 (KHTML, like Gecko) Chrome/123.0.0.0 Safari/537.36"
185.216.113.70 - - [23/Apr/2026:19:10:23 +0300] "POST /wp-cron.php?doing_wp_cron=1776960623.7918279170989990234375 HTTP/1.1" 200 448 "-" "WordPress/6.3.8; https://serhatburke.miroglu.net"
128.1.227.231 - - [23/Apr/2026:19:10:10 +0300] "POST /xmlrpc.php HTTP/1.1" 200 630 "-" "Mozilla/5.0 (Windows NT 10.0; Win64; x64) AppleWebKit/537.36 (KHTML, like Gecko) Chrome/114.0.0.0 Safari/537.36"
128.1.227.231 - - [23/Apr/2026:19:10:30 +0300] "POST /xmlrpc.php HTTP/1.1" 200 11269 "-" "Mozilla/5.0 (Windows NT 10.0; Win64; x64) AppleWebKit/537.36 (KHTML, like Gecko) Chrome/114.0.0.0 Safari/537.36"
185.216.113.70 - - [23/Apr/2026:19:10:56 +0300] "POST /wp-cron.php?doing_wp_cron=1776960656.2214748859405517578125 HTTP/1.1" 200 448 "-" "WordPress/6.3.8; https://serhatburke.miroglu.net"
128.1.227.231 - - [23/Apr/2026:19:10:44 +0300] "GET /beste-wild-north-echtes-geld-bitcoin-casinos-monat-des-fruhlingsbeginns-2026-inkl-btc-boni/ HTTP/1.1" 200 74006 "-" "Mozilla/5.0 (Windows NT 10.0; Win64; x64) AppleWebKit/537.36 (KHTML, like Gecko) Chrome/123.0.0.0 Safari/537.36 OPR/109.0.0.0"
185.216.113.70 - - [23/Apr/2026:19:12:28 +0300] "POST /wp-cron.php?doing_wp_cron=1776960748.7590780258178710937500 HTTP/1.1" 200 448 "-" "WordPress/6.3.8; https://serhatburke.miroglu.net"
160.250.186.93 - - [23/Apr/2026:19:12:16 +0300] "GET /28563-2/ HTTP/1.1" 200 18657 "-" "Mozilla/5.0 (compatible; Googlebot/2.1; +http://www.google.com/bot.html)"
185.216.113.70 - - [23/Apr/2026:19:14:12 +0300] "POST /wp-cron.php?doing_wp_cron=1776960852.5472249984741210937500 HTTP/1.1" 200 448 "-" "WordPress/6.3.8; https://serhatburke.miroglu.net"
52.167.144.190 - - [23/Apr/2026:19:13:52 +0300] "GET /unleashing-the-power-of-jupiter-swap-for-smart-traders/ HTTP/2" 200 17281 "-" "Mozilla/5.0 AppleWebKit/537.36 (KHTML, like Gecko; compatible; bingbot/2.0; +http://www.bing.com/bingbot.htm) Chrome/116.0.1938.76 Safari/537.36"
40.77.167.47 - - [23/Apr/2026:19:13:58 +0300] "GET /cele-apasator-pre-preia-s-cazino-slot-exterior-total-gratuit/ HTTP/2" 200 17646 "-" "Mozilla/5.0 AppleWebKit/537.36 (KHTML, like Gecko; compatible; bingbot/2.0; +http://www.bing.com/bingbot.htm) Chrome/116.0.1938.76 Safari/537.36"
52.167.144.190 - - [23/Apr/2026:19:14:21 +0300] "GET /greatest-3d-harbors-within-the-2026-play-free-3d-slots-on-the-casinos-com/ HTTP/2" 200 17861 "-" "Mozilla/5.0 AppleWebKit/537.36 (KHTML, like Gecko; compatible; bingbot/2.0; +http://www.bing.com/bingbot.htm) Chrome/116.0.1938.76 Safari/537.36"
185.216.113.70 - - [23/Apr/2026:19:14:55 +0300] "POST /wp-cron.php?doing_wp_cron=1776960895.8035020828247070312500 HTTP/1.1" 200 448 "-" "WordPress/6.3.8; https://serhatburke.miroglu.net"
37.27.228.124 - - [23/Apr/2026:19:14:35 +0300] "GET /casino-online-nuovi-con-offerte-di-benvenuto-e-7/ HTTP/1.1" 200 26705 "-" "Screaming Frog SEO Spider/19.8"
185.216.113.70 - - [23/Apr/2026:19:15:55 +0300] "POST /wp-cron.php?doing_wp_cron=1776960955.5791199207305908203125 HTTP/1.1" 200 448 "-" "WordPress/6.3.8; https://serhatburke.miroglu.net"
57.128.22.95 - - [23/Apr/2026:19:15:35 +0300] "GET /35849-2/ HTTP/1.1" 200 17766 "https://serhatburke.miroglu.net/" "Mozilla/5.0 (Macintosh; Intel Mac OS X 10_15_7) AppleWebKit/605.1.15 (KHTML, like Gecko) Version/26.0.1 Safari/605.1.15"
192.3.59.35 - - [23/Apr/2026:19:15:58 +0300] "GET /wp-includes/css/dist/block-library/style.min.css?ver=6.3.8 HTTP/1.1" 200 13578 "https://serhatburke.miroglu.net/35849-2/" "Mozilla/5.0 (Windows NT 10.0; Win64; x64) AppleWebKit/537.36 (KHTML, like Gecko) Chrome/145.0.0.0 Safari/537.36"
192.3.59.35 - - [23/Apr/2026:19:16:00 +0300] "GET /wp-content/plugins/contact-form-7/includes/css/styles.css?ver=5.8 HTTP/1.1" 200 1490 "https://serhatburke.miroglu.net/35849-2/" "Mozilla/5.0 (Windows NT 10.0; Win64; x64) AppleWebKit/537.36 (KHTML, like Gecko) Chrome/145.0.0.0 Safari/537.36"
192.3.59.35 - - [23/Apr/2026:19:16:02 +0300] "GET /wp-content/themes/toppic/css/fontello.css?ver=4.2 HTTP/1.1" 200 1802 "https://serhatburke.miroglu.net/35849-2/" "Mozilla/5.0 (Windows NT 10.0; Win64; x64) AppleWebKit/537.36 (KHTML, like Gecko) Chrome/145.0.0.0 Safari/537.36"
192.3.59.35 - - [23/Apr/2026:19:16:03 +0300] "GET /wp-content/themes/toppic/css/reset.css?ver=4.2 HTTP/1.1" 200 1178 "https://serhatburke.miroglu.net/35849-2/" "Mozilla/5.0 (Windows NT 10.0; Win64; x64) AppleWebKit/537.36 (KHTML, like Gecko) Chrome/145.0.0.0 Safari/537.36"
192.3.59.35 - - [23/Apr/2026:19:16:05 +0300] "GET /wp-content/themes/toppic/css/default.css?ver=4.2 HTTP/1.1" 200 1811 "https://serhatburke.miroglu.net/35849-2/" "Mozilla/5.0 (Windows NT 10.0; Win64; x64) AppleWebKit/537.36 (KHTML, like Gecko) Chrome/145.0.0.0 Safari/537.36"
192.3.59.35 - - [23/Apr/2026:19:16:07 +0300] "GET /wp-content/themes/toppic/style.css?ver=4.2 HTTP/1.1" 200 23398 "https://serhatburke.miroglu.net/35849-2/" "Mozilla/5.0 (Windows NT 10.0; Win64; x64) AppleWebKit/537.36 (KHTML, like Gecko) Chrome/145.0.0.0 Safari/537.36"
192.3.59.35 - - [23/Apr/2026:19:16:09 +0300] "GET /wp-content/themes/toppic/css/royalslider.css?ver=4.2 HTTP/1.1" 200 1887 "https://serhatburke.miroglu.net/35849-2/" "Mozilla/5.0 (Windows NT 10.0; Win64; x64) AppleWebKit/537.36 (KHTML, like Gecko) Chrome/145.0.0.0 Safari/537.36"
158.69.22.136 - - [23/Apr/2026:19:15:55 +0300] "GET /beste-casino-site-belgie-hoge-inzet/ HTTP/1.1" 200 18576 "-" "Mozilla/5.0 (compatible; Googlebot/2.1; +http://www.google.com/bot.html)"
192.3.59.35 - - [23/Apr/2026:19:16:10 +0300] "GET /wp-content/themes/toppic/css/rs-default.css?ver=4.2 HTTP/1.1" 200 2625 "https://serhatburke.miroglu.net/35849-2/" "Mozilla/5.0 (Windows NT 10.0; Win64; x64) AppleWebKit/537.36 (KHTML, like Gecko) Chrome/145.0.0.0 Safari/537.36"
192.3.59.35 - - [23/Apr/2026:19:16:12 +0300] "GET /wp-content/themes/toppic/css/lightbox.css?ver=4.2 HTTP/1.1" 200 2956 "https://serhatburke.miroglu.net/35849-2/" "Mozilla/5.0 (Windows NT 10.0; Win64; x64) AppleWebKit/537.36 (KHTML, like Gecko) Chrome/145.0.0.0 Safari/537.36"
192.3.59.35 - - [23/Apr/2026:19:16:14 +0300] "GET /wp-content/themes/toppic/css/woocommerce.css?ver=4.2 HTTP/1.1" 200 2848 "https://serhatburke.miroglu.net/35849-2/" "Mozilla/5.0 (Windows NT 10.0; Win64; x64) AppleWebKit/537.36 (KHTML, like Gecko) Chrome/145.0.0.0 Safari/537.36"
192.3.59.35 - - [23/Apr/2026:19:16:15 +0300] "GET /wp-content/themes/toppic/css/responsive.css?ver=4.2 HTTP/1.1" 200 2796 "https://serhatburke.miroglu.net/35849-2/" "Mozilla/5.0 (Windows NT 10.0; Win64; x64) AppleWebKit/537.36 (KHTML, like Gecko) Chrome/145.0.0.0 Safari/537.36"
185.216.113.70 - - [23/Apr/2026:19:17:00 +0300] "POST /wp-cron.php?doing_wp_cron=1776961020.2915360927581787109375 HTTP/1.1" 200 448 "-" "WordPress/6.3.8; https://serhatburke.miroglu.net"
192.3.59.35 - - [23/Apr/2026:19:16:17 +0300] "POST /wp-comments-post.php HTTP/1.1" 302 1055 "https://serhatburke.miroglu.net/35849-2/" "Mozilla/5.0 (Macintosh; Intel Mac OS X 10_15_7) AppleWebKit/605.1.15 (KHTML, like Gecko) Version/26.0.1 Safari/605.1.15"
160.250.186.93 - - [23/Apr/2026:19:16:39 +0300] "GET /28563-2/ HTTP/1.1" 200 18702 "https://serhatburke.miroglu.net/" "Mozilla/5.0 (Macintosh; Intel Mac OS X 10_15_7) AppleWebKit/537.36 (KHTML, like Gecko) Chrome/144.0.0.0 Safari/537.36"
192.3.59.35 - - [23/Apr/2026:19:17:01 +0300] "GET /35849-2/?unapproved=591&moderation-hash=d612a12016a84179744593220e8280cf HTTP/1.1" 200 18089 "https://serhatburke.miroglu.net/wp-comments-post.php" "Mozilla/5.0 (Macintosh; Intel Mac OS X 10_15_7) AppleWebKit/605.1.15 (KHTML, like Gecko) Version/26.0.1 Safari/605.1.15"
160.250.186.93 - - [23/Apr/2026:19:17:09 +0300] "POST /wp-comments-post.php HTTP/1.1" 302 1055 "https://serhatburke.miroglu.net/28563-2/" "Mozilla/5.0 (Macintosh; Intel Mac OS X 10_15_7) AppleWebKit/537.36 (KHTML, like Gecko) Chrome/144.0.0.0 Safari/537.36"
57.128.22.95 - - [23/Apr/2026:19:17:19 +0300] "GET /35849-2/ HTTP/1.1" 200 17679 "-" "Mozilla/5.0 (compatible; Googlebot/2.1; +http://www.google.com/bot.html)"
185.216.113.70 - - [23/Apr/2026:19:17:44 +0300] "POST /wp-cron.php?doing_wp_cron=1776961064.2609798908233642578125 HTTP/1.1" 200 448 "-" "WordPress/6.3.8; https://serhatburke.miroglu.net"
160.250.186.93 - - [23/Apr/2026:19:17:25 +0300] "GET /28563-2/?unapproved=592&moderation-hash=10b0c6ba54a3e79c7a04a87daf368d3c HTTP/1.1" 200 19172 "https://serhatburke.miroglu.net/wp-comments-post.php" "Mozilla/5.0 (Macintosh; Intel Mac OS X 10_15_7) AppleWebKit/537.36 (KHTML, like Gecko) Chrome/144.0.0.0 Safari/537.36"
160.250.186.93 - - [23/Apr/2026:19:17:46 +0300] "GET /28563-2/ HTTP/1.1" 200 18657 "-" "Mozilla/5.0 (compatible; Googlebot/2.1; +http://www.google.com/bot.html)"
193.36.38.228 - - [23/Apr/2026:19:18:19 +0300] "POST /xmlrpc.php HTTP/1.1" 200 692 "-" "Mozilla/5.0 (Windows NT 10.0; Win64; x64) AppleWebKit/537.36 (KHTML, like Gecko) Chrome/114.0.0.0 Safari/537.36"
185.216.113.70 - - [23/Apr/2026:19:19:06 +0300] "POST /wp-cron.php?doing_wp_cron=1776961146.0651209354400634765625 HTTP/1.1" 200 448 "-" "WordPress/6.3.8; https://serhatburke.miroglu.net"
193.36.38.228 - - [23/Apr/2026:19:18:39 +0300] "POST /xmlrpc.php HTTP/1.1" 200 13116 "-" "Mozilla/5.0 (Windows NT 10.0; Win64; x64) AppleWebKit/537.36 (KHTML, like Gecko) Chrome/114.0.0.0 Safari/537.36"
128.1.227.231 - - [23/Apr/2026:19:19:00 +0300] "POST /xmlrpc.php HTTP/1.1" 200 630 "-" "Mozilla/5.0 (Windows NT 10.0; Win64; x64) AppleWebKit/537.36 (KHTML, like Gecko) Chrome/114.0.0.0 Safari/537.36"
193.36.38.228 - - [23/Apr/2026:19:19:06 +0300] "GET /vermittlungsgebuhr-frei-einzahlung-teutonia-deutsche-no-deposit-maklercourtage/ HTTP/1.1" 200 75550 "-" "Mozilla/5.0 (Windows NT 10.0; rv:109.0) Gecko/20100101 Firefox/115.0"
65.111.31.143 - - [23/Apr/2026:19:19:19 +0300] "GET /wp-login.php HTTP/1.1" 200 4198 "-" "Mozilla/5.0 (Windows NT 10.0; Win64; x64) AppleWebKit/537.36 (KHTML, like Gecko) Chrome/143.0.0.0 Safari/537.36"
65.111.31.143 - - [23/Apr/2026:19:19:40 +0300] "POST /wp-login.php HTTP/1.1" 302 1359 "https://serhatburke.miroglu.net/wp-login.php" "Mozilla/5.0 (Windows NT 10.0; Win64; x64) AppleWebKit/537.36 (KHTML, like Gecko) Chrome/143.0.0.0 Safari/537.36"
128.1.227.231 - - [23/Apr/2026:19:19:41 +0300] "POST /xmlrpc.php HTTP/1.1" 200 10440 "-" "Mozilla/5.0 (Windows NT 10.0; Win64; x64) AppleWebKit/537.36 (KHTML, like Gecko) Chrome/114.0.0.0 Safari/537.36"
65.111.31.143 - - [23/Apr/2026:19:19:53 +0300] "GET /wp-admin/ HTTP/1.1" 200 246715 "https://serhatburke.miroglu.net/wp-login.php" "Mozilla/5.0 (Windows NT 10.0; Win64; x64) AppleWebKit/537.36 (KHTML, like Gecko) Chrome/143.0.0.0 Safari/537.36"
65.111.31.143 - - [23/Apr/2026:19:20:07 +0300] "GET /wp-admin/plugin-install.php HTTP/1.1" 403 233 "https://serhatburke.miroglu.net/wp-login.php" "Mozilla/5.0 (Windows NT 10.0; Win64; x64) AppleWebKit/537.36 (KHTML, like Gecko) Chrome/143.0.0.0 Safari/537.36"
65.111.31.143 - - [23/Apr/2026:19:20:08 +0300] "GET /wp-admin/plugin-install.php HTTP/1.1" 403 233 "https://serhatburke.miroglu.net/wp-login.php" "Mozilla/5.0 (Windows NT 10.0; Win64; x64) AppleWebKit/537.36 (KHTML, like Gecko) Chrome/143.0.0.0 Safari/537.36"
185.216.113.70 - - [23/Apr/2026:19:20:08 +0300] "POST /wp-cron.php?doing_wp_cron=1776961208.3358259201049804687500 HTTP/1.1" 200 448 "-" "WordPress/6.3.8; https://serhatburke.miroglu.net"
128.1.227.231 - - [23/Apr/2026:19:19:55 +0300] "GET /beste-book-of-ra-casinos-rechtens-angewandten-sizzling-hot-gratis-bonus-novoline-slot-damit-echtgeld-vortragen/ HTTP/1.1" 200 73108 "-" "Mozilla/5.0 (Windows NT 10.0; Win64; x64) AppleWebKit/537.36 (KHTML, like Gecko) Chrome/124.0.0.0 Safari/537.36"
65.111.31.143 - - [23/Apr/2026:19:20:08 +0300] "GET /wp-admin/profile.php HTTP/1.1" 200 231738 "https://serhatburke.miroglu.net/wp-admin/profile.php" "Mozilla/5.0 (Windows NT 10.0; Win64; x64) AppleWebKit/537.36 (KHTML, like Gecko) Chrome/143.0.0.0 Safari/537.36"
185.216.113.70 - - [23/Apr/2026:19:20:06 +0300] "POST /wp-admin/admin-ajax.php?action=as_async_request_queue_runner&nonce=b6daea8921 HTTP/1.1" 200 1039 "-" "WordPress/6.3.8; https://serhatburke.miroglu.net"
65.111.31.143 - - [23/Apr/2026:19:20:26 +0300] "POST /wp-admin/profile.php HTTP/1.1" 302 3789 "https://serhatburke.miroglu.net/wp-admin/profile.php" "Mozilla/5.0 (Windows NT 10.0; Win64; x64) AppleWebKit/537.36 (KHTML, like Gecko) Chrome/143.0.0.0 Safari/537.36"
185.216.113.70 - - [23/Apr/2026:19:20:50 +0300] "POST /wp-cron.php?doing_wp_cron=1776961250.1031370162963867187500 HTTP/1.1" 200 448 "-" "WordPress/6.3.8; https://serhatburke.miroglu.net"
65.111.31.143 - - [23/Apr/2026:19:20:38 +0300] "GET /wp-admin/profile.php?updated=1 HTTP/1.1" 200 231368 "https://serhatburke.miroglu.net/wp-admin/profile.php" "Mozilla/5.0 (Windows NT 10.0; Win64; x64) AppleWebKit/537.36 (KHTML, like Gecko) Chrome/143.0.0.0 Safari/537.36"
65.111.31.143 - - [23/Apr/2026:19:20:51 +0300] "GET /wp-admin/plugin-install.php HTTP/1.1" 403 411 "https://serhatburke.miroglu.net/wp-admin/plugin-install.php" "Mozilla/5.0 (Windows NT 10.0; Win64; x64) AppleWebKit/537.36 (KHTML, like Gecko) Chrome/143.0.0.0 Safari/537.36"
65.111.31.143 - - [23/Apr/2026:19:20:51 +0300] "POST /wp-admin/update.php?action=upload-plugin HTTP/1.1" 403 196 "https://serhatburke.miroglu.net/wp-admin/plugin-install.php" "Mozilla/5.0 (Windows NT 10.0; Win64; x64) AppleWebKit/537.36 (KHTML, like Gecko) Chrome/143.0.0.0 Safari/537.36"
65.111.31.143 - - [23/Apr/2026:19:20:51 +0300] "GET /wp-admin/plugin-install.php HTTP/1.1" 403 411 "https://serhatburke.miroglu.net/wp-admin/plugin-install.php" "Mozilla/5.0 (Windows NT 10.0; Win64; x64) AppleWebKit/537.36 (KHTML, like Gecko) Chrome/143.0.0.0 Safari/537.36"
65.111.31.143 - - [23/Apr/2026:19:20:51 +0300] "POST /wp-admin/update.php?action=upload-plugin HTTP/1.1" 403 196 "https://serhatburke.miroglu.net/wp-admin/plugin-install.php" "Mozilla/5.0 (Windows NT 10.0; Win64; x64) AppleWebKit/537.36 (KHTML, like Gecko) Chrome/143.0.0.0 Safari/537.36"
57.128.22.95 - - [23/Apr/2026:19:20:45 +0300] "GET /35849-2/ HTTP/1.1" 200 17679 "-" "Mozilla/5.0 (compatible; Googlebot/2.1; +http://www.google.com/bot.html)"
65.111.31.143 - - [23/Apr/2026:19:20:52 +0300] "GET /wp-admin/user-new.php HTTP/1.1" 200 135591 "https://serhatburke.miroglu.net/wp-admin/user-new.php" "Mozilla/5.0 (Windows NT 10.0; Win64; x64) AppleWebKit/537.36 (KHTML, like Gecko) Chrome/143.0.0.0 Safari/537.36"
160.250.186.93 - - [23/Apr/2026:19:20:58 +0300] "GET /28563-2/ HTTP/1.1" 200 18657 "-" "Mozilla/5.0 (compatible; Googlebot/2.1; +http://www.google.com/bot.html)"
65.111.31.143 - - [23/Apr/2026:19:21:14 +0300] "POST /wp-admin/user-new.php HTTP/1.1" 200 135466 "https://serhatburke.miroglu.net/wp-admin/user-new.php" "Mozilla/5.0 (Windows NT 10.0; Win64; x64) AppleWebKit/537.36 (KHTML, like Gecko) Chrome/143.0.0.0 Safari/537.36"
185.216.113.70 - - [23/Apr/2026:19:22:12 +0300] "POST /wp-cron.php?doing_wp_cron=1776961332.5243670940399169921875 HTTP/1.1" 200 448 "-" "WordPress/6.3.8; https://serhatburke.miroglu.net"
128.1.227.231 - - [23/Apr/2026:19:21:45 +0300] "POST /xmlrpc.php HTTP/1.1" 200 630 "-" "Mozilla/5.0 (Windows NT 10.0; Win64; x64) AppleWebKit/537.36 (KHTML, like Gecko) Chrome/114.0.0.0 Safari/537.36"
40.77.167.4 - - [23/Apr/2026:19:22:03 +0300] "GET /casino-tillagg-inte-med-i24slot-partnerinloggning-registrera-dig-omsattningskrav-forteckning-tillsamman-bonusar-2025/ HTTP/2" 200 0 "-" "Mozilla/5.0 AppleWebKit/537.36 (KHTML, like Gecko; compatible; bingbot/2.0; +http://www.bing.com/bingbot.htm) Chrome/116.0.1938.76 Safari/537.36"
40.77.167.4 - - [23/Apr/2026:19:22:13 +0300] "GET /site-de-paris-casino-legal/ HTTP/2" 200 0 "-" "Mozilla/5.0 AppleWebKit/537.36 (KHTML, like Gecko; compatible; bingbot/2.0; +http://www.bing.com/bingbot.htm) Chrome/116.0.1938.76 Safari/537.36"
40.77.167.63 - - [23/Apr/2026:19:22:19 +0300] "GET /casino-bonus-2026-svensk-topplista-fore-bonusar-kasino-888-jamfora/ HTTP/2" 200 0 "-" "Mozilla/5.0 AppleWebKit/537.36 (KHTML, like Gecko; compatible; bingbot/2.0; +http://www.bing.com/bingbot.htm) Chrome/116.0.1938.76 Safari/537.36"
185.216.113.70 - - [23/Apr/2026:19:23:14 +0300] "POST /wp-cron.php?doing_wp_cron=1776961394.5433940887451171875000 HTTP/1.1" 200 448 "-" "WordPress/6.3.8; https://serhatburke.miroglu.net"
185.216.113.70 - - [23/Apr/2026:19:23:19 +0300] "POST /wp-cron.php?doing_wp_cron=1776961399.2828049659729003906250 HTTP/1.1" 200 448 "-" "WordPress/6.3.8; https://serhatburke.miroglu.net"
128.1.227.231 - - [23/Apr/2026:19:22:19 +0300] "POST /xmlrpc.php HTTP/1.1" 200 10289 "-" "Mozilla/5.0 (Windows NT 10.0; Win64; x64) AppleWebKit/537.36 (KHTML, like Gecko) Chrome/114.0.0.0 Safari/537.36"
185.216.113.70 - - [23/Apr/2026:19:23:23 +0300] "POST /wp-cron.php?doing_wp_cron=1776961403.7524230480194091796875 HTTP/1.1" 200 448 "-" "WordPress/6.3.8; https://serhatburke.miroglu.net"
98.98.197.195 - - [23/Apr/2026:19:22:47 +0300] "POST /xmlrpc.php HTTP/1.1" 200 630 "-" "Mozilla/5.0 (Windows NT 10.0; Win64; x64) AppleWebKit/537.36 (KHTML, like Gecko) Chrome/114.0.0.0 Safari/537.36"
185.216.113.70 - - [23/Apr/2026:19:23:45 +0300] "POST /wp-cron.php?doing_wp_cron=1776961425.8994550704956054687500 HTTP/1.1" 200 448 "-" "WordPress/6.3.8; https://serhatburke.miroglu.net"
128.1.227.231 - - [23/Apr/2026:19:23:20 +0300] "GET /20-herr-bet-10-eur-bonus-exklusive-einzahlung-spielsaal-dritter-monat-des-jahres-2026/ HTTP/1.1" 200 72404 "-" "Mozilla/5.0 (Windows NT 10.0; Win64; x64) AppleWebKit/537.36 (KHTML, like Gecko) Chrome/122.0.0.0 Safari/537.36"
98.98.197.195 - - [23/Apr/2026:19:23:30 +0300] "POST /xmlrpc.php HTTP/1.1" 200 9690 "-" "Mozilla/5.0 (Windows NT 10.0; Win64; x64) AppleWebKit/537.36 (KHTML, like Gecko) Chrome/114.0.0.0 Safari/537.36"
98.98.197.195 - - [23/Apr/2026:19:23:52 +0300] "GET /diamonds-gambling-establishment-promotions-put-10-score-book-of-fortune-online-80-da40-movie-star/ HTTP/1.1" 200 71841 "-" "Mozilla/5.0 (Windows NT 10.0; Win64; x64; rv:125.0) Gecko/20100101 Firefox/125.0"
40.77.167.47 - - [23/Apr/2026:19:24:19 +0300] "GET /spinfever-casino-review-2026-australia-top-online-697/ HTTP/2" 200 227850 "-" "Mozilla/5.0 AppleWebKit/537.36 (KHTML, like Gecko; compatible; bingbot/2.0; +http://www.bing.com/bingbot.htm) Chrome/116.0.1938.76 Safari/537.36"
185.216.113.70 - - [23/Apr/2026:19:24:42 +0300] "POST /wp-cron.php?doing_wp_cron=1776961482.1823759078979492187500 HTTP/1.1" 200 448 "-" "WordPress/6.3.8; https://serhatburke.miroglu.net"
40.77.167.4 - - [23/Apr/2026:19:24:25 +0300] "GET /%E7%BE%8E%E5%89%A7%E3%80%8A%E8%BF%B7%E5%A4%B1%E3%80%8B%EF%BC%88lost%EF%BC%89%E5%88%B0%E5%BA%95%E8%AE%B2%E7%9A%84%E6%98%AF%E4%BB%80%E4%B9%88%EF%BC%9F-santa-surprise-por-dinero-real/ HTTP/2" 200 19870 "-" "Mozilla/5.0 AppleWebKit/537.36 (KHTML, like Gecko; compatible; bingbot/2.0; +http://www.bing.com/bingbot.htm) Chrome/116.0.1938.76 Safari/537.36"
128.1.227.231 - - [23/Apr/2026:19:24:33 +0300] "POST /xmlrpc.php HTTP/1.1" 200 630 "-" "Mozilla/5.0 (Windows NT 10.0; Win64; x64) AppleWebKit/537.36 (KHTML, like Gecko) Chrome/114.0.0.0 Safari/537.36"
40.77.167.63 - - [23/Apr/2026:19:24:36 +0300] "GET /de-que-forma-usar-una-interfaz-sobre-cliente-de-la-uso-wazamba-casino/ HTTP/2" 200 17164 "-" "Mozilla/5.0 AppleWebKit/537.36 (KHTML, like Gecko; compatible; bingbot/2.0; +http://www.bing.com/bingbot.htm) Chrome/116.0.1938.76 Safari/537.36"
40.77.167.4 - - [23/Apr/2026:19:24:53 +0300] "GET /understanding-gambling-fundamentals-a-beginner-x27/ HTTP/2" 200 17575 "-" "Mozilla/5.0 AppleWebKit/537.36 (KHTML, like Gecko; compatible; bingbot/2.0; +http://www.bing.com/bingbot.htm) Chrome/116.0.1938.76 Safari/537.36"
128.1.227.231 - - [23/Apr/2026:19:24:58 +0300] "POST /xmlrpc.php HTTP/1.1" 200 10396 "-" "Mozilla/5.0 (Windows NT 10.0; Win64; x64) AppleWebKit/537.36 (KHTML, like Gecko) Chrome/114.0.0.0 Safari/537.36"
128.1.227.231 - - [23/Apr/2026:19:25:13 +0300] "GET /lastschrift-erreichbar-kasino-osterreich-%E1%90%88-tagesordnungspunkt-echtgeld-casinos-unter-einsatz-von-sepa-lastschrift-begleichen-lucky-charmer-online-slot-elv-einzahlung-2026/ HTTP/1.1" 200 75214 "-" "Mozilla/5.0 (Windows NT 10.0; Win64; x64) AppleWebKit/537.36 (KHTML, like Gecko) Chrome/123.0.0.0 Safari/537.36 OPR/109.0.0.0"
185.216.113.70 - - [23/Apr/2026:19:26:07 +0300] "POST /wp-cron.php?doing_wp_cron=1776961567.4207510948181152343750 HTTP/1.1" 200 448 "-" "WordPress/6.3.8; https://serhatburke.miroglu.net"
158.69.22.136 - - [23/Apr/2026:19:25:55 +0300] "GET /beste-casino-site-belgie-hoge-inzet/ HTTP/1.1" 200 18576 "-" "Mozilla/5.0 (compatible; Googlebot/2.1; +http://www.google.com/bot.html)"
185.216.113.70 - - [23/Apr/2026:19:27:18 +0300] "POST /wp-cron.php?doing_wp_cron=1776961638.0136780738830566406250 HTTP/1.1" 200 448 "-" "WordPress/6.3.8; https://serhatburke.miroglu.net"
128.1.227.231 - - [23/Apr/2026:19:27:05 +0300] "POST /xmlrpc.php HTTP/1.1" 200 630 "-" "Mozilla/5.0 (Windows NT 10.0; Win64; x64) AppleWebKit/537.36 (KHTML, like Gecko) Chrome/114.0.0.0 Safari/537.36"
178.159.37.142 - - [23/Apr/2026:19:27:15 +0300] "POST /xmlrpc.php HTTP/1.1" 200 162878 "-" "Mozilla/5.0 (Macintosh; Intel Mac OS X 10_13_6) AppleWebKit/537.36 (KHTML, like Gecko) Chrome/80.0.3987.122 Safari/537.36"
128.1.227.231 - - [23/Apr/2026:19:27:24 +0300] "POST /xmlrpc.php HTTP/1.1" 200 10804 "-" "Mozilla/5.0 (Windows NT 10.0; Win64; x64) AppleWebKit/537.36 (KHTML, like Gecko) Chrome/114.0.0.0 Safari/537.36"
178.159.37.142 - - [23/Apr/2026:19:27:28 +0300] "POST /xmlrpc.php HTTP/1.1" 200 664 "-" "Mozilla/5.0 (Macintosh; Intel Mac OS X 10_13_6) AppleWebKit/537.36 (KHTML, like Gecko) Chrome/80.0.3987.122 Safari/537.36"
185.216.113.70 - - [23/Apr/2026:19:27:55 +0300] "POST /wp-cron.php?doing_wp_cron=1776961675.0430819988250732421875 HTTP/1.1" 200 448 "-" "WordPress/6.3.8; https://serhatburke.miroglu.net"
128.1.227.231 - - [23/Apr/2026:19:27:40 +0300] "GET /casino-pramie-abzuglich-50-kostenlose-spins-auf-sizzling-hot-deluxe-neue-version-keine-einzahlung-einzahlung-2026-gebuhrenfrei-freispiele/ HTTP/1.1" 200 74489 "-" "Mozilla/5.0 (Windows NT 10.0; Win64; x64) AppleWebKit/537.36 (KHTML, like Gecko) Chrome/124.0.0.0 Safari/537.36"
178.159.37.142 - - [23/Apr/2026:19:27:44 +0300] "POST /xmlrpc.php HTTP/1.1" 200 667 "-" "Mozilla/5.0 (Macintosh; Intel Mac OS X 10_13_6) AppleWebKit/537.36 (KHTML, like Gecko) Chrome/80.0.3987.122 Safari/537.36"
