185.216.113.70 - - [23/Apr/2026:14:31:26 +0300] "POST /wp-cron.php?doing_wp_cron=1776943885.9338140487670898437500 HTTP/1.1" 200 448 "-" "WordPress/6.3.8; https://serhatburke.miroglu.net"
178.175.140.149 - - [23/Apr/2026:14:30:22 +0300] "POST /xmlrpc.php HTTP/1.1" 200 630 "-" "Mozilla/5.0 (Windows NT 10.0; Win64; x64) AppleWebKit/537.36 (KHTML, like Gecko) Chrome/114.0.0.0 Safari/537.36"
178.175.140.149 - - [23/Apr/2026:14:30:22 +0300] "POST /xmlrpc.php HTTP/1.1" 200 12908 "-" "Mozilla/5.0 (Windows NT 10.0; Win64; x64) AppleWebKit/537.36 (KHTML, like Gecko) Chrome/114.0.0.0 Safari/537.36"
98.98.197.186 - - [23/Apr/2026:14:30:26 +0300] "GET /100-percent-free-1-online-casino-bonus-slots-zero-download-no-subscription-totally-free-slot-machines-instantaneous-enjoy/ HTTP/1.1" 200 73799 "-" "Mozilla/5.0 (Windows NT 10.0; Win64; x64; rv:125.0) Gecko/20100101 Firefox/125.0"
165.73.242.7 - - [23/Apr/2026:14:30:30 +0300] "POST /xmlrpc.php HTTP/1.1" 200 9427 "-" "Mozilla/5.0 (Windows NT 10.0; Win64; x64) AppleWebKit/537.36 (KHTML, like Gecko) Chrome/114.0.0.0 Safari/537.36"
98.98.197.186 - - [23/Apr/2026:14:30:42 +0300] "POST /xmlrpc.php HTTP/1.1" 200 10627 "-" "Mozilla/5.0 (Windows NT 10.0; Win64; x64) AppleWebKit/537.36 (KHTML, like Gecko) Chrome/114.0.0.0 Safari/537.36"
98.98.197.186 - - [23/Apr/2026:14:30:51 +0300] "POST /xmlrpc.php HTTP/1.1" 200 630 "-" "Mozilla/5.0 (Windows NT 10.0; Win64; x64) AppleWebKit/537.36 (KHTML, like Gecko) Chrome/114.0.0.0 Safari/537.36"
165.73.242.7 - - [23/Apr/2026:14:30:58 +0300] "POST /xmlrpc.php HTTP/1.1" 200 630 "-" "Mozilla/5.0 (Windows NT 10.0; Win64; x64) AppleWebKit/537.36 (KHTML, like Gecko) Chrome/114.0.0.0 Safari/537.36"
178.175.140.149 - - [23/Apr/2026:14:31:14 +0300] "POST /xmlrpc.php HTTP/1.1" 200 630 "-" "Mozilla/5.0 (Windows NT 10.0; Win64; x64) AppleWebKit/537.36 (KHTML, like Gecko) Chrome/114.0.0.0 Safari/537.36"
185.216.113.70 - - [23/Apr/2026:14:32:31 +0300] "POST /wp-cron.php?doing_wp_cron=1776943951.0441761016845703125000 HTTP/1.1" 200 448 "-" "WordPress/6.3.8; https://serhatburke.miroglu.net"
178.175.140.149 - - [23/Apr/2026:14:31:29 +0300] "GET /gamble-demo-game-on-gambling-enterprises-org-uk/ HTTP/1.1" 200 73740 "-" "Mozilla/5.0 (Windows NT 10.0; Win64; x64; rv:125.0) Gecko/20100101 Firefox/125.0"
185.216.113.70 - - [23/Apr/2026:14:32:35 +0300] "POST /wp-cron.php?doing_wp_cron=1776943954.9678599834442138671875 HTTP/1.1" 200 448 "-" "WordPress/6.3.8; https://serhatburke.miroglu.net"
178.175.140.149 - - [23/Apr/2026:14:31:32 +0300] "POST /xmlrpc.php HTTP/1.1" 200 7176 "-" "Mozilla/5.0 (Windows NT 10.0; Win64; x64) AppleWebKit/537.36 (KHTML, like Gecko) Chrome/114.0.0.0 Safari/537.36"
185.216.113.70 - - [23/Apr/2026:14:32:49 +0300] "POST /wp-cron.php?doing_wp_cron=1776943969.5556008815765380859375 HTTP/1.1" 200 448 "-" "WordPress/6.3.8; https://serhatburke.miroglu.net"
185.216.113.70 - - [23/Apr/2026:14:32:49 +0300] "POST /wp-cron.php?doing_wp_cron=1776943969.6518719196319580078125 HTTP/1.1" 200 448 "-" "WordPress/6.3.8; https://serhatburke.miroglu.net"
98.98.197.186 - - [23/Apr/2026:14:31:40 +0300] "POST /xmlrpc.php HTTP/1.1" 200 630 "-" "Mozilla/5.0 (Windows NT 10.0; Win64; x64) AppleWebKit/537.36 (KHTML, like Gecko) Chrome/114.0.0.0 Safari/537.36"
185.216.113.70 - - [23/Apr/2026:14:32:50 +0300] "POST /wp-cron.php?doing_wp_cron=1776943970.7404611110687255859375 HTTP/1.1" 200 448 "-" "WordPress/6.3.8; https://serhatburke.miroglu.net"
165.73.242.7 - - [23/Apr/2026:14:31:38 +0300] "GET /enjoy-zeus-free-slot-games-aztlans-gold-mobile-slot-review/ HTTP/1.1" 200 70261 "-" "Mozilla/5.0 (Windows NT 10.0; Win64; x64) AppleWebKit/537.36 (KHTML, like Gecko) Chrome/123.0.0.0 Safari/537.36 OPR/109.0.0.0"
98.98.197.186 - - [23/Apr/2026:14:31:49 +0300] "GET /100-percent-free-slots-which-have-incentive-by-burning-desire-online-slot-the-gambino-social-gambling-enterprise/ HTTP/1.1" 200 72835 "-" "Mozilla/5.0 (Windows NT 10.0; Win64; x64) AppleWebKit/537.36 (KHTML, like Gecko) Chrome/124.0.0.0 Safari/537.36 Edg/124.0.0.0"
185.216.113.70 - - [23/Apr/2026:14:32:57 +0300] "POST /wp-cron.php?doing_wp_cron=1776943977.2541120052337646484375 HTTP/1.1" 200 448 "-" "WordPress/6.3.8; https://serhatburke.miroglu.net"
178.175.140.149 - - [23/Apr/2026:14:31:56 +0300] "POST /xmlrpc.php HTTP/1.1" 200 630 "-" "Mozilla/5.0 (Windows NT 10.0; Win64; x64) AppleWebKit/537.36 (KHTML, like Gecko) Chrome/114.0.0.0 Safari/537.36"
185.216.113.70 - - [23/Apr/2026:14:33:07 +0300] "POST /wp-cron.php?doing_wp_cron=1776943987.1377770900726318359375 HTTP/1.1" 200 448 "-" "WordPress/6.3.8; https://serhatburke.miroglu.net"
98.98.197.186 - - [23/Apr/2026:14:32:03 +0300] "POST /xmlrpc.php HTTP/1.1" 200 11486 "-" "Mozilla/5.0 (Windows NT 10.0; Win64; x64) AppleWebKit/537.36 (KHTML, like Gecko) Chrome/114.0.0.0 Safari/537.36"
185.216.113.70 - - [23/Apr/2026:14:33:26 +0300] "POST /wp-cron.php?doing_wp_cron=1776944005.7436940670013427734375 HTTP/1.1" 200 448 "-" "WordPress/6.3.8; https://serhatburke.miroglu.net"
165.73.242.7 - - [23/Apr/2026:14:32:08 +0300] "POST /xmlrpc.php HTTP/1.1" 200 9972 "-" "Mozilla/5.0 (Windows NT 10.0; Win64; x64) AppleWebKit/537.36 (KHTML, like Gecko) Chrome/114.0.0.0 Safari/537.36"
66.249.73.14 - - [23/Apr/2026:14:33:15 +0300] "GET /chumba-casino-uk-review-your-gateway-to-exciting-online-gaming/ HTTP/1.1" 200 0 "https://yotsxq.cyberwave-games.digital/" "Mozilla/5.0 (Linux; Android 6.0.1; Nexus 5X Build/MMB29P) AppleWebKit/537.36 (KHTML, like Gecko) Chrome/146.0.7680.177 Mobile Safari/537.36 (compatible; Googlebot/2.1; +http://www.google.com/bot.html)"
165.73.242.7 - - [23/Apr/2026:14:32:14 +0300] "POST /xmlrpc.php HTTP/1.1" 200 630 "-" "Mozilla/5.0 (Windows NT 10.0; Win64; x64) AppleWebKit/537.36 (KHTML, like Gecko) Chrome/114.0.0.0 Safari/537.36"
185.216.113.70 - - [23/Apr/2026:14:33:35 +0300] "POST /wp-cron.php?doing_wp_cron=1776944015.2670838832855224609375 HTTP/1.1" 200 448 "-" "WordPress/6.3.8; https://serhatburke.miroglu.net"
185.216.113.70 - - [23/Apr/2026:14:34:08 +0300] "POST /wp-cron.php?doing_wp_cron=1776944047.8446071147918701171875 HTTP/1.1" 200 448 "-" "WordPress/6.3.8; https://serhatburke.miroglu.net"
178.175.140.149 - - [23/Apr/2026:14:32:22 +0300] "POST /xmlrpc.php HTTP/1.1" 200 10964 "-" "Mozilla/5.0 (Windows NT 10.0; Win64; x64) AppleWebKit/537.36 (KHTML, like Gecko) Chrome/114.0.0.0 Safari/537.36"
185.216.113.70 - - [23/Apr/2026:14:34:08 +0300] "POST /wp-cron.php?doing_wp_cron=1776944048.3465280532836914062500 HTTP/1.1" 200 448 "-" "WordPress/6.3.8; https://serhatburke.miroglu.net"
98.98.197.186 - - [23/Apr/2026:14:32:31 +0300] "POST /xmlrpc.php HTTP/1.1" 200 630 "-" "Mozilla/5.0 (Windows NT 10.0; Win64; x64) AppleWebKit/537.36 (KHTML, like Gecko) Chrome/114.0.0.0 Safari/537.36"
185.216.113.70 - - [23/Apr/2026:14:34:20 +0300] "POST /wp-cron.php?doing_wp_cron=1776944060.0403420925140380859375 HTTP/1.1" 200 448 "-" "WordPress/6.3.8; https://serhatburke.miroglu.net"
178.175.140.149 - - [23/Apr/2026:14:32:39 +0300] "GET /gamble-100-percent-free-slot-video-game-zero-install-zero-subscription/ HTTP/1.1" 200 68743 "-" "Mozilla/5.0 (Windows NT 10.0; Win64; x64; rv:124.0) Gecko/20100101 Firefox/124.0"
178.175.140.149 - - [23/Apr/2026:14:32:54 +0300] "POST /xmlrpc.php HTTP/1.1" 500 745 "-" "Mozilla/5.0 (Windows NT 10.0; Win64; x64) AppleWebKit/537.36 (KHTML, like Gecko) Chrome/114.0.0.0 Safari/537.36"
98.98.197.186 - - [23/Apr/2026:14:32:57 +0300] "POST /xmlrpc.php HTTP/1.1" 500 745 "-" "Mozilla/5.0 (Windows NT 10.0; Win64; x64) AppleWebKit/537.36 (KHTML, like Gecko) Chrome/114.0.0.0 Safari/537.36"
178.175.140.149 - - [23/Apr/2026:14:33:04 +0300] "POST /xmlrpc.php HTTP/1.1" 500 745 "-" "Mozilla/5.0 (Windows NT 10.0; Win64; x64) AppleWebKit/537.36 (KHTML, like Gecko) Chrome/114.0.0.0 Safari/537.36"
98.98.197.186 - - [23/Apr/2026:14:33:08 +0300] "GET /exactly-what-are-the-finest-cellular-gambling-enterprises-to-possess-irish-players-deendayal-search-online-casinos-for-australian-players-institute/ HTTP/1.1" 500 745 "-" "Mozilla/5.0 (Windows NT 10.0; Win64; x64; rv:125.0) Gecko/20100101 Firefox/125.0"
40.77.167.59 - - [23/Apr/2026:14:34:20 +0300] "GET /casino-inloggning-med-bankid/ HTTP/2" 200 0 "-" "Mozilla/5.0 AppleWebKit/537.36 (KHTML, like Gecko; compatible; bingbot/2.0; +http://www.bing.com/bingbot.htm) Chrome/116.0.1938.76 Safari/537.36"
128.1.227.247 - - [23/Apr/2026:14:33:09 +0300] "POST /xmlrpc.php HTTP/1.1" 500 745 "-" "Mozilla/5.0 (Windows NT 10.0; Win64; x64) AppleWebKit/537.36 (KHTML, like Gecko) Chrome/114.0.0.0 Safari/537.36"
98.98.197.186 - - [23/Apr/2026:14:33:21 +0300] "POST /xmlrpc.php HTTP/1.1" 500 745 "-" "Mozilla/5.0 (Windows NT 10.0; Win64; x64) AppleWebKit/537.36 (KHTML, like Gecko) Chrome/114.0.0.0 Safari/537.36"
165.73.242.7 - - [23/Apr/2026:14:33:26 +0300] "POST /xmlrpc.php HTTP/1.1" 500 745 "-" "Mozilla/5.0 (Windows NT 10.0; Win64; x64) AppleWebKit/537.36 (KHTML, like Gecko) Chrome/114.0.0.0 Safari/537.36"
165.73.242.7 - - [23/Apr/2026:14:33:27 +0300] "GET /enjoy-zeus-play-jackpot-quest-real-money-totally-free-position-game-comment/ HTTP/1.1" 500 745 "-" "Mozilla/5.0 (Windows NT 10.0; Win64; x64; rv:125.0) Gecko/20100101 Firefox/125.0"
40.77.167.3 - - [23/Apr/2026:14:34:40 +0300] "GET /amok-du-anta-140-millioner-danselat-50-bred-garn-jazz-of-new-orleans-mega-moolah/ HTTP/2" 200 0 "-" "Mozilla/5.0 AppleWebKit/537.36 (KHTML, like Gecko; compatible; bingbot/2.0; +http://www.bing.com/bingbot.htm) Chrome/116.0.1938.76 Safari/537.36"
165.73.242.7 - - [23/Apr/2026:14:33:43 +0300] "POST /xmlrpc.php HTTP/1.1" 500 745 "-" "Mozilla/5.0 (Windows NT 10.0; Win64; x64) AppleWebKit/537.36 (KHTML, like Gecko) Chrome/114.0.0.0 Safari/537.36"
178.175.140.149 - - [23/Apr/2026:14:33:55 +0300] "POST /xmlrpc.php HTTP/1.1" 500 745 "-" "Mozilla/5.0 (Windows NT 10.0; Win64; x64) AppleWebKit/537.36 (KHTML, like Gecko) Chrome/114.0.0.0 Safari/537.36"
52.167.144.160 - - [23/Apr/2026:14:35:17 +0300] "GET /discover-the-benefits-of-using-ledger-live-for-crypto-11/ HTTP/2" 200 0 "-" "Mozilla/5.0 AppleWebKit/537.36 (KHTML, like Gecko; compatible; bingbot/2.0; +http://www.bing.com/bingbot.htm) Chrome/116.0.1938.76 Safari/537.36"
98.98.197.186 - - [23/Apr/2026:14:34:07 +0300] "POST /xmlrpc.php HTTP/1.1" 500 745 "-" "Mozilla/5.0 (Windows NT 10.0; Win64; x64) AppleWebKit/537.36 (KHTML, like Gecko) Chrome/114.0.0.0 Safari/537.36"
178.175.140.149 - - [23/Apr/2026:14:34:08 +0300] "POST /xmlrpc.php HTTP/1.1" 500 745 "-" "Mozilla/5.0 (Windows NT 10.0; Win64; x64) AppleWebKit/537.36 (KHTML, like Gecko) Chrome/114.0.0.0 Safari/537.36"
185.216.113.70 - - [23/Apr/2026:14:35:35 +0300] "POST /wp-cron.php?doing_wp_cron=1776944135.0933780670166015625000 HTTP/1.1" 200 448 "-" "WordPress/6.3.8; https://serhatburke.miroglu.net"
98.98.197.186 - - [23/Apr/2026:14:34:16 +0300] "POST /xmlrpc.php HTTP/1.1" 500 745 "-" "Mozilla/5.0 (Windows NT 10.0; Win64; x64) AppleWebKit/537.36 (KHTML, like Gecko) Chrome/114.0.0.0 Safari/537.36"
185.216.113.70 - - [23/Apr/2026:14:35:37 +0300] "POST /wp-cron.php?doing_wp_cron=1776944137.8370010852813720703125 HTTP/1.1" 200 448 "-" "WordPress/6.3.8; https://serhatburke.miroglu.net"
178.175.140.149 - - [23/Apr/2026:14:34:17 +0300] "POST /xmlrpc.php HTTP/1.1" 500 745 "-" "Mozilla/5.0 (Windows NT 10.0; Win64; x64) AppleWebKit/537.36 (KHTML, like Gecko) Chrome/114.0.0.0 Safari/537.36"
178.175.140.149 - - [23/Apr/2026:14:34:29 +0300] "POST /xmlrpc.php HTTP/1.1" 500 745 "-" "Mozilla/5.0 (Windows NT 10.0; Win64; x64) AppleWebKit/537.36 (KHTML, like Gecko) Chrome/114.0.0.0 Safari/537.36"
185.216.113.70 - - [23/Apr/2026:14:36:26 +0300] "POST /wp-cron.php?doing_wp_cron=1776944186.5405359268188476562500 HTTP/1.1" 200 448 "-" "WordPress/6.3.8; https://serhatburke.miroglu.net"
165.73.242.7 - - [23/Apr/2026:14:34:29 +0300] "POST /xmlrpc.php HTTP/1.1" 500 745 "-" "Mozilla/5.0 (Windows NT 10.0; Win64; x64) AppleWebKit/537.36 (KHTML, like Gecko) Chrome/114.0.0.0 Safari/537.36"
178.175.140.149 - - [23/Apr/2026:14:34:34 +0300] "POST /xmlrpc.php HTTP/1.1" 500 745 "-" "Mozilla/5.0 (Windows NT 10.0; Win64; x64) AppleWebKit/537.36 (KHTML, like Gecko) Chrome/114.0.0.0 Safari/537.36"
98.98.197.186 - - [23/Apr/2026:14:34:41 +0300] "POST /xmlrpc.php HTTP/1.1" 500 745 "-" "Mozilla/5.0 (Windows NT 10.0; Win64; x64) AppleWebKit/537.36 (KHTML, like Gecko) Chrome/114.0.0.0 Safari/537.36"
128.1.227.247 - - [23/Apr/2026:14:34:49 +0300] "POST /xmlrpc.php HTTP/1.1" 500 745 "-" "Mozilla/5.0 (Windows NT 10.0; Win64; x64) AppleWebKit/537.36 (KHTML, like Gecko) Chrome/114.0.0.0 Safari/537.36"
98.98.197.186 - - [23/Apr/2026:14:34:49 +0300] "POST /xmlrpc.php HTTP/1.1" 500 745 "-" "Mozilla/5.0 (Windows NT 10.0; Win64; x64) AppleWebKit/537.36 (KHTML, like Gecko) Chrome/114.0.0.0 Safari/537.36"
178.175.140.149 - - [23/Apr/2026:14:34:50 +0300] "POST /xmlrpc.php HTTP/1.1" 500 745 "-" "Mozilla/5.0 (Windows NT 10.0; Win64; x64) AppleWebKit/537.36 (KHTML, like Gecko) Chrome/114.0.0.0 Safari/537.36"
98.98.197.186 - - [23/Apr/2026:14:34:55 +0300] "POST /xmlrpc.php HTTP/1.1" 500 745 "-" "Mozilla/5.0 (Windows NT 10.0; Win64; x64) AppleWebKit/537.36 (KHTML, like Gecko) Chrome/114.0.0.0 Safari/537.36"
98.98.197.186 - - [23/Apr/2026:14:35:01 +0300] "POST /xmlrpc.php HTTP/1.1" 500 745 "-" "Mozilla/5.0 (Windows NT 10.0; Win64; x64) AppleWebKit/537.36 (KHTML, like Gecko) Chrome/114.0.0.0 Safari/537.36"
165.73.242.7 - - [23/Apr/2026:14:35:06 +0300] "POST /xmlrpc.php HTTP/1.1" 500 745 "-" "Mozilla/5.0 (Windows NT 10.0; Win64; x64) AppleWebKit/537.36 (KHTML, like Gecko) Chrome/114.0.0.0 Safari/537.36"
165.73.242.7 - - [23/Apr/2026:14:35:07 +0300] "POST /xmlrpc.php HTTP/1.1" 500 745 "-" "Mozilla/5.0 (Windows NT 10.0; Win64; x64) AppleWebKit/537.36 (KHTML, like Gecko) Chrome/114.0.0.0 Safari/537.36"
178.175.140.149 - - [23/Apr/2026:14:35:25 +0300] "POST /xmlrpc.php HTTP/1.1" 500 745 "-" "Mozilla/5.0 (Windows NT 10.0; Win64; x64) AppleWebKit/537.36 (KHTML, like Gecko) Chrome/114.0.0.0 Safari/537.36"
165.73.242.7 - - [23/Apr/2026:14:35:29 +0300] "POST /xmlrpc.php HTTP/1.1" 500 745 "-" "Mozilla/5.0 (Windows NT 10.0; Win64; x64) AppleWebKit/537.36 (KHTML, like Gecko) Chrome/114.0.0.0 Safari/537.36"
165.73.242.7 - - [23/Apr/2026:14:35:29 +0300] "POST /xmlrpc.php HTTP/1.1" 500 745 "-" "Mozilla/5.0 (Windows NT 10.0; Win64; x64) AppleWebKit/537.36 (KHTML, like Gecko) Chrome/114.0.0.0 Safari/537.36"
178.175.140.149 - - [23/Apr/2026:14:35:37 +0300] "POST /xmlrpc.php HTTP/1.1" 500 745 "-" "Mozilla/5.0 (Windows NT 10.0; Win64; x64) AppleWebKit/537.36 (KHTML, like Gecko) Chrome/114.0.0.0 Safari/537.36"
98.98.197.186 - - [23/Apr/2026:14:35:41 +0300] "POST /xmlrpc.php HTTP/1.1" 500 745 "-" "Mozilla/5.0 (Windows NT 10.0; Win64; x64) AppleWebKit/537.36 (KHTML, like Gecko) Chrome/114.0.0.0 Safari/537.36"
185.216.113.70 - - [23/Apr/2026:14:37:43 +0300] "POST /wp-cron.php?doing_wp_cron=1776944263.4518120288848876953125 HTTP/1.1" 200 448 "-" "WordPress/6.3.8; https://serhatburke.miroglu.net"
98.98.197.186 - - [23/Apr/2026:14:35:46 +0300] "POST /xmlrpc.php HTTP/1.1" 500 745 "-" "Mozilla/5.0 (Windows NT 10.0; Win64; x64) AppleWebKit/537.36 (KHTML, like Gecko) Chrome/114.0.0.0 Safari/537.36"
178.175.140.149 - - [23/Apr/2026:14:35:48 +0300] "GET /?p=130147 HTTP/1.1" 500 745 "-" "Mozilla/5.0 (Windows NT 10.0; Win64; x64; rv:124.0) Gecko/20100101 Firefox/124.0"
185.216.113.70 - - [23/Apr/2026:14:38:00 +0300] "POST /wp-cron.php?doing_wp_cron=1776944280.4606239795684814453125 HTTP/1.1" 200 448 "-" "WordPress/6.3.8; https://serhatburke.miroglu.net"
98.98.197.186 - - [23/Apr/2026:14:36:01 +0300] "POST /xmlrpc.php HTTP/1.1" 500 745 "-" "Mozilla/5.0 (Windows NT 10.0; Win64; x64) AppleWebKit/537.36 (KHTML, like Gecko) Chrome/114.0.0.0 Safari/537.36"
185.216.113.70 - - [23/Apr/2026:14:38:06 +0300] "POST /wp-cron.php?doing_wp_cron=1776944286.5302700996398925781250 HTTP/1.1" 200 448 "-" "WordPress/6.3.8; https://serhatburke.miroglu.net"
178.175.140.149 - - [23/Apr/2026:14:36:10 +0300] "POST /xmlrpc.php HTTP/1.1" 500 745 "-" "Mozilla/5.0 (Windows NT 10.0; Win64; x64) AppleWebKit/537.36 (KHTML, like Gecko) Chrome/114.0.0.0 Safari/537.36"
165.73.242.7 - - [23/Apr/2026:14:36:10 +0300] "POST /xmlrpc.php HTTP/1.1" 500 745 "-" "Mozilla/5.0 (Windows NT 10.0; Win64; x64) AppleWebKit/537.36 (KHTML, like Gecko) Chrome/114.0.0.0 Safari/537.36"
98.98.197.186 - - [23/Apr/2026:14:36:22 +0300] "GET /?p=130149 HTTP/1.1" 500 745 "-" "Mozilla/5.0 (Windows NT 10.0; Win64; x64) AppleWebKit/537.36 (KHTML, like Gecko) Chrome/109.0.0.0 Safari/537.36"
165.73.242.7 - - [23/Apr/2026:14:36:24 +0300] "POST /xmlrpc.php HTTP/1.1" 500 745 "-" "Mozilla/5.0 (Windows NT 10.0; Win64; x64) AppleWebKit/537.36 (KHTML, like Gecko) Chrome/114.0.0.0 Safari/537.36"
185.216.113.70 - - [23/Apr/2026:14:38:25 +0300] "POST /wp-cron.php?doing_wp_cron=1776944305.2491900920867919921875 HTTP/1.1" 200 448 "-" "WordPress/6.3.8; https://serhatburke.miroglu.net"
178.175.140.149 - - [23/Apr/2026:14:36:30 +0300] "GET /?p=130151 HTTP/1.1" 301 650 "-" "Mozilla/5.0 (Windows NT 10.0; Win64; x64) AppleWebKit/537.36 (KHTML, like Gecko) Chrome/122.0.0.0 Safari/537.36"
98.98.197.186 - - [23/Apr/2026:14:36:35 +0300] "POST /xmlrpc.php HTTP/1.1" 500 745 "-" "Mozilla/5.0 (Windows NT 10.0; Win64; x64) AppleWebKit/537.36 (KHTML, like Gecko) Chrome/114.0.0.0 Safari/537.36"
185.216.113.70 - - [23/Apr/2026:14:38:42 +0300] "POST /wp-cron.php?doing_wp_cron=1776944322.2332899570465087890625 HTTP/1.1" 200 448 "-" "WordPress/6.3.8; https://serhatburke.miroglu.net"
178.175.140.149 - - [23/Apr/2026:14:37:07 +0300] "POST /xmlrpc.php HTTP/1.1" 500 1102 "-" "Mozilla/5.0 (Windows NT 10.0; Win64; x64) AppleWebKit/537.36 (KHTML, like Gecko) Chrome/114.0.0.0 Safari/537.36"
185.216.113.70 - - [23/Apr/2026:14:39:18 +0300] "POST /wp-cron.php?doing_wp_cron=1776944358.1401898860931396484375 HTTP/1.1" 200 448 "-" "WordPress/6.3.8; https://serhatburke.miroglu.net"
98.98.197.186 - - [23/Apr/2026:14:37:21 +0300] "POST /xmlrpc.php HTTP/1.1" 500 1102 "-" "Mozilla/5.0 (Windows NT 10.0; Win64; x64) AppleWebKit/537.36 (KHTML, like Gecko) Chrome/114.0.0.0 Safari/537.36"
185.216.113.70 - - [23/Apr/2026:14:39:18 +0300] "POST /wp-cron.php?doing_wp_cron=1776944358.5619270801544189453125 HTTP/1.1" 200 448 "-" "WordPress/6.3.8; https://serhatburke.miroglu.net"
185.216.113.70 - - [23/Apr/2026:14:39:18 +0300] "POST /wp-cron.php?doing_wp_cron=1776944358.7657198905944824218750 HTTP/1.1" 200 448 "-" "WordPress/6.3.8; https://serhatburke.miroglu.net"
165.73.242.7 - - [23/Apr/2026:14:37:24 +0300] "GET /?p=130153 HTTP/1.1" 301 686 "-" "Mozilla/5.0 (Windows NT 10.0; Win64; x64) AppleWebKit/537.36 (KHTML, like Gecko) Chrome/123.0.0.0 Safari/537.36 OPR/109.0.0.0"
98.98.197.186 - - [23/Apr/2026:14:37:41 +0300] "GET /?p=130155 HTTP/1.1" 301 664 "-" "Mozilla/5.0 (Windows NT 10.0; rv:109.0) Gecko/20100101 Firefox/115.0"
185.216.113.70 - - [23/Apr/2026:14:39:22 +0300] "POST /wp-cron.php?doing_wp_cron=1776944362.7379860877990722656250 HTTP/1.1" 200 448 "-" "WordPress/6.3.8; https://serhatburke.miroglu.net"
178.175.140.149 - - [23/Apr/2026:14:37:28 +0300] "POST /xmlrpc.php HTTP/1.1" 200 627 "-" "Mozilla/5.0 (Windows NT 10.0; Win64; x64) AppleWebKit/537.36 (KHTML, like Gecko) Chrome/114.0.0.0 Safari/537.36"
185.216.113.70 - - [23/Apr/2026:14:39:48 +0300] "POST /wp-cron.php?doing_wp_cron=1776944388.2319779396057128906250 HTTP/1.1" 200 448 "-" "WordPress/6.3.8; https://serhatburke.miroglu.net"
165.73.242.7 - - [23/Apr/2026:14:38:04 +0300] "POST /xmlrpc.php HTTP/1.1" 500 1102 "-" "Mozilla/5.0 (Windows NT 10.0; Win64; x64) AppleWebKit/537.36 (KHTML, like Gecko) Chrome/114.0.0.0 Safari/537.36"
185.216.113.70 - - [23/Apr/2026:14:39:51 +0300] "POST /wp-cron.php?doing_wp_cron=1776944391.4567220211029052734375 HTTP/1.1" 200 448 "-" "WordPress/6.3.8; https://serhatburke.miroglu.net"
98.98.197.186 - - [23/Apr/2026:14:38:02 +0300] "POST /xmlrpc.php HTTP/1.1" 200 627 "-" "Mozilla/5.0 (Windows NT 10.0; Win64; x64) AppleWebKit/537.36 (KHTML, like Gecko) Chrome/114.0.0.0 Safari/537.36"
185.216.113.70 - - [23/Apr/2026:14:39:52 +0300] "POST /wp-cron.php?doing_wp_cron=1776944392.8502640724182128906250 HTTP/1.1" 200 448 "-" "WordPress/6.3.8; https://serhatburke.miroglu.net"
178.175.140.149 - - [23/Apr/2026:14:38:13 +0300] "POST /xmlrpc.php HTTP/1.1" 200 627 "-" "Mozilla/5.0 (Windows NT 10.0; Win64; x64) AppleWebKit/537.36 (KHTML, like Gecko) Chrome/114.0.0.0 Safari/537.36"
185.216.113.70 - - [23/Apr/2026:14:39:53 +0300] "POST /wp-cron.php?doing_wp_cron=1776944393.7586069107055664062500 HTTP/1.1" 200 448 "-" "WordPress/6.3.8; https://serhatburke.miroglu.net"
178.175.140.149 - - [23/Apr/2026:14:38:27 +0300] "GET /top-ten-web-based-casinos-2026-7000-real-cash-sites-examined/ HTTP/1.1" 404 56238 "-" "Mozilla/5.0 (Windows NT 10.0; Win64; x64) AppleWebKit/537.36 (KHTML, like Gecko) Chrome/122.0.0.0 Safari/537.36"
185.216.113.70 - - [23/Apr/2026:14:40:28 +0300] "POST /wp-cron.php?doing_wp_cron=1776944428.6482810974121093750000 HTTP/1.1" 200 448 "-" "WordPress/6.3.8; https://serhatburke.miroglu.net"
165.73.242.7 - - [23/Apr/2026:14:38:49 +0300] "POST /xmlrpc.php HTTP/1.1" 200 627 "-" "Mozilla/5.0 (Windows NT 10.0; Win64; x64) AppleWebKit/537.36 (KHTML, like Gecko) Chrome/114.0.0.0 Safari/537.36"
185.216.113.70 - - [23/Apr/2026:14:40:41 +0300] "POST /wp-cron.php?doing_wp_cron=1776944441.4618160724639892578125 HTTP/1.1" 200 448 "-" "WordPress/6.3.8; https://serhatburke.miroglu.net"
98.98.197.186 - - [23/Apr/2026:14:39:21 +0300] "GET /gambling-establishment-websites-with-higher-starburst-online-slot-earnings/ HTTP/1.1" 200 72391 "-" "Mozilla/5.0 (Windows NT 10.0; rv:109.0) Gecko/20100101 Firefox/115.0"
185.216.113.70 - - [23/Apr/2026:14:40:47 +0300] "POST /wp-cron.php?doing_wp_cron=1776944446.9774739742279052734375 HTTP/1.1" 200 448 "-" "WordPress/6.3.8; https://serhatburke.miroglu.net"
165.73.242.7 - - [23/Apr/2026:14:39:23 +0300] "GET /10-totally-free-no-deposit-bonuses-rabbit-fire-circus-casino-slot-no-deposit-casinos-in-the-2026/ HTTP/1.1" 404 56563 "-" "Mozilla/5.0 (Windows NT 10.0; Win64; x64) AppleWebKit/537.36 (KHTML, like Gecko) Chrome/123.0.0.0 Safari/537.36 OPR/109.0.0.0"
185.216.113.70 - - [23/Apr/2026:14:40:49 +0300] "POST /wp-cron.php?doing_wp_cron=1776944449.5359590053558349609375 HTTP/1.1" 200 448 "-" "WordPress/6.3.8; https://serhatburke.miroglu.net"
98.98.197.186 - - [23/Apr/2026:14:39:21 +0300] "POST /xmlrpc.php HTTP/1.1" 200 627 "-" "Mozilla/5.0 (Windows NT 10.0; Win64; x64) AppleWebKit/537.36 (KHTML, like Gecko) Chrome/114.0.0.0 Safari/537.36"
96.44.154.147 - - [23/Apr/2026:14:40:55 +0300] "POST /xmlrpc.php HTTP/1.1" 200 630 "-" "Mozilla/5.0 (Windows NT 10.0; Win64; x64) AppleWebKit/537.36 (KHTML, like Gecko) Chrome/114.0.0.0 Safari/537.36"
185.216.113.70 - - [23/Apr/2026:14:41:45 +0300] "POST /wp-cron.php?doing_wp_cron=1776944505.8393249511718750000000 HTTP/1.1" 200 448 "-" "WordPress/6.3.8; https://serhatburke.miroglu.net"
96.44.154.147 - - [23/Apr/2026:14:41:33 +0300] "POST /xmlrpc.php HTTP/1.1" 200 12396 "-" "Mozilla/5.0 (Windows NT 10.0; Win64; x64) AppleWebKit/537.36 (KHTML, like Gecko) Chrome/114.0.0.0 Safari/537.36"
96.44.154.147 - - [23/Apr/2026:14:41:46 +0300] "GET /our-technology-pros-even-look-at-the-ssl-certificate-advice-and-you-may-legal-the-strength-of-the-fresh-security/ HTTP/1.1" 200 74781 "-" "Mozilla/5.0 (Windows NT 10.0; Win64; x64) AppleWebKit/537.36 (KHTML, like Gecko) Chrome/124.0.0.0 Safari/537.36"
52.167.144.160 - - [23/Apr/2026:14:42:19 +0300] "GET /dexscreener-essentials-real-time-dex-scanner-guide/ HTTP/2" 200 19310 "-" "Mozilla/5.0 AppleWebKit/537.36 (KHTML, like Gecko; compatible; bingbot/2.0; +http://www.bing.com/bingbot.htm) Chrome/116.0.1938.76 Safari/537.36"
52.167.144.218 - - [23/Apr/2026:14:42:25 +0300] "GET /dragon-tiger-online-puntata-minima-2-euro/ HTTP/2" 200 17714 "-" "Mozilla/5.0 AppleWebKit/537.36 (KHTML, like Gecko; compatible; bingbot/2.0; +http://www.bing.com/bingbot.htm) Chrome/116.0.1938.76 Safari/537.36"
185.216.113.70 - - [23/Apr/2026:14:42:44 +0300] "POST /wp-cron.php?doing_wp_cron=1776944564.0850338935852050781250 HTTP/1.1" 200 448 "-" "WordPress/6.3.8; https://serhatburke.miroglu.net"
40.77.167.4 - - [23/Apr/2026:14:42:31 +0300] "GET /pripravte-se-na-maximalni-zazitek-z-online-hrani-kompletni/ HTTP/2" 200 18420 "-" "Mozilla/5.0 AppleWebKit/537.36 (KHTML, like Gecko; compatible; bingbot/2.0; +http://www.bing.com/bingbot.htm) Chrome/116.0.1938.76 Safari/537.36"
98.98.9.26 - - [23/Apr/2026:14:42:36 +0300] "POST /xmlrpc.php HTTP/1.1" 200 630 "-" "Mozilla/5.0 (Windows NT 10.0; Win64; x64) AppleWebKit/537.36 (KHTML, like Gecko) Chrome/114.0.0.0 Safari/537.36"
98.98.9.26 - - [23/Apr/2026:14:42:56 +0300] "POST /xmlrpc.php HTTP/1.1" 200 10679 "-" "Mozilla/5.0 (Windows NT 10.0; Win64; x64) AppleWebKit/537.36 (KHTML, like Gecko) Chrome/114.0.0.0 Safari/537.36"
40.77.167.4 - - [23/Apr/2026:14:42:57 +0300] "GET /lutilite-de-categorie-pour-agiotes-en-jeu-de-tunes-en-ligne/ HTTP/2" 200 17228 "-" "Mozilla/5.0 AppleWebKit/537.36 (KHTML, like Gecko; compatible; bingbot/2.0; +http://www.bing.com/bingbot.htm) Chrome/116.0.1938.76 Safari/537.36"
98.98.9.26 - - [23/Apr/2026:14:43:10 +0300] "GET /thunderstruck-slot-machine-game-totally-have-a-glimpse-at-this-site-free-play-inside-the-demonstration-by-the-microgaming/ HTTP/1.1" 200 73445 "-" "Mozilla/5.0 (Windows NT 10.0; Win64; x64) AppleWebKit/537.36 (KHTML, like Gecko) Chrome/109.0.0.0 Safari/537.36"
40.77.167.4 - - [23/Apr/2026:14:43:16 +0300] "GET /dungeons-dragons-the-official-household-from-house-of-dragons-slot-machine-dd-dungeons-dragons/ HTTP/2" 200 18387 "-" "Mozilla/5.0 AppleWebKit/537.36 (KHTML, like Gecko; compatible; bingbot/2.0; +http://www.bing.com/bingbot.htm) Chrome/116.0.1938.76 Safari/537.36"
185.216.113.70 - - [23/Apr/2026:14:44:50 +0300] "POST /wp-cron.php?doing_wp_cron=1776944690.8892569541931152343750 HTTP/1.1" 200 448 "-" "WordPress/6.3.8; https://serhatburke.miroglu.net"
193.36.38.226 - - [23/Apr/2026:14:44:38 +0300] "POST /xmlrpc.php HTTP/1.1" 200 692 "-" "Mozilla/5.0 (Windows NT 10.0; Win64; x64) AppleWebKit/537.36 (KHTML, like Gecko) Chrome/114.0.0.0 Safari/537.36"
66.249.73.14 - - [23/Apr/2026:14:44:50 +0300] "GET /hand-of-luck-casino-uk-a-players-review-and-insights/ HTTP/1.1" 200 17961 "-" "Mozilla/5.0 (Linux; Android 6.0.1; Nexus 5X Build/MMB29P) AppleWebKit/537.36 (KHTML, like Gecko) Chrome/146.0.7680.177 Mobile Safari/537.36 (compatible; Googlebot/2.1; +http://www.google.com/bot.html)"
193.36.38.226 - - [23/Apr/2026:14:44:56 +0300] "POST /xmlrpc.php HTTP/1.1" 200 13230 "-" "Mozilla/5.0 (Windows NT 10.0; Win64; x64) AppleWebKit/537.36 (KHTML, like Gecko) Chrome/114.0.0.0 Safari/537.36"
193.36.38.226 - - [23/Apr/2026:14:45:13 +0300] "GET /dies-gangbar-kasino-genoss-zwar-eine-billigung-hinein-malta-aber-gar-keine-berechtigung-in-ostmark/ HTTP/1.1" 200 75828 "-" "Mozilla/5.0 (Windows NT 10.0; rv:125.0) Gecko/20100101 Firefox/125.0"
185.216.113.70 - - [23/Apr/2026:14:45:51 +0300] "POST /wp-cron.php?doing_wp_cron=1776944751.3132390975952148437500 HTTP/1.1" 200 448 "-" "WordPress/6.3.8; https://serhatburke.miroglu.net"
98.98.9.26 - - [23/Apr/2026:14:45:37 +0300] "POST /xmlrpc.php HTTP/1.1" 200 630 "-" "Mozilla/5.0 (Windows NT 10.0; Win64; x64) AppleWebKit/537.36 (KHTML, like Gecko) Chrome/114.0.0.0 Safari/537.36"
66.249.73.14 - - [23/Apr/2026:14:45:52 +0300] "GET /hand-of-luck-casino-uk-a-players-review-and-insights/undefined?ts=1775520000 HTTP/1.1" 200 0 "https://serhatburke.miroglu.net/hand-of-luck-casino-uk-a-players-review-and-insights/" "Mozilla/5.0 (Linux; Android 6.0.1; Nexus 5X Build/MMB29P) AppleWebKit/537.36 (KHTML, like Gecko) Chrome/146.0.7680.177 Mobile Safari/537.36 (compatible; Googlebot/2.1; +http://www.google.com/bot.html)"
98.98.9.26 - - [23/Apr/2026:14:45:58 +0300] "POST /xmlrpc.php HTTP/1.1" 200 10376 "-" "Mozilla/5.0 (Windows NT 10.0; Win64; x64) AppleWebKit/537.36 (KHTML, like Gecko) Chrome/114.0.0.0 Safari/537.36"
98.98.9.26 - - [23/Apr/2026:14:46:15 +0300] "GET /maneki-gambling-establishment-bonuses-reading-user-immortal-romance-online-pokie-reviews-overall-get-2026/ HTTP/1.1" 200 72665 "-" "Mozilla/5.0 (Windows NT 10.0; Win64; x64; rv:124.0) Gecko/20100101 Firefox/124.0"
185.216.113.70 - - [23/Apr/2026:14:46:39 +0300] "POST /wp-cron.php?doing_wp_cron=1776944799.7167019844055175781250 HTTP/1.1" 200 448 "-" "WordPress/6.3.8; https://serhatburke.miroglu.net"
193.194.106.44 - - [23/Apr/2026:14:46:27 +0300] "GET /robots.txt HTTP/1.1" 200 735 "-" "Mozilla/5.0 (Linux; Android 6.0.1; Nexus 5X Build/MMB29P) AppleWebKit/537.36 (KHTML, like Gecko) Chrome/139.0.7258.156 Mobile Safari/537.36 (compatible; Googlebot/2.1; +http://www.google.com/bot.html)"
193.194.106.44 - - [23/Apr/2026:14:46:40 +0300] "GET /best-online-casino-uk-compare-140-top-casino-sites-2026/ HTTP/1.1" 200 20309 "-" "Mozilla/5.0 (Linux; Android 6.0.1; Nexus 5X Build/MMB29P) AppleWebKit/537.36 (KHTML, like Gecko) Chrome/139.0.7258.156 Mobile Safari/537.36 (compatible; Googlebot/2.1; +http://www.google.com/bot.html)"
185.216.113.70 - - [23/Apr/2026:14:48:55 +0300] "POST /wp-cron.php?doing_wp_cron=1776944935.2008090019226074218750 HTTP/1.1" 200 448 "-" "WordPress/6.3.8; https://serhatburke.miroglu.net"
98.98.9.26 - - [23/Apr/2026:14:48:41 +0300] "POST /xmlrpc.php HTTP/1.1" 200 630 "-" "Mozilla/5.0 (Windows NT 10.0; Win64; x64) AppleWebKit/537.36 (KHTML, like Gecko) Chrome/114.0.0.0 Safari/537.36"
52.167.144.158 - - [23/Apr/2026:14:48:50 +0300] "GET /effortlessly-download-and-manage-your-crypto-with-atomic-wallet/ HTTP/2" 200 17286 "-" "Mozilla/5.0 AppleWebKit/537.36 (KHTML, like Gecko; compatible; bingbot/2.0; +http://www.bing.com/bingbot.htm) Chrome/116.0.1938.76 Safari/537.36"
98.98.9.26 - - [23/Apr/2026:14:49:02 +0300] "POST /xmlrpc.php HTTP/1.1" 200 10942 "-" "Mozilla/5.0 (Windows NT 10.0; Win64; x64) AppleWebKit/537.36 (KHTML, like Gecko) Chrome/114.0.0.0 Safari/537.36"
98.98.9.26 - - [23/Apr/2026:14:49:18 +0300] "GET /a-tool-for-lucky-ladys-charm-deluxe-pokie-machine-viewing-sites-away-from-some-other-geographic-towns/ HTTP/1.1" 200 72811 "-" "Mozilla/5.0 (Windows NT 10.0; rv:125.0) Gecko/20100101 Firefox/125.0"
185.216.113.70 - - [23/Apr/2026:14:50:55 +0300] "POST /wp-cron.php?doing_wp_cron=1776945055.7922270298004150390625 HTTP/1.1" 200 448 "-" "WordPress/6.3.8; https://serhatburke.miroglu.net"
103.219.169.213 - - [23/Apr/2026:14:50:43 +0300] "POST /xmlrpc.php HTTP/1.1" 200 630 "-" "Mozilla/5.0 (Windows NT 10.0; Win64; x64) AppleWebKit/537.36 (KHTML, like Gecko) Chrome/114.0.0.0 Safari/537.36"
103.219.169.213 - - [23/Apr/2026:14:51:02 +0300] "POST /xmlrpc.php HTTP/1.1" 200 10087 "-" "Mozilla/5.0 (Windows NT 10.0; Win64; x64) AppleWebKit/537.36 (KHTML, like Gecko) Chrome/114.0.0.0 Safari/537.36"
103.219.169.213 - - [23/Apr/2026:14:51:16 +0300] "GET /roulette-schlachtplan-10-lord-of-the-ocean-slot-systeme-direkt-muhelos-vereinbart/ HTTP/1.1" 200 72436 "-" "Mozilla/5.0 (Windows NT 10.0; Win64; x64; rv:124.0) Gecko/20100101 Firefox/124.0"
98.98.9.26 - - [23/Apr/2026:14:51:31 +0300] "POST /xmlrpc.php HTTP/1.1" 200 630 "-" "Mozilla/5.0 (Windows NT 10.0; Win64; x64) AppleWebKit/537.36 (KHTML, like Gecko) Chrome/114.0.0.0 Safari/537.36"
185.216.113.70 - - [23/Apr/2026:14:52:02 +0300] "POST /wp-cron.php?doing_wp_cron=1776945122.3088049888610839843750 HTTP/1.1" 200 448 "-" "WordPress/6.3.8; https://serhatburke.miroglu.net"
98.98.9.26 - - [23/Apr/2026:14:51:50 +0300] "POST /xmlrpc.php HTTP/1.1" 200 10636 "-" "Mozilla/5.0 (Windows NT 10.0; Win64; x64) AppleWebKit/537.36 (KHTML, like Gecko) Chrome/114.0.0.0 Safari/537.36"
185.216.113.70 - - [23/Apr/2026:14:52:11 +0300] "POST /wp-cron.php?doing_wp_cron=1776945130.9806580543518066406250 HTTP/1.1" 200 448 "-" "WordPress/6.3.8; https://serhatburke.miroglu.net"
44.194.98.103 - - [23/Apr/2026:14:51:57 +0300] "GET /robots.txt HTTP/1.1" 200 605 "-" "Mozilla/5.0 (Macintosh; Intel Mac OS X 10_10_1) AppleWebKit/600.2.5 (KHTML, like Gecko) Version/8.0.2 Safari/600.2.5 (Gort)"
98.98.9.26 - - [23/Apr/2026:14:52:03 +0300] "GET /luck-time-clock-gambling-enterprise-complete-comment-casino-wixstars-100-free-spins-fact-checking-and-100-percent-free-incentives/ HTTP/1.1" 200 73429 "-" "Mozilla/5.0 (Windows NT 10.0; Win64; x64; rv:125.0) Gecko/20100101 Firefox/125.0"
185.191.171.3 - - [23/Apr/2026:14:52:19 +0300] "GET /robots.txt HTTP/1.1" 200 605 "-" "Mozilla/5.0 (compatible; SemrushBot/7~bl; +http://www.semrush.com/bot.html)"
96.44.154.147 - - [23/Apr/2026:14:52:28 +0300] "POST /xmlrpc.php HTTP/1.1" 200 630 "-" "Mozilla/5.0 (Windows NT 10.0; Win64; x64) AppleWebKit/537.36 (KHTML, like Gecko) Chrome/114.0.0.0 Safari/537.36"
85.208.96.208 - - [23/Apr/2026:14:52:34 +0300] "GET /best-on-line-casino-incentives-casino-santas-wild-ride-and-promotions-2026/ HTTP/1.1" 200 22191 "-" "Mozilla/5.0 (compatible; SemrushBot/7~bl; +http://www.semrush.com/bot.html)"
185.216.113.70 - - [23/Apr/2026:14:53:01 +0300] "POST /wp-cron.php?doing_wp_cron=1776945181.3209640979766845703125 HTTP/1.1" 200 448 "-" "WordPress/6.3.8; https://serhatburke.miroglu.net"
96.44.154.147 - - [23/Apr/2026:14:52:48 +0300] "POST /xmlrpc.php HTTP/1.1" 200 9238 "-" "Mozilla/5.0 (Windows NT 10.0; Win64; x64) AppleWebKit/537.36 (KHTML, like Gecko) Chrome/114.0.0.0 Safari/537.36"
96.44.154.147 - - [23/Apr/2026:14:53:02 +0300] "GET /immediately-following-youre-in-the-fresh-reception-is-laden-with-hundreds-of-ports-and-you-will-high-quality-table-games/ HTTP/1.1" 200 72310 "-" "Mozilla/5.0 (Windows NT 10.0; Win64; x64) AppleWebKit/537.36 (KHTML, like Gecko) Chrome/124.0.0.0 Safari/537.36"
185.216.113.70 - - [23/Apr/2026:14:54:00 +0300] "POST /wp-cron.php?doing_wp_cron=1776945240.6817231178283691406250 HTTP/1.1" 200 448 "-" "WordPress/6.3.8; https://serhatburke.miroglu.net"
96.44.154.147 - - [23/Apr/2026:14:53:48 +0300] "POST /xmlrpc.php HTTP/1.1" 200 630 "-" "Mozilla/5.0 (Windows NT 10.0; Win64; x64) AppleWebKit/537.36 (KHTML, like Gecko) Chrome/114.0.0.0 Safari/537.36"
40.77.167.48 - - [23/Apr/2026:14:54:05 +0300] "GET /hellspin-fifty-3-mrbet-sign-up-bonus-hundred-fs-tournament-2026/ HTTP/2" 200 18644 "-" "Mozilla/5.0 AppleWebKit/537.36 (KHTML, like Gecko; compatible; bingbot/2.0; +http://www.bing.com/bingbot.htm) Chrome/116.0.1938.76 Safari/537.36"
96.44.154.147 - - [23/Apr/2026:14:54:07 +0300] "POST /xmlrpc.php HTTP/1.1" 200 11864 "-" "Mozilla/5.0 (Windows NT 10.0; Win64; x64) AppleWebKit/537.36 (KHTML, like Gecko) Chrome/114.0.0.0 Safari/537.36"
40.77.167.78 - - [23/Apr/2026:14:54:09 +0300] "GET /dexscreener-advanced-dex-scanner-for-real-time-trading/ HTTP/2" 200 19272 "-" "Mozilla/5.0 AppleWebKit/537.36 (KHTML, like Gecko; compatible; bingbot/2.0; +http://www.bing.com/bingbot.htm) Chrome/116.0.1938.76 Safari/537.36"
52.167.144.158 - - [23/Apr/2026:14:54:11 +0300] "GET /roulette-numeri-rossi/ HTTP/2" 200 16518 "-" "Mozilla/5.0 AppleWebKit/537.36 (KHTML, like Gecko; compatible; bingbot/2.0; +http://www.bing.com/bingbot.htm) Chrome/116.0.1938.76 Safari/537.36"
40.77.167.78 - - [23/Apr/2026:14:54:16 +0300] "GET /unser-rangliste-das-besten-mobilen-casinos-2026/ HTTP/2" 200 17523 "-" "Mozilla/5.0 AppleWebKit/537.36 (KHTML, like Gecko; compatible; bingbot/2.0; +http://www.bing.com/bingbot.htm) Chrome/116.0.1938.76 Safari/537.36"
98.98.9.26 - - [23/Apr/2026:14:54:21 +0300] "POST /xmlrpc.php HTTP/1.1" 200 630 "-" "Mozilla/5.0 (Windows NT 10.0; Win64; x64) AppleWebKit/537.36 (KHTML, like Gecko) Chrome/114.0.0.0 Safari/537.36"
185.216.113.70 - - [23/Apr/2026:14:54:56 +0300] "POST /wp-cron.php?doing_wp_cron=1776945295.9897210597991943359375 HTTP/1.1" 200 448 "-" "WordPress/6.3.8; https://serhatburke.miroglu.net"
52.167.144.158 - - [23/Apr/2026:14:54:23 +0300] "GET /robot-na-monety-machiny-jak-i-rowniez-urzadzenia-olx-gwoli-kategorii/ HTTP/2" 200 19411 "-" "Mozilla/5.0 AppleWebKit/537.36 (KHTML, like Gecko; compatible; bingbot/2.0; +http://www.bing.com/bingbot.htm) Chrome/116.0.1938.76 Safari/537.36"
96.44.154.147 - - [23/Apr/2026:14:54:43 +0300] "GET /after-that-members-need-to-look-having-clear-rtps-safer-payment-actions-and-you-may-obvious-reasonable-extra-terminology/ HTTP/1.1" 200 74842 "-" "Mozilla/5.0 (Windows NT 10.0; Win64; x64) AppleWebKit/537.36 (KHTML, like Gecko) Chrome/123.0.0.0 Safari/537.36"
98.98.9.26 - - [23/Apr/2026:14:55:02 +0300] "POST /xmlrpc.php HTTP/1.1" 200 10675 "-" "Mozilla/5.0 (Windows NT 10.0; Win64; x64) AppleWebKit/537.36 (KHTML, like Gecko) Chrome/114.0.0.0 Safari/537.36"
96.44.154.147 - - [23/Apr/2026:14:55:05 +0300] "POST /xmlrpc.php HTTP/1.1" 200 630 "-" "Mozilla/5.0 (Windows NT 10.0; Win64; x64) AppleWebKit/537.36 (KHTML, like Gecko) Chrome/114.0.0.0 Safari/537.36"
40.77.167.78 - - [23/Apr/2026:14:55:15 +0300] "GET /doar-ce-sunt-cazinourile-care-au-depunere-minima-din-al-zecelea-lei/ HTTP/2" 200 16692 "-" "Mozilla/5.0 AppleWebKit/537.36 (KHTML, like Gecko; compatible; bingbot/2.0; +http://www.bing.com/bingbot.htm) Chrome/116.0.1938.76 Safari/537.36"
98.98.9.26 - - [23/Apr/2026:14:55:18 +0300] "GET /low-gamstop-casinos-greatest-gaming-10bet-no-deposit-sign-up-bonus-sites-instead-of-gamstop-2026/ HTTP/1.1" 200 72376 "-" "Mozilla/5.0 (Windows NT 10.0; rv:109.0) Gecko/20100101 Firefox/115.0"
185.216.113.70 - - [23/Apr/2026:14:55:41 +0300] "POST /wp-cron.php?doing_wp_cron=1776945341.1933400630950927734375 HTTP/1.1" 200 448 "-" "WordPress/6.3.8; https://serhatburke.miroglu.net"
40.77.167.78 - - [23/Apr/2026:14:55:23 +0300] "GET /kraken-aktual-nye-ssylki-i-metody-bezopasnogo-dostupa/ HTTP/2" 200 18295 "-" "Mozilla/5.0 AppleWebKit/537.36 (KHTML, like Gecko; compatible; bingbot/2.0; +http://www.bing.com/bingbot.htm) Chrome/116.0.1938.76 Safari/537.36"
96.44.154.147 - - [23/Apr/2026:14:55:26 +0300] "POST /xmlrpc.php HTTP/1.1" 200 9175 "-" "Mozilla/5.0 (Windows NT 10.0; Win64; x64) AppleWebKit/537.36 (KHTML, like Gecko) Chrome/114.0.0.0 Safari/537.36"
96.44.154.147 - - [23/Apr/2026:14:55:44 +0300] "GET /winpalace-local-casino-will-be-made-use-of-because-the-a-platform-you-to-definitely-redirects-users-to-help-you-roaring21/ HTTP/1.1" 200 72055 "-" "Mozilla/5.0 (Windows NT 10.0; Win64; x64) AppleWebKit/537.36 (KHTML, like Gecko) Chrome/124.0.0.0 Safari/537.36 Edg/124.0.0.0"
40.77.167.78 - - [23/Apr/2026:14:56:03 +0300] "GET /discovering-bscscan-your-essential-tool-for-crypto-insight-2/ HTTP/2" 200 17302 "-" "Mozilla/5.0 AppleWebKit/537.36 (KHTML, like Gecko; compatible; bingbot/2.0; +http://www.bing.com/bingbot.htm) Chrome/116.0.1938.76 Safari/537.36"
96.44.154.147 - - [23/Apr/2026:14:56:15 +0300] "POST /xmlrpc.php HTTP/1.1" 200 630 "-" "Mozilla/5.0 (Windows NT 10.0; Win64; x64) AppleWebKit/537.36 (KHTML, like Gecko) Chrome/114.0.0.0 Safari/537.36"
40.77.167.78 - - [23/Apr/2026:14:56:22 +0300] "GET /discovering-dexscreener-the-ultimate-dex-tool-for-traders/ HTTP/2" 200 16974 "-" "Mozilla/5.0 AppleWebKit/537.36 (KHTML, like Gecko; compatible; bingbot/2.0; +http://www.bing.com/bingbot.htm) Chrome/116.0.1938.76 Safari/537.36"
185.216.113.70 - - [23/Apr/2026:14:56:46 +0300] "POST /wp-cron.php?doing_wp_cron=1776945406.0349180698394775390625 HTTP/1.1" 200 448 "-" "WordPress/6.3.8; https://serhatburke.miroglu.net"
96.44.154.147 - - [23/Apr/2026:14:56:33 +0300] "POST /xmlrpc.php HTTP/1.1" 200 9155 "-" "Mozilla/5.0 (Windows NT 10.0; Win64; x64) AppleWebKit/537.36 (KHTML, like Gecko) Chrome/114.0.0.0 Safari/537.36"
96.44.154.147 - - [23/Apr/2026:14:56:46 +0300] "GET /making-use-of-numerous-cam-basics-and-you-may-high-meaning-video-clips-online-streaming-brings-a-keen-immersive-gambling-feel-getting-people/ HTTP/1.1" 200 72660 "-" "Mozilla/5.0 (Windows NT 10.0; Win64; x64; rv:124.0) Gecko/20100101 Firefox/124.0"
40.77.167.78 - - [23/Apr/2026:14:56:53 +0300] "GET /rotiri-gratuite-dar-plata-astaz-top-runde-gratis-2025/ HTTP/2" 200 19160 "-" "Mozilla/5.0 AppleWebKit/537.36 (KHTML, like Gecko; compatible; bingbot/2.0; +http://www.bing.com/bingbot.htm) Chrome/116.0.1938.76 Safari/537.36"
40.77.167.78 - - [23/Apr/2026:14:56:57 +0300] "GET /angebote-blank-zahlung-welches-welche-funktionieren-vermogen-weiters-is-nichtens/ HTTP/2" 200 17997 "-" "Mozilla/5.0 AppleWebKit/537.36 (KHTML, like Gecko; compatible; bingbot/2.0; +http://www.bing.com/bingbot.htm) Chrome/116.0.1938.76 Safari/537.36"
98.98.9.26 - - [23/Apr/2026:14:57:08 +0300] "POST /xmlrpc.php HTTP/1.1" 200 630 "-" "Mozilla/5.0 (Windows NT 10.0; Win64; x64) AppleWebKit/537.36 (KHTML, like Gecko) Chrome/114.0.0.0 Safari/537.36"
185.216.113.70 - - [23/Apr/2026:14:57:37 +0300] "POST /wp-cron.php?doing_wp_cron=1776945457.7080719470977783203125 HTTP/1.1" 200 448 "-" "WordPress/6.3.8; https://serhatburke.miroglu.net"
96.44.154.147 - - [23/Apr/2026:14:57:25 +0300] "POST /xmlrpc.php HTTP/1.1" 200 630 "-" "Mozilla/5.0 (Windows NT 10.0; Win64; x64) AppleWebKit/537.36 (KHTML, like Gecko) Chrome/114.0.0.0 Safari/537.36"
98.98.9.26 - - [23/Apr/2026:14:57:27 +0300] "POST /xmlrpc.php HTTP/1.1" 200 11139 "-" "Mozilla/5.0 (Windows NT 10.0; Win64; x64) AppleWebKit/537.36 (KHTML, like Gecko) Chrome/114.0.0.0 Safari/537.36"
98.98.9.26 - - [23/Apr/2026:14:57:42 +0300] "GET /thunderstruck-on-the-web-1-dollar-deposit-online-casinos-trial-play-slots-for-free/ HTTP/1.1" 200 72554 "-" "Mozilla/5.0 (Windows NT 10.0; Win64; x64; rv:125.0) Gecko/20100101 Firefox/125.0"
96.44.154.147 - - [23/Apr/2026:14:57:44 +0300] "POST /xmlrpc.php HTTP/1.1" 200 10654 "-" "Mozilla/5.0 (Windows NT 10.0; Win64; x64) AppleWebKit/537.36 (KHTML, like Gecko) Chrome/114.0.0.0 Safari/537.36"
96.44.154.147 - - [23/Apr/2026:14:58:00 +0300] "GET /you-will-find-continually-uk-websites-revealed-bringing-new-features-and-you-will-skills-so-youre-able-to-players/ HTTP/1.1" 200 73354 "-" "Mozilla/5.0 (Windows NT 10.0; Win64; x64) AppleWebKit/537.36 (KHTML, like Gecko) Chrome/122.0.0.0 Safari/537.36"
185.216.113.70 - - [23/Apr/2026:14:58:53 +0300] "POST /wp-cron.php?doing_wp_cron=1776945533.0587849617004394531250 HTTP/1.1" 200 448 "-" "WordPress/6.3.8; https://serhatburke.miroglu.net"
96.44.154.147 - - [23/Apr/2026:14:58:40 +0300] "POST /xmlrpc.php HTTP/1.1" 200 630 "-" "Mozilla/5.0 (Windows NT 10.0; Win64; x64) AppleWebKit/537.36 (KHTML, like Gecko) Chrome/114.0.0.0 Safari/537.36"
96.44.154.147 - - [23/Apr/2026:14:58:59 +0300] "POST /xmlrpc.php HTTP/1.1" 200 10956 "-" "Mozilla/5.0 (Windows NT 10.0; Win64; x64) AppleWebKit/537.36 (KHTML, like Gecko) Chrome/114.0.0.0 Safari/537.36"
178.175.140.149 - - [23/Apr/2026:14:59:09 +0300] "POST /xmlrpc.php HTTP/1.1" 200 630 "-" "Mozilla/5.0 (Windows NT 10.0; Win64; x64) AppleWebKit/537.36 (KHTML, like Gecko) Chrome/114.0.0.0 Safari/537.36"
96.44.154.147 - - [23/Apr/2026:14:59:12 +0300] "GET /according-to-whether-youre-playing-european-otherwise-western-roulette-the-house-line-may-differ-ranging-from-2/ HTTP/1.1" 200 73421 "-" "Mozilla/5.0 (Windows NT 10.0; Win64; x64; rv:124.0) Gecko/20100101 Firefox/124.0"
185.216.113.70 - - [23/Apr/2026:14:59:39 +0300] "POST /wp-cron.php?doing_wp_cron=1776945579.8233981132507324218750 HTTP/1.1" 200 448 "-" "WordPress/6.3.8; https://serhatburke.miroglu.net"
178.175.140.149 - - [23/Apr/2026:14:59:27 +0300] "POST /xmlrpc.php HTTP/1.1" 200 11942 "-" "Mozilla/5.0 (Windows NT 10.0; Win64; x64) AppleWebKit/537.36 (KHTML, like Gecko) Chrome/114.0.0.0 Safari/537.36"
98.98.9.26 - - [23/Apr/2026:14:59:40 +0300] "POST /xmlrpc.php HTTP/1.1" 200 630 "-" "Mozilla/5.0 (Windows NT 10.0; Win64; x64) AppleWebKit/537.36 (KHTML, like Gecko) Chrome/114.0.0.0 Safari/537.36"
178.175.140.149 - - [23/Apr/2026:14:59:40 +0300] "GET /most-readily-useful-on-line-casino-no-deposit-extra-rules-2026/ HTTP/1.1" 200 73177 "-" "Mozilla/5.0 (Windows NT 10.0; Win64; x64; rv:124.0) Gecko/20100101 Firefox/124.0"
96.44.154.147 - - [23/Apr/2026:14:59:47 +0300] "POST /xmlrpc.php HTTP/1.1" 200 630 "-" "Mozilla/5.0 (Windows NT 10.0; Win64; x64) AppleWebKit/537.36 (KHTML, like Gecko) Chrome/114.0.0.0 Safari/537.36"
98.98.9.26 - - [23/Apr/2026:15:00:13 +0300] "POST /xmlrpc.php HTTP/1.1" 200 10451 "-" "Mozilla/5.0 (Windows NT 10.0; Win64; x64) AppleWebKit/537.36 (KHTML, like Gecko) Chrome/114.0.0.0 Safari/537.36"
96.44.154.147 - - [23/Apr/2026:15:00:17 +0300] "POST /xmlrpc.php HTTP/1.1" 200 13086 "-" "Mozilla/5.0 (Windows NT 10.0; Win64; x64) AppleWebKit/537.36 (KHTML, like Gecko) Chrome/114.0.0.0 Safari/537.36"
185.216.113.70 - - [23/Apr/2026:15:00:42 +0300] "POST /wp-cron.php?doing_wp_cron=1776945642.1961190700531005859375 HTTP/1.1" 200 448 "-" "WordPress/6.3.8; https://serhatburke.miroglu.net"
98.98.9.26 - - [23/Apr/2026:15:00:29 +0300] "GET /publication-from-ra-authoritative-site-to-experience-star-wars-slot-machine-the-real-deal-currency/ HTTP/1.1" 200 72331 "-" "Mozilla/5.0 (Windows NT 10.0; rv:109.0) Gecko/20100101 Firefox/115.0"
96.44.154.147 - - [23/Apr/2026:15:00:31 +0300] "GET /casino-profits-are-not-taxed-in-the-united-kingdom-while-the-workers-pay-taxation-on-their-cash/ HTTP/1.1" 200 75208 "-" "Mozilla/5.0 (Windows NT 10.0; Win64; x64) AppleWebKit/537.36 (KHTML, like Gecko) Chrome/123.0.0.0 Safari/537.36 OPR/109.0.0.0"
96.44.154.147 - - [23/Apr/2026:15:00:41 +0300] "POST /xmlrpc.php HTTP/1.1" 200 630 "-" "Mozilla/5.0 (Windows NT 10.0; Win64; x64) AppleWebKit/537.36 (KHTML, like Gecko) Chrome/114.0.0.0 Safari/537.36"
52.167.144.138 - - [23/Apr/2026:15:00:57 +0300] "GET /10-gaming-legitimes-que-assurent-de-la-maille-palpable-aussitot-sans-nul-classe/ HTTP/2" 200 18794 "-" "Mozilla/5.0 AppleWebKit/537.36 (KHTML, like Gecko; compatible; bingbot/2.0; +http://www.bing.com/bingbot.htm) Chrome/116.0.1938.76 Safari/537.36"
96.44.154.147 - - [23/Apr/2026:15:01:01 +0300] "POST /xmlrpc.php HTTP/1.1" 200 10256 "-" "Mozilla/5.0 (Windows NT 10.0; Win64; x64) AppleWebKit/537.36 (KHTML, like Gecko) Chrome/114.0.0.0 Safari/537.36"
40.77.167.78 - - [23/Apr/2026:15:01:06 +0300] "GET /gamble-extra-juicy-5-deposit-legendary-blade-avalon-totally-free-trial/ HTTP/2" 200 18901 "-" "Mozilla/5.0 AppleWebKit/537.36 (KHTML, like Gecko; compatible; bingbot/2.0; +http://www.bing.com/bingbot.htm) Chrome/116.0.1938.76 Safari/537.36"
96.44.154.147 - - [23/Apr/2026:15:01:17 +0300] "GET /the-website-might-be-extremely-safe-and-secure-with-different-strategies-adopted-to-make-certain-associate-safeguards/ HTTP/1.1" 200 72820 "-" "Mozilla/5.0 (Windows NT 10.0; Win64; x64) AppleWebKit/537.36 (KHTML, like Gecko) Chrome/123.0.0.0 Safari/537.36"
185.216.113.70 - - [23/Apr/2026:15:01:41 +0300] "POST /wp-cron.php?doing_wp_cron=1776945700.8742959499359130859375 HTTP/1.1" 200 448 "-" "WordPress/6.3.8; https://serhatburke.miroglu.net"
40.77.167.78 - - [23/Apr/2026:15:01:29 +0300] "GET /darmowe-gry-hazardowe-w-polsce-najlepszy-gry-6/ HTTP/2" 200 18726 "-" "Mozilla/5.0 AppleWebKit/537.36 (KHTML, like Gecko; compatible; bingbot/2.0; +http://www.bing.com/bingbot.htm) Chrome/116.0.1938.76 Safari/537.36"
96.44.154.147 - - [23/Apr/2026:15:01:47 +0300] "POST /xmlrpc.php HTTP/1.1" 200 630 "-" "Mozilla/5.0 (Windows NT 10.0; Win64; x64) AppleWebKit/537.36 (KHTML, like Gecko) Chrome/114.0.0.0 Safari/537.36"
185.216.113.70 - - [23/Apr/2026:15:02:18 +0300] "POST /wp-cron.php?doing_wp_cron=1776945738.6440150737762451171875 HTTP/1.1" 200 448 "-" "WordPress/6.3.8; https://serhatburke.miroglu.net"
96.44.154.147 - - [23/Apr/2026:15:02:06 +0300] "POST /xmlrpc.php HTTP/1.1" 200 9101 "-" "Mozilla/5.0 (Windows NT 10.0; Win64; x64) AppleWebKit/537.36 (KHTML, like Gecko) Chrome/114.0.0.0 Safari/537.36"
96.44.154.147 - - [23/Apr/2026:15:02:19 +0300] "GET /we-find-they-brief-and-you-may-receptive-managing-everything-we-requisite-regarding-gambling-enterprise-site/ HTTP/1.1" 200 71645 "-" "Mozilla/5.0 (Windows NT 10.0; rv:125.0) Gecko/20100101 Firefox/125.0"
98.98.9.26 - - [23/Apr/2026:15:02:21 +0300] "POST /xmlrpc.php HTTP/1.1" 200 630 "-" "Mozilla/5.0 (Windows NT 10.0; Win64; x64) AppleWebKit/537.36 (KHTML, like Gecko) Chrome/114.0.0.0 Safari/537.36"
103.219.169.213 - - [23/Apr/2026:15:02:23 +0300] "POST /xmlrpc.php HTTP/1.1" 200 630 "-" "Mozilla/5.0 (Windows NT 10.0; Win64; x64) AppleWebKit/537.36 (KHTML, like Gecko) Chrome/114.0.0.0 Safari/537.36"
96.44.154.147 - - [23/Apr/2026:15:02:51 +0300] "POST /xmlrpc.php HTTP/1.1" 200 630 "-" "Mozilla/5.0 (Windows NT 10.0; Win64; x64) AppleWebKit/537.36 (KHTML, like Gecko) Chrome/114.0.0.0 Safari/537.36"
98.98.9.26 - - [23/Apr/2026:15:02:53 +0300] "POST /xmlrpc.php HTTP/1.1" 200 10391 "-" "Mozilla/5.0 (Windows NT 10.0; Win64; x64) AppleWebKit/537.36 (KHTML, like Gecko) Chrome/114.0.0.0 Safari/537.36"
103.219.169.213 - - [23/Apr/2026:15:02:54 +0300] "POST /xmlrpc.php HTTP/1.1" 200 10854 "-" "Mozilla/5.0 (Windows NT 10.0; Win64; x64) AppleWebKit/537.36 (KHTML, like Gecko) Chrome/114.0.0.0 Safari/537.36"
185.216.113.70 - - [23/Apr/2026:15:03:30 +0300] "POST /wp-cron.php?doing_wp_cron=1776945810.3779089450836181640625 HTTP/1.1" 200 448 "-" "WordPress/6.3.8; https://serhatburke.miroglu.net"
103.219.169.213 - - [23/Apr/2026:15:03:12 +0300] "GET /black-jack-taktik-spielen-sie-blackjack-online-schlachtplan-top4-blackjack-strategien/ HTTP/1.1" 200 73014 "-" "Mozilla/5.0 (Windows NT 10.0; Win64; x64) AppleWebKit/537.36 (KHTML, like Gecko) Chrome/122.0.0.0 Safari/537.36"
98.98.9.26 - - [23/Apr/2026:15:03:12 +0300] "GET /all-casino-ho-ho-ho-of-the-twenty-five-100-percent-free-spins-no-deposit-incentives/ HTTP/1.1" 200 71901 "-" "Mozilla/5.0 (Windows NT 10.0; rv:125.0) Gecko/20100101 Firefox/125.0"
96.44.154.147 - - [23/Apr/2026:15:03:13 +0300] "POST /xmlrpc.php HTTP/1.1" 200 11313 "-" "Mozilla/5.0 (Windows NT 10.0; Win64; x64) AppleWebKit/537.36 (KHTML, like Gecko) Chrome/114.0.0.0 Safari/537.36"
193.194.106.44 - - [23/Apr/2026:15:03:27 +0300] "GET /robots.txt HTTP/1.1" 200 735 "-" "Mozilla/5.0 (Linux; Android 6.0.1; Nexus 5X Build/MMB29P) AppleWebKit/537.36 (KHTML, like Gecko) Chrome/139.0.7258.156 Mobile Safari/537.36 (compatible; Googlebot/2.1; +http://www.google.com/bot.html)"
216.73.217.0 - - [23/Apr/2026:15:03:32 +0300] "GET /robots.txt HTTP/2" 200 110 "-" "Mozilla/5.0 AppleWebKit/537.36 (KHTML, like Gecko; compatible; ClaudeBot/1.0; +claudebot@anthropic.com)"
