216.128.180.172 - - [24/Apr/2026:01:06:53 +0300] "GET /you-arent-only-viewing-their-games-but-you-happen-to-be-along-with-reaping-additional-perks-to-suit-your-loyalty/ HTTP/1.1" 200 73448 "-" "Mozilla/5.0 (Windows NT 10.0; Win64; x64) AppleWebKit/537.36 (KHTML, like Gecko) Chrome/123.0.0.0 Safari/537.36"
216.128.180.172 - - [24/Apr/2026:01:07:11 +0300] "POST /xmlrpc.php HTTP/1.1" 200 630 "-" "Mozilla/5.0 (Windows NT 10.0; Win64; x64) AppleWebKit/537.36 (KHTML, like Gecko) Chrome/114.0.0.0 Safari/537.36"
200.25.47.105 - - [24/Apr/2026:01:07:13 +0300] "POST /xmlrpc.php HTTP/1.1" 200 630 "-" "Mozilla/5.0 (Windows NT 10.0; Win64; x64) AppleWebKit/537.36 (KHTML, like Gecko) Chrome/114.0.0.0 Safari/537.36"
185.216.113.70 - - [24/Apr/2026:01:07:48 +0300] "POST /wp-cron.php?doing_wp_cron=1776982068.2144920825958251953125 HTTP/1.1" 200 448 "-" "WordPress/6.3.8; https://serhatburke.miroglu.net"
216.128.180.172 - - [24/Apr/2026:01:07:32 +0300] "POST /xmlrpc.php HTTP/1.1" 200 10628 "-" "Mozilla/5.0 (Windows NT 10.0; Win64; x64) AppleWebKit/537.36 (KHTML, like Gecko) Chrome/114.0.0.0 Safari/537.36"
200.25.47.105 - - [24/Apr/2026:01:07:33 +0300] "POST /xmlrpc.php HTTP/1.1" 200 11751 "-" "Mozilla/5.0 (Windows NT 10.0; Win64; x64) AppleWebKit/537.36 (KHTML, like Gecko) Chrome/114.0.0.0 Safari/537.36"
99.237.126.32 - - [24/Apr/2026:01:07:50 +0300] "POST /xmlrpc.php HTTP/1.1" 200 0 "-" "Mozilla/5.0 (Macintosh; Intel Mac OS X 13_3_1) AppleWebKit/605.1.15 (KHTML, like Gecko) Version/16.4 Safari/605.1.15"
40.77.167.48 - - [24/Apr/2026:01:07:42 +0300] "GET /no-deposit-bonus-codes-personal-free-now-offers-in-the-2026/ HTTP/2" 200 19258 "-" "Mozilla/5.0 AppleWebKit/537.36 (KHTML, like Gecko; compatible; bingbot/2.0; +http://www.bing.com/bingbot.htm) Chrome/116.0.1938.76 Safari/537.36"
40.77.167.151 - - [24/Apr/2026:01:07:47 +0300] "GET /personaggio-dei-modi-con-laggiunta-di-utilizzati-verso-registrarsi-nei-casa-da-gioco-online-e-collegamento-lo-spid/ HTTP/2" 200 18106 "-" "Mozilla/5.0 AppleWebKit/537.36 (KHTML, like Gecko; compatible; bingbot/2.0; +http://www.bing.com/bingbot.htm) Chrome/116.0.1938.76 Safari/537.36"
216.128.180.172 - - [24/Apr/2026:01:07:49 +0300] "GET /in-addition-to-more-online-game-products-contribute-additional-percent-so-youre-able-to-wagering/ HTTP/1.1" 200 74747 "-" "Mozilla/5.0 (Windows NT 10.0; Win64; x64) AppleWebKit/537.36 (KHTML, like Gecko) Chrome/124.0.0.0 Safari/537.36 Edg/124.0.0.0"
200.25.47.105 - - [24/Apr/2026:01:07:54 +0300] "GET /internet-poker-tournaments-for-real-money-at-the-ignition/ HTTP/1.1" 200 74333 "-" "Mozilla/5.0 (Windows NT 10.0; Win64; x64) AppleWebKit/537.36 (KHTML, like Gecko) Chrome/109.0.0.0 Safari/537.36"
208.79.163.76 - - [24/Apr/2026:01:08:15 +0300] "POST /xmlrpc.php HTTP/1.1" 200 0 "-" "Mozilla/5.0 (iPhone; CPU iPhone OS 16_7 like Mac OS X) AppleWebKit/605.1.15 (KHTML, like Gecko) Version/16.7 Mobile/15E148 Safari/604.1"
216.128.180.172 - - [24/Apr/2026:01:08:14 +0300] "POST /xmlrpc.php HTTP/1.1" 200 630 "-" "Mozilla/5.0 (Windows NT 10.0; Win64; x64) AppleWebKit/537.36 (KHTML, like Gecko) Chrome/114.0.0.0 Safari/537.36"
185.216.113.70 - - [24/Apr/2026:01:08:56 +0300] "POST /wp-cron.php?doing_wp_cron=1776982136.2356190681457519531250 HTTP/1.1" 200 448 "-" "WordPress/6.3.8; https://serhatburke.miroglu.net"
40.77.167.48 - - [24/Apr/2026:01:08:33 +0300] "GET /greatest-a-casino-with-minimum-deposit-of-1-real-income-casinos-on-the-internet-in-america-feb-2026/ HTTP/2" 200 19134 "-" "Mozilla/5.0 AppleWebKit/537.36 (KHTML, like Gecko; compatible; bingbot/2.0; +http://www.bing.com/bingbot.htm) Chrome/116.0.1938.76 Safari/537.36"
185.216.113.70 - - [24/Apr/2026:01:09:02 +0300] "POST /wp-cron.php?doing_wp_cron=1776982142.8065509796142578125000 HTTP/1.1" 200 448 "-" "WordPress/6.3.8; https://serhatburke.miroglu.net"
40.77.167.151 - - [24/Apr/2026:01:08:37 +0300] "GET /better-casino-application-2025-gaming-critical-link-programs-the-real-thing-currency/ HTTP/2" 200 18534 "-" "Mozilla/5.0 AppleWebKit/537.36 (KHTML, like Gecko; compatible; bingbot/2.0; +http://www.bing.com/bingbot.htm) Chrome/116.0.1938.76 Safari/537.36"
24.77.100.8 - - [24/Apr/2026:01:08:41 +0300] "POST /xmlrpc.php HTTP/1.1" 200 0 "-" "Mozilla/5.0 (iPhone; CPU iPhone OS 16_7 like Mac OS X) AppleWebKit/605.1.15 (KHTML, like Gecko) Version/16.7 Mobile/15E148 Safari/604.1"
216.128.180.172 - - [24/Apr/2026:01:08:55 +0300] "POST /xmlrpc.php HTTP/1.1" 200 9818 "-" "Mozilla/5.0 (Windows NT 10.0; Win64; x64) AppleWebKit/537.36 (KHTML, like Gecko) Chrome/114.0.0.0 Safari/537.36"
174.95.101.130 - - [24/Apr/2026:01:09:15 +0300] "POST /xmlrpc.php HTTP/1.1" 200 0 "-" "Mozilla/5.0 (iPad; CPU OS 17_1 like Mac OS X) AppleWebKit/605.1.15 (KHTML, like Gecko) Version/17.1 Mobile/15E148 Safari/604.1"
216.128.180.172 - - [24/Apr/2026:01:09:08 +0300] "POST /xmlrpc.php HTTP/1.1" 200 630 "-" "Mozilla/5.0 (Windows NT 10.0; Win64; x64) AppleWebKit/537.36 (KHTML, like Gecko) Chrome/114.0.0.0 Safari/537.36"
185.216.113.70 - - [24/Apr/2026:01:10:03 +0300] "POST /wp-cron.php?doing_wp_cron=1776982203.0607409477233886718750 HTTP/1.1" 200 448 "-" "WordPress/6.3.8; https://serhatburke.miroglu.net"
40.77.167.48 - - [24/Apr/2026:01:09:23 +0300] "GET /karamba-skodadu-frabaera-aukaleiki-fyrir-hjolhysi-goldbet-app-fyrir-android-skradu-thig-og-fadu-hvata/ HTTP/2" 200 18153 "-" "Mozilla/5.0 AppleWebKit/537.36 (KHTML, like Gecko; compatible; bingbot/2.0; +http://www.bing.com/bingbot.htm) Chrome/116.0.1938.76 Safari/537.36"
185.216.113.70 - - [24/Apr/2026:01:10:06 +0300] "POST /wp-cron.php?doing_wp_cron=1776982205.9275050163269042968750 HTTP/1.1" 200 448 "-" "WordPress/6.3.8; https://serhatburke.miroglu.net"
185.216.113.70 - - [24/Apr/2026:01:10:07 +0300] "POST /wp-cron.php?doing_wp_cron=1776982207.5297930240631103515625 HTTP/1.1" 200 448 "-" "WordPress/6.3.8; https://serhatburke.miroglu.net"
216.128.180.172 - - [24/Apr/2026:01:09:26 +0300] "GET /newbies-must-look-into-stating-casino-invited-incentives-to-maximise-the-very-first-big-date-sense-on-the-an-online-site/ HTTP/1.1" 200 74505 "-" "Mozilla/5.0 (Windows NT 10.0; Win64; x64; rv:125.0) Gecko/20100101 Firefox/125.0"
52.167.144.222 - - [24/Apr/2026:01:09:27 +0300] "GET /maquinas-de-juegos-electronicos/ HTTP/2" 200 18605 "-" "Mozilla/5.0 AppleWebKit/537.36 (KHTML, like Gecko; compatible; bingbot/2.0; +http://www.bing.com/bingbot.htm) Chrome/116.0.1938.76 Safari/537.36"
185.216.113.70 - - [24/Apr/2026:01:10:27 +0300] "POST /wp-cron.php?doing_wp_cron=1776982227.6774189472198486328125 HTTP/1.1" 200 448 "-" "WordPress/6.3.8; https://serhatburke.miroglu.net"
128.1.227.231 - - [24/Apr/2026:01:09:41 +0300] "POST /xmlrpc.php HTTP/1.1" 200 630 "-" "Mozilla/5.0 (Windows NT 10.0; Win64; x64) AppleWebKit/537.36 (KHTML, like Gecko) Chrome/114.0.0.0 Safari/537.36"
216.128.180.172 - - [24/Apr/2026:01:09:50 +0300] "POST /xmlrpc.php HTTP/1.1" 200 9283 "-" "Mozilla/5.0 (Windows NT 10.0; Win64; x64) AppleWebKit/537.36 (KHTML, like Gecko) Chrome/114.0.0.0 Safari/537.36"
216.128.180.172 - - [24/Apr/2026:01:10:02 +0300] "POST /xmlrpc.php HTTP/1.1" 200 630 "-" "Mozilla/5.0 (Windows NT 10.0; Win64; x64) AppleWebKit/537.36 (KHTML, like Gecko) Chrome/114.0.0.0 Safari/537.36"
57.128.22.95 - - [24/Apr/2026:01:10:10 +0300] "GET /35849-2/ HTTP/1.1" 200 18162 "https://serhatburke.miroglu.net/" "Mozilla/5.0 (Macintosh; Intel Mac OS X 10_15_7) AppleWebKit/605.1.15 (KHTML, like Gecko)"
40.77.167.151 - - [24/Apr/2026:01:10:25 +0300] "GET /kraken-bezopasnye-puti-v-darknet-v-2026/ HTTP/2" 200 0 "-" "Mozilla/5.0 AppleWebKit/537.36 (KHTML, like Gecko; compatible; bingbot/2.0; +http://www.bing.com/bingbot.htm) Chrome/116.0.1938.76 Safari/537.36"
185.216.113.70 - - [24/Apr/2026:01:11:29 +0300] "POST /wp-cron.php?doing_wp_cron=1776982289.1284239292144775390625 HTTP/1.1" 200 448 "-" "WordPress/6.3.8; https://serhatburke.miroglu.net"
216.128.180.172 - - [24/Apr/2026:01:10:36 +0300] "GET /a-smaller-cashable-incentive-can-sometimes-submit-better-real-money-well-worth-than-just-a-larger-non-cashable-you-to/ HTTP/1.1" 200 73966 "-" "Mozilla/5.0 (Windows NT 10.0; Win64; x64) AppleWebKit/537.36 (KHTML, like Gecko) Chrome/124.0.0.0 Safari/537.36"
185.216.113.70 - - [24/Apr/2026:01:11:30 +0300] "POST /wp-cron.php?doing_wp_cron=1776982290.5059609413146972656250 HTTP/1.1" 200 448 "-" "WordPress/6.3.8; https://serhatburke.miroglu.net"
128.1.227.231 - - [24/Apr/2026:01:10:34 +0300] "POST /xmlrpc.php HTTP/1.1" 200 11243 "-" "Mozilla/5.0 (Windows NT 10.0; Win64; x64) AppleWebKit/537.36 (KHTML, like Gecko) Chrome/114.0.0.0 Safari/537.36"
185.216.113.70 - - [24/Apr/2026:01:11:46 +0300] "POST /wp-cron.php?doing_wp_cron=1776982306.1469240188598632812500 HTTP/1.1" 200 448 "-" "WordPress/6.3.8; https://serhatburke.miroglu.net"
216.128.180.172 - - [24/Apr/2026:01:10:59 +0300] "POST /xmlrpc.php HTTP/1.1" 200 630 "-" "Mozilla/5.0 (Windows NT 10.0; Win64; x64) AppleWebKit/537.36 (KHTML, like Gecko) Chrome/114.0.0.0 Safari/537.36"
185.216.113.70 - - [24/Apr/2026:01:11:52 +0300] "POST /wp-cron.php?doing_wp_cron=1776982312.2331750392913818359375 HTTP/1.1" 200 448 "-" "WordPress/6.3.8; https://serhatburke.miroglu.net"
216.128.180.172 - - [24/Apr/2026:01:11:05 +0300] "POST /xmlrpc.php HTTP/1.1" 200 9382 "-" "Mozilla/5.0 (Windows NT 10.0; Win64; x64) AppleWebKit/537.36 (KHTML, like Gecko) Chrome/114.0.0.0 Safari/537.36"
185.216.113.70 - - [24/Apr/2026:01:12:01 +0300] "POST /wp-cron.php?doing_wp_cron=1776982321.5235390663146972656250 HTTP/1.1" 200 448 "-" "WordPress/6.3.8; https://serhatburke.miroglu.net"
57.128.22.95 - - [24/Apr/2026:01:11:10 +0300] "GET /35849-2/ HTTP/1.1" 200 18148 "https://serhatburke.miroglu.net/" "Mozilla/5.0 (Macintosh; Intel Mac OS X 10_15_7) AppleWebKit/605.1.15 (KHTML, like Gecko)"
196.51.130.38 - - [24/Apr/2026:01:12:05 +0300] "GET /wp-includes/css/dist/block-library/style.min.css?ver=6.3.8 HTTP/1.1" 200 13578 "https://serhatburke.miroglu.net/35849-2/" "Mozilla/5.0 (Windows NT 10.0; Win64; x64) AppleWebKit/537.36 (KHTML, like Gecko) Chrome/145.0.0.0 Safari/537.36"
196.51.130.38 - - [24/Apr/2026:01:12:08 +0300] "GET /wp-content/plugins/contact-form-7/includes/css/styles.css?ver=5.8 HTTP/1.1" 200 1490 "https://serhatburke.miroglu.net/35849-2/" "Mozilla/5.0 (Windows NT 10.0; Win64; x64) AppleWebKit/537.36 (KHTML, like Gecko) Chrome/145.0.0.0 Safari/537.36"
196.51.130.38 - - [24/Apr/2026:01:12:09 +0300] "GET /wp-content/themes/toppic/css/fontello.css?ver=4.2 HTTP/1.1" 200 1802 "https://serhatburke.miroglu.net/35849-2/" "Mozilla/5.0 (Windows NT 10.0; Win64; x64) AppleWebKit/537.36 (KHTML, like Gecko) Chrome/145.0.0.0 Safari/537.36"
196.51.130.38 - - [24/Apr/2026:01:12:11 +0300] "GET /wp-content/themes/toppic/css/reset.css?ver=4.2 HTTP/1.1" 200 1178 "https://serhatburke.miroglu.net/35849-2/" "Mozilla/5.0 (Windows NT 10.0; Win64; x64) AppleWebKit/537.36 (KHTML, like Gecko) Chrome/145.0.0.0 Safari/537.36"
196.51.130.38 - - [24/Apr/2026:01:12:12 +0300] "GET /wp-content/themes/toppic/css/default.css?ver=4.2 HTTP/1.1" 200 1811 "https://serhatburke.miroglu.net/35849-2/" "Mozilla/5.0 (Windows NT 10.0; Win64; x64) AppleWebKit/537.36 (KHTML, like Gecko) Chrome/145.0.0.0 Safari/537.36"
196.51.130.38 - - [24/Apr/2026:01:12:14 +0300] "GET /wp-content/themes/toppic/style.css?ver=4.2 HTTP/1.1" 200 23398 "https://serhatburke.miroglu.net/35849-2/" "Mozilla/5.0 (Windows NT 10.0; Win64; x64) AppleWebKit/537.36 (KHTML, like Gecko) Chrome/145.0.0.0 Safari/537.36"
196.51.130.38 - - [24/Apr/2026:01:12:16 +0300] "GET /wp-content/themes/toppic/css/royalslider.css?ver=4.2 HTTP/1.1" 200 1887 "https://serhatburke.miroglu.net/35849-2/" "Mozilla/5.0 (Windows NT 10.0; Win64; x64) AppleWebKit/537.36 (KHTML, like Gecko) Chrome/145.0.0.0 Safari/537.36"
196.51.130.38 - - [24/Apr/2026:01:12:17 +0300] "GET /wp-content/themes/toppic/css/rs-default.css?ver=4.2 HTTP/1.1" 200 2625 "https://serhatburke.miroglu.net/35849-2/" "Mozilla/5.0 (Windows NT 10.0; Win64; x64) AppleWebKit/537.36 (KHTML, like Gecko) Chrome/145.0.0.0 Safari/537.36"
196.51.130.38 - - [24/Apr/2026:01:12:19 +0300] "GET /wp-content/themes/toppic/css/lightbox.css?ver=4.2 HTTP/1.1" 200 2956 "https://serhatburke.miroglu.net/35849-2/" "Mozilla/5.0 (Windows NT 10.0; Win64; x64) AppleWebKit/537.36 (KHTML, like Gecko) Chrome/145.0.0.0 Safari/537.36"
196.51.130.38 - - [24/Apr/2026:01:12:20 +0300] "GET /wp-content/themes/toppic/css/woocommerce.css?ver=4.2 HTTP/1.1" 200 2848 "https://serhatburke.miroglu.net/35849-2/" "Mozilla/5.0 (Windows NT 10.0; Win64; x64) AppleWebKit/537.36 (KHTML, like Gecko) Chrome/145.0.0.0 Safari/537.36"
196.51.130.38 - - [24/Apr/2026:01:12:22 +0300] "GET /wp-content/themes/toppic/css/responsive.css?ver=4.2 HTTP/1.1" 200 2796 "https://serhatburke.miroglu.net/35849-2/" "Mozilla/5.0 (Windows NT 10.0; Win64; x64) AppleWebKit/537.36 (KHTML, like Gecko) Chrome/145.0.0.0 Safari/537.36"
185.216.113.70 - - [24/Apr/2026:01:12:35 +0300] "POST /wp-cron.php?doing_wp_cron=1776982355.6094040870666503906250 HTTP/1.1" 200 448 "-" "WordPress/6.3.8; https://serhatburke.miroglu.net"
185.216.113.70 - - [24/Apr/2026:01:12:35 +0300] "POST /wp-cron.php?doing_wp_cron=1776982355.6015210151672363281250 HTTP/1.1" 200 448 "-" "WordPress/6.3.8; https://serhatburke.miroglu.net"
151.244.111.202 - - [24/Apr/2026:01:11:32 +0300] "POST /xmlrpc.php HTTP/1.1" 200 98275 "-" "Mozilla/5.0 (Macintosh; Intel Mac OS X 12_5) AppleWebKit/537.36 (KHTML, like Gecko) Chrome/114.0.0.0 Safari/537.36 Edg/114.0.1264.71"
128.1.227.231 - - [24/Apr/2026:01:11:31 +0300] "GET /druckgluck-provision-kode-mrbet-anmeldebonus-hierbei-gibts-100-100-freispiele/ HTTP/1.1" 200 75361 "-" "Mozilla/5.0 (Windows NT 10.0; Win64; x64) AppleWebKit/537.36 (KHTML, like Gecko) Chrome/122.0.0.0 Safari/537.36"
185.216.113.70 - - [24/Apr/2026:01:13:00 +0300] "POST /wp-cron.php?doing_wp_cron=1776982380.0274639129638671875000 HTTP/1.1" 200 448 "-" "WordPress/6.3.8; https://serhatburke.miroglu.net"
216.128.180.172 - - [24/Apr/2026:01:11:45 +0300] "POST /xmlrpc.php HTTP/1.1" 200 630 "-" "Mozilla/5.0 (Windows NT 10.0; Win64; x64) AppleWebKit/537.36 (KHTML, like Gecko) Chrome/114.0.0.0 Safari/537.36"
185.216.113.70 - - [24/Apr/2026:01:13:08 +0300] "POST /wp-cron.php?doing_wp_cron=1776982388.4016170501708984375000 HTTP/1.1" 200 448 "-" "WordPress/6.3.8; https://serhatburke.miroglu.net"
185.216.113.70 - - [24/Apr/2026:01:13:11 +0300] "POST /wp-cron.php?doing_wp_cron=1776982391.2107429504394531250000 HTTP/1.1" 200 448 "-" "WordPress/6.3.8; https://serhatburke.miroglu.net"
216.128.180.172 - - [24/Apr/2026:01:11:54 +0300] "GET /when-to-experience-during-the-a-real-income-online-casinos-regarding-the-you/ HTTP/1.1" 200 72883 "-" "Mozilla/5.0 (Windows NT 10.0; Win64; x64; rv:124.0) Gecko/20100101 Firefox/124.0"
216.128.180.172 - - [24/Apr/2026:01:11:53 +0300] "POST /xmlrpc.php HTTP/1.1" 200 13223 "-" "Mozilla/5.0 (Windows NT 10.0; Win64; x64) AppleWebKit/537.36 (KHTML, like Gecko) Chrome/114.0.0.0 Safari/537.36"
52.167.144.142 - - [24/Apr/2026:01:12:49 +0300] "GET /safari-position-remark-2026-free-enjoy-trial/ HTTP/2" 200 0 "-" "Mozilla/5.0 AppleWebKit/537.36 (KHTML, like Gecko; compatible; bingbot/2.0; +http://www.bing.com/bingbot.htm) Chrome/116.0.1938.76 Safari/537.36"
151.244.111.202 - - [24/Apr/2026:01:12:37 +0300] "POST /xmlrpc.php HTTP/1.1" 200 0 "-" "Mozilla/5.0 (Macintosh; Intel Mac OS X 12_5) AppleWebKit/537.36 (KHTML, like Gecko) Chrome/114.0.0.0 Safari/537.36 Edg/114.0.1264.71"
40.77.167.48 - - [24/Apr/2026:01:12:53 +0300] "GET /dive-into-sushiswap-the-ultimate-dex-experience/ HTTP/2" 200 0 "-" "Mozilla/5.0 AppleWebKit/537.36 (KHTML, like Gecko; compatible; bingbot/2.0; +http://www.bing.com/bingbot.htm) Chrome/116.0.1938.76 Safari/537.36"
185.216.113.70 - - [24/Apr/2026:01:14:01 +0300] "POST /wp-cron.php?doing_wp_cron=1776982441.4016499519348144531250 HTTP/1.1" 200 448 "-" "WordPress/6.3.8; https://serhatburke.miroglu.net"
196.51.130.38 - - [24/Apr/2026:01:12:23 +0300] "POST /wp-comments-post.php HTTP/1.1" 302 1055 "https://serhatburke.miroglu.net/35849-2/" "Mozilla/5.0 (Macintosh; Intel Mac OS X 10_15_7) AppleWebKit/605.1.15 (KHTML, like Gecko)"
185.216.113.70 - - [24/Apr/2026:01:14:01 +0300] "POST /wp-cron.php?doing_wp_cron=1776982441.7145030498504638671875 HTTP/1.1" 200 448 "-" "WordPress/6.3.8; https://serhatburke.miroglu.net"
216.128.180.172 - - [24/Apr/2026:01:12:37 +0300] "POST /xmlrpc.php HTTP/1.1" 200 630 "-" "Mozilla/5.0 (Windows NT 10.0; Win64; x64) AppleWebKit/537.36 (KHTML, like Gecko) Chrome/114.0.0.0 Safari/537.36"
185.216.113.70 - - [24/Apr/2026:01:14:06 +0300] "POST /wp-cron.php?doing_wp_cron=1776982445.8155009746551513671875 HTTP/1.1" 200 448 "-" "WordPress/6.3.8; https://serhatburke.miroglu.net"
178.214.248.245 - - [24/Apr/2026:01:13:52 +0300] "POST /xmlrpc.php HTTP/2" 200 0 "-" "WordPress/XMLRPC Client"
52.167.144.142 - - [24/Apr/2026:01:13:47 +0300] "GET /discover-the-power-of-bscscan-for-crypto-investors-6/ HTTP/2" 200 0 "-" "Mozilla/5.0 AppleWebKit/537.36 (KHTML, like Gecko; compatible; bingbot/2.0; +http://www.bing.com/bingbot.htm) Chrome/116.0.1938.76 Safari/537.36"
40.77.167.48 - - [24/Apr/2026:01:13:54 +0300] "GET /jingle-deposit-5-get-100-fs-hurry/ HTTP/2" 200 0 "-" "Mozilla/5.0 AppleWebKit/537.36 (KHTML, like Gecko; compatible; bingbot/2.0; +http://www.bing.com/bingbot.htm) Chrome/116.0.1938.76 Safari/537.36"
151.244.111.202 - - [24/Apr/2026:01:13:42 +0300] "POST /xmlrpc.php HTTP/1.1" 200 0 "-" "Mozilla/5.0 (Macintosh; Intel Mac OS X 12_5) AppleWebKit/537.36 (KHTML, like Gecko) Chrome/114.0.0.0 Safari/537.36 Edg/114.0.1264.71"
185.216.113.70 - - [24/Apr/2026:01:14:50 +0300] "POST /wp-cron.php?doing_wp_cron=1776982490.2044711112976074218750 HTTP/1.1" 200 448 "-" "WordPress/6.3.8; https://serhatburke.miroglu.net"
216.128.180.172 - - [24/Apr/2026:01:13:07 +0300] "POST /xmlrpc.php HTTP/1.1" 200 11834 "-" "Mozilla/5.0 (Windows NT 10.0; Win64; x64) AppleWebKit/537.36 (KHTML, like Gecko) Chrome/114.0.0.0 Safari/537.36"
45.176.118.116 - - [24/Apr/2026:01:14:25 +0300] "POST /xmlrpc.php HTTP/2" 200 0 "-" "WordPress/XMLRPC Client"
185.216.113.70 - - [24/Apr/2026:01:14:59 +0300] "POST /wp-cron.php?doing_wp_cron=1776982499.0353350639343261718750 HTTP/1.1" 200 448 "-" "WordPress/6.3.8; https://serhatburke.miroglu.net"
216.128.180.172 - - [24/Apr/2026:01:13:21 +0300] "POST /xmlrpc.php HTTP/1.1" 200 630 "-" "Mozilla/5.0 (Windows NT 10.0; Win64; x64) AppleWebKit/537.36 (KHTML, like Gecko) Chrome/114.0.0.0 Safari/537.36"
216.128.180.172 - - [24/Apr/2026:01:13:13 +0300] "GET /metamasks-seamless-browser-integration-in-addition-to-produces-linking-that-have-crypto-gambling-sites-simple/ HTTP/1.1" 500 745 "-" "Mozilla/5.0 (Windows NT 10.0; rv:109.0) Gecko/20100101 Firefox/115.0"
196.51.130.38 - - [24/Apr/2026:01:13:24 +0300] "POST /wp-comments-post.php HTTP/1.1" 500 782 "https://serhatburke.miroglu.net/35849-2/" "Mozilla/5.0 (Macintosh; Intel Mac OS X 10_15_7) AppleWebKit/605.1.15 (KHTML, like Gecko)"
185.216.113.70 - - [24/Apr/2026:01:15:31 +0300] "POST /wp-cron.php?doing_wp_cron=1776982531.2472829818725585937500 HTTP/1.1" 200 448 "-" "WordPress/6.3.8; https://serhatburke.miroglu.net"
52.167.144.142 - - [24/Apr/2026:01:14:47 +0300] "GET /unleashing-the-power-of-jupiter-swap-for-crypto-traders-9/ HTTP/2" 200 0 "-" "Mozilla/5.0 AppleWebKit/537.36 (KHTML, like Gecko; compatible; bingbot/2.0; +http://www.bing.com/bingbot.htm) Chrome/116.0.1938.76 Safari/537.36"
151.244.111.202 - - [24/Apr/2026:01:14:46 +0300] "POST /xmlrpc.php HTTP/1.1" 200 0 "-" "Mozilla/5.0 (Macintosh; Intel Mac OS X 12_5) AppleWebKit/537.36 (KHTML, like Gecko) Chrome/114.0.0.0 Safari/537.36 Edg/114.0.1264.71"
185.216.113.70 - - [24/Apr/2026:01:15:56 +0300] "POST /wp-cron.php?doing_wp_cron=1776982556.3091709613800048828125 HTTP/1.1" 200 448 "-" "WordPress/6.3.8; https://serhatburke.miroglu.net"
52.167.144.173 - - [24/Apr/2026:01:15:07 +0300] "GET /handelt-parece-sich-beim-wild-twister-spielcasino-um-schmu/ HTTP/2" 200 0 "-" "Mozilla/5.0 AppleWebKit/537.36 (KHTML, like Gecko; compatible; bingbot/2.0; +http://www.bing.com/bingbot.htm) Chrome/116.0.1938.76 Safari/537.36"
170.168.31.34 - - [24/Apr/2026:01:15:28 +0300] "POST /xmlrpc.php HTTP/2" 200 0 "-" "WordPress/XMLRPC Client"
66.249.73.14 - - [24/Apr/2026:01:14:22 +0300] "GET /hand-of-luck-casino-uk-a-players-review-and-insights/ HTTP/1.1" 200 18420 "-" "Mozilla/5.0 (Linux; Android 6.0.1; Nexus 5X Build/MMB29P) AppleWebKit/537.36 (KHTML, like Gecko) Chrome/146.0.7680.177 Mobile Safari/537.36 (compatible; Googlebot/2.1; +http://www.google.com/bot.html)"
216.128.180.172 - - [24/Apr/2026:01:14:04 +0300] "POST /xmlrpc.php HTTP/1.1" 500 745 "-" "Mozilla/5.0 (Windows NT 10.0; Win64; x64) AppleWebKit/537.36 (KHTML, like Gecko) Chrome/114.0.0.0 Safari/537.36"
216.128.180.172 - - [24/Apr/2026:01:14:09 +0300] "POST /xmlrpc.php HTTP/1.1" 500 745 "-" "Mozilla/5.0 (Windows NT 10.0; Win64; x64) AppleWebKit/537.36 (KHTML, like Gecko) Chrome/114.0.0.0 Safari/537.36"
66.249.73.15 - - [24/Apr/2026:01:16:14 +0300] "GET /hand-of-luck-casino-uk-a-players-review-and-insights/undefined?ts=1775520000 HTTP/1.1" 200 0 "https://serhatburke.miroglu.net/hand-of-luck-casino-uk-a-players-review-and-insights/" "Mozilla/5.0 (Linux; Android 6.0.1; Nexus 5X Build/MMB29P) AppleWebKit/537.36 (KHTML, like Gecko) Chrome/146.0.7680.177 Mobile Safari/537.36 (compatible; Googlebot/2.1; +http://www.google.com/bot.html)"
196.51.130.38 - - [24/Apr/2026:01:14:26 +0300] "POST /wp-comments-post.php HTTP/1.1" 500 782 "https://serhatburke.miroglu.net/35849-2/" "Mozilla/5.0 (Macintosh; Intel Mac OS X 10_15_7) AppleWebKit/605.1.15 (KHTML, like Gecko)"
193.151.189.184 - - [24/Apr/2026:01:15:58 +0300] "POST /xmlrpc.php HTTP/2" 200 0 "-" "WordPress/XMLRPC Client"
216.128.180.172 - - [24/Apr/2026:01:14:42 +0300] "POST /xmlrpc.php HTTP/1.1" 500 745 "-" "Mozilla/5.0 (Windows NT 10.0; Win64; x64) AppleWebKit/537.36 (KHTML, like Gecko) Chrome/114.0.0.0 Safari/537.36"
216.128.180.172 - - [24/Apr/2026:01:14:52 +0300] "POST /xmlrpc.php HTTP/1.1" 500 745 "-" "Mozilla/5.0 (Windows NT 10.0; Win64; x64) AppleWebKit/537.36 (KHTML, like Gecko) Chrome/114.0.0.0 Safari/537.36"
185.216.113.70 - - [24/Apr/2026:01:16:29 +0300] "POST /wp-cron.php?doing_wp_cron=1776982589.6026010513305664062500 HTTP/1.1" 200 448 "-" "WordPress/6.3.8; https://serhatburke.miroglu.net"
216.128.180.172 - - [24/Apr/2026:01:14:53 +0300] "POST /xmlrpc.php HTTP/1.1" 500 745 "-" "Mozilla/5.0 (Windows NT 10.0; Win64; x64) AppleWebKit/537.36 (KHTML, like Gecko) Chrome/114.0.0.0 Safari/537.36"
151.244.111.202 - - [24/Apr/2026:01:15:52 +0300] "POST /xmlrpc.php HTTP/1.1" 200 0 "-" "Mozilla/5.0 (Macintosh; Intel Mac OS X 12_5) AppleWebKit/537.36 (KHTML, like Gecko) Chrome/114.0.0.0 Safari/537.36 Edg/114.0.1264.71"
216.128.180.172 - - [24/Apr/2026:01:15:01 +0300] "POST /xmlrpc.php HTTP/1.1" 500 745 "-" "Mozilla/5.0 (Windows NT 10.0; Win64; x64) AppleWebKit/537.36 (KHTML, like Gecko) Chrome/114.0.0.0 Safari/537.36"
52.167.144.173 - - [24/Apr/2026:01:16:16 +0300] "GET /h1-tronscan-navigating-the-future-of-tron-analytics-h1/ HTTP/2" 200 0 "-" "Mozilla/5.0 AppleWebKit/537.36 (KHTML, like Gecko; compatible; bingbot/2.0; +http://www.bing.com/bingbot.htm) Chrome/116.0.1938.76 Safari/537.36"
52.167.144.142 - - [24/Apr/2026:01:16:20 +0300] "GET /pro-let-direction-and-you-can-concerns/ HTTP/2" 200 0 "-" "Mozilla/5.0 AppleWebKit/537.36 (KHTML, like Gecko; compatible; bingbot/2.0; +http://www.bing.com/bingbot.htm) Chrome/116.0.1938.76 Safari/537.36"
185.216.113.70 - - [24/Apr/2026:01:17:17 +0300] "POST /wp-cron.php?doing_wp_cron=1776982637.5145111083984375000000 HTTP/1.1" 200 448 "-" "WordPress/6.3.8; https://serhatburke.miroglu.net"
216.128.180.172 - - [24/Apr/2026:01:15:25 +0300] "POST /xmlrpc.php HTTP/1.1" 500 745 "-" "Mozilla/5.0 (Windows NT 10.0; Win64; x64) AppleWebKit/537.36 (KHTML, like Gecko) Chrome/114.0.0.0 Safari/537.36"
185.216.113.70 - - [24/Apr/2026:01:17:27 +0300] "POST /wp-cron.php?doing_wp_cron=1776982647.7250409126281738281250 HTTP/1.1" 200 448 "-" "WordPress/6.3.8; https://serhatburke.miroglu.net"
196.51.130.38 - - [24/Apr/2026:01:15:27 +0300] "POST /wp-comments-post.php HTTP/1.1" 409 1626 "https://serhatburke.miroglu.net/35849-2/" "Mozilla/5.0 (Macintosh; Intel Mac OS X 10_15_7) AppleWebKit/605.1.15 (KHTML, like Gecko)"
216.128.180.172 - - [24/Apr/2026:01:15:43 +0300] "POST /xmlrpc.php HTTP/1.1" 500 745 "-" "Mozilla/5.0 (Windows NT 10.0; Win64; x64) AppleWebKit/537.36 (KHTML, like Gecko) Chrome/114.0.0.0 Safari/537.36"
185.216.113.70 - - [24/Apr/2026:01:17:49 +0300] "POST /wp-cron.php?doing_wp_cron=1776982669.6181879043579101562500 HTTP/1.1" 200 448 "-" "WordPress/6.3.8; https://serhatburke.miroglu.net"
216.128.180.172 - - [24/Apr/2026:01:15:54 +0300] "POST /xmlrpc.php HTTP/1.1" 200 10751 "-" "Mozilla/5.0 (Windows NT 10.0; Win64; x64) AppleWebKit/537.36 (KHTML, like Gecko) Chrome/114.0.0.0 Safari/537.36"
151.244.111.202 - - [24/Apr/2026:01:16:56 +0300] "POST /xmlrpc.php HTTP/1.1" 200 0 "-" "Mozilla/5.0 (Macintosh; Intel Mac OS X 12_5) AppleWebKit/537.36 (KHTML, like Gecko) Chrome/114.0.0.0 Safari/537.36 Edg/114.0.1264.71"
216.128.180.172 - - [24/Apr/2026:01:16:07 +0300] "POST /xmlrpc.php HTTP/1.1" 500 745 "-" "Mozilla/5.0 (Windows NT 10.0; Win64; x64) AppleWebKit/537.36 (KHTML, like Gecko) Chrome/114.0.0.0 Safari/537.36"
52.167.144.142 - - [24/Apr/2026:01:17:20 +0300] "GET /zunachst-sei-eine-leistungsstarke-grafikkarte-ausschlaggebend-hier-sie-je-flussige-animationen-ferner-beeindruckende-grafiken-sorgt/ HTTP/2" 200 0 "-" "Mozilla/5.0 AppleWebKit/537.36 (KHTML, like Gecko; compatible; bingbot/2.0; +http://www.bing.com/bingbot.htm) Chrome/116.0.1938.76 Safari/537.36"
185.216.113.70 - - [24/Apr/2026:01:18:13 +0300] "POST /wp-cron.php?doing_wp_cron=1776982692.7635309696197509765625 HTTP/1.1" 200 448 "-" "WordPress/6.3.8; https://serhatburke.miroglu.net"
216.128.180.172 - - [24/Apr/2026:01:16:32 +0300] "GET /?p=131322 HTTP/1.1" 301 718 "-" "Mozilla/5.0 (Windows NT 10.0; Win64; x64; rv:124.0) Gecko/20100101 Firefox/124.0"
185.216.113.70 - - [24/Apr/2026:01:18:19 +0300] "POST /wp-cron.php?doing_wp_cron=1776982699.2030880451202392578125 HTTP/1.1" 200 448 "-" "WordPress/6.3.8; https://serhatburke.miroglu.net"
185.216.113.70 - - [24/Apr/2026:01:18:21 +0300] "POST /wp-cron.php?doing_wp_cron=1776982700.9530980587005615234375 HTTP/1.1" 200 448 "-" "WordPress/6.3.8; https://serhatburke.miroglu.net"
185.216.113.70 - - [24/Apr/2026:01:18:23 +0300] "POST /wp-cron.php?doing_wp_cron=1776982702.6015779972076416015625 HTTP/1.1" 200 448 "-" "WordPress/6.3.8; https://serhatburke.miroglu.net"
57.128.22.95 - - [24/Apr/2026:01:16:27 +0300] "GET /35849-2/ HTTP/1.1" 200 18145 "-" "Mozilla/5.0 (compatible; Googlebot/2.1; +http://www.google.com/bot.html)"
216.128.180.172 - - [24/Apr/2026:01:16:22 +0300] "POST /xmlrpc.php HTTP/1.1" 500 745 "-" "Mozilla/5.0 (Windows NT 10.0; Win64; x64) AppleWebKit/537.36 (KHTML, like Gecko) Chrome/114.0.0.0 Safari/537.36"
216.128.180.172 - - [24/Apr/2026:01:16:46 +0300] "POST /xmlrpc.php HTTP/1.1" 200 7986 "-" "Mozilla/5.0 (Windows NT 10.0; Win64; x64) AppleWebKit/537.36 (KHTML, like Gecko) Chrome/114.0.0.0 Safari/537.36"
40.77.167.155 - - [24/Apr/2026:01:17:44 +0300] "GET /position-tournaments-transform-regular-position-play-to-the-a-personal-and-you-can-competitive-sense/ HTTP/2" 200 0 "-" "Mozilla/5.0 AppleWebKit/537.36 (KHTML, like Gecko; compatible; bingbot/2.0; +http://www.bing.com/bingbot.htm) Chrome/116.0.1938.76 Safari/537.36"
52.167.144.173 - - [24/Apr/2026:01:17:48 +0300] "GET /mystery-museum-position-rtp-96-58-lejupieladet-lietotni-verde-casino-bezmaksas-izmeginajuma-versija/ HTTP/2" 200 0 "-" "Mozilla/5.0 AppleWebKit/537.36 (KHTML, like Gecko; compatible; bingbot/2.0; +http://www.bing.com/bingbot.htm) Chrome/116.0.1938.76 Safari/537.36"
151.244.111.202 - - [24/Apr/2026:01:18:01 +0300] "POST /xmlrpc.php HTTP/1.1" 200 0 "-" "Mozilla/5.0 (Macintosh; Intel Mac OS X 12_5) AppleWebKit/537.36 (KHTML, like Gecko) Chrome/114.0.0.0 Safari/537.36 Edg/114.0.1264.71"
216.128.180.172 - - [24/Apr/2026:01:17:06 +0300] "POST /xmlrpc.php HTTP/1.1" 500 745 "-" "Mozilla/5.0 (Windows NT 10.0; Win64; x64) AppleWebKit/537.36 (KHTML, like Gecko) Chrome/114.0.0.0 Safari/537.36"
216.128.180.172 - - [24/Apr/2026:01:17:34 +0300] "GET /?p=131324 HTTP/1.1" 500 745 "-" "Mozilla/5.0 (Windows NT 10.0; rv:109.0) Gecko/20100101 Firefox/115.0"
185.216.113.70 - - [24/Apr/2026:01:19:37 +0300] "POST /wp-cron.php?doing_wp_cron=1776982776.8021640777587890625000 HTTP/1.1" 200 448 "-" "WordPress/6.3.8; https://serhatburke.miroglu.net"
216.128.180.172 - - [24/Apr/2026:01:17:47 +0300] "POST /xmlrpc.php HTTP/1.1" 500 1102 "-" "Mozilla/5.0 (Windows NT 10.0; Win64; x64) AppleWebKit/537.36 (KHTML, like Gecko) Chrome/114.0.0.0 Safari/537.36"
185.216.113.70 - - [24/Apr/2026:01:19:54 +0300] "POST /wp-cron.php?doing_wp_cron=1776982793.8015909194946289062500 HTTP/1.1" 200 448 "-" "WordPress/6.3.8; https://serhatburke.miroglu.net"
216.128.180.172 - - [24/Apr/2026:01:18:15 +0300] "GET /certain-bonuses-could-be-restricted-from-the-area-that-have-qualification-simply-for-professionals-inside-the-specific-countries/ HTTP/1.1" 200 76719 "-" "Mozilla/5.0 (Windows NT 10.0; Win64; x64; rv:124.0) Gecko/20100101 Firefox/124.0"
185.216.113.70 - - [24/Apr/2026:01:19:55 +0300] "POST /wp-cron.php?doing_wp_cron=1776982795.6269390583038330078125 HTTP/1.1" 200 448 "-" "WordPress/6.3.8; https://serhatburke.miroglu.net"
216.128.180.172 - - [24/Apr/2026:01:18:12 +0300] "POST /xmlrpc.php HTTP/1.1" 200 861 "-" "Mozilla/5.0 (Windows NT 10.0; Win64; x64) AppleWebKit/537.36 (KHTML, like Gecko) Chrome/114.0.0.0 Safari/537.36"
151.244.111.202 - - [24/Apr/2026:01:19:02 +0300] "POST /xmlrpc.php HTTP/1.1" 200 0 "-" "Mozilla/5.0 (Macintosh; Intel Mac OS X 12_5) AppleWebKit/537.36 (KHTML, like Gecko) Chrome/114.0.0.0 Safari/537.36 Edg/114.0.1264.71"
185.216.113.70 - - [24/Apr/2026:01:20:10 +0300] "POST /wp-cron.php?doing_wp_cron=1776982810.3431949615478515625000 HTTP/1.1" 200 448 "-" "WordPress/6.3.8; https://serhatburke.miroglu.net"
185.216.113.70 - - [24/Apr/2026:01:20:10 +0300] "POST /wp-cron.php?doing_wp_cron=1776982810.6274290084838867187500 HTTP/1.1" 200 448 "-" "WordPress/6.3.8; https://serhatburke.miroglu.net"
128.1.227.231 - - [24/Apr/2026:01:18:22 +0300] "POST /xmlrpc.php HTTP/1.1" 200 630 "-" "Mozilla/5.0 (Windows NT 10.0; Win64; x64) AppleWebKit/537.36 (KHTML, like Gecko) Chrome/114.0.0.0 Safari/537.36"
216.128.180.172 - - [24/Apr/2026:01:18:25 +0300] "GET /scroll-back-up-record-and-youll-understand-the-betting-standards-each-give/ HTTP/1.1" 200 72090 "-" "Mozilla/5.0 (Windows NT 10.0; Win64; x64; rv:124.0) Gecko/20100101 Firefox/124.0"
185.216.113.70 - - [24/Apr/2026:01:20:38 +0300] "POST /wp-cron.php?doing_wp_cron=1776982838.3524010181427001953125 HTTP/1.1" 200 448 "-" "WordPress/6.3.8; https://serhatburke.miroglu.net"
216.128.180.172 - - [24/Apr/2026:01:19:14 +0300] "POST /xmlrpc.php HTTP/1.1" 200 861 "-" "Mozilla/5.0 (Windows NT 10.0; Win64; x64) AppleWebKit/537.36 (KHTML, like Gecko) Chrome/114.0.0.0 Safari/537.36"
185.216.113.70 - - [24/Apr/2026:01:21:13 +0300] "POST /wp-cron.php?doing_wp_cron=1776982873.7267599105834960937500 HTTP/1.1" 200 448 "-" "WordPress/6.3.8; https://serhatburke.miroglu.net"
128.1.227.231 - - [24/Apr/2026:01:20:01 +0300] "POST /xmlrpc.php HTTP/1.1" 500 1102 "-" "Mozilla/5.0 (Windows NT 10.0; Win64; x64) AppleWebKit/537.36 (KHTML, like Gecko) Chrome/114.0.0.0 Safari/537.36"
185.216.113.70 - - [24/Apr/2026:01:21:20 +0300] "POST /wp-cron.php?doing_wp_cron=1776982879.9310278892517089843750 HTTP/1.1" 200 448 "-" "WordPress/6.3.8; https://serhatburke.miroglu.net"
216.128.180.172 - - [24/Apr/2026:01:20:05 +0300] "POST /xmlrpc.php HTTP/1.1" 200 861 "-" "Mozilla/5.0 (Windows NT 10.0; Win64; x64) AppleWebKit/537.36 (KHTML, like Gecko) Chrome/114.0.0.0 Safari/537.36"
151.244.111.202 - - [24/Apr/2026:01:20:20 +0300] "POST /xmlrpc.php HTTP/1.1" 200 0 "-" "Mozilla/5.0 (Macintosh; Intel Mac OS X 10_14_6) AppleWebKit/537.36 (KHTML, like Gecko) Chrome/80.0.3987.132 Safari/537.36"
185.216.113.70 - - [24/Apr/2026:01:21:33 +0300] "POST /wp-cron.php?doing_wp_cron=1776982893.7067039012908935546875 HTTP/1.1" 200 448 "-" "WordPress/6.3.8; https://serhatburke.miroglu.net"
128.1.227.231 - - [24/Apr/2026:01:20:20 +0300] "POST /xmlrpc.php HTTP/1.1" 200 630 "-" "Mozilla/5.0 (Windows NT 10.0; Win64; x64) AppleWebKit/537.36 (KHTML, like Gecko) Chrome/114.0.0.0 Safari/537.36"
52.167.144.173 - - [24/Apr/2026:01:20:47 +0300] "GET /discover-the-power-of-bscscan-for-cryptocurrency-tracking-2/ HTTP/2" 200 0 "-" "Mozilla/5.0 AppleWebKit/537.36 (KHTML, like Gecko; compatible; bingbot/2.0; +http://www.bing.com/bingbot.htm) Chrome/116.0.1938.76 Safari/537.36"
52.167.144.142 - - [24/Apr/2026:01:20:51 +0300] "GET /discover-the-future-of-crypto-with-safepal-wallet/ HTTP/2" 200 0 "-" "Mozilla/5.0 AppleWebKit/537.36 (KHTML, like Gecko; compatible; bingbot/2.0; +http://www.bing.com/bingbot.htm) Chrome/116.0.1938.76 Safari/537.36"
66.249.73.14 - - [24/Apr/2026:01:21:53 +0300] "GET /wino-casino-review-a-premier-destination-for-uk-players/ HTTP/1.1" 200 0 "https://logkur.driftlogic-games.club/" "Mozilla/5.0 (Linux; Android 6.0.1; Nexus 5X Build/MMB29P) AppleWebKit/537.36 (KHTML, like Gecko) Chrome/146.0.7680.177 Mobile Safari/537.36 (compatible; Googlebot/2.1; +http://www.google.com/bot.html)"
128.1.227.231 - - [24/Apr/2026:01:21:20 +0300] "POST /xmlrpc.php HTTP/1.1" 200 10013 "-" "Mozilla/5.0 (Windows NT 10.0; Win64; x64) AppleWebKit/537.36 (KHTML, like Gecko) Chrome/114.0.0.0 Safari/537.36"
151.244.111.202 - - [24/Apr/2026:01:21:22 +0300] "POST /xmlrpc.php HTTP/1.1" 200 664 "-" "Mozilla/5.0 (Macintosh; Intel Mac OS X 10_14_6) AppleWebKit/537.36 (KHTML, like Gecko) Chrome/80.0.3987.132 Safari/537.36"
128.1.227.231 - - [24/Apr/2026:01:21:35 +0300] "POST /xmlrpc.php HTTP/1.1" 500 1102 "-" "Mozilla/5.0 (Windows NT 10.0; Win64; x64) AppleWebKit/537.36 (KHTML, like Gecko) Chrome/114.0.0.0 Safari/537.36"
185.216.113.70 - - [24/Apr/2026:01:22:43 +0300] "POST /wp-cron.php?doing_wp_cron=1776982963.5597369670867919921875 HTTP/1.1" 200 448 "-" "WordPress/6.3.8; https://serhatburke.miroglu.net"
185.216.113.70 - - [24/Apr/2026:01:22:44 +0300] "POST /wp-cron.php?doing_wp_cron=1776982964.7394559383392333984375 HTTP/1.1" 200 448 "-" "WordPress/6.3.8; https://serhatburke.miroglu.net"
128.1.227.231 - - [24/Apr/2026:01:22:12 +0300] "GET /live-spielbank-lucky-charmer-online-slot-via-echten-dealern/ HTTP/1.1" 200 74630 "-" "Mozilla/5.0 (Windows NT 10.0; rv:125.0) Gecko/20100101 Firefox/125.0"
151.244.111.202 - - [24/Apr/2026:01:22:12 +0300] "POST /xmlrpc.php HTTP/1.1" 200 489 "-" "Mozilla/5.0 (Macintosh; Intel Mac OS X 10_14_6) AppleWebKit/537.36 (KHTML, like Gecko) Chrome/80.0.3987.132 Safari/537.36"
185.216.113.70 - - [24/Apr/2026:01:22:55 +0300] "POST /wp-cron.php?doing_wp_cron=1776982975.2116570472717285156250 HTTP/1.1" 200 448 "-" "WordPress/6.3.8; https://serhatburke.miroglu.net"
52.167.144.142 - - [24/Apr/2026:01:22:20 +0300] "GET /why-every-trader-should-utilize-dexscreener-for-optimal-insights/ HTTP/2" 200 17367 "-" "Mozilla/5.0 AppleWebKit/537.36 (KHTML, like Gecko; compatible; bingbot/2.0; +http://www.bing.com/bingbot.htm) Chrome/116.0.1938.76 Safari/537.36"
57.128.22.95 - - [24/Apr/2026:01:22:26 +0300] "GET /35849-2/ HTTP/1.1" 200 18145 "-" "Mozilla/5.0 (compatible; Googlebot/2.1; +http://www.google.com/bot.html)"
52.167.144.142 - - [24/Apr/2026:01:22:31 +0300] "GET /most-sweepstakes-casinos-want-to-sample-the-social-media-channels-in-order-to-machine-totally-free-gold-coins-freebies/ HTTP/2" 200 17353 "-" "Mozilla/5.0 AppleWebKit/537.36 (KHTML, like Gecko; compatible; bingbot/2.0; +http://www.bing.com/bingbot.htm) Chrome/116.0.1938.76 Safari/537.36"
151.244.111.202 - - [24/Apr/2026:01:22:45 +0300] "POST /xmlrpc.php HTTP/1.1" 200 356232 "-" "Mozilla/5.0 (Macintosh; Intel Mac OS X 10_14_6) AppleWebKit/537.36 (KHTML, like Gecko) Chrome/80.0.3987.132 Safari/537.36"
66.249.76.78 - - [24/Apr/2026:01:23:15 +0300] "GET /wino-casino-review-a-premier-destination-for-uk-players/undefined?ts=1775520000 HTTP/1.1" 200 0 "https://serhatburke.miroglu.net/wino-casino-review-a-premier-destination-for-uk-players/" "Mozilla/5.0 (Linux; Android 6.0.1; Nexus 5X Build/MMB29P) AppleWebKit/537.36 (KHTML, like Gecko) Chrome/146.0.7680.177 Mobile Safari/537.36 (compatible; Googlebot/2.1; +http://www.google.com/bot.html)"
151.244.111.202 - - [24/Apr/2026:01:23:25 +0300] "POST /xmlrpc.php HTTP/1.1" 200 489 "-" "Mozilla/5.0 (Macintosh; Intel Mac OS X 10_14_6) AppleWebKit/537.36 (KHTML, like Gecko) Chrome/80.0.3987.132 Safari/537.36"
52.167.144.142 - - [24/Apr/2026:01:23:31 +0300] "GET /greatest-sportsbook-promotions-and-you-can-better-added-bonus-also-offers-march-bombastic-casino-ireland-login-2026/ HTTP/2" 200 18207 "-" "Mozilla/5.0 AppleWebKit/537.36 (KHTML, like Gecko; compatible; bingbot/2.0; +http://www.bing.com/bingbot.htm) Chrome/116.0.1938.76 Safari/537.36"
185.216.113.70 - - [24/Apr/2026:01:23:57 +0300] "POST /wp-cron.php?doing_wp_cron=1776983037.3368010520935058593750 HTTP/1.1" 200 448 "-" "WordPress/6.3.8; https://serhatburke.miroglu.net"
151.244.111.202 - - [24/Apr/2026:01:23:44 +0300] "POST /xmlrpc.php HTTP/1.1" 200 228874 "-" "Mozilla/5.0 (Macintosh; Intel Mac OS X 10_14_6) AppleWebKit/537.36 (KHTML, like Gecko) Chrome/80.0.3987.132 Safari/537.36"
185.216.113.70 - - [24/Apr/2026:01:24:20 +0300] "POST /wp-cron.php?doing_wp_cron=1776983060.0748929977416992187500 HTTP/1.1" 200 448 "-" "WordPress/6.3.8; https://serhatburke.miroglu.net"
52.167.144.139 - - [24/Apr/2026:01:23:57 +0300] "GET /revolutionize-your-trading-approach-with-jupiter-swap-8/ HTTP/2" 200 17703 "-" "Mozilla/5.0 AppleWebKit/537.36 (KHTML, like Gecko; compatible; bingbot/2.0; +http://www.bing.com/bingbot.htm) Chrome/116.0.1938.76 Safari/537.36"
151.244.111.202 - - [24/Apr/2026:01:24:00 +0300] "POST /xmlrpc.php HTTP/1.1" 200 489 "-" "Mozilla/5.0 (Macintosh; Intel Mac OS X 10_14_6) AppleWebKit/537.36 (KHTML, like Gecko) Chrome/80.0.3987.132 Safari/537.36"
66.249.73.14 - - [24/Apr/2026:01:24:16 +0300] "GET /wino-casino-review-a-premier-destination-for-uk-players/undefined?ts=1775520000 HTTP/1.1" 200 0 "https://serhatburke.miroglu.net/wino-casino-review-a-premier-destination-for-uk-players/" "Mozilla/5.0 (Linux; Android 6.0.1; Nexus 5X Build/MMB29P) AppleWebKit/537.36 (KHTML, like Gecko) Chrome/146.0.7680.177 Mobile Safari/537.36 (compatible; Googlebot/2.1; +http://www.google.com/bot.html)"
151.244.111.202 - - [24/Apr/2026:01:24:24 +0300] "POST /xmlrpc.php HTTP/1.1" 200 251746 "-" "Mozilla/5.0 (Macintosh; Intel Mac OS X 10_14_6) AppleWebKit/537.36 (KHTML, like Gecko) Chrome/80.0.3987.132 Safari/537.36"
40.77.167.155 - - [24/Apr/2026:01:24:25 +0300] "GET /tronscan-navigate-the-tron-blockchain-like-a-pro-3/ HTTP/2" 200 17711 "-" "Mozilla/5.0 AppleWebKit/537.36 (KHTML, like Gecko; compatible; bingbot/2.0; +http://www.bing.com/bingbot.htm) Chrome/116.0.1938.76 Safari/537.36"
40.77.167.155 - - [24/Apr/2026:01:24:54 +0300] "GET /best-online-casinos-2026-top-5-real-money-sites-161/ HTTP/2" 200 173969 "-" "Mozilla/5.0 AppleWebKit/537.36 (KHTML, like Gecko; compatible; bingbot/2.0; +http://www.bing.com/bingbot.htm) Chrome/116.0.1938.76 Safari/537.36"
40.77.167.132 - - [24/Apr/2026:01:24:59 +0300] "GET /casas-criancice-apostas-uma-vez-pachinko-3-slot-que-bonus-no-brasil-lista-atualizada-2026/ HTTP/2" 200 20641 "-" "Mozilla/5.0 AppleWebKit/537.36 (KHTML, like Gecko; compatible; bingbot/2.0; +http://www.bing.com/bingbot.htm) Chrome/116.0.1938.76 Safari/537.36"
40.77.167.132 - - [24/Apr/2026:01:25:06 +0300] "GET /forest-jim-el-dorado-vegas-globe-150-free-revolves-wild-falls-slot-status/ HTTP/2" 200 19136 "-" "Mozilla/5.0 AppleWebKit/537.36 (KHTML, like Gecko; compatible; bingbot/2.0; +http://www.bing.com/bingbot.htm) Chrome/116.0.1938.76 Safari/537.36"
40.77.167.155 - - [24/Apr/2026:01:25:14 +0300] "GET /future-trends-shaping-the-landscape-of-gambling/ HTTP/2" 200 17969 "-" "Mozilla/5.0 AppleWebKit/537.36 (KHTML, like Gecko; compatible; bingbot/2.0; +http://www.bing.com/bingbot.htm) Chrome/116.0.1938.76 Safari/537.36"
185.216.113.70 - - [24/Apr/2026:01:25:41 +0300] "POST /wp-cron.php?doing_wp_cron=1776983141.2018039226531982421875 HTTP/1.1" 200 448 "-" "WordPress/6.3.8; https://serhatburke.miroglu.net"
40.77.167.132 - - [24/Apr/2026:01:25:28 +0300] "GET /discover-the-future-of-crypto-management-with-ledger-live-6/ HTTP/2" 200 17507 "-" "Mozilla/5.0 AppleWebKit/537.36 (KHTML, like Gecko; compatible; bingbot/2.0; +http://www.bing.com/bingbot.htm) Chrome/116.0.1938.76 Safari/537.36"
40.77.167.155 - - [24/Apr/2026:01:25:34 +0300] "GET /tu-10-jocuri-cand-spielo-jocuri-cu-sloturi-te-platesc-in-bani-reali-insa-investitii/ HTTP/2" 200 20033 "-" "Mozilla/5.0 AppleWebKit/537.36 (KHTML, like Gecko; compatible; bingbot/2.0; +http://www.bing.com/bingbot.htm) Chrome/116.0.1938.76 Safari/537.36"
185.216.113.70 - - [24/Apr/2026:01:27:30 +0300] "POST /wp-cron.php?doing_wp_cron=1776983250.7611169815063476562500 HTTP/1.1" 200 448 "-" "WordPress/6.3.8; https://serhatburke.miroglu.net"
40.77.167.132 - - [24/Apr/2026:01:27:17 +0300] "GET /alrededor-del-registrarse-para-numero-de-celular-deberi%EF%BF%BDa-proveer-noticia-sobre-si-mismo-como/ HTTP/2" 200 17661 "-" "Mozilla/5.0 AppleWebKit/537.36 (KHTML, like Gecko; compatible; bingbot/2.0; +http://www.bing.com/bingbot.htm) Chrome/116.0.1938.76 Safari/537.36"
40.77.167.132 - - [24/Apr/2026:01:27:37 +0300] "GET /online-casino-egyptian-fortunes-casino-withdrawal-actions-2026/ HTTP/2" 200 18504 "-" "Mozilla/5.0 AppleWebKit/537.36 (KHTML, like Gecko; compatible; bingbot/2.0; +http://www.bing.com/bingbot.htm) Chrome/116.0.1938.76 Safari/537.36"
185.216.113.70 - - [24/Apr/2026:01:29:26 +0300] "POST /wp-cron.php?doing_wp_cron=1776983366.0296940803527832031250 HTTP/1.1" 200 448 "-" "WordPress/6.3.8; https://serhatburke.miroglu.net"
40.77.167.132 - - [24/Apr/2026:01:29:11 +0300] "GET /discover-the-power-of-solscan-for-crypto-analysis-2/ HTTP/2" 200 17413 "-" "Mozilla/5.0 AppleWebKit/537.36 (KHTML, like Gecko; compatible; bingbot/2.0; +http://www.bing.com/bingbot.htm) Chrome/116.0.1938.76 Safari/537.36"
52.167.144.190 - - [24/Apr/2026:01:29:16 +0300] "GET /10-ciu-najkorzystniejszych-slot-banana-splash-funkcji-na-rzecz-internautow-z-nasz/ HTTP/2" 200 19350 "-" "Mozilla/5.0 AppleWebKit/537.36 (KHTML, like Gecko; compatible; bingbot/2.0; +http://www.bing.com/bingbot.htm) Chrome/116.0.1938.76 Safari/537.36"
66.249.73.15 - - [24/Apr/2026:01:30:34 +0300] "GET /wino-casino-review-a-premier-destination-for-uk-players/ HTTP/1.1" 200 0 "https://tgyna.driftlogic-games.biz/" "Mozilla/5.0 (Linux; Android 6.0.1; Nexus 5X Build/MMB29P) AppleWebKit/537.36 (KHTML, like Gecko) Chrome/146.0.7680.177 Mobile Safari/537.36 (compatible; Googlebot/2.1; +http://www.google.com/bot.html)"
185.216.113.70 - - [24/Apr/2026:01:31:30 +0300] "POST /wp-cron.php?doing_wp_cron=1776983490.7882239818572998046875 HTTP/1.1" 200 448 "-" "WordPress/6.3.8; https://serhatburke.miroglu.net"
40.77.167.132 - - [24/Apr/2026:01:31:18 +0300] "GET /dexscreener-review-2026-advanced-dex-scanner-insights/ HTTP/2" 200 19665 "-" "Mozilla/5.0 AppleWebKit/537.36 (KHTML, like Gecko; compatible; bingbot/2.0; +http://www.bing.com/bingbot.htm) Chrome/116.0.1938.76 Safari/537.36"
185.216.113.70 - - [24/Apr/2026:01:34:12 +0300] "POST /wp-cron.php?doing_wp_cron=1776983652.1891961097717285156250 HTTP/1.1" 200 448 "-" "WordPress/6.3.8; https://serhatburke.miroglu.net"
52.167.144.190 - - [24/Apr/2026:01:33:57 +0300] "GET /click-claim-bonus-to-view-a-full-terms-and-conditions/ HTTP/2" 200 17560 "-" "Mozilla/5.0 AppleWebKit/537.36 (KHTML, like Gecko; compatible; bingbot/2.0; +http://www.bing.com/bingbot.htm) Chrome/116.0.1938.76 Safari/537.36"
40.77.167.4 - - [24/Apr/2026:01:34:02 +0300] "GET /casino-bonus-natets-ultimat-svenska-sprake-casinobonusar-2026/ HTTP/2" 200 18776 "-" "Mozilla/5.0 AppleWebKit/537.36 (KHTML, like Gecko; compatible; bingbot/2.0; +http://www.bing.com/bingbot.htm) Chrome/116.0.1938.76 Safari/537.36"
185.216.113.70 - - [24/Apr/2026:01:36:14 +0300] "POST /wp-cron.php?doing_wp_cron=1776983774.6722021102905273437500 HTTP/1.1" 200 448 "-" "WordPress/6.3.8; https://serhatburke.miroglu.net"
40.77.167.4 - - [24/Apr/2026:01:36:00 +0300] "GET /niniejsze-zestawienie-chodzi-o-najwazniejszych-elementach-ktore-sie-zdarzaja-wysoko-cenione-przez-polskich-milosnikow-pasje/ HTTP/2" 200 18095 "-" "Mozilla/5.0 AppleWebKit/537.36 (KHTML, like Gecko; compatible; bingbot/2.0; +http://www.bing.com/bingbot.htm) Chrome/116.0.1938.76 Safari/537.36"
40.77.167.17 - - [24/Apr/2026:01:36:08 +0300] "GET /no-obstante-nunca-es-posible-fiarse-cualquier-tu-juego-alrededor-del-multiplicador-cuando-decides-a-emplazar/ HTTP/2" 200 17456 "-" "Mozilla/5.0 AppleWebKit/537.36 (KHTML, like Gecko; compatible; bingbot/2.0; +http://www.bing.com/bingbot.htm) Chrome/116.0.1938.76 Safari/537.36"
40.77.167.74 - - [24/Apr/2026:01:36:20 +0300] "GET /maximize-your-crypto-gains-with-raydium-swap-solutions/ HTTP/2" 200 17513 "-" "Mozilla/5.0 AppleWebKit/537.36 (KHTML, like Gecko; compatible; bingbot/2.0; +http://www.bing.com/bingbot.htm) Chrome/116.0.1938.76 Safari/537.36"
185.216.113.70 - - [24/Apr/2026:01:36:59 +0300] "POST /wp-cron.php?doing_wp_cron=1776983819.2596490383148193359375 HTTP/1.1" 200 448 "-" "WordPress/6.3.8; https://serhatburke.miroglu.net"
66.249.76.77 - - [24/Apr/2026:01:36:47 +0300] "GET /robots.txt HTTP/1.1" 200 719 "-" "Mozilla/5.0 (compatible; Googlebot/2.1; +http://www.google.com/bot.html)"
185.216.113.70 - - [24/Apr/2026:01:38:12 +0300] "POST /wp-cron.php?doing_wp_cron=1776983892.8181540966033935546875 HTTP/1.1" 200 448 "-" "WordPress/6.3.8; https://serhatburke.miroglu.net"
40.77.167.74 - - [24/Apr/2026:01:38:00 +0300] "GET /the-fresh-new-skill-region-is-most-often-linked-to-memories-as-well-as-in-faster-portions-plus-problem-fixing-and-you-can-quick-thinking/ HTTP/2" 200 18550 "-" "Mozilla/5.0 AppleWebKit/537.36 (KHTML, like Gecko; compatible; bingbot/2.0; +http://www.bing.com/bingbot.htm) Chrome/116.0.1938.76 Safari/537.36"
40.77.167.74 - - [24/Apr/2026:01:38:21 +0300] "GET /register-and-signup-strategies-at-seven-section-local-casino/ HTTP/2" 200 17984 "-" "Mozilla/5.0 AppleWebKit/537.36 (KHTML, like Gecko; compatible; bingbot/2.0; +http://www.bing.com/bingbot.htm) Chrome/116.0.1938.76 Safari/537.36"
185.216.113.70 - - [24/Apr/2026:01:41:35 +0300] "POST /wp-cron.php?doing_wp_cron=1776984095.3005468845367431640625 HTTP/1.1" 200 448 "-" "WordPress/6.3.8; https://serhatburke.miroglu.net"
193.36.38.226 - - [24/Apr/2026:01:41:21 +0300] "POST /xmlrpc.php HTTP/1.1" 200 692 "-" "Mozilla/5.0 (Windows NT 10.0; Win64; x64) AppleWebKit/537.36 (KHTML, like Gecko) Chrome/114.0.0.0 Safari/537.36"
193.36.38.226 - - [24/Apr/2026:01:41:41 +0300] "POST /xmlrpc.php HTTP/1.1" 200 10246 "-" "Mozilla/5.0 (Windows NT 10.0; Win64; x64) AppleWebKit/537.36 (KHTML, like Gecko) Chrome/114.0.0.0 Safari/537.36"
193.36.38.226 - - [24/Apr/2026:01:41:54 +0300] "GET /best-no-deposit-added-bonus-gambling-establishment-promotions-allowed-even-offers-during-the-april-2026/ HTTP/1.1" 200 74660 "-" "Mozilla/5.0 (Windows NT 10.0; Win64; x64) AppleWebKit/537.36 (KHTML, like Gecko) Chrome/122.0.0.0 Safari/537.36"
98.98.19.210 - - [24/Apr/2026:01:42:25 +0300] "POST /xmlrpc.php HTTP/1.1" 200 630 "-" "Mozilla/5.0 (Windows NT 10.0; Win64; x64) AppleWebKit/537.36 (KHTML, like Gecko) Chrome/114.0.0.0 Safari/537.36"
185.216.113.70 - - [24/Apr/2026:01:42:57 +0300] "POST /wp-cron.php?doing_wp_cron=1776984177.3082160949707031250000 HTTP/1.1" 200 448 "-" "WordPress/6.3.8; https://serhatburke.miroglu.net"
98.98.19.210 - - [24/Apr/2026:01:42:45 +0300] "POST /xmlrpc.php HTTP/1.1" 200 10894 "-" "Mozilla/5.0 (Windows NT 10.0; Win64; x64) AppleWebKit/537.36 (KHTML, like Gecko) Chrome/114.0.0.0 Safari/537.36"
98.98.19.210 - - [24/Apr/2026:01:42:58 +0300] "GET /free-casino-guts-login-spins-without-deposit-and-zero-wagering-standards-2026/ HTTP/1.1" 200 74262 "-" "Mozilla/5.0 (Windows NT 10.0; Win64; x64; rv:124.0) Gecko/20100101 Firefox/124.0"
193.36.38.228 - - [24/Apr/2026:01:43:06 +0300] "POST /xmlrpc.php HTTP/1.1" 200 692 "-" "Mozilla/5.0 (Windows NT 10.0; Win64; x64) AppleWebKit/537.36 (KHTML, like Gecko) Chrome/114.0.0.0 Safari/537.36"
200.25.47.105 - - [24/Apr/2026:01:43:06 +0300] "POST /xmlrpc.php HTTP/1.1" 200 630 "-" "Mozilla/5.0 (Windows NT 10.0; Win64; x64) AppleWebKit/537.36 (KHTML, like Gecko) Chrome/114.0.0.0 Safari/537.36"
185.216.113.70 - - [24/Apr/2026:01:43:55 +0300] "POST /wp-cron.php?doing_wp_cron=1776984235.1243259906768798828125 HTTP/1.1" 200 448 "-" "WordPress/6.3.8; https://serhatburke.miroglu.net"
40.77.167.74 - - [24/Apr/2026:01:43:31 +0300] "GET /10-free-spiny-za-overeni-uctu/ HTTP/2" 200 17115 "-" "Mozilla/5.0 AppleWebKit/537.36 (KHTML, like Gecko; compatible; bingbot/2.0; +http://www.bing.com/bingbot.htm) Chrome/116.0.1938.76 Safari/537.36"
193.36.38.228 - - [24/Apr/2026:01:43:31 +0300] "POST /xmlrpc.php HTTP/1.1" 200 6709 "-" "Mozilla/5.0 (Windows NT 10.0; Win64; x64) AppleWebKit/537.36 (KHTML, like Gecko) Chrome/114.0.0.0 Safari/537.36"
200.25.47.105 - - [24/Apr/2026:01:43:33 +0300] "POST /xmlrpc.php HTTP/1.1" 200 12186 "-" "Mozilla/5.0 (Windows NT 10.0; Win64; x64) AppleWebKit/537.36 (KHTML, like Gecko) Chrome/114.0.0.0 Safari/537.36"
187.190.187.250 - - [24/Apr/2026:01:43:58 +0300] "POST /xmlrpc.php HTTP/2" 200 0 "-" "WordPress/XMLRPC Client"
40.77.167.17 - - [24/Apr/2026:01:43:40 +0300] "GET /apostar-download-do-aplicativo-do-agente-parimatch-3-super-coin-volcanoes-abicar-ademane-demonio-100-acessivel/ HTTP/2" 200 19665 "-" "Mozilla/5.0 AppleWebKit/537.36 (KHTML, like Gecko; compatible; bingbot/2.0; +http://www.bing.com/bingbot.htm) Chrome/116.0.1938.76 Safari/537.36"
158.69.22.136 - - [24/Apr/2026:01:43:50 +0300] "GET /beste-casino-site-belgie-hoge-inzet/ HTTP/1.1" 200 0 "-" "Mozilla/5.0 (compatible; Googlebot/2.1; +http://www.google.com/bot.html)"
