185.216.113.70 - - [24/Apr/2026:04:59:31 +0300] "POST /wp-cron.php?doing_wp_cron=1776995971.8581130504608154296875 HTTP/1.1" 200 448 "-" "WordPress/6.3.8; https://serhatburke.miroglu.net"
98.98.197.195 - - [24/Apr/2026:04:59:19 +0300] "POST /xmlrpc.php HTTP/1.1" 200 630 "-" "Mozilla/5.0 (Windows NT 10.0; Win64; x64) AppleWebKit/537.36 (KHTML, like Gecko) Chrome/114.0.0.0 Safari/537.36"
98.98.197.195 - - [24/Apr/2026:04:59:38 +0300] "POST /xmlrpc.php HTTP/1.1" 200 17108 "-" "Mozilla/5.0 (Windows NT 10.0; Win64; x64) AppleWebKit/537.36 (KHTML, like Gecko) Chrome/114.0.0.0 Safari/537.36"
98.98.197.195 - - [24/Apr/2026:04:59:52 +0300] "GET /5-melhores-cassinos-com-bonus-sem-bonus-oscar-spin-deposito-ensaio-e-ranking-2024/ HTTP/1.1" 200 80952 "-" "Mozilla/5.0 (Windows NT 10.0; Win64; x64; rv:125.0) Gecko/20100101 Firefox/125.0"
185.216.113.70 - - [24/Apr/2026:05:00:59 +0300] "POST /wp-cron.php?doing_wp_cron=1776996059.5251209735870361328125 HTTP/1.1" 200 448 "-" "WordPress/6.3.8; https://serhatburke.miroglu.net"
107.152.32.177 - - [24/Apr/2026:05:00:48 +0300] "GET /zotabet-casino-bonus-premier-depot-2026/ HTTP/1.1" 200 18902 "https://serhatburke.miroglu.net/" "Mozilla/5.0 (X11; Fedora; Linux x86_64; rv:114.0) Gecko/20100101 Firefox/114.0"
107.152.32.177 - - [24/Apr/2026:05:01:03 +0300] "POST /wp-comments-post.php HTTP/1.1" 302 1087 "https://serhatburke.miroglu.net/zotabet-casino-bonus-premier-depot-2026/" "Mozilla/5.0 (X11; Fedora; Linux x86_64; rv:114.0) Gecko/20100101 Firefox/114.0"
107.152.32.177 - - [24/Apr/2026:05:01:16 +0300] "GET /zotabet-casino-bonus-premier-depot-2026/?unapproved=600&moderation-hash=2b8ed217fb7a538ce747744dde0147c4 HTTP/1.1" 200 19400 "https://serhatburke.miroglu.net/wp-comments-post.php" "Mozilla/5.0 (X11; Fedora; Linux x86_64; rv:114.0) Gecko/20100101 Firefox/114.0"
185.216.113.70 - - [24/Apr/2026:05:01:41 +0300] "POST /wp-cron.php?doing_wp_cron=1776996101.8116819858551025390625 HTTP/1.1" 200 448 "-" "WordPress/6.3.8; https://serhatburke.miroglu.net"
107.152.32.177 - - [24/Apr/2026:05:01:29 +0300] "GET /zotabet-casino-bonus-premier-depot-2026/ HTTP/1.1" 200 18870 "-" "Mozilla/5.0 (X11; Fedora; Linux x86_64; rv:114.0) Gecko/20100101 Firefox/114.0"
185.216.113.70 - - [24/Apr/2026:05:03:37 +0300] "POST /wp-cron.php?doing_wp_cron=1776996217.0985410213470458984375 HTTP/1.1" 200 448 "-" "WordPress/6.3.8; https://serhatburke.miroglu.net"
98.98.197.195 - - [24/Apr/2026:05:03:24 +0300] "POST /xmlrpc.php HTTP/1.1" 200 630 "-" "Mozilla/5.0 (Windows NT 10.0; Win64; x64) AppleWebKit/537.36 (KHTML, like Gecko) Chrome/114.0.0.0 Safari/537.36"
98.98.197.195 - - [24/Apr/2026:05:03:43 +0300] "POST /xmlrpc.php HTTP/1.1" 200 16706 "-" "Mozilla/5.0 (Windows NT 10.0; Win64; x64) AppleWebKit/537.36 (KHTML, like Gecko) Chrome/114.0.0.0 Safari/537.36"
107.152.32.177 - - [24/Apr/2026:05:03:46 +0300] "GET /zotabet-casino-bonus-premier-depot-2026/ HTTP/1.1" 200 18870 "-" "Mozilla/5.0 (Windows NT 10.0; Win64; x64; Xbox; Xbox One) AppleWebKit/537.36 (KHTML, like Gecko) Chrome/114.0.0.0 Safari/537.36 Edge/44.18363.8131"
98.98.197.195 - - [24/Apr/2026:05:03:58 +0300] "GET /divine-fortune-slot-demo-slot-de-cassino-gladiator-review-2026-play-for-free/ HTTP/1.1" 200 80586 "-" "Mozilla/5.0 (Windows NT 10.0; Win64; x64) AppleWebKit/537.36 (KHTML, like Gecko) Chrome/109.0.0.0 Safari/537.36"
185.216.113.70 - - [24/Apr/2026:05:05:26 +0300] "POST /wp-cron.php?doing_wp_cron=1776996326.0549519062042236328125 HTTP/1.1" 200 448 "-" "WordPress/6.3.8; https://serhatburke.miroglu.net"
98.98.197.195 - - [24/Apr/2026:05:05:13 +0300] "POST /xmlrpc.php HTTP/1.1" 200 630 "-" "Mozilla/5.0 (Windows NT 10.0; Win64; x64) AppleWebKit/537.36 (KHTML, like Gecko) Chrome/114.0.0.0 Safari/537.36"
98.98.197.195 - - [24/Apr/2026:05:05:32 +0300] "POST /xmlrpc.php HTTP/1.1" 200 17212 "-" "Mozilla/5.0 (Windows NT 10.0; Win64; x64) AppleWebKit/537.36 (KHTML, like Gecko) Chrome/114.0.0.0 Safari/537.36"
185.216.113.70 - - [24/Apr/2026:05:05:59 +0300] "POST /wp-cron.php?doing_wp_cron=1776996359.2122569084167480468750 HTTP/1.1" 200 448 "-" "WordPress/6.3.8; https://serhatburke.miroglu.net"
98.98.197.195 - - [24/Apr/2026:05:05:47 +0300] "GET /dracula-slot-artigo-completo-review-96-58-rtp-netent-2026/ HTTP/1.1" 200 80246 "-" "Mozilla/5.0 (Windows NT 10.0; Win64; x64) AppleWebKit/537.36 (KHTML, like Gecko) Chrome/124.0.0.0 Safari/537.36"
200.25.47.118 - - [24/Apr/2026:05:06:26 +0300] "POST /xmlrpc.php HTTP/1.1" 200 630 "-" "Mozilla/5.0 (Windows NT 10.0; Win64; x64) AppleWebKit/537.36 (KHTML, like Gecko) Chrome/114.0.0.0 Safari/537.36"
185.216.113.70 - - [24/Apr/2026:05:06:58 +0300] "POST /wp-cron.php?doing_wp_cron=1776996418.4940750598907470703125 HTTP/1.1" 200 448 "-" "WordPress/6.3.8; https://serhatburke.miroglu.net"
200.25.47.118 - - [24/Apr/2026:05:06:45 +0300] "POST /xmlrpc.php HTTP/1.1" 200 9238 "-" "Mozilla/5.0 (Windows NT 10.0; Win64; x64) AppleWebKit/537.36 (KHTML, like Gecko) Chrome/114.0.0.0 Safari/537.36"
98.98.197.195 - - [24/Apr/2026:05:06:53 +0300] "POST /xmlrpc.php HTTP/1.1" 200 630 "-" "Mozilla/5.0 (Windows NT 10.0; Win64; x64) AppleWebKit/537.36 (KHTML, like Gecko) Chrome/114.0.0.0 Safari/537.36"
200.25.47.118 - - [24/Apr/2026:05:07:00 +0300] "GET /thunderstruck-ii-portovi-viewpoint-2026-zaradite-do-5-miliona-novcica/ HTTP/1.1" 200 72818 "-" "Mozilla/5.0 (Windows NT 10.0; Win64; x64) AppleWebKit/537.36 (KHTML, like Gecko) Chrome/123.0.0.0 Safari/537.36"
98.98.197.195 - - [24/Apr/2026:05:07:15 +0300] "POST /xmlrpc.php HTTP/1.1" 200 16791 "-" "Mozilla/5.0 (Windows NT 10.0; Win64; x64) AppleWebKit/537.36 (KHTML, like Gecko) Chrome/114.0.0.0 Safari/537.36"
98.98.197.195 - - [24/Apr/2026:05:07:29 +0300] "GET /fortune-tiger-50-nenhum-deposito-gira-virtual-football-bundesliga-aparelho-esfogiteado-tigre-demo-dado-como-aquele-apostar/ HTTP/1.1" 200 81592 "-" "Mozilla/5.0 (Windows NT 10.0; Win64; x64; rv:124.0) Gecko/20100101 Firefox/124.0"
185.216.113.70 - - [24/Apr/2026:05:08:29 +0300] "POST /wp-cron.php?doing_wp_cron=1776996509.3831059932708740234375 HTTP/1.1" 200 448 "-" "WordPress/6.3.8; https://serhatburke.miroglu.net"
40.77.167.79 - - [24/Apr/2026:05:08:16 +0300] "GET /pa-casinoer-rocky-5-depositum-inklusive-rigtige-middel-2026-kan-fungere-sno-knap-pro-dannevan/ HTTP/2" 200 19172 "-" "Mozilla/5.0 AppleWebKit/537.36 (KHTML, like Gecko; compatible; bingbot/2.0; +http://www.bing.com/bingbot.htm) Chrome/116.0.1938.76 Safari/537.36"
52.167.144.183 - - [24/Apr/2026:05:08:21 +0300] "GET /ringa-free-spins-inom-dag-bedste-gratis-spins-kasino-thrills-inom-february-2026/ HTTP/2" 200 18622 "-" "Mozilla/5.0 AppleWebKit/537.36 (KHTML, like Gecko; compatible; bingbot/2.0; +http://www.bing.com/bingbot.htm) Chrome/116.0.1938.76 Safari/537.36"
98.98.197.195 - - [24/Apr/2026:05:08:29 +0300] "POST /xmlrpc.php HTTP/1.1" 200 630 "-" "Mozilla/5.0 (Windows NT 10.0; Win64; x64) AppleWebKit/537.36 (KHTML, like Gecko) Chrome/114.0.0.0 Safari/537.36"
185.216.113.70 - - [24/Apr/2026:05:09:04 +0300] "POST /wp-cron.php?doing_wp_cron=1776996544.0071630477905273437500 HTTP/1.1" 200 448 "-" "WordPress/6.3.8; https://serhatburke.miroglu.net"
98.98.197.195 - - [24/Apr/2026:05:08:51 +0300] "POST /xmlrpc.php HTTP/1.1" 200 16507 "-" "Mozilla/5.0 (Windows NT 10.0; Win64; x64) AppleWebKit/537.36 (KHTML, like Gecko) Chrome/114.0.0.0 Safari/537.36"
98.98.197.195 - - [24/Apr/2026:05:09:05 +0300] "GET /ato-sem-mrbet-app-brasil-entreposto-codigos-puerilidade-acao-sem-armazem-acessivel-atividade-promocoes/ HTTP/1.1" 200 80907 "-" "Mozilla/5.0 (Windows NT 10.0; Win64; x64) AppleWebKit/537.36 (KHTML, like Gecko) Chrome/122.0.0.0 Safari/537.36"
185.216.113.70 - - [24/Apr/2026:05:10:18 +0300] "POST /wp-cron.php?doing_wp_cron=1776996617.9921700954437255859375 HTTP/1.1" 200 448 "-" "WordPress/6.3.8; https://serhatburke.miroglu.net"
98.98.197.195 - - [24/Apr/2026:05:10:04 +0300] "POST /xmlrpc.php HTTP/1.1" 200 630 "-" "Mozilla/5.0 (Windows NT 10.0; Win64; x64) AppleWebKit/537.36 (KHTML, like Gecko) Chrome/114.0.0.0 Safari/537.36"
98.98.197.195 - - [24/Apr/2026:05:10:24 +0300] "POST /xmlrpc.php HTTP/1.1" 200 16704 "-" "Mozilla/5.0 (Windows NT 10.0; Win64; x64) AppleWebKit/537.36 (KHTML, like Gecko) Chrome/114.0.0.0 Safari/537.36"
185.216.113.70 - - [24/Apr/2026:05:10:49 +0300] "POST /wp-cron.php?doing_wp_cron=1776996649.7095708847045898437500 HTTP/1.1" 200 448 "-" "WordPress/6.3.8; https://serhatburke.miroglu.net"
98.98.197.195 - - [24/Apr/2026:05:10:38 +0300] "GET /top-15-melhores-slots-buffalo-slot-movel-online-acimade-abril-2026-joga-acostumado/ HTTP/1.1" 200 80211 "-" "Mozilla/5.0 (Windows NT 10.0; rv:109.0) Gecko/20100101 Firefox/115.0"
185.216.113.70 - - [24/Apr/2026:05:11:53 +0300] "POST /wp-cron.php?doing_wp_cron=1776996713.3763189315795898437500 HTTP/1.1" 200 448 "-" "WordPress/6.3.8; https://serhatburke.miroglu.net"
98.98.197.195 - - [24/Apr/2026:05:11:41 +0300] "POST /xmlrpc.php HTTP/1.1" 200 630 "-" "Mozilla/5.0 (Windows NT 10.0; Win64; x64) AppleWebKit/537.36 (KHTML, like Gecko) Chrome/114.0.0.0 Safari/537.36"
98.98.197.195 - - [24/Apr/2026:05:12:00 +0300] "POST /xmlrpc.php HTTP/1.1" 200 17379 "-" "Mozilla/5.0 (Windows NT 10.0; Win64; x64) AppleWebKit/537.36 (KHTML, like Gecko) Chrome/114.0.0.0 Safari/537.36"
98.98.197.195 - - [24/Apr/2026:05:12:14 +0300] "GET /fat-mamas-wheel-slot-review-2024-free-50-nenhum-entreposto-casino-jackpot-city-gira-choy-sun-doa-play-canhoteiro/ HTTP/1.1" 200 81509 "-" "Mozilla/5.0 (Windows NT 10.0; rv:125.0) Gecko/20100101 Firefox/125.0"
185.216.113.70 - - [24/Apr/2026:05:13:25 +0300] "POST /wp-cron.php?doing_wp_cron=1776996805.2600719928741455078125 HTTP/1.1" 200 448 "-" "WordPress/6.3.8; https://serhatburke.miroglu.net"
98.98.197.195 - - [24/Apr/2026:05:13:13 +0300] "POST /xmlrpc.php HTTP/1.1" 200 630 "-" "Mozilla/5.0 (Windows NT 10.0; Win64; x64) AppleWebKit/537.36 (KHTML, like Gecko) Chrome/114.0.0.0 Safari/537.36"
98.98.197.195 - - [24/Apr/2026:05:13:31 +0300] "POST /xmlrpc.php HTTP/1.1" 200 16467 "-" "Mozilla/5.0 (Windows NT 10.0; Win64; x64) AppleWebKit/537.36 (KHTML, like Gecko) Chrome/114.0.0.0 Safari/537.36"
158.69.22.136 - - [24/Apr/2026:05:13:32 +0300] "GET /beste-casino-site-belgie-hoge-inzet/ HTTP/1.1" 200 19037 "-" "Mozilla/5.0 (compatible; Googlebot/2.1; +http://www.google.com/bot.html)"
98.98.197.195 - - [24/Apr/2026:05:13:48 +0300] "GET /oferta-puerilidade-1-deposito-cosmic-cash-rodadas-acostumado-sem-armazem-para-portugal-2026/ HTTP/1.1" 200 80525 "-" "Mozilla/5.0 (Windows NT 10.0; Win64; x64) AppleWebKit/537.36 (KHTML, like Gecko) Chrome/122.0.0.0 Safari/537.36"
52.167.144.183 - - [24/Apr/2026:05:13:58 +0300] "GET /cazino-online-dans-spre-ice-hockey-casino-jocuri-pe-bani-reali-pe-pokerstars/ HTTP/2" 200 20559 "-" "Mozilla/5.0 AppleWebKit/537.36 (KHTML, like Gecko; compatible; bingbot/2.0; +http://www.bing.com/bingbot.htm) Chrome/116.0.1938.76 Safari/537.36"
40.77.167.79 - - [24/Apr/2026:05:14:03 +0300] "GET /internetquellen-nach-das-harvard-bonnie-clyde-slotspiel-zitierweise-beziehen/ HTTP/2" 200 19558 "-" "Mozilla/5.0 AppleWebKit/537.36 (KHTML, like Gecko; compatible; bingbot/2.0; +http://www.bing.com/bingbot.htm) Chrome/116.0.1938.76 Safari/537.36"
185.216.113.70 - - [24/Apr/2026:05:14:55 +0300] "POST /wp-cron.php?doing_wp_cron=1776996895.6191899776458740234375 HTTP/1.1" 200 448 "-" "WordPress/6.3.8; https://serhatburke.miroglu.net"
40.77.167.56 - - [24/Apr/2026:05:14:39 +0300] "GET /unique-scompiglio-2026-esperienze-uniche-sopra-100-di-premio/ HTTP/2" 200 19710 "-" "Mozilla/5.0 AppleWebKit/537.36 (KHTML, like Gecko; compatible; bingbot/2.0; +http://www.bing.com/bingbot.htm) Chrome/116.0.1938.76 Safari/537.36"
98.98.197.195 - - [24/Apr/2026:05:14:40 +0300] "POST /xmlrpc.php HTTP/1.1" 200 630 "-" "Mozilla/5.0 (Windows NT 10.0; Win64; x64) AppleWebKit/537.36 (KHTML, like Gecko) Chrome/114.0.0.0 Safari/537.36"
52.167.144.180 - - [24/Apr/2026:05:14:44 +0300] "GET /contrasting-bonuses-you-can-aquire-at-risk-option-sites/ HTTP/2" 200 17562 "-" "Mozilla/5.0 AppleWebKit/537.36 (KHTML, like Gecko; compatible; bingbot/2.0; +http://www.bing.com/bingbot.htm) Chrome/116.0.1938.76 Safari/537.36"
98.98.197.195 - - [24/Apr/2026:05:15:03 +0300] "POST /xmlrpc.php HTTP/1.1" 200 16921 "-" "Mozilla/5.0 (Windows NT 10.0; Win64; x64) AppleWebKit/537.36 (KHTML, like Gecko) Chrome/114.0.0.0 Safari/537.36"
40.77.167.56 - - [24/Apr/2026:05:15:09 +0300] "GET /pochemu-vosprijatie-opasnosti-opredeljaetsja-ot-emotsionalnogo-fona/ HTTP/2" 200 22323 "-" "Mozilla/5.0 AppleWebKit/537.36 (KHTML, like Gecko; compatible; bingbot/2.0; +http://www.bing.com/bingbot.htm) Chrome/116.0.1938.76 Safari/537.36"
98.98.197.195 - - [24/Apr/2026:05:15:17 +0300] "GET /slots-online-dinheiro-contemporaneo-%EF%BC%9Ctop-casinos-algum-real-slot-dracula-2026%EF%BC%9E/ HTTP/1.1" 200 80581 "-" "Mozilla/5.0 (Windows NT 10.0; rv:109.0) Gecko/20100101 Firefox/115.0"
185.216.113.70 - - [24/Apr/2026:05:16:22 +0300] "POST /wp-cron.php?doing_wp_cron=1776996982.0003550052642822265625 HTTP/1.1" 200 448 "-" "WordPress/6.3.8; https://serhatburke.miroglu.net"
98.98.197.195 - - [24/Apr/2026:05:16:09 +0300] "POST /xmlrpc.php HTTP/1.1" 200 630 "-" "Mozilla/5.0 (Windows NT 10.0; Win64; x64) AppleWebKit/537.36 (KHTML, like Gecko) Chrome/114.0.0.0 Safari/537.36"
98.98.197.195 - - [24/Apr/2026:05:16:28 +0300] "POST /xmlrpc.php HTTP/1.1" 200 16192 "-" "Mozilla/5.0 (Windows NT 10.0; Win64; x64) AppleWebKit/537.36 (KHTML, like Gecko) Chrome/114.0.0.0 Safari/537.36"
185.216.113.70 - - [24/Apr/2026:05:16:55 +0300] "POST /wp-cron.php?doing_wp_cron=1776997015.1580319404602050781250 HTTP/1.1" 200 448 "-" "WordPress/6.3.8; https://serhatburke.miroglu.net"
98.98.197.195 - - [24/Apr/2026:05:16:42 +0300] "GET /principais-profissionais-esfogiteado-futebol-aquele-big-wild-buffalo-slot-jogam-football-manager-confira/ HTTP/1.1" 200 81024 "-" "Mozilla/5.0 (Windows NT 10.0; rv:125.0) Gecko/20100101 Firefox/125.0"
47.128.51.204 - - [24/Apr/2026:05:17:08 +0300] "GET /robots.txt HTTP/1.1" 200 605 "-" "Mozilla/5.0 (Linux; Android 5.0) AppleWebKit/537.36 (KHTML, like Gecko) Mobile Safari/537.36 (compatible; Bytespider; spider-feedback@bytedance.com)"
185.216.113.70 - - [24/Apr/2026:05:17:45 +0300] "POST /wp-cron.php?doing_wp_cron=1776997065.8100149631500244140625 HTTP/1.1" 200 448 "-" "WordPress/6.3.8; https://serhatburke.miroglu.net"
98.98.197.195 - - [24/Apr/2026:05:17:33 +0300] "POST /xmlrpc.php HTTP/1.1" 200 630 "-" "Mozilla/5.0 (Windows NT 10.0; Win64; x64) AppleWebKit/537.36 (KHTML, like Gecko) Chrome/114.0.0.0 Safari/537.36"
98.98.197.195 - - [24/Apr/2026:05:17:52 +0300] "POST /xmlrpc.php HTTP/1.1" 200 17774 "-" "Mozilla/5.0 (Windows NT 10.0; Win64; x64) AppleWebKit/537.36 (KHTML, like Gecko) Chrome/114.0.0.0 Safari/537.36"
98.98.197.195 - - [24/Apr/2026:05:18:06 +0300] "GET /october-27-2007-bostons-bats-push-rockies-to-the-brink-in-game-casino-lucky-scarabs-3-society-for-american-baseball-research/ HTTP/1.1" 200 82580 "-" "Mozilla/5.0 (Windows NT 10.0; Win64; x64) AppleWebKit/537.36 (KHTML, like Gecko) Chrome/123.0.0.0 Safari/537.36"
185.216.113.70 - - [24/Apr/2026:05:19:24 +0300] "POST /wp-cron.php?doing_wp_cron=1776997152.9847838878631591796875 HTTP/1.1" 200 448 "-" "WordPress/6.3.8; https://serhatburke.miroglu.net"
98.98.197.195 - - [24/Apr/2026:05:18:59 +0300] "POST /xmlrpc.php HTTP/1.1" 200 630 "-" "Mozilla/5.0 (Windows NT 10.0; Win64; x64) AppleWebKit/537.36 (KHTML, like Gecko) Chrome/114.0.0.0 Safari/537.36"
98.98.197.195 - - [24/Apr/2026:05:19:31 +0300] "POST /xmlrpc.php HTTP/1.1" 200 16466 "-" "Mozilla/5.0 (Windows NT 10.0; Win64; x64) AppleWebKit/537.36 (KHTML, like Gecko) Chrome/114.0.0.0 Safari/537.36"
185.216.113.70 - - [24/Apr/2026:05:19:52 +0300] "POST /wp-cron.php?doing_wp_cron=1776997192.7181980609893798828125 HTTP/1.1" 200 448 "-" "WordPress/6.3.8; https://serhatburke.miroglu.net"
52.167.144.23 - - [24/Apr/2026:05:19:38 +0300] "GET /nya-casinon-spela-emoticoins-slot-i-sverige-2026-topplista-med-nya-casino-villig-webben/ HTTP/2" 200 18707 "-" "Mozilla/5.0 AppleWebKit/537.36 (KHTML, like Gecko; compatible; bingbot/2.0; +http://www.bing.com/bingbot.htm) Chrome/116.0.1938.76 Safari/537.36"
40.77.167.51 - - [24/Apr/2026:05:19:43 +0300] "GET /kraken-bezopasnye-metody-dostupa-v-darknet-2026-14/ HTTP/2" 200 18217 "-" "Mozilla/5.0 AppleWebKit/537.36 (KHTML, like Gecko; compatible; bingbot/2.0; +http://www.bing.com/bingbot.htm) Chrome/116.0.1938.76 Safari/537.36"
98.98.197.195 - - [24/Apr/2026:05:19:45 +0300] "GET /bonus-sem-casa-em-cassinos-esfogiteado-brasil-mermaids-pearl-giros-livres-de-slot-2026/ HTTP/1.1" 200 80194 "-" "Mozilla/5.0 (Windows NT 10.0; Win64; x64; rv:124.0) Gecko/20100101 Firefox/124.0"
40.77.167.51 - - [24/Apr/2026:05:20:13 +0300] "GET /zahrajte-si-twin-spinner-online-zdarma/ HTTP/2" 200 18205 "-" "Mozilla/5.0 AppleWebKit/537.36 (KHTML, like Gecko; compatible; bingbot/2.0; +http://www.bing.com/bingbot.htm) Chrome/116.0.1938.76 Safari/537.36"
98.98.197.195 - - [24/Apr/2026:05:20:21 +0300] "POST /xmlrpc.php HTTP/1.1" 200 630 "-" "Mozilla/5.0 (Windows NT 10.0; Win64; x64) AppleWebKit/537.36 (KHTML, like Gecko) Chrome/114.0.0.0 Safari/537.36"
185.216.113.70 - - [24/Apr/2026:05:20:52 +0300] "POST /wp-cron.php?doing_wp_cron=1776997252.1937530040740966796875 HTTP/1.1" 200 448 "-" "WordPress/6.3.8; https://serhatburke.miroglu.net"
98.98.197.195 - - [24/Apr/2026:05:20:40 +0300] "POST /xmlrpc.php HTTP/1.1" 200 15900 "-" "Mozilla/5.0 (Windows NT 10.0; Win64; x64) AppleWebKit/537.36 (KHTML, like Gecko) Chrome/114.0.0.0 Safari/537.36"
98.98.197.195 - - [24/Apr/2026:05:20:53 +0300] "GET /melhores-casinos-com-ato-goldbet-casino-pt-sem-casa-sobre-portugal-2026/ HTTP/1.1" 200 79431 "-" "Mozilla/5.0 (Windows NT 10.0; Win64; x64; rv:124.0) Gecko/20100101 Firefox/124.0"
200.25.47.118 - - [24/Apr/2026:05:21:02 +0300] "POST /xmlrpc.php HTTP/1.1" 200 630 "-" "Mozilla/5.0 (Windows NT 10.0; Win64; x64) AppleWebKit/537.36 (KHTML, like Gecko) Chrome/114.0.0.0 Safari/537.36"
57.128.22.95 - - [24/Apr/2026:05:21:09 +0300] "GET /35849-2/ HTTP/1.1" 200 18145 "-" "Mozilla/5.0 (compatible; Googlebot/2.1; +http://www.google.com/bot.html)"
40.77.167.51 - - [24/Apr/2026:05:21:23 +0300] "GET /verso-ottenere-150-free-spin-per-testata-di-garbare-anche-conveniente-ite-spid/ HTTP/2" 200 17514 "-" "Mozilla/5.0 AppleWebKit/537.36 (KHTML, like Gecko; compatible; bingbot/2.0; +http://www.bing.com/bingbot.htm) Chrome/116.0.1938.76 Safari/537.36"
200.25.47.118 - - [24/Apr/2026:05:21:24 +0300] "POST /xmlrpc.php HTTP/1.1" 200 9920 "-" "Mozilla/5.0 (Windows NT 10.0; Win64; x64) AppleWebKit/537.36 (KHTML, like Gecko) Chrome/114.0.0.0 Safari/537.36"
40.77.167.56 - - [24/Apr/2026:05:21:29 +0300] "GET /korak-za-polog-1-funta-dobite-20-brezplacno-prvi-korak-spletni-casino-pravi-denar-brez-depozita-verde-casino-minimalni-polog-v-gbp-lokalna-igralnica-2026/ HTTP/2" 200 17936 "-" "Mozilla/5.0 AppleWebKit/537.36 (KHTML, like Gecko; compatible; bingbot/2.0; +http://www.bing.com/bingbot.htm) Chrome/116.0.1938.76 Safari/537.36"
200.25.47.118 - - [24/Apr/2026:05:21:41 +0300] "GET /penny-ports-online-uzivajte-u-cent-slotovima-kostarika/ HTTP/1.1" 200 72866 "-" "Mozilla/5.0 (Windows NT 10.0; rv:125.0) Gecko/20100101 Firefox/125.0"
98.98.197.195 - - [24/Apr/2026:05:21:48 +0300] "POST /xmlrpc.php HTTP/1.1" 200 630 "-" "Mozilla/5.0 (Windows NT 10.0; Win64; x64) AppleWebKit/537.36 (KHTML, like Gecko) Chrome/114.0.0.0 Safari/537.36"
160.250.186.93 - - [24/Apr/2026:05:21:59 +0300] "GET /28563-2/ HTTP/1.1" 200 19070 "-" "Mozilla/5.0 (compatible; Googlebot/2.1; +http://www.google.com/bot.html)"
185.216.113.70 - - [24/Apr/2026:05:22:19 +0300] "POST /wp-cron.php?doing_wp_cron=1776997339.2943229675292968750000 HTTP/1.1" 200 448 "-" "WordPress/6.3.8; https://serhatburke.miroglu.net"
98.98.197.195 - - [24/Apr/2026:05:22:07 +0300] "POST /xmlrpc.php HTTP/1.1" 200 17368 "-" "Mozilla/5.0 (Windows NT 10.0; Win64; x64) AppleWebKit/537.36 (KHTML, like Gecko) Chrome/114.0.0.0 Safari/537.36"
98.98.197.195 - - [24/Apr/2026:05:22:20 +0300] "GET /fortune-mouse-onde-apostar-aparelhamento-casino-britainbet-casino-do-ratinho-crash-apostas/ HTTP/1.1" 200 81300 "-" "Mozilla/5.0 (Windows NT 10.0; Win64; x64; rv:125.0) Gecko/20100101 Firefox/125.0"
185.216.113.70 - - [24/Apr/2026:05:22:55 +0300] "POST /wp-cron.php?doing_wp_cron=1776997375.1496989727020263671875 HTTP/1.1" 200 448 "-" "WordPress/6.3.8; https://serhatburke.miroglu.net"
160.250.186.93 - - [24/Apr/2026:05:22:41 +0300] "GET /28563-2/ HTTP/1.1" 200 19070 "-" "Mozilla/5.0 (compatible; Googlebot/2.1; +http://www.google.com/bot.html)"
200.25.47.118 - - [24/Apr/2026:05:22:48 +0300] "POST /xmlrpc.php HTTP/1.1" 200 630 "-" "Mozilla/5.0 (Windows NT 10.0; Win64; x64) AppleWebKit/537.36 (KHTML, like Gecko) Chrome/114.0.0.0 Safari/537.36"
178.159.37.142 - 9betink [24/Apr/2026:05:22:50 +0300] "POST /xmlrpc.php HTTP/1.1" 200 169974 "-" "Mozilla/5.0 (Windows NT 10.0; Win64; x64) AppleWebKit/537.36 (KHTML, like Gecko) Chrome/80.0.3987.122 Safari/537.36 Edg/80.0.361.62"
98.98.197.195 - - [24/Apr/2026:05:23:05 +0300] "POST /xmlrpc.php HTTP/1.1" 200 630 "-" "Mozilla/5.0 (Windows NT 10.0; Win64; x64) AppleWebKit/537.36 (KHTML, like Gecko) Chrome/114.0.0.0 Safari/537.36"
178.159.37.142 - 9betink [24/Apr/2026:05:23:09 +0300] "POST /xmlrpc.php HTTP/1.1" 200 664 "-" "Mozilla/5.0 (Windows NT 10.0; Win64; x64) AppleWebKit/537.36 (KHTML, like Gecko) Chrome/80.0.3987.122 Safari/537.36 Edg/80.0.361.62"
200.25.47.118 - - [24/Apr/2026:05:23:12 +0300] "POST /xmlrpc.php HTTP/1.1" 200 10253 "-" "Mozilla/5.0 (Windows NT 10.0; Win64; x64) AppleWebKit/537.36 (KHTML, like Gecko) Chrome/114.0.0.0 Safari/537.36"
185.216.113.70 - - [24/Apr/2026:05:23:52 +0300] "POST /wp-cron.php?doing_wp_cron=1776997431.9081389904022216796875 HTTP/1.1" 200 448 "-" "WordPress/6.3.8; https://serhatburke.miroglu.net"
178.159.37.142 - 9betink [24/Apr/2026:05:23:26 +0300] "POST /xmlrpc.php HTTP/1.1" 200 667 "-" "Mozilla/5.0 (Windows NT 10.0; Win64; x64) AppleWebKit/537.36 (KHTML, like Gecko) Chrome/80.0.3987.122 Safari/537.36 Edg/80.0.361.62"
40.77.167.56 - - [24/Apr/2026:05:23:29 +0300] "GET /ktora-sprawi-wybrac-obstawianie-i-to-cie-interesuja-wygladu-kasyn-ktore-daja-opcja-gier-w-czasie-rzeczywistym/ HTTP/2" 200 17897 "-" "Mozilla/5.0 AppleWebKit/537.36 (KHTML, like Gecko; compatible; bingbot/2.0; +http://www.bing.com/bingbot.htm) Chrome/116.0.1938.76 Safari/537.36"
98.98.197.195 - - [24/Apr/2026:05:23:28 +0300] "POST /xmlrpc.php HTTP/1.1" 200 17038 "-" "Mozilla/5.0 (Windows NT 10.0; Win64; x64) AppleWebKit/537.36 (KHTML, like Gecko) Chrome/114.0.0.0 Safari/537.36"
200.25.47.118 - - [24/Apr/2026:05:23:29 +0300] "GET /misljenje-o-slotu-golden-goddess-100-besplatna-probna-verzija/ HTTP/1.1" 200 73770 "-" "Mozilla/5.0 (Windows NT 10.0; rv:109.0) Gecko/20100101 Firefox/115.0"
40.77.167.51 - - [24/Apr/2026:05:23:33 +0300] "GET /casinos-5-euro-einzahlungs-casinos-online-ohne-anmeldung-2026-kostenlose-spiele-abzuglich-kontoverbindung/ HTTP/2" 200 19472 "-" "Mozilla/5.0 AppleWebKit/537.36 (KHTML, like Gecko; compatible; bingbot/2.0; +http://www.bing.com/bingbot.htm) Chrome/116.0.1938.76 Safari/537.36"
178.159.37.142 - 9betink [24/Apr/2026:05:23:53 +0300] "POST /xmlrpc.php HTTP/1.1" 200 9405 "-" "Mozilla/5.0 (Windows NT 10.0; Win64; x64) AppleWebKit/537.36 (KHTML, like Gecko) Chrome/80.0.3987.122 Safari/537.36 Edg/80.0.361.62"
98.98.197.195 - - [24/Apr/2026:05:24:01 +0300] "GET /jogos-fortune-apreciacao-completa-melhores-jogos-criancice-football-mania-deluxe-casino-fortune/ HTTP/1.1" 200 80960 "-" "Mozilla/5.0 (Windows NT 10.0; rv:125.0) Gecko/20100101 Firefox/125.0"
185.216.113.70 - - [24/Apr/2026:05:24:41 +0300] "POST /wp-cron.php?doing_wp_cron=1776997481.8760149478912353515625 HTTP/1.1" 200 448 "-" "WordPress/6.3.8; https://serhatburke.miroglu.net"
98.98.197.195 - - [24/Apr/2026:05:24:29 +0300] "POST /xmlrpc.php HTTP/1.1" 200 630 "-" "Mozilla/5.0 (Windows NT 10.0; Win64; x64) AppleWebKit/537.36 (KHTML, like Gecko) Chrome/114.0.0.0 Safari/537.36"
98.98.197.195 - - [24/Apr/2026:05:24:48 +0300] "POST /xmlrpc.php HTTP/1.1" 200 17314 "-" "Mozilla/5.0 (Windows NT 10.0; Win64; x64) AppleWebKit/537.36 (KHTML, like Gecko) Chrome/114.0.0.0 Safari/537.36"
98.98.197.195 - - [24/Apr/2026:05:25:02 +0300] "GET /slot-machines-infantilidade-frutas-jogos-100-giros-gratis-sem-deposito-3-coins-de-casino-como-slots-acostumado/ HTTP/1.1" 200 82401 "-" "Mozilla/5.0 (Windows NT 10.0; Win64; x64) AppleWebKit/537.36 (KHTML, like Gecko) Chrome/122.0.0.0 Safari/537.36"
185.216.113.70 - - [24/Apr/2026:05:26:03 +0300] "POST /wp-cron.php?doing_wp_cron=1776997563.4192008972167968750000 HTTP/1.1" 200 448 "-" "WordPress/6.3.8; https://serhatburke.miroglu.net"
98.98.197.195 - - [24/Apr/2026:05:25:51 +0300] "POST /xmlrpc.php HTTP/1.1" 200 630 "-" "Mozilla/5.0 (Windows NT 10.0; Win64; x64) AppleWebKit/537.36 (KHTML, like Gecko) Chrome/114.0.0.0 Safari/537.36"
98.98.197.195 - - [24/Apr/2026:05:26:09 +0300] "POST /xmlrpc.php HTTP/1.1" 200 17158 "-" "Mozilla/5.0 (Windows NT 10.0; Win64; x64) AppleWebKit/537.36 (KHTML, like Gecko) Chrome/114.0.0.0 Safari/537.36"
98.98.197.195 - - [24/Apr/2026:05:26:25 +0300] "GET /os-melhores-the-dog-house-megaways-slot-money-real-ato-sem-casa-de-portugal-acimade-2026/ HTTP/1.1" 200 80956 "-" "Mozilla/5.0 (Windows NT 10.0; rv:109.0) Gecko/20100101 Firefox/115.0"
185.216.113.70 - - [24/Apr/2026:05:26:56 +0300] "POST /wp-cron.php?doing_wp_cron=1776997616.6587140560150146484375 HTTP/1.1" 200 448 "-" "WordPress/6.3.8; https://serhatburke.miroglu.net"
62.12.119.249 - - [24/Apr/2026:05:26:44 +0300] "POST /xmlrpc.php HTTP/1.1" 200 630 "-" "Mozilla/5.0 (Windows NT 10.0; Win64; x64) AppleWebKit/537.36 (KHTML, like Gecko) Chrome/114.0.0.0 Safari/537.36"
200.25.47.118 - - [24/Apr/2026:05:26:53 +0300] "POST /xmlrpc.php HTTP/1.1" 200 630 "-" "Mozilla/5.0 (Windows NT 10.0; Win64; x64) AppleWebKit/537.36 (KHTML, like Gecko) Chrome/114.0.0.0 Safari/537.36"
62.12.119.249 - - [24/Apr/2026:05:27:03 +0300] "POST /xmlrpc.php HTTP/1.1" 200 12367 "-" "Mozilla/5.0 (Windows NT 10.0; Win64; x64) AppleWebKit/537.36 (KHTML, like Gecko) Chrome/114.0.0.0 Safari/537.36"
98.98.197.195 - - [24/Apr/2026:05:27:12 +0300] "POST /xmlrpc.php HTTP/1.1" 200 630 "-" "Mozilla/5.0 (Windows NT 10.0; Win64; x64) AppleWebKit/537.36 (KHTML, like Gecko) Chrome/114.0.0.0 Safari/537.36"
200.25.47.118 - - [24/Apr/2026:05:27:14 +0300] "POST /xmlrpc.php HTTP/1.1" 200 10144 "-" "Mozilla/5.0 (Windows NT 10.0; Win64; x64) AppleWebKit/537.36 (KHTML, like Gecko) Chrome/114.0.0.0 Safari/537.36"
62.12.119.249 - - [24/Apr/2026:05:27:19 +0300] "GET /tratar-online-queen-of-the-nile-1-deposito-gratuito-a-power-stars/ HTTP/1.1" 200 75498 "-" "Mozilla/5.0 (Windows NT 10.0; Win64; x64) AppleWebKit/537.36 (KHTML, like Gecko) Chrome/124.0.0.0 Safari/537.36"
185.216.113.70 - - [24/Apr/2026:05:27:45 +0300] "POST /wp-cron.php?doing_wp_cron=1776997665.8960130214691162109375 HTTP/1.1" 200 448 "-" "WordPress/6.3.8; https://serhatburke.miroglu.net"
200.25.47.118 - - [24/Apr/2026:05:27:33 +0300] "GET /siberian-storm-bonusy-gate777-igt-pozicni-hry-zdarma/ HTTP/1.1" 200 73581 "-" "Mozilla/5.0 (Windows NT 10.0; Win64; x64) AppleWebKit/537.36 (KHTML, like Gecko) Chrome/123.0.0.0 Safari/537.36 OPR/109.0.0.0"
98.98.197.195 - - [24/Apr/2026:05:27:33 +0300] "POST /xmlrpc.php HTTP/1.1" 200 16429 "-" "Mozilla/5.0 (Windows NT 10.0; Win64; x64) AppleWebKit/537.36 (KHTML, like Gecko) Chrome/114.0.0.0 Safari/537.36"
98.98.197.195 - - [24/Apr/2026:05:27:48 +0300] "GET /play-243-crystal-fruits-slots-escolha-o-melhor-cassino-online-golden-sevens-slot-capaz-dominacao-online-new-jersey/ HTTP/1.1" 200 81433 "-" "Mozilla/5.0 (Windows NT 10.0; Win64; x64) AppleWebKit/537.36 (KHTML, like Gecko) Chrome/109.0.0.0 Safari/537.36"
185.216.113.70 - - [24/Apr/2026:05:28:40 +0300] "POST /wp-cron.php?doing_wp_cron=1776997720.0947070121765136718750 HTTP/1.1" 200 448 "-" "WordPress/6.3.8; https://serhatburke.miroglu.net"
62.12.119.249 - - [24/Apr/2026:05:28:27 +0300] "POST /xmlrpc.php HTTP/1.1" 200 630 "-" "Mozilla/5.0 (Windows NT 10.0; Win64; x64) AppleWebKit/537.36 (KHTML, like Gecko) Chrome/114.0.0.0 Safari/537.36"
98.98.197.195 - - [24/Apr/2026:05:28:30 +0300] "POST /xmlrpc.php HTTP/1.1" 200 630 "-" "Mozilla/5.0 (Windows NT 10.0; Win64; x64) AppleWebKit/537.36 (KHTML, like Gecko) Chrome/114.0.0.0 Safari/537.36"
62.12.119.249 - - [24/Apr/2026:05:28:46 +0300] "POST /xmlrpc.php HTTP/1.1" 200 13074 "-" "Mozilla/5.0 (Windows NT 10.0; Win64; x64) AppleWebKit/537.36 (KHTML, like Gecko) Chrome/114.0.0.0 Safari/537.36"
98.98.197.195 - - [24/Apr/2026:05:28:49 +0300] "POST /xmlrpc.php HTTP/1.1" 200 16922 "-" "Mozilla/5.0 (Windows NT 10.0; Win64; x64) AppleWebKit/537.36 (KHTML, like Gecko) Chrome/114.0.0.0 Safari/537.36"
62.12.119.249 - - [24/Apr/2026:05:29:01 +0300] "GET /slots-sin-cargo-casino-juegos-gratis-en-linea-4000-tragamonedas-para-competir-en-internet-carente-recursos/ HTTP/1.1" 200 77245 "-" "Mozilla/5.0 (Windows NT 10.0; Win64; x64) AppleWebKit/537.36 (KHTML, like Gecko) Chrome/122.0.0.0 Safari/537.36"
98.98.197.195 - - [24/Apr/2026:05:29:05 +0300] "GET /gates-of-olympus-dicas-estrategias-e-onde-aprestar-sobre-casino-online-jetx3-2026/ HTTP/1.1" 200 80555 "-" "Mozilla/5.0 (Windows NT 10.0; Win64; x64) AppleWebKit/537.36 (KHTML, like Gecko) Chrome/123.0.0.0 Safari/537.36"
185.216.113.70 - - [24/Apr/2026:05:30:03 +0300] "POST /wp-cron.php?doing_wp_cron=1776997803.6265339851379394531250 HTTP/1.1" 200 448 "-" "WordPress/6.3.8; https://serhatburke.miroglu.net"
98.98.197.195 - - [24/Apr/2026:05:29:51 +0300] "POST /xmlrpc.php HTTP/1.1" 200 630 "-" "Mozilla/5.0 (Windows NT 10.0; Win64; x64) AppleWebKit/537.36 (KHTML, like Gecko) Chrome/114.0.0.0 Safari/537.36"
62.12.119.249 - - [24/Apr/2026:05:30:05 +0300] "POST /xmlrpc.php HTTP/1.1" 200 630 "-" "Mozilla/5.0 (Windows NT 10.0; Win64; x64) AppleWebKit/537.36 (KHTML, like Gecko) Chrome/114.0.0.0 Safari/537.36"
98.98.197.195 - - [24/Apr/2026:05:30:10 +0300] "POST /xmlrpc.php HTTP/1.1" 200 16999 "-" "Mozilla/5.0 (Windows NT 10.0; Win64; x64) AppleWebKit/537.36 (KHTML, like Gecko) Chrome/114.0.0.0 Safari/537.36"
185.216.113.70 - - [24/Apr/2026:05:30:40 +0300] "POST /wp-cron.php?doing_wp_cron=1776997840.8520081043243408203125 HTTP/1.1" 200 448 "-" "WordPress/6.3.8; https://serhatburke.miroglu.net"
62.12.119.249 - - [24/Apr/2026:05:30:28 +0300] "POST /xmlrpc.php HTTP/1.1" 200 13426 "-" "Mozilla/5.0 (Windows NT 10.0; Win64; x64) AppleWebKit/537.36 (KHTML, like Gecko) Chrome/114.0.0.0 Safari/537.36"
98.98.197.195 - - [24/Apr/2026:05:30:27 +0300] "GET /gg-coin-hold-7-sins-slot-online-the-spin-gamzix-slot-review/ HTTP/1.1" 200 79780 "-" "Mozilla/5.0 (Windows NT 10.0; Win64; x64) AppleWebKit/537.36 (KHTML, like Gecko) Chrome/109.0.0.0 Safari/537.36"
62.12.119.249 - - [24/Apr/2026:05:30:42 +0300] "GET /simulador-de-ruleta-hace-el-trabajo-ruleta-gratuito-online-referente-nuevo-sin-deposito-machance-para-los-jugadores-existentes-a-roulettedoc/ HTTP/1.1" 200 78422 "-" "Mozilla/5.0 (Windows NT 10.0; Win64; x64) AppleWebKit/537.36 (KHTML, like Gecko) Chrome/109.0.0.0 Safari/537.36"
98.98.197.195 - - [24/Apr/2026:05:31:11 +0300] "POST /xmlrpc.php HTTP/1.1" 200 630 "-" "Mozilla/5.0 (Windows NT 10.0; Win64; x64) AppleWebKit/537.36 (KHTML, like Gecko) Chrome/114.0.0.0 Safari/537.36"
185.216.113.70 - - [24/Apr/2026:05:31:42 +0300] "POST /wp-cron.php?doing_wp_cron=1776997902.1406838893890380859375 HTTP/1.1" 200 448 "-" "WordPress/6.3.8; https://serhatburke.miroglu.net"
98.98.197.195 - - [24/Apr/2026:05:31:29 +0300] "POST /xmlrpc.php HTTP/1.1" 200 16640 "-" "Mozilla/5.0 (Windows NT 10.0; Win64; x64) AppleWebKit/537.36 (KHTML, like Gecko) Chrome/114.0.0.0 Safari/537.36"
66.249.73.1 - - [24/Apr/2026:05:31:33 +0300] "GET /robots.txt HTTP/1.1" 200 719 "-" "Mozilla/5.0 (compatible; Googlebot/2.1; +http://www.google.com/bot.html)"
98.98.197.195 - - [24/Apr/2026:05:31:43 +0300] "GET /caca-gnome-family-guy-slot-online-giros-livres-puerilidade-slot/ HTTP/1.1" 200 79631 "-" "Mozilla/5.0 (Windows NT 10.0; Win64; x64) AppleWebKit/537.36 (KHTML, like Gecko) Chrome/124.0.0.0 Safari/537.36 Edg/124.0.0.0"
62.12.119.249 - - [24/Apr/2026:05:32:01 +0300] "POST /xmlrpc.php HTTP/1.1" 200 630 "-" "Mozilla/5.0 (Windows NT 10.0; Win64; x64) AppleWebKit/537.36 (KHTML, like Gecko) Chrome/114.0.0.0 Safari/537.36"
66.249.76.77 - - [24/Apr/2026:05:32:15 +0300] "GET /superspinscasino-uk-free-games-a-review-for-british-players/undefined?ts=1775520000 HTTP/1.1" 404 14742 "https://serhatburke.miroglu.net/superspinscasino-uk-free-games-a-review-for-british-players/" "Mozilla/5.0 (Linux; Android 6.0.1; Nexus 5X Build/MMB29P) AppleWebKit/537.36 (KHTML, like Gecko) Chrome/146.0.7680.177 Mobile Safari/537.36 (compatible; Googlebot/2.1; +http://www.google.com/bot.html)"
62.12.119.249 - - [24/Apr/2026:05:32:20 +0300] "POST /xmlrpc.php HTTP/1.1" 200 11393 "-" "Mozilla/5.0 (Windows NT 10.0; Win64; x64) AppleWebKit/537.36 (KHTML, like Gecko) Chrome/114.0.0.0 Safari/537.36"
185.216.113.70 - - [24/Apr/2026:05:32:41 +0300] "POST /wp-cron.php?doing_wp_cron=1776997961.4447739124298095703125 HTTP/1.1" 200 448 "-" "WordPress/6.3.8; https://serhatburke.miroglu.net"
98.98.197.195 - - [24/Apr/2026:05:32:29 +0300] "POST /xmlrpc.php HTTP/1.1" 200 630 "-" "Mozilla/5.0 (Windows NT 10.0; Win64; x64) AppleWebKit/537.36 (KHTML, like Gecko) Chrome/114.0.0.0 Safari/537.36"
62.12.119.249 - - [24/Apr/2026:05:32:35 +0300] "GET /tragamonedas-de-william-hill-casino-real-dinero-balde/ HTTP/1.1" 200 74291 "-" "Mozilla/5.0 (Windows NT 10.0; Win64; x64) AppleWebKit/537.36 (KHTML, like Gecko) Chrome/123.0.0.0 Safari/537.36"
98.98.197.195 - - [24/Apr/2026:05:32:48 +0300] "POST /xmlrpc.php HTTP/1.1" 200 16753 "-" "Mozilla/5.0 (Windows NT 10.0; Win64; x64) AppleWebKit/537.36 (KHTML, like Gecko) Chrome/114.0.0.0 Safari/537.36"
74.109.10.214 - admlnlx [24/Apr/2026:05:32:51 +0300] "GET /wp-json/wp/v2/posts?context=edit&slug=generateur-outil-de-conversion-vitesse-noeud-km-h-apercu-complet-et-guide-pratique&per_page=5&_fields=id,link,slug,status,content HTTP/2" 200 6 "-" "Mozilla/5.0 (Windows NT 10.0; Win64; x64) AppleWebKit/537.36 (KHTML, like Gecko) Chrome/145.0.0.0 Safari/537.36"
98.98.197.195 - - [24/Apr/2026:05:33:03 +0300] "GET /demonio-criancice-jeitinho-novo-deposito-sem-deposito-verde-casino-2026-brasileiro-aprestar-slots-acessivel-na-great-uma-vez-que/ HTTP/1.1" 200 81422 "-" "Mozilla/5.0 (Windows NT 10.0; rv:109.0) Gecko/20100101 Firefox/115.0"
74.109.10.214 - admlnlx [24/Apr/2026:05:33:05 +0300] "GET /wp-json/wp/v2/posts?context=edit&search=https%3A%2F%2Fconvertisseur-unites-orcin.vercel.app&per_page=50&_fields=id,link,slug,status,content HTTP/2" 200 6 "-" "Mozilla/5.0 (Windows NT 10.0; Win64; x64) AppleWebKit/537.36 (KHTML, like Gecko) Chrome/145.0.0.0 Safari/537.36"
74.109.10.214 - admlnlx [24/Apr/2026:05:33:22 +0300] "POST /wp-json/wp/v2/posts HTTP/2" 201 5752 "-" "Mozilla/5.0 (Windows NT 10.0; Win64; x64) AppleWebKit/537.36 (KHTML, like Gecko) Chrome/145.0.0.0 Safari/537.36"
185.216.113.70 - - [24/Apr/2026:05:34:06 +0300] "POST /wp-cron.php?doing_wp_cron=1776998046.8601889610290527343750 HTTP/1.1" 200 448 "-" "WordPress/6.3.8; https://serhatburke.miroglu.net"
98.98.197.195 - - [24/Apr/2026:05:33:54 +0300] "POST /xmlrpc.php HTTP/1.1" 200 630 "-" "Mozilla/5.0 (Windows NT 10.0; Win64; x64) AppleWebKit/537.36 (KHTML, like Gecko) Chrome/114.0.0.0 Safari/537.36"
62.12.119.249 - - [24/Apr/2026:05:34:12 +0300] "POST /xmlrpc.php HTTP/1.1" 200 630 "-" "Mozilla/5.0 (Windows NT 10.0; Win64; x64) AppleWebKit/537.36 (KHTML, like Gecko) Chrome/114.0.0.0 Safari/537.36"
98.98.197.195 - - [24/Apr/2026:05:34:13 +0300] "POST /xmlrpc.php HTTP/1.1" 200 16741 "-" "Mozilla/5.0 (Windows NT 10.0; Win64; x64) AppleWebKit/537.36 (KHTML, like Gecko) Chrome/114.0.0.0 Safari/537.36"
66.249.73.1 - - [24/Apr/2026:05:34:22 +0300] "GET /robots.txt HTTP/1.1" 200 719 "-" "Mozilla/5.0 (compatible; Googlebot/2.1; +http://www.google.com/bot.html)"
185.216.113.70 - - [24/Apr/2026:05:34:45 +0300] "POST /wp-cron.php?doing_wp_cron=1776998085.4463069438934326171875 HTTP/1.1" 200 448 "-" "WordPress/6.3.8; https://serhatburke.miroglu.net"
98.98.197.195 - - [24/Apr/2026:05:34:32 +0300] "GET /autopsia-da-slot-casino-plenty-of-fortune-golden-retriever/ HTTP/1.1" 200 79696 "-" "Mozilla/5.0 (Windows NT 10.0; rv:109.0) Gecko/20100101 Firefox/115.0"
62.12.119.249 - - [24/Apr/2026:05:34:37 +0300] "POST /xmlrpc.php HTTP/1.1" 200 10916 "-" "Mozilla/5.0 (Windows NT 10.0; Win64; x64) AppleWebKit/537.36 (KHTML, like Gecko) Chrome/114.0.0.0 Safari/537.36"
62.12.119.249 - - [24/Apr/2026:05:34:52 +0300] "GET /giros-regalado-casinos-con-bonos-house-of-fun-movil-sobre-tiradas-sin-cargo-referente-a-2026/ HTTP/1.1" 200 75044 "-" "Mozilla/5.0 (Windows NT 10.0; Win64; x64) AppleWebKit/537.36 (KHTML, like Gecko) Chrome/122.0.0.0 Safari/537.36"
66.249.73.1 - - [24/Apr/2026:05:35:01 +0300] "GET /hand-of-luck-casino-uk-a-players-review-and-insights/undefined?ts=1775520000 HTTP/1.1" 200 0 "https://serhatburke.miroglu.net/hand-of-luck-casino-uk-a-players-review-and-insights/" "Mozilla/5.0 (Linux; Android 6.0.1; Nexus 5X Build/MMB29P) AppleWebKit/537.36 (KHTML, like Gecko) Chrome/146.0.7680.177 Mobile Safari/537.36 (compatible; Googlebot/2.1; +http://www.google.com/bot.html)"
98.98.197.195 - - [24/Apr/2026:05:35:06 +0300] "POST /xmlrpc.php HTTP/1.1" 200 630 "-" "Mozilla/5.0 (Windows NT 10.0; Win64; x64) AppleWebKit/537.36 (KHTML, like Gecko) Chrome/114.0.0.0 Safari/537.36"
185.216.113.70 - - [24/Apr/2026:05:35:34 +0300] "POST /wp-cron.php?doing_wp_cron=1776998134.2477519512176513671875 HTTP/1.1" 200 448 "-" "WordPress/6.3.8; https://serhatburke.miroglu.net"
38.226.139.53 - - [24/Apr/2026:05:35:21 +0300] "POST /xmlrpc.php HTTP/2" 200 110 "-" "Mozilla/5.0 (Windows NT 10.0; Win64; x64) AppleWebKit/537.36 (KHTML, like Gecko) Chrome/122.0.0.0 Safari/537.36 Edg/122.0.0.0"
98.98.197.195 - - [24/Apr/2026:05:35:25 +0300] "POST /xmlrpc.php HTTP/1.1" 200 16933 "-" "Mozilla/5.0 (Windows NT 10.0; Win64; x64) AppleWebKit/537.36 (KHTML, like Gecko) Chrome/114.0.0.0 Safari/537.36"
98.98.197.195 - - [24/Apr/2026:05:35:40 +0300] "GET /jogue-777-gems-goldbet-login-apk-respin-gratuitamente-acercade-gesto-demonio/ HTTP/1.1" 200 80576 "-" "Mozilla/5.0 (Windows NT 10.0; Win64; x64) AppleWebKit/537.36 (KHTML, like Gecko) Chrome/124.0.0.0 Safari/537.36 Edg/124.0.0.0"
98.98.197.195 - - [24/Apr/2026:05:36:23 +0300] "POST /xmlrpc.php HTTP/1.1" 200 630 "-" "Mozilla/5.0 (Windows NT 10.0; Win64; x64) AppleWebKit/537.36 (KHTML, like Gecko) Chrome/114.0.0.0 Safari/537.36"
62.12.119.249 - - [24/Apr/2026:05:36:23 +0300] "POST /xmlrpc.php HTTP/1.1" 200 630 "-" "Mozilla/5.0 (Windows NT 10.0; Win64; x64) AppleWebKit/537.36 (KHTML, like Gecko) Chrome/114.0.0.0 Safari/537.36"
185.216.113.70 - - [24/Apr/2026:05:36:56 +0300] "POST /wp-cron.php?doing_wp_cron=1776998216.1044750213623046875000 HTTP/1.1" 200 448 "-" "WordPress/6.3.8; https://serhatburke.miroglu.net"
62.12.119.249 - - [24/Apr/2026:05:36:43 +0300] "POST /xmlrpc.php HTTP/1.1" 200 11233 "-" "Mozilla/5.0 (Windows NT 10.0; Win64; x64) AppleWebKit/537.36 (KHTML, like Gecko) Chrome/114.0.0.0 Safari/537.36"
98.98.197.195 - - [24/Apr/2026:05:36:43 +0300] "POST /xmlrpc.php HTTP/1.1" 200 16963 "-" "Mozilla/5.0 (Windows NT 10.0; Win64; x64) AppleWebKit/537.36 (KHTML, like Gecko) Chrome/114.0.0.0 Safari/537.36"
62.12.119.249 - - [24/Apr/2026:05:36:57 +0300] "GET /treasure-island-tragaperras-mega-moolah-sin-giros-sin-deposito-juguetear-gratuito/ HTTP/1.1" 200 75187 "-" "Mozilla/5.0 (Windows NT 10.0; Win64; x64) AppleWebKit/537.36 (KHTML, like Gecko) Chrome/124.0.0.0 Safari/537.36"
98.98.197.195 - - [24/Apr/2026:05:36:57 +0300] "GET /jogos-infantilidade-slot-online-madame-destiny-megaways-giros-livres-de-slot-em-portugal/ HTTP/1.1" 200 80802 "-" "Mozilla/5.0 (Windows NT 10.0; Win64; x64) AppleWebKit/537.36 (KHTML, like Gecko) Chrome/123.0.0.0 Safari/537.36"
185.216.113.70 - - [24/Apr/2026:05:37:48 +0300] "POST /wp-cron.php?doing_wp_cron=1776998268.7421679496765136718750 HTTP/1.1" 200 448 "-" "WordPress/6.3.8; https://serhatburke.miroglu.net"
98.98.197.195 - - [24/Apr/2026:05:37:36 +0300] "POST /xmlrpc.php HTTP/1.1" 200 630 "-" "Mozilla/5.0 (Windows NT 10.0; Win64; x64) AppleWebKit/537.36 (KHTML, like Gecko) Chrome/114.0.0.0 Safari/537.36"
98.98.197.195 - - [24/Apr/2026:05:37:55 +0300] "POST /xmlrpc.php HTTP/1.1" 200 17029 "-" "Mozilla/5.0 (Windows NT 10.0; Win64; x64) AppleWebKit/537.36 (KHTML, like Gecko) Chrome/114.0.0.0 Safari/537.36"
98.98.197.195 - - [24/Apr/2026:05:38:09 +0300] "GET /melhores-aplicativo-spinsy-2026-bonus-sem-casa-2026-obtenha-codigos/ HTTP/1.1" 200 80418 "-" "Mozilla/5.0 (Windows NT 10.0; Win64; x64) AppleWebKit/537.36 (KHTML, like Gecko) Chrome/109.0.0.0 Safari/537.36"
62.12.119.249 - - [24/Apr/2026:05:38:21 +0300] "POST /xmlrpc.php HTTP/1.1" 200 630 "-" "Mozilla/5.0 (Windows NT 10.0; Win64; x64) AppleWebKit/537.36 (KHTML, like Gecko) Chrome/114.0.0.0 Safari/537.36"
185.216.113.70 - - [24/Apr/2026:05:38:54 +0300] "POST /wp-cron.php?doing_wp_cron=1776998334.3500509262084960937500 HTTP/1.1" 200 448 "-" "WordPress/6.3.8; https://serhatburke.miroglu.net"
62.12.119.249 - - [24/Apr/2026:05:38:40 +0300] "POST /xmlrpc.php HTTP/1.1" 200 12163 "-" "Mozilla/5.0 (Windows NT 10.0; Win64; x64) AppleWebKit/537.36 (KHTML, like Gecko) Chrome/114.0.0.0 Safari/537.36"
98.98.197.195 - - [24/Apr/2026:05:38:52 +0300] "POST /xmlrpc.php HTTP/1.1" 200 630 "-" "Mozilla/5.0 (Windows NT 10.0; Win64; x64) AppleWebKit/537.36 (KHTML, like Gecko) Chrome/114.0.0.0 Safari/537.36"
200.25.47.118 - - [24/Apr/2026:05:38:55 +0300] "POST /xmlrpc.php HTTP/1.1" 200 630 "-" "Mozilla/5.0 (Windows NT 10.0; Win64; x64) AppleWebKit/537.36 (KHTML, like Gecko) Chrome/114.0.0.0 Safari/537.36"
62.12.119.249 - - [24/Apr/2026:05:38:55 +0300] "GET /troll-hunters-slot-en-linea-88-fortunes-2-tragamonedas-juego-regalado-en-internet/ HTTP/1.1" 200 75557 "-" "Mozilla/5.0 (Windows NT 10.0; Win64; x64) AppleWebKit/537.36 (KHTML, like Gecko) Chrome/122.0.0.0 Safari/537.36"
98.98.197.195 - - [24/Apr/2026:05:39:20 +0300] "POST /xmlrpc.php HTTP/1.1" 200 17137 "-" "Mozilla/5.0 (Windows NT 10.0; Win64; x64) AppleWebKit/537.36 (KHTML, like Gecko) Chrome/114.0.0.0 Safari/537.36"
200.25.47.118 - - [24/Apr/2026:05:39:24 +0300] "POST /xmlrpc.php HTTP/1.1" 200 10128 "-" "Mozilla/5.0 (Windows NT 10.0; Win64; x64) AppleWebKit/537.36 (KHTML, like Gecko) Chrome/114.0.0.0 Safari/537.36"
98.98.197.195 - - [24/Apr/2026:05:39:34 +0300] "GET /great-blue-1-deposito-star-trek-slots-online-para-apostar-acostumado-afinar-trejeito-criancice-papel-playtech/ HTTP/1.1" 200 81588 "-" "Mozilla/5.0 (Windows NT 10.0; Win64; x64) AppleWebKit/537.36 (KHTML, like Gecko) Chrome/124.0.0.0 Safari/537.36"
200.25.47.118 - - [24/Apr/2026:05:39:39 +0300] "GET /na-webu-kasina-stazeni-prihlasovaciho-mobilniho-telefonu-gate777-se-skutecnymi-penezi-2026-nejlepsi-vyplata-online-kasina-vsichni-z-nas/ HTTP/1.1" 200 76354 "-" "Mozilla/5.0 (Windows NT 10.0; Win64; x64) AppleWebKit/537.36 (KHTML, like Gecko) Chrome/124.0.0.0 Safari/537.36"
193.36.38.226 - - [24/Apr/2026:05:39:59 +0300] "POST /xmlrpc.php HTTP/1.1" 200 692 "-" "Mozilla/5.0 (Windows NT 10.0; Win64; x64) AppleWebKit/537.36 (KHTML, like Gecko) Chrome/114.0.0.0 Safari/537.36"
98.98.197.195 - - [24/Apr/2026:05:40:04 +0300] "POST /xmlrpc.php HTTP/1.1" 200 630 "-" "Mozilla/5.0 (Windows NT 10.0; Win64; x64) AppleWebKit/537.36 (KHTML, like Gecko) Chrome/114.0.0.0 Safari/537.36"
185.216.113.70 - - [24/Apr/2026:05:40:30 +0300] "POST /wp-cron.php?doing_wp_cron=1776998430.0187020301818847656250 HTTP/1.1" 200 448 "-" "WordPress/6.3.8; https://serhatburke.miroglu.net"
193.36.38.226 - - [24/Apr/2026:05:40:18 +0300] "POST /xmlrpc.php HTTP/1.1" 200 11801 "-" "Mozilla/5.0 (Windows NT 10.0; Win64; x64) AppleWebKit/537.36 (KHTML, like Gecko) Chrome/114.0.0.0 Safari/537.36"
98.98.197.195 - - [24/Apr/2026:05:40:23 +0300] "POST /xmlrpc.php HTTP/1.1" 200 17631 "-" "Mozilla/5.0 (Windows NT 10.0; Win64; x64) AppleWebKit/537.36 (KHTML, like Gecko) Chrome/114.0.0.0 Safari/537.36"
193.36.38.226 - - [24/Apr/2026:05:40:30 +0300] "GET /april-2026/ HTTP/1.1" 200 73397 "-" "Mozilla/5.0 (Windows NT 10.0; rv:125.0) Gecko/20100101 Firefox/125.0"
62.12.119.249 - - [24/Apr/2026:05:40:38 +0300] "POST /xmlrpc.php HTTP/1.1" 200 630 "-" "Mozilla/5.0 (Windows NT 10.0; Win64; x64) AppleWebKit/537.36 (KHTML, like Gecko) Chrome/114.0.0.0 Safari/537.36"
200.25.47.118 - - [24/Apr/2026:05:40:40 +0300] "POST /xmlrpc.php HTTP/1.1" 200 630 "-" "Mozilla/5.0 (Windows NT 10.0; Win64; x64) AppleWebKit/537.36 (KHTML, like Gecko) Chrome/114.0.0.0 Safari/537.36"
98.98.197.195 - - [24/Apr/2026:05:40:40 +0300] "GET /adoidado-chilli-slot-oscar-spin-o-casino-tem-codigos-promocionais-da-big-equipe-gaming-aparelhar-an-algum-real/ HTTP/1.1" 200 82041 "-" "Mozilla/5.0 (Windows NT 10.0; rv:125.0) Gecko/20100101 Firefox/125.0"
62.12.119.249 - - [24/Apr/2026:05:41:09 +0300] "POST /xmlrpc.php HTTP/1.1" 200 11887 "-" "Mozilla/5.0 (Windows NT 10.0; Win64; x64) AppleWebKit/537.36 (KHTML, like Gecko) Chrome/114.0.0.0 Safari/537.36"
200.25.47.118 - - [24/Apr/2026:05:41:10 +0300] "POST /xmlrpc.php HTTP/1.1" 200 10608 "-" "Mozilla/5.0 (Windows NT 10.0; Win64; x64) AppleWebKit/537.36 (KHTML, like Gecko) Chrome/114.0.0.0 Safari/537.36"
185.216.113.70 - - [24/Apr/2026:05:41:47 +0300] "POST /wp-cron.php?doing_wp_cron=1776998507.2240769863128662109375 HTTP/1.1" 200 448 "-" "WordPress/6.3.8; https://serhatburke.miroglu.net"
98.98.197.195 - - [24/Apr/2026:05:41:20 +0300] "POST /xmlrpc.php HTTP/1.1" 200 630 "-" "Mozilla/5.0 (Windows NT 10.0; Win64; x64) AppleWebKit/537.36 (KHTML, like Gecko) Chrome/114.0.0.0 Safari/537.36"
40.77.167.16 - - [24/Apr/2026:05:41:20 +0300] "GET /vip-programmet-gar-more-sju-nivaer-og-vi-starter-alle-sammen-pa-solvnivaet/ HTTP/2" 200 17252 "-" "Mozilla/5.0 AppleWebKit/537.36 (KHTML, like Gecko; compatible; bingbot/2.0; +http://www.bing.com/bingbot.htm) Chrome/116.0.1938.76 Safari/537.36"
40.77.167.143 - - [24/Apr/2026:05:41:26 +0300] "GET /henkeasalpaavat-kolikkopelikuvat-tutki-35-inventaariokuvaa-vektoria-ja-loydat-videoita/ HTTP/2" 200 18314 "-" "Mozilla/5.0 AppleWebKit/537.36 (KHTML, like Gecko; compatible; bingbot/2.0; +http://www.bing.com/bingbot.htm) Chrome/116.0.1938.76 Safari/537.36"
62.12.119.249 - - [24/Apr/2026:05:41:24 +0300] "GET /desafia-a-los-trolls-sobre-trolls-bridge-hace-el-haga-clic-para-obtener-informacion-trabajo-gratuito-online/ HTTP/1.1" 200 76087 "-" "Mozilla/5.0 (Windows NT 10.0; Win64; x64) AppleWebKit/537.36 (KHTML, like Gecko) Chrome/122.0.0.0 Safari/537.36"
200.25.47.118 - - [24/Apr/2026:05:41:28 +0300] "GET /king-of-ones-sazkova-aplikace-gate777-nile-slots-nazor-poteseni-ve-hre-inspirovane-egyptem-kvuli-aristokratovi/ HTTP/1.1" 200 75541 "-" "Mozilla/5.0 (Windows NT 10.0; Win64; x64) AppleWebKit/537.36 (KHTML, like Gecko) Chrome/123.0.0.0 Safari/537.36 OPR/109.0.0.0"
98.98.197.195 - - [24/Apr/2026:05:41:54 +0300] "POST /xmlrpc.php HTTP/1.1" 200 15872 "-" "Mozilla/5.0 (Windows NT 10.0; Win64; x64) AppleWebKit/537.36 (KHTML, like Gecko) Chrome/114.0.0.0 Safari/537.36"
98.98.197.195 - - [24/Apr/2026:05:42:08 +0300] "GET /jogos-populares-cassino-2026-aviator-mines-slot-big-wild-buffalo-crash-games-experiencia-contemporaneo/ HTTP/1.1" 200 80291 "-" "Mozilla/5.0 (Windows NT 10.0; Win64; x64; rv:124.0) Gecko/20100101 Firefox/124.0"
98.98.19.210 - - [24/Apr/2026:05:42:15 +0300] "POST /xmlrpc.php HTTP/1.1" 200 630 "-" "Mozilla/5.0 (Windows NT 10.0; Win64; x64) AppleWebKit/537.36 (KHTML, like Gecko) Chrome/114.0.0.0 Safari/537.36"
190.108.76.154 - - [24/Apr/2026:05:42:18 +0300] "GET /uso-di-steroidi-in-italia-cosa-e-consentito/ HTTP/1.1" 200 69388 "-" "GuzzleHttp/7"
200.25.47.118 - - [24/Apr/2026:05:42:20 +0300] "POST /xmlrpc.php HTTP/1.1" 200 630 "-" "Mozilla/5.0 (Windows NT 10.0; Win64; x64) AppleWebKit/537.36 (KHTML, like Gecko) Chrome/114.0.0.0 Safari/537.36"
185.216.113.70 - - [24/Apr/2026:05:42:49 +0300] "POST /wp-cron.php?doing_wp_cron=1776998569.6481759548187255859375 HTTP/1.1" 200 448 "-" "WordPress/6.3.8; https://serhatburke.miroglu.net"
98.98.197.195 - - [24/Apr/2026:05:42:36 +0300] "POST /xmlrpc.php HTTP/1.1" 200 630 "-" "Mozilla/5.0 (Windows NT 10.0; Win64; x64) AppleWebKit/537.36 (KHTML, like Gecko) Chrome/114.0.0.0 Safari/537.36"
98.98.19.210 - - [24/Apr/2026:05:42:40 +0300] "POST /xmlrpc.php HTTP/1.1" 200 11154 "-" "Mozilla/5.0 (Windows NT 10.0; Win64; x64) AppleWebKit/537.36 (KHTML, like Gecko) Chrome/114.0.0.0 Safari/537.36"
200.25.47.118 - - [24/Apr/2026:05:42:46 +0300] "POST /xmlrpc.php HTTP/1.1" 200 9999 "-" "Mozilla/5.0 (Windows NT 10.0; Win64; x64) AppleWebKit/537.36 (KHTML, like Gecko) Chrome/114.0.0.0 Safari/537.36"
98.98.197.195 - - [24/Apr/2026:05:42:56 +0300] "POST /xmlrpc.php HTTP/1.1" 200 17439 "-" "Mozilla/5.0 (Windows NT 10.0; Win64; x64) AppleWebKit/537.36 (KHTML, like Gecko) Chrome/114.0.0.0 Safari/537.36"
62.12.119.249 - - [24/Apr/2026:05:42:57 +0300] "POST /xmlrpc.php HTTP/1.1" 200 630 "-" "Mozilla/5.0 (Windows NT 10.0; Win64; x64) AppleWebKit/537.36 (KHTML, like Gecko) Chrome/114.0.0.0 Safari/537.36"
98.98.19.210 - - [24/Apr/2026:05:42:58 +0300] "GET /short-hit-local-payment-methods-casino-casino-slots-games-software-online-gamble/ HTTP/1.1" 200 74470 "-" "Mozilla/5.0 (Windows NT 10.0; Win64; x64) AppleWebKit/537.36 (KHTML, like Gecko) Chrome/109.0.0.0 Safari/537.36"
200.25.47.118 - - [24/Apr/2026:05:43:12 +0300] "GET /gamble-sizzling-hot-deluxe-od-problem-s-prihlasenim-oscar-spin-novomatic-zdarma-pro-spolecnost-gambling-pearls/ HTTP/1.1" 200 74827 "-" "Mozilla/5.0 (Windows NT 10.0; Win64; x64; rv:124.0) Gecko/20100101 Firefox/124.0"
98.98.197.195 - - [24/Apr/2026:05:43:25 +0300] "GET /casinos-online-acimade-portugal-top-5-novo-deposito-sem-deposito-verde-casino-para-cassinos-online-sites-uma-vez-que-dinheiro-atual/ HTTP/1.1" 200 82290 "-" "Mozilla/5.0 (Windows NT 10.0; Win64; x64) AppleWebKit/537.36 (KHTML, like Gecko) Chrome/124.0.0.0 Safari/537.36"
