98.98.9.26 - - [23/Apr/2026:16:57:50 +0300] "GET /totally-free-spins-bonuses-united-states-of-america-2025-no-deposit-300-shields-casino-game-and-real-cash-also-offers/ HTTP/1.1" 404 56752 "-" "Mozilla/5.0 (Windows NT 10.0; Win64; x64) AppleWebKit/537.36 (KHTML, like Gecko) Chrome/124.0.0.0 Safari/537.36"
185.216.113.70 - - [23/Apr/2026:16:59:44 +0300] "POST /wp-cron.php?doing_wp_cron=1776952784.4440720081329345703125 HTTP/1.1" 200 448 "-" "WordPress/6.3.8; https://serhatburke.miroglu.net"
185.216.113.70 - - [23/Apr/2026:16:59:51 +0300] "POST /wp-cron.php?doing_wp_cron=1776952791.1597249507904052734375 HTTP/1.1" 200 448 "-" "WordPress/6.3.8; https://serhatburke.miroglu.net"
98.98.9.26 - - [23/Apr/2026:16:58:14 +0300] "POST /xmlrpc.php HTTP/1.1" 500 1102 "-" "Mozilla/5.0 (Windows NT 10.0; Win64; x64) AppleWebKit/537.36 (KHTML, like Gecko) Chrome/114.0.0.0 Safari/537.36"
151.244.111.202 - - [23/Apr/2026:16:58:57 +0300] "POST /xmlrpc.php HTTP/1.1" 200 0 "-" "Mozilla/5.0 (Macintosh; Intel Mac OS X 10_15_7) AppleWebKit/537.36 (KHTML, like Gecko) Chrome/142.0.0.0 Safari/537.36"
185.216.113.70 - - [23/Apr/2026:16:59:59 +0300] "POST /wp-cron.php?doing_wp_cron=1776952799.4457581043243408203125 HTTP/1.1" 200 448 "-" "WordPress/6.3.8; https://serhatburke.miroglu.net"
96.44.154.147 - - [23/Apr/2026:16:58:08 +0300] "POST /xmlrpc.php HTTP/1.1" 200 627 "-" "Mozilla/5.0 (Windows NT 10.0; Win64; x64) AppleWebKit/537.36 (KHTML, like Gecko) Chrome/114.0.0.0 Safari/537.36"
185.216.113.70 - - [23/Apr/2026:17:00:21 +0300] "POST /wp-cron.php?doing_wp_cron=1776952821.1494181156158447265625 HTTP/1.1" 200 448 "-" "WordPress/6.3.8; https://serhatburke.miroglu.net"
98.98.9.26 - - [23/Apr/2026:16:59:58 +0300] "POST /xmlrpc.php HTTP/1.1" 200 9885 "-" "Mozilla/5.0 (Windows NT 10.0; Win64; x64) AppleWebKit/537.36 (KHTML, like Gecko) Chrome/114.0.0.0 Safari/537.36"
98.98.9.26 - - [23/Apr/2026:17:00:47 +0300] "GET /worldwide-online-casinos-your-own-help-guide-to-around-the-world-slot-raging-rhino-casinos-2026/ HTTP/1.1" 200 72316 "-" "Mozilla/5.0 (Windows NT 10.0; Win64; x64) AppleWebKit/537.36 (KHTML, like Gecko) Chrome/124.0.0.0 Safari/537.36 Edg/124.0.0.0"
185.216.113.70 - - [23/Apr/2026:17:03:14 +0300] "POST /wp-cron.php?doing_wp_cron=1776952994.4905509948730468750000 HTTP/1.1" 200 448 "-" "WordPress/6.3.8; https://serhatburke.miroglu.net"
103.219.169.227 - - [23/Apr/2026:17:02:59 +0300] "POST /xmlrpc.php HTTP/1.1" 200 630 "-" "Mozilla/5.0 (Windows NT 10.0; Win64; x64) AppleWebKit/537.36 (KHTML, like Gecko) Chrome/114.0.0.0 Safari/537.36"
66.249.73.14 - - [23/Apr/2026:17:03:03 +0300] "GET /robots.txt HTTP/1.1" 200 719 "-" "Mozilla/5.0 (compatible; Googlebot/2.1; +http://www.google.com/bot.html)"
103.219.169.227 - - [23/Apr/2026:17:03:21 +0300] "POST /xmlrpc.php HTTP/1.1" 200 10717 "-" "Mozilla/5.0 (Windows NT 10.0; Win64; x64) AppleWebKit/537.36 (KHTML, like Gecko) Chrome/114.0.0.0 Safari/537.36"
185.216.113.70 - - [23/Apr/2026:17:03:47 +0300] "POST /wp-cron.php?doing_wp_cron=1776953027.3329079151153564453125 HTTP/1.1" 200 448 "-" "WordPress/6.3.8; https://serhatburke.miroglu.net"
103.219.169.227 - - [23/Apr/2026:17:03:35 +0300] "GET /lucky-8-line-slot-unter-einsatz-von-3-mangeln-qua-8-linien/ HTTP/1.1" 200 72174 "-" "Mozilla/5.0 (Windows NT 10.0; rv:125.0) Gecko/20100101 Firefox/125.0"
52.167.144.183 - - [23/Apr/2026:17:04:25 +0300] "GET /utlandska-casino-swish-tillsammans-omedelbara-insattningar-rappa-uttag-sam-hoga-vinster-fore-svenska-spraket-spelare-radio/ HTTP/2" 200 17812 "-" "Mozilla/5.0 AppleWebKit/537.36 (KHTML, like Gecko; compatible; bingbot/2.0; +http://www.bing.com/bingbot.htm) Chrome/116.0.1938.76 Safari/537.36"
185.216.113.70 - - [23/Apr/2026:17:04:42 +0300] "POST /wp-cron.php?doing_wp_cron=1776953082.5963079929351806640625 HTTP/1.1" 200 448 "-" "WordPress/6.3.8; https://serhatburke.miroglu.net"
40.77.167.20 - - [23/Apr/2026:17:04:30 +0300] "GET /sizzling-hot-robot-hazardowy-zagraj-przez-internet-darmowo/ HTTP/2" 200 18958 "-" "Mozilla/5.0 AppleWebKit/537.36 (KHTML, like Gecko; compatible; bingbot/2.0; +http://www.bing.com/bingbot.htm) Chrome/116.0.1938.76 Safari/537.36"
193.36.38.226 - - [23/Apr/2026:17:05:09 +0300] "POST /xmlrpc.php HTTP/1.1" 200 692 "-" "Mozilla/5.0 (Windows NT 10.0; Win64; x64) AppleWebKit/537.36 (KHTML, like Gecko) Chrome/114.0.0.0 Safari/537.36"
185.216.113.70 - - [23/Apr/2026:17:05:58 +0300] "POST /wp-cron.php?doing_wp_cron=1776953158.0610599517822265625000 HTTP/1.1" 200 448 "-" "WordPress/6.3.8; https://serhatburke.miroglu.net"
193.36.38.226 - - [23/Apr/2026:17:05:40 +0300] "POST /xmlrpc.php HTTP/1.1" 200 9587 "-" "Mozilla/5.0 (Windows NT 10.0; Win64; x64) AppleWebKit/537.36 (KHTML, like Gecko) Chrome/114.0.0.0 Safari/537.36"
193.36.38.226 - - [23/Apr/2026:17:05:58 +0300] "GET /mit-ein-einfacheren-hitnspin-zugangsberechtigung-besonderheit-beherrschen-benutzer-einfach-zugriff-unter-weltall-die-favoriten-beibehalten/ HTTP/1.1" 200 72958 "-" "Mozilla/5.0 (Windows NT 10.0; Win64; x64) AppleWebKit/537.36 (KHTML, like Gecko) Chrome/124.0.0.0 Safari/537.36 Edg/124.0.0.0"
181.214.89.167 - - [23/Apr/2026:17:06:15 +0300] "GET /28563-2/ HTTP/1.1" 200 18657 "-" "Mozilla/5.0 (Windows NT 10.0; Win64; x64; Xbox; Xbox One) AppleWebKit/537.36 (KHTML, like Gecko) Chrome/114.0.0.0 Safari/537.36 Edge/44.18363.8131"
185.216.113.70 - - [23/Apr/2026:17:07:26 +0300] "POST /wp-cron.php?doing_wp_cron=1776953246.3642408847808837890625 HTTP/1.1" 200 448 "-" "WordPress/6.3.8; https://serhatburke.miroglu.net"
151.244.111.202 - - [23/Apr/2026:17:07:13 +0300] "POST /xmlrpc.php HTTP/1.1" 200 161528 "-" "Mozilla/5.0 (Windows NT 10.0; Win64; x64) AppleWebKit/537.36 (KHTML, like Gecko) Chrome/79.0.3945.130 Safari/537.36 OPR/66.0.3515.115"
151.244.111.202 - - [23/Apr/2026:17:07:27 +0300] "POST /xmlrpc.php HTTP/1.1" 200 486 "-" "Mozilla/5.0 (Windows NT 10.0; Win64; x64) AppleWebKit/537.36 (KHTML, like Gecko) Chrome/79.0.3945.130 Safari/537.36 OPR/66.0.3515.115"
151.244.111.202 - - [23/Apr/2026:17:07:40 +0300] "POST /xmlrpc.php HTTP/1.1" 200 489 "-" "Mozilla/5.0 (Windows NT 10.0; Win64; x64) AppleWebKit/537.36 (KHTML, like Gecko) Chrome/79.0.3945.130 Safari/537.36 OPR/66.0.3515.115"
185.216.113.70 - - [23/Apr/2026:17:08:13 +0300] "POST /wp-cron.php?doing_wp_cron=1776953293.7380380630493164062500 HTTP/1.1" 200 448 "-" "WordPress/6.3.8; https://serhatburke.miroglu.net"
151.244.111.202 - - [23/Apr/2026:17:08:00 +0300] "POST /xmlrpc.php HTTP/1.1" 200 224725 "-" "Mozilla/5.0 (Windows NT 10.0; Win64; x64) AppleWebKit/537.36 (KHTML, like Gecko) Chrome/79.0.3945.130 Safari/537.36 OPR/66.0.3515.115"
193.36.38.226 - - [23/Apr/2026:17:08:17 +0300] "POST /xmlrpc.php HTTP/1.1" 200 692 "-" "Mozilla/5.0 (Windows NT 10.0; Win64; x64) AppleWebKit/537.36 (KHTML, like Gecko) Chrome/114.0.0.0 Safari/537.36"
185.216.113.70 - - [23/Apr/2026:17:08:47 +0300] "POST /wp-cron.php?doing_wp_cron=1776953327.0850510597229003906250 HTTP/1.1" 200 448 "-" "WordPress/6.3.8; https://serhatburke.miroglu.net"
193.36.38.226 - - [23/Apr/2026:17:08:34 +0300] "POST /xmlrpc.php HTTP/1.1" 200 10118 "-" "Mozilla/5.0 (Windows NT 10.0; Win64; x64) AppleWebKit/537.36 (KHTML, like Gecko) Chrome/114.0.0.0 Safari/537.36"
128.1.227.228 - - [23/Apr/2026:17:08:40 +0300] "POST /xmlrpc.php HTTP/1.1" 200 630 "-" "Mozilla/5.0 (Windows NT 10.0; Win64; x64) AppleWebKit/537.36 (KHTML, like Gecko) Chrome/114.0.0.0 Safari/537.36"
193.36.38.226 - - [23/Apr/2026:17:08:48 +0300] "GET /lapalingo-war-irgendwas-seitdem-2015-verbunden-und-head-wear-die-deutsche-erlaubnis-ein-ggl/ HTTP/1.1" 200 72725 "-" "Mozilla/5.0 (Windows NT 10.0; rv:109.0) Gecko/20100101 Firefox/115.0"
128.1.227.228 - - [23/Apr/2026:17:09:02 +0300] "POST /xmlrpc.php HTTP/1.1" 200 10274 "-" "Mozilla/5.0 (Windows NT 10.0; Win64; x64) AppleWebKit/537.36 (KHTML, like Gecko) Chrome/114.0.0.0 Safari/537.36"
128.1.227.228 - - [23/Apr/2026:17:09:17 +0300] "GET /bestes-verbunden-beat-the-beast-mighty-sphinx-1-kaution-spielsaal-ostmark-2026-15-echtgeld-seiten/ HTTP/1.1" 200 72554 "-" "Mozilla/5.0 (Windows NT 10.0; Win64; x64) AppleWebKit/537.36 (KHTML, like Gecko) Chrome/122.0.0.0 Safari/537.36"
185.216.113.70 - - [23/Apr/2026:17:10:17 +0300] "POST /wp-cron.php?doing_wp_cron=1776953416.9275929927825927734375 HTTP/1.1" 200 448 "-" "WordPress/6.3.8; https://serhatburke.miroglu.net"
178.159.37.95 - - [23/Apr/2026:17:10:05 +0300] "POST /xmlrpc.php HTTP/1.1" 200 162181 "-" "Mozilla/5.0 (Macintosh; Intel Mac OS X 10_15_7) AppleWebKit/537.36 (KHTML, like Gecko) Chrome/142.0.0.0 Safari/537.36"
178.159.37.95 - - [23/Apr/2026:17:10:17 +0300] "POST /xmlrpc.php HTTP/1.1" 200 667 "-" "Mozilla/5.0 (Macintosh; Intel Mac OS X 10_15_7) AppleWebKit/537.36 (KHTML, like Gecko) Chrome/142.0.0.0 Safari/537.36"
185.216.113.70 - - [23/Apr/2026:17:10:45 +0300] "POST /wp-cron.php?doing_wp_cron=1776953445.3843100070953369140625 HTTP/1.1" 200 448 "-" "WordPress/6.3.8; https://serhatburke.miroglu.net"
178.159.37.95 - - [23/Apr/2026:17:10:30 +0300] "POST /xmlrpc.php HTTP/1.1" 200 7887 "-" "Mozilla/5.0 (Macintosh; Intel Mac OS X 10_15_7) AppleWebKit/537.36 (KHTML, like Gecko) Chrome/142.0.0.0 Safari/537.36"
185.216.113.70 - - [23/Apr/2026:17:11:39 +0300] "POST /wp-cron.php?doing_wp_cron=1776953499.5593450069427490234375 HTTP/1.1" 200 448 "-" "WordPress/6.3.8; https://serhatburke.miroglu.net"
193.36.38.226 - - [23/Apr/2026:17:11:26 +0300] "POST /xmlrpc.php HTTP/1.1" 200 692 "-" "Mozilla/5.0 (Windows NT 10.0; Win64; x64) AppleWebKit/537.36 (KHTML, like Gecko) Chrome/114.0.0.0 Safari/537.36"
193.36.38.226 - - [23/Apr/2026:17:11:49 +0300] "POST /xmlrpc.php HTTP/1.1" 200 9204 "-" "Mozilla/5.0 (Windows NT 10.0; Win64; x64) AppleWebKit/537.36 (KHTML, like Gecko) Chrome/114.0.0.0 Safari/537.36"
193.36.38.226 - - [23/Apr/2026:17:12:02 +0300] "GET /jackpot-angebote-untern-spielsaal-referieren-seien-je-zig-slotfans-sinnvolle-spielsalon-spiele/ HTTP/1.1" 200 71671 "-" "Mozilla/5.0 (Windows NT 10.0; Win64; x64; rv:124.0) Gecko/20100101 Firefox/124.0"
185.216.113.70 - - [23/Apr/2026:17:13:05 +0300] "POST /wp-cron.php?doing_wp_cron=1776953585.3603870868682861328125 HTTP/1.1" 200 448 "-" "WordPress/6.3.8; https://serhatburke.miroglu.net"
178.159.37.105 - - [23/Apr/2026:17:12:53 +0300] "POST /xmlrpc.php HTTP/1.1" 200 162181 "-" "Mozilla/5.0 (Windows NT 10.0; WOW64) AppleWebKit/537.36 (KHTML, like Gecko) Chrome/114.0.0.0 Safari/537.36 Vivaldi/5.3.2679.68"
178.159.37.105 - - [23/Apr/2026:17:13:06 +0300] "POST /xmlrpc.php HTTP/1.1" 200 664 "-" "Mozilla/5.0 (Windows NT 10.0; WOW64) AppleWebKit/537.36 (KHTML, like Gecko) Chrome/114.0.0.0 Safari/537.36 Vivaldi/5.3.2679.68"
178.159.37.105 - - [23/Apr/2026:17:13:20 +0300] "POST /xmlrpc.php HTTP/1.1" 200 667 "-" "Mozilla/5.0 (Windows NT 10.0; WOW64) AppleWebKit/537.36 (KHTML, like Gecko) Chrome/114.0.0.0 Safari/537.36 Vivaldi/5.3.2679.68"
185.216.113.70 - - [23/Apr/2026:17:13:43 +0300] "POST /wp-cron.php?doing_wp_cron=1776953623.2026040554046630859375 HTTP/1.1" 200 448 "-" "WordPress/6.3.8; https://serhatburke.miroglu.net"
52.167.144.224 - - [23/Apr/2026:17:13:28 +0300] "GET /free-spin-planetwin365-%EF%BF%BD-ottieni-immediatamente-i-giri-gratuitamente/ HTTP/2" 200 17497 "-" "Mozilla/5.0 AppleWebKit/537.36 (KHTML, like Gecko; compatible; bingbot/2.0; +http://www.bing.com/bingbot.htm) Chrome/116.0.1938.76 Safari/537.36"
52.167.144.142 - - [23/Apr/2026:17:13:33 +0300] "GET /how-bscscan-empowers-your-crypto-investment-journey/ HTTP/2" 200 17107 "-" "Mozilla/5.0 AppleWebKit/537.36 (KHTML, like Gecko; compatible; bingbot/2.0; +http://www.bing.com/bingbot.htm) Chrome/116.0.1938.76 Safari/537.36"
178.159.37.105 - - [23/Apr/2026:17:13:33 +0300] "POST /xmlrpc.php HTTP/1.1" 200 9403 "-" "Mozilla/5.0 (Windows NT 10.0; WOW64) AppleWebKit/537.36 (KHTML, like Gecko) Chrome/114.0.0.0 Safari/537.36 Vivaldi/5.3.2679.68"
52.167.144.142 - - [23/Apr/2026:17:14:00 +0300] "GET /ruddhswas-uttejna-ar-bisal-purskarer-hatchani-laiv-kzasinote/ HTTP/2" 200 19407 "-" "Mozilla/5.0 AppleWebKit/537.36 (KHTML, like Gecko; compatible; bingbot/2.0; +http://www.bing.com/bingbot.htm) Chrome/116.0.1938.76 Safari/537.36"
185.216.113.70 - - [23/Apr/2026:17:14:43 +0300] "POST /wp-cron.php?doing_wp_cron=1776953683.6803250312805175781250 HTTP/1.1" 200 448 "-" "WordPress/6.3.8; https://serhatburke.miroglu.net"
193.36.38.226 - - [23/Apr/2026:17:14:31 +0300] "POST /xmlrpc.php HTTP/1.1" 200 692 "-" "Mozilla/5.0 (Windows NT 10.0; Win64; x64) AppleWebKit/537.36 (KHTML, like Gecko) Chrome/114.0.0.0 Safari/537.36"
62.12.118.40 - - [23/Apr/2026:17:14:31 +0300] "POST /xmlrpc.php HTTP/1.1" 200 630 "-" "Mozilla/5.0 (Windows NT 10.0; Win64; x64) AppleWebKit/537.36 (KHTML, like Gecko) Chrome/114.0.0.0 Safari/537.36"
62.12.118.40 - - [23/Apr/2026:17:14:50 +0300] "POST /xmlrpc.php HTTP/1.1" 200 10187 "-" "Mozilla/5.0 (Windows NT 10.0; Win64; x64) AppleWebKit/537.36 (KHTML, like Gecko) Chrome/114.0.0.0 Safari/537.36"
193.36.38.226 - - [23/Apr/2026:17:14:51 +0300] "POST /xmlrpc.php HTTP/1.1" 200 10208 "-" "Mozilla/5.0 (Windows NT 10.0; Win64; x64) AppleWebKit/537.36 (KHTML, like Gecko) Chrome/114.0.0.0 Safari/537.36"
193.36.38.226 - - [23/Apr/2026:17:15:07 +0300] "GET /im-schnitt-liegt-ihr-rtp-rang-ein-slots-bei-95-96/ HTTP/1.1" 200 71598 "-" "Mozilla/5.0 (Windows NT 10.0; Win64; x64) AppleWebKit/537.36 (KHTML, like Gecko) Chrome/109.0.0.0 Safari/537.36"
62.12.118.40 - - [23/Apr/2026:17:15:07 +0300] "GET /statistics-sense-current-casino-twin-100-free-spins-ai-crypto-technical-development-study/ HTTP/1.1" 200 72085 "-" "Mozilla/5.0 (Windows NT 10.0; rv:109.0) Gecko/20100101 Firefox/115.0"
178.156.215.67 - - [23/Apr/2026:17:15:22 +0300] "POST /xmlrpc.php HTTP/1.1" 200 604 "-" "Mozilla/5.0 (Windows NT 10.0; Win64; x64) AppleWebKit/537.36 (KHTML, like Gecko) Chrome/108.0.0.0 Safari/537.36"
66.249.73.1 - - [23/Apr/2026:17:15:34 +0300] "GET /wino-casino-review-a-premier-destination-for-uk-players/ HTTP/1.1" 200 0 "https://tgyna.driftlogic-games.biz/" "Mozilla/5.0 (Linux; Android 6.0.1; Nexus 5X Build/MMB29P) AppleWebKit/537.36 (KHTML, like Gecko) Chrome/146.0.7680.177 Mobile Safari/537.36 (compatible; Googlebot/2.1; +http://www.google.com/bot.html)"
185.216.113.70 - - [23/Apr/2026:17:15:47 +0300] "POST /wp-cron.php?doing_wp_cron=1776953747.8017990589141845703125 HTTP/1.1" 200 448 "-" "WordPress/6.3.8; https://serhatburke.miroglu.net"
178.156.215.67 - - [23/Apr/2026:17:15:35 +0300] "POST /xmlrpc.php HTTP/1.1" 200 594 "-" "Mozilla/5.0 (Windows NT 10.0; Win64; x64) AppleWebKit/537.36 (KHTML, like Gecko) Chrome/108.0.0.0 Safari/537.36"
185.216.113.70 - - [23/Apr/2026:17:17:35 +0300] "POST /wp-cron.php?doing_wp_cron=1776953855.4578349590301513671875 HTTP/1.1" 200 448 "-" "WordPress/6.3.8; https://serhatburke.miroglu.net"
193.36.38.226 - - [23/Apr/2026:17:17:18 +0300] "POST /xmlrpc.php HTTP/1.1" 200 692 "-" "Mozilla/5.0 (Windows NT 10.0; Win64; x64) AppleWebKit/537.36 (KHTML, like Gecko) Chrome/114.0.0.0 Safari/537.36"
52.167.144.142 - - [23/Apr/2026:17:17:22 +0300] "GET /blood-suckers-spill-gratis-pa-norske-spilleautomater-pa-nett-tilslutte-nett/ HTTP/2" 200 17466 "-" "Mozilla/5.0 AppleWebKit/537.36 (KHTML, like Gecko; compatible; bingbot/2.0; +http://www.bing.com/bingbot.htm) Chrome/116.0.1938.76 Safari/537.36"
193.36.38.228 - - [23/Apr/2026:17:17:27 +0300] "POST /xmlrpc.php HTTP/1.1" 200 692 "-" "Mozilla/5.0 (Windows NT 10.0; Win64; x64) AppleWebKit/537.36 (KHTML, like Gecko) Chrome/114.0.0.0 Safari/537.36"
52.167.144.224 - - [23/Apr/2026:17:17:29 +0300] "GET /casinos-francais-avec-bonus-gratuits-sans-depot/ HTTP/2" 200 17770 "-" "Mozilla/5.0 AppleWebKit/537.36 (KHTML, like Gecko; compatible; bingbot/2.0; +http://www.bing.com/bingbot.htm) Chrome/116.0.1938.76 Safari/537.36"
193.36.38.226 - - [23/Apr/2026:17:17:44 +0300] "POST /xmlrpc.php HTTP/1.1" 200 10059 "-" "Mozilla/5.0 (Windows NT 10.0; Win64; x64) AppleWebKit/537.36 (KHTML, like Gecko) Chrome/114.0.0.0 Safari/537.36"
52.167.144.142 - - [23/Apr/2026:17:17:50 +0300] "GET /verkunden-die-leser-gegenseitig-a-musizieren-eltern-mit-55-spielautomaten-ohne-einzahlung-bei-der-anmeldung/ HTTP/2" 200 18772 "-" "Mozilla/5.0 AppleWebKit/537.36 (KHTML, like Gecko; compatible; bingbot/2.0; +http://www.bing.com/bingbot.htm) Chrome/116.0.1938.76 Safari/537.36"
193.36.38.228 - - [23/Apr/2026:17:17:55 +0300] "POST /xmlrpc.php HTTP/1.1" 200 13459 "-" "Mozilla/5.0 (Windows NT 10.0; Win64; x64) AppleWebKit/537.36 (KHTML, like Gecko) Chrome/114.0.0.0 Safari/537.36"
57.128.22.95 - - [23/Apr/2026:17:17:58 +0300] "GET /zotabet-casino-bonus-premier-depot-2026/ HTTP/1.1" 200 18520 "-" "Mozilla/5.0 (compatible; Googlebot/2.1; +http://www.google.com/bot.html)"
193.36.38.226 - - [23/Apr/2026:17:18:08 +0300] "GET /schlielich-as-part-of-deutschen-casinos-arbeitet-adult-male-via-limits-welches-manche-zocker-alabama-benachteiligung-sehen/ HTTP/1.1" 200 73097 "-" "Mozilla/5.0 (Windows NT 10.0; Win64; x64) AppleWebKit/537.36 (KHTML, like Gecko) Chrome/124.0.0.0 Safari/537.36"
193.36.38.228 - - [23/Apr/2026:17:18:19 +0300] "GET /in-erster-linie-gehort-sera-sekundar-dahinter-den-paysafecard-unter-einsatz-von-bonus-ein-lesenswert-sei/ HTTP/1.1" 200 76470 "-" "Mozilla/5.0 (Windows NT 10.0; Win64; x64; rv:124.0) Gecko/20100101 Firefox/124.0"
185.216.113.70 - - [23/Apr/2026:17:20:16 +0300] "POST /wp-cron.php?doing_wp_cron=1776954016.4485869407653808593750 HTTP/1.1" 200 448 "-" "WordPress/6.3.8; https://serhatburke.miroglu.net"
128.1.227.228 - - [23/Apr/2026:17:20:00 +0300] "POST /xmlrpc.php HTTP/1.1" 200 630 "-" "Mozilla/5.0 (Windows NT 10.0; Win64; x64) AppleWebKit/537.36 (KHTML, like Gecko) Chrome/114.0.0.0 Safari/537.36"
193.36.38.226 - - [23/Apr/2026:17:20:05 +0300] "POST /xmlrpc.php HTTP/1.1" 200 692 "-" "Mozilla/5.0 (Windows NT 10.0; Win64; x64) AppleWebKit/537.36 (KHTML, like Gecko) Chrome/114.0.0.0 Safari/537.36"
128.1.227.228 - - [23/Apr/2026:17:20:22 +0300] "POST /xmlrpc.php HTTP/1.1" 200 9739 "-" "Mozilla/5.0 (Windows NT 10.0; Win64; x64) AppleWebKit/537.36 (KHTML, like Gecko) Chrome/114.0.0.0 Safari/537.36"
193.36.38.226 - - [23/Apr/2026:17:20:24 +0300] "POST /xmlrpc.php HTTP/1.1" 200 10087 "-" "Mozilla/5.0 (Windows NT 10.0; Win64; x64) AppleWebKit/537.36 (KHTML, like Gecko) Chrome/114.0.0.0 Safari/537.36"
185.216.113.70 - - [23/Apr/2026:17:20:49 +0300] "POST /wp-cron.php?doing_wp_cron=1776954049.2148818969726562500000 HTTP/1.1" 200 448 "-" "WordPress/6.3.8; https://serhatburke.miroglu.net"
128.1.227.228 - - [23/Apr/2026:17:20:37 +0300] "GET /deine-erreichbar-spielothek-inside-fu-cai-shen-keine-einzahlung-teutonia/ HTTP/1.1" 200 71340 "-" "Mozilla/5.0 (Windows NT 10.0; rv:109.0) Gecko/20100101 Firefox/115.0"
193.36.38.226 - - [23/Apr/2026:17:20:37 +0300] "GET /sozusagen-jeglicher-slot-begeisterter-within-bundesrepublik-deutschland-das-mittel-der-wahl-die-eine-andere-zahlungsmethode-zu-handen-die-spiele/ HTTP/1.1" 200 73716 "-" "Mozilla/5.0 (Windows NT 10.0; Win64; x64) AppleWebKit/537.36 (KHTML, like Gecko) Chrome/122.0.0.0 Safari/537.36"
185.216.113.70 - - [23/Apr/2026:17:22:28 +0300] "POST /wp-cron.php?doing_wp_cron=1776954148.0412049293518066406250 HTTP/1.1" 200 448 "-" "WordPress/6.3.8; https://serhatburke.miroglu.net"
52.167.144.232 - - [23/Apr/2026:17:22:14 +0300] "GET /labakie-tiessaistes-kazino-bonusi-2026-lietotnes-vulkan-spiele-lejupielade-2026-gada-score-cuatro-500-pievienotais-bonuss-revolves/ HTTP/2" 200 17974 "-" "Mozilla/5.0 AppleWebKit/537.36 (KHTML, like Gecko; compatible; bingbot/2.0; +http://www.bing.com/bingbot.htm) Chrome/116.0.1938.76 Safari/537.36"
52.167.144.224 - - [23/Apr/2026:17:22:18 +0300] "GET /online-anzeige-vereint-diverse-formate-wie-beispielsweise-bannerwerbung-videoanzeigen-weiters-suchmaschinenmarketing/ HTTP/2" 200 17807 "-" "Mozilla/5.0 AppleWebKit/537.36 (KHTML, like Gecko; compatible; bingbot/2.0; +http://www.bing.com/bingbot.htm) Chrome/116.0.1938.76 Safari/537.36"
40.77.167.20 - - [23/Apr/2026:17:22:22 +0300] "GET /top-10-cazinouri-online-in-romania-in-2026/ HTTP/2" 200 19208 "-" "Mozilla/5.0 AppleWebKit/537.36 (KHTML, like Gecko; compatible; bingbot/2.0; +http://www.bing.com/bingbot.htm) Chrome/116.0.1938.76 Safari/537.36"
193.36.38.226 - - [23/Apr/2026:17:22:35 +0300] "POST /xmlrpc.php HTTP/1.1" 200 692 "-" "Mozilla/5.0 (Windows NT 10.0; Win64; x64) AppleWebKit/537.36 (KHTML, like Gecko) Chrome/114.0.0.0 Safari/537.36"
185.216.113.70 - - [23/Apr/2026:17:23:04 +0300] "POST /wp-cron.php?doing_wp_cron=1776954184.5068249702453613281250 HTTP/1.1" 200 448 "-" "WordPress/6.3.8; https://serhatburke.miroglu.net"
193.36.38.226 - - [23/Apr/2026:17:22:53 +0300] "POST /xmlrpc.php HTTP/1.1" 200 9955 "-" "Mozilla/5.0 (Windows NT 10.0; Win64; x64) AppleWebKit/537.36 (KHTML, like Gecko) Chrome/114.0.0.0 Safari/537.36"
66.249.76.64 - - [23/Apr/2026:17:23:13 +0300] "GET /superspinscasino-uk-free-games-a-review-for-british-players/undefined?ts=1775520000 HTTP/1.1" 200 0 "https://serhatburke.miroglu.net/superspinscasino-uk-free-games-a-review-for-british-players/" "Mozilla/5.0 (Linux; Android 6.0.1; Nexus 5X Build/MMB29P) AppleWebKit/537.36 (KHTML, like Gecko) Chrome/146.0.7680.177 Mobile Safari/537.36 (compatible; Googlebot/2.1; +http://www.google.com/bot.html)"
98.98.197.195 - - [23/Apr/2026:17:23:06 +0300] "POST /xmlrpc.php HTTP/1.1" 200 630 "-" "Mozilla/5.0 (Windows NT 10.0; Win64; x64) AppleWebKit/537.36 (KHTML, like Gecko) Chrome/114.0.0.0 Safari/537.36"
193.36.38.226 - - [23/Apr/2026:17:23:04 +0300] "GET /daruber-hinaus-man-sagt-sie-seien-die-kunden-bei-der-funktionsvielfalt-keineswegs-eingeschrankt-denn-selbige-bc/ HTTP/1.1" 200 72827 "-" "Mozilla/5.0 (Windows NT 10.0; Win64; x64) AppleWebKit/537.36 (KHTML, like Gecko) Chrome/124.0.0.0 Safari/537.36"
98.98.197.195 - - [23/Apr/2026:17:23:36 +0300] "POST /xmlrpc.php HTTP/1.1" 200 9928 "-" "Mozilla/5.0 (Windows NT 10.0; Win64; x64) AppleWebKit/537.36 (KHTML, like Gecko) Chrome/114.0.0.0 Safari/537.36"
185.216.113.70 - - [23/Apr/2026:17:24:01 +0300] "POST /wp-cron.php?doing_wp_cron=1776954241.1081359386444091796875 HTTP/1.1" 200 448 "-" "WordPress/6.3.8; https://serhatburke.miroglu.net"
98.98.197.195 - - [23/Apr/2026:17:23:49 +0300] "GET /a-maid-o-money-online-slot-real-income-harbors-2026-find-the-best-on-line-casino-harbors-web-sites/ HTTP/1.1" 200 71992 "-" "Mozilla/5.0 (Windows NT 10.0; Win64; x64) AppleWebKit/537.36 (KHTML, like Gecko) Chrome/123.0.0.0 Safari/537.36"
62.12.118.40 - - [23/Apr/2026:17:24:01 +0300] "POST /xmlrpc.php HTTP/1.1" 200 630 "-" "Mozilla/5.0 (Windows NT 10.0; Win64; x64) AppleWebKit/537.36 (KHTML, like Gecko) Chrome/114.0.0.0 Safari/537.36"
185.216.113.70 - - [23/Apr/2026:17:24:31 +0300] "POST /wp-cron.php?doing_wp_cron=1776954271.7913239002227783203125 HTTP/1.1" 200 448 "-" "WordPress/6.3.8; https://serhatburke.miroglu.net"
62.12.118.40 - - [23/Apr/2026:17:24:20 +0300] "POST /xmlrpc.php HTTP/1.1" 200 11783 "-" "Mozilla/5.0 (Windows NT 10.0; Win64; x64) AppleWebKit/537.36 (KHTML, like Gecko) Chrome/114.0.0.0 Safari/537.36"
62.12.118.40 - - [23/Apr/2026:17:24:33 +0300] "GET /bao-gambling-enterprise-comment-2026-ice-casino-no-deposit-bonus-play-3150-slots-games/ HTTP/1.1" 200 73441 "-" "Mozilla/5.0 (Windows NT 10.0; Win64; x64; rv:124.0) Gecko/20100101 Firefox/124.0"
128.1.227.228 - - [23/Apr/2026:17:24:49 +0300] "POST /xmlrpc.php HTTP/1.1" 200 630 "-" "Mozilla/5.0 (Windows NT 10.0; Win64; x64) AppleWebKit/537.36 (KHTML, like Gecko) Chrome/114.0.0.0 Safari/537.36"
185.216.113.70 - - [23/Apr/2026:17:25:19 +0300] "POST /wp-cron.php?doing_wp_cron=1776954319.0950770378112792968750 HTTP/1.1" 200 448 "-" "WordPress/6.3.8; https://serhatburke.miroglu.net"
128.1.227.228 - - [23/Apr/2026:17:25:07 +0300] "POST /xmlrpc.php HTTP/1.1" 200 9740 "-" "Mozilla/5.0 (Windows NT 10.0; Win64; x64) AppleWebKit/537.36 (KHTML, like Gecko) Chrome/114.0.0.0 Safari/537.36"
128.1.227.228 - - [23/Apr/2026:17:25:20 +0300] "GET /eye-of-horus-kostenlos-pharaohs-empire-120-freie-spins-hydrargyrum-demo-features/ HTTP/1.1" 200 71565 "-" "Mozilla/5.0 (Windows NT 10.0; Win64; x64; rv:125.0) Gecko/20100101 Firefox/125.0"
193.36.38.226 - - [23/Apr/2026:17:25:23 +0300] "POST /xmlrpc.php HTTP/1.1" 200 692 "-" "Mozilla/5.0 (Windows NT 10.0; Win64; x64) AppleWebKit/537.36 (KHTML, like Gecko) Chrome/114.0.0.0 Safari/537.36"
185.216.113.70 - - [23/Apr/2026:17:25:57 +0300] "POST /wp-cron.php?doing_wp_cron=1776954357.8091299533843994140625 HTTP/1.1" 200 448 "-" "WordPress/6.3.8; https://serhatburke.miroglu.net"
193.36.38.226 - - [23/Apr/2026:17:25:45 +0300] "POST /xmlrpc.php HTTP/1.1" 200 9886 "-" "Mozilla/5.0 (Windows NT 10.0; Win64; x64) AppleWebKit/537.36 (KHTML, like Gecko) Chrome/114.0.0.0 Safari/537.36"
193.36.38.226 - - [23/Apr/2026:17:25:58 +0300] "GET /dutzende-angeschlossen-spielotheken-besitzen-zwischenzeitlich-via-die-eine-deutsche-lizenz-im-stande-sein-insofern-legal-bei-land-der-dichter-und-denker-agieren/ HTTP/1.1" 200 74213 "-" "Mozilla/5.0 (Windows NT 10.0; Win64; x64) AppleWebKit/537.36 (KHTML, like Gecko) Chrome/109.0.0.0 Safari/537.36"
62.12.118.40 - - [23/Apr/2026:17:26:20 +0300] "POST /xmlrpc.php HTTP/1.1" 200 630 "-" "Mozilla/5.0 (Windows NT 10.0; Win64; x64) AppleWebKit/537.36 (KHTML, like Gecko) Chrome/114.0.0.0 Safari/537.36"
185.216.113.70 - - [23/Apr/2026:17:26:53 +0300] "POST /wp-cron.php?doing_wp_cron=1776954413.0029859542846679687500 HTTP/1.1" 200 448 "-" "WordPress/6.3.8; https://serhatburke.miroglu.net"
62.12.118.40 - - [23/Apr/2026:17:26:39 +0300] "POST /xmlrpc.php HTTP/1.1" 200 11173 "-" "Mozilla/5.0 (Windows NT 10.0; Win64; x64) AppleWebKit/537.36 (KHTML, like Gecko) Chrome/114.0.0.0 Safari/537.36"
62.12.118.40 - - [23/Apr/2026:17:26:54 +0300] "GET /betchain-gambling-establishment-welcome-bonuses-for-online-casinos-remark-2026-things-incentives-game/ HTTP/1.1" 200 73374 "-" "Mozilla/5.0 (Windows NT 10.0; Win64; x64) AppleWebKit/537.36 (KHTML, like Gecko) Chrome/124.0.0.0 Safari/537.36 Edg/124.0.0.0"
193.36.38.226 - - [23/Apr/2026:17:27:17 +0300] "POST /xmlrpc.php HTTP/1.1" 200 692 "-" "Mozilla/5.0 (Windows NT 10.0; Win64; x64) AppleWebKit/537.36 (KHTML, like Gecko) Chrome/114.0.0.0 Safari/537.36"
128.1.179.147 - - [23/Apr/2026:17:27:22 +0300] "POST /xmlrpc.php HTTP/1.1" 200 630 "-" "Mozilla/5.0 (Windows NT 10.0; Win64; x64) AppleWebKit/537.36 (KHTML, like Gecko) Chrome/114.0.0.0 Safari/537.36"
185.216.113.70 - - [23/Apr/2026:17:27:44 +0300] "POST /wp-cron.php?doing_wp_cron=1776954464.6866939067840576171875 HTTP/1.1" 200 448 "-" "WordPress/6.3.8; https://serhatburke.miroglu.net"
45.39.55.42 - - [23/Apr/2026:17:27:30 +0300] "POST /xmlrpc.php HTTP/1.1" 200 730 "-" "axios/1.11.0"
193.36.38.226 - - [23/Apr/2026:17:27:35 +0300] "POST /xmlrpc.php HTTP/1.1" 200 10015 "-" "Mozilla/5.0 (Windows NT 10.0; Win64; x64) AppleWebKit/537.36 (KHTML, like Gecko) Chrome/114.0.0.0 Safari/537.36"
45.61.97.154 - - [23/Apr/2026:17:27:41 +0300] "POST /xmlrpc.php HTTP/1.1" 200 730 "-" "axios/1.11.0"
128.1.179.147 - - [23/Apr/2026:17:27:42 +0300] "POST /xmlrpc.php HTTP/1.1" 200 10685 "-" "Mozilla/5.0 (Windows NT 10.0; Win64; x64) AppleWebKit/537.36 (KHTML, like Gecko) Chrome/114.0.0.0 Safari/537.36"
40.77.167.53 - - [23/Apr/2026:17:27:56 +0300] "GET /sitemap.txt HTTP/2" 302 0 "-" "Mozilla/5.0 AppleWebKit/537.36 (KHTML, like Gecko; compatible; bingbot/2.0; +http://www.bing.com/bingbot.htm) Chrome/116.0.1938.76 Safari/537.36"
193.36.38.226 - - [23/Apr/2026:17:27:53 +0300] "GET /ebendiese-erfolgreichsten-slots-diese-sie-unter-einsatz-von-freispielen-blo-einzahlung-auffuhren-fahig-sein/ HTTP/1.1" 200 72819 "-" "Mozilla/5.0 (Windows NT 10.0; Win64; x64) AppleWebKit/537.36 (KHTML, like Gecko) Chrome/124.0.0.0 Safari/537.36 Edg/124.0.0.0"
128.1.179.147 - - [23/Apr/2026:17:28:11 +0300] "GET /play-super-slot-machine-online-flaming-hot-joker-from-the-netent-position-review/ HTTP/1.1" 200 72095 "-" "Mozilla/5.0 (Windows NT 10.0; Win64; x64) AppleWebKit/537.36 (KHTML, like Gecko) Chrome/123.0.0.0 Safari/537.36"
185.216.113.70 - - [23/Apr/2026:17:28:42 +0300] "POST /wp-cron.php?doing_wp_cron=1776954522.5836060047149658203125 HTTP/1.1" 200 448 "-" "WordPress/6.3.8; https://serhatburke.miroglu.net"
62.12.118.40 - - [23/Apr/2026:17:28:27 +0300] "POST /xmlrpc.php HTTP/1.1" 200 630 "-" "Mozilla/5.0 (Windows NT 10.0; Win64; x64) AppleWebKit/537.36 (KHTML, like Gecko) Chrome/114.0.0.0 Safari/537.36"
40.77.167.53 - - [23/Apr/2026:17:28:26 +0300] "GET /sitemap.xml HTTP/2" 200 1130 "-" "Mozilla/5.0 AppleWebKit/537.36 (KHTML, like Gecko; compatible; bingbot/2.0; +http://www.bing.com/bingbot.htm) Chrome/116.0.1938.76 Safari/537.36"
193.36.38.226 - - [23/Apr/2026:17:28:30 +0300] "POST /xmlrpc.php HTTP/1.1" 200 514 "-" "Mozilla/5.0 (Windows NT 10.0; Win64; x64) AppleWebKit/537.36 (KHTML, like Gecko) Chrome/114.0.0.0 Safari/537.36"
62.12.118.40 - - [23/Apr/2026:17:28:49 +0300] "POST /xmlrpc.php HTTP/1.1" 200 10663 "-" "Mozilla/5.0 (Windows NT 10.0; Win64; x64) AppleWebKit/537.36 (KHTML, like Gecko) Chrome/114.0.0.0 Safari/537.36"
193.36.38.226 - - [23/Apr/2026:17:28:53 +0300] "POST /xmlrpc.php HTTP/1.1" 200 9828 "-" "Mozilla/5.0 (Windows NT 10.0; Win64; x64) AppleWebKit/537.36 (KHTML, like Gecko) Chrome/114.0.0.0 Safari/537.36"
62.12.118.40 - - [23/Apr/2026:17:29:04 +0300] "GET /betchaser-gambling-establishment-curacao-10-free-incentive-for-the-slot-cops-and-robbers-membership/ HTTP/1.1" 200 72781 "-" "Mozilla/5.0 (Windows NT 10.0; rv:125.0) Gecko/20100101 Firefox/125.0"
193.36.38.226 - - [23/Apr/2026:17:29:09 +0300] "GET /thirty-freispiele-blo-einzahlung-bei-four-simplen-schritten-einbehalten/ HTTP/1.1" 200 71642 "-" "Mozilla/5.0 (Windows NT 10.0; Win64; x64) AppleWebKit/537.36 (KHTML, like Gecko) Chrome/122.0.0.0 Safari/537.36"
185.216.113.70 - - [23/Apr/2026:17:29:59 +0300] "POST /wp-cron.php?doing_wp_cron=1776954599.3056778907775878906250 HTTP/1.1" 200 448 "-" "WordPress/6.3.8; https://serhatburke.miroglu.net"
40.77.167.20 - - [23/Apr/2026:17:29:47 +0300] "GET /druckgluck-erfahrungen-doch-100-provision/ HTTP/2" 200 19614 "-" "Mozilla/5.0 AppleWebKit/537.36 (KHTML, like Gecko; compatible; bingbot/2.0; +http://www.bing.com/bingbot.htm) Chrome/116.0.1938.76 Safari/537.36"
52.167.144.232 - - [23/Apr/2026:17:29:54 +0300] "GET /there-arent-any-playing-constraints-enforced-up-on-the-players-off-realgambling/ HTTP/2" 200 16729 "-" "Mozilla/5.0 AppleWebKit/537.36 (KHTML, like Gecko; compatible; bingbot/2.0; +http://www.bing.com/bingbot.htm) Chrome/116.0.1938.76 Safari/537.36"
40.77.167.20 - - [23/Apr/2026:17:29:58 +0300] "GET /%CE%B4%CF%89%CF%81%CE%B5%CE%AC%CE%BD-online-%CE%BA%CE%BF%CF%85%CE%BB%CE%BF%CF%87%CE%AD%CF%81%CE%B7%CE%B4%CE%B5%CF%82-%CF%84%CE%B6%CF%8C%CE%B3%CE%BF%CF%82-%CF%84%CE%BF%CF%80%CE%B9%CE%BA%CF%8C-%CE%BA/ HTTP/2" 200 19743 "-" "Mozilla/5.0 AppleWebKit/537.36 (KHTML, like Gecko; compatible; bingbot/2.0; +http://www.bing.com/bingbot.htm) Chrome/116.0.1938.76 Safari/537.36"
185.216.113.70 - - [23/Apr/2026:17:30:45 +0300] "POST /wp-cron.php?doing_wp_cron=1776954645.0546519756317138671875 HTTP/1.1" 200 448 "-" "WordPress/6.3.8; https://serhatburke.miroglu.net"
62.12.118.40 - - [23/Apr/2026:17:30:32 +0300] "POST /xmlrpc.php HTTP/1.1" 200 630 "-" "Mozilla/5.0 (Windows NT 10.0; Win64; x64) AppleWebKit/537.36 (KHTML, like Gecko) Chrome/114.0.0.0 Safari/537.36"
128.1.227.228 - - [23/Apr/2026:17:30:35 +0300] "POST /xmlrpc.php HTTP/1.1" 200 630 "-" "Mozilla/5.0 (Windows NT 10.0; Win64; x64) AppleWebKit/537.36 (KHTML, like Gecko) Chrome/114.0.0.0 Safari/537.36"
193.36.38.226 - - [23/Apr/2026:17:30:41 +0300] "POST /xmlrpc.php HTTP/1.1" 200 692 "-" "Mozilla/5.0 (Windows NT 10.0; Win64; x64) AppleWebKit/537.36 (KHTML, like Gecko) Chrome/114.0.0.0 Safari/537.36"
98.98.197.195 - - [23/Apr/2026:17:30:43 +0300] "POST /xmlrpc.php HTTP/1.1" 200 630 "-" "Mozilla/5.0 (Windows NT 10.0; Win64; x64) AppleWebKit/537.36 (KHTML, like Gecko) Chrome/114.0.0.0 Safari/537.36"
62.12.118.40 - - [23/Apr/2026:17:30:51 +0300] "POST /xmlrpc.php HTTP/1.1" 200 10647 "-" "Mozilla/5.0 (Windows NT 10.0; Win64; x64) AppleWebKit/537.36 (KHTML, like Gecko) Chrome/114.0.0.0 Safari/537.36"
128.1.227.228 - - [23/Apr/2026:17:30:58 +0300] "POST /xmlrpc.php HTTP/1.1" 200 10596 "-" "Mozilla/5.0 (Windows NT 10.0; Win64; x64) AppleWebKit/537.36 (KHTML, like Gecko) Chrome/114.0.0.0 Safari/537.36"
193.36.38.226 - - [23/Apr/2026:17:31:11 +0300] "POST /xmlrpc.php HTTP/1.1" 200 13441 "-" "Mozilla/5.0 (Windows NT 10.0; Win64; x64) AppleWebKit/537.36 (KHTML, like Gecko) Chrome/114.0.0.0 Safari/537.36"
98.98.197.195 - - [23/Apr/2026:17:31:14 +0300] "POST /xmlrpc.php HTTP/1.1" 200 10050 "-" "Mozilla/5.0 (Windows NT 10.0; Win64; x64) AppleWebKit/537.36 (KHTML, like Gecko) Chrome/114.0.0.0 Safari/537.36"
62.12.118.40 - - [23/Apr/2026:17:31:16 +0300] "GET /5-minimal-put-casino-british-find-the-play-regal-casino-bonus-best-and-you-may-enjoy-online/ HTTP/1.1" 200 72418 "-" "Mozilla/5.0 (Windows NT 10.0; Win64; x64) AppleWebKit/537.36 (KHTML, like Gecko) Chrome/124.0.0.0 Safari/537.36 Edg/124.0.0.0"
185.216.113.70 - - [23/Apr/2026:17:31:43 +0300] "POST /wp-cron.php?doing_wp_cron=1776954702.9749069213867187500000 HTTP/1.1" 200 448 "-" "WordPress/6.3.8; https://serhatburke.miroglu.net"
128.1.227.228 - - [23/Apr/2026:17:31:22 +0300] "GET /es-existireren-casinos-nachfolgende-niedrigere-5-einzahlung-casino-legends-of-ra-auszahlungsquoten-offerte-wie-seriose-verbunden-casinos/ HTTP/1.1" 200 74112 "-" "Mozilla/5.0 (Windows NT 10.0; rv:109.0) Gecko/20100101 Firefox/115.0"
193.36.38.226 - - [23/Apr/2026:17:31:36 +0300] "GET /mindestalter-beim-wette-%EF%BF%BD-merkmale-hinein-einigen-deutschen-bundeslandern/ HTTP/1.1" 200 75373 "-" "Mozilla/5.0 (Windows NT 10.0; rv:109.0) Gecko/20100101 Firefox/115.0"
98.98.197.195 - - [23/Apr/2026:17:31:38 +0300] "GET /bucks-splash-slot-opinion-2026-slot-elephant-treasure-progressive-jackpot-and-easy-game-play/ HTTP/1.1" 200 71952 "-" "Mozilla/5.0 (Windows NT 10.0; Win64; x64) AppleWebKit/537.36 (KHTML, like Gecko) Chrome/123.0.0.0 Safari/537.36 OPR/109.0.0.0"
62.12.118.40 - - [23/Apr/2026:17:32:22 +0300] "POST /xmlrpc.php HTTP/1.1" 200 630 "-" "Mozilla/5.0 (Windows NT 10.0; Win64; x64) AppleWebKit/537.36 (KHTML, like Gecko) Chrome/114.0.0.0 Safari/537.36"
185.216.113.70 - - [23/Apr/2026:17:32:54 +0300] "POST /wp-cron.php?doing_wp_cron=1776954774.3921499252319335937500 HTTP/1.1" 200 448 "-" "WordPress/6.3.8; https://serhatburke.miroglu.net"
62.12.118.40 - - [23/Apr/2026:17:32:41 +0300] "POST /xmlrpc.php HTTP/1.1" 200 10896 "-" "Mozilla/5.0 (Windows NT 10.0; Win64; x64) AppleWebKit/537.36 (KHTML, like Gecko) Chrome/114.0.0.0 Safari/537.36"
193.36.38.226 - - [23/Apr/2026:17:32:43 +0300] "POST /xmlrpc.php HTTP/1.1" 200 692 "-" "Mozilla/5.0 (Windows NT 10.0; Win64; x64) AppleWebKit/537.36 (KHTML, like Gecko) Chrome/114.0.0.0 Safari/537.36"
62.12.118.40 - - [23/Apr/2026:17:32:56 +0300] "GET /betway-activities-comment-2026-are-betway-safe-or-a-deposit-5-play-with-25-casino-scam/ HTTP/1.1" 200 72484 "-" "Mozilla/5.0 (Windows NT 10.0; Win64; x64) AppleWebKit/537.36 (KHTML, like Gecko) Chrome/109.0.0.0 Safari/537.36"
193.36.38.226 - - [23/Apr/2026:17:33:03 +0300] "POST /xmlrpc.php HTTP/1.1" 200 9884 "-" "Mozilla/5.0 (Windows NT 10.0; Win64; x64) AppleWebKit/537.36 (KHTML, like Gecko) Chrome/114.0.0.0 Safari/537.36"
193.36.38.226 - - [23/Apr/2026:17:33:16 +0300] "GET /without-frankierung-ist-und-bleibt-die-englische-ubersetzung-ihr-worte-abzuglich-einzahlung/ HTTP/1.1" 200 72342 "-" "Mozilla/5.0 (Windows NT 10.0; Win64; x64) AppleWebKit/537.36 (KHTML, like Gecko) Chrome/122.0.0.0 Safari/537.36"
185.216.113.70 - - [23/Apr/2026:17:34:17 +0300] "POST /wp-cron.php?doing_wp_cron=1776954857.2538380622863769531250 HTTP/1.1" 200 448 "-" "WordPress/6.3.8; https://serhatburke.miroglu.net"
52.167.144.232 - - [23/Apr/2026:17:33:42 +0300] "GET /decoding-bscscan-a-comprehensive-guide-for-traders/ HTTP/2" 200 16903 "-" "Mozilla/5.0 AppleWebKit/537.36 (KHTML, like Gecko; compatible; bingbot/2.0; +http://www.bing.com/bingbot.htm) Chrome/116.0.1938.76 Safari/537.36"
98.98.197.195 - - [23/Apr/2026:17:33:45 +0300] "POST /xmlrpc.php HTTP/1.1" 200 630 "-" "Mozilla/5.0 (Windows NT 10.0; Win64; x64) AppleWebKit/537.36 (KHTML, like Gecko) Chrome/114.0.0.0 Safari/537.36"
40.77.167.254 - - [23/Apr/2026:17:33:47 +0300] "GET /free-spins-2026-se-alla-casino-tillsammans-free-spins-inom-dag/ HTTP/2" 200 17973 "-" "Mozilla/5.0 AppleWebKit/537.36 (KHTML, like Gecko; compatible; bingbot/2.0; +http://www.bing.com/bingbot.htm) Chrome/116.0.1938.76 Safari/537.36"
121.181.152.252 - - [23/Apr/2026:17:33:46 +0300] "GET /zotabet-casino-bonus-premier-depot-2026/ HTTP/1.1" 200 18531 "https://serhatburke.miroglu.net/" "Mozilla/5.0 (X11; CrOS x86_64 14541.0.0) AppleWebKit/537.36 (KHTML, like Gecko) Chrome/145.0.0.0 Safari/537.36"
193.36.38.228 - - [23/Apr/2026:17:33:52 +0300] "POST /xmlrpc.php HTTP/1.1" 200 692 "-" "Mozilla/5.0 (Windows NT 10.0; Win64; x64) AppleWebKit/537.36 (KHTML, like Gecko) Chrome/114.0.0.0 Safari/537.36"
40.77.167.53 - - [23/Apr/2026:17:33:50 +0300] "GET /discovering-solscan-the-essential-tool-for-crypto-tracking/ HTTP/2" 200 17091 "-" "Mozilla/5.0 AppleWebKit/537.36 (KHTML, like Gecko; compatible; bingbot/2.0; +http://www.bing.com/bingbot.htm) Chrome/116.0.1938.76 Safari/537.36"
40.77.167.53 - - [23/Apr/2026:17:33:51 +0300] "GET /dr-bet-play-slots-online-and-win-real-money-comment-can-it-be-legitimate-in-the-southern-area-africa/ HTTP/2" 200 18345 "-" "Mozilla/5.0 AppleWebKit/537.36 (KHTML, like Gecko; compatible; bingbot/2.0; +http://www.bing.com/bingbot.htm) Chrome/116.0.1938.76 Safari/537.36"
62.12.118.40 - - [23/Apr/2026:17:34:13 +0300] "POST /xmlrpc.php HTTP/1.1" 200 630 "-" "Mozilla/5.0 (Windows NT 10.0; Win64; x64) AppleWebKit/537.36 (KHTML, like Gecko) Chrome/114.0.0.0 Safari/537.36"
121.181.152.252 - - [23/Apr/2026:17:34:17 +0300] "GET /zotabet-casino-bonus-premier-depot-2026/ HTTP/1.1" 200 18531 "https://serhatburke.miroglu.net/" "Mozilla/5.0 (X11; CrOS x86_64 14541.0.0) AppleWebKit/537.36 (KHTML, like Gecko) Chrome/145.0.0.0 Safari/537.36"
98.98.197.195 - - [23/Apr/2026:17:34:32 +0300] "POST /xmlrpc.php HTTP/1.1" 200 9081 "-" "Mozilla/5.0 (Windows NT 10.0; Win64; x64) AppleWebKit/537.36 (KHTML, like Gecko) Chrome/114.0.0.0 Safari/537.36"
185.216.113.70 - - [23/Apr/2026:17:35:18 +0300] "POST /wp-cron.php?doing_wp_cron=1776954918.3643660545349121093750 HTTP/1.1" 200 448 "-" "WordPress/6.3.8; https://serhatburke.miroglu.net"
193.36.38.228 - - [23/Apr/2026:17:34:44 +0300] "POST /xmlrpc.php HTTP/1.1" 200 9757 "-" "Mozilla/5.0 (Windows NT 10.0; Win64; x64) AppleWebKit/537.36 (KHTML, like Gecko) Chrome/114.0.0.0 Safari/537.36"
185.216.113.70 - - [23/Apr/2026:17:35:24 +0300] "POST /wp-cron.php?doing_wp_cron=1776954924.7348389625549316406250 HTTP/1.1" 200 448 "-" "WordPress/6.3.8; https://serhatburke.miroglu.net"
121.181.152.252 - - [23/Apr/2026:17:34:48 +0300] "GET /zotabet-casino-bonus-premier-depot-2026/ HTTP/1.1" 200 18531 "https://serhatburke.miroglu.net/" "Mozilla/5.0 (X11; CrOS x86_64 14541.0.0) AppleWebKit/537.36 (KHTML, like Gecko) Chrome/145.0.0.0 Safari/537.36"
40.77.167.254 - - [23/Apr/2026:17:34:55 +0300] "GET /kraken-bezopasnye-metody-dostupa-k-darknetu-v-2026-3/ HTTP/2" 200 18268 "-" "Mozilla/5.0 AppleWebKit/537.36 (KHTML, like Gecko; compatible; bingbot/2.0; +http://www.bing.com/bingbot.htm) Chrome/116.0.1938.76 Safari/537.36"
62.12.118.40 - - [23/Apr/2026:17:34:58 +0300] "POST /xmlrpc.php HTTP/1.1" 200 9500 "-" "Mozilla/5.0 (Windows NT 10.0; Win64; x64) AppleWebKit/537.36 (KHTML, like Gecko) Chrome/114.0.0.0 Safari/537.36"
193.36.38.226 - - [23/Apr/2026:17:34:59 +0300] "POST /xmlrpc.php HTTP/1.1" 200 692 "-" "Mozilla/5.0 (Windows NT 10.0; Win64; x64) AppleWebKit/537.36 (KHTML, like Gecko) Chrome/114.0.0.0 Safari/537.36"
185.216.113.70 - - [23/Apr/2026:17:35:41 +0300] "POST /wp-cron.php?doing_wp_cron=1776954940.9734659194946289062500 HTTP/1.1" 200 448 "-" "WordPress/6.3.8; https://serhatburke.miroglu.net"
98.98.197.195 - - [23/Apr/2026:17:35:03 +0300] "GET /play-safari-slot-slot-video-game-on-amatic-slots-for-android-the-web-100-percent-free-revolves/ HTTP/1.1" 200 70983 "-" "Mozilla/5.0 (Windows NT 10.0; rv:109.0) Gecko/20100101 Firefox/115.0"
193.36.38.228 - - [23/Apr/2026:17:35:21 +0300] "GET /dankgefuhl-das-individuelle-aktionen-das-moglich-anbieter-entdeckt-umherwandern-z-hd-jeden-spielertyp-die-spannende-bonusaktion/ HTTP/1.1" 200 73317 "-" "Mozilla/5.0 (Windows NT 10.0; rv:109.0) Gecko/20100101 Firefox/115.0"
62.12.118.40 - - [23/Apr/2026:17:35:39 +0300] "GET /better-casinos-with-cobber-casino-app-no-put-bonus-also-offers-bonus-rules-2026/ HTTP/1.1" 200 71202 "-" "Mozilla/5.0 (Windows NT 10.0; rv:125.0) Gecko/20100101 Firefox/125.0"
193.36.38.226 - - [23/Apr/2026:17:35:45 +0300] "POST /xmlrpc.php HTTP/1.1" 200 9959 "-" "Mozilla/5.0 (Windows NT 10.0; Win64; x64) AppleWebKit/537.36 (KHTML, like Gecko) Chrome/114.0.0.0 Safari/537.36"
128.1.227.228 - - [23/Apr/2026:17:35:54 +0300] "POST /xmlrpc.php HTTP/1.1" 200 630 "-" "Mozilla/5.0 (Windows NT 10.0; Win64; x64) AppleWebKit/537.36 (KHTML, like Gecko) Chrome/114.0.0.0 Safari/537.36"
62.12.118.40 - - [23/Apr/2026:17:35:55 +0300] "POST /xmlrpc.php HTTP/1.1" 200 630 "-" "Mozilla/5.0 (Windows NT 10.0; Win64; x64) AppleWebKit/537.36 (KHTML, like Gecko) Chrome/114.0.0.0 Safari/537.36"
193.36.38.228 - - [23/Apr/2026:17:36:05 +0300] "POST /xmlrpc.php HTTP/1.1" 200 514 "-" "Mozilla/5.0 (Windows NT 10.0; Win64; x64) AppleWebKit/537.36 (KHTML, like Gecko) Chrome/114.0.0.0 Safari/537.36"
185.216.113.70 - - [23/Apr/2026:17:36:44 +0300] "POST /wp-cron.php?doing_wp_cron=1776955004.7341499328613281250000 HTTP/1.1" 200 448 "-" "WordPress/6.3.8; https://serhatburke.miroglu.net"
185.216.113.70 - - [23/Apr/2026:17:36:46 +0300] "POST /wp-cron.php?doing_wp_cron=1776955006.4702749252319335937500 HTTP/1.1" 200 448 "-" "WordPress/6.3.8; https://serhatburke.miroglu.net"
98.98.197.195 - - [23/Apr/2026:17:36:23 +0300] "POST /xmlrpc.php HTTP/1.1" 200 630 "-" "Mozilla/5.0 (Windows NT 10.0; Win64; x64) AppleWebKit/537.36 (KHTML, like Gecko) Chrome/114.0.0.0 Safari/537.36"
193.36.38.226 - - [23/Apr/2026:17:36:22 +0300] "GET /unter-zuhilfenahme-von-e-book-of-ra-chapeau-novoline-schon-5-vor-12-ein-eigenes-art-inwendig-das-gangbar-automatenspiele-geschaffen/ HTTP/1.1" 200 73450 "-" "Mozilla/5.0 (Windows NT 10.0; Win64; x64) AppleWebKit/537.36 (KHTML, like Gecko) Chrome/124.0.0.0 Safari/537.36"
185.216.113.70 - - [23/Apr/2026:17:37:03 +0300] "POST /wp-cron.php?doing_wp_cron=1776955023.7564868927001953125000 HTTP/1.1" 200 448 "-" "WordPress/6.3.8; https://serhatburke.miroglu.net"
62.12.118.40 - - [23/Apr/2026:17:36:33 +0300] "POST /xmlrpc.php HTTP/1.1" 200 10237 "-" "Mozilla/5.0 (Windows NT 10.0; Win64; x64) AppleWebKit/537.36 (KHTML, like Gecko) Chrome/114.0.0.0 Safari/537.36"
128.1.227.228 - - [23/Apr/2026:17:36:33 +0300] "POST /xmlrpc.php HTTP/1.1" 200 10103 "-" "Mozilla/5.0 (Windows NT 10.0; Win64; x64) AppleWebKit/537.36 (KHTML, like Gecko) Chrome/114.0.0.0 Safari/537.36"
193.36.38.228 - - [23/Apr/2026:17:36:41 +0300] "POST /xmlrpc.php HTTP/1.1" 200 12216 "-" "Mozilla/5.0 (Windows NT 10.0; Win64; x64) AppleWebKit/537.36 (KHTML, like Gecko) Chrome/114.0.0.0 Safari/537.36"
98.98.197.195 - - [23/Apr/2026:17:36:53 +0300] "POST /xmlrpc.php HTTP/1.1" 200 10338 "-" "Mozilla/5.0 (Windows NT 10.0; Win64; x64) AppleWebKit/537.36 (KHTML, like Gecko) Chrome/114.0.0.0 Safari/537.36"
193.36.38.226 - - [23/Apr/2026:17:36:55 +0300] "POST /xmlrpc.php HTTP/1.1" 200 514 "-" "Mozilla/5.0 (Windows NT 10.0; Win64; x64) AppleWebKit/537.36 (KHTML, like Gecko) Chrome/114.0.0.0 Safari/537.36"
62.12.118.40 - - [23/Apr/2026:17:37:05 +0300] "GET /black-jack-tips-play-free-monopoly-no-download-and-tricks-enhance-your-chances-of-profitable/ HTTP/1.1" 200 72111 "-" "Mozilla/5.0 (Windows NT 10.0; Win64; x64) AppleWebKit/537.36 (KHTML, like Gecko) Chrome/123.0.0.0 Safari/537.36 OPR/109.0.0.0"
128.1.227.228 - - [23/Apr/2026:17:37:05 +0300] "GET /beste-echtgeld-angeschlossen-casinos-in-osterreich-spiele-um-joker-troupe-casino-echtes-bimbes/ HTTP/1.1" 200 72635 "-" "Mozilla/5.0 (Windows NT 10.0; Win64; x64) AppleWebKit/537.36 (KHTML, like Gecko) Chrome/122.0.0.0 Safari/537.36"
148.135.195.139 - - [23/Apr/2026:17:37:17 +0300] "POST /xmlrpc.php HTTP/1.1" 200 162878 "-" "Mozilla/5.0 (X11; Linux x86_64) AppleWebKit/537.36 (KHTML, like Gecko) Chrome/114.0.0.0 Safari/537.36"
193.36.38.228 - - [23/Apr/2026:17:37:18 +0300] "GET /unzureichendes-kontoguthaben-stoppte-15-der-overforingen-vorab-ihr-absoluter-wert-dem-kasino-gutgeschrieben-seien-konnte/ HTTP/1.1" 200 75626 "-" "Mozilla/5.0 (Windows NT 10.0; Win64; x64) AppleWebKit/537.36 (KHTML, like Gecko) Chrome/124.0.0.0 Safari/537.36 Edg/124.0.0.0"
185.216.113.70 - - [23/Apr/2026:17:38:13 +0300] "POST /wp-cron.php?doing_wp_cron=1776955093.3407480716705322265625 HTTP/1.1" 200 448 "-" "WordPress/6.3.8; https://serhatburke.miroglu.net"
62.12.118.40 - - [23/Apr/2026:17:37:34 +0300] "POST /xmlrpc.php HTTP/1.1" 200 630 "-" "Mozilla/5.0 (Windows NT 10.0; Win64; x64) AppleWebKit/537.36 (KHTML, like Gecko) Chrome/114.0.0.0 Safari/537.36"
185.216.113.70 - - [23/Apr/2026:17:38:13 +0300] "POST /wp-cron.php?doing_wp_cron=1776955093.6532790660858154296875 HTTP/1.1" 200 448 "-" "WordPress/6.3.8; https://serhatburke.miroglu.net"
98.98.197.195 - - [23/Apr/2026:17:37:35 +0300] "GET /5-no-deposit-scattered-to-hell-slot-free-spins-extra-inside-2026-directory-of-5-weight-no-deposit-casinos/ HTTP/1.1" 200 72517 "-" "Mozilla/5.0 (Windows NT 10.0; Win64; x64) AppleWebKit/537.36 (KHTML, like Gecko) Chrome/123.0.0.0 Safari/537.36"
185.216.113.70 - - [23/Apr/2026:17:38:20 +0300] "POST /wp-cron.php?doing_wp_cron=1776955100.1497359275817871093750 HTTP/1.1" 200 448 "-" "WordPress/6.3.8; https://serhatburke.miroglu.net"
193.36.38.226 - - [23/Apr/2026:17:37:45 +0300] "POST /xmlrpc.php HTTP/1.1" 200 10137 "-" "Mozilla/5.0 (Windows NT 10.0; Win64; x64) AppleWebKit/537.36 (KHTML, like Gecko) Chrome/114.0.0.0 Safari/537.36"
27.50.29.178 - - [23/Apr/2026:17:37:53 +0300] "GET /casino-online-skrill-prelievo-veloce/ HTTP/1.1" 200 0 "https://serhatburke.miroglu.net/" "Mozilla/5.0 (Macintosh; Intel Mac OS X 12_5) AppleWebKit/537.36 (KHTML, like Gecko) Chrome/114.0.0.0 Safari/537.36"
185.216.113.70 - - [23/Apr/2026:17:38:41 +0300] "POST /wp-cron.php?doing_wp_cron=1776955120.8454010486602783203125 HTTP/1.1" 200 448 "-" "WordPress/6.3.8; https://serhatburke.miroglu.net"
148.135.195.139 - - [23/Apr/2026:17:38:01 +0300] "POST /xmlrpc.php HTTP/1.1" 200 489 "-" "Mozilla/5.0 (X11; Linux x86_64) AppleWebKit/537.36 (KHTML, like Gecko) Chrome/114.0.0.0 Safari/537.36"
62.12.118.40 - - [23/Apr/2026:17:38:19 +0300] "POST /xmlrpc.php HTTP/1.1" 200 11082 "-" "Mozilla/5.0 (Windows NT 10.0; Win64; x64) AppleWebKit/537.36 (KHTML, like Gecko) Chrome/114.0.0.0 Safari/537.36"
193.36.38.226 - - [23/Apr/2026:17:38:20 +0300] "GET /regionale-spielsaal-guides-selbige-besten-casinos-inside-ihrer-seelenverwandtschaft-2026/ HTTP/1.1" 200 72261 "-" "Mozilla/5.0 (Windows NT 10.0; Win64; x64) AppleWebKit/537.36 (KHTML, like Gecko) Chrome/124.0.0.0 Safari/537.36"
27.50.29.178 - - [23/Apr/2026:17:38:22 +0300] "GET /casino-online-skrill-prelievo-veloce/ HTTP/1.1" 200 18117 "https://serhatburke.miroglu.net/" "Mozilla/5.0 (Macintosh; Intel Mac OS X 12_5) AppleWebKit/537.36 (KHTML, like Gecko) Chrome/114.0.0.0 Safari/537.36"
98.98.197.195 - - [23/Apr/2026:17:38:38 +0300] "POST /xmlrpc.php HTTP/1.1" 200 630 "-" "Mozilla/5.0 (Windows NT 10.0; Win64; x64) AppleWebKit/537.36 (KHTML, like Gecko) Chrome/114.0.0.0 Safari/537.36"
185.216.113.70 - - [23/Apr/2026:17:39:42 +0300] "POST /wp-cron.php?doing_wp_cron=1776955182.5474228858947753906250 HTTP/1.1" 200 448 "-" "WordPress/6.3.8; https://serhatburke.miroglu.net"
148.135.195.139 - - [23/Apr/2026:17:38:42 +0300] "POST /xmlrpc.php HTTP/1.1" 200 161820 "-" "Mozilla/5.0 (X11; Linux x86_64) AppleWebKit/537.36 (KHTML, like Gecko) Chrome/114.0.0.0 Safari/537.36"
185.216.113.70 - - [23/Apr/2026:17:39:48 +0300] "POST /wp-cron.php?doing_wp_cron=1776955188.1342949867248535156250 HTTP/1.1" 200 448 "-" "WordPress/6.3.8; https://serhatburke.miroglu.net"
193.36.38.228 - - [23/Apr/2026:17:38:51 +0300] "POST /xmlrpc.php HTTP/1.1" 200 692 "-" "Mozilla/5.0 (Windows NT 10.0; Win64; x64) AppleWebKit/537.36 (KHTML, like Gecko) Chrome/114.0.0.0 Safari/537.36"
185.216.113.70 - - [23/Apr/2026:17:39:50 +0300] "POST /wp-cron.php?doing_wp_cron=1776955190.4595539569854736328125 HTTP/1.1" 200 448 "-" "WordPress/6.3.8; https://serhatburke.miroglu.net"
27.50.29.178 - - [23/Apr/2026:17:38:53 +0300] "GET /casino-online-skrill-prelievo-veloce/ HTTP/1.1" 200 18117 "https://serhatburke.miroglu.net/" "Mozilla/5.0 (Macintosh; Intel Mac OS X 12_5) AppleWebKit/537.36 (KHTML, like Gecko) Chrome/114.0.0.0 Safari/537.36"
185.216.113.70 - - [23/Apr/2026:17:39:54 +0300] "POST /wp-cron.php?doing_wp_cron=1776955194.4579150676727294921875 HTTP/1.1" 200 448 "-" "WordPress/6.3.8; https://serhatburke.miroglu.net"
193.36.38.226 - - [23/Apr/2026:17:38:59 +0300] "POST /xmlrpc.php HTTP/1.1" 200 692 "-" "Mozilla/5.0 (Windows NT 10.0; Win64; x64) AppleWebKit/537.36 (KHTML, like Gecko) Chrome/114.0.0.0 Safari/537.36"
185.216.113.70 - - [23/Apr/2026:17:39:59 +0300] "POST /wp-cron.php?doing_wp_cron=1776955199.2479600906372070312500 HTTP/1.1" 200 448 "-" "WordPress/6.3.8; https://serhatburke.miroglu.net"
62.12.118.40 - - [23/Apr/2026:17:39:06 +0300] "POST /xmlrpc.php HTTP/1.1" 200 630 "-" "Mozilla/5.0 (Windows NT 10.0; Win64; x64) AppleWebKit/537.36 (KHTML, like Gecko) Chrome/114.0.0.0 Safari/537.36"
185.216.113.70 - - [23/Apr/2026:17:40:06 +0300] "POST /wp-cron.php?doing_wp_cron=1776955206.6300768852233886718750 HTTP/1.1" 200 448 "-" "WordPress/6.3.8; https://serhatburke.miroglu.net"
62.12.118.40 - - [23/Apr/2026:17:39:14 +0300] "GET /boku-gambling-establishment-2026-my-listing-of-better-boku-web-based-collect-lightning-link-free-coins-casinos/ HTTP/1.1" 200 73368 "-" "Mozilla/5.0 (Windows NT 10.0; Win64; x64) AppleWebKit/537.36 (KHTML, like Gecko) Chrome/123.0.0.0 Safari/537.36 OPR/109.0.0.0"
