185.216.113.70 - - [23/Apr/2026:20:57:49 +0300] "POST /wp-cron.php?doing_wp_cron=1776967069.3683280944824218750000 HTTP/1.1" 200 448 "-" "WordPress/6.3.8; https://serhatburke.miroglu.net"
212.34.148.156 - - [23/Apr/2026:20:57:35 +0300] "GET /28563-2/ HTTP/1.1" 200 19143 "-" "Mozilla/5.0 (compatible; Googlebot/2.1; +http://www.google.com/bot.html)"
185.216.113.70 - - [23/Apr/2026:21:01:03 +0300] "POST /wp-cron.php?doing_wp_cron=1776967263.0516920089721679687500 HTTP/1.1" 200 448 "-" "WordPress/6.3.8; https://serhatburke.miroglu.net"
40.77.167.6 - - [23/Apr/2026:21:00:39 +0300] "GET /gonzos-trip-position-one-to-holds-the-top-of-reviews/ HTTP/2" 200 18736 "-" "Mozilla/5.0 AppleWebKit/537.36 (KHTML, like Gecko; compatible; bingbot/2.0; +http://www.bing.com/bingbot.htm) Chrome/116.0.1938.76 Safari/537.36"
40.77.167.73 - - [23/Apr/2026:21:00:42 +0300] "GET /50-free-revolves-no-deposit-best-2026-registration-now-offers/ HTTP/2" 200 18290 "-" "Mozilla/5.0 AppleWebKit/537.36 (KHTML, like Gecko; compatible; bingbot/2.0; +http://www.bing.com/bingbot.htm) Chrome/116.0.1938.76 Safari/537.36"
52.167.144.160 - - [23/Apr/2026:21:00:43 +0300] "GET /casino-non-aams-2025/ HTTP/2" 200 18373 "-" "Mozilla/5.0 AppleWebKit/537.36 (KHTML, like Gecko; compatible; bingbot/2.0; +http://www.bing.com/bingbot.htm) Chrome/116.0.1938.76 Safari/537.36"
52.167.144.64 - - [23/Apr/2026:21:01:00 +0300] "GET /robots.txt HTTP/2" 200 0 "-" "Mozilla/5.0 AppleWebKit/537.36 (KHTML, like Gecko; compatible; bingbot/2.0; +http://www.bing.com/bingbot.htm) Chrome/116.0.1938.76 Safari/537.36"
40.77.167.6 - - [23/Apr/2026:21:00:47 +0300] "GET /benefits-of-short-entry-to-own-united-kingdom-people-whom-gamble-have-a-tendency-to/ HTTP/2" 200 17543 "-" "Mozilla/5.0 AppleWebKit/537.36 (KHTML, like Gecko; compatible; bingbot/2.0; +http://www.bing.com/bingbot.htm) Chrome/116.0.1938.76 Safari/537.36"
121.181.152.252 - - [23/Apr/2026:21:01:05 +0300] "GET /zotabet-casino-bonus-premier-depot-2026/ HTTP/1.1" 200 19028 "https://serhatburke.miroglu.net/" "Mozilla/5.0 (Macintosh; Intel Mac OS X 10_15_7) AppleWebKit/605.1.15 (KHTML, like Gecko)"
52.167.144.160 - - [23/Apr/2026:21:01:21 +0300] "GET /why-free-spins-are-the-real-thing-to-have-quick-pick-inches/ HTTP/2" 200 17537 "-" "Mozilla/5.0 AppleWebKit/537.36 (KHTML, like Gecko; compatible; bingbot/2.0; +http://www.bing.com/bingbot.htm) Chrome/116.0.1938.76 Safari/537.36"
185.216.113.70 - - [23/Apr/2026:21:01:40 +0300] "POST /wp-cron.php?doing_wp_cron=1776967300.7108550071716308593750 HTTP/1.1" 200 448 "-" "WordPress/6.3.8; https://serhatburke.miroglu.net"
121.181.152.252 - - [23/Apr/2026:21:01:27 +0300] "GET /?p=91226 HTTP/1.1" 301 666 "https://serhatburke.miroglu.net/zotabet-casino-bonus-premier-depot-2026/" "Mozilla/5.0 (Macintosh; Intel Mac OS X 10_15_7) AppleWebKit/605.1.15 (KHTML, like Gecko)"
121.181.152.252 - - [23/Apr/2026:21:01:42 +0300] "GET /zotabet-casino-bonus-premier-depot-2026/ HTTP/1.1" 200 19013 "https://serhatburke.miroglu.net/?p=91226" "Mozilla/5.0 (Macintosh; Intel Mac OS X 10_15_7) AppleWebKit/605.1.15 (KHTML, like Gecko)"
185.216.113.70 - - [23/Apr/2026:21:03:37 +0300] "POST /wp-cron.php?doing_wp_cron=1776967417.3516409397125244140625 HTTP/1.1" 200 448 "-" "WordPress/6.3.8; https://serhatburke.miroglu.net"
137.220.53.155 - - [23/Apr/2026:21:03:17 +0300] "POST /xmlrpc.php HTTP/1.1" 200 630 "-" "Mozilla/5.0 (Windows NT 10.0; Win64; x64) AppleWebKit/537.36 (KHTML, like Gecko) Chrome/114.0.0.0 Safari/537.36"
40.77.167.6 - - [23/Apr/2026:21:03:16 +0300] "GET /spiele-duck-kurzer-gratis-as-part-of-haupttreffer-erstes-testament/ HTTP/2" 200 18999 "-" "Mozilla/5.0 AppleWebKit/537.36 (KHTML, like Gecko; compatible; bingbot/2.0; +http://www.bing.com/bingbot.htm) Chrome/116.0.1938.76 Safari/537.36"
52.167.144.160 - - [23/Apr/2026:21:03:20 +0300] "GET /die-kulturelle-bedeutung-von-casinos-in-der-3/ HTTP/2" 200 17922 "-" "Mozilla/5.0 AppleWebKit/537.36 (KHTML, like Gecko; compatible; bingbot/2.0; +http://www.bing.com/bingbot.htm) Chrome/116.0.1938.76 Safari/537.36"
40.77.167.73 - - [23/Apr/2026:21:03:25 +0300] "GET /spilleautomater-slot-bestcasino-bonuskoder-2026-matsuri-igang-nett-danselat-online/ HTTP/2" 200 18602 "-" "Mozilla/5.0 AppleWebKit/537.36 (KHTML, like Gecko; compatible; bingbot/2.0; +http://www.bing.com/bingbot.htm) Chrome/116.0.1938.76 Safari/537.36"
103.221.232.222 - - [23/Apr/2026:21:03:41 +0300] "GET /zotabet-casino-bonus-premier-depot-2026/ HTTP/1.1" 200 19028 "https://serhatburke.miroglu.net/" "Mozilla/5.0 (Windows NT 10.0; Win64; x64) AppleWebKit/537.36 (KHTML, like Gecko) Chrome/137.0.0.0 Safari/537.36"
137.220.53.155 - - [23/Apr/2026:21:03:43 +0300] "POST /xmlrpc.php HTTP/1.1" 200 8749 "-" "Mozilla/5.0 (Windows NT 10.0; Win64; x64) AppleWebKit/537.36 (KHTML, like Gecko) Chrome/114.0.0.0 Safari/537.36"
137.220.53.155 - - [23/Apr/2026:21:04:02 +0300] "GET /once-you-are-in-the-interior-circle-you-can-become-it/ HTTP/1.1" 200 71855 "-" "Mozilla/5.0 (Windows NT 10.0; Win64; x64) AppleWebKit/537.36 (KHTML, like Gecko) Chrome/109.0.0.0 Safari/537.36"
103.221.232.222 - - [23/Apr/2026:21:04:05 +0300] "GET /wp-login.php?action=register HTTP/1.1" 302 702 "https://serhatburke.miroglu.net/zotabet-casino-bonus-premier-depot-2026/" "Mozilla/5.0 (Windows NT 6.3; Win64; x64) AppleWebKit/537.36 (KHTML, like Gecko) Chrome/103.0.0.0 Safari/537.36"
103.221.232.222 - - [23/Apr/2026:21:04:19 +0300] "GET /wp-login.php?registration=disabled HTTP/1.1" 200 3806 "https://serhatburke.miroglu.net/wp-login.php?action=register" "Mozilla/5.0 (Windows NT 6.3; Win64; x64) AppleWebKit/537.36 (KHTML, like Gecko) Chrome/103.0.0.0 Safari/537.36"
185.216.113.70 - - [23/Apr/2026:21:07:43 +0300] "POST /wp-cron.php?doing_wp_cron=1776967663.1775379180908203125000 HTTP/1.1" 200 448 "-" "WordPress/6.3.8; https://serhatburke.miroglu.net"
193.194.106.44 - - [23/Apr/2026:21:07:28 +0300] "GET /robots.txt HTTP/1.1" 200 735 "-" "Mozilla/5.0 (Linux; Android 6.0.1; Nexus 5X Build/MMB29P) AppleWebKit/537.36 (KHTML, like Gecko) Chrome/139.0.7258.156 Mobile Safari/537.36 (compatible; Googlebot/2.1; +http://www.google.com/bot.html)"
193.194.106.44 - - [23/Apr/2026:21:07:43 +0300] "GET /high-online-pokies-for-actual-money-in-2026-for-aussie-players/ HTTP/1.1" 200 21340 "-" "Mozilla/5.0 (Linux; Android 6.0.1; Nexus 5X Build/MMB29P) AppleWebKit/537.36 (KHTML, like Gecko) Chrome/139.0.7258.156 Mobile Safari/537.36 (compatible; Googlebot/2.1; +http://www.google.com/bot.html)"
185.216.113.70 - - [23/Apr/2026:21:10:57 +0300] "POST /wp-cron.php?doing_wp_cron=1776967857.4342479705810546875000 HTTP/1.1" 200 448 "-" "WordPress/6.3.8; https://serhatburke.miroglu.net"
128.1.227.231 - - [23/Apr/2026:21:10:41 +0300] "POST /xmlrpc.php HTTP/1.1" 200 630 "-" "Mozilla/5.0 (Windows NT 10.0; Win64; x64) AppleWebKit/537.36 (KHTML, like Gecko) Chrome/114.0.0.0 Safari/537.36"
128.1.227.231 - - [23/Apr/2026:21:11:04 +0300] "POST /xmlrpc.php HTTP/1.1" 200 10296 "-" "Mozilla/5.0 (Windows NT 10.0; Win64; x64) AppleWebKit/537.36 (KHTML, like Gecko) Chrome/114.0.0.0 Safari/537.36"
47.82.15.118 - - [23/Apr/2026:21:11:17 +0300] "GET /was-sind-steroide-ihre-anwendung-und-wirkung-im-bodybuilding/ HTTP/2" 200 0 "-" "Mozilla/5.0 (Macintosh; Intel Mac OS X 10_15_7) AppleWebKit/537.36 (KHTML, like Gecko) Chrome/145.0.0.0 Safari/537.36"
128.1.227.231 - - [23/Apr/2026:21:11:19 +0300] "GET /casino-unter-einsatz-von-100-kostenlose-spins-keine-einzahlung-treasures-of-egypt-25-freispiele-blos-einzahlung-sofortig-zuganglich-im-2026/ HTTP/1.1" 200 75733 "-" "Mozilla/5.0 (Windows NT 10.0; rv:125.0) Gecko/20100101 Firefox/125.0"
185.216.113.70 - - [23/Apr/2026:21:13:32 +0300] "POST /wp-cron.php?doing_wp_cron=1776968012.0382399559020996093750 HTTP/1.1" 200 448 "-" "WordPress/6.3.8; https://serhatburke.miroglu.net"
216.73.217.0 - - [23/Apr/2026:21:13:18 +0300] "GET /robots.txt HTTP/2" 200 110 "-" "Mozilla/5.0 AppleWebKit/537.36 (KHTML, like Gecko; compatible; ClaudeBot/1.0; +claudebot@anthropic.com)"
216.73.217.0 - - [23/Apr/2026:21:13:33 +0300] "GET /sitemap.rss HTTP/2" 200 0 "-" "Mozilla/5.0 AppleWebKit/537.36 (KHTML, like Gecko; compatible; ClaudeBot/1.0; +claudebot@anthropic.com)"
66.249.76.78 - - [23/Apr/2026:21:13:36 +0300] "GET /wino-casino-review-a-premier-destination-for-uk-players/ HTTP/1.1" 200 18293 "-" "Mozilla/5.0 (Linux; Android 6.0.1; Nexus 5X Build/MMB29P) AppleWebKit/537.36 (KHTML, like Gecko) Chrome/146.0.7680.177 Mobile Safari/537.36 (compatible; Googlebot/2.1; +http://www.google.com/bot.html)"
137.220.53.155 - - [23/Apr/2026:21:13:51 +0300] "POST /xmlrpc.php HTTP/1.1" 200 630 "-" "Mozilla/5.0 (Windows NT 10.0; Win64; x64) AppleWebKit/537.36 (KHTML, like Gecko) Chrome/114.0.0.0 Safari/537.36"
185.216.113.70 - - [23/Apr/2026:21:14:25 +0300] "POST /wp-cron.php?doing_wp_cron=1776968065.9037070274353027343750 HTTP/1.1" 200 448 "-" "WordPress/6.3.8; https://serhatburke.miroglu.net"
137.220.53.155 - - [23/Apr/2026:21:14:13 +0300] "POST /xmlrpc.php HTTP/1.1" 200 13226 "-" "Mozilla/5.0 (Windows NT 10.0; Win64; x64) AppleWebKit/537.36 (KHTML, like Gecko) Chrome/114.0.0.0 Safari/537.36"
137.220.53.155 - - [23/Apr/2026:21:14:26 +0300] "GET /andy-winners-articles-that-assists-users-create-safer-advised-options-and-retains-casinos-in-order-to-highest-conditions/ HTTP/1.1" 200 77606 "-" "Mozilla/5.0 (Windows NT 10.0; Win64; x64) AppleWebKit/537.36 (KHTML, like Gecko) Chrome/123.0.0.0 Safari/537.36 OPR/109.0.0.0"
52.167.144.221 - - [23/Apr/2026:21:14:33 +0300] "GET /unsere-standorte-augenkliniken-within-nord-suddeutschland/ HTTP/2" 200 18949 "-" "Mozilla/5.0 AppleWebKit/537.36 (KHTML, like Gecko; compatible; bingbot/2.0; +http://www.bing.com/bingbot.htm) Chrome/116.0.1938.76 Safari/537.36"
40.77.167.25 - - [23/Apr/2026:21:14:41 +0300] "GET /casino-addisjon-uten-innskudd-inni-gambling-nettsteder-norge-norge-2024-fri-casino-bonuser/ HTTP/2" 200 18168 "-" "Mozilla/5.0 AppleWebKit/537.36 (KHTML, like Gecko; compatible; bingbot/2.0; +http://www.bing.com/bingbot.htm) Chrome/116.0.1938.76 Safari/537.36"
52.167.144.191 - - [23/Apr/2026:21:14:46 +0300] "GET /tous-les-prime-sans-avoir-i%EF%BF%BD-range-coupes-la-trouille-gratis/ HTTP/2" 200 17958 "-" "Mozilla/5.0 AppleWebKit/537.36 (KHTML, like Gecko; compatible; bingbot/2.0; +http://www.bing.com/bingbot.htm) Chrome/116.0.1938.76 Safari/537.36"
66.249.73.15 - - [23/Apr/2026:21:14:54 +0300] "GET /wino-casino-review-a-premier-destination-for-uk-players/undefined?ts=1775520000 HTTP/1.1" 200 0 "https://serhatburke.miroglu.net/wino-casino-review-a-premier-destination-for-uk-players/" "Mozilla/5.0 (Linux; Android 6.0.1; Nexus 5X Build/MMB29P) AppleWebKit/537.36 (KHTML, like Gecko) Chrome/146.0.7680.177 Mobile Safari/537.36 (compatible; Googlebot/2.1; +http://www.google.com/bot.html)"
185.216.113.70 - - [23/Apr/2026:21:17:13 +0300] "POST /wp-cron.php?doing_wp_cron=1776968233.1343209743499755859375 HTTP/1.1" 200 448 "-" "WordPress/6.3.8; https://serhatburke.miroglu.net"
137.220.53.155 - - [23/Apr/2026:21:17:00 +0300] "POST /xmlrpc.php HTTP/1.1" 200 630 "-" "Mozilla/5.0 (Windows NT 10.0; Win64; x64) AppleWebKit/537.36 (KHTML, like Gecko) Chrome/114.0.0.0 Safari/537.36"
137.220.53.155 - - [23/Apr/2026:21:17:19 +0300] "POST /xmlrpc.php HTTP/1.1" 200 13013 "-" "Mozilla/5.0 (Windows NT 10.0; Win64; x64) AppleWebKit/537.36 (KHTML, like Gecko) Chrome/114.0.0.0 Safari/537.36"
185.216.113.70 - - [23/Apr/2026:21:17:46 +0300] "POST /wp-cron.php?doing_wp_cron=1776968266.5765509605407714843750 HTTP/1.1" 200 448 "-" "WordPress/6.3.8; https://serhatburke.miroglu.net"
137.220.53.155 - - [23/Apr/2026:21:17:34 +0300] "GET /as-a-result-a-premier-option-for-one-to-player-become-completely-an-inappropriate-for-somebody-otherwise/ HTTP/1.1" 200 77166 "-" "Mozilla/5.0 (Windows NT 10.0; Win64; x64) AppleWebKit/537.36 (KHTML, like Gecko) Chrome/123.0.0.0 Safari/537.36 OPR/109.0.0.0"
185.216.113.70 - - [23/Apr/2026:21:19:37 +0300] "POST /wp-cron.php?doing_wp_cron=1776968377.8066399097442626953125 HTTP/1.1" 200 448 "-" "WordPress/6.3.8; https://serhatburke.miroglu.net"
128.1.227.231 - - [23/Apr/2026:21:19:21 +0300] "POST /xmlrpc.php HTTP/1.1" 200 630 "-" "Mozilla/5.0 (Windows NT 10.0; Win64; x64) AppleWebKit/537.36 (KHTML, like Gecko) Chrome/114.0.0.0 Safari/537.36"
52.167.144.191 - - [23/Apr/2026:21:19:16 +0300] "GET /%CE%BB%CE%BF%CE%B3%CE%B9%CF%83%CE%BC%CE%B9%CE%BA%CF%8C-%CE%BB%CE%B9%CE%BC%CE%AD%CE%BD%CF%89%CE%BD-%CE%B3%CE%B9%CE%B1-%CE%B5%CF%80%CE%B9%CF%87%CE%B5%CE%B9%CF%81%CE%AE%CF%83%CE%B5%CE%B9%CF%82-%CF%84/ HTTP/2" 200 17160 "-" "Mozilla/5.0 AppleWebKit/537.36 (KHTML, like Gecko; compatible; bingbot/2.0; +http://www.bing.com/bingbot.htm) Chrome/116.0.1938.76 Safari/537.36"
40.77.167.25 - - [23/Apr/2026:21:19:23 +0300] "GET /tronscan-navigating-the-tron-network-with-ease/ HTTP/2" 200 17217 "-" "Mozilla/5.0 AppleWebKit/537.36 (KHTML, like Gecko; compatible; bingbot/2.0; +http://www.bing.com/bingbot.htm) Chrome/116.0.1938.76 Safari/537.36"
128.1.227.231 - - [23/Apr/2026:21:19:44 +0300] "POST /xmlrpc.php HTTP/1.1" 200 11418 "-" "Mozilla/5.0 (Windows NT 10.0; Win64; x64) AppleWebKit/537.36 (KHTML, like Gecko) Chrome/114.0.0.0 Safari/537.36"
52.167.144.191 - - [23/Apr/2026:21:19:44 +0300] "GET /los-limites-sobre-envite-y-no-ha-transpirado-de-que-forma-manejar-su-costo-al-casino/ HTTP/2" 200 18444 "-" "Mozilla/5.0 AppleWebKit/537.36 (KHTML, like Gecko; compatible; bingbot/2.0; +http://www.bing.com/bingbot.htm) Chrome/116.0.1938.76 Safari/537.36"
40.77.167.25 - - [23/Apr/2026:21:19:49 +0300] "GET /sitemap.txt HTTP/2" 302 0 "-" "Mozilla/5.0 AppleWebKit/537.36 (KHTML, like Gecko; compatible; bingbot/2.0; +http://www.bing.com/bingbot.htm) Chrome/116.0.1938.76 Safari/537.36"
137.220.53.155 - - [23/Apr/2026:21:19:50 +0300] "POST /xmlrpc.php HTTP/1.1" 200 630 "-" "Mozilla/5.0 (Windows NT 10.0; Win64; x64) AppleWebKit/537.36 (KHTML, like Gecko) Chrome/114.0.0.0 Safari/537.36"
40.77.167.25 - - [23/Apr/2026:21:19:54 +0300] "GET /kostenlose-online-spiele-jetzt-spielen-bei-72/ HTTP/2" 200 150346 "-" "Mozilla/5.0 AppleWebKit/537.36 (KHTML, like Gecko; compatible; bingbot/2.0; +http://www.bing.com/bingbot.htm) Chrome/116.0.1938.76 Safari/537.36"
128.1.227.231 - - [23/Apr/2026:21:20:18 +0300] "GET /ladbrokes-spielbank-pramie-200-600-spielbank-spielen-unter-einsatz-von-herr-bet-30-bonus-spins-keine-einzahlung-paypal/ HTTP/1.1" 200 76306 "-" "Mozilla/5.0 (Windows NT 10.0; Win64; x64) AppleWebKit/537.36 (KHTML, like Gecko) Chrome/123.0.0.0 Safari/537.36"
137.220.53.155 - - [23/Apr/2026:21:20:25 +0300] "POST /xmlrpc.php HTTP/1.1" 200 11581 "-" "Mozilla/5.0 (Windows NT 10.0; Win64; x64) AppleWebKit/537.36 (KHTML, like Gecko) Chrome/114.0.0.0 Safari/537.36"
185.216.113.70 - - [23/Apr/2026:21:20:42 +0300] "POST /wp-cron.php?doing_wp_cron=1776968442.1287250518798828125000 HTTP/1.1" 200 448 "-" "WordPress/6.3.8; https://serhatburke.miroglu.net"
40.77.167.25 - - [23/Apr/2026:21:20:30 +0300] "GET /sitemap.xml HTTP/2" 200 1160 "-" "Mozilla/5.0 AppleWebKit/537.36 (KHTML, like Gecko; compatible; bingbot/2.0; +http://www.bing.com/bingbot.htm) Chrome/116.0.1938.76 Safari/537.36"
185.216.113.70 - - [23/Apr/2026:21:20:55 +0300] "POST /wp-cron.php?doing_wp_cron=1776968455.6736199855804443359375 HTTP/1.1" 200 448 "-" "WordPress/6.3.8; https://serhatburke.miroglu.net"
137.220.53.155 - - [23/Apr/2026:21:20:39 +0300] "GET /the-internet-harbors-collection-boasts-progressive-jackpots-vintage-reels-and-you-can-modern-clips-ports-regarding-top-studios/ HTTP/1.1" 200 76583 "-" "Mozilla/5.0 (Windows NT 10.0; Win64; x64; rv:124.0) Gecko/20100101 Firefox/124.0"
185.216.113.70 - - [23/Apr/2026:21:22:14 +0300] "POST /wp-cron.php?doing_wp_cron=1776968534.7983911037445068359375 HTTP/1.1" 200 448 "-" "WordPress/6.3.8; https://serhatburke.miroglu.net"
128.1.227.231 - - [23/Apr/2026:21:22:02 +0300] "POST /xmlrpc.php HTTP/1.1" 200 630 "-" "Mozilla/5.0 (Windows NT 10.0; Win64; x64) AppleWebKit/537.36 (KHTML, like Gecko) Chrome/114.0.0.0 Safari/537.36"
185.216.113.70 - - [23/Apr/2026:21:22:27 +0300] "POST /wp-cron.php?doing_wp_cron=1776968547.8660130500793457031250 HTTP/1.1" 200 448 "-" "WordPress/6.3.8; https://serhatburke.miroglu.net"
137.220.53.155 - - [23/Apr/2026:21:22:13 +0300] "POST /xmlrpc.php HTTP/1.1" 200 630 "-" "Mozilla/5.0 (Windows NT 10.0; Win64; x64) AppleWebKit/537.36 (KHTML, like Gecko) Chrome/114.0.0.0 Safari/537.36"
128.1.227.231 - - [23/Apr/2026:21:22:21 +0300] "POST /xmlrpc.php HTTP/1.1" 200 10404 "-" "Mozilla/5.0 (Windows NT 10.0; Win64; x64) AppleWebKit/537.36 (KHTML, like Gecko) Chrome/114.0.0.0 Safari/537.36"
109.197.31.17 - - [23/Apr/2026:21:22:30 +0300] "POST /xmlrpc.php HTTP/2" 200 141 "-" "WordPress/XMLRPC Client"
137.220.53.155 - - [23/Apr/2026:21:22:34 +0300] "POST /xmlrpc.php HTTP/1.1" 200 9335 "-" "Mozilla/5.0 (Windows NT 10.0; Win64; x64) AppleWebKit/537.36 (KHTML, like Gecko) Chrome/114.0.0.0 Safari/537.36"
128.1.227.231 - - [23/Apr/2026:21:22:43 +0300] "GET /50-horn-of-plenty-spin16-spielautomat-freispiele-ohne-einzahlung-religious-fur-jedes-die-anmeldung-im-verbunden-spielsaal/ HTTP/1.1" 200 75181 "-" "Mozilla/5.0 (Windows NT 10.0; Win64; x64; rv:124.0) Gecko/20100101 Firefox/124.0"
216.73.217.0 - - [23/Apr/2026:21:23:05 +0300] "GET /sitemap.xml HTTP/2" 200 0 "-" "Mozilla/5.0 AppleWebKit/537.36 (KHTML, like Gecko; compatible; ClaudeBot/1.0; +claudebot@anthropic.com)"
109.197.31.17 - - [23/Apr/2026:21:22:53 +0300] "GET /?p=130935 HTTP/2" 200 0 "-" "Mozilla/5.0 (Windows NT 10.0; Win64; x64) AppleWebKit/537.36 (KHTML, like Gecko) Chrome/120.0.0.0 Safari/537.36"
52.167.144.64 - - [23/Apr/2026:21:23:15 +0300] "GET /robots.txt HTTP/2" 200 0 "-" "Mozilla/5.0 AppleWebKit/537.36 (KHTML, like Gecko; compatible; bingbot/2.0; +http://www.bing.com/bingbot.htm) Chrome/116.0.1938.76 Safari/537.36"
52.167.144.159 - - [23/Apr/2026:21:22:54 +0300] "GET /ontdek-comeon-nl-jij-topbestemming-ervoor-online-gokken/ HTTP/2" 200 19641 "-" "Mozilla/5.0 AppleWebKit/537.36 (KHTML, like Gecko; compatible; bingbot/2.0; +http://www.bing.com/bingbot.htm) Chrome/116.0.1938.76 Safari/537.36"
185.216.113.70 - - [23/Apr/2026:21:23:34 +0300] "POST /wp-cron.php?doing_wp_cron=1776968614.1462519168853759765625 HTTP/1.1" 200 448 "-" "WordPress/6.3.8; https://serhatburke.miroglu.net"
185.216.113.70 - - [23/Apr/2026:21:23:35 +0300] "POST /wp-cron.php?doing_wp_cron=1776968614.9866600036621093750000 HTTP/1.1" 200 448 "-" "WordPress/6.3.8; https://serhatburke.miroglu.net"
40.77.167.78 - - [23/Apr/2026:21:22:59 +0300] "GET /revolutionize-your-trading-experience-with-jupiter-swap-8/ HTTP/2" 200 17518 "-" "Mozilla/5.0 AppleWebKit/537.36 (KHTML, like Gecko; compatible; bingbot/2.0; +http://www.bing.com/bingbot.htm) Chrome/116.0.1938.76 Safari/537.36"
185.216.113.70 - - [23/Apr/2026:21:23:40 +0300] "POST /wp-cron.php?doing_wp_cron=1776968620.1457040309906005859375 HTTP/1.1" 200 448 "-" "WordPress/6.3.8; https://serhatburke.miroglu.net"
137.220.53.155 - - [23/Apr/2026:21:22:58 +0300] "GET /while-a-good-baccarat-user-you-should-manage-finding-the-right-baccarat-casino-on-line/ HTTP/1.1" 200 73014 "-" "Mozilla/5.0 (Windows NT 10.0; Win64; x64) AppleWebKit/537.36 (KHTML, like Gecko) Chrome/124.0.0.0 Safari/537.36"
98.98.197.195 - - [23/Apr/2026:21:23:19 +0300] "POST /xmlrpc.php HTTP/1.1" 200 630 "-" "Mozilla/5.0 (Windows NT 10.0; Win64; x64) AppleWebKit/537.36 (KHTML, like Gecko) Chrome/114.0.0.0 Safari/537.36"
52.167.144.159 - - [23/Apr/2026:21:23:44 +0300] "GET /comment-accorder-un-formidble-salle-de-jeu-dans-courbe-du-2026-livre-entier-de-normandie-nous-memes-demand-crowdtesting/ HTTP/2" 200 19198 "-" "Mozilla/5.0 AppleWebKit/537.36 (KHTML, like Gecko; compatible; bingbot/2.0; +http://www.bing.com/bingbot.htm) Chrome/116.0.1938.76 Safari/537.36"
40.77.167.78 - - [23/Apr/2026:21:23:48 +0300] "GET /mr-green-casino-erfahrungen-2026-highway-to-hell-deluxe-spiel-maklercourtage-100/ HTTP/2" 200 19634 "-" "Mozilla/5.0 AppleWebKit/537.36 (KHTML, like Gecko; compatible; bingbot/2.0; +http://www.bing.com/bingbot.htm) Chrome/116.0.1938.76 Safari/537.36"
98.98.197.195 - - [23/Apr/2026:21:24:01 +0300] "POST /xmlrpc.php HTTP/1.1" 200 9870 "-" "Mozilla/5.0 (Windows NT 10.0; Win64; x64) AppleWebKit/537.36 (KHTML, like Gecko) Chrome/114.0.0.0 Safari/537.36"
137.220.53.155 - - [23/Apr/2026:21:24:12 +0300] "POST /xmlrpc.php HTTP/1.1" 200 630 "-" "Mozilla/5.0 (Windows NT 10.0; Win64; x64) AppleWebKit/537.36 (KHTML, like Gecko) Chrome/114.0.0.0 Safari/537.36"
128.1.227.231 - - [23/Apr/2026:21:24:18 +0300] "POST /xmlrpc.php HTTP/1.1" 200 630 "-" "Mozilla/5.0 (Windows NT 10.0; Win64; x64) AppleWebKit/537.36 (KHTML, like Gecko) Chrome/114.0.0.0 Safari/537.36"
185.216.113.70 - - [23/Apr/2026:21:24:42 +0300] "POST /wp-cron.php?doing_wp_cron=1776968682.1844959259033203125000 HTTP/1.1" 200 448 "-" "WordPress/6.3.8; https://serhatburke.miroglu.net"
98.98.197.195 - - [23/Apr/2026:21:24:28 +0300] "GET /household-of-fun-exotic-cats-no-deposit-totally-free-gold-coins-spins-daily-the-fresh-hyperlinks/ HTTP/1.1" 200 73594 "-" "Mozilla/5.0 (Windows NT 10.0; Win64; x64; rv:125.0) Gecko/20100101 Firefox/125.0"
137.220.53.155 - - [23/Apr/2026:21:24:39 +0300] "POST /xmlrpc.php HTTP/1.1" 200 9555 "-" "Mozilla/5.0 (Windows NT 10.0; Win64; x64) AppleWebKit/537.36 (KHTML, like Gecko) Chrome/114.0.0.0 Safari/537.36"
128.1.227.231 - - [23/Apr/2026:21:24:42 +0300] "POST /xmlrpc.php HTTP/1.1" 200 10736 "-" "Mozilla/5.0 (Windows NT 10.0; Win64; x64) AppleWebKit/537.36 (KHTML, like Gecko) Chrome/114.0.0.0 Safari/537.36"
40.77.167.25 - - [23/Apr/2026:21:24:43 +0300] "GET /revolutionize-your-crypto-experience-with-jupiter-swap/ HTTP/2" 200 17563 "-" "Mozilla/5.0 AppleWebKit/537.36 (KHTML, like Gecko; compatible; bingbot/2.0; +http://www.bing.com/bingbot.htm) Chrome/116.0.1938.76 Safari/537.36"
137.220.53.155 - - [23/Apr/2026:21:25:06 +0300] "GET /all-of-our-manage-equity-and-you-will-defense-helps-you-with-certainty-purchase-the-better-programs-to-try-out-to-the/ HTTP/1.1" 200 73957 "-" "Mozilla/5.0 (Windows NT 10.0; Win64; x64; rv:124.0) Gecko/20100101 Firefox/124.0"
128.1.227.231 - - [23/Apr/2026:21:25:16 +0300] "GET /lastschrift-casinos-5-einzahlung-casino-scroll-of-dead-beste-alternativen-fur-deutsche-spieler/ HTTP/1.1" 200 75013 "-" "Mozilla/5.0 (Windows NT 10.0; Win64; x64) AppleWebKit/537.36 (KHTML, like Gecko) Chrome/124.0.0.0 Safari/537.36 Edg/124.0.0.0"
185.216.113.70 - - [23/Apr/2026:21:26:32 +0300] "POST /wp-cron.php?doing_wp_cron=1776968792.8442859649658203125000 HTTP/1.1" 200 448 "-" "WordPress/6.3.8; https://serhatburke.miroglu.net"
137.220.53.155 - - [23/Apr/2026:21:26:19 +0300] "POST /xmlrpc.php HTTP/1.1" 200 630 "-" "Mozilla/5.0 (Windows NT 10.0; Win64; x64) AppleWebKit/537.36 (KHTML, like Gecko) Chrome/114.0.0.0 Safari/537.36"
128.1.227.231 - - [23/Apr/2026:21:26:30 +0300] "POST /xmlrpc.php HTTP/1.1" 200 630 "-" "Mozilla/5.0 (Windows NT 10.0; Win64; x64) AppleWebKit/537.36 (KHTML, like Gecko) Chrome/114.0.0.0 Safari/537.36"
137.220.53.155 - - [23/Apr/2026:21:26:38 +0300] "POST /xmlrpc.php HTTP/1.1" 200 10874 "-" "Mozilla/5.0 (Windows NT 10.0; Win64; x64) AppleWebKit/537.36 (KHTML, like Gecko) Chrome/114.0.0.0 Safari/537.36"
128.1.227.231 - - [23/Apr/2026:21:26:52 +0300] "POST /xmlrpc.php HTTP/1.1" 200 11203 "-" "Mozilla/5.0 (Windows NT 10.0; Win64; x64) AppleWebKit/537.36 (KHTML, like Gecko) Chrome/114.0.0.0 Safari/537.36"
137.220.53.155 - - [23/Apr/2026:21:26:55 +0300] "GET /one-of-so-it-web-sites-most-significant-professionals-is-their-gang-of-position-online-game/ HTTP/1.1" 200 74836 "-" "Mozilla/5.0 (Windows NT 10.0; Win64; x64) AppleWebKit/537.36 (KHTML, like Gecko) Chrome/123.0.0.0 Safari/537.36 OPR/109.0.0.0"
128.1.227.231 - - [23/Apr/2026:21:27:06 +0300] "GET /leovegas-european-roulette-echtgeld-game-jetzt-erreichbar-die-lost-island-slot-maschine-auffuhren-2026/ HTTP/1.1" 200 75497 "-" "Mozilla/5.0 (Windows NT 10.0; Win64; x64) AppleWebKit/537.36 (KHTML, like Gecko) Chrome/122.0.0.0 Safari/537.36"
185.216.113.70 - - [23/Apr/2026:21:28:12 +0300] "POST /wp-cron.php?doing_wp_cron=1776968892.8646669387817382812500 HTTP/1.1" 200 448 "-" "WordPress/6.3.8; https://serhatburke.miroglu.net"
137.220.53.155 - - [23/Apr/2026:21:28:00 +0300] "POST /xmlrpc.php HTTP/1.1" 200 630 "-" "Mozilla/5.0 (Windows NT 10.0; Win64; x64) AppleWebKit/537.36 (KHTML, like Gecko) Chrome/114.0.0.0 Safari/537.36"
137.220.53.155 - - [23/Apr/2026:21:28:19 +0300] "POST /xmlrpc.php HTTP/1.1" 200 13005 "-" "Mozilla/5.0 (Windows NT 10.0; Win64; x64) AppleWebKit/537.36 (KHTML, like Gecko) Chrome/114.0.0.0 Safari/537.36"
185.216.113.70 - - [23/Apr/2026:21:28:49 +0300] "POST /wp-cron.php?doing_wp_cron=1776968928.9660809040069580078125 HTTP/1.1" 200 448 "-" "WordPress/6.3.8; https://serhatburke.miroglu.net"
137.220.53.155 - - [23/Apr/2026:21:28:34 +0300] "GET /as-well-betmgm-is-among-the-couples-networks-offering-well-understood-game-of-playn-wade-and-novomatic/ HTTP/1.1" 200 77039 "-" "Mozilla/5.0 (Windows NT 10.0; Win64; x64; rv:125.0) Gecko/20100101 Firefox/125.0"
128.1.227.231 - - [23/Apr/2026:21:28:49 +0300] "POST /xmlrpc.php HTTP/1.1" 200 630 "-" "Mozilla/5.0 (Windows NT 10.0; Win64; x64) AppleWebKit/537.36 (KHTML, like Gecko) Chrome/114.0.0.0 Safari/537.36"
185.216.113.70 - - [23/Apr/2026:21:29:34 +0300] "POST /wp-cron.php?doing_wp_cron=1776968974.1290950775146484375000 HTTP/1.1" 200 448 "-" "WordPress/6.3.8; https://serhatburke.miroglu.net"
128.1.227.231 - - [23/Apr/2026:21:29:22 +0300] "POST /xmlrpc.php HTTP/1.1" 200 10699 "-" "Mozilla/5.0 (Windows NT 10.0; Win64; x64) AppleWebKit/537.36 (KHTML, like Gecko) Chrome/114.0.0.0 Safari/537.36"
128.1.227.231 - - [23/Apr/2026:21:29:35 +0300] "GET /leovegas-casino-legal-spielsaal-anzahlung-provision-codes-promos-offers-march-2026/ HTTP/1.1" 200 74861 "-" "Mozilla/5.0 (Windows NT 10.0; Win64; x64) AppleWebKit/537.36 (KHTML, like Gecko) Chrome/122.0.0.0 Safari/537.36"
137.220.53.155 - - [23/Apr/2026:21:29:42 +0300] "POST /xmlrpc.php HTTP/1.1" 200 630 "-" "Mozilla/5.0 (Windows NT 10.0; Win64; x64) AppleWebKit/537.36 (KHTML, like Gecko) Chrome/114.0.0.0 Safari/537.36"
98.98.197.195 - - [23/Apr/2026:21:30:00 +0300] "POST /xmlrpc.php HTTP/1.1" 200 630 "-" "Mozilla/5.0 (Windows NT 10.0; Win64; x64) AppleWebKit/537.36 (KHTML, like Gecko) Chrome/114.0.0.0 Safari/537.36"
137.220.53.155 - - [23/Apr/2026:21:30:02 +0300] "POST /xmlrpc.php HTTP/1.1" 200 11174 "-" "Mozilla/5.0 (Windows NT 10.0; Win64; x64) AppleWebKit/537.36 (KHTML, like Gecko) Chrome/114.0.0.0 Safari/537.36"
185.216.113.70 - - [23/Apr/2026:21:30:28 +0300] "POST /wp-cron.php?doing_wp_cron=1776969028.4488561153411865234375 HTTP/1.1" 200 448 "-" "WordPress/6.3.8; https://serhatburke.miroglu.net"
137.220.53.155 - - [23/Apr/2026:21:30:16 +0300] "GET /any-kind-of-gambling-establishment-video-game-you-age-before-gaming-hardly-any-money-and-how-earnings-works/ HTTP/1.1" 200 75542 "-" "Mozilla/5.0 (Windows NT 10.0; Win64; x64; rv:125.0) Gecko/20100101 Firefox/125.0"
98.98.197.195 - - [23/Apr/2026:21:30:19 +0300] "POST /xmlrpc.php HTTP/1.1" 200 9581 "-" "Mozilla/5.0 (Windows NT 10.0; Win64; x64) AppleWebKit/537.36 (KHTML, like Gecko) Chrome/114.0.0.0 Safari/537.36"
98.98.197.195 - - [23/Apr/2026:21:30:33 +0300] "GET /better-pokies-software-2026-real-cash-programs-bier-fest-free-80-spins-to-have-pokies/ HTTP/1.1" 200 72949 "-" "Mozilla/5.0 (Windows NT 10.0; Win64; x64) AppleWebKit/537.36 (KHTML, like Gecko) Chrome/122.0.0.0 Safari/537.36"
128.1.227.231 - - [23/Apr/2026:21:30:48 +0300] "POST /xmlrpc.php HTTP/1.1" 200 630 "-" "Mozilla/5.0 (Windows NT 10.0; Win64; x64) AppleWebKit/537.36 (KHTML, like Gecko) Chrome/114.0.0.0 Safari/537.36"
185.216.113.70 - - [23/Apr/2026:21:31:18 +0300] "POST /wp-cron.php?doing_wp_cron=1776969078.1734580993652343750000 HTTP/1.1" 200 448 "-" "WordPress/6.3.8; https://serhatburke.miroglu.net"
128.1.227.231 - - [23/Apr/2026:21:31:06 +0300] "POST /xmlrpc.php HTTP/1.1" 200 10603 "-" "Mozilla/5.0 (Windows NT 10.0; Win64; x64) AppleWebKit/537.36 (KHTML, like Gecko) Chrome/114.0.0.0 Safari/537.36"
98.98.197.195 - - [23/Apr/2026:21:31:16 +0300] "POST /xmlrpc.php HTTP/1.1" 200 630 "-" "Mozilla/5.0 (Windows NT 10.0; Win64; x64) AppleWebKit/537.36 (KHTML, like Gecko) Chrome/114.0.0.0 Safari/537.36"
128.1.227.231 - - [23/Apr/2026:21:31:19 +0300] "GET /100-freispiele-abzuglich-einzahlung-aktuelle-1-money-mad-monkey-verzeichnis-marzen-2026/ HTTP/1.1" 200 74684 "-" "Mozilla/5.0 (Windows NT 10.0; rv:125.0) Gecko/20100101 Firefox/125.0"
137.220.53.155 - - [23/Apr/2026:21:31:22 +0300] "POST /xmlrpc.php HTTP/1.1" 200 630 "-" "Mozilla/5.0 (Windows NT 10.0; Win64; x64) AppleWebKit/537.36 (KHTML, like Gecko) Chrome/114.0.0.0 Safari/537.36"
98.98.197.195 - - [23/Apr/2026:21:31:43 +0300] "POST /xmlrpc.php HTTP/1.1" 200 9802 "-" "Mozilla/5.0 (Windows NT 10.0; Win64; x64) AppleWebKit/537.36 (KHTML, like Gecko) Chrome/114.0.0.0 Safari/537.36"
151.244.111.202 - - [23/Apr/2026:21:31:46 +0300] "GET /beste-krypto-sportwetten-anbieter-in-deutschland-37/ HTTP/1.1" 200 288025 "-" "Screaming Frog SEO Spider/16.7"
137.220.53.155 - - [23/Apr/2026:21:31:53 +0300] "POST /xmlrpc.php HTTP/1.1" 200 10534 "-" "Mozilla/5.0 (Windows NT 10.0; Win64; x64) AppleWebKit/537.36 (KHTML, like Gecko) Chrome/114.0.0.0 Safari/537.36"
98.98.197.195 - - [23/Apr/2026:21:31:59 +0300] "GET /100-percent-free-casino-games-play-for-enjoyable-22400-demo-casino-blood-bank-games/ HTTP/1.1" 200 72953 "-" "Mozilla/5.0 (Windows NT 10.0; rv:125.0) Gecko/20100101 Firefox/125.0"
137.220.53.155 - - [23/Apr/2026:21:32:09 +0300] "GET /we-make-certain-apples-ios-android-os-and-you-will-window-profiles-is-also-every-see-good-on-line-casino/ HTTP/1.1" 200 74855 "-" "Mozilla/5.0 (Windows NT 10.0; Win64; x64) AppleWebKit/537.36 (KHTML, like Gecko) Chrome/122.0.0.0 Safari/537.36"
185.216.113.70 - - [23/Apr/2026:21:32:41 +0300] "POST /wp-cron.php?doing_wp_cron=1776969161.3434100151062011718750 HTTP/1.1" 200 448 "-" "WordPress/6.3.8; https://serhatburke.miroglu.net"
98.98.197.195 - - [23/Apr/2026:21:32:29 +0300] "POST /xmlrpc.php HTTP/1.1" 200 630 "-" "Mozilla/5.0 (Windows NT 10.0; Win64; x64) AppleWebKit/537.36 (KHTML, like Gecko) Chrome/114.0.0.0 Safari/537.36"
98.98.197.195 - - [23/Apr/2026:21:32:47 +0300] "POST /xmlrpc.php HTTP/1.1" 200 9242 "-" "Mozilla/5.0 (Windows NT 10.0; Win64; x64) AppleWebKit/537.36 (KHTML, like Gecko) Chrome/114.0.0.0 Safari/537.36"
137.220.53.155 - - [23/Apr/2026:21:32:54 +0300] "POST /xmlrpc.php HTTP/1.1" 200 630 "-" "Mozilla/5.0 (Windows NT 10.0; Win64; x64) AppleWebKit/537.36 (KHTML, like Gecko) Chrome/114.0.0.0 Safari/537.36"
128.1.227.231 - - [23/Apr/2026:21:32:56 +0300] "POST /xmlrpc.php HTTP/1.1" 200 630 "-" "Mozilla/5.0 (Windows NT 10.0; Win64; x64) AppleWebKit/537.36 (KHTML, like Gecko) Chrome/114.0.0.0 Safari/537.36"
98.98.197.195 - - [23/Apr/2026:21:33:03 +0300] "GET /greatest-free-online-slots-dwarven-gold-deluxe-slot-play-for-real-money-online-casino-games-to-earn-real-money-no-deposit/ HTTP/1.1" 200 73929 "-" "Mozilla/5.0 (Windows NT 10.0; rv:109.0) Gecko/20100101 Firefox/115.0"
52.167.144.218 - - [23/Apr/2026:21:33:04 +0300] "GET /exploring-the-unique-features-of-solscan-for-investors-2/ HTTP/2" 200 17581 "-" "Mozilla/5.0 AppleWebKit/537.36 (KHTML, like Gecko; compatible; bingbot/2.0; +http://www.bing.com/bingbot.htm) Chrome/116.0.1938.76 Safari/537.36"
52.167.144.218 - - [23/Apr/2026:21:33:07 +0300] "GET /ninecasino-recensione-2026-casino-online-eye-of-ra-non-ispirato-avvertimento-betcollect/ HTTP/2" 200 19811 "-" "Mozilla/5.0 AppleWebKit/537.36 (KHTML, like Gecko; compatible; bingbot/2.0; +http://www.bing.com/bingbot.htm) Chrome/116.0.1938.76 Safari/537.36"
185.216.113.70 - - [23/Apr/2026:21:33:38 +0300] "POST /wp-cron.php?doing_wp_cron=1776969218.8057909011840820312500 HTTP/1.1" 200 448 "-" "WordPress/6.3.8; https://serhatburke.miroglu.net"
137.220.53.155 - - [23/Apr/2026:21:33:23 +0300] "POST /xmlrpc.php HTTP/1.1" 200 10617 "-" "Mozilla/5.0 (Windows NT 10.0; Win64; x64) AppleWebKit/537.36 (KHTML, like Gecko) Chrome/114.0.0.0 Safari/537.36"
128.1.227.231 - - [23/Apr/2026:21:33:26 +0300] "POST /xmlrpc.php HTTP/1.1" 200 10335 "-" "Mozilla/5.0 (Windows NT 10.0; Win64; x64) AppleWebKit/537.36 (KHTML, like Gecko) Chrome/114.0.0.0 Safari/537.36"
98.98.197.195 - - [23/Apr/2026:21:33:40 +0300] "POST /xmlrpc.php HTTP/1.1" 200 630 "-" "Mozilla/5.0 (Windows NT 10.0; Win64; x64) AppleWebKit/537.36 (KHTML, like Gecko) Chrome/114.0.0.0 Safari/537.36"
137.220.53.155 - - [23/Apr/2026:21:33:39 +0300] "GET /prefer-your-chosen-fee-method-and-you-can-go-into-the-matter-you-want-so-you-can-withdraw/ HTTP/1.1" 200 74449 "-" "Mozilla/5.0 (Windows NT 10.0; Win64; x64) AppleWebKit/537.36 (KHTML, like Gecko) Chrome/124.0.0.0 Safari/537.36"
128.1.227.231 - - [23/Apr/2026:21:33:41 +0300] "GET /leovegas-faust-slot-keine-einzahlung-probe-2026-alles-wichtige-zusammengefasst/ HTTP/1.1" 200 74292 "-" "Mozilla/5.0 (Windows NT 10.0; Win64; x64) AppleWebKit/537.36 (KHTML, like Gecko) Chrome/109.0.0.0 Safari/537.36"
98.98.197.195 - - [23/Apr/2026:21:34:10 +0300] "POST /xmlrpc.php HTTP/1.1" 200 9901 "-" "Mozilla/5.0 (Windows NT 10.0; Win64; x64) AppleWebKit/537.36 (KHTML, like Gecko) Chrome/114.0.0.0 Safari/537.36"
98.98.197.195 - - [23/Apr/2026:21:34:23 +0300] "GET /403-not-bally-wulff-slot-machines-games-available/ HTTP/1.1" 200 72513 "-" "Mozilla/5.0 (Windows NT 10.0; Win64; x64; rv:125.0) Gecko/20100101 Firefox/125.0"
137.220.53.155 - - [23/Apr/2026:21:34:25 +0300] "POST /xmlrpc.php HTTP/1.1" 200 630 "-" "Mozilla/5.0 (Windows NT 10.0; Win64; x64) AppleWebKit/537.36 (KHTML, like Gecko) Chrome/114.0.0.0 Safari/537.36"
185.216.113.70 - - [23/Apr/2026:21:34:51 +0300] "POST /wp-cron.php?doing_wp_cron=1776969291.3701729774475097656250 HTTP/1.1" 200 448 "-" "WordPress/6.3.8; https://serhatburke.miroglu.net"
98.98.197.195 - - [23/Apr/2026:21:34:39 +0300] "POST /xmlrpc.php HTTP/1.1" 200 630 "-" "Mozilla/5.0 (Windows NT 10.0; Win64; x64) AppleWebKit/537.36 (KHTML, like Gecko) Chrome/114.0.0.0 Safari/537.36"
137.220.53.155 - - [23/Apr/2026:21:34:43 +0300] "POST /xmlrpc.php HTTP/1.1" 200 11180 "-" "Mozilla/5.0 (Windows NT 10.0; Win64; x64) AppleWebKit/537.36 (KHTML, like Gecko) Chrome/114.0.0.0 Safari/537.36"
98.98.197.195 - - [23/Apr/2026:21:34:58 +0300] "POST /xmlrpc.php HTTP/1.1" 200 9502 "-" "Mozilla/5.0 (Windows NT 10.0; Win64; x64) AppleWebKit/537.36 (KHTML, like Gecko) Chrome/114.0.0.0 Safari/537.36"
137.220.53.155 - - [23/Apr/2026:21:34:58 +0300] "GET /all-of-our-full-ratings-have-previously-assisted-more-than-ten000-individuals-globally-apply-at-on-the-internet-real-money-gambling-enterprises/ HTTP/1.1" 200 76438 "-" "Mozilla/5.0 (Windows NT 10.0; Win64; x64; rv:124.0) Gecko/20100101 Firefox/124.0"
128.1.227.231 - - [23/Apr/2026:21:35:09 +0300] "POST /xmlrpc.php HTTP/1.1" 200 630 "-" "Mozilla/5.0 (Windows NT 10.0; Win64; x64) AppleWebKit/537.36 (KHTML, like Gecko) Chrome/114.0.0.0 Safari/537.36"
98.98.197.195 - - [23/Apr/2026:21:35:17 +0300] "GET /gamble-cent-harbors-on-line-party-night-slot-finest-you-penny-slot-machines/ HTTP/1.1" 200 72837 "-" "Mozilla/5.0 (Windows NT 10.0; rv:109.0) Gecko/20100101 Firefox/115.0"
185.216.113.70 - - [23/Apr/2026:21:35:42 +0300] "POST /wp-cron.php?doing_wp_cron=1776969342.5999090671539306640625 HTTP/1.1" 200 448 "-" "WordPress/6.3.8; https://serhatburke.miroglu.net"
128.1.227.231 - - [23/Apr/2026:21:35:29 +0300] "POST /xmlrpc.php HTTP/1.1" 200 10751 "-" "Mozilla/5.0 (Windows NT 10.0; Win64; x64) AppleWebKit/537.36 (KHTML, like Gecko) Chrome/114.0.0.0 Safari/537.36"
98.98.197.195 - - [23/Apr/2026:21:35:38 +0300] "POST /xmlrpc.php HTTP/1.1" 200 630 "-" "Mozilla/5.0 (Windows NT 10.0; Win64; x64) AppleWebKit/537.36 (KHTML, like Gecko) Chrome/114.0.0.0 Safari/537.36"
128.1.227.231 - - [23/Apr/2026:21:35:43 +0300] "GET /leovegas-angeschlossen-age-of-egypt-spiel-kasino-games-apps-on-bing-play/ HTTP/1.1" 200 74234 "-" "Mozilla/5.0 (Windows NT 10.0; Win64; x64) AppleWebKit/537.36 (KHTML, like Gecko) Chrome/123.0.0.0 Safari/537.36"
137.220.53.155 - - [23/Apr/2026:21:35:57 +0300] "POST /xmlrpc.php HTTP/1.1" 200 630 "-" "Mozilla/5.0 (Windows NT 10.0; Win64; x64) AppleWebKit/537.36 (KHTML, like Gecko) Chrome/114.0.0.0 Safari/537.36"
98.98.197.195 - - [23/Apr/2026:21:36:00 +0300] "POST /xmlrpc.php HTTP/1.1" 200 9837 "-" "Mozilla/5.0 (Windows NT 10.0; Win64; x64) AppleWebKit/537.36 (KHTML, like Gecko) Chrome/114.0.0.0 Safari/537.36"
137.220.53.155 - - [23/Apr/2026:21:36:17 +0300] "POST /xmlrpc.php HTTP/1.1" 200 12197 "-" "Mozilla/5.0 (Windows NT 10.0; Win64; x64) AppleWebKit/537.36 (KHTML, like Gecko) Chrome/114.0.0.0 Safari/537.36"
98.98.197.195 - - [23/Apr/2026:21:36:15 +0300] "GET /play-real-cash-pokies-on-the-web-best-casinos-on-casinos-with-isoftbet-games-the-internet-to-own-pokies/ HTTP/1.1" 200 73718 "-" "Mozilla/5.0 (Windows NT 10.0; Win64; x64) AppleWebKit/537.36 (KHTML, like Gecko) Chrome/122.0.0.0 Safari/537.36"
185.216.113.70 - - [23/Apr/2026:21:36:42 +0300] "POST /wp-cron.php?doing_wp_cron=1776969402.4388539791107177734375 HTTP/1.1" 200 448 "-" "WordPress/6.3.8; https://serhatburke.miroglu.net"
137.220.53.155 - - [23/Apr/2026:21:36:30 +0300] "GET /the-fresh-new-technology-stores-otherwise-availableness-which-is-used-simply-for-private-mathematical-aim/ HTTP/1.1" 200 76509 "-" "Mozilla/5.0 (Windows NT 10.0; rv:109.0) Gecko/20100101 Firefox/115.0"
98.98.197.195 - - [23/Apr/2026:21:36:35 +0300] "POST /xmlrpc.php HTTP/1.1" 200 630 "-" "Mozilla/5.0 (Windows NT 10.0; Win64; x64) AppleWebKit/537.36 (KHTML, like Gecko) Chrome/114.0.0.0 Safari/537.36"
98.98.197.195 - - [23/Apr/2026:21:36:54 +0300] "POST /xmlrpc.php HTTP/1.1" 200 9027 "-" "Mozilla/5.0 (Windows NT 10.0; Win64; x64) AppleWebKit/537.36 (KHTML, like Gecko) Chrome/114.0.0.0 Safari/537.36"
128.1.227.231 - - [23/Apr/2026:21:37:02 +0300] "POST /xmlrpc.php HTTP/1.1" 200 630 "-" "Mozilla/5.0 (Windows NT 10.0; Win64; x64) AppleWebKit/537.36 (KHTML, like Gecko) Chrome/114.0.0.0 Safari/537.36"
52.167.144.183 - - [23/Apr/2026:21:37:03 +0300] "GET /no-deposit-100-percent-free-show-me-the-honey-online-casinos-revolves-2026-ukgc-subscribed-sites-only/ HTTP/2" 200 18846 "-" "Mozilla/5.0 AppleWebKit/537.36 (KHTML, like Gecko; compatible; bingbot/2.0; +http://www.bing.com/bingbot.htm) Chrome/116.0.1938.76 Safari/537.36"
185.216.113.70 - - [23/Apr/2026:21:37:42 +0300] "POST /wp-cron.php?doing_wp_cron=1776969462.2376620769500732421875 HTTP/1.1" 200 448 "-" "WordPress/6.3.8; https://serhatburke.miroglu.net"
40.77.167.2 - - [23/Apr/2026:21:37:08 +0300] "GET /harnessing-solscan-essential-insights-for-blockchain-analysis/ HTTP/2" 200 18144 "-" "Mozilla/5.0 AppleWebKit/537.36 (KHTML, like Gecko; compatible; bingbot/2.0; +http://www.bing.com/bingbot.htm) Chrome/116.0.1938.76 Safari/537.36"
98.98.197.195 - - [23/Apr/2026:21:37:10 +0300] "GET /10-best-australian-on-the-web-pokies-internet-sites-fruit-cocktail-slot-game-2026/ HTTP/1.1" 200 72439 "-" "Mozilla/5.0 (Windows NT 10.0; Win64; x64; rv:124.0) Gecko/20100101 Firefox/124.0"
40.77.167.243 - - [23/Apr/2026:21:37:12 +0300] "GET /usual-conditions-and-terms-implement-however-in-addition-to-betting-standards/ HTTP/2" 200 17385 "-" "Mozilla/5.0 AppleWebKit/537.36 (KHTML, like Gecko; compatible; bingbot/2.0; +http://www.bing.com/bingbot.htm) Chrome/116.0.1938.76 Safari/537.36"
137.220.53.155 - - [23/Apr/2026:21:37:19 +0300] "POST /xmlrpc.php HTTP/1.1" 200 630 "-" "Mozilla/5.0 (Windows NT 10.0; Win64; x64) AppleWebKit/537.36 (KHTML, like Gecko) Chrome/114.0.0.0 Safari/537.36"
98.98.197.195 - - [23/Apr/2026:21:37:29 +0300] "POST /xmlrpc.php HTTP/1.1" 200 630 "-" "Mozilla/5.0 (Windows NT 10.0; Win64; x64) AppleWebKit/537.36 (KHTML, like Gecko) Chrome/114.0.0.0 Safari/537.36"
128.1.227.231 - - [23/Apr/2026:21:37:35 +0300] "POST /xmlrpc.php HTTP/1.1" 200 10715 "-" "Mozilla/5.0 (Windows NT 10.0; Win64; x64) AppleWebKit/537.36 (KHTML, like Gecko) Chrome/114.0.0.0 Safari/537.36"
40.77.167.243 - - [23/Apr/2026:21:37:56 +0300] "GET /premio-in-assenza-di-deposito-ultime-offerte-di-casa-da-gioco-aams-nel-yoyospins-codice-promozionale-slot-2026/ HTTP/2" 200 19464 "-" "Mozilla/5.0 AppleWebKit/537.36 (KHTML, like Gecko; compatible; bingbot/2.0; +http://www.bing.com/bingbot.htm) Chrome/116.0.1938.76 Safari/537.36"
137.220.53.155 - - [23/Apr/2026:21:37:59 +0300] "POST /xmlrpc.php HTTP/1.1" 200 11493 "-" "Mozilla/5.0 (Windows NT 10.0; Win64; x64) AppleWebKit/537.36 (KHTML, like Gecko) Chrome/114.0.0.0 Safari/537.36"
98.98.197.195 - - [23/Apr/2026:21:38:05 +0300] "POST /xmlrpc.php HTTP/1.1" 200 9784 "-" "Mozilla/5.0 (Windows NT 10.0; Win64; x64) AppleWebKit/537.36 (KHTML, like Gecko) Chrome/114.0.0.0 Safari/537.36"
128.1.227.231 - - [23/Apr/2026:21:38:05 +0300] "GET /lucky-days-boni-bewertung-so-weit-wie-1-000-primitiv-100-freispiele/ HTTP/1.1" 200 74351 "-" "Mozilla/5.0 (Windows NT 10.0; rv:125.0) Gecko/20100101 Firefox/125.0"
185.216.113.70 - - [23/Apr/2026:21:38:52 +0300] "POST /wp-cron.php?doing_wp_cron=1776969532.4627768993377685546875 HTTP/1.1" 200 448 "-" "WordPress/6.3.8; https://serhatburke.miroglu.net"
98.98.197.195 - - [23/Apr/2026:21:38:20 +0300] "POST /xmlrpc.php HTTP/1.1" 200 630 "-" "Mozilla/5.0 (Windows NT 10.0; Win64; x64) AppleWebKit/537.36 (KHTML, like Gecko) Chrome/114.0.0.0 Safari/537.36"
185.216.113.70 - - [23/Apr/2026:21:39:07 +0300] "POST /wp-cron.php?doing_wp_cron=1776969547.7492759227752685546875 HTTP/1.1" 200 448 "-" "WordPress/6.3.8; https://serhatburke.miroglu.net"
40.77.167.2 - - [23/Apr/2026:21:38:27 +0300] "GET /position-enthusiasts-can-take-advantage-of-1500-book-headings-in-the-888casino/ HTTP/2" 200 17912 "-" "Mozilla/5.0 AppleWebKit/537.36 (KHTML, like Gecko; compatible; bingbot/2.0; +http://www.bing.com/bingbot.htm) Chrome/116.0.1938.76 Safari/537.36"
137.220.53.155 - - [23/Apr/2026:21:38:29 +0300] "GET /we-only-tend-to-be-providers-which-might-be-lawfully-allowed-to-promote-genuine-currency-gambling-inside-controlled-united-states-locations/ HTTP/1.1" 200 76641 "-" "Mozilla/5.0 (Windows NT 10.0; rv:109.0) Gecko/20100101 Firefox/115.0"
40.77.167.2 - - [23/Apr/2026:21:38:32 +0300] "GET /verbunden-spielbank-blos-anmeldung-and-ohne-kontoverbindung-unter-slot-fafafa-einsatz-von-trustly-2026/ HTTP/2" 200 19522 "-" "Mozilla/5.0 AppleWebKit/537.36 (KHTML, like Gecko; compatible; bingbot/2.0; +http://www.bing.com/bingbot.htm) Chrome/116.0.1938.76 Safari/537.36"
98.98.197.195 - - [23/Apr/2026:21:38:33 +0300] "GET /fifty-dragons-position-by-aristocrat-100-munchkins-slot-no-deposit-bonus-percent-free-demo-gamble/ HTTP/1.1" 200 73636 "-" "Mozilla/5.0 (Windows NT 10.0; Win64; x64; rv:125.0) Gecko/20100101 Firefox/125.0"
137.220.53.155 - - [23/Apr/2026:21:38:40 +0300] "POST /xmlrpc.php HTTP/1.1" 200 630 "-" "Mozilla/5.0 (Windows NT 10.0; Win64; x64) AppleWebKit/537.36 (KHTML, like Gecko) Chrome/114.0.0.0 Safari/537.36"
193.36.38.226 - - [23/Apr/2026:21:38:46 +0300] "POST /xmlrpc.php HTTP/1.1" 200 692 "-" "Mozilla/5.0 (Windows NT 10.0; Win64; x64) AppleWebKit/537.36 (KHTML, like Gecko) Chrome/114.0.0.0 Safari/537.36"
98.98.197.195 - - [23/Apr/2026:21:38:59 +0300] "POST /xmlrpc.php HTTP/1.1" 200 9501 "-" "Mozilla/5.0 (Windows NT 10.0; Win64; x64) AppleWebKit/537.36 (KHTML, like Gecko) Chrome/114.0.0.0 Safari/537.36"
98.98.197.195 - - [23/Apr/2026:21:39:12 +0300] "POST /xmlrpc.php HTTP/1.1" 200 630 "-" "Mozilla/5.0 (Windows NT 10.0; Win64; x64) AppleWebKit/537.36 (KHTML, like Gecko) Chrome/114.0.0.0 Safari/537.36"
128.1.227.231 - - [23/Apr/2026:21:39:12 +0300] "POST /xmlrpc.php HTTP/1.1" 200 630 "-" "Mozilla/5.0 (Windows NT 10.0; Win64; x64) AppleWebKit/537.36 (KHTML, like Gecko) Chrome/114.0.0.0 Safari/537.36"
40.77.167.2 - - [23/Apr/2026:21:39:28 +0300] "GET /snabba-uttag-odds-for-att-vinna-lucky-fortune-cat-casinon-tillsammans-direkta-utbetalningar/ HTTP/2" 200 0 "-" "Mozilla/5.0 AppleWebKit/537.36 (KHTML, like Gecko; compatible; bingbot/2.0; +http://www.bing.com/bingbot.htm) Chrome/116.0.1938.76 Safari/537.36"
185.216.113.70 - - [23/Apr/2026:21:40:23 +0300] "POST /wp-cron.php?doing_wp_cron=1776969622.9609079360961914062500 HTTP/1.1" 200 448 "-" "WordPress/6.3.8; https://serhatburke.miroglu.net"
185.216.113.70 - - [23/Apr/2026:21:40:35 +0300] "POST /wp-cron.php?doing_wp_cron=1776969635.4327630996704101562500 HTTP/1.1" 200 448 "-" "WordPress/6.3.8; https://serhatburke.miroglu.net"
137.220.53.155 - - [23/Apr/2026:21:39:39 +0300] "POST /xmlrpc.php HTTP/1.1" 200 10004 "-" "Mozilla/5.0 (Windows NT 10.0; Win64; x64) AppleWebKit/537.36 (KHTML, like Gecko) Chrome/114.0.0.0 Safari/537.36"
185.216.113.70 - - [23/Apr/2026:21:40:36 +0300] "POST /wp-cron.php?doing_wp_cron=1776969636.6428880691528320312500 HTTP/1.1" 200 448 "-" "WordPress/6.3.8; https://serhatburke.miroglu.net"
91.107.208.255 - - [23/Apr/2026:21:39:38 +0300] "POST /xmlrpc.php HTTP/1.1" 200 604 "-" "Mozilla/5.0 (Windows NT 10.0; Win64; x64) AppleWebKit/537.36 (KHTML, like Gecko) Chrome/108.0.0.0 Safari/537.36"
185.216.113.70 - - [23/Apr/2026:21:40:41 +0300] "POST /wp-cron.php?doing_wp_cron=1776969641.2598719596862792968750 HTTP/1.1" 200 448 "-" "WordPress/6.3.8; https://serhatburke.miroglu.net"
193.36.38.226 - - [23/Apr/2026:21:39:43 +0300] "POST /xmlrpc.php HTTP/1.1" 200 8408 "-" "Mozilla/5.0 (Windows NT 10.0; Win64; x64) AppleWebKit/537.36 (KHTML, like Gecko) Chrome/114.0.0.0 Safari/537.36"
185.216.113.70 - - [23/Apr/2026:21:40:51 +0300] "POST /wp-cron.php?doing_wp_cron=1776969651.4390799999237060546875 HTTP/1.1" 200 448 "-" "WordPress/6.3.8; https://serhatburke.miroglu.net"
98.98.197.195 - - [23/Apr/2026:21:39:50 +0300] "GET /gamble-30000-totally-free-disco-fever-slot-payout-ports-online-game-no-deposit-no-download/ HTTP/1.1" 200 73559 "-" "Mozilla/5.0 (Windows NT 10.0; Win64; x64) AppleWebKit/537.36 (KHTML, like Gecko) Chrome/123.0.0.0 Safari/537.36"
185.216.113.70 - - [23/Apr/2026:21:41:03 +0300] "POST /wp-cron.php?doing_wp_cron=1776969663.2298970222473144531250 HTTP/1.1" 200 448 "-" "WordPress/6.3.8; https://serhatburke.miroglu.net"
98.98.197.195 - - [23/Apr/2026:21:40:01 +0300] "POST /xmlrpc.php HTTP/1.1" 200 630 "-" "Mozilla/5.0 (Windows NT 10.0; Win64; x64) AppleWebKit/537.36 (KHTML, like Gecko) Chrome/114.0.0.0 Safari/537.36"
40.77.167.2 - - [23/Apr/2026:21:40:25 +0300] "GET /h1-tronscan-streamlining-your-crypto-management-process-h1/ HTTP/2" 200 0 "-" "Mozilla/5.0 AppleWebKit/537.36 (KHTML, like Gecko; compatible; bingbot/2.0; +http://www.bing.com/bingbot.htm) Chrome/116.0.1938.76 Safari/537.36"
185.216.113.70 - - [23/Apr/2026:21:41:19 +0300] "POST /wp-cron.php?doing_wp_cron=1776969679.4337530136108398437500 HTTP/1.1" 200 448 "-" "WordPress/6.3.8; https://serhatburke.miroglu.net"
98.98.197.195 - - [23/Apr/2026:21:40:11 +0300] "POST /xmlrpc.php HTTP/1.1" 200 8909 "-" "Mozilla/5.0 (Windows NT 10.0; Win64; x64) AppleWebKit/537.36 (KHTML, like Gecko) Chrome/114.0.0.0 Safari/537.36"
57.128.22.95 - - [23/Apr/2026:21:40:20 +0300] "GET /35849-2/ HTTP/1.1" 200 0 "-" "Mozilla/5.0 (compatible; Googlebot/2.1; +http://www.google.com/bot.html)"
185.216.113.70 - - [23/Apr/2026:21:41:32 +0300] "POST /wp-cron.php?doing_wp_cron=1776969692.8306229114532470703125 HTTP/1.1" 200 448 "-" "WordPress/6.3.8; https://serhatburke.miroglu.net"
137.220.53.155 - - [23/Apr/2026:21:40:04 +0300] "POST /xmlrpc.php HTTP/1.1" 200 630 "-" "Mozilla/5.0 (Windows NT 10.0; Win64; x64) AppleWebKit/537.36 (KHTML, like Gecko) Chrome/114.0.0.0 Safari/537.36"
185.216.113.70 - - [23/Apr/2026:21:41:41 +0300] "POST /wp-cron.php?doing_wp_cron=1776969701.5411860942840576171875 HTTP/1.1" 200 448 "-" "WordPress/6.3.8; https://serhatburke.miroglu.net"
107.152.46.252 - - [23/Apr/2026:21:40:18 +0300] "GET /zotabet-casino-bonus-premier-depot-2026/ HTTP/1.1" 200 19028 "https://serhatburke.miroglu.net/" "Mozilla/5.0 (Macintosh; Intel Mac OS X 12_5) AppleWebKit/537.36 (KHTML, like Gecko) Chrome/114.0.0.0 Safari/537.36 Vivaldi/5.3.2679.68"
128.1.227.231 - - [23/Apr/2026:21:40:11 +0300] "POST /xmlrpc.php HTTP/1.1" 200 11048 "-" "Mozilla/5.0 (Windows NT 10.0; Win64; x64) AppleWebKit/537.36 (KHTML, like Gecko) Chrome/114.0.0.0 Safari/537.36"
128.1.227.231 - - [23/Apr/2026:21:40:54 +0300] "POST /xmlrpc.php HTTP/1.1" 200 630 "-" "Mozilla/5.0 (Windows NT 10.0; Win64; x64) AppleWebKit/537.36 (KHTML, like Gecko) Chrome/114.0.0.0 Safari/537.36"
193.36.38.226 - - [23/Apr/2026:21:40:41 +0300] "GET /debit-notes-are-often-a-rock-hard-option-for-gamblers-stating-a-gambling-establishment-register-added-bonus/ HTTP/1.1" 200 72611 "-" "Mozilla/5.0 (Windows NT 10.0; Win64; x64) AppleWebKit/537.36 (KHTML, like Gecko) Chrome/123.0.0.0 Safari/537.36 OPR/109.0.0.0"
137.220.53.155 - - [23/Apr/2026:21:40:38 +0300] "GET /microgaming-goes-on-their-character-because-the-a-leader-out-of-online-gambling/ HTTP/1.1" 500 745 "-" "Mozilla/5.0 (Windows NT 10.0; Win64; x64) AppleWebKit/537.36 (KHTML, like Gecko) Chrome/123.0.0.0 Safari/537.36 OPR/109.0.0.0"
98.98.197.195 - - [23/Apr/2026:21:40:47 +0300] "POST /xmlrpc.php HTTP/1.1" 500 745 "-" "Mozilla/5.0 (Windows NT 10.0; Win64; x64) AppleWebKit/537.36 (KHTML, like Gecko) Chrome/114.0.0.0 Safari/537.36"
98.98.197.195 - - [23/Apr/2026:21:41:10 +0300] "POST /xmlrpc.php HTTP/1.1" 500 745 "-" "Mozilla/5.0 (Windows NT 10.0; Win64; x64) AppleWebKit/537.36 (KHTML, like Gecko) Chrome/114.0.0.0 Safari/537.36"
185.216.113.70 - - [23/Apr/2026:21:43:17 +0300] "POST /wp-cron.php?doing_wp_cron=1776969797.1364190578460693359375 HTTP/1.1" 200 448 "-" "WordPress/6.3.8; https://serhatburke.miroglu.net"
98.98.197.195 - - [23/Apr/2026:21:41:21 +0300] "GET /avalon78-casino-zero-put-extra-laws-and-regulations-january-2026-costa-casino-that-accepts-zimpler-rica/ HTTP/1.1" 200 72864 "-" "Mozilla/5.0 (Windows NT 10.0; Win64; x64) AppleWebKit/537.36 (KHTML, like Gecko) Chrome/122.0.0.0 Safari/537.36"
137.220.53.155 - - [23/Apr/2026:21:41:25 +0300] "POST /xmlrpc.php HTTP/1.1" 500 745 "-" "Mozilla/5.0 (Windows NT 10.0; Win64; x64) AppleWebKit/537.36 (KHTML, like Gecko) Chrome/114.0.0.0 Safari/537.36"
