96.44.154.147 - - [23/Apr/2026:15:03:35 +0300] "GET /netbet-gambling-establishment-has-many-good-possess-plus-their-customer-care/ HTTP/1.1" 200 72776 "-" "Mozilla/5.0 (Windows NT 10.0; Win64; x64) AppleWebKit/537.36 (KHTML, like Gecko) Chrome/124.0.0.0 Safari/537.36"
40.77.167.78 - - [23/Apr/2026:15:03:27 +0300] "GET /post-sitemap61.xml HTTP/2" 200 73101 "-" "Mozilla/5.0 AppleWebKit/537.36 (KHTML, like Gecko; compatible; bingbot/2.0; +http://www.bing.com/bingbot.htm) Chrome/116.0.1938.76 Safari/537.36"
216.73.217.0 - - [23/Apr/2026:15:04:07 +0300] "GET /unlock-top-benefits-with-bonus-code-gamblezen-casino-for-uk-players/ HTTP/2" 200 0 "-" "Mozilla/5.0 AppleWebKit/537.36 (KHTML, like Gecko; compatible; ClaudeBot/1.0; +claudebot@anthropic.com)"
193.194.106.44 - - [23/Apr/2026:15:03:47 +0300] "GET /play-the-best-uk-slot-games-at-slingo-spin-for-real-money/ HTTP/1.1" 200 20912 "-" "Mozilla/5.0 (Linux; Android 6.0.1; Nexus 5X Build/MMB29P) AppleWebKit/537.36 (KHTML, like Gecko) Chrome/139.0.7258.156 Mobile Safari/537.36 (compatible; Googlebot/2.1; +http://www.google.com/bot.html)"
96.44.154.147 - - [23/Apr/2026:15:03:51 +0300] "POST /xmlrpc.php HTTP/1.1" 200 630 "-" "Mozilla/5.0 (Windows NT 10.0; Win64; x64) AppleWebKit/537.36 (KHTML, like Gecko) Chrome/114.0.0.0 Safari/537.36"
96.44.154.147 - - [23/Apr/2026:15:04:25 +0300] "POST /xmlrpc.php HTTP/1.1" 200 9328 "-" "Mozilla/5.0 (Windows NT 10.0; Win64; x64) AppleWebKit/537.36 (KHTML, like Gecko) Chrome/114.0.0.0 Safari/537.36"
185.216.113.70 - - [23/Apr/2026:15:04:51 +0300] "POST /wp-cron.php?doing_wp_cron=1776945891.0409040451049804687500 HTTP/1.1" 200 448 "-" "WordPress/6.3.8; https://serhatburke.miroglu.net"
96.44.154.147 - - [23/Apr/2026:15:04:38 +0300] "GET /enjoy-flawless-game-play-secure-deals-and-you-may-genuine-go-out-position-wherever-you-go/ HTTP/1.1" 200 71404 "-" "Mozilla/5.0 (Windows NT 10.0; Win64; x64) AppleWebKit/537.36 (KHTML, like Gecko) Chrome/123.0.0.0 Safari/537.36"
98.98.9.26 - - [23/Apr/2026:15:04:45 +0300] "POST /xmlrpc.php HTTP/1.1" 200 630 "-" "Mozilla/5.0 (Windows NT 10.0; Win64; x64) AppleWebKit/537.36 (KHTML, like Gecko) Chrome/114.0.0.0 Safari/537.36"
96.44.154.147 - - [23/Apr/2026:15:04:54 +0300] "POST /xmlrpc.php HTTP/1.1" 200 630 "-" "Mozilla/5.0 (Windows NT 10.0; Win64; x64) AppleWebKit/537.36 (KHTML, like Gecko) Chrome/114.0.0.0 Safari/537.36"
193.36.38.226 - - [23/Apr/2026:15:04:58 +0300] "POST /xmlrpc.php HTTP/1.1" 200 692 "-" "Mozilla/5.0 (Windows NT 10.0; Win64; x64) AppleWebKit/537.36 (KHTML, like Gecko) Chrome/114.0.0.0 Safari/537.36"
98.98.9.26 - - [23/Apr/2026:15:05:06 +0300] "POST /xmlrpc.php HTTP/1.1" 200 10477 "-" "Mozilla/5.0 (Windows NT 10.0; Win64; x64) AppleWebKit/537.36 (KHTML, like Gecko) Chrome/114.0.0.0 Safari/537.36"
185.216.113.70 - - [23/Apr/2026:15:05:37 +0300] "POST /wp-cron.php?doing_wp_cron=1776945937.4649560451507568359375 HTTP/1.1" 200 448 "-" "WordPress/6.3.8; https://serhatburke.miroglu.net"
96.44.154.147 - - [23/Apr/2026:15:05:20 +0300] "POST /xmlrpc.php HTTP/1.1" 200 12408 "-" "Mozilla/5.0 (Windows NT 10.0; Win64; x64) AppleWebKit/537.36 (KHTML, like Gecko) Chrome/114.0.0.0 Safari/537.36"
193.36.38.226 - - [23/Apr/2026:15:05:22 +0300] "POST /xmlrpc.php HTTP/1.1" 200 11243 "-" "Mozilla/5.0 (Windows NT 10.0; Win64; x64) AppleWebKit/537.36 (KHTML, like Gecko) Chrome/114.0.0.0 Safari/537.36"
98.98.9.26 - - [23/Apr/2026:15:05:23 +0300] "GET /better-on-paws-of-fury-slot-free-spins-the-internet-no-deposit-incentive/ HTTP/1.1" 200 71884 "-" "Mozilla/5.0 (Windows NT 10.0; Win64; x64) AppleWebKit/537.36 (KHTML, like Gecko) Chrome/124.0.0.0 Safari/537.36 Edg/124.0.0.0"
96.44.154.147 - - [23/Apr/2026:15:05:38 +0300] "POST /xmlrpc.php HTTP/1.1" 200 630 "-" "Mozilla/5.0 (Windows NT 10.0; Win64; x64) AppleWebKit/537.36 (KHTML, like Gecko) Chrome/114.0.0.0 Safari/537.36"
96.44.154.147 - - [23/Apr/2026:15:05:38 +0300] "GET /ports-likewise-have-entertaining-provides-for-example-wilds-scatters-incentives-and-you-may-side-video-game/ HTTP/1.1" 200 74879 "-" "Mozilla/5.0 (Windows NT 10.0; rv:125.0) Gecko/20100101 Firefox/125.0"
193.36.38.226 - - [23/Apr/2026:15:05:41 +0300] "GET /casino-spiele-erreichbar-vortragen-sie-ungezwungen-durch-unsere-kichen-aufgebraucht/ HTTP/1.1" 200 73303 "-" "Mozilla/5.0 (Windows NT 10.0; Win64; x64; rv:125.0) Gecko/20100101 Firefox/125.0"
96.44.154.147 - - [23/Apr/2026:15:06:10 +0300] "POST /xmlrpc.php HTTP/1.1" 200 8979 "-" "Mozilla/5.0 (Windows NT 10.0; Win64; x64) AppleWebKit/537.36 (KHTML, like Gecko) Chrome/114.0.0.0 Safari/537.36"
96.44.154.147 - - [23/Apr/2026:15:06:23 +0300] "GET /an-excellent-casinos-payment-speed-is-the-portion-of-complete-wagers-returned-to-players-because-the-payouts/ HTTP/1.1" 200 71535 "-" "Mozilla/5.0 (Windows NT 10.0; rv:109.0) Gecko/20100101 Firefox/115.0"
185.216.113.70 - - [23/Apr/2026:15:06:54 +0300] "POST /wp-cron.php?doing_wp_cron=1776946013.9594020843505859375000 HTTP/1.1" 200 448 "-" "WordPress/6.3.8; https://serhatburke.miroglu.net"
96.44.154.147 - - [23/Apr/2026:15:06:40 +0300] "POST /xmlrpc.php HTTP/1.1" 200 630 "-" "Mozilla/5.0 (Windows NT 10.0; Win64; x64) AppleWebKit/537.36 (KHTML, like Gecko) Chrome/114.0.0.0 Safari/537.36"
103.219.169.213 - - [23/Apr/2026:15:06:41 +0300] "POST /xmlrpc.php HTTP/1.1" 200 630 "-" "Mozilla/5.0 (Windows NT 10.0; Win64; x64) AppleWebKit/537.36 (KHTML, like Gecko) Chrome/114.0.0.0 Safari/537.36"
96.44.154.147 - - [23/Apr/2026:15:07:00 +0300] "POST /xmlrpc.php HTTP/1.1" 200 9024 "-" "Mozilla/5.0 (Windows NT 10.0; Win64; x64) AppleWebKit/537.36 (KHTML, like Gecko) Chrome/114.0.0.0 Safari/537.36"
103.219.169.213 - - [23/Apr/2026:15:07:01 +0300] "POST /xmlrpc.php HTTP/1.1" 200 10799 "-" "Mozilla/5.0 (Windows NT 10.0; Win64; x64) AppleWebKit/537.36 (KHTML, like Gecko) Chrome/114.0.0.0 Safari/537.36"
98.98.9.26 - - [23/Apr/2026:15:07:12 +0300] "POST /xmlrpc.php HTTP/1.1" 200 630 "-" "Mozilla/5.0 (Windows NT 10.0; Win64; x64) AppleWebKit/537.36 (KHTML, like Gecko) Chrome/114.0.0.0 Safari/537.36"
96.44.154.147 - - [23/Apr/2026:15:07:17 +0300] "GET /winnings-out-of-sweepstakes-currency-might-be-used-the-real-deal-cash-honors-otherwise-advantages/ HTTP/1.1" 200 71301 "-" "Mozilla/5.0 (Windows NT 10.0; Win64; x64) AppleWebKit/537.36 (KHTML, like Gecko) Chrome/124.0.0.0 Safari/537.36 Edg/124.0.0.0"
103.219.169.213 - - [23/Apr/2026:15:07:18 +0300] "GET /die-online-casino-netent-slots-erreichbar-casino-boni-erklart-online-spielsaal-bonus-berater/ HTTP/1.1" 200 73161 "-" "Mozilla/5.0 (Windows NT 10.0; Win64; x64) AppleWebKit/537.36 (KHTML, like Gecko) Chrome/124.0.0.0 Safari/537.36 Edg/124.0.0.0"
216.73.217.0 - - [23/Apr/2026:15:07:43 +0300] "GET /how-to-win-mission-uncrossable-inout-casino-game-review-for-uk-players-2/ HTTP/2" 200 0 "-" "Mozilla/5.0 AppleWebKit/537.36 (KHTML, like Gecko; compatible; ClaudeBot/1.0; +claudebot@anthropic.com)"
185.216.113.70 - - [23/Apr/2026:15:07:46 +0300] "POST /wp-cron.php?doing_wp_cron=1776946066.3683190345764160156250 HTTP/1.1" 200 448 "-" "WordPress/6.3.8; https://serhatburke.miroglu.net"
96.44.154.147 - - [23/Apr/2026:15:07:33 +0300] "POST /xmlrpc.php HTTP/1.1" 200 630 "-" "Mozilla/5.0 (Windows NT 10.0; Win64; x64) AppleWebKit/537.36 (KHTML, like Gecko) Chrome/114.0.0.0 Safari/537.36"
98.98.9.26 - - [23/Apr/2026:15:07:36 +0300] "POST /xmlrpc.php HTTP/1.1" 200 10094 "-" "Mozilla/5.0 (Windows NT 10.0; Win64; x64) AppleWebKit/537.36 (KHTML, like Gecko) Chrome/114.0.0.0 Safari/537.36"
96.44.154.147 - - [23/Apr/2026:15:07:52 +0300] "POST /xmlrpc.php HTTP/1.1" 200 10529 "-" "Mozilla/5.0 (Windows NT 10.0; Win64; x64) AppleWebKit/537.36 (KHTML, like Gecko) Chrome/114.0.0.0 Safari/537.36"
98.98.9.26 - - [23/Apr/2026:15:07:55 +0300] "GET /hot-shot-pokie-opinion-play-for-your-domain-name-enjoyable-or-real-cash/ HTTP/1.1" 200 71531 "-" "Mozilla/5.0 (Windows NT 10.0; Win64; x64) AppleWebKit/537.36 (KHTML, like Gecko) Chrome/109.0.0.0 Safari/537.36"
96.44.154.147 - - [23/Apr/2026:15:08:12 +0300] "GET /the-best-gambling-enterprise-software-bring-much-easier-gameplay-and-often-it-is-possible-to-gamble-off-line/ HTTP/1.1" 200 72991 "-" "Mozilla/5.0 (Windows NT 10.0; Win64; x64) AppleWebKit/537.36 (KHTML, like Gecko) Chrome/123.0.0.0 Safari/537.36 OPR/109.0.0.0"
178.175.140.149 - - [23/Apr/2026:15:08:22 +0300] "POST /xmlrpc.php HTTP/1.1" 200 630 "-" "Mozilla/5.0 (Windows NT 10.0; Win64; x64) AppleWebKit/537.36 (KHTML, like Gecko) Chrome/114.0.0.0 Safari/537.36"
185.216.113.70 - - [23/Apr/2026:15:08:44 +0300] "POST /wp-cron.php?doing_wp_cron=1776946124.3399169445037841796875 HTTP/1.1" 200 448 "-" "WordPress/6.3.8; https://serhatburke.miroglu.net"
96.44.154.147 - - [23/Apr/2026:15:08:31 +0300] "POST /xmlrpc.php HTTP/1.1" 200 630 "-" "Mozilla/5.0 (Windows NT 10.0; Win64; x64) AppleWebKit/537.36 (KHTML, like Gecko) Chrome/114.0.0.0 Safari/537.36"
178.175.140.149 - - [23/Apr/2026:15:08:41 +0300] "POST /xmlrpc.php HTTP/1.1" 200 9360 "-" "Mozilla/5.0 (Windows NT 10.0; Win64; x64) AppleWebKit/537.36 (KHTML, like Gecko) Chrome/114.0.0.0 Safari/537.36"
96.44.154.147 - - [23/Apr/2026:15:08:50 +0300] "POST /xmlrpc.php HTTP/1.1" 200 10166 "-" "Mozilla/5.0 (Windows NT 10.0; Win64; x64) AppleWebKit/537.36 (KHTML, like Gecko) Chrome/114.0.0.0 Safari/537.36"
178.175.140.149 - - [23/Apr/2026:15:08:55 +0300] "GET /no-deposit-incentive-casinos-2026-bitstarz-drops-50-100-percent-free-revolves-the-real-deal-currency-gains-no-deposit-necessary/ HTTP/1.1" 200 72187 "-" "Mozilla/5.0 (Windows NT 10.0; rv:109.0) Gecko/20100101 Firefox/115.0"
40.77.167.132 - - [23/Apr/2026:15:09:00 +0300] "GET /south-park-the-fractured-but-whole/ HTTP/2" 200 19141 "-" "Mozilla/5.0 AppleWebKit/537.36 (KHTML, like Gecko; compatible; bingbot/2.0; +http://www.bing.com/bingbot.htm) Chrome/116.0.1938.76 Safari/537.36"
40.77.167.132 - - [23/Apr/2026:15:09:03 +0300] "GET /auffinden-die-leser-bei-keramiken-etliche-ihr-2678-spiele/ HTTP/2" 200 18136 "-" "Mozilla/5.0 AppleWebKit/537.36 (KHTML, like Gecko; compatible; bingbot/2.0; +http://www.bing.com/bingbot.htm) Chrome/116.0.1938.76 Safari/537.36"
40.77.167.45 - - [23/Apr/2026:15:09:05 +0300] "GET /authorized-and-you-may-managed-it-gives-a-secure-environment-having-professionals-guaranteeing-safe-purchases-and-investigation-defense/ HTTP/2" 200 17030 "-" "Mozilla/5.0 AppleWebKit/537.36 (KHTML, like Gecko; compatible; bingbot/2.0; +http://www.bing.com/bingbot.htm) Chrome/116.0.1938.76 Safari/537.36"
96.44.154.147 - - [23/Apr/2026:15:09:13 +0300] "GET /long-lasting-variety-of-pro-you-are-there-are-plenty-to-love-within-playojo/ HTTP/1.1" 200 71684 "-" "Mozilla/5.0 (Windows NT 10.0; Win64; x64) AppleWebKit/537.36 (KHTML, like Gecko) Chrome/122.0.0.0 Safari/537.36"
185.216.113.70 - - [23/Apr/2026:15:09:43 +0300] "POST /wp-cron.php?doing_wp_cron=1776946183.8198950290679931640625 HTTP/1.1" 200 448 "-" "WordPress/6.3.8; https://serhatburke.miroglu.net"
96.44.154.147 - - [23/Apr/2026:15:09:31 +0300] "POST /xmlrpc.php HTTP/1.1" 200 630 "-" "Mozilla/5.0 (Windows NT 10.0; Win64; x64) AppleWebKit/537.36 (KHTML, like Gecko) Chrome/114.0.0.0 Safari/537.36"
178.175.140.149 - - [23/Apr/2026:15:09:37 +0300] "POST /xmlrpc.php HTTP/1.1" 200 630 "-" "Mozilla/5.0 (Windows NT 10.0; Win64; x64) AppleWebKit/537.36 (KHTML, like Gecko) Chrome/114.0.0.0 Safari/537.36"
98.98.9.26 - - [23/Apr/2026:15:09:44 +0300] "POST /xmlrpc.php HTTP/1.1" 200 630 "-" "Mozilla/5.0 (Windows NT 10.0; Win64; x64) AppleWebKit/537.36 (KHTML, like Gecko) Chrome/114.0.0.0 Safari/537.36"
96.44.154.147 - - [23/Apr/2026:15:09:50 +0300] "POST /xmlrpc.php HTTP/1.1" 200 9758 "-" "Mozilla/5.0 (Windows NT 10.0; Win64; x64) AppleWebKit/537.36 (KHTML, like Gecko) Chrome/114.0.0.0 Safari/537.36"
178.175.140.149 - - [23/Apr/2026:15:09:58 +0300] "POST /xmlrpc.php HTTP/1.1" 200 10934 "-" "Mozilla/5.0 (Windows NT 10.0; Win64; x64) AppleWebKit/537.36 (KHTML, like Gecko) Chrome/114.0.0.0 Safari/537.36"
96.44.154.147 - - [23/Apr/2026:15:10:11 +0300] "GET /people-have-one-totally-free-detachment-day-after-day-which-have-a-2/ HTTP/1.1" 200 71204 "-" "Mozilla/5.0 (Windows NT 10.0; Win64; x64) AppleWebKit/537.36 (KHTML, like Gecko) Chrome/124.0.0.0 Safari/537.36"
98.98.9.26 - - [23/Apr/2026:15:10:14 +0300] "POST /xmlrpc.php HTTP/1.1" 200 9664 "-" "Mozilla/5.0 (Windows NT 10.0; Win64; x64) AppleWebKit/537.36 (KHTML, like Gecko) Chrome/114.0.0.0 Safari/537.36"
178.175.140.149 - - [23/Apr/2026:15:10:16 +0300] "GET /latest-no-deposit-bonuses-299-productive-now-offers-for-2026/ HTTP/1.1" 200 72167 "-" "Mozilla/5.0 (Windows NT 10.0; Win64; x64) AppleWebKit/537.36 (KHTML, like Gecko) Chrome/123.0.0.0 Safari/537.36"
185.216.113.70 - - [23/Apr/2026:15:10:50 +0300] "POST /wp-cron.php?doing_wp_cron=1776946250.2921969890594482421875 HTTP/1.1" 200 448 "-" "WordPress/6.3.8; https://serhatburke.miroglu.net"
193.36.38.226 - - [23/Apr/2026:15:10:21 +0300] "POST /xmlrpc.php HTTP/1.1" 200 692 "-" "Mozilla/5.0 (Windows NT 10.0; Win64; x64) AppleWebKit/537.36 (KHTML, like Gecko) Chrome/114.0.0.0 Safari/537.36"
96.44.154.147 - - [23/Apr/2026:15:10:28 +0300] "POST /xmlrpc.php HTTP/1.1" 200 630 "-" "Mozilla/5.0 (Windows NT 10.0; Win64; x64) AppleWebKit/537.36 (KHTML, like Gecko) Chrome/114.0.0.0 Safari/537.36"
38.180.31.235 - - [23/Apr/2026:15:10:37 +0300] "POST /xmlrpc.php HTTP/2" 200 181 "-" "Mozilla/5.0 (Windows NT 10.0; Win64; x64) AppleWebKit/537.36 (KHTML, like Gecko) Chrome/119.0.0.0 Safari/537.36 Edg/119.0.0.0"
98.98.9.26 - - [23/Apr/2026:15:10:37 +0300] "GET /fifty-free-revolves-tiki-island-paypal-offers/ HTTP/1.1" 200 70380 "-" "Mozilla/5.0 (Windows NT 10.0; Win64; x64) AppleWebKit/537.36 (KHTML, like Gecko) Chrome/122.0.0.0 Safari/537.36"
178.175.140.149 - - [23/Apr/2026:15:10:46 +0300] "POST /xmlrpc.php HTTP/1.1" 200 630 "-" "Mozilla/5.0 (Windows NT 10.0; Win64; x64) AppleWebKit/537.36 (KHTML, like Gecko) Chrome/114.0.0.0 Safari/537.36"
193.36.38.226 - - [23/Apr/2026:15:10:56 +0300] "POST /xmlrpc.php HTTP/1.1" 200 9382 "-" "Mozilla/5.0 (Windows NT 10.0; Win64; x64) AppleWebKit/537.36 (KHTML, like Gecko) Chrome/114.0.0.0 Safari/537.36"
96.44.154.147 - - [23/Apr/2026:15:10:59 +0300] "POST /xmlrpc.php HTTP/1.1" 200 10866 "-" "Mozilla/5.0 (Windows NT 10.0; Win64; x64) AppleWebKit/537.36 (KHTML, like Gecko) Chrome/114.0.0.0 Safari/537.36"
103.219.169.213 - - [23/Apr/2026:15:11:04 +0300] "POST /xmlrpc.php HTTP/1.1" 200 630 "-" "Mozilla/5.0 (Windows NT 10.0; Win64; x64) AppleWebKit/537.36 (KHTML, like Gecko) Chrome/114.0.0.0 Safari/537.36"
38.180.31.235 - - [23/Apr/2026:15:11:05 +0300] "POST /xmlrpc.php HTTP/2" 200 406 "-" "Mozilla/5.0 (Windows NT 10.0; Win64; x64; rv:121.0) Gecko/20100101 Firefox/121.0"
96.44.154.147 - - [23/Apr/2026:15:11:13 +0300] "POST /xmlrpc.php HTTP/1.1" 200 630 "-" "Mozilla/5.0 (Windows NT 10.0; Win64; x64) AppleWebKit/537.36 (KHTML, like Gecko) Chrome/114.0.0.0 Safari/537.36"
185.216.113.70 - - [23/Apr/2026:15:11:56 +0300] "POST /wp-cron.php?doing_wp_cron=1776946316.7340240478515625000000 HTTP/1.1" 200 448 "-" "WordPress/6.3.8; https://serhatburke.miroglu.net"
178.175.140.149 - - [23/Apr/2026:15:11:22 +0300] "POST /xmlrpc.php HTTP/1.1" 200 13746 "-" "Mozilla/5.0 (Windows NT 10.0; Win64; x64) AppleWebKit/537.36 (KHTML, like Gecko) Chrome/114.0.0.0 Safari/537.36"
185.216.113.70 - - [23/Apr/2026:15:12:17 +0300] "POST /wp-cron.php?doing_wp_cron=1776946337.2495579719543457031250 HTTP/1.1" 200 448 "-" "WordPress/6.3.8; https://serhatburke.miroglu.net"
193.36.38.226 - - [23/Apr/2026:15:11:35 +0300] "GET /ernteertrag-wie-unser-prasentation-hinein-einem-casino-test-abschneidet/ HTTP/1.1" 200 71144 "-" "Mozilla/5.0 (Windows NT 10.0; rv:109.0) Gecko/20100101 Firefox/115.0"
178.175.140.149 - - [23/Apr/2026:15:11:37 +0300] "POST /xmlrpc.php HTTP/1.1" 200 630 "-" "Mozilla/5.0 (Windows NT 10.0; Win64; x64) AppleWebKit/537.36 (KHTML, like Gecko) Chrome/114.0.0.0 Safari/537.36"
96.44.154.147 - - [23/Apr/2026:15:11:38 +0300] "GET /the-fresh-martingale-means-means-you-to-double-their-bets-after-every-losses/ HTTP/1.1" 200 72358 "-" "Mozilla/5.0 (Windows NT 10.0; Win64; x64) AppleWebKit/537.36 (KHTML, like Gecko) Chrome/124.0.0.0 Safari/537.36"
103.219.169.213 - - [23/Apr/2026:15:11:49 +0300] "POST /xmlrpc.php HTTP/1.1" 200 12172 "-" "Mozilla/5.0 (Windows NT 10.0; Win64; x64) AppleWebKit/537.36 (KHTML, like Gecko) Chrome/114.0.0.0 Safari/537.36"
128.1.227.247 - - [23/Apr/2026:15:11:55 +0300] "POST /xmlrpc.php HTTP/1.1" 200 630 "-" "Mozilla/5.0 (Windows NT 10.0; Win64; x64) AppleWebKit/537.36 (KHTML, like Gecko) Chrome/114.0.0.0 Safari/537.36"
96.44.154.147 - - [23/Apr/2026:15:11:56 +0300] "POST /xmlrpc.php HTTP/1.1" 200 9341 "-" "Mozilla/5.0 (Windows NT 10.0; Win64; x64) AppleWebKit/537.36 (KHTML, like Gecko) Chrome/114.0.0.0 Safari/537.36"
178.175.140.149 - - [23/Apr/2026:15:11:57 +0300] "GET /100-percent-free-processor-chip-no-deposit-local-casino-thst-deal-with-british-people-%D7%98%D7%99-%D7%95%D7%99-%D7%A4%D7%95%D7%99%D7%A0%D7%98-%D7%94%D7%9E%D7%A8%D7%9B%D7%96-%D7%9C%D7%9B%D7%95%D7%A8/ HTTP/1.1" 200 78718 "-" "Mozilla/5.0 (Windows NT 10.0; Win64; x64; rv:125.0) Gecko/20100101 Firefox/125.0"
98.98.9.26 - - [23/Apr/2026:15:12:03 +0300] "POST /xmlrpc.php HTTP/1.1" 200 630 "-" "Mozilla/5.0 (Windows NT 10.0; Win64; x64) AppleWebKit/537.36 (KHTML, like Gecko) Chrome/114.0.0.0 Safari/537.36"
96.44.154.147 - - [23/Apr/2026:15:12:06 +0300] "POST /xmlrpc.php HTTP/1.1" 200 630 "-" "Mozilla/5.0 (Windows NT 10.0; Win64; x64) AppleWebKit/537.36 (KHTML, like Gecko) Chrome/114.0.0.0 Safari/537.36"
178.175.140.149 - - [23/Apr/2026:15:12:25 +0300] "POST /xmlrpc.php HTTP/1.1" 200 9440 "-" "Mozilla/5.0 (Windows NT 10.0; Win64; x64) AppleWebKit/537.36 (KHTML, like Gecko) Chrome/114.0.0.0 Safari/537.36"
185.216.113.70 - - [23/Apr/2026:15:13:26 +0300] "POST /wp-cron.php?doing_wp_cron=1776946406.2572479248046875000000 HTTP/1.1" 200 448 "-" "WordPress/6.3.8; https://serhatburke.miroglu.net"
103.219.169.213 - - [23/Apr/2026:15:12:38 +0300] "GET /ein-fesselndes-diamond-dogs-spielautomaten-verbunden-spielerlebnis-in-brd/ HTTP/1.1" 200 74032 "-" "Mozilla/5.0 (Windows NT 10.0; Win64; x64) AppleWebKit/537.36 (KHTML, like Gecko) Chrome/123.0.0.0 Safari/537.36"
185.216.113.70 - - [23/Apr/2026:15:13:32 +0300] "POST /wp-cron.php?doing_wp_cron=1776946412.4482018947601318359375 HTTP/1.1" 200 448 "-" "WordPress/6.3.8; https://serhatburke.miroglu.net"
178.175.140.149 - - [23/Apr/2026:15:12:43 +0300] "POST /xmlrpc.php HTTP/1.1" 200 630 "-" "Mozilla/5.0 (Windows NT 10.0; Win64; x64) AppleWebKit/537.36 (KHTML, like Gecko) Chrome/114.0.0.0 Safari/537.36"
185.216.113.70 - - [23/Apr/2026:15:13:48 +0300] "POST /wp-cron.php?doing_wp_cron=1776946428.1439030170440673828125 HTTP/1.1" 200 448 "-" "WordPress/6.3.8; https://serhatburke.miroglu.net"
96.44.154.147 - - [23/Apr/2026:15:12:53 +0300] "GET /the-standard-of-game-play-must-be-the-exact-same-no-matter-what-the-fresh-new-game-try-accessed/ HTTP/1.1" 200 71365 "-" "Mozilla/5.0 (Windows NT 10.0; Win64; x64) AppleWebKit/537.36 (KHTML, like Gecko) Chrome/122.0.0.0 Safari/537.36"
185.216.113.70 - - [23/Apr/2026:15:13:50 +0300] "POST /wp-cron.php?doing_wp_cron=1776946430.7478609085083007812500 HTTP/1.1" 200 448 "-" "WordPress/6.3.8; https://serhatburke.miroglu.net"
128.1.227.247 - - [23/Apr/2026:15:12:57 +0300] "POST /xmlrpc.php HTTP/1.1" 200 9914 "-" "Mozilla/5.0 (Windows NT 10.0; Win64; x64) AppleWebKit/537.36 (KHTML, like Gecko) Chrome/114.0.0.0 Safari/537.36"
185.216.113.70 - - [23/Apr/2026:15:14:03 +0300] "POST /wp-cron.php?doing_wp_cron=1776946442.7628779411315917968750 HTTP/1.1" 200 448 "-" "WordPress/6.3.8; https://serhatburke.miroglu.net"
96.44.154.147 - - [23/Apr/2026:15:13:05 +0300] "POST /xmlrpc.php HTTP/1.1" 200 11887 "-" "Mozilla/5.0 (Windows NT 10.0; Win64; x64) AppleWebKit/537.36 (KHTML, like Gecko) Chrome/114.0.0.0 Safari/537.36"
40.77.167.241 - - [23/Apr/2026:15:13:16 +0300] "GET /age-the-fresh-gods-opinion-large-jackpots-to-the-mobile-2026/ HTTP/2" 200 0 "-" "Mozilla/5.0 AppleWebKit/537.36 (KHTML, like Gecko; compatible; bingbot/2.0; +http://www.bing.com/bingbot.htm) Chrome/116.0.1938.76 Safari/537.36"
185.216.113.70 - - [23/Apr/2026:15:14:06 +0300] "POST /wp-cron.php?doing_wp_cron=1776946446.1495389938354492187500 HTTP/1.1" 200 448 "-" "WordPress/6.3.8; https://serhatburke.miroglu.net"
98.98.9.26 - - [23/Apr/2026:15:13:06 +0300] "POST /xmlrpc.php HTTP/1.1" 200 10020 "-" "Mozilla/5.0 (Windows NT 10.0; Win64; x64) AppleWebKit/537.36 (KHTML, like Gecko) Chrome/114.0.0.0 Safari/537.36"
185.216.113.70 - - [23/Apr/2026:15:14:09 +0300] "POST /wp-cron.php?doing_wp_cron=1776946449.6764070987701416015625 HTTP/1.1" 200 448 "-" "WordPress/6.3.8; https://serhatburke.miroglu.net"
96.44.154.147 - - [23/Apr/2026:15:13:05 +0300] "POST /xmlrpc.php HTTP/1.1" 200 630 "-" "Mozilla/5.0 (Windows NT 10.0; Win64; x64) AppleWebKit/537.36 (KHTML, like Gecko) Chrome/114.0.0.0 Safari/537.36"
40.77.167.132 - - [23/Apr/2026:15:13:21 +0300] "GET /kraken-bezopasnye-ssylki-dlia-vkhoda-v-darknet-2026-3/ HTTP/2" 200 0 "-" "Mozilla/5.0 AppleWebKit/537.36 (KHTML, like Gecko; compatible; bingbot/2.0; +http://www.bing.com/bingbot.htm) Chrome/116.0.1938.76 Safari/537.36"
185.216.113.70 - - [23/Apr/2026:15:14:18 +0300] "POST /wp-cron.php?doing_wp_cron=1776946458.1668210029602050781250 HTTP/1.1" 200 448 "-" "WordPress/6.3.8; https://serhatburke.miroglu.net"
178.175.140.149 - - [23/Apr/2026:15:13:13 +0300] "GET /paypal-casinos-2026-best-casinos-on-the-internet-acknowledging-paypal/ HTTP/1.1" 200 71065 "-" "Mozilla/5.0 (Windows NT 10.0; rv:109.0) Gecko/20100101 Firefox/115.0"
40.77.167.132 - - [23/Apr/2026:15:14:19 +0300] "GET /tiradas-de-primebetz-codigo-de-promocion-balde-sobre-casinos-online-2026-giros-sin-cargo-sin-tanque/ HTTP/2" 200 0 "-" "Mozilla/5.0 AppleWebKit/537.36 (KHTML, like Gecko; compatible; bingbot/2.0; +http://www.bing.com/bingbot.htm) Chrome/116.0.1938.76 Safari/537.36"
128.1.227.247 - - [23/Apr/2026:15:13:52 +0300] "GET /eye-of-horus-mehen-online-casino-provision-angebote-brd-freispiele-casinodeals/ HTTP/1.1" 200 71963 "-" "Mozilla/5.0 (Windows NT 10.0; rv:125.0) Gecko/20100101 Firefox/125.0"
178.175.140.149 - - [23/Apr/2026:15:13:40 +0300] "POST /xmlrpc.php HTTP/1.1" 500 745 "-" "Mozilla/5.0 (Windows NT 10.0; Win64; x64) AppleWebKit/537.36 (KHTML, like Gecko) Chrome/114.0.0.0 Safari/537.36"
178.175.140.149 - - [23/Apr/2026:15:13:50 +0300] "POST /xmlrpc.php HTTP/1.1" 200 630 "-" "Mozilla/5.0 (Windows NT 10.0; Win64; x64) AppleWebKit/537.36 (KHTML, like Gecko) Chrome/114.0.0.0 Safari/537.36"
96.44.154.147 - - [23/Apr/2026:15:13:52 +0300] "POST /xmlrpc.php HTTP/1.1" 200 630 "-" "Mozilla/5.0 (Windows NT 10.0; Win64; x64) AppleWebKit/537.36 (KHTML, like Gecko) Chrome/114.0.0.0 Safari/537.36"
98.98.9.26 - - [23/Apr/2026:15:14:25 +0300] "POST /xmlrpc.php HTTP/1.1" 200 630 "-" "Mozilla/5.0 (Windows NT 10.0; Win64; x64) AppleWebKit/537.36 (KHTML, like Gecko) Chrome/114.0.0.0 Safari/537.36"
96.44.154.147 - - [23/Apr/2026:15:14:04 +0300] "GET /also-a-lot-of-significant-slot-online-game-today-enjoys-an-excellent-megaways-variation/ HTTP/1.1" 500 745 "-" "Mozilla/5.0 (Windows NT 10.0; Win64; x64; rv:125.0) Gecko/20100101 Firefox/125.0"
98.98.9.26 - - [23/Apr/2026:15:14:08 +0300] "GET /multi-peak-online-igt-slots-progressives/ HTTP/1.1" 500 745 "-" "Mozilla/5.0 (Windows NT 10.0; Win64; x64) AppleWebKit/537.36 (KHTML, like Gecko) Chrome/109.0.0.0 Safari/537.36"
96.44.154.147 - - [23/Apr/2026:15:14:16 +0300] "POST /xmlrpc.php HTTP/1.1" 200 9964 "-" "Mozilla/5.0 (Windows NT 10.0; Win64; x64) AppleWebKit/537.36 (KHTML, like Gecko) Chrome/114.0.0.0 Safari/537.36"
185.216.113.70 - - [23/Apr/2026:15:16:28 +0300] "POST /wp-cron.php?doing_wp_cron=1776946587.7404119968414306640625 HTTP/1.1" 200 448 "-" "WordPress/6.3.8; https://serhatburke.miroglu.net"
98.98.197.186 - - [23/Apr/2026:15:14:54 +0300] "POST /xmlrpc.php HTTP/1.1" 200 630 "-" "Mozilla/5.0 (Windows NT 10.0; Win64; x64) AppleWebKit/537.36 (KHTML, like Gecko) Chrome/114.0.0.0 Safari/537.36"
96.44.154.147 - - [23/Apr/2026:15:14:45 +0300] "POST /xmlrpc.php HTTP/1.1" 500 745 "-" "Mozilla/5.0 (Windows NT 10.0; Win64; x64) AppleWebKit/537.36 (KHTML, like Gecko) Chrome/114.0.0.0 Safari/537.36"
185.216.113.70 - - [23/Apr/2026:15:15:34 +0300] "POST /wp-cron.php?doing_wp_cron=1776946534.6558609008789062500000 HTTP/1.1" 200 448 "-" "WordPress/6.3.8; https://serhatburke.miroglu.net"
193.194.106.44 - - [23/Apr/2026:15:14:46 +0300] "GET /robots.txt HTTP/1.1" 500 782 "-" "Mozilla/5.0 (Linux; Android 6.0.1; Nexus 5X Build/MMB29P) AppleWebKit/537.36 (KHTML, like Gecko) Chrome/139.0.7258.156 Mobile Safari/537.36 (compatible; Googlebot/2.1; +http://www.google.com/bot.html)"
178.175.140.149 - - [23/Apr/2026:15:14:52 +0300] "POST /xmlrpc.php HTTP/1.1" 500 745 "-" "Mozilla/5.0 (Windows NT 10.0; Win64; x64) AppleWebKit/537.36 (KHTML, like Gecko) Chrome/114.0.0.0 Safari/537.36"
185.216.113.70 - - [23/Apr/2026:15:15:50 +0300] "POST /wp-cron.php?doing_wp_cron=1776946550.7449190616607666015625 HTTP/1.1" 200 448 "-" "WordPress/6.3.8; https://serhatburke.miroglu.net"
193.36.38.226 - - [23/Apr/2026:15:15:00 +0300] "POST /xmlrpc.php HTTP/1.1" 500 807 "-" "Mozilla/5.0 (Windows NT 10.0; Win64; x64) AppleWebKit/537.36 (KHTML, like Gecko) Chrome/114.0.0.0 Safari/537.36"
193.194.106.44 - - [23/Apr/2026:15:15:06 +0300] "GET /best-sites-ranked/ HTTP/1.1" 500 782 "-" "Mozilla/5.0 (Linux; Android 6.0.1; Nexus 5X Build/MMB29P) AppleWebKit/537.36 (KHTML, like Gecko) Chrome/139.0.7258.156 Mobile Safari/537.36 (compatible; Googlebot/2.1; +http://www.google.com/bot.html)"
193.194.106.44 - - [23/Apr/2026:15:15:10 +0300] "GET /top-100-on-line-casinos-uk-full-record-april-2026/ HTTP/1.1" 500 782 "-" "Mozilla/5.0 (Linux; Android 6.0.1; Nexus 5X Build/MMB29P) AppleWebKit/537.36 (KHTML, like Gecko) Chrome/139.0.7258.156 Mobile Safari/537.36 (compatible; Googlebot/2.1; +http://www.google.com/bot.html)"
66.249.76.77 - - [23/Apr/2026:15:15:18 +0300] "GET /robots.txt HTTP/1.1" 500 782 "-" "Mozilla/5.0 (compatible; Googlebot/2.1; +http://www.google.com/bot.html)"
178.175.140.149 - - [23/Apr/2026:15:15:24 +0300] "POST /xmlrpc.php HTTP/1.1" 200 7957 "-" "Mozilla/5.0 (Windows NT 10.0; Win64; x64) AppleWebKit/537.36 (KHTML, like Gecko) Chrome/114.0.0.0 Safari/537.36"
96.44.154.147 - - [23/Apr/2026:15:15:27 +0300] "POST /xmlrpc.php HTTP/1.1" 500 745 "-" "Mozilla/5.0 (Windows NT 10.0; Win64; x64) AppleWebKit/537.36 (KHTML, like Gecko) Chrome/114.0.0.0 Safari/537.36"
185.216.113.70 - - [23/Apr/2026:15:17:09 +0300] "POST /wp-cron.php?doing_wp_cron=1776946628.9424331188201904296875 HTTP/1.1" 200 448 "-" "WordPress/6.3.8; https://serhatburke.miroglu.net"
103.219.169.213 - - [23/Apr/2026:15:15:31 +0300] "POST /xmlrpc.php HTTP/1.1" 500 745 "-" "Mozilla/5.0 (Windows NT 10.0; Win64; x64) AppleWebKit/537.36 (KHTML, like Gecko) Chrome/114.0.0.0 Safari/537.36"
96.44.154.147 - - [23/Apr/2026:15:15:32 +0300] "POST /xmlrpc.php HTTP/1.1" 500 745 "-" "Mozilla/5.0 (Windows NT 10.0; Win64; x64) AppleWebKit/537.36 (KHTML, like Gecko) Chrome/114.0.0.0 Safari/537.36"
178.175.140.149 - - [23/Apr/2026:15:15:32 +0300] "POST /xmlrpc.php HTTP/1.1" 500 745 "-" "Mozilla/5.0 (Windows NT 10.0; Win64; x64) AppleWebKit/537.36 (KHTML, like Gecko) Chrome/114.0.0.0 Safari/537.36"
128.1.227.247 - - [23/Apr/2026:15:15:32 +0300] "POST /xmlrpc.php HTTP/1.1" 500 745 "-" "Mozilla/5.0 (Windows NT 10.0; Win64; x64) AppleWebKit/537.36 (KHTML, like Gecko) Chrome/114.0.0.0 Safari/537.36"
185.216.113.70 - - [23/Apr/2026:15:17:41 +0300] "POST /wp-cron.php?doing_wp_cron=1776946660.8591051101684570312500 HTTP/1.1" 200 448 "-" "WordPress/6.3.8; https://serhatburke.miroglu.net"
96.44.154.147 - - [23/Apr/2026:15:15:44 +0300] "POST /xmlrpc.php HTTP/1.1" 500 745 "-" "Mozilla/5.0 (Windows NT 10.0; Win64; x64) AppleWebKit/537.36 (KHTML, like Gecko) Chrome/114.0.0.0 Safari/537.36"
98.98.9.26 - - [23/Apr/2026:15:15:48 +0300] "POST /xmlrpc.php HTTP/1.1" 500 745 "-" "Mozilla/5.0 (Windows NT 10.0; Win64; x64) AppleWebKit/537.36 (KHTML, like Gecko) Chrome/114.0.0.0 Safari/537.36"
185.216.113.70 - - [23/Apr/2026:15:17:19 +0300] "POST /wp-cron.php?doing_wp_cron=1776946639.1752600669860839843750 HTTP/1.1" 200 448 "-" "WordPress/6.3.8; https://serhatburke.miroglu.net"
66.249.76.78 - - [23/Apr/2026:15:15:52 +0300] "GET /celebrate-9casino-uk-big-slot-wins-with-us/ HTTP/1.1" 500 782 "-" "Mozilla/5.0 (Linux; Android 6.0.1; Nexus 5X Build/MMB29P) AppleWebKit/537.36 (KHTML, like Gecko) Chrome/146.0.7680.177 Mobile Safari/537.36 (compatible; Googlebot/2.1; +http://www.google.com/bot.html)"
178.175.140.149 - - [23/Apr/2026:15:15:57 +0300] "POST /xmlrpc.php HTTP/1.1" 500 745 "-" "Mozilla/5.0 (Windows NT 10.0; Win64; x64) AppleWebKit/537.36 (KHTML, like Gecko) Chrome/114.0.0.0 Safari/537.36"
98.98.9.26 - - [23/Apr/2026:15:15:59 +0300] "POST /xmlrpc.php HTTP/1.1" 500 745 "-" "Mozilla/5.0 (Windows NT 10.0; Win64; x64) AppleWebKit/537.36 (KHTML, like Gecko) Chrome/114.0.0.0 Safari/537.36"
185.216.113.70 - - [23/Apr/2026:15:18:01 +0300] "POST /wp-cron.php?doing_wp_cron=1776946681.1355071067810058593750 HTTP/1.1" 200 448 "-" "WordPress/6.3.8; https://serhatburke.miroglu.net"
185.216.113.70 - - [23/Apr/2026:15:18:01 +0300] "POST /wp-cron.php?doing_wp_cron=1776946681.5528099536895751953125 HTTP/1.1" 200 448 "-" "WordPress/6.3.8; https://serhatburke.miroglu.net"
96.44.154.147 - - [23/Apr/2026:15:16:01 +0300] "POST /xmlrpc.php HTTP/1.1" 500 745 "-" "Mozilla/5.0 (Windows NT 10.0; Win64; x64) AppleWebKit/537.36 (KHTML, like Gecko) Chrome/114.0.0.0 Safari/537.36"
96.44.154.147 - - [23/Apr/2026:15:16:12 +0300] "POST /xmlrpc.php HTTP/1.1" 500 745 "-" "Mozilla/5.0 (Windows NT 10.0; Win64; x64) AppleWebKit/537.36 (KHTML, like Gecko) Chrome/114.0.0.0 Safari/537.36"
96.44.154.147 - - [23/Apr/2026:15:16:25 +0300] "POST /xmlrpc.php HTTP/1.1" 500 745 "-" "Mozilla/5.0 (Windows NT 10.0; Win64; x64) AppleWebKit/537.36 (KHTML, like Gecko) Chrome/114.0.0.0 Safari/537.36"
98.98.197.186 - - [23/Apr/2026:15:16:34 +0300] "POST /xmlrpc.php HTTP/1.1" 500 745 "-" "Mozilla/5.0 (Windows NT 10.0; Win64; x64) AppleWebKit/537.36 (KHTML, like Gecko) Chrome/114.0.0.0 Safari/537.36"
178.175.140.149 - - [23/Apr/2026:15:16:35 +0300] "POST /xmlrpc.php HTTP/1.1" 500 745 "-" "Mozilla/5.0 (Windows NT 10.0; Win64; x64) AppleWebKit/537.36 (KHTML, like Gecko) Chrome/114.0.0.0 Safari/537.36"
193.36.38.228 - - [23/Apr/2026:15:16:36 +0300] "POST /xmlrpc.php HTTP/1.1" 500 807 "-" "Mozilla/5.0 (Windows NT 10.0; Win64; x64) AppleWebKit/537.36 (KHTML, like Gecko) Chrome/114.0.0.0 Safari/537.36"
98.98.9.26 - - [23/Apr/2026:15:16:46 +0300] "POST /xmlrpc.php HTTP/1.1" 200 630 "-" "Mozilla/5.0 (Windows NT 10.0; Win64; x64) AppleWebKit/537.36 (KHTML, like Gecko) Chrome/114.0.0.0 Safari/537.36"
185.216.113.70 - - [23/Apr/2026:15:18:45 +0300] "POST /wp-cron.php?doing_wp_cron=1776946725.4421219825744628906250 HTTP/1.1" 200 448 "-" "WordPress/6.3.8; https://serhatburke.miroglu.net"
178.175.140.149 - - [23/Apr/2026:15:16:46 +0300] "POST /xmlrpc.php HTTP/1.1" 500 745 "-" "Mozilla/5.0 (Windows NT 10.0; Win64; x64) AppleWebKit/537.36 (KHTML, like Gecko) Chrome/114.0.0.0 Safari/537.36"
185.216.113.70 - - [23/Apr/2026:15:18:44 +0300] "POST /wp-cron.php?doing_wp_cron=1776946724.3511230945587158203125 HTTP/1.1" 200 448 "-" "WordPress/6.3.8; https://serhatburke.miroglu.net"
193.36.38.226 - - [23/Apr/2026:15:16:48 +0300] "POST /xmlrpc.php HTTP/1.1" 500 807 "-" "Mozilla/5.0 (Windows NT 10.0; Win64; x64) AppleWebKit/537.36 (KHTML, like Gecko) Chrome/114.0.0.0 Safari/537.36"
96.44.154.147 - - [23/Apr/2026:15:16:55 +0300] "POST /xmlrpc.php HTTP/1.1" 500 745 "-" "Mozilla/5.0 (Windows NT 10.0; Win64; x64) AppleWebKit/537.36 (KHTML, like Gecko) Chrome/114.0.0.0 Safari/537.36"
178.175.140.149 - - [23/Apr/2026:15:17:04 +0300] "GET /?p=130261 HTTP/1.1" 500 745 "-" "Mozilla/5.0 (Windows NT 10.0; Win64; x64) AppleWebKit/537.36 (KHTML, like Gecko) Chrome/123.0.0.0 Safari/537.36 OPR/109.0.0.0"
96.44.154.147 - - [23/Apr/2026:15:17:07 +0300] "POST /xmlrpc.php HTTP/1.1" 500 745 "-" "Mozilla/5.0 (Windows NT 10.0; Win64; x64) AppleWebKit/537.36 (KHTML, like Gecko) Chrome/114.0.0.0 Safari/537.36"
103.219.169.213 - - [23/Apr/2026:15:17:11 +0300] "POST /xmlrpc.php HTTP/1.1" 500 745 "-" "Mozilla/5.0 (Windows NT 10.0; Win64; x64) AppleWebKit/537.36 (KHTML, like Gecko) Chrome/114.0.0.0 Safari/537.36"
178.175.140.149 - - [23/Apr/2026:15:17:16 +0300] "POST /xmlrpc.php HTTP/1.1" 500 745 "-" "Mozilla/5.0 (Windows NT 10.0; Win64; x64) AppleWebKit/537.36 (KHTML, like Gecko) Chrome/114.0.0.0 Safari/537.36"
96.44.154.147 - - [23/Apr/2026:15:17:18 +0300] "POST /xmlrpc.php HTTP/1.1" 500 745 "-" "Mozilla/5.0 (Windows NT 10.0; Win64; x64) AppleWebKit/537.36 (KHTML, like Gecko) Chrome/114.0.0.0 Safari/537.36"
178.175.140.149 - - [23/Apr/2026:15:17:27 +0300] "POST /xmlrpc.php HTTP/1.1" 500 745 "-" "Mozilla/5.0 (Windows NT 10.0; Win64; x64) AppleWebKit/537.36 (KHTML, like Gecko) Chrome/114.0.0.0 Safari/537.36"
178.175.140.149 - - [23/Apr/2026:15:17:39 +0300] "POST /xmlrpc.php HTTP/1.1" 500 745 "-" "Mozilla/5.0 (Windows NT 10.0; Win64; x64) AppleWebKit/537.36 (KHTML, like Gecko) Chrome/114.0.0.0 Safari/537.36"
96.44.154.147 - - [23/Apr/2026:15:17:42 +0300] "GET /?p=130263 HTTP/1.1" 500 745 "-" "Mozilla/5.0 (Windows NT 10.0; Win64; x64) AppleWebKit/537.36 (KHTML, like Gecko) Chrome/122.0.0.0 Safari/537.36"
98.98.9.26 - - [23/Apr/2026:15:17:45 +0300] "POST /xmlrpc.php HTTP/1.1" 500 745 "-" "Mozilla/5.0 (Windows NT 10.0; Win64; x64) AppleWebKit/537.36 (KHTML, like Gecko) Chrome/114.0.0.0 Safari/537.36"
96.44.154.147 - - [23/Apr/2026:15:17:53 +0300] "POST /xmlrpc.php HTTP/1.1" 500 745 "-" "Mozilla/5.0 (Windows NT 10.0; Win64; x64) AppleWebKit/537.36 (KHTML, like Gecko) Chrome/114.0.0.0 Safari/537.36"
193.36.38.228 - - [23/Apr/2026:15:18:16 +0300] "POST /xmlrpc.php HTTP/1.1" 500 807 "-" "Mozilla/5.0 (Windows NT 10.0; Win64; x64) AppleWebKit/537.36 (KHTML, like Gecko) Chrome/114.0.0.0 Safari/537.36"
193.36.38.226 - - [23/Apr/2026:15:18:18 +0300] "POST /xmlrpc.php HTTP/1.1" 500 807 "-" "Mozilla/5.0 (Windows NT 10.0; Win64; x64) AppleWebKit/537.36 (KHTML, like Gecko) Chrome/114.0.0.0 Safari/537.36"
98.98.197.186 - - [23/Apr/2026:15:18:19 +0300] "POST /xmlrpc.php HTTP/1.1" 500 745 "-" "Mozilla/5.0 (Windows NT 10.0; Win64; x64) AppleWebKit/537.36 (KHTML, like Gecko) Chrome/114.0.0.0 Safari/537.36"
98.98.9.26 - - [23/Apr/2026:15:18:26 +0300] "POST /xmlrpc.php HTTP/1.1" 500 745 "-" "Mozilla/5.0 (Windows NT 10.0; Win64; x64) AppleWebKit/537.36 (KHTML, like Gecko) Chrome/114.0.0.0 Safari/537.36"
178.175.140.149 - - [23/Apr/2026:15:18:27 +0300] "POST /xmlrpc.php HTTP/1.1" 500 745 "-" "Mozilla/5.0 (Windows NT 10.0; Win64; x64) AppleWebKit/537.36 (KHTML, like Gecko) Chrome/114.0.0.0 Safari/537.36"
96.44.154.147 - - [23/Apr/2026:15:18:35 +0300] "POST /xmlrpc.php HTTP/1.1" 500 745 "-" "Mozilla/5.0 (Windows NT 10.0; Win64; x64) AppleWebKit/537.36 (KHTML, like Gecko) Chrome/114.0.0.0 Safari/537.36"
185.216.113.70 - - [23/Apr/2026:15:20:43 +0300] "POST /wp-cron.php?doing_wp_cron=1776946843.3760609626770019531250 HTTP/1.1" 200 448 "-" "WordPress/6.3.8; https://serhatburke.miroglu.net"
178.175.140.149 - - [23/Apr/2026:15:19:02 +0300] "POST /xmlrpc.php HTTP/1.1" 200 8216 "-" "Mozilla/5.0 (Windows NT 10.0; Win64; x64) AppleWebKit/537.36 (KHTML, like Gecko) Chrome/114.0.0.0 Safari/537.36"
185.216.113.70 - - [23/Apr/2026:15:20:46 +0300] "POST /wp-cron.php?doing_wp_cron=1776946845.8628759384155273437500 HTTP/1.1" 200 448 "-" "WordPress/6.3.8; https://serhatburke.miroglu.net"
178.175.140.149 - - [23/Apr/2026:15:18:48 +0300] "POST /xmlrpc.php HTTP/1.1" 200 861 "-" "Mozilla/5.0 (Windows NT 10.0; Win64; x64) AppleWebKit/537.36 (KHTML, like Gecko) Chrome/114.0.0.0 Safari/537.36"
185.216.113.70 - - [23/Apr/2026:15:20:59 +0300] "POST /wp-cron.php?doing_wp_cron=1776946859.1549320220947265625000 HTTP/1.1" 200 448 "-" "WordPress/6.3.8; https://serhatburke.miroglu.net"
96.44.154.147 - - [23/Apr/2026:15:19:03 +0300] "POST /xmlrpc.php HTTP/1.1" 200 8793 "-" "Mozilla/5.0 (Windows NT 10.0; Win64; x64) AppleWebKit/537.36 (KHTML, like Gecko) Chrome/114.0.0.0 Safari/537.36"
185.216.113.70 - - [23/Apr/2026:15:21:00 +0300] "POST /wp-cron.php?doing_wp_cron=1776946860.3951048851013183593750 HTTP/1.1" 200 448 "-" "WordPress/6.3.8; https://serhatburke.miroglu.net"
98.98.9.26 - - [23/Apr/2026:15:19:25 +0300] "GET /?p=130269 HTTP/1.1" 301 695 "-" "Mozilla/5.0 (Windows NT 10.0; Win64; x64; rv:125.0) Gecko/20100101 Firefox/125.0"
185.216.113.70 - - [23/Apr/2026:15:21:04 +0300] "POST /wp-cron.php?doing_wp_cron=1776946864.3521759510040283203125 HTTP/1.1" 200 448 "-" "WordPress/6.3.8; https://serhatburke.miroglu.net"
96.44.154.147 - - [23/Apr/2026:15:19:22 +0300] "POST /xmlrpc.php HTTP/1.1" 200 861 "-" "Mozilla/5.0 (Windows NT 10.0; Win64; x64) AppleWebKit/537.36 (KHTML, like Gecko) Chrome/114.0.0.0 Safari/537.36"
185.216.113.70 - - [23/Apr/2026:15:21:19 +0300] "POST /wp-cron.php?doing_wp_cron=1776946879.6382319927215576171875 HTTP/1.1" 200 448 "-" "WordPress/6.3.8; https://serhatburke.miroglu.net"
193.36.38.226 - - [23/Apr/2026:15:19:58 +0300] "POST /xmlrpc.php HTTP/1.1" 500 1164 "-" "Mozilla/5.0 (Windows NT 10.0; Win64; x64) AppleWebKit/537.36 (KHTML, like Gecko) Chrome/114.0.0.0 Safari/537.36"
185.216.113.70 - - [23/Apr/2026:15:21:42 +0300] "POST /wp-cron.php?doing_wp_cron=1776946901.8549489974975585937500 HTTP/1.1" 200 448 "-" "WordPress/6.3.8; https://serhatburke.miroglu.net"
185.216.113.70 - - [23/Apr/2026:15:21:42 +0300] "POST /wp-cron.php?doing_wp_cron=1776946901.9405779838562011718750 HTTP/1.1" 200 448 "-" "WordPress/6.3.8; https://serhatburke.miroglu.net"
98.98.9.26 - - [23/Apr/2026:15:20:11 +0300] "POST /xmlrpc.php HTTP/1.1" 200 9471 "-" "Mozilla/5.0 (Windows NT 10.0; Win64; x64) AppleWebKit/537.36 (KHTML, like Gecko) Chrome/114.0.0.0 Safari/537.36"
98.98.197.186 - - [23/Apr/2026:15:19:59 +0300] "GET /?p=130271 HTTP/1.1" 301 679 "-" "Mozilla/5.0 (Windows NT 10.0; Win64; x64) AppleWebKit/537.36 (KHTML, like Gecko) Chrome/123.0.0.0 Safari/537.36"
52.167.144.190 - - [23/Apr/2026:15:21:14 +0300] "GET /pochemu-otsenka-neopredelennosti-zavisit-pod-vlijaniem-nastroenija/ HTTP/2" 200 0 "-" "Mozilla/5.0 AppleWebKit/537.36 (KHTML, like Gecko; compatible; bingbot/2.0; +http://www.bing.com/bingbot.htm) Chrome/116.0.1938.76 Safari/537.36"
52.167.144.190 - - [23/Apr/2026:15:21:17 +0300] "GET /spiludbydere-2026-de-oscar-spin-paloggingsapp-bedste-casinospil-udbydere-inne-i-danmark/ HTTP/2" 200 0 "-" "Mozilla/5.0 AppleWebKit/537.36 (KHTML, like Gecko; compatible; bingbot/2.0; +http://www.bing.com/bingbot.htm) Chrome/116.0.1938.76 Safari/537.36"
185.216.113.70 - - [23/Apr/2026:15:22:15 +0300] "POST /wp-cron.php?doing_wp_cron=1776946935.1551249027252197265625 HTTP/1.1" 200 448 "-" "WordPress/6.3.8; https://serhatburke.miroglu.net"
178.175.140.149 - - [23/Apr/2026:15:20:42 +0300] "GET /?p=130265 HTTP/1.1" 301 643 "-" "Mozilla/5.0 (Windows NT 10.0; Win64; x64) AppleWebKit/537.36 (KHTML, like Gecko) Chrome/123.0.0.0 Safari/537.36"
185.216.113.70 - - [23/Apr/2026:15:22:33 +0300] "POST /wp-cron.php?doing_wp_cron=1776946953.1865410804748535156250 HTTP/1.1" 200 448 "-" "WordPress/6.3.8; https://serhatburke.miroglu.net"
96.44.154.147 - - [23/Apr/2026:15:20:44 +0300] "GET /?p=130267 HTTP/1.1" 301 698 "-" "Mozilla/5.0 (Windows NT 10.0; Win64; x64) AppleWebKit/537.36 (KHTML, like Gecko) Chrome/124.0.0.0 Safari/537.36 Edg/124.0.0.0"
185.216.113.70 - - [23/Apr/2026:15:22:54 +0300] "POST /wp-cron.php?doing_wp_cron=1776946974.3509299755096435546875 HTTP/1.1" 200 448 "-" "WordPress/6.3.8; https://serhatburke.miroglu.net"
98.98.9.26 - - [23/Apr/2026:15:21:04 +0300] "GET /contrast-our-spin-palace-casino-no-deposit-bonus-codes-very-own-discounts-account-and-use-on-the-internet/ HTTP/1.1" 200 72078 "-" "Mozilla/5.0 (Windows NT 10.0; Win64; x64; rv:125.0) Gecko/20100101 Firefox/125.0"
98.98.9.26 - - [23/Apr/2026:15:21:05 +0300] "POST /xmlrpc.php HTTP/1.1" 500 745 "-" "Mozilla/5.0 (Windows NT 10.0; Win64; x64) AppleWebKit/537.36 (KHTML, like Gecko) Chrome/114.0.0.0 Safari/537.36"
193.194.106.44 - - [23/Apr/2026:15:21:07 +0300] "GET /robots.txt HTTP/1.1" 500 782 "-" "Mozilla/5.0 (Linux; Android 6.0.1; Nexus 5X Build/MMB29P) AppleWebKit/537.36 (KHTML, like Gecko) Chrome/139.0.7258.156 Mobile Safari/537.36 (compatible; Googlebot/2.1; +http://www.google.com/bot.html)"
52.167.144.190 - - [23/Apr/2026:15:22:21 +0300] "GET /graj-za-darmo-jak-i-rowniez-z-brakiem-depozytu-zerknij-na-hiperlacze-po-6000-gierek-hazardowych-przez-internet/ HTTP/2" 200 0 "-" "Mozilla/5.0 AppleWebKit/537.36 (KHTML, like Gecko; compatible; bingbot/2.0; +http://www.bing.com/bingbot.htm) Chrome/116.0.1938.76 Safari/537.36"
185.216.113.70 - - [23/Apr/2026:15:23:13 +0300] "POST /wp-cron.php?doing_wp_cron=1776946993.4438300132751464843750 HTTP/1.1" 200 448 "-" "WordPress/6.3.8; https://serhatburke.miroglu.net"
193.194.106.44 - - [23/Apr/2026:15:21:27 +0300] "GET /the-evolution-of-on-line-slot-gaming-from-basic-reels-to-progressive-themes/ HTTP/1.1" 500 782 "-" "Mozilla/5.0 (Linux; Android 6.0.1; Nexus 5X Build/MMB29P) AppleWebKit/537.36 (KHTML, like Gecko) Chrome/139.0.7258.156 Mobile Safari/537.36 (compatible; Googlebot/2.1; +http://www.google.com/bot.html)"
185.216.113.70 - - [23/Apr/2026:15:23:35 +0300] "POST /wp-cron.php?doing_wp_cron=1776947015.2580740451812744140625 HTTP/1.1" 200 448 "-" "WordPress/6.3.8; https://serhatburke.miroglu.net"
98.98.197.186 - - [23/Apr/2026:15:21:39 +0300] "POST /xmlrpc.php HTTP/1.1" 200 627 "-" "Mozilla/5.0 (Windows NT 10.0; Win64; x64) AppleWebKit/537.36 (KHTML, like Gecko) Chrome/114.0.0.0 Safari/537.36"
98.98.197.186 - - [23/Apr/2026:15:21:44 +0300] "GET /online-indian-dreaming-casino-slots-games-approach-useful-guide-to-optimize-harbors-gains/ HTTP/1.1" 500 745 "-" "Mozilla/5.0 (Windows NT 10.0; Win64; x64) AppleWebKit/537.36 (KHTML, like Gecko) Chrome/123.0.0.0 Safari/537.36"
98.98.9.26 - - [23/Apr/2026:15:21:44 +0300] "GET /happy-zodiac-casino-lucky-ladys-charm-slot-slot-games-%E1%97%8E-enjoy-100-percent-free-gambling-enterprise-video-game-online-by-amatic-markets/ HTTP/1.1" 500 745 "-" "Mozilla/5.0 (Windows NT 10.0; Win64; x64) AppleWebKit/537.36 (KHTML, like Gecko) Chrome/123.0.0.0 Safari/537.36 OPR/109.0.0.0"
185.216.113.70 - - [23/Apr/2026:15:23:46 +0300] "POST /wp-cron.php?doing_wp_cron=1776947025.9558560848236083984375 HTTP/1.1" 200 448 "-" "WordPress/6.3.8; https://serhatburke.miroglu.net"
52.167.144.190 - - [23/Apr/2026:15:23:20 +0300] "GET /yahoo-and-google-pay-nordea-casino-online-stufenlos-erreichbar-begleichen-in-geschaften-retournieren-und-geld-zusenden/ HTTP/2" 200 0 "-" "Mozilla/5.0 AppleWebKit/537.36 (KHTML, like Gecko; compatible; bingbot/2.0; +http://www.bing.com/bingbot.htm) Chrome/116.0.1938.76 Safari/537.36"
178.175.140.149 - - [23/Apr/2026:15:22:17 +0300] "GET /play-in-the-spinbit-on-line-casino-bien-au-join-today/ HTTP/1.1" 500 745 "-" "Mozilla/5.0 (Windows NT 10.0; Win64; x64) AppleWebKit/537.36 (KHTML, like Gecko) Chrome/123.0.0.0 Safari/537.36"
185.216.113.70 - - [23/Apr/2026:15:24:22 +0300] "POST /wp-cron.php?doing_wp_cron=1776947062.5423750877380371093750 HTTP/1.1" 200 448 "-" "WordPress/6.3.8; https://serhatburke.miroglu.net"
96.44.154.147 - - [23/Apr/2026:15:22:23 +0300] "POST /xmlrpc.php HTTP/1.1" 200 861 "-" "Mozilla/5.0 (Windows NT 10.0; Win64; x64) AppleWebKit/537.36 (KHTML, like Gecko) Chrome/114.0.0.0 Safari/537.36"
185.216.113.70 - - [23/Apr/2026:15:24:22 +0300] "POST /wp-cron.php?doing_wp_cron=1776947062.4542129039764404296875 HTTP/1.1" 200 448 "-" "WordPress/6.3.8; https://serhatburke.miroglu.net"
178.175.140.149 - - [23/Apr/2026:15:22:22 +0300] "POST /xmlrpc.php HTTP/1.1" 500 745 "-" "Mozilla/5.0 (Windows NT 10.0; Win64; x64) AppleWebKit/537.36 (KHTML, like Gecko) Chrome/114.0.0.0 Safari/537.36"
185.216.113.70 - - [23/Apr/2026:15:22:25 +0300] "GET / HTTP/1.1" 200 19990 "-" "WordPress/6.3.8; https://serhatburke.miroglu.net"
185.216.113.70 - - [23/Apr/2026:15:22:30 +0300] "GET / HTTP/1.1" 500 745 "-" "WordPress/6.3.8; https://serhatburke.miroglu.net"
185.216.113.70 - - [23/Apr/2026:15:24:31 +0300] "POST /wp-cron.php?doing_wp_cron=1776947071.5471990108489990234375 HTTP/1.1" 200 448 "-" "WordPress/6.3.8; https://serhatburke.miroglu.net"
96.44.154.147 - - [23/Apr/2026:15:22:36 +0300] "GET /when-you-signup-on-the-web-roulette-gambling-enterprises-you-also-have-the-chance-to-allege-bonus-now-offers/ HTTP/1.1" 200 72053 "-" "Mozilla/5.0 (Windows NT 10.0; Win64; x64) AppleWebKit/537.36 (KHTML, like Gecko) Chrome/124.0.0.0 Safari/537.36 Edg/124.0.0.0"
185.216.113.70 - - [23/Apr/2026:15:24:55 +0300] "POST /wp-cron.php?doing_wp_cron=1776947095.1301870346069335937500 HTTP/1.1" 200 448 "-" "WordPress/6.3.8; https://serhatburke.miroglu.net"
98.98.197.186 - - [23/Apr/2026:15:23:11 +0300] "POST /xmlrpc.php HTTP/1.1" 200 630 "-" "Mozilla/5.0 (Windows NT 10.0; Win64; x64) AppleWebKit/537.36 (KHTML, like Gecko) Chrome/114.0.0.0 Safari/537.36"
185.216.113.70 - - [23/Apr/2026:15:25:07 +0300] "POST /wp-cron.php?doing_wp_cron=1776947107.8381590843200683593750 HTTP/1.1" 200 448 "-" "WordPress/6.3.8; https://serhatburke.miroglu.net"
98.98.9.26 - - [23/Apr/2026:15:23:24 +0300] "POST /xmlrpc.php HTTP/1.1" 200 861 "-" "Mozilla/5.0 (Windows NT 10.0; Win64; x64) AppleWebKit/537.36 (KHTML, like Gecko) Chrome/114.0.0.0 Safari/537.36"
52.167.144.190 - - [23/Apr/2026:15:24:20 +0300] "GET /so-wahlst-du-bitcoin-oder-krypto-live-blackjack-tische-as-part-of-cloudbet-aufgebraucht/ HTTP/2" 200 0 "-" "Mozilla/5.0 AppleWebKit/537.36 (KHTML, like Gecko; compatible; bingbot/2.0; +http://www.bing.com/bingbot.htm) Chrome/116.0.1938.76 Safari/537.36"
185.216.113.70 - - [23/Apr/2026:15:25:18 +0300] "POST /wp-cron.php?doing_wp_cron=1776947118.0431621074676513671875 HTTP/1.1" 200 448 "-" "WordPress/6.3.8; https://serhatburke.miroglu.net"
165.73.242.7 - - [23/Apr/2026:15:23:33 +0300] "POST /xmlrpc.php HTTP/1.1" 200 630 "-" "Mozilla/5.0 (Windows NT 10.0; Win64; x64) AppleWebKit/537.36 (KHTML, like Gecko) Chrome/114.0.0.0 Safari/537.36"
185.216.113.70 - - [23/Apr/2026:15:26:08 +0300] "POST /wp-cron.php?doing_wp_cron=1776947168.4532630443572998046875 HTTP/1.1" 200 448 "-" "WordPress/6.3.8; https://serhatburke.miroglu.net"
165.140.118.5 - - [23/Apr/2026:15:24:14 +0300] "GET /zotabet-casino-bonus-premier-depot-2026/ HTTP/1.1" 200 18531 "https://serhatburke.miroglu.net/" "Mozilla/5.0 (X11; Ubuntu; Linux x86_64; rv:114.0) Gecko/20100101 Firefox/114.0"
185.216.113.70 - - [23/Apr/2026:15:26:18 +0300] "POST /wp-cron.php?doing_wp_cron=1776947178.1450469493865966796875 HTTP/1.1" 200 448 "-" "WordPress/6.3.8; https://serhatburke.miroglu.net"
185.216.113.70 - - [23/Apr/2026:15:26:40 +0300] "POST /wp-cron.php?doing_wp_cron=1776947200.0300021171569824218750 HTTP/1.1" 200 448 "-" "WordPress/6.3.8; https://serhatburke.miroglu.net"
185.216.113.70 - - [23/Apr/2026:15:24:52 +0300] "GET / HTTP/1.1" 200 19990 "-" "WordPress/6.3.8; https://serhatburke.miroglu.net"
165.140.118.5 - - [23/Apr/2026:15:24:44 +0300] "GET /zotabet-casino-bonus-premier-depot-2026/ HTTP/1.1" 500 782 "https://serhatburke.miroglu.net/" "Mozilla/5.0 (X11; Ubuntu; Linux x86_64; rv:114.0) Gecko/20100101 Firefox/114.0"
185.216.113.70 - - [23/Apr/2026:15:26:46 +0300] "POST /wp-cron.php?doing_wp_cron=1776947206.8391389846801757812500 HTTP/1.1" 200 448 "-" "WordPress/6.3.8; https://serhatburke.miroglu.net"
185.216.113.70 - - [23/Apr/2026:15:24:51 +0300] "GET / HTTP/1.1" 200 10756 "-" "WordPress/6.3.8; https://serhatburke.miroglu.net"
98.98.197.186 - - [23/Apr/2026:15:24:51 +0300] "POST /xmlrpc.php HTTP/1.1" 500 745 "-" "Mozilla/5.0 (Windows NT 10.0; Win64; x64) AppleWebKit/537.36 (KHTML, like Gecko) Chrome/114.0.0.0 Safari/537.36"
185.216.113.70 - - [23/Apr/2026:15:24:56 +0300] "GET / HTTP/1.1" 500 745 "-" "WordPress/6.3.8; https://serhatburke.miroglu.net"
185.216.113.70 - - [23/Apr/2026:15:24:57 +0300] "GET / HTTP/1.1" 500 745 "-" "WordPress/6.3.8; https://serhatburke.miroglu.net"
165.73.242.7 - - [23/Apr/2026:15:25:13 +0300] "POST /xmlrpc.php HTTP/1.1" 500 745 "-" "Mozilla/5.0 (Windows NT 10.0; Win64; x64) AppleWebKit/537.36 (KHTML, like Gecko) Chrome/114.0.0.0 Safari/537.36"
165.140.118.5 - - [23/Apr/2026:15:25:15 +0300] "GET /zotabet-casino-bonus-premier-depot-2026/ HTTP/1.1" 500 782 "https://serhatburke.miroglu.net/" "Mozilla/5.0 (X11; Ubuntu; Linux x86_64; rv:114.0) Gecko/20100101 Firefox/114.0"
185.216.113.70 - - [23/Apr/2026:15:25:22 +0300] "GET / HTTP/1.1" 500 745 "-" "WordPress/6.3.8; https://serhatburke.miroglu.net"
185.216.113.70 - - [23/Apr/2026:15:25:27 +0300] "GET / HTTP/1.1" 500 745 "-" "WordPress/6.3.8; https://serhatburke.miroglu.net"
185.216.113.70 - - [23/Apr/2026:15:27:35 +0300] "POST /wp-cron.php?doing_wp_cron=1776947255.2338049411773681640625 HTTP/1.1" 200 448 "-" "WordPress/6.3.8; https://serhatburke.miroglu.net"
40.77.167.155 - - [23/Apr/2026:15:26:48 +0300] "GET /%D8%AF%D9%88%D8%B1%D8%A7%D8%AA-%D9%85%D8%AC%D8%A7%D9%86%D9%8A%D8%A9-%D8%AA%D9%85%D8%A7%D9%85%D9%8B%D8%A7-%D8%A8%D8%AF%D9%88%D9%86-%D8%A5%D9%8A%D8%AF%D8%A7%D8%B9%D8%8C-%D8%AD%D9%88%D8%A7%D9%81%D8%B2/ HTTP/2" 200 0 "-" "Mozilla/5.0 AppleWebKit/537.36 (KHTML, like Gecko; compatible; bingbot/2.0; +http://www.bing.com/bingbot.htm) Chrome/116.0.1938.76 Safari/537.36"
52.167.144.190 - - [23/Apr/2026:15:26:52 +0300] "GET /greatest-online-slots-games-to-play-inside-the-2026-apollo-games-casino-games-the-greatest-guide-to-ports/ HTTP/2" 200 0 "-" "Mozilla/5.0 AppleWebKit/537.36 (KHTML, like Gecko; compatible; bingbot/2.0; +http://www.bing.com/bingbot.htm) Chrome/116.0.1938.76 Safari/537.36"
52.167.144.234 - - [23/Apr/2026:15:26:52 +0300] "GET /brennandi-ahugi-obilandi-velgengni-hugmyndir-um-hvernig-a-ad-na-spilaviti-an-innborgunar-vulkan-spiele-ollu-sem-thu-vilt-i-raun-og-veru/ HTTP/2" 200 0 "-" "Mozilla/5.0 AppleWebKit/537.36 (KHTML, like Gecko; compatible; bingbot/2.0; +http://www.bing.com/bingbot.htm) Chrome/116.0.1938.76 Safari/537.36"
