200.25.47.118 - - [24/Apr/2026:04:24:51 +0300] "GET /%E0%A6%95%E0%A6%BE%E0%A6%A8%E0%A6%BE%E0%A6%A1%E0%A6%BE%E0%A6%AF%E0%A6%BC-%E0%A7%A8%E0%A7%A6%E0%A7%A8%E0%A7%AC-%E0%A6%B8%E0%A6%BE%E0%A6%B2%E0%A7%87%E0%A6%B0-%E0%A6%B8%E0%A7%87%E0%A6%B0%E0%A6%BE/ HTTP/1.1" 200 89711 "-" "Mozilla/5.0 (Windows NT 10.0; Win64; x64) AppleWebKit/537.36 (KHTML, like Gecko) Chrome/123.0.0.0 Safari/537.36 OPR/109.0.0.0"
98.98.19.210 - - [24/Apr/2026:04:25:10 +0300] "POST /xmlrpc.php HTTP/1.1" 200 630 "-" "Mozilla/5.0 (Windows NT 10.0; Win64; x64) AppleWebKit/537.36 (KHTML, like Gecko) Chrome/114.0.0.0 Safari/537.36"
185.216.113.70 - - [24/Apr/2026:04:25:38 +0300] "POST /wp-cron.php?doing_wp_cron=1776993938.5350289344787597656250 HTTP/1.1" 200 448 "-" "WordPress/6.3.8; https://serhatburke.miroglu.net"
66.249.76.78 - - [24/Apr/2026:04:25:25 +0300] "GET /robots.txt HTTP/1.1" 200 719 "-" "Mozilla/5.0 (compatible; Googlebot/2.1; +http://www.google.com/bot.html)"
98.98.19.210 - - [24/Apr/2026:04:25:29 +0300] "POST /xmlrpc.php HTTP/1.1" 200 11528 "-" "Mozilla/5.0 (Windows NT 10.0; Win64; x64) AppleWebKit/537.36 (KHTML, like Gecko) Chrome/114.0.0.0 Safari/537.36"
193.36.38.226 - - [24/Apr/2026:04:25:39 +0300] "POST /xmlrpc.php HTTP/1.1" 200 692 "-" "Mozilla/5.0 (Windows NT 10.0; Win64; x64) AppleWebKit/537.36 (KHTML, like Gecko) Chrome/114.0.0.0 Safari/537.36"
98.98.19.210 - - [24/Apr/2026:04:25:46 +0300] "GET /the-brand-new-two-hundred-free-revolves-no-deposit-2026-big-time-gaming-casino-games-done-list/ HTTP/1.1" 200 75226 "-" "Mozilla/5.0 (Windows NT 10.0; Win64; x64) AppleWebKit/537.36 (KHTML, like Gecko) Chrome/124.0.0.0 Safari/537.36 Edg/124.0.0.0"
157.22.47.59 - - [24/Apr/2026:04:25:57 +0300] "GET / HTTP/2" 200 20270 "-" "Mozilla/5.0 (Macintosh; Intel Mac OS X 10_15_7) AppleWebKit/537.36 (KHTML, like Gecko) Chrome/120.0.0.0 Safari/537.36"
193.36.38.226 - - [24/Apr/2026:04:26:02 +0300] "POST /xmlrpc.php HTTP/1.1" 200 11381 "-" "Mozilla/5.0 (Windows NT 10.0; Win64; x64) AppleWebKit/537.36 (KHTML, like Gecko) Chrome/114.0.0.0 Safari/537.36"
193.36.38.226 - - [24/Apr/2026:04:26:14 +0300] "GET /ten-no-deposit-added-bonus-within-2up-local-casino-april-04-2026-606181/ HTTP/1.1" 200 74699 "-" "Mozilla/5.0 (Windows NT 10.0; Win64; x64) AppleWebKit/537.36 (KHTML, like Gecko) Chrome/123.0.0.0 Safari/537.36"
185.216.113.70 - - [24/Apr/2026:04:26:50 +0300] "POST /wp-cron.php?doing_wp_cron=1776994010.1258020401000976562500 HTTP/1.1" 200 448 "-" "WordPress/6.3.8; https://serhatburke.miroglu.net"
98.98.19.210 - - [24/Apr/2026:04:26:38 +0300] "POST /xmlrpc.php HTTP/1.1" 200 630 "-" "Mozilla/5.0 (Windows NT 10.0; Win64; x64) AppleWebKit/537.36 (KHTML, like Gecko) Chrome/114.0.0.0 Safari/537.36"
98.98.19.210 - - [24/Apr/2026:04:26:56 +0300] "POST /xmlrpc.php HTTP/1.1" 200 11030 "-" "Mozilla/5.0 (Windows NT 10.0; Win64; x64) AppleWebKit/537.36 (KHTML, like Gecko) Chrome/114.0.0.0 Safari/537.36"
62.12.119.249 - - [24/Apr/2026:04:26:59 +0300] "POST /xmlrpc.php HTTP/1.1" 200 630 "-" "Mozilla/5.0 (Windows NT 10.0; Win64; x64) AppleWebKit/537.36 (KHTML, like Gecko) Chrome/114.0.0.0 Safari/537.36"
98.98.19.210 - - [24/Apr/2026:04:27:13 +0300] "GET /we-speed-casino-betbright-mobile-the-best-pokies-on-line-to-play-now/ HTTP/1.1" 200 74137 "-" "Mozilla/5.0 (Windows NT 10.0; rv:125.0) Gecko/20100101 Firefox/125.0"
185.216.113.70 - - [24/Apr/2026:04:27:40 +0300] "POST /wp-cron.php?doing_wp_cron=1776994060.6685230731964111328125 HTTP/1.1" 200 448 "-" "WordPress/6.3.8; https://serhatburke.miroglu.net"
62.12.119.249 - - [24/Apr/2026:04:27:21 +0300] "POST /xmlrpc.php HTTP/1.1" 200 12293 "-" "Mozilla/5.0 (Windows NT 10.0; Win64; x64) AppleWebKit/537.36 (KHTML, like Gecko) Chrome/114.0.0.0 Safari/537.36"
66.249.73.1 - - [24/Apr/2026:04:27:21 +0300] "GET /robots.txt HTTP/1.1" 200 719 "-" "Mozilla/5.0 (compatible; Googlebot/2.1; +http://www.google.com/bot.html)"
66.249.76.64 - - [24/Apr/2026:04:27:23 +0300] "GET /page-1162/ HTTP/1.1" 200 122449 "-" "Mozilla/5.0 (Linux; Android 6.0.1; Nexus 5X Build/MMB29P) AppleWebKit/537.36 (KHTML, like Gecko) Chrome/146.0.7680.177 Mobile Safari/537.36 (compatible; Googlebot/2.1; +http://www.google.com/bot.html)"
66.249.76.77 - - [24/Apr/2026:04:27:48 +0300] "GET /wp-content/plugins/contact-form-7/includes/js/index.js?ver=5.8 HTTP/1.1" 200 4546 "https://serhatburke.miroglu.net/page-1162/" "Mozilla/5.0 (Linux; Android 6.0.1; Nexus 5X Build/MMB29P) AppleWebKit/537.36 (KHTML, like Gecko) Chrome/146.0.7680.177 Mobile Safari/537.36 (compatible; Googlebot/2.1; +http://www.google.com/bot.html)"
62.12.119.249 - - [24/Apr/2026:04:27:41 +0300] "GET /mighty-black-knight-mythic-maiden-jackpot-ranura-slots-demo-de-balde-tratar-bananas-go-bahamas-recursos-real-asi-como-sus-particulares-lark-official-website/ HTTP/1.1" 200 78013 "-" "Mozilla/5.0 (Windows NT 10.0; Win64; x64) AppleWebKit/537.36 (KHTML, like Gecko) Chrome/124.0.0.0 Safari/537.36 Edg/124.0.0.0"
66.249.73.14 - - [24/Apr/2026:04:27:55 +0300] "GET /wp-content/plugins/contact-form-7/includes/js/index.js?ver=5.8 HTTP/1.1" 200 4546 "https://serhatburke.miroglu.net/page-1162/" "Mozilla/5.0 (Linux; Android 6.0.1; Nexus 5X Build/MMB29P) AppleWebKit/537.36 (KHTML, like Gecko) Chrome/146.0.7680.177 Mobile Safari/537.36 (compatible; Googlebot/2.1; +http://www.google.com/bot.html)"
98.98.197.195 - - [24/Apr/2026:04:27:53 +0300] "POST /xmlrpc.php HTTP/1.1" 200 630 "-" "Mozilla/5.0 (Windows NT 10.0; Win64; x64) AppleWebKit/537.36 (KHTML, like Gecko) Chrome/114.0.0.0 Safari/537.36"
66.249.76.78 - - [24/Apr/2026:04:28:06 +0300] "GET /page-1162/undefined?ts=1775520000 HTTP/1.1" 200 0 "https://serhatburke.miroglu.net/page-1162/" "Mozilla/5.0 (Linux; Android 6.0.1; Nexus 5X Build/MMB29P) AppleWebKit/537.36 (KHTML, like Gecko) Chrome/146.0.7680.177 Mobile Safari/537.36 (compatible; Googlebot/2.1; +http://www.google.com/bot.html)"
185.216.113.70 - - [24/Apr/2026:04:28:22 +0300] "POST /wp-cron.php?doing_wp_cron=1776994102.0416378974914550781250 HTTP/1.1" 200 448 "-" "WordPress/6.3.8; https://serhatburke.miroglu.net"
98.98.19.210 - - [24/Apr/2026:04:28:12 +0300] "POST /xmlrpc.php HTTP/1.1" 200 630 "-" "Mozilla/5.0 (Windows NT 10.0; Win64; x64) AppleWebKit/537.36 (KHTML, like Gecko) Chrome/114.0.0.0 Safari/537.36"
98.98.197.195 - - [24/Apr/2026:04:28:12 +0300] "POST /xmlrpc.php HTTP/1.1" 200 12386 "-" "Mozilla/5.0 (Windows NT 10.0; Win64; x64) AppleWebKit/537.36 (KHTML, like Gecko) Chrome/114.0.0.0 Safari/537.36"
98.98.197.195 - - [24/Apr/2026:04:28:31 +0300] "GET /bezplatne-automaty-do-kasyna-z-betsoft-gierami-zabawy-wyjawszy-rejestracji-sieciowy/ HTTP/1.1" 200 76713 "-" "Mozilla/5.0 (Windows NT 10.0; rv:125.0) Gecko/20100101 Firefox/125.0"
98.98.19.210 - - [24/Apr/2026:04:28:37 +0300] "POST /xmlrpc.php HTTP/1.1" 200 10389 "-" "Mozilla/5.0 (Windows NT 10.0; Win64; x64) AppleWebKit/537.36 (KHTML, like Gecko) Chrome/114.0.0.0 Safari/537.36"
185.216.113.70 - - [24/Apr/2026:04:29:04 +0300] "POST /wp-cron.php?doing_wp_cron=1776994144.4857859611511230468750 HTTP/1.1" 200 448 "-" "WordPress/6.3.8; https://serhatburke.miroglu.net"
98.98.19.210 - - [24/Apr/2026:04:28:51 +0300] "GET /gamble-free-pounds-santa-slot-mobile-cool-cat-casino-machine-game-on-the-internet-force-betting-game/ HTTP/1.1" 200 74604 "-" "Mozilla/5.0 (Windows NT 10.0; Win64; x64) AppleWebKit/537.36 (KHTML, like Gecko) Chrome/124.0.0.0 Safari/537.36"
62.12.119.249 - - [24/Apr/2026:04:28:53 +0300] "POST /xmlrpc.php HTTP/1.1" 200 630 "-" "Mozilla/5.0 (Windows NT 10.0; Win64; x64) AppleWebKit/537.36 (KHTML, like Gecko) Chrome/114.0.0.0 Safari/537.36"
62.12.119.249 - - [24/Apr/2026:04:29:12 +0300] "POST /xmlrpc.php HTTP/1.1" 200 12768 "-" "Mozilla/5.0 (Windows NT 10.0; Win64; x64) AppleWebKit/537.36 (KHTML, like Gecko) Chrome/114.0.0.0 Safari/537.36"
62.12.119.249 - - [24/Apr/2026:04:29:26 +0300] "GET /tragamonedas-isoftbet-tragamonedas-de-video-de-balde/ HTTP/1.1" 200 75996 "-" "Mozilla/5.0 (Windows NT 10.0; Win64; x64) AppleWebKit/537.36 (KHTML, like Gecko) Chrome/123.0.0.0 Safari/537.36"
185.216.113.70 - - [24/Apr/2026:04:29:40 +0300] "POST /wp-cron.php?doing_wp_cron=1776994180.7106380462646484375000 HTTP/1.1" 200 448 "-" "WordPress/6.3.8; https://serhatburke.miroglu.net"
66.249.73.14 - - [24/Apr/2026:04:29:28 +0300] "GET /page-1162/ HTTP/1.1" 200 122442 "-" "Mozilla/5.0 (Linux; Android 6.0.1; Nexus 5X Build/MMB29P) AppleWebKit/537.36 (KHTML, like Gecko) Chrome/146.0.7680.177 Mobile Safari/537.36 (compatible; Googlebot/2.1; +http://www.google.com/bot.html)"
98.98.19.210 - - [24/Apr/2026:04:29:43 +0300] "POST /xmlrpc.php HTTP/1.1" 200 630 "-" "Mozilla/5.0 (Windows NT 10.0; Win64; x64) AppleWebKit/537.36 (KHTML, like Gecko) Chrome/114.0.0.0 Safari/537.36"
66.249.76.77 - - [24/Apr/2026:04:29:45 +0300] "GET /robots.txt HTTP/1.1" 200 719 "-" "Mozilla/5.0 (compatible; Googlebot/2.1; +http://www.google.com/bot.html)"
185.216.113.70 - - [24/Apr/2026:04:30:22 +0300] "POST /wp-cron.php?doing_wp_cron=1776994222.1617450714111328125000 HTTP/1.1" 200 448 "-" "WordPress/6.3.8; https://serhatburke.miroglu.net"
98.98.19.210 - - [24/Apr/2026:04:30:06 +0300] "POST /xmlrpc.php HTTP/1.1" 200 10011 "-" "Mozilla/5.0 (Windows NT 10.0; Win64; x64) AppleWebKit/537.36 (KHTML, like Gecko) Chrome/114.0.0.0 Safari/537.36"
66.249.73.14 - - [24/Apr/2026:04:30:18 +0300] "GET /page-1162/undefined?ts=1775520000 HTTP/1.1" 200 0 "https://serhatburke.miroglu.net/page-1162/" "Mozilla/5.0 (Linux; Android 6.0.1; Nexus 5X Build/MMB29P) AppleWebKit/537.36 (KHTML, like Gecko) Chrome/146.0.7680.177 Mobile Safari/537.36 (compatible; Googlebot/2.1; +http://www.google.com/bot.html)"
62.12.119.249 - - [24/Apr/2026:04:30:10 +0300] "POST /xmlrpc.php HTTP/1.1" 200 630 "-" "Mozilla/5.0 (Windows NT 10.0; Win64; x64) AppleWebKit/537.36 (KHTML, like Gecko) Chrome/114.0.0.0 Safari/537.36"
52.167.144.238 - - [24/Apr/2026:04:30:17 +0300] "GET /la-zone-experience-et-jeux-interactifs-casino-de-51/ HTTP/2" 200 266387 "-" "Mozilla/5.0 AppleWebKit/537.36 (KHTML, like Gecko; compatible; bingbot/2.0; +http://www.bing.com/bingbot.htm) Chrome/116.0.1938.76 Safari/537.36"
52.167.144.166 - - [24/Apr/2026:04:30:24 +0300] "GET /kraken-bezopasnye-sposoby-vkhoda-v-darknet-2026-4/ HTTP/2" 200 18359 "-" "Mozilla/5.0 AppleWebKit/537.36 (KHTML, like Gecko; compatible; bingbot/2.0; +http://www.bing.com/bingbot.htm) Chrome/116.0.1938.76 Safari/537.36"
98.98.19.210 - - [24/Apr/2026:04:30:23 +0300] "GET /120-totally-free-exclusive-casino-register-spins-for-real-money-the-brand-new-incentives/ HTTP/1.1" 200 73782 "-" "Mozilla/5.0 (Windows NT 10.0; rv:125.0) Gecko/20100101 Firefox/125.0"
52.167.144.166 - - [24/Apr/2026:04:30:28 +0300] "GET /uzijte-aplikace-playfortuna-si-thunderstruck-diky-microgamingu-100-zdarma-pro-kasino-pearls/ HTTP/2" 200 17955 "-" "Mozilla/5.0 AppleWebKit/537.36 (KHTML, like Gecko; compatible; bingbot/2.0; +http://www.bing.com/bingbot.htm) Chrome/116.0.1938.76 Safari/537.36"
62.12.119.249 - - [24/Apr/2026:04:30:40 +0300] "POST /xmlrpc.php HTTP/1.1" 200 12053 "-" "Mozilla/5.0 (Windows NT 10.0; Win64; x64) AppleWebKit/537.36 (KHTML, like Gecko) Chrome/114.0.0.0 Safari/537.36"
62.12.119.249 - - [24/Apr/2026:04:31:06 +0300] "GET /juga-juego-de-tragamonedas-choy-sun-doa-a-los-tragamonedas-de-balde-referente-a-de-cualquier-parte-del-mundo/ HTTP/1.1" 200 76348 "-" "Mozilla/5.0 (Windows NT 10.0; Win64; x64) AppleWebKit/537.36 (KHTML, like Gecko) Chrome/123.0.0.0 Safari/537.36"
98.98.19.210 - - [24/Apr/2026:04:31:11 +0300] "POST /xmlrpc.php HTTP/1.1" 200 630 "-" "Mozilla/5.0 (Windows NT 10.0; Win64; x64) AppleWebKit/537.36 (KHTML, like Gecko) Chrome/114.0.0.0 Safari/537.36"
185.216.113.70 - - [24/Apr/2026:04:31:49 +0300] "POST /wp-cron.php?doing_wp_cron=1776994309.2489109039306640625000 HTTP/1.1" 200 448 "-" "WordPress/6.3.8; https://serhatburke.miroglu.net"
98.98.19.210 - - [24/Apr/2026:04:31:30 +0300] "POST /xmlrpc.php HTTP/1.1" 200 10808 "-" "Mozilla/5.0 (Windows NT 10.0; Win64; x64) AppleWebKit/537.36 (KHTML, like Gecko) Chrome/114.0.0.0 Safari/537.36"
193.36.38.226 - - [24/Apr/2026:04:31:32 +0300] "POST /xmlrpc.php HTTP/1.1" 200 692 "-" "Mozilla/5.0 (Windows NT 10.0; Win64; x64) AppleWebKit/537.36 (KHTML, like Gecko) Chrome/114.0.0.0 Safari/537.36"
62.12.119.249 - - [24/Apr/2026:04:31:32 +0300] "POST /xmlrpc.php HTTP/1.1" 200 630 "-" "Mozilla/5.0 (Windows NT 10.0; Win64; x64) AppleWebKit/537.36 (KHTML, like Gecko) Chrome/114.0.0.0 Safari/537.36"
98.98.19.210 - - [24/Apr/2026:04:31:50 +0300] "GET /minimal-baywatch-real-money-country/ HTTP/1.1" 200 72971 "-" "Mozilla/5.0 (Windows NT 10.0; Win64; x64) AppleWebKit/537.36 (KHTML, like Gecko) Chrome/124.0.0.0 Safari/537.36"
193.36.38.226 - - [24/Apr/2026:04:31:55 +0300] "POST /xmlrpc.php HTTP/1.1" 200 11604 "-" "Mozilla/5.0 (Windows NT 10.0; Win64; x64) AppleWebKit/537.36 (KHTML, like Gecko) Chrome/114.0.0.0 Safari/537.36"
62.12.119.249 - - [24/Apr/2026:04:31:57 +0300] "POST /xmlrpc.php HTTP/1.1" 200 11560 "-" "Mozilla/5.0 (Windows NT 10.0; Win64; x64) AppleWebKit/537.36 (KHTML, like Gecko) Chrome/114.0.0.0 Safari/537.36"
193.36.38.226 - - [24/Apr/2026:04:32:15 +0300] "GET /appeal-necessary-cloudflare/ HTTP/1.1" 200 73818 "-" "Mozilla/5.0 (Windows NT 10.0; Win64; x64) AppleWebKit/537.36 (KHTML, like Gecko) Chrome/123.0.0.0 Safari/537.36"
62.12.119.249 - - [24/Apr/2026:04:32:19 +0300] "GET /tragamonedas-slot-de-casino-300-shields-regalado-referente-a-espana-soluciona-slots-online-carente-liberar/ HTTP/1.1" 200 76137 "-" "Mozilla/5.0 (Windows NT 10.0; Win64; x64) AppleWebKit/537.36 (KHTML, like Gecko) Chrome/123.0.0.0 Safari/537.36"
185.216.113.70 - - [24/Apr/2026:04:32:50 +0300] "POST /wp-cron.php?doing_wp_cron=1776994370.5219440460205078125000 HTTP/1.1" 200 448 "-" "WordPress/6.3.8; https://serhatburke.miroglu.net"
98.98.19.210 - - [24/Apr/2026:04:32:38 +0300] "POST /xmlrpc.php HTTP/1.1" 200 630 "-" "Mozilla/5.0 (Windows NT 10.0; Win64; x64) AppleWebKit/537.36 (KHTML, like Gecko) Chrome/114.0.0.0 Safari/537.36"
62.12.119.249 - - [24/Apr/2026:04:32:45 +0300] "POST /xmlrpc.php HTTP/1.1" 200 630 "-" "Mozilla/5.0 (Windows NT 10.0; Win64; x64) AppleWebKit/537.36 (KHTML, like Gecko) Chrome/114.0.0.0 Safari/537.36"
98.98.19.210 - - [24/Apr/2026:04:32:57 +0300] "POST /xmlrpc.php HTTP/1.1" 200 10462 "-" "Mozilla/5.0 (Windows NT 10.0; Win64; x64) AppleWebKit/537.36 (KHTML, like Gecko) Chrome/114.0.0.0 Safari/537.36"
62.12.119.249 - - [24/Apr/2026:04:33:05 +0300] "POST /xmlrpc.php HTTP/1.1" 200 12278 "-" "Mozilla/5.0 (Windows NT 10.0; Win64; x64) AppleWebKit/537.36 (KHTML, like Gecko) Chrome/114.0.0.0 Safari/537.36"
98.98.19.210 - - [24/Apr/2026:04:33:12 +0300] "GET /australian-play-myths-of-bastet-no-deposit-extra-rules-2026/ HTTP/1.1" 200 73608 "-" "Mozilla/5.0 (Windows NT 10.0; rv:125.0) Gecko/20100101 Firefox/125.0"
62.12.119.249 - - [24/Apr/2026:04:33:20 +0300] "GET /30-giros-gratuito-desprovisto-tanque-mejores-bonos-casino-golden-goddess-marzo/ HTTP/1.1" 200 75667 "-" "Mozilla/5.0 (Windows NT 10.0; Win64; x64) AppleWebKit/537.36 (KHTML, like Gecko) Chrome/123.0.0.0 Safari/537.36"
185.216.113.70 - - [24/Apr/2026:04:34:09 +0300] "POST /wp-cron.php?doing_wp_cron=1776994449.6824970245361328125000 HTTP/1.1" 200 448 "-" "WordPress/6.3.8; https://serhatburke.miroglu.net"
62.12.119.249 - - [24/Apr/2026:04:33:51 +0300] "POST /xmlrpc.php HTTP/1.1" 200 630 "-" "Mozilla/5.0 (Windows NT 10.0; Win64; x64) AppleWebKit/537.36 (KHTML, like Gecko) Chrome/114.0.0.0 Safari/537.36"
98.98.19.210 - - [24/Apr/2026:04:34:07 +0300] "POST /xmlrpc.php HTTP/1.1" 200 630 "-" "Mozilla/5.0 (Windows NT 10.0; Win64; x64) AppleWebKit/537.36 (KHTML, like Gecko) Chrome/114.0.0.0 Safari/537.36"
62.12.119.249 - - [24/Apr/2026:04:34:16 +0300] "POST /xmlrpc.php HTTP/1.1" 200 12595 "-" "Mozilla/5.0 (Windows NT 10.0; Win64; x64) AppleWebKit/537.36 (KHTML, like Gecko) Chrome/114.0.0.0 Safari/537.36"
185.216.113.70 - - [24/Apr/2026:04:35:09 +0300] "POST /wp-cron.php?doing_wp_cron=1776994509.1398589611053466796875 HTTP/1.1" 200 448 "-" "WordPress/6.3.8; https://serhatburke.miroglu.net"
98.98.19.210 - - [24/Apr/2026:04:34:32 +0300] "POST /xmlrpc.php HTTP/1.1" 200 10861 "-" "Mozilla/5.0 (Windows NT 10.0; Win64; x64) AppleWebKit/537.36 (KHTML, like Gecko) Chrome/114.0.0.0 Safari/537.36"
52.167.144.166 - - [24/Apr/2026:04:34:33 +0300] "GET /acabamento-aviator-online-jogue-demo-e-classifique-2026/ HTTP/2" 200 20121 "-" "Mozilla/5.0 AppleWebKit/537.36 (KHTML, like Gecko; compatible; bingbot/2.0; +http://www.bing.com/bingbot.htm) Chrome/116.0.1938.76 Safari/537.36"
52.167.144.175 - - [24/Apr/2026:04:34:37 +0300] "GET /quick-enjoy-bonuses-casino-ladylucks-play-tournaments-2026/ HTTP/2" 200 18999 "-" "Mozilla/5.0 AppleWebKit/537.36 (KHTML, like Gecko; compatible; bingbot/2.0; +http://www.bing.com/bingbot.htm) Chrome/116.0.1938.76 Safari/537.36"
40.77.167.78 - - [24/Apr/2026:04:34:42 +0300] "GET /hursa-svenska-sprake-ice-casino-satsning-regleringar-stoder-inloggningsmetoder-innan-leon-casino/ HTTP/2" 200 18332 "-" "Mozilla/5.0 AppleWebKit/537.36 (KHTML, like Gecko; compatible; bingbot/2.0; +http://www.bing.com/bingbot.htm) Chrome/116.0.1938.76 Safari/537.36"
62.12.119.249 - - [24/Apr/2026:04:34:44 +0300] "GET /soluciona-ranura-ming-dynasty-en-32178-tragaperras-sin-cargo-sobre-chile/ HTTP/1.1" 200 75838 "-" "Mozilla/5.0 (Windows NT 10.0; Win64; x64) AppleWebKit/537.36 (KHTML, like Gecko) Chrome/123.0.0.0 Safari/537.36"
62.12.119.249 - - [24/Apr/2026:04:34:48 +0300] "POST /xmlrpc.php HTTP/1.1" 200 630 "-" "Mozilla/5.0 (Windows NT 10.0; Win64; x64) AppleWebKit/537.36 (KHTML, like Gecko) Chrome/114.0.0.0 Safari/537.36"
98.98.19.210 - - [24/Apr/2026:04:35:11 +0300] "GET /respin-joker-81-xmas-slot-review-play-for-100-percent-free-5-deposit-casino-shamans-dream-today/ HTTP/1.1" 200 74687 "-" "Mozilla/5.0 (Windows NT 10.0; Win64; x64) AppleWebKit/537.36 (KHTML, like Gecko) Chrome/124.0.0.0 Safari/537.36"
52.167.144.175 - - [24/Apr/2026:04:35:23 +0300] "GET /enhancing-trading-decisions-with-dexscreener-features/ HTTP/2" 200 17905 "-" "Mozilla/5.0 AppleWebKit/537.36 (KHTML, like Gecko; compatible; bingbot/2.0; +http://www.bing.com/bingbot.htm) Chrome/116.0.1938.76 Safari/537.36"
40.77.167.78 - - [24/Apr/2026:04:35:28 +0300] "GET /play-gorgeous-as-the-hades-for-free-otherwise-which-have-real-money-on-the-internet/ HTTP/2" 200 19396 "-" "Mozilla/5.0 AppleWebKit/537.36 (KHTML, like Gecko; compatible; bingbot/2.0; +http://www.bing.com/bingbot.htm) Chrome/116.0.1938.76 Safari/537.36"
62.12.119.249 - - [24/Apr/2026:04:35:29 +0300] "POST /xmlrpc.php HTTP/1.1" 200 11826 "-" "Mozilla/5.0 (Windows NT 10.0; Win64; x64) AppleWebKit/537.36 (KHTML, like Gecko) Chrome/114.0.0.0 Safari/537.36"
98.98.19.210 - - [24/Apr/2026:04:35:31 +0300] "POST /xmlrpc.php HTTP/1.1" 200 630 "-" "Mozilla/5.0 (Windows NT 10.0; Win64; x64) AppleWebKit/537.36 (KHTML, like Gecko) Chrome/114.0.0.0 Safari/537.36"
185.216.113.70 - - [24/Apr/2026:04:36:04 +0300] "POST /wp-cron.php?doing_wp_cron=1776994563.9231660366058349609375 HTTP/1.1" 200 448 "-" "WordPress/6.3.8; https://serhatburke.miroglu.net"
62.12.119.249 - - [24/Apr/2026:04:35:48 +0300] "POST /xmlrpc.php HTTP/1.1" 200 630 "-" "Mozilla/5.0 (Windows NT 10.0; Win64; x64) AppleWebKit/537.36 (KHTML, like Gecko) Chrome/114.0.0.0 Safari/537.36"
62.12.119.249 - - [24/Apr/2026:04:35:56 +0300] "GET /descubre-por-que-ha-fuente-del-articulo-sido-trascendente-cleopatra/ HTTP/1.1" 200 75154 "-" "Mozilla/5.0 (Windows NT 10.0; Win64; x64) AppleWebKit/537.36 (KHTML, like Gecko) Chrome/123.0.0.0 Safari/537.36"
98.98.19.210 - - [24/Apr/2026:04:36:02 +0300] "POST /xmlrpc.php HTTP/1.1" 200 10988 "-" "Mozilla/5.0 (Windows NT 10.0; Win64; x64) AppleWebKit/537.36 (KHTML, like Gecko) Chrome/114.0.0.0 Safari/537.36"
62.12.119.249 - - [24/Apr/2026:04:36:10 +0300] "POST /xmlrpc.php HTTP/1.1" 200 11281 "-" "Mozilla/5.0 (Windows NT 10.0; Win64; x64) AppleWebKit/537.36 (KHTML, like Gecko) Chrome/114.0.0.0 Safari/537.36"
98.98.19.210 - - [24/Apr/2026:04:36:23 +0300] "GET /enjoy-free-slot-online-bingo-live-dealer-real-money-online-game-to-get-dollars-honours/ HTTP/1.1" 200 74516 "-" "Mozilla/5.0 (Windows NT 10.0; Win64; x64; rv:125.0) Gecko/20100101 Firefox/125.0"
185.216.113.70 - - [24/Apr/2026:04:36:41 +0300] "POST /wp-cron.php?doing_wp_cron=1776994601.1885290145874023437500 HTTP/1.1" 200 448 "-" "WordPress/6.3.8; https://serhatburke.miroglu.net"
62.12.119.249 - - [24/Apr/2026:04:36:28 +0300] "GET /juegos-sobre-slots-gratuito-en-bier-haus-bonificacion-del-casino-internet-demo-slots-desprovisto-tanque/ HTTP/1.1" 200 75565 "-" "Mozilla/5.0 (Windows NT 10.0; Win64; x64) AppleWebKit/537.36 (KHTML, like Gecko) Chrome/123.0.0.0 Safari/537.36 OPR/109.0.0.0"
62.12.119.249 - - [24/Apr/2026:04:36:41 +0300] "POST /xmlrpc.php HTTP/1.1" 200 630 "-" "Mozilla/5.0 (Windows NT 10.0; Win64; x64) AppleWebKit/537.36 (KHTML, like Gecko) Chrome/114.0.0.0 Safari/537.36"
98.98.197.195 - - [24/Apr/2026:04:36:44 +0300] "POST /xmlrpc.php HTTP/1.1" 200 630 "-" "Mozilla/5.0 (Windows NT 10.0; Win64; x64) AppleWebKit/537.36 (KHTML, like Gecko) Chrome/114.0.0.0 Safari/537.36"
185.216.113.70 - - [24/Apr/2026:04:37:17 +0300] "POST /wp-cron.php?doing_wp_cron=1776994637.1135439872741699218750 HTTP/1.1" 200 448 "-" "WordPress/6.3.8; https://serhatburke.miroglu.net"
193.36.38.226 - - [24/Apr/2026:04:36:59 +0300] "POST /xmlrpc.php HTTP/1.1" 200 692 "-" "Mozilla/5.0 (Windows NT 10.0; Win64; x64) AppleWebKit/537.36 (KHTML, like Gecko) Chrome/114.0.0.0 Safari/537.36"
98.98.19.210 - - [24/Apr/2026:04:36:59 +0300] "POST /xmlrpc.php HTTP/1.1" 200 630 "-" "Mozilla/5.0 (Windows NT 10.0; Win64; x64) AppleWebKit/537.36 (KHTML, like Gecko) Chrome/114.0.0.0 Safari/537.36"
62.12.119.249 - - [24/Apr/2026:04:37:05 +0300] "POST /xmlrpc.php HTTP/1.1" 200 11357 "-" "Mozilla/5.0 (Windows NT 10.0; Win64; x64) AppleWebKit/537.36 (KHTML, like Gecko) Chrome/114.0.0.0 Safari/537.36"
98.98.197.195 - - [24/Apr/2026:04:37:08 +0300] "POST /xmlrpc.php HTTP/1.1" 200 13109 "-" "Mozilla/5.0 (Windows NT 10.0; Win64; x64) AppleWebKit/537.36 (KHTML, like Gecko) Chrome/114.0.0.0 Safari/537.36"
38.180.157.14 - - [24/Apr/2026:04:37:16 +0300] "POST /xmlrpc.php HTTP/2" 200 0 "-" "Mozilla/5.0 (X11; Linux x86_64) AppleWebKit/537.36 (KHTML, like Gecko) Chrome/120.0.0.0 Safari/537.36"
193.36.38.226 - - [24/Apr/2026:04:37:22 +0300] "POST /xmlrpc.php HTTP/1.1" 200 11741 "-" "Mozilla/5.0 (Windows NT 10.0; Win64; x64) AppleWebKit/537.36 (KHTML, like Gecko) Chrome/114.0.0.0 Safari/537.36"
98.98.19.210 - - [24/Apr/2026:04:37:24 +0300] "POST /xmlrpc.php HTTP/1.1" 200 10914 "-" "Mozilla/5.0 (Windows NT 10.0; Win64; x64) AppleWebKit/537.36 (KHTML, like Gecko) Chrome/114.0.0.0 Safari/537.36"
38.180.157.14 - - [24/Apr/2026:04:37:46 +0300] "POST /xmlrpc.php HTTP/2" 200 0 "-" "Mozilla/5.0 (Windows NT 10.0; Win64; x64; rv:121.0) Gecko/20100101 Firefox/121.0"
62.12.119.249 - - [24/Apr/2026:04:37:34 +0300] "GET /queriendo-probar-regalado-coyote-moon-de-igt-hazlo-cool-buck-ranura-movil-ya/ HTTP/1.1" 200 74978 "-" "Mozilla/5.0 (Windows NT 10.0; Win64; x64; rv:125.0) Gecko/20100101 Firefox/125.0"
185.216.113.70 - - [24/Apr/2026:04:38:20 +0300] "POST /wp-cron.php?doing_wp_cron=1776994700.0058550834655761718750 HTTP/1.1" 200 448 "-" "WordPress/6.3.8; https://serhatburke.miroglu.net"
98.98.197.195 - - [24/Apr/2026:04:37:38 +0300] "GET /internetowego-bf-games-gry-darmowo-i-bez-zarejestrowania-sie/ HTTP/1.1" 200 76748 "-" "Mozilla/5.0 (Windows NT 10.0; rv:125.0) Gecko/20100101 Firefox/125.0"
185.216.113.70 - - [24/Apr/2026:04:38:25 +0300] "POST /wp-cron.php?doing_wp_cron=1776994705.2355210781097412109375 HTTP/1.1" 200 448 "-" "WordPress/6.3.8; https://serhatburke.miroglu.net"
62.12.119.249 - - [24/Apr/2026:04:37:44 +0300] "POST /xmlrpc.php HTTP/1.1" 200 630 "-" "Mozilla/5.0 (Windows NT 10.0; Win64; x64) AppleWebKit/537.36 (KHTML, like Gecko) Chrome/114.0.0.0 Safari/537.36"
185.216.113.70 - - [24/Apr/2026:04:38:30 +0300] "POST /wp-cron.php?doing_wp_cron=1776994710.6091830730438232421875 HTTP/1.1" 200 448 "-" "WordPress/6.3.8; https://serhatburke.miroglu.net"
98.98.197.195 - - [24/Apr/2026:04:37:50 +0300] "POST /xmlrpc.php HTTP/1.1" 200 630 "-" "Mozilla/5.0 (Windows NT 10.0; Win64; x64) AppleWebKit/537.36 (KHTML, like Gecko) Chrome/114.0.0.0 Safari/537.36"
185.216.113.70 - - [24/Apr/2026:04:38:43 +0300] "POST /wp-cron.php?doing_wp_cron=1776994723.6274170875549316406250 HTTP/1.1" 200 448 "-" "WordPress/6.3.8; https://serhatburke.miroglu.net"
193.36.38.226 - - [24/Apr/2026:04:38:01 +0300] "GET /highroller-reload-added-bonus-31-as-much-as-700/ HTTP/1.1" 200 74517 "-" "Mozilla/5.0 (Windows NT 10.0; Win64; x64; rv:124.0) Gecko/20100101 Firefox/124.0"
185.216.113.70 - - [24/Apr/2026:04:38:49 +0300] "POST /wp-cron.php?doing_wp_cron=1776994729.6065049171447753906250 HTTP/1.1" 200 448 "-" "WordPress/6.3.8; https://serhatburke.miroglu.net"
98.98.19.210 - - [24/Apr/2026:04:38:06 +0300] "GET /eleven-black-jack-info-simple-casino-gladiator-slot-tips-to-win-at-the-blackjack/ HTTP/1.1" 200 74332 "-" "Mozilla/5.0 (Windows NT 10.0; Win64; x64; rv:124.0) Gecko/20100101 Firefox/124.0"
38.180.240.102 - - [24/Apr/2026:04:38:25 +0300] "POST /xmlrpc.php HTTP/2" 200 0 "-" "Mozilla/5.0 (Windows NT 10.0; Win64; x64; rv:121.0) Gecko/20100101 Firefox/121.0"
185.216.113.70 - - [24/Apr/2026:04:39:23 +0300] "POST /wp-cron.php?doing_wp_cron=1776994763.4020988941192626953125 HTTP/1.1" 200 448 "-" "WordPress/6.3.8; https://serhatburke.miroglu.net"
98.98.19.210 - - [24/Apr/2026:04:38:23 +0300] "POST /xmlrpc.php HTTP/1.1" 200 630 "-" "Mozilla/5.0 (Windows NT 10.0; Win64; x64) AppleWebKit/537.36 (KHTML, like Gecko) Chrome/114.0.0.0 Safari/537.36"
38.180.240.102 - - [24/Apr/2026:04:38:55 +0300] "POST /xmlrpc.php HTTP/2" 200 0 "-" "Mozilla/5.0 (Windows NT 10.0; Win64; x64) AppleWebKit/537.36 (KHTML, like Gecko) Chrome/119.0.0.0 Safari/537.36 Edg/119.0.0.0"
185.216.113.70 - - [24/Apr/2026:04:39:31 +0300] "POST /wp-cron.php?doing_wp_cron=1776994771.7274739742279052734375 HTTP/1.1" 200 448 "-" "WordPress/6.3.8; https://serhatburke.miroglu.net"
62.12.119.249 - - [24/Apr/2026:04:38:32 +0300] "POST /xmlrpc.php HTTP/1.1" 200 11007 "-" "Mozilla/5.0 (Windows NT 10.0; Win64; x64) AppleWebKit/537.36 (KHTML, like Gecko) Chrome/114.0.0.0 Safari/537.36"
185.216.113.70 - - [24/Apr/2026:04:39:39 +0300] "POST /wp-cron.php?doing_wp_cron=1776994778.8017940521240234375000 HTTP/1.1" 200 448 "-" "WordPress/6.3.8; https://serhatburke.miroglu.net"
98.98.197.195 - - [24/Apr/2026:04:38:37 +0300] "POST /xmlrpc.php HTTP/1.1" 200 12548 "-" "Mozilla/5.0 (Windows NT 10.0; Win64; x64) AppleWebKit/537.36 (KHTML, like Gecko) Chrome/114.0.0.0 Safari/537.36"
185.216.113.70 - - [24/Apr/2026:04:39:44 +0300] "POST /wp-cron.php?doing_wp_cron=1776994784.4128849506378173828125 HTTP/1.1" 200 448 "-" "WordPress/6.3.8; https://serhatburke.miroglu.net"
62.12.119.249 - - [24/Apr/2026:04:38:41 +0300] "POST /xmlrpc.php HTTP/1.1" 200 630 "-" "Mozilla/5.0 (Windows NT 10.0; Win64; x64) AppleWebKit/537.36 (KHTML, like Gecko) Chrome/114.0.0.0 Safari/537.36"
109.221.233.108 - - [24/Apr/2026:04:39:28 +0300] "POST /xmlrpc.php HTTP/2" 200 0 "-" "Mozilla/5.0 (Windows NT 10.0; Win64; x64) AppleWebKit/537.36 (KHTML, like Gecko) Chrome/119.0.0.0 Safari/537.36 Edg/119.0.0.0"
185.216.113.70 - - [24/Apr/2026:04:40:07 +0300] "POST /wp-cron.php?doing_wp_cron=1776994807.6214179992675781250000 HTTP/1.1" 200 448 "-" "WordPress/6.3.8; https://serhatburke.miroglu.net"
98.98.197.195 - - [24/Apr/2026:04:39:06 +0300] "POST /xmlrpc.php HTTP/1.1" 200 630 "-" "Mozilla/5.0 (Windows NT 10.0; Win64; x64) AppleWebKit/537.36 (KHTML, like Gecko) Chrome/114.0.0.0 Safari/537.36"
79.140.115.117 - - [24/Apr/2026:04:39:58 +0300] "POST /xmlrpc.php HTTP/2" 200 0 "-" "Mozilla/5.0 (X11; Linux x86_64) AppleWebKit/537.36 (KHTML, like Gecko) Chrome/120.0.0.0 Safari/537.36"
40.77.167.78 - - [24/Apr/2026:04:39:50 +0300] "GET /honest-casino-no-deposit-incentive-requirements-for-free-bonus-deposit-5-revolves-2026/ HTTP/2" 200 0 "-" "Mozilla/5.0 AppleWebKit/537.36 (KHTML, like Gecko; compatible; bingbot/2.0; +http://www.bing.com/bingbot.htm) Chrome/116.0.1938.76 Safari/537.36"
185.216.113.70 - - [24/Apr/2026:04:40:50 +0300] "POST /wp-cron.php?doing_wp_cron=1776994850.1041738986968994140625 HTTP/1.1" 200 448 "-" "WordPress/6.3.8; https://serhatburke.miroglu.net"
98.98.19.210 - - [24/Apr/2026:04:39:30 +0300] "POST /xmlrpc.php HTTP/1.1" 200 11080 "-" "Mozilla/5.0 (Windows NT 10.0; Win64; x64) AppleWebKit/537.36 (KHTML, like Gecko) Chrome/114.0.0.0 Safari/537.36"
185.216.113.70 - - [24/Apr/2026:04:40:57 +0300] "POST /wp-cron.php?doing_wp_cron=1776994857.3229370117187500000000 HTTP/1.1" 200 448 "-" "WordPress/6.3.8; https://serhatburke.miroglu.net"
185.216.113.70 - - [24/Apr/2026:04:40:58 +0300] "POST /wp-cron.php?doing_wp_cron=1776994858.6215310096740722656250 HTTP/1.1" 200 448 "-" "WordPress/6.3.8; https://serhatburke.miroglu.net"
62.12.119.249 - - [24/Apr/2026:04:39:33 +0300] "GET /cleopatras-pyramid-slot-ranura-pharaohs-fortune-review-features-ratings-play-bonus/ HTTP/1.1" 200 74695 "-" "Mozilla/5.0 (Windows NT 10.0; Win64; x64) AppleWebKit/537.36 (KHTML, like Gecko) Chrome/122.0.0.0 Safari/537.36"
109.164.48.195 - - [24/Apr/2026:04:40:38 +0300] "POST /xmlrpc.php HTTP/2" 200 0 "-" "Mozilla/5.0 (Windows NT 10.0; Win64; x64) AppleWebKit/537.36 (KHTML, like Gecko) Chrome/119.0.0.0 Safari/537.36 Edg/119.0.0.0"
185.216.113.70 - - [24/Apr/2026:04:41:11 +0300] "POST /wp-cron.php?doing_wp_cron=1776994870.7145180702209472656250 HTTP/1.1" 200 448 "-" "WordPress/6.3.8; https://serhatburke.miroglu.net"
98.98.197.195 - - [24/Apr/2026:04:39:40 +0300] "GET /uciechy-77777-south-park-slot-bezplatne-hazard-siodemki/ HTTP/1.1" 200 76012 "-" "Mozilla/5.0 (Windows NT 10.0; Win64; x64) AppleWebKit/537.36 (KHTML, like Gecko) Chrome/124.0.0.0 Safari/537.36"
185.216.113.70 - - [24/Apr/2026:04:41:18 +0300] "POST /wp-cron.php?doing_wp_cron=1776994878.5194120407104492187500 HTTP/1.1" 200 448 "-" "WordPress/6.3.8; https://serhatburke.miroglu.net"
62.12.119.249 - - [24/Apr/2026:04:39:41 +0300] "POST /xmlrpc.php HTTP/1.1" 200 630 "-" "Mozilla/5.0 (Windows NT 10.0; Win64; x64) AppleWebKit/537.36 (KHTML, like Gecko) Chrome/114.0.0.0 Safari/537.36"
185.216.113.70 - - [24/Apr/2026:04:41:25 +0300] "POST /wp-cron.php?doing_wp_cron=1776994885.7236111164093017578125 HTTP/1.1" 200 448 "-" "WordPress/6.3.8; https://serhatburke.miroglu.net"
62.12.119.249 - - [24/Apr/2026:04:39:51 +0300] "POST /xmlrpc.php HTTP/1.1" 200 12453 "-" "Mozilla/5.0 (Windows NT 10.0; Win64; x64) AppleWebKit/537.36 (KHTML, like Gecko) Chrome/114.0.0.0 Safari/537.36"
178.27.208.222 - - [24/Apr/2026:04:41:09 +0300] "POST /xmlrpc.php HTTP/2" 200 0 "-" "Mozilla/5.0 (Macintosh; Intel Mac OS X 10_15_7) AppleWebKit/537.36 (KHTML, like Gecko) Chrome/120.0.0.0 Safari/537.36"
185.216.113.70 - - [24/Apr/2026:04:41:49 +0300] "POST /wp-cron.php?doing_wp_cron=1776994909.6184680461883544921875 HTTP/1.1" 200 448 "-" "WordPress/6.3.8; https://serhatburke.miroglu.net"
98.98.197.195 - - [24/Apr/2026:04:40:15 +0300] "POST /xmlrpc.php HTTP/1.1" 200 12523 "-" "Mozilla/5.0 (Windows NT 10.0; Win64; x64) AppleWebKit/537.36 (KHTML, like Gecko) Chrome/114.0.0.0 Safari/537.36"
185.216.113.70 - - [24/Apr/2026:04:41:56 +0300] "POST /wp-cron.php?doing_wp_cron=1776994916.0067338943481445312500 HTTP/1.1" 200 448 "-" "WordPress/6.3.8; https://serhatburke.miroglu.net"
98.98.197.195 - - [24/Apr/2026:04:40:17 +0300] "POST /xmlrpc.php HTTP/1.1" 200 630 "-" "Mozilla/5.0 (Windows NT 10.0; Win64; x64) AppleWebKit/537.36 (KHTML, like Gecko) Chrome/114.0.0.0 Safari/537.36"
185.216.113.70 - - [24/Apr/2026:04:42:00 +0300] "POST /wp-cron.php?doing_wp_cron=1776994919.7124140262603759765625 HTTP/1.1" 200 448 "-" "WordPress/6.3.8; https://serhatburke.miroglu.net"
62.12.119.249 - - [24/Apr/2026:04:40:31 +0300] "POST /xmlrpc.php HTTP/1.1" 200 630 "-" "Mozilla/5.0 (Windows NT 10.0; Win64; x64) AppleWebKit/537.36 (KHTML, like Gecko) Chrome/114.0.0.0 Safari/537.36"
185.216.113.70 - - [24/Apr/2026:04:42:32 +0300] "POST /wp-cron.php?doing_wp_cron=1776994952.4242720603942871093750 HTTP/1.1" 200 448 "-" "WordPress/6.3.8; https://serhatburke.miroglu.net"
98.98.19.210 - - [24/Apr/2026:04:40:51 +0300] "GET /on-line-roulette-book-2026-best-advice-for-you-plenty-o-fortune-slot-no-deposit-bonus-to-play/ HTTP/1.1" 200 74739 "-" "Mozilla/5.0 (Windows NT 10.0; Win64; x64; rv:124.0) Gecko/20100101 Firefox/124.0"
185.216.113.70 - - [24/Apr/2026:04:42:36 +0300] "POST /wp-cron.php?doing_wp_cron=1776994956.0116100311279296875000 HTTP/1.1" 200 448 "-" "WordPress/6.3.8; https://serhatburke.miroglu.net"
200.25.47.118 - - [24/Apr/2026:04:40:55 +0300] "POST /xmlrpc.php HTTP/1.1" 200 630 "-" "Mozilla/5.0 (Windows NT 10.0; Win64; x64) AppleWebKit/537.36 (KHTML, like Gecko) Chrome/114.0.0.0 Safari/537.36"
40.77.167.78 - - [24/Apr/2026:04:42:00 +0300] "GET /when-you-are-a-fan-of-slot-video-game-following-harbors-lv-is-where-to-you/ HTTP/2" 200 0 "-" "Mozilla/5.0 AppleWebKit/537.36 (KHTML, like Gecko; compatible; bingbot/2.0; +http://www.bing.com/bingbot.htm) Chrome/116.0.1938.76 Safari/537.36"
52.167.144.203 - - [24/Apr/2026:04:42:18 +0300] "GET /interpretare-recensioni-affidabili-e-prediligere-bisca-sicuri-inclusi-quelli-non-aams-aiuta-a-anticipare-comportamenti-dannosi/ HTTP/2" 200 0 "-" "Mozilla/5.0 AppleWebKit/537.36 (KHTML, like Gecko; compatible; bingbot/2.0; +http://www.bing.com/bingbot.htm) Chrome/116.0.1938.76 Safari/537.36"
62.12.119.249 - - [24/Apr/2026:04:41:14 +0300] "POST /xmlrpc.php HTTP/1.1" 500 745 "-" "Mozilla/5.0 (Windows NT 10.0; Win64; x64) AppleWebKit/537.36 (KHTML, like Gecko) Chrome/114.0.0.0 Safari/537.36"
98.98.197.195 - - [24/Apr/2026:04:41:22 +0300] "POST /xmlrpc.php HTTP/1.1" 500 745 "-" "Mozilla/5.0 (Windows NT 10.0; Win64; x64) AppleWebKit/537.36 (KHTML, like Gecko) Chrome/114.0.0.0 Safari/537.36"
185.216.113.70 - - [24/Apr/2026:04:43:27 +0300] "POST /wp-cron.php?doing_wp_cron=1776995007.5286529064178466796875 HTTP/1.1" 200 448 "-" "WordPress/6.3.8; https://serhatburke.miroglu.net"
62.12.119.249 - - [24/Apr/2026:04:41:27 +0300] "POST /xmlrpc.php HTTP/1.1" 500 745 "-" "Mozilla/5.0 (Windows NT 10.0; Win64; x64) AppleWebKit/537.36 (KHTML, like Gecko) Chrome/114.0.0.0 Safari/537.36"
62.12.119.249 - - [24/Apr/2026:04:41:27 +0300] "GET /legacy-of-egypt-funciona-gratuito-sobre-demo-para-queen-of-the-nile-ranura-en-linea-playn-go/ HTTP/1.1" 500 745 "-" "Mozilla/5.0 (Windows NT 10.0; Win64; x64) AppleWebKit/537.36 (KHTML, like Gecko) Chrome/124.0.0.0 Safari/537.36"
185.216.113.70 - - [24/Apr/2026:04:43:40 +0300] "POST /wp-cron.php?doing_wp_cron=1776995020.6153590679168701171875 HTTP/1.1" 200 448 "-" "WordPress/6.3.8; https://serhatburke.miroglu.net"
98.98.197.195 - - [24/Apr/2026:04:41:51 +0300] "GET /rozrywki-77777-bezplatne-gry-hazardowe-lady-of-fortune-slot-kasynowy-siodemki/ HTTP/1.1" 500 745 "-" "Mozilla/5.0 (Windows NT 10.0; Win64; x64; rv:124.0) Gecko/20100101 Firefox/124.0"
98.98.197.195 - - [24/Apr/2026:04:41:57 +0300] "POST /xmlrpc.php HTTP/1.1" 500 745 "-" "Mozilla/5.0 (Windows NT 10.0; Win64; x64) AppleWebKit/537.36 (KHTML, like Gecko) Chrome/114.0.0.0 Safari/537.36"
98.98.19.210 - - [24/Apr/2026:04:42:02 +0300] "POST /xmlrpc.php HTTP/1.1" 500 745 "-" "Mozilla/5.0 (Windows NT 10.0; Win64; x64) AppleWebKit/537.36 (KHTML, like Gecko) Chrome/114.0.0.0 Safari/537.36"
62.12.119.249 - - [24/Apr/2026:04:42:06 +0300] "POST /xmlrpc.php HTTP/1.1" 500 745 "-" "Mozilla/5.0 (Windows NT 10.0; Win64; x64) AppleWebKit/537.36 (KHTML, like Gecko) Chrome/114.0.0.0 Safari/537.36"
62.12.119.249 - - [24/Apr/2026:04:42:09 +0300] "POST /xmlrpc.php HTTP/1.1" 500 745 "-" "Mozilla/5.0 (Windows NT 10.0; Win64; x64) AppleWebKit/537.36 (KHTML, like Gecko) Chrome/114.0.0.0 Safari/537.36"
200.25.47.118 - - [24/Apr/2026:04:42:09 +0300] "POST /xmlrpc.php HTTP/1.1" 500 745 "-" "Mozilla/5.0 (Windows NT 10.0; Win64; x64) AppleWebKit/537.36 (KHTML, like Gecko) Chrome/114.0.0.0 Safari/537.36"
98.98.197.195 - - [24/Apr/2026:04:42:28 +0300] "POST /xmlrpc.php HTTP/1.1" 500 745 "-" "Mozilla/5.0 (Windows NT 10.0; Win64; x64) AppleWebKit/537.36 (KHTML, like Gecko) Chrome/114.0.0.0 Safari/537.36"
98.98.19.210 - - [24/Apr/2026:04:42:31 +0300] "POST /xmlrpc.php HTTP/1.1" 500 745 "-" "Mozilla/5.0 (Windows NT 10.0; Win64; x64) AppleWebKit/537.36 (KHTML, like Gecko) Chrome/114.0.0.0 Safari/537.36"
200.25.47.118 - - [24/Apr/2026:04:42:34 +0300] "POST /xmlrpc.php HTTP/1.1" 500 745 "-" "Mozilla/5.0 (Windows NT 10.0; Win64; x64) AppleWebKit/537.36 (KHTML, like Gecko) Chrome/114.0.0.0 Safari/537.36"
193.36.38.226 - - [24/Apr/2026:04:42:53 +0300] "POST /xmlrpc.php HTTP/1.1" 500 807 "-" "Mozilla/5.0 (Windows NT 10.0; Win64; x64) AppleWebKit/537.36 (KHTML, like Gecko) Chrome/114.0.0.0 Safari/537.36"
62.12.119.249 - - [24/Apr/2026:04:42:54 +0300] "POST /xmlrpc.php HTTP/1.1" 500 745 "-" "Mozilla/5.0 (Windows NT 10.0; Win64; x64) AppleWebKit/537.36 (KHTML, like Gecko) Chrome/114.0.0.0 Safari/537.36"
98.98.197.195 - - [24/Apr/2026:04:43:02 +0300] "POST /xmlrpc.php HTTP/1.1" 500 745 "-" "Mozilla/5.0 (Windows NT 10.0; Win64; x64) AppleWebKit/537.36 (KHTML, like Gecko) Chrome/114.0.0.0 Safari/537.36"
62.12.119.249 - - [24/Apr/2026:04:43:02 +0300] "POST /xmlrpc.php HTTP/1.1" 500 745 "-" "Mozilla/5.0 (Windows NT 10.0; Win64; x64) AppleWebKit/537.36 (KHTML, like Gecko) Chrome/114.0.0.0 Safari/537.36"
62.12.119.249 - - [24/Apr/2026:04:43:07 +0300] "POST /xmlrpc.php HTTP/1.1" 500 745 "-" "Mozilla/5.0 (Windows NT 10.0; Win64; x64) AppleWebKit/537.36 (KHTML, like Gecko) Chrome/114.0.0.0 Safari/537.36"
185.216.113.70 - - [24/Apr/2026:04:45:08 +0300] "POST /wp-cron.php?doing_wp_cron=1776995108.5240259170532226562500 HTTP/1.1" 200 448 "-" "WordPress/6.3.8; https://serhatburke.miroglu.net"
62.12.119.249 - - [24/Apr/2026:04:43:11 +0300] "POST /xmlrpc.php HTTP/1.1" 500 745 "-" "Mozilla/5.0 (Windows NT 10.0; Win64; x64) AppleWebKit/537.36 (KHTML, like Gecko) Chrome/114.0.0.0 Safari/537.36"
98.98.197.195 - - [24/Apr/2026:04:43:26 +0300] "POST /xmlrpc.php HTTP/1.1" 500 745 "-" "Mozilla/5.0 (Windows NT 10.0; Win64; x64) AppleWebKit/537.36 (KHTML, like Gecko) Chrome/114.0.0.0 Safari/537.36"
98.98.197.195 - - [24/Apr/2026:04:43:32 +0300] "POST /xmlrpc.php HTTP/1.1" 500 745 "-" "Mozilla/5.0 (Windows NT 10.0; Win64; x64) AppleWebKit/537.36 (KHTML, like Gecko) Chrome/114.0.0.0 Safari/537.36"
62.12.119.249 - - [24/Apr/2026:04:43:36 +0300] "POST /xmlrpc.php HTTP/1.1" 500 745 "-" "Mozilla/5.0 (Windows NT 10.0; Win64; x64) AppleWebKit/537.36 (KHTML, like Gecko) Chrome/114.0.0.0 Safari/537.36"
98.98.19.210 - - [24/Apr/2026:04:43:42 +0300] "POST /xmlrpc.php HTTP/1.1" 500 745 "-" "Mozilla/5.0 (Windows NT 10.0; Win64; x64) AppleWebKit/537.36 (KHTML, like Gecko) Chrome/114.0.0.0 Safari/537.36"
185.216.113.70 - - [24/Apr/2026:04:45:35 +0300] "POST /wp-cron.php?doing_wp_cron=1776995135.6176559925079345703125 HTTP/1.1" 200 448 "-" "WordPress/6.3.8; https://serhatburke.miroglu.net"
98.98.197.195 - - [24/Apr/2026:04:43:43 +0300] "POST /xmlrpc.php HTTP/1.1" 500 745 "-" "Mozilla/5.0 (Windows NT 10.0; Win64; x64) AppleWebKit/537.36 (KHTML, like Gecko) Chrome/114.0.0.0 Safari/537.36"
62.12.119.249 - - [24/Apr/2026:04:43:45 +0300] "POST /xmlrpc.php HTTP/1.1" 500 745 "-" "Mozilla/5.0 (Windows NT 10.0; Win64; x64) AppleWebKit/537.36 (KHTML, like Gecko) Chrome/114.0.0.0 Safari/537.36"
185.216.113.70 - - [24/Apr/2026:04:45:47 +0300] "POST /wp-cron.php?doing_wp_cron=1776995147.3505220413208007812500 HTTP/1.1" 200 448 "-" "WordPress/6.3.8; https://serhatburke.miroglu.net"
200.25.47.118 - - [24/Apr/2026:04:43:51 +0300] "POST /xmlrpc.php HTTP/1.1" 500 745 "-" "Mozilla/5.0 (Windows NT 10.0; Win64; x64) AppleWebKit/537.36 (KHTML, like Gecko) Chrome/114.0.0.0 Safari/537.36"
52.167.144.203 - - [24/Apr/2026:04:45:05 +0300] "GET /la-securite-des-donnees-est-un-contenu-tres-important-sur-la-terre-leurs-casinos-quelque-peu/ HTTP/2" 200 0 "-" "Mozilla/5.0 AppleWebKit/537.36 (KHTML, like Gecko; compatible; bingbot/2.0; +http://www.bing.com/bingbot.htm) Chrome/116.0.1938.76 Safari/537.36"
62.12.119.249 - - [24/Apr/2026:04:43:53 +0300] "POST /xmlrpc.php HTTP/1.1" 500 745 "-" "Mozilla/5.0 (Windows NT 10.0; Win64; x64) AppleWebKit/537.36 (KHTML, like Gecko) Chrome/114.0.0.0 Safari/537.36"
40.77.167.55 - - [24/Apr/2026:04:45:10 +0300] "GET /best-online-casinos-in-america-look-at-this-2026-a-real-income-sites-ranked/ HTTP/2" 200 0 "-" "Mozilla/5.0 AppleWebKit/537.36 (KHTML, like Gecko; compatible; bingbot/2.0; +http://www.bing.com/bingbot.htm) Chrome/116.0.1938.76 Safari/537.36"
98.98.197.195 - - [24/Apr/2026:04:44:08 +0300] "POST /xmlrpc.php HTTP/1.1" 500 745 "-" "Mozilla/5.0 (Windows NT 10.0; Win64; x64) AppleWebKit/537.36 (KHTML, like Gecko) Chrome/114.0.0.0 Safari/537.36"
185.216.113.70 - - [24/Apr/2026:04:46:18 +0300] "POST /wp-cron.php?doing_wp_cron=1776995177.9081521034240722656250 HTTP/1.1" 200 448 "-" "WordPress/6.3.8; https://serhatburke.miroglu.net"
200.25.47.118 - - [24/Apr/2026:04:44:20 +0300] "POST /xmlrpc.php HTTP/1.1" 500 745 "-" "Mozilla/5.0 (Windows NT 10.0; Win64; x64) AppleWebKit/537.36 (KHTML, like Gecko) Chrome/114.0.0.0 Safari/537.36"
62.12.119.249 - - [24/Apr/2026:04:44:21 +0300] "POST /xmlrpc.php HTTP/1.1" 500 745 "-" "Mozilla/5.0 (Windows NT 10.0; Win64; x64) AppleWebKit/537.36 (KHTML, like Gecko) Chrome/114.0.0.0 Safari/537.36"
98.98.197.195 - - [24/Apr/2026:04:44:26 +0300] "POST /xmlrpc.php HTTP/1.1" 500 745 "-" "Mozilla/5.0 (Windows NT 10.0; Win64; x64) AppleWebKit/537.36 (KHTML, like Gecko) Chrome/114.0.0.0 Safari/537.36"
193.36.38.226 - - [24/Apr/2026:04:44:33 +0300] "POST /xmlrpc.php HTTP/1.1" 500 807 "-" "Mozilla/5.0 (Windows NT 10.0; Win64; x64) AppleWebKit/537.36 (KHTML, like Gecko) Chrome/114.0.0.0 Safari/537.36"
38.180.31.235 - - [24/Apr/2026:04:46:09 +0300] "POST /xmlrpc.php HTTP/2" 200 0 "-" "Mozilla/5.0 (Windows NT 10.0; Win64; x64) AppleWebKit/537.36 (KHTML, like Gecko) Chrome/120.0.0.0 Safari/537.36"
62.12.119.249 - - [24/Apr/2026:04:44:42 +0300] "POST /xmlrpc.php HTTP/1.1" 500 745 "-" "Mozilla/5.0 (Windows NT 10.0; Win64; x64) AppleWebKit/537.36 (KHTML, like Gecko) Chrome/114.0.0.0 Safari/537.36"
62.12.119.249 - - [24/Apr/2026:04:44:52 +0300] "GET /?p=131681 HTTP/1.1" 500 745 "-" "Mozilla/5.0 (Windows NT 10.0; rv:109.0) Gecko/20100101 Firefox/115.0"
185.216.113.70 - - [24/Apr/2026:04:46:54 +0300] "POST /wp-cron.php?doing_wp_cron=1776995214.2324740886688232421875 HTTP/1.1" 200 448 "-" "WordPress/6.3.8; https://serhatburke.miroglu.net"
98.98.197.195 - - [24/Apr/2026:04:45:07 +0300] "POST /xmlrpc.php HTTP/1.1" 500 1102 "-" "Mozilla/5.0 (Windows NT 10.0; Win64; x64) AppleWebKit/537.36 (KHTML, like Gecko) Chrome/114.0.0.0 Safari/537.36"
185.216.113.70 - - [24/Apr/2026:04:47:03 +0300] "POST /wp-cron.php?doing_wp_cron=1776995223.8016068935394287109375 HTTP/1.1" 200 448 "-" "WordPress/6.3.8; https://serhatburke.miroglu.net"
98.98.197.195 - - [24/Apr/2026:04:45:28 +0300] "POST /xmlrpc.php HTTP/1.1" 200 12554 "-" "Mozilla/5.0 (Windows NT 10.0; Win64; x64) AppleWebKit/537.36 (KHTML, like Gecko) Chrome/114.0.0.0 Safari/537.36"
185.216.113.70 - - [24/Apr/2026:04:47:07 +0300] "POST /wp-cron.php?doing_wp_cron=1776995227.2529199123382568359375 HTTP/1.1" 200 448 "-" "WordPress/6.3.8; https://serhatburke.miroglu.net"
62.12.119.249 - - [24/Apr/2026:04:45:16 +0300] "POST /xmlrpc.php HTTP/1.1" 500 1102 "-" "Mozilla/5.0 (Windows NT 10.0; Win64; x64) AppleWebKit/537.36 (KHTML, like Gecko) Chrome/114.0.0.0 Safari/537.36"
38.180.31.235 - - [24/Apr/2026:04:46:40 +0300] "POST /xmlrpc.php HTTP/2" 200 0 "-" "Mozilla/5.0 (Macintosh; Intel Mac OS X 10_15_7) AppleWebKit/537.36 (KHTML, like Gecko) Chrome/120.0.0.0 Safari/537.36"
185.216.113.70 - - [24/Apr/2026:04:47:17 +0300] "POST /wp-cron.php?doing_wp_cron=1776995237.6591460704803466796875 HTTP/1.1" 200 448 "-" "WordPress/6.3.8; https://serhatburke.miroglu.net"
62.12.119.249 - - [24/Apr/2026:04:45:33 +0300] "GET /?p=131685 HTTP/1.1" 301 720 "-" "Mozilla/5.0 (Windows NT 10.0; Win64; x64) AppleWebKit/537.36 (KHTML, like Gecko) Chrome/124.0.0.0 Safari/537.36"
185.216.113.70 - - [24/Apr/2026:04:47:20 +0300] "POST /wp-cron.php?doing_wp_cron=1776995240.2230091094970703125000 HTTP/1.1" 200 448 "-" "WordPress/6.3.8; https://serhatburke.miroglu.net"
62.12.119.249 - - [24/Apr/2026:04:46:02 +0300] "POST /xmlrpc.php HTTP/1.1" 500 1102 "-" "Mozilla/5.0 (Windows NT 10.0; Win64; x64) AppleWebKit/537.36 (KHTML, like Gecko) Chrome/114.0.0.0 Safari/537.36"
185.216.113.70 - - [24/Apr/2026:04:47:35 +0300] "POST /wp-cron.php?doing_wp_cron=1776995255.4353160858154296875000 HTTP/1.1" 200 448 "-" "WordPress/6.3.8; https://serhatburke.miroglu.net"
200.25.47.118 - - [24/Apr/2026:04:46:06 +0300] "POST /xmlrpc.php HTTP/1.1" 200 16539 "-" "Mozilla/5.0 (Windows NT 10.0; Win64; x64) AppleWebKit/537.36 (KHTML, like Gecko) Chrome/114.0.0.0 Safari/537.36"
38.180.157.14 - - [24/Apr/2026:04:47:16 +0300] "POST /xmlrpc.php HTTP/2" 200 0 "-" "Mozilla/5.0 (Windows NT 10.0; Win64; x64) AppleWebKit/537.36 (KHTML, like Gecko) Chrome/120.0.0.0 Safari/537.36"
185.216.113.70 - - [24/Apr/2026:04:47:53 +0300] "POST /wp-cron.php?doing_wp_cron=1776995273.5129320621490478515625 HTTP/1.1" 200 448 "-" "WordPress/6.3.8; https://serhatburke.miroglu.net"
62.12.119.249 - - [24/Apr/2026:04:46:31 +0300] "POST /xmlrpc.php HTTP/1.1" 200 627 "-" "Mozilla/5.0 (Windows NT 10.0; Win64; x64) AppleWebKit/537.36 (KHTML, like Gecko) Chrome/114.0.0.0 Safari/537.36"
185.216.113.70 - - [24/Apr/2026:04:48:12 +0300] "POST /wp-cron.php?doing_wp_cron=1776995292.5032410621643066406250 HTTP/1.1" 200 448 "-" "WordPress/6.3.8; https://serhatburke.miroglu.net"
98.98.197.195 - - [24/Apr/2026:04:47:05 +0300] "GET /nadprogram-sizzling-hot-za-darmo-88-fortunes-slot-online-bez-zapisu/ HTTP/1.1" 200 76715 "-" "Mozilla/5.0 (Windows NT 10.0; rv:125.0) Gecko/20100101 Firefox/125.0"
185.216.113.70 - - [24/Apr/2026:04:48:14 +0300] "POST /wp-cron.php?doing_wp_cron=1776995294.5163619518280029296875 HTTP/1.1" 200 448 "-" "WordPress/6.3.8; https://serhatburke.miroglu.net"
62.12.119.249 - - [24/Apr/2026:04:47:13 +0300] "POST /xmlrpc.php HTTP/1.1" 200 627 "-" "Mozilla/5.0 (Windows NT 10.0; Win64; x64) AppleWebKit/537.36 (KHTML, like Gecko) Chrome/114.0.0.0 Safari/537.36"
38.180.157.14 - - [24/Apr/2026:04:47:47 +0300] "POST /xmlrpc.php HTTP/2" 200 0 "-" "Mozilla/5.0 (X11; Linux x86_64) AppleWebKit/537.36 (KHTML, like Gecko) Chrome/120.0.0.0 Safari/537.36"
185.216.113.70 - - [24/Apr/2026:04:48:22 +0300] "POST /wp-cron.php?doing_wp_cron=1776995302.6183390617370605468750 HTTP/1.1" 200 448 "-" "WordPress/6.3.8; https://serhatburke.miroglu.net"
62.12.119.249 - - [24/Apr/2026:04:47:21 +0300] "GET /fairy-tale-slot-maquina-tragamonedas-sin-cargo-en-linea-funciona-de-divertirte-no-juegos-de-tragamonedas-marilyn-monroe-name-slots/ HTTP/1.1" 404 58771 "-" "Mozilla/5.0 (Windows NT 10.0; Win64; x64) AppleWebKit/537.36 (KHTML, like Gecko) Chrome/124.0.0.0 Safari/537.36"
185.216.113.70 - - [24/Apr/2026:04:48:39 +0300] "POST /wp-cron.php?doing_wp_cron=1776995319.3254499435424804687500 HTTP/1.1" 200 448 "-" "WordPress/6.3.8; https://serhatburke.miroglu.net"
200.25.47.118 - - [24/Apr/2026:04:47:38 +0300] "GET /%E0%A6%A8%E0%A7%80%E0%A6%B2-%E0%A6%A8%E0%A6%A6%E0%A7%87%E0%A6%B0-%E0%A6%B0%E0%A6%BE%E0%A6%9C%E0%A6%BE-%E0%A7%A8-%E0%A6%85%E0%A6%AC%E0%A6%B8%E0%A7%8D%E0%A6%A5%E0%A6%BE%E0%A6%A8-%E0%A6%AE%E0%A6%A4/ HTTP/1.1" 200 89069 "-" "Mozilla/5.0 (Windows NT 10.0; rv:125.0) Gecko/20100101 Firefox/125.0"
88.100.232.62 - - [24/Apr/2026:04:48:20 +0300] "POST /xmlrpc.php HTTP/2" 200 0 "-" "Mozilla/5.0 (Windows NT 10.0; Win64; x64) AppleWebKit/537.36 (KHTML, like Gecko) Chrome/120.0.0.0 Safari/537.36"
77.162.38.132 - - [24/Apr/2026:04:48:50 +0300] "POST /xmlrpc.php HTTP/2" 200 403 "-" "Mozilla/5.0 (Macintosh; Intel Mac OS X 10_15_7) AppleWebKit/537.36 (KHTML, like Gecko) Chrome/120.0.0.0 Safari/537.36"
95.43.65.43 - - [24/Apr/2026:04:49:17 +0300] "POST /xmlrpc.php HTTP/2" 200 181 "-" "Mozilla/5.0 (Windows NT 10.0; Win64; x64; rv:121.0) Gecko/20100101 Firefox/121.0"
185.216.113.70 - - [24/Apr/2026:04:49:47 +0300] "POST /wp-cron.php?doing_wp_cron=1776995387.0129110813140869140625 HTTP/1.1" 200 448 "-" "WordPress/6.3.8; https://serhatburke.miroglu.net"
52.167.144.183 - - [24/Apr/2026:04:49:25 +0300] "GET /5-how-to-beat-bots-slot-machine-use-splash-profit-the-fresh-campground/ HTTP/2" 200 19978 "-" "Mozilla/5.0 AppleWebKit/537.36 (KHTML, like Gecko; compatible; bingbot/2.0; +http://www.bing.com/bingbot.htm) Chrome/116.0.1938.76 Safari/537.36"
40.77.167.23 - - [24/Apr/2026:04:49:29 +0300] "GET /cele-30-rotiri-gratuite-hot-star-mai-bune-cazinouri-online-din-romania-martisor-2026/ HTTP/2" 200 20112 "-" "Mozilla/5.0 AppleWebKit/537.36 (KHTML, like Gecko; compatible; bingbot/2.0; +http://www.bing.com/bingbot.htm) Chrome/116.0.1938.76 Safari/537.36"
38.180.31.235 - - [24/Apr/2026:04:49:34 +0300] "POST /xmlrpc.php HTTP/2" 200 408 "-" "Mozilla/5.0 (Windows NT 10.0; Win64; x64) AppleWebKit/537.36 (KHTML, like Gecko) Chrome/120.0.0.0 Safari/537.36"
40.77.167.55 - - [24/Apr/2026:04:49:34 +0300] "GET /deux-minimale-storting-casino-_-netherlands-win-vandaag-groots/ HTTP/2" 200 18069 "-" "Mozilla/5.0 AppleWebKit/537.36 (KHTML, like Gecko; compatible; bingbot/2.0; +http://www.bing.com/bingbot.htm) Chrome/116.0.1938.76 Safari/537.36"
52.167.144.183 - - [24/Apr/2026:04:49:57 +0300] "GET /the-greater-i-diving-to-your-champion-casinos-awesomeness-the-brand-new-more-challenging-it-gets-to-put-it-off/ HTTP/2" 200 18991 "-" "Mozilla/5.0 AppleWebKit/537.36 (KHTML, like Gecko; compatible; bingbot/2.0; +http://www.bing.com/bingbot.htm) Chrome/116.0.1938.76 Safari/537.36"
185.216.113.70 - - [24/Apr/2026:04:58:25 +0300] "POST /wp-cron.php?doing_wp_cron=1776995905.9157021045684814453125 HTTP/1.1" 200 448 "-" "WordPress/6.3.8; https://serhatburke.miroglu.net"
158.69.22.136 - - [24/Apr/2026:04:58:10 +0300] "GET /beste-casino-site-belgie-hoge-inzet/ HTTP/1.1" 200 19037 "-" "Mozilla/5.0 (compatible; Googlebot/2.1; +http://www.google.com/bot.html)"
