155.138.155.37 - - [23/Apr/2026:22:55:50 +0300] "POST /xmlrpc.php HTTP/1.1" 200 9329 "-" "Mozilla/5.0 (Windows NT 10.0; Win64; x64) AppleWebKit/537.36 (KHTML, like Gecko) Chrome/114.0.0.0 Safari/537.36"
38.244.174.237 - - [23/Apr/2026:22:56:06 +0300] "POST /xmlrpc.php HTTP/2" 200 406 "-" "Mozilla/5.0 (X11; Linux x86_64) AppleWebKit/537.36 (KHTML, like Gecko) Chrome/120.0.0.0 Safari/537.36"
155.138.155.37 - - [23/Apr/2026:22:56:07 +0300] "GET /they-enjoys-slots-dining-table-games-and-real-time-broker-casino-games-with-high-limitation-wagers/ HTTP/1.1" 200 73272 "-" "Mozilla/5.0 (Windows NT 10.0; rv:109.0) Gecko/20100101 Firefox/115.0"
130.51.20.151 - - [23/Apr/2026:22:56:18 +0300] "GET /zotabet-casino-bonus-premier-depot-2026/ HTTP/1.1" 200 18962 "-" "Mozilla/5.0 (compatible; Googlebot/2.1; +http://www.google.com/bot.html)"
155.138.155.37 - - [23/Apr/2026:22:56:24 +0300] "POST /xmlrpc.php HTTP/1.1" 200 630 "-" "Mozilla/5.0 (Windows NT 10.0; Win64; x64) AppleWebKit/537.36 (KHTML, like Gecko) Chrome/114.0.0.0 Safari/537.36"
185.216.113.70 - - [23/Apr/2026:22:56:56 +0300] "POST /wp-cron.php?doing_wp_cron=1776974215.8324730396270751953125 HTTP/1.1" 200 448 "-" "WordPress/6.3.8; https://serhatburke.miroglu.net"
155.138.155.37 - - [23/Apr/2026:22:56:43 +0300] "POST /xmlrpc.php HTTP/1.1" 200 9272 "-" "Mozilla/5.0 (Windows NT 10.0; Win64; x64) AppleWebKit/537.36 (KHTML, like Gecko) Chrome/114.0.0.0 Safari/537.36"
155.138.155.37 - - [23/Apr/2026:22:56:57 +0300] "GET /from-there-you-could-plunge-into-to-try-out-your-chosen-games-supported-by-trusted-business/ HTTP/1.1" 200 73057 "-" "Mozilla/5.0 (Windows NT 10.0; Win64; x64) AppleWebKit/537.36 (KHTML, like Gecko) Chrome/122.0.0.0 Safari/537.36"
155.138.155.37 - - [23/Apr/2026:22:56:59 +0300] "POST /xmlrpc.php HTTP/1.1" 200 630 "-" "Mozilla/5.0 (Windows NT 10.0; Win64; x64) AppleWebKit/537.36 (KHTML, like Gecko) Chrome/114.0.0.0 Safari/537.36"
185.216.113.70 - - [23/Apr/2026:22:57:39 +0300] "POST /wp-cron.php?doing_wp_cron=1776974259.1196460723876953125000 HTTP/1.1" 200 448 "-" "WordPress/6.3.8; https://serhatburke.miroglu.net"
155.138.155.37 - - [23/Apr/2026:22:57:25 +0300] "POST /xmlrpc.php HTTP/1.1" 200 10786 "-" "Mozilla/5.0 (Windows NT 10.0; Win64; x64) AppleWebKit/537.36 (KHTML, like Gecko) Chrome/114.0.0.0 Safari/537.36"
155.138.155.37 - - [23/Apr/2026:22:57:34 +0300] "POST /xmlrpc.php HTTP/1.1" 200 630 "-" "Mozilla/5.0 (Windows NT 10.0; Win64; x64) AppleWebKit/537.36 (KHTML, like Gecko) Chrome/114.0.0.0 Safari/537.36"
155.138.155.37 - - [23/Apr/2026:22:57:41 +0300] "GET /finding-the-right-internet-casino-is-extremely-important-to-have-a-safe-and-you-may-fun-gaming-sense/ HTTP/1.1" 200 74994 "-" "Mozilla/5.0 (Windows NT 10.0; Win64; x64) AppleWebKit/537.36 (KHTML, like Gecko) Chrome/122.0.0.0 Safari/537.36"
155.138.155.37 - - [23/Apr/2026:22:57:56 +0300] "POST /xmlrpc.php HTTP/1.1" 200 10815 "-" "Mozilla/5.0 (Windows NT 10.0; Win64; x64) AppleWebKit/537.36 (KHTML, like Gecko) Chrome/114.0.0.0 Safari/537.36"
155.138.155.37 - - [23/Apr/2026:22:58:08 +0300] "POST /xmlrpc.php HTTP/1.1" 200 630 "-" "Mozilla/5.0 (Windows NT 10.0; Win64; x64) AppleWebKit/537.36 (KHTML, like Gecko) Chrome/114.0.0.0 Safari/537.36"
155.138.155.37 - - [23/Apr/2026:22:58:09 +0300] "GET /discovering-the-right-internet-casino-is-vital-for-a-safe-and-fun-playing-feel/ HTTP/1.1" 200 74360 "-" "Mozilla/5.0 (Windows NT 10.0; Win64; x64) AppleWebKit/537.36 (KHTML, like Gecko) Chrome/123.0.0.0 Safari/537.36 OPR/109.0.0.0"
185.216.113.70 - - [23/Apr/2026:22:58:39 +0300] "POST /wp-cron.php?doing_wp_cron=1776974319.2754640579223632812500 HTTP/1.1" 200 448 "-" "WordPress/6.3.8; https://serhatburke.miroglu.net"
155.138.155.37 - - [23/Apr/2026:22:58:26 +0300] "POST /xmlrpc.php HTTP/1.1" 200 12891 "-" "Mozilla/5.0 (Windows NT 10.0; Win64; x64) AppleWebKit/537.36 (KHTML, like Gecko) Chrome/114.0.0.0 Safari/537.36"
155.138.155.37 - - [23/Apr/2026:22:58:39 +0300] "POST /xmlrpc.php HTTP/1.1" 200 630 "-" "Mozilla/5.0 (Windows NT 10.0; Win64; x64) AppleWebKit/537.36 (KHTML, like Gecko) Chrome/114.0.0.0 Safari/537.36"
155.138.155.37 - - [23/Apr/2026:22:58:40 +0300] "GET /however-with-too-many-networks-around-finding-the-right-real-cash-local-casino-are-going-to-be-overwhelming/ HTTP/1.1" 200 77222 "-" "Mozilla/5.0 (Windows NT 10.0; rv:109.0) Gecko/20100101 Firefox/115.0"
52.167.144.175 - - [23/Apr/2026:22:59:01 +0300] "GET /bonus-codes-with-santa-wild-helpers-real-money-no-deposit-casinos-2026/ HTTP/2" 200 19467 "-" "Mozilla/5.0 AppleWebKit/537.36 (KHTML, like Gecko; compatible; bingbot/2.0; +http://www.bing.com/bingbot.htm) Chrome/116.0.1938.76 Safari/537.36"
155.138.155.37 - - [23/Apr/2026:22:59:04 +0300] "POST /xmlrpc.php HTTP/1.1" 200 8725 "-" "Mozilla/5.0 (Windows NT 10.0; Win64; x64) AppleWebKit/537.36 (KHTML, like Gecko) Chrome/114.0.0.0 Safari/537.36"
52.167.144.172 - - [23/Apr/2026:22:59:05 +0300] "GET /beste-erreichbar-casino-unter-einsatz-von-echtgeld-2026-5-tipps-queen-of-the-nile-2-spielautomat-haufige-fehler/ HTTP/2" 200 18893 "-" "Mozilla/5.0 AppleWebKit/537.36 (KHTML, like Gecko; compatible; bingbot/2.0; +http://www.bing.com/bingbot.htm) Chrome/116.0.1938.76 Safari/537.36"
185.216.113.70 - - [23/Apr/2026:22:59:45 +0300] "POST /wp-cron.php?doing_wp_cron=1776974385.9085290431976318359375 HTTP/1.1" 200 448 "-" "WordPress/6.3.8; https://serhatburke.miroglu.net"
52.167.144.175 - - [23/Apr/2026:22:59:20 +0300] "GET /safepal-the-comprehensive-crypto-wallet-you-need-4/ HTTP/2" 200 17630 "-" "Mozilla/5.0 AppleWebKit/537.36 (KHTML, like Gecko; compatible; bingbot/2.0; +http://www.bing.com/bingbot.htm) Chrome/116.0.1938.76 Safari/537.36"
155.138.155.37 - - [23/Apr/2026:22:59:52 +0300] "GET /you-can-check-our-netent-web-based-casinos-for-additional-information-on-their-game/ HTTP/1.1" 200 72539 "-" "Mozilla/5.0 (Windows NT 10.0; Win64; x64) AppleWebKit/537.36 (KHTML, like Gecko) Chrome/123.0.0.0 Safari/537.36"
38.180.31.235 - - [23/Apr/2026:23:00:06 +0300] "POST /xmlrpc.php HTTP/2" 200 181 "-" "Mozilla/5.0 (Windows NT 10.0; Win64; x64) AppleWebKit/537.36 (KHTML, like Gecko) Chrome/120.0.0.0 Safari/537.36"
185.216.113.70 - - [23/Apr/2026:23:00:34 +0300] "POST /wp-cron.php?doing_wp_cron=1776974433.8490149974822998046875 HTTP/1.1" 200 448 "-" "WordPress/6.3.8; https://serhatburke.miroglu.net"
38.180.31.235 - - [23/Apr/2026:23:00:20 +0300] "POST /xmlrpc.php HTTP/2" 200 406 "-" "Mozilla/5.0 (Windows NT 10.0; Win64; x64) AppleWebKit/537.36 (KHTML, like Gecko) Chrome/119.0.0.0 Safari/537.36 Edg/119.0.0.0"
57.128.22.95 - - [23/Apr/2026:23:00:31 +0300] "GET /35849-2/ HTTP/1.1" 200 18155 "-" "Mozilla/5.0 (compatible; Googlebot/2.1; +http://www.google.com/bot.html)"
66.249.73.14 - - [23/Apr/2026:23:01:49 +0300] "GET /wino-casino-review-a-premier-destination-for-uk-players/undefined?ts=1775520000 HTTP/1.1" 200 0 "https://serhatburke.miroglu.net/wino-casino-review-a-premier-destination-for-uk-players/" "Mozilla/5.0 (Linux; Android 6.0.1; Nexus 5X Build/MMB29P) AppleWebKit/537.36 (KHTML, like Gecko) Chrome/146.0.7680.177 Mobile Safari/537.36 (compatible; Googlebot/2.1; +http://www.google.com/bot.html)"
66.249.73.14 - - [23/Apr/2026:23:02:02 +0300] "GET /wino-casino-review-a-premier-destination-for-uk-players/undefined?ts=1775520000 HTTP/1.1" 200 0 "https://serhatburke.miroglu.net/wino-casino-review-a-premier-destination-for-uk-players/" "Mozilla/5.0 (Linux; Android 6.0.1; Nexus 5X Build/MMB29P) AppleWebKit/537.36 (KHTML, like Gecko) Chrome/146.0.7680.177 Mobile Safari/537.36 (compatible; Googlebot/2.1; +http://www.google.com/bot.html)"
185.216.113.70 - - [23/Apr/2026:23:02:19 +0300] "POST /wp-cron.php?doing_wp_cron=1776974539.6976768970489501953125 HTTP/1.1" 200 448 "-" "WordPress/6.3.8; https://serhatburke.miroglu.net"
130.39.0.219 - - [23/Apr/2026:23:02:07 +0300] "POST /xmlrpc.php HTTP/1.1" 200 61816 "-" "Mozilla/5.0 (Windows NT 10.0; Win64; x64) AppleWebKit/537.36 (KHTML, like Gecko) Edge/119.0.2151.58 Chrome/119.0.0.0 Safari/537.36"
75.58.48.79 - - [23/Apr/2026:23:02:22 +0300] "POST /xmlrpc.php HTTP/1.1" 200 627 "-" "Mozilla/5.0 (Linux; Android 13; SM-A525F) AppleWebKit/537.36 (KHTML, like Gecko) Chrome/118.0.5993.82 Mobile Safari/537.36"
185.216.113.70 - - [23/Apr/2026:23:02:50 +0300] "POST /wp-cron.php?doing_wp_cron=1776974570.7672469615936279296875 HTTP/1.1" 200 448 "-" "WordPress/6.3.8; https://serhatburke.miroglu.net"
98.143.64.252 - - [23/Apr/2026:23:02:39 +0300] "GET / HTTP/1.1" 200 72129 "-" "Mozilla/5.0 (iPhone; CPU iPhone OS 16_7 like Mac OS X) AppleWebKit/605.1.15 (KHTML, like Gecko) Version/16.7 Mobile/15E148 Safari/604.1"
155.138.155.37 - - [23/Apr/2026:23:03:16 +0300] "POST /xmlrpc.php HTTP/1.1" 200 630 "-" "Mozilla/5.0 (Windows NT 10.0; Win64; x64) AppleWebKit/537.36 (KHTML, like Gecko) Chrome/114.0.0.0 Safari/537.36"
185.216.113.70 - - [23/Apr/2026:23:03:47 +0300] "POST /wp-cron.php?doing_wp_cron=1776974627.4572510719299316406250 HTTP/1.1" 200 448 "-" "WordPress/6.3.8; https://serhatburke.miroglu.net"
155.138.155.37 - - [23/Apr/2026:23:03:34 +0300] "POST /xmlrpc.php HTTP/1.1" 200 12126 "-" "Mozilla/5.0 (Windows NT 10.0; Win64; x64) AppleWebKit/537.36 (KHTML, like Gecko) Chrome/114.0.0.0 Safari/537.36"
155.138.155.37 - - [23/Apr/2026:23:03:48 +0300] "GET /another-type-of-prominent-fee-method-amongst-internet-casino-players-s-the-lender-import/ HTTP/1.1" 200 75983 "-" "Mozilla/5.0 (Windows NT 10.0; Win64; x64; rv:124.0) Gecko/20100101 Firefox/124.0"
52.167.144.224 - - [23/Apr/2026:23:04:18 +0300] "GET /exploring-the-unique-features-of-sushiswap-dex-21/ HTTP/2" 200 17556 "-" "Mozilla/5.0 AppleWebKit/537.36 (KHTML, like Gecko; compatible; bingbot/2.0; +http://www.bing.com/bingbot.htm) Chrome/116.0.1938.76 Safari/537.36"
185.216.113.70 - - [23/Apr/2026:23:04:45 +0300] "POST /wp-cron.php?doing_wp_cron=1776974685.8820979595184326171875 HTTP/1.1" 200 448 "-" "WordPress/6.3.8; https://serhatburke.miroglu.net"
40.77.167.132 - - [23/Apr/2026:23:04:30 +0300] "GET /do-you-have-to-getting-an-effective-pa-citizen-to-get-into-their-domestic-betting-internet-sites/ HTTP/2" 200 17917 "-" "Mozilla/5.0 AppleWebKit/537.36 (KHTML, like Gecko; compatible; bingbot/2.0; +http://www.bing.com/bingbot.htm) Chrome/116.0.1938.76 Safari/537.36"
52.167.144.224 - - [23/Apr/2026:23:04:34 +0300] "GET /junger-hoteldiener-elend-found/ HTTP/2" 200 20175 "-" "Mozilla/5.0 AppleWebKit/537.36 (KHTML, like Gecko; compatible; bingbot/2.0; +http://www.bing.com/bingbot.htm) Chrome/116.0.1938.76 Safari/537.36"
52.167.144.224 - - [23/Apr/2026:23:05:03 +0300] "GET /casino-kungen-webben-casino-karl-registrera-dig-2026-jamfor-svenska-sprake-natcasinon-online/ HTTP/2" 200 18583 "-" "Mozilla/5.0 AppleWebKit/537.36 (KHTML, like Gecko; compatible; bingbot/2.0; +http://www.bing.com/bingbot.htm) Chrome/116.0.1938.76 Safari/537.36"
57.128.22.95 - - [23/Apr/2026:23:05:19 +0300] "GET /novoline-casino-codice-bonus-registrazione/ HTTP/1.1" 200 17688 "-" "Mozilla/5.0 (compatible; Googlebot/2.1; +http://www.google.com/bot.html)"
185.216.113.70 - - [23/Apr/2026:23:06:42 +0300] "POST /wp-cron.php?doing_wp_cron=1776974802.0110080242156982421875 HTTP/1.1" 200 448 "-" "WordPress/6.3.8; https://serhatburke.miroglu.net"
40.77.167.155 - - [23/Apr/2026:23:06:29 +0300] "GET /sitemaps.xml HTTP/2" 302 0 "-" "Mozilla/5.0 AppleWebKit/537.36 (KHTML, like Gecko; compatible; bingbot/2.0; +http://www.bing.com/bingbot.htm) Chrome/116.0.1938.76 Safari/537.36"
40.77.167.155 - - [23/Apr/2026:23:06:49 +0300] "GET /sitemap.xml HTTP/2" 200 1132 "-" "Mozilla/5.0 AppleWebKit/537.36 (KHTML, like Gecko; compatible; bingbot/2.0; +http://www.bing.com/bingbot.htm) Chrome/116.0.1938.76 Safari/537.36"
185.216.113.70 - - [23/Apr/2026:23:10:20 +0300] "POST /wp-cron.php?doing_wp_cron=1776975020.3596749305725097656250 HTTP/1.1" 200 448 "-" "WordPress/6.3.8; https://serhatburke.miroglu.net"
128.1.227.231 - - [23/Apr/2026:23:10:07 +0300] "POST /xmlrpc.php HTTP/1.1" 200 630 "-" "Mozilla/5.0 (Windows NT 10.0; Win64; x64) AppleWebKit/537.36 (KHTML, like Gecko) Chrome/114.0.0.0 Safari/537.36"
128.1.227.231 - - [23/Apr/2026:23:10:27 +0300] "POST /xmlrpc.php HTTP/1.1" 200 10817 "-" "Mozilla/5.0 (Windows NT 10.0; Win64; x64) AppleWebKit/537.36 (KHTML, like Gecko) Chrome/114.0.0.0 Safari/537.36"
185.216.113.70 - - [23/Apr/2026:23:10:52 +0300] "POST /wp-cron.php?doing_wp_cron=1776975052.8661189079284667968750 HTTP/1.1" 200 448 "-" "WordPress/6.3.8; https://serhatburke.miroglu.net"
128.1.227.231 - - [23/Apr/2026:23:10:40 +0300] "GET /wunderino-auswertung-400-raging-rhino-keine-einzahlung-bonus-bis-40-100-freispiele/ HTTP/1.1" 200 74746 "-" "Mozilla/5.0 (Windows NT 10.0; Win64; x64) AppleWebKit/537.36 (KHTML, like Gecko) Chrome/124.0.0.0 Safari/537.36"
185.216.113.70 - - [23/Apr/2026:23:13:21 +0300] "POST /wp-cron.php?doing_wp_cron=1776975200.8853709697723388671875 HTTP/1.1" 200 448 "-" "WordPress/6.3.8; https://serhatburke.miroglu.net"
216.128.180.172 - - [23/Apr/2026:23:13:07 +0300] "POST /xmlrpc.php HTTP/1.1" 200 630 "-" "Mozilla/5.0 (Windows NT 10.0; Win64; x64) AppleWebKit/537.36 (KHTML, like Gecko) Chrome/114.0.0.0 Safari/537.36"
216.128.180.172 - - [23/Apr/2026:23:13:27 +0300] "POST /xmlrpc.php HTTP/1.1" 200 12189 "-" "Mozilla/5.0 (Windows NT 10.0; Win64; x64) AppleWebKit/537.36 (KHTML, like Gecko) Chrome/114.0.0.0 Safari/537.36"
185.216.113.70 - - [23/Apr/2026:23:13:55 +0300] "POST /wp-cron.php?doing_wp_cron=1776975235.1866719722747802734375 HTTP/1.1" 200 448 "-" "WordPress/6.3.8; https://serhatburke.miroglu.net"
216.128.180.172 - - [23/Apr/2026:23:13:42 +0300] "GET /the-fresh-tech-shop-otherwise-availableness-that-is-used-exclusively-for-unknown-analytical-intentions/ HTTP/1.1" 200 76322 "-" "Mozilla/5.0 (Windows NT 10.0; Win64; x64) AppleWebKit/537.36 (KHTML, like Gecko) Chrome/123.0.0.0 Safari/537.36"
40.77.167.20 - - [23/Apr/2026:23:13:46 +0300] "GET /10-beste-room-bonus-100-casino-seriose-ernahrer-2026/ HTTP/2" 200 19024 "-" "Mozilla/5.0 AppleWebKit/537.36 (KHTML, like Gecko; compatible; bingbot/2.0; +http://www.bing.com/bingbot.htm) Chrome/116.0.1938.76 Safari/537.36"
185.216.113.70 - - [23/Apr/2026:23:14:50 +0300] "POST /wp-cron.php?doing_wp_cron=1776975290.7095489501953125000000 HTTP/1.1" 200 448 "-" "WordPress/6.3.8; https://serhatburke.miroglu.net"
216.128.180.172 - - [23/Apr/2026:23:14:38 +0300] "POST /xmlrpc.php HTTP/1.1" 200 630 "-" "Mozilla/5.0 (Windows NT 10.0; Win64; x64) AppleWebKit/537.36 (KHTML, like Gecko) Chrome/114.0.0.0 Safari/537.36"
40.77.167.155 - - [23/Apr/2026:23:14:53 +0300] "GET /obtain-the-new-spina-zonke-top-moments-pdf-100-free/ HTTP/2" 200 17178 "-" "Mozilla/5.0 AppleWebKit/537.36 (KHTML, like Gecko; compatible; bingbot/2.0; +http://www.bing.com/bingbot.htm) Chrome/116.0.1938.76 Safari/537.36"
216.128.180.172 - - [23/Apr/2026:23:14:56 +0300] "POST /xmlrpc.php HTTP/1.1" 200 10888 "-" "Mozilla/5.0 (Windows NT 10.0; Win64; x64) AppleWebKit/537.36 (KHTML, like Gecko) Chrome/114.0.0.0 Safari/537.36"
52.167.144.19 - - [23/Apr/2026:23:14:58 +0300] "GET /forget-about-to-help-you/ HTTP/2" 200 19944 "-" "Mozilla/5.0 AppleWebKit/537.36 (KHTML, like Gecko; compatible; bingbot/2.0; +http://www.bing.com/bingbot.htm) Chrome/116.0.1938.76 Safari/537.36"
40.77.167.20 - - [23/Apr/2026:23:15:03 +0300] "GET /bonus-sa-chestiune-pribeag-king-casino-pana-de-4000-ron-bonus/ HTTP/2" 200 18977 "-" "Mozilla/5.0 AppleWebKit/537.36 (KHTML, like Gecko; compatible; bingbot/2.0; +http://www.bing.com/bingbot.htm) Chrome/116.0.1938.76 Safari/537.36"
185.216.113.70 - - [23/Apr/2026:23:15:43 +0300] "POST /wp-cron.php?doing_wp_cron=1776975342.8725609779357910156250 HTTP/1.1" 200 448 "-" "WordPress/6.3.8; https://serhatburke.miroglu.net"
40.77.167.155 - - [23/Apr/2026:23:15:22 +0300] "GET /kraken-vashi-kliuchi-k-miru-darkneta-2026/ HTTP/2" 200 18421 "-" "Mozilla/5.0 AppleWebKit/537.36 (KHTML, like Gecko; compatible; bingbot/2.0; +http://www.bing.com/bingbot.htm) Chrome/116.0.1938.76 Safari/537.36"
216.128.180.172 - - [23/Apr/2026:23:15:24 +0300] "GET /check-in-right-now-to-allege-your-666-casino-incentive-and-gamble/ HTTP/1.1" 200 73985 "-" "Mozilla/5.0 (Windows NT 10.0; Win64; x64) AppleWebKit/537.36 (KHTML, like Gecko) Chrome/124.0.0.0 Safari/537.36 Edg/124.0.0.0"
216.73.217.0 - - [23/Apr/2026:23:15:27 +0300] "GET /robots.txt HTTP/2" 200 110 "-" "Mozilla/5.0 AppleWebKit/537.36 (KHTML, like Gecko; compatible; ClaudeBot/1.0; +claudebot@anthropic.com)"
216.73.217.0 - - [23/Apr/2026:23:15:47 +0300] "GET /sitemap.xml HTTP/2" 200 0 "-" "Mozilla/5.0 AppleWebKit/537.36 (KHTML, like Gecko; compatible; ClaudeBot/1.0; +claudebot@anthropic.com)"
216.128.180.172 - - [23/Apr/2026:23:16:12 +0300] "POST /xmlrpc.php HTTP/1.1" 200 630 "-" "Mozilla/5.0 (Windows NT 10.0; Win64; x64) AppleWebKit/537.36 (KHTML, like Gecko) Chrome/114.0.0.0 Safari/537.36"
185.216.113.70 - - [23/Apr/2026:23:16:47 +0300] "POST /wp-cron.php?doing_wp_cron=1776975406.9376170635223388671875 HTTP/1.1" 200 448 "-" "WordPress/6.3.8; https://serhatburke.miroglu.net"
216.128.180.172 - - [23/Apr/2026:23:16:30 +0300] "POST /xmlrpc.php HTTP/1.1" 200 11548 "-" "Mozilla/5.0 (Windows NT 10.0; Win64; x64) AppleWebKit/537.36 (KHTML, like Gecko) Chrome/114.0.0.0 Safari/537.36"
216.128.180.172 - - [23/Apr/2026:23:16:48 +0300] "GET /i-in-addition-to-needed-casinos-where-you-are-able-to-play-the-finest-payout-video-game-on-the-web/ HTTP/1.1" 200 75511 "-" "Mozilla/5.0 (Windows NT 10.0; Win64; x64; rv:124.0) Gecko/20100101 Firefox/124.0"
77.220.194.203 - - [23/Apr/2026:23:17:18 +0300] "POST /xmlrpc.php HTTP/2" 200 140 "-" "WordPress/XMLRPC Client"
185.216.113.70 - - [23/Apr/2026:23:17:43 +0300] "POST /wp-cron.php?doing_wp_cron=1776975463.9544739723205566406250 HTTP/1.1" 200 448 "-" "WordPress/6.3.8; https://serhatburke.miroglu.net"
77.220.194.203 - - [23/Apr/2026:23:17:31 +0300] "GET /?p=131137 HTTP/2" 301 0 "-" "Mozilla/5.0 (Windows NT 10.0; Win64; x64) AppleWebKit/537.36 (KHTML, like Gecko) Chrome/120.0.0.0 Safari/537.36"
216.128.180.172 - - [23/Apr/2026:23:17:33 +0300] "POST /xmlrpc.php HTTP/1.1" 200 630 "-" "Mozilla/5.0 (Windows NT 10.0; Win64; x64) AppleWebKit/537.36 (KHTML, like Gecko) Chrome/114.0.0.0 Safari/537.36"
216.128.180.172 - - [23/Apr/2026:23:17:52 +0300] "POST /xmlrpc.php HTTP/1.1" 200 9676 "-" "Mozilla/5.0 (Windows NT 10.0; Win64; x64) AppleWebKit/537.36 (KHTML, like Gecko) Chrome/114.0.0.0 Safari/537.36"
40.77.167.20 - - [23/Apr/2026:23:17:55 +0300] "GET /pub-club-black-sheep-game-comment-fortune-hill-rtp-slot-for-real-money-2026-rtp-incentives-demonstration/ HTTP/2" 200 18175 "-" "Mozilla/5.0 AppleWebKit/537.36 (KHTML, like Gecko; compatible; bingbot/2.0; +http://www.bing.com/bingbot.htm) Chrome/116.0.1938.76 Safari/537.36"
216.128.180.172 - - [23/Apr/2026:23:18:06 +0300] "GET /bet365-enjoys-multiple-prominent-highest-rtp-harbors-that-provide-enjoyable-layouts-and-you-may-book-have-having-members/ HTTP/1.1" 200 74501 "-" "Mozilla/5.0 (Windows NT 10.0; Win64; x64; rv:125.0) Gecko/20100101 Firefox/125.0"
185.216.113.70 - - [23/Apr/2026:23:18:55 +0300] "POST /wp-cron.php?doing_wp_cron=1776975535.6036350727081298828125 HTTP/1.1" 200 448 "-" "WordPress/6.3.8; https://serhatburke.miroglu.net"
52.167.144.19 - - [23/Apr/2026:23:18:40 +0300] "GET /h1-tronscan-simplifying-your-tron-blockchain-experience-h1-2/ HTTP/2" 200 17437 "-" "Mozilla/5.0 AppleWebKit/537.36 (KHTML, like Gecko; compatible; bingbot/2.0; +http://www.bing.com/bingbot.htm) Chrome/116.0.1938.76 Safari/537.36"
52.167.144.19 - - [23/Apr/2026:23:18:47 +0300] "GET /pelaa-yli-suomi-casinos-1-talletus-22-600-ilmaista-nettikasinopelia-ja-kolikkopelia-zero-hanki/ HTTP/2" 200 18349 "-" "Mozilla/5.0 AppleWebKit/537.36 (KHTML, like Gecko; compatible; bingbot/2.0; +http://www.bing.com/bingbot.htm) Chrome/116.0.1938.76 Safari/537.36"
216.128.180.172 - - [23/Apr/2026:23:18:49 +0300] "POST /xmlrpc.php HTTP/1.1" 200 630 "-" "Mozilla/5.0 (Windows NT 10.0; Win64; x64) AppleWebKit/537.36 (KHTML, like Gecko) Chrome/114.0.0.0 Safari/537.36"
128.1.227.231 - - [23/Apr/2026:23:18:50 +0300] "POST /xmlrpc.php HTTP/1.1" 200 630 "-" "Mozilla/5.0 (Windows NT 10.0; Win64; x64) AppleWebKit/537.36 (KHTML, like Gecko) Chrome/114.0.0.0 Safari/537.36"
200.25.47.120 - - [23/Apr/2026:23:19:06 +0300] "POST /xmlrpc.php HTTP/1.1" 200 630 "-" "Mozilla/5.0 (Windows NT 10.0; Win64; x64) AppleWebKit/537.36 (KHTML, like Gecko) Chrome/114.0.0.0 Safari/537.36"
185.216.113.70 - - [23/Apr/2026:23:19:36 +0300] "POST /wp-cron.php?doing_wp_cron=1776975576.1748180389404296875000 HTTP/1.1" 200 448 "-" "WordPress/6.3.8; https://serhatburke.miroglu.net"
216.128.180.172 - - [23/Apr/2026:23:19:22 +0300] "POST /xmlrpc.php HTTP/1.1" 200 9018 "-" "Mozilla/5.0 (Windows NT 10.0; Win64; x64) AppleWebKit/537.36 (KHTML, like Gecko) Chrome/114.0.0.0 Safari/537.36"
128.1.227.231 - - [23/Apr/2026:23:19:23 +0300] "POST /xmlrpc.php HTTP/1.1" 200 11021 "-" "Mozilla/5.0 (Windows NT 10.0; Win64; x64) AppleWebKit/537.36 (KHTML, like Gecko) Chrome/114.0.0.0 Safari/537.36"
200.25.47.120 - - [23/Apr/2026:23:19:31 +0300] "POST /xmlrpc.php HTTP/1.1" 200 16020 "-" "Mozilla/5.0 (Windows NT 10.0; Win64; x64) AppleWebKit/537.36 (KHTML, like Gecko) Chrome/114.0.0.0 Safari/537.36"
216.128.180.172 - - [23/Apr/2026:23:19:37 +0300] "GET /nonetheless-if-seamless-mix-program-play-is-what-you-would-like-very-little-else-happens-romantic/ HTTP/1.1" 200 73150 "-" "Mozilla/5.0 (Windows NT 10.0; Win64; x64; rv:125.0) Gecko/20100101 Firefox/125.0"
128.1.227.231 - - [23/Apr/2026:23:19:40 +0300] "GET /wunderino-maklercourtage-kode-2026-400-neosurf-casino-neukundenbonus-einlosen/ HTTP/1.1" 200 74916 "-" "Mozilla/5.0 (Windows NT 10.0; rv:109.0) Gecko/20100101 Firefox/115.0"
66.249.73.15 - - [23/Apr/2026:23:19:55 +0300] "GET /robots.txt HTTP/1.1" 200 719 "-" "Mozilla/5.0 (compatible; Googlebot/2.1; +http://www.google.com/bot.html)"
216.73.217.0 - - [23/Apr/2026:23:20:11 +0300] "GET /sitemap.rss HTTP/2" 200 0 "-" "Mozilla/5.0 AppleWebKit/537.36 (KHTML, like Gecko; compatible; ClaudeBot/1.0; +claudebot@anthropic.com)"
200.25.47.120 - - [23/Apr/2026:23:19:55 +0300] "GET /pa-spilleban-som-danmark-bedste-danske-pa-oscar-spin-app-casinoer-2024/ HTTP/1.1" 200 79396 "-" "Mozilla/5.0 (Windows NT 10.0; Win64; x64) AppleWebKit/537.36 (KHTML, like Gecko) Chrome/122.0.0.0 Safari/537.36"
216.128.180.172 - - [23/Apr/2026:23:20:03 +0300] "POST /xmlrpc.php HTTP/1.1" 200 630 "-" "Mozilla/5.0 (Windows NT 10.0; Win64; x64) AppleWebKit/537.36 (KHTML, like Gecko) Chrome/114.0.0.0 Safari/537.36"
185.216.113.70 - - [23/Apr/2026:23:20:41 +0300] "POST /wp-cron.php?doing_wp_cron=1776975641.1753230094909667968750 HTTP/1.1" 200 448 "-" "WordPress/6.3.8; https://serhatburke.miroglu.net"
216.128.180.172 - - [23/Apr/2026:23:20:29 +0300] "POST /xmlrpc.php HTTP/1.1" 200 11888 "-" "Mozilla/5.0 (Windows NT 10.0; Win64; x64) AppleWebKit/537.36 (KHTML, like Gecko) Chrome/114.0.0.0 Safari/537.36"
216.128.180.172 - - [23/Apr/2026:23:20:42 +0300] "GET /while-a-skilled-player-you-truly-know-already-just-what-casino-games-you-love-to-play/ HTTP/1.1" 200 75598 "-" "Mozilla/5.0 (Windows NT 10.0; Win64; x64; rv:125.0) Gecko/20100101 Firefox/125.0"
200.25.47.120 - - [23/Apr/2026:23:20:59 +0300] "POST /xmlrpc.php HTTP/1.1" 200 630 "-" "Mozilla/5.0 (Windows NT 10.0; Win64; x64) AppleWebKit/537.36 (KHTML, like Gecko) Chrome/114.0.0.0 Safari/537.36"
216.128.180.172 - - [23/Apr/2026:23:21:10 +0300] "POST /xmlrpc.php HTTP/1.1" 200 630 "-" "Mozilla/5.0 (Windows NT 10.0; Win64; x64) AppleWebKit/537.36 (KHTML, like Gecko) Chrome/114.0.0.0 Safari/537.36"
185.216.113.70 - - [23/Apr/2026:23:21:32 +0300] "POST /wp-cron.php?doing_wp_cron=1776975692.7658729553222656250000 HTTP/1.1" 200 448 "-" "WordPress/6.3.8; https://serhatburke.miroglu.net"
128.1.227.231 - - [23/Apr/2026:23:21:18 +0300] "POST /xmlrpc.php HTTP/1.1" 200 630 "-" "Mozilla/5.0 (Windows NT 10.0; Win64; x64) AppleWebKit/537.36 (KHTML, like Gecko) Chrome/114.0.0.0 Safari/537.36"
200.25.47.120 - - [23/Apr/2026:23:21:18 +0300] "POST /xmlrpc.php HTTP/1.1" 200 14002 "-" "Mozilla/5.0 (Windows NT 10.0; Win64; x64) AppleWebKit/537.36 (KHTML, like Gecko) Chrome/114.0.0.0 Safari/537.36"
216.128.180.172 - - [23/Apr/2026:23:21:32 +0300] "POST /xmlrpc.php HTTP/1.1" 200 12045 "-" "Mozilla/5.0 (Windows NT 10.0; Win64; x64) AppleWebKit/537.36 (KHTML, like Gecko) Chrome/114.0.0.0 Safari/537.36"
200.25.47.120 - - [23/Apr/2026:23:21:36 +0300] "GET /allehelgensafte-skuespil-sadan-her-skuespil-gratis-online-idraetsgren/ HTTP/1.1" 200 77364 "-" "Mozilla/5.0 (Windows NT 10.0; Win64; x64; rv:124.0) Gecko/20100101 Firefox/124.0"
128.1.227.231 - - [23/Apr/2026:23:21:39 +0300] "POST /xmlrpc.php HTTP/1.1" 200 10859 "-" "Mozilla/5.0 (Windows NT 10.0; Win64; x64) AppleWebKit/537.36 (KHTML, like Gecko) Chrome/114.0.0.0 Safari/537.36"
66.249.76.64 - - [23/Apr/2026:23:21:54 +0300] "GET /robots.txt HTTP/1.1" 200 719 "-" "Mozilla/5.0 (compatible; Googlebot/2.1; +http://www.google.com/bot.html)"
216.128.180.172 - - [23/Apr/2026:23:21:55 +0300] "GET /erasmus-prides-themselves-to-the-his-search-skills-and-versatility-to-different-content-means/ HTTP/1.1" 200 75965 "-" "Mozilla/5.0 (Windows NT 10.0; rv:109.0) Gecko/20100101 Firefox/115.0"
66.249.76.78 - - [23/Apr/2026:23:21:56 +0300] "GET /rahasia-temukan-slot-gacor-terbaru-untuk-3/ HTTP/1.1" 200 286227 "-" "Mozilla/5.0 (Linux; Android 6.0.1; Nexus 5X Build/MMB29P) AppleWebKit/537.36 (KHTML, like Gecko) Chrome/146.0.7680.177 Mobile Safari/537.36 (compatible; Googlebot/2.1; +http://www.google.com/bot.html)"
128.1.227.231 - - [23/Apr/2026:23:22:06 +0300] "GET /wunderino-maklercourtage-sourcecode-50-freie-spins-auf-island-vacation-kupon-2026-provision-hinunterschlucken/ HTTP/1.1" 200 75464 "-" "Mozilla/5.0 (Windows NT 10.0; Win64; x64) AppleWebKit/537.36 (KHTML, like Gecko) Chrome/124.0.0.0 Safari/537.36 Edg/124.0.0.0"
216.128.180.172 - - [23/Apr/2026:23:22:12 +0300] "POST /xmlrpc.php HTTP/1.1" 200 630 "-" "Mozilla/5.0 (Windows NT 10.0; Win64; x64) AppleWebKit/537.36 (KHTML, like Gecko) Chrome/114.0.0.0 Safari/537.36"
200.25.47.120 - - [23/Apr/2026:23:22:19 +0300] "POST /xmlrpc.php HTTP/1.1" 200 630 "-" "Mozilla/5.0 (Windows NT 10.0; Win64; x64) AppleWebKit/537.36 (KHTML, like Gecko) Chrome/114.0.0.0 Safari/537.36"
66.249.73.15 - - [23/Apr/2026:23:22:45 +0300] "GET /rahasia-temukan-slot-gacor-terbaru-untuk-3/undefined?ts=1775520000 HTTP/1.1" 200 0 "https://serhatburke.miroglu.net/rahasia-temukan-slot-gacor-terbaru-untuk-3/" "Mozilla/5.0 (Linux; Android 6.0.1; Nexus 5X Build/MMB29P) AppleWebKit/537.36 (KHTML, like Gecko) Chrome/146.0.7680.177 Mobile Safari/537.36 (compatible; Googlebot/2.1; +http://www.google.com/bot.html)"
185.216.113.70 - - [23/Apr/2026:23:22:58 +0300] "POST /wp-cron.php?doing_wp_cron=1776975778.2969329357147216796875 HTTP/1.1" 200 448 "-" "WordPress/6.3.8; https://serhatburke.miroglu.net"
216.128.180.172 - - [23/Apr/2026:23:22:42 +0300] "POST /xmlrpc.php HTTP/1.1" 200 8491 "-" "Mozilla/5.0 (Windows NT 10.0; Win64; x64) AppleWebKit/537.36 (KHTML, like Gecko) Chrome/114.0.0.0 Safari/537.36"
200.25.47.120 - - [23/Apr/2026:23:22:44 +0300] "POST /xmlrpc.php HTTP/1.1" 200 15638 "-" "Mozilla/5.0 (Windows NT 10.0; Win64; x64) AppleWebKit/537.36 (KHTML, like Gecko) Chrome/114.0.0.0 Safari/537.36"
216.128.180.172 - - [23/Apr/2026:23:22:59 +0300] "GET /an-individual-friendliness-such-notes-give-makes-them-a-preferred-selection-for-people/ HTTP/1.1" 200 72055 "-" "Mozilla/5.0 (Windows NT 10.0; Win64; x64) AppleWebKit/537.36 (KHTML, like Gecko) Chrome/124.0.0.0 Safari/537.36"
200.25.47.120 - - [23/Apr/2026:23:23:03 +0300] "GET /online-spilleban-pr-danmark-top-danske-tilslutte-slot-queen-hearts-deluxe-casinoer-som-2026/ HTTP/1.1" 200 79339 "-" "Mozilla/5.0 (Windows NT 10.0; Win64; x64) AppleWebKit/537.36 (KHTML, like Gecko) Chrome/123.0.0.0 Safari/537.36 OPR/109.0.0.0"
216.128.180.172 - - [23/Apr/2026:23:23:19 +0300] "POST /xmlrpc.php HTTP/1.1" 200 630 "-" "Mozilla/5.0 (Windows NT 10.0; Win64; x64) AppleWebKit/537.36 (KHTML, like Gecko) Chrome/114.0.0.0 Safari/537.36"
128.1.227.231 - - [23/Apr/2026:23:23:21 +0300] "POST /xmlrpc.php HTTP/1.1" 200 630 "-" "Mozilla/5.0 (Windows NT 10.0; Win64; x64) AppleWebKit/537.36 (KHTML, like Gecko) Chrome/114.0.0.0 Safari/537.36"
185.216.113.70 - - [23/Apr/2026:23:23:59 +0300] "POST /wp-cron.php?doing_wp_cron=1776975839.4504499435424804687500 HTTP/1.1" 200 448 "-" "WordPress/6.3.8; https://serhatburke.miroglu.net"
216.128.180.172 - - [23/Apr/2026:23:23:40 +0300] "POST /xmlrpc.php HTTP/1.1" 200 8942 "-" "Mozilla/5.0 (Windows NT 10.0; Win64; x64) AppleWebKit/537.36 (KHTML, like Gecko) Chrome/114.0.0.0 Safari/537.36"
200.25.47.120 - - [23/Apr/2026:23:23:41 +0300] "POST /xmlrpc.php HTTP/1.1" 200 630 "-" "Mozilla/5.0 (Windows NT 10.0; Win64; x64) AppleWebKit/537.36 (KHTML, like Gecko) Chrome/114.0.0.0 Safari/537.36"
128.1.227.231 - - [23/Apr/2026:23:23:42 +0300] "POST /xmlrpc.php HTTP/1.1" 200 10711 "-" "Mozilla/5.0 (Windows NT 10.0; Win64; x64) AppleWebKit/537.36 (KHTML, like Gecko) Chrome/114.0.0.0 Safari/537.36"
216.128.180.172 - - [23/Apr/2026:23:24:01 +0300] "GET /starburst-publication-regarding-inactive-and-you-can-mega-moolah-are-a-handful-of-visible-picks/ HTTP/1.1" 200 72948 "-" "Mozilla/5.0 (Windows NT 10.0; rv:125.0) Gecko/20100101 Firefox/125.0"
128.1.227.231 - - [23/Apr/2026:23:24:03 +0300] "GET /wunderino-pramie-kode-40-casino-book-of-ra-deluxe-download-kostenlos-promo-100-freispiele/ HTTP/1.1" 200 74881 "-" "Mozilla/5.0 (Windows NT 10.0; Win64; x64; rv:125.0) Gecko/20100101 Firefox/125.0"
200.25.47.120 - - [23/Apr/2026:23:24:07 +0300] "POST /xmlrpc.php HTTP/1.1" 200 16374 "-" "Mozilla/5.0 (Windows NT 10.0; Win64; x64) AppleWebKit/537.36 (KHTML, like Gecko) Chrome/114.0.0.0 Safari/537.36"
216.128.180.172 - - [23/Apr/2026:23:24:19 +0300] "POST /xmlrpc.php HTTP/1.1" 200 630 "-" "Mozilla/5.0 (Windows NT 10.0; Win64; x64) AppleWebKit/537.36 (KHTML, like Gecko) Chrome/114.0.0.0 Safari/537.36"
66.249.76.64 - - [23/Apr/2026:23:24:24 +0300] "GET /rahasia-temukan-slot-gacor-terbaru-untuk-3/ HTTP/1.1" 200 286228 "-" "Mozilla/5.0 (Linux; Android 6.0.1; Nexus 5X Build/MMB29P) AppleWebKit/537.36 (KHTML, like Gecko) Chrome/146.0.7680.177 Mobile Safari/537.36 (compatible; Googlebot/2.1; +http://www.google.com/bot.html)"
66.249.76.77 - - [23/Apr/2026:23:24:45 +0300] "GET /wp-includes/css/dist/block-library/style.min.css?ver=6.3.8 HTTP/1.1" 200 13578 "https://serhatburke.miroglu.net/rahasia-temukan-slot-gacor-terbaru-untuk-3/" "Mozilla/5.0 (Linux; Android 6.0.1; Nexus 5X Build/MMB29P) AppleWebKit/537.36 (KHTML, like Gecko) Chrome/146.0.7680.177 Mobile Safari/537.36 (compatible; Googlebot/2.1; +http://www.google.com/bot.html)"
185.216.113.70 - - [23/Apr/2026:23:24:47 +0300] "POST /wp-cron.php?doing_wp_cron=1776975887.5047080516815185546875 HTTP/1.1" 200 448 "-" "WordPress/6.3.8; https://serhatburke.miroglu.net"
200.25.47.120 - - [23/Apr/2026:23:24:32 +0300] "GET /bedste-queen-hearts-deluxe-spilleautomat-spilleban-bonusser-pr-august-2026-til-godkendte-danske-casinoer/ HTTP/1.1" 200 80388 "-" "Mozilla/5.0 (Windows NT 10.0; Win64; x64) AppleWebKit/537.36 (KHTML, like Gecko) Chrome/109.0.0.0 Safari/537.36"
66.249.76.78 - - [23/Apr/2026:23:24:42 +0300] "GET /robots.txt HTTP/1.1" 200 719 "-" "Mozilla/5.0 (compatible; Googlebot/2.1; +http://www.google.com/bot.html)"
216.128.180.172 - - [23/Apr/2026:23:24:45 +0300] "POST /xmlrpc.php HTTP/1.1" 200 12098 "-" "Mozilla/5.0 (Windows NT 10.0; Win64; x64) AppleWebKit/537.36 (KHTML, like Gecko) Chrome/114.0.0.0 Safari/537.36"
66.249.76.77 - - [23/Apr/2026:23:25:06 +0300] "GET /rahasia-temukan-slot-gacor-terbaru-untuk-3/undefined?ts=1775520000 HTTP/1.1" 200 0 "https://serhatburke.miroglu.net/rahasia-temukan-slot-gacor-terbaru-untuk-3/" "Mozilla/5.0 (Linux; Android 6.0.1; Nexus 5X Build/MMB29P) AppleWebKit/537.36 (KHTML, like Gecko) Chrome/146.0.7680.177 Mobile Safari/537.36 (compatible; Googlebot/2.1; +http://www.google.com/bot.html)"
115.167.65.179 - - [23/Apr/2026:23:24:53 +0300] "GET /xmlrpc.php HTTP/1.1" 405 624 "-" "Mozilla/5.0 (Windows NT 10.0; Win64; x64) AppleWebKit/537.36 (KHTML, like Gecko) Chrome/83.0.4103.116 Safari/537.36"
200.25.47.120 - - [23/Apr/2026:23:25:01 +0300] "POST /xmlrpc.php HTTP/1.1" 200 630 "-" "Mozilla/5.0 (Windows NT 10.0; Win64; x64) AppleWebKit/537.36 (KHTML, like Gecko) Chrome/114.0.0.0 Safari/537.36"
66.249.73.14 - - [23/Apr/2026:23:25:32 +0300] "GET /rahasia-temukan-slot-gacor-terbaru-untuk-3/undefined?ts=1775520000 HTTP/1.1" 200 0 "https://serhatburke.miroglu.net/rahasia-temukan-slot-gacor-terbaru-untuk-3/" "Mozilla/5.0 (Linux; Android 6.0.1; Nexus 5X Build/MMB29P) AppleWebKit/537.36 (KHTML, like Gecko) Chrome/146.0.7680.177 Mobile Safari/537.36 (compatible; Googlebot/2.1; +http://www.google.com/bot.html)"
128.1.227.231 - - [23/Apr/2026:23:25:09 +0300] "POST /xmlrpc.php HTTP/1.1" 200 630 "-" "Mozilla/5.0 (Windows NT 10.0; Win64; x64) AppleWebKit/537.36 (KHTML, like Gecko) Chrome/114.0.0.0 Safari/537.36"
66.249.73.14 - - [23/Apr/2026:23:25:35 +0300] "GET /rahasia-temukan-slot-gacor-terbaru-untuk-3/undefined?ts=1775520000 HTTP/1.1" 200 0 "https://serhatburke.miroglu.net/rahasia-temukan-slot-gacor-terbaru-untuk-3/" "Mozilla/5.0 (Linux; Android 6.0.1; Nexus 5X Build/MMB29P) AppleWebKit/537.36 (KHTML, like Gecko) Chrome/146.0.7680.177 Mobile Safari/537.36 (compatible; Googlebot/2.1; +http://www.google.com/bot.html)"
216.128.180.172 - - [23/Apr/2026:23:25:10 +0300] "GET /discovering-expert-analysis-and-you-will-evaluating-multiple-casinos-helps-you-make-the-best-choice/ HTTP/1.1" 200 76175 "-" "Mozilla/5.0 (Windows NT 10.0; Win64; x64) AppleWebKit/537.36 (KHTML, like Gecko) Chrome/123.0.0.0 Safari/537.36"
115.167.65.179 - - [23/Apr/2026:23:25:22 +0300] "POST /xmlrpc.php HTTP/1.1" 200 0 "-" "Python-xmlrpc/3.13"
185.216.113.70 - - [23/Apr/2026:23:25:53 +0300] "POST /wp-cron.php?doing_wp_cron=1776975953.2168619632720947265625 HTTP/1.1" 200 448 "-" "WordPress/6.3.8; https://serhatburke.miroglu.net"
216.128.180.172 - - [23/Apr/2026:23:25:23 +0300] "POST /xmlrpc.php HTTP/1.1" 200 630 "-" "Mozilla/5.0 (Windows NT 10.0; Win64; x64) AppleWebKit/537.36 (KHTML, like Gecko) Chrome/114.0.0.0 Safari/537.36"
200.25.47.120 - - [23/Apr/2026:23:25:41 +0300] "POST /xmlrpc.php HTTP/1.1" 200 13545 "-" "Mozilla/5.0 (Windows NT 10.0; Win64; x64) AppleWebKit/537.36 (KHTML, like Gecko) Chrome/114.0.0.0 Safari/537.36"
115.167.65.179 - - [23/Apr/2026:23:25:52 +0300] "POST /xmlrpc.php HTTP/1.1" 200 0 "-" "Python-xmlrpc/3.13"
128.1.227.231 - - [23/Apr/2026:23:25:51 +0300] "POST /xmlrpc.php HTTP/1.1" 200 9866 "-" "Mozilla/5.0 (Windows NT 10.0; Win64; x64) AppleWebKit/537.36 (KHTML, like Gecko) Chrome/114.0.0.0 Safari/537.36"
216.128.180.172 - - [23/Apr/2026:23:26:00 +0300] "POST /xmlrpc.php HTTP/1.1" 200 10606 "-" "Mozilla/5.0 (Windows NT 10.0; Win64; x64) AppleWebKit/537.36 (KHTML, like Gecko) Chrome/114.0.0.0 Safari/537.36"
200.25.47.120 - - [23/Apr/2026:23:26:08 +0300] "GET /velkomstboonus-hvordan-man-traekker-goldbet-bonus-opdage-den-bedste-indbetalingsbonus/ HTTP/1.1" 200 77263 "-" "Mozilla/5.0 (Windows NT 10.0; Win64; x64) AppleWebKit/537.36 (KHTML, like Gecko) Chrome/123.0.0.0 Safari/537.36 OPR/109.0.0.0"
200.25.47.120 - - [23/Apr/2026:23:26:08 +0300] "POST /xmlrpc.php HTTP/1.1" 200 630 "-" "Mozilla/5.0 (Windows NT 10.0; Win64; x64) AppleWebKit/537.36 (KHTML, like Gecko) Chrome/114.0.0.0 Safari/537.36"
74.124.223.49 - - [23/Apr/2026:23:26:23 +0300] "GET /xmlrpc.php HTTP/1.1" 200 0 "-" "Mozilla/5.0 (Windows NT 10.0; Win64; x64) AppleWebKit/537.36 (KHTML, like Gecko) Chrome/83.0.4103.116 Safari/537.36"
185.216.113.70 - - [23/Apr/2026:23:26:55 +0300] "POST /wp-cron.php?doing_wp_cron=1776976015.4239840507507324218750 HTTP/1.1" 200 448 "-" "WordPress/6.3.8; https://serhatburke.miroglu.net"
216.128.180.172 - - [23/Apr/2026:23:26:19 +0300] "POST /xmlrpc.php HTTP/1.1" 200 630 "-" "Mozilla/5.0 (Windows NT 10.0; Win64; x64) AppleWebKit/537.36 (KHTML, like Gecko) Chrome/114.0.0.0 Safari/537.36"
185.216.113.70 - - [23/Apr/2026:23:26:56 +0300] "POST /wp-cron.php?doing_wp_cron=1776976016.6137840747833251953125 HTTP/1.1" 200 448 "-" "WordPress/6.3.8; https://serhatburke.miroglu.net"
128.1.227.231 - - [23/Apr/2026:23:26:24 +0300] "GET /100-provision-so-sizzling-hot-fixed-slot-free-spins-weit-wie-1-500-200-freispiele/ HTTP/1.1" 200 73853 "-" "Mozilla/5.0 (Windows NT 10.0; Win64; x64) AppleWebKit/537.36 (KHTML, like Gecko) Chrome/122.0.0.0 Safari/537.36"
185.216.113.70 - - [23/Apr/2026:23:27:13 +0300] "POST /wp-cron.php?doing_wp_cron=1776976033.7306311130523681640625 HTTP/1.1" 200 448 "-" "WordPress/6.3.8; https://serhatburke.miroglu.net"
216.128.180.172 - - [23/Apr/2026:23:26:38 +0300] "GET /an-optimistic-consumer-experience-is-essential-getting-enjoyable-online-casino-gaming/ HTTP/1.1" 200 74270 "-" "Mozilla/5.0 (Windows NT 10.0; Win64; x64) AppleWebKit/537.36 (KHTML, like Gecko) Chrome/122.0.0.0 Safari/537.36"
74.124.223.49 - - [23/Apr/2026:23:26:54 +0300] "GET /xmlrpc.php HTTP/1.1" 200 0 "-" "Mozilla/5.0 (Windows NT 10.0; Win64; x64) AppleWebKit/537.36 (KHTML, like Gecko) Chrome/83.0.4103.116 Safari/537.36"
185.216.113.70 - - [23/Apr/2026:23:27:43 +0300] "POST /wp-cron.php?doing_wp_cron=1776976063.3106379508972167968750 HTTP/1.1" 200 448 "-" "WordPress/6.3.8; https://serhatburke.miroglu.net"
200.25.47.120 - - [23/Apr/2026:23:26:52 +0300] "POST /xmlrpc.php HTTP/1.1" 200 13779 "-" "Mozilla/5.0 (Windows NT 10.0; Win64; x64) AppleWebKit/537.36 (KHTML, like Gecko) Chrome/114.0.0.0 Safari/537.36"
34.116.28.32 - - [23/Apr/2026:23:26:53 +0300] "GET /1xbet-app-download-latest-mobile-version-for-6/ HTTP/1.1" 200 18516 "-" "Mozilla/5.0 (compatible; Google-Apps-Script; beanserver; +https://script.google.com; id: UAEmdDd98-IqFHPQ7FFTjM1LThi7WIa68nzw)"
151.241.39.69 - - [23/Apr/2026:23:27:25 +0300] "GET /xmlrpc.php HTTP/1.1" 200 0 "-" "Mozilla/5.0 (Windows NT 10.0; Win64; x64) AppleWebKit/537.36 (KHTML, like Gecko) Chrome/83.0.4103.116 Safari/537.36"
216.128.180.172 - - [23/Apr/2026:23:27:02 +0300] "POST /xmlrpc.php HTTP/1.1" 200 8512 "-" "Mozilla/5.0 (Windows NT 10.0; Win64; x64) AppleWebKit/537.36 (KHTML, like Gecko) Chrome/114.0.0.0 Safari/537.36"
128.1.227.231 - - [23/Apr/2026:23:27:04 +0300] "POST /xmlrpc.php HTTP/1.1" 200 630 "-" "Mozilla/5.0 (Windows NT 10.0; Win64; x64) AppleWebKit/537.36 (KHTML, like Gecko) Chrome/114.0.0.0 Safari/537.36"
200.25.47.120 - - [23/Apr/2026:23:27:16 +0300] "POST /xmlrpc.php HTTP/1.1" 200 630 "-" "Mozilla/5.0 (Windows NT 10.0; Win64; x64) AppleWebKit/537.36 (KHTML, like Gecko) Chrome/114.0.0.0 Safari/537.36"
216.128.180.172 - - [23/Apr/2026:23:27:18 +0300] "POST /xmlrpc.php HTTP/1.1" 200 630 "-" "Mozilla/5.0 (Windows NT 10.0; Win64; x64) AppleWebKit/537.36 (KHTML, like Gecko) Chrome/114.0.0.0 Safari/537.36"
151.241.39.69 - - [23/Apr/2026:23:27:55 +0300] "GET /xmlrpc.php HTTP/1.1" 200 0 "-" "Mozilla/5.0 (Windows NT 10.0; Win64; x64) AppleWebKit/537.36 (KHTML, like Gecko) Chrome/83.0.4103.116 Safari/537.36"
200.25.47.120 - - [23/Apr/2026:23:27:44 +0300] "GET /bedste-danske-online-casinoer-for-2026-belobe-sig-til-10-spil-iron-fungere-2-chateau-online-ingen-downloadin-ved-hjaelp-gladiator-paypal-af-licens/ HTTP/1.1" 200 79463 "-" "Mozilla/5.0 (Windows NT 10.0; Win64; x64; rv:125.0) Gecko/20100101 Firefox/125.0"
185.216.113.70 - - [23/Apr/2026:23:28:46 +0300] "POST /wp-cron.php?doing_wp_cron=1776976126.4077899456024169921875 HTTP/1.1" 200 448 "-" "WordPress/6.3.8; https://serhatburke.miroglu.net"
216.128.180.172 - - [23/Apr/2026:23:28:00 +0300] "GET /but-real-cash-online-casinos-also-provide-gadgets-so-you-can-with-men-and-women-steps/ HTTP/1.1" 200 72406 "-" "Mozilla/5.0 (Windows NT 10.0; Win64; x64) AppleWebKit/537.36 (KHTML, like Gecko) Chrome/123.0.0.0 Safari/537.36 OPR/109.0.0.0"
95.134.102.251 - - [23/Apr/2026:23:28:26 +0300] "GET /xmlrpc.php HTTP/1.1" 200 0 "-" "Mozilla/5.0 (Windows NT 10.0; Win64; x64) AppleWebKit/537.36 (KHTML, like Gecko) Chrome/83.0.4103.116 Safari/537.36"
185.216.113.70 - - [23/Apr/2026:23:28:58 +0300] "POST /wp-cron.php?doing_wp_cron=1776976138.0327789783477783203125 HTTP/1.1" 200 448 "-" "WordPress/6.3.8; https://serhatburke.miroglu.net"
128.1.227.231 - - [23/Apr/2026:23:28:07 +0300] "POST /xmlrpc.php HTTP/1.1" 200 11373 "-" "Mozilla/5.0 (Windows NT 10.0; Win64; x64) AppleWebKit/537.36 (KHTML, like Gecko) Chrome/114.0.0.0 Safari/537.36"
185.216.113.70 - - [23/Apr/2026:23:29:09 +0300] "POST /wp-cron.php?doing_wp_cron=1776976149.2068569660186767578125 HTTP/1.1" 200 448 "-" "WordPress/6.3.8; https://serhatburke.miroglu.net"
216.128.180.172 - - [23/Apr/2026:23:28:16 +0300] "POST /xmlrpc.php HTTP/1.1" 200 630 "-" "Mozilla/5.0 (Windows NT 10.0; Win64; x64) AppleWebKit/537.36 (KHTML, like Gecko) Chrome/114.0.0.0 Safari/537.36"
185.216.113.70 - - [23/Apr/2026:23:29:10 +0300] "POST /wp-cron.php?doing_wp_cron=1776976150.0156350135803222656250 HTTP/1.1" 200 448 "-" "WordPress/6.3.8; https://serhatburke.miroglu.net"
200.25.47.120 - - [23/Apr/2026:23:28:17 +0300] "POST /xmlrpc.php HTTP/1.1" 200 13594 "-" "Mozilla/5.0 (Windows NT 10.0; Win64; x64) AppleWebKit/537.36 (KHTML, like Gecko) Chrome/114.0.0.0 Safari/537.36"
185.216.113.70 - - [23/Apr/2026:23:29:11 +0300] "POST /wp-cron.php?doing_wp_cron=1776976151.2144489288330078125000 HTTP/1.1" 200 448 "-" "WordPress/6.3.8; https://serhatburke.miroglu.net"
200.25.47.120 - - [23/Apr/2026:23:28:18 +0300] "POST /xmlrpc.php HTTP/1.1" 200 630 "-" "Mozilla/5.0 (Windows NT 10.0; Win64; x64) AppleWebKit/537.36 (KHTML, like Gecko) Chrome/114.0.0.0 Safari/537.36"
185.216.113.70 - - [23/Apr/2026:23:29:14 +0300] "POST /wp-cron.php?doing_wp_cron=1776976154.4138870239257812500000 HTTP/1.1" 200 448 "-" "WordPress/6.3.8; https://serhatburke.miroglu.net"
216.128.180.172 - - [23/Apr/2026:23:28:18 +0300] "POST /xmlrpc.php HTTP/1.1" 200 9038 "-" "Mozilla/5.0 (Windows NT 10.0; Win64; x64) AppleWebKit/537.36 (KHTML, like Gecko) Chrome/114.0.0.0 Safari/537.36"
95.134.102.251 - - [23/Apr/2026:23:28:56 +0300] "GET /xmlrpc.php HTTP/1.1" 200 0 "-" "Mozilla/5.0 (Windows NT 10.0; Win64; x64) AppleWebKit/537.36 (KHTML, like Gecko) Chrome/83.0.4103.116 Safari/537.36"
209.101.128.108 - - [23/Apr/2026:23:29:27 +0300] "GET /xmlrpc.php HTTP/1.1" 200 0 "-" "Mozilla/5.0 (Windows NT 10.0; Win64; x64) AppleWebKit/537.36 (KHTML, like Gecko) Chrome/83.0.4103.116 Safari/537.36"
185.216.113.70 - - [23/Apr/2026:23:30:11 +0300] "POST /wp-cron.php?doing_wp_cron=1776976211.0066640377044677734375 HTTP/1.1" 200 448 "-" "WordPress/6.3.8; https://serhatburke.miroglu.net"
128.1.227.231 - - [23/Apr/2026:23:28:46 +0300] "POST /xmlrpc.php HTTP/1.1" 200 630 "-" "Mozilla/5.0 (Windows NT 10.0; Win64; x64) AppleWebKit/537.36 (KHTML, like Gecko) Chrome/114.0.0.0 Safari/537.36"
128.1.227.231 - - [23/Apr/2026:23:28:59 +0300] "GET /beste-erreichbar-casinos-2026-220-geprufte-casinos-the-wild-machine-casino-inoffizieller-mitarbeiter-kollationieren/ HTTP/1.1" 200 76278 "-" "Mozilla/5.0 (Windows NT 10.0; Win64; x64) AppleWebKit/537.36 (KHTML, like Gecko) Chrome/109.0.0.0 Safari/537.36"
209.101.128.108 - - [23/Apr/2026:23:29:57 +0300] "GET /xmlrpc.php HTTP/1.1" 200 0 "-" "Mozilla/5.0 (Windows NT 10.0; Win64; x64) AppleWebKit/537.36 (KHTML, like Gecko) Chrome/83.0.4103.116 Safari/537.36"
216.128.180.172 - - [23/Apr/2026:23:29:13 +0300] "POST /xmlrpc.php HTTP/1.1" 200 630 "-" "Mozilla/5.0 (Windows NT 10.0; Win64; x64) AppleWebKit/537.36 (KHTML, like Gecko) Chrome/114.0.0.0 Safari/537.36"
200.25.47.120 - - [23/Apr/2026:23:29:18 +0300] "POST /xmlrpc.php HTTP/1.1" 200 15198 "-" "Mozilla/5.0 (Windows NT 10.0; Win64; x64) AppleWebKit/537.36 (KHTML, like Gecko) Chrome/114.0.0.0 Safari/537.36"
200.25.47.120 - - [23/Apr/2026:23:29:11 +0300] "GET /indbetalingsbonusser-casino-5-reel-drive-online-slot-anmeldelse-bonusser-skattefrie-gevinster/ HTTP/1.1" 200 77272 "-" "Mozilla/5.0 (Windows NT 10.0; rv:125.0) Gecko/20100101 Firefox/125.0"
216.128.180.172 - - [23/Apr/2026:23:29:15 +0300] "GET /we-like-to-see-between-five-and-ten-payment-steps-supported-at-united-kingdom-web-based-casinos/ HTTP/1.1" 200 72905 "-" "Mozilla/5.0 (Windows NT 10.0; Win64; x64; rv:124.0) Gecko/20100101 Firefox/124.0"
200.25.47.120 - - [23/Apr/2026:23:29:21 +0300] "POST /xmlrpc.php HTTP/1.1" 200 630 "-" "Mozilla/5.0 (Windows NT 10.0; Win64; x64) AppleWebKit/537.36 (KHTML, like Gecko) Chrome/114.0.0.0 Safari/537.36"
115.135.25.63 - - [23/Apr/2026:23:30:43 +0300] "POST /xmlrpc.php HTTP/2" 200 0 "-" "WordPress/XMLRPC Client"
216.128.180.172 - - [23/Apr/2026:23:29:16 +0300] "POST /xmlrpc.php HTTP/1.1" 200 12323 "-" "Mozilla/5.0 (Windows NT 10.0; Win64; x64) AppleWebKit/537.36 (KHTML, like Gecko) Chrome/114.0.0.0 Safari/537.36"
216.128.180.172 - - [23/Apr/2026:23:30:02 +0300] "POST /xmlrpc.php HTTP/1.1" 200 630 "-" "Mozilla/5.0 (Windows NT 10.0; Win64; x64) AppleWebKit/537.36 (KHTML, like Gecko) Chrome/114.0.0.0 Safari/537.36"
185.216.113.70 - - [23/Apr/2026:23:31:15 +0300] "POST /wp-cron.php?doing_wp_cron=1776976275.4267189502716064453125 HTTP/1.1" 200 448 "-" "WordPress/6.3.8; https://serhatburke.miroglu.net"
45.159.22.23 - - [23/Apr/2026:23:31:13 +0300] "POST /xmlrpc.php HTTP/2" 200 0 "-" "WordPress/XMLRPC Client"
185.216.113.70 - - [23/Apr/2026:23:31:44 +0300] "POST /wp-cron.php?doing_wp_cron=1776976304.1283590793609619140625 HTTP/1.1" 200 448 "-" "WordPress/6.3.8; https://serhatburke.miroglu.net"
128.1.227.231 - - [23/Apr/2026:23:30:18 +0300] "POST /xmlrpc.php HTTP/1.1" 200 11268 "-" "Mozilla/5.0 (Windows NT 10.0; Win64; x64) AppleWebKit/537.36 (KHTML, like Gecko) Chrome/114.0.0.0 Safari/537.36"
185.216.113.70 - - [23/Apr/2026:23:31:47 +0300] "POST /wp-cron.php?doing_wp_cron=1776976306.9560940265655517578125 HTTP/1.1" 200 448 "-" "WordPress/6.3.8; https://serhatburke.miroglu.net"
200.25.47.120 - - [23/Apr/2026:23:30:41 +0300] "GET /skuespil-fritids-vulkanbet-kasino-kortenspil-online-kortspil-spil/ HTTP/1.1" 200 78127 "-" "Mozilla/5.0 (Windows NT 10.0; Win64; x64) AppleWebKit/537.36 (KHTML, like Gecko) Chrome/124.0.0.0 Safari/537.36 Edg/124.0.0.0"
185.216.113.70 - - [23/Apr/2026:23:31:50 +0300] "POST /wp-cron.php?doing_wp_cron=1776976310.4245069026947021484375 HTTP/1.1" 200 448 "-" "WordPress/6.3.8; https://serhatburke.miroglu.net"
216.128.180.172 - - [23/Apr/2026:23:30:37 +0300] "POST /xmlrpc.php HTTP/1.1" 200 8976 "-" "Mozilla/5.0 (Windows NT 10.0; Win64; x64) AppleWebKit/537.36 (KHTML, like Gecko) Chrome/114.0.0.0 Safari/537.36"
200.25.47.120 - - [23/Apr/2026:23:30:26 +0300] "POST /xmlrpc.php HTTP/1.1" 200 630 "-" "Mozilla/5.0 (Windows NT 10.0; Win64; x64) AppleWebKit/537.36 (KHTML, like Gecko) Chrome/114.0.0.0 Safari/537.36"
185.216.113.70 - - [23/Apr/2026:23:32:06 +0300] "POST /wp-cron.php?doing_wp_cron=1776976326.3127560615539550781250 HTTP/1.1" 200 448 "-" "WordPress/6.3.8; https://serhatburke.miroglu.net"
185.216.113.70 - - [23/Apr/2026:23:32:09 +0300] "POST /wp-cron.php?doing_wp_cron=1776976329.6216750144958496093750 HTTP/1.1" 200 448 "-" "WordPress/6.3.8; https://serhatburke.miroglu.net"
128.1.227.231 - - [23/Apr/2026:23:30:32 +0300] "POST /xmlrpc.php HTTP/1.1" 200 630 "-" "Mozilla/5.0 (Windows NT 10.0; Win64; x64) AppleWebKit/537.36 (KHTML, like Gecko) Chrome/114.0.0.0 Safari/537.36"
102.157.54.77 - - [23/Apr/2026:23:31:44 +0300] "POST /xmlrpc.php HTTP/2" 200 0 "-" "WordPress/XMLRPC Client"
185.216.113.70 - - [23/Apr/2026:23:32:21 +0300] "POST /wp-cron.php?doing_wp_cron=1776976341.2289059162139892578125 HTTP/1.1" 200 448 "-" "WordPress/6.3.8; https://serhatburke.miroglu.net"
200.25.47.120 - - [23/Apr/2026:23:30:51 +0300] "POST /xmlrpc.php HTTP/1.1" 200 627 "-" "Mozilla/5.0 (Windows NT 10.0; Win64; x64) AppleWebKit/537.36 (KHTML, like Gecko) Chrome/114.0.0.0 Safari/537.36"
74.244.135.247 - - [23/Apr/2026:23:32:16 +0300] "POST /xmlrpc.php HTTP/2" 200 0 "-" "WordPress/XMLRPC Client"
185.216.113.70 - - [23/Apr/2026:23:32:47 +0300] "POST /wp-cron.php?doing_wp_cron=1776976367.6029689311981201171875 HTTP/1.1" 200 448 "-" "WordPress/6.3.8; https://serhatburke.miroglu.net"
216.128.180.172 - - [23/Apr/2026:23:30:55 +0300] "POST /xmlrpc.php HTTP/1.1" 200 627 "-" "Mozilla/5.0 (Windows NT 10.0; Win64; x64) AppleWebKit/537.36 (KHTML, like Gecko) Chrome/114.0.0.0 Safari/537.36"
216.128.180.172 - - [23/Apr/2026:23:30:59 +0300] "POST /xmlrpc.php HTTP/1.1" 500 745 "-" "Mozilla/5.0 (Windows NT 10.0; Win64; x64) AppleWebKit/537.36 (KHTML, like Gecko) Chrome/114.0.0.0 Safari/537.36"
200.25.47.120 - - [23/Apr/2026:23:31:01 +0300] "POST /xmlrpc.php HTTP/1.1" 500 745 "-" "Mozilla/5.0 (Windows NT 10.0; Win64; x64) AppleWebKit/537.36 (KHTML, like Gecko) Chrome/114.0.0.0 Safari/537.36"
216.128.180.172 - - [23/Apr/2026:23:31:01 +0300] "POST /xmlrpc.php HTTP/1.1" 500 745 "-" "Mozilla/5.0 (Windows NT 10.0; Win64; x64) AppleWebKit/537.36 (KHTML, like Gecko) Chrome/114.0.0.0 Safari/537.36"
160.250.186.93 - - [23/Apr/2026:23:31:08 +0300] "GET /28563-2/ HTTP/1.1" 500 782 "-" "Mozilla/5.0 (compatible; Googlebot/2.1; +http://www.google.com/bot.html)"
185.216.113.70 - - [23/Apr/2026:23:33:14 +0300] "POST /wp-cron.php?doing_wp_cron=1776976393.9015929698944091796875 HTTP/1.1" 200 448 "-" "WordPress/6.3.8; https://serhatburke.miroglu.net"
200.25.47.120 - - [23/Apr/2026:23:31:23 +0300] "POST /xmlrpc.php HTTP/1.1" 200 630 "-" "Mozilla/5.0 (Windows NT 10.0; Win64; x64) AppleWebKit/537.36 (KHTML, like Gecko) Chrome/114.0.0.0 Safari/537.36"
197.27.102.41 - - [23/Apr/2026:23:32:46 +0300] "POST /xmlrpc.php HTTP/2" 200 0 "-" "WordPress/XMLRPC Client"
185.216.113.70 - - [23/Apr/2026:23:32:59 +0300] "POST /wp-cron.php?doing_wp_cron=1776976379.8066680431365966796875 HTTP/1.1" 200 448 "-" "WordPress/6.3.8; https://serhatburke.miroglu.net"
178.159.37.44 - - [23/Apr/2026:23:32:23 +0300] "POST /xmlrpc.php HTTP/1.1" 200 0 "-" "Mozilla/5.0 (Windows NT 6.1; Win64; x64) AppleWebKit/537.36 (KHTML, like Gecko) Chrome/80.0.3987.149 Safari/537.36"
128.1.227.231 - - [23/Apr/2026:23:31:45 +0300] "GET /beste-angeschlossen-casinos-2026-220-geprufte-casinos-casino-einzahlung-paypal-inoffizieller-mitarbeiter-kollationieren/ HTTP/1.1" 500 745 "-" "Mozilla/5.0 (Windows NT 10.0; rv:125.0) Gecko/20100101 Firefox/125.0"
