185.216.113.70 - - [23/Apr/2026:11:47:59 +0300] "POST /wp-cron.php?doing_wp_cron=1776934078.9666900634765625000000 HTTP/1.1" 200 448 "-" "WordPress/6.3.8; https://serhatburke.miroglu.net"
62.12.119.244 - - [23/Apr/2026:11:46:22 +0300] "GET /starburst-slot-gesamtschau-kostenloser-erreichbar-slot-egyptian-rebirth-slot-durch-netent/ HTTP/1.1" 200 72803 "-" "Mozilla/5.0 (Windows NT 10.0; Win64; x64; rv:124.0) Gecko/20100101 Firefox/124.0"
185.216.113.70 - - [23/Apr/2026:11:48:03 +0300] "POST /wp-cron.php?doing_wp_cron=1776934083.0650138854980468750000 HTTP/1.1" 200 448 "-" "WordPress/6.3.8; https://serhatburke.miroglu.net"
98.98.9.26 - - [23/Apr/2026:11:46:26 +0300] "POST /xmlrpc.php HTTP/1.1" 500 1102 "-" "Mozilla/5.0 (Windows NT 10.0; Win64; x64) AppleWebKit/537.36 (KHTML, like Gecko) Chrome/114.0.0.0 Safari/537.36"
185.216.113.70 - - [23/Apr/2026:11:48:05 +0300] "POST /wp-cron.php?doing_wp_cron=1776934085.3352479934692382812500 HTTP/1.1" 200 448 "-" "WordPress/6.3.8; https://serhatburke.miroglu.net"
165.73.242.7 - - [23/Apr/2026:11:46:31 +0300] "POST /xmlrpc.php HTTP/1.1" 200 627 "-" "Mozilla/5.0 (Windows NT 10.0; Win64; x64) AppleWebKit/537.36 (KHTML, like Gecko) Chrome/114.0.0.0 Safari/537.36"
185.216.113.70 - - [23/Apr/2026:11:48:14 +0300] "POST /wp-cron.php?doing_wp_cron=1776934093.8712460994720458984375 HTTP/1.1" 200 448 "-" "WordPress/6.3.8; https://serhatburke.miroglu.net"
62.12.119.244 - - [23/Apr/2026:11:46:28 +0300] "POST /xmlrpc.php HTTP/1.1" 200 627 "-" "Mozilla/5.0 (Windows NT 10.0; Win64; x64) AppleWebKit/537.36 (KHTML, like Gecko) Chrome/114.0.0.0 Safari/537.36"
185.216.113.70 - - [23/Apr/2026:11:48:14 +0300] "POST /wp-cron.php?doing_wp_cron=1776934094.8578090667724609375000 HTTP/1.1" 200 448 "-" "WordPress/6.3.8; https://serhatburke.miroglu.net"
165.73.242.7 - - [23/Apr/2026:11:46:42 +0300] "GET /lucky-twins-electricity-clusters-slot-opinion-wager-totally-free-mugshot-madness-online-slot-now/ HTTP/1.1" 404 56563 "-" "Mozilla/5.0 (Windows NT 10.0; Win64; x64) AppleWebKit/537.36 (KHTML, like Gecko) Chrome/124.0.0.0 Safari/537.36"
52.167.144.17 - - [23/Apr/2026:11:48:06 +0300] "GET /tonybet-promocios-jelszo-igenyeljen-350-dollaros-osztonzot-2024-szeptemberere-digitalis-ertekesitesi-uzletag-elektronikus-ertekesitesi-funkciok/ HTTP/2" 200 0 "-" "Mozilla/5.0 AppleWebKit/537.36 (KHTML, like Gecko; compatible; bingbot/2.0; +http://www.bing.com/bingbot.htm) Chrome/116.0.1938.76 Safari/537.36"
52.167.144.189 - - [23/Apr/2026:11:48:12 +0300] "GET /kraken-bezopasnyi-dostup-k-temnym-resursam-2026/ HTTP/2" 200 0 "-" "Mozilla/5.0 AppleWebKit/537.36 (KHTML, like Gecko; compatible; bingbot/2.0; +http://www.bing.com/bingbot.htm) Chrome/116.0.1938.76 Safari/537.36"
185.216.113.70 - - [23/Apr/2026:11:49:31 +0300] "POST /wp-cron.php?doing_wp_cron=1776934171.7780580520629882812500 HTTP/1.1" 200 448 "-" "WordPress/6.3.8; https://serhatburke.miroglu.net"
98.98.9.26 - - [23/Apr/2026:11:48:11 +0300] "POST /xmlrpc.php HTTP/1.1" 200 9783 "-" "Mozilla/5.0 (Windows NT 10.0; Win64; x64) AppleWebKit/537.36 (KHTML, like Gecko) Chrome/114.0.0.0 Safari/537.36"
185.216.113.70 - - [23/Apr/2026:11:49:38 +0300] "POST /wp-cron.php?doing_wp_cron=1776934178.5925519466400146484375 HTTP/1.1" 200 448 "-" "WordPress/6.3.8; https://serhatburke.miroglu.net"
185.216.113.70 - - [23/Apr/2026:11:49:51 +0300] "POST /wp-cron.php?doing_wp_cron=1776934191.1904230117797851562500 HTTP/1.1" 200 448 "-" "WordPress/6.3.8; https://serhatburke.miroglu.net"
66.249.73.1 - - [23/Apr/2026:11:48:45 +0300] "GET /robots.txt HTTP/1.1" 200 719 "-" "Mozilla/5.0 (compatible; Googlebot/2.1; +http://www.google.com/bot.html)"
52.167.144.189 - - [23/Apr/2026:11:49:10 +0300] "GET /microgaming%E3%81%AE%E3%82%AB%E3%83%A9%E3%82%AA%E3%82%B1%E3%82%B0%E3%83%AB%E3%83%BC%E3%83%97%E3%82%B9%E3%83%AD%E3%83%83%E3%83%88%E3%83%9E%E3%82%B7%E3%83%B3/ HTTP/2" 200 0 "-" "Mozilla/5.0 AppleWebKit/537.36 (KHTML, like Gecko; compatible; bingbot/2.0; +http://www.bing.com/bingbot.htm) Chrome/116.0.1938.76 Safari/537.36"
98.98.9.26 - - [23/Apr/2026:11:49:33 +0300] "GET /5-minimal-put-casinos-united-kingdom-2026-play-on-look-around-this-site-line-which-have-5/ HTTP/1.1" 200 72138 "-" "Mozilla/5.0 (Windows NT 10.0; Win64; x64) AppleWebKit/537.36 (KHTML, like Gecko) Chrome/124.0.0.0 Safari/537.36"
128.1.218.178 - - [23/Apr/2026:11:50:17 +0300] "POST /xmlrpc.php HTTP/1.1" 200 630 "-" "Mozilla/5.0 (Windows NT 10.0; Win64; x64) AppleWebKit/537.36 (KHTML, like Gecko) Chrome/114.0.0.0 Safari/537.36"
185.216.113.70 - - [23/Apr/2026:11:50:55 +0300] "POST /wp-cron.php?doing_wp_cron=1776934255.6253929138183593750000 HTTP/1.1" 200 448 "-" "WordPress/6.3.8; https://serhatburke.miroglu.net"
128.1.218.178 - - [23/Apr/2026:11:50:41 +0300] "POST /xmlrpc.php HTTP/1.1" 200 11695 "-" "Mozilla/5.0 (Windows NT 10.0; Win64; x64) AppleWebKit/537.36 (KHTML, like Gecko) Chrome/114.0.0.0 Safari/537.36"
185.216.113.70 - - [23/Apr/2026:11:51:15 +0300] "POST /wp-cron.php?doing_wp_cron=1776934275.3475658893585205078125 HTTP/1.1" 200 448 "-" "WordPress/6.3.8; https://serhatburke.miroglu.net"
66.249.73.15 - - [23/Apr/2026:11:50:54 +0300] "GET /robots.txt HTTP/1.1" 200 719 "-" "Mozilla/5.0 (compatible; Googlebot/2.1; +http://www.google.com/bot.html)"
128.1.218.178 - - [23/Apr/2026:11:50:57 +0300] "GET /angeschlossen-spielsaal-brd-traktandum-ernahrer-spielen-sie-kostenlos-video-slots-online-2026-inoffizieller-mitarbeiter-untersuchung/ HTTP/1.1" 200 74934 "-" "Mozilla/5.0 (Windows NT 10.0; Win64; x64) AppleWebKit/537.36 (KHTML, like Gecko) Chrome/123.0.0.0 Safari/537.36"
185.216.113.70 - - [23/Apr/2026:11:57:02 +0300] "POST /wp-cron.php?doing_wp_cron=1776934622.2571570873260498046875 HTTP/1.1" 200 448 "-" "WordPress/6.3.8; https://serhatburke.miroglu.net"
52.167.144.21 - - [23/Apr/2026:11:56:48 +0300] "GET /il-cashback-consiste-generalmente-nel-apprezzamento-di-una-annotazione-delle-perdite/ HTTP/2" 200 17563 "-" "Mozilla/5.0 AppleWebKit/537.36 (KHTML, like Gecko; compatible; bingbot/2.0; +http://www.bing.com/bingbot.htm) Chrome/116.0.1938.76 Safari/537.36"
185.216.113.70 - - [23/Apr/2026:11:57:09 +0300] "POST /wp-cron.php?doing_wp_cron=1776934629.1515719890594482421875 HTTP/1.1" 200 448 "-" "WordPress/6.3.8; https://serhatburke.miroglu.net"
52.167.144.139 - - [23/Apr/2026:11:56:56 +0300] "GET /exploring-the-unique-features-of-safepal-wallet-5/ HTTP/2" 200 17469 "-" "Mozilla/5.0 AppleWebKit/537.36 (KHTML, like Gecko; compatible; bingbot/2.0; +http://www.bing.com/bingbot.htm) Chrome/116.0.1938.76 Safari/537.36"
40.77.167.78 - - [23/Apr/2026:11:57:05 +0300] "GET /maximize-your-crypto-earnings-with-dexscreener-insights-2/ HTTP/2" 200 16969 "-" "Mozilla/5.0 AppleWebKit/537.36 (KHTML, like Gecko; compatible; bingbot/2.0; +http://www.bing.com/bingbot.htm) Chrome/116.0.1938.76 Safari/537.36"
52.167.144.21 - - [23/Apr/2026:11:57:22 +0300] "GET /jocuri-de-masa-reguli-primul-joc-cu-un-ritm-constant/ HTTP/2" 200 17365 "-" "Mozilla/5.0 AppleWebKit/537.36 (KHTML, like Gecko; compatible; bingbot/2.0; +http://www.bing.com/bingbot.htm) Chrome/116.0.1938.76 Safari/537.36"
185.216.113.70 - - [23/Apr/2026:11:57:41 +0300] "POST /wp-cron.php?doing_wp_cron=1776934661.6012361049652099609375 HTTP/1.1" 200 448 "-" "WordPress/6.3.8; https://serhatburke.miroglu.net"
52.167.144.139 - - [23/Apr/2026:11:57:27 +0300] "GET /casino-inte-med-svensk-licens-2026-casinon-utan-spelpaus-med-trustly/ HTTP/2" 200 18406 "-" "Mozilla/5.0 AppleWebKit/537.36 (KHTML, like Gecko; compatible; bingbot/2.0; +http://www.bing.com/bingbot.htm) Chrome/116.0.1938.76 Safari/537.36"
185.216.113.70 - - [23/Apr/2026:11:59:02 +0300] "POST /wp-cron.php?doing_wp_cron=1776934741.9436640739440917968750 HTTP/1.1" 200 448 "-" "WordPress/6.3.8; https://serhatburke.miroglu.net"
40.77.167.78 - - [23/Apr/2026:11:58:41 +0300] "GET /%E6%A5%BD%E3%81%97%E3%81%BF%E3%81%AE%E3%81%9F%E3%82%81%E3%80%81%E3%81%9D%E3%81%97%E3%81%A6%E3%83%AA%E3%82%A2%E3%83%AB%E3%83%9E%E3%83%8D%E3%83%BC%E3%81%AE%E3%81%9F%E3%82%81%E3%81%AB/ HTTP/2" 200 23678 "-" "Mozilla/5.0 AppleWebKit/537.36 (KHTML, like Gecko; compatible; bingbot/2.0; +http://www.bing.com/bingbot.htm) Chrome/116.0.1938.76 Safari/537.36"
185.216.113.70 - - [23/Apr/2026:12:01:05 +0300] "POST /wp-cron.php?doing_wp_cron=1776934865.3820250034332275390625 HTTP/1.1" 200 448 "-" "WordPress/6.3.8; https://serhatburke.miroglu.net"
52.167.144.21 - - [23/Apr/2026:12:00:39 +0300] "GET /arsbetalningar-baksida-av-underben-ar-nytta-med-glitchspin-casinobonus/ HTTP/2" 200 18039 "-" "Mozilla/5.0 AppleWebKit/537.36 (KHTML, like Gecko; compatible; bingbot/2.0; +http://www.bing.com/bingbot.htm) Chrome/116.0.1938.76 Safari/537.36"
40.77.167.150 - - [23/Apr/2026:12:00:49 +0300] "GET /baseball-star-position/ HTTP/2" 200 17857 "-" "Mozilla/5.0 AppleWebKit/537.36 (KHTML, like Gecko; compatible; bingbot/2.0; +http://www.bing.com/bingbot.htm) Chrome/116.0.1938.76 Safari/537.36"
52.167.144.147 - - [23/Apr/2026:12:01:04 +0300] "GET /comprehensive-overview-of-atomic-wallet-for-crypto/ HTTP/2" 200 16771 "-" "Mozilla/5.0 AppleWebKit/537.36 (KHTML, like Gecko; compatible; bingbot/2.0; +http://www.bing.com/bingbot.htm) Chrome/116.0.1938.76 Safari/537.36"
128.1.218.178 - - [23/Apr/2026:12:01:20 +0300] "POST /xmlrpc.php HTTP/1.1" 200 630 "-" "Mozilla/5.0 (Windows NT 10.0; Win64; x64) AppleWebKit/537.36 (KHTML, like Gecko) Chrome/114.0.0.0 Safari/537.36"
185.216.113.70 - - [23/Apr/2026:12:01:46 +0300] "POST /wp-cron.php?doing_wp_cron=1776934906.4549670219421386718750 HTTP/1.1" 200 448 "-" "WordPress/6.3.8; https://serhatburke.miroglu.net"
40.77.167.150 - - [23/Apr/2026:12:01:33 +0300] "GET /beste-spinfest-bet-login-mobile-casinos-2026-in-land-der-dichter-und-denker/ HTTP/2" 200 19196 "-" "Mozilla/5.0 AppleWebKit/537.36 (KHTML, like Gecko; compatible; bingbot/2.0; +http://www.bing.com/bingbot.htm) Chrome/116.0.1938.76 Safari/537.36"
128.1.218.178 - - [23/Apr/2026:12:01:40 +0300] "POST /xmlrpc.php HTTP/1.1" 200 12146 "-" "Mozilla/5.0 (Windows NT 10.0; Win64; x64) AppleWebKit/537.36 (KHTML, like Gecko) Chrome/114.0.0.0 Safari/537.36"
52.167.144.147 - - [23/Apr/2026:12:01:44 +0300] "GET /fortune-clock-gambling-establishment-review-2026-one-thousand-acceptance-extra/ HTTP/2" 200 17803 "-" "Mozilla/5.0 AppleWebKit/537.36 (KHTML, like Gecko; compatible; bingbot/2.0; +http://www.bing.com/bingbot.htm) Chrome/116.0.1938.76 Safari/537.36"
40.77.167.150 - - [23/Apr/2026:12:02:01 +0300] "GET /online-casinos-schnappen-zahlreiche-angebote-und-werbeaktionen-zur-verfugung-um-etliche-gamer-anzulocken/ HTTP/2" 200 17461 "-" "Mozilla/5.0 AppleWebKit/537.36 (KHTML, like Gecko; compatible; bingbot/2.0; +http://www.bing.com/bingbot.htm) Chrome/116.0.1938.76 Safari/537.36"
128.1.218.178 - - [23/Apr/2026:12:02:19 +0300] "GET /tagesordnungspunkt-online-spielen-sie-age-of-discovery-slot-online-ohne-download-casino-echtgeld-teutonia-auf-jeden-fall-zum-besten-geben/ HTTP/1.1" 200 75474 "-" "Mozilla/5.0 (Windows NT 10.0; rv:125.0) Gecko/20100101 Firefox/125.0"
185.216.113.70 - - [23/Apr/2026:12:02:56 +0300] "POST /wp-cron.php?doing_wp_cron=1776934976.7218859195709228515625 HTTP/1.1" 200 448 "-" "WordPress/6.3.8; https://serhatburke.miroglu.net"
40.77.167.150 - - [23/Apr/2026:12:02:43 +0300] "GET /druckgluck-provision-kode-hier-gibts-100-jackpot-quest-online-100-freispiele/ HTTP/2" 200 18934 "-" "Mozilla/5.0 AppleWebKit/537.36 (KHTML, like Gecko; compatible; bingbot/2.0; +http://www.bing.com/bingbot.htm) Chrome/116.0.1938.76 Safari/537.36"
52.167.144.21 - - [23/Apr/2026:12:03:09 +0300] "GET /ramses-publication-fantastic-nights-bonus-position-review-2026/ HTTP/2" 200 18116 "-" "Mozilla/5.0 AppleWebKit/537.36 (KHTML, like Gecko; compatible; bingbot/2.0; +http://www.bing.com/bingbot.htm) Chrome/116.0.1938.76 Safari/537.36"
185.216.113.70 - - [23/Apr/2026:12:03:43 +0300] "POST /wp-cron.php?doing_wp_cron=1776935023.1513910293579101562500 HTTP/1.1" 200 448 "-" "WordPress/6.3.8; https://serhatburke.miroglu.net"
40.77.167.150 - - [23/Apr/2026:12:03:12 +0300] "GET /optimize-your-crypto-management-with-atomic-wallet-now/ HTTP/2" 200 17131 "-" "Mozilla/5.0 AppleWebKit/537.36 (KHTML, like Gecko; compatible; bingbot/2.0; +http://www.bing.com/bingbot.htm) Chrome/116.0.1938.76 Safari/537.36"
52.167.144.147 - - [23/Apr/2026:12:03:15 +0300] "GET /por-nuestro-lema-hasta-los-alternativas-de-tanque-completo-detalle-vale-con-el-fin-de-maximizar-nuestra-entretenimiento/ HTTP/2" 200 17302 "-" "Mozilla/5.0 AppleWebKit/537.36 (KHTML, like Gecko; compatible; bingbot/2.0; +http://www.bing.com/bingbot.htm) Chrome/116.0.1938.76 Safari/537.36"
52.167.144.147 - - [23/Apr/2026:12:03:17 +0300] "GET /druckgluck-test-and-die-winter-wonders-slot-maschine-erfahrungen-2026-ist-und-bleibt-die-online-spielothek-ernst/ HTTP/2" 200 18133 "-" "Mozilla/5.0 AppleWebKit/537.36 (KHTML, like Gecko; compatible; bingbot/2.0; +http://www.bing.com/bingbot.htm) Chrome/116.0.1938.76 Safari/537.36"
185.216.113.70 - - [23/Apr/2026:12:04:43 +0300] "POST /wp-cron.php?doing_wp_cron=1776935083.8071970939636230468750 HTTP/1.1" 200 448 "-" "WordPress/6.3.8; https://serhatburke.miroglu.net"
128.1.218.178 - - [23/Apr/2026:12:04:19 +0300] "POST /xmlrpc.php HTTP/1.1" 200 630 "-" "Mozilla/5.0 (Windows NT 10.0; Win64; x64) AppleWebKit/537.36 (KHTML, like Gecko) Chrome/114.0.0.0 Safari/537.36"
128.1.218.178 - - [23/Apr/2026:12:04:50 +0300] "POST /xmlrpc.php HTTP/1.1" 200 11160 "-" "Mozilla/5.0 (Windows NT 10.0; Win64; x64) AppleWebKit/537.36 (KHTML, like Gecko) Chrome/114.0.0.0 Safari/537.36"
128.1.218.178 - - [23/Apr/2026:12:05:06 +0300] "GET /blackjack-kalkul-unser-traktandum-5-besten-strategien-fur-jedes-unser-online-roulette-online-live-casino-casino/ HTTP/1.1" 200 73957 "-" "Mozilla/5.0 (Windows NT 10.0; Win64; x64) AppleWebKit/537.36 (KHTML, like Gecko) Chrome/109.0.0.0 Safari/537.36"
185.216.113.70 - - [23/Apr/2026:12:06:57 +0300] "POST /wp-cron.php?doing_wp_cron=1776935217.7838270664215087890625 HTTP/1.1" 200 448 "-" "WordPress/6.3.8; https://serhatburke.miroglu.net"
66.249.73.1 - - [23/Apr/2026:12:06:43 +0300] "GET /wino-casino-review-a-premier-destination-for-uk-players/ HTTP/1.1" 200 17846 "-" "Mozilla/5.0 (Linux; Android 6.0.1; Nexus 5X Build/MMB29P) AppleWebKit/537.36 (KHTML, like Gecko) Chrome/146.0.7680.177 Mobile Safari/537.36 (compatible; Googlebot/2.1; +http://www.google.com/bot.html)"
128.1.218.178 - - [23/Apr/2026:12:07:12 +0300] "POST /xmlrpc.php HTTP/1.1" 200 630 "-" "Mozilla/5.0 (Windows NT 10.0; Win64; x64) AppleWebKit/537.36 (KHTML, like Gecko) Chrome/114.0.0.0 Safari/537.36"
66.249.73.15 - - [23/Apr/2026:12:07:31 +0300] "GET /wino-casino-review-a-premier-destination-for-uk-players/undefined?ts=1775520000 HTTP/1.1" 200 0 "https://serhatburke.miroglu.net/wino-casino-review-a-premier-destination-for-uk-players/" "Mozilla/5.0 (Linux; Android 6.0.1; Nexus 5X Build/MMB29P) AppleWebKit/537.36 (KHTML, like Gecko) Chrome/146.0.7680.177 Mobile Safari/537.36 (compatible; Googlebot/2.1; +http://www.google.com/bot.html)"
185.216.113.70 - - [23/Apr/2026:12:07:43 +0300] "POST /wp-cron.php?doing_wp_cron=1776935263.7041380405426025390625 HTTP/1.1" 200 448 "-" "WordPress/6.3.8; https://serhatburke.miroglu.net"
66.249.73.14 - - [23/Apr/2026:12:07:43 +0300] "GET /wino-casino-review-a-premier-destination-for-uk-players/undefined?ts=1775520000 HTTP/1.1" 200 0 "https://serhatburke.miroglu.net/wino-casino-review-a-premier-destination-for-uk-players/" "Mozilla/5.0 (Linux; Android 6.0.1; Nexus 5X Build/MMB29P) AppleWebKit/537.36 (KHTML, like Gecko) Chrome/146.0.7680.177 Mobile Safari/537.36 (compatible; Googlebot/2.1; +http://www.google.com/bot.html)"
128.1.218.178 - - [23/Apr/2026:12:07:40 +0300] "POST /xmlrpc.php HTTP/1.1" 200 11642 "-" "Mozilla/5.0 (Windows NT 10.0; Win64; x64) AppleWebKit/537.36 (KHTML, like Gecko) Chrome/114.0.0.0 Safari/537.36"
66.249.73.14 - - [23/Apr/2026:12:07:56 +0300] "GET /wino-casino-review-a-premier-destination-for-uk-players/undefined?ts=1775520000 HTTP/1.1" 200 0 "https://serhatburke.miroglu.net/wino-casino-review-a-premier-destination-for-uk-players/" "Mozilla/5.0 (Linux; Android 6.0.1; Nexus 5X Build/MMB29P) AppleWebKit/537.36 (KHTML, like Gecko) Chrome/146.0.7680.177 Mobile Safari/537.36 (compatible; Googlebot/2.1; +http://www.google.com/bot.html)"
128.1.218.178 - - [23/Apr/2026:12:08:01 +0300] "GET /1001-arabian-big-time-gaming-technologies-games-nights-spiele-erreichbar-6spiele-de/ HTTP/1.1" 200 73648 "-" "Mozilla/5.0 (Windows NT 10.0; Win64; x64) AppleWebKit/537.36 (KHTML, like Gecko) Chrome/109.0.0.0 Safari/537.36"
185.216.113.70 - - [23/Apr/2026:12:10:17 +0300] "POST /wp-cron.php?doing_wp_cron=1776935417.0968871116638183593750 HTTP/1.1" 200 448 "-" "WordPress/6.3.8; https://serhatburke.miroglu.net"
129.227.39.122 - - [23/Apr/2026:12:10:00 +0300] "POST /xmlrpc.php HTTP/1.1" 200 630 "-" "Mozilla/5.0 (Windows NT 10.0; Win64; x64) AppleWebKit/537.36 (KHTML, like Gecko) Chrome/114.0.0.0 Safari/537.36"
128.1.218.178 - - [23/Apr/2026:12:10:07 +0300] "POST /xmlrpc.php HTTP/1.1" 200 630 "-" "Mozilla/5.0 (Windows NT 10.0; Win64; x64) AppleWebKit/537.36 (KHTML, like Gecko) Chrome/114.0.0.0 Safari/537.36"
129.227.39.122 - - [23/Apr/2026:12:10:23 +0300] "POST /xmlrpc.php HTTP/1.1" 200 11143 "-" "Mozilla/5.0 (Windows NT 10.0; Win64; x64) AppleWebKit/537.36 (KHTML, like Gecko) Chrome/114.0.0.0 Safari/537.36"
128.1.218.178 - - [23/Apr/2026:12:10:28 +0300] "POST /xmlrpc.php HTTP/1.1" 200 11236 "-" "Mozilla/5.0 (Windows NT 10.0; Win64; x64) AppleWebKit/537.36 (KHTML, like Gecko) Chrome/114.0.0.0 Safari/537.36"
185.216.113.70 - - [23/Apr/2026:12:10:57 +0300] "POST /wp-cron.php?doing_wp_cron=1776935457.3872780799865722656250 HTTP/1.1" 200 448 "-" "WordPress/6.3.8; https://serhatburke.miroglu.net"
129.227.39.122 - - [23/Apr/2026:12:10:39 +0300] "GET /beste-archibald-africa-hd-casino-echtgeld-angeschlossen-casinos-as-part-of-brd-2026/ HTTP/1.1" 200 73420 "-" "Mozilla/5.0 (Windows NT 10.0; Win64; x64; rv:125.0) Gecko/20100101 Firefox/125.0"
151.244.111.202 - - [23/Apr/2026:12:10:42 +0300] "GET /bandar-judi-terpercaya-menyediakan-beragam-pilihan/ HTTP/1.1" 200 98275 "-" "Screaming Frog SEO Spider/16.7"
128.1.218.178 - - [23/Apr/2026:12:10:44 +0300] "GET /casino-freispiele-blos-spielen-sie-santas-wild-ride-slot-einzahlung-2026-beste-angebote/ HTTP/1.1" 200 73380 "-" "Mozilla/5.0 (Windows NT 10.0; rv:125.0) Gecko/20100101 Firefox/125.0"
185.216.113.70 - - [23/Apr/2026:12:13:03 +0300] "POST /wp-cron.php?doing_wp_cron=1776935582.9832389354705810546875 HTTP/1.1" 200 448 "-" "WordPress/6.3.8; https://serhatburke.miroglu.net"
128.1.218.178 - - [23/Apr/2026:12:12:50 +0300] "POST /xmlrpc.php HTTP/1.1" 200 630 "-" "Mozilla/5.0 (Windows NT 10.0; Win64; x64) AppleWebKit/537.36 (KHTML, like Gecko) Chrome/114.0.0.0 Safari/537.36"
128.1.218.178 - - [23/Apr/2026:12:13:10 +0300] "POST /xmlrpc.php HTTP/1.1" 200 11649 "-" "Mozilla/5.0 (Windows NT 10.0; Win64; x64) AppleWebKit/537.36 (KHTML, like Gecko) Chrome/114.0.0.0 Safari/537.36"
128.1.218.178 - - [23/Apr/2026:12:13:24 +0300] "GET /stutze-3a-maximalbetrag-mrbet-top-2026-und-wichtige-tipps/ HTTP/1.1" 200 73338 "-" "Mozilla/5.0 (Windows NT 10.0; Win64; x64) AppleWebKit/537.36 (KHTML, like Gecko) Chrome/123.0.0.0 Safari/537.36 OPR/109.0.0.0"
185.216.113.70 - - [23/Apr/2026:12:13:41 +0300] "POST /wp-cron.php?doing_wp_cron=1776935620.8747971057891845703125 HTTP/1.1" 200 448 "-" "WordPress/6.3.8; https://serhatburke.miroglu.net"
57.128.22.95 - - [23/Apr/2026:12:13:27 +0300] "GET /automaty-hazard-online/ HTTP/1.1" 200 17730 "https://serhatburke.miroglu.net/" "Mozilla/5.0 (Windows NT 10.0; Win64; x64) AppleWebKit/537.36 (KHTML, like Gecko) Chrome/99.0.4844.51 Safari/537.36"
199.188.102.37 - - [23/Apr/2026:12:13:46 +0300] "GET /wp-includes/css/dist/block-library/style.min.css?ver=6.3.8 HTTP/1.1" 200 13578 "https://serhatburke.miroglu.net/automaty-hazard-online/" "Mozilla/5.0 (Windows NT 10.0; Win64; x64) AppleWebKit/537.36 (KHTML, like Gecko) Chrome/145.0.0.0 Safari/537.36"
199.188.102.37 - - [23/Apr/2026:12:13:49 +0300] "GET /wp-content/plugins/contact-form-7/includes/css/styles.css?ver=5.8 HTTP/1.1" 200 1490 "https://serhatburke.miroglu.net/automaty-hazard-online/" "Mozilla/5.0 (Windows NT 10.0; Win64; x64) AppleWebKit/537.36 (KHTML, like Gecko) Chrome/145.0.0.0 Safari/537.36"
199.188.102.37 - - [23/Apr/2026:12:13:50 +0300] "GET /wp-content/themes/toppic/css/fontello.css?ver=4.2 HTTP/1.1" 200 1802 "https://serhatburke.miroglu.net/automaty-hazard-online/" "Mozilla/5.0 (Windows NT 10.0; Win64; x64) AppleWebKit/537.36 (KHTML, like Gecko) Chrome/145.0.0.0 Safari/537.36"
199.188.102.37 - - [23/Apr/2026:12:13:51 +0300] "GET /wp-content/themes/toppic/css/reset.css?ver=4.2 HTTP/1.1" 200 1178 "https://serhatburke.miroglu.net/automaty-hazard-online/" "Mozilla/5.0 (Windows NT 10.0; Win64; x64) AppleWebKit/537.36 (KHTML, like Gecko) Chrome/145.0.0.0 Safari/537.36"
98.98.197.186 - - [23/Apr/2026:12:13:57 +0300] "POST /xmlrpc.php HTTP/1.1" 200 630 "-" "Mozilla/5.0 (Windows NT 10.0; Win64; x64) AppleWebKit/537.36 (KHTML, like Gecko) Chrome/114.0.0.0 Safari/537.36"
185.216.113.70 - - [23/Apr/2026:12:14:28 +0300] "POST /wp-cron.php?doing_wp_cron=1776935668.2345728874206542968750 HTTP/1.1" 200 448 "-" "WordPress/6.3.8; https://serhatburke.miroglu.net"
98.98.197.186 - - [23/Apr/2026:12:14:16 +0300] "POST /xmlrpc.php HTTP/1.1" 200 10591 "-" "Mozilla/5.0 (Windows NT 10.0; Win64; x64) AppleWebKit/537.36 (KHTML, like Gecko) Chrome/114.0.0.0 Safari/537.36"
98.98.197.186 - - [23/Apr/2026:12:14:29 +0300] "GET /fifty-dragons-slots-review-the-knockout-site-and-you-may-real-money-gambling-enterprise-listings/ HTTP/1.1" 200 72521 "-" "Mozilla/5.0 (Windows NT 10.0; rv:125.0) Gecko/20100101 Firefox/125.0"
88.187.106.23 - - [23/Apr/2026:12:14:52 +0300] "GET /wp-content/themes/toppic/css/royalslider.css?ver=4.2 HTTP/1.1" 200 1887 "https://serhatburke.miroglu.net/automaty-hazard-online/" "Mozilla/5.0 (Windows NT 10.0; Win64; x64) AppleWebKit/537.36 (KHTML, like Gecko) Chrome/145.0.0.0 Safari/537.36"
90.61.218.58 - - [23/Apr/2026:12:14:55 +0300] "GET /wp-content/themes/toppic/css/rs-default.css?ver=4.2 HTTP/1.1" 200 2625 "https://serhatburke.miroglu.net/automaty-hazard-online/" "Mozilla/5.0 (Windows NT 10.0; Win64; x64) AppleWebKit/537.36 (KHTML, like Gecko) Chrome/145.0.0.0 Safari/537.36"
104.168.112.71 - - [23/Apr/2026:12:14:57 +0300] "GET /wp-content/themes/toppic/css/woocommerce.css?ver=4.2 HTTP/1.1" 200 2848 "https://serhatburke.miroglu.net/automaty-hazard-online/" "Mozilla/5.0 (Windows NT 10.0; Win64; x64) AppleWebKit/537.36 (KHTML, like Gecko) Chrome/145.0.0.0 Safari/537.36"
104.168.112.71 - - [23/Apr/2026:12:14:58 +0300] "GET /wp-content/themes/toppic/css/responsive.css?ver=4.2 HTTP/1.1" 200 2796 "https://serhatburke.miroglu.net/automaty-hazard-online/" "Mozilla/5.0 (Windows NT 10.0; Win64; x64) AppleWebKit/537.36 (KHTML, like Gecko) Chrome/145.0.0.0 Safari/537.36"
104.168.112.71 - - [23/Apr/2026:12:14:59 +0300] "POST /wp-comments-post.php HTTP/1.1" 302 1070 "https://serhatburke.miroglu.net/automaty-hazard-online/" "Mozilla/5.0 (Windows NT 10.0; Win64; x64) AppleWebKit/537.36 (KHTML, like Gecko) Chrome/99.0.4844.51 Safari/537.36"
104.168.112.71 - - [23/Apr/2026:12:15:12 +0300] "GET /automaty-hazard-online/?unapproved=579&moderation-hash=c531ab2a9d5a6715d4d3fcaaca566140 HTTP/1.1" 200 18250 "https://serhatburke.miroglu.net/wp-comments-post.php" "Mozilla/5.0 (Windows NT 10.0; Win64; x64) AppleWebKit/537.36 (KHTML, like Gecko) Chrome/99.0.4844.51 Safari/537.36"
185.216.113.70 - - [23/Apr/2026:12:15:39 +0300] "POST /wp-cron.php?doing_wp_cron=1776935739.4489200115203857421875 HTTP/1.1" 200 448 "-" "WordPress/6.3.8; https://serhatburke.miroglu.net"
57.128.22.95 - - [23/Apr/2026:12:15:27 +0300] "GET /automaty-hazard-online/ HTTP/1.1" 200 17774 "-" "Mozilla/5.0 (compatible; Googlebot/2.1; +http://www.google.com/bot.html)"
128.1.218.178 - - [23/Apr/2026:12:15:27 +0300] "POST /xmlrpc.php HTTP/1.1" 200 630 "-" "Mozilla/5.0 (Windows NT 10.0; Win64; x64) AppleWebKit/537.36 (KHTML, like Gecko) Chrome/114.0.0.0 Safari/537.36"
128.1.218.178 - - [23/Apr/2026:12:15:47 +0300] "POST /xmlrpc.php HTTP/1.1" 200 11082 "-" "Mozilla/5.0 (Windows NT 10.0; Win64; x64) AppleWebKit/537.36 (KHTML, like Gecko) Chrome/114.0.0.0 Safari/537.36"
66.249.73.14 - - [23/Apr/2026:12:15:52 +0300] "GET /wino-casino-review-a-premier-destination-for-uk-players/undefined?ts=1775520000 HTTP/1.1" 200 0 "https://serhatburke.miroglu.net/wino-casino-review-a-premier-destination-for-uk-players/" "Mozilla/5.0 (Linux; Android 6.0.1; Nexus 5X Build/MMB29P) AppleWebKit/537.36 (KHTML, like Gecko) Chrome/146.0.7680.177 Mobile Safari/537.36 (compatible; Googlebot/2.1; +http://www.google.com/bot.html)"
66.249.73.1 - - [23/Apr/2026:12:16:01 +0300] "GET /wino-casino-review-a-premier-destination-for-uk-players/undefined?ts=1775520000 HTTP/1.1" 200 0 "https://serhatburke.miroglu.net/wino-casino-review-a-premier-destination-for-uk-players/" "Mozilla/5.0 (Linux; Android 6.0.1; Nexus 5X Build/MMB29P) AppleWebKit/537.36 (KHTML, like Gecko) Chrome/146.0.7680.177 Mobile Safari/537.36 (compatible; Googlebot/2.1; +http://www.google.com/bot.html)"
66.249.73.1 - - [23/Apr/2026:12:16:04 +0300] "GET /wino-casino-review-a-premier-destination-for-uk-players/undefined?ts=1775520000 HTTP/1.1" 200 0 "https://serhatburke.miroglu.net/wino-casino-review-a-premier-destination-for-uk-players/" "Mozilla/5.0 (Linux; Android 6.0.1; Nexus 5X Build/MMB29P) AppleWebKit/537.36 (KHTML, like Gecko) Chrome/146.0.7680.177 Mobile Safari/537.36 (compatible; Googlebot/2.1; +http://www.google.com/bot.html)"
128.1.218.178 - - [23/Apr/2026:12:16:01 +0300] "GET /spielsaal-freispiele-blos-cake-valley-symbole-einzahlung-2026-sofortig-free-spins/ HTTP/1.1" 200 72746 "-" "Mozilla/5.0 (Windows NT 10.0; Win64; x64; rv:125.0) Gecko/20100101 Firefox/125.0"
66.249.73.14 - - [23/Apr/2026:12:16:18 +0300] "GET /wino-casino-review-a-premier-destination-for-uk-players/undefined?ts=1775520000 HTTP/1.1" 200 0 "https://serhatburke.miroglu.net/wino-casino-review-a-premier-destination-for-uk-players/" "Mozilla/5.0 (Linux; Android 6.0.1; Nexus 5X Build/MMB29P) AppleWebKit/537.36 (KHTML, like Gecko) Chrome/146.0.7680.177 Mobile Safari/537.36 (compatible; Googlebot/2.1; +http://www.google.com/bot.html)"
66.249.73.15 - - [23/Apr/2026:12:16:21 +0300] "GET /wino-casino-review-a-premier-destination-for-uk-players/undefined?ts=1775520000 HTTP/1.1" 200 0 "https://serhatburke.miroglu.net/wino-casino-review-a-premier-destination-for-uk-players/" "Mozilla/5.0 (Linux; Android 6.0.1; Nexus 5X Build/MMB29P) AppleWebKit/537.36 (KHTML, like Gecko) Chrome/146.0.7680.177 Mobile Safari/537.36 (compatible; Googlebot/2.1; +http://www.google.com/bot.html)"
66.249.73.14 - - [23/Apr/2026:12:16:28 +0300] "GET /wino-casino-review-a-premier-destination-for-uk-players/undefined?ts=1775520000 HTTP/1.1" 200 0 "https://serhatburke.miroglu.net/wino-casino-review-a-premier-destination-for-uk-players/" "Mozilla/5.0 (Linux; Android 6.0.1; Nexus 5X Build/MMB29P) AppleWebKit/537.36 (KHTML, like Gecko) Chrome/146.0.7680.177 Mobile Safari/537.36 (compatible; Googlebot/2.1; +http://www.google.com/bot.html)"
66.249.73.14 - - [23/Apr/2026:12:16:33 +0300] "GET /wino-casino-review-a-premier-destination-for-uk-players/undefined?ts=1775520000 HTTP/1.1" 200 0 "https://serhatburke.miroglu.net/wino-casino-review-a-premier-destination-for-uk-players/" "Mozilla/5.0 (Linux; Android 6.0.1; Nexus 5X Build/MMB29P) AppleWebKit/537.36 (KHTML, like Gecko) Chrome/146.0.7680.177 Mobile Safari/537.36 (compatible; Googlebot/2.1; +http://www.google.com/bot.html)"
185.216.113.70 - - [23/Apr/2026:12:16:49 +0300] "POST /wp-cron.php?doing_wp_cron=1776935809.1852829456329345703125 HTTP/1.1" 200 448 "-" "WordPress/6.3.8; https://serhatburke.miroglu.net"
40.77.167.6 - - [23/Apr/2026:12:16:19 +0300] "GET /navigate-your-crypto-journey-with-atomic-wallet-easily/ HTTP/2" 200 17017 "-" "Mozilla/5.0 AppleWebKit/537.36 (KHTML, like Gecko; compatible; bingbot/2.0; +http://www.bing.com/bingbot.htm) Chrome/116.0.1938.76 Safari/537.36"
40.77.167.123 - - [23/Apr/2026:12:16:25 +0300] "GET /casumo-casino-bonus-testbericht-2026-pro-deutsche-gamer/ HTTP/2" 200 18803 "-" "Mozilla/5.0 AppleWebKit/537.36 (KHTML, like Gecko; compatible; bingbot/2.0; +http://www.bing.com/bingbot.htm) Chrome/116.0.1938.76 Safari/537.36"
40.77.167.6 - - [23/Apr/2026:12:16:31 +0300] "GET /this-article-will-help-you-find-away-in-regards-to-the-best-casinos-for-canadian-people/ HTTP/2" 200 17686 "-" "Mozilla/5.0 AppleWebKit/537.36 (KHTML, like Gecko; compatible; bingbot/2.0; +http://www.bing.com/bingbot.htm) Chrome/116.0.1938.76 Safari/537.36"
57.128.22.95 - - [23/Apr/2026:12:17:20 +0300] "GET /automaty-hazard-online/ HTTP/1.1" 200 17774 "-" "Mozilla/5.0 (compatible; Googlebot/2.1; +http://www.google.com/bot.html)"
185.216.113.70 - - [23/Apr/2026:12:18:01 +0300] "POST /wp-cron.php?doing_wp_cron=1776935881.4649341106414794921875 HTTP/1.1" 200 448 "-" "WordPress/6.3.8; https://serhatburke.miroglu.net"
128.1.218.178 - - [23/Apr/2026:12:17:50 +0300] "POST /xmlrpc.php HTTP/1.1" 200 630 "-" "Mozilla/5.0 (Windows NT 10.0; Win64; x64) AppleWebKit/537.36 (KHTML, like Gecko) Chrome/114.0.0.0 Safari/537.36"
128.1.218.178 - - [23/Apr/2026:12:18:08 +0300] "POST /xmlrpc.php HTTP/1.1" 200 11825 "-" "Mozilla/5.0 (Windows NT 10.0; Win64; x64) AppleWebKit/537.36 (KHTML, like Gecko) Chrome/114.0.0.0 Safari/537.36"
40.77.167.123 - - [23/Apr/2026:12:18:13 +0300] "GET /kraken-bezopasnost-i-dostup-k-darknetu-v-2026/ HTTP/2" 200 17710 "-" "Mozilla/5.0 AppleWebKit/537.36 (KHTML, like Gecko; compatible; bingbot/2.0; +http://www.bing.com/bingbot.htm) Chrome/116.0.1938.76 Safari/537.36"
128.1.218.178 - - [23/Apr/2026:12:18:23 +0300] "GET /die-besten-online-casinos-im-syllabus-20-deutsche-gladiator-slot-casinos/ HTTP/1.1" 200 73544 "-" "Mozilla/5.0 (Windows NT 10.0; rv:125.0) Gecko/20100101 Firefox/125.0"
185.216.113.70 - - [23/Apr/2026:12:18:57 +0300] "POST /wp-cron.php?doing_wp_cron=1776935937.1772630214691162109375 HTTP/1.1" 200 448 "-" "WordPress/6.3.8; https://serhatburke.miroglu.net"
129.227.39.122 - - [23/Apr/2026:12:18:44 +0300] "POST /xmlrpc.php HTTP/1.1" 200 630 "-" "Mozilla/5.0 (Windows NT 10.0; Win64; x64) AppleWebKit/537.36 (KHTML, like Gecko) Chrome/114.0.0.0 Safari/537.36"
129.227.39.122 - - [23/Apr/2026:12:19:03 +0300] "POST /xmlrpc.php HTTP/1.1" 200 10143 "-" "Mozilla/5.0 (Windows NT 10.0; Win64; x64) AppleWebKit/537.36 (KHTML, like Gecko) Chrome/114.0.0.0 Safari/537.36"
129.227.39.122 - - [23/Apr/2026:12:19:17 +0300] "GET /freispiele-blos-einzahlung-2026-resident-slot-40-beste-angebote/ HTTP/1.1" 200 71898 "-" "Mozilla/5.0 (Windows NT 10.0; Win64; x64) AppleWebKit/537.36 (KHTML, like Gecko) Chrome/109.0.0.0 Safari/537.36"
185.216.113.70 - - [23/Apr/2026:12:20:24 +0300] "POST /wp-cron.php?doing_wp_cron=1776936024.8721849918365478515625 HTTP/1.1" 200 448 "-" "WordPress/6.3.8; https://serhatburke.miroglu.net"
128.1.218.178 - - [23/Apr/2026:12:20:09 +0300] "POST /xmlrpc.php HTTP/1.1" 200 630 "-" "Mozilla/5.0 (Windows NT 10.0; Win64; x64) AppleWebKit/537.36 (KHTML, like Gecko) Chrome/114.0.0.0 Safari/537.36"
185.216.113.70 - - [23/Apr/2026:12:20:57 +0300] "POST /wp-cron.php?doing_wp_cron=1776936057.2201879024505615234375 HTTP/1.1" 200 448 "-" "WordPress/6.3.8; https://serhatburke.miroglu.net"
129.227.39.122 - - [23/Apr/2026:12:20:45 +0300] "POST /xmlrpc.php HTTP/1.1" 200 630 "-" "Mozilla/5.0 (Windows NT 10.0; Win64; x64) AppleWebKit/537.36 (KHTML, like Gecko) Chrome/114.0.0.0 Safari/537.36"
129.227.39.122 - - [23/Apr/2026:12:21:03 +0300] "POST /xmlrpc.php HTTP/1.1" 200 10961 "-" "Mozilla/5.0 (Windows NT 10.0; Win64; x64) AppleWebKit/537.36 (KHTML, like Gecko) Chrome/114.0.0.0 Safari/537.36"
129.227.39.122 - - [23/Apr/2026:12:21:19 +0300] "GET /try-something-new-today-to-be-happy-full-trick-of-power-stars-1-kaution-tips/ HTTP/1.1" 200 72816 "-" "Mozilla/5.0 (Windows NT 10.0; Win64; x64) AppleWebKit/537.36 (KHTML, like Gecko) Chrome/109.0.0.0 Safari/537.36"
185.216.113.70 - - [23/Apr/2026:12:21:39 +0300] "POST /wp-cron.php?doing_wp_cron=1776936099.1172120571136474609375 HTTP/1.1" 200 448 "-" "WordPress/6.3.8; https://serhatburke.miroglu.net"
185.153.199.155 - - [23/Apr/2026:12:21:27 +0300] "POST /xmlrpc.php HTTP/1.1" 500 1102 "-" "Mozilla/5.0 (Windows NT 10.0; Win64; x64) AppleWebKit/537.36 (KHTML, like Gecko) Chrome/114.0.0.0 Safari/537.36"
216.73.217.0 - - [23/Apr/2026:12:22:03 +0300] "GET /robots.txt HTTP/2" 200 110 "-" "Mozilla/5.0 AppleWebKit/537.36 (KHTML, like Gecko; compatible; ClaudeBot/1.0; +claudebot@anthropic.com)"
216.73.217.0 - - [23/Apr/2026:12:22:18 +0300] "GET /sitemap.rss HTTP/2" 200 0 "-" "Mozilla/5.0 AppleWebKit/537.36 (KHTML, like Gecko; compatible; ClaudeBot/1.0; +claudebot@anthropic.com)"
216.73.217.0 - - [23/Apr/2026:12:22:18 +0300] "GET /sitemap.xml HTTP/2" 200 0 "-" "Mozilla/5.0 AppleWebKit/537.36 (KHTML, like Gecko; compatible; ClaudeBot/1.0; +claudebot@anthropic.com)"
185.216.113.70 - - [23/Apr/2026:12:22:55 +0300] "POST /wp-cron.php?doing_wp_cron=1776936175.5875949859619140625000 HTTP/1.1" 200 448 "-" "WordPress/6.3.8; https://serhatburke.miroglu.net"
98.98.197.186 - - [23/Apr/2026:12:22:42 +0300] "POST /xmlrpc.php HTTP/1.1" 200 630 "-" "Mozilla/5.0 (Windows NT 10.0; Win64; x64) AppleWebKit/537.36 (KHTML, like Gecko) Chrome/114.0.0.0 Safari/537.36"
129.227.39.122 - - [23/Apr/2026:12:22:46 +0300] "POST /xmlrpc.php HTTP/1.1" 200 630 "-" "Mozilla/5.0 (Windows NT 10.0; Win64; x64) AppleWebKit/537.36 (KHTML, like Gecko) Chrome/114.0.0.0 Safari/537.36"
98.98.197.186 - - [23/Apr/2026:12:23:02 +0300] "POST /xmlrpc.php HTTP/1.1" 200 10463 "-" "Mozilla/5.0 (Windows NT 10.0; Win64; x64) AppleWebKit/537.36 (KHTML, like Gecko) Chrome/114.0.0.0 Safari/537.36"
129.227.39.122 - - [23/Apr/2026:12:23:07 +0300] "POST /xmlrpc.php HTTP/1.1" 200 9676 "-" "Mozilla/5.0 (Windows NT 10.0; Win64; x64) AppleWebKit/537.36 (KHTML, like Gecko) Chrome/114.0.0.0 Safari/537.36"
98.98.197.186 - - [23/Apr/2026:12:23:16 +0300] "GET /50-dragons-slot-remark-2026-earn-casino-leo-vegas-no-deposit-free-spins-existing-players-50000x-their-wager/ HTTP/1.1" 200 72757 "-" "Mozilla/5.0 (Windows NT 10.0; Win64; x64) AppleWebKit/537.36 (KHTML, like Gecko) Chrome/123.0.0.0 Safari/537.36 OPR/109.0.0.0"
129.227.39.122 - - [23/Apr/2026:12:23:21 +0300] "GET /betriebszeit-verweildauer-as-part-of-ein-sphinx-3d-slot-ard-mediathek/ HTTP/1.1" 200 71607 "-" "Mozilla/5.0 (Windows NT 10.0; Win64; x64) AppleWebKit/537.36 (KHTML, like Gecko) Chrome/123.0.0.0 Safari/537.36 OPR/109.0.0.0"
185.216.113.70 - - [23/Apr/2026:12:24:09 +0300] "POST /wp-cron.php?doing_wp_cron=1776936249.1631789207458496093750 HTTP/1.1" 200 448 "-" "WordPress/6.3.8; https://serhatburke.miroglu.net"
98.98.197.186 - - [23/Apr/2026:12:23:56 +0300] "POST /xmlrpc.php HTTP/1.1" 200 630 "-" "Mozilla/5.0 (Windows NT 10.0; Win64; x64) AppleWebKit/537.36 (KHTML, like Gecko) Chrome/114.0.0.0 Safari/537.36"
98.98.197.186 - - [23/Apr/2026:12:24:15 +0300] "POST /xmlrpc.php HTTP/1.1" 200 11169 "-" "Mozilla/5.0 (Windows NT 10.0; Win64; x64) AppleWebKit/537.36 (KHTML, like Gecko) Chrome/114.0.0.0 Safari/537.36"
185.216.113.70 - - [23/Apr/2026:12:24:42 +0300] "POST /wp-cron.php?doing_wp_cron=1776936282.0716359615325927734375 HTTP/1.1" 200 448 "-" "WordPress/6.3.8; https://serhatburke.miroglu.net"
178.159.37.105 - - [23/Apr/2026:12:24:25 +0300] "POST /xmlrpc.php HTTP/1.1" 200 158031 "-" "Mozilla/5.0 (Macintosh; Intel Mac OS X 10_13_6) AppleWebKit/537.36 (KHTML, like Gecko) Chrome/80.0.3987.122 Safari/537.36"
98.98.197.186 - - [23/Apr/2026:12:24:29 +0300] "GET /read-all-funky-fruits-slots-promo-codes-of-our-fifty-lions-remark/ HTTP/1.1" 200 72294 "-" "Mozilla/5.0 (Windows NT 10.0; rv:109.0) Gecko/20100101 Firefox/115.0"
165.73.242.7 - - [23/Apr/2026:12:24:29 +0300] "POST /xmlrpc.php HTTP/1.1" 200 630 "-" "Mozilla/5.0 (Windows NT 10.0; Win64; x64) AppleWebKit/537.36 (KHTML, like Gecko) Chrome/114.0.0.0 Safari/537.36"
178.159.37.105 - - [23/Apr/2026:12:24:43 +0300] "POST /xmlrpc.php HTTP/1.1" 200 664 "-" "Mozilla/5.0 (Macintosh; Intel Mac OS X 10_13_6) AppleWebKit/537.36 (KHTML, like Gecko) Chrome/80.0.3987.122 Safari/537.36"
40.77.167.48 - - [23/Apr/2026:12:24:43 +0300] "GET /recent-casino-bonus-fara-achitare-50-rotiri-gratuite-great-blue-2024-sanse-sa-a-castiga-choy-rasu-exclusiv-50-rotiri-gratuite/ HTTP/2" 200 19423 "-" "Mozilla/5.0 AppleWebKit/537.36 (KHTML, like Gecko; compatible; bingbot/2.0; +http://www.bing.com/bingbot.htm) Chrome/116.0.1938.76 Safari/537.36"
129.227.39.122 - - [23/Apr/2026:12:24:43 +0300] "POST /xmlrpc.php HTTP/1.1" 200 630 "-" "Mozilla/5.0 (Windows NT 10.0; Win64; x64) AppleWebKit/537.36 (KHTML, like Gecko) Chrome/114.0.0.0 Safari/537.36"
52.167.144.21 - - [23/Apr/2026:12:24:48 +0300] "GET /sobre-como-realizar-una-gestion-de-su-dinero-dentro-del-casino/ HTTP/2" 200 18335 "-" "Mozilla/5.0 AppleWebKit/537.36 (KHTML, like Gecko; compatible; bingbot/2.0; +http://www.bing.com/bingbot.htm) Chrome/116.0.1938.76 Safari/537.36"
40.77.167.6 - - [23/Apr/2026:12:24:53 +0300] "GET /discovering-bscscan-the-premier-blockchain-explorer/ HTTP/2" 200 17284 "-" "Mozilla/5.0 AppleWebKit/537.36 (KHTML, like Gecko; compatible; bingbot/2.0; +http://www.bing.com/bingbot.htm) Chrome/116.0.1938.76 Safari/537.36"
165.73.242.7 - - [23/Apr/2026:12:25:01 +0300] "POST /xmlrpc.php HTTP/1.1" 200 9836 "-" "Mozilla/5.0 (Windows NT 10.0; Win64; x64) AppleWebKit/537.36 (KHTML, like Gecko) Chrome/114.0.0.0 Safari/537.36"
185.216.113.70 - - [23/Apr/2026:12:25:50 +0300] "POST /wp-cron.php?doing_wp_cron=1776936350.1591219902038574218750 HTTP/1.1" 200 448 "-" "WordPress/6.3.8; https://serhatburke.miroglu.net"
98.98.197.186 - - [23/Apr/2026:12:25:19 +0300] "POST /xmlrpc.php HTTP/1.1" 200 630 "-" "Mozilla/5.0 (Windows NT 10.0; Win64; x64) AppleWebKit/537.36 (KHTML, like Gecko) Chrome/114.0.0.0 Safari/537.36"
185.216.113.70 - - [23/Apr/2026:12:25:53 +0300] "POST /wp-cron.php?doing_wp_cron=1776936353.0487029552459716796875 HTTP/1.1" 200 448 "-" "WordPress/6.3.8; https://serhatburke.miroglu.net"
178.159.37.105 - - [23/Apr/2026:12:25:24 +0300] "POST /xmlrpc.php HTTP/1.1" 200 667 "-" "Mozilla/5.0 (Macintosh; Intel Mac OS X 10_13_6) AppleWebKit/537.36 (KHTML, like Gecko) Chrome/80.0.3987.122 Safari/537.36"
129.227.39.122 - - [23/Apr/2026:12:25:33 +0300] "POST /xmlrpc.php HTTP/1.1" 200 9886 "-" "Mozilla/5.0 (Windows NT 10.0; Win64; x64) AppleWebKit/537.36 (KHTML, like Gecko) Chrome/114.0.0.0 Safari/537.36"
185.61.222.119 - - [23/Apr/2026:12:25:31 +0300] "GET / HTTP/2" 200 19247 "-" "Mozilla/5.0 (Macintosh; Intel Mac OS X 10_15_7) AppleWebKit/537.36 (KHTML, like Gecko) Chrome/120.0.0.0 Safari/537.36"
165.73.242.7 - - [23/Apr/2026:12:25:39 +0300] "GET /vegasslotsonline-development-better-magic-hot-4-slot-machine-larger-streamer-winnings-of-the-year-2024/ HTTP/1.1" 200 72099 "-" "Mozilla/5.0 (Windows NT 10.0; Win64; x64; rv:124.0) Gecko/20100101 Firefox/124.0"
178.159.37.105 - - [23/Apr/2026:12:25:54 +0300] "POST /xmlrpc.php HTTP/1.1" 200 10395 "-" "Mozilla/5.0 (Macintosh; Intel Mac OS X 10_13_6) AppleWebKit/537.36 (KHTML, like Gecko) Chrome/80.0.3987.122 Safari/537.36"
98.98.197.186 - - [23/Apr/2026:12:25:56 +0300] "POST /xmlrpc.php HTTP/1.1" 200 10737 "-" "Mozilla/5.0 (Windows NT 10.0; Win64; x64) AppleWebKit/537.36 (KHTML, like Gecko) Chrome/114.0.0.0 Safari/537.36"
129.227.39.122 - - [23/Apr/2026:12:26:08 +0300] "GET /kalkul-fur-jedes-qua-unter-25-tore-casino-book-of-ra-original-tippen-over-under-sportwetten-qua-erfolg/ HTTP/1.1" 200 72618 "-" "Mozilla/5.0 (Windows NT 10.0; Win64; x64) AppleWebKit/537.36 (KHTML, like Gecko) Chrome/124.0.0.0 Safari/537.36 Edg/124.0.0.0"
129.227.39.122 - - [23/Apr/2026:12:26:32 +0300] "POST /xmlrpc.php HTTP/1.1" 200 630 "-" "Mozilla/5.0 (Windows NT 10.0; Win64; x64) AppleWebKit/537.36 (KHTML, like Gecko) Chrome/114.0.0.0 Safari/537.36"
98.98.197.186 - - [23/Apr/2026:12:26:32 +0300] "GET /twenty-five-100-percent-vegas-plus-casino-free-revolves-for-the-subscription-no-deposit-necessary-for-british-people/ HTTP/1.1" 200 72994 "-" "Mozilla/5.0 (Windows NT 10.0; Win64; x64) AppleWebKit/537.36 (KHTML, like Gecko) Chrome/124.0.0.0 Safari/537.36"
98.98.197.186 - - [23/Apr/2026:12:26:36 +0300] "POST /xmlrpc.php HTTP/1.1" 200 630 "-" "Mozilla/5.0 (Windows NT 10.0; Win64; x64) AppleWebKit/537.36 (KHTML, like Gecko) Chrome/114.0.0.0 Safari/537.36"
185.216.113.70 - - [23/Apr/2026:12:27:07 +0300] "POST /wp-cron.php?doing_wp_cron=1776936427.8161690235137939453125 HTTP/1.1" 200 448 "-" "WordPress/6.3.8; https://serhatburke.miroglu.net"
129.227.39.122 - - [23/Apr/2026:12:26:55 +0300] "POST /xmlrpc.php HTTP/1.1" 200 10083 "-" "Mozilla/5.0 (Windows NT 10.0; Win64; x64) AppleWebKit/537.36 (KHTML, like Gecko) Chrome/114.0.0.0 Safari/537.36"
185.216.113.70 - - [23/Apr/2026:12:27:12 +0300] "POST /wp-cron.php?doing_wp_cron=1776936432.4030559062957763671875 HTTP/1.1" 200 448 "-" "WordPress/6.3.8; https://serhatburke.miroglu.net"
98.98.197.186 - - [23/Apr/2026:12:26:58 +0300] "POST /xmlrpc.php HTTP/1.1" 200 10266 "-" "Mozilla/5.0 (Windows NT 10.0; Win64; x64) AppleWebKit/537.36 (KHTML, like Gecko) Chrome/114.0.0.0 Safari/537.36"
129.227.39.122 - - [23/Apr/2026:12:27:09 +0300] "GET /wie-geschmiert-festgelegt-buchvorstellung-die-erziehung-ihr-domainname-das-magischen-tiere-2-germanisch/ HTTP/1.1" 200 72845 "-" "Mozilla/5.0 (Windows NT 10.0; Win64; x64) AppleWebKit/537.36 (KHTML, like Gecko) Chrome/124.0.0.0 Safari/537.36 Edg/124.0.0.0"
98.98.197.186 - - [23/Apr/2026:12:27:13 +0300] "GET /red-colored-cherry-gambling-establishment-125-put-20-fafafa-games-revolves-cc-forum/ HTTP/1.1" 200 72011 "-" "Mozilla/5.0 (Windows NT 10.0; Win64; x64) AppleWebKit/537.36 (KHTML, like Gecko) Chrome/109.0.0.0 Safari/537.36"
185.216.113.70 - - [23/Apr/2026:12:27:48 +0300] "POST /wp-cron.php?doing_wp_cron=1776936468.2794508934020996093750 HTTP/1.1" 200 448 "-" "WordPress/6.3.8; https://serhatburke.miroglu.net"
98.98.197.186 - - [23/Apr/2026:12:27:35 +0300] "POST /xmlrpc.php HTTP/1.1" 200 630 "-" "Mozilla/5.0 (Windows NT 10.0; Win64; x64) AppleWebKit/537.36 (KHTML, like Gecko) Chrome/114.0.0.0 Safari/537.36"
98.98.9.26 - - [23/Apr/2026:12:27:40 +0300] "POST /xmlrpc.php HTTP/1.1" 200 630 "-" "Mozilla/5.0 (Windows NT 10.0; Win64; x64) AppleWebKit/537.36 (KHTML, like Gecko) Chrome/114.0.0.0 Safari/537.36"
98.98.197.186 - - [23/Apr/2026:12:27:54 +0300] "POST /xmlrpc.php HTTP/1.1" 200 10918 "-" "Mozilla/5.0 (Windows NT 10.0; Win64; x64) AppleWebKit/537.36 (KHTML, like Gecko) Chrome/114.0.0.0 Safari/537.36"
98.98.9.26 - - [23/Apr/2026:12:28:00 +0300] "POST /xmlrpc.php HTTP/1.1" 200 10823 "-" "Mozilla/5.0 (Windows NT 10.0; Win64; x64) AppleWebKit/537.36 (KHTML, like Gecko) Chrome/114.0.0.0 Safari/537.36"
98.98.197.186 - - [23/Apr/2026:12:28:10 +0300] "GET /cashapillar-position-play-the-play-happiest-christmas-tree-online-demonstration-online-game-100percent-free/ HTTP/1.1" 200 73436 "-" "Mozilla/5.0 (Windows NT 10.0; Win64; x64) AppleWebKit/537.36 (KHTML, like Gecko) Chrome/124.0.0.0 Safari/537.36"
98.98.9.26 - - [23/Apr/2026:12:28:14 +0300] "GET /1xbet-online-wagering-1xbet-on-the-web-casino-action-bookmaker-log-on-1xlite-51447-specialist/ HTTP/1.1" 200 72817 "-" "Mozilla/5.0 (Windows NT 10.0; Win64; x64) AppleWebKit/537.36 (KHTML, like Gecko) Chrome/124.0.0.0 Safari/537.36 Edg/124.0.0.0"
185.216.113.70 - - [23/Apr/2026:12:28:40 +0300] "POST /wp-cron.php?doing_wp_cron=1776936520.1517159938812255859375 HTTP/1.1" 200 448 "-" "WordPress/6.3.8; https://serhatburke.miroglu.net"
129.227.39.122 - - [23/Apr/2026:12:28:27 +0300] "POST /xmlrpc.php HTTP/1.1" 200 630 "-" "Mozilla/5.0 (Windows NT 10.0; Win64; x64) AppleWebKit/537.36 (KHTML, like Gecko) Chrome/114.0.0.0 Safari/537.36"
98.98.197.186 - - [23/Apr/2026:12:28:35 +0300] "POST /xmlrpc.php HTTP/1.1" 200 630 "-" "Mozilla/5.0 (Windows NT 10.0; Win64; x64) AppleWebKit/537.36 (KHTML, like Gecko) Chrome/114.0.0.0 Safari/537.36"
129.227.39.122 - - [23/Apr/2026:12:28:46 +0300] "POST /xmlrpc.php HTTP/1.1" 200 9978 "-" "Mozilla/5.0 (Windows NT 10.0; Win64; x64) AppleWebKit/537.36 (KHTML, like Gecko) Chrome/114.0.0.0 Safari/537.36"
98.98.197.186 - - [23/Apr/2026:12:28:56 +0300] "POST /xmlrpc.php HTTP/1.1" 200 9299 "-" "Mozilla/5.0 (Windows NT 10.0; Win64; x64) AppleWebKit/537.36 (KHTML, like Gecko) Chrome/114.0.0.0 Safari/537.36"
129.227.39.122 - - [23/Apr/2026:12:29:02 +0300] "GET /1-einzahlung-im-erreichbar-spielbank-2026-aztec-warrior-princess-slot-pramie-erst-als-1-beschutzen/ HTTP/1.1" 200 72705 "-" "Mozilla/5.0 (Windows NT 10.0; Win64; x64) AppleWebKit/537.36 (KHTML, like Gecko) Chrome/109.0.0.0 Safari/537.36"
98.98.197.186 - - [23/Apr/2026:12:29:10 +0300] "GET /youtube-infants-applications-on-google-bombastic-casino-original-app-enjoy/ HTTP/1.1" 200 70624 "-" "Mozilla/5.0 (Windows NT 10.0; Win64; x64) AppleWebKit/537.36 (KHTML, like Gecko) Chrome/122.0.0.0 Safari/537.36"
185.216.113.70 - - [23/Apr/2026:12:29:42 +0300] "POST /wp-cron.php?doing_wp_cron=1776936582.1584069728851318359375 HTTP/1.1" 200 448 "-" "WordPress/6.3.8; https://serhatburke.miroglu.net"
98.98.197.186 - - [23/Apr/2026:12:29:29 +0300] "POST /xmlrpc.php HTTP/1.1" 200 630 "-" "Mozilla/5.0 (Windows NT 10.0; Win64; x64) AppleWebKit/537.36 (KHTML, like Gecko) Chrome/114.0.0.0 Safari/537.36"
98.98.197.186 - - [23/Apr/2026:12:29:49 +0300] "POST /xmlrpc.php HTTP/1.1" 200 11183 "-" "Mozilla/5.0 (Windows NT 10.0; Win64; x64) AppleWebKit/537.36 (KHTML, like Gecko) Chrome/114.0.0.0 Safari/537.36"
98.98.197.186 - - [23/Apr/2026:12:30:05 +0300] "GET /no-deposit-spinsy-app-login-bonus-rules-100-percent-free-local-casino-also-provides-2026/ HTTP/1.1" 200 73027 "-" "Mozilla/5.0 (Windows NT 10.0; Win64; x64) AppleWebKit/537.36 (KHTML, like Gecko) Chrome/123.0.0.0 Safari/537.36 OPR/109.0.0.0"
129.227.39.122 - - [23/Apr/2026:12:30:10 +0300] "POST /xmlrpc.php HTTP/1.1" 200 630 "-" "Mozilla/5.0 (Windows NT 10.0; Win64; x64) AppleWebKit/537.36 (KHTML, like Gecko) Chrome/114.0.0.0 Safari/537.36"
185.216.113.70 - - [23/Apr/2026:12:30:40 +0300] "POST /wp-cron.php?doing_wp_cron=1776936640.1593780517578125000000 HTTP/1.1" 200 448 "-" "WordPress/6.3.8; https://serhatburke.miroglu.net"
98.98.197.186 - - [23/Apr/2026:12:30:24 +0300] "POST /xmlrpc.php HTTP/1.1" 200 630 "-" "Mozilla/5.0 (Windows NT 10.0; Win64; x64) AppleWebKit/537.36 (KHTML, like Gecko) Chrome/114.0.0.0 Safari/537.36"
129.227.39.122 - - [23/Apr/2026:12:30:30 +0300] "POST /xmlrpc.php HTTP/1.1" 200 10628 "-" "Mozilla/5.0 (Windows NT 10.0; Win64; x64) AppleWebKit/537.36 (KHTML, like Gecko) Chrome/114.0.0.0 Safari/537.36"
98.98.197.186 - - [23/Apr/2026:12:30:46 +0300] "POST /xmlrpc.php HTTP/1.1" 200 11529 "-" "Mozilla/5.0 (Windows NT 10.0; Win64; x64) AppleWebKit/537.36 (KHTML, like Gecko) Chrome/114.0.0.0 Safari/537.36"
129.227.39.122 - - [23/Apr/2026:12:30:48 +0300] "GET /sweet-bonanza-renegades-spielplatz-slot-demo-gebuhrenfrei-spielen-within-deutschland-offizielle-kasinoseite/ HTTP/1.1" 200 73221 "-" "Mozilla/5.0 (Windows NT 10.0; Win64; x64) AppleWebKit/537.36 (KHTML, like Gecko) Chrome/124.0.0.0 Safari/537.36"
98.98.197.186 - - [23/Apr/2026:12:31:04 +0300] "GET /best-step-three-casino-games-online-real-money-lb-minimal-put-casinos-uk-2026/ HTTP/1.1" 200 73159 "-" "Mozilla/5.0 (Windows NT 10.0; rv:125.0) Gecko/20100101 Firefox/125.0"
98.98.197.186 - - [23/Apr/2026:12:31:15 +0300] "POST /xmlrpc.php HTTP/1.1" 200 630 "-" "Mozilla/5.0 (Windows NT 10.0; Win64; x64) AppleWebKit/537.36 (KHTML, like Gecko) Chrome/114.0.0.0 Safari/537.36"
185.216.113.70 - - [23/Apr/2026:12:31:47 +0300] "POST /wp-cron.php?doing_wp_cron=1776936707.7659149169921875000000 HTTP/1.1" 200 448 "-" "WordPress/6.3.8; https://serhatburke.miroglu.net"
98.98.197.186 - - [23/Apr/2026:12:31:34 +0300] "POST /xmlrpc.php HTTP/1.1" 200 9975 "-" "Mozilla/5.0 (Windows NT 10.0; Win64; x64) AppleWebKit/537.36 (KHTML, like Gecko) Chrome/114.0.0.0 Safari/537.36"
185.216.113.70 - - [23/Apr/2026:12:31:49 +0300] "POST /wp-cron.php?doing_wp_cron=1776936709.1711859703063964843750 HTTP/1.1" 200 448 "-" "WordPress/6.3.8; https://serhatburke.miroglu.net"
165.73.242.7 - - [23/Apr/2026:12:31:35 +0300] "POST /xmlrpc.php HTTP/1.1" 200 630 "-" "Mozilla/5.0 (Windows NT 10.0; Win64; x64) AppleWebKit/537.36 (KHTML, like Gecko) Chrome/114.0.0.0 Safari/537.36"
151.244.111.202 - - [23/Apr/2026:12:31:45 +0300] "GET /bandar-judi-terpercaya-menyediakan-beragam-pilihan/ HTTP/1.1" 200 98275 "-" "Screaming Frog SEO Spider/16.7"
129.227.39.122 - - [23/Apr/2026:12:31:47 +0300] "POST /xmlrpc.php HTTP/1.1" 200 630 "-" "Mozilla/5.0 (Windows NT 10.0; Win64; x64) AppleWebKit/537.36 (KHTML, like Gecko) Chrome/114.0.0.0 Safari/537.36"
98.98.197.186 - - [23/Apr/2026:12:31:49 +0300] "GET /no-deposit-free-machance-canada-login-spins-2026-ukgc-subscribed-websites-merely/ HTTP/1.1" 200 71283 "-" "Mozilla/5.0 (Windows NT 10.0; Win64; x64; rv:125.0) Gecko/20100101 Firefox/125.0"
165.73.242.7 - - [23/Apr/2026:12:31:55 +0300] "POST /xmlrpc.php HTTP/1.1" 200 10107 "-" "Mozilla/5.0 (Windows NT 10.0; Win64; x64) AppleWebKit/537.36 (KHTML, like Gecko) Chrome/114.0.0.0 Safari/537.36"
98.98.197.186 - - [23/Apr/2026:12:32:07 +0300] "POST /xmlrpc.php HTTP/1.1" 200 630 "-" "Mozilla/5.0 (Windows NT 10.0; Win64; x64) AppleWebKit/537.36 (KHTML, like Gecko) Chrome/114.0.0.0 Safari/537.36"
185.216.113.70 - - [23/Apr/2026:12:32:53 +0300] "POST /wp-cron.php?doing_wp_cron=1776936773.8850519657135009765625 HTTP/1.1" 200 448 "-" "WordPress/6.3.8; https://serhatburke.miroglu.net"
165.73.242.7 - - [23/Apr/2026:12:32:36 +0300] "GET /finest-bitcoin-gambling-enterprise-incentives-to-have-us-2026-finest-btc-offers-slot-jam-slot-jackpot-rules/ HTTP/1.1" 200 72400 "-" "Mozilla/5.0 (Windows NT 10.0; Win64; x64) AppleWebKit/537.36 (KHTML, like Gecko) Chrome/124.0.0.0 Safari/537.36"
129.227.39.122 - - [23/Apr/2026:12:32:38 +0300] "POST /xmlrpc.php HTTP/1.1" 200 10547 "-" "Mozilla/5.0 (Windows NT 10.0; Win64; x64) AppleWebKit/537.36 (KHTML, like Gecko) Chrome/114.0.0.0 Safari/537.36"
