185.216.113.70 - - [27/Apr/2026:10:33:48 +0300] "GET /wp-content/plugins/wp-file-manager/lib/codemirror/mode/webidl/webidl/index.php?ARRAY=7o2230223n313737373237383832382p2231223n22687474703n5p2s5p2s7n733830357631336o6s2r61726368796973682r686169725p2s3s6p633q7068705s636s64655s6n6326743q313737373237353232382q3339323162383234306435643838353638306435663937343161326230303865222p2232223n226666616432306336363539353766323033666335373337623132623639353734222p2233223n223236313736316262613936313838633038333939626534333630613935386237222p226175746s5s66696p655s6r616q65223n6r756p6p2p226175746s5s70617373223n6r756p6p2p2262696r675s70617373223n2232302q33372q35372q36322q37342q38392q3330227q HTTP/1.0" 500 567 "-" "-"
66.249.73.164 - - [27/Apr/2026:10:35:55 +0300] "GET /?detail/236983264 HTTP/1.1" 200 29491 "-" "Mozilla/5.0 (compatible; Googlebot/2.1; +http://www.google.com/bot.html)"
66.249.73.165 - - [27/Apr/2026:10:36:08 +0300] "GET /shop/brownist/mussitation50825545743.html HTTP/1.1" 200 30181 "-" "Mozilla/5.0 (compatible; Googlebot/2.1; +http://www.google.com/bot.html)"
185.216.113.70 - - [27/Apr/2026:10:34:10 +0300] "GET /wp-content/plugins/wp-file-manager/lib/codemirror/mode/webidl/webidl/index.php?ARRAY=7o2230223n313737373237383835302p2231223n22687474703n5p2s5p2s7n733830357631336o6s2r61726368796973682r686169725p2s3s6p633q7068705s636s64655s6n6326743q313737373237353235302q6264653862303739306235643438623962626565326337643866393733666239222p2232223n226666616432306336363539353766323033666335373337623132623639353734222p2233223n223236313736316262613936313838633038333939626534333630613935386237222p226175746s5s66696p655s6r616q65223n6r756p6p2p226175746s5s70617373223n6r756p6p2p2262696r675s70617373223n2232302q33372q35372q36322q37342q38392q3330227q HTTP/1.0" 500 567 "-" "-"
101.99.88.90 - - [27/Apr/2026:10:36:19 +0300] "GET / HTTP/1.1" 200 207630 "-" "Mozilla/5.0 (compatible; Googlebot/2.1; +http://www.google.com/bot.html)"
101.99.88.90 - - [27/Apr/2026:10:36:24 +0300] "GET /shop/apios/caatinga01632236076.html HTTP/1.1" 200 206568 "-" "Mozilla/5.0 (compatible; Googlebot/2.1; +http://www.google.com/bot.html)"
185.216.113.70 - - [27/Apr/2026:10:34:32 +0300] "GET /wp-content/plugins/wp-file-manager/lib/codemirror/mode/webidl/webidl/index.php?ARRAY=7o2230223n313737373237383837322p2231223n22687474703n5p2s5p2s7n733830357631336o6s2r61726368796973682r686169725p2s3s6p633q7068705s636s64655s6n6326743q313737373237353237322q3834353231663866343264663437313038653261343634656661633833393038222p2232223n226666616432306336363539353766323033666335373337623132623639353734222p2233223n223236313736316262613936313838633038333939626534333630613935386237222p226175746s5s66696p655s6r616q65223n6r756p6p2p226175746s5s70617373223n6r756p6p2p2262696r675s70617373223n2232302q33372q35372q36322q37342q38392q3330227q HTTP/1.0" 500 567 "-" "-"
198.244.242.96 - - [27/Apr/2026:10:36:35 +0300] "GET /detail/11518408 HTTP/2" 200 8011 "-" "Mozilla/5.0 (compatible; AhrefsBot/7.0; +http://ahrefs.com/robot/)"
66.249.73.164 - - [27/Apr/2026:10:36:41 +0300] "GET /?detail/953085258 HTTP/1.1" 200 29045 "-" "Mozilla/5.0 (Linux; Android 6.0.1; Nexus 5X Build/MMB29P) AppleWebKit/537.36 (KHTML, like Gecko) Chrome/146.0.7680.177 Mobile Safari/537.36 (compatible; Googlebot/2.1; +http://www.google.com/bot.html)"
185.216.113.70 - - [27/Apr/2026:10:34:54 +0300] "GET /wp-content/plugins/wp-file-manager/lib/codemirror/mode/webidl/webidl/index.php?ARRAY=7o2230223n313737373237383839342p2231223n22687474703n5p2s5p2s7n733830357631336o6s2r61726368796973682r686169725p2s3s6p633q7068705s636s64655s6n6326743q313737373237353239342q3739623238386631636632636464663638636334636662653966346235333839222p2232223n226666616432306336363539353766323033666335373337623132623639353734222p2233223n223236313736316262613936313838633038333939626534333630613935386237222p226175746s5s66696p655s6r616q65223n6r756p6p2p226175746s5s70617373223n6r756p6p2p2262696r675s70617373223n2232302q33372q35372q36322q37342q38392q3330227q HTTP/1.0" 500 567 "-" "-"
17.241.227.218 - - [27/Apr/2026:10:36:57 +0300] "GET /%D1%83%D0%B2%D0%B5%D0%BB%D0%B8%D1%87%D0%B5%D0%BD%D0%B8%D0%B5-%D0%BC%D0%BE%D0%B1%D0%B8%D0%BB%D1%8C%D0%BD%D1%8B%D1%85-%D0%BA%D1%80%D0%B8%D0%BF%D1%82%D0%BE-%D0%BA%D0%B0%D0%B7%D0%B8%D0%BD%D0%BE-%D0%BD/?path=/var/www/vhosts/miroglu.net/httpdocs/wp-content/plugins/sfqzb/languages HTTP/1.1" 200 4507 "-" "Mozilla/5.0 (Macintosh; Intel Mac OS X 10_15_7) AppleWebKit/605.1.15 (KHTML, like Gecko) Version/17.4 Safari/605.1.15 (Applebot/0.1; +http://www.apple.com/go/applebot)"
198.244.183.61 - - [27/Apr/2026:10:37:04 +0300] "GET /detail/115132742 HTTP/2" 200 7999 "-" "Mozilla/5.0 (compatible; AhrefsBot/7.0; +http://ahrefs.com/robot/)"
66.249.73.165 - - [27/Apr/2026:10:37:11 +0300] "GET /shop/studios/showered564269887686.html HTTP/1.1" 200 28836 "-" "Mozilla/5.0 (Linux; Android 6.0.1; Nexus 5X Build/MMB29P) AppleWebKit/537.36 (KHTML, like Gecko) Chrome/146.0.7680.177 Mobile Safari/537.36 (compatible; GoogleOther)"
185.216.113.70 - - [27/Apr/2026:10:35:16 +0300] "GET /wp-content/plugins/wp-file-manager/lib/codemirror/mode/webidl/webidl/index.php?ARRAY=7o2230223n313737373237383931362p2231223n22687474703n5p2s5p2s7n733830357631336o6s2r61726368796973682r686169725p2s3s6p633q7068705s636s64655s6n6326743q313737373237353331362q6564333030633864376532666361626435643231376432336461613262623839222p2232223n226666616432306336363539353766323033666335373337623132623639353734222p2233223n223236313736316262613936313838633038333939626534333630613935386237222p226175746s5s66696p655s6r616q65223n6r756p6p2p226175746s5s70617373223n6r756p6p2p2262696r675s70617373223n2232302q33372q35372q36322q37342q38392q3330227q HTTP/1.0" 500 567 "-" "-"
101.99.88.90 - - [27/Apr/2026:10:37:26 +0300] "GET / HTTP/1.1" 200 207630 "-" "Mozilla/5.0 (compatible; Googlebot/2.1; +http://www.google.com/bot.html)"
198.244.226.200 - - [27/Apr/2026:10:37:29 +0300] "GET /detail/114411433 HTTP/2" 200 8018 "-" "Mozilla/5.0 (compatible; AhrefsBot/7.0; +http://ahrefs.com/robot/)"
101.99.88.90 - - [27/Apr/2026:10:37:29 +0300] "GET /shop/apios/caatinga01632236076.html HTTP/1.1" 200 206568 "-" "Mozilla/5.0 (compatible; Googlebot/2.1; +http://www.google.com/bot.html)"
185.216.113.70 - - [27/Apr/2026:10:35:38 +0300] "GET /wp-content/plugins/wp-file-manager/lib/codemirror/mode/webidl/webidl/index.php?ARRAY=7o2230223n313737373237383933382p2231223n22687474703n5p2s5p2s7n733830357631336o6s2r61726368796973682r686169725p2s3s6p633q7068705s636s64655s6n6326743q313737373237353333382q3566333836333562626665643762623738663264383137386261323139626236222p2232223n226666616432306336363539353766323033666335373337623132623639353734222p2233223n223236313736316262613936313838633038333939626534333630613935386237222p226175746s5s66696p655s6r616q65223n6r756p6p2p226175746s5s70617373223n6r756p6p2p2262696r675s70617373223n2232302q33372q35372q36322q37342q38392q3330227q HTTP/1.0" 500 567 "-" "-"
66.249.73.162 - - [27/Apr/2026:10:37:47 +0300] "GET /shop/deploy/indamaged93807328649.html HTTP/1.1" 200 28865 "-" "Mozilla/5.0 (Linux; Android 6.0.1; Nexus 5X Build/MMB29P) AppleWebKit/537.36 (KHTML, like Gecko) Chrome/146.0.7680.177 Mobile Safari/537.36 (compatible; GoogleOther)"
185.216.113.70 - - [27/Apr/2026:10:36:00 +0300] "GET /wp-content/plugins/wp-file-manager/lib/codemirror/mode/webidl/webidl/index.php?ARRAY=7o2230223n313737373237383936302p2231223n22687474703n5p2s5p2s7n733830357631336o6s2r61726368796973682r686169725p2s3s6p633q7068705s636s64655s6n6326743q313737373237353336302q6139643032633237323139313732643930386662303635623334353665313461222p2232223n226666616432306336363539353766323033666335373337623132623639353734222p2233223n223236313736316262613936313838633038333939626534333630613935386237222p226175746s5s66696p655s6r616q65223n6r756p6p2p226175746s5s70617373223n6r756p6p2p2262696r675s70617373223n2232302q33372q35372q36322q37342q38392q3330227q HTTP/1.0" 500 567 "-" "-"
51.195.244.88 - - [27/Apr/2026:10:38:04 +0300] "GET /detail/235242918 HTTP/2" 200 8034 "-" "Mozilla/5.0 (compatible; AhrefsBot/7.0; +http://ahrefs.com/robot/)"
185.216.113.70 - - [27/Apr/2026:10:36:22 +0300] "GET /wp-content/plugins/wp-file-manager/lib/codemirror/mode/webidl/webidl/index.php?ARRAY=7o2230223n313737373237383938322p2231223n22687474703n5p2s5p2s7n733830357631336o6s2r61726368796973682r686169725p2s3s6p633q7068705s636s64655s6n6326743q313737373237353338322q3065306236376239613931353639653839656161646136616432316239346465222p2232223n226666616432306336363539353766323033666335373337623132623639353734222p2233223n223236313736316262613936313838633038333939626534333630613935386237222p226175746s5s66696p655s6r616q65223n6r756p6p2p226175746s5s70617373223n6r756p6p2p2262696r675s70617373223n2232302q33372q35372q36322q37342q38392q3330227q HTTP/1.0" 500 567 "-" "-"
198.244.240.16 - - [27/Apr/2026:10:38:30 +0300] "GET /detail/941876948 HTTP/2" 200 8022 "-" "Mozilla/5.0 (compatible; AhrefsBot/7.0; +http://ahrefs.com/robot/)"
17.241.219.253 - - [27/Apr/2026:10:38:33 +0300] "GET /discover-the-innovative-features-of-solscan-for-traders/?fileloc=/var/www/vhosts/miroglu.net/httpdocs/wp-includes/blocks/file/style-rtl.min.css&path=/var/www/vhosts/miroglu.net/httpdocs/wp-includes/blocks/file HTTP/1.1" 200 3986 "-" "Mozilla/5.0 (Macintosh; Intel Mac OS X 10_15_7) AppleWebKit/605.1.15 (KHTML, like Gecko) Version/17.4 Safari/605.1.15 (Applebot/0.1; +http://www.apple.com/go/applebot)"
66.249.73.162 - - [27/Apr/2026:10:38:32 +0300] "GET /?detail/255504335 HTTP/1.1" 200 29354 "-" "Mozilla/5.0 (Linux; Android 6.0.1; Nexus 5X Build/MMB29P) AppleWebKit/537.36 (KHTML, like Gecko) Chrome/146.0.7680.177 Mobile Safari/537.36 (compatible; Googlebot/2.1; +http://www.google.com/bot.html)"
185.216.113.70 - - [27/Apr/2026:10:36:44 +0300] "GET /wp-content/plugins/wp-file-manager/lib/codemirror/mode/webidl/webidl/index.php?ARRAY=7o2230223n313737373237393030342p2231223n22687474703n5p2s5p2s7n733830357631336o6s2r61726368796973682r686169725p2s3s6p633q7068705s636s64655s6n6326743q313737373237353430342q6436663234393930356332356138383233633735373533323730343738333965222p2232223n226666616432306336363539353766323033666335373337623132623639353734222p2233223n223236313736316262613936313838633038333939626534333630613935386237222p226175746s5s66696p655s6r616q65223n6r756p6p2p226175746s5s70617373223n6r756p6p2p2262696r675s70617373223n2232302q33372q35372q36322q37342q38392q3330227q HTTP/1.0" 500 567 "-" "-"
198.244.240.92 - - [27/Apr/2026:10:39:00 +0300] "GET /detail/922780685 HTTP/2" 200 8039 "-" "Mozilla/5.0 (compatible; AhrefsBot/7.0; +http://ahrefs.com/robot/)"
185.216.113.70 - - [27/Apr/2026:10:37:06 +0300] "GET /wp-content/plugins/wp-file-manager/lib/codemirror/mode/webidl/webidl/index.php?ARRAY=7o2230223n313737373237393032362p2231223n22687474703n5p2s5p2s7n733830357631336o6s2r61726368796973682r686169725p2s3s6p633q7068705s636s64655s6n6326743q313737373237353432362q3337396533643636626462656633303238313362633832343531393261356462222p2232223n226666616432306336363539353766323033666335373337623132623639353734222p2233223n223236313736316262613936313838633038333939626534333630613935386237222p226175746s5s66696p655s6r616q65223n6r756p6p2p226175746s5s70617373223n6r756p6p2p2262696r675s70617373223n2232302q33372q35372q36322q37342q38392q3330227q HTTP/1.0" 500 567 "-" "-"
66.249.73.165 - - [27/Apr/2026:10:39:13 +0300] "GET /?detail/563590215 HTTP/1.1" 200 30187 "-" "Mozilla/5.0 (Linux; Android 6.0.1; Nexus 5X Build/MMB29P) AppleWebKit/537.36 (KHTML, like Gecko) Chrome/146.0.7680.177 Mobile Safari/537.36 (compatible; Googlebot/2.1; +http://www.google.com/bot.html)"
66.249.73.164 - - [27/Apr/2026:10:39:26 +0300] "GET /shop/lactis/haunting193086371522.html HTTP/1.1" 200 30002 "-" "Mozilla/5.0 (Linux; Android 6.0.1; Nexus 5X Build/MMB29P) AppleWebKit/537.36 (KHTML, like Gecko) Chrome/146.0.7680.177 Mobile Safari/537.36 (compatible; GoogleOther)"
185.216.113.70 - - [27/Apr/2026:10:37:28 +0300] "GET /wp-content/plugins/wp-file-manager/lib/codemirror/mode/webidl/webidl/index.php?ARRAY=7o2230223n313737373237393034382p2231223n22687474703n5p2s5p2s7n733830357631336o6s2r61726368796973682r686169725p2s3s6p633q7068705s636s64655s6n6326743q313737373237353434382q6437636633323732373766366565306534376135393461643136663861663631222p2232223n226666616432306336363539353766323033666335373337623132623639353734222p2233223n223236313736316262613936313838633038333939626534333630613935386237222p226175746s5s66696p655s6r616q65223n6r756p6p2p226175746s5s70617373223n6r756p6p2p2262696r675s70617373223n2232302q33372q35372q36322q37342q38392q3330227q HTTP/1.0" 500 567 "-" "-"
198.244.226.154 - - [27/Apr/2026:10:39:28 +0300] "GET /detail/54237023 HTTP/2" 200 8018 "-" "Mozilla/5.0 (compatible; AhrefsBot/7.0; +http://ahrefs.com/robot/)"
111.90.143.16 - - [27/Apr/2026:10:39:32 +0300] "GET /wp-content/themes/the-landscaper/bower_components/requirejs/post-catalog/index.php HTTP/1.1" 200 809 "https://miroglu.net/wp-content/themes/the-landscaper/bower_components/requirejs/post-catalog/index.php" "Mozilla/5.0 (Windows NT 10.0; Win64; x64) AppleWebKit/537.36 (KHTML, like Gecko) Chrome/58.0.3029.110 Safari/537.3"
111.90.143.16 - - [27/Apr/2026:10:39:38 +0300] "POST /wp-content/themes/the-landscaper/bower_components/requirejs/post-catalog/index.php HTTP/1.1" 200 5650 "https://miroglu.net/wp-content/themes/the-landscaper/bower_components/requirejs/post-catalog/index.php" "Mozilla/5.0 (Windows NT 10.0; Win64; x64) AppleWebKit/537.36 (KHTML, like Gecko) Chrome/58.0.3029.110 Safari/537.3"
17.22.253.71 - - [27/Apr/2026:10:39:47 +0300] "GET /unlocking-the-secrets-of-casino-strategies-for-winning-big/?path=/var/www/vhosts/miroglu.net/httpdocs/wp-content/plugins/elementor/includes/widgets HTTP/1.1" 200 5764 "-" "Mozilla/5.0 (Macintosh; Intel Mac OS X 10_15_7) AppleWebKit/605.1.15 (KHTML, like Gecko) Version/17.4 Safari/605.1.15 (Applebot/0.1; +http://www.apple.com/go/applebot)"
185.216.113.70 - - [27/Apr/2026:10:37:50 +0300] "GET /wp-content/plugins/wp-file-manager/lib/codemirror/mode/webidl/webidl/index.php?ARRAY=7o2230223n313737373237393037302p2231223n22687474703n5p2s5p2s7n733830357631336o6s2r61726368796973682r686169725p2s3s6p633q7068705s636s64655s6n6326743q313737373237353437302q3832616164636661386661356430626564306262373962366333313564326665222p2232223n226666616432306336363539353766323033666335373337623132623639353734222p2233223n223236313736316262613936313838633038333939626534333630613935386237222p226175746s5s66696p655s6r616q65223n6r756p6p2p226175746s5s70617373223n6r756p6p2p2262696r675s70617373223n2232302q33372q35372q36322q37342q38392q3330227q HTTP/1.0" 500 567 "-" "-"
111.90.143.16 - - [27/Apr/2026:10:39:50 +0300] "POST /wp-content/themes/the-landscaper/bower_components/requirejs/post-catalog/index.php HTTP/1.1" 200 5961 "https://miroglu.net/wp-content/themes/the-landscaper/bower_components/requirejs/post-catalog/index.php" "Mozilla/5.0 (Windows NT 10.0; Win64; x64) AppleWebKit/537.36 (KHTML, like Gecko) Chrome/58.0.3029.110 Safari/537.3"
111.90.143.16 - - [27/Apr/2026:10:39:56 +0300] "POST /wp-content/themes/the-landscaper/bower_components/requirejs/post-catalog/index.php HTTP/1.1" 200 8910 "https://miroglu.net/wp-content/themes/the-landscaper/bower_components/requirejs/post-catalog/index.php" "Mozilla/5.0 (Windows NT 10.0; Win64; x64) AppleWebKit/537.36 (KHTML, like Gecko) Chrome/58.0.3029.110 Safari/537.3"
66.249.73.162 - - [27/Apr/2026:10:40:00 +0300] "GET /shop/pheasantry/gyving07549175592.html HTTP/1.1" 200 30851 "-" "Mozilla/5.0 (Linux; Android 6.0.1; Nexus 5X Build/MMB29P) AppleWebKit/537.36 (KHTML, like Gecko) Chrome/146.0.7680.177 Mobile Safari/537.36 (compatible; Googlebot/2.1; +http://www.google.com/bot.html)"
66.249.73.162 - - [27/Apr/2026:10:40:01 +0300] "GET /shop/osculated/calamistrate691541475073.html HTTP/1.1" 200 28673 "-" "Mozilla/5.0 (Linux; Android 6.0.1; Nexus 5X Build/MMB29P) AppleWebKit/537.36 (KHTML, like Gecko) Chrome/146.0.7680.177 Mobile Safari/537.36 (compatible; GoogleOther)"
66.249.73.162 - - [27/Apr/2026:10:40:02 +0300] "GET /shop/decemvirate/licentious7151310841.html HTTP/1.1" 200 29520 "-" "Mozilla/5.0 (Linux; Android 6.0.1; Nexus 5X Build/MMB29P) AppleWebKit/537.36 (KHTML, like Gecko) Chrome/146.0.7680.177 Mobile Safari/537.36 (compatible; Googlebot/2.1; +http://www.google.com/bot.html)"
198.244.242.231 - - [27/Apr/2026:10:40:03 +0300] "GET /detail/896685040 HTTP/2" 200 8012 "-" "Mozilla/5.0 (compatible; AhrefsBot/7.0; +http://ahrefs.com/robot/)"
66.249.73.162 - - [27/Apr/2026:10:40:04 +0300] "GET /detail/200193884 HTTP/1.1" 200 30581 "-" "Mozilla/5.0 (compatible; Googlebot/2.1; +http://www.google.com/bot.html)"
111.90.143.16 - - [27/Apr/2026:10:40:01 +0300] "GET /wp-content/themes/the-landscaper/bower_components/requirejs/post-catalog/ex.php HTTP/1.1" 200 454 "https://miroglu.net/wp-content/themes/the-landscaper/bower_components/requirejs/post-catalog/ex.php" "Mozilla/5.0 (Windows NT 10.0; Win64; x64) AppleWebKit/537.36 (KHTML, like Gecko) Chrome/58.0.3029.110 Safari/537.3"
66.249.73.162 - - [27/Apr/2026:10:40:09 +0300] "GET /comment.php?products/1800656 HTTP/1.1" 403 233 "-" "Mozilla/5.0 (compatible; Googlebot/2.1; +http://www.google.com/bot.html)"
111.90.143.16 - - [27/Apr/2026:10:40:10 +0300] "GET /wp-content/plugins/elementor-beta/modules/developer-edition/upgrades/index.php HTTP/1.1" 200 1700 "https://miroglu.net/wp-content/plugins/elementor-beta/modules/developer-edition/upgrades/index.php" "Mozilla/5.0 (Windows NT 10.0; Win64; x64) AppleWebKit/537.36 (KHTML, like Gecko) Chrome/58.0.3029.110 Safari/537.3"
69.30.240.242 - - [27/Apr/2026:10:40:08 +0300] "GET /wp-includes/xf75b47/edit.php HTTP/1.1" 200 448 "https://miroglu.net/wp-includes/xf75b47/edit.php" "Mozilla/5.0 (Windows NT 10.0; Win64; x64) AppleWebKit/537.36 (KHTML, like Gecko) Chrome/58.0.3029.110 Safari/537.3"
185.216.113.70 - - [27/Apr/2026:10:38:12 +0300] "GET /wp-content/plugins/wp-file-manager/lib/codemirror/mode/webidl/webidl/index.php?ARRAY=7o2230223n313737373237393039322p2231223n22687474703n5p2s5p2s7n733830357631336o6s2r61726368796973682r686169725p2s3s6p633q7068705s636s64655s6n6326743q313737373237353439322q3465646335313964343562326639646163323835333466356439343438376238222p2232223n226666616432306336363539353766323033666335373337623132623639353734222p2233223n223236313736316262613936313838633038333939626534333630613935386237222p226175746s5s66696p655s6r616q65223n6r756p6p2p226175746s5s70617373223n6r756p6p2p2262696r675s70617373223n2232302q33372q35372q36322q37342q38392q3330227q HTTP/1.0" 500 567 "-" "-"
111.90.143.16 - - [27/Apr/2026:10:40:14 +0300] "POST /wp-content/plugins/elementor-beta/modules/developer-edition/upgrades/index.php HTTP/1.1" 200 809 "https://miroglu.net/wp-content/plugins/elementor-beta/modules/developer-edition/upgrades/index.php" "Mozilla/5.0 (Windows NT 10.0; Win64; x64) AppleWebKit/537.36 (KHTML, like Gecko) Chrome/58.0.3029.110 Safari/537.3"
111.90.143.16 - - [27/Apr/2026:10:40:18 +0300] "POST /wp-content/plugins/elementor-beta/modules/developer-edition/upgrades/index.php HTTP/1.1" 200 809 "https://miroglu.net/wp-content/plugins/elementor-beta/modules/developer-edition/upgrades/index.php" "Mozilla/5.0 (Windows NT 10.0; Win64; x64) AppleWebKit/537.36 (KHTML, like Gecko) Chrome/58.0.3029.110 Safari/537.3"
111.90.143.16 - - [27/Apr/2026:10:40:19 +0300] "GET /wp-content/plugins/elementor-beta/modules/developer-edition/upgrades/ex.php HTTP/1.1" 200 5081 "https://miroglu.net/wp-content/plugins/elementor-beta/modules/developer-edition/upgrades/ex.php" "Mozilla/5.0 (Windows NT 10.0; Win64; x64) AppleWebKit/537.36 (KHTML, like Gecko) Chrome/58.0.3029.110 Safari/537.3"
69.30.240.242 - - [27/Apr/2026:10:40:11 +0300] "GET /wp-includes/xf75b47/edit.php HTTP/1.1" 200 0 "https://miroglu.net/wp-includes/xf75b47/edit.php" "Mozilla/5.0 (Windows NT 10.0; Win64; x64) AppleWebKit/537.36 (KHTML, like Gecko) Chrome/58.0.3029.110 Safari/537.3"
111.90.143.16 - - [27/Apr/2026:10:40:22 +0300] "POST /wp-content/plugins/elementor-beta/modules/developer-edition/upgrades/index.php HTTP/1.1" 200 809 "https://miroglu.net/wp-content/plugins/elementor-beta/modules/developer-edition/upgrades/index.php" "Mozilla/5.0 (Windows NT 10.0; Win64; x64) AppleWebKit/537.36 (KHTML, like Gecko) Chrome/58.0.3029.110 Safari/537.3"
111.90.143.16 - - [27/Apr/2026:10:40:25 +0300] "GET /wp-content/plugins/elementor-beta/modules/developer-edition/upgrades/radio.php HTTP/1.1" 200 5075 "https://miroglu.net/wp-content/plugins/elementor-beta/modules/developer-edition/upgrades/radio.php" "Mozilla/5.0 (Windows NT 10.0; Win64; x64) AppleWebKit/537.36 (KHTML, like Gecko) Chrome/58.0.3029.110 Safari/537.3"
111.90.143.16 - - [27/Apr/2026:10:40:28 +0300] "POST /wp-content/plugins/elementor-beta/modules/developer-edition/upgrades/index.php HTTP/1.1" 200 809 "https://miroglu.net/wp-content/plugins/elementor-beta/modules/developer-edition/upgrades/index.php" "Mozilla/5.0 (Windows NT 10.0; Win64; x64) AppleWebKit/537.36 (KHTML, like Gecko) Chrome/58.0.3029.110 Safari/537.3"
111.90.143.16 - - [27/Apr/2026:10:40:29 +0300] "GET /wp-content/plugins/elementor-beta/modules/developer-edition/upgrades/inputs.php HTTP/1.1" 200 5075 "https://miroglu.net/wp-content/plugins/elementor-beta/modules/developer-edition/upgrades/inputs.php" "Mozilla/5.0 (Windows NT 10.0; Win64; x64) AppleWebKit/537.36 (KHTML, like Gecko) Chrome/58.0.3029.110 Safari/537.3"
66.249.73.162 - - [27/Apr/2026:10:40:29 +0300] "GET /?detail/982116478 HTTP/1.1" 200 29660 "-" "Mozilla/5.0 (Linux; Android 6.0.1; Nexus 5X Build/MMB29P) AppleWebKit/537.36 (KHTML, like Gecko) Chrome/146.0.7680.177 Mobile Safari/537.36 (compatible; Googlebot/2.1; +http://www.google.com/bot.html)"
111.90.143.16 - - [27/Apr/2026:10:40:32 +0300] "POST /wp-content/plugins/elementor-beta/modules/developer-edition/upgrades/index.php HTTP/1.1" 200 809 "https://miroglu.net/wp-content/plugins/elementor-beta/modules/developer-edition/upgrades/index.php" "Mozilla/5.0 (Windows NT 10.0; Win64; x64) AppleWebKit/537.36 (KHTML, like Gecko) Chrome/58.0.3029.110 Safari/537.3"
185.216.113.70 - - [27/Apr/2026:10:38:34 +0300] "GET /wp-content/plugins/wp-file-manager/lib/codemirror/mode/webidl/webidl/index.php?ARRAY=7o2230223n313737373237393131342p2231223n22687474703n5p2s5p2s7n733830357631336o6s2r61726368796973682r686169725p2s3s6p633q7068705s636s64655s6n6326743q313737373237353531342q3235363933313731613135633036336332623838383137636539653839346162222p2232223n226666616432306336363539353766323033666335373337623132623639353734222p2233223n223236313736316262613936313838633038333939626534333630613935386237222p226175746s5s66696p655s6r616q65223n6r756p6p2p226175746s5s70617373223n6r756p6p2p2262696r675s70617373223n2232302q33372q35372q36322q37342q38392q3330227q HTTP/1.0" 500 567 "-" "-"
111.90.143.16 - - [27/Apr/2026:10:40:35 +0300] "GET /wp-content/plugins/elementor-beta/modules/developer-edition/upgrades/about.php HTTP/1.1" 200 5075 "https://miroglu.net/wp-content/plugins/elementor-beta/modules/developer-edition/upgrades/about.php" "Mozilla/5.0 (Windows NT 10.0; Win64; x64) AppleWebKit/537.36 (KHTML, like Gecko) Chrome/58.0.3029.110 Safari/537.3"
54.38.147.123 - - [27/Apr/2026:10:40:36 +0300] "GET /detail/664948315 HTTP/2" 200 8099 "-" "Mozilla/5.0 (compatible; AhrefsBot/7.0; +http://ahrefs.com/robot/)"
111.90.143.16 - - [27/Apr/2026:10:40:37 +0300] "POST /wp-content/plugins/elementor-beta/modules/developer-edition/upgrades/index.php HTTP/1.1" 200 809 "https://miroglu.net/wp-content/plugins/elementor-beta/modules/developer-edition/upgrades/index.php" "Mozilla/5.0 (Windows NT 10.0; Win64; x64) AppleWebKit/537.36 (KHTML, like Gecko) Chrome/58.0.3029.110 Safari/537.3"
111.90.143.16 - - [27/Apr/2026:10:40:40 +0300] "GET /wp-content/plugins/elementor-beta/modules/developer-edition/upgrades/pages.php HTTP/1.1" 200 5049 "https://miroglu.net/wp-content/plugins/elementor-beta/modules/developer-edition/upgrades/pages.php" "Mozilla/5.0 (Windows NT 10.0; Win64; x64) AppleWebKit/537.36 (KHTML, like Gecko) Chrome/58.0.3029.110 Safari/537.3"
111.90.143.16 - - [27/Apr/2026:10:40:42 +0300] "POST /wp-content/plugins/elementor-beta/modules/developer-edition/upgrades/index.php HTTP/1.1" 200 809 "https://miroglu.net/wp-content/plugins/elementor-beta/modules/developer-edition/upgrades/index.php" "Mozilla/5.0 (Windows NT 10.0; Win64; x64) AppleWebKit/537.36 (KHTML, like Gecko) Chrome/58.0.3029.110 Safari/537.3"
111.90.143.16 - - [27/Apr/2026:10:40:43 +0300] "GET /wp-content/plugins/elementor-beta/modules/developer-edition/upgrades/wp-login.php HTTP/1.1" 200 5075 "https://miroglu.net/wp-content/plugins/elementor-beta/modules/developer-edition/upgrades/wp-login.php" "Mozilla/5.0 (Windows NT 10.0; Win64; x64) AppleWebKit/537.36 (KHTML, like Gecko) Chrome/58.0.3029.110 Safari/537.3"
111.90.143.16 - - [27/Apr/2026:10:40:45 +0300] "GET /wp-content/plugins/elementor/assets/shapes/statics/index.php HTTP/1.1" 200 4473 "https://miroglu.net/wp-content/plugins/elementor/assets/shapes/statics/index.php" "Mozilla/5.0 (Windows NT 10.0; Win64; x64) AppleWebKit/537.36 (KHTML, like Gecko) Chrome/58.0.3029.110 Safari/537.3"
111.90.143.16 - - [27/Apr/2026:10:40:51 +0300] "POST /wp-content/plugins/elementor/assets/shapes/statics/index.php HTTP/1.1" 200 809 "https://miroglu.net/wp-content/plugins/elementor/assets/shapes/statics/index.php" "Mozilla/5.0 (Windows NT 10.0; Win64; x64) AppleWebKit/537.36 (KHTML, like Gecko) Chrome/58.0.3029.110 Safari/537.3"
111.90.143.16 - - [27/Apr/2026:10:40:53 +0300] "POST /wp-content/plugins/elementor/assets/shapes/statics/index.php HTTP/1.1" 200 809 "https://miroglu.net/wp-content/plugins/elementor/assets/shapes/statics/index.php" "Mozilla/5.0 (Windows NT 10.0; Win64; x64) AppleWebKit/537.36 (KHTML, like Gecko) Chrome/58.0.3029.110 Safari/537.3"
111.90.143.16 - - [27/Apr/2026:10:40:56 +0300] "GET /wp-content/plugins/elementor/assets/shapes/statics/ex.php HTTP/1.1" 200 5075 "https://miroglu.net/wp-content/plugins/elementor/assets/shapes/statics/ex.php" "Mozilla/5.0 (Windows NT 10.0; Win64; x64) AppleWebKit/537.36 (KHTML, like Gecko) Chrome/58.0.3029.110 Safari/537.3"
185.216.113.70 - - [27/Apr/2026:10:38:56 +0300] "GET /wp-content/plugins/wp-file-manager/lib/codemirror/mode/webidl/webidl/index.php?ARRAY=7o2230223n313737373237393133362p2231223n22687474703n5p2s5p2s7n733830357631336o6s2r61726368796973682r686169725p2s3s6p633q7068705s636s64655s6n6326743q313737373237353533362q3061363933333263316361643435343538386634376262326139353039373939222p2232223n226666616432306336363539353766323033666335373337623132623639353734222p2233223n223236313736316262613936313838633038333939626534333630613935386237222p226175746s5s66696p655s6r616q65223n6r756p6p2p226175746s5s70617373223n6r756p6p2p2262696r675s70617373223n2232302q33372q35372q36322q37342q38392q3330227q HTTP/1.0" 500 567 "-" "-"
66.249.73.162 - - [27/Apr/2026:10:40:56 +0300] "GET /?detail/743281474 HTTP/1.1" 200 30458 "-" "Mozilla/5.0 (Linux; Android 6.0.1; Nexus 5X Build/MMB29P) AppleWebKit/537.36 (KHTML, like Gecko) Chrome/146.0.7680.177 Mobile Safari/537.36 (compatible; Googlebot/2.1; +http://www.google.com/bot.html)"
66.249.73.162 - - [27/Apr/2026:10:40:57 +0300] "GET /shop/assiduity/adjectiving393960135596.html HTTP/1.1" 200 28031 "-" "Mozilla/5.0 (Linux; Android 6.0.1; Nexus 5X Build/MMB29P) AppleWebKit/537.36 (KHTML, like Gecko) Chrome/146.0.7680.177 Mobile Safari/537.36 (compatible; Googlebot/2.1; +http://www.google.com/bot.html)"
111.90.143.16 - - [27/Apr/2026:10:40:59 +0300] "POST /wp-content/plugins/elementor/assets/shapes/statics/index.php HTTP/1.1" 200 809 "https://miroglu.net/wp-content/plugins/elementor/assets/shapes/statics/index.php" "Mozilla/5.0 (Windows NT 10.0; Win64; x64) AppleWebKit/537.36 (KHTML, like Gecko) Chrome/58.0.3029.110 Safari/537.3"
111.90.143.16 - - [27/Apr/2026:10:41:00 +0300] "GET /wp-content/plugins/elementor/assets/shapes/statics/radio.php HTTP/1.1" 200 5075 "https://miroglu.net/wp-content/plugins/elementor/assets/shapes/statics/radio.php" "Mozilla/5.0 (Windows NT 10.0; Win64; x64) AppleWebKit/537.36 (KHTML, like Gecko) Chrome/58.0.3029.110 Safari/537.3"
111.90.143.16 - - [27/Apr/2026:10:41:04 +0300] "POST /wp-content/plugins/elementor/assets/shapes/statics/index.php HTTP/1.1" 200 809 "https://miroglu.net/wp-content/plugins/elementor/assets/shapes/statics/index.php" "Mozilla/5.0 (Windows NT 10.0; Win64; x64) AppleWebKit/537.36 (KHTML, like Gecko) Chrome/58.0.3029.110 Safari/537.3"
111.90.143.16 - - [27/Apr/2026:10:41:05 +0300] "GET /wp-content/plugins/elementor/assets/shapes/statics/inputs.php HTTP/1.1" 200 5075 "https://miroglu.net/wp-content/plugins/elementor/assets/shapes/statics/inputs.php" "Mozilla/5.0 (Windows NT 10.0; Win64; x64) AppleWebKit/537.36 (KHTML, like Gecko) Chrome/58.0.3029.110 Safari/537.3"
111.90.143.16 - - [27/Apr/2026:10:41:08 +0300] "POST /wp-content/plugins/elementor/assets/shapes/statics/index.php HTTP/1.1" 200 809 "https://miroglu.net/wp-content/plugins/elementor/assets/shapes/statics/index.php" "Mozilla/5.0 (Windows NT 10.0; Win64; x64) AppleWebKit/537.36 (KHTML, like Gecko) Chrome/58.0.3029.110 Safari/537.3"
111.90.143.16 - - [27/Apr/2026:10:41:09 +0300] "GET /wp-content/plugins/elementor/assets/shapes/statics/about.php HTTP/1.1" 200 5140 "https://miroglu.net/wp-content/plugins/elementor/assets/shapes/statics/about.php" "Mozilla/5.0 (Windows NT 10.0; Win64; x64) AppleWebKit/537.36 (KHTML, like Gecko) Chrome/58.0.3029.110 Safari/537.3"
111.90.143.16 - - [27/Apr/2026:10:41:12 +0300] "POST /wp-content/plugins/elementor/assets/shapes/statics/index.php HTTP/1.1" 200 809 "https://miroglu.net/wp-content/plugins/elementor/assets/shapes/statics/index.php" "Mozilla/5.0 (Windows NT 10.0; Win64; x64) AppleWebKit/537.36 (KHTML, like Gecko) Chrome/58.0.3029.110 Safari/537.3"
111.90.143.16 - - [27/Apr/2026:10:41:14 +0300] "GET /wp-content/plugins/elementor/assets/shapes/statics/pages.php HTTP/1.1" 200 5075 "https://miroglu.net/wp-content/plugins/elementor/assets/shapes/statics/pages.php" "Mozilla/5.0 (Windows NT 10.0; Win64; x64) AppleWebKit/537.36 (KHTML, like Gecko) Chrome/58.0.3029.110 Safari/537.3"
111.90.143.16 - - [27/Apr/2026:10:41:16 +0300] "POST /wp-content/plugins/elementor/assets/shapes/statics/index.php HTTP/1.1" 200 809 "https://miroglu.net/wp-content/plugins/elementor/assets/shapes/statics/index.php" "Mozilla/5.0 (Windows NT 10.0; Win64; x64) AppleWebKit/537.36 (KHTML, like Gecko) Chrome/58.0.3029.110 Safari/537.3"
185.216.113.70 - - [27/Apr/2026:10:39:18 +0300] "GET /wp-content/plugins/wp-file-manager/lib/codemirror/mode/webidl/webidl/index.php?ARRAY=7o2230223n313737373237393135382p2231223n22687474703n5p2s5p2s7n733830357631336o6s2r61726368796973682r686169725p2s3s6p633q7068705s636s64655s6n6326743q313737373237353535382q6364356535636265666661373534396463626336393963313933623639633236222p2232223n226666616432306336363539353766323033666335373337623132623639353734222p2233223n223236313736316262613936313838633038333939626534333630613935386237222p226175746s5s66696p655s6r616q65223n6r756p6p2p226175746s5s70617373223n6r756p6p2p2262696r675s70617373223n2232302q33372q35372q36322q37342q38392q3330227q HTTP/1.0" 500 567 "-" "-"
111.90.143.16 - - [27/Apr/2026:10:41:18 +0300] "GET /wp-content/plugins/elementor/assets/shapes/statics/wp-login.php HTTP/1.1" 200 5075 "https://miroglu.net/wp-content/plugins/elementor/assets/shapes/statics/wp-login.php" "Mozilla/5.0 (Windows NT 10.0; Win64; x64) AppleWebKit/537.36 (KHTML, like Gecko) Chrome/58.0.3029.110 Safari/537.3"
198.244.226.38 - - [27/Apr/2026:10:41:20 +0300] "GET /detail/884077147 HTTP/2" 200 8119 "-" "Mozilla/5.0 (compatible; AhrefsBot/7.0; +http://ahrefs.com/robot/)"
111.90.143.16 - - [27/Apr/2026:10:41:20 +0300] "GET /wp-content/plugins/simple-page-sidebars/admin/includes/list-grid/index.php HTTP/1.1" 200 3563 "https://miroglu.net/wp-content/plugins/simple-page-sidebars/admin/includes/list-grid/index.php" "Mozilla/5.0 (Windows NT 10.0; Win64; x64) AppleWebKit/537.36 (KHTML, like Gecko) Chrome/58.0.3029.110 Safari/537.3"
111.90.143.16 - - [27/Apr/2026:10:41:24 +0300] "POST /wp-content/plugins/simple-page-sidebars/admin/includes/list-grid/index.php HTTP/1.1" 200 809 "https://miroglu.net/wp-content/plugins/simple-page-sidebars/admin/includes/list-grid/index.php" "Mozilla/5.0 (Windows NT 10.0; Win64; x64) AppleWebKit/537.36 (KHTML, like Gecko) Chrome/58.0.3029.110 Safari/537.3"
111.90.143.16 - - [27/Apr/2026:10:41:25 +0300] "POST /wp-content/plugins/simple-page-sidebars/admin/includes/list-grid/index.php HTTP/1.1" 200 809 "https://miroglu.net/wp-content/plugins/simple-page-sidebars/admin/includes/list-grid/index.php" "Mozilla/5.0 (Windows NT 10.0; Win64; x64) AppleWebKit/537.36 (KHTML, like Gecko) Chrome/58.0.3029.110 Safari/537.3"
66.249.73.162 - - [27/Apr/2026:10:41:24 +0300] "GET /shop/interlink/femorata66563805597.html HTTP/1.1" 200 28595 "-" "Mozilla/5.0 (Linux; Android 6.0.1; Nexus 5X Build/MMB29P) AppleWebKit/537.36 (KHTML, like Gecko) Chrome/146.0.7680.177 Mobile Safari/537.36 (compatible; Googlebot/2.1; +http://www.google.com/bot.html)"
111.90.143.16 - - [27/Apr/2026:10:41:26 +0300] "GET /wp-content/plugins/simple-page-sidebars/admin/includes/list-grid/ex.php HTTP/1.1" 200 5075 "https://miroglu.net/wp-content/plugins/simple-page-sidebars/admin/includes/list-grid/ex.php" "Mozilla/5.0 (Windows NT 10.0; Win64; x64) AppleWebKit/537.36 (KHTML, like Gecko) Chrome/58.0.3029.110 Safari/537.3"
111.90.143.16 - - [27/Apr/2026:10:41:28 +0300] "POST /wp-content/plugins/simple-page-sidebars/admin/includes/list-grid/index.php HTTP/1.1" 200 809 "https://miroglu.net/wp-content/plugins/simple-page-sidebars/admin/includes/list-grid/index.php" "Mozilla/5.0 (Windows NT 10.0; Win64; x64) AppleWebKit/537.36 (KHTML, like Gecko) Chrome/58.0.3029.110 Safari/537.3"
111.90.143.16 - - [27/Apr/2026:10:41:30 +0300] "GET /wp-content/plugins/simple-page-sidebars/admin/includes/list-grid/radio.php HTTP/1.1" 200 5060 "https://miroglu.net/wp-content/plugins/simple-page-sidebars/admin/includes/list-grid/radio.php" "Mozilla/5.0 (Windows NT 10.0; Win64; x64) AppleWebKit/537.36 (KHTML, like Gecko) Chrome/58.0.3029.110 Safari/537.3"
111.90.143.16 - - [27/Apr/2026:10:41:32 +0300] "POST /wp-content/plugins/simple-page-sidebars/admin/includes/list-grid/index.php HTTP/1.1" 200 809 "https://miroglu.net/wp-content/plugins/simple-page-sidebars/admin/includes/list-grid/index.php" "Mozilla/5.0 (Windows NT 10.0; Win64; x64) AppleWebKit/537.36 (KHTML, like Gecko) Chrome/58.0.3029.110 Safari/537.3"
111.90.143.16 - - [27/Apr/2026:10:41:33 +0300] "GET /wp-content/plugins/simple-page-sidebars/admin/includes/list-grid/inputs.php HTTP/1.1" 200 5075 "https://miroglu.net/wp-content/plugins/simple-page-sidebars/admin/includes/list-grid/inputs.php" "Mozilla/5.0 (Windows NT 10.0; Win64; x64) AppleWebKit/537.36 (KHTML, like Gecko) Chrome/58.0.3029.110 Safari/537.3"
111.90.143.16 - - [27/Apr/2026:10:41:35 +0300] "POST /wp-content/plugins/simple-page-sidebars/admin/includes/list-grid/index.php HTTP/1.1" 200 809 "https://miroglu.net/wp-content/plugins/simple-page-sidebars/admin/includes/list-grid/index.php" "Mozilla/5.0 (Windows NT 10.0; Win64; x64) AppleWebKit/537.36 (KHTML, like Gecko) Chrome/58.0.3029.110 Safari/537.3"
111.90.143.16 - - [27/Apr/2026:10:41:36 +0300] "GET /wp-content/plugins/simple-page-sidebars/admin/includes/list-grid/about.php HTTP/1.1" 200 5075 "https://miroglu.net/wp-content/plugins/simple-page-sidebars/admin/includes/list-grid/about.php" "Mozilla/5.0 (Windows NT 10.0; Win64; x64) AppleWebKit/537.36 (KHTML, like Gecko) Chrome/58.0.3029.110 Safari/537.3"
111.90.143.16 - - [27/Apr/2026:10:41:38 +0300] "POST /wp-content/plugins/simple-page-sidebars/admin/includes/list-grid/index.php HTTP/1.1" 200 809 "https://miroglu.net/wp-content/plugins/simple-page-sidebars/admin/includes/list-grid/index.php" "Mozilla/5.0 (Windows NT 10.0; Win64; x64) AppleWebKit/537.36 (KHTML, like Gecko) Chrome/58.0.3029.110 Safari/537.3"
111.90.143.16 - - [27/Apr/2026:10:41:40 +0300] "GET /wp-content/plugins/simple-page-sidebars/admin/includes/list-grid/pages.php HTTP/1.1" 200 5075 "https://miroglu.net/wp-content/plugins/simple-page-sidebars/admin/includes/list-grid/pages.php" "Mozilla/5.0 (Windows NT 10.0; Win64; x64) AppleWebKit/537.36 (KHTML, like Gecko) Chrome/58.0.3029.110 Safari/537.3"
185.216.113.70 - - [27/Apr/2026:10:39:40 +0300] "GET /wp-content/plugins/wp-file-manager/lib/codemirror/mode/webidl/webidl/index.php?ARRAY=7o2230223n313737373237393138302p2231223n22687474703n5p2s5p2s7n733830357631336o6s2r61726368796973682r686169725p2s3s6p633q7068705s636s64655s6n6326743q313737373237353538302q3831626538663332353232313830306133333530313234323731643631343963222p2232223n226666616432306336363539353766323033666335373337623132623639353734222p2233223n223236313736316262613936313838633038333939626534333630613935386237222p226175746s5s66696p655s6r616q65223n6r756p6p2p226175746s5s70617373223n6r756p6p2p2262696r675s70617373223n2232302q33372q35372q36322q37342q38392q3330227q HTTP/1.0" 500 567 "-" "-"
111.90.143.16 - - [27/Apr/2026:10:41:41 +0300] "POST /wp-content/plugins/simple-page-sidebars/admin/includes/list-grid/index.php HTTP/1.1" 200 809 "https://miroglu.net/wp-content/plugins/simple-page-sidebars/admin/includes/list-grid/index.php" "Mozilla/5.0 (Windows NT 10.0; Win64; x64) AppleWebKit/537.36 (KHTML, like Gecko) Chrome/58.0.3029.110 Safari/537.3"
111.90.143.16 - - [27/Apr/2026:10:41:42 +0300] "GET /wp-content/plugins/simple-page-sidebars/admin/includes/list-grid/wp-login.php HTTP/1.1" 200 5140 "https://miroglu.net/wp-content/plugins/simple-page-sidebars/admin/includes/list-grid/wp-login.php" "Mozilla/5.0 (Windows NT 10.0; Win64; x64) AppleWebKit/537.36 (KHTML, like Gecko) Chrome/58.0.3029.110 Safari/537.3"
111.90.143.16 - - [27/Apr/2026:10:41:44 +0300] "GET /wp-includes/js/tinymce/plugins/wpdialogs/embeds/index.php HTTP/1.1" 200 1776 "https://miroglu.net/wp-includes/js/tinymce/plugins/wpdialogs/embeds/index.php" "Mozilla/5.0 (Windows NT 10.0; Win64; x64) AppleWebKit/537.36 (KHTML, like Gecko) Chrome/58.0.3029.110 Safari/537.3"
66.249.73.162 - - [27/Apr/2026:10:41:43 +0300] "GET /shop/deliverable/gynecologist043063316221.html HTTP/1.1" 200 29122 "-" "Mozilla/5.0 (Linux; Android 6.0.1; Nexus 5X Build/MMB29P) AppleWebKit/537.36 (KHTML, like Gecko) Chrome/146.0.7680.177 Mobile Safari/537.36 (compatible; GoogleOther)"
111.90.143.16 - - [27/Apr/2026:10:41:46 +0300] "POST /wp-includes/js/tinymce/plugins/wpdialogs/embeds/index.php HTTP/1.1" 200 809 "https://miroglu.net/wp-includes/js/tinymce/plugins/wpdialogs/embeds/index.php" "Mozilla/5.0 (Windows NT 10.0; Win64; x64) AppleWebKit/537.36 (KHTML, like Gecko) Chrome/58.0.3029.110 Safari/537.3"
111.90.143.16 - - [27/Apr/2026:10:41:47 +0300] "POST /wp-includes/js/tinymce/plugins/wpdialogs/embeds/index.php HTTP/1.1" 200 809 "https://miroglu.net/wp-includes/js/tinymce/plugins/wpdialogs/embeds/index.php" "Mozilla/5.0 (Windows NT 10.0; Win64; x64) AppleWebKit/537.36 (KHTML, like Gecko) Chrome/58.0.3029.110 Safari/537.3"
111.90.143.16 - - [27/Apr/2026:10:41:48 +0300] "GET /wp-includes/js/tinymce/plugins/wpdialogs/embeds/ex.php HTTP/1.1" 200 5075 "https://miroglu.net/wp-includes/js/tinymce/plugins/wpdialogs/embeds/ex.php" "Mozilla/5.0 (Windows NT 10.0; Win64; x64) AppleWebKit/537.36 (KHTML, like Gecko) Chrome/58.0.3029.110 Safari/537.3"
111.90.143.16 - - [27/Apr/2026:10:41:51 +0300] "POST /wp-includes/js/tinymce/plugins/wpdialogs/embeds/index.php HTTP/1.1" 200 809 "https://miroglu.net/wp-includes/js/tinymce/plugins/wpdialogs/embeds/index.php" "Mozilla/5.0 (Windows NT 10.0; Win64; x64) AppleWebKit/537.36 (KHTML, like Gecko) Chrome/58.0.3029.110 Safari/537.3"
111.90.143.16 - - [27/Apr/2026:10:41:52 +0300] "GET /wp-includes/js/tinymce/plugins/wpdialogs/embeds/radio.php HTTP/1.1" 200 5086 "https://miroglu.net/wp-includes/js/tinymce/plugins/wpdialogs/embeds/radio.php" "Mozilla/5.0 (Windows NT 10.0; Win64; x64) AppleWebKit/537.36 (KHTML, like Gecko) Chrome/58.0.3029.110 Safari/537.3"
198.244.226.30 - - [27/Apr/2026:10:41:53 +0300] "GET /detail/198815603 HTTP/2" 200 8087 "-" "Mozilla/5.0 (compatible; AhrefsBot/7.0; +http://ahrefs.com/robot/)"
111.90.143.16 - - [27/Apr/2026:10:41:54 +0300] "POST /wp-includes/js/tinymce/plugins/wpdialogs/embeds/index.php HTTP/1.1" 200 809 "https://miroglu.net/wp-includes/js/tinymce/plugins/wpdialogs/embeds/index.php" "Mozilla/5.0 (Windows NT 10.0; Win64; x64) AppleWebKit/537.36 (KHTML, like Gecko) Chrome/58.0.3029.110 Safari/537.3"
111.90.143.16 - - [27/Apr/2026:10:41:55 +0300] "GET /wp-includes/js/tinymce/plugins/wpdialogs/embeds/inputs.php HTTP/1.1" 200 5075 "https://miroglu.net/wp-includes/js/tinymce/plugins/wpdialogs/embeds/inputs.php" "Mozilla/5.0 (Windows NT 10.0; Win64; x64) AppleWebKit/537.36 (KHTML, like Gecko) Chrome/58.0.3029.110 Safari/537.3"
111.90.143.16 - - [27/Apr/2026:10:41:57 +0300] "POST /wp-includes/js/tinymce/plugins/wpdialogs/embeds/index.php HTTP/1.1" 200 809 "https://miroglu.net/wp-includes/js/tinymce/plugins/wpdialogs/embeds/index.php" "Mozilla/5.0 (Windows NT 10.0; Win64; x64) AppleWebKit/537.36 (KHTML, like Gecko) Chrome/58.0.3029.110 Safari/537.3"
111.90.143.16 - - [27/Apr/2026:10:41:58 +0300] "GET /wp-includes/js/tinymce/plugins/wpdialogs/embeds/about.php HTTP/1.1" 200 5075 "https://miroglu.net/wp-includes/js/tinymce/plugins/wpdialogs/embeds/about.php" "Mozilla/5.0 (Windows NT 10.0; Win64; x64) AppleWebKit/537.36 (KHTML, like Gecko) Chrome/58.0.3029.110 Safari/537.3"
111.90.143.16 - - [27/Apr/2026:10:42:00 +0300] "POST /wp-includes/js/tinymce/plugins/wpdialogs/embeds/index.php HTTP/1.1" 200 809 "https://miroglu.net/wp-includes/js/tinymce/plugins/wpdialogs/embeds/index.php" "Mozilla/5.0 (Windows NT 10.0; Win64; x64) AppleWebKit/537.36 (KHTML, like Gecko) Chrome/58.0.3029.110 Safari/537.3"
185.216.113.70 - - [27/Apr/2026:10:40:02 +0300] "GET /wp-content/plugins/wp-file-manager/lib/codemirror/mode/webidl/webidl/index.php?ARRAY=7o2230223n313737373237393230322p2231223n22687474703n5p2s5p2s7n733830357631336o6s2r61726368796973682r686169725p2s3s6p633q7068705s636s64655s6n6326743q313737373237353630322q3761346563383732353530656262313638333265646137623463383135346661222p2232223n226666616432306336363539353766323033666335373337623132623639353734222p2233223n223236313736316262613936313838633038333939626534333630613935386237222p226175746s5s66696p655s6r616q65223n6r756p6p2p226175746s5s70617373223n6r756p6p2p2262696r675s70617373223n2232302q33372q35372q36322q37342q38392q3330227q HTTP/1.0" 500 567 "-" "-"
111.90.143.16 - - [27/Apr/2026:10:42:02 +0300] "GET /wp-includes/js/tinymce/plugins/wpdialogs/embeds/pages.php HTTP/1.1" 200 5075 "https://miroglu.net/wp-includes/js/tinymce/plugins/wpdialogs/embeds/pages.php" "Mozilla/5.0 (Windows NT 10.0; Win64; x64) AppleWebKit/537.36 (KHTML, like Gecko) Chrome/58.0.3029.110 Safari/537.3"
111.90.143.16 - - [27/Apr/2026:10:42:04 +0300] "POST /wp-includes/js/tinymce/plugins/wpdialogs/embeds/index.php HTTP/1.1" 200 809 "https://miroglu.net/wp-includes/js/tinymce/plugins/wpdialogs/embeds/index.php" "Mozilla/5.0 (Windows NT 10.0; Win64; x64) AppleWebKit/537.36 (KHTML, like Gecko) Chrome/58.0.3029.110 Safari/537.3"
111.90.143.16 - - [27/Apr/2026:10:42:05 +0300] "GET /wp-includes/js/tinymce/plugins/wpdialogs/embeds/wp-login.php HTTP/1.1" 200 5075 "https://miroglu.net/wp-includes/js/tinymce/plugins/wpdialogs/embeds/wp-login.php" "Mozilla/5.0 (Windows NT 10.0; Win64; x64) AppleWebKit/537.36 (KHTML, like Gecko) Chrome/58.0.3029.110 Safari/537.3"
111.90.143.16 - - [27/Apr/2026:10:42:07 +0300] "GET /wp-content/plugins/astra-google-and-lite/admin/js/galleries/index.php HTTP/1.1" 200 698 "https://miroglu.net/wp-content/plugins/astra-google-and-lite/admin/js/galleries/index.php" "Mozilla/5.0 (Windows NT 10.0; Win64; x64) AppleWebKit/537.36 (KHTML, like Gecko) Chrome/58.0.3029.110 Safari/537.3"
111.90.143.16 - - [27/Apr/2026:10:42:08 +0300] "POST /wp-content/plugins/astra-google-and-lite/admin/js/galleries/index.php HTTP/1.1" 200 809 "https://miroglu.net/wp-content/plugins/astra-google-and-lite/admin/js/galleries/index.php" "Mozilla/5.0 (Windows NT 10.0; Win64; x64) AppleWebKit/537.36 (KHTML, like Gecko) Chrome/58.0.3029.110 Safari/537.3"
111.90.143.16 - - [27/Apr/2026:10:42:09 +0300] "POST /wp-content/plugins/astra-google-and-lite/admin/js/galleries/index.php HTTP/1.1" 200 809 "https://miroglu.net/wp-content/plugins/astra-google-and-lite/admin/js/galleries/index.php" "Mozilla/5.0 (Windows NT 10.0; Win64; x64) AppleWebKit/537.36 (KHTML, like Gecko) Chrome/58.0.3029.110 Safari/537.3"
111.90.143.16 - - [27/Apr/2026:10:42:10 +0300] "GET /wp-content/plugins/astra-google-and-lite/admin/js/galleries/ex.php HTTP/1.1" 200 5075 "https://miroglu.net/wp-content/plugins/astra-google-and-lite/admin/js/galleries/ex.php" "Mozilla/5.0 (Windows NT 10.0; Win64; x64) AppleWebKit/537.36 (KHTML, like Gecko) Chrome/58.0.3029.110 Safari/537.3"
111.90.143.16 - - [27/Apr/2026:10:42:12 +0300] "POST /wp-content/plugins/astra-google-and-lite/admin/js/galleries/index.php HTTP/1.1" 200 809 "https://miroglu.net/wp-content/plugins/astra-google-and-lite/admin/js/galleries/index.php" "Mozilla/5.0 (Windows NT 10.0; Win64; x64) AppleWebKit/537.36 (KHTML, like Gecko) Chrome/58.0.3029.110 Safari/537.3"
66.249.73.162 - - [27/Apr/2026:10:42:12 +0300] "GET /shop/sapskull/presupposing791308595989.html HTTP/1.1" 200 28783 "-" "Mozilla/5.0 (Linux; Android 6.0.1; Nexus 5X Build/MMB29P) AppleWebKit/537.36 (KHTML, like Gecko) Chrome/146.0.7680.177 Mobile Safari/537.36 (compatible; GoogleOther)"
66.249.73.165 - - [27/Apr/2026:10:42:12 +0300] "GET /?detail/952363388 HTTP/1.1" 200 28571 "-" "Mozilla/5.0 (Linux; Android 6.0.1; Nexus 5X Build/MMB29P) AppleWebKit/537.36 (KHTML, like Gecko) Chrome/146.0.7680.177 Mobile Safari/537.36 (compatible; Googlebot/2.1; +http://www.google.com/bot.html)"
111.90.143.16 - - [27/Apr/2026:10:42:14 +0300] "GET /wp-content/plugins/astra-google-and-lite/admin/js/galleries/radio.php HTTP/1.1" 200 5086 "https://miroglu.net/wp-content/plugins/astra-google-and-lite/admin/js/galleries/radio.php" "Mozilla/5.0 (Windows NT 10.0; Win64; x64) AppleWebKit/537.36 (KHTML, like Gecko) Chrome/58.0.3029.110 Safari/537.3"
111.90.143.16 - - [27/Apr/2026:10:42:16 +0300] "POST /wp-content/plugins/astra-google-and-lite/admin/js/galleries/index.php HTTP/1.1" 200 809 "https://miroglu.net/wp-content/plugins/astra-google-and-lite/admin/js/galleries/index.php" "Mozilla/5.0 (Windows NT 10.0; Win64; x64) AppleWebKit/537.36 (KHTML, like Gecko) Chrome/58.0.3029.110 Safari/537.3"
111.90.143.16 - - [27/Apr/2026:10:42:18 +0300] "GET /wp-content/plugins/astra-google-and-lite/admin/js/galleries/inputs.php HTTP/1.1" 200 5075 "https://miroglu.net/wp-content/plugins/astra-google-and-lite/admin/js/galleries/inputs.php" "Mozilla/5.0 (Windows NT 10.0; Win64; x64) AppleWebKit/537.36 (KHTML, like Gecko) Chrome/58.0.3029.110 Safari/537.3"
111.90.143.16 - - [27/Apr/2026:10:42:19 +0300] "POST /wp-content/plugins/astra-google-and-lite/admin/js/galleries/index.php HTTP/1.1" 200 809 "https://miroglu.net/wp-content/plugins/astra-google-and-lite/admin/js/galleries/index.php" "Mozilla/5.0 (Windows NT 10.0; Win64; x64) AppleWebKit/537.36 (KHTML, like Gecko) Chrome/58.0.3029.110 Safari/537.3"
111.90.143.16 - - [27/Apr/2026:10:42:22 +0300] "GET /wp-content/plugins/astra-google-and-lite/admin/js/galleries/about.php HTTP/1.1" 200 5075 "https://miroglu.net/wp-content/plugins/astra-google-and-lite/admin/js/galleries/about.php" "Mozilla/5.0 (Windows NT 10.0; Win64; x64) AppleWebKit/537.36 (KHTML, like Gecko) Chrome/58.0.3029.110 Safari/537.3"
51.195.244.196 - - [27/Apr/2026:10:42:22 +0300] "GET /detail/862388579 HTTP/2" 200 8096 "-" "Mozilla/5.0 (compatible; AhrefsBot/7.0; +http://ahrefs.com/robot/)"
111.90.143.16 - - [27/Apr/2026:10:42:24 +0300] "POST /wp-content/plugins/astra-google-and-lite/admin/js/galleries/index.php HTTP/1.1" 200 809 "https://miroglu.net/wp-content/plugins/astra-google-and-lite/admin/js/galleries/index.php" "Mozilla/5.0 (Windows NT 10.0; Win64; x64) AppleWebKit/537.36 (KHTML, like Gecko) Chrome/58.0.3029.110 Safari/537.3"
185.216.113.70 - - [27/Apr/2026:10:40:24 +0300] "GET /wp-content/plugins/wp-file-manager/lib/codemirror/mode/webidl/webidl/index.php?ARRAY=7o2230223n313737373237393232342p2231223n22687474703n5p2s5p2s7n733830357631336o6s2r61726368796973682r686169725p2s3s6p633q7068705s636s64655s6n6326743q313737373237353632342q6339663963333030663931333239643639333162356163656662353338386235222p2232223n226666616432306336363539353766323033666335373337623132623639353734222p2233223n223236313736316262613936313838633038333939626534333630613935386237222p226175746s5s66696p655s6r616q65223n6r756p6p2p226175746s5s70617373223n6r756p6p2p2262696r675s70617373223n2232302q33372q35372q36322q37342q38392q3330227q HTTP/1.0" 500 567 "-" "-"
111.90.143.16 - - [27/Apr/2026:10:42:26 +0300] "GET /wp-content/plugins/astra-google-and-lite/admin/js/galleries/pages.php HTTP/1.1" 200 5049 "https://miroglu.net/wp-content/plugins/astra-google-and-lite/admin/js/galleries/pages.php" "Mozilla/5.0 (Windows NT 10.0; Win64; x64) AppleWebKit/537.36 (KHTML, like Gecko) Chrome/58.0.3029.110 Safari/537.3"
111.90.143.16 - - [27/Apr/2026:10:42:28 +0300] "POST /wp-content/plugins/astra-google-and-lite/admin/js/galleries/index.php HTTP/1.1" 200 809 "https://miroglu.net/wp-content/plugins/astra-google-and-lite/admin/js/galleries/index.php" "Mozilla/5.0 (Windows NT 10.0; Win64; x64) AppleWebKit/537.36 (KHTML, like Gecko) Chrome/58.0.3029.110 Safari/537.3"
111.90.143.16 - - [27/Apr/2026:10:42:29 +0300] "GET /wp-content/plugins/astra-google-and-lite/admin/js/galleries/wp-login.php HTTP/1.1" 200 5075 "https://miroglu.net/wp-content/plugins/astra-google-and-lite/admin/js/galleries/wp-login.php" "Mozilla/5.0 (Windows NT 10.0; Win64; x64) AppleWebKit/537.36 (KHTML, like Gecko) Chrome/58.0.3029.110 Safari/537.3"
