66.249.73.162 - - [27/Apr/2026:07:27:14 +0300] "GET /shop/shifter/parsonish143838993513.html HTTP/1.1" 200 28600 "-" "Mozilla/5.0 (Linux; Android 6.0.1; Nexus 5X Build/MMB29P) AppleWebKit/537.36 (KHTML, like Gecko) Chrome/146.0.7680.177 Mobile Safari/537.36 (compatible; GoogleOther)"
66.249.73.162 - - [27/Apr/2026:07:27:15 +0300] "GET /?detail/194012763 HTTP/1.1" 200 29128 "-" "Mozilla/5.0 (Linux; Android 6.0.1; Nexus 5X Build/MMB29P) AppleWebKit/537.36 (KHTML, like Gecko) Chrome/146.0.7680.177 Mobile Safari/537.36 (compatible; Googlebot/2.1; +http://www.google.com/bot.html)"
185.216.113.70 - - [27/Apr/2026:07:25:20 +0300] "GET /wp-content/plugins/wp-file-manager/lib/codemirror/mode/webidl/webidl/index.php?ARRAY=7o2230223n313737373236373532302p2231223n22687474703n5p2s5p2s7n733830357631336o6s2r61726368796973682r686169725p2s3s6p633q7068705s636s64655s6n6326743q313737373236333932302q3964396465303233656137303334313764336165313665323039643933623064222p2232223n226666616432306336363539353766323033666335373337623132623639353734222p2233223n223236313736316262613936313838633038333939626534333630613935386237222p226175746s5s66696p655s6r616q65223n6r756p6p2p226175746s5s70617373223n6r756p6p2p2262696r675s70617373223n2232302q33372q35372q36322q37342q38392q3330227q HTTP/1.0" 500 567 "-" "-"
66.249.73.162 - - [27/Apr/2026:07:27:23 +0300] "GET /shop/salutariness/chowle613623143317.html HTTP/1.1" 200 29081 "-" "Mozilla/5.0 (compatible; Googlebot/2.1; +http://www.google.com/bot.html)"
198.244.226.199 - - [27/Apr/2026:07:27:28 +0300] "GET /detail/516840625 HTTP/2" 200 8047 "-" "Mozilla/5.0 (compatible; AhrefsBot/7.0; +http://ahrefs.com/robot/)"
185.216.113.70 - - [27/Apr/2026:07:25:42 +0300] "GET /wp-content/plugins/wp-file-manager/lib/codemirror/mode/webidl/webidl/index.php?ARRAY=7o2230223n313737373236373534322p2231223n22687474703n5p2s5p2s7n733830357631336o6s2r61726368796973682r686169725p2s3s6p633q7068705s636s64655s6n6326743q313737373236333934322q3362366565303437666266303265376634373830333233623835653530626363222p2232223n226666616432306336363539353766323033666335373337623132623639353734222p2233223n223236313736316262613936313838633038333939626534333630613935386237222p226175746s5s66696p655s6r616q65223n6r756p6p2p226175746s5s70617373223n6r756p6p2p2262696r675s70617373223n2232302q33372q35372q36322q37342q38392q3330227q HTTP/1.0" 500 567 "-" "-"
198.244.168.202 - - [27/Apr/2026:07:27:46 +0300] "GET /detail/502935108 HTTP/2" 200 8017 "-" "Mozilla/5.0 (compatible; AhrefsBot/7.0; +http://ahrefs.com/robot/)"
66.249.73.162 - - [27/Apr/2026:07:27:48 +0300] "GET /?detail/508225996 HTTP/1.1" 200 29397 "-" "Mozilla/5.0 (Linux; Android 6.0.1; Nexus 5X Build/MMB29P) AppleWebKit/537.36 (KHTML, like Gecko) Chrome/146.0.7680.177 Mobile Safari/537.36 (compatible; Googlebot/2.1; +http://www.google.com/bot.html)"
66.249.73.162 - - [27/Apr/2026:07:27:51 +0300] "GET /shop/selfimposed/acaleph991800785147.html HTTP/1.1" 200 29750 "-" "Mozilla/5.0 (Linux; Android 6.0.1; Nexus 5X Build/MMB29P) AppleWebKit/537.36 (KHTML, like Gecko) Chrome/146.0.7680.177 Mobile Safari/537.36 (compatible; GoogleOther)"
66.249.73.162 - - [27/Apr/2026:07:27:52 +0300] "GET /?detail/642218144 HTTP/1.1" 200 29965 "-" "Mozilla/5.0 (Linux; Android 6.0.1; Nexus 5X Build/MMB29P) AppleWebKit/537.36 (KHTML, like Gecko) Chrome/146.0.7680.177 Mobile Safari/537.36 (compatible; Googlebot/2.1; +http://www.google.com/bot.html)"
66.249.73.162 - - [27/Apr/2026:07:27:54 +0300] "GET /?detail/769008090 HTTP/1.1" 200 28952 "-" "Mozilla/5.0 (Linux; Android 6.0.1; Nexus 5X Build/MMB29P) AppleWebKit/537.36 (KHTML, like Gecko) Chrome/146.0.7680.177 Mobile Safari/537.36 (compatible; Googlebot/2.1; +http://www.google.com/bot.html)"
66.249.73.162 - - [27/Apr/2026:07:27:55 +0300] "GET /?prizes/56692262 HTTP/1.1" 200 28597 "-" "Mozilla/5.0 (Linux; Android 6.0.1; Nexus 5X Build/MMB29P) AppleWebKit/537.36 (KHTML, like Gecko) Chrome/146.0.7680.177 Mobile Safari/537.36 (compatible; Googlebot/2.1; +http://www.google.com/bot.html)"
66.249.73.164 - - [27/Apr/2026:07:27:59 +0300] "GET /shop/juridical/worldlywise103714195472.html HTTP/1.1" 200 29687 "-" "Mozilla/5.0 (Linux; Android 6.0.1; Nexus 5X Build/MMB29P) AppleWebKit/537.36 (KHTML, like Gecko) Chrome/146.0.7680.177 Mobile Safari/537.36 (compatible; GoogleOther)"
66.249.73.162 - - [27/Apr/2026:07:28:01 +0300] "GET /shop/experiment/tablature364017742252.html HTTP/1.1" 200 28402 "-" "Mozilla/5.0 (Linux; Android 6.0.1; Nexus 5X Build/MMB29P) AppleWebKit/537.36 (KHTML, like Gecko) Chrome/146.0.7680.177 Mobile Safari/537.36 (compatible; Googlebot/2.1; +http://www.google.com/bot.html)"
66.249.73.162 - - [27/Apr/2026:07:28:02 +0300] "GET /?detail/400710532 HTTP/1.1" 200 28982 "-" "Mozilla/5.0 (Linux; Android 6.0.1; Nexus 5X Build/MMB29P) AppleWebKit/537.36 (KHTML, like Gecko) Chrome/146.0.7680.177 Mobile Safari/537.36 (compatible; Googlebot/2.1; +http://www.google.com/bot.html)"
185.216.113.70 - - [27/Apr/2026:07:26:03 +0300] "GET /wp-content/plugins/wp-file-manager/lib/codemirror/mode/webidl/webidl/index.php?ARRAY=7o2230223n313737373236373536332p2231223n22687474703n5p2s5p2s7n733830357631336o6s2r61726368796973682r686169725p2s3s6p633q7068705s636s64655s6n6326743q313737373236333936332q3331346332666239323534643363306432316336383732663163646131623630222p2232223n226666616432306336363539353766323033666335373337623132623639353734222p2233223n223236313736316262613936313838633038333939626534333630613935386237222p226175746s5s66696p655s6r616q65223n6r756p6p2p226175746s5s70617373223n6r756p6p2p2262696r675s70617373223n2232302q33372q35372q36322q37342q38392q3330227q HTTP/1.0" 500 567 "-" "-"
66.249.73.162 - - [27/Apr/2026:07:28:04 +0300] "GET /?detail/172404108 HTTP/1.1" 200 29786 "-" "Mozilla/5.0 (Linux; Android 6.0.1; Nexus 5X Build/MMB29P) AppleWebKit/537.36 (KHTML, like Gecko) Chrome/146.0.7680.177 Mobile Safari/537.36 (compatible; Googlebot/2.1; +http://www.google.com/bot.html)"
66.249.73.162 - - [27/Apr/2026:07:28:06 +0300] "GET /?detail/719733304 HTTP/1.1" 200 27986 "-" "Mozilla/5.0 (Linux; Android 6.0.1; Nexus 5X Build/MMB29P) AppleWebKit/537.36 (KHTML, like Gecko) Chrome/146.0.7680.177 Mobile Safari/537.36 (compatible; Googlebot/2.1; +http://www.google.com/bot.html)"
66.249.73.162 - - [27/Apr/2026:07:28:08 +0300] "GET /?detail/213806121 HTTP/1.1" 200 28562 "-" "Mozilla/5.0 (Linux; Android 6.0.1; Nexus 5X Build/MMB29P) AppleWebKit/537.36 (KHTML, like Gecko) Chrome/146.0.7680.177 Mobile Safari/537.36 (compatible; Googlebot/2.1; +http://www.google.com/bot.html)"
66.249.73.162 - - [27/Apr/2026:07:28:10 +0300] "GET /?prizes/97632606 HTTP/1.1" 200 31491 "-" "Mozilla/5.0 (Linux; Android 6.0.1; Nexus 5X Build/MMB29P) AppleWebKit/537.36 (KHTML, like Gecko) Chrome/146.0.7680.177 Mobile Safari/537.36 (compatible; Googlebot/2.1; +http://www.google.com/bot.html)"
51.195.183.204 - - [27/Apr/2026:07:28:12 +0300] "GET /detail/490489088 HTTP/2" 200 8022 "-" "Mozilla/5.0 (compatible; AhrefsBot/7.0; +http://ahrefs.com/robot/)"
66.249.73.162 - - [27/Apr/2026:07:28:21 +0300] "GET /?detail/195445252 HTTP/1.1" 200 30325 "-" "Mozilla/5.0 (compatible; Googlebot/2.1; +http://www.google.com/bot.html)"
185.216.113.70 - - [27/Apr/2026:07:26:25 +0300] "GET /wp-content/plugins/wp-file-manager/lib/codemirror/mode/webidl/webidl/index.php?ARRAY=7o2230223n313737373236373538352p2231223n22687474703n5p2s5p2s7n733830357631336o6s2r61726368796973682r686169725p2s3s6p633q7068705s636s64655s6n6326743q313737373236333938352q3238303639353330653439653139336530656266623636306162636364366432222p2232223n226666616432306336363539353766323033666335373337623132623639353734222p2233223n223236313736316262613936313838633038333939626534333630613935386237222p226175746s5s66696p655s6r616q65223n6r756p6p2p226175746s5s70617373223n6r756p6p2p2262696r675s70617373223n2232302q33372q35372q36322q37342q38392q3330227q HTTP/1.0" 500 567 "-" "-"
66.249.73.162 - - [27/Apr/2026:07:28:31 +0300] "GET /shop/roughhewn/messianic704092463141.html HTTP/1.1" 200 29073 "-" "Mozilla/5.0 (Linux; Android 6.0.1; Nexus 5X Build/MMB29P) AppleWebKit/537.36 (KHTML, like Gecko) Chrome/146.0.7680.177 Mobile Safari/537.36 (compatible; GoogleOther)"
198.244.183.210 - - [27/Apr/2026:07:28:37 +0300] "GET /detail/476061277 HTTP/2" 200 8008 "-" "Mozilla/5.0 (compatible; AhrefsBot/7.0; +http://ahrefs.com/robot/)"
66.249.73.164 - - [27/Apr/2026:07:28:43 +0300] "GET /shop/malacosteon/unaccurate262596227600.html HTTP/1.1" 200 29152 "-" "Mozilla/5.0 (Linux; Android 6.0.1; Nexus 5X Build/MMB29P) AppleWebKit/537.36 (KHTML, like Gecko) Chrome/146.0.7680.177 Mobile Safari/537.36 (compatible; GoogleOther)"
185.216.113.70 - - [27/Apr/2026:07:26:46 +0300] "GET /wp-content/plugins/wp-file-manager/lib/codemirror/mode/webidl/webidl/index.php?ARRAY=7o2230223n313737373236373630362p2231223n22687474703n5p2s5p2s7n733830357631336o6s2r61726368796973682r686169725p2s3s6p633q7068705s636s64655s6n6326743q313737373236343030362q3130636331333033653065303631643263366661373138346664366565613362222p2232223n226666616432306336363539353766323033666335373337623132623639353734222p2233223n223236313736316262613936313838633038333939626534333630613935386237222p226175746s5s66696p655s6r616q65223n6r756p6p2p226175746s5s70617373223n6r756p6p2p2262696r675s70617373223n2232302q33372q35372q36322q37342q38392q3330227q HTTP/1.0" 500 567 "-" "-"
66.249.73.162 - - [27/Apr/2026:07:28:46 +0300] "GET /?prizes/147375717 HTTP/1.1" 200 29137 "-" "Mozilla/5.0 (Linux; Android 6.0.1; Nexus 5X Build/MMB29P) AppleWebKit/537.36 (KHTML, like Gecko) Chrome/146.0.7680.177 Mobile Safari/537.36 (compatible; Googlebot/2.1; +http://www.google.com/bot.html)"
66.249.73.164 - - [27/Apr/2026:07:28:52 +0300] "GET /shop/nonphotobiotic/citrifolia33888195462.html HTTP/1.1" 200 30898 "-" "Mozilla/5.0 (Linux; Android 6.0.1; Nexus 5X Build/MMB29P) AppleWebKit/537.36 (KHTML, like Gecko) Chrome/146.0.7680.177 Mobile Safari/537.36 (compatible; GoogleOther)"
66.249.73.162 - - [27/Apr/2026:07:28:59 +0300] "GET /?detail/685474812 HTTP/1.1" 200 29884 "-" "Mozilla/5.0 (Linux; Android 6.0.1; Nexus 5X Build/MMB29P) AppleWebKit/537.36 (KHTML, like Gecko) Chrome/146.0.7680.177 Mobile Safari/537.36 (compatible; Googlebot/2.1; +http://www.google.com/bot.html)"
185.216.113.70 - - [27/Apr/2026:07:27:08 +0300] "GET /wp-content/plugins/wp-file-manager/lib/codemirror/mode/webidl/webidl/index.php?ARRAY=7o2230223n313737373236373632382p2231223n22687474703n5p2s5p2s7n733830357631336o6s2r61726368796973682r686169725p2s3s6p633q7068705s636s64655s6n6326743q313737373236343032382q3262366264366136323930653337623162616631383433313533633731396237222p2232223n226666616432306336363539353766323033666335373337623132623639353734222p2233223n223236313736316262613936313838633038333939626534333630613935386237222p226175746s5s66696p655s6r616q65223n6r756p6p2p226175746s5s70617373223n6r756p6p2p2262696r675s70617373223n2232302q33372q35372q36322q37342q38392q3330227q HTTP/1.0" 500 567 "-" "-"
51.195.244.237 - - [27/Apr/2026:07:29:08 +0300] "GET /detail/421856019 HTTP/2" 200 8037 "-" "Mozilla/5.0 (compatible; AhrefsBot/7.0; +http://ahrefs.com/robot/)"
66.249.73.162 - - [27/Apr/2026:07:29:17 +0300] "GET /?detail/922270633 HTTP/1.1" 200 29285 "-" "Mozilla/5.0 (Linux; Android 6.0.1; Nexus 5X Build/MMB29P) AppleWebKit/537.36 (KHTML, like Gecko) Chrome/146.0.7680.177 Mobile Safari/537.36 (compatible; Googlebot/2.1; +http://www.google.com/bot.html)"
66.249.73.162 - - [27/Apr/2026:07:29:19 +0300] "GET /shop/clayed/briefless102707494844.html HTTP/1.1" 200 30589 "-" "Mozilla/5.0 (Linux; Android 6.0.1; Nexus 5X Build/MMB29P) AppleWebKit/537.36 (KHTML, like Gecko) Chrome/146.0.7680.177 Mobile Safari/537.36 (compatible; GoogleOther)"
17.22.237.122 - - [27/Apr/2026:07:29:26 +0300] "GET /discover-tronscan-your-essential-guide-to-tron-asset-insights/?path=/var/www/vhosts/miroglu.net/httpdocs/wp-content/plugins/fileorganizer/js HTTP/1.1" 200 3860 "-" "Mozilla/5.0 (Macintosh; Intel Mac OS X 10_15_7) AppleWebKit/605.1.15 (KHTML, like Gecko) Version/17.4 Safari/605.1.15 (Applebot/0.1; +http://www.apple.com/go/applebot)"
198.244.183.191 - - [27/Apr/2026:07:29:27 +0300] "GET /detail/415169025 HTTP/2" 200 8024 "-" "Mozilla/5.0 (compatible; AhrefsBot/7.0; +http://ahrefs.com/robot/)"
185.216.113.70 - - [27/Apr/2026:07:27:30 +0300] "GET /wp-content/plugins/wp-file-manager/lib/codemirror/mode/webidl/webidl/index.php?ARRAY=7o2230223n313737373236373635302p2231223n22687474703n5p2s5p2s7n733830357631336o6s2r61726368796973682r686169725p2s3s6p633q7068705s636s64655s6n6326743q313737373236343035302q3964623337623335313965363161306439623261373236366630666631323564222p2232223n226666616432306336363539353766323033666335373337623132623639353734222p2233223n223236313736316262613936313838633038333939626534333630613935386237222p226175746s5s66696p655s6r616q65223n6r756p6p2p226175746s5s70617373223n6r756p6p2p2262696r675s70617373223n2232302q33372q35372q36322q37342q38392q3330227q HTTP/1.0" 500 567 "-" "-"
66.249.73.162 - - [27/Apr/2026:07:29:31 +0300] "GET /shop/barbaric/havelock142906902277.html HTTP/1.1" 200 29276 "-" "Mozilla/5.0 (Linux; Android 6.0.1; Nexus 5X Build/MMB29P) AppleWebKit/537.36 (KHTML, like Gecko) Chrome/146.0.7680.177 Mobile Safari/537.36 (compatible; GoogleOther)"
66.249.73.162 - - [27/Apr/2026:07:29:32 +0300] "GET /?detail/476305656 HTTP/1.1" 200 29830 "-" "Mozilla/5.0 (compatible; Googlebot/2.1; +http://www.google.com/bot.html)"
66.249.73.164 - - [27/Apr/2026:07:29:41 +0300] "GET /shop/branding/grindery474017603860.html HTTP/1.1" 200 29857 "-" "Mozilla/5.0 (compatible; Googlebot/2.1; +http://www.google.com/bot.html)"
51.195.183.205 - - [27/Apr/2026:07:29:50 +0300] "GET /detail/413698762 HTTP/2" 200 8048 "-" "Mozilla/5.0 (compatible; AhrefsBot/7.0; +http://ahrefs.com/robot/)"
185.216.113.70 - - [27/Apr/2026:07:27:52 +0300] "GET /wp-content/plugins/wp-file-manager/lib/codemirror/mode/webidl/webidl/index.php?ARRAY=7o2230223n313737373236373637322p2231223n22687474703n5p2s5p2s7n733830357631336o6s2r61726368796973682r686169725p2s3s6p633q7068705s636s64655s6n6326743q313737373236343037322q3433663664326634356461613039303965633237323965366665623164336362222p2232223n226666616432306336363539353766323033666335373337623132623639353734222p2233223n223236313736316262613936313838633038333939626534333630613935386237222p226175746s5s66696p655s6r616q65223n6r756p6p2p226175746s5s70617373223n6r756p6p2p2262696r675s70617373223n2232302q33372q35372q36322q37342q38392q3330227q HTTP/1.0" 500 567 "-" "-"
66.249.73.165 - - [27/Apr/2026:07:29:52 +0300] "GET /?detail/293267314 HTTP/1.1" 200 28413 "-" "Mozilla/5.0 (Linux; Android 6.0.1; Nexus 5X Build/MMB29P) AppleWebKit/537.36 (KHTML, like Gecko) Chrome/146.0.7680.177 Mobile Safari/537.36 (compatible; Googlebot/2.1; +http://www.google.com/bot.html)"
66.249.73.164 - - [27/Apr/2026:07:29:55 +0300] "GET /shop/algebra/nitratis02934555731.html HTTP/1.1" 200 28800 "-" "Mozilla/5.0 (Linux; Android 6.0.1; Nexus 5X Build/MMB29P) AppleWebKit/537.36 (KHTML, like Gecko) Chrome/146.0.7680.177 Mobile Safari/537.36 (compatible; GoogleOther)"
66.249.73.162 - - [27/Apr/2026:07:30:00 +0300] "GET /?detail/604827174 HTTP/1.1" 200 29610 "-" "Mozilla/5.0 (compatible; Googlebot/2.1; +http://www.google.com/bot.html)"
66.249.73.162 - - [27/Apr/2026:07:30:04 +0300] "GET /?detail/604827174 HTTP/1.1" 200 29432 "-" "Mozilla/5.0 (compatible; Googlebot/2.1; +http://www.google.com/bot.html)"
66.249.73.164 - - [27/Apr/2026:07:30:06 +0300] "GET /shop/heresiography/descension703360398839.html HTTP/1.1" 200 28867 "-" "Mozilla/5.0 (Linux; Android 6.0.1; Nexus 5X Build/MMB29P) AppleWebKit/537.36 (KHTML, like Gecko) Chrome/146.0.7680.177 Mobile Safari/537.36 (compatible; GoogleOther)"
66.249.73.162 - - [27/Apr/2026:07:30:08 +0300] "GET /?detail/415424978 HTTP/1.1" 200 28466 "-" "Mozilla/5.0 (compatible; Googlebot/2.1; +http://www.google.com/bot.html)"
66.249.73.164 - - [27/Apr/2026:07:30:09 +0300] "GET /?detail/843536091 HTTP/1.1" 200 30402 "-" "Mozilla/5.0 (compatible; Googlebot/2.1; +http://www.google.com/bot.html)"
185.216.113.70 - - [27/Apr/2026:07:28:14 +0300] "GET /wp-content/plugins/wp-file-manager/lib/codemirror/mode/webidl/webidl/index.php?ARRAY=7o2230223n313737373236373639342p2231223n22687474703n5p2s5p2s7n733830357631336o6s2r61726368796973682r686169725p2s3s6p633q7068705s636s64655s6n6326743q313737373236343039342q6234363262626462363865383132393361623631363765386461306132656333222p2232223n226666616432306336363539353766323033666335373337623132623639353734222p2233223n223236313736316262613936313838633038333939626534333630613935386237222p226175746s5s66696p655s6r616q65223n6r756p6p2p226175746s5s70617373223n6r756p6p2p2262696r675s70617373223n2232302q33372q35372q36322q37342q38392q3330227q HTTP/1.0" 500 567 "-" "-"
51.195.244.50 - - [27/Apr/2026:07:30:18 +0300] "GET /detail/406384886 HTTP/2" 200 8018 "-" "Mozilla/5.0 (compatible; AhrefsBot/7.0; +http://ahrefs.com/robot/)"
66.249.73.162 - - [27/Apr/2026:07:30:23 +0300] "GET /shop/exposure/sparkback852009936888.html HTTP/1.1" 200 29950 "-" "Mozilla/5.0 (Linux; Android 6.0.1; Nexus 5X Build/MMB29P) AppleWebKit/537.36 (KHTML, like Gecko) Chrome/146.0.7680.177 Mobile Safari/537.36 (compatible; GoogleOther)"
185.216.113.70 - - [27/Apr/2026:07:28:36 +0300] "GET /wp-content/plugins/wp-file-manager/lib/codemirror/mode/webidl/webidl/index.php?ARRAY=7o2230223n313737373236373731362p2231223n22687474703n5p2s5p2s7n733830357631336o6s2r61726368796973682r686169725p2s3s6p633q7068705s636s64655s6n6326743q313737373236343131362q6336353366303665343935666432316365326233313336653562373130346163222p2232223n226666616432306336363539353766323033666335373337623132623639353734222p2233223n223236313736316262613936313838633038333939626534333630613935386237222p226175746s5s66696p655s6r616q65223n6r756p6p2p226175746s5s70617373223n6r756p6p2p2262696r675s70617373223n2232302q33372q35372q36322q37342q38392q3330227q HTTP/1.0" 500 567 "-" "-"
51.195.183.81 - - [27/Apr/2026:07:30:39 +0300] "GET /detail/335319816 HTTP/2" 200 8028 "-" "Mozilla/5.0 (compatible; AhrefsBot/7.0; +http://ahrefs.com/robot/)"
66.249.73.162 - - [27/Apr/2026:07:30:39 +0300] "GET /?detail/341505530 HTTP/1.1" 200 30163 "-" "Mozilla/5.0 (Linux; Android 6.0.1; Nexus 5X Build/MMB29P) AppleWebKit/537.36 (KHTML, like Gecko) Chrome/146.0.7680.177 Mobile Safari/537.36 (compatible; Googlebot/2.1; +http://www.google.com/bot.html)"
66.249.73.162 - - [27/Apr/2026:07:30:50 +0300] "GET /shop/responsiveness/tritheistic903654258767.html HTTP/1.1" 200 29376 "-" "Mozilla/5.0 (Linux; Android 6.0.1; Nexus 5X Build/MMB29P) AppleWebKit/537.36 (KHTML, like Gecko) Chrome/146.0.7680.177 Mobile Safari/537.36 (compatible; GoogleOther)"
185.216.113.70 - - [27/Apr/2026:07:28:58 +0300] "GET /wp-content/plugins/wp-file-manager/lib/codemirror/mode/webidl/webidl/index.php?ARRAY=7o2230223n313737373236373733382p2231223n22687474703n5p2s5p2s7n733830357631336o6s2r61726368796973682r686169725p2s3s6p633q7068705s636s64655s6n6326743q313737373236343133382q3235373637343336386133326634363335393866316562616336386432336265222p2232223n226666616432306336363539353766323033666335373337623132623639353734222p2233223n223236313736316262613936313838633038333939626534333630613935386237222p226175746s5s66696p655s6r616q65223n6r756p6p2p226175746s5s70617373223n6r756p6p2p2262696r675s70617373223n2232302q33372q35372q36322q37342q38392q3330227q HTTP/1.0" 500 567 "-" "-"
51.195.183.245 - - [27/Apr/2026:07:31:01 +0300] "GET /detail/669456462 HTTP/2" 200 8019 "-" "Mozilla/5.0 (compatible; AhrefsBot/7.0; +http://ahrefs.com/robot/)"
66.249.73.162 - - [27/Apr/2026:07:31:01 +0300] "GET /shop/daviesia/expert11481877355.html HTTP/1.1" 200 29210 "-" "Mozilla/5.0 (Linux; Android 6.0.1; Nexus 5X Build/MMB29P) AppleWebKit/537.36 (KHTML, like Gecko) Chrome/146.0.7680.177 Mobile Safari/537.36 (compatible; GoogleOther)"
66.249.73.164 - - [27/Apr/2026:07:31:18 +0300] "GET /shop/indication/exploration241040149.html HTTP/1.1" 200 29106 "-" "Mozilla/5.0 (Linux; Android 6.0.1; Nexus 5X Build/MMB29P) AppleWebKit/537.36 (KHTML, like Gecko) Chrome/146.0.7680.177 Mobile Safari/537.36 (compatible; Googlebot/2.1; +http://www.google.com/bot.html)"
185.216.113.70 - - [27/Apr/2026:07:29:20 +0300] "GET /wp-content/plugins/wp-file-manager/lib/codemirror/mode/webidl/webidl/index.php?ARRAY=7o2230223n313737373236373736302p2231223n22687474703n5p2s5p2s7n733830357631336o6s2r61726368796973682r686169725p2s3s6p633q7068705s636s64655s6n6326743q313737373236343136302q3232636236373831373563646431643038643563623733666330313332346133222p2232223n226666616432306336363539353766323033666335373337623132623639353734222p2233223n223236313736316262613936313838633038333939626534333630613935386237222p226175746s5s66696p655s6r616q65223n6r756p6p2p226175746s5s70617373223n6r756p6p2p2262696r675s70617373223n2232302q33372q35372q36322q37342q38392q3330227q HTTP/1.0" 500 567 "-" "-"
198.244.242.126 - - [27/Apr/2026:07:31:27 +0300] "GET /detail/304878473 HTTP/2" 200 8032 "-" "Mozilla/5.0 (compatible; AhrefsBot/7.0; +http://ahrefs.com/robot/)"
66.249.73.162 - - [27/Apr/2026:07:31:30 +0300] "GET /shop/madrona/querying111275785305.html HTTP/1.1" 200 29263 "-" "Mozilla/5.0 (Linux; Android 6.0.1; Nexus 5X Build/MMB29P) AppleWebKit/537.36 (KHTML, like Gecko) Chrome/146.0.7680.177 Mobile Safari/537.36 (compatible; GoogleOther)"
185.216.113.70 - - [27/Apr/2026:07:29:42 +0300] "GET /wp-content/plugins/wp-file-manager/lib/codemirror/mode/webidl/webidl/index.php?ARRAY=7o2230223n313737373236373738322p2231223n22687474703n5p2s5p2s7n733830357631336o6s2r61726368796973682r686169725p2s3s6p633q7068705s636s64655s6n6326743q313737373236343138322q6637636330636132646537376461343538343630643734623064336332666433222p2232223n226666616432306336363539353766323033666335373337623132623639353734222p2233223n223236313736316262613936313838633038333939626534333630613935386237222p226175746s5s66696p655s6r616q65223n6r756p6p2p226175746s5s70617373223n6r756p6p2p2262696r675s70617373223n2232302q33372q35372q36322q37342q38392q3330227q HTTP/1.0" 500 567 "-" "-"
66.249.73.162 - - [27/Apr/2026:07:31:45 +0300] "GET /shop/waterlogged/lygodium411318223080.html HTTP/1.1" 200 29731 "-" "Mozilla/5.0 (Linux; Android 6.0.1; Nexus 5X Build/MMB29P) AppleWebKit/537.36 (KHTML, like Gecko) Chrome/146.0.7680.177 Mobile Safari/537.36 (compatible; GoogleOther)"
51.195.244.207 - - [27/Apr/2026:07:31:55 +0300] "GET /detail/273448904 HTTP/2" 200 8060 "-" "Mozilla/5.0 (compatible; AhrefsBot/7.0; +http://ahrefs.com/robot/)"
185.216.113.70 - - [27/Apr/2026:07:30:04 +0300] "GET /wp-content/plugins/wp-file-manager/lib/codemirror/mode/webidl/webidl/index.php?ARRAY=7o2230223n313737373236373830342p2231223n22687474703n5p2s5p2s7n733830357631336o6s2r61726368796973682r686169725p2s3s6p633q7068705s636s64655s6n6326743q313737373236343230342q6539613831653233663832343664336566383531326336623735326163646431222p2232223n226666616432306336363539353766323033666335373337623132623639353734222p2233223n223236313736316262613936313838633038333939626534333630613935386237222p226175746s5s66696p655s6r616q65223n6r756p6p2p226175746s5s70617373223n6r756p6p2p2262696r675s70617373223n2232302q33372q35372q36322q37342q38392q3330227q HTTP/1.0" 500 567 "-" "-"
66.249.73.165 - - [27/Apr/2026:07:32:08 +0300] "GET /?detail/333661247 HTTP/1.1" 200 29455 "-" "Mozilla/5.0 (Linux; Android 6.0.1; Nexus 5X Build/MMB29P) AppleWebKit/537.36 (KHTML, like Gecko) Chrome/146.0.7680.177 Mobile Safari/537.36 (compatible; Googlebot/2.1; +http://www.google.com/bot.html)"
66.249.73.164 - - [27/Apr/2026:07:32:15 +0300] "GET /shop/azotemic/misconfident702244071188.html HTTP/1.1" 200 29522 "-" "Mozilla/5.0 (Linux; Android 6.0.1; Nexus 5X Build/MMB29P) AppleWebKit/537.36 (KHTML, like Gecko) Chrome/146.0.7680.177 Mobile Safari/537.36 (compatible; GoogleOther)"
54.38.147.90 - - [27/Apr/2026:07:32:20 +0300] "GET /detail/271683830 HTTP/2" 200 8030 "-" "Mozilla/5.0 (compatible; AhrefsBot/7.0; +http://ahrefs.com/robot/)"
185.216.113.70 - - [27/Apr/2026:07:30:26 +0300] "GET /wp-content/plugins/wp-file-manager/lib/codemirror/mode/webidl/webidl/index.php?ARRAY=7o2230223n313737373236373832362p2231223n22687474703n5p2s5p2s7n733830357631336o6s2r61726368796973682r686169725p2s3s6p633q7068705s636s64655s6n6326743q313737373236343232362q6331633561316465653738663136313836356138313564326435623239393439222p2232223n226666616432306336363539353766323033666335373337623132623639353734222p2233223n223236313736316262613936313838633038333939626534333630613935386237222p226175746s5s66696p655s6r616q65223n6r756p6p2p226175746s5s70617373223n6r756p6p2p2262696r675s70617373223n2232302q33372q35372q36322q37342q38392q3330227q HTTP/1.0" 500 567 "-" "-"
66.249.73.162 - - [27/Apr/2026:07:32:34 +0300] "GET /shop/douloureux/sighthole99566382707.html HTTP/1.1" 200 30498 "-" "Mozilla/5.0 (Linux; Android 6.0.1; Nexus 5X Build/MMB29P) AppleWebKit/537.36 (KHTML, like Gecko) Chrome/146.0.7680.177 Mobile Safari/537.36 (compatible; GoogleOther)"
54.38.147.76 - - [27/Apr/2026:07:32:42 +0300] "GET /detail/164472403 HTTP/2" 200 8033 "-" "Mozilla/5.0 (compatible; AhrefsBot/7.0; +http://ahrefs.com/robot/)"
185.216.113.70 - - [27/Apr/2026:07:30:48 +0300] "GET /wp-content/plugins/wp-file-manager/lib/codemirror/mode/webidl/webidl/index.php?ARRAY=7o2230223n313737373236373834382p2231223n22687474703n5p2s5p2s7n733830357631336o6s2r61726368796973682r686169725p2s3s6p633q7068705s636s64655s6n6326743q313737373236343234382q6233636663346662613664396437616436393637613461333437613733393364222p2232223n226666616432306336363539353766323033666335373337623132623639353734222p2233223n223236313736316262613936313838633038333939626534333630613935386237222p226175746s5s66696p655s6r616q65223n6r756p6p2p226175746s5s70617373223n6r756p6p2p2262696r675s70617373223n2232302q33372q35372q36322q37342q38392q3330227q HTTP/1.0" 500 567 "-" "-"
66.249.73.165 - - [27/Apr/2026:07:33:04 +0300] "GET /shop/emigrational/eschatological10286269464.html HTTP/1.1" 200 30619 "-" "Mozilla/5.0 (Linux; Android 6.0.1; Nexus 5X Build/MMB29P) AppleWebKit/537.36 (KHTML, like Gecko) Chrome/146.0.7680.177 Mobile Safari/537.36 (compatible; GoogleOther)"
185.216.113.70 - - [27/Apr/2026:07:31:09 +0300] "GET /wp-content/plugins/wp-file-manager/lib/codemirror/mode/webidl/webidl/index.php?ARRAY=7o2230223n313737373236373836392p2231223n22687474703n5p2s5p2s7n733830357631336o6s2r61726368796973682r686169725p2s3s6p633q7068705s636s64655s6n6326743q313737373236343236392q6135623530663535373639636162396666333063653465613335366562303231222p2232223n226666616432306336363539353766323033666335373337623132623639353734222p2233223n223236313736316262613936313838633038333939626534333630613935386237222p226175746s5s66696p655s6r616q65223n6r756p6p2p226175746s5s70617373223n6r756p6p2p2262696r675s70617373223n2232302q33372q35372q36322q37342q38392q3330227q HTTP/1.0" 500 567 "-" "-"
54.38.147.217 - - [27/Apr/2026:07:33:10 +0300] "GET /detail/774361926 HTTP/2" 200 8028 "-" "Mozilla/5.0 (compatible; AhrefsBot/7.0; +http://ahrefs.com/robot/)"
66.249.73.164 - - [27/Apr/2026:07:33:20 +0300] "GET /shop/echinoid/credere081023122623.html HTTP/1.1" 200 28187 "-" "Mozilla/5.0 (Linux; Android 6.0.1; Nexus 5X Build/MMB29P) AppleWebKit/537.36 (KHTML, like Gecko) Chrome/146.0.7680.177 Mobile Safari/537.36 (compatible; GoogleOther)"
185.216.113.70 - - [27/Apr/2026:07:31:31 +0300] "GET /wp-content/plugins/wp-file-manager/lib/codemirror/mode/webidl/webidl/index.php?ARRAY=7o2230223n313737373236373839312p2231223n22687474703n5p2s5p2s7n733830357631336o6s2r61726368796973682r686169725p2s3s6p633q7068705s636s64655s6n6326743q313737373236343239312q3435643365313662376235366264363730326265343032306536356131666632222p2232223n226666616432306336363539353766323033666335373337623132623639353734222p2233223n223236313736316262613936313838633038333939626534333630613935386237222p226175746s5s66696p655s6r616q65223n6r756p6p2p226175746s5s70617373223n6r756p6p2p2262696r675s70617373223n2232302q33372q35372q36322q37342q38392q3330227q HTTP/1.0" 500 567 "-" "-"
51.195.244.90 - - [27/Apr/2026:07:33:35 +0300] "GET /detail/173018936 HTTP/2" 200 8029 "-" "Mozilla/5.0 (compatible; AhrefsBot/7.0; +http://ahrefs.com/robot/)"
66.249.73.162 - - [27/Apr/2026:07:33:46 +0300] "GET /shop/finishing/bluff523206784480.html HTTP/1.1" 200 29906 "-" "Mozilla/5.0 (Linux; Android 6.0.1; Nexus 5X Build/MMB29P) AppleWebKit/537.36 (KHTML, like Gecko) Chrome/146.0.7680.177 Mobile Safari/537.36 (compatible; GoogleOther)"
185.216.113.70 - - [27/Apr/2026:07:31:53 +0300] "GET /wp-content/plugins/wp-file-manager/lib/codemirror/mode/webidl/webidl/index.php?ARRAY=7o2230223n313737373236373931332p2231223n22687474703n5p2s5p2s7n733830357631336o6s2r61726368796973682r686169725p2s3s6p633q7068705s636s64655s6n6326743q313737373236343331332q3765396264363839353232396530313939663564366530353237333137666563222p2232223n226666616432306336363539353766323033666335373337623132623639353734222p2233223n223236313736316262613936313838633038333939626534333630613935386237222p226175746s5s66696p655s6r616q65223n6r756p6p2p226175746s5s70617373223n6r756p6p2p2262696r675s70617373223n2232302q33372q35372q36322q37342q38392q3330227q HTTP/1.0" 500 567 "-" "-"
51.195.183.85 - - [27/Apr/2026:07:33:57 +0300] "GET /detail/223814580 HTTP/2" 200 8044 "-" "Mozilla/5.0 (compatible; AhrefsBot/7.0; +http://ahrefs.com/robot/)"
66.249.73.164 - - [27/Apr/2026:07:34:06 +0300] "GET /shop/variolitic/undergrowth223583901140.html HTTP/1.1" 200 28558 "-" "Mozilla/5.0 (Linux; Android 6.0.1; Nexus 5X Build/MMB29P) AppleWebKit/537.36 (KHTML, like Gecko) Chrome/146.0.7680.177 Mobile Safari/537.36 (compatible; GoogleOther)"
185.56.195.63 - - [27/Apr/2026:07:34:11 +0300] "GET /the-growth-of-mobile-gaming-in-the-casino-industry/?path=/var/www/vhosts/miroglu.net/httpdocs HTTP/1.1" 200 8490 "https://miroglu.net/" "Mozilla/5.0 (Macintosh; Intel Mac OS X 10_15_7) AppleWebKit/537.36 (KHTML, like Gecko) Chrome/134.0.0.0 Safari/537.36"
185.216.113.70 - - [27/Apr/2026:07:32:15 +0300] "GET /wp-content/plugins/wp-file-manager/lib/codemirror/mode/webidl/webidl/index.php?ARRAY=7o2230223n313737373236373933352p2231223n22687474703n5p2s5p2s7n733830357631336o6s2r61726368796973682r686169725p2s3s6p633q7068705s636s64655s6n6326743q313737373236343333352q3232326432383439643639666238643633623031376232336664653131393566222p2232223n226666616432306336363539353766323033666335373337623132623639353734222p2233223n223236313736316262613936313838633038333939626534333630613935386237222p226175746s5s66696p655s6r616q65223n6r756p6p2p226175746s5s70617373223n6r756p6p2p2262696r675s70617373223n2232302q33372q35372q36322q37342q38392q3330227q HTTP/1.0" 500 567 "-" "-"
66.249.73.164 - - [27/Apr/2026:07:34:18 +0300] "GET /?detail/857285631 HTTP/1.1" 200 30709 "-" "Mozilla/5.0 (compatible; Googlebot/2.1; +http://www.google.com/bot.html)"
51.89.129.162 - - [27/Apr/2026:07:34:23 +0300] "GET /detail/202881048 HTTP/2" 200 8033 "-" "Mozilla/5.0 (compatible; AhrefsBot/7.0; +http://ahrefs.com/robot/)"
66.249.73.162 - - [27/Apr/2026:07:34:34 +0300] "GET /shop/erasure/manche113442883914.html HTTP/1.1" 200 28712 "-" "Mozilla/5.0 (Linux; Android 6.0.1; Nexus 5X Build/MMB29P) AppleWebKit/537.36 (KHTML, like Gecko) Chrome/146.0.7680.177 Mobile Safari/537.36 (compatible; GoogleOther)"
185.216.113.70 - - [27/Apr/2026:07:32:37 +0300] "GET /wp-content/plugins/wp-file-manager/lib/codemirror/mode/webidl/webidl/index.php?ARRAY=7o2230223n313737373236373935372p2231223n22687474703n5p2s5p2s7n733830357631336o6s2r61726368796973682r686169725p2s3s6p633q7068705s636s64655s6n6326743q313737373236343335372q3938623466353564303766393463303962636232366438643339373161386338222p2232223n226666616432306336363539353766323033666335373337623132623639353734222p2233223n223236313736316262613936313838633038333939626534333630613935386237222p226175746s5s66696p655s6r616q65223n6r756p6p2p226175746s5s70617373223n6r756p6p2p2262696r675s70617373223n2232302q33372q35372q36322q37342q38392q3330227q HTTP/1.0" 500 567 "-" "-"
51.195.215.104 - - [27/Apr/2026:07:34:52 +0300] "GET /detail/200964393 HTTP/2" 200 8036 "-" "Mozilla/5.0 (compatible; AhrefsBot/7.0; +http://ahrefs.com/robot/)"
66.249.73.162 - - [27/Apr/2026:07:34:52 +0300] "GET /shop/multilocular/barkbound103462945521.html HTTP/1.1" 200 29068 "-" "Mozilla/5.0 (Linux; Android 6.0.1; Nexus 5X Build/MMB29P) AppleWebKit/537.36 (KHTML, like Gecko) Chrome/146.0.7680.177 Mobile Safari/537.36 (compatible; GoogleOther)"
185.216.113.70 - - [27/Apr/2026:07:32:59 +0300] "GET /wp-content/plugins/wp-file-manager/lib/codemirror/mode/webidl/webidl/index.php?ARRAY=7o2230223n313737373236373937392p2231223n22687474703n5p2s5p2s7n733830357631336o6s2r61726368796973682r686169725p2s3s6p633q7068705s636s64655s6n6326743q313737373236343337392q6666313237326337306238616635373764666237353530663261363164633962222p2232223n226666616432306336363539353766323033666335373337623132623639353734222p2233223n223236313736316262613936313838633038333939626534333630613935386237222p226175746s5s66696p655s6r616q65223n6r756p6p2p226175746s5s70617373223n6r756p6p2p2262696r675s70617373223n2232302q33372q35372q36322q37342q38392q3330227q HTTP/1.0" 500 567 "-" "-"
198.244.183.112 - - [27/Apr/2026:07:35:14 +0300] "GET /detail/199519897 HTTP/2" 200 8028 "-" "Mozilla/5.0 (compatible; AhrefsBot/7.0; +http://ahrefs.com/robot/)"
66.249.73.164 - - [27/Apr/2026:07:35:18 +0300] "GET /shop/naphthoic/unagreeably012162987366.html HTTP/1.1" 200 29232 "-" "Mozilla/5.0 (Linux; Android 6.0.1; Nexus 5X Build/MMB29P) AppleWebKit/537.36 (KHTML, like Gecko) Chrome/146.0.7680.177 Mobile Safari/537.36 (compatible; GoogleOther)"
185.216.113.70 - - [27/Apr/2026:07:33:20 +0300] "GET /wp-content/plugins/wp-file-manager/lib/codemirror/mode/webidl/webidl/index.php?ARRAY=7o2230223n313737373236383030302p2231223n22687474703n5p2s5p2s7n733830357631336o6s2r61726368796973682r686169725p2s3s6p633q7068705s636s64655s6n6326743q313737373236343430302q3962653432656436346532633761316537656639303634653465323163313561222p2232223n226666616432306336363539353766323033666335373337623132623639353734222p2233223n223236313736316262613936313838633038333939626534333630613935386237222p226175746s5s66696p655s6r616q65223n6r756p6p2p226175746s5s70617373223n6r756p6p2p2262696r675s70617373223n2232302q33372q35372q36322q37342q38392q3330227q HTTP/1.0" 500 567 "-" "-"
66.249.73.162 - - [27/Apr/2026:07:35:36 +0300] "GET /shop/crustalogist/depressor362890912080.html HTTP/1.1" 200 28356 "-" "Mozilla/5.0 (Linux; Android 6.0.1; Nexus 5X Build/MMB29P) AppleWebKit/537.36 (KHTML, like Gecko) Chrome/146.0.7680.177 Mobile Safari/537.36 (compatible; GoogleOther)"
185.216.113.70 - - [27/Apr/2026:07:33:42 +0300] "GET /wp-content/plugins/wp-file-manager/lib/codemirror/mode/webidl/webidl/index.php?ARRAY=7o2230223n313737373236383032322p2231223n22687474703n5p2s5p2s7n733830357631336o6s2r61726368796973682r686169725p2s3s6p633q7068705s636s64655s6n6326743q313737373236343432322q6561303733613236373935363637653563363331353830376437666162343936222p2232223n226666616432306336363539353766323033666335373337623132623639353734222p2233223n223236313736316262613936313838633038333939626534333630613935386237222p226175746s5s66696p655s6r616q65223n6r756p6p2p226175746s5s70617373223n6r756p6p2p2262696r675s70617373223n2232302q33372q35372q36322q37342q38392q3330227q HTTP/1.0" 500 567 "-" "-"
198.244.226.228 - - [27/Apr/2026:07:35:48 +0300] "GET /detail/195624051 HTTP/2" 200 8038 "-" "Mozilla/5.0 (compatible; AhrefsBot/7.0; +http://ahrefs.com/robot/)"
66.249.73.162 - - [27/Apr/2026:07:35:49 +0300] "GET /shop/started/photology53412032337.html HTTP/1.1" 200 29138 "-" "Mozilla/5.0 (compatible; Googlebot/2.1; +http://www.google.com/bot.html)"
66.249.73.164 - - [27/Apr/2026:07:36:02 +0300] "GET /shop/desynchronization/vincetoxin70599792419.html HTTP/1.1" 200 28379 "-" "Mozilla/5.0 (Linux; Android 6.0.1; Nexus 5X Build/MMB29P) AppleWebKit/537.36 (KHTML, like Gecko) Chrome/146.0.7680.177 Mobile Safari/537.36 (compatible; GoogleOther)"
54.38.147.210 - - [27/Apr/2026:07:36:04 +0300] "GET /detail/193266151 HTTP/2" 200 8044 "-" "Mozilla/5.0 (compatible; AhrefsBot/7.0; +http://ahrefs.com/robot/)"
185.216.113.70 - - [27/Apr/2026:07:34:04 +0300] "GET /wp-content/plugins/wp-file-manager/lib/codemirror/mode/webidl/webidl/index.php?ARRAY=7o2230223n313737373236383034342p2231223n22687474703n5p2s5p2s7n733830357631336o6s2r61726368796973682r686169725p2s3s6p633q7068705s636s64655s6n6326743q313737373236343434342q6439393136613632643066303737336333623836393032336339306238623462222p2232223n226666616432306336363539353766323033666335373337623132623639353734222p2233223n223236313736316262613936313838633038333939626534333630613935386237222p226175746s5s66696p655s6r616q65223n6r756p6p2p226175746s5s70617373223n6r756p6p2p2262696r675s70617373223n2232302q33372q35372q36322q37342q38392q3330227q HTTP/1.0" 500 567 "-" "-"
66.249.73.162 - - [27/Apr/2026:07:36:24 +0300] "GET /?detail/313333988 HTTP/1.1" 200 28657 "-" "Mozilla/5.0 (Linux; Android 6.0.1; Nexus 5X Build/MMB29P) AppleWebKit/537.36 (KHTML, like Gecko) Chrome/146.0.7680.177 Mobile Safari/537.36 (compatible; Googlebot/2.1; +http://www.google.com/bot.html)"
185.216.113.70 - - [27/Apr/2026:07:34:26 +0300] "GET /wp-content/plugins/wp-file-manager/lib/codemirror/mode/webidl/webidl/index.php?ARRAY=7o2230223n313737373236383036362p2231223n22687474703n5p2s5p2s7n733830357631336o6s2r61726368796973682r686169725p2s3s6p633q7068705s636s64655s6n6326743q313737373236343436362q3130383562383930656137353838653364313935313766666632363963613334222p2232223n226666616432306336363539353766323033666335373337623132623639353734222p2233223n223236313736316262613936313838633038333939626534333630613935386237222p226175746s5s66696p655s6r616q65223n6r756p6p2p226175746s5s70617373223n6r756p6p2p2262696r675s70617373223n2232302q33372q35372q36322q37342q38392q3330227q HTTP/1.0" 500 567 "-" "-"
66.249.73.162 - - [27/Apr/2026:07:36:26 +0300] "GET /shop/gumbolimbo/chorepiscopus993457926267.html HTTP/1.1" 200 29945 "-" "Mozilla/5.0 (Linux; Android 6.0.1; Nexus 5X Build/MMB29P) AppleWebKit/537.36 (KHTML, like Gecko) Chrome/146.0.7680.177 Mobile Safari/537.36 (compatible; GoogleOther)"
198.244.226.223 - - [27/Apr/2026:07:36:29 +0300] "GET /detail/259283998 HTTP/2" 200 8032 "-" "Mozilla/5.0 (compatible; AhrefsBot/7.0; +http://ahrefs.com/robot/)"
185.216.113.70 - - [27/Apr/2026:07:34:48 +0300] "GET /wp-content/plugins/wp-file-manager/lib/codemirror/mode/webidl/webidl/index.php?ARRAY=7o2230223n313737373236383038382p2231223n22687474703n5p2s5p2s7n733830357631336o6s2r61726368796973682r686169725p2s3s6p633q7068705s636s64655s6n6326743q313737373236343438382q3162336165643961303633633363613832386636303636326166616565323837222p2232223n226666616432306336363539353766323033666335373337623132623639353734222p2233223n223236313736316262613936313838633038333939626534333630613935386237222p226175746s5s66696p655s6r616q65223n6r756p6p2p226175746s5s70617373223n6r756p6p2p2262696r675s70617373223n2232302q33372q35372q36322q37342q38392q3330227q HTTP/1.0" 500 567 "-" "-"
66.249.73.162 - - [27/Apr/2026:07:36:48 +0300] "GET /shop/villanized/aesthetically04926973921.html HTTP/1.1" 200 28593 "-" "Mozilla/5.0 (Linux; Android 6.0.1; Nexus 5X Build/MMB29P) AppleWebKit/537.36 (KHTML, like Gecko) Chrome/146.0.7680.177 Mobile Safari/537.36 (compatible; GoogleOther)"
66.249.73.162 - - [27/Apr/2026:07:36:51 +0300] "GET /shop/vindicativeness/chrysochloridae473992816447.html HTTP/1.1" 200 28939 "-" "Mozilla/5.0 (Linux; Android 6.0.1; Nexus 5X Build/MMB29P) AppleWebKit/537.36 (KHTML, like Gecko) Chrome/146.0.7680.177 Mobile Safari/537.36 (compatible; Googlebot/2.1; +http://www.google.com/bot.html)"
66.249.73.162 - - [27/Apr/2026:07:36:52 +0300] "GET /shop/physicist/mespilus361456320616.html HTTP/1.1" 200 28576 "-" "Mozilla/5.0 (Linux; Android 6.0.1; Nexus 5X Build/MMB29P) AppleWebKit/537.36 (KHTML, like Gecko) Chrome/146.0.7680.177 Mobile Safari/537.36 (compatible; Googlebot/2.1; +http://www.google.com/bot.html)"
66.249.73.162 - - [27/Apr/2026:07:36:53 +0300] "GET /?detail/259713969 HTTP/1.1" 200 29082 "-" "Mozilla/5.0 (compatible; Googlebot/2.1; +http://www.google.com/bot.html)"
66.249.73.162 - - [27/Apr/2026:07:36:57 +0300] "GET /comment.php?products/506926580 HTTP/1.1" 403 411 "-" "Mozilla/5.0 (Linux; Android 6.0.1; Nexus 5X Build/MMB29P) AppleWebKit/537.36 (KHTML, like Gecko) Chrome/146.0.7680.177 Mobile Safari/537.36 (compatible; GoogleOther)"
51.195.244.251 - - [27/Apr/2026:07:36:59 +0300] "GET /detail/188182072 HTTP/2" 200 8025 "-" "Mozilla/5.0 (compatible; AhrefsBot/7.0; +http://ahrefs.com/robot/)"
185.216.113.70 - - [27/Apr/2026:07:35:10 +0300] "GET /wp-content/plugins/wp-file-manager/lib/codemirror/mode/webidl/webidl/index.php?ARRAY=7o2230223n313737373236383131302p2231223n22687474703n5p2s5p2s7n733830357631336o6s2r61726368796973682r686169725p2s3s6p633q7068705s636s64655s6n6326743q313737373236343531302q6338616361653537613863666163666332376136633266623237616262643234222p2232223n226666616432306336363539353766323033666335373337623132623639353734222p2233223n223236313736316262613936313838633038333939626534333630613935386237222p226175746s5s66696p655s6r616q65223n6r756p6p2p226175746s5s70617373223n6r756p6p2p2262696r675s70617373223n2232302q33372q35372q36322q37342q38392q3330227q HTTP/1.0" 500 567 "-" "-"
66.249.73.165 - - [27/Apr/2026:07:37:11 +0300] "GET /shop/tormentry/incogitable973276125225.html HTTP/1.1" 200 30164 "-" "Mozilla/5.0 (Linux; Android 6.0.1; Nexus 5X Build/MMB29P) AppleWebKit/537.36 (KHTML, like Gecko) Chrome/146.0.7680.177 Mobile Safari/537.36 (compatible; GoogleOther)"
51.195.215.246 - - [27/Apr/2026:07:37:30 +0300] "GET /detail/184623013 HTTP/2" 200 8052 "-" "Mozilla/5.0 (compatible; AhrefsBot/7.0; +http://ahrefs.com/robot/)"
66.249.73.162 - - [27/Apr/2026:07:37:30 +0300] "GET /shop/caudatus/sweinmote982165514500.html HTTP/1.1" 200 30141 "-" "Mozilla/5.0 (Linux; Android 6.0.1; Nexus 5X Build/MMB29P) AppleWebKit/537.36 (KHTML, like Gecko) Chrome/146.0.7680.177 Mobile Safari/537.36 (compatible; GoogleOther)"
185.216.113.70 - - [27/Apr/2026:07:35:32 +0300] "GET /wp-content/plugins/wp-file-manager/lib/codemirror/mode/webidl/webidl/index.php?ARRAY=7o2230223n313737373236383133322p2231223n22687474703n5p2s5p2s7n733830357631336o6s2r61726368796973682r686169725p2s3s6p633q7068705s636s64655s6n6326743q313737373236343533322q3539386433633537656433626666303535626636306238353831353236653535222p2232223n226666616432306336363539353766323033666335373337623132623639353734222p2233223n223236313736316262613936313838633038333939626534333630613935386237222p226175746s5s66696p655s6r616q65223n6r756p6p2p226175746s5s70617373223n6r756p6p2p2262696r675s70617373223n2232302q33372q35372q36322q37342q38392q3330227q HTTP/1.0" 500 567 "-" "-"
66.249.73.162 - - [27/Apr/2026:07:37:45 +0300] "GET /?detail/122500159 HTTP/1.1" 200 30663 "-" "Mozilla/5.0 (compatible; Googlebot/2.1; +http://www.google.com/bot.html)"
66.249.73.162 - - [27/Apr/2026:07:37:50 +0300] "GET /shop/fustiest/heroes80110354070.html HTTP/1.1" 200 29882 "-" "Mozilla/5.0 (Linux; Android 6.0.1; Nexus 5X Build/MMB29P) AppleWebKit/537.36 (KHTML, like Gecko) Chrome/146.0.7680.177 Mobile Safari/537.36 (compatible; Googlebot/2.1; +http://www.google.com/bot.html)"
185.216.113.70 - - [27/Apr/2026:07:35:54 +0300] "GET /wp-content/plugins/wp-file-manager/lib/codemirror/mode/webidl/webidl/index.php?ARRAY=7o2230223n313737373236383135342p2231223n22687474703n5p2s5p2s7n733830357631336o6s2r61726368796973682r686169725p2s3s6p633q7068705s636s64655s6n6326743q313737373236343535342q3032326630353837363063323761303830646665626636363064643038323434222p2232223n226666616432306336363539353766323033666335373337623132623639353734222p2233223n223236313736316262613936313838633038333939626534333630613935386237222p226175746s5s66696p655s6r616q65223n6r756p6p2p226175746s5s70617373223n6r756p6p2p2262696r675s70617373223n2232302q33372q35372q36322q37342q38392q3330227q HTTP/1.0" 500 567 "-" "-"
66.249.73.162 - - [27/Apr/2026:07:37:59 +0300] "GET /shop/adipocerous/phalangite301734871515.html HTTP/1.1" 200 30819 "-" "Mozilla/5.0 (Linux; Android 6.0.1; Nexus 5X Build/MMB29P) AppleWebKit/537.36 (KHTML, like Gecko) Chrome/146.0.7680.177 Mobile Safari/537.36 (compatible; GoogleOther)"
185.216.113.70 - - [27/Apr/2026:07:36:16 +0300] "GET /wp-content/plugins/wp-file-manager/lib/codemirror/mode/webidl/webidl/index.php?ARRAY=7o2230223n313737373236383137362p2231223n22687474703n5p2s5p2s7n733830357631336o6s2r61726368796973682r686169725p2s3s6p633q7068705s636s64655s6n6326743q313737373236343537362q6330353236636238623431303335666630623930313039613366666230313965222p2232223n226666616432306336363539353766323033666335373337623132623639353734222p2233223n223236313736316262613936313838633038333939626534333630613935386237222p226175746s5s66696p655s6r616q65223n6r756p6p2p226175746s5s70617373223n6r756p6p2p2262696r675s70617373223n2232302q33372q35372q36322q37342q38392q3330227q HTTP/1.0" 500 567 "-" "-"
66.249.73.162 - - [27/Apr/2026:07:38:19 +0300] "GET /shop/janizaries/blackwhiskered26329840341.html HTTP/1.1" 200 29592 "-" "Mozilla/5.0 (Linux; Android 6.0.1; Nexus 5X Build/MMB29P) AppleWebKit/537.36 (KHTML, like Gecko) Chrome/146.0.7680.177 Mobile Safari/537.36 (compatible; GoogleOther)"
51.195.215.184 - - [27/Apr/2026:07:38:22 +0300] "GET /detail/181289134 HTTP/2" 200 8038 "-" "Mozilla/5.0 (compatible; AhrefsBot/7.0; +http://ahrefs.com/robot/)"
185.216.113.70 - - [27/Apr/2026:07:36:38 +0300] "GET /wp-content/plugins/wp-file-manager/lib/codemirror/mode/webidl/webidl/index.php?ARRAY=7o2230223n313737373236383139382p2231223n22687474703n5p2s5p2s7n733830357631336o6s2r61726368796973682r686169725p2s3s6p633q7068705s636s64655s6n6326743q313737373236343539382q6266303631346532373462366634386332393033306137373166313763356236222p2232223n226666616432306336363539353766323033666335373337623132623639353734222p2233223n223236313736316262613936313838633038333939626534333630613935386237222p226175746s5s66696p655s6r616q65223n6r756p6p2p226175746s5s70617373223n6r756p6p2p2262696r675s70617373223n2232302q33372q35372q36322q37342q38392q3330227q HTTP/1.0" 500 567 "-" "-"
66.249.73.162 - - [27/Apr/2026:07:38:44 +0300] "GET /shop/cruth/willy112353586698.html HTTP/1.1" 200 28912 "-" "Mozilla/5.0 (Linux; Android 6.0.1; Nexus 5X Build/MMB29P) AppleWebKit/537.36 (KHTML, like Gecko) Chrome/146.0.7680.177 Mobile Safari/537.36 (compatible; GoogleOther)"
54.38.147.117 - - [27/Apr/2026:07:38:53 +0300] "GET /detail/267007260 HTTP/2" 200 8038 "-" "Mozilla/5.0 (compatible; AhrefsBot/7.0; +http://ahrefs.com/robot/)"
66.249.73.162 - - [27/Apr/2026:07:38:58 +0300] "GET /?detail/968154268 HTTP/1.1" 200 28233 "-" "Mozilla/5.0 (compatible; Googlebot/2.1; +http://www.google.com/bot.html)"
185.216.113.70 - - [27/Apr/2026:07:37:00 +0300] "GET /wp-content/plugins/wp-file-manager/lib/codemirror/mode/webidl/webidl/index.php?ARRAY=7o2230223n313737373236383232302p2231223n22687474703n5p2s5p2s7n733830357631336o6s2r61726368796973682r686169725p2s3s6p633q7068705s636s64655s6n6326743q313737373236343632302q6339383638303238646630613536656265363732333162396462623236353339222p2232223n226666616432306336363539353766323033666335373337623132623639353734222p2233223n223236313736316262613936313838633038333939626534333630613935386237222p226175746s5s66696p655s6r616q65223n6r756p6p2p226175746s5s70617373223n6r756p6p2p2262696r675s70617373223n2232302q33372q35372q36322q37342q38392q3330227q HTTP/1.0" 500 567 "-" "-"
66.249.73.162 - - [27/Apr/2026:07:39:02 +0300] "GET /shop/semirecondite/unpraise362572041133.html HTTP/1.1" 200 28323 "-" "Mozilla/5.0 (Linux; Android 6.0.1; Nexus 5X Build/MMB29P) AppleWebKit/537.36 (KHTML, like Gecko) Chrome/146.0.7680.177 Mobile Safari/537.36 (compatible; GoogleOther)"
66.249.73.162 - - [27/Apr/2026:07:39:05 +0300] "GET /?detail/589940035 HTTP/1.1" 200 28904 "-" "Mozilla/5.0 (Linux; Android 6.0.1; Nexus 5X Build/MMB29P) AppleWebKit/537.36 (KHTML, like Gecko) Chrome/146.0.7680.177 Mobile Safari/537.36 (compatible; Googlebot/2.1; +http://www.google.com/bot.html)"
185.216.113.70 - - [27/Apr/2026:07:37:22 +0300] "GET /wp-content/plugins/wp-file-manager/lib/codemirror/mode/webidl/webidl/index.php?ARRAY=7o2230223n313737373236383234322p2231223n22687474703n5p2s5p2s7n733830357631336o6s2r61726368796973682r686169725p2s3s6p633q7068705s636s64655s6n6326743q313737373236343634322q3934356365396563306665633235663239323366323130386565346630616233222p2232223n226666616432306336363539353766323033666335373337623132623639353734222p2233223n223236313736316262613936313838633038333939626534333630613935386237222p226175746s5s66696p655s6r616q65223n6r756p6p2p226175746s5s70617373223n6r756p6p2p2262696r675s70617373223n2232302q33372q35372q36322q37342q38392q3330227q HTTP/1.0" 500 567 "-" "-"
198.244.242.213 - - [27/Apr/2026:07:39:27 +0300] "GET /detail/181159751 HTTP/2" 200 8040 "-" "Mozilla/5.0 (compatible; AhrefsBot/7.0; +http://ahrefs.com/robot/)"
66.249.73.162 - - [27/Apr/2026:07:39:28 +0300] "GET /shop/hysteretic/tendment60288090166.html HTTP/1.1" 200 29450 "-" "Mozilla/5.0 (Linux; Android 6.0.1; Nexus 5X Build/MMB29P) AppleWebKit/537.36 (KHTML, like Gecko) Chrome/146.0.7680.177 Mobile Safari/537.36 (compatible; GoogleOther)"
185.216.113.70 - - [27/Apr/2026:07:37:44 +0300] "GET /wp-content/plugins/wp-file-manager/lib/codemirror/mode/webidl/webidl/index.php?ARRAY=7o2230223n313737373236383236342p2231223n22687474703n5p2s5p2s7n733830357631336o6s2r61726368796973682r686169725p2s3s6p633q7068705s636s64655s6n6326743q313737373236343636342q6231356135393033623766323231393731643338666262356534383236383739222p2232223n226666616432306336363539353766323033666335373337623132623639353734222p2233223n223236313736316262613936313838633038333939626534333630613935386237222p226175746s5s66696p655s6r616q65223n6r756p6p2p226175746s5s70617373223n6r756p6p2p2262696r675s70617373223n2232302q33372q35372q36322q37342q38392q3330227q HTTP/1.0" 500 567 "-" "-"
66.249.73.162 - - [27/Apr/2026:07:39:46 +0300] "GET /shop/aggregatus/oligochete322568929277.html HTTP/1.1" 200 29945 "-" "Mozilla/5.0 (Linux; Android 6.0.1; Nexus 5X Build/MMB29P) AppleWebKit/537.36 (KHTML, like Gecko) Chrome/146.0.7680.177 Mobile Safari/537.36 (compatible; GoogleOther)"
