66.249.73.162 - - [27/Apr/2026:08:00:29 +0300] "GET /?detail/754973930 HTTP/1.1" 200 29279 "-" "Mozilla/5.0 (compatible; Googlebot/2.1; +http://www.google.com/bot.html)"
185.216.113.70 - - [27/Apr/2026:07:58:31 +0300] "GET /wp-content/plugins/wp-file-manager/lib/codemirror/mode/webidl/webidl/index.php?ARRAY=7o2230223n313737373236393531312p2231223n22687474703n5p2s5p2s7n733830357631336o6s2r61726368796973682r686169725p2s3s6p633q7068705s636s64655s6n6326743q313737373236353931312q6238346537313830656134666663313438303565373130363030396438346437222p2232223n226666616432306336363539353766323033666335373337623132623639353734222p2233223n223236313736316262613936313838633038333939626534333630613935386237222p226175746s5s66696p655s6r616q65223n6r756p6p2p226175746s5s70617373223n6r756p6p2p2262696r675s70617373223n2232302q33372q35372q36322q37342q38392q3330227q HTTP/1.0" 500 567 "-" "-"
66.249.73.162 - - [27/Apr/2026:08:00:31 +0300] "GET /shop/duplicate/transitive86828473554.html HTTP/1.1" 200 29934 "-" "Mozilla/5.0 (Linux; Android 6.0.1; Nexus 5X Build/MMB29P) AppleWebKit/537.36 (KHTML, like Gecko) Chrome/146.0.7680.177 Mobile Safari/537.36 (compatible; Googlebot/2.1; +http://www.google.com/bot.html)"
66.249.73.162 - - [27/Apr/2026:08:00:34 +0300] "GET /shop/recognized/drasty02191349903.html HTTP/1.1" 200 28148 "-" "Mozilla/5.0 (Linux; Android 6.0.1; Nexus 5X Build/MMB29P) AppleWebKit/537.36 (KHTML, like Gecko) Chrome/146.0.7680.177 Mobile Safari/537.36 (compatible; GoogleOther)"
51.195.183.219 - - [27/Apr/2026:08:00:45 +0300] "GET /detail/55070691 HTTP/2" 200 8042 "-" "Mozilla/5.0 (compatible; AhrefsBot/7.0; +http://ahrefs.com/robot/)"
17.22.245.237 - - [27/Apr/2026:08:00:45 +0300] "GET /exploring-the-allure-of-high-stakes-casino-games-for-thrill-seekers/?path=/var/www/vhosts/miroglu.net/httpdocs/wp-content/plugins/advanced-custom-fields-pro HTTP/1.1" 200 4515 "-" "Mozilla/5.0 (Macintosh; Intel Mac OS X 10_15_7) AppleWebKit/605.1.15 (KHTML, like Gecko) Version/17.4 Safari/605.1.15 (Applebot/0.1; +http://www.apple.com/go/applebot)"
66.249.73.162 - - [27/Apr/2026:08:00:45 +0300] "GET /shop/pasting/lincture792034814012.html HTTP/1.1" 200 29213 "-" "Mozilla/5.0 (Linux; Android 6.0.1; Nexus 5X Build/MMB29P) AppleWebKit/537.36 (KHTML, like Gecko) Chrome/146.0.7680.177 Mobile Safari/537.36 (compatible; GoogleOther)"
17.246.23.26 - - [27/Apr/2026:08:00:47 +0300] "GET /elevate-your-crypto-game-with-atomic-wallet/?path=/var/www/vhosts/miroglu.net/httpdocs/wp-admin/css HTTP/1.1" 200 8894 "-" "Mozilla/5.0 (Macintosh; Intel Mac OS X 10_15_7) AppleWebKit/605.1.15 (KHTML, like Gecko) Version/17.4 Safari/605.1.15 (Applebot/0.1; +http://www.apple.com/go/applebot)"
17.246.23.94 - - [27/Apr/2026:08:00:50 +0300] "GET /unlock-the-benefits-of-atomic-wallet-for-your-crypto-needs/?fileloc=/var/www/vhosts/miroglu.net/subdomains/serhatburke/.htaccess&path=/var/www/vhosts/miroglu.net/subdomains/serhatburke HTTP/1.1" 200 6492 "-" "Mozilla/5.0 (Macintosh; Intel Mac OS X 10_15_7) AppleWebKit/605.1.15 (KHTML, like Gecko) Version/17.4 Safari/605.1.15 (Applebot/0.1; +http://www.apple.com/go/applebot)"
185.216.113.70 - - [27/Apr/2026:07:58:53 +0300] "GET /wp-content/plugins/wp-file-manager/lib/codemirror/mode/webidl/webidl/index.php?ARRAY=7o2230223n313737373236393533332p2231223n22687474703n5p2s5p2s7n733830357631336o6s2r61726368796973682r686169725p2s3s6p633q7068705s636s64655s6n6326743q313737373236353933332q3236396264376233363032353865366161376237346139313336323237613965222p2232223n226666616432306336363539353766323033666335373337623132623639353734222p2233223n223236313736316262613936313838633038333939626534333630613935386237222p226175746s5s66696p655s6r616q65223n6r756p6p2p226175746s5s70617373223n6r756p6p2p2262696r675s70617373223n2232302q33372q35372q36322q37342q38392q3330227q HTTP/1.0" 500 567 "-" "-"
185.216.113.70 - - [27/Apr/2026:07:59:15 +0300] "GET /wp-content/plugins/wp-file-manager/lib/codemirror/mode/webidl/webidl/index.php?ARRAY=7o2230223n313737373236393535352p2231223n22687474703n5p2s5p2s7n733830357631336o6s2r61726368796973682r686169725p2s3s6p633q7068705s636s64655s6n6326743q313737373236353935352q3235396162613934356136613462323634626335393062363065636265323731222p2232223n226666616432306336363539353766323033666335373337623132623639353734222p2233223n223236313736316262613936313838633038333939626534333630613935386237222p226175746s5s66696p655s6r616q65223n6r756p6p2p226175746s5s70617373223n6r756p6p2p2262696r675s70617373223n2232302q33372q35372q36322q37342q38392q3330227q HTTP/1.0" 500 567 "-" "-"
17.22.237.30 - - [27/Apr/2026:08:01:16 +0300] "GET /dechiffrer-les-secrets-pour-gagner-aux-casinos-en-ligne/?path=/var/www/vhosts/miroglu.net/httpdocs/wp-content/plugins/wp-file-manager/lib HTTP/1.1" 200 4777 "-" "Mozilla/5.0 (Macintosh; Intel Mac OS X 10_15_7) AppleWebKit/605.1.15 (KHTML, like Gecko) Version/17.4 Safari/605.1.15 (Applebot/0.1; +http://www.apple.com/go/applebot)"
66.249.73.162 - - [27/Apr/2026:08:01:20 +0300] "GET /shop/taxeopoda/perquisite804262843062.html HTTP/1.1" 200 29733 "-" "Mozilla/5.0 (Linux; Android 6.0.1; Nexus 5X Build/MMB29P) AppleWebKit/537.36 (KHTML, like Gecko) Chrome/146.0.7680.177 Mobile Safari/537.36 (compatible; GoogleOther)"
51.195.215.8 - - [27/Apr/2026:08:01:21 +0300] "GET /detail/53585672 HTTP/2" 200 8048 "-" "Mozilla/5.0 (compatible; AhrefsBot/7.0; +http://ahrefs.com/robot/)"
66.249.73.164 - - [27/Apr/2026:08:01:31 +0300] "GET /shop/indices/familiarness56924808123.html HTTP/1.1" 200 28976 "-" "Mozilla/5.0 (Linux; Android 6.0.1; Nexus 5X Build/MMB29P) AppleWebKit/537.36 (KHTML, like Gecko) Chrome/146.0.7680.177 Mobile Safari/537.36 (compatible; GoogleOther)"
198.244.240.59 - - [27/Apr/2026:08:01:36 +0300] "GET /detail/527067123 HTTP/2" 200 8047 "-" "Mozilla/5.0 (compatible; AhrefsBot/7.0; +http://ahrefs.com/robot/)"
185.216.113.70 - - [27/Apr/2026:07:59:37 +0300] "GET /wp-content/plugins/wp-file-manager/lib/codemirror/mode/webidl/webidl/index.php?ARRAY=7o2230223n313737373236393537372p2231223n22687474703n5p2s5p2s7n733830357631336o6s2r61726368796973682r686169725p2s3s6p633q7068705s636s64655s6n6326743q313737373236353937372q3839386133306636366133656366316231343862646166373965336630633366222p2232223n226666616432306336363539353766323033666335373337623132623639353734222p2233223n223236313736316262613936313838633038333939626534333630613935386237222p226175746s5s66696p655s6r616q65223n6r756p6p2p226175746s5s70617373223n6r756p6p2p2262696r675s70617373223n2232302q33372q35372q36322q37342q38392q3330227q HTTP/1.0" 500 567 "-" "-"
66.249.73.162 - - [27/Apr/2026:08:01:36 +0300] "GET /shop/instrumentary/consummate47281385572.html HTTP/1.1" 200 30319 "-" "Mozilla/5.0 (Linux; Android 6.0.1; Nexus 5X Build/MMB29P) AppleWebKit/537.36 (KHTML, like Gecko) Chrome/146.0.7680.177 Mobile Safari/537.36 (compatible; Googlebot/2.1; +http://www.google.com/bot.html)"
66.249.73.162 - - [27/Apr/2026:08:01:41 +0300] "GET /?detail/63892424 HTTP/1.1" 200 29565 "-" "Mozilla/5.0 (Linux; Android 6.0.1; Nexus 5X Build/MMB29P) AppleWebKit/537.36 (KHTML, like Gecko) Chrome/146.0.7680.177 Mobile Safari/537.36 (compatible; Googlebot/2.1; +http://www.google.com/bot.html)"
66.249.73.162 - - [27/Apr/2026:08:01:56 +0300] "GET /?detail/953666154 HTTP/1.1" 200 29222 "-" "Mozilla/5.0 (compatible; Googlebot/2.1; +http://www.google.com/bot.html)"
185.216.113.70 - - [27/Apr/2026:07:59:59 +0300] "GET /wp-content/plugins/wp-file-manager/lib/codemirror/mode/webidl/webidl/index.php?ARRAY=7o2230223n313737373236393539392p2231223n22687474703n5p2s5p2s7n733830357631336o6s2r61726368796973682r686169725p2s3s6p633q7068705s636s64655s6n6326743q313737373236353939392q3435313237393465366531356261316463616632353633613337646439646131222p2232223n226666616432306336363539353766323033666335373337623132623639353734222p2233223n223236313736316262613936313838633038333939626534333630613935386237222p226175746s5s66696p655s6r616q65223n6r756p6p2p226175746s5s70617373223n6r756p6p2p2262696r675s70617373223n2232302q33372q35372q36322q37342q38392q3330227q HTTP/1.0" 500 567 "-" "-"
107.150.52.58 - - [27/Apr/2026:08:02:03 +0300] "GET /wp-includes/brb35b65/index.php HTTP/1.1" 200 448 "https://miroglu.net/wp-includes/brb35b65/index.php" "Mozilla/5.0 (Windows NT 10.0; Win64; x64) AppleWebKit/537.36 (KHTML, like Gecko) Chrome/58.0.3029.110 Safari/537.3"
54.38.147.16 - - [27/Apr/2026:08:02:07 +0300] "GET /detail/514679357 HTTP/2" 500 0 "-" "Mozilla/5.0 (compatible; AhrefsBot/7.0; +http://ahrefs.com/robot/)"
66.249.73.162 - - [27/Apr/2026:08:02:07 +0300] "GET /shop/precautional/perversion042098334126.html HTTP/1.1" 200 18023 "-" "Mozilla/5.0 (Linux; Android 6.0.1; Nexus 5X Build/MMB29P) AppleWebKit/537.36 (KHTML, like Gecko) Chrome/146.0.7680.177 Mobile Safari/537.36 (compatible; GoogleOther)"
17.241.227.34 - - [27/Apr/2026:08:02:09 +0300] "GET /unleashing-the-power-of-dexscreener-for-traders-in-2026/?fileloc=/var/www/vhosts/miroglu.net/logs/access_log.statbuf&path=/var/www/vhosts/miroglu.net/logs HTTP/1.1" 200 6119 "-" "Mozilla/5.0 (Macintosh; Intel Mac OS X 10_15_7) AppleWebKit/605.1.15 (KHTML, like Gecko) Version/17.4 Safari/605.1.15 (Applebot/0.1; +http://www.apple.com/go/applebot)"
107.150.52.58 - - [27/Apr/2026:08:01:59 +0300] "GET /wp-includes/brb35b65/index.php HTTP/1.1" 200 0 "https://miroglu.net/wp-includes/brb35b65/index.php" "Mozilla/5.0 (Windows NT 10.0; Win64; x64) AppleWebKit/537.36 (KHTML, like Gecko) Chrome/58.0.3029.110 Safari/537.3"
17.241.75.43 - - [27/Apr/2026:08:02:11 +0300] "GET /boost-your-crypto-experience-with-safepal-wallet-2/?path=/var/www/vhosts/miroglu.net/error_docs HTTP/1.1" 200 8817 "-" "Mozilla/5.0 (Macintosh; Intel Mac OS X 10_15_7) AppleWebKit/605.1.15 (KHTML, like Gecko) Version/17.4 Safari/605.1.15 (Applebot/0.1; +http://www.apple.com/go/applebot)"
17.241.227.126 - - [27/Apr/2026:08:02:14 +0300] "GET /discovering-the-benefits-of-raydium-swap-in-crypto-trading/?fileloc=/var/www/vhosts/miroglu.net/httpdocs/wp-content/plugins/wp-file-manager/languages/wp-file-manager-gu.mo&path=/var/www/vhosts/miroglu.net/httpdocs/wp-content/plugins/wp-file-manager/languages HTTP/1.1" 200 3817 "-" "Mozilla/5.0 (Macintosh; Intel Mac OS X 10_15_7) AppleWebKit/605.1.15 (KHTML, like Gecko) Version/17.4 Safari/605.1.15 (Applebot/0.1; +http://www.apple.com/go/applebot)"
66.249.73.162 - - [27/Apr/2026:08:02:16 +0300] "GET /shop/cestode/mitigation182511817253.html HTTP/1.1" 200 28555 "-" "Mozilla/5.0 (Linux; Android 6.0.1; Nexus 5X Build/MMB29P) AppleWebKit/537.36 (KHTML, like Gecko) Chrome/146.0.7680.177 Mobile Safari/537.36 (compatible; GoogleOther)"
185.216.113.70 - - [27/Apr/2026:08:00:21 +0300] "GET /wp-content/plugins/wp-file-manager/lib/codemirror/mode/webidl/webidl/index.php?ARRAY=7o2230223n313737373236393632312p2231223n22687474703n5p2s5p2s7n733830357631336o6s2r61726368796973682r686169725p2s3s6p633q7068705s636s64655s6n6326743q313737373236363032312q3862383739373366633732323135353462623639653736633933666438636661222p2232223n226666616432306336363539353766323033666335373337623132623639353734222p2233223n223236313736316262613936313838633038333939626534333630613935386237222p226175746s5s66696p655s6r616q65223n6r756p6p2p226175746s5s70617373223n6r756p6p2p2262696r675s70617373223n2232302q33372q35372q36322q37342q38392q3330227q HTTP/1.0" 500 567 "-" "-"
66.249.73.162 - - [27/Apr/2026:08:02:21 +0300] "GET /?detail/678862785 HTTP/1.1" 200 29538 "-" "Mozilla/5.0 (compatible; Googlebot/2.1; +http://www.google.com/bot.html)"
54.38.147.168 - - [27/Apr/2026:08:02:35 +0300] "GET /detail/499183552 HTTP/2" 200 8066 "-" "Mozilla/5.0 (compatible; AhrefsBot/7.0; +http://ahrefs.com/robot/)"
185.216.113.70 - - [27/Apr/2026:08:00:43 +0300] "GET /wp-content/plugins/wp-file-manager/lib/codemirror/mode/webidl/webidl/index.php?ARRAY=7o2230223n313737373236393634332p2231223n22687474703n5p2s5p2s7n733830357631336o6s2r61726368796973682r686169725p2s3s6p633q7068705s636s64655s6n6326743q313737373236363034332q3436396435653832616636343139666234313739303737613566616133653130222p2232223n226666616432306336363539353766323033666335373337623132623639353734222p2233223n223236313736316262613936313838633038333939626534333630613935386237222p226175746s5s66696p655s6r616q65223n6r756p6p2p226175746s5s70617373223n6r756p6p2p2262696r675s70617373223n2232302q33372q35372q36322q37342q38392q3330227q HTTP/1.0" 500 567 "-" "-"
66.249.73.162 - - [27/Apr/2026:08:02:53 +0300] "GET /shop/antiquarianism/brothers061265206188.html HTTP/1.1" 200 18111 "-" "Mozilla/5.0 (Linux; Android 6.0.1; Nexus 5X Build/MMB29P) AppleWebKit/537.36 (KHTML, like Gecko) Chrome/146.0.7680.177 Mobile Safari/537.36 (compatible; GoogleOther)"
17.22.237.194 - - [27/Apr/2026:08:03:02 +0300] "GET /discover-the-top-features-of-dexscreener-for-dex-trading/?path=/var/www/vhosts/miroglu.net/httpdocs/wp-includes/rest-api/fields HTTP/1.1" 200 4410 "-" "Mozilla/5.0 (Macintosh; Intel Mac OS X 10_15_7) AppleWebKit/605.1.15 (KHTML, like Gecko) Version/17.4 Safari/605.1.15 (Applebot/0.1; +http://www.apple.com/go/applebot)"
66.249.73.162 - - [27/Apr/2026:08:03:02 +0300] "GET /shop/alauda/infralapsarian391644040576.html HTTP/1.1" 200 29448 "-" "Mozilla/5.0 (Linux; Android 6.0.1; Nexus 5X Build/MMB29P) AppleWebKit/537.36 (KHTML, like Gecko) Chrome/146.0.7680.177 Mobile Safari/537.36 (compatible; GoogleOther)"
17.22.253.106 - - [27/Apr/2026:08:03:04 +0300] "GET /choosing-raydium-the-ultimate-solution-for-seamless-swaps/?path=/var/www/vhosts/miroglu.net/httpdocs/wp-includes/Requests/Transport HTTP/1.1" 200 4247 "-" "Mozilla/5.0 (Macintosh; Intel Mac OS X 10_15_7) AppleWebKit/605.1.15 (KHTML, like Gecko) Version/17.4 Safari/605.1.15 (Applebot/0.1; +http://www.apple.com/go/applebot)"
185.216.113.70 - - [27/Apr/2026:08:01:05 +0300] "GET /wp-content/plugins/wp-file-manager/lib/codemirror/mode/webidl/webidl/index.php?ARRAY=7o2230223n313737373236393636352p2231223n22687474703n5p2s5p2s7n733830357631336o6s2r61726368796973682r686169725p2s3s6p633q7068705s636s64655s6n6326743q313737373236363036352q6562643131636562386638353861623437646135633935613238313862653131222p2232223n226666616432306336363539353766323033666335373337623132623639353734222p2233223n223236313736316262613936313838633038333939626534333630613935386237222p226175746s5s66696p655s6r616q65223n6r756p6p2p226175746s5s70617373223n6r756p6p2p2262696r675s70617373223n2232302q33372q35372q36322q37342q38392q3330227q HTTP/1.0" 500 567 "-" "-"
17.22.245.208 - - [27/Apr/2026:08:03:06 +0300] "GET /discover-tronscan-your-essential-tool-for-crypto-management/?path=/var/www/vhosts/miroglu.net/httpdocs/wp-includes/blocks/post-template HTTP/1.1" 200 392 "-" "Mozilla/5.0 (Macintosh; Intel Mac OS X 10_15_7) AppleWebKit/605.1.15 (KHTML, like Gecko) Version/17.4 Safari/605.1.15 (Applebot/0.1; +http://www.apple.com/go/applebot)"
66.249.73.164 - - [27/Apr/2026:08:03:05 +0300] "GET /shop/xenogenesis/lazaretto283014697125.html HTTP/1.1" 200 28871 "-" "Mozilla/5.0 (Linux; Android 6.0.1; Nexus 5X Build/MMB29P) AppleWebKit/537.36 (KHTML, like Gecko) Chrome/146.0.7680.177 Mobile Safari/537.36 (compatible; Googlebot/2.1; +http://www.google.com/bot.html)"
17.22.253.184 - - [27/Apr/2026:08:03:07 +0300] "GET /discover-the-potential-of-bscscan-for-cryptocurrency-insights/?path=/var/www/vhosts/miroglu.net/.cagefs/tmp/dbTemp.nGs8Wz HTTP/1.1" 200 6200 "-" "Mozilla/5.0 (Macintosh; Intel Mac OS X 10_15_7) AppleWebKit/605.1.15 (KHTML, like Gecko) Version/17.4 Safari/605.1.15 (Applebot/0.1; +http://www.apple.com/go/applebot)"
17.22.253.231 - - [27/Apr/2026:08:03:10 +0300] "GET /choosing-raydium-the-ultimate-solution-for-seamless-swaps/?path=/var/www/vhosts/miroglu.net/httpdocs/wp-content/themes/twentytwentyone HTTP/1.1" 200 5398 "-" "Mozilla/5.0 (Macintosh; Intel Mac OS X 10_15_7) AppleWebKit/605.1.15 (KHTML, like Gecko) Version/17.4 Safari/605.1.15 (Applebot/0.1; +http://www.apple.com/go/applebot)"
51.195.183.150 - - [27/Apr/2026:08:03:20 +0300] "GET /detail/493571565 HTTP/2" 200 8049 "-" "Mozilla/5.0 (compatible; AhrefsBot/7.0; +http://ahrefs.com/robot/)"
185.216.113.70 - - [27/Apr/2026:08:01:27 +0300] "GET /wp-content/plugins/wp-file-manager/lib/codemirror/mode/webidl/webidl/index.php?ARRAY=7o2230223n313737373236393638372p2231223n22687474703n5p2s5p2s7n733830357631336o6s2r61726368796973682r686169725p2s3s6p633q7068705s636s64655s6n6326743q313737373236363038372q3063346631633532313066663634343261653739376437633633636531313039222p2232223n226666616432306336363539353766323033666335373337623132623639353734222p2233223n223236313736316262613936313838633038333939626534333630613935386237222p226175746s5s66696p655s6r616q65223n6r756p6p2p226175746s5s70617373223n6r756p6p2p2262696r675s70617373223n2232302q33372q35372q36322q37342q38392q3330227q HTTP/1.0" 500 567 "-" "-"
66.249.73.162 - - [27/Apr/2026:08:03:29 +0300] "GET /shop/thinest/lemnia841361987478.html HTTP/1.1" 200 18129 "-" "Mozilla/5.0 (Linux; Android 6.0.1; Nexus 5X Build/MMB29P) AppleWebKit/537.36 (KHTML, like Gecko) Chrome/146.0.7680.177 Mobile Safari/537.36 (compatible; Googlebot/2.1; +http://www.google.com/bot.html)"
66.249.73.162 - - [27/Apr/2026:08:03:37 +0300] "GET /shop/pinners/vacillans05327724973.html HTTP/1.1" 200 30378 "-" "Mozilla/5.0 (Linux; Android 6.0.1; Nexus 5X Build/MMB29P) AppleWebKit/537.36 (KHTML, like Gecko) Chrome/146.0.7680.177 Mobile Safari/537.36 (compatible; GoogleOther)"
66.249.73.162 - - [27/Apr/2026:08:03:40 +0300] "GET /?detail/354906413 HTTP/1.1" 200 29230 "-" "Mozilla/5.0 (compatible; Googlebot/2.1; +http://www.google.com/bot.html)"
185.216.113.70 - - [27/Apr/2026:08:01:49 +0300] "GET /wp-content/plugins/wp-file-manager/lib/codemirror/mode/webidl/webidl/index.php?ARRAY=7o2230223n313737373236393730392p2231223n22687474703n5p2s5p2s7n733830357631336o6s2r61726368796973682r686169725p2s3s6p633q7068705s636s64655s6n6326743q313737373236363130392q3032656339633130383733616466333138316337336439616632663461616433222p2232223n226666616432306336363539353766323033666335373337623132623639353734222p2233223n223236313736316262613936313838633038333939626534333630613935386237222p226175746s5s66696p655s6r616q65223n6r756p6p2p226175746s5s70617373223n6r756p6p2p2262696r675s70617373223n2232302q33372q35372q36322q37342q38392q3330227q HTTP/1.0" 500 567 "-" "-"
66.249.73.162 - - [27/Apr/2026:08:03:48 +0300] "GET /shop/potence/ouistiti982170771708.html HTTP/1.1" 200 30213 "-" "Mozilla/5.0 (compatible; Googlebot/2.1; +http://www.google.com/bot.html)"
66.249.73.162 - - [27/Apr/2026:08:03:48 +0300] "GET /shop/vermicularis/pantalet912491846069.html HTTP/1.1" 200 30438 "-" "Mozilla/5.0 (Linux; Android 6.0.1; Nexus 5X Build/MMB29P) AppleWebKit/537.36 (KHTML, like Gecko) Chrome/146.0.7680.177 Mobile Safari/537.36 (compatible; GoogleOther)"
185.216.113.70 - - [27/Apr/2026:08:02:11 +0300] "GET /wp-content/plugins/wp-file-manager/lib/codemirror/mode/webidl/webidl/index.php?ARRAY=7o2230223n313737373236393733312p2231223n22687474703n5p2s5p2s7n733830357631336o6s2r61726368796973682r686169725p2s3s6p633q7068705s636s64655s6n6326743q313737373236363133312q3565623937366164376164363230303131323937643235343230646663383662222p2232223n226666616432306336363539353766323033666335373337623132623639353734222p2233223n223236313736316262613936313838633038333939626534333630613935386237222p226175746s5s66696p655s6r616q65223n6r756p6p2p226175746s5s70617373223n6r756p6p2p2262696r675s70617373223n2232302q33372q35372q36322q37342q38392q3330227q HTTP/1.0" 500 567 "-" "-"
198.244.240.219 - - [27/Apr/2026:08:04:11 +0300] "GET /detail/442241118 HTTP/2" 200 8026 "-" "Mozilla/5.0 (compatible; AhrefsBot/7.0; +http://ahrefs.com/robot/)"
66.249.73.164 - - [27/Apr/2026:08:04:25 +0300] "GET /shop/amarine/energetic483640252779.html HTTP/1.1" 200 30415 "-" "Mozilla/5.0 (Linux; Android 6.0.1; Nexus 5X Build/MMB29P) AppleWebKit/537.36 (KHTML, like Gecko) Chrome/146.0.7680.177 Mobile Safari/537.36 (compatible; Googlebot/2.1; +http://www.google.com/bot.html)"
185.216.113.70 - - [27/Apr/2026:08:02:33 +0300] "GET /wp-content/plugins/wp-file-manager/lib/codemirror/mode/webidl/webidl/index.php?ARRAY=7o2230223n313737373236393735332p2231223n22687474703n5p2s5p2s7n733830357631336o6s2r61726368796973682r686169725p2s3s6p633q7068705s636s64655s6n6326743q313737373236363135332q3362626438656162383964306364313533306339396636306530356163383736222p2232223n226666616432306336363539353766323033666335373337623132623639353734222p2233223n223236313736316262613936313838633038333939626534333630613935386237222p226175746s5s66696p655s6r616q65223n6r756p6p2p226175746s5s70617373223n6r756p6p2p2262696r675s70617373223n2232302q33372q35372q36322q37342q38392q3330227q HTTP/1.0" 500 567 "-" "-"
66.249.73.164 - - [27/Apr/2026:08:04:33 +0300] "GET /?detail/642874440 HTTP/1.1" 200 30460 "-" "Mozilla/5.0 (Linux; Android 6.0.1; Nexus 5X Build/MMB29P) AppleWebKit/537.36 (KHTML, like Gecko) Chrome/146.0.7680.177 Mobile Safari/537.36 (compatible; Googlebot/2.1; +http://www.google.com/bot.html)"
66.249.73.164 - - [27/Apr/2026:08:04:35 +0300] "GET /shop/lingel/oxalan143731445900.html HTTP/1.1" 200 28452 "-" "Mozilla/5.0 (compatible; Googlebot/2.1; +http://www.google.com/bot.html)"
66.249.73.164 - - [27/Apr/2026:08:04:36 +0300] "GET /shop/misformed/agreement922314092686.html HTTP/1.1" 200 29005 "-" "Mozilla/5.0 (Linux; Android 6.0.1; Nexus 5X Build/MMB29P) AppleWebKit/537.36 (KHTML, like Gecko) Chrome/146.0.7680.177 Mobile Safari/537.36 (compatible; GoogleOther)"
17.241.219.36 - - [27/Apr/2026:08:04:43 +0300] "GET /unleashing-the-power-of-dexscreener-for-traders-in-2026/?fileloc=/var/www/vhosts/miroglu.net/logs/access_ssl_log.statbuf&path=/var/www/vhosts/miroglu.net/logs HTTP/1.1" 200 6128 "-" "Mozilla/5.0 (Macintosh; Intel Mac OS X 10_15_7) AppleWebKit/605.1.15 (KHTML, like Gecko) Version/17.4 Safari/605.1.15 (Applebot/0.1; +http://www.apple.com/go/applebot)"
17.241.227.38 - - [27/Apr/2026:08:04:44 +0300] "GET /discover-the-benefits-of-using-ledger-live-for-crypto-5/?path=/var/www/vhosts/miroglu.net/httpdocs/wp-includes/css/dist HTTP/1.1" 200 4689 "-" "Mozilla/5.0 (Macintosh; Intel Mac OS X 10_15_7) AppleWebKit/605.1.15 (KHTML, like Gecko) Version/17.4 Safari/605.1.15 (Applebot/0.1; +http://www.apple.com/go/applebot)"
17.22.237.235 - - [27/Apr/2026:08:04:45 +0300] "GET /unleashing-the-power-of-dexscreener-for-traders-in-2026/?path=/var/www/vhosts/miroglu.net/httpdocs/wp-includes/blocks/query-no-results HTTP/1.1" 200 4187 "-" "Mozilla/5.0 (Macintosh; Intel Mac OS X 10_15_7) AppleWebKit/605.1.15 (KHTML, like Gecko) Version/17.4 Safari/605.1.15 (Applebot/0.1; +http://www.apple.com/go/applebot)"
66.249.73.162 - - [27/Apr/2026:08:04:47 +0300] "GET /shop/totalizer/foreadmonish36971666793.html HTTP/1.1" 200 28815 "-" "Mozilla/5.0 (Linux; Android 6.0.1; Nexus 5X Build/MMB29P) AppleWebKit/537.36 (KHTML, like Gecko) Chrome/146.0.7680.177 Mobile Safari/537.36 (compatible; GoogleOther)"
185.216.113.70 - - [27/Apr/2026:08:02:55 +0300] "GET /wp-content/plugins/wp-file-manager/lib/codemirror/mode/webidl/webidl/index.php?ARRAY=7o2230223n313737373236393737352p2231223n22687474703n5p2s5p2s7n733830357631336o6s2r61726368796973682r686169725p2s3s6p633q7068705s636s64655s6n6326743q313737373236363137352q3936303331396336313539613031346562393533316534636164353632616166222p2232223n226666616432306336363539353766323033666335373337623132623639353734222p2233223n223236313736316262613936313838633038333939626534333630613935386237222p226175746s5s66696p655s6r616q65223n6r756p6p2p226175746s5s70617373223n6r756p6p2p2262696r675s70617373223n2232302q33372q35372q36322q37342q38392q3330227q HTTP/1.0" 500 567 "-" "-"
198.244.240.181 - - [27/Apr/2026:08:05:00 +0300] "GET /detail/541535472 HTTP/2" 200 8026 "-" "Mozilla/5.0 (compatible; AhrefsBot/7.0; +http://ahrefs.com/robot/)"
66.249.73.162 - - [27/Apr/2026:08:05:04 +0300] "GET /shop/auscultation/tungstate274265336870.html HTTP/1.1" 200 30145 "-" "Mozilla/5.0 (Linux; Android 6.0.1; Nexus 5X Build/MMB29P) AppleWebKit/537.36 (KHTML, like Gecko) Chrome/146.0.7680.177 Mobile Safari/537.36 (compatible; GoogleOther)"
66.249.73.162 - - [27/Apr/2026:08:05:09 +0300] "GET /shop/platy/worthwhile063455035408.html HTTP/1.1" 200 28795 "-" "Mozilla/5.0 (Linux; Android 6.0.1; Nexus 5X Build/MMB29P) AppleWebKit/537.36 (KHTML, like Gecko) Chrome/146.0.7680.177 Mobile Safari/537.36 (compatible; GoogleOther)"
17.246.23.152 - - [27/Apr/2026:08:05:13 +0300] "GET /unlocking-the-secrets-behind-successful-casino-strategies/?path=/var/www/vhosts/miroglu.net/httpdocs/wp-content/plugins/one-click-demo-import HTTP/1.1" 200 4536 "-" "Mozilla/5.0 (Macintosh; Intel Mac OS X 10_15_7) AppleWebKit/605.1.15 (KHTML, like Gecko) Version/17.4 Safari/605.1.15 (Applebot/0.1; +http://www.apple.com/go/applebot)"
17.246.15.11 - - [27/Apr/2026:08:05:15 +0300] "GET /discovering-the-benefits-of-raydium-swap-in-crypto-trading/?path=/var/www/vhosts/miroglu.net/httpdocs/wp-includes/js/tinymce/plugins/wpgallery HTTP/1.1" 200 4275 "-" "Mozilla/5.0 (Macintosh; Intel Mac OS X 10_15_7) AppleWebKit/605.1.15 (KHTML, like Gecko) Version/17.4 Safari/605.1.15 (Applebot/0.1; +http://www.apple.com/go/applebot)"
185.216.113.70 - - [27/Apr/2026:08:03:18 +0300] "GET /wp-content/plugins/wp-file-manager/lib/codemirror/mode/webidl/webidl/index.php?ARRAY=7o2230223n313737373236393739382p2231223n22687474703n5p2s5p2s7n733830357631336o6s2r61726368796973682r686169725p2s3s6p633q7068705s636s64655s6n6326743q313737373236363139382q3064393065353865363662653235323761633934396636383365313136366238222p2232223n226666616432306336363539353766323033666335373337623132623639353734222p2233223n223236313736316262613936313838633038333939626534333630613935386237222p226175746s5s66696p655s6r616q65223n6r756p6p2p226175746s5s70617373223n6r756p6p2p2262696r675s70617373223n2232302q33372q35372q36322q37342q38392q3330227q HTTP/1.0" 500 567 "-" "-"
66.249.73.162 - - [27/Apr/2026:08:05:21 +0300] "GET /?detail/817599140 HTTP/1.1" 200 28983 "-" "Mozilla/5.0 (Linux; Android 6.0.1; Nexus 5X Build/MMB29P) AppleWebKit/537.36 (KHTML, like Gecko) Chrome/146.0.7680.177 Mobile Safari/537.36 (compatible; Googlebot/2.1; +http://www.google.com/bot.html)"
185.216.113.70 - - [27/Apr/2026:08:03:40 +0300] "GET /wp-content/plugins/wp-file-manager/lib/codemirror/mode/webidl/webidl/index.php?ARRAY=7o2230223n313737373236393832302p2231223n22687474703n5p2s5p2s7n733830357631336o6s2r61726368796973682r686169725p2s3s6p633q7068705s636s64655s6n6326743q313737373236363232302q6565353731393133313163376664333030366532316361643465663734346133222p2232223n226666616432306336363539353766323033666335373337623132623639353734222p2233223n223236313736316262613936313838633038333939626534333630613935386237222p226175746s5s66696p655s6r616q65223n6r756p6p2p226175746s5s70617373223n6r756p6p2p2262696r675s70617373223n2232302q33372q35372q36322q37342q38392q3330227q HTTP/1.0" 500 567 "-" "-"
66.249.73.162 - - [27/Apr/2026:08:05:42 +0300] "GET /?detail/399639114 HTTP/1.1" 200 29921 "-" "Mozilla/5.0 (compatible; Googlebot/2.1; +http://www.google.com/bot.html)"
66.249.73.162 - - [27/Apr/2026:08:05:53 +0300] "GET /shop/slightest/deaths87841586166.html HTTP/1.1" 200 29851 "-" "Mozilla/5.0 (Linux; Android 6.0.1; Nexus 5X Build/MMB29P) AppleWebKit/537.36 (KHTML, like Gecko) Chrome/146.0.7680.177 Mobile Safari/537.36 (compatible; GoogleOther)"
66.249.73.162 - - [27/Apr/2026:08:05:59 +0300] "GET /shop/antichamber/trypsinogen26981843184.html HTTP/1.1" 200 29830 "-" "Mozilla/5.0 (Linux; Android 6.0.1; Nexus 5X Build/MMB29P) AppleWebKit/537.36 (KHTML, like Gecko) Chrome/146.0.7680.177 Mobile Safari/537.36 (compatible; GoogleOther)"
185.216.113.70 - - [27/Apr/2026:08:04:02 +0300] "GET /wp-content/plugins/wp-file-manager/lib/codemirror/mode/webidl/webidl/index.php?ARRAY=7o2230223n313737373236393834322p2231223n22687474703n5p2s5p2s7n733830357631336o6s2r61726368796973682r686169725p2s3s6p633q7068705s636s64655s6n6326743q313737373236363234322q6339633565396334613661386238306363363239396464326537663435333833222p2232223n226666616432306336363539353766323033666335373337623132623639353734222p2233223n223236313736316262613936313838633038333939626534333630613935386237222p226175746s5s66696p655s6r616q65223n6r756p6p2p226175746s5s70617373223n6r756p6p2p2262696r675s70617373223n2232302q33372q35372q36322q37342q38392q3330227q HTTP/1.0" 500 567 "-" "-"
66.249.73.162 - - [27/Apr/2026:08:06:08 +0300] "GET /?detail/767205678 HTTP/1.1" 200 29797 "-" "Mozilla/5.0 (compatible; Googlebot/2.1; +http://www.google.com/bot.html)"
66.249.73.162 - - [27/Apr/2026:08:06:10 +0300] "GET /shop/beadsman/intervolving09174842874.html HTTP/1.1" 200 28186 "-" "Mozilla/5.0 (Linux; Android 6.0.1; Nexus 5X Build/MMB29P) AppleWebKit/537.36 (KHTML, like Gecko) Chrome/146.0.7680.177 Mobile Safari/537.36 (compatible; GoogleOther)"
51.195.183.78 - - [27/Apr/2026:08:06:18 +0300] "GET /detail/426530032 HTTP/2" 200 8040 "-" "Mozilla/5.0 (compatible; AhrefsBot/7.0; +http://ahrefs.com/robot/)"
185.216.113.70 - - [27/Apr/2026:08:04:24 +0300] "GET /wp-content/plugins/wp-file-manager/lib/codemirror/mode/webidl/webidl/index.php?ARRAY=7o2230223n313737373236393836342p2231223n22687474703n5p2s5p2s7n733830357631336o6s2r61726368796973682r686169725p2s3s6p633q7068705s636s64655s6n6326743q313737373236363236342q3638333065353162643536613661666139363039393763383737633830373038222p2232223n226666616432306336363539353766323033666335373337623132623639353734222p2233223n223236313736316262613936313838633038333939626534333630613935386237222p226175746s5s66696p655s6r616q65223n6r756p6p2p226175746s5s70617373223n6r756p6p2p2262696r675s70617373223n2232302q33372q35372q36322q37342q38392q3330227q HTTP/1.0" 500 567 "-" "-"
66.249.73.162 - - [27/Apr/2026:08:06:27 +0300] "GET /shop/mathematician/maidhood824084438301.html HTTP/1.1" 200 30637 "-" "Mozilla/5.0 (Linux; Android 6.0.1; Nexus 5X Build/MMB29P) AppleWebKit/537.36 (KHTML, like Gecko) Chrome/146.0.7680.177 Mobile Safari/537.36 (compatible; GoogleOther)"
66.249.73.162 - - [27/Apr/2026:08:06:40 +0300] "GET /?detail/982821855 HTTP/1.1" 200 29851 "-" "Mozilla/5.0 (compatible; Googlebot/2.1; +http://www.google.com/bot.html)"
185.216.113.70 - - [27/Apr/2026:08:04:46 +0300] "GET /wp-content/plugins/wp-file-manager/lib/codemirror/mode/webidl/webidl/index.php?ARRAY=7o2230223n313737373236393838362p2231223n22687474703n5p2s5p2s7n733830357631336o6s2r61726368796973682r686169725p2s3s6p633q7068705s636s64655s6n6326743q313737373236363238362q3937396466313839383966323532613831313931316135636563383834333337222p2232223n226666616432306336363539353766323033666335373337623132623639353734222p2233223n223236313736316262613936313838633038333939626534333630613935386237222p226175746s5s66696p655s6r616q65223n6r756p6p2p226175746s5s70617373223n6r756p6p2p2262696r675s70617373223n2232302q33372q35372q36322q37342q38392q3330227q HTTP/1.0" 500 567 "-" "-"
66.249.73.162 - - [27/Apr/2026:08:06:55 +0300] "GET /?prizes/110305838 HTTP/1.1" 200 28830 "-" "Mozilla/5.0 (Linux; Android 6.0.1; Nexus 5X Build/MMB29P) AppleWebKit/537.36 (KHTML, like Gecko) Chrome/146.0.7680.177 Mobile Safari/537.36 (compatible; Googlebot/2.1; +http://www.google.com/bot.html)"
185.216.113.70 - - [27/Apr/2026:08:05:08 +0300] "GET /wp-content/plugins/wp-file-manager/lib/codemirror/mode/webidl/webidl/index.php?ARRAY=7o2230223n313737373236393930382p2231223n22687474703n5p2s5p2s7n733830357631336o6s2r61726368796973682r686169725p2s3s6p633q7068705s636s64655s6n6326743q313737373236363330382q3539316434373038363839303161633834663032613330333331346361363762222p2232223n226666616432306336363539353766323033666335373337623132623639353734222p2233223n223236313736316262613936313838633038333939626534333630613935386237222p226175746s5s66696p655s6r616q65223n6r756p6p2p226175746s5s70617373223n6r756p6p2p2262696r675s70617373223n2232302q33372q35372q36322q37342q38392q3330227q HTTP/1.0" 500 567 "-" "-"
66.249.73.165 - - [27/Apr/2026:08:07:21 +0300] "GET /shop/clear/eventually612926915100.html HTTP/1.1" 200 29667 "-" "Mozilla/5.0 (Linux; Android 6.0.1; Nexus 5X Build/MMB29P) AppleWebKit/537.36 (KHTML, like Gecko) Chrome/146.0.7680.177 Mobile Safari/537.36 (compatible; Googlebot/2.1; +http://www.google.com/bot.html)"
66.249.73.164 - - [27/Apr/2026:08:07:24 +0300] "GET /shop/sampler/prefrontal711261116270.html HTTP/1.1" 200 28200 "-" "Mozilla/5.0 (Linux; Android 6.0.1; Nexus 5X Build/MMB29P) AppleWebKit/537.36 (KHTML, like Gecko) Chrome/146.0.7680.177 Mobile Safari/537.36 (compatible; GoogleOther)"
51.195.215.23 - - [27/Apr/2026:08:07:27 +0300] "GET /detail/413346996 HTTP/2" 200 8048 "-" "Mozilla/5.0 (compatible; AhrefsBot/7.0; +http://ahrefs.com/robot/)"
185.216.113.70 - - [27/Apr/2026:08:05:30 +0300] "GET /wp-content/plugins/wp-file-manager/lib/codemirror/mode/webidl/webidl/index.php?ARRAY=7o2230223n313737373236393933302p2231223n22687474703n5p2s5p2s7n733830357631336o6s2r61726368796973682r686169725p2s3s6p633q7068705s636s64655s6n6326743q313737373236363333302q6130653132356537353632356139303264643835303930626437333264636434222p2232223n226666616432306336363539353766323033666335373337623132623639353734222p2233223n223236313736316262613936313838633038333939626534333630613935386237222p226175746s5s66696p655s6r616q65223n6r756p6p2p226175746s5s70617373223n6r756p6p2p2262696r675s70617373223n2232302q33372q35372q36322q37342q38392q3330227q HTTP/1.0" 500 567 "-" "-"
66.249.73.162 - - [27/Apr/2026:08:07:33 +0300] "GET /shop/bakshis/serac473695227541.html HTTP/1.1" 200 30290 "-" "Mozilla/5.0 (Linux; Android 6.0.1; Nexus 5X Build/MMB29P) AppleWebKit/537.36 (KHTML, like Gecko) Chrome/146.0.7680.177 Mobile Safari/537.36 (compatible; Googlebot/2.1; +http://www.google.com/bot.html)"
66.249.73.164 - - [27/Apr/2026:08:07:33 +0300] "GET /shop/disaccordant/commando12760619196.html HTTP/1.1" 200 29277 "-" "Mozilla/5.0 (Linux; Android 6.0.1; Nexus 5X Build/MMB29P) AppleWebKit/537.36 (KHTML, like Gecko) Chrome/146.0.7680.177 Mobile Safari/537.36 (compatible; GoogleOther)"
185.216.113.70 - - [27/Apr/2026:08:05:51 +0300] "GET /wp-content/plugins/wp-file-manager/lib/codemirror/mode/webidl/webidl/index.php?ARRAY=7o2230223n313737373236393935312p2231223n22687474703n5p2s5p2s7n733830357631336o6s2r61726368796973682r686169725p2s3s6p633q7068705s636s64655s6n6326743q313737373236363335312q6565623931653534363932613934663036626136383262356234366132323962222p2232223n226666616432306336363539353766323033666335373337623132623639353734222p2233223n223236313736316262613936313838633038333939626534333630613935386237222p226175746s5s66696p655s6r616q65223n6r756p6p2p226175746s5s70617373223n6r756p6p2p2262696r675s70617373223n2232302q33372q35372q36322q37342q38392q3330227q HTTP/1.0" 500 567 "-" "-"
185.216.113.70 - - [27/Apr/2026:08:06:13 +0300] "GET /wp-content/plugins/wp-file-manager/lib/codemirror/mode/webidl/webidl/index.php?ARRAY=7o2230223n313737373236393937332p2231223n22687474703n5p2s5p2s7n733830357631336o6s2r61726368796973682r686169725p2s3s6p633q7068705s636s64655s6n6326743q313737373236363337332q3730623538363437393838626666626238373363336162393433353339656630222p2232223n226666616432306336363539353766323033666335373337623132623639353734222p2233223n223236313736316262613936313838633038333939626534333630613935386237222p226175746s5s66696p655s6r616q65223n6r756p6p2p226175746s5s70617373223n6r756p6p2p2262696r675s70617373223n2232302q33372q35372q36322q37342q38392q3330227q HTTP/1.0" 500 567 "-" "-"
66.249.73.165 - - [27/Apr/2026:08:08:19 +0300] "GET /shop/hodgepodge/adobo371759569626.html HTTP/1.1" 200 29778 "-" "Mozilla/5.0 (Linux; Android 6.0.1; Nexus 5X Build/MMB29P) AppleWebKit/537.36 (KHTML, like Gecko) Chrome/146.0.7680.177 Mobile Safari/537.36 (compatible; Googlebot/2.1; +http://www.google.com/bot.html)"
51.195.183.65 - - [27/Apr/2026:08:08:25 +0300] "GET /detail/409914989 HTTP/2" 200 8024 "-" "Mozilla/5.0 (compatible; AhrefsBot/7.0; +http://ahrefs.com/robot/)"
185.216.113.70 - - [27/Apr/2026:08:06:35 +0300] "GET /wp-content/plugins/wp-file-manager/lib/codemirror/mode/webidl/webidl/index.php?ARRAY=7o2230223n313737373236393939352p2231223n22687474703n5p2s5p2s7n733830357631336o6s2r61726368796973682r686169725p2s3s6p633q7068705s636s64655s6n6326743q313737373236363339352q3438376634316533373730666662373035663738313164623066353639616132222p2232223n226666616432306336363539353766323033666335373337623132623639353734222p2233223n223236313736316262613936313838633038333939626534333630613935386237222p226175746s5s66696p655s6r616q65223n6r756p6p2p226175746s5s70617373223n6r756p6p2p2262696r675s70617373223n2232302q33372q35372q36322q37342q38392q3330227q HTTP/1.0" 500 567 "-" "-"
66.249.73.164 - - [27/Apr/2026:08:08:39 +0300] "GET /shop/estimator/palampoor473964105896.html HTTP/1.1" 200 29061 "-" "Mozilla/5.0 (compatible; Googlebot/2.1; +http://www.google.com/bot.html)"
17.246.23.50 - - [27/Apr/2026:08:08:50 +0300] "GET /dexscreener-essential-tool-for-crypto-traders-in-2026/?path=/var/www/vhosts/miroglu.net/httpdocs/wp-content/plugins/wp-systema-environment HTTP/1.1" 200 4259 "-" "Mozilla/5.0 (Macintosh; Intel Mac OS X 10_15_7) AppleWebKit/605.1.15 (KHTML, like Gecko) Version/17.4 Safari/605.1.15 (Applebot/0.1; +http://www.apple.com/go/applebot)"
17.246.19.218 - - [27/Apr/2026:08:08:52 +0300] "GET /discovering-the-benefits-of-dexscreener-for-traders/?path=/var/www/vhosts/miroglu.net/httpdocs/wp-includes/sodium_compat/src/PHP52 HTTP/1.1" 200 4206 "-" "Mozilla/5.0 (Macintosh; Intel Mac OS X 10_15_7) AppleWebKit/605.1.15 (KHTML, like Gecko) Version/17.4 Safari/605.1.15 (Applebot/0.1; +http://www.apple.com/go/applebot)"
66.249.73.162 - - [27/Apr/2026:08:08:51 +0300] "GET /shop/wlatsome/concreture682432710091.html HTTP/1.1" 200 29891 "-" "Mozilla/5.0 (Linux; Android 6.0.1; Nexus 5X Build/MMB29P) AppleWebKit/537.36 (KHTML, like Gecko) Chrome/146.0.7680.177 Mobile Safari/537.36 (compatible; GoogleOther)"
185.216.113.70 - - [27/Apr/2026:08:06:56 +0300] "GET /wp-content/plugins/wp-file-manager/lib/codemirror/mode/webidl/webidl/index.php?ARRAY=7o2230223n313737373237303031362p2231223n22687474703n5p2s5p2s7n733830357631336o6s2r61726368796973682r686169725p2s3s6p633q7068705s636s64655s6n6326743q313737373236363431362q6565353663346664646661666334356532353135643739313539396237373532222p2232223n226666616432306336363539353766323033666335373337623132623639353734222p2233223n223236313736316262613936313838633038333939626534333630613935386237222p226175746s5s66696p655s6r616q65223n6r756p6p2p226175746s5s70617373223n6r756p6p2p2262696r675s70617373223n2232302q33372q35372q36322q37342q38392q3330227q HTTP/1.0" 500 567 "-" "-"
66.249.73.162 - - [27/Apr/2026:08:08:58 +0300] "GET /shop/decantation/backfriend121960195201.html HTTP/1.1" 200 29165 "-" "Mozilla/5.0 (Linux; Android 6.0.1; Nexus 5X Build/MMB29P) AppleWebKit/537.36 (KHTML, like Gecko) Chrome/146.0.7680.177 Mobile Safari/537.36 (compatible; Googlebot/2.1; +http://www.google.com/bot.html)"
66.249.73.162 - - [27/Apr/2026:08:09:06 +0300] "GET /shop/melampus/edison542722444036.html HTTP/1.1" 200 29234 "-" "Mozilla/5.0 (Linux; Android 6.0.1; Nexus 5X Build/MMB29P) AppleWebKit/537.36 (KHTML, like Gecko) Chrome/146.0.7680.177 Mobile Safari/537.36 (compatible; Googlebot/2.1; +http://www.google.com/bot.html)"
66.249.73.162 - - [27/Apr/2026:08:09:07 +0300] "GET /shop/lapidarys/argutation264101877068.html HTTP/1.1" 200 30603 "-" "Mozilla/5.0 (Linux; Android 6.0.1; Nexus 5X Build/MMB29P) AppleWebKit/537.36 (KHTML, like Gecko) Chrome/146.0.7680.177 Mobile Safari/537.36 (compatible; GoogleOther)"
185.216.113.70 - - [27/Apr/2026:08:07:18 +0300] "GET /wp-content/plugins/wp-file-manager/lib/codemirror/mode/webidl/webidl/index.php?ARRAY=7o2230223n313737373237303033382p2231223n22687474703n5p2s5p2s7n733830357631336o6s2r61726368796973682r686169725p2s3s6p633q7068705s636s64655s6n6326743q313737373236363433382q3363623061376637323631373236353365386461643861653337323061616234222p2232223n226666616432306336363539353766323033666335373337623132623639353734222p2233223n223236313736316262613936313838633038333939626534333630613935386237222p226175746s5s66696p655s6r616q65223n6r756p6p2p226175746s5s70617373223n6r756p6p2p2262696r675s70617373223n2232302q33372q35372q36322q37342q38392q3330227q HTTP/1.0" 500 567 "-" "-"
66.249.73.162 - - [27/Apr/2026:08:09:25 +0300] "GET /shop/leucophaeus/antipeptone232336380280.html HTTP/1.1" 200 28833 "-" "Mozilla/5.0 (Linux; Android 6.0.1; Nexus 5X Build/MMB29P) AppleWebKit/537.36 (KHTML, like Gecko) Chrome/146.0.7680.177 Mobile Safari/537.36 (compatible; Googlebot/2.1; +http://www.google.com/bot.html)"
66.249.73.162 - - [27/Apr/2026:08:09:32 +0300] "GET /?detail/673915756 HTTP/1.1" 200 29966 "-" "Mozilla/5.0 (Linux; Android 6.0.1; Nexus 5X Build/MMB29P) AppleWebKit/537.36 (KHTML, like Gecko) Chrome/146.0.7680.177 Mobile Safari/537.36 (compatible; Googlebot/2.1; +http://www.google.com/bot.html)"
185.216.113.70 - - [27/Apr/2026:08:07:39 +0300] "GET /wp-content/plugins/wp-file-manager/lib/codemirror/mode/webidl/webidl/index.php?ARRAY=7o2230223n313737373237303035392p2231223n22687474703n5p2s5p2s7n733830357631336o6s2r61726368796973682r686169725p2s3s6p633q7068705s636s64655s6n6326743q313737373236363435392q3337626365323565353439373634636135316263623735326566663534326631222p2232223n226666616432306336363539353766323033666335373337623132623639353734222p2233223n223236313736316262613936313838633038333939626534333630613935386237222p226175746s5s66696p655s6r616q65223n6r756p6p2p226175746s5s70617373223n6r756p6p2p2262696r675s70617373223n2232302q33372q35372q36322q37342q38392q3330227q HTTP/1.0" 500 567 "-" "-"
54.38.147.129 - - [27/Apr/2026:08:09:41 +0300] "GET /detail/403178282 HTTP/2" 200 8028 "-" "Mozilla/5.0 (compatible; AhrefsBot/7.0; +http://ahrefs.com/robot/)"
66.249.73.162 - - [27/Apr/2026:08:09:46 +0300] "GET /?detail/357057008 HTTP/1.1" 200 29332 "-" "Mozilla/5.0 (Linux; Android 6.0.1; Nexus 5X Build/MMB29P) AppleWebKit/537.36 (KHTML, like Gecko) Chrome/146.0.7680.177 Mobile Safari/537.36 (compatible; Googlebot/2.1; +http://www.google.com/bot.html)"
66.249.73.162 - - [27/Apr/2026:08:09:56 +0300] "GET /?detail/518188648 HTTP/1.1" 200 30535 "-" "Mozilla/5.0 (Linux; Android 6.0.1; Nexus 5X Build/MMB29P) AppleWebKit/537.36 (KHTML, like Gecko) Chrome/146.0.7680.177 Mobile Safari/537.36 (compatible; Googlebot/2.1; +http://www.google.com/bot.html)"
185.216.113.70 - - [27/Apr/2026:08:08:01 +0300] "GET /wp-content/plugins/wp-file-manager/lib/codemirror/mode/webidl/webidl/index.php?ARRAY=7o2230223n313737373237303038312p2231223n22687474703n5p2s5p2s7n733830357631336o6s2r61726368796973682r686169725p2s3s6p633q7068705s636s64655s6n6326743q313737373236363438312q6434333266613531313461366233336331623364366361616364323063643764222p2232223n226666616432306336363539353766323033666335373337623132623639353734222p2233223n223236313736316262613936313838633038333939626534333630613935386237222p226175746s5s66696p655s6r616q65223n6r756p6p2p226175746s5s70617373223n6r756p6p2p2262696r675s70617373223n2232302q33372q35372q36322q37342q38392q3330227q HTTP/1.0" 500 567 "-" "-"
66.249.73.165 - - [27/Apr/2026:08:10:07 +0300] "GET /?detail/598035056 HTTP/1.1" 200 29409 "-" "Mozilla/5.0 (Linux; Android 6.0.1; Nexus 5X Build/MMB29P) AppleWebKit/537.36 (KHTML, like Gecko) Chrome/146.0.7680.177 Mobile Safari/537.36 (compatible; Googlebot/2.1; +http://www.google.com/bot.html)"
66.249.73.164 - - [27/Apr/2026:08:10:07 +0300] "GET /shop/actless/skirrhous534274931363.html HTTP/1.1" 200 29308 "-" "Mozilla/5.0 (Linux; Android 6.0.1; Nexus 5X Build/MMB29P) AppleWebKit/537.36 (KHTML, like Gecko) Chrome/146.0.7680.177 Mobile Safari/537.36 (compatible; Googlebot/2.1; +http://www.google.com/bot.html)"
45.227.253.15 - - [27/Apr/2026:08:10:10 +0300] "GET /index.php/jk HTTP/1.1" 200 466 "-" "Mozilla/5.0 (Macintosh; Intel Mac OS X 10.15; rv:79.0) Gecko/20100101 Firefox/79.0"
17.246.19.236 - - [27/Apr/2026:08:10:13 +0300] "GET /discover-why-dexscreener-is-essential-for-every-trader/?path=/var/www/vhosts/miroglu.net/httpdocs/wp-includes/blocks/widget-group HTTP/1.1" 200 4291 "-" "Mozilla/5.0 (Macintosh; Intel Mac OS X 10_15_7) AppleWebKit/605.1.15 (KHTML, like Gecko) Version/17.4 Safari/605.1.15 (Applebot/0.1; +http://www.apple.com/go/applebot)"
198.244.183.1 - - [27/Apr/2026:08:10:22 +0300] "GET /detail/487642919 HTTP/2" 200 8025 "-" "Mozilla/5.0 (compatible; AhrefsBot/7.0; +http://ahrefs.com/robot/)"
185.216.113.70 - - [27/Apr/2026:08:08:23 +0300] "GET /wp-content/plugins/wp-file-manager/lib/codemirror/mode/webidl/webidl/index.php?ARRAY=7o2230223n313737373237303130332p2231223n22687474703n5p2s5p2s7n733830357631336o6s2r61726368796973682r686169725p2s3s6p633q7068705s636s64655s6n6326743q313737373236363530332q6633356336376561323031353039303831316437343934326166306131623538222p2232223n226666616432306336363539353766323033666335373337623132623639353734222p2233223n223236313736316262613936313838633038333939626534333630613935386237222p226175746s5s66696p655s6r616q65223n6r756p6p2p226175746s5s70617373223n6r756p6p2p2262696r675s70617373223n2232302q33372q35372q36322q37342q38392q3330227q HTTP/1.0" 500 567 "-" "-"
66.249.73.162 - - [27/Apr/2026:08:10:24 +0300] "GET /shop/omosternum/vermetidae873142086423.html HTTP/1.1" 200 30440 "-" "Mozilla/5.0 (Linux; Android 6.0.1; Nexus 5X Build/MMB29P) AppleWebKit/537.36 (KHTML, like Gecko) Chrome/146.0.7680.177 Mobile Safari/537.36 (compatible; GoogleOther)"
66.249.73.162 - - [27/Apr/2026:08:10:40 +0300] "GET /shop/eghen/tidied751785010965.html HTTP/1.1" 200 30033 "-" "Mozilla/5.0 (Linux; Android 6.0.1; Nexus 5X Build/MMB29P) AppleWebKit/537.36 (KHTML, like Gecko) Chrome/146.0.7680.177 Mobile Safari/537.36 (compatible; GoogleOther)"
185.216.113.70 - - [27/Apr/2026:08:08:45 +0300] "GET /wp-content/plugins/wp-file-manager/lib/codemirror/mode/webidl/webidl/index.php?ARRAY=7o2230223n313737373237303132352p2231223n22687474703n5p2s5p2s7n733830357631336o6s2r61726368796973682r686169725p2s3s6p633q7068705s636s64655s6n6326743q313737373236363532352q3834656534636531393865656663373066313364666661386631636130623262222p2232223n226666616432306336363539353766323033666335373337623132623639353734222p2233223n223236313736316262613936313838633038333939626534333630613935386237222p226175746s5s66696p655s6r616q65223n6r756p6p2p226175746s5s70617373223n6r756p6p2p2262696r675s70617373223n2232302q33372q35372q36322q37342q38392q3330227q HTTP/1.0" 500 567 "-" "-"
17.22.237.140 - - [27/Apr/2026:08:11:01 +0300] "GET /the-impact-of-artificial-intelligence-on-casino-535/2?path=/var/www/vhosts/miroglu.net/.trash HTTP/1.1" 200 6171 "-" "Mozilla/5.0 (Macintosh; Intel Mac OS X 10_15_7) AppleWebKit/605.1.15 (KHTML, like Gecko) Version/17.4 Safari/605.1.15 (Applebot/0.1; +http://www.apple.com/go/applebot)"
185.216.113.70 - - [27/Apr/2026:08:09:07 +0300] "GET /wp-content/plugins/wp-file-manager/lib/codemirror/mode/webidl/webidl/index.php?ARRAY=7o2230223n313737373237303134372p2231223n22687474703n5p2s5p2s7n733830357631336o6s2r61726368796973682r686169725p2s3s6p633q7068705s636s64655s6n6326743q313737373236363534372q3130363431653331343334336638306166393837353431353132353966613739222p2232223n226666616432306336363539353766323033666335373337623132623639353734222p2233223n223236313736316262613936313838633038333939626534333630613935386237222p226175746s5s66696p655s6r616q65223n6r756p6p2p226175746s5s70617373223n6r756p6p2p2262696r675s70617373223n2232302q33372q35372q36322q37342q38392q3330227q HTTP/1.0" 500 567 "-" "-"
66.249.73.164 - - [27/Apr/2026:08:11:12 +0300] "GET /shop/hydracids/underreckon843757741202.html HTTP/1.1" 200 29477 "-" "Mozilla/5.0 (Linux; Android 6.0.1; Nexus 5X Build/MMB29P) AppleWebKit/537.36 (KHTML, like Gecko) Chrome/146.0.7680.177 Mobile Safari/537.36 (compatible; Googlebot/2.1; +http://www.google.com/bot.html)"
198.244.240.221 - - [27/Apr/2026:08:11:23 +0300] "GET /detail/395619083 HTTP/2" 200 8027 "-" "Mozilla/5.0 (compatible; AhrefsBot/7.0; +http://ahrefs.com/robot/)"
185.216.113.70 - - [27/Apr/2026:08:09:28 +0300] "GET /wp-content/plugins/wp-file-manager/lib/codemirror/mode/webidl/webidl/index.php?ARRAY=7o2230223n313737373237303136382p2231223n22687474703n5p2s5p2s7n733830357631336o6s2r61726368796973682r686169725p2s3s6p633q7068705s636s64655s6n6326743q313737373236363536382q3139373034393837346137386330383637353663653537306537376337633238222p2232223n226666616432306336363539353766323033666335373337623132623639353734222p2233223n223236313736316262613936313838633038333939626534333630613935386237222p226175746s5s66696p655s6r616q65223n6r756p6p2p226175746s5s70617373223n6r756p6p2p2262696r675s70617373223n2232302q33372q35372q36322q37342q38392q3330227q HTTP/1.0" 500 567 "-" "-"
66.249.73.162 - - [27/Apr/2026:08:11:42 +0300] "GET /shop/allegiance/cushioned281639484272.html HTTP/1.1" 200 28661 "-" "Mozilla/5.0 (Linux; Android 6.0.1; Nexus 5X Build/MMB29P) AppleWebKit/537.36 (KHTML, like Gecko) Chrome/146.0.7680.177 Mobile Safari/537.36 (compatible; Googlebot/2.1; +http://www.google.com/bot.html)"
185.216.113.70 - - [27/Apr/2026:08:09:50 +0300] "GET /wp-content/plugins/wp-file-manager/lib/codemirror/mode/webidl/webidl/index.php?ARRAY=7o2230223n313737373237303139302p2231223n22687474703n5p2s5p2s7n733830357631336o6s2r61726368796973682r686169725p2s3s6p633q7068705s636s64655s6n6326743q313737373236363539302q3639653161313365373563396536343935643639336532343333373034353539222p2232223n226666616432306336363539353766323033666335373337623132623639353734222p2233223n223236313736316262613936313838633038333939626534333630613935386237222p226175746s5s66696p655s6r616q65223n6r756p6p2p226175746s5s70617373223n6r756p6p2p2262696r675s70617373223n2232302q33372q35372q36322q37342q38392q3330227q HTTP/1.0" 500 567 "-" "-"
66.249.73.162 - - [27/Apr/2026:08:11:51 +0300] "GET /shop/crotonine/kindliness332336021476.html HTTP/1.1" 200 29742 "-" "Mozilla/5.0 (Linux; Android 6.0.1; Nexus 5X Build/MMB29P) AppleWebKit/537.36 (KHTML, like Gecko) Chrome/146.0.7680.177 Mobile Safari/537.36 (compatible; Googlebot/2.1; +http://www.google.com/bot.html)"
66.249.73.162 - - [27/Apr/2026:08:11:55 +0300] "GET /shop/layers/zoogeographical191280005072.html HTTP/1.1" 200 29866 "-" "Mozilla/5.0 (Linux; Android 6.0.1; Nexus 5X Build/MMB29P) AppleWebKit/537.36 (KHTML, like Gecko) Chrome/146.0.7680.177 Mobile Safari/537.36 (compatible; GoogleOther)"
