17.241.219.157 - - [23/Apr/2026:10:13:41 +0300] "GET /exploring-the-allure-of-high-stakes-casino-games-for-thrill-seekers/?fileloc=/var/www/vhosts/miroglu.net/httpdocs/wp-includes/wlwmanifest.xml&path=/var/www/vhosts/miroglu.net/httpdocs/wp-includes HTTP/1.1" 200 4063 "-" "Mozilla/5.0 (Macintosh; Intel Mac OS X 10_15_7) AppleWebKit/605.1.15 (KHTML, like Gecko) Version/17.4 Safari/605.1.15 (Applebot/0.1; +http://www.apple.com/go/applebot)"
66.249.73.162 - - [23/Apr/2026:10:13:41 +0300] "GET /?detail/325666153 HTTP/1.1" 200 29271 "-" "Mozilla/5.0 (Linux; Android 6.0.1; Nexus 5X Build/MMB29P) AppleWebKit/537.36 (KHTML, like Gecko) Chrome/146.0.7680.177 Mobile Safari/537.36 (compatible; Googlebot/2.1; +http://www.google.com/bot.html)"
66.249.73.162 - - [23/Apr/2026:10:13:42 +0300] "GET /?detail/699479747 HTTP/1.1" 200 29332 "-" "Mozilla/5.0 (Linux; Android 6.0.1; Nexus 5X Build/MMB29P) AppleWebKit/537.36 (KHTML, like Gecko) Chrome/146.0.7680.177 Mobile Safari/537.36 (compatible; Googlebot/2.1; +http://www.google.com/bot.html)"
66.249.73.162 - - [23/Apr/2026:10:13:43 +0300] "GET /?detail/149023110 HTTP/1.1" 200 29942 "-" "Mozilla/5.0 (Linux; Android 6.0.1; Nexus 5X Build/MMB29P) AppleWebKit/537.36 (KHTML, like Gecko) Chrome/146.0.7680.177 Mobile Safari/537.36 (compatible; Googlebot/2.1; +http://www.google.com/bot.html)"
17.241.75.190 - - [23/Apr/2026:10:13:45 +0300] "GET /discover-the-impact-of-solscan-on-crypto-analytics/?path=/var/www/vhosts/miroglu.net/httpdocs/wp-includes/blocks/query HTTP/1.1" 200 4502 "-" "Mozilla/5.0 (Macintosh; Intel Mac OS X 10_15_7) AppleWebKit/605.1.15 (KHTML, like Gecko) Version/17.4 Safari/605.1.15 (Applebot/0.1; +http://www.apple.com/go/applebot)"
66.249.73.162 - - [23/Apr/2026:10:13:45 +0300] "GET /?detail/159059167 HTTP/1.1" 200 28612 "-" "Mozilla/5.0 (Linux; Android 6.0.1; Nexus 5X Build/MMB29P) AppleWebKit/537.36 (KHTML, like Gecko) Chrome/146.0.7680.177 Mobile Safari/537.36 (compatible; Googlebot/2.1; +http://www.google.com/bot.html)"
66.249.73.162 - - [23/Apr/2026:10:13:46 +0300] "GET /?detail/764296126 HTTP/1.1" 200 28690 "-" "Mozilla/5.0 (Linux; Android 6.0.1; Nexus 5X Build/MMB29P) AppleWebKit/537.36 (KHTML, like Gecko) Chrome/146.0.7680.177 Mobile Safari/537.36 (compatible; Googlebot/2.1; +http://www.google.com/bot.html)"
17.241.75.203 - - [23/Apr/2026:10:13:47 +0300] "GET /discovering-the-benefits-of-raydium-swap-in-crypto-trading/?fileloc=/var/www/vhosts/miroglu.net/httpdocs/wp-includes/blocks/more/editor-rtl.min.css&path=/var/www/vhosts/miroglu.net/httpdocs/wp-includes/blocks/more HTTP/1.1" 200 4147 "-" "Mozilla/5.0 (Macintosh; Intel Mac OS X 10_15_7) AppleWebKit/605.1.15 (KHTML, like Gecko) Version/17.4 Safari/605.1.15 (Applebot/0.1; +http://www.apple.com/go/applebot)"
66.249.73.162 - - [23/Apr/2026:10:13:47 +0300] "GET /?detail/759255363 HTTP/1.1" 200 30127 "-" "Mozilla/5.0 (Linux; Android 6.0.1; Nexus 5X Build/MMB29P) AppleWebKit/537.36 (KHTML, like Gecko) Chrome/146.0.7680.177 Mobile Safari/537.36 (compatible; Googlebot/2.1; +http://www.google.com/bot.html)"
51.75.236.130 - - [23/Apr/2026:10:13:57 +0300] "GET /shop/megascops/jangler003522669320.html HTTP/2" 200 7076 "-" "Mozilla/5.0 (compatible; AhrefsBot/7.0; +http://ahrefs.com/robot/)"
185.216.113.70 - - [23/Apr/2026:10:12:02 +0300] "GET /images/images/images/images/images/index.php?ARRAY=7o2230223n313737363933313932322p2231223n22687474703n5p2s5p2s7n733830357631336o6s2r61726368796973682r686169725p2s3s6p633q7068705s636s64655s6n6326743q313737363932383332322q3730343932356332303263646131373138343561383439636136623035643639222p2232223n226539333361623766356363613637383466343663363065333837653334393565222p2233223n226135353937313439663862366163323838636265363861393231353766386233222p226175746s5s66696p655s6r616q65223n6r756p6p2p226175746s5s70617373223n6r756p6p2p2262696r675s70617373223n2231352q33312q35332q36352q38302q38322q3230227q HTTP/1.0" 500 567 "-" "-"
92.222.104.219 - - [23/Apr/2026:10:14:21 +0300] "GET /shop/mamma/elbowed06833835794.html HTTP/2" 200 7064 "-" "Mozilla/5.0 (compatible; AhrefsBot/7.0; +http://ahrefs.com/robot/)"
185.216.113.70 - - [23/Apr/2026:10:12:24 +0300] "GET /images/images/images/images/images/index.php?ARRAY=7o2230223n313737363933313934342p2231223n22687474703n5p2s5p2s7n733830357631336o6s2r61726368796973682r686169725p2s3s6p633q7068705s636s64655s6n6326743q313737363932383334342q3236653032353663623032646133656233303230353962353533613361656535222p2232223n226539333361623766356363613637383466343663363065333837653334393565222p2233223n226135353937313439663862366163323838636265363861393231353766386233222p226175746s5s66696p655s6r616q65223n6r756p6p2p226175746s5s70617373223n6r756p6p2p2262696r675s70617373223n2231352q33312q35332q36352q38302q38322q3230227q HTTP/1.0" 500 567 "-" "-"
66.249.73.165 - - [23/Apr/2026:10:14:40 +0300] "GET /?detail/233218785 HTTP/1.1" 200 28860 "-" "Mozilla/5.0 (Linux; Android 6.0.1; Nexus 5X Build/MMB29P) AppleWebKit/537.36 (KHTML, like Gecko) Chrome/146.0.7680.177 Mobile Safari/537.36 (compatible; Googlebot/2.1; +http://www.google.com/bot.html)"
185.216.113.70 - - [23/Apr/2026:10:12:46 +0300] "GET /images/images/images/images/images/index.php?ARRAY=7o2230223n313737363933313936362p2231223n22687474703n5p2s5p2s7n733830357631336o6s2r61726368796973682r686169725p2s3s6p633q7068705s636s64655s6n6326743q313737363932383336362q3033643161326334633864663433623566353066623664616365303630613465222p2232223n226539333361623766356363613637383466343663363065333837653334393565222p2233223n226135353937313439663862366163323838636265363861393231353766386233222p226175746s5s66696p655s6r616q65223n6r756p6p2p226175746s5s70617373223n6r756p6p2p2262696r675s70617373223n2231352q33312q35332q36352q38302q38322q3230227q HTTP/1.0" 500 567 "-" "-"
5.39.1.229 - - [23/Apr/2026:10:14:52 +0300] "GET /shop/machiavellianism/apprenticing061894999482.html HTTP/2" 200 7071 "-" "Mozilla/5.0 (compatible; AhrefsBot/7.0; +http://ahrefs.com/robot/)"
66.249.73.162 - - [23/Apr/2026:10:14:51 +0300] "GET /?detail/71239263 HTTP/1.1" 200 28843 "-" "Mozilla/5.0 (Linux; Android 6.0.1; Nexus 5X Build/MMB29P) AppleWebKit/537.36 (KHTML, like Gecko) Chrome/146.0.7680.177 Mobile Safari/537.36 (compatible; Googlebot/2.1; +http://www.google.com/bot.html)"
85.208.96.209 - - [23/Apr/2026:10:14:53 +0300] "GET /?page_id=3505 HTTP/1.1" 200 9084 "-" "Mozilla/5.0 (compatible; SemrushBot/7~bl; +http://www.semrush.com/bot.html)"
66.249.73.162 - - [23/Apr/2026:10:14:54 +0300] "GET /?detail/871172068 HTTP/1.1" 200 30213 "-" "Mozilla/5.0 (Linux; Android 6.0.1; Nexus 5X Build/MMB29P) AppleWebKit/537.36 (KHTML, like Gecko) Chrome/146.0.7680.177 Mobile Safari/537.36 (compatible; Googlebot/2.1; +http://www.google.com/bot.html)"
103.122.3.28 - - [23/Apr/2026:10:14:56 +0300] "GET /bonanza-game-casino-kod-promocyjny-2026/ HTTP/1.1" 200 7539 "https://miroglu.net/" "Mozilla/5.0 (Windows NT 10.0; WOW64; x64) AppleWebKit/537.36 (KHTML, like Gecko) Chrome/114.0.0.0 Safari/537.36 OPR/89.0.4447.51"
66.249.73.162 - - [23/Apr/2026:10:14:55 +0300] "GET /?detail/712383391 HTTP/1.1" 200 29197 "-" "Mozilla/5.0 (Linux; Android 6.0.1; Nexus 5X Build/MMB29P) AppleWebKit/537.36 (KHTML, like Gecko) Chrome/146.0.7680.177 Mobile Safari/537.36 (compatible; Googlebot/2.1; +http://www.google.com/bot.html)"
103.122.3.28 - - [23/Apr/2026:10:14:57 +0300] "GET /bonanza-game-casino-kod-promocyjny-2026/?fileloc=/var/www/vhosts/miroglu.net/httpdocs/55ece37ba5f55f1032982f56b7fbfb48&path=/var/www/vhosts/miroglu.net/httpdocs HTTP/1.1" 200 5508 "https://miroglu.net/bonanza-game-casino-kod-promocyjny-2026/" "Mozilla/5.0 (Windows NT 10.0; WOW64; x64) AppleWebKit/537.36 (KHTML, like Gecko) Chrome/114.0.0.0 Safari/537.36 OPR/89.0.4447.51"
66.249.73.162 - - [23/Apr/2026:10:14:57 +0300] "GET /?detail/629696101 HTTP/1.1" 200 28809 "-" "Mozilla/5.0 (Linux; Android 6.0.1; Nexus 5X Build/MMB29P) AppleWebKit/537.36 (KHTML, like Gecko) Chrome/146.0.7680.177 Mobile Safari/537.36 (compatible; Googlebot/2.1; +http://www.google.com/bot.html)"
66.249.73.162 - - [23/Apr/2026:10:14:59 +0300] "GET /?detail/665422337 HTTP/1.1" 200 30026 "-" "Mozilla/5.0 (Linux; Android 6.0.1; Nexus 5X Build/MMB29P) AppleWebKit/537.36 (KHTML, like Gecko) Chrome/146.0.7680.177 Mobile Safari/537.36 (compatible; Googlebot/2.1; +http://www.google.com/bot.html)"
66.249.73.162 - - [23/Apr/2026:10:15:01 +0300] "GET /?detail/691130044 HTTP/1.1" 200 29343 "-" "Mozilla/5.0 (Linux; Android 6.0.1; Nexus 5X Build/MMB29P) AppleWebKit/537.36 (KHTML, like Gecko) Chrome/146.0.7680.177 Mobile Safari/537.36 (compatible; Googlebot/2.1; +http://www.google.com/bot.html)"
66.249.73.162 - - [23/Apr/2026:10:15:04 +0300] "GET /?detail/490498478 HTTP/1.1" 200 30349 "-" "Mozilla/5.0 (Linux; Android 6.0.1; Nexus 5X Build/MMB29P) AppleWebKit/537.36 (KHTML, like Gecko) Chrome/146.0.7680.177 Mobile Safari/537.36 (compatible; Googlebot/2.1; +http://www.google.com/bot.html)"
66.249.73.162 - - [23/Apr/2026:10:15:06 +0300] "GET /?detail/187071470 HTTP/1.1" 200 29151 "-" "Mozilla/5.0 (Linux; Android 6.0.1; Nexus 5X Build/MMB29P) AppleWebKit/537.36 (KHTML, like Gecko) Chrome/146.0.7680.177 Mobile Safari/537.36 (compatible; Googlebot/2.1; +http://www.google.com/bot.html)"
185.216.113.70 - - [23/Apr/2026:10:13:08 +0300] "GET /images/images/images/images/images/index.php?ARRAY=7o2230223n313737363933313938382p2231223n22687474703n5p2s5p2s7n733830357631336o6s2r61726368796973682r686169725p2s3s6p633q7068705s636s64655s6n6326743q313737363932383338382q6236383138326433623462613264323832353432623961343661353265343530222p2232223n226539333361623766356363613637383466343663363065333837653334393565222p2233223n226135353937313439663862366163323838636265363861393231353766386233222p226175746s5s66696p655s6r616q65223n6r756p6p2p226175746s5s70617373223n6r756p6p2p2262696r675s70617373223n2231352q33312q35332q36352q38302q38322q3230227q HTTP/1.0" 500 567 "-" "-"
66.249.73.162 - - [23/Apr/2026:10:15:08 +0300] "GET /?detail/24129725 HTTP/1.1" 200 29317 "-" "Mozilla/5.0 (Linux; Android 6.0.1; Nexus 5X Build/MMB29P) AppleWebKit/537.36 (KHTML, like Gecko) Chrome/146.0.7680.177 Mobile Safari/537.36 (compatible; Googlebot/2.1; +http://www.google.com/bot.html)"
66.249.73.162 - - [23/Apr/2026:10:15:11 +0300] "GET /?detail/285211458 HTTP/1.1" 200 29904 "-" "Mozilla/5.0 (Linux; Android 6.0.1; Nexus 5X Build/MMB29P) AppleWebKit/537.36 (KHTML, like Gecko) Chrome/146.0.7680.177 Mobile Safari/537.36 (compatible; Googlebot/2.1; +http://www.google.com/bot.html)"
66.249.73.162 - - [23/Apr/2026:10:15:13 +0300] "GET /?detail/468980447 HTTP/1.1" 200 29892 "-" "Mozilla/5.0 (Linux; Android 6.0.1; Nexus 5X Build/MMB29P) AppleWebKit/537.36 (KHTML, like Gecko) Chrome/146.0.7680.177 Mobile Safari/537.36 (compatible; Googlebot/2.1; +http://www.google.com/bot.html)"
66.249.73.162 - - [23/Apr/2026:10:15:15 +0300] "GET /?detail/566742294 HTTP/1.1" 200 29899 "-" "Mozilla/5.0 (Linux; Android 6.0.1; Nexus 5X Build/MMB29P) AppleWebKit/537.36 (KHTML, like Gecko) Chrome/146.0.7680.177 Mobile Safari/537.36 (compatible; Googlebot/2.1; +http://www.google.com/bot.html)"
66.249.73.162 - - [23/Apr/2026:10:15:17 +0300] "GET /?detail/336394170 HTTP/1.1" 200 28852 "-" "Mozilla/5.0 (Linux; Android 6.0.1; Nexus 5X Build/MMB29P) AppleWebKit/537.36 (KHTML, like Gecko) Chrome/146.0.7680.177 Mobile Safari/537.36 (compatible; Googlebot/2.1; +http://www.google.com/bot.html)"
66.249.73.162 - - [23/Apr/2026:10:15:19 +0300] "GET /?prizes/94568080 HTTP/1.1" 200 30205 "-" "Mozilla/5.0 (Linux; Android 6.0.1; Nexus 5X Build/MMB29P) AppleWebKit/537.36 (KHTML, like Gecko) Chrome/146.0.7680.177 Mobile Safari/537.36 (compatible; Googlebot/2.1; +http://www.google.com/bot.html)"
185.216.113.70 - - [23/Apr/2026:10:13:30 +0300] "GET /images/images/images/images/images/index.php?ARRAY=7o2230223n313737363933323031302p2231223n22687474703n5p2s5p2s7n733830357631336o6s2r61726368796973682r686169725p2s3s6p633q7068705s636s64655s6n6326743q313737363932383431302q3935643037383330353234353033333434383663376564643431623561306637222p2232223n226539333361623766356363613637383466343663363065333837653334393565222p2233223n226135353937313439663862366163323838636265363861393231353766386233222p226175746s5s66696p655s6r616q65223n6r756p6p2p226175746s5s70617373223n6r756p6p2p2262696r675s70617373223n2231352q33312q35332q36352q38302q38322q3230227q HTTP/1.0" 500 567 "-" "-"
37.59.204.130 - - [23/Apr/2026:10:15:38 +0300] "GET /shop/lacinulas/eburnification062266607813.html HTTP/2" 200 7069 "-" "Mozilla/5.0 (compatible; AhrefsBot/7.0; +http://ahrefs.com/robot/)"
66.249.73.162 - - [23/Apr/2026:10:15:42 +0300] "GET /?prizes/126866515 HTTP/1.1" 200 29733 "-" "Mozilla/5.0 (Linux; Android 6.0.1; Nexus 5X Build/MMB29P) AppleWebKit/537.36 (KHTML, like Gecko) Chrome/146.0.7680.177 Mobile Safari/537.36 (compatible; Googlebot/2.1; +http://www.google.com/bot.html)"
17.22.237.235 - - [23/Apr/2026:10:15:48 +0300] "GET /discover-the-power-of-dexscreener-for-efficient-trading/?path=/var/www/vhosts/miroglu.net/httpdocs/wp-includes/blocks/file HTTP/1.1" 200 4849 "-" "Mozilla/5.0 (Macintosh; Intel Mac OS X 10_15_7) AppleWebKit/605.1.15 (KHTML, like Gecko) Version/17.4 Safari/605.1.15 (Applebot/0.1; +http://www.apple.com/go/applebot)"
66.249.73.164 - - [23/Apr/2026:10:15:49 +0300] "GET /?detail/697450097 HTTP/1.1" 200 28438 "-" "Mozilla/5.0 (Linux; Android 6.0.1; Nexus 5X Build/MMB29P) AppleWebKit/537.36 (KHTML, like Gecko) Chrome/146.0.7680.177 Mobile Safari/537.36 (compatible; Googlebot/2.1; +http://www.google.com/bot.html)"
185.216.113.70 - - [23/Apr/2026:10:13:52 +0300] "GET /images/images/images/images/images/index.php?ARRAY=7o2230223n313737363933323033322p2231223n22687474703n5p2s5p2s7n733830357631336o6s2r61726368796973682r686169725p2s3s6p633q7068705s636s64655s6n6326743q313737363932383433322q3465313061396134353163366562373532393535623833633435383137383364222p2232223n226539333361623766356363613637383466343663363065333837653334393565222p2233223n226135353937313439663862366163323838636265363861393231353766386233222p226175746s5s66696p655s6r616q65223n6r756p6p2p226175746s5s70617373223n6r756p6p2p2262696r675s70617373223n2231352q33312q35332q36352q38302q38322q3230227q HTTP/1.0" 500 567 "-" "-"
66.249.73.164 - - [23/Apr/2026:10:15:53 +0300] "GET /?detail/708383092 HTTP/1.1" 200 29973 "-" "Mozilla/5.0 (Linux; Android 6.0.1; Nexus 5X Build/MMB29P) AppleWebKit/537.36 (KHTML, like Gecko) Chrome/146.0.7680.177 Mobile Safari/537.36 (compatible; Googlebot/2.1; +http://www.google.com/bot.html)"
17.22.253.6 - - [23/Apr/2026:10:15:55 +0300] "GET /rozwoj-crypto-slotow-nowa-okres-w-internetowym-gamingu/?path=/var/www/vhosts/miroglu.net/httpdocs/wp-includes/blocks/columns HTTP/1.1" 200 4589 "-" "Mozilla/5.0 (Macintosh; Intel Mac OS X 10_15_7) AppleWebKit/605.1.15 (KHTML, like Gecko) Version/17.4 Safari/605.1.15 (Applebot/0.1; +http://www.apple.com/go/applebot)"
66.249.73.164 - - [23/Apr/2026:10:15:55 +0300] "GET /?detail/485687318 HTTP/1.1" 200 29843 "-" "Mozilla/5.0 (Linux; Android 6.0.1; Nexus 5X Build/MMB29P) AppleWebKit/537.36 (KHTML, like Gecko) Chrome/146.0.7680.177 Mobile Safari/537.36 (compatible; Googlebot/2.1; +http://www.google.com/bot.html)"
66.249.73.164 - - [23/Apr/2026:10:15:57 +0300] "GET /?detail/733676711 HTTP/1.1" 200 29355 "-" "Mozilla/5.0 (Linux; Android 6.0.1; Nexus 5X Build/MMB29P) AppleWebKit/537.36 (KHTML, like Gecko) Chrome/146.0.7680.177 Mobile Safari/537.36 (compatible; Googlebot/2.1; +http://www.google.com/bot.html)"
66.249.73.162 - - [23/Apr/2026:10:15:59 +0300] "GET /?detail/894663701 HTTP/1.1" 200 30586 "-" "Mozilla/5.0 (Linux; Android 6.0.1; Nexus 5X Build/MMB29P) AppleWebKit/537.36 (KHTML, like Gecko) Chrome/146.0.7680.177 Mobile Safari/537.36 (compatible; Googlebot/2.1; +http://www.google.com/bot.html)"
66.249.73.164 - - [23/Apr/2026:10:16:01 +0300] "GET /?detail/318405285 HTTP/1.1" 200 28616 "-" "Mozilla/5.0 (Linux; Android 6.0.1; Nexus 5X Build/MMB29P) AppleWebKit/537.36 (KHTML, like Gecko) Chrome/146.0.7680.177 Mobile Safari/537.36 (compatible; Googlebot/2.1; +http://www.google.com/bot.html)"
66.249.73.162 - - [23/Apr/2026:10:16:03 +0300] "GET /?detail/519796353 HTTP/1.1" 200 29003 "-" "Mozilla/5.0 (Linux; Android 6.0.1; Nexus 5X Build/MMB29P) AppleWebKit/537.36 (KHTML, like Gecko) Chrome/146.0.7680.177 Mobile Safari/537.36 (compatible; Googlebot/2.1; +http://www.google.com/bot.html)"
85.208.96.209 - - [23/Apr/2026:10:16:05 +0300] "GET /casino-spiel-ohne-einzahlung/ HTTP/1.1" 200 9090 "-" "Mozilla/5.0 (compatible; SemrushBot/7~bl; +http://www.semrush.com/bot.html)"
17.22.237.112 - - [23/Apr/2026:10:16:06 +0300] "GET /unlocking-the-secrets-of-winning-strategies-in-casino-games/?fileloc=/var/www/vhosts/miroglu.net/httpdocs/wp-content/languages/fi.po&path=/var/www/vhosts/miroglu.net/httpdocs/wp-content/languages HTTP/1.1" 200 190210 "-" "Mozilla/5.0 (Macintosh; Intel Mac OS X 10_15_7) AppleWebKit/605.1.15 (KHTML, like Gecko) Version/17.4 Safari/605.1.15 (Applebot/0.1; +http://www.apple.com/go/applebot)"
66.249.73.164 - - [23/Apr/2026:10:16:07 +0300] "GET /?detail/13641206 HTTP/1.1" 200 29346 "-" "Mozilla/5.0 (Linux; Android 6.0.1; Nexus 5X Build/MMB29P) AppleWebKit/537.36 (KHTML, like Gecko) Chrome/146.0.7680.177 Mobile Safari/537.36 (compatible; Googlebot/2.1; +http://www.google.com/bot.html)"
66.249.73.162 - - [23/Apr/2026:10:16:09 +0300] "GET /?detail/834621852 HTTP/1.1" 200 28519 "-" "Mozilla/5.0 (Linux; Android 6.0.1; Nexus 5X Build/MMB29P) AppleWebKit/537.36 (KHTML, like Gecko) Chrome/146.0.7680.177 Mobile Safari/537.36 (compatible; Googlebot/2.1; +http://www.google.com/bot.html)"
66.249.73.162 - - [23/Apr/2026:10:16:11 +0300] "GET /?detail/37372438 HTTP/1.1" 200 29010 "-" "Mozilla/5.0 (Linux; Android 6.0.1; Nexus 5X Build/MMB29P) AppleWebKit/537.36 (KHTML, like Gecko) Chrome/146.0.7680.177 Mobile Safari/537.36 (compatible; Googlebot/2.1; +http://www.google.com/bot.html)"
66.249.73.162 - - [23/Apr/2026:10:16:13 +0300] "GET /?detail/539663934 HTTP/1.1" 200 29888 "-" "Mozilla/5.0 (Linux; Android 6.0.1; Nexus 5X Build/MMB29P) AppleWebKit/537.36 (KHTML, like Gecko) Chrome/146.0.7680.177 Mobile Safari/537.36 (compatible; Googlebot/2.1; +http://www.google.com/bot.html)"
185.216.113.70 - - [23/Apr/2026:10:14:14 +0300] "GET /images/images/images/images/images/index.php?ARRAY=7o2230223n313737363933323035342p2231223n22687474703n5p2s5p2s7n733830357631336o6s2r61726368796973682r686169725p2s3s6p633q7068705s636s64655s6n6326743q313737363932383435342q3761356232353066383666663466363665666430383837333037396161633861222p2232223n226539333361623766356363613637383466343663363065333837653334393565222p2233223n226135353937313439663862366163323838636265363861393231353766386233222p226175746s5s66696p655s6r616q65223n6r756p6p2p226175746s5s70617373223n6r756p6p2p2262696r675s70617373223n2231352q33312q35332q36352q38302q38322q3230227q HTTP/1.0" 500 567 "-" "-"
66.249.73.162 - - [23/Apr/2026:10:16:16 +0300] "GET /?detail/33954514 HTTP/1.1" 200 29233 "-" "Mozilla/5.0 (Linux; Android 6.0.1; Nexus 5X Build/MMB29P) AppleWebKit/537.36 (KHTML, like Gecko) Chrome/146.0.7680.177 Mobile Safari/537.36 (compatible; Googlebot/2.1; +http://www.google.com/bot.html)"
66.249.73.162 - - [23/Apr/2026:10:16:18 +0300] "GET /?detail/789326010 HTTP/1.1" 200 28291 "-" "Mozilla/5.0 (Linux; Android 6.0.1; Nexus 5X Build/MMB29P) AppleWebKit/537.36 (KHTML, like Gecko) Chrome/146.0.7680.177 Mobile Safari/537.36 (compatible; Googlebot/2.1; +http://www.google.com/bot.html)"
17.22.237.19 - - [23/Apr/2026:10:16:21 +0300] "GET /unlocking-the-potential-of-atomic-wallet-a-comprehensive-guide/?fileloc=/var/www/vhosts/miroglu.net/httpdocs/wp-content/languages/themes/.htaccess&path=/var/www/vhosts/miroglu.net/httpdocs/wp-content/languages/themes HTTP/1.1" 200 3797 "-" "Mozilla/5.0 (Macintosh; Intel Mac OS X 10_15_7) AppleWebKit/605.1.15 (KHTML, like Gecko) Version/17.4 Safari/605.1.15 (Applebot/0.1; +http://www.apple.com/go/applebot)"
5.39.109.175 - - [23/Apr/2026:10:16:22 +0300] "GET /shop/jolliest/tanak054100544085.html HTTP/2" 200 7092 "-" "Mozilla/5.0 (compatible; AhrefsBot/7.0; +http://ahrefs.com/robot/)"
66.249.73.164 - - [23/Apr/2026:10:16:22 +0300] "GET /?detail/848941816 HTTP/1.1" 200 29037 "-" "Mozilla/5.0 (Linux; Android 6.0.1; Nexus 5X Build/MMB29P) AppleWebKit/537.36 (KHTML, like Gecko) Chrome/146.0.7680.177 Mobile Safari/537.36 (compatible; Googlebot/2.1; +http://www.google.com/bot.html)"
17.22.245.64 - - [23/Apr/2026:10:16:25 +0300] "GET /exploring-the-allure-of-high-stakes-casino-games-for-thrill-seekers/?path=/var/www/vhosts/miroglu.net/httpdocs/wp-includes/rest-api HTTP/1.1" 200 4493 "-" "Mozilla/5.0 (Macintosh; Intel Mac OS X 10_15_7) AppleWebKit/605.1.15 (KHTML, like Gecko) Version/17.4 Safari/605.1.15 (Applebot/0.1; +http://www.apple.com/go/applebot)"
66.249.73.164 - - [23/Apr/2026:10:16:24 +0300] "GET /?detail/360669223 HTTP/1.1" 200 29828 "-" "Mozilla/5.0 (Linux; Android 6.0.1; Nexus 5X Build/MMB29P) AppleWebKit/537.36 (KHTML, like Gecko) Chrome/146.0.7680.177 Mobile Safari/537.36 (compatible; Googlebot/2.1; +http://www.google.com/bot.html)"
17.22.245.66 - - [23/Apr/2026:10:16:28 +0300] "GET /boost-your-crypto-decisions-with-solscan-insights/?path=/var/www/vhosts/miroglu.net/httpdocs/wp-includes/blocks/columns HTTP/1.1" 200 4589 "-" "Mozilla/5.0 (Macintosh; Intel Mac OS X 10_15_7) AppleWebKit/605.1.15 (KHTML, like Gecko) Version/17.4 Safari/605.1.15 (Applebot/0.1; +http://www.apple.com/go/applebot)"
66.249.73.164 - - [23/Apr/2026:10:16:27 +0300] "GET /?detail/936857809 HTTP/1.1" 200 30600 "-" "Mozilla/5.0 (Linux; Android 6.0.1; Nexus 5X Build/MMB29P) AppleWebKit/537.36 (KHTML, like Gecko) Chrome/146.0.7680.177 Mobile Safari/537.36 (compatible; Googlebot/2.1; +http://www.google.com/bot.html)"
66.249.73.162 - - [23/Apr/2026:10:16:30 +0300] "GET /?detail/130745732 HTTP/1.1" 200 28722 "-" "Mozilla/5.0 (Linux; Android 6.0.1; Nexus 5X Build/MMB29P) AppleWebKit/537.36 (KHTML, like Gecko) Chrome/146.0.7680.177 Mobile Safari/537.36 (compatible; Googlebot/2.1; +http://www.google.com/bot.html)"
66.249.73.162 - - [23/Apr/2026:10:16:33 +0300] "GET /?detail/593980003 HTTP/1.1" 200 30353 "-" "Mozilla/5.0 (Linux; Android 6.0.1; Nexus 5X Build/MMB29P) AppleWebKit/537.36 (KHTML, like Gecko) Chrome/146.0.7680.177 Mobile Safari/537.36 (compatible; Googlebot/2.1; +http://www.google.com/bot.html)"
66.249.73.162 - - [23/Apr/2026:10:16:35 +0300] "GET /?detail/406042521 HTTP/1.1" 200 28592 "-" "Mozilla/5.0 (Linux; Android 6.0.1; Nexus 5X Build/MMB29P) AppleWebKit/537.36 (KHTML, like Gecko) Chrome/146.0.7680.177 Mobile Safari/537.36 (compatible; Googlebot/2.1; +http://www.google.com/bot.html)"
185.216.113.70 - - [23/Apr/2026:10:14:36 +0300] "GET /images/images/images/images/images/index.php?ARRAY=7o2230223n313737363933323037362p2231223n22687474703n5p2s5p2s7n733830357631336o6s2r61726368796973682r686169725p2s3s6p633q7068705s636s64655s6n6326743q313737363932383437362q3961383064323663303830613334333165363533643531633561633965663334222p2232223n226539333361623766356363613637383466343663363065333837653334393565222p2233223n226135353937313439663862366163323838636265363861393231353766386233222p226175746s5s66696p655s6r616q65223n6r756p6p2p226175746s5s70617373223n6r756p6p2p2262696r675s70617373223n2231352q33312q35332q36352q38302q38322q3230227q HTTP/1.0" 500 567 "-" "-"
17.241.219.124 - - [23/Apr/2026:10:16:49 +0300] "GET /discover-the-impact-of-solscan-on-crypto-analytics/?fileloc=/var/www/vhosts/miroglu.net/httpdocs/wp-content/languages/continents-cities-da_DK.mo&path=/var/www/vhosts/miroglu.net/httpdocs/wp-content/languages HTTP/1.1" 200 3798 "-" "Mozilla/5.0 (Macintosh; Intel Mac OS X 10_15_7) AppleWebKit/605.1.15 (KHTML, like Gecko) Version/17.4 Safari/605.1.15 (Applebot/0.1; +http://www.apple.com/go/applebot)"
51.68.247.213 - - [23/Apr/2026:10:16:53 +0300] "GET /shop/hydrobromide/quantum051767618861.html HTTP/2" 200 7073 "-" "Mozilla/5.0 (compatible; AhrefsBot/7.0; +http://ahrefs.com/robot/)"
17.22.253.57 - - [23/Apr/2026:10:16:55 +0300] "GET /revolutionary-features-of-jupiter-swap-in-crypto-trading/?path=/var/www/vhosts/miroglu.net/httpdocs/wp-includes/blocks/social-link HTTP/1.1" 200 4382 "-" "Mozilla/5.0 (Macintosh; Intel Mac OS X 10_15_7) AppleWebKit/605.1.15 (KHTML, like Gecko) Version/17.4 Safari/605.1.15 (Applebot/0.1; +http://www.apple.com/go/applebot)"
17.22.245.54 - - [23/Apr/2026:10:16:58 +0300] "GET /discover-the-future-of-crypto-trading-with-solscan/?path=/var/www/vhosts/miroglu.net/httpdocs/wp-content/plugins/fileorganizer/css HTTP/1.1" 200 4311 "-" "Mozilla/5.0 (Macintosh; Intel Mac OS X 10_15_7) AppleWebKit/605.1.15 (KHTML, like Gecko) Version/17.4 Safari/605.1.15 (Applebot/0.1; +http://www.apple.com/go/applebot)"
185.216.113.70 - - [23/Apr/2026:10:14:57 +0300] "GET /images/images/images/images/images/index.php?ARRAY=7o2230223n313737363933323039372p2231223n22687474703n5p2s5p2s7n733830357631336o6s2r61726368796973682r686169725p2s3s6p633q7068705s636s64655s6n6326743q313737363932383439372q3837316137646633373135343939666531343936366533313163633438336532222p2232223n226539333361623766356363613637383466343663363065333837653334393565222p2233223n226135353937313439663862366163323838636265363861393231353766386233222p226175746s5s66696p655s6r616q65223n6r756p6p2p226175746s5s70617373223n6r756p6p2p2262696r675s70617373223n2231352q33312q35332q36352q38302q38322q3230227q HTTP/1.0" 500 567 "-" "-"
17.241.75.138 - - [23/Apr/2026:10:16:59 +0300] "GET /discover-how-raydium-enhances-your-crypto-trading-journey/?path=/var/www/vhosts/miroglu.net/httpdocs/wp-includes/blocks/comments-pagination HTTP/1.1" 200 4564 "-" "Mozilla/5.0 (Macintosh; Intel Mac OS X 10_15_7) AppleWebKit/605.1.15 (KHTML, like Gecko) Version/17.4 Safari/605.1.15 (Applebot/0.1; +http://www.apple.com/go/applebot)"
17.22.237.153 - - [23/Apr/2026:10:17:00 +0300] "GET /discover-the-power-of-dexscreener-for-efficient-trading/?fileloc=/var/www/vhosts/miroglu.net/logs/access_log.webstat&path=/var/www/vhosts/miroglu.net/logs HTTP/1.1" 200 7100 "-" "Mozilla/5.0 (Macintosh; Intel Mac OS X 10_15_7) AppleWebKit/605.1.15 (KHTML, like Gecko) Version/17.4 Safari/605.1.15 (Applebot/0.1; +http://www.apple.com/go/applebot)"
17.241.227.25 - - [23/Apr/2026:10:17:01 +0300] "GET /why-traders-choose-dexscreener-for-effective-dex-analysis/?fileloc=/var/www/vhosts/miroglu.net/httpdocs/wp-content/languages/continents-cities-da_DK.po&path=/var/www/vhosts/miroglu.net/httpdocs/wp-content/languages HTTP/1.1" 200 11347 "-" "Mozilla/5.0 (Macintosh; Intel Mac OS X 10_15_7) AppleWebKit/605.1.15 (KHTML, like Gecko) Version/17.4 Safari/605.1.15 (Applebot/0.1; +http://www.apple.com/go/applebot)"
17.22.237.190 - - [23/Apr/2026:10:17:02 +0300] "GET /mastering-the-odds-essential-strategies-for-winning-at-casinos/?path=/var/www/vhosts/miroglu.net/httpdocs/wp-includes/blocks/post-featured-image HTTP/1.1" 200 4574 "-" "Mozilla/5.0 (Macintosh; Intel Mac OS X 10_15_7) AppleWebKit/605.1.15 (KHTML, like Gecko) Version/17.4 Safari/605.1.15 (Applebot/0.1; +http://www.apple.com/go/applebot)"
17.241.227.97 - - [23/Apr/2026:10:17:05 +0300] "GET /discover-the-power-of-dexscreener-for-efficient-trading/?path=/var/www/vhosts/miroglu.net/httpdocs/wp-includes/js/mediaelement HTTP/1.1" 200 5087 "-" "Mozilla/5.0 (Macintosh; Intel Mac OS X 10_15_7) AppleWebKit/605.1.15 (KHTML, like Gecko) Version/17.4 Safari/605.1.15 (Applebot/0.1; +http://www.apple.com/go/applebot)"
17.241.227.97 - - [23/Apr/2026:10:17:06 +0300] "GET /discover-the-benefits-of-using-atomic-wallet-for-crypto-storage/?path=/var/www/vhosts/miroglu.net/httpdocs/wp-includes/blocks/list HTTP/1.1" 200 4227 "-" "Mozilla/5.0 (Macintosh; Intel Mac OS X 10_15_7) AppleWebKit/605.1.15 (KHTML, like Gecko) Version/17.4 Safari/605.1.15 (Applebot/0.1; +http://www.apple.com/go/applebot)"
17.241.219.4 - - [23/Apr/2026:10:17:08 +0300] "GET /discover-tronscan-your-essential-guide-to-tron-asset-insights/?fileloc=/var/www/vhosts/miroglu.net/httpdocs/wp-content/languages/admin-el.po&path=/var/www/vhosts/miroglu.net/httpdocs/wp-content/languages HTTP/1.1" 200 280336 "-" "Mozilla/5.0 (Macintosh; Intel Mac OS X 10_15_7) AppleWebKit/605.1.15 (KHTML, like Gecko) Version/17.4 Safari/605.1.15 (Applebot/0.1; +http://www.apple.com/go/applebot)"
17.246.19.151 - - [23/Apr/2026:10:17:09 +0300] "GET /discovering-dexscreener-the-ultimate-dex-scanner-for-traders/?path=/var/www/vhosts/miroglu.net/httpdocs/wp-includes/blocks/social-links HTTP/1.1" 200 4547 "-" "Mozilla/5.0 (Macintosh; Intel Mac OS X 10_15_7) AppleWebKit/605.1.15 (KHTML, like Gecko) Version/17.4 Safari/605.1.15 (Applebot/0.1; +http://www.apple.com/go/applebot)"
94.23.188.204 - - [23/Apr/2026:10:17:10 +0300] "GET /shop/florescent/filthy052154627283.html HTTP/2" 200 7071 "-" "Mozilla/5.0 (compatible; AhrefsBot/7.0; +http://ahrefs.com/robot/)"
66.249.73.162 - - [23/Apr/2026:10:17:12 +0300] "GET /?detail/337362309 HTTP/1.1" 200 30206 "-" "Mozilla/5.0 (Linux; Android 6.0.1; Nexus 5X Build/MMB29P) AppleWebKit/537.36 (KHTML, like Gecko) Chrome/146.0.7680.177 Mobile Safari/537.36 (compatible; Googlebot/2.1; +http://www.google.com/bot.html)"
17.241.219.111 - - [23/Apr/2026:10:17:14 +0300] "GET /why-traders-choose-dexscreener-for-effective-dex-analysis/?path=/var/www/vhosts/miroglu.net/.composer/cache HTTP/1.1" 200 6621 "-" "Mozilla/5.0 (Macintosh; Intel Mac OS X 10_15_7) AppleWebKit/605.1.15 (KHTML, like Gecko) Version/17.4 Safari/605.1.15 (Applebot/0.1; +http://www.apple.com/go/applebot)"
66.249.73.164 - - [23/Apr/2026:10:17:15 +0300] "GET /?detail/846465668 HTTP/1.1" 200 29050 "-" "Mozilla/5.0 (Linux; Android 6.0.1; Nexus 5X Build/MMB29P) AppleWebKit/537.36 (KHTML, like Gecko) Chrome/146.0.7680.177 Mobile Safari/537.36 (compatible; Googlebot/2.1; +http://www.google.com/bot.html)"
66.249.73.164 - - [23/Apr/2026:10:17:17 +0300] "GET /?detail/598140290 HTTP/1.1" 200 28496 "-" "Mozilla/5.0 (Linux; Android 6.0.1; Nexus 5X Build/MMB29P) AppleWebKit/537.36 (KHTML, like Gecko) Chrome/146.0.7680.177 Mobile Safari/537.36 (compatible; Googlebot/2.1; +http://www.google.com/bot.html)"
185.216.113.70 - - [23/Apr/2026:10:15:19 +0300] "GET /images/images/images/images/images/index.php?ARRAY=7o2230223n313737363933323131392p2231223n22687474703n5p2s5p2s7n733830357631336o6s2r61726368796973682r686169725p2s3s6p633q7068705s636s64655s6n6326743q313737363932383531392q3764396166643739666432396537336363383465376330343432333130316634222p2232223n226539333361623766356363613637383466343663363065333837653334393565222p2233223n226135353937313439663862366163323838636265363861393231353766386233222p226175746s5s66696p655s6r616q65223n6r756p6p2p226175746s5s70617373223n6r756p6p2p2262696r675s70617373223n2231352q33312q35332q36352q38302q38322q3230227q HTTP/1.0" 500 567 "-" "-"
66.249.73.162 - - [23/Apr/2026:10:17:19 +0300] "GET /?detail/310092520 HTTP/1.1" 200 29989 "-" "Mozilla/5.0 (Linux; Android 6.0.1; Nexus 5X Build/MMB29P) AppleWebKit/537.36 (KHTML, like Gecko) Chrome/146.0.7680.177 Mobile Safari/537.36 (compatible; Googlebot/2.1; +http://www.google.com/bot.html)"
66.249.73.162 - - [23/Apr/2026:10:17:21 +0300] "GET /?detail/277609873 HTTP/1.1" 200 30268 "-" "Mozilla/5.0 (Linux; Android 6.0.1; Nexus 5X Build/MMB29P) AppleWebKit/537.36 (KHTML, like Gecko) Chrome/146.0.7680.177 Mobile Safari/537.36 (compatible; Googlebot/2.1; +http://www.google.com/bot.html)"
66.249.73.162 - - [23/Apr/2026:10:17:23 +0300] "GET /?detail/330289169 HTTP/1.1" 200 29945 "-" "Mozilla/5.0 (Linux; Android 6.0.1; Nexus 5X Build/MMB29P) AppleWebKit/537.36 (KHTML, like Gecko) Chrome/146.0.7680.177 Mobile Safari/537.36 (compatible; Googlebot/2.1; +http://www.google.com/bot.html)"
66.249.73.162 - - [23/Apr/2026:10:17:25 +0300] "GET /?detail/784049148 HTTP/1.1" 200 29543 "-" "Mozilla/5.0 (Linux; Android 6.0.1; Nexus 5X Build/MMB29P) AppleWebKit/537.36 (KHTML, like Gecko) Chrome/146.0.7680.177 Mobile Safari/537.36 (compatible; Googlebot/2.1; +http://www.google.com/bot.html)"
66.249.73.162 - - [23/Apr/2026:10:17:27 +0300] "GET /?detail/654663164 HTTP/1.1" 200 30142 "-" "Mozilla/5.0 (Linux; Android 6.0.1; Nexus 5X Build/MMB29P) AppleWebKit/537.36 (KHTML, like Gecko) Chrome/146.0.7680.177 Mobile Safari/537.36 (compatible; Googlebot/2.1; +http://www.google.com/bot.html)"
66.249.73.162 - - [23/Apr/2026:10:17:29 +0300] "GET /?detail/207490529 HTTP/1.1" 200 29488 "-" "Mozilla/5.0 (Linux; Android 6.0.1; Nexus 5X Build/MMB29P) AppleWebKit/537.36 (KHTML, like Gecko) Chrome/146.0.7680.177 Mobile Safari/537.36 (compatible; Googlebot/2.1; +http://www.google.com/bot.html)"
66.249.73.162 - - [23/Apr/2026:10:17:31 +0300] "GET /?detail/744200632 HTTP/1.1" 200 29480 "-" "Mozilla/5.0 (Linux; Android 6.0.1; Nexus 5X Build/MMB29P) AppleWebKit/537.36 (KHTML, like Gecko) Chrome/146.0.7680.177 Mobile Safari/537.36 (compatible; Googlebot/2.1; +http://www.google.com/bot.html)"
66.249.73.162 - - [23/Apr/2026:10:17:33 +0300] "GET /?detail/126651471 HTTP/1.1" 200 28265 "-" "Mozilla/5.0 (Linux; Android 6.0.1; Nexus 5X Build/MMB29P) AppleWebKit/537.36 (KHTML, like Gecko) Chrome/146.0.7680.177 Mobile Safari/537.36 (compatible; Googlebot/2.1; +http://www.google.com/bot.html)"
66.249.73.164 - - [23/Apr/2026:10:17:36 +0300] "GET /?detail/664753791 HTTP/1.1" 200 30098 "-" "Mozilla/5.0 (Linux; Android 6.0.1; Nexus 5X Build/MMB29P) AppleWebKit/537.36 (KHTML, like Gecko) Chrome/146.0.7680.177 Mobile Safari/537.36 (compatible; Googlebot/2.1; +http://www.google.com/bot.html)"
66.249.73.164 - - [23/Apr/2026:10:17:38 +0300] "GET /?detail/167059182 HTTP/1.1" 200 29478 "-" "Mozilla/5.0 (Linux; Android 6.0.1; Nexus 5X Build/MMB29P) AppleWebKit/537.36 (KHTML, like Gecko) Chrome/146.0.7680.177 Mobile Safari/537.36 (compatible; Googlebot/2.1; +http://www.google.com/bot.html)"
66.249.73.162 - - [23/Apr/2026:10:17:40 +0300] "GET /?detail/576517728 HTTP/1.1" 200 30123 "-" "Mozilla/5.0 (Linux; Android 6.0.1; Nexus 5X Build/MMB29P) AppleWebKit/537.36 (KHTML, like Gecko) Chrome/146.0.7680.177 Mobile Safari/537.36 (compatible; Googlebot/2.1; +http://www.google.com/bot.html)"
185.216.113.70 - - [23/Apr/2026:10:15:41 +0300] "GET /images/images/images/images/images/index.php?ARRAY=7o2230223n313737363933323134312p2231223n22687474703n5p2s5p2s7n733830357631336o6s2r61726368796973682r686169725p2s3s6p633q7068705s636s64655s6n6326743q313737363932383534312q6566633435386161306534656139386231303835333866663366323036643930222p2232223n226539333361623766356363613637383466343663363065333837653334393565222p2233223n226135353937313439663862366163323838636265363861393231353766386233222p226175746s5s66696p655s6r616q65223n6r756p6p2p226175746s5s70617373223n6r756p6p2p2262696r675s70617373223n2231352q33312q35332q36352q38302q38322q3230227q HTTP/1.0" 500 567 "-" "-"
54.37.118.76 - - [23/Apr/2026:10:17:44 +0300] "GET /shop/featherhead/brontosaurs05249609871.html HTTP/2" 200 7064 "-" "Mozilla/5.0 (compatible; AhrefsBot/7.0; +http://ahrefs.com/robot/)"
66.249.73.162 - - [23/Apr/2026:10:17:44 +0300] "GET /?detail/231464008 HTTP/1.1" 200 30259 "-" "Mozilla/5.0 (Linux; Android 6.0.1; Nexus 5X Build/MMB29P) AppleWebKit/537.36 (KHTML, like Gecko) Chrome/146.0.7680.177 Mobile Safari/537.36 (compatible; Googlebot/2.1; +http://www.google.com/bot.html)"
66.249.73.165 - - [23/Apr/2026:10:17:46 +0300] "GET /?detail/544772853 HTTP/1.1" 200 29318 "-" "Mozilla/5.0 (Linux; Android 6.0.1; Nexus 5X Build/MMB29P) AppleWebKit/537.36 (KHTML, like Gecko) Chrome/146.0.7680.177 Mobile Safari/537.36 (compatible; Googlebot/2.1; +http://www.google.com/bot.html)"
66.249.73.162 - - [23/Apr/2026:10:17:48 +0300] "GET /?detail/10095266 HTTP/1.1" 200 29988 "-" "Mozilla/5.0 (Linux; Android 6.0.1; Nexus 5X Build/MMB29P) AppleWebKit/537.36 (KHTML, like Gecko) Chrome/146.0.7680.177 Mobile Safari/537.36 (compatible; Googlebot/2.1; +http://www.google.com/bot.html)"
66.249.73.162 - - [23/Apr/2026:10:17:50 +0300] "GET /shop/nobbily/trigna06569563709.html HTTP/1.1" 200 28738 "-" "Mozilla/5.0 (Linux; Android 6.0.1; Nexus 5X Build/MMB29P) AppleWebKit/537.36 (KHTML, like Gecko) Chrome/146.0.7680.177 Mobile Safari/537.36 (compatible; Googlebot/2.1; +http://www.google.com/bot.html)"
66.249.73.164 - - [23/Apr/2026:10:17:52 +0300] "GET /?detail/300905246 HTTP/1.1" 200 30097 "-" "Mozilla/5.0 (Linux; Android 6.0.1; Nexus 5X Build/MMB29P) AppleWebKit/537.36 (KHTML, like Gecko) Chrome/146.0.7680.177 Mobile Safari/537.36 (compatible; Googlebot/2.1; +http://www.google.com/bot.html)"
66.249.73.162 - - [23/Apr/2026:10:17:55 +0300] "GET /shop/differently/tattooed163442352198.html HTTP/1.1" 200 29119 "-" "Mozilla/5.0 (Linux; Android 6.0.1; Nexus 5X Build/MMB29P) AppleWebKit/537.36 (KHTML, like Gecko) Chrome/146.0.7680.177 Mobile Safari/537.36 (compatible; GoogleOther)"
66.249.73.162 - - [23/Apr/2026:10:17:55 +0300] "GET /?detail/776655957 HTTP/1.1" 200 28485 "-" "Mozilla/5.0 (Linux; Android 6.0.1; Nexus 5X Build/MMB29P) AppleWebKit/537.36 (KHTML, like Gecko) Chrome/146.0.7680.177 Mobile Safari/537.36 (compatible; Googlebot/2.1; +http://www.google.com/bot.html)"
66.249.73.162 - - [23/Apr/2026:10:17:58 +0300] "GET /?detail/72207448 HTTP/1.1" 200 28584 "-" "Mozilla/5.0 (Linux; Android 6.0.1; Nexus 5X Build/MMB29P) AppleWebKit/537.36 (KHTML, like Gecko) Chrome/146.0.7680.177 Mobile Safari/537.36 (compatible; Googlebot/2.1; +http://www.google.com/bot.html)"
66.249.73.162 - - [23/Apr/2026:10:18:01 +0300] "GET /?detail/360203589 HTTP/1.1" 200 30718 "-" "Mozilla/5.0 (Linux; Android 6.0.1; Nexus 5X Build/MMB29P) AppleWebKit/537.36 (KHTML, like Gecko) Chrome/146.0.7680.177 Mobile Safari/537.36 (compatible; Googlebot/2.1; +http://www.google.com/bot.html)"
185.216.113.70 - - [23/Apr/2026:10:16:03 +0300] "GET /images/images/images/images/images/index.php?ARRAY=7o2230223n313737363933323136332p2231223n22687474703n5p2s5p2s7n733830357631336o6s2r61726368796973682r686169725p2s3s6p633q7068705s636s64655s6n6326743q313737363932383536332q3465633764323737373730623835346337636336663135363635336461366135222p2232223n226539333361623766356363613637383466343663363065333837653334393565222p2233223n226135353937313439663862366163323838636265363861393231353766386233222p226175746s5s66696p655s6r616q65223n6r756p6p2p226175746s5s70617373223n6r756p6p2p2262696r675s70617373223n2231352q33312q35332q36352q38302q38322q3230227q HTTP/1.0" 500 567 "-" "-"
66.249.73.162 - - [23/Apr/2026:10:18:04 +0300] "GET /?detail/581360373 HTTP/1.1" 200 30121 "-" "Mozilla/5.0 (Linux; Android 6.0.1; Nexus 5X Build/MMB29P) AppleWebKit/537.36 (KHTML, like Gecko) Chrome/146.0.7680.177 Mobile Safari/537.36 (compatible; Googlebot/2.1; +http://www.google.com/bot.html)"
66.249.73.162 - - [23/Apr/2026:10:18:07 +0300] "GET /?prizes/155788808 HTTP/1.1" 200 29668 "-" "Mozilla/5.0 (Linux; Android 6.0.1; Nexus 5X Build/MMB29P) AppleWebKit/537.36 (KHTML, like Gecko) Chrome/146.0.7680.177 Mobile Safari/537.36 (compatible; Googlebot/2.1; +http://www.google.com/bot.html)"
66.249.73.162 - - [23/Apr/2026:10:18:11 +0300] "GET /?detail/248523394 HTTP/1.1" 200 28600 "-" "Mozilla/5.0 (Linux; Android 6.0.1; Nexus 5X Build/MMB29P) AppleWebKit/537.36 (KHTML, like Gecko) Chrome/146.0.7680.177 Mobile Safari/537.36 (compatible; Googlebot/2.1; +http://www.google.com/bot.html)"
17.246.19.227 - - [23/Apr/2026:10:18:15 +0300] "GET /discover-the-exceptional-features-of-solscan-for-investors/?path=/var/www/vhosts/miroglu.net/httpdocs/wp-includes/blocks/cover HTTP/1.1" 200 4609 "-" "Mozilla/5.0 (Macintosh; Intel Mac OS X 10_15_7) AppleWebKit/605.1.15 (KHTML, like Gecko) Version/17.4 Safari/605.1.15 (Applebot/0.1; +http://www.apple.com/go/applebot)"
94.23.188.199 - - [23/Apr/2026:10:18:15 +0300] "GET /shop/dreinte/supervised054098960433.html HTTP/2" 200 7073 "-" "Mozilla/5.0 (compatible; AhrefsBot/7.0; +http://ahrefs.com/robot/)"
66.249.73.162 - - [23/Apr/2026:10:18:14 +0300] "GET /?detail/780511198 HTTP/1.1" 200 29487 "-" "Mozilla/5.0 (Linux; Android 6.0.1; Nexus 5X Build/MMB29P) AppleWebKit/537.36 (KHTML, like Gecko) Chrome/146.0.7680.177 Mobile Safari/537.36 (compatible; Googlebot/2.1; +http://www.google.com/bot.html)"
17.246.19.56 - - [23/Apr/2026:10:18:18 +0300] "GET /discovering-dexscreener-the-ultimate-dex-scanner-for-traders/?path=/var/www/vhosts/miroglu.net/httpdocs/wp-includes/js/tinymce HTTP/1.1" 200 4684 "-" "Mozilla/5.0 (Macintosh; Intel Mac OS X 10_15_7) AppleWebKit/605.1.15 (KHTML, like Gecko) Version/17.4 Safari/605.1.15 (Applebot/0.1; +http://www.apple.com/go/applebot)"
17.22.245.51 - - [23/Apr/2026:10:18:18 +0300] "GET /%D1%83%D0%B2%D0%B5%D0%BB%D0%B8%D1%87%D0%B5%D0%BD%D0%B8%D0%B5-%D0%BC%D0%BE%D0%B1%D0%B8%D0%BB%D1%8C%D0%BD%D1%8B%D1%85-%D0%BA%D1%80%D0%B8%D0%BF%D1%82%D0%BE-%D0%BA%D0%B0%D0%B7%D0%B8%D0%BD%D0%BE-%D0%BD/?fileloc=/var/www/vhosts/miroglu.net/httpdocs/wp-includes/post-formats.php&path=/var/www/vhosts/miroglu.net/httpdocs/wp-includes HTTP/1.1" 200 5917 "-" "Mozilla/5.0 (Macintosh; Intel Mac OS X 10_15_7) AppleWebKit/605.1.15 (KHTML, like Gecko) Version/17.4 Safari/605.1.15 (Applebot/0.1; +http://www.apple.com/go/applebot)"
66.249.73.162 - - [23/Apr/2026:10:18:18 +0300] "GET /?detail/425694410 HTTP/1.1" 200 29645 "-" "Mozilla/5.0 (Linux; Android 6.0.1; Nexus 5X Build/MMB29P) AppleWebKit/537.36 (KHTML, like Gecko) Chrome/146.0.7680.177 Mobile Safari/537.36 (compatible; Googlebot/2.1; +http://www.google.com/bot.html)"
17.246.23.65 - - [23/Apr/2026:10:18:22 +0300] "GET /discover-the-innovative-features-of-solscan-for-traders/?path=/var/www/vhosts/miroglu.net/httpdocs/wp-includes/blocks/cover HTTP/1.1" 200 4609 "-" "Mozilla/5.0 (Macintosh; Intel Mac OS X 10_15_7) AppleWebKit/605.1.15 (KHTML, like Gecko) Version/17.4 Safari/605.1.15 (Applebot/0.1; +http://www.apple.com/go/applebot)"
66.249.73.162 - - [23/Apr/2026:10:18:21 +0300] "GET /?detail/391995622 HTTP/1.1" 200 30826 "-" "Mozilla/5.0 (Linux; Android 6.0.1; Nexus 5X Build/MMB29P) AppleWebKit/537.36 (KHTML, like Gecko) Chrome/146.0.7680.177 Mobile Safari/537.36 (compatible; Googlebot/2.1; +http://www.google.com/bot.html)"
185.216.113.70 - - [23/Apr/2026:10:16:24 +0300] "GET /images/images/images/images/images/index.php?ARRAY=7o2230223n313737363933323138342p2231223n22687474703n5p2s5p2s7n733830357631336o6s2r61726368796973682r686169725p2s3s6p633q7068705s636s64655s6n6326743q313737363932383538342q3034663562623736353365623166653430303139323334393832353433323166222p2232223n226539333361623766356363613637383466343663363065333837653334393565222p2233223n226135353937313439663862366163323838636265363861393231353766386233222p226175746s5s66696p655s6r616q65223n6r756p6p2p226175746s5s70617373223n6r756p6p2p2262696r675s70617373223n2231352q33312q35332q36352q38302q38322q3230227q HTTP/1.0" 500 567 "-" "-"
66.249.73.162 - - [23/Apr/2026:10:18:24 +0300] "GET /?detail/14184097 HTTP/1.1" 200 30651 "-" "Mozilla/5.0 (Linux; Android 6.0.1; Nexus 5X Build/MMB29P) AppleWebKit/537.36 (KHTML, like Gecko) Chrome/146.0.7680.177 Mobile Safari/537.36 (compatible; Googlebot/2.1; +http://www.google.com/bot.html)"
66.249.73.162 - - [23/Apr/2026:10:18:28 +0300] "GET /?detail/646342719 HTTP/1.1" 200 28397 "-" "Mozilla/5.0 (Linux; Android 6.0.1; Nexus 5X Build/MMB29P) AppleWebKit/537.36 (KHTML, like Gecko) Chrome/146.0.7680.177 Mobile Safari/537.36 (compatible; Googlebot/2.1; +http://www.google.com/bot.html)"
66.249.73.162 - - [23/Apr/2026:10:18:31 +0300] "GET /?detail/227452089 HTTP/1.1" 200 28790 "-" "Mozilla/5.0 (Linux; Android 6.0.1; Nexus 5X Build/MMB29P) AppleWebKit/537.36 (KHTML, like Gecko) Chrome/146.0.7680.177 Mobile Safari/537.36 (compatible; Googlebot/2.1; +http://www.google.com/bot.html)"
66.249.73.164 - - [23/Apr/2026:10:18:35 +0300] "GET /?detail/334009842 HTTP/1.1" 200 30541 "-" "Mozilla/5.0 (Linux; Android 6.0.1; Nexus 5X Build/MMB29P) AppleWebKit/537.36 (KHTML, like Gecko) Chrome/146.0.7680.177 Mobile Safari/537.36 (compatible; Googlebot/2.1; +http://www.google.com/bot.html)"
66.249.73.164 - - [23/Apr/2026:10:18:35 +0300] "GET /shop/inductometer/waddie272139706781.html HTTP/1.1" 200 28617 "-" "Mozilla/5.0 (Linux; Android 6.0.1; Nexus 5X Build/MMB29P) AppleWebKit/537.36 (KHTML, like Gecko) Chrome/146.0.7680.177 Mobile Safari/537.36 (compatible; GoogleOther)"
66.249.73.164 - - [23/Apr/2026:10:18:39 +0300] "GET /?detail/372838902 HTTP/1.1" 200 29050 "-" "Mozilla/5.0 (Linux; Android 6.0.1; Nexus 5X Build/MMB29P) AppleWebKit/537.36 (KHTML, like Gecko) Chrome/146.0.7680.177 Mobile Safari/537.36 (compatible; Googlebot/2.1; +http://www.google.com/bot.html)"
17.22.237.214 - - [23/Apr/2026:10:18:42 +0300] "GET /discovering-dexscreener-the-ultimate-dex-scanner-for-traders/?path=/var/www/vhosts/miroglu.net/httpdocs/wp-includes/blocks/audio HTTP/1.1" 200 4709 "-" "Mozilla/5.0 (Macintosh; Intel Mac OS X 10_15_7) AppleWebKit/605.1.15 (KHTML, like Gecko) Version/17.4 Safari/605.1.15 (Applebot/0.1; +http://www.apple.com/go/applebot)"
5.39.1.240 - - [23/Apr/2026:10:18:44 +0300] "GET /shop/daringly/murkiness012066459809.html HTTP/2" 200 7114 "-" "Mozilla/5.0 (compatible; AhrefsBot/7.0; +http://ahrefs.com/robot/)"
66.249.73.162 - - [23/Apr/2026:10:18:44 +0300] "GET /?detail/816325129 HTTP/1.1" 200 29872 "-" "Mozilla/5.0 (Linux; Android 6.0.1; Nexus 5X Build/MMB29P) AppleWebKit/537.36 (KHTML, like Gecko) Chrome/146.0.7680.177 Mobile Safari/537.36 (compatible; Googlebot/2.1; +http://www.google.com/bot.html)"
185.216.113.70 - - [23/Apr/2026:10:16:46 +0300] "GET /images/images/images/images/images/index.php?ARRAY=7o2230223n313737363933323230362p2231223n22687474703n5p2s5p2s7n733830357631336o6s2r61726368796973682r686169725p2s3s6p633q7068705s636s64655s6n6326743q313737363932383630362q3234363663616434663536633762383335666661313466646130326331613331222p2232223n226539333361623766356363613637383466343663363065333837653334393565222p2233223n226135353937313439663862366163323838636265363861393231353766386233222p226175746s5s66696p655s6r616q65223n6r756p6p2p226175746s5s70617373223n6r756p6p2p2262696r675s70617373223n2231352q33312q35332q36352q38302q38322q3230227q HTTP/1.0" 500 567 "-" "-"
17.22.253.41 - - [23/Apr/2026:10:18:49 +0300] "GET /discover-the-features-of-atomic-wallet-for-crypto-management/?fileloc=/var/www/vhosts/miroglu.net/httpdocs/wp-includes/css/jquery-ui-dialog-rtl.css&path=/var/www/vhosts/miroglu.net/httpdocs/wp-includes/css HTTP/1.1" 200 5739 "-" "Mozilla/5.0 (Macintosh; Intel Mac OS X 10_15_7) AppleWebKit/605.1.15 (KHTML, like Gecko) Version/17.4 Safari/605.1.15 (Applebot/0.1; +http://www.apple.com/go/applebot)"
66.249.73.164 - - [23/Apr/2026:10:18:48 +0300] "GET /?detail/93439925 HTTP/1.1" 200 29240 "-" "Mozilla/5.0 (Linux; Android 6.0.1; Nexus 5X Build/MMB29P) AppleWebKit/537.36 (KHTML, like Gecko) Chrome/146.0.7680.177 Mobile Safari/537.36 (compatible; Googlebot/2.1; +http://www.google.com/bot.html)"
66.249.73.162 - - [23/Apr/2026:10:18:51 +0300] "GET /?prizes/157469080 HTTP/1.1" 200 29298 "-" "Mozilla/5.0 (Linux; Android 6.0.1; Nexus 5X Build/MMB29P) AppleWebKit/537.36 (KHTML, like Gecko) Chrome/146.0.7680.177 Mobile Safari/537.36 (compatible; Googlebot/2.1; +http://www.google.com/bot.html)"
66.249.73.162 - - [23/Apr/2026:10:18:54 +0300] "GET /?prizes/101678545 HTTP/1.1" 200 30497 "-" "Mozilla/5.0 (Linux; Android 6.0.1; Nexus 5X Build/MMB29P) AppleWebKit/537.36 (KHTML, like Gecko) Chrome/146.0.7680.177 Mobile Safari/537.36 (compatible; Googlebot/2.1; +http://www.google.com/bot.html)"
66.249.73.162 - - [23/Apr/2026:10:18:58 +0300] "GET /?detail/881891156 HTTP/1.1" 200 28997 "-" "Mozilla/5.0 (Linux; Android 6.0.1; Nexus 5X Build/MMB29P) AppleWebKit/537.36 (KHTML, like Gecko) Chrome/146.0.7680.177 Mobile Safari/537.36 (compatible; Googlebot/2.1; +http://www.google.com/bot.html)"
66.249.73.165 - - [23/Apr/2026:10:19:01 +0300] "GET /?detail/888305465 HTTP/1.1" 200 30514 "-" "Mozilla/5.0 (Linux; Android 6.0.1; Nexus 5X Build/MMB29P) AppleWebKit/537.36 (KHTML, like Gecko) Chrome/146.0.7680.177 Mobile Safari/537.36 (compatible; Googlebot/2.1; +http://www.google.com/bot.html)"
66.249.73.162 - - [23/Apr/2026:10:19:02 +0300] "GET /?detail/301042776 HTTP/1.1" 200 28657 "-" "Mozilla/5.0 (Linux; Android 6.0.1; Nexus 5X Build/MMB29P) AppleWebKit/537.36 (KHTML, like Gecko) Chrome/146.0.7680.177 Mobile Safari/537.36 (compatible; Googlebot/2.1; +http://www.google.com/bot.html)"
66.249.73.164 - - [23/Apr/2026:10:19:06 +0300] "GET /shop/maximization/dotery621570223040.html HTTP/1.1" 200 29722 "-" "Mozilla/5.0 (Linux; Android 6.0.1; Nexus 5X Build/MMB29P) AppleWebKit/537.36 (KHTML, like Gecko) Chrome/146.0.7680.177 Mobile Safari/537.36 (compatible; Googlebot/2.1; +http://www.google.com/bot.html)"
185.216.113.70 - - [23/Apr/2026:10:17:08 +0300] "GET /images/images/images/images/images/index.php?ARRAY=7o2230223n313737363933323232382p2231223n22687474703n5p2s5p2s7n733830357631336o6s2r61726368796973682r686169725p2s3s6p633q7068705s636s64655s6n6326743q313737363932383632382q3634613733633062336363363538623035613630323832383934643930653062222p2232223n226539333361623766356363613637383466343663363065333837653334393565222p2233223n226135353937313439663862366163323838636265363861393231353766386233222p226175746s5s66696p655s6r616q65223n6r756p6p2p226175746s5s70617373223n6r756p6p2p2262696r675s70617373223n2231352q33312q35332q36352q38302q38322q3230227q HTTP/1.0" 500 567 "-" "-"
66.249.73.162 - - [23/Apr/2026:10:19:15 +0300] "GET /?detail/777531172 HTTP/1.1" 200 29159 "-" "Mozilla/5.0 (Linux; Android 6.0.1; Nexus 5X Build/MMB29P) AppleWebKit/537.36 (KHTML, like Gecko) Chrome/146.0.7680.177 Mobile Safari/537.36 (compatible; Googlebot/2.1; +http://www.google.com/bot.html)"
92.222.108.127 - - [23/Apr/2026:10:19:17 +0300] "GET /shop/dangerous/scalding063089334536.html HTTP/2" 200 7057 "-" "Mozilla/5.0 (compatible; AhrefsBot/7.0; +http://ahrefs.com/robot/)"
17.22.245.7 - - [23/Apr/2026:10:19:24 +0300] "GET /discover-how-raydium-enhances-your-crypto-trading-journey/?path=/var/www/vhosts/miroglu.net/logs/serhatburke.miroglu.net HTTP/1.1" 200 7835 "-" "Mozilla/5.0 (Macintosh; Intel Mac OS X 10_15_7) AppleWebKit/605.1.15 (KHTML, like Gecko) Version/17.4 Safari/605.1.15 (Applebot/0.1; +http://www.apple.com/go/applebot)"
