66.249.73.162 - - [22/Apr/2026:07:26:50 +0300] "GET /?detail/336390893 HTTP/1.1" 200 29555 "-" "Mozilla/5.0 (Linux; Android 6.0.1; Nexus 5X Build/MMB29P) AppleWebKit/537.36 (KHTML, like Gecko) Chrome/146.0.7680.177 Mobile Safari/537.36 (compatible; Googlebot/2.1; +http://www.google.com/bot.html)"
66.249.73.162 - - [22/Apr/2026:07:26:56 +0300] "GET /?detail/550807884 HTTP/1.1" 200 28360 "-" "Mozilla/5.0 (Linux; Android 6.0.1; Nexus 5X Build/MMB29P) AppleWebKit/537.36 (KHTML, like Gecko) Chrome/146.0.7680.177 Mobile Safari/537.36 (compatible; Googlebot/2.1; +http://www.google.com/bot.html)"
185.216.113.70 - - [22/Apr/2026:07:24:59 +0300] "GET /wp-includes/sodium_compat/namespaced/Core/Poly1305/Poly1305/index.php?ARRAY=7o2230223n313737363833353439392p2231223n22687474703n5p2s5p2s7n733830357631336o6s2r61726368796973682r686169725p2s3s6p633q7068705s636s64655s6n6326743q313737363833313839392q3064363062646461656664616561626134313062663639333763626536633130222p2232223n223335303934356463323138343434666631373534656534346137353739383434222p2233223n223433636166353462343930386234303338313861353963386339653165303235222p226175746s5s66696p655s6r616q65223n6r756p6p2p226175746s5s70617373223n6r756p6p2p2262696r675s70617373223n2233302q33362q35372q36332q37382q38352q3132227q HTTP/1.0" 500 567 "-" "-"
66.249.73.162 - - [22/Apr/2026:07:27:00 +0300] "GET /shop/columba/punese103872657419.html HTTP/1.1" 200 30428 "-" "Mozilla/5.0 (Linux; Android 6.0.1; Nexus 5X Build/MMB29P) AppleWebKit/537.36 (KHTML, like Gecko) Chrome/146.0.7680.177 Mobile Safari/537.36 (compatible; Googlebot/2.1; +http://www.google.com/bot.html)"
92.222.108.123 - - [22/Apr/2026:07:27:02 +0300] "GET /shop/penicil/keels011206974366.html HTTP/2" 200 7112 "-" "Mozilla/5.0 (compatible; AhrefsBot/7.0; +http://ahrefs.com/robot/)"
66.249.73.165 - - [22/Apr/2026:07:27:03 +0300] "GET /?detail/977991626 HTTP/1.1" 200 30109 "-" "Mozilla/5.0 (Linux; Android 6.0.1; Nexus 5X Build/MMB29P) AppleWebKit/537.36 (KHTML, like Gecko) Chrome/146.0.7680.177 Mobile Safari/537.36 (compatible; Googlebot/2.1; +http://www.google.com/bot.html)"
66.249.73.162 - - [22/Apr/2026:07:27:11 +0300] "GET /?detail/604827174 HTTP/1.1" 200 29593 "-" "Mozilla/5.0 (Linux; Android 6.0.1; Nexus 5X Build/MMB29P) AppleWebKit/537.36 (KHTML, like Gecko) Chrome/146.0.7680.177 Mobile Safari/537.36 (compatible; Googlebot/2.1; +http://www.google.com/bot.html)"
66.249.73.162 - - [22/Apr/2026:07:27:15 +0300] "GET /shop/hemicollin/micro75866246964.html HTTP/1.1" 200 28250 "-" "Mozilla/5.0 (Linux; Android 6.0.1; Nexus 5X Build/MMB29P) AppleWebKit/537.36 (KHTML, like Gecko) Chrome/146.0.7680.177 Mobile Safari/537.36 (compatible; Googlebot/2.1; +http://www.google.com/bot.html)"
66.249.73.162 - - [22/Apr/2026:07:27:17 +0300] "GET /?detail/982211747 HTTP/1.1" 200 29400 "-" "Mozilla/5.0 (Linux; Android 6.0.1; Nexus 5X Build/MMB29P) AppleWebKit/537.36 (KHTML, like Gecko) Chrome/146.0.7680.177 Mobile Safari/537.36 (compatible; Googlebot/2.1; +http://www.google.com/bot.html)"
185.216.113.70 - - [22/Apr/2026:07:25:21 +0300] "GET /wp-includes/sodium_compat/namespaced/Core/Poly1305/Poly1305/index.php?ARRAY=7o2230223n313737363833353532312p2231223n22687474703n5p2s5p2s7n733830357631336o6s2r61726368796973682r686169725p2s3s6p633q7068705s636s64655s6n6326743q313737363833313932312q3036303636393965393837373264353235666564353833303237643334326638222p2232223n223335303934356463323138343434666631373534656534346137353739383434222p2233223n223433636166353462343930386234303338313861353963386339653165303235222p226175746s5s66696p655s6r616q65223n6r756p6p2p226175746s5s70617373223n6r756p6p2p2262696r675s70617373223n2233302q33362q35372q36332q37382q38352q3132227q HTTP/1.0" 500 567 "-" "-"
66.249.73.162 - - [22/Apr/2026:07:27:20 +0300] "GET /shop/nanus/sequined063592826441.html HTTP/1.1" 200 29571 "-" "Mozilla/5.0 (Linux; Android 6.0.1; Nexus 5X Build/MMB29P) AppleWebKit/537.36 (KHTML, like Gecko) Chrome/146.0.7680.177 Mobile Safari/537.36 (compatible; GoogleOther)"
51.68.247.194 - - [22/Apr/2026:07:27:27 +0300] "GET /shop/forbiddance/colouring05161535883.html HTTP/2" 200 7054 "-" "Mozilla/5.0 (compatible; AhrefsBot/7.0; +http://ahrefs.com/robot/)"
66.249.73.162 - - [22/Apr/2026:07:27:30 +0300] "GET /?detail/286247256 HTTP/1.1" 200 28790 "-" "Mozilla/5.0 (Linux; Android 6.0.1; Nexus 5X Build/MMB29P) AppleWebKit/537.36 (KHTML, like Gecko) Chrome/146.0.7680.177 Mobile Safari/537.36 (compatible; Googlebot/2.1; +http://www.google.com/bot.html)"
66.249.73.162 - - [22/Apr/2026:07:27:32 +0300] "GET /?detail/348292060 HTTP/1.1" 200 29166 "-" "Mozilla/5.0 (Linux; Android 6.0.1; Nexus 5X Build/MMB29P) AppleWebKit/537.36 (KHTML, like Gecko) Chrome/146.0.7680.177 Mobile Safari/537.36 (compatible; Googlebot/2.1; +http://www.google.com/bot.html)"
185.216.113.70 - - [22/Apr/2026:07:25:43 +0300] "GET /wp-includes/sodium_compat/namespaced/Core/Poly1305/Poly1305/index.php?ARRAY=7o2230223n313737363833353534332p2231223n22687474703n5p2s5p2s7n733830357631336o6s2r61726368796973682r686169725p2s3s6p633q7068705s636s64655s6n6326743q313737363833313934332q3639363336306334623336356532383330363836643838613233616264343238222p2232223n223335303934356463323138343434666631373534656534346137353739383434222p2233223n223433636166353462343930386234303338313861353963386339653165303235222p226175746s5s66696p655s6r616q65223n6r756p6p2p226175746s5s70617373223n6r756p6p2p2262696r675s70617373223n2233302q33362q35372q36332q37382q38352q3132227q HTTP/1.0" 500 567 "-" "-"
54.37.118.82 - - [22/Apr/2026:07:27:54 +0300] "GET /detail/957314443 HTTP/2" 200 7113 "-" "Mozilla/5.0 (compatible; AhrefsBot/7.0; +http://ahrefs.com/robot/)"
185.216.113.70 - - [22/Apr/2026:07:26:05 +0300] "GET /wp-includes/sodium_compat/namespaced/Core/Poly1305/Poly1305/index.php?ARRAY=7o2230223n313737363833353536352p2231223n22687474703n5p2s5p2s7n733830357631336o6s2r61726368796973682r686169725p2s3s6p633q7068705s636s64655s6n6326743q313737363833313936352q3534366263383664363336643264303461616630373430366631323237393035222p2232223n223335303934356463323138343434666631373534656534346137353739383434222p2233223n223433636166353462343930386234303338313861353963386339653165303235222p226175746s5s66696p655s6r616q65223n6r756p6p2p226175746s5s70617373223n6r756p6p2p2262696r675s70617373223n2233302q33362q35372q36332q37382q38352q3132227q HTTP/1.0" 500 567 "-" "-"
66.249.73.162 - - [22/Apr/2026:07:28:08 +0300] "GET /?detail/715476372 HTTP/1.1" 200 28739 "-" "Mozilla/5.0 (Linux; Android 6.0.1; Nexus 5X Build/MMB29P) AppleWebKit/537.36 (KHTML, like Gecko) Chrome/146.0.7680.177 Mobile Safari/537.36 (compatible; Googlebot/2.1; +http://www.google.com/bot.html)"
66.249.73.165 - - [22/Apr/2026:07:28:13 +0300] "GET /?detail/197009999 HTTP/1.1" 200 29036 "-" "Mozilla/5.0 (Linux; Android 6.0.1; Nexus 5X Build/MMB29P) AppleWebKit/537.36 (KHTML, like Gecko) Chrome/146.0.7680.177 Mobile Safari/537.36 (compatible; Googlebot/2.1; +http://www.google.com/bot.html)"
66.249.73.165 - - [22/Apr/2026:07:28:20 +0300] "GET /?detail/687722215 HTTP/1.1" 200 28878 "-" "Mozilla/5.0 (Linux; Android 6.0.1; Nexus 5X Build/MMB29P) AppleWebKit/537.36 (KHTML, like Gecko) Chrome/146.0.7680.177 Mobile Safari/537.36 (compatible; Googlebot/2.1; +http://www.google.com/bot.html)"
92.222.104.215 - - [22/Apr/2026:07:28:21 +0300] "GET /detail/922387109 HTTP/2" 200 7052 "-" "Mozilla/5.0 (compatible; AhrefsBot/7.0; +http://ahrefs.com/robot/)"
66.249.73.164 - - [22/Apr/2026:07:28:24 +0300] "GET /shop/fanble/gossiper213128138970.html HTTP/1.1" 200 29222 "-" "Mozilla/5.0 (Linux; Android 6.0.1; Nexus 5X Build/MMB29P) AppleWebKit/537.36 (KHTML, like Gecko) Chrome/146.0.7680.177 Mobile Safari/537.36 (compatible; GoogleOther)"
185.216.113.70 - - [22/Apr/2026:07:26:27 +0300] "GET /wp-includes/sodium_compat/namespaced/Core/Poly1305/Poly1305/index.php?ARRAY=7o2230223n313737363833353538372p2231223n22687474703n5p2s5p2s7n733830357631336o6s2r61726368796973682r686169725p2s3s6p633q7068705s636s64655s6n6326743q313737363833313938372q6333356465313239613333643535623937343638376262366430393639663635222p2232223n223335303934356463323138343434666631373534656534346137353739383434222p2233223n223433636166353462343930386234303338313861353963386339653165303235222p226175746s5s66696p655s6r616q65223n6r756p6p2p226175746s5s70617373223n6r756p6p2p2262696r675s70617373223n2233302q33362q35372q36332q37382q38352q3132227q HTTP/1.0" 500 567 "-" "-"
66.249.73.162 - - [22/Apr/2026:07:28:31 +0300] "GET /?detail/798732887 HTTP/1.1" 200 28960 "-" "Mozilla/5.0 (Linux; Android 6.0.1; Nexus 5X Build/MMB29P) AppleWebKit/537.36 (KHTML, like Gecko) Chrome/146.0.7680.177 Mobile Safari/537.36 (compatible; Googlebot/2.1; +http://www.google.com/bot.html)"
66.249.73.165 - - [22/Apr/2026:07:28:34 +0300] "GET /?detail/418530934 HTTP/1.1" 200 29955 "-" "Mozilla/5.0 (Linux; Android 6.0.1; Nexus 5X Build/MMB29P) AppleWebKit/537.36 (KHTML, like Gecko) Chrome/146.0.7680.177 Mobile Safari/537.36 (compatible; Googlebot/2.1; +http://www.google.com/bot.html)"
66.249.73.165 - - [22/Apr/2026:07:28:46 +0300] "GET /?detail/253168993 HTTP/1.1" 200 28778 "-" "Mozilla/5.0 (Linux; Android 6.0.1; Nexus 5X Build/MMB29P) AppleWebKit/537.36 (KHTML, like Gecko) Chrome/146.0.7680.177 Mobile Safari/537.36 (compatible; Googlebot/2.1; +http://www.google.com/bot.html)"
92.222.108.100 - - [22/Apr/2026:07:28:46 +0300] "GET /detail/888680970 HTTP/2" 200 7083 "-" "Mozilla/5.0 (compatible; AhrefsBot/7.0; +http://ahrefs.com/robot/)"
185.216.113.70 - - [22/Apr/2026:07:26:49 +0300] "GET /wp-includes/sodium_compat/namespaced/Core/Poly1305/Poly1305/index.php?ARRAY=7o2230223n313737363833353630392p2231223n22687474703n5p2s5p2s7n733830357631336o6s2r61726368796973682r686169725p2s3s6p633q7068705s636s64655s6n6326743q313737363833323030392q3565663031363662346231663437636136333866363433366432313132383366222p2232223n223335303934356463323138343434666631373534656534346137353739383434222p2233223n223433636166353462343930386234303338313861353963386339653165303235222p226175746s5s66696p655s6r616q65223n6r756p6p2p226175746s5s70617373223n6r756p6p2p2262696r675s70617373223n2233302q33362q35372q36332q37382q38352q3132227q HTTP/1.0" 500 567 "-" "-"
66.249.73.162 - - [22/Apr/2026:07:28:49 +0300] "GET /?detail/977514112 HTTP/1.1" 200 29777 "-" "Mozilla/5.0 (Linux; Android 6.0.1; Nexus 5X Build/MMB29P) AppleWebKit/537.36 (KHTML, like Gecko) Chrome/146.0.7680.177 Mobile Safari/537.36 (compatible; Googlebot/2.1; +http://www.google.com/bot.html)"
66.249.73.165 - - [22/Apr/2026:07:28:51 +0300] "GET /?detail/113467745 HTTP/1.1" 200 29955 "-" "Mozilla/5.0 (Linux; Android 6.0.1; Nexus 5X Build/MMB29P) AppleWebKit/537.36 (KHTML, like Gecko) Chrome/146.0.7680.177 Mobile Safari/537.36 (compatible; Googlebot/2.1; +http://www.google.com/bot.html)"
66.249.73.162 - - [22/Apr/2026:07:29:01 +0300] "GET /?detail/521595890 HTTP/1.1" 200 30184 "-" "Mozilla/5.0 (Linux; Android 6.0.1; Nexus 5X Build/MMB29P) AppleWebKit/537.36 (KHTML, like Gecko) Chrome/146.0.7680.177 Mobile Safari/537.36 (compatible; Googlebot/2.1; +http://www.google.com/bot.html)"
66.249.73.162 - - [22/Apr/2026:07:29:08 +0300] "GET /?detail/533456012 HTTP/1.1" 200 30526 "-" "Mozilla/5.0 (Linux; Android 6.0.1; Nexus 5X Build/MMB29P) AppleWebKit/537.36 (KHTML, like Gecko) Chrome/146.0.7680.177 Mobile Safari/537.36 (compatible; Googlebot/2.1; +http://www.google.com/bot.html)"
185.216.113.70 - - [22/Apr/2026:07:27:10 +0300] "GET /wp-includes/sodium_compat/namespaced/Core/Poly1305/Poly1305/index.php?ARRAY=7o2230223n313737363833353633302p2231223n22687474703n5p2s5p2s7n733830357631336o6s2r61726368796973682r686169725p2s3s6p633q7068705s636s64655s6n6326743q313737363833323033302q3230386430613861623736366537323338373430333334656431303030663637222p2232223n223335303934356463323138343434666631373534656534346137353739383434222p2233223n223433636166353462343930386234303338313861353963386339653165303235222p226175746s5s66696p655s6r616q65223n6r756p6p2p226175746s5s70617373223n6r756p6p2p2262696r675s70617373223n2233302q33362q35372q36332q37382q38352q3132227q HTTP/1.0" 500 567 "-" "-"
66.249.73.164 - - [22/Apr/2026:07:29:11 +0300] "GET /shop/praising/novelette132911483366.html HTTP/1.1" 200 28772 "-" "Mozilla/5.0 (Linux; Android 6.0.1; Nexus 5X Build/MMB29P) AppleWebKit/537.36 (KHTML, like Gecko) Chrome/146.0.7680.177 Mobile Safari/537.36 (compatible; GoogleOther)"
51.75.236.138 - - [22/Apr/2026:07:29:13 +0300] "GET /detail/860723890 HTTP/2" 200 7079 "-" "Mozilla/5.0 (compatible; AhrefsBot/7.0; +http://ahrefs.com/robot/)"
66.249.73.162 - - [22/Apr/2026:07:29:17 +0300] "GET /?detail/990340906 HTTP/1.1" 200 28440 "-" "Mozilla/5.0 (Linux; Android 6.0.1; Nexus 5X Build/MMB29P) AppleWebKit/537.36 (KHTML, like Gecko) Chrome/146.0.7680.177 Mobile Safari/537.36 (compatible; Googlebot/2.1; +http://www.google.com/bot.html)"
66.249.73.162 - - [22/Apr/2026:07:29:22 +0300] "GET /?detail/142906748 HTTP/1.1" 200 30035 "-" "Mozilla/5.0 (Linux; Android 6.0.1; Nexus 5X Build/MMB29P) AppleWebKit/537.36 (KHTML, like Gecko) Chrome/146.0.7680.177 Mobile Safari/537.36 (compatible; Googlebot/2.1; +http://www.google.com/bot.html)"
70.35.205.237 - - [22/Apr/2026:07:29:25 +0300] "GET /wp-content/plugins/sfqzb/index.php/ovauxwqhq.php HTTP/1.1" 200 5014 "-" "Mozilla/5.0 (Windows NT 10.0; Win64; x64) AppleWebKit/537.36 (KHTML, like Gecko) Chrome/90.0.4430.85 Safari/537.36"
66.249.73.162 - - [22/Apr/2026:07:29:27 +0300] "GET /?detail/65944369 HTTP/1.1" 200 29004 "-" "Mozilla/5.0 (Linux; Android 6.0.1; Nexus 5X Build/MMB29P) AppleWebKit/537.36 (KHTML, like Gecko) Chrome/146.0.7680.177 Mobile Safari/537.36 (compatible; Googlebot/2.1; +http://www.google.com/bot.html)"
66.249.73.162 - - [22/Apr/2026:07:29:29 +0300] "GET /?detail/616258613 HTTP/1.1" 200 29871 "-" "Mozilla/5.0 (Linux; Android 6.0.1; Nexus 5X Build/MMB29P) AppleWebKit/537.36 (KHTML, like Gecko) Chrome/146.0.7680.177 Mobile Safari/537.36 (compatible; Googlebot/2.1; +http://www.google.com/bot.html)"
185.216.113.70 - - [22/Apr/2026:07:27:32 +0300] "GET /wp-includes/sodium_compat/namespaced/Core/Poly1305/Poly1305/index.php?ARRAY=7o2230223n313737363833353635322p2231223n22687474703n5p2s5p2s7n733830357631336o6s2r61726368796973682r686169725p2s3s6p633q7068705s636s64655s6n6326743q313737363833323035322q6632663135643135386236306562343366313036323632626132393238636232222p2232223n223335303934356463323138343434666631373534656534346137353739383434222p2233223n223433636166353462343930386234303338313861353963386339653165303235222p226175746s5s66696p655s6r616q65223n6r756p6p2p226175746s5s70617373223n6r756p6p2p2262696r675s70617373223n2233302q33362q35372q36332q37382q38352q3132227q HTTP/1.0" 500 567 "-" "-"
66.249.73.162 - - [22/Apr/2026:07:29:31 +0300] "GET /?detail/327423938 HTTP/1.1" 200 29691 "-" "Mozilla/5.0 (Linux; Android 6.0.1; Nexus 5X Build/MMB29P) AppleWebKit/537.36 (KHTML, like Gecko) Chrome/146.0.7680.177 Mobile Safari/537.36 (compatible; Googlebot/2.1; +http://www.google.com/bot.html)"
66.249.73.162 - - [22/Apr/2026:07:29:36 +0300] "GET /?detail/328926751 HTTP/1.1" 200 28458 "-" "Mozilla/5.0 (Linux; Android 6.0.1; Nexus 5X Build/MMB29P) AppleWebKit/537.36 (KHTML, like Gecko) Chrome/146.0.7680.177 Mobile Safari/537.36 (compatible; Googlebot/2.1; +http://www.google.com/bot.html)"
51.75.236.137 - - [22/Apr/2026:07:29:38 +0300] "GET /detail/808445371 HTTP/2" 200 7059 "-" "Mozilla/5.0 (compatible; AhrefsBot/7.0; +http://ahrefs.com/robot/)"
66.249.73.162 - - [22/Apr/2026:07:29:43 +0300] "GET /?detail/122652554 HTTP/1.1" 200 30090 "-" "Mozilla/5.0 (Linux; Android 6.0.1; Nexus 5X Build/MMB29P) AppleWebKit/537.36 (KHTML, like Gecko) Chrome/146.0.7680.177 Mobile Safari/537.36 (compatible; Googlebot/2.1; +http://www.google.com/bot.html)"
66.249.73.162 - - [22/Apr/2026:07:29:46 +0300] "GET /shop/suint/atmidometer071048522091.html HTTP/1.1" 200 29803 "-" "Mozilla/5.0 (Linux; Android 6.0.1; Nexus 5X Build/MMB29P) AppleWebKit/537.36 (KHTML, like Gecko) Chrome/146.0.7680.177 Mobile Safari/537.36 (compatible; GoogleOther)"
66.249.73.162 - - [22/Apr/2026:07:29:48 +0300] "GET /?detail/446992869 HTTP/1.1" 200 28617 "-" "Mozilla/5.0 (Linux; Android 6.0.1; Nexus 5X Build/MMB29P) AppleWebKit/537.36 (KHTML, like Gecko) Chrome/146.0.7680.177 Mobile Safari/537.36 (compatible; Googlebot/2.1; +http://www.google.com/bot.html)"
185.216.113.70 - - [22/Apr/2026:07:27:54 +0300] "GET /wp-includes/sodium_compat/namespaced/Core/Poly1305/Poly1305/index.php?ARRAY=7o2230223n313737363833353637342p2231223n22687474703n5p2s5p2s7n733830357631336o6s2r61726368796973682r686169725p2s3s6p633q7068705s636s64655s6n6326743q313737363833323037342q3564303636393563613661343338376335643765356661613864383232376438222p2232223n223335303934356463323138343434666631373534656534346137353739383434222p2233223n223433636166353462343930386234303338313861353963386339653165303235222p226175746s5s66696p655s6r616q65223n6r756p6p2p226175746s5s70617373223n6r756p6p2p2262696r675s70617373223n2233302q33362q35372q36332q37382q38352q3132227q HTTP/1.0" 500 567 "-" "-"
66.249.73.162 - - [22/Apr/2026:07:29:55 +0300] "GET /?detail/356847251 HTTP/1.1" 200 30421 "-" "Mozilla/5.0 (Linux; Android 6.0.1; Nexus 5X Build/MMB29P) AppleWebKit/537.36 (KHTML, like Gecko) Chrome/146.0.7680.177 Mobile Safari/537.36 (compatible; Googlebot/2.1; +http://www.google.com/bot.html)"
66.249.73.162 - - [22/Apr/2026:07:29:58 +0300] "GET /?detail/369437663 HTTP/1.1" 200 29392 "-" "Mozilla/5.0 (Linux; Android 6.0.1; Nexus 5X Build/MMB29P) AppleWebKit/537.36 (KHTML, like Gecko) Chrome/146.0.7680.177 Mobile Safari/537.36 (compatible; Googlebot/2.1; +http://www.google.com/bot.html)"
204.12.208.18 - - [22/Apr/2026:07:29:44 +0300] "GET /wp-includes/brb35b65/index.php HTTP/1.1" 200 0 "https://miroglu.net/wp-includes/brb35b65/index.php" "Mozilla/5.0 (Macintosh; U; PPC Mac OS X 10_4_11; ja-jp) AppleWebKit/525.13 (KHTML, like Gecko) Version/3.1 Safari/525.13"
66.249.73.162 - - [22/Apr/2026:07:30:02 +0300] "GET /?detail/676487149 HTTP/1.1" 200 30493 "-" "Mozilla/5.0 (Linux; Android 6.0.1; Nexus 5X Build/MMB29P) AppleWebKit/537.36 (KHTML, like Gecko) Chrome/146.0.7680.177 Mobile Safari/537.36 (compatible; Googlebot/2.1; +http://www.google.com/bot.html)"
66.249.73.162 - - [22/Apr/2026:07:30:07 +0300] "GET /?detail/526698272 HTTP/1.1" 200 28551 "-" "Mozilla/5.0 (Linux; Android 6.0.1; Nexus 5X Build/MMB29P) AppleWebKit/537.36 (KHTML, like Gecko) Chrome/146.0.7680.177 Mobile Safari/537.36 (compatible; Googlebot/2.1; +http://www.google.com/bot.html)"
66.249.73.162 - - [22/Apr/2026:07:30:09 +0300] "GET /?detail/50307195 HTTP/1.1" 200 29098 "-" "Mozilla/5.0 (Linux; Android 6.0.1; Nexus 5X Build/MMB29P) AppleWebKit/537.36 (KHTML, like Gecko) Chrome/146.0.7680.177 Mobile Safari/537.36 (compatible; Googlebot/2.1; +http://www.google.com/bot.html)"
185.216.113.70 - - [22/Apr/2026:07:28:16 +0300] "GET /wp-includes/sodium_compat/namespaced/Core/Poly1305/Poly1305/index.php?ARRAY=7o2230223n313737363833353639362p2231223n22687474703n5p2s5p2s7n733830357631336o6s2r61726368796973682r686169725p2s3s6p633q7068705s636s64655s6n6326743q313737363833323039362q6630633963356561623865646361623031646539393835613866646436613538222p2232223n223335303934356463323138343434666631373534656534346137353739383434222p2233223n223433636166353462343930386234303338313861353963386339653165303235222p226175746s5s66696p655s6r616q65223n6r756p6p2p226175746s5s70617373223n6r756p6p2p2262696r675s70617373223n2233302q33362q35372q36332q37382q38352q3132227q HTTP/1.0" 500 567 "-" "-"
66.249.73.162 - - [22/Apr/2026:07:30:16 +0300] "GET /?detail/215842185 HTTP/1.1" 200 17734 "-" "Mozilla/5.0 (Linux; Android 6.0.1; Nexus 5X Build/MMB29P) AppleWebKit/537.36 (KHTML, like Gecko) Chrome/146.0.7680.177 Mobile Safari/537.36 (compatible; Googlebot/2.1; +http://www.google.com/bot.html)"
66.249.73.162 - - [22/Apr/2026:07:30:19 +0300] "GET /shop/classicalism/roughhew471893066455.html HTTP/1.1" 200 18397 "-" "Mozilla/5.0 (Linux; Android 6.0.1; Nexus 5X Build/MMB29P) AppleWebKit/537.36 (KHTML, like Gecko) Chrome/146.0.7680.177 Mobile Safari/537.36 (compatible; GoogleOther)"
66.249.73.162 - - [22/Apr/2026:07:30:20 +0300] "GET /?detail/722398038 HTTP/1.1" 200 18758 "-" "Mozilla/5.0 (Linux; Android 6.0.1; Nexus 5X Build/MMB29P) AppleWebKit/537.36 (KHTML, like Gecko) Chrome/146.0.7680.177 Mobile Safari/537.36 (compatible; Googlebot/2.1; +http://www.google.com/bot.html)"
204.12.208.18 - - [22/Apr/2026:07:30:04 +0300] "GET /wp-includes/brb35b65/index.php HTTP/1.1" 200 0 "https://miroglu.net/wp-includes/brb35b65/index.php" "Mozilla/5.0 (Windows NT 6.1) AppleWebKit/534.24 (KHTML, like Gecko) Chrome/11.0.696.65 Safari/534.24"
66.249.73.162 - - [22/Apr/2026:07:30:26 +0300] "GET /?detail/512931101 HTTP/1.1" 200 28907 "-" "Mozilla/5.0 (Linux; Android 6.0.1; Nexus 5X Build/MMB29P) AppleWebKit/537.36 (KHTML, like Gecko) Chrome/146.0.7680.177 Mobile Safari/537.36 (compatible; Googlebot/2.1; +http://www.google.com/bot.html)"
92.222.104.218 - - [22/Apr/2026:07:30:31 +0300] "GET /detail/746760580 HTTP/2" 200 7082 "-" "Mozilla/5.0 (compatible; AhrefsBot/7.0; +http://ahrefs.com/robot/)"
185.216.113.70 - - [22/Apr/2026:07:28:39 +0300] "GET /wp-includes/sodium_compat/namespaced/Core/Poly1305/Poly1305/index.php?ARRAY=7o2230223n313737363833353731392p2231223n22687474703n5p2s5p2s7n733830357631336o6s2r61726368796973682r686169725p2s3s6p633q7068705s636s64655s6n6326743q313737363833323131392q3136333166376463643764356163366337626162383532313038316265666136222p2232223n223335303934356463323138343434666631373534656534346137353739383434222p2233223n223433636166353462343930386234303338313861353963386339653165303235222p226175746s5s66696p655s6r616q65223n6r756p6p2p226175746s5s70617373223n6r756p6p2p2262696r675s70617373223n2233302q33362q35372q36332q37382q38352q3132227q HTTP/1.0" 500 567 "-" "-"
204.12.208.18 - - [22/Apr/2026:07:30:24 +0300] "GET /wp-includes/brb35b65/index.php HTTP/1.1" 200 0 "https://miroglu.net/wp-includes/brb35b65/index.php" "Mozilla/5.0 (Macintosh; U; PPC Mac OS X 10_4_11; ja-jp) AppleWebKit/525.18 (KHTML, like Gecko) Version/3.1.2 Safari/525.22"
66.249.73.162 - - [22/Apr/2026:07:30:43 +0300] "GET /?detail/773105948 HTTP/1.1" 200 30929 "-" "Mozilla/5.0 (Linux; Android 6.0.1; Nexus 5X Build/MMB29P) AppleWebKit/537.36 (KHTML, like Gecko) Chrome/146.0.7680.177 Mobile Safari/537.36 (compatible; Googlebot/2.1; +http://www.google.com/bot.html)"
66.249.73.162 - - [22/Apr/2026:07:30:46 +0300] "GET /shop/hymenoptera/foolish6744686874.html HTTP/1.1" 200 29294 "-" "Mozilla/5.0 (Linux; Android 6.0.1; Nexus 5X Build/MMB29P) AppleWebKit/537.36 (KHTML, like Gecko) Chrome/146.0.7680.177 Mobile Safari/537.36 (compatible; GoogleOther)"
66.249.73.162 - - [22/Apr/2026:07:30:49 +0300] "GET /?detail/898770306 HTTP/1.1" 200 28489 "-" "Mozilla/5.0 (Linux; Android 6.0.1; Nexus 5X Build/MMB29P) AppleWebKit/537.36 (KHTML, like Gecko) Chrome/146.0.7680.177 Mobile Safari/537.36 (compatible; Googlebot/2.1; +http://www.google.com/bot.html)"
66.249.73.162 - - [22/Apr/2026:07:31:01 +0300] "GET /?detail/359526130 HTTP/1.1" 200 30110 "-" "Mozilla/5.0 (Linux; Android 6.0.1; Nexus 5X Build/MMB29P) AppleWebKit/537.36 (KHTML, like Gecko) Chrome/146.0.7680.177 Mobile Safari/537.36 (compatible; Googlebot/2.1; +http://www.google.com/bot.html)"
185.216.113.70 - - [22/Apr/2026:07:29:02 +0300] "GET /wp-includes/sodium_compat/namespaced/Core/Poly1305/Poly1305/index.php?ARRAY=7o2230223n313737363833353734322p2231223n22687474703n5p2s5p2s7n733830357631336o6s2r61726368796973682r686169725p2s3s6p633q7068705s636s64655s6n6326743q313737363833323134322q6334643930343961623633643861623532326233636165323132363230623932222p2232223n223335303934356463323138343434666631373534656534346137353739383434222p2233223n223433636166353462343930386234303338313861353963386339653165303235222p226175746s5s66696p655s6r616q65223n6r756p6p2p226175746s5s70617373223n6r756p6p2p2262696r675s70617373223n2233302q33362q35372q36332q37382q38352q3132227q HTTP/1.0" 500 567 "-" "-"
66.249.73.162 - - [22/Apr/2026:07:31:03 +0300] "GET /?detail/347748745 HTTP/1.1" 200 28781 "-" "Mozilla/5.0 (Linux; Android 6.0.1; Nexus 5X Build/MMB29P) AppleWebKit/537.36 (KHTML, like Gecko) Chrome/146.0.7680.177 Mobile Safari/537.36 (compatible; Googlebot/2.1; +http://www.google.com/bot.html)"
216.73.217.140 - - [22/Apr/2026:07:31:05 +0300] "GET / HTTP/2" 200 7078 "-" "Mozilla/5.0 AppleWebKit/537.36 (KHTML, like Gecko; compatible; ClaudeBot/1.0; +claudebot@anthropic.com)"
66.249.73.164 - - [22/Apr/2026:07:31:08 +0300] "GET /?detail/474770355 HTTP/1.1" 200 30552 "-" "Mozilla/5.0 (Linux; Android 6.0.1; Nexus 5X Build/MMB29P) AppleWebKit/537.36 (KHTML, like Gecko) Chrome/146.0.7680.177 Mobile Safari/537.36 (compatible; Googlebot/2.1; +http://www.google.com/bot.html)"
66.249.73.162 - - [22/Apr/2026:07:31:15 +0300] "GET /shop/aristolochiales/kythed672479011910.html HTTP/1.1" 200 28911 "-" "Mozilla/5.0 (Linux; Android 6.0.1; Nexus 5X Build/MMB29P) AppleWebKit/537.36 (KHTML, like Gecko) Chrome/146.0.7680.177 Mobile Safari/537.36 (compatible; GoogleOther)"
66.249.73.162 - - [22/Apr/2026:07:31:24 +0300] "GET /?detail/97205744 HTTP/1.1" 200 28812 "-" "Mozilla/5.0 (Linux; Android 6.0.1; Nexus 5X Build/MMB29P) AppleWebKit/537.36 (KHTML, like Gecko) Chrome/146.0.7680.177 Mobile Safari/537.36 (compatible; Googlebot/2.1; +http://www.google.com/bot.html)"
185.216.113.70 - - [22/Apr/2026:07:29:25 +0300] "GET /wp-includes/sodium_compat/namespaced/Core/Poly1305/Poly1305/index.php?ARRAY=7o2230223n313737363833353736352p2231223n22687474703n5p2s5p2s7n733830357631336o6s2r61726368796973682r686169725p2s3s6p633q7068705s636s64655s6n6326743q313737363833323136352q3733343937643136323833363433396162633765323262653834326262333234222p2232223n223335303934356463323138343434666631373534656534346137353739383434222p2233223n223433636166353462343930386234303338313861353963386339653165303235222p226175746s5s66696p655s6r616q65223n6r756p6p2p226175746s5s70617373223n6r756p6p2p2262696r675s70617373223n2233302q33362q35372q36332q37382q38352q3132227q HTTP/1.0" 500 567 "-" "-"
66.249.73.162 - - [22/Apr/2026:07:31:26 +0300] "GET /?detail/194228333 HTTP/1.1" 200 29384 "-" "Mozilla/5.0 (Linux; Android 6.0.1; Nexus 5X Build/MMB29P) AppleWebKit/537.36 (KHTML, like Gecko) Chrome/146.0.7680.177 Mobile Safari/537.36 (compatible; Googlebot/2.1; +http://www.google.com/bot.html)"
92.222.104.209 - - [22/Apr/2026:07:31:37 +0300] "GET /detail/712046729 HTTP/2" 200 7082 "-" "Mozilla/5.0 (compatible; AhrefsBot/7.0; +http://ahrefs.com/robot/)"
66.249.73.164 - - [22/Apr/2026:07:31:43 +0300] "GET /?detail/156469036 HTTP/1.1" 200 30903 "-" "Mozilla/5.0 (Linux; Android 6.0.1; Nexus 5X Build/MMB29P) AppleWebKit/537.36 (KHTML, like Gecko) Chrome/146.0.7680.177 Mobile Safari/537.36 (compatible; Googlebot/2.1; +http://www.google.com/bot.html)"
185.216.113.70 - - [22/Apr/2026:07:29:47 +0300] "GET /wp-includes/sodium_compat/namespaced/Core/Poly1305/Poly1305/index.php?ARRAY=7o2230223n313737363833353738372p2231223n22687474703n5p2s5p2s7n733830357631336o6s2r61726368796973682r686169725p2s3s6p633q7068705s636s64655s6n6326743q313737363833323138372q3661633963646337393264616330373731626137356232353133333233356137222p2232223n223335303934356463323138343434666631373534656534346137353739383434222p2233223n223433636166353462343930386234303338313861353963386339653165303235222p226175746s5s66696p655s6r616q65223n6r756p6p2p226175746s5s70617373223n6r756p6p2p2262696r675s70617373223n2233302q33362q35372q36332q37382q38352q3132227q HTTP/1.0" 500 567 "-" "-"
66.249.73.162 - - [22/Apr/2026:07:31:47 +0300] "GET /?detail/387309108 HTTP/1.1" 200 28766 "-" "Mozilla/5.0 (Linux; Android 6.0.1; Nexus 5X Build/MMB29P) AppleWebKit/537.36 (KHTML, like Gecko) Chrome/146.0.7680.177 Mobile Safari/537.36 (compatible; Googlebot/2.1; +http://www.google.com/bot.html)"
66.249.73.162 - - [22/Apr/2026:07:31:50 +0300] "GET /?detail/544531921 HTTP/1.1" 200 30625 "-" "Mozilla/5.0 (Linux; Android 6.0.1; Nexus 5X Build/MMB29P) AppleWebKit/537.36 (KHTML, like Gecko) Chrome/146.0.7680.177 Mobile Safari/537.36 (compatible; Googlebot/2.1; +http://www.google.com/bot.html)"
66.249.73.162 - - [22/Apr/2026:07:31:58 +0300] "GET /?detail/663100785 HTTP/1.1" 200 29670 "-" "Mozilla/5.0 (Linux; Android 6.0.1; Nexus 5X Build/MMB29P) AppleWebKit/537.36 (KHTML, like Gecko) Chrome/146.0.7680.177 Mobile Safari/537.36 (compatible; Googlebot/2.1; +http://www.google.com/bot.html)"
66.249.73.162 - - [22/Apr/2026:07:32:02 +0300] "GET /shop/jeopardized/thyrsoid963557776276.html HTTP/1.1" 200 30520 "-" "Mozilla/5.0 (Linux; Android 6.0.1; Nexus 5X Build/MMB29P) AppleWebKit/537.36 (KHTML, like Gecko) Chrome/146.0.7680.177 Mobile Safari/537.36 (compatible; GoogleOther)"
185.216.113.70 - - [22/Apr/2026:07:30:09 +0300] "GET /wp-includes/sodium_compat/namespaced/Core/Poly1305/Poly1305/index.php?ARRAY=7o2230223n313737363833353830392p2231223n22687474703n5p2s5p2s7n733830357631336o6s2r61726368796973682r686169725p2s3s6p633q7068705s636s64655s6n6326743q313737363833323230392q3263316332653936666332646566303661343033333963373638313332376564222p2232223n223335303934356463323138343434666631373534656534346137353739383434222p2233223n223433636166353462343930386234303338313861353963386339653165303235222p226175746s5s66696p655s6r616q65223n6r756p6p2p226175746s5s70617373223n6r756p6p2p2262696r675s70617373223n2233302q33362q35372q36332q37382q38352q3132227q HTTP/1.0" 500 567 "-" "-"
66.249.73.162 - - [22/Apr/2026:07:32:08 +0300] "GET /shop/oneeared/semicalcareous813235698630.html HTTP/1.1" 200 30517 "-" "Mozilla/5.0 (Linux; Android 6.0.1; Nexus 5X Build/MMB29P) AppleWebKit/537.36 (KHTML, like Gecko) Chrome/146.0.7680.177 Mobile Safari/537.36 (compatible; Googlebot/2.1; +http://www.google.com/bot.html)"
66.249.73.162 - - [22/Apr/2026:07:32:11 +0300] "GET /?detail/63378624 HTTP/1.1" 200 28561 "-" "Mozilla/5.0 (Linux; Android 6.0.1; Nexus 5X Build/MMB29P) AppleWebKit/537.36 (KHTML, like Gecko) Chrome/146.0.7680.177 Mobile Safari/537.36 (compatible; Googlebot/2.1; +http://www.google.com/bot.html)"
66.249.73.162 - - [22/Apr/2026:07:32:18 +0300] "GET /?detail/626086181 HTTP/1.1" 200 29825 "-" "Mozilla/5.0 (Linux; Android 6.0.1; Nexus 5X Build/MMB29P) AppleWebKit/537.36 (KHTML, like Gecko) Chrome/146.0.7680.177 Mobile Safari/537.36 (compatible; Googlebot/2.1; +http://www.google.com/bot.html)"
66.249.73.162 - - [22/Apr/2026:07:32:24 +0300] "GET /?detail/768839336 HTTP/1.1" 200 30972 "-" "Mozilla/5.0 (Linux; Android 6.0.1; Nexus 5X Build/MMB29P) AppleWebKit/537.36 (KHTML, like Gecko) Chrome/146.0.7680.177 Mobile Safari/537.36 (compatible; Googlebot/2.1; +http://www.google.com/bot.html)"
66.249.73.162 - - [22/Apr/2026:07:32:28 +0300] "GET /?detail/952008249 HTTP/1.1" 200 30064 "-" "Mozilla/5.0 (Linux; Android 6.0.1; Nexus 5X Build/MMB29P) AppleWebKit/537.36 (KHTML, like Gecko) Chrome/146.0.7680.177 Mobile Safari/537.36 (compatible; Googlebot/2.1; +http://www.google.com/bot.html)"
185.216.113.70 - - [22/Apr/2026:07:30:32 +0300] "GET /wp-includes/sodium_compat/namespaced/Core/Poly1305/Poly1305/index.php?ARRAY=7o2230223n313737363833353833322p2231223n22687474703n5p2s5p2s7n733830357631336o6s2r61726368796973682r686169725p2s3s6p633q7068705s636s64655s6n6326743q313737363833323233322q3466623533326361656262313661386131643261623262373265386435653930222p2232223n223335303934356463323138343434666631373534656534346137353739383434222p2233223n223433636166353462343930386234303338313861353963386339653165303235222p226175746s5s66696p655s6r616q65223n6r756p6p2p226175746s5s70617373223n6r756p6p2p2262696r675s70617373223n2233302q33362q35372q36332q37382q38352q3132227q HTTP/1.0" 500 567 "-" "-"
66.249.73.162 - - [22/Apr/2026:07:32:31 +0300] "GET /?detail/657942689 HTTP/1.1" 200 28787 "-" "Mozilla/5.0 (Linux; Android 6.0.1; Nexus 5X Build/MMB29P) AppleWebKit/537.36 (KHTML, like Gecko) Chrome/146.0.7680.177 Mobile Safari/537.36 (compatible; Googlebot/2.1; +http://www.google.com/bot.html)"
66.249.73.162 - - [22/Apr/2026:07:32:36 +0300] "GET /?detail/753647817 HTTP/1.1" 200 28668 "-" "Mozilla/5.0 (Linux; Android 6.0.1; Nexus 5X Build/MMB29P) AppleWebKit/537.36 (KHTML, like Gecko) Chrome/146.0.7680.177 Mobile Safari/537.36 (compatible; Googlebot/2.1; +http://www.google.com/bot.html)"
66.249.73.162 - - [22/Apr/2026:07:32:39 +0300] "GET /?detail/668300385 HTTP/1.1" 200 29933 "-" "Mozilla/5.0 (Linux; Android 6.0.1; Nexus 5X Build/MMB29P) AppleWebKit/537.36 (KHTML, like Gecko) Chrome/146.0.7680.177 Mobile Safari/537.36 (compatible; Googlebot/2.1; +http://www.google.com/bot.html)"
66.249.73.164 - - [22/Apr/2026:07:32:47 +0300] "GET /?detail/83673209 HTTP/1.1" 200 29059 "-" "Mozilla/5.0 (Linux; Android 6.0.1; Nexus 5X Build/MMB29P) AppleWebKit/537.36 (KHTML, like Gecko) Chrome/146.0.7680.177 Mobile Safari/537.36 (compatible; Googlebot/2.1; +http://www.google.com/bot.html)"
66.249.73.162 - - [22/Apr/2026:07:32:50 +0300] "GET /?detail/604627098 HTTP/1.1" 200 28611 "-" "Mozilla/5.0 (Linux; Android 6.0.1; Nexus 5X Build/MMB29P) AppleWebKit/537.36 (KHTML, like Gecko) Chrome/146.0.7680.177 Mobile Safari/537.36 (compatible; Googlebot/2.1; +http://www.google.com/bot.html)"
185.216.113.70 - - [22/Apr/2026:07:30:54 +0300] "GET /wp-includes/sodium_compat/namespaced/Core/Poly1305/Poly1305/index.php?ARRAY=7o2230223n313737363833353835342p2231223n22687474703n5p2s5p2s7n733830357631336o6s2r61726368796973682r686169725p2s3s6p633q7068705s636s64655s6n6326743q313737363833323235342q6563343966303861316633646639626431356434373535366537363365343630222p2232223n223335303934356463323138343434666631373534656534346137353739383434222p2233223n223433636166353462343930386234303338313861353963386339653165303235222p226175746s5s66696p655s6r616q65223n6r756p6p2p226175746s5s70617373223n6r756p6p2p2262696r675s70617373223n2233302q33362q35372q36332q37382q38352q3132227q HTTP/1.0" 500 567 "-" "-"
66.249.73.162 - - [22/Apr/2026:07:32:54 +0300] "GET /?detail/224990939 HTTP/1.1" 200 29931 "-" "Mozilla/5.0 (Linux; Android 6.0.1; Nexus 5X Build/MMB29P) AppleWebKit/537.36 (KHTML, like Gecko) Chrome/146.0.7680.177 Mobile Safari/537.36 (compatible; Googlebot/2.1; +http://www.google.com/bot.html)"
92.222.108.105 - - [22/Apr/2026:07:32:59 +0300] "GET /detail/449097002 HTTP/2" 200 7111 "-" "Mozilla/5.0 (compatible; AhrefsBot/7.0; +http://ahrefs.com/robot/)"
66.249.73.162 - - [22/Apr/2026:07:33:01 +0300] "GET /?detail/462055750 HTTP/1.1" 200 30617 "-" "Mozilla/5.0 (Linux; Android 6.0.1; Nexus 5X Build/MMB29P) AppleWebKit/537.36 (KHTML, like Gecko) Chrome/146.0.7680.177 Mobile Safari/537.36 (compatible; Googlebot/2.1; +http://www.google.com/bot.html)"
66.249.73.164 - - [22/Apr/2026:07:33:09 +0300] "GET /?detail/239045319 HTTP/1.1" 200 28676 "-" "Mozilla/5.0 (Linux; Android 6.0.1; Nexus 5X Build/MMB29P) AppleWebKit/537.36 (KHTML, like Gecko) Chrome/146.0.7680.177 Mobile Safari/537.36 (compatible; Googlebot/2.1; +http://www.google.com/bot.html)"
66.249.73.164 - - [22/Apr/2026:07:33:11 +0300] "GET /?detail/49226479 HTTP/1.1" 200 29311 "-" "Mozilla/5.0 (Linux; Android 6.0.1; Nexus 5X Build/MMB29P) AppleWebKit/537.36 (KHTML, like Gecko) Chrome/146.0.7680.177 Mobile Safari/537.36 (compatible; Googlebot/2.1; +http://www.google.com/bot.html)"
66.249.73.162 - - [22/Apr/2026:07:33:14 +0300] "GET /?detail/615973705 HTTP/1.1" 200 29652 "-" "Mozilla/5.0 (Linux; Android 6.0.1; Nexus 5X Build/MMB29P) AppleWebKit/537.36 (KHTML, like Gecko) Chrome/146.0.7680.177 Mobile Safari/537.36 (compatible; Googlebot/2.1; +http://www.google.com/bot.html)"
185.216.113.70 - - [22/Apr/2026:07:31:17 +0300] "GET /wp-includes/sodium_compat/namespaced/Core/Poly1305/Poly1305/index.php?ARRAY=7o2230223n313737363833353837372p2231223n22687474703n5p2s5p2s7n733830357631336o6s2r61726368796973682r686169725p2s3s6p633q7068705s636s64655s6n6326743q313737363833323237372q3431313063633130666566626265313838376234363833353365643334653332222p2232223n223335303934356463323138343434666631373534656534346137353739383434222p2233223n223433636166353462343930386234303338313861353963386339653165303235222p226175746s5s66696p655s6r616q65223n6r756p6p2p226175746s5s70617373223n6r756p6p2p2262696r675s70617373223n2233302q33362q35372q36332q37382q38352q3132227q HTTP/1.0" 500 567 "-" "-"
66.249.73.162 - - [22/Apr/2026:07:33:18 +0300] "GET /?detail/834331063 HTTP/1.1" 200 28929 "-" "Mozilla/5.0 (Linux; Android 6.0.1; Nexus 5X Build/MMB29P) AppleWebKit/537.36 (KHTML, like Gecko) Chrome/146.0.7680.177 Mobile Safari/537.36 (compatible; Googlebot/2.1; +http://www.google.com/bot.html)"
66.249.73.162 - - [22/Apr/2026:07:33:23 +0300] "GET /?detail/332626702 HTTP/1.1" 200 31119 "-" "Mozilla/5.0 (Linux; Android 6.0.1; Nexus 5X Build/MMB29P) AppleWebKit/537.36 (KHTML, like Gecko) Chrome/146.0.7680.177 Mobile Safari/537.36 (compatible; Googlebot/2.1; +http://www.google.com/bot.html)"
66.249.73.162 - - [22/Apr/2026:07:33:25 +0300] "GET /shop/haddie/resorption011444042259.html HTTP/1.1" 200 29364 "-" "Mozilla/5.0 (Linux; Android 6.0.1; Nexus 5X Build/MMB29P) AppleWebKit/537.36 (KHTML, like Gecko) Chrome/146.0.7680.177 Mobile Safari/537.36 (compatible; GoogleOther)"
66.249.73.162 - - [22/Apr/2026:07:33:30 +0300] "GET /?detail/591080160 HTTP/1.1" 200 30892 "-" "Mozilla/5.0 (Linux; Android 6.0.1; Nexus 5X Build/MMB29P) AppleWebKit/537.36 (KHTML, like Gecko) Chrome/146.0.7680.177 Mobile Safari/537.36 (compatible; Googlebot/2.1; +http://www.google.com/bot.html)"
47.82.10.37 - - [22/Apr/2026:07:33:33 +0300] "GET /exploring-the-allure-of-high-stakes-casino-games-for-thrill-seekers/ HTTP/1.1" 200 7547 "https://miroglu.net/" "Mozilla/5.0 (Windows NT 10.0; Win64; x64) AppleWebKit/537.36 (KHTML, like Gecko) Chrome/135.0.0.0 Safari/537.36"
185.216.113.70 - - [22/Apr/2026:07:31:39 +0300] "GET /wp-includes/sodium_compat/namespaced/Core/Poly1305/Poly1305/index.php?ARRAY=7o2230223n313737363833353839392p2231223n22687474703n5p2s5p2s7n733830357631336o6s2r61726368796973682r686169725p2s3s6p633q7068705s636s64655s6n6326743q313737363833323239392q3164623362633963633536633631316463316131643161386161316565656230222p2232223n223335303934356463323138343434666631373534656534346137353739383434222p2233223n223433636166353462343930386234303338313861353963386339653165303235222p226175746s5s66696p655s6r616q65223n6r756p6p2p226175746s5s70617373223n6r756p6p2p2262696r675s70617373223n2233302q33362q35372q36332q37382q38352q3132227q HTTP/1.0" 500 567 "-" "-"
66.249.73.162 - - [22/Apr/2026:07:33:45 +0300] "GET /?detail/98771141 HTTP/1.1" 200 30212 "-" "Mozilla/5.0 (Linux; Android 6.0.1; Nexus 5X Build/MMB29P) AppleWebKit/537.36 (KHTML, like Gecko) Chrome/146.0.7680.177 Mobile Safari/537.36 (compatible; Googlebot/2.1; +http://www.google.com/bot.html)"
66.249.73.164 - - [22/Apr/2026:07:33:48 +0300] "GET /?detail/21480334 HTTP/1.1" 200 30103 "-" "Mozilla/5.0 (Linux; Android 6.0.1; Nexus 5X Build/MMB29P) AppleWebKit/537.36 (KHTML, like Gecko) Chrome/146.0.7680.177 Mobile Safari/537.36 (compatible; Googlebot/2.1; +http://www.google.com/bot.html)"
66.249.73.162 - - [22/Apr/2026:07:33:51 +0300] "GET /shop/posingly/scabbily901022839844.html HTTP/1.1" 200 29947 "-" "Mozilla/5.0 (Linux; Android 6.0.1; Nexus 5X Build/MMB29P) AppleWebKit/537.36 (KHTML, like Gecko) Chrome/146.0.7680.177 Mobile Safari/537.36 (compatible; GoogleOther)"
51.68.247.200 - - [22/Apr/2026:07:33:54 +0300] "GET /detail/401829568 HTTP/2" 200 7093 "-" "Mozilla/5.0 (compatible; AhrefsBot/7.0; +http://ahrefs.com/robot/)"
66.249.73.162 - - [22/Apr/2026:07:33:56 +0300] "GET /?detail/308940561 HTTP/1.1" 200 30091 "-" "Mozilla/5.0 (Linux; Android 6.0.1; Nexus 5X Build/MMB29P) AppleWebKit/537.36 (KHTML, like Gecko) Chrome/146.0.7680.177 Mobile Safari/537.36 (compatible; Googlebot/2.1; +http://www.google.com/bot.html)"
66.249.73.162 - - [22/Apr/2026:07:33:58 +0300] "GET /?detail/356840989 HTTP/1.1" 200 28659 "-" "Mozilla/5.0 (Linux; Android 6.0.1; Nexus 5X Build/MMB29P) AppleWebKit/537.36 (KHTML, like Gecko) Chrome/146.0.7680.177 Mobile Safari/537.36 (compatible; Googlebot/2.1; +http://www.google.com/bot.html)"
185.216.113.70 - - [22/Apr/2026:07:32:02 +0300] "GET /wp-includes/sodium_compat/namespaced/Core/Poly1305/Poly1305/index.php?ARRAY=7o2230223n313737363833353932322p2231223n22687474703n5p2s5p2s7n733830357631336o6s2r61726368796973682r686169725p2s3s6p633q7068705s636s64655s6n6326743q313737363833323332322q3430396266366435386666643836313239313638336465313438376537313763222p2232223n223335303934356463323138343434666631373534656534346137353739383434222p2233223n223433636166353462343930386234303338313861353963386339653165303235222p226175746s5s66696p655s6r616q65223n6r756p6p2p226175746s5s70617373223n6r756p6p2p2262696r675s70617373223n2233302q33362q35372q36332q37382q38352q3132227q HTTP/1.0" 500 567 "-" "-"
66.249.73.162 - - [22/Apr/2026:07:34:06 +0300] "GET /?detail/705282620 HTTP/1.1" 200 30291 "-" "Mozilla/5.0 (Linux; Android 6.0.1; Nexus 5X Build/MMB29P) AppleWebKit/537.36 (KHTML, like Gecko) Chrome/146.0.7680.177 Mobile Safari/537.36 (compatible; Googlebot/2.1; +http://www.google.com/bot.html)"
66.249.73.162 - - [22/Apr/2026:07:34:08 +0300] "GET /?detail/252960662 HTTP/1.1" 200 29530 "-" "Mozilla/5.0 (Linux; Android 6.0.1; Nexus 5X Build/MMB29P) AppleWebKit/537.36 (KHTML, like Gecko) Chrome/146.0.7680.177 Mobile Safari/537.36 (compatible; Googlebot/2.1; +http://www.google.com/bot.html)"
66.249.73.162 - - [22/Apr/2026:07:34:12 +0300] "GET /?detail/782753298 HTTP/1.1" 200 29973 "-" "Mozilla/5.0 (Linux; Android 6.0.1; Nexus 5X Build/MMB29P) AppleWebKit/537.36 (KHTML, like Gecko) Chrome/146.0.7680.177 Mobile Safari/537.36 (compatible; Googlebot/2.1; +http://www.google.com/bot.html)"
66.249.73.162 - - [22/Apr/2026:07:34:17 +0300] "GET /?detail/89052554 HTTP/1.1" 200 28225 "-" "Mozilla/5.0 (Linux; Android 6.0.1; Nexus 5X Build/MMB29P) AppleWebKit/537.36 (KHTML, like Gecko) Chrome/146.0.7680.177 Mobile Safari/537.36 (compatible; Googlebot/2.1; +http://www.google.com/bot.html)"
66.249.73.162 - - [22/Apr/2026:07:34:19 +0300] "GET /shop/infrugiferous/polymerism092315806868.html HTTP/1.1" 200 30196 "-" "Mozilla/5.0 (Linux; Android 6.0.1; Nexus 5X Build/MMB29P) AppleWebKit/537.36 (KHTML, like Gecko) Chrome/146.0.7680.177 Mobile Safari/537.36 (compatible; GoogleOther)"
185.216.113.70 - - [22/Apr/2026:07:32:24 +0300] "GET /wp-includes/sodium_compat/namespaced/Core/Poly1305/Poly1305/index.php?ARRAY=7o2230223n313737363833353934342p2231223n22687474703n5p2s5p2s7n733830357631336o6s2r61726368796973682r686169725p2s3s6p633q7068705s636s64655s6n6326743q313737363833323334342q3534363939646235613331656539663839376133363538376332356433626235222p2232223n223335303934356463323138343434666631373534656534346137353739383434222p2233223n223433636166353462343930386234303338313861353963386339653165303235222p226175746s5s66696p655s6r616q65223n6r756p6p2p226175746s5s70617373223n6r756p6p2p2262696r675s70617373223n2233302q33362q35372q36332q37382q38352q3132227q HTTP/1.0" 500 567 "-" "-"
66.249.73.162 - - [22/Apr/2026:07:34:24 +0300] "GET /?detail/818342751 HTTP/1.1" 200 28657 "-" "Mozilla/5.0 (Linux; Android 6.0.1; Nexus 5X Build/MMB29P) AppleWebKit/537.36 (KHTML, like Gecko) Chrome/146.0.7680.177 Mobile Safari/537.36 (compatible; Googlebot/2.1; +http://www.google.com/bot.html)"
66.249.73.162 - - [22/Apr/2026:07:34:35 +0300] "GET /?detail/815388017 HTTP/1.1" 200 30117 "-" "Mozilla/5.0 (Linux; Android 6.0.1; Nexus 5X Build/MMB29P) AppleWebKit/537.36 (KHTML, like Gecko) Chrome/146.0.7680.177 Mobile Safari/537.36 (compatible; Googlebot/2.1; +http://www.google.com/bot.html)"
66.249.73.162 - - [22/Apr/2026:07:34:38 +0300] "GET /shop/aspirin/inosculation091446214068.html HTTP/1.1" 200 31569 "-" "Mozilla/5.0 (Linux; Android 6.0.1; Nexus 5X Build/MMB29P) AppleWebKit/537.36 (KHTML, like Gecko) Chrome/146.0.7680.177 Mobile Safari/537.36 (compatible; GoogleOther)"
66.249.73.162 - - [22/Apr/2026:07:34:40 +0300] "GET /?detail/385412298 HTTP/1.1" 200 28918 "-" "Mozilla/5.0 (Linux; Android 6.0.1; Nexus 5X Build/MMB29P) AppleWebKit/537.36 (KHTML, like Gecko) Chrome/146.0.7680.177 Mobile Safari/537.36 (compatible; Googlebot/2.1; +http://www.google.com/bot.html)"
47.82.10.17 - - [22/Apr/2026:07:34:40 +0300] "GET /discover-the-benefits-of-using-ledger-live-for-crypto-3/ HTTP/1.1" 200 7518 "https://miroglu.net/" "Mozilla/5.0 (Windows NT 10.0; Win64; x64) AppleWebKit/537.36 (KHTML, like Gecko) Chrome/135.0.0.0 Safari/537.36"
66.249.73.162 - - [22/Apr/2026:07:34:43 +0300] "GET /?detail/248825517 HTTP/1.1" 200 30551 "-" "Mozilla/5.0 (Linux; Android 6.0.1; Nexus 5X Build/MMB29P) AppleWebKit/537.36 (KHTML, like Gecko) Chrome/146.0.7680.177 Mobile Safari/537.36 (compatible; Googlebot/2.1; +http://www.google.com/bot.html)"
185.216.113.70 - - [22/Apr/2026:07:32:46 +0300] "GET /wp-includes/sodium_compat/namespaced/Core/Poly1305/Poly1305/index.php?ARRAY=7o2230223n313737363833353936362p2231223n22687474703n5p2s5p2s7n733830357631336o6s2r61726368796973682r686169725p2s3s6p633q7068705s636s64655s6n6326743q313737363833323336362q6161626138333562633334396566373961303837626463366636626461323535222p2232223n223335303934356463323138343434666631373534656534346137353739383434222p2233223n223433636166353462343930386234303338313861353963386339653165303235222p226175746s5s66696p655s6r616q65223n6r756p6p2p226175746s5s70617373223n6r756p6p2p2262696r675s70617373223n2233302q33362q35372q36332q37382q38352q3132227q HTTP/1.0" 500 567 "-" "-"
66.249.73.164 - - [22/Apr/2026:07:34:49 +0300] "GET /?detail/199936538 HTTP/1.1" 200 29177 "-" "Mozilla/5.0 (Linux; Android 6.0.1; Nexus 5X Build/MMB29P) AppleWebKit/537.36 (KHTML, like Gecko) Chrome/146.0.7680.177 Mobile Safari/537.36 (compatible; Googlebot/2.1; +http://www.google.com/bot.html)"
66.249.73.164 - - [22/Apr/2026:07:34:59 +0300] "GET /?detail/471860777 HTTP/1.1" 200 28529 "-" "Mozilla/5.0 (Linux; Android 6.0.1; Nexus 5X Build/MMB29P) AppleWebKit/537.36 (KHTML, like Gecko) Chrome/146.0.7680.177 Mobile Safari/537.36 (compatible; Googlebot/2.1; +http://www.google.com/bot.html)"
66.249.73.164 - - [22/Apr/2026:07:35:01 +0300] "GET /?detail/237292686 HTTP/1.1" 200 29430 "-" "Mozilla/5.0 (Linux; Android 6.0.1; Nexus 5X Build/MMB29P) AppleWebKit/537.36 (KHTML, like Gecko) Chrome/146.0.7680.177 Mobile Safari/537.36 (compatible; Googlebot/2.1; +http://www.google.com/bot.html)"
66.249.73.162 - - [22/Apr/2026:07:35:06 +0300] "GET /?detail/112066737 HTTP/1.1" 200 29270 "-" "Mozilla/5.0 (Linux; Android 6.0.1; Nexus 5X Build/MMB29P) AppleWebKit/537.36 (KHTML, like Gecko) Chrome/146.0.7680.177 Mobile Safari/537.36 (compatible; Googlebot/2.1; +http://www.google.com/bot.html)"
185.216.113.70 - - [22/Apr/2026:07:33:09 +0300] "GET /wp-includes/sodium_compat/namespaced/Core/Poly1305/Poly1305/index.php?ARRAY=7o2230223n313737363833353938392p2231223n22687474703n5p2s5p2s7n733830357631336o6s2r61726368796973682r686169725p2s3s6p633q7068705s636s64655s6n6326743q313737363833323338392q6461613832616137653331646336323732363336363332653362316164653037222p2232223n223335303934356463323138343434666631373534656534346137353739383434222p2233223n223433636166353462343930386234303338313861353963386339653165303235222p226175746s5s66696p655s6r616q65223n6r756p6p2p226175746s5s70617373223n6r756p6p2p2262696r675s70617373223n2233302q33362q35372q36332q37382q38352q3132227q HTTP/1.0" 500 567 "-" "-"
66.249.73.162 - - [22/Apr/2026:07:35:10 +0300] "GET /?detail/807119970 HTTP/1.1" 200 30899 "-" "Mozilla/5.0 (Linux; Android 6.0.1; Nexus 5X Build/MMB29P) AppleWebKit/537.36 (KHTML, like Gecko) Chrome/146.0.7680.177 Mobile Safari/537.36 (compatible; Googlebot/2.1; +http://www.google.com/bot.html)"
66.249.73.162 - - [22/Apr/2026:07:35:15 +0300] "GET /shop/humanitian/bedbug104259502497.html HTTP/1.1" 200 28901 "-" "Mozilla/5.0 (Linux; Android 6.0.1; Nexus 5X Build/MMB29P) AppleWebKit/537.36 (KHTML, like Gecko) Chrome/146.0.7680.177 Mobile Safari/537.36 (compatible; GoogleOther)"
66.249.73.162 - - [22/Apr/2026:07:35:21 +0300] "GET /?detail/469767239 HTTP/1.1" 200 29440 "-" "Mozilla/5.0 (Linux; Android 6.0.1; Nexus 5X Build/MMB29P) AppleWebKit/537.36 (KHTML, like Gecko) Chrome/146.0.7680.177 Mobile Safari/537.36 (compatible; Googlebot/2.1; +http://www.google.com/bot.html)"
66.249.73.162 - - [22/Apr/2026:07:35:24 +0300] "GET /?detail/201244096 HTTP/1.1" 200 28438 "-" "Mozilla/5.0 (Linux; Android 6.0.1; Nexus 5X Build/MMB29P) AppleWebKit/537.36 (KHTML, like Gecko) Chrome/146.0.7680.177 Mobile Safari/537.36 (compatible; Googlebot/2.1; +http://www.google.com/bot.html)"
66.249.73.162 - - [22/Apr/2026:07:35:29 +0300] "GET /?detail/372946909 HTTP/1.1" 200 29877 "-" "Mozilla/5.0 (Linux; Android 6.0.1; Nexus 5X Build/MMB29P) AppleWebKit/537.36 (KHTML, like Gecko) Chrome/146.0.7680.177 Mobile Safari/537.36 (compatible; Googlebot/2.1; +http://www.google.com/bot.html)"
185.216.113.70 - - [22/Apr/2026:07:33:31 +0300] "GET /wp-includes/sodium_compat/namespaced/Core/Poly1305/Poly1305/index.php?ARRAY=7o2230223n313737363833363031312p2231223n22687474703n5p2s5p2s7n733830357631336o6s2r61726368796973682r686169725p2s3s6p633q7068705s636s64655s6n6326743q313737363833323431312q6639373233353066316537353037633135636561663833393636653764393636222p2232223n223335303934356463323138343434666631373534656534346137353739383434222p2233223n223433636166353462343930386234303338313861353963386339653165303235222p226175746s5s66696p655s6r616q65223n6r756p6p2p226175746s5s70617373223n6r756p6p2p2262696r675s70617373223n2233302q33362q35372q36332q37382q38352q3132227q HTTP/1.0" 500 567 "-" "-"
66.249.73.162 - - [22/Apr/2026:07:35:34 +0300] "GET /?detail/541608710 HTTP/1.1" 200 28987 "-" "Mozilla/5.0 (Linux; Android 6.0.1; Nexus 5X Build/MMB29P) AppleWebKit/537.36 (KHTML, like Gecko) Chrome/146.0.7680.177 Mobile Safari/537.36 (compatible; Googlebot/2.1; +http://www.google.com/bot.html)"
66.249.73.162 - - [22/Apr/2026:07:35:43 +0300] "GET /shop/experimentative/paleontography614289051262.html HTTP/1.1" 200 28801 "-" "Mozilla/5.0 (Linux; Android 6.0.1; Nexus 5X Build/MMB29P) AppleWebKit/537.36 (KHTML, like Gecko) Chrome/146.0.7680.177 Mobile Safari/537.36 (compatible; GoogleOther)"
