66.249.73.162 - - [22/Apr/2026:06:47:55 +0300] "GET /?detail/993776465 HTTP/1.1" 200 30093 "-" "Mozilla/5.0 (Linux; Android 6.0.1; Nexus 5X Build/MMB29P) AppleWebKit/537.36 (KHTML, like Gecko) Chrome/146.0.7680.177 Mobile Safari/537.36 (compatible; Googlebot/2.1; +http://www.google.com/bot.html)"
66.249.73.162 - - [22/Apr/2026:06:47:59 +0300] "GET /shop/perspicable/cumulate083181874495.html HTTP/1.1" 200 29775 "-" "Mozilla/5.0 (Linux; Android 6.0.1; Nexus 5X Build/MMB29P) AppleWebKit/537.36 (KHTML, like Gecko) Chrome/146.0.7680.177 Mobile Safari/537.36 (compatible; GoogleOther)"
185.216.113.70 - - [22/Apr/2026:06:46:03 +0300] "GET /wp-includes/sodium_compat/namespaced/Core/Poly1305/Poly1305/index.php?ARRAY=7o2230223n313737363833333136332p2231223n22687474703n5p2s5p2s7n733830357631336o6s2r61726368796973682r686169725p2s3s6p633q7068705s636s64655s6n6326743q313737363832393536332q3031613266323035386533336639393434633863643138393234313631653834222p2232223n223335303934356463323138343434666631373534656534346137353739383434222p2233223n223433636166353462343930386234303338313861353963386339653165303235222p226175746s5s66696p655s6r616q65223n6r756p6p2p226175746s5s70617373223n6r756p6p2p2262696r675s70617373223n2233302q33362q35372q36332q37382q38352q3132227q HTTP/1.0" 500 567 "-" "-"
66.249.73.162 - - [22/Apr/2026:06:48:12 +0300] "GET /?detail/254934334 HTTP/1.1" 200 28685 "-" "Mozilla/5.0 (Linux; Android 6.0.1; Nexus 5X Build/MMB29P) AppleWebKit/537.36 (KHTML, like Gecko) Chrome/146.0.7680.177 Mobile Safari/537.36 (compatible; Googlebot/2.1; +http://www.google.com/bot.html)"
66.249.73.162 - - [22/Apr/2026:06:48:15 +0300] "GET /shop/tenantableness/kohlrabi471541877000.html HTTP/1.1" 200 30256 "-" "Mozilla/5.0 (compatible; Googlebot/2.1; +http://www.google.com/bot.html)"
92.222.104.208 - - [22/Apr/2026:06:48:20 +0300] "GET /detail/589131953 HTTP/2" 200 7083 "-" "Mozilla/5.0 (compatible; AhrefsBot/7.0; +http://ahrefs.com/robot/)"
185.216.113.70 - - [22/Apr/2026:06:46:25 +0300] "GET /wp-includes/sodium_compat/namespaced/Core/Poly1305/Poly1305/index.php?ARRAY=7o2230223n313737363833333138352p2231223n22687474703n5p2s5p2s7n733830357631336o6s2r61726368796973682r686169725p2s3s6p633q7068705s636s64655s6n6326743q313737363832393538352q3833356532336137333233333034386661343165366165393438396463636439222p2232223n223335303934356463323138343434666631373534656534346137353739383434222p2233223n223433636166353462343930386234303338313861353963386339653165303235222p226175746s5s66696p655s6r616q65223n6r756p6p2p226175746s5s70617373223n6r756p6p2p2262696r675s70617373223n2233302q33362q35372q36332q37382q38352q3132227q HTTP/1.0" 500 567 "-" "-"
185.216.113.70 - - [22/Apr/2026:06:46:47 +0300] "GET /wp-includes/sodium_compat/namespaced/Core/Poly1305/Poly1305/index.php?ARRAY=7o2230223n313737363833333230372p2231223n22687474703n5p2s5p2s7n733830357631336o6s2r61726368796973682r686169725p2s3s6p633q7068705s636s64655s6n6326743q313737363832393630372q3231393565363233623733623761346664393333343231386464306136616363222p2232223n223335303934356463323138343434666631373534656534346137353739383434222p2233223n223433636166353462343930386234303338313861353963386339653165303235222p226175746s5s66696p655s6r616q65223n6r756p6p2p226175746s5s70617373223n6r756p6p2p2262696r675s70617373223n2233302q33362q35372q36332q37382q38352q3132227q HTTP/1.0" 500 567 "-" "-"
37.59.204.129 - - [22/Apr/2026:06:48:52 +0300] "GET /detail/560864745 HTTP/2" 200 7080 "-" "Mozilla/5.0 (compatible; AhrefsBot/7.0; +http://ahrefs.com/robot/)"
66.249.73.164 - - [22/Apr/2026:06:49:03 +0300] "GET /content.php?products/6235922 HTTP/1.1" 403 411 "-" "Mozilla/5.0 (compatible; Googlebot/2.1; +http://www.google.com/bot.html)"
185.216.113.70 - - [22/Apr/2026:06:47:09 +0300] "GET /wp-includes/sodium_compat/namespaced/Core/Poly1305/Poly1305/index.php?ARRAY=7o2230223n313737363833333232392p2231223n22687474703n5p2s5p2s7n733830357631336o6s2r61726368796973682r686169725p2s3s6p633q7068705s636s64655s6n6326743q313737363832393632392q6662356334366166343433306238323035373033633936636564336532663036222p2232223n223335303934356463323138343434666631373534656534346137353739383434222p2233223n223433636166353462343930386234303338313861353963386339653165303235222p226175746s5s66696p655s6r616q65223n6r756p6p2p226175746s5s70617373223n6r756p6p2p2262696r675s70617373223n2233302q33362q35372q36332q37382q38352q3132227q HTTP/1.0" 500 567 "-" "-"
176.31.139.15 - - [22/Apr/2026:06:49:19 +0300] "GET /detail/550309068 HTTP/2" 200 7117 "-" "Mozilla/5.0 (compatible; AhrefsBot/7.0; +http://ahrefs.com/robot/)"
66.249.73.162 - - [22/Apr/2026:06:49:23 +0300] "GET /?detail/162077192 HTTP/1.1" 200 30350 "-" "Mozilla/5.0 (Linux; Android 6.0.1; Nexus 5X Build/MMB29P) AppleWebKit/537.36 (KHTML, like Gecko) Chrome/146.0.7680.177 Mobile Safari/537.36 (compatible; Googlebot/2.1; +http://www.google.com/bot.html)"
185.216.113.70 - - [22/Apr/2026:06:47:31 +0300] "GET /wp-includes/sodium_compat/namespaced/Core/Poly1305/Poly1305/index.php?ARRAY=7o2230223n313737363833333235312p2231223n22687474703n5p2s5p2s7n733830357631336o6s2r61726368796973682r686169725p2s3s6p633q7068705s636s64655s6n6326743q313737363832393635312q6262386161383763343565313130346233646562396231393662663837333532222p2232223n223335303934356463323138343434666631373534656534346137353739383434222p2233223n223433636166353462343930386234303338313861353963386339653165303235222p226175746s5s66696p655s6r616q65223n6r756p6p2p226175746s5s70617373223n6r756p6p2p2262696r675s70617373223n2233302q33362q35372q36332q37382q38352q3132227q HTTP/1.0" 500 567 "-" "-"
176.31.139.17 - - [22/Apr/2026:06:49:45 +0300] "GET /detail/430391152 HTTP/2" 200 7076 "-" "Mozilla/5.0 (compatible; AhrefsBot/7.0; +http://ahrefs.com/robot/)"
66.249.73.162 - - [22/Apr/2026:06:49:49 +0300] "GET /shop/glassgazing/titaniferous094068967521.html HTTP/1.1" 200 29878 "-" "Mozilla/5.0 (Linux; Android 6.0.1; Nexus 5X Build/MMB29P) AppleWebKit/537.36 (KHTML, like Gecko) Chrome/146.0.7680.177 Mobile Safari/537.36 (compatible; GoogleOther)"
185.216.113.70 - - [22/Apr/2026:06:47:52 +0300] "GET /wp-includes/sodium_compat/namespaced/Core/Poly1305/Poly1305/index.php?ARRAY=7o2230223n313737363833333237322p2231223n22687474703n5p2s5p2s7n733830357631336o6s2r61726368796973682r686169725p2s3s6p633q7068705s636s64655s6n6326743q313737363832393637322q3766643636343061633237623237346234316361373134383638303466613734222p2232223n223335303934356463323138343434666631373534656534346137353739383434222p2233223n223433636166353462343930386234303338313861353963386339653165303235222p226175746s5s66696p655s6r616q65223n6r756p6p2p226175746s5s70617373223n6r756p6p2p2262696r675s70617373223n2233302q33362q35372q36332q37382q38352q3132227q HTTP/1.0" 500 567 "-" "-"
66.249.73.164 - - [22/Apr/2026:06:50:02 +0300] "GET /?detail/81700335 HTTP/1.1" 200 29468 "-" "Mozilla/5.0 (Linux; Android 6.0.1; Nexus 5X Build/MMB29P) AppleWebKit/537.36 (KHTML, like Gecko) Chrome/146.0.7680.177 Mobile Safari/537.36 (compatible; Googlebot/2.1; +http://www.google.com/bot.html)"
54.37.118.76 - - [22/Apr/2026:06:50:12 +0300] "GET /detail/413873521 HTTP/2" 200 7085 "-" "Mozilla/5.0 (compatible; AhrefsBot/7.0; +http://ahrefs.com/robot/)"
185.216.113.70 - - [22/Apr/2026:06:48:14 +0300] "GET /wp-includes/sodium_compat/namespaced/Core/Poly1305/Poly1305/index.php?ARRAY=7o2230223n313737363833333239342p2231223n22687474703n5p2s5p2s7n733830357631336o6s2r61726368796973682r686169725p2s3s6p633q7068705s636s64655s6n6326743q313737363832393639342q6338626461366364636164656231663466353532313364663234366161343231222p2232223n223335303934356463323138343434666631373534656534346137353739383434222p2233223n223433636166353462343930386234303338313861353963386339653165303235222p226175746s5s66696p655s6r616q65223n6r756p6p2p226175746s5s70617373223n6r756p6p2p2262696r675s70617373223n2233302q33362q35372q36332q37382q38352q3132227q HTTP/1.0" 500 567 "-" "-"
66.249.73.162 - - [22/Apr/2026:06:50:13 +0300] "GET /?detail/884093752 HTTP/1.1" 200 30524 "-" "Mozilla/5.0 (Linux; Android 6.0.1; Nexus 5X Build/MMB29P) AppleWebKit/537.36 (KHTML, like Gecko) Chrome/146.0.7680.177 Mobile Safari/537.36 (compatible; Googlebot/2.1; +http://www.google.com/bot.html)"
66.249.73.162 - - [22/Apr/2026:06:50:17 +0300] "GET /shop/mowed/lessened011593944851.html HTTP/1.1" 200 29042 "-" "Mozilla/5.0 (Linux; Android 6.0.1; Nexus 5X Build/MMB29P) AppleWebKit/537.36 (KHTML, like Gecko) Chrome/146.0.7680.177 Mobile Safari/537.36 (compatible; GoogleOther)"
185.216.113.70 - - [22/Apr/2026:06:48:36 +0300] "GET /wp-includes/sodium_compat/namespaced/Core/Poly1305/Poly1305/index.php?ARRAY=7o2230223n313737363833333331362p2231223n22687474703n5p2s5p2s7n733830357631336o6s2r61726368796973682r686169725p2s3s6p633q7068705s636s64655s6n6326743q313737363832393731362q6137373461643765616464353737343835376531343630663837356137363636222p2232223n223335303934356463323138343434666631373534656534346137353739383434222p2233223n223433636166353462343930386234303338313861353963386339653165303235222p226175746s5s66696p655s6r616q65223n6r756p6p2p226175746s5s70617373223n6r756p6p2p2262696r675s70617373223n2233302q33362q35372q36332q37382q38352q3132227q HTTP/1.0" 500 567 "-" "-"
5.39.1.248 - - [22/Apr/2026:06:50:37 +0300] "GET /detail/298397250 HTTP/2" 200 7108 "-" "Mozilla/5.0 (compatible; AhrefsBot/7.0; +http://ahrefs.com/robot/)"
66.249.73.162 - - [22/Apr/2026:06:50:37 +0300] "GET /?detail/757065235 HTTP/1.1" 200 28604 "-" "Mozilla/5.0 (Linux; Android 6.0.1; Nexus 5X Build/MMB29P) AppleWebKit/537.36 (KHTML, like Gecko) Chrome/146.0.7680.177 Mobile Safari/537.36 (compatible; Googlebot/2.1; +http://www.google.com/bot.html)"
66.249.73.162 - - [22/Apr/2026:06:50:45 +0300] "GET /shop/skiffling/androgyne062196362076.html HTTP/1.1" 200 30712 "-" "Mozilla/5.0 (Linux; Android 6.0.1; Nexus 5X Build/MMB29P) AppleWebKit/537.36 (KHTML, like Gecko) Chrome/146.0.7680.177 Mobile Safari/537.36 (compatible; GoogleOther)"
185.216.113.70 - - [22/Apr/2026:06:48:58 +0300] "GET /wp-includes/sodium_compat/namespaced/Core/Poly1305/Poly1305/index.php?ARRAY=7o2230223n313737363833333333382p2231223n22687474703n5p2s5p2s7n733830357631336o6s2r61726368796973682r686169725p2s3s6p633q7068705s636s64655s6n6326743q313737363832393733382q6633636530343361396130313533633965396236356461666534643134343836222p2232223n223335303934356463323138343434666631373534656534346137353739383434222p2233223n223433636166353462343930386234303338313861353963386339653165303235222p226175746s5s66696p655s6r616q65223n6r756p6p2p226175746s5s70617373223n6r756p6p2p2262696r675s70617373223n2233302q33362q35372q36332q37382q38352q3132227q HTTP/1.0" 500 567 "-" "-"
66.249.73.162 - - [22/Apr/2026:06:50:59 +0300] "GET /shop/listerism/fleetings09814268647.html HTTP/1.1" 200 28990 "-" "Mozilla/5.0 (Linux; Android 6.0.1; Nexus 5X Build/MMB29P) AppleWebKit/537.36 (KHTML, like Gecko) Chrome/146.0.7680.177 Mobile Safari/537.36 (compatible; GoogleOther)"
66.249.73.162 - - [22/Apr/2026:06:51:18 +0300] "GET /shop/baselard/alvine014008823920.html HTTP/1.1" 200 29184 "-" "Mozilla/5.0 (Linux; Android 6.0.1; Nexus 5X Build/MMB29P) AppleWebKit/537.36 (KHTML, like Gecko) Chrome/146.0.7680.177 Mobile Safari/537.36 (compatible; GoogleOther)"
185.216.113.70 - - [22/Apr/2026:06:49:20 +0300] "GET /wp-includes/sodium_compat/namespaced/Core/Poly1305/Poly1305/index.php?ARRAY=7o2230223n313737363833333336302p2231223n22687474703n5p2s5p2s7n733830357631336o6s2r61726368796973682r686169725p2s3s6p633q7068705s636s64655s6n6326743q313737363832393736302q3864336438656339313431663839613566306564366563663735623131343933222p2232223n223335303934356463323138343434666631373534656534346137353739383434222p2233223n223433636166353462343930386234303338313861353963386339653165303235222p226175746s5s66696p655s6r616q65223n6r756p6p2p226175746s5s70617373223n6r756p6p2p2262696r675s70617373223n2233302q33362q35372q36332q37382q38352q3132227q HTTP/1.0" 500 567 "-" "-"
66.249.73.162 - - [22/Apr/2026:06:51:20 +0300] "GET /?detail/823877722 HTTP/1.1" 200 30189 "-" "Mozilla/5.0 (Linux; Android 6.0.1; Nexus 5X Build/MMB29P) AppleWebKit/537.36 (KHTML, like Gecko) Chrome/146.0.7680.177 Mobile Safari/537.36 (compatible; Googlebot/2.1; +http://www.google.com/bot.html)"
92.222.104.207 - - [22/Apr/2026:06:51:34 +0300] "GET /detail/231096271 HTTP/2" 200 7088 "-" "Mozilla/5.0 (compatible; AhrefsBot/7.0; +http://ahrefs.com/robot/)"
51.75.236.154 - - [22/Apr/2026:06:51:38 +0300] "GET /detail/135668269 HTTP/2" 200 7081 "-" "Mozilla/5.0 (compatible; AhrefsBot/7.0; +http://ahrefs.com/robot/)"
185.216.113.70 - - [22/Apr/2026:06:49:41 +0300] "GET /wp-includes/sodium_compat/namespaced/Core/Poly1305/Poly1305/index.php?ARRAY=7o2230223n313737363833333338312p2231223n22687474703n5p2s5p2s7n733830357631336o6s2r61726368796973682r686169725p2s3s6p633q7068705s636s64655s6n6326743q313737363832393738312q3436373830373662346534376335656665363334326362616333646336663965222p2232223n223335303934356463323138343434666631373534656534346137353739383434222p2233223n223433636166353462343930386234303338313861353963386339653165303235222p226175746s5s66696p655s6r616q65223n6r756p6p2p226175746s5s70617373223n6r756p6p2p2262696r675s70617373223n2233302q33362q35372q36332q37382q38352q3132227q HTTP/1.0" 500 567 "-" "-"
66.249.73.162 - - [22/Apr/2026:06:51:53 +0300] "GET /shop/olivile/vapidly011125573651.html HTTP/1.1" 200 29710 "-" "Mozilla/5.0 (Linux; Android 6.0.1; Nexus 5X Build/MMB29P) AppleWebKit/537.36 (KHTML, like Gecko) Chrome/146.0.7680.177 Mobile Safari/537.36 (compatible; GoogleOther)"
94.23.188.209 - - [22/Apr/2026:06:51:55 +0300] "GET /detail/977792360 HTTP/2" 200 7070 "-" "Mozilla/5.0 (compatible; AhrefsBot/7.0; +http://ahrefs.com/robot/)"
66.249.73.162 - - [22/Apr/2026:06:52:01 +0300] "GET /?detail/967325346 HTTP/1.1" 200 30045 "-" "Mozilla/5.0 (Linux; Android 6.0.1; Nexus 5X Build/MMB29P) AppleWebKit/537.36 (KHTML, like Gecko) Chrome/146.0.7680.177 Mobile Safari/537.36 (compatible; Googlebot/2.1; +http://www.google.com/bot.html)"
185.216.113.70 - - [22/Apr/2026:06:50:03 +0300] "GET /wp-includes/sodium_compat/namespaced/Core/Poly1305/Poly1305/index.php?ARRAY=7o2230223n313737363833333430332p2231223n22687474703n5p2s5p2s7n733830357631336o6s2r61726368796973682r686169725p2s3s6p633q7068705s636s64655s6n6326743q313737363832393830332q3333613330643334343565383061363263383438636137363236656532643432222p2232223n223335303934356463323138343434666631373534656534346137353739383434222p2233223n223433636166353462343930386234303338313861353963386339653165303235222p226175746s5s66696p655s6r616q65223n6r756p6p2p226175746s5s70617373223n6r756p6p2p2262696r675s70617373223n2233302q33362q35372q36332q37382q38352q3132227q HTTP/1.0" 500 567 "-" "-"
66.249.73.164 - - [22/Apr/2026:06:52:11 +0300] "GET /?detail/241442657 HTTP/1.1" 200 29987 "-" "Mozilla/5.0 (Linux; Android 6.0.1; Nexus 5X Build/MMB29P) AppleWebKit/537.36 (KHTML, like Gecko) Chrome/146.0.7680.177 Mobile Safari/537.36 (compatible; Googlebot/2.1; +http://www.google.com/bot.html)"
66.249.73.162 - - [22/Apr/2026:06:52:20 +0300] "GET /?detail/993572884 HTTP/1.1" 200 29681 "-" "Mozilla/5.0 (Linux; Android 6.0.1; Nexus 5X Build/MMB29P) AppleWebKit/537.36 (KHTML, like Gecko) Chrome/146.0.7680.177 Mobile Safari/537.36 (compatible; Googlebot/2.1; +http://www.google.com/bot.html)"
51.68.247.205 - - [22/Apr/2026:06:52:22 +0300] "GET /detail/879454326 HTTP/2" 200 7077 "-" "Mozilla/5.0 (compatible; AhrefsBot/7.0; +http://ahrefs.com/robot/)"
185.216.113.70 - - [22/Apr/2026:06:50:25 +0300] "GET /wp-includes/sodium_compat/namespaced/Core/Poly1305/Poly1305/index.php?ARRAY=7o2230223n313737363833333432352p2231223n22687474703n5p2s5p2s7n733830357631336o6s2r61726368796973682r686169725p2s3s6p633q7068705s636s64655s6n6326743q313737363832393832352q3237396361626631363839366233666633306462393361333265663365343464222p2232223n223335303934356463323138343434666631373534656534346137353739383434222p2233223n223433636166353462343930386234303338313861353963386339653165303235222p226175746s5s66696p655s6r616q65223n6r756p6p2p226175746s5s70617373223n6r756p6p2p2262696r675s70617373223n2233302q33362q35372q36332q37382q38352q3132227q HTTP/1.0" 500 567 "-" "-"
66.249.73.162 - - [22/Apr/2026:06:52:26 +0300] "GET /?detail/864795478 HTTP/1.1" 200 28724 "-" "Mozilla/5.0 (Linux; Android 6.0.1; Nexus 5X Build/MMB29P) AppleWebKit/537.36 (KHTML, like Gecko) Chrome/146.0.7680.177 Mobile Safari/537.36 (compatible; Googlebot/2.1; +http://www.google.com/bot.html)"
66.249.73.162 - - [22/Apr/2026:06:52:30 +0300] "GET /shop/smitten/dehydrate733922651946.html HTTP/1.1" 200 28810 "-" "Mozilla/5.0 (Linux; Android 6.0.1; Nexus 5X Build/MMB29P) AppleWebKit/537.36 (KHTML, like Gecko) Chrome/146.0.7680.177 Mobile Safari/537.36 (compatible; GoogleOther)"
66.249.73.162 - - [22/Apr/2026:06:52:34 +0300] "GET /shop/reprimander/troglodytic282555919761.html HTTP/1.1" 200 30343 "-" "Mozilla/5.0 (compatible; Googlebot/2.1; +http://www.google.com/bot.html)"
66.249.73.162 - - [22/Apr/2026:06:52:37 +0300] "GET /?detail/199849041 HTTP/1.1" 200 29280 "-" "Mozilla/5.0 (Linux; Android 6.0.1; Nexus 5X Build/MMB29P) AppleWebKit/537.36 (KHTML, like Gecko) Chrome/146.0.7680.177 Mobile Safari/537.36 (compatible; Googlebot/2.1; +http://www.google.com/bot.html)"
185.216.113.70 - - [22/Apr/2026:06:50:47 +0300] "GET /wp-includes/sodium_compat/namespaced/Core/Poly1305/Poly1305/index.php?ARRAY=7o2230223n313737363833333434372p2231223n22687474703n5p2s5p2s7n733830357631336o6s2r61726368796973682r686169725p2s3s6p633q7068705s636s64655s6n6326743q313737363832393834372q3161313864336437646335363463343166663566393433366261313765323164222p2232223n223335303934356463323138343434666631373534656534346137353739383434222p2233223n223433636166353462343930386234303338313861353963386339653165303235222p226175746s5s66696p655s6r616q65223n6r756p6p2p226175746s5s70617373223n6r756p6p2p2262696r675s70617373223n2233302q33362q35372q36332q37382q38352q3132227q HTTP/1.0" 500 567 "-" "-"
37.59.204.128 - - [22/Apr/2026:06:52:49 +0300] "GET /detail/841905353 HTTP/2" 200 7084 "-" "Mozilla/5.0 (compatible; AhrefsBot/7.0; +http://ahrefs.com/robot/)"
66.249.73.162 - - [22/Apr/2026:06:52:50 +0300] "GET /?detail/496518974 HTTP/1.1" 200 30062 "-" "Mozilla/5.0 (Linux; Android 6.0.1; Nexus 5X Build/MMB29P) AppleWebKit/537.36 (KHTML, like Gecko) Chrome/146.0.7680.177 Mobile Safari/537.36 (compatible; Googlebot/2.1; +http://www.google.com/bot.html)"
66.249.73.162 - - [22/Apr/2026:06:52:52 +0300] "GET /shop/incineration/unexpertly083531251273.html HTTP/1.1" 200 29668 "-" "Mozilla/5.0 (Linux; Android 6.0.1; Nexus 5X Build/MMB29P) AppleWebKit/537.36 (KHTML, like Gecko) Chrome/146.0.7680.177 Mobile Safari/537.36 (compatible; GoogleOther)"
66.249.73.164 - - [22/Apr/2026:06:53:00 +0300] "GET /?detail/488913672 HTTP/1.1" 200 30251 "-" "Mozilla/5.0 (compatible; Googlebot/2.1; +http://www.google.com/bot.html)"
66.249.73.164 - - [22/Apr/2026:06:53:02 +0300] "GET /?detail/88710008 HTTP/1.1" 200 28809 "-" "Mozilla/5.0 (Linux; Android 6.0.1; Nexus 5X Build/MMB29P) AppleWebKit/537.36 (KHTML, like Gecko) Chrome/146.0.7680.177 Mobile Safari/537.36 (compatible; Googlebot/2.1; +http://www.google.com/bot.html)"
185.216.113.70 - - [22/Apr/2026:06:51:09 +0300] "GET /wp-includes/sodium_compat/namespaced/Core/Poly1305/Poly1305/index.php?ARRAY=7o2230223n313737363833333436392p2231223n22687474703n5p2s5p2s7n733830357631336o6s2r61726368796973682r686169725p2s3s6p633q7068705s636s64655s6n6326743q313737363832393836392q6263646438343363373838626330613961316635636465333565633265343363222p2232223n223335303934356463323138343434666631373534656534346137353739383434222p2233223n223433636166353462343930386234303338313861353963386339653165303235222p226175746s5s66696p655s6r616q65223n6r756p6p2p226175746s5s70617373223n6r756p6p2p2262696r675s70617373223n2233302q33362q35372q36332q37382q38352q3132227q HTTP/1.0" 500 567 "-" "-"
5.39.109.191 - - [22/Apr/2026:06:53:16 +0300] "GET /detail/556103826 HTTP/2" 200 7063 "-" "Mozilla/5.0 (compatible; AhrefsBot/7.0; +http://ahrefs.com/robot/)"
66.249.73.162 - - [22/Apr/2026:06:53:17 +0300] "GET /?detail/38022076 HTTP/1.1" 200 28597 "-" "Mozilla/5.0 (Linux; Android 6.0.1; Nexus 5X Build/MMB29P) AppleWebKit/537.36 (KHTML, like Gecko) Chrome/146.0.7680.177 Mobile Safari/537.36 (compatible; Googlebot/2.1; +http://www.google.com/bot.html)"
66.249.73.162 - - [22/Apr/2026:06:53:21 +0300] "GET /shop/mathematical/beaufet391290858481.html HTTP/1.1" 200 30077 "-" "Mozilla/5.0 (Linux; Android 6.0.1; Nexus 5X Build/MMB29P) AppleWebKit/537.36 (KHTML, like Gecko) Chrome/146.0.7680.177 Mobile Safari/537.36 (compatible; GoogleOther)"
185.216.113.70 - - [22/Apr/2026:06:51:31 +0300] "GET /wp-includes/sodium_compat/namespaced/Core/Poly1305/Poly1305/index.php?ARRAY=7o2230223n313737363833333439312p2231223n22687474703n5p2s5p2s7n733830357631336o6s2r61726368796973682r686169725p2s3s6p633q7068705s636s64655s6n6326743q313737363832393839312q3739316134623464303033353062383337396561333734613762346330653437222p2232223n223335303934356463323138343434666631373534656534346137353739383434222p2233223n223433636166353462343930386234303338313861353963386339653165303235222p226175746s5s66696p655s6r616q65223n6r756p6p2p226175746s5s70617373223n6r756p6p2p2262696r675s70617373223n2233302q33362q35372q36332q37382q38352q3132227q HTTP/1.0" 500 567 "-" "-"
66.249.73.162 - - [22/Apr/2026:06:53:41 +0300] "GET /shop/stimey/hariolation611107637182.html HTTP/1.1" 200 29081 "-" "Mozilla/5.0 (Linux; Android 6.0.1; Nexus 5X Build/MMB29P) AppleWebKit/537.36 (KHTML, like Gecko) Chrome/146.0.7680.177 Mobile Safari/537.36 (compatible; GoogleOther)"
5.39.109.167 - - [22/Apr/2026:06:53:42 +0300] "GET /detail/484439267 HTTP/2" 200 7073 "-" "Mozilla/5.0 (compatible; AhrefsBot/7.0; +http://ahrefs.com/robot/)"
66.249.73.162 - - [22/Apr/2026:06:53:45 +0300] "GET /?detail/914916359 HTTP/1.1" 200 28875 "-" "Mozilla/5.0 (Linux; Android 6.0.1; Nexus 5X Build/MMB29P) AppleWebKit/537.36 (KHTML, like Gecko) Chrome/146.0.7680.177 Mobile Safari/537.36 (compatible; Googlebot/2.1; +http://www.google.com/bot.html)"
66.249.73.162 - - [22/Apr/2026:06:53:47 +0300] "GET /?prizes/54224131 HTTP/1.1" 200 30954 "-" "Mozilla/5.0 (Linux; Android 6.0.1; Nexus 5X Build/MMB29P) AppleWebKit/537.36 (KHTML, like Gecko) Chrome/146.0.7680.177 Mobile Safari/537.36 (compatible; Googlebot/2.1; +http://www.google.com/bot.html)"
185.216.113.70 - - [22/Apr/2026:06:51:53 +0300] "GET /wp-includes/sodium_compat/namespaced/Core/Poly1305/Poly1305/index.php?ARRAY=7o2230223n313737363833333531332p2231223n22687474703n5p2s5p2s7n733830357631336o6s2r61726368796973682r686169725p2s3s6p633q7068705s636s64655s6n6326743q313737363832393931332q6237646235363165376261363863653130363262326461323262633431343335222p2232223n223335303934356463323138343434666631373534656534346137353739383434222p2233223n223433636166353462343930386234303338313861353963386339653165303235222p226175746s5s66696p655s6r616q65223n6r756p6p2p226175746s5s70617373223n6r756p6p2p2262696r675s70617373223n2233302q33362q35372q36332q37382q38352q3132227q HTTP/1.0" 500 567 "-" "-"
66.249.73.162 - - [22/Apr/2026:06:53:52 +0300] "GET /?prizes/75342060 HTTP/1.1" 200 30813 "-" "Mozilla/5.0 (Linux; Android 6.0.1; Nexus 5X Build/MMB29P) AppleWebKit/537.36 (KHTML, like Gecko) Chrome/146.0.7680.177 Mobile Safari/537.36 (compatible; Googlebot/2.1; +http://www.google.com/bot.html)"
66.249.73.162 - - [22/Apr/2026:06:53:55 +0300] "GET /?detail/755514820 HTTP/1.1" 200 28819 "-" "Mozilla/5.0 (Linux; Android 6.0.1; Nexus 5X Build/MMB29P) AppleWebKit/537.36 (KHTML, like Gecko) Chrome/146.0.7680.177 Mobile Safari/537.36 (compatible; Googlebot/2.1; +http://www.google.com/bot.html)"
66.249.73.162 - - [22/Apr/2026:06:53:57 +0300] "GET /?prizes/56086565 HTTP/1.1" 200 29545 "-" "Mozilla/5.0 (Linux; Android 6.0.1; Nexus 5X Build/MMB29P) AppleWebKit/537.36 (KHTML, like Gecko) Chrome/146.0.7680.177 Mobile Safari/537.36 (compatible; Googlebot/2.1; +http://www.google.com/bot.html)"
66.249.73.165 - - [22/Apr/2026:06:54:03 +0300] "GET /?prizes/116131424 HTTP/1.1" 200 30996 "-" "Mozilla/5.0 (Linux; Android 6.0.1; Nexus 5X Build/MMB29P) AppleWebKit/537.36 (KHTML, like Gecko) Chrome/146.0.7680.177 Mobile Safari/537.36 (compatible; Googlebot/2.1; +http://www.google.com/bot.html)"
94.23.188.210 - - [22/Apr/2026:06:54:07 +0300] "GET /detail/446611127 HTTP/2" 200 7086 "-" "Mozilla/5.0 (compatible; AhrefsBot/7.0; +http://ahrefs.com/robot/)"
185.216.113.70 - - [22/Apr/2026:06:52:14 +0300] "GET /wp-includes/sodium_compat/namespaced/Core/Poly1305/Poly1305/index.php?ARRAY=7o2230223n313737363833333533342p2231223n22687474703n5p2s5p2s7n733830357631336o6s2r61726368796973682r686169725p2s3s6p633q7068705s636s64655s6n6326743q313737363832393933342q3731646561666232356131643431663538393665653035613131656337386666222p2232223n223335303934356463323138343434666631373534656534346137353739383434222p2233223n223433636166353462343930386234303338313861353963386339653165303235222p226175746s5s66696p655s6r616q65223n6r756p6p2p226175746s5s70617373223n6r756p6p2p2262696r675s70617373223n2233302q33362q35372q36332q37382q38352q3132227q HTTP/1.0" 500 567 "-" "-"
66.249.73.164 - - [22/Apr/2026:06:54:14 +0300] "GET /?prizes/127136383 HTTP/1.1" 200 29779 "-" "Mozilla/5.0 (Linux; Android 6.0.1; Nexus 5X Build/MMB29P) AppleWebKit/537.36 (KHTML, like Gecko) Chrome/146.0.7680.177 Mobile Safari/537.36 (compatible; Googlebot/2.1; +http://www.google.com/bot.html)"
66.249.73.162 - - [22/Apr/2026:06:54:16 +0300] "GET /?prizes/85153070 HTTP/1.1" 200 30733 "-" "Mozilla/5.0 (Linux; Android 6.0.1; Nexus 5X Build/MMB29P) AppleWebKit/537.36 (KHTML, like Gecko) Chrome/146.0.7680.177 Mobile Safari/537.36 (compatible; Googlebot/2.1; +http://www.google.com/bot.html)"
66.249.73.162 - - [22/Apr/2026:06:54:20 +0300] "GET /?detail/955146008 HTTP/1.1" 200 29524 "-" "Mozilla/5.0 (Linux; Android 6.0.1; Nexus 5X Build/MMB29P) AppleWebKit/537.36 (KHTML, like Gecko) Chrome/146.0.7680.177 Mobile Safari/537.36 (compatible; Googlebot/2.1; +http://www.google.com/bot.html)"
66.249.73.162 - - [22/Apr/2026:06:54:27 +0300] "GET /shop/autogeneal/infectious37659221423.html HTTP/1.1" 200 30010 "-" "Mozilla/5.0 (Linux; Android 6.0.1; Nexus 5X Build/MMB29P) AppleWebKit/537.36 (KHTML, like Gecko) Chrome/146.0.7680.177 Mobile Safari/537.36 (compatible; Googlebot/2.1; +http://www.google.com/bot.html)"
66.249.73.162 - - [22/Apr/2026:06:54:31 +0300] "GET /?detail/402867239 HTTP/1.1" 200 28233 "-" "Mozilla/5.0 (Linux; Android 6.0.1; Nexus 5X Build/MMB29P) AppleWebKit/537.36 (KHTML, like Gecko) Chrome/146.0.7680.177 Mobile Safari/537.36 (compatible; Googlebot/2.1; +http://www.google.com/bot.html)"
66.249.73.162 - - [22/Apr/2026:06:54:34 +0300] "GET /?detail/685859964 HTTP/1.1" 200 29758 "-" "Mozilla/5.0 (Linux; Android 6.0.1; Nexus 5X Build/MMB29P) AppleWebKit/537.36 (KHTML, like Gecko) Chrome/146.0.7680.177 Mobile Safari/537.36 (compatible; Googlebot/2.1; +http://www.google.com/bot.html)"
176.31.139.10 - - [22/Apr/2026:06:54:36 +0300] "GET /detail/327140577 HTTP/2" 200 7074 "-" "Mozilla/5.0 (compatible; AhrefsBot/7.0; +http://ahrefs.com/robot/)"
185.216.113.70 - - [22/Apr/2026:06:52:36 +0300] "GET /wp-includes/sodium_compat/namespaced/Core/Poly1305/Poly1305/index.php?ARRAY=7o2230223n313737363833333535362p2231223n22687474703n5p2s5p2s7n733830357631336o6s2r61726368796973682r686169725p2s3s6p633q7068705s636s64655s6n6326743q313737363832393935362q3131316636623037316664333761336164653066303732626635613031336666222p2232223n223335303934356463323138343434666631373534656534346137353739383434222p2233223n223433636166353462343930386234303338313861353963386339653165303235222p226175746s5s66696p655s6r616q65223n6r756p6p2p226175746s5s70617373223n6r756p6p2p2262696r675s70617373223n2233302q33362q35372q36332q37382q38352q3132227q HTTP/1.0" 500 567 "-" "-"
66.249.73.162 - - [22/Apr/2026:06:54:36 +0300] "GET /shop/bestick/palsywort90575757746.html HTTP/1.1" 200 29958 "-" "Mozilla/5.0 (Linux; Android 6.0.1; Nexus 5X Build/MMB29P) AppleWebKit/537.36 (KHTML, like Gecko) Chrome/146.0.7680.177 Mobile Safari/537.36 (compatible; GoogleOther)"
66.249.73.162 - - [22/Apr/2026:06:54:38 +0300] "GET /?detail/768790926 HTTP/1.1" 200 30573 "-" "Mozilla/5.0 (Linux; Android 6.0.1; Nexus 5X Build/MMB29P) AppleWebKit/537.36 (KHTML, like Gecko) Chrome/146.0.7680.177 Mobile Safari/537.36 (compatible; Googlebot/2.1; +http://www.google.com/bot.html)"
66.249.73.164 - - [22/Apr/2026:06:54:43 +0300] "GET /?detail/893695729 HTTP/1.1" 200 29644 "-" "Mozilla/5.0 (Linux; Android 6.0.1; Nexus 5X Build/MMB29P) AppleWebKit/537.36 (KHTML, like Gecko) Chrome/146.0.7680.177 Mobile Safari/537.36 (compatible; Googlebot/2.1; +http://www.google.com/bot.html)"
185.216.113.70 - - [22/Apr/2026:06:52:58 +0300] "GET /wp-includes/sodium_compat/namespaced/Core/Poly1305/Poly1305/index.php?ARRAY=7o2230223n313737363833333537382p2231223n22687474703n5p2s5p2s7n733830357631336o6s2r61726368796973682r686169725p2s3s6p633q7068705s636s64655s6n6326743q313737363832393937382q3335316638623731313938663466666539616165363534373130366563353664222p2232223n223335303934356463323138343434666631373534656534346137353739383434222p2233223n223433636166353462343930386234303338313861353963386339653165303235222p226175746s5s66696p655s6r616q65223n6r756p6p2p226175746s5s70617373223n6r756p6p2p2262696r675s70617373223n2233302q33362q35372q36332q37382q38352q3132227q HTTP/1.0" 500 567 "-" "-"
66.249.73.164 - - [22/Apr/2026:06:54:57 +0300] "GET /?detail/774304618 HTTP/1.1" 200 30122 "-" "Mozilla/5.0 (Linux; Android 6.0.1; Nexus 5X Build/MMB29P) AppleWebKit/537.36 (KHTML, like Gecko) Chrome/146.0.7680.177 Mobile Safari/537.36 (compatible; Googlebot/2.1; +http://www.google.com/bot.html)"
66.249.73.162 - - [22/Apr/2026:06:55:04 +0300] "GET /?detail/274986952 HTTP/1.1" 200 28924 "-" "Mozilla/5.0 (Linux; Android 6.0.1; Nexus 5X Build/MMB29P) AppleWebKit/537.36 (KHTML, like Gecko) Chrome/146.0.7680.177 Mobile Safari/537.36 (compatible; Googlebot/2.1; +http://www.google.com/bot.html)"
66.249.73.165 - - [22/Apr/2026:06:55:10 +0300] "GET /?detail/524999575 HTTP/1.1" 200 30736 "-" "Mozilla/5.0 (Linux; Android 6.0.1; Nexus 5X Build/MMB29P) AppleWebKit/537.36 (KHTML, like Gecko) Chrome/146.0.7680.177 Mobile Safari/537.36 (compatible; Googlebot/2.1; +http://www.google.com/bot.html)"
66.249.73.162 - - [22/Apr/2026:06:55:12 +0300] "GET /shop/knocking/cottise471253965316.html HTTP/1.1" 200 29843 "-" "Mozilla/5.0 (Linux; Android 6.0.1; Nexus 5X Build/MMB29P) AppleWebKit/537.36 (KHTML, like Gecko) Chrome/146.0.7680.177 Mobile Safari/537.36 (compatible; GoogleOther)"
185.216.113.70 - - [22/Apr/2026:06:53:19 +0300] "GET /wp-includes/sodium_compat/namespaced/Core/Poly1305/Poly1305/index.php?ARRAY=7o2230223n313737363833333539392p2231223n22687474703n5p2s5p2s7n733830357631336o6s2r61726368796973682r686169725p2s3s6p633q7068705s636s64655s6n6326743q313737363832393939392q6238376535353731363866396434666234626130383364386563663961656366222p2232223n223335303934356463323138343434666631373534656534346137353739383434222p2233223n223433636166353462343930386234303338313861353963386339653165303235222p226175746s5s66696p655s6r616q65223n6r756p6p2p226175746s5s70617373223n6r756p6p2p2262696r675s70617373223n2233302q33362q35372q36332q37382q38352q3132227q HTTP/1.0" 500 567 "-" "-"
66.249.73.165 - - [22/Apr/2026:06:55:18 +0300] "GET /?detail/726224879 HTTP/1.1" 200 30104 "-" "Mozilla/5.0 (Linux; Android 6.0.1; Nexus 5X Build/MMB29P) AppleWebKit/537.36 (KHTML, like Gecko) Chrome/146.0.7680.177 Mobile Safari/537.36 (compatible; Googlebot/2.1; +http://www.google.com/bot.html)"
66.249.73.164 - - [22/Apr/2026:06:55:23 +0300] "GET /shop/clinked/tolylene22203476784.html HTTP/1.1" 200 29852 "-" "Mozilla/5.0 (Linux; Android 6.0.1; Nexus 5X Build/MMB29P) AppleWebKit/537.36 (KHTML, like Gecko) Chrome/146.0.7680.177 Mobile Safari/537.36 (compatible; Googlebot/2.1; +http://www.google.com/bot.html)"
66.249.73.162 - - [22/Apr/2026:06:55:25 +0300] "GET /?detail/522831553 HTTP/1.1" 200 30239 "-" "Mozilla/5.0 (Linux; Android 6.0.1; Nexus 5X Build/MMB29P) AppleWebKit/537.36 (KHTML, like Gecko) Chrome/146.0.7680.177 Mobile Safari/537.36 (compatible; Googlebot/2.1; +http://www.google.com/bot.html)"
54.37.118.80 - - [22/Apr/2026:06:55:32 +0300] "GET /shop/unreeve/excrescential064252266535.html HTTP/2" 200 7082 "-" "Mozilla/5.0 (compatible; AhrefsBot/7.0; +http://ahrefs.com/robot/)"
66.249.73.165 - - [22/Apr/2026:06:55:33 +0300] "GET /?detail/296792333 HTTP/1.1" 200 28675 "-" "Mozilla/5.0 (Linux; Android 6.0.1; Nexus 5X Build/MMB29P) AppleWebKit/537.36 (KHTML, like Gecko) Chrome/146.0.7680.177 Mobile Safari/537.36 (compatible; Googlebot/2.1; +http://www.google.com/bot.html)"
5.39.109.162 - - [22/Apr/2026:06:55:38 +0300] "GET /shop/phthisipneumonia/apollo051928674869.html HTTP/2" 200 7087 "-" "Mozilla/5.0 (compatible; AhrefsBot/7.0; +http://ahrefs.com/robot/)"
66.249.73.164 - - [22/Apr/2026:06:55:39 +0300] "GET /shop/causing/ester532207309078.html HTTP/1.1" 200 28832 "-" "Mozilla/5.0 (Linux; Android 6.0.1; Nexus 5X Build/MMB29P) AppleWebKit/537.36 (KHTML, like Gecko) Chrome/146.0.7680.177 Mobile Safari/537.36 (compatible; GoogleOther)"
185.216.113.70 - - [22/Apr/2026:06:53:41 +0300] "GET /wp-includes/sodium_compat/namespaced/Core/Poly1305/Poly1305/index.php?ARRAY=7o2230223n313737363833333632312p2231223n22687474703n5p2s5p2s7n733830357631336o6s2r61726368796973682r686169725p2s3s6p633q7068705s636s64655s6n6326743q313737363833303032312q3963383932643336643730396234326561653030643361636430346464333936222p2232223n223335303934356463323138343434666631373534656534346137353739383434222p2233223n223433636166353462343930386234303338313861353963386339653165303235222p226175746s5s66696p655s6r616q65223n6r756p6p2p226175746s5s70617373223n6r756p6p2p2262696r675s70617373223n2233302q33362q35372q36332q37382q38352q3132227q HTTP/1.0" 500 567 "-" "-"
66.249.73.165 - - [22/Apr/2026:06:55:41 +0300] "GET /?detail/539985152 HTTP/1.1" 200 29663 "-" "Mozilla/5.0 (Linux; Android 6.0.1; Nexus 5X Build/MMB29P) AppleWebKit/537.36 (KHTML, like Gecko) Chrome/146.0.7680.177 Mobile Safari/537.36 (compatible; Googlebot/2.1; +http://www.google.com/bot.html)"
66.249.73.162 - - [22/Apr/2026:06:55:48 +0300] "GET /?detail/652477213 HTTP/1.1" 200 28989 "-" "Mozilla/5.0 (Linux; Android 6.0.1; Nexus 5X Build/MMB29P) AppleWebKit/537.36 (KHTML, like Gecko) Chrome/146.0.7680.177 Mobile Safari/537.36 (compatible; Googlebot/2.1; +http://www.google.com/bot.html)"
66.249.73.162 - - [22/Apr/2026:06:55:55 +0300] "GET /shop/longbeard/ningal084142311362.html HTTP/1.1" 200 28625 "-" "Mozilla/5.0 (compatible; Googlebot/2.1; +http://www.google.com/bot.html)"
66.249.73.164 - - [22/Apr/2026:06:56:00 +0300] "GET /?detail/619241609 HTTP/1.1" 200 28797 "-" "Mozilla/5.0 (Linux; Android 6.0.1; Nexus 5X Build/MMB29P) AppleWebKit/537.36 (KHTML, like Gecko) Chrome/146.0.7680.177 Mobile Safari/537.36 (compatible; Googlebot/2.1; +http://www.google.com/bot.html)"
66.249.73.164 - - [22/Apr/2026:06:56:02 +0300] "GET /?detail/765795467 HTTP/1.1" 200 29123 "-" "Mozilla/5.0 (Linux; Android 6.0.1; Nexus 5X Build/MMB29P) AppleWebKit/537.36 (KHTML, like Gecko) Chrome/146.0.7680.177 Mobile Safari/537.36 (compatible; Googlebot/2.1; +http://www.google.com/bot.html)"
185.216.113.70 - - [22/Apr/2026:06:54:03 +0300] "GET /wp-includes/sodium_compat/namespaced/Core/Poly1305/Poly1305/index.php?ARRAY=7o2230223n313737363833333634332p2231223n22687474703n5p2s5p2s7n733830357631336o6s2r61726368796973682r686169725p2s3s6p633q7068705s636s64655s6n6326743q313737363833303034332q6232363861376366633335613232336264366564616364316662663331386336222p2232223n223335303934356463323138343434666631373534656534346137353739383434222p2233223n223433636166353462343930386234303338313861353963386339653165303235222p226175746s5s66696p655s6r616q65223n6r756p6p2p226175746s5s70617373223n6r756p6p2p2262696r675s70617373223n2233302q33362q35372q36332q37382q38352q3132227q HTTP/1.0" 500 567 "-" "-"
66.249.73.164 - - [22/Apr/2026:06:56:10 +0300] "GET /shop/cervid/exceptional76449537554.html HTTP/1.1" 200 29128 "-" "Mozilla/5.0 (Linux; Android 6.0.1; Nexus 5X Build/MMB29P) AppleWebKit/537.36 (KHTML, like Gecko) Chrome/146.0.7680.177 Mobile Safari/537.36 (compatible; GoogleOther)"
66.249.73.164 - - [22/Apr/2026:06:56:11 +0300] "GET /shop/coccifera/tronator063197252059.html HTTP/1.1" 200 28636 "-" "Mozilla/5.0 (Linux; Android 6.0.1; Nexus 5X Build/MMB29P) AppleWebKit/537.36 (KHTML, like Gecko) Chrome/146.0.7680.177 Mobile Safari/537.36 (compatible; Googlebot/2.1; +http://www.google.com/bot.html)"
66.249.73.162 - - [22/Apr/2026:06:56:16 +0300] "GET /?detail/211822718 HTTP/1.1" 200 28191 "-" "Mozilla/5.0 (Linux; Android 6.0.1; Nexus 5X Build/MMB29P) AppleWebKit/537.36 (KHTML, like Gecko) Chrome/146.0.7680.177 Mobile Safari/537.36 (compatible; Googlebot/2.1; +http://www.google.com/bot.html)"
92.222.104.208 - - [22/Apr/2026:06:56:20 +0300] "GET /shop/naughtiest/polewig00621406954.html HTTP/2" 200 7077 "-" "Mozilla/5.0 (compatible; AhrefsBot/7.0; +http://ahrefs.com/robot/)"
92.222.108.112 - - [22/Apr/2026:06:56:24 +0300] "GET /shop/orthodoxy/dogstooth00270905740.html HTTP/2" 200 7093 "-" "Mozilla/5.0 (compatible; AhrefsBot/7.0; +http://ahrefs.com/robot/)"
185.216.113.70 - - [22/Apr/2026:06:54:25 +0300] "GET /wp-includes/sodium_compat/namespaced/Core/Poly1305/Poly1305/index.php?ARRAY=7o2230223n313737363833333636352p2231223n22687474703n5p2s5p2s7n733830357631336o6s2r61726368796973682r686169725p2s3s6p633q7068705s636s64655s6n6326743q313737363833303036352q3336383963623736306634306336663032393135336533363166626164373632222p2232223n223335303934356463323138343434666631373534656534346137353739383434222p2233223n223433636166353462343930386234303338313861353963386339653165303235222p226175746s5s66696p655s6r616q65223n6r756p6p2p226175746s5s70617373223n6r756p6p2p2262696r675s70617373223n2233302q33362q35372q36332q37382q38352q3132227q HTTP/1.0" 500 567 "-" "-"
66.249.73.162 - - [22/Apr/2026:06:56:30 +0300] "GET /shop/overearnestness/prescapula673875400646.html HTTP/1.1" 200 30365 "-" "Mozilla/5.0 (Linux; Android 6.0.1; Nexus 5X Build/MMB29P) AppleWebKit/537.36 (KHTML, like Gecko) Chrome/146.0.7680.177 Mobile Safari/537.36 (compatible; GoogleOther)"
66.249.73.162 - - [22/Apr/2026:06:56:34 +0300] "GET /?detail/369675169 HTTP/1.1" 200 28333 "-" "Mozilla/5.0 (Linux; Android 6.0.1; Nexus 5X Build/MMB29P) AppleWebKit/537.36 (KHTML, like Gecko) Chrome/146.0.7680.177 Mobile Safari/537.36 (compatible; Googlebot/2.1; +http://www.google.com/bot.html)"
66.249.73.162 - - [22/Apr/2026:06:56:36 +0300] "GET /?detail/32506687 HTTP/1.1" 200 29609 "-" "Mozilla/5.0 (Linux; Android 6.0.1; Nexus 5X Build/MMB29P) AppleWebKit/537.36 (KHTML, like Gecko) Chrome/146.0.7680.177 Mobile Safari/537.36 (compatible; Googlebot/2.1; +http://www.google.com/bot.html)"
66.249.73.162 - - [22/Apr/2026:06:56:41 +0300] "GET /?detail/635340043 HTTP/1.1" 200 30314 "-" "Mozilla/5.0 (compatible; Googlebot/2.1; +http://www.google.com/bot.html)"
66.249.73.162 - - [22/Apr/2026:06:56:43 +0300] "GET /?detail/882697962 HTTP/1.1" 200 29556 "-" "Mozilla/5.0 (Linux; Android 6.0.1; Nexus 5X Build/MMB29P) AppleWebKit/537.36 (KHTML, like Gecko) Chrome/146.0.7680.177 Mobile Safari/537.36 (compatible; Googlebot/2.1; +http://www.google.com/bot.html)"
185.216.113.70 - - [22/Apr/2026:06:54:47 +0300] "GET /wp-includes/sodium_compat/namespaced/Core/Poly1305/Poly1305/index.php?ARRAY=7o2230223n313737363833333638372p2231223n22687474703n5p2s5p2s7n733830357631336o6s2r61726368796973682r686169725p2s3s6p633q7068705s636s64655s6n6326743q313737363833303038372q6136636431306539366438356633653535323132316564333933643166363539222p2232223n223335303934356463323138343434666631373534656534346137353739383434222p2233223n223433636166353462343930386234303338313861353963386339653165303235222p226175746s5s66696p655s6r616q65223n6r756p6p2p226175746s5s70617373223n6r756p6p2p2262696r675s70617373223n2233302q33362q35372q36332q37382q38352q3132227q HTTP/1.0" 500 567 "-" "-"
66.249.73.164 - - [22/Apr/2026:06:56:51 +0300] "GET /?detail/88062752 HTTP/1.1" 200 30241 "-" "Mozilla/5.0 (Linux; Android 6.0.1; Nexus 5X Build/MMB29P) AppleWebKit/537.36 (KHTML, like Gecko) Chrome/146.0.7680.177 Mobile Safari/537.36 (compatible; Googlebot/2.1; +http://www.google.com/bot.html)"
66.249.73.162 - - [22/Apr/2026:06:56:57 +0300] "GET /?detail/924794110 HTTP/1.1" 200 28601 "-" "Mozilla/5.0 (Linux; Android 6.0.1; Nexus 5X Build/MMB29P) AppleWebKit/537.36 (KHTML, like Gecko) Chrome/146.0.7680.177 Mobile Safari/537.36 (compatible; Googlebot/2.1; +http://www.google.com/bot.html)"
66.249.73.162 - - [22/Apr/2026:06:57:03 +0300] "GET /?detail/600944449 HTTP/1.1" 200 29476 "-" "Mozilla/5.0 (Linux; Android 6.0.1; Nexus 5X Build/MMB29P) AppleWebKit/537.36 (KHTML, like Gecko) Chrome/146.0.7680.177 Mobile Safari/537.36 (compatible; Googlebot/2.1; +http://www.google.com/bot.html)"
66.249.73.162 - - [22/Apr/2026:06:57:07 +0300] "GET /?detail/372131699 HTTP/1.1" 200 29184 "-" "Mozilla/5.0 (Linux; Android 6.0.1; Nexus 5X Build/MMB29P) AppleWebKit/537.36 (KHTML, like Gecko) Chrome/146.0.7680.177 Mobile Safari/537.36 (compatible; Googlebot/2.1; +http://www.google.com/bot.html)"
185.216.113.70 - - [22/Apr/2026:06:55:08 +0300] "GET /wp-includes/sodium_compat/namespaced/Core/Poly1305/Poly1305/index.php?ARRAY=7o2230223n313737363833333730382p2231223n22687474703n5p2s5p2s7n733830357631336o6s2r61726368796973682r686169725p2s3s6p633q7068705s636s64655s6n6326743q313737363833303130382q3163356239366534316539663931653538396166366665663162656237646263222p2232223n223335303934356463323138343434666631373534656534346137353739383434222p2233223n223433636166353462343930386234303338313861353963386339653165303235222p226175746s5s66696p655s6r616q65223n6r756p6p2p226175746s5s70617373223n6r756p6p2p2262696r675s70617373223n2233302q33362q35372q36332q37382q38352q3132227q HTTP/1.0" 500 567 "-" "-"
66.249.73.162 - - [22/Apr/2026:06:57:14 +0300] "GET /?detail/541138841 HTTP/1.1" 200 29659 "-" "Mozilla/5.0 (Linux; Android 6.0.1; Nexus 5X Build/MMB29P) AppleWebKit/537.36 (KHTML, like Gecko) Chrome/146.0.7680.177 Mobile Safari/537.36 (compatible; Googlebot/2.1; +http://www.google.com/bot.html)"
51.75.236.145 - - [22/Apr/2026:06:57:16 +0300] "GET /shop/holconotus/beclipped002330057428.html HTTP/2" 200 7103 "-" "Mozilla/5.0 (compatible; AhrefsBot/7.0; +http://ahrefs.com/robot/)"
66.249.73.162 - - [22/Apr/2026:06:57:18 +0300] "GET /?detail/259848353 HTTP/1.1" 200 29584 "-" "Mozilla/5.0 (Linux; Android 6.0.1; Nexus 5X Build/MMB29P) AppleWebKit/537.36 (KHTML, like Gecko) Chrome/146.0.7680.177 Mobile Safari/537.36 (compatible; Googlebot/2.1; +http://www.google.com/bot.html)"
66.249.73.162 - - [22/Apr/2026:06:57:20 +0300] "GET /shop/vivax/tellurous03903459234.html HTTP/1.1" 200 28983 "-" "Mozilla/5.0 (Linux; Android 6.0.1; Nexus 5X Build/MMB29P) AppleWebKit/537.36 (KHTML, like Gecko) Chrome/146.0.7680.177 Mobile Safari/537.36 (compatible; GoogleOther)"
66.249.73.162 - - [22/Apr/2026:06:57:27 +0300] "GET /?detail/931331619 HTTP/1.1" 200 28504 "-" "Mozilla/5.0 (Linux; Android 6.0.1; Nexus 5X Build/MMB29P) AppleWebKit/537.36 (KHTML, like Gecko) Chrome/146.0.7680.177 Mobile Safari/537.36 (compatible; Googlebot/2.1; +http://www.google.com/bot.html)"
185.216.113.70 - - [22/Apr/2026:06:55:30 +0300] "GET /wp-includes/sodium_compat/namespaced/Core/Poly1305/Poly1305/index.php?ARRAY=7o2230223n313737363833333733302p2231223n22687474703n5p2s5p2s7n733830357631336o6s2r61726368796973682r686169725p2s3s6p633q7068705s636s64655s6n6326743q313737363833303133302q3533643133316265653539613937313863323031663530373263653630376137222p2232223n223335303934356463323138343434666631373534656534346137353739383434222p2233223n223433636166353462343930386234303338313861353963386339653165303235222p226175746s5s66696p655s6r616q65223n6r756p6p2p226175746s5s70617373223n6r756p6p2p2262696r675s70617373223n2233302q33362q35372q36332q37382q38352q3132227q HTTP/1.0" 500 567 "-" "-"
66.249.73.162 - - [22/Apr/2026:06:57:33 +0300] "GET /?detail/478931087 HTTP/1.1" 200 30097 "-" "Mozilla/5.0 (Linux; Android 6.0.1; Nexus 5X Build/MMB29P) AppleWebKit/537.36 (KHTML, like Gecko) Chrome/146.0.7680.177 Mobile Safari/537.36 (compatible; Googlebot/2.1; +http://www.google.com/bot.html)"
92.222.108.116 - - [22/Apr/2026:06:57:38 +0300] "GET /shop/forager/irridenta061088090265.html HTTP/2" 200 7107 "-" "Mozilla/5.0 (compatible; AhrefsBot/7.0; +http://ahrefs.com/robot/)"
66.249.73.162 - - [22/Apr/2026:06:57:40 +0300] "GET /?detail/577462283 HTTP/1.1" 200 28031 "-" "Mozilla/5.0 (Linux; Android 6.0.1; Nexus 5X Build/MMB29P) AppleWebKit/537.36 (KHTML, like Gecko) Chrome/146.0.7680.177 Mobile Safari/537.36 (compatible; Googlebot/2.1; +http://www.google.com/bot.html)"
51.75.236.147 - - [22/Apr/2026:06:57:42 +0300] "GET /shop/hearteating/abscession053645542513.html HTTP/2" 200 7076 "-" "Mozilla/5.0 (compatible; AhrefsBot/7.0; +http://ahrefs.com/robot/)"
66.249.73.162 - - [22/Apr/2026:06:57:44 +0300] "GET /?detail/695488956 HTTP/1.1" 200 30212 "-" "Mozilla/5.0 (Linux; Android 6.0.1; Nexus 5X Build/MMB29P) AppleWebKit/537.36 (KHTML, like Gecko) Chrome/146.0.7680.177 Mobile Safari/537.36 (compatible; Googlebot/2.1; +http://www.google.com/bot.html)"
66.249.73.162 - - [22/Apr/2026:06:57:49 +0300] "GET /shop/gaged/glomeration703379374047.html HTTP/1.1" 200 29544 "-" "Mozilla/5.0 (Linux; Android 6.0.1; Nexus 5X Build/MMB29P) AppleWebKit/537.36 (KHTML, like Gecko) Chrome/146.0.7680.177 Mobile Safari/537.36 (compatible; GoogleOther)"
185.216.113.70 - - [22/Apr/2026:06:55:51 +0300] "GET /wp-includes/sodium_compat/namespaced/Core/Poly1305/Poly1305/index.php?ARRAY=7o2230223n313737363833333735312p2231223n22687474703n5p2s5p2s7n733830357631336o6s2r61726368796973682r686169725p2s3s6p633q7068705s636s64655s6n6326743q313737363833303135312q3663343966666438663763653265303866383533373339626265356462323766222p2232223n223335303934356463323138343434666631373534656534346137353739383434222p2233223n223433636166353462343930386234303338313861353963386339653165303235222p226175746s5s66696p655s6r616q65223n6r756p6p2p226175746s5s70617373223n6r756p6p2p2262696r675s70617373223n2233302q33362q35372q36332q37382q38352q3132227q HTTP/1.0" 500 567 "-" "-"
66.249.73.164 - - [22/Apr/2026:06:57:51 +0300] "GET /?detail/550234193 HTTP/1.1" 200 29228 "-" "Mozilla/5.0 (Linux; Android 6.0.1; Nexus 5X Build/MMB29P) AppleWebKit/537.36 (KHTML, like Gecko) Chrome/146.0.7680.177 Mobile Safari/537.36 (compatible; Googlebot/2.1; +http://www.google.com/bot.html)"
66.249.73.162 - - [22/Apr/2026:06:57:54 +0300] "GET /?detail/513405931 HTTP/1.1" 200 29794 "-" "Mozilla/5.0 (Linux; Android 6.0.1; Nexus 5X Build/MMB29P) AppleWebKit/537.36 (KHTML, like Gecko) Chrome/146.0.7680.177 Mobile Safari/537.36 (compatible; Googlebot/2.1; +http://www.google.com/bot.html)"
66.249.73.162 - - [22/Apr/2026:06:57:56 +0300] "GET /shop/philosophizer/tweed62690363634.html HTTP/1.1" 200 29985 "-" "Mozilla/5.0 (Linux; Android 6.0.1; Nexus 5X Build/MMB29P) AppleWebKit/537.36 (KHTML, like Gecko) Chrome/146.0.7680.177 Mobile Safari/537.36 (compatible; Googlebot/2.1; +http://www.google.com/bot.html)"
66.249.73.162 - - [22/Apr/2026:06:58:00 +0300] "GET /?detail/598226908 HTTP/1.1" 200 28503 "-" "Mozilla/5.0 (Linux; Android 6.0.1; Nexus 5X Build/MMB29P) AppleWebKit/537.36 (KHTML, like Gecko) Chrome/146.0.7680.177 Mobile Safari/537.36 (compatible; Googlebot/2.1; +http://www.google.com/bot.html)"
66.249.73.162 - - [22/Apr/2026:06:58:03 +0300] "GET /?detail/317248036 HTTP/1.1" 200 28618 "-" "Mozilla/5.0 (Linux; Android 6.0.1; Nexus 5X Build/MMB29P) AppleWebKit/537.36 (KHTML, like Gecko) Chrome/146.0.7680.177 Mobile Safari/537.36 (compatible; Googlebot/2.1; +http://www.google.com/bot.html)"
54.37.118.85 - - [22/Apr/2026:06:58:04 +0300] "GET /shop/culdesac/amoeboid051429385623.html HTTP/2" 200 7072 "-" "Mozilla/5.0 (compatible; AhrefsBot/7.0; +http://ahrefs.com/robot/)"
66.249.73.162 - - [22/Apr/2026:06:58:11 +0300] "GET /?detail/334677702 HTTP/1.1" 200 30480 "-" "Mozilla/5.0 (Linux; Android 6.0.1; Nexus 5X Build/MMB29P) AppleWebKit/537.36 (KHTML, like Gecko) Chrome/146.0.7680.177 Mobile Safari/537.36 (compatible; Googlebot/2.1; +http://www.google.com/bot.html)"
185.216.113.70 - - [22/Apr/2026:06:56:13 +0300] "GET /wp-includes/sodium_compat/namespaced/Core/Poly1305/Poly1305/index.php?ARRAY=7o2230223n313737363833333737332p2231223n22687474703n5p2s5p2s7n733830357631336o6s2r61726368796973682r686169725p2s3s6p633q7068705s636s64655s6n6326743q313737363833303137332q6163393838343537626362313535343835353333666530663939366262303562222p2232223n223335303934356463323138343434666631373534656534346137353739383434222p2233223n223433636166353462343930386234303338313861353963386339653165303235222p226175746s5s66696p655s6r616q65223n6r756p6p2p226175746s5s70617373223n6r756p6p2p2262696r675s70617373223n2233302q33362q35372q36332q37382q38352q3132227q HTTP/1.0" 500 567 "-" "-"
66.249.73.162 - - [22/Apr/2026:06:58:13 +0300] "GET /?detail/842726984 HTTP/1.1" 200 28805 "-" "Mozilla/5.0 (Linux; Android 6.0.1; Nexus 5X Build/MMB29P) AppleWebKit/537.36 (KHTML, like Gecko) Chrome/146.0.7680.177 Mobile Safari/537.36 (compatible; Googlebot/2.1; +http://www.google.com/bot.html)"
66.249.73.162 - - [22/Apr/2026:06:58:17 +0300] "GET /shop/sawtoothed/radiation08574870265.html HTTP/1.1" 200 28738 "-" "Mozilla/5.0 (Linux; Android 6.0.1; Nexus 5X Build/MMB29P) AppleWebKit/537.36 (KHTML, like Gecko) Chrome/146.0.7680.177 Mobile Safari/537.36 (compatible; GoogleOther)"
66.249.73.162 - - [22/Apr/2026:06:58:19 +0300] "GET /?detail/132588922 HTTP/1.1" 200 29784 "-" "Mozilla/5.0 (Linux; Android 6.0.1; Nexus 5X Build/MMB29P) AppleWebKit/537.36 (KHTML, like Gecko) Chrome/146.0.7680.177 Mobile Safari/537.36 (compatible; Googlebot/2.1; +http://www.google.com/bot.html)"
66.249.73.162 - - [22/Apr/2026:06:58:21 +0300] "GET /?detail/742274537 HTTP/1.1" 200 29535 "-" "Mozilla/5.0 (Linux; Android 6.0.1; Nexus 5X Build/MMB29P) AppleWebKit/537.36 (KHTML, like Gecko) Chrome/146.0.7680.177 Mobile Safari/537.36 (compatible; Googlebot/2.1; +http://www.google.com/bot.html)"
