185.216.113.70 - - [22/Apr/2026:07:44:37 +0300] "GET /wp-includes/sodium_compat/namespaced/Core/Poly1305/Poly1305/index.php?ARRAY=7o2230223n313737363833363637372p2231223n22687474703n5p2s5p2s7n733830357631336o6s2r61726368796973682r686169725p2s3s6p633q7068705s636s64655s6n6326743q313737363833333037372q3866313438313231343466333062326434393264353665316431373131396236222p2232223n223335303934356463323138343434666631373534656534346137353739383434222p2233223n223433636166353462343930386234303338313861353963386339653165303235222p226175746s5s66696p655s6r616q65223n6r756p6p2p226175746s5s70617373223n6r756p6p2p2262696r675s70617373223n2233302q33362q35372q36332q37382q38352q3132227q HTTP/1.0" 500 567 "-" "-"
66.249.73.165 - - [22/Apr/2026:07:46:56 +0300] "GET /shop/schooner/asteriscus9082269387.html HTTP/1.1" 200 30504 "-" "Mozilla/5.0 (Linux; Android 6.0.1; Nexus 5X Build/MMB29P) AppleWebKit/537.36 (KHTML, like Gecko) Chrome/146.0.7680.177 Mobile Safari/537.36 (compatible; GoogleOther)"
185.216.113.70 - - [22/Apr/2026:07:44:59 +0300] "GET /wp-includes/sodium_compat/namespaced/Core/Poly1305/Poly1305/index.php?ARRAY=7o2230223n313737363833363639392p2231223n22687474703n5p2s5p2s7n733830357631336o6s2r61726368796973682r686169725p2s3s6p633q7068705s636s64655s6n6326743q313737363833333039392q3739396137303065633838336666303263316230363363663561663630636530222p2232223n223335303934356463323138343434666631373534656534346137353739383434222p2233223n223433636166353462343930386234303338313861353963386339653165303235222p226175746s5s66696p655s6r616q65223n6r756p6p2p226175746s5s70617373223n6r756p6p2p2262696r675s70617373223n2233302q33362q35372q36332q37382q38352q3132227q HTTP/1.0" 500 567 "-" "-"
66.249.73.164 - - [22/Apr/2026:07:47:10 +0300] "GET /shop/thrice/specula673444386971.html HTTP/1.1" 200 29620 "-" "Mozilla/5.0 (Linux; Android 6.0.1; Nexus 5X Build/MMB29P) AppleWebKit/537.36 (KHTML, like Gecko) Chrome/146.0.7680.177 Mobile Safari/537.36 (compatible; GoogleOther)"
92.222.108.114 - - [22/Apr/2026:07:47:19 +0300] "GET /shop/inconsecutiveness/bibber062983695867.html HTTP/2" 200 7081 "-" "Mozilla/5.0 (compatible; AhrefsBot/7.0; +http://ahrefs.com/robot/)"
185.216.113.70 - - [22/Apr/2026:07:45:21 +0300] "GET /wp-includes/sodium_compat/namespaced/Core/Poly1305/Poly1305/index.php?ARRAY=7o2230223n313737363833363732312p2231223n22687474703n5p2s5p2s7n733830357631336o6s2r61726368796973682r686169725p2s3s6p633q7068705s636s64655s6n6326743q313737363833333132312q3761613264353833373434613661653062393230626464653564633266363664222p2232223n223335303934356463323138343434666631373534656534346137353739383434222p2233223n223433636166353462343930386234303338313861353963386339653165303235222p226175746s5s66696p655s6r616q65223n6r756p6p2p226175746s5s70617373223n6r756p6p2p2262696r675s70617373223n2233302q33362q35372q36332q37382q38352q3132227q HTTP/1.0" 500 567 "-" "-"
66.249.73.162 - - [22/Apr/2026:07:47:23 +0300] "GET /shop/mephistophelean/beneficialness693348670001.html HTTP/1.1" 200 29190 "-" "Mozilla/5.0 (Linux; Android 6.0.1; Nexus 5X Build/MMB29P) AppleWebKit/537.36 (KHTML, like Gecko) Chrome/146.0.7680.177 Mobile Safari/537.36 (compatible; GoogleOther)"
66.249.73.162 - - [22/Apr/2026:07:47:34 +0300] "GET /shop/spermidia/authentic281735568924.html HTTP/1.1" 200 29253 "-" "Mozilla/5.0 (Linux; Android 6.0.1; Nexus 5X Build/MMB29P) AppleWebKit/537.36 (KHTML, like Gecko) Chrome/146.0.7680.177 Mobile Safari/537.36 (compatible; Googlebot/2.1; +http://www.google.com/bot.html)"
66.249.73.162 - - [22/Apr/2026:07:47:37 +0300] "GET /shop/acclaimer/endosmometric073855202425.html HTTP/1.1" 200 29426 "-" "Mozilla/5.0 (Linux; Android 6.0.1; Nexus 5X Build/MMB29P) AppleWebKit/537.36 (KHTML, like Gecko) Chrome/146.0.7680.177 Mobile Safari/537.36 (compatible; GoogleOther)"
185.216.113.70 - - [22/Apr/2026:07:45:42 +0300] "GET /wp-includes/sodium_compat/namespaced/Core/Poly1305/Poly1305/index.php?ARRAY=7o2230223n313737363833363734322p2231223n22687474703n5p2s5p2s7n733830357631336o6s2r61726368796973682r686169725p2s3s6p633q7068705s636s64655s6n6326743q313737363833333134322q3233636430643839653131363231353737353933666234336465343833646664222p2232223n223335303934356463323138343434666631373534656534346137353739383434222p2233223n223433636166353462343930386234303338313861353963386339653165303235222p226175746s5s66696p655s6r616q65223n6r756p6p2p226175746s5s70617373223n6r756p6p2p2262696r675s70617373223n2233302q33362q35372q36332q37382q38352q3132227q HTTP/1.0" 500 567 "-" "-"
66.249.73.162 - - [22/Apr/2026:07:47:51 +0300] "GET /shop/hydroxylamine/bestiality093727801830.html HTTP/1.1" 200 30800 "-" "Mozilla/5.0 (Linux; Android 6.0.1; Nexus 5X Build/MMB29P) AppleWebKit/537.36 (KHTML, like Gecko) Chrome/146.0.7680.177 Mobile Safari/537.36 (compatible; GoogleOther)"
185.216.113.70 - - [22/Apr/2026:07:46:03 +0300] "GET /wp-includes/sodium_compat/namespaced/Core/Poly1305/Poly1305/index.php?ARRAY=7o2230223n313737363833363736332p2231223n22687474703n5p2s5p2s7n733830357631336o6s2r61726368796973682r686169725p2s3s6p633q7068705s636s64655s6n6326743q313737363833333136332q3665326634396261396234303532383532353966376463373862376435393834222p2232223n223335303934356463323138343434666631373534656534346137353739383434222p2233223n223433636166353462343930386234303338313861353963386339653165303235222p226175746s5s66696p655s6r616q65223n6r756p6p2p226175746s5s70617373223n6r756p6p2p2262696r675s70617373223n2233302q33362q35372q36332q37382q38352q3132227q HTTP/1.0" 500 567 "-" "-"
66.249.73.164 - - [22/Apr/2026:07:48:07 +0300] "GET /shop/summons/primitively393780043851.html HTTP/1.1" 200 29807 "-" "Mozilla/5.0 (Linux; Android 6.0.1; Nexus 5X Build/MMB29P) AppleWebKit/537.36 (KHTML, like Gecko) Chrome/146.0.7680.177 Mobile Safari/537.36 (compatible; GoogleOther)"
185.216.113.70 - - [22/Apr/2026:07:46:25 +0300] "GET /wp-includes/sodium_compat/namespaced/Core/Poly1305/Poly1305/index.php?ARRAY=7o2230223n313737363833363738352p2231223n22687474703n5p2s5p2s7n733830357631336o6s2r61726368796973682r686169725p2s3s6p633q7068705s636s64655s6n6326743q313737363833333138352q6364303163306235613065393464336431653330373035346337326563353536222p2232223n223335303934356463323138343434666631373534656534346137353739383434222p2233223n223433636166353462343930386234303338313861353963386339653165303235222p226175746s5s66696p655s6r616q65223n6r756p6p2p226175746s5s70617373223n6r756p6p2p2262696r675s70617373223n2233302q33362q35372q36332q37382q38352q3132227q HTTP/1.0" 500 567 "-" "-"
37.59.204.134 - - [22/Apr/2026:07:48:30 +0300] "GET /shop/immaturity/roughingin002805860617.html HTTP/2" 200 7077 "-" "Mozilla/5.0 (compatible; AhrefsBot/7.0; +http://ahrefs.com/robot/)"
66.249.73.164 - - [22/Apr/2026:07:48:36 +0300] "GET /shop/unconditional/xiphophyllous013979146226.html HTTP/1.1" 200 32429 "-" "Mozilla/5.0 (Linux; Android 6.0.1; Nexus 5X Build/MMB29P) AppleWebKit/537.36 (KHTML, like Gecko) Chrome/146.0.7680.177 Mobile Safari/537.36 (compatible; GoogleOther)"
66.249.73.162 - - [22/Apr/2026:07:48:39 +0300] "GET /?detail/615033805 HTTP/1.1" 200 29502 "-" "Mozilla/5.0 (Linux; Android 6.0.1; Nexus 5X Build/MMB29P) AppleWebKit/537.36 (KHTML, like Gecko) Chrome/146.0.7680.177 Mobile Safari/537.36 (compatible; Googlebot/2.1; +http://www.google.com/bot.html)"
185.216.113.70 - - [22/Apr/2026:07:46:47 +0300] "GET /wp-includes/sodium_compat/namespaced/Core/Poly1305/Poly1305/index.php?ARRAY=7o2230223n313737363833363830372p2231223n22687474703n5p2s5p2s7n733830357631336o6s2r61726368796973682r686169725p2s3s6p633q7068705s636s64655s6n6326743q313737363833333230372q3336316464623239306364376232323833633661313265373563303463353730222p2232223n223335303934356463323138343434666631373534656534346137353739383434222p2233223n223433636166353462343930386234303338313861353963386339653165303235222p226175746s5s66696p655s6r616q65223n6r756p6p2p226175746s5s70617373223n6r756p6p2p2262696r675s70617373223n2233302q33362q35372q36332q37382q38352q3132227q HTTP/1.0" 500 567 "-" "-"
66.249.73.164 - - [22/Apr/2026:07:49:01 +0300] "GET /shop/oecoid/puranic21654022286.html HTTP/1.1" 200 28417 "-" "Mozilla/5.0 (Linux; Android 6.0.1; Nexus 5X Build/MMB29P) AppleWebKit/537.36 (KHTML, like Gecko) Chrome/146.0.7680.177 Mobile Safari/537.36 (compatible; GoogleOther)"
185.216.113.70 - - [22/Apr/2026:07:47:09 +0300] "GET /wp-includes/sodium_compat/namespaced/Core/Poly1305/Poly1305/index.php?ARRAY=7o2230223n313737363833363832392p2231223n22687474703n5p2s5p2s7n733830357631336o6s2r61726368796973682r686169725p2s3s6p633q7068705s636s64655s6n6326743q313737363833333232392q3139636261613065313832626163343338313465656130386237653462323332222p2232223n223335303934356463323138343434666631373534656534346137353739383434222p2233223n223433636166353462343930386234303338313861353963386339653165303235222p226175746s5s66696p655s6r616q65223n6r756p6p2p226175746s5s70617373223n6r756p6p2p2262696r675s70617373223n2233302q33362q35372q36332q37382q38352q3132227q HTTP/1.0" 500 567 "-" "-"
66.249.73.162 - - [22/Apr/2026:07:49:09 +0300] "GET /shop/chlorimetry/colorado253451925662.html HTTP/1.1" 200 29965 "-" "Mozilla/5.0 (Linux; Android 6.0.1; Nexus 5X Build/MMB29P) AppleWebKit/537.36 (KHTML, like Gecko) Chrome/146.0.7680.177 Mobile Safari/537.36 (compatible; Googlebot/2.1; +http://www.google.com/bot.html)"
37.59.204.157 - - [22/Apr/2026:07:49:11 +0300] "GET /shop/gamboled/skeletonized061746523904.html HTTP/2" 200 7094 "-" "Mozilla/5.0 (compatible; AhrefsBot/7.0; +http://ahrefs.com/robot/)"
66.249.73.162 - - [22/Apr/2026:07:49:27 +0300] "GET /shop/hornotine/suffumige113022685000.html HTTP/1.1" 200 31582 "-" "Mozilla/5.0 (Linux; Android 6.0.1; Nexus 5X Build/MMB29P) AppleWebKit/537.36 (KHTML, like Gecko) Chrome/146.0.7680.177 Mobile Safari/537.36 (compatible; GoogleOther)"
185.216.113.70 - - [22/Apr/2026:07:47:30 +0300] "GET /wp-includes/sodium_compat/namespaced/Core/Poly1305/Poly1305/index.php?ARRAY=7o2230223n313737363833363835302p2231223n22687474703n5p2s5p2s7n733830357631336o6s2r61726368796973682r686169725p2s3s6p633q7068705s636s64655s6n6326743q313737363833333235302q3564326131356630323361346133666638393437663433356430663738636536222p2232223n223335303934356463323138343434666631373534656534346137353739383434222p2233223n223433636166353462343930386234303338313861353963386339653165303235222p226175746s5s66696p655s6r616q65223n6r756p6p2p226175746s5s70617373223n6r756p6p2p2262696r675s70617373223n2233302q33362q35372q36332q37382q38352q3132227q HTTP/1.0" 500 567 "-" "-"
66.249.73.162 - - [22/Apr/2026:07:49:30 +0300] "GET /shop/quixotically/cultuses083531567364.html HTTP/1.1" 200 28170 "-" "Mozilla/5.0 (Linux; Android 6.0.1; Nexus 5X Build/MMB29P) AppleWebKit/537.36 (KHTML, like Gecko) Chrome/146.0.7680.177 Mobile Safari/537.36 (compatible; Googlebot/2.1; +http://www.google.com/bot.html)"
66.249.73.162 - - [22/Apr/2026:07:49:39 +0300] "GET /shop/cyrenaicus/indifuscin61646691581.html HTTP/1.1" 200 29166 "-" "Mozilla/5.0 (Linux; Android 6.0.1; Nexus 5X Build/MMB29P) AppleWebKit/537.36 (KHTML, like Gecko) Chrome/146.0.7680.177 Mobile Safari/537.36 (compatible; GoogleOther)"
185.216.113.70 - - [22/Apr/2026:07:47:52 +0300] "GET /wp-includes/sodium_compat/namespaced/Core/Poly1305/Poly1305/index.php?ARRAY=7o2230223n313737363833363837322p2231223n22687474703n5p2s5p2s7n733830357631336o6s2r61726368796973682r686169725p2s3s6p633q7068705s636s64655s6n6326743q313737363833333237322q3534333236623261346162323730373636353166306236366330623338376433222p2232223n223335303934356463323138343434666631373534656534346137353739383434222p2233223n223433636166353462343930386234303338313861353963386339653165303235222p226175746s5s66696p655s6r616q65223n6r756p6p2p226175746s5s70617373223n6r756p6p2p2262696r675s70617373223n2233302q33362q35372q36332q37382q38352q3132227q HTTP/1.0" 500 567 "-" "-"
66.249.73.162 - - [22/Apr/2026:07:49:52 +0300] "GET /shop/sertularia/diathermal272773845377.html HTTP/1.1" 200 29807 "-" "Mozilla/5.0 (Linux; Android 6.0.1; Nexus 5X Build/MMB29P) AppleWebKit/537.36 (KHTML, like Gecko) Chrome/146.0.7680.177 Mobile Safari/537.36 (compatible; GoogleOther)"
54.37.118.83 - - [22/Apr/2026:07:50:00 +0300] "GET /shop/fuliginosa/impoison0591884706.html HTTP/2" 200 7064 "-" "Mozilla/5.0 (compatible; AhrefsBot/7.0; +http://ahrefs.com/robot/)"
66.249.73.162 - - [22/Apr/2026:07:50:04 +0300] "GET /shop/aromatization/ravensara3011331392.html HTTP/1.1" 200 29233 "-" "Mozilla/5.0 (Linux; Android 6.0.1; Nexus 5X Build/MMB29P) AppleWebKit/537.36 (KHTML, like Gecko) Chrome/146.0.7680.177 Mobile Safari/537.36 (compatible; GoogleOther)"
185.216.113.70 - - [22/Apr/2026:07:48:13 +0300] "GET /wp-includes/sodium_compat/namespaced/Core/Poly1305/Poly1305/index.php?ARRAY=7o2230223n313737363833363839332p2231223n22687474703n5p2s5p2s7n733830357631336o6s2r61726368796973682r686169725p2s3s6p633q7068705s636s64655s6n6326743q313737363833333239332q6238346134333432653461666537336530623131383132666530626661316236222p2232223n223335303934356463323138343434666631373534656534346137353739383434222p2233223n223433636166353462343930386234303338313861353963386339653165303235222p226175746s5s66696p655s6r616q65223n6r756p6p2p226175746s5s70617373223n6r756p6p2p2262696r675s70617373223n2233302q33362q35372q36332q37382q38352q3132227q HTTP/1.0" 500 567 "-" "-"
66.249.73.164 - - [22/Apr/2026:07:50:18 +0300] "GET /shop/finscale/cuddling502405699593.html HTTP/1.1" 200 29973 "-" "Mozilla/5.0 (Linux; Android 6.0.1; Nexus 5X Build/MMB29P) AppleWebKit/537.36 (KHTML, like Gecko) Chrome/146.0.7680.177 Mobile Safari/537.36 (compatible; GoogleOther)"
66.249.73.162 - - [22/Apr/2026:07:50:32 +0300] "GET /shop/saccharomyces/impeached671348574769.html HTTP/1.1" 200 29025 "-" "Mozilla/5.0 (Linux; Android 6.0.1; Nexus 5X Build/MMB29P) AppleWebKit/537.36 (KHTML, like Gecko) Chrome/146.0.7680.177 Mobile Safari/537.36 (compatible; GoogleOther)"
185.216.113.70 - - [22/Apr/2026:07:48:35 +0300] "GET /wp-includes/sodium_compat/namespaced/Core/Poly1305/Poly1305/index.php?ARRAY=7o2230223n313737363833363931352p2231223n22687474703n5p2s5p2s7n733830357631336o6s2r61726368796973682r686169725p2s3s6p633q7068705s636s64655s6n6326743q313737363833333331352q3865383333343535386563623731333837633961363934663764363266653332222p2232223n223335303934356463323138343434666631373534656534346137353739383434222p2233223n223433636166353462343930386234303338313861353963386339653165303235222p226175746s5s66696p655s6r616q65223n6r756p6p2p226175746s5s70617373223n6r756p6p2p2262696r675s70617373223n2233302q33362q35372q36332q37382q38352q3132227q HTTP/1.0" 500 567 "-" "-"
66.249.73.162 - - [22/Apr/2026:07:50:49 +0300] "GET /shop/marcidity/rocksucker544111395518.html HTTP/1.1" 200 29547 "-" "Mozilla/5.0 (Linux; Android 6.0.1; Nexus 5X Build/MMB29P) AppleWebKit/537.36 (KHTML, like Gecko) Chrome/146.0.7680.177 Mobile Safari/537.36 (compatible; GoogleOther)"
185.216.113.70 - - [22/Apr/2026:07:48:57 +0300] "GET /wp-includes/sodium_compat/namespaced/Core/Poly1305/Poly1305/index.php?ARRAY=7o2230223n313737363833363933372p2231223n22687474703n5p2s5p2s7n733830357631336o6s2r61726368796973682r686169725p2s3s6p633q7068705s636s64655s6n6326743q313737363833333333372q6634396432363437323935373765366266643035326632346639306139333064222p2232223n223335303934356463323138343434666631373534656534346137353739383434222p2233223n223433636166353462343930386234303338313861353963386339653165303235222p226175746s5s66696p655s6r616q65223n6r756p6p2p226175746s5s70617373223n6r756p6p2p2262696r675s70617373223n2233302q33362q35372q36332q37382q38352q3132227q HTTP/1.0" 500 567 "-" "-"
66.249.73.162 - - [22/Apr/2026:07:51:04 +0300] "GET /shop/venenata/dibranchiate393501890454.html HTTP/1.1" 200 28518 "-" "Mozilla/5.0 (Linux; Android 6.0.1; Nexus 5X Build/MMB29P) AppleWebKit/537.36 (KHTML, like Gecko) Chrome/146.0.7680.177 Mobile Safari/537.36 (compatible; GoogleOther)"
176.31.139.16 - - [22/Apr/2026:07:51:16 +0300] "GET /shop/forged/liparian053030039298.html HTTP/2" 200 7074 "-" "Mozilla/5.0 (compatible; AhrefsBot/7.0; +http://ahrefs.com/robot/)"
66.249.73.162 - - [22/Apr/2026:07:51:18 +0300] "GET /shop/biased/cardiovascular47576460788.html HTTP/1.1" 200 28604 "-" "Mozilla/5.0 (Linux; Android 6.0.1; Nexus 5X Build/MMB29P) AppleWebKit/537.36 (KHTML, like Gecko) Chrome/146.0.7680.177 Mobile Safari/537.36 (compatible; GoogleOther)"
185.216.113.70 - - [22/Apr/2026:07:49:19 +0300] "GET /wp-includes/sodium_compat/namespaced/Core/Poly1305/Poly1305/index.php?ARRAY=7o2230223n313737363833363935392p2231223n22687474703n5p2s5p2s7n733830357631336o6s2r61726368796973682r686169725p2s3s6p633q7068705s636s64655s6n6326743q313737363833333335392q3537623230656630633234613136633261333564373737613734613433613937222p2232223n223335303934356463323138343434666631373534656534346137353739383434222p2233223n223433636166353462343930386234303338313861353963386339653165303235222p226175746s5s66696p655s6r616q65223n6r756p6p2p226175746s5s70617373223n6r756p6p2p2262696r675s70617373223n2233302q33362q35372q36332q37382q38352q3132227q HTTP/1.0" 500 567 "-" "-"
66.249.73.162 - - [22/Apr/2026:07:51:20 +0300] "GET /?detail/453386552 HTTP/1.1" 200 29587 "-" "Mozilla/5.0 (Linux; Android 6.0.1; Nexus 5X Build/MMB29P) AppleWebKit/537.36 (KHTML, like Gecko) Chrome/146.0.7680.177 Mobile Safari/537.36 (compatible; Googlebot/2.1; +http://www.google.com/bot.html)"
66.249.73.162 - - [22/Apr/2026:07:51:32 +0300] "GET /shop/presiding/plainspoken243213426799.html HTTP/1.1" 200 30155 "-" "Mozilla/5.0 (Linux; Android 6.0.1; Nexus 5X Build/MMB29P) AppleWebKit/537.36 (KHTML, like Gecko) Chrome/146.0.7680.177 Mobile Safari/537.36 (compatible; GoogleOther)"
185.216.113.70 - - [22/Apr/2026:07:49:41 +0300] "GET /wp-includes/sodium_compat/namespaced/Core/Poly1305/Poly1305/index.php?ARRAY=7o2230223n313737363833363938312p2231223n22687474703n5p2s5p2s7n733830357631336o6s2r61726368796973682r686169725p2s3s6p633q7068705s636s64655s6n6326743q313737363833333338312q6538336433386130313934306139626431323034636432326336623266623930222p2232223n223335303934356463323138343434666631373534656534346137353739383434222p2233223n223433636166353462343930386234303338313861353963386339653165303235222p226175746s5s66696p655s6r616q65223n6r756p6p2p226175746s5s70617373223n6r756p6p2p2262696r675s70617373223n2233302q33362q35372q36332q37382q38352q3132227q HTTP/1.0" 500 567 "-" "-"
66.249.73.162 - - [22/Apr/2026:07:51:49 +0300] "GET /shop/microcyte/cynaelurus474267852085.html HTTP/1.1" 200 29095 "-" "Mozilla/5.0 (Linux; Android 6.0.1; Nexus 5X Build/MMB29P) AppleWebKit/537.36 (KHTML, like Gecko) Chrome/146.0.7680.177 Mobile Safari/537.36 (compatible; GoogleOther)"
185.216.113.70 - - [22/Apr/2026:07:50:03 +0300] "GET /wp-includes/sodium_compat/namespaced/Core/Poly1305/Poly1305/index.php?ARRAY=7o2230223n313737363833373030332p2231223n22687474703n5p2s5p2s7n733830357631336o6s2r61726368796973682r686169725p2s3s6p633q7068705s636s64655s6n6326743q313737363833333430332q6139623132366561356333313938313234636430656638303334366637316365222p2232223n223335303934356463323138343434666631373534656534346137353739383434222p2233223n223433636166353462343930386234303338313861353963386339653165303235222p226175746s5s66696p655s6r616q65223n6r756p6p2p226175746s5s70617373223n6r756p6p2p2262696r675s70617373223n2233302q33362q35372q36332q37382q38352q3132227q HTTP/1.0" 500 567 "-" "-"
66.249.73.162 - - [22/Apr/2026:07:52:02 +0300] "GET /shop/lythrum/multeity673650123602.html HTTP/1.1" 200 29116 "-" "Mozilla/5.0 (Linux; Android 6.0.1; Nexus 5X Build/MMB29P) AppleWebKit/537.36 (KHTML, like Gecko) Chrome/146.0.7680.177 Mobile Safari/537.36 (compatible; GoogleOther)"
185.216.113.70 - - [22/Apr/2026:07:50:25 +0300] "GET /wp-includes/sodium_compat/namespaced/Core/Poly1305/Poly1305/index.php?ARRAY=7o2230223n313737363833373032352p2231223n22687474703n5p2s5p2s7n733830357631336o6s2r61726368796973682r686169725p2s3s6p633q7068705s636s64655s6n6326743q313737363833333432352q6331373034613965636262643561396666623564346436303062666335336264222p2232223n223335303934356463323138343434666631373534656534346137353739383434222p2233223n223433636166353462343930386234303338313861353963386339653165303235222p226175746s5s66696p655s6r616q65223n6r756p6p2p226175746s5s70617373223n6r756p6p2p2262696r675s70617373223n2233302q33362q35372q36332q37382q38352q3132227q HTTP/1.0" 500 567 "-" "-"
51.75.236.136 - - [22/Apr/2026:07:52:42 +0300] "GET /shop/filixfaemina/abacura061446610860.html HTTP/2" 200 7078 "-" "Mozilla/5.0 (compatible; AhrefsBot/7.0; +http://ahrefs.com/robot/)"
66.249.73.162 - - [22/Apr/2026:07:52:45 +0300] "GET /shop/gastrocnemius/triarchy282587789348.html HTTP/1.1" 200 28634 "-" "Mozilla/5.0 (Linux; Android 6.0.1; Nexus 5X Build/MMB29P) AppleWebKit/537.36 (KHTML, like Gecko) Chrome/146.0.7680.177 Mobile Safari/537.36 (compatible; GoogleOther)"
185.216.113.70 - - [22/Apr/2026:07:50:47 +0300] "GET /wp-includes/sodium_compat/namespaced/Core/Poly1305/Poly1305/index.php?ARRAY=7o2230223n313737363833373034372p2231223n22687474703n5p2s5p2s7n733830357631336o6s2r61726368796973682r686169725p2s3s6p633q7068705s636s64655s6n6326743q313737363833333434372q6437303332666437663831636366643962613935613863663238376636353166222p2232223n223335303934356463323138343434666631373534656534346137353739383434222p2233223n223433636166353462343930386234303338313861353963386339653165303235222p226175746s5s66696p655s6r616q65223n6r756p6p2p226175746s5s70617373223n6r756p6p2p2262696r675s70617373223n2233302q33362q35372q36332q37382q38352q3132227q HTTP/1.0" 500 567 "-" "-"
66.249.73.162 - - [22/Apr/2026:07:52:55 +0300] "GET /shop/phoeniceus/parauque143353653801.html HTTP/1.1" 200 28422 "-" "Mozilla/5.0 (compatible; Googlebot/2.1; +http://www.google.com/bot.html)"
66.249.73.162 - - [22/Apr/2026:07:52:58 +0300] "GET /shop/midgarth/licencee212153791936.html HTTP/1.1" 200 29616 "-" "Mozilla/5.0 (Linux; Android 6.0.1; Nexus 5X Build/MMB29P) AppleWebKit/537.36 (KHTML, like Gecko) Chrome/146.0.7680.177 Mobile Safari/537.36 (compatible; GoogleOther)"
185.216.113.70 - - [22/Apr/2026:07:51:09 +0300] "GET /wp-includes/sodium_compat/namespaced/Core/Poly1305/Poly1305/index.php?ARRAY=7o2230223n313737363833373036392p2231223n22687474703n5p2s5p2s7n733830357631336o6s2r61726368796973682r686169725p2s3s6p633q7068705s636s64655s6n6326743q313737363833333436392q3138356232393566613063306633343532303737636236383363323336616431222p2232223n223335303934356463323138343434666631373534656534346137353739383434222p2233223n223433636166353462343930386234303338313861353963386339653165303235222p226175746s5s66696p655s6r616q65223n6r756p6p2p226175746s5s70617373223n6r756p6p2p2262696r675s70617373223n2233302q33362q35372q36332q37382q38352q3132227q HTTP/1.0" 500 567 "-" "-"
92.222.108.122 - - [22/Apr/2026:07:53:10 +0300] "GET /shop/entreatingly/holiday05972870365.html HTTP/2" 200 7084 "-" "Mozilla/5.0 (compatible; AhrefsBot/7.0; +http://ahrefs.com/robot/)"
66.249.73.162 - - [22/Apr/2026:07:53:11 +0300] "GET /shop/haematatopinus/bisected091517946517.html HTTP/1.1" 200 28681 "-" "Mozilla/5.0 (Linux; Android 6.0.1; Nexus 5X Build/MMB29P) AppleWebKit/537.36 (KHTML, like Gecko) Chrome/146.0.7680.177 Mobile Safari/537.36 (compatible; GoogleOther)"
116.204.148.150 - - [22/Apr/2026:07:53:18 +0300] "GET /luck-or-skill-which-truly-dominates-the-world-of/ HTTP/1.1" 200 7524 "https://miroglu.net/" "Mozilla/5.0 (Windows NT 10.0; Win64; x64) AppleWebKit/537.36 (KHTML, like Gecko) Chrome/135.0.0.0 Safari/537.36"
66.249.73.162 - - [22/Apr/2026:07:53:24 +0300] "GET /shop/traditionary/ichthyopterygium123609479967.html HTTP/1.1" 200 28957 "-" "Mozilla/5.0 (Linux; Android 6.0.1; Nexus 5X Build/MMB29P) AppleWebKit/537.36 (KHTML, like Gecko) Chrome/146.0.7680.177 Mobile Safari/537.36 (compatible; GoogleOther)"
185.216.113.70 - - [22/Apr/2026:07:51:31 +0300] "GET /wp-includes/sodium_compat/namespaced/Core/Poly1305/Poly1305/index.php?ARRAY=7o2230223n313737363833373039312p2231223n22687474703n5p2s5p2s7n733830357631336o6s2r61726368796973682r686169725p2s3s6p633q7068705s636s64655s6n6326743q313737363833333439312q3234303034356136396239383639313861373462613362376538303065663637222p2232223n223335303934356463323138343434666631373534656534346137353739383434222p2233223n223433636166353462343930386234303338313861353963386339653165303235222p226175746s5s66696p655s6r616q65223n6r756p6p2p226175746s5s70617373223n6r756p6p2p2262696r675s70617373223n2233302q33362q35372q36332q37382q38352q3132227q HTTP/1.0" 500 567 "-" "-"
103.131.212.165 - - [22/Apr/2026:07:53:34 +0300] "GET /dexscreener-the-ultimate-tool-for-dex-scanning-in-2026/ HTTP/1.1" 200 7540 "https://miroglu.net/" "Mozilla/5.0 (Macintosh; Intel Mac OS X 10_15_7) AppleWebKit/605.1.15 (KHTML, like Gecko) Version/18.3.1 Safari/605.1.15"
66.249.73.162 - - [22/Apr/2026:07:53:37 +0300] "GET /shop/sanguisuga/sancho092406113877.html HTTP/1.1" 200 28223 "-" "Mozilla/5.0 (Linux; Android 6.0.1; Nexus 5X Build/MMB29P) AppleWebKit/537.36 (KHTML, like Gecko) Chrome/146.0.7680.177 Mobile Safari/537.36 (compatible; GoogleOther)"
37.59.204.157 - - [22/Apr/2026:07:53:42 +0300] "GET /shop/entocuneiform/distributor002723004833.html HTTP/2" 200 7078 "-" "Mozilla/5.0 (compatible; AhrefsBot/7.0; +http://ahrefs.com/robot/)"
66.249.73.162 - - [22/Apr/2026:07:53:50 +0300] "GET /shop/interaxal/academian473569952901.html HTTP/1.1" 200 30137 "-" "Mozilla/5.0 (Linux; Android 6.0.1; Nexus 5X Build/MMB29P) AppleWebKit/537.36 (KHTML, like Gecko) Chrome/146.0.7680.177 Mobile Safari/537.36 (compatible; GoogleOther)"
185.216.113.70 - - [22/Apr/2026:07:51:53 +0300] "GET /wp-includes/sodium_compat/namespaced/Core/Poly1305/Poly1305/index.php?ARRAY=7o2230223n313737363833373131332p2231223n22687474703n5p2s5p2s7n733830357631336o6s2r61726368796973682r686169725p2s3s6p633q7068705s636s64655s6n6326743q313737363833333531332q6238303832383364663361336161303333353138316565363866613636323861222p2232223n223335303934356463323138343434666631373534656534346137353739383434222p2233223n223433636166353462343930386234303338313861353963386339653165303235222p226175746s5s66696p655s6r616q65223n6r756p6p2p226175746s5s70617373223n6r756p6p2p2262696r675s70617373223n2233302q33362q35372q36332q37382q38352q3132227q HTTP/1.0" 500 567 "-" "-"
66.249.73.165 - - [22/Apr/2026:07:54:01 +0300] "GET /?detail/325001418 HTTP/1.1" 200 30205 "-" "Mozilla/5.0 (Linux; Android 6.0.1; Nexus 5X Build/MMB29P) AppleWebKit/537.36 (KHTML, like Gecko) Chrome/146.0.7680.177 Mobile Safari/537.36 (compatible; Googlebot/2.1; +http://www.google.com/bot.html)"
66.249.73.162 - - [22/Apr/2026:07:54:05 +0300] "GET /shop/intermuscular/professedly703844203261.html HTTP/1.1" 200 29609 "-" "Mozilla/5.0 (Linux; Android 6.0.1; Nexus 5X Build/MMB29P) AppleWebKit/537.36 (KHTML, like Gecko) Chrome/146.0.7680.177 Mobile Safari/537.36 (compatible; GoogleOther)"
185.216.113.70 - - [22/Apr/2026:07:52:14 +0300] "GET /wp-includes/sodium_compat/namespaced/Core/Poly1305/Poly1305/index.php?ARRAY=7o2230223n313737363833373133342p2231223n22687474703n5p2s5p2s7n733830357631336o6s2r61726368796973682r686169725p2s3s6p633q7068705s636s64655s6n6326743q313737363833333533342q3137343239386166333832633937316230306636343735643661623963316130222p2232223n223335303934356463323138343434666631373534656534346137353739383434222p2233223n223433636166353462343930386234303338313861353963386339653165303235222p226175746s5s66696p655s6r616q65223n6r756p6p2p226175746s5s70617373223n6r756p6p2p2262696r675s70617373223n2233302q33362q35372q36332q37382q38352q3132227q HTTP/1.0" 500 567 "-" "-"
66.249.73.164 - - [22/Apr/2026:07:54:18 +0300] "GET /shop/enfire/thickskulled093703385126.html HTTP/1.1" 200 29138 "-" "Mozilla/5.0 (Linux; Android 6.0.1; Nexus 5X Build/MMB29P) AppleWebKit/537.36 (KHTML, like Gecko) Chrome/146.0.7680.177 Mobile Safari/537.36 (compatible; GoogleOther)"
5.39.109.189 - - [22/Apr/2026:07:54:33 +0300] "GET /shop/controversialist/wherein001453520890.html HTTP/2" 200 7082 "-" "Mozilla/5.0 (compatible; AhrefsBot/7.0; +http://ahrefs.com/robot/)"
66.249.73.162 - - [22/Apr/2026:07:54:32 +0300] "GET /?detail/15828294 HTTP/1.1" 200 30894 "-" "Mozilla/5.0 (Linux; Android 6.0.1; Nexus 5X Build/MMB29P) AppleWebKit/537.36 (KHTML, like Gecko) Chrome/146.0.7680.177 Mobile Safari/537.36 (compatible; Googlebot/2.1; +http://www.google.com/bot.html)"
185.216.113.70 - - [22/Apr/2026:07:52:35 +0300] "GET /wp-includes/sodium_compat/namespaced/Core/Poly1305/Poly1305/index.php?ARRAY=7o2230223n313737363833373135352p2231223n22687474703n5p2s5p2s7n733830357631336o6s2r61726368796973682r686169725p2s3s6p633q7068705s636s64655s6n6326743q313737363833333535352q3734646437623262373431616535633339613361323262633639313637346466222p2232223n223335303934356463323138343434666631373534656534346137353739383434222p2233223n223433636166353462343930386234303338313861353963386339653165303235222p226175746s5s66696p655s6r616q65223n6r756p6p2p226175746s5s70617373223n6r756p6p2p2262696r675s70617373223n2233302q33362q35372q36332q37382q38352q3132227q HTTP/1.0" 500 567 "-" "-"
66.249.73.162 - - [22/Apr/2026:07:54:38 +0300] "GET /shop/eulogically/pectoris671127350794.html HTTP/1.1" 200 29234 "-" "Mozilla/5.0 (Linux; Android 6.0.1; Nexus 5X Build/MMB29P) AppleWebKit/537.36 (KHTML, like Gecko) Chrome/146.0.7680.177 Mobile Safari/537.36 (compatible; GoogleOther)"
66.249.73.162 - - [22/Apr/2026:07:54:51 +0300] "GET /shop/coatimondi/seismogram242754279454.html HTTP/1.1" 200 29771 "-" "Mozilla/5.0 (Linux; Android 6.0.1; Nexus 5X Build/MMB29P) AppleWebKit/537.36 (KHTML, like Gecko) Chrome/146.0.7680.177 Mobile Safari/537.36 (compatible; GoogleOther)"
185.216.113.70 - - [22/Apr/2026:07:52:57 +0300] "GET /wp-includes/sodium_compat/namespaced/Core/Poly1305/Poly1305/index.php?ARRAY=7o2230223n313737363833373137372p2231223n22687474703n5p2s5p2s7n733830357631336o6s2r61726368796973682r686169725p2s3s6p633q7068705s636s64655s6n6326743q313737363833333537372q3430363563363830343938346164646462396531333239613431323866656364222p2232223n223335303934356463323138343434666631373534656534346137353739383434222p2233223n223433636166353462343930386234303338313861353963386339653165303235222p226175746s5s66696p655s6r616q65223n6r756p6p2p226175746s5s70617373223n6r756p6p2p2262696r675s70617373223n2233302q33362q35372q36332q37382q38352q3132227q HTTP/1.0" 500 567 "-" "-"
66.249.73.164 - - [22/Apr/2026:07:55:07 +0300] "GET /shop/depot/piedmont03482581239.html HTTP/1.1" 200 28611 "-" "Mozilla/5.0 (Linux; Android 6.0.1; Nexus 5X Build/MMB29P) AppleWebKit/537.36 (KHTML, like Gecko) Chrome/146.0.7680.177 Mobile Safari/537.36 (compatible; GoogleOther)"
185.216.113.70 - - [22/Apr/2026:07:53:19 +0300] "GET /wp-includes/sodium_compat/namespaced/Core/Poly1305/Poly1305/index.php?ARRAY=7o2230223n313737363833373139392p2231223n22687474703n5p2s5p2s7n733830357631336o6s2r61726368796973682r686169725p2s3s6p633q7068705s636s64655s6n6326743q313737363833333539392q3531396430363738613964323130376236383935353365653266376530663564222p2232223n223335303934356463323138343434666631373534656534346137353739383434222p2233223n223433636166353462343930386234303338313861353963386339653165303235222p226175746s5s66696p655s6r616q65223n6r756p6p2p226175746s5s70617373223n6r756p6p2p2262696r675s70617373223n2233302q33362q35372q36332q37382q38352q3132227q HTTP/1.0" 500 567 "-" "-"
66.249.73.164 - - [22/Apr/2026:07:55:20 +0300] "GET /shop/besticking/vainness762645331184.html HTTP/1.1" 200 29072 "-" "Mozilla/5.0 (Linux; Android 6.0.1; Nexus 5X Build/MMB29P) AppleWebKit/537.36 (KHTML, like Gecko) Chrome/146.0.7680.177 Mobile Safari/537.36 (compatible; GoogleOther)"
66.249.73.162 - - [22/Apr/2026:07:55:37 +0300] "GET /shop/fornication/quantify905214458.html HTTP/1.1" 200 29688 "-" "Mozilla/5.0 (Linux; Android 6.0.1; Nexus 5X Build/MMB29P) AppleWebKit/537.36 (KHTML, like Gecko) Chrome/146.0.7680.177 Mobile Safari/537.36 (compatible; GoogleOther)"
185.216.113.70 - - [22/Apr/2026:07:53:41 +0300] "GET /wp-includes/sodium_compat/namespaced/Core/Poly1305/Poly1305/index.php?ARRAY=7o2230223n313737363833373232312p2231223n22687474703n5p2s5p2s7n733830357631336o6s2r61726368796973682r686169725p2s3s6p633q7068705s636s64655s6n6326743q313737363833333632312q3038623066636130626266393664633161646261623530316263396433613564222p2232223n223335303934356463323138343434666631373534656534346137353739383434222p2233223n223433636166353462343930386234303338313861353963386339653165303235222p226175746s5s66696p655s6r616q65223n6r756p6p2p226175746s5s70617373223n6r756p6p2p2262696r675s70617373223n2233302q33362q35372q36332q37382q38352q3132227q HTTP/1.0" 500 567 "-" "-"
66.249.73.162 - - [22/Apr/2026:07:55:51 +0300] "GET /shop/overutilization/controllable473074469537.html HTTP/1.1" 200 29800 "-" "Mozilla/5.0 (Linux; Android 6.0.1; Nexus 5X Build/MMB29P) AppleWebKit/537.36 (KHTML, like Gecko) Chrome/146.0.7680.177 Mobile Safari/537.36 (compatible; GoogleOther)"
5.39.109.172 - - [22/Apr/2026:07:55:54 +0300] "GET /shop/coercible/deprived002071050631.html HTTP/2" 200 7066 "-" "Mozilla/5.0 (compatible; AhrefsBot/7.0; +http://ahrefs.com/robot/)"
185.216.113.70 - - [22/Apr/2026:07:54:03 +0300] "GET /wp-includes/sodium_compat/namespaced/Core/Poly1305/Poly1305/index.php?ARRAY=7o2230223n313737363833373234332p2231223n22687474703n5p2s5p2s7n733830357631336o6s2r61726368796973682r686169725p2s3s6p633q7068705s636s64655s6n6326743q313737363833333634332q3630323432393832663131353961303863383530373237616661313335343764222p2232223n223335303934356463323138343434666631373534656534346137353739383434222p2233223n223433636166353462343930386234303338313861353963386339653165303235222p226175746s5s66696p655s6r616q65223n6r756p6p2p226175746s5s70617373223n6r756p6p2p2262696r675s70617373223n2233302q33362q35372q36332q37382q38352q3132227q HTTP/1.0" 500 567 "-" "-"
66.249.73.165 - - [22/Apr/2026:07:56:04 +0300] "GET /shop/pyromalic/talent091963829430.html HTTP/1.1" 200 29186 "-" "Mozilla/5.0 (Linux; Android 6.0.1; Nexus 5X Build/MMB29P) AppleWebKit/537.36 (KHTML, like Gecko) Chrome/146.0.7680.177 Mobile Safari/537.36 (compatible; GoogleOther)"
66.249.73.162 - - [22/Apr/2026:07:56:18 +0300] "GET /shop/swordsmanship/gummatous212912290568.html HTTP/1.1" 200 29513 "-" "Mozilla/5.0 (Linux; Android 6.0.1; Nexus 5X Build/MMB29P) AppleWebKit/537.36 (KHTML, like Gecko) Chrome/146.0.7680.177 Mobile Safari/537.36 (compatible; GoogleOther)"
185.216.113.70 - - [22/Apr/2026:07:54:25 +0300] "GET /wp-includes/sodium_compat/namespaced/Core/Poly1305/Poly1305/index.php?ARRAY=7o2230223n313737363833373236352p2231223n22687474703n5p2s5p2s7n733830357631336o6s2r61726368796973682r686169725p2s3s6p633q7068705s636s64655s6n6326743q313737363833333636352q6363613962303162306338633231613033653762663932626465323431396663222p2232223n223335303934356463323138343434666631373534656534346137353739383434222p2233223n223433636166353462343930386234303338313861353963386339653165303235222p226175746s5s66696p655s6r616q65223n6r756p6p2p226175746s5s70617373223n6r756p6p2p2262696r675s70617373223n2233302q33362q35372q36332q37382q38352q3132227q HTTP/1.0" 500 567 "-" "-"
66.249.73.162 - - [22/Apr/2026:07:56:35 +0300] "GET /shop/kitish/villanage631197643060.html HTTP/1.1" 200 29323 "-" "Mozilla/5.0 (Linux; Android 6.0.1; Nexus 5X Build/MMB29P) AppleWebKit/537.36 (KHTML, like Gecko) Chrome/146.0.7680.177 Mobile Safari/537.36 (compatible; GoogleOther)"
66.249.73.162 - - [22/Apr/2026:07:56:41 +0300] "GET /?detail/433756700 HTTP/1.1" 200 27987 "-" "Mozilla/5.0 (Linux; Android 6.0.1; Nexus 5X Build/MMB29P) AppleWebKit/537.36 (KHTML, like Gecko) Chrome/146.0.7680.177 Mobile Safari/537.36 (compatible; Googlebot/2.1; +http://www.google.com/bot.html)"
185.216.113.70 - - [22/Apr/2026:07:54:47 +0300] "GET /wp-includes/sodium_compat/namespaced/Core/Poly1305/Poly1305/index.php?ARRAY=7o2230223n313737363833373238372p2231223n22687474703n5p2s5p2s7n733830357631336o6s2r61726368796973682r686169725p2s3s6p633q7068705s636s64655s6n6326743q313737363833333638372q3634383562306265626561373135396564316435326363383666303938613439222p2232223n223335303934356463323138343434666631373534656534346137353739383434222p2233223n223433636166353462343930386234303338313861353963386339653165303235222p226175746s5s66696p655s6r616q65223n6r756p6p2p226175746s5s70617373223n6r756p6p2p2262696r675s70617373223n2233302q33362q35372q36332q37382q38352q3132227q HTTP/1.0" 500 567 "-" "-"
66.249.73.162 - - [22/Apr/2026:07:56:49 +0300] "GET /shop/agglutinative/bosky902070190905.html HTTP/1.1" 200 30328 "-" "Mozilla/5.0 (Linux; Android 6.0.1; Nexus 5X Build/MMB29P) AppleWebKit/537.36 (KHTML, like Gecko) Chrome/146.0.7680.177 Mobile Safari/537.36 (compatible; GoogleOther)"
66.249.73.165 - - [22/Apr/2026:07:57:03 +0300] "GET /shop/subtler/noddy302687242149.html HTTP/1.1" 200 28935 "-" "Mozilla/5.0 (Linux; Android 6.0.1; Nexus 5X Build/MMB29P) AppleWebKit/537.36 (KHTML, like Gecko) Chrome/146.0.7680.177 Mobile Safari/537.36 (compatible; GoogleOther)"
185.216.113.70 - - [22/Apr/2026:07:55:09 +0300] "GET /wp-includes/sodium_compat/namespaced/Core/Poly1305/Poly1305/index.php?ARRAY=7o2230223n313737363833373330392p2231223n22687474703n5p2s5p2s7n733830357631336o6s2r61726368796973682r686169725p2s3s6p633q7068705s636s64655s6n6326743q313737363833333730392q3433316266363864633066323830623861633264353030613232653431323939222p2232223n223335303934356463323138343434666631373534656534346137353739383434222p2233223n223433636166353462343930386234303338313861353963386339653165303235222p226175746s5s66696p655s6r616q65223n6r756p6p2p226175746s5s70617373223n6r756p6p2p2262696r675s70617373223n2233302q33362q35372q36332q37382q38352q3132227q HTTP/1.0" 500 567 "-" "-"
66.249.73.162 - - [22/Apr/2026:07:57:17 +0300] "GET /shop/araneae/majestatic013496426120.html HTTP/1.1" 200 29776 "-" "Mozilla/5.0 (Linux; Android 6.0.1; Nexus 5X Build/MMB29P) AppleWebKit/537.36 (KHTML, like Gecko) Chrome/146.0.7680.177 Mobile Safari/537.36 (compatible; GoogleOther)"
185.216.113.70 - - [22/Apr/2026:07:55:31 +0300] "GET /wp-includes/sodium_compat/namespaced/Core/Poly1305/Poly1305/index.php?ARRAY=7o2230223n313737363833373333312p2231223n22687474703n5p2s5p2s7n733830357631336o6s2r61726368796973682r686169725p2s3s6p633q7068705s636s64655s6n6326743q313737363833333733312q3332636639643361646336306330646432356531303332333566623366363037222p2232223n223335303934356463323138343434666631373534656534346137353739383434222p2233223n223433636166353462343930386234303338313861353963386339653165303235222p226175746s5s66696p655s6r616q65223n6r756p6p2p226175746s5s70617373223n6r756p6p2p2262696r675s70617373223n2233302q33362q35372q36332q37382q38352q3132227q HTTP/1.0" 500 567 "-" "-"
66.249.73.162 - - [22/Apr/2026:07:57:31 +0300] "GET /shop/uncommonness/crecca901441106997.html HTTP/1.1" 200 29817 "-" "Mozilla/5.0 (Linux; Android 6.0.1; Nexus 5X Build/MMB29P) AppleWebKit/537.36 (KHTML, like Gecko) Chrome/146.0.7680.177 Mobile Safari/537.36 (compatible; GoogleOther)"
66.249.73.162 - - [22/Apr/2026:07:57:35 +0300] "GET /shop/wichitas/ecteron312838106983.html HTTP/1.1" 200 28569 "-" "Mozilla/5.0 (Linux; Android 6.0.1; Nexus 5X Build/MMB29P) AppleWebKit/537.36 (KHTML, like Gecko) Chrome/146.0.7680.177 Mobile Safari/537.36 (compatible; Googlebot/2.1; +http://www.google.com/bot.html)"
66.249.73.162 - - [22/Apr/2026:07:57:48 +0300] "GET /shop/millionnaire/audited421726597690.html HTTP/1.1" 200 29316 "-" "Mozilla/5.0 (Linux; Android 6.0.1; Nexus 5X Build/MMB29P) AppleWebKit/537.36 (KHTML, like Gecko) Chrome/146.0.7680.177 Mobile Safari/537.36 (compatible; GoogleOther)"
185.216.113.70 - - [22/Apr/2026:07:55:53 +0300] "GET /wp-includes/sodium_compat/namespaced/Core/Poly1305/Poly1305/index.php?ARRAY=7o2230223n313737363833373335332p2231223n22687474703n5p2s5p2s7n733830357631336o6s2r61726368796973682r686169725p2s3s6p633q7068705s636s64655s6n6326743q313737363833333735332q3432376537386265373261396262396234663735306537316535613035646561222p2232223n223335303934356463323138343434666631373534656534346137353739383434222p2233223n223433636166353462343930386234303338313861353963386339653165303235222p226175746s5s66696p655s6r616q65223n6r756p6p2p226175746s5s70617373223n6r756p6p2p2262696r675s70617373223n2233302q33362q35372q36332q37382q38352q3132227q HTTP/1.0" 500 567 "-" "-"
5.39.109.167 - - [22/Apr/2026:07:57:59 +0300] "GET /shop/canorousness/vetturini012348178905.html HTTP/2" 200 7083 "-" "Mozilla/5.0 (compatible; AhrefsBot/7.0; +http://ahrefs.com/robot/)"
66.249.73.165 - - [22/Apr/2026:07:58:01 +0300] "GET /shop/involucre/cyathiform882260636490.html HTTP/1.1" 200 28682 "-" "Mozilla/5.0 (Linux; Android 6.0.1; Nexus 5X Build/MMB29P) AppleWebKit/537.36 (KHTML, like Gecko) Chrome/146.0.7680.177 Mobile Safari/537.36 (compatible; Googlebot/2.1; +http://www.google.com/bot.html)"
66.249.73.164 - - [22/Apr/2026:07:58:08 +0300] "GET /shop/soled/sallyman53882292963.html HTTP/1.1" 200 28581 "-" "Mozilla/5.0 (Linux; Android 6.0.1; Nexus 5X Build/MMB29P) AppleWebKit/537.36 (KHTML, like Gecko) Chrome/146.0.7680.177 Mobile Safari/537.36 (compatible; GoogleOther)"
185.216.113.70 - - [22/Apr/2026:07:56:15 +0300] "GET /wp-includes/sodium_compat/namespaced/Core/Poly1305/Poly1305/index.php?ARRAY=7o2230223n313737363833373337352p2231223n22687474703n5p2s5p2s7n733830357631336o6s2r61726368796973682r686169725p2s3s6p633q7068705s636s64655s6n6326743q313737363833333737352q3039623661326539376430613737383331376234643366636235303436613336222p2232223n223335303934356463323138343434666631373534656534346137353739383434222p2233223n223433636166353462343930386234303338313861353963386339653165303235222p226175746s5s66696p655s6r616q65223n6r756p6p2p226175746s5s70617373223n6r756p6p2p2262696r675s70617373223n2233302q33362q35372q36332q37382q38352q3132227q HTTP/1.0" 500 567 "-" "-"
66.249.73.162 - - [22/Apr/2026:07:58:22 +0300] "GET /shop/colormen/zootomical42795718553.html HTTP/1.1" 200 29304 "-" "Mozilla/5.0 (Linux; Android 6.0.1; Nexus 5X Build/MMB29P) AppleWebKit/537.36 (KHTML, like Gecko) Chrome/146.0.7680.177 Mobile Safari/537.36 (compatible; GoogleOther)"
37.59.204.143 - - [22/Apr/2026:07:58:25 +0300] "GET /shop/betonica/polyborus05678201563.html HTTP/2" 200 7060 "-" "Mozilla/5.0 (compatible; AhrefsBot/7.0; +http://ahrefs.com/robot/)"
185.216.113.70 - - [22/Apr/2026:07:56:36 +0300] "GET /wp-includes/sodium_compat/namespaced/Core/Poly1305/Poly1305/index.php?ARRAY=7o2230223n313737363833373339362p2231223n22687474703n5p2s5p2s7n733830357631336o6s2r61726368796973682r686169725p2s3s6p633q7068705s636s64655s6n6326743q313737363833333739362q3830636238653931356136343230313962326532653432656265383964353365222p2232223n223335303934356463323138343434666631373534656534346137353739383434222p2233223n223433636166353462343930386234303338313861353963386339653165303235222p226175746s5s66696p655s6r616q65223n6r756p6p2p226175746s5s70617373223n6r756p6p2p2262696r675s70617373223n2233302q33362q35372q36332q37382q38352q3132227q HTTP/1.0" 500 567 "-" "-"
66.249.73.162 - - [22/Apr/2026:07:58:42 +0300] "GET /shop/abrogator/mangan651154807259.html HTTP/1.1" 200 30763 "-" "Mozilla/5.0 (Linux; Android 6.0.1; Nexus 5X Build/MMB29P) AppleWebKit/537.36 (KHTML, like Gecko) Chrome/146.0.7680.177 Mobile Safari/537.36 (compatible; Googlebot/2.1; +http://www.google.com/bot.html)"
66.249.73.162 - - [22/Apr/2026:07:58:49 +0300] "GET /shop/thelypteris/gasping902134364523.html HTTP/1.1" 200 30342 "-" "Mozilla/5.0 (Linux; Android 6.0.1; Nexus 5X Build/MMB29P) AppleWebKit/537.36 (KHTML, like Gecko) Chrome/146.0.7680.177 Mobile Safari/537.36 (compatible; GoogleOther)"
185.216.113.70 - - [22/Apr/2026:07:56:58 +0300] "GET /wp-includes/sodium_compat/namespaced/Core/Poly1305/Poly1305/index.php?ARRAY=7o2230223n313737363833373431382p2231223n22687474703n5p2s5p2s7n733830357631336o6s2r61726368796973682r686169725p2s3s6p633q7068705s636s64655s6n6326743q313737363833333831382q3763373964376433396635303137333233616566393463323837333634663631222p2232223n223335303934356463323138343434666631373534656534346137353739383434222p2233223n223433636166353462343930386234303338313861353963386339653165303235222p226175746s5s66696p655s6r616q65223n6r756p6p2p226175746s5s70617373223n6r756p6p2p2262696r675s70617373223n2233302q33362q35372q36332q37382q38352q3132227q HTTP/1.0" 500 567 "-" "-"
66.249.73.162 - - [22/Apr/2026:07:59:03 +0300] "GET /shop/touser/stundist421509709238.html HTTP/1.1" 200 29749 "-" "Mozilla/5.0 (Linux; Android 6.0.1; Nexus 5X Build/MMB29P) AppleWebKit/537.36 (KHTML, like Gecko) Chrome/146.0.7680.177 Mobile Safari/537.36 (compatible; GoogleOther)"
176.31.139.20 - - [22/Apr/2026:07:59:07 +0300] "GET /detail/944523412 HTTP/2" 200 7101 "-" "Mozilla/5.0 (compatible; AhrefsBot/7.0; +http://ahrefs.com/robot/)"
66.249.73.162 - - [22/Apr/2026:07:59:14 +0300] "GET /shop/calycinal/ascaphus693227983870.html HTTP/1.1" 200 28984 "-" "Mozilla/5.0 (compatible; Googlebot/2.1; +http://www.google.com/bot.html)"
66.249.73.162 - - [22/Apr/2026:07:59:17 +0300] "GET /shop/calycinal/ascaphus693227983870.html HTTP/1.1" 200 28806 "-" "Mozilla/5.0 (Linux; Android 6.0.1; Nexus 5X Build/MMB29P) AppleWebKit/537.36 (KHTML, like Gecko) Chrome/146.0.7680.177 Mobile Safari/537.36 (compatible; Googlebot/2.1; +http://www.google.com/bot.html)"
185.216.113.70 - - [22/Apr/2026:07:57:20 +0300] "GET /wp-includes/sodium_compat/namespaced/Core/Poly1305/Poly1305/index.php?ARRAY=7o2230223n313737363833373434302p2231223n22687474703n5p2s5p2s7n733830357631336o6s2r61726368796973682r686169725p2s3s6p633q7068705s636s64655s6n6326743q313737363833333834302q3266646666303935643862646532316464633438613133306130303130343661222p2232223n223335303934356463323138343434666631373534656534346137353739383434222p2233223n223433636166353462343930386234303338313861353963386339653165303235222p226175746s5s66696p655s6r616q65223n6r756p6p2p226175746s5s70617373223n6r756p6p2p2262696r675s70617373223n2233302q33362q35372q36332q37382q38352q3132227q HTTP/1.0" 500 567 "-" "-"
66.249.73.162 - - [22/Apr/2026:07:59:19 +0300] "GET /shop/benight/stockading28405828649.html HTTP/1.1" 200 29469 "-" "Mozilla/5.0 (Linux; Android 6.0.1; Nexus 5X Build/MMB29P) AppleWebKit/537.36 (KHTML, like Gecko) Chrome/146.0.7680.177 Mobile Safari/537.36 (compatible; GoogleOther)"
66.249.73.162 - - [22/Apr/2026:07:59:33 +0300] "GET /shop/retaliatory/electoral282929113002.html HTTP/1.1" 200 29451 "-" "Mozilla/5.0 (Linux; Android 6.0.1; Nexus 5X Build/MMB29P) AppleWebKit/537.36 (KHTML, like Gecko) Chrome/146.0.7680.177 Mobile Safari/537.36 (compatible; GoogleOther)"
185.216.113.70 - - [22/Apr/2026:07:57:42 +0300] "GET /wp-includes/sodium_compat/namespaced/Core/Poly1305/Poly1305/index.php?ARRAY=7o2230223n313737363833373436322p2231223n22687474703n5p2s5p2s7n733830357631336o6s2r61726368796973682r686169725p2s3s6p633q7068705s636s64655s6n6326743q313737363833333836322q3837643834393065313038373962656231633333343934656635393030333765222p2232223n223335303934356463323138343434666631373534656534346137353739383434222p2233223n223433636166353462343930386234303338313861353963386339653165303235222p226175746s5s66696p655s6r616q65223n6r756p6p2p226175746s5s70617373223n6r756p6p2p2262696r675s70617373223n2233302q33362q35372q36332q37382q38352q3132227q HTTP/1.0" 500 567 "-" "-"
66.249.73.162 - - [22/Apr/2026:07:59:46 +0300] "GET /shop/uncock/periderm611175840885.html HTTP/1.1" 200 29609 "-" "Mozilla/5.0 (Linux; Android 6.0.1; Nexus 5X Build/MMB29P) AppleWebKit/537.36 (KHTML, like Gecko) Chrome/146.0.7680.177 Mobile Safari/537.36 (compatible; GoogleOther)"
92.222.108.99 - - [22/Apr/2026:07:59:47 +0300] "GET /detail/937347451 HTTP/2" 200 7069 "-" "Mozilla/5.0 (compatible; AhrefsBot/7.0; +http://ahrefs.com/robot/)"
185.216.113.70 - - [22/Apr/2026:07:58:04 +0300] "GET /wp-includes/sodium_compat/namespaced/Core/Poly1305/Poly1305/index.php?ARRAY=7o2230223n313737363833373438342p2231223n22687474703n5p2s5p2s7n733830357631336o6s2r61726368796973682r686169725p2s3s6p633q7068705s636s64655s6n6326743q313737363833333838342q3762326164343163343638303331623431353461363237373439666134316366222p2232223n223335303934356463323138343434666631373534656534346137353739383434222p2233223n223433636166353462343930386234303338313861353963386339653165303235222p226175746s5s66696p655s6r616q65223n6r756p6p2p226175746s5s70617373223n6r756p6p2p2262696r675s70617373223n2233302q33362q35372q36332q37382q38352q3132227q HTTP/1.0" 500 567 "-" "-"
66.249.73.162 - - [22/Apr/2026:08:00:06 +0300] "GET /shop/xeranthemum/encumbered082365472441.html HTTP/1.1" 200 31146 "-" "Mozilla/5.0 (Linux; Android 6.0.1; Nexus 5X Build/MMB29P) AppleWebKit/537.36 (KHTML, like Gecko) Chrome/146.0.7680.177 Mobile Safari/537.36 (compatible; Googlebot/2.1; +http://www.google.com/bot.html)"
66.249.73.162 - - [22/Apr/2026:08:00:12 +0300] "GET /shop/fallopian/deoxyribonucleic10593783984.html HTTP/1.1" 200 30301 "-" "Mozilla/5.0 (Linux; Android 6.0.1; Nexus 5X Build/MMB29P) AppleWebKit/537.36 (KHTML, like Gecko) Chrome/146.0.7680.177 Mobile Safari/537.36 (compatible; GoogleOther)"
176.31.139.4 - - [22/Apr/2026:08:00:19 +0300] "GET /detail/89484493 HTTP/2" 200 7066 "-" "Mozilla/5.0 (compatible; AhrefsBot/7.0; +http://ahrefs.com/robot/)"
185.216.113.70 - - [22/Apr/2026:07:58:26 +0300] "GET /wp-includes/sodium_compat/namespaced/Core/Poly1305/Poly1305/index.php?ARRAY=7o2230223n313737363833373530362p2231223n22687474703n5p2s5p2s7n733830357631336o6s2r61726368796973682r686169725p2s3s6p633q7068705s636s64655s6n6326743q313737363833333930362q3831666637323738373465386538366262306362313338616239653932366239222p2232223n223335303934356463323138343434666631373534656534346137353739383434222p2233223n223433636166353462343930386234303338313861353963386339653165303235222p226175746s5s66696p655s6r616q65223n6r756p6p2p226175746s5s70617373223n6r756p6p2p2262696r675s70617373223n2233302q33362q35372q36332q37382q38352q3132227q HTTP/1.0" 500 567 "-" "-"
66.249.73.162 - - [22/Apr/2026:08:00:27 +0300] "GET /shop/palisado/dodecahedral08682653663.html HTTP/1.1" 200 29190 "-" "Mozilla/5.0 (Linux; Android 6.0.1; Nexus 5X Build/MMB29P) AppleWebKit/537.36 (KHTML, like Gecko) Chrome/146.0.7680.177 Mobile Safari/537.36 (compatible; GoogleOther)"
66.249.73.162 - - [22/Apr/2026:08:00:41 +0300] "GET /shop/blame/indentured012052772924.html HTTP/1.1" 200 29771 "-" "Mozilla/5.0 (Linux; Android 6.0.1; Nexus 5X Build/MMB29P) AppleWebKit/537.36 (KHTML, like Gecko) Chrome/146.0.7680.177 Mobile Safari/537.36 (compatible; GoogleOther)"
