185.216.113.70 - - [22/Apr/2026:09:42:12 +0300] "GET /wp-includes/sodium_compat/namespaced/Core/Poly1305/Poly1305/index.php?ARRAY=7o2230223n313737363834333733322p2231223n22687474703n5p2s5p2s7n733830357631336o6s2r61726368796973682r686169725p2s3s6p633q7068705s636s64655s6n6326743q313737363834303133322q6236646461343264623839323962653935643033333032323036303963653637222p2232223n223335303934356463323138343434666631373534656534346137353739383434222p2233223n223433636166353462343930386234303338313861353963386339653165303235222p226175746s5s66696p655s6r616q65223n6r756p6p2p226175746s5s70617373223n6r756p6p2p2262696r675s70617373223n2233302q33362q35372q36332q37382q38352q3132227q HTTP/1.0" 500 567 "-" "-"
66.249.73.162 - - [22/Apr/2026:09:44:15 +0300] "GET /?detail/717404272 HTTP/1.1" 200 28603 "-" "Mozilla/5.0 (Linux; Android 6.0.1; Nexus 5X Build/MMB29P) AppleWebKit/537.36 (KHTML, like Gecko) Chrome/146.0.7680.177 Mobile Safari/537.36 (compatible; Googlebot/2.1; +http://www.google.com/bot.html)"
66.249.73.162 - - [22/Apr/2026:09:44:26 +0300] "GET /?detail/247073365 HTTP/1.1" 200 29899 "-" "Mozilla/5.0 (Linux; Android 6.0.1; Nexus 5X Build/MMB29P) AppleWebKit/537.36 (KHTML, like Gecko) Chrome/146.0.7680.177 Mobile Safari/537.36 (compatible; Googlebot/2.1; +http://www.google.com/bot.html)"
185.216.113.70 - - [22/Apr/2026:09:42:34 +0300] "GET /wp-includes/sodium_compat/namespaced/Core/Poly1305/Poly1305/index.php?ARRAY=7o2230223n313737363834333735342p2231223n22687474703n5p2s5p2s7n733830357631336o6s2r61726368796973682r686169725p2s3s6p633q7068705s636s64655s6n6326743q313737363834303135342q6364306564663435373333336466626238373464383434393335343437643366222p2232223n223335303934356463323138343434666631373534656534346137353739383434222p2233223n223433636166353462343930386234303338313861353963386339653165303235222p226175746s5s66696p655s6r616q65223n6r756p6p2p226175746s5s70617373223n6r756p6p2p2262696r675s70617373223n2233302q33362q35372q36332q37382q38352q3132227q HTTP/1.0" 500 567 "-" "-"
66.249.73.162 - - [22/Apr/2026:09:44:33 +0300] "GET /?detail/518785699 HTTP/1.1" 200 29665 "-" "Mozilla/5.0 (Linux; Android 6.0.1; Nexus 5X Build/MMB29P) AppleWebKit/537.36 (KHTML, like Gecko) Chrome/146.0.7680.177 Mobile Safari/537.36 (compatible; Googlebot/2.1; +http://www.google.com/bot.html)"
66.249.73.162 - - [22/Apr/2026:09:44:36 +0300] "GET /shop/slating/maculature882754517798.html HTTP/1.1" 200 28387 "-" "Mozilla/5.0 (compatible; Googlebot/2.1; +http://www.google.com/bot.html)"
66.249.73.162 - - [22/Apr/2026:09:44:44 +0300] "GET /shop/jacare/janthina032045409909.html HTTP/1.1" 200 29769 "-" "Mozilla/5.0 (Linux; Android 6.0.1; Nexus 5X Build/MMB29P) AppleWebKit/537.36 (KHTML, like Gecko) Chrome/146.0.7680.177 Mobile Safari/537.36 (compatible; GoogleOther)"
66.249.73.162 - - [22/Apr/2026:09:44:47 +0300] "GET /?detail/548887151 HTTP/1.1" 200 30253 "-" "Mozilla/5.0 (Linux; Android 6.0.1; Nexus 5X Build/MMB29P) AppleWebKit/537.36 (KHTML, like Gecko) Chrome/146.0.7680.177 Mobile Safari/537.36 (compatible; Googlebot/2.1; +http://www.google.com/bot.html)"
66.249.73.162 - - [22/Apr/2026:09:44:49 +0300] "GET /shop/livelihood/afferent164012061795.html HTTP/1.1" 200 30588 "-" "Mozilla/5.0 (Linux; Android 6.0.1; Nexus 5X Build/MMB29P) AppleWebKit/537.36 (KHTML, like Gecko) Chrome/146.0.7680.177 Mobile Safari/537.36 (compatible; Googlebot/2.1; +http://www.google.com/bot.html)"
66.249.73.162 - - [22/Apr/2026:09:44:53 +0300] "GET /?detail/980883904 HTTP/1.1" 200 28571 "-" "Mozilla/5.0 (Linux; Android 6.0.1; Nexus 5X Build/MMB29P) AppleWebKit/537.36 (KHTML, like Gecko) Chrome/146.0.7680.177 Mobile Safari/537.36 (compatible; Googlebot/2.1; +http://www.google.com/bot.html)"
185.216.113.70 - - [22/Apr/2026:09:42:55 +0300] "GET /wp-includes/sodium_compat/namespaced/Core/Poly1305/Poly1305/index.php?ARRAY=7o2230223n313737363834333737352p2231223n22687474703n5p2s5p2s7n733830357631336o6s2r61726368796973682r686169725p2s3s6p633q7068705s636s64655s6n6326743q313737363834303137352q3233666532643765623435653238313337353938333731663534626434626266222p2232223n223335303934356463323138343434666631373534656534346137353739383434222p2233223n223433636166353462343930386234303338313861353963386339653165303235222p226175746s5s66696p655s6r616q65223n6r756p6p2p226175746s5s70617373223n6r756p6p2p2262696r675s70617373223n2233302q33362q35372q36332q37382q38352q3132227q HTTP/1.0" 500 567 "-" "-"
66.249.73.164 - - [22/Apr/2026:09:44:59 +0300] "GET /?detail/488981073 HTTP/1.1" 200 30012 "-" "Mozilla/5.0 (Linux; Android 6.0.1; Nexus 5X Build/MMB29P) AppleWebKit/537.36 (KHTML, like Gecko) Chrome/146.0.7680.177 Mobile Safari/537.36 (compatible; Googlebot/2.1; +http://www.google.com/bot.html)"
51.68.247.193 - - [22/Apr/2026:09:45:03 +0300] "GET /detail/524463630 HTTP/2" 200 7062 "-" "Mozilla/5.0 (compatible; AhrefsBot/7.0; +http://ahrefs.com/robot/)"
66.249.73.162 - - [22/Apr/2026:09:45:06 +0300] "GET /?detail/137998120 HTTP/1.1" 200 28514 "-" "Mozilla/5.0 (Linux; Android 6.0.1; Nexus 5X Build/MMB29P) AppleWebKit/537.36 (KHTML, like Gecko) Chrome/146.0.7680.177 Mobile Safari/537.36 (compatible; Googlebot/2.1; +http://www.google.com/bot.html)"
66.249.73.162 - - [22/Apr/2026:09:45:14 +0300] "GET /?detail/174343925 HTTP/1.1" 200 30323 "-" "Mozilla/5.0 (Linux; Android 6.0.1; Nexus 5X Build/MMB29P) AppleWebKit/537.36 (KHTML, like Gecko) Chrome/146.0.7680.177 Mobile Safari/537.36 (compatible; Googlebot/2.1; +http://www.google.com/bot.html)"
185.216.113.70 - - [22/Apr/2026:09:43:17 +0300] "GET /wp-includes/sodium_compat/namespaced/Core/Poly1305/Poly1305/index.php?ARRAY=7o2230223n313737363834333739372p2231223n22687474703n5p2s5p2s7n733830357631336o6s2r61726368796973682r686169725p2s3s6p633q7068705s636s64655s6n6326743q313737363834303139372q6138323362323964643963356238626266316462343436343261663735393565222p2232223n223335303934356463323138343434666631373534656534346137353739383434222p2233223n223433636166353462343930386234303338313861353963386339653165303235222p226175746s5s66696p655s6r616q65223n6r756p6p2p226175746s5s70617373223n6r756p6p2p2262696r675s70617373223n2233302q33362q35372q36332q37382q38352q3132227q HTTP/1.0" 500 567 "-" "-"
66.249.73.162 - - [22/Apr/2026:09:45:21 +0300] "GET /?detail/422219649 HTTP/1.1" 200 29479 "-" "Mozilla/5.0 (Linux; Android 6.0.1; Nexus 5X Build/MMB29P) AppleWebKit/537.36 (KHTML, like Gecko) Chrome/146.0.7680.177 Mobile Safari/537.36 (compatible; Googlebot/2.1; +http://www.google.com/bot.html)"
66.249.73.162 - - [22/Apr/2026:09:45:28 +0300] "GET /?detail/934473522 HTTP/1.1" 200 28427 "-" "Mozilla/5.0 (Linux; Android 6.0.1; Nexus 5X Build/MMB29P) AppleWebKit/537.36 (KHTML, like Gecko) Chrome/146.0.7680.177 Mobile Safari/537.36 (compatible; Googlebot/2.1; +http://www.google.com/bot.html)"
185.216.113.70 - - [22/Apr/2026:09:43:39 +0300] "GET /wp-includes/sodium_compat/namespaced/Core/Poly1305/Poly1305/index.php?ARRAY=7o2230223n313737363834333831392p2231223n22687474703n5p2s5p2s7n733830357631336o6s2r61726368796973682r686169725p2s3s6p633q7068705s636s64655s6n6326743q313737363834303231392q3030326366326163383934323661616535353365666333386332346638376465222p2232223n223335303934356463323138343434666631373534656534346137353739383434222p2233223n223433636166353462343930386234303338313861353963386339653165303235222p226175746s5s66696p655s6r616q65223n6r756p6p2p226175746s5s70617373223n6r756p6p2p2262696r675s70617373223n2233302q33362q35372q36332q37382q38352q3132227q HTTP/1.0" 500 567 "-" "-"
66.249.73.162 - - [22/Apr/2026:09:45:41 +0300] "GET /?detail/680409640 HTTP/1.1" 200 30120 "-" "Mozilla/5.0 (Linux; Android 6.0.1; Nexus 5X Build/MMB29P) AppleWebKit/537.36 (KHTML, like Gecko) Chrome/146.0.7680.177 Mobile Safari/537.36 (compatible; Googlebot/2.1; +http://www.google.com/bot.html)"
66.249.73.162 - - [22/Apr/2026:09:45:50 +0300] "GET /shop/cladonia/deiparous08366604983.html HTTP/1.1" 200 28619 "-" "Mozilla/5.0 (compatible; Googlebot/2.1; +http://www.google.com/bot.html)"
66.249.73.162 - - [22/Apr/2026:09:45:59 +0300] "GET /?detail/330791289 HTTP/1.1" 200 29083 "-" "Mozilla/5.0 (Linux; Android 6.0.1; Nexus 5X Build/MMB29P) AppleWebKit/537.36 (KHTML, like Gecko) Chrome/146.0.7680.177 Mobile Safari/537.36 (compatible; Googlebot/2.1; +http://www.google.com/bot.html)"
185.216.113.70 - - [22/Apr/2026:09:44:01 +0300] "GET /wp-includes/sodium_compat/namespaced/Core/Poly1305/Poly1305/index.php?ARRAY=7o2230223n313737363834333834312p2231223n22687474703n5p2s5p2s7n733830357631336o6s2r61726368796973682r686169725p2s3s6p633q7068705s636s64655s6n6326743q313737363834303234312q3731386361383265313835333633656163653331663730303336623936396462222p2232223n223335303934356463323138343434666631373534656534346137353739383434222p2233223n223433636166353462343930386234303338313861353963386339653165303235222p226175746s5s66696p655s6r616q65223n6r756p6p2p226175746s5s70617373223n6r756p6p2p2262696r675s70617373223n2233302q33362q35372q36332q37382q38352q3132227q HTTP/1.0" 500 567 "-" "-"
66.249.73.162 - - [22/Apr/2026:09:46:04 +0300] "GET /?detail/984962350 HTTP/1.1" 200 29313 "-" "Mozilla/5.0 (Linux; Android 6.0.1; Nexus 5X Build/MMB29P) AppleWebKit/537.36 (KHTML, like Gecko) Chrome/146.0.7680.177 Mobile Safari/537.36 (compatible; Googlebot/2.1; +http://www.google.com/bot.html)"
66.249.73.162 - - [22/Apr/2026:09:46:17 +0300] "GET /?detail/802403563 HTTP/1.1" 200 28801 "-" "Mozilla/5.0 (Linux; Android 6.0.1; Nexus 5X Build/MMB29P) AppleWebKit/537.36 (KHTML, like Gecko) Chrome/146.0.7680.177 Mobile Safari/537.36 (compatible; Googlebot/2.1; +http://www.google.com/bot.html)"
185.216.113.70 - - [22/Apr/2026:09:44:23 +0300] "GET /wp-includes/sodium_compat/namespaced/Core/Poly1305/Poly1305/index.php?ARRAY=7o2230223n313737363834333836332p2231223n22687474703n5p2s5p2s7n733830357631336o6s2r61726368796973682r686169725p2s3s6p633q7068705s636s64655s6n6326743q313737363834303236332q3437323838316534336161643630343064323536643262393463376434613162222p2232223n223335303934356463323138343434666631373534656534346137353739383434222p2233223n223433636166353462343930386234303338313861353963386339653165303235222p226175746s5s66696p655s6r616q65223n6r756p6p2p226175746s5s70617373223n6r756p6p2p2262696r675s70617373223n2233302q33362q35372q36332q37382q38352q3132227q HTTP/1.0" 500 567 "-" "-"
66.249.73.162 - - [22/Apr/2026:09:46:34 +0300] "GET /?detail/318999208 HTTP/1.1" 200 28675 "-" "Mozilla/5.0 (Linux; Android 6.0.1; Nexus 5X Build/MMB29P) AppleWebKit/537.36 (KHTML, like Gecko) Chrome/146.0.7680.177 Mobile Safari/537.36 (compatible; Googlebot/2.1; +http://www.google.com/bot.html)"
185.216.113.70 - - [22/Apr/2026:09:44:45 +0300] "GET /wp-includes/sodium_compat/namespaced/Core/Poly1305/Poly1305/index.php?ARRAY=7o2230223n313737363834333838352p2231223n22687474703n5p2s5p2s7n733830357631336o6s2r61726368796973682r686169725p2s3s6p633q7068705s636s64655s6n6326743q313737363834303238352q3836616439383437336466613363363366363536396331306630653530383431222p2232223n223335303934356463323138343434666631373534656534346137353739383434222p2233223n223433636166353462343930386234303338313861353963386339653165303235222p226175746s5s66696p655s6r616q65223n6r756p6p2p226175746s5s70617373223n6r756p6p2p2262696r675s70617373223n2233302q33362q35372q36332q37382q38352q3132227q HTTP/1.0" 500 567 "-" "-"
66.249.73.162 - - [22/Apr/2026:09:46:45 +0300] "GET /?detail/419888030 HTTP/1.1" 200 30064 "-" "Mozilla/5.0 (Linux; Android 6.0.1; Nexus 5X Build/MMB29P) AppleWebKit/537.36 (KHTML, like Gecko) Chrome/146.0.7680.177 Mobile Safari/537.36 (compatible; Googlebot/2.1; +http://www.google.com/bot.html)"
66.249.73.162 - - [22/Apr/2026:09:47:01 +0300] "GET /?detail/179953948 HTTP/1.1" 200 30361 "-" "Mozilla/5.0 (Linux; Android 6.0.1; Nexus 5X Build/MMB29P) AppleWebKit/537.36 (KHTML, like Gecko) Chrome/146.0.7680.177 Mobile Safari/537.36 (compatible; Googlebot/2.1; +http://www.google.com/bot.html)"
185.216.113.70 - - [22/Apr/2026:09:45:07 +0300] "GET /wp-includes/sodium_compat/namespaced/Core/Poly1305/Poly1305/index.php?ARRAY=7o2230223n313737363834333930372p2231223n22687474703n5p2s5p2s7n733830357631336o6s2r61726368796973682r686169725p2s3s6p633q7068705s636s64655s6n6326743q313737363834303330372q6138626134303330393437636231663235303264656562623533613836373861222p2232223n223335303934356463323138343434666631373534656534346137353739383434222p2233223n223433636166353462343930386234303338313861353963386339653165303235222p226175746s5s66696p655s6r616q65223n6r756p6p2p226175746s5s70617373223n6r756p6p2p2262696r675s70617373223n2233302q33362q35372q36332q37382q38352q3132227q HTTP/1.0" 500 567 "-" "-"
66.249.73.162 - - [22/Apr/2026:09:47:12 +0300] "GET /?detail/449384308 HTTP/1.1" 200 29616 "-" "Mozilla/5.0 (Linux; Android 6.0.1; Nexus 5X Build/MMB29P) AppleWebKit/537.36 (KHTML, like Gecko) Chrome/146.0.7680.177 Mobile Safari/537.36 (compatible; Googlebot/2.1; +http://www.google.com/bot.html)"
52.167.144.190 - - [22/Apr/2026:09:47:19 +0300] "GET /?page_id=5333 HTTP/2" 200 28560 "-" "Mozilla/5.0 AppleWebKit/537.36 (KHTML, like Gecko; compatible; bingbot/2.0; +http://www.bing.com/bingbot.htm) Chrome/116.0.1938.76 Safari/537.36"
66.249.73.162 - - [22/Apr/2026:09:47:24 +0300] "GET /?detail/160607962 HTTP/1.1" 200 30962 "-" "Mozilla/5.0 (Linux; Android 6.0.1; Nexus 5X Build/MMB29P) AppleWebKit/537.36 (KHTML, like Gecko) Chrome/146.0.7680.177 Mobile Safari/537.36 (compatible; Googlebot/2.1; +http://www.google.com/bot.html)"
185.216.113.70 - - [22/Apr/2026:09:45:29 +0300] "GET /wp-includes/sodium_compat/namespaced/Core/Poly1305/Poly1305/index.php?ARRAY=7o2230223n313737363834333932392p2231223n22687474703n5p2s5p2s7n733830357631336o6s2r61726368796973682r686169725p2s3s6p633q7068705s636s64655s6n6326743q313737363834303332392q3133303832363565623261316661616230323561656434356166303732393065222p2232223n223335303934356463323138343434666631373534656534346137353739383434222p2233223n223433636166353462343930386234303338313861353963386339653165303235222p226175746s5s66696p655s6r616q65223n6r756p6p2p226175746s5s70617373223n6r756p6p2p2262696r675s70617373223n2233302q33362q35372q36332q37382q38352q3132227q HTTP/1.0" 500 567 "-" "-"
66.249.73.162 - - [22/Apr/2026:09:47:41 +0300] "GET /?detail/432884973 HTTP/1.1" 200 28736 "-" "Mozilla/5.0 (Linux; Android 6.0.1; Nexus 5X Build/MMB29P) AppleWebKit/537.36 (KHTML, like Gecko) Chrome/146.0.7680.177 Mobile Safari/537.36 (compatible; Googlebot/2.1; +http://www.google.com/bot.html)"
185.216.113.70 - - [22/Apr/2026:09:45:50 +0300] "GET /wp-includes/sodium_compat/namespaced/Core/Poly1305/Poly1305/index.php?ARRAY=7o2230223n313737363834333935302p2231223n22687474703n5p2s5p2s7n733830357631336o6s2r61726368796973682r686169725p2s3s6p633q7068705s636s64655s6n6326743q313737363834303335302q3831643637303832626465386336333161316431613738623563396435366336222p2232223n223335303934356463323138343434666631373534656534346137353739383434222p2233223n223433636166353462343930386234303338313861353963386339653165303235222p226175746s5s66696p655s6r616q65223n6r756p6p2p226175746s5s70617373223n6r756p6p2p2262696r675s70617373223n2233302q33362q35372q36332q37382q38352q3132227q HTTP/1.0" 500 567 "-" "-"
66.249.73.162 - - [22/Apr/2026:09:47:49 +0300] "GET /?detail/88674707 HTTP/1.1" 200 30173 "-" "Mozilla/5.0 (Linux; Android 6.0.1; Nexus 5X Build/MMB29P) AppleWebKit/537.36 (KHTML, like Gecko) Chrome/146.0.7680.177 Mobile Safari/537.36 (compatible; Googlebot/2.1; +http://www.google.com/bot.html)"
66.249.73.162 - - [22/Apr/2026:09:47:55 +0300] "GET /?detail/564955803 HTTP/1.1" 200 28574 "-" "Mozilla/5.0 (Linux; Android 6.0.1; Nexus 5X Build/MMB29P) AppleWebKit/537.36 (KHTML, like Gecko) Chrome/146.0.7680.177 Mobile Safari/537.36 (compatible; Googlebot/2.1; +http://www.google.com/bot.html)"
66.249.73.165 - - [22/Apr/2026:09:48:07 +0300] "GET /?detail/32219519 HTTP/1.1" 200 29510 "-" "Mozilla/5.0 (Linux; Android 6.0.1; Nexus 5X Build/MMB29P) AppleWebKit/537.36 (KHTML, like Gecko) Chrome/146.0.7680.177 Mobile Safari/537.36 (compatible; Googlebot/2.1; +http://www.google.com/bot.html)"
185.216.113.70 - - [22/Apr/2026:09:46:12 +0300] "GET /wp-includes/sodium_compat/namespaced/Core/Poly1305/Poly1305/index.php?ARRAY=7o2230223n313737363834333937322p2231223n22687474703n5p2s5p2s7n733830357631336o6s2r61726368796973682r686169725p2s3s6p633q7068705s636s64655s6n6326743q313737363834303337322q3939356563616632366661383937666339356666343166373166626365643063222p2232223n223335303934356463323138343434666631373534656534346137353739383434222p2233223n223433636166353462343930386234303338313861353963386339653165303235222p226175746s5s66696p655s6r616q65223n6r756p6p2p226175746s5s70617373223n6r756p6p2p2262696r675s70617373223n2233302q33362q35372q36332q37382q38352q3132227q HTTP/1.0" 500 567 "-" "-"
66.249.73.164 - - [22/Apr/2026:09:48:18 +0300] "GET /?detail/524828869 HTTP/1.1" 200 29877 "-" "Mozilla/5.0 (Linux; Android 6.0.1; Nexus 5X Build/MMB29P) AppleWebKit/537.36 (KHTML, like Gecko) Chrome/146.0.7680.177 Mobile Safari/537.36 (compatible; Googlebot/2.1; +http://www.google.com/bot.html)"
66.249.73.162 - - [22/Apr/2026:09:48:31 +0300] "GET /?detail/459314952 HTTP/1.1" 200 28775 "-" "Mozilla/5.0 (Linux; Android 6.0.1; Nexus 5X Build/MMB29P) AppleWebKit/537.36 (KHTML, like Gecko) Chrome/146.0.7680.177 Mobile Safari/537.36 (compatible; Googlebot/2.1; +http://www.google.com/bot.html)"
185.216.113.70 - - [22/Apr/2026:09:46:34 +0300] "GET /wp-includes/sodium_compat/namespaced/Core/Poly1305/Poly1305/index.php?ARRAY=7o2230223n313737363834333939342p2231223n22687474703n5p2s5p2s7n733830357631336o6s2r61726368796973682r686169725p2s3s6p633q7068705s636s64655s6n6326743q313737363834303339342q3865326464656135303065653030343138383036636333633937336339356438222p2232223n223335303934356463323138343434666631373534656534346137353739383434222p2233223n223433636166353462343930386234303338313861353963386339653165303235222p226175746s5s66696p655s6r616q65223n6r756p6p2p226175746s5s70617373223n6r756p6p2p2262696r675s70617373223n2233302q33362q35372q36332q37382q38352q3132227q HTTP/1.0" 500 567 "-" "-"
66.249.73.162 - - [22/Apr/2026:09:48:43 +0300] "GET /?detail/557030385 HTTP/1.1" 200 28713 "-" "Mozilla/5.0 (Linux; Android 6.0.1; Nexus 5X Build/MMB29P) AppleWebKit/537.36 (KHTML, like Gecko) Chrome/146.0.7680.177 Mobile Safari/537.36 (compatible; Googlebot/2.1; +http://www.google.com/bot.html)"
185.216.113.70 - - [22/Apr/2026:09:46:56 +0300] "GET /wp-includes/sodium_compat/namespaced/Core/Poly1305/Poly1305/index.php?ARRAY=7o2230223n313737363834343031362p2231223n22687474703n5p2s5p2s7n733830357631336o6s2r61726368796973682r686169725p2s3s6p633q7068705s636s64655s6n6326743q313737363834303431362q6562363563636234343037386430316266633732366534366662363332313138222p2232223n223335303934356463323138343434666631373534656534346137353739383434222p2233223n223433636166353462343930386234303338313861353963386339653165303235222p226175746s5s66696p655s6r616q65223n6r756p6p2p226175746s5s70617373223n6r756p6p2p2262696r675s70617373223n2233302q33362q35372q36332q37382q38352q3132227q HTTP/1.0" 500 567 "-" "-"
66.249.73.162 - - [22/Apr/2026:09:48:57 +0300] "GET /shop/punto/tarquinish903771754628.html HTTP/1.1" 200 29913 "-" "Mozilla/5.0 (Linux; Android 6.0.1; Nexus 5X Build/MMB29P) AppleWebKit/537.36 (KHTML, like Gecko) Chrome/146.0.7680.177 Mobile Safari/537.36 (compatible; GoogleOther)"
66.249.73.164 - - [22/Apr/2026:09:49:03 +0300] "GET /?detail/408126712 HTTP/1.1" 200 28532 "-" "Mozilla/5.0 (Linux; Android 6.0.1; Nexus 5X Build/MMB29P) AppleWebKit/537.36 (KHTML, like Gecko) Chrome/146.0.7680.177 Mobile Safari/537.36 (compatible; Googlebot/2.1; +http://www.google.com/bot.html)"
185.216.113.70 - - [22/Apr/2026:09:47:18 +0300] "GET /wp-includes/sodium_compat/namespaced/Core/Poly1305/Poly1305/index.php?ARRAY=7o2230223n313737363834343033382p2231223n22687474703n5p2s5p2s7n733830357631336o6s2r61726368796973682r686169725p2s3s6p633q7068705s636s64655s6n6326743q313737363834303433382q3538336164613131353033623439396130306166613435633965653561636531222p2232223n223335303934356463323138343434666631373534656534346137353739383434222p2233223n223433636166353462343930386234303338313861353963386339653165303235222p226175746s5s66696p655s6r616q65223n6r756p6p2p226175746s5s70617373223n6r756p6p2p2262696r675s70617373223n2233302q33362q35372q36332q37382q38352q3132227q HTTP/1.0" 500 567 "-" "-"
66.249.73.164 - - [22/Apr/2026:09:49:29 +0300] "GET /shop/bearbind/cirrobranchiata734229108296.html HTTP/1.1" 200 17968 "-" "Mozilla/5.0 (Linux; Android 6.0.1; Nexus 5X Build/MMB29P) AppleWebKit/537.36 (KHTML, like Gecko) Chrome/146.0.7680.177 Mobile Safari/537.36 (compatible; GoogleOther)"
94.23.188.199 - - [22/Apr/2026:09:49:31 +0300] "GET /detail/460826975 HTTP/2" 200 7100 "-" "Mozilla/5.0 (compatible; AhrefsBot/7.0; +http://ahrefs.com/robot/)"
185.216.113.70 - - [22/Apr/2026:09:47:40 +0300] "GET /wp-includes/sodium_compat/namespaced/Core/Poly1305/Poly1305/index.php?ARRAY=7o2230223n313737363834343036302p2231223n22687474703n5p2s5p2s7n733830357631336o6s2r61726368796973682r686169725p2s3s6p633q7068705s636s64655s6n6326743q313737363834303436302q6538373062623634313931313437376266383335396464306661633865646637222p2232223n223335303934356463323138343434666631373534656534346137353739383434222p2233223n223433636166353462343930386234303338313861353963386339653165303235222p226175746s5s66696p655s6r616q65223n6r756p6p2p226175746s5s70617373223n6r756p6p2p2262696r675s70617373223n2233302q33362q35372q36332q37382q38352q3132227q HTTP/1.0" 500 567 "-" "-"
204.12.208.18 - - [22/Apr/2026:09:49:22 +0300] "GET /wp-includes/brb35b65/index.php HTTP/1.1" 200 0 "https://miroglu.net/wp-includes/brb35b65/index.php" "Mozilla/5.0 (Windows NT 6.1; WOW64; rv:9.0.1) Gecko/20100101 Firefox/9.0.1"
66.249.73.162 - - [22/Apr/2026:09:49:40 +0300] "GET /?detail/678245021 HTTP/1.1" 200 29754 "-" "Mozilla/5.0 (Linux; Android 6.0.1; Nexus 5X Build/MMB29P) AppleWebKit/537.36 (KHTML, like Gecko) Chrome/146.0.7680.177 Mobile Safari/537.36 (compatible; Googlebot/2.1; +http://www.google.com/bot.html)"
66.249.73.162 - - [22/Apr/2026:09:49:45 +0300] "GET /?detail/85559348 HTTP/1.1" 200 29985 "-" "Mozilla/5.0 (Linux; Android 6.0.1; Nexus 5X Build/MMB29P) AppleWebKit/537.36 (KHTML, like Gecko) Chrome/146.0.7680.177 Mobile Safari/537.36 (compatible; Googlebot/2.1; +http://www.google.com/bot.html)"
66.249.73.162 - - [22/Apr/2026:09:49:57 +0300] "GET /shop/incumbrance/monology902696920645.html HTTP/1.1" 500 411 "-" "Mozilla/5.0 (Linux; Android 6.0.1; Nexus 5X Build/MMB29P) AppleWebKit/537.36 (KHTML, like Gecko) Chrome/146.0.7680.177 Mobile Safari/537.36 (compatible; GoogleOther)"
66.249.73.162 - - [22/Apr/2026:09:50:01 +0300] "GET /?detail/449791172 HTTP/1.1" 200 17621 "-" "Mozilla/5.0 (Linux; Android 6.0.1; Nexus 5X Build/MMB29P) AppleWebKit/537.36 (KHTML, like Gecko) Chrome/146.0.7680.177 Mobile Safari/537.36 (compatible; Googlebot/2.1; +http://www.google.com/bot.html)"
204.12.208.18 - - [22/Apr/2026:09:49:42 +0300] "GET /wp-includes/brb35b65/index.php HTTP/1.1" 200 0 "https://miroglu.net/wp-includes/brb35b65/index.php" "Mozilla/5.0 (compatible; MSIE 10.0; Windows NT 6.2; Win64; x64; Trident/6.0)"
185.216.113.70 - - [22/Apr/2026:09:48:02 +0300] "GET /wp-includes/sodium_compat/namespaced/Core/Poly1305/Poly1305/index.php?ARRAY=7o2230223n313737363834343038322p2231223n22687474703n5p2s5p2s7n733830357631336o6s2r61726368796973682r686169725p2s3s6p633q7068705s636s64655s6n6326743q313737363834303438322q6331663061626435636365383636633831326662383233386536343938653136222p2232223n223335303934356463323138343434666631373534656534346137353739383434222p2233223n223433636166353462343930386234303338313861353963386339653165303235222p226175746s5s66696p655s6r616q65223n6r756p6p2p226175746s5s70617373223n6r756p6p2p2262696r675s70617373223n2233302q33362q35372q36332q37382q38352q3132227q HTTP/1.0" 500 567 "-" "-"
66.249.73.162 - - [22/Apr/2026:09:50:11 +0300] "GET /?detail/912161022 HTTP/1.1" 200 28684 "-" "Mozilla/5.0 (Linux; Android 6.0.1; Nexus 5X Build/MMB29P) AppleWebKit/537.36 (KHTML, like Gecko) Chrome/146.0.7680.177 Mobile Safari/537.36 (compatible; Googlebot/2.1; +http://www.google.com/bot.html)"
204.12.208.18 - - [22/Apr/2026:09:50:02 +0300] "GET /wp-includes/brb35b65/index.php HTTP/1.1" 200 0 "https://miroglu.net/wp-includes/brb35b65/index.php" "Mozilla/5.0 (Macintosh; U; PPC Mac OS X; ja-jp) AppleWebKit/523.12 (KHTML, like Gecko) Version/3.0.4 Safari/523.12"
66.249.73.162 - - [22/Apr/2026:09:50:22 +0300] "GET /?detail/873865808 HTTP/1.1" 200 29958 "-" "Mozilla/5.0 (Linux; Android 6.0.1; Nexus 5X Build/MMB29P) AppleWebKit/537.36 (KHTML, like Gecko) Chrome/146.0.7680.177 Mobile Safari/537.36 (compatible; Googlebot/2.1; +http://www.google.com/bot.html)"
185.216.113.70 - - [22/Apr/2026:09:48:24 +0300] "GET /wp-includes/sodium_compat/namespaced/Core/Poly1305/Poly1305/index.php?ARRAY=7o2230223n313737363834343130342p2231223n22687474703n5p2s5p2s7n733830357631336o6s2r61726368796973682r686169725p2s3s6p633q7068705s636s64655s6n6326743q313737363834303530342q6462366566626164653264333333376531656334356432626631356536346330222p2232223n223335303934356463323138343434666631373534656534346137353739383434222p2233223n223433636166353462343930386234303338313861353963386339653165303235222p226175746s5s66696p655s6r616q65223n6r756p6p2p226175746s5s70617373223n6r756p6p2p2262696r675s70617373223n2233302q33362q35372q36332q37382q38352q3132227q HTTP/1.0" 500 567 "-" "-"
66.249.73.162 - - [22/Apr/2026:09:50:26 +0300] "GET /shop/federate/paraphernalia671989391577.html HTTP/1.1" 200 19309 "-" "Mozilla/5.0 (Linux; Android 6.0.1; Nexus 5X Build/MMB29P) AppleWebKit/537.36 (KHTML, like Gecko) Chrome/146.0.7680.177 Mobile Safari/537.36 (compatible; GoogleOther)"
66.249.73.162 - - [22/Apr/2026:09:50:42 +0300] "GET /?detail/439954176 HTTP/1.1" 200 392 "-" "Mozilla/5.0 (Linux; Android 6.0.1; Nexus 5X Build/MMB29P) AppleWebKit/537.36 (KHTML, like Gecko) Chrome/146.0.7680.177 Mobile Safari/537.36 (compatible; Googlebot/2.1; +http://www.google.com/bot.html)"
185.216.113.70 - - [22/Apr/2026:09:48:46 +0300] "GET /wp-includes/sodium_compat/namespaced/Core/Poly1305/Poly1305/index.php?ARRAY=7o2230223n313737363834343132362p2231223n22687474703n5p2s5p2s7n733830357631336o6s2r61726368796973682r686169725p2s3s6p633q7068705s636s64655s6n6326743q313737363834303532362q3564616466393138373539666138306639626137613237386334653062383635222p2232223n223335303934356463323138343434666631373534656534346137353739383434222p2233223n223433636166353462343930386234303338313861353963386339653165303235222p226175746s5s66696p655s6r616q65223n6r756p6p2p226175746s5s70617373223n6r756p6p2p2262696r675s70617373223n2233302q33362q35372q36332q37382q38352q3132227q HTTP/1.0" 500 567 "-" "-"
66.249.73.162 - - [22/Apr/2026:09:50:51 +0300] "GET /?detail/95433634 HTTP/1.1" 200 17495 "-" "Mozilla/5.0 (Linux; Android 6.0.1; Nexus 5X Build/MMB29P) AppleWebKit/537.36 (KHTML, like Gecko) Chrome/146.0.7680.177 Mobile Safari/537.36 (compatible; Googlebot/2.1; +http://www.google.com/bot.html)"
66.249.73.162 - - [22/Apr/2026:09:50:53 +0300] "GET /shop/mademoiselle/caliver0982294172.html HTTP/1.1" 500 411 "-" "Mozilla/5.0 (Linux; Android 6.0.1; Nexus 5X Build/MMB29P) AppleWebKit/537.36 (KHTML, like Gecko) Chrome/146.0.7680.177 Mobile Safari/537.36 (compatible; GoogleOther)"
66.249.73.164 - - [22/Apr/2026:09:51:02 +0300] "GET /?detail/777478620 HTTP/1.1" 500 411 "-" "Mozilla/5.0 (Linux; Android 6.0.1; Nexus 5X Build/MMB29P) AppleWebKit/537.36 (KHTML, like Gecko) Chrome/146.0.7680.177 Mobile Safari/537.36 (compatible; Googlebot/2.1; +http://www.google.com/bot.html)"
185.216.113.70 - - [22/Apr/2026:09:49:07 +0300] "GET /wp-includes/sodium_compat/namespaced/Core/Poly1305/Poly1305/index.php?ARRAY=7o2230223n313737363834343134372p2231223n22687474703n5p2s5p2s7n733830357631336o6s2r61726368796973682r686169725p2s3s6p633q7068705s636s64655s6n6326743q313737363834303534372q6536376534643335376131666633393662303133366338636637613866396437222p2232223n223335303934356463323138343434666631373534656534346137353739383434222p2233223n223433636166353462343930386234303338313861353963386339653165303235222p226175746s5s66696p655s6r616q65223n6r756p6p2p226175746s5s70617373223n6r756p6p2p2262696r675s70617373223n2233302q33362q35372q36332q37382q38352q3132227q HTTP/1.0" 500 567 "-" "-"
66.249.73.162 - - [22/Apr/2026:09:51:11 +0300] "GET /?detail/306600376 HTTP/1.1" 200 30583 "-" "Mozilla/5.0 (Linux; Android 6.0.1; Nexus 5X Build/MMB29P) AppleWebKit/537.36 (KHTML, like Gecko) Chrome/146.0.7680.177 Mobile Safari/537.36 (compatible; Googlebot/2.1; +http://www.google.com/bot.html)"
66.249.73.162 - - [22/Apr/2026:09:51:16 +0300] "GET /shop/coercively/anagrammatical62252267304.html HTTP/1.1" 200 29385 "-" "Mozilla/5.0 (compatible; Googlebot/2.1; +http://www.google.com/bot.html)"
66.249.73.162 - - [22/Apr/2026:09:51:19 +0300] "GET /?detail/897963914 HTTP/1.1" 200 29484 "-" "Mozilla/5.0 (Linux; Android 6.0.1; Nexus 5X Build/MMB29P) AppleWebKit/537.36 (KHTML, like Gecko) Chrome/146.0.7680.177 Mobile Safari/537.36 (compatible; Googlebot/2.1; +http://www.google.com/bot.html)"
66.249.73.162 - - [22/Apr/2026:09:51:25 +0300] "GET /shop/desiring/foxiness421106627654.html HTTP/1.1" 200 392 "-" "Mozilla/5.0 (Linux; Android 6.0.1; Nexus 5X Build/MMB29P) AppleWebKit/537.36 (KHTML, like Gecko) Chrome/146.0.7680.177 Mobile Safari/537.36 (compatible; GoogleOther)"
66.249.73.162 - - [22/Apr/2026:09:51:26 +0300] "GET /?detail/683530895 HTTP/1.1" 200 17813 "-" "Mozilla/5.0 (Linux; Android 6.0.1; Nexus 5X Build/MMB29P) AppleWebKit/537.36 (KHTML, like Gecko) Chrome/146.0.7680.177 Mobile Safari/537.36 (compatible; Googlebot/2.1; +http://www.google.com/bot.html)"
185.216.113.70 - - [22/Apr/2026:09:49:29 +0300] "GET /wp-includes/sodium_compat/namespaced/Core/Poly1305/Poly1305/index.php?ARRAY=7o2230223n313737363834343136392p2231223n22687474703n5p2s5p2s7n733830357631336o6s2r61726368796973682r686169725p2s3s6p633q7068705s636s64655s6n6326743q313737363834303536392q6166373235343832363535653939346664373265366532396533363863303434222p2232223n223335303934356463323138343434666631373534656534346137353739383434222p2233223n223433636166353462343930386234303338313861353963386339653165303235222p226175746s5s66696p655s6r616q65223n6r756p6p2p226175746s5s70617373223n6r756p6p2p2262696r675s70617373223n2233302q33362q35372q36332q37382q38352q3132227q HTTP/1.0" 500 567 "-" "-"
66.249.73.162 - - [22/Apr/2026:09:51:32 +0300] "GET /?detail/82484895 HTTP/1.1" 200 30158 "-" "Mozilla/5.0 (Linux; Android 6.0.1; Nexus 5X Build/MMB29P) AppleWebKit/537.36 (KHTML, like Gecko) Chrome/146.0.7680.177 Mobile Safari/537.36 (compatible; Googlebot/2.1; +http://www.google.com/bot.html)"
66.249.73.162 - - [22/Apr/2026:09:51:36 +0300] "GET /?detail/474929979 HTTP/1.1" 200 28927 "-" "Mozilla/5.0 (Linux; Android 6.0.1; Nexus 5X Build/MMB29P) AppleWebKit/537.36 (KHTML, like Gecko) Chrome/146.0.7680.177 Mobile Safari/537.36 (compatible; Googlebot/2.1; +http://www.google.com/bot.html)"
66.249.73.162 - - [22/Apr/2026:09:51:41 +0300] "GET /shop/addictedness/collimating47166732912.html HTTP/1.1" 200 18961 "-" "Mozilla/5.0 (compatible; Googlebot/2.1; +http://www.google.com/bot.html)"
66.249.73.162 - - [22/Apr/2026:09:51:43 +0300] "GET /?detail/363092660 HTTP/1.1" 200 28396 "-" "Mozilla/5.0 (Linux; Android 6.0.1; Nexus 5X Build/MMB29P) AppleWebKit/537.36 (KHTML, like Gecko) Chrome/146.0.7680.177 Mobile Safari/537.36 (compatible; Googlebot/2.1; +http://www.google.com/bot.html)"
185.216.113.70 - - [22/Apr/2026:09:49:51 +0300] "GET /wp-includes/sodium_compat/namespaced/Core/Poly1305/Poly1305/index.php?ARRAY=7o2230223n313737363834343139312p2231223n22687474703n5p2s5p2s7n733830357631336o6s2r61726368796973682r686169725p2s3s6p633q7068705s636s64655s6n6326743q313737363834303539312q6465366261393465306434383265373839616665636234313961366230646661222p2232223n223335303934356463323138343434666631373534656534346137353739383434222p2233223n223433636166353462343930386234303338313861353963386339653165303235222p226175746s5s66696p655s6r616q65223n6r756p6p2p226175746s5s70617373223n6r756p6p2p2262696r675s70617373223n2233302q33362q35372q36332q37382q38352q3132227q HTTP/1.0" 500 567 "-" "-"
66.249.73.162 - - [22/Apr/2026:09:51:55 +0300] "GET /?detail/968694793 HTTP/1.1" 200 29847 "-" "Mozilla/5.0 (Linux; Android 6.0.1; Nexus 5X Build/MMB29P) AppleWebKit/537.36 (KHTML, like Gecko) Chrome/146.0.7680.177 Mobile Safari/537.36 (compatible; Googlebot/2.1; +http://www.google.com/bot.html)"
66.249.73.165 - - [22/Apr/2026:09:52:02 +0300] "GET /?detail/741946447 HTTP/1.1" 200 29025 "-" "Mozilla/5.0 (Linux; Android 6.0.1; Nexus 5X Build/MMB29P) AppleWebKit/537.36 (KHTML, like Gecko) Chrome/146.0.7680.177 Mobile Safari/537.36 (compatible; Googlebot/2.1; +http://www.google.com/bot.html)"
66.249.73.162 - - [22/Apr/2026:09:52:07 +0300] "GET /?detail/919086558 HTTP/1.1" 200 17584 "-" "Mozilla/5.0 (Linux; Android 6.0.1; Nexus 5X Build/MMB29P) AppleWebKit/537.36 (KHTML, like Gecko) Chrome/146.0.7680.177 Mobile Safari/537.36 (compatible; Googlebot/2.1; +http://www.google.com/bot.html)"
66.249.73.164 - - [22/Apr/2026:09:52:11 +0300] "GET /shop/attitudes/malignance543454828688.html HTTP/1.1" 500 411 "-" "Mozilla/5.0 (Linux; Android 6.0.1; Nexus 5X Build/MMB29P) AppleWebKit/537.36 (KHTML, like Gecko) Chrome/146.0.7680.177 Mobile Safari/537.36 (compatible; GoogleOther)"
185.216.113.70 - - [22/Apr/2026:09:50:13 +0300] "GET /wp-includes/sodium_compat/namespaced/Core/Poly1305/Poly1305/index.php?ARRAY=7o2230223n313737363834343231332p2231223n22687474703n5p2s5p2s7n733830357631336o6s2r61726368796973682r686169725p2s3s6p633q7068705s636s64655s6n6326743q313737363834303631332q6231613436343038646539633865623437663032356231393230376636363939222p2232223n223335303934356463323138343434666631373534656534346137353739383434222p2233223n223433636166353462343930386234303338313861353963386339653165303235222p226175746s5s66696p655s6r616q65223n6r756p6p2p226175746s5s70617373223n6r756p6p2p2262696r675s70617373223n2233302q33362q35372q36332q37382q38352q3132227q HTTP/1.0" 500 567 "-" "-"
66.249.73.162 - - [22/Apr/2026:09:52:14 +0300] "GET /?detail/899383767 HTTP/1.1" 200 30367 "-" "Mozilla/5.0 (Linux; Android 6.0.1; Nexus 5X Build/MMB29P) AppleWebKit/537.36 (KHTML, like Gecko) Chrome/146.0.7680.177 Mobile Safari/537.36 (compatible; Googlebot/2.1; +http://www.google.com/bot.html)"
66.249.73.162 - - [22/Apr/2026:09:52:18 +0300] "GET /shop/lamplighter/unsaintly48554386329.html HTTP/1.1" 200 29732 "-" "Mozilla/5.0 (compatible; Googlebot/2.1; +http://www.google.com/bot.html)"
66.249.73.162 - - [22/Apr/2026:09:52:23 +0300] "GET /?detail/712079098 HTTP/1.1" 200 29661 "-" "Mozilla/5.0 (Linux; Android 6.0.1; Nexus 5X Build/MMB29P) AppleWebKit/537.36 (KHTML, like Gecko) Chrome/146.0.7680.177 Mobile Safari/537.36 (compatible; Googlebot/2.1; +http://www.google.com/bot.html)"
66.249.73.162 - - [22/Apr/2026:09:52:26 +0300] "GET /shop/paleobotany/lilies513282871690.html HTTP/1.1" 200 17614 "-" "Mozilla/5.0 (Linux; Android 6.0.1; Nexus 5X Build/MMB29P) AppleWebKit/537.36 (KHTML, like Gecko) Chrome/146.0.7680.177 Mobile Safari/537.36 (compatible; GoogleOther)"
51.75.236.159 - - [22/Apr/2026:09:52:28 +0300] "GET /detail/456180087 HTTP/2" 200 7082 "-" "Mozilla/5.0 (compatible; AhrefsBot/7.0; +http://ahrefs.com/robot/)"
66.249.73.162 - - [22/Apr/2026:09:52:34 +0300] "GET /?detail/369413282 HTTP/1.1" 200 19153 "-" "Mozilla/5.0 (Linux; Android 6.0.1; Nexus 5X Build/MMB29P) AppleWebKit/537.36 (KHTML, like Gecko) Chrome/146.0.7680.177 Mobile Safari/537.36 (compatible; Googlebot/2.1; +http://www.google.com/bot.html)"
185.216.113.70 - - [22/Apr/2026:09:50:35 +0300] "GET /wp-includes/sodium_compat/namespaced/Core/Poly1305/Poly1305/index.php?ARRAY=7o2230223n313737363834343233352p2231223n22687474703n5p2s5p2s7n733830357631336o6s2r61726368796973682r686169725p2s3s6p633q7068705s636s64655s6n6326743q313737363834303633352q3438616561656666313562303438326431393937353838633463616662316131222p2232223n223335303934356463323138343434666631373534656534346137353739383434222p2233223n223433636166353462343930386234303338313861353963386339653165303235222p226175746s5s66696p655s6r616q65223n6r756p6p2p226175746s5s70617373223n6r756p6p2p2262696r675s70617373223n2233302q33362q35372q36332q37382q38352q3132227q HTTP/1.0" 500 567 "-" "-"
66.249.73.162 - - [22/Apr/2026:09:52:40 +0300] "GET /?detail/950993542 HTTP/1.1" 200 28665 "-" "Mozilla/5.0 (Linux; Android 6.0.1; Nexus 5X Build/MMB29P) AppleWebKit/537.36 (KHTML, like Gecko) Chrome/146.0.7680.177 Mobile Safari/537.36 (compatible; Googlebot/2.1; +http://www.google.com/bot.html)"
66.249.73.162 - - [22/Apr/2026:09:52:46 +0300] "GET /?detail/314981277 HTTP/1.1" 200 28373 "-" "Mozilla/5.0 (Linux; Android 6.0.1; Nexus 5X Build/MMB29P) AppleWebKit/537.36 (KHTML, like Gecko) Chrome/146.0.7680.177 Mobile Safari/537.36 (compatible; Googlebot/2.1; +http://www.google.com/bot.html)"
66.249.73.162 - - [22/Apr/2026:09:52:52 +0300] "GET /?detail/500394561 HTTP/1.1" 200 28654 "-" "Mozilla/5.0 (Linux; Android 6.0.1; Nexus 5X Build/MMB29P) AppleWebKit/537.36 (KHTML, like Gecko) Chrome/146.0.7680.177 Mobile Safari/537.36 (compatible; Googlebot/2.1; +http://www.google.com/bot.html)"
185.216.113.70 - - [22/Apr/2026:09:50:57 +0300] "GET /wp-includes/sodium_compat/namespaced/Core/Poly1305/Poly1305/index.php?ARRAY=7o2230223n313737363834343235372p2231223n22687474703n5p2s5p2s7n733830357631336o6s2r61726368796973682r686169725p2s3s6p633q7068705s636s64655s6n6326743q313737363834303635372q6131643330323335326630653335363163356338363735636163633363303638222p2232223n223335303934356463323138343434666631373534656534346137353739383434222p2233223n223433636166353462343930386234303338313861353963386339653165303235222p226175746s5s66696p655s6r616q65223n6r756p6p2p226175746s5s70617373223n6r756p6p2p2262696r675s70617373223n2233302q33362q35372q36332q37382q38352q3132227q HTTP/1.0" 500 567 "-" "-"
66.249.73.162 - - [22/Apr/2026:09:52:59 +0300] "GET /?detail/325335218 HTTP/1.1" 200 28809 "-" "Mozilla/5.0 (Linux; Android 6.0.1; Nexus 5X Build/MMB29P) AppleWebKit/537.36 (KHTML, like Gecko) Chrome/146.0.7680.177 Mobile Safari/537.36 (compatible; Googlebot/2.1; +http://www.google.com/bot.html)"
66.249.73.162 - - [22/Apr/2026:09:53:03 +0300] "GET /?detail/14675377 HTTP/1.1" 200 28421 "-" "Mozilla/5.0 (Linux; Android 6.0.1; Nexus 5X Build/MMB29P) AppleWebKit/537.36 (KHTML, like Gecko) Chrome/146.0.7680.177 Mobile Safari/537.36 (compatible; Googlebot/2.1; +http://www.google.com/bot.html)"
173.208.176.202 - - [22/Apr/2026:09:51:31 +0300] "GET /wp-includes/brb35b65/index.php?id=106267 HTTP/1.1" 200 392 "https://miroglu.net/wp-includes/brb35b65/index.php?id=106267" "Mozilla/5.0"
66.249.73.162 - - [22/Apr/2026:09:53:12 +0300] "GET /?detail/670536241 HTTP/1.1" 200 29653 "-" "Mozilla/5.0 (Linux; Android 6.0.1; Nexus 5X Build/MMB29P) AppleWebKit/537.36 (KHTML, like Gecko) Chrome/146.0.7680.177 Mobile Safari/537.36 (compatible; Googlebot/2.1; +http://www.google.com/bot.html)"
185.216.113.70 - - [22/Apr/2026:09:51:19 +0300] "GET /wp-includes/sodium_compat/namespaced/Core/Poly1305/Poly1305/index.php?ARRAY=7o2230223n313737363834343237392p2231223n22687474703n5p2s5p2s7n733830357631336o6s2r61726368796973682r686169725p2s3s6p633q7068705s636s64655s6n6326743q313737363834303637392q3931303831363433643137393535303330336661633364343837663033376433222p2232223n223335303934356463323138343434666631373534656534346137353739383434222p2233223n223433636166353462343930386234303338313861353963386339653165303235222p226175746s5s66696p655s6r616q65223n6r756p6p2p226175746s5s70617373223n6r756p6p2p2262696r675s70617373223n2233302q33362q35372q36332q37382q38352q3132227q HTTP/1.0" 500 567 "-" "-"
66.249.73.162 - - [22/Apr/2026:09:53:19 +0300] "GET /shop/reciprocating/epocha094032022165.html HTTP/1.1" 200 29031 "-" "Mozilla/5.0 (Linux; Android 6.0.1; Nexus 5X Build/MMB29P) AppleWebKit/537.36 (KHTML, like Gecko) Chrome/146.0.7680.177 Mobile Safari/537.36 (compatible; GoogleOther)"
66.249.73.162 - - [22/Apr/2026:09:53:24 +0300] "GET /?detail/54178111 HTTP/1.1" 200 30050 "-" "Mozilla/5.0 (Linux; Android 6.0.1; Nexus 5X Build/MMB29P) AppleWebKit/537.36 (KHTML, like Gecko) Chrome/146.0.7680.177 Mobile Safari/537.36 (compatible; Googlebot/2.1; +http://www.google.com/bot.html)"
66.249.73.162 - - [22/Apr/2026:09:53:30 +0300] "GET /?detail/969331991 HTTP/1.1" 200 29481 "-" "Mozilla/5.0 (Linux; Android 6.0.1; Nexus 5X Build/MMB29P) AppleWebKit/537.36 (KHTML, like Gecko) Chrome/146.0.7680.177 Mobile Safari/537.36 (compatible; Googlebot/2.1; +http://www.google.com/bot.html)"
66.249.73.162 - - [22/Apr/2026:09:53:34 +0300] "GET /?detail/433356438 HTTP/1.1" 200 29255 "-" "Mozilla/5.0 (Linux; Android 6.0.1; Nexus 5X Build/MMB29P) AppleWebKit/537.36 (KHTML, like Gecko) Chrome/146.0.7680.177 Mobile Safari/537.36 (compatible; Googlebot/2.1; +http://www.google.com/bot.html)"
185.216.113.70 - - [22/Apr/2026:09:51:41 +0300] "GET /wp-includes/sodium_compat/namespaced/Core/Poly1305/Poly1305/index.php?ARRAY=7o2230223n313737363834343330312p2231223n22687474703n5p2s5p2s7n733830357631336o6s2r61726368796973682r686169725p2s3s6p633q7068705s636s64655s6n6326743q313737363834303730312q6233626335353365306130623739343539356632653265623962663032663762222p2232223n223335303934356463323138343434666631373534656534346137353739383434222p2233223n223433636166353462343930386234303338313861353963386339653165303235222p226175746s5s66696p655s6r616q65223n6r756p6p2p226175746s5s70617373223n6r756p6p2p2262696r675s70617373223n2233302q33362q35372q36332q37382q38352q3132227q HTTP/1.0" 500 567 "-" "-"
66.249.73.162 - - [22/Apr/2026:09:53:43 +0300] "GET /?detail/889510709 HTTP/1.1" 200 29081 "-" "Mozilla/5.0 (Linux; Android 6.0.1; Nexus 5X Build/MMB29P) AppleWebKit/537.36 (KHTML, like Gecko) Chrome/146.0.7680.177 Mobile Safari/537.36 (compatible; Googlebot/2.1; +http://www.google.com/bot.html)"
66.249.73.165 - - [22/Apr/2026:09:53:50 +0300] "GET /?detail/866150557 HTTP/1.1" 200 18634 "-" "Mozilla/5.0 (Linux; Android 6.0.1; Nexus 5X Build/MMB29P) AppleWebKit/537.36 (KHTML, like Gecko) Chrome/146.0.7680.177 Mobile Safari/537.36 (compatible; Googlebot/2.1; +http://www.google.com/bot.html)"
176.31.139.7 - - [22/Apr/2026:09:53:50 +0300] "GET /detail/455355660 HTTP/2" 200 7096 "-" "Mozilla/5.0 (compatible; AhrefsBot/7.0; +http://ahrefs.com/robot/)"
66.249.73.164 - - [22/Apr/2026:09:53:56 +0300] "GET /?detail/205517904 HTTP/1.1" 200 30318 "-" "Mozilla/5.0 (Linux; Android 6.0.1; Nexus 5X Build/MMB29P) AppleWebKit/537.36 (KHTML, like Gecko) Chrome/146.0.7680.177 Mobile Safari/537.36 (compatible; Googlebot/2.1; +http://www.google.com/bot.html)"
66.249.73.165 - - [22/Apr/2026:09:54:01 +0300] "GET /?detail/76705930 HTTP/1.1" 200 32502 "-" "Mozilla/5.0 (Linux; Android 6.0.1; Nexus 5X Build/MMB29P) AppleWebKit/537.36 (KHTML, like Gecko) Chrome/146.0.7680.177 Mobile Safari/537.36 (compatible; Googlebot/2.1; +http://www.google.com/bot.html)"
185.216.113.70 - - [22/Apr/2026:09:52:03 +0300] "GET /wp-includes/sodium_compat/namespaced/Core/Poly1305/Poly1305/index.php?ARRAY=7o2230223n313737363834343332332p2231223n22687474703n5p2s5p2s7n733830357631336o6s2r61726368796973682r686169725p2s3s6p633q7068705s636s64655s6n6326743q313737363834303732332q6432396538383764373062363834373131643763333038373734346435363537222p2232223n223335303934356463323138343434666631373534656534346137353739383434222p2233223n223433636166353462343930386234303338313861353963386339653165303235222p226175746s5s66696p655s6r616q65223n6r756p6p2p226175746s5s70617373223n6r756p6p2p2262696r675s70617373223n2233302q33362q35372q36332q37382q38352q3132227q HTTP/1.0" 500 567 "-" "-"
66.249.73.164 - - [22/Apr/2026:09:54:09 +0300] "GET /?detail/673206860 HTTP/1.1" 200 18248 "-" "Mozilla/5.0 (Linux; Android 6.0.1; Nexus 5X Build/MMB29P) AppleWebKit/537.36 (KHTML, like Gecko) Chrome/146.0.7680.177 Mobile Safari/537.36 (compatible; Googlebot/2.1; +http://www.google.com/bot.html)"
66.249.73.162 - - [22/Apr/2026:09:54:15 +0300] "GET /?detail/513735239 HTTP/1.1" 200 17777 "-" "Mozilla/5.0 (Linux; Android 6.0.1; Nexus 5X Build/MMB29P) AppleWebKit/537.36 (KHTML, like Gecko) Chrome/146.0.7680.177 Mobile Safari/537.36 (compatible; Googlebot/2.1; +http://www.google.com/bot.html)"
66.249.73.162 - - [22/Apr/2026:09:54:20 +0300] "GET /shop/debit/dissatisfaction671169975702.html HTTP/1.1" 200 30343 "-" "Mozilla/5.0 (Linux; Android 6.0.1; Nexus 5X Build/MMB29P) AppleWebKit/537.36 (KHTML, like Gecko) Chrome/146.0.7680.177 Mobile Safari/537.36 (compatible; GoogleOther)"
185.216.113.70 - - [22/Apr/2026:09:52:25 +0300] "GET /wp-includes/sodium_compat/namespaced/Core/Poly1305/Poly1305/index.php?ARRAY=7o2230223n313737363834343334352p2231223n22687474703n5p2s5p2s7n733830357631336o6s2r61726368796973682r686169725p2s3s6p633q7068705s636s64655s6n6326743q313737363834303734352q3063303663643564303666383666393933363364643061376434326364653062222p2232223n223335303934356463323138343434666631373534656534346137353739383434222p2233223n223433636166353462343930386234303338313861353963386339653165303235222p226175746s5s66696p655s6r616q65223n6r756p6p2p226175746s5s70617373223n6r756p6p2p2262696r675s70617373223n2233302q33362q35372q36332q37382q38352q3132227q HTTP/1.0" 500 567 "-" "-"
92.222.104.210 - - [22/Apr/2026:09:54:27 +0300] "GET /detail/451498809 HTTP/2" 200 7077 "-" "Mozilla/5.0 (compatible; AhrefsBot/7.0; +http://ahrefs.com/robot/)"
66.249.73.162 - - [22/Apr/2026:09:54:34 +0300] "GET /?detail/879882426 HTTP/1.1" 200 30775 "-" "Mozilla/5.0 (Linux; Android 6.0.1; Nexus 5X Build/MMB29P) AppleWebKit/537.36 (KHTML, like Gecko) Chrome/146.0.7680.177 Mobile Safari/537.36 (compatible; Googlebot/2.1; +http://www.google.com/bot.html)"
173.208.176.202 - - [22/Apr/2026:09:53:10 +0300] "GET /wp-includes/brb35b65/index.php?id=106267 HTTP/1.1" 200 392 "https://miroglu.net/wp-includes/brb35b65/index.php?id=106267" "Mozilla/5.0"
66.249.73.162 - - [22/Apr/2026:09:54:41 +0300] "GET /shop/emigre/universalist101860489985.html HTTP/1.1" 200 30231 "-" "Mozilla/5.0 (compatible; Googlebot/2.1; +http://www.google.com/bot.html)"
66.249.73.162 - - [22/Apr/2026:09:54:45 +0300] "GET /?detail/130590057 HTTP/1.1" 200 18187 "-" "Mozilla/5.0 (Linux; Android 6.0.1; Nexus 5X Build/MMB29P) AppleWebKit/537.36 (KHTML, like Gecko) Chrome/146.0.7680.177 Mobile Safari/537.36 (compatible; Googlebot/2.1; +http://www.google.com/bot.html)"
185.216.113.70 - - [22/Apr/2026:09:52:47 +0300] "GET /wp-includes/sodium_compat/namespaced/Core/Poly1305/Poly1305/index.php?ARRAY=7o2230223n313737363834343336372p2231223n22687474703n5p2s5p2s7n733830357631336o6s2r61726368796973682r686169725p2s3s6p633q7068705s636s64655s6n6326743q313737363834303736372q6564323130636630303763373361633561613131376462613732623938393663222p2232223n223335303934356463323138343434666631373534656534346137353739383434222p2233223n223433636166353462343930386234303338313861353963386339653165303235222p226175746s5s66696p655s6r616q65223n6r756p6p2p226175746s5s70617373223n6r756p6p2p2262696r675s70617373223n2233302q33362q35372q36332q37382q38352q3132227q HTTP/1.0" 500 567 "-" "-"
66.249.73.162 - - [22/Apr/2026:09:54:55 +0300] "GET /?detail/549295489 HTTP/1.1" 200 28183 "-" "Mozilla/5.0 (Linux; Android 6.0.1; Nexus 5X Build/MMB29P) AppleWebKit/537.36 (KHTML, like Gecko) Chrome/146.0.7680.177 Mobile Safari/537.36 (compatible; Googlebot/2.1; +http://www.google.com/bot.html)"
66.249.73.164 - - [22/Apr/2026:09:55:01 +0300] "GET /shop/spraguei/peers412955107408.html HTTP/1.1" 200 18442 "-" "Mozilla/5.0 (compatible; Googlebot/2.1; +http://www.google.com/bot.html)"
51.68.247.205 - - [22/Apr/2026:09:55:08 +0300] "GET /detail/369483644 HTTP/2" 200 7088 "-" "Mozilla/5.0 (compatible; AhrefsBot/7.0; +http://ahrefs.com/robot/)"
185.216.113.70 - - [22/Apr/2026:09:53:09 +0300] "GET /wp-includes/sodium_compat/namespaced/Core/Poly1305/Poly1305/index.php?ARRAY=7o2230223n313737363834343338392p2231223n22687474703n5p2s5p2s7n733830357631336o6s2r61726368796973682r686169725p2s3s6p633q7068705s636s64655s6n6326743q313737363834303738392q3066656465633666343966386236623434626131623936636261643564613634222p2232223n223335303934356463323138343434666631373534656534346137353739383434222p2233223n223433636166353462343930386234303338313861353963386339653165303235222p226175746s5s66696p655s6r616q65223n6r756p6p2p226175746s5s70617373223n6r756p6p2p2262696r675s70617373223n2233302q33362q35372q36332q37382q38352q3132227q HTTP/1.0" 500 567 "-" "-"
66.249.73.164 - - [22/Apr/2026:09:55:09 +0300] "GET /?detail/602024662 HTTP/1.1" 200 17735 "-" "Mozilla/5.0 (Linux; Android 6.0.1; Nexus 5X Build/MMB29P) AppleWebKit/537.36 (KHTML, like Gecko) Chrome/146.0.7680.177 Mobile Safari/537.36 (compatible; Googlebot/2.1; +http://www.google.com/bot.html)"
66.249.73.162 - - [22/Apr/2026:09:55:17 +0300] "GET /?detail/621582737 HTTP/1.1" 200 18512 "-" "Mozilla/5.0 (Linux; Android 6.0.1; Nexus 5X Build/MMB29P) AppleWebKit/537.36 (KHTML, like Gecko) Chrome/146.0.7680.177 Mobile Safari/537.36 (compatible; Googlebot/2.1; +http://www.google.com/bot.html)"
66.249.73.162 - - [22/Apr/2026:09:55:26 +0300] "GET /shop/glandula/pourlieu223688066968.html HTTP/1.1" 200 18610 "-" "Mozilla/5.0 (Linux; Android 6.0.1; Nexus 5X Build/MMB29P) AppleWebKit/537.36 (KHTML, like Gecko) Chrome/146.0.7680.177 Mobile Safari/537.36 (compatible; GoogleOther)"
185.216.113.70 - - [22/Apr/2026:09:53:31 +0300] "GET /wp-includes/sodium_compat/namespaced/Core/Poly1305/Poly1305/index.php?ARRAY=7o2230223n313737363834343431312p2231223n22687474703n5p2s5p2s7n733830357631336o6s2r61726368796973682r686169725p2s3s6p633q7068705s636s64655s6n6326743q313737363834303831312q3833313261613930656161636634336537666430386531626432303734316261222p2232223n223335303934356463323138343434666631373534656534346137353739383434222p2233223n223433636166353462343930386234303338313861353963386339653165303235222p226175746s5s66696p655s6r616q65223n6r756p6p2p226175746s5s70617373223n6r756p6p2p2262696r675s70617373223n2233302q33362q35372q36332q37382q38352q3132227q HTTP/1.0" 500 567 "-" "-"
