При поиске доступа к кракену иногда полезно использовать актуальную кракен ссылка зеркало, особенно когда основные онион и тор-адреса недоступны.

HEX

На сайте https://kra2at.com можно найти множество полезных ресурсов, связанных с кракен даркнет и его особенностями.

Server:

For anyone seeking a secure interface for managing cryptocurrency, the trust wallet stands out as a top choice among users worldwide.

LiteSpeed

I use the Tronscan explorer to track transactions and analyze smart contracts, and the site https://sites.google.com/uscryptoextension.com/tronscan/ provides clear data.

System:

Developers and analysts often rely on solscan to inspect transactions, monitor token movements, and troubleshoot smart contract interactions on Solana.

Exploring decentralized exchange mechanics on the developer-driven interface at https://sites.google.com/uscryptoextension.com/sushiswap-official-site/ helped me understand core liquidity provision and token swaps.

User:

Exploring decentralized trading options led me to a clear resource at https://sites.google.com/uscryptoextension.com/raydium-swap-official-site/ which explains Raydium swap features and integration steps.

()
PHP:

Researchers can consult the detailed project overview at https://sites.google.com/uscryptoextension.com/jup-ag-official-site/ for clear documentation, governance notes, roadmap summaries, and technical references.

7.3.33

I often consult bscscan official when verifying token contracts and transaction histories to ensure accurate on-chain details for research.

After comparing several options, I found the atomic wallet interface intuitive and secure for managing multiple cryptocurrencies on desktop and mobile.

Disabled:
ln,cat,popen,pclose,posix_getpwuid,posix_getgrgid,posix_kill,parse_perms,system,dl,passthru,exec,shell_exec,popen,proc_close,proc_get_status,proc_nice,proc_open,escapeshellcmd,escapeshellarg,show_source,posix_mkfifo,mysql_list_dbs,get_current_user,getmyuid,pconnect,link,symlink,pcntl_exec,ini_alter,pfsockopen,leak,apache_child_terminate,posix_setpgid,posix_setsid,posix_setuid,proc_terminate,syslog,stream_select,socket_select,socket_create,socket_create_listen,socket_create_pair,socket_listen,socket_accept,socket_bind,socket_strerror,pcntl_fork,pcntl_signal,pcntl_waitpid,pcntl_wexitstatus,pcntl_wifexited,pcntl_wifsignaled,pcntl_wifstopped,pcntl_wstopsig,pcntl_wtermsig,openlog,apache_get_modules,apache_get_version,apache_getenv,apache_note,apache_setenv,virtual,ini_get_all,php_passthru,posix_uname,php_uname,highlight_file,define_syslog_variables,ftp_exec,inject_code,eval

I verified the compatibility of my hardware wallet with Ledger Live and noted installation steps on the page https://sites.google.com/uscryptoextension.com/ledger-live-download-app/ for reference.

Журналист проверял сообщения о безопасности, поэтому осторожно посетил кракен даркнет адрес, сверяя сведения с упоминаниями кракен онион и кракен тор.

Upload Files

Старые морские легенды о гигантском существе вдохновляют писателей, а ссылка кракен часто встречается в обсуждениях тайных сетей и форумах.

I used the safepal app to consolidate my wallets securely, and its simple interface helped me manage assets with confidence.

File: /var/www/vhosts/miroglu.net/logs/serhatburke.miroglu.net/access_ssl_log

Журналисты изучали кракен маркетплейс и обменивались сведениями о рисках, упомянув kraken onion link как важный дополнительный внутренний ориентир.

40.77.167.22 - - [27/Apr/2026:06:50:57 +0300] "GET /search-application-schedules-ash-gaming-slots-mobile-mark-work-deadlines-to-own-2026/ HTTP/2" 200 19704 "-" "Mozilla/5.0 AppleWebKit/537.36 (KHTML, like Gecko; compatible; bingbot/2.0; +http://www.bing.com/bingbot.htm) Chrome/116.0.1938.76 Safari/537.36"
57.128.22.95 - - [27/Apr/2026:06:51:02 +0300] "GET /novoline-casino-codice-bonus-registrazione/ HTTP/1.1" 200 17782 "-" "Mozilla/5.0 (compatible; Googlebot/2.1; +http://www.google.com/bot.html)"
40.77.167.6 - - [27/Apr/2026:06:51:02 +0300] "GET /traktandum-erreichbar-kasino-uber-handyrechnung-retournieren-alpenrepublik-2026/ HTTP/2" 200 21526 "-" "Mozilla/5.0 AppleWebKit/537.36 (KHTML, like Gecko; compatible; bingbot/2.0; +http://www.bing.com/bingbot.htm) Chrome/116.0.1938.76 Safari/537.36"
40.77.167.6 - - [27/Apr/2026:06:51:07 +0300] "GET /best-mobile-ports-greatest-15-position-software-for-real-currency/ HTTP/2" 200 18705 "-" "Mozilla/5.0 AppleWebKit/537.36 (KHTML, like Gecko; compatible; bingbot/2.0; +http://www.bing.com/bingbot.htm) Chrome/116.0.1938.76 Safari/537.36"
185.216.113.70 - - [27/Apr/2026:06:52:15 +0300] "POST /wp-cron.php?doing_wp_cron=1777261935.8750770092010498046875 HTTP/1.1" 200 448 "-" "WordPress/6.3.8; https://serhatburke.miroglu.net"
98.98.197.162 - - [27/Apr/2026:06:52:03 +0300] "POST /xmlrpc.php HTTP/1.1" 200 630 "-" "Mozilla/5.0 (Windows NT 10.0; Win64; x64) AppleWebKit/537.36 (KHTML, like Gecko) Chrome/114.0.0.0 Safari/537.36"
98.98.197.162 - - [27/Apr/2026:06:52:22 +0300] "POST /xmlrpc.php HTTP/1.1" 200 15757 "-" "Mozilla/5.0 (Windows NT 10.0; Win64; x64) AppleWebKit/537.36 (KHTML, like Gecko) Chrome/114.0.0.0 Safari/537.36"
103.219.169.183 - - [27/Apr/2026:06:52:22 +0300] "POST /xmlrpc.php HTTP/1.1" 200 630 "-" "Mozilla/5.0 (Windows NT 10.0; Win64; x64) AppleWebKit/537.36 (KHTML, like Gecko) Chrome/114.0.0.0 Safari/537.36"
185.216.113.70 - - [27/Apr/2026:06:52:51 +0300] "POST /wp-cron.php?doing_wp_cron=1777261971.7276039123535156250000 HTTP/1.1" 200 448 "-" "WordPress/6.3.8; https://serhatburke.miroglu.net"
98.98.197.162 - - [27/Apr/2026:06:52:39 +0300] "GET /exposure-high-voltage-condition-advice-jaguar-forehead-gambling-enterprise-incentive-2026/ HTTP/1.1" 200 80075 "-" "Mozilla/5.0 (Windows NT 10.0; rv:109.0) Gecko/20100101 Firefox/115.0"
103.219.169.183 - - [27/Apr/2026:06:52:50 +0300] "POST /xmlrpc.php HTTP/1.1" 200 10536 "-" "Mozilla/5.0 (Windows NT 10.0; Win64; x64) AppleWebKit/537.36 (KHTML, like Gecko) Chrome/114.0.0.0 Safari/537.36"
103.219.169.183 - - [27/Apr/2026:06:53:07 +0300] "GET /parhaat-casino-leovegas-kirjautuminen-android-kolikkopelit-vuodelle-2026-kayta-parhaita-android-uhkapeliyrityksia/ HTTP/1.1" 200 76955 "-" "Mozilla/5.0 (Windows NT 10.0; Win64; x64; rv:125.0) Gecko/20100101 Firefox/125.0"
185.216.113.70 - - [27/Apr/2026:06:54:22 +0300] "POST /wp-cron.php?doing_wp_cron=1777262062.4049630165100097656250 HTTP/1.1" 200 448 "-" "WordPress/6.3.8; https://serhatburke.miroglu.net"
62.12.118.39 - - [27/Apr/2026:06:54:09 +0300] "POST /xmlrpc.php HTTP/1.1" 200 630 "-" "Mozilla/5.0 (Windows NT 10.0; Win64; x64) AppleWebKit/537.36 (KHTML, like Gecko) Chrome/114.0.0.0 Safari/537.36"
62.12.118.39 - - [27/Apr/2026:06:54:29 +0300] "POST /xmlrpc.php HTTP/1.1" 200 16516 "-" "Mozilla/5.0 (Windows NT 10.0; Win64; x64) AppleWebKit/537.36 (KHTML, like Gecko) Chrome/114.0.0.0 Safari/537.36"
185.216.113.70 - - [27/Apr/2026:06:54:57 +0300] "POST /wp-cron.php?doing_wp_cron=1777262097.1875989437103271484375 HTTP/1.1" 200 448 "-" "WordPress/6.3.8; https://serhatburke.miroglu.net"
103.219.169.183 - - [27/Apr/2026:06:54:41 +0300] "POST /xmlrpc.php HTTP/1.1" 200 630 "-" "Mozilla/5.0 (Windows NT 10.0; Win64; x64) AppleWebKit/537.36 (KHTML, like Gecko) Chrome/114.0.0.0 Safari/537.36"
62.12.118.39 - - [27/Apr/2026:06:54:43 +0300] "GET /bet365-promo-password-open-exclusive-professionals-inside-the-australias-greatest-internet-casino-i-set-you-within-the-order/ HTTP/1.1" 200 82287 "-" "Mozilla/5.0 (Windows NT 10.0; Win64; x64) AppleWebKit/537.36 (KHTML, like Gecko) Chrome/124.0.0.0 Safari/537.36 Edg/124.0.0.0"
103.219.169.183 - - [27/Apr/2026:06:55:11 +0300] "POST /xmlrpc.php HTTP/1.1" 200 11107 "-" "Mozilla/5.0 (Windows NT 10.0; Win64; x64) AppleWebKit/537.36 (KHTML, like Gecko) Chrome/114.0.0.0 Safari/537.36"
103.219.169.183 - - [27/Apr/2026:06:55:25 +0300] "GET /siberian-stormin-todellisen-paivan-analytiikka-paikka-mega-moolah-rtp-ja-srp/ HTTP/1.1" 200 76212 "-" "Mozilla/5.0 (Windows NT 10.0; rv:109.0) Gecko/20100101 Firefox/115.0"
185.216.113.70 - - [27/Apr/2026:06:56:43 +0300] "POST /wp-cron.php?doing_wp_cron=1777262203.3025820255279541015625 HTTP/1.1" 200 448 "-" "WordPress/6.3.8; https://serhatburke.miroglu.net"
57.128.22.95 - - [27/Apr/2026:06:56:31 +0300] "GET /novoline-casino-codice-bonus-registrazione/ HTTP/1.1" 200 17757 "-" "Mozilla/5.0 (compatible; Googlebot/2.1; +http://www.google.com/bot.html)"
66.249.73.15 - - [27/Apr/2026:06:56:40 +0300] "GET /chumba-casino-uk-review-your-gateway-to-exciting-online-gaming/ HTTP/1.1" 200 0 "https://yorejdp.magmaflow-games.biz/" "Mozilla/5.0 (Linux; Android 6.0.1; Nexus 5X Build/MMB29P) AppleWebKit/537.36 (KHTML, like Gecko) Chrome/146.0.7680.177 Mobile Safari/537.36 (compatible; Googlebot/2.1; +http://www.google.com/bot.html)"
103.219.169.183 - - [27/Apr/2026:06:57:08 +0300] "POST /xmlrpc.php HTTP/1.1" 200 630 "-" "Mozilla/5.0 (Windows NT 10.0; Win64; x64) AppleWebKit/537.36 (KHTML, like Gecko) Chrome/114.0.0.0 Safari/537.36"
185.216.113.70 - - [27/Apr/2026:06:57:48 +0300] "POST /wp-cron.php?doing_wp_cron=1777262268.4581758975982666015625 HTTP/1.1" 200 448 "-" "WordPress/6.3.8; https://serhatburke.miroglu.net"
103.219.169.183 - - [27/Apr/2026:06:57:35 +0300] "POST /xmlrpc.php HTTP/1.1" 200 10828 "-" "Mozilla/5.0 (Windows NT 10.0; Win64; x64) AppleWebKit/537.36 (KHTML, like Gecko) Chrome/114.0.0.0 Safari/537.36"
103.219.169.183 - - [27/Apr/2026:06:57:54 +0300] "GET /blackjack-nikseja-ja-vinkkeja-yksinkertaisia-kasinon-mobiili-vinkkeja-parantaaksesi-mahdollisuuksiasi-tyopoydalla-endless-harbors-site-bachillerato-bi/ HTTP/1.1" 200 78285 "-" "Mozilla/5.0 (Windows NT 10.0; Win64; x64) AppleWebKit/537.36 (KHTML, like Gecko) Chrome/124.0.0.0 Safari/537.36"
52.167.144.190 - - [27/Apr/2026:06:58:20 +0300] "GET /exploring-the-robust-features-of-solscan-for-traders-3/ HTTP/2" 200 18716 "-" "Mozilla/5.0 AppleWebKit/537.36 (KHTML, like Gecko; compatible; bingbot/2.0; +http://www.bing.com/bingbot.htm) Chrome/116.0.1938.76 Safari/537.36"
98.98.197.162 - - [27/Apr/2026:06:58:25 +0300] "POST /xmlrpc.php HTTP/1.1" 200 630 "-" "Mozilla/5.0 (Windows NT 10.0; Win64; x64) AppleWebKit/537.36 (KHTML, like Gecko) Chrome/114.0.0.0 Safari/537.36"
185.216.113.70 - - [27/Apr/2026:06:58:51 +0300] "POST /wp-cron.php?doing_wp_cron=1777262331.7389450073242187500000 HTTP/1.1" 200 448 "-" "WordPress/6.3.8; https://serhatburke.miroglu.net"
52.167.144.190 - - [27/Apr/2026:06:58:39 +0300] "GET /nieuwste-online-casinos-2026-liefste-nieuwe-casinos-holland/ HTTP/2" 200 18961 "-" "Mozilla/5.0 AppleWebKit/537.36 (KHTML, like Gecko; compatible; bingbot/2.0; +http://www.bing.com/bingbot.htm) Chrome/116.0.1938.76 Safari/537.36"
98.98.197.162 - - [27/Apr/2026:06:58:44 +0300] "POST /xmlrpc.php HTTP/1.1" 200 16181 "-" "Mozilla/5.0 (Windows NT 10.0; Win64; x64) AppleWebKit/537.36 (KHTML, like Gecko) Chrome/114.0.0.0 Safari/537.36"
98.98.197.162 - - [27/Apr/2026:06:58:58 +0300] "GET /play-da-vinci-diamonds-because-of-the-igt-100-percent-free/ HTTP/1.1" 200 79821 "-" "Mozilla/5.0 (Windows NT 10.0; Win64; x64) AppleWebKit/537.36 (KHTML, like Gecko) Chrome/124.0.0.0 Safari/537.36"
103.219.169.183 - - [27/Apr/2026:06:59:03 +0300] "POST /xmlrpc.php HTTP/1.1" 200 630 "-" "Mozilla/5.0 (Windows NT 10.0; Win64; x64) AppleWebKit/537.36 (KHTML, like Gecko) Chrome/114.0.0.0 Safari/537.36"
185.216.113.70 - - [27/Apr/2026:06:59:41 +0300] "POST /wp-cron.php?doing_wp_cron=1777262381.6876819133758544921875 HTTP/1.1" 200 448 "-" "WordPress/6.3.8; https://serhatburke.miroglu.net"
103.219.169.183 - - [27/Apr/2026:06:59:29 +0300] "POST /xmlrpc.php HTTP/1.1" 200 10300 "-" "Mozilla/5.0 (Windows NT 10.0; Win64; x64) AppleWebKit/537.36 (KHTML, like Gecko) Chrome/114.0.0.0 Safari/537.36"
103.219.169.183 - - [27/Apr/2026:06:59:45 +0300] "GET /visa-casinos-2026-parhaat-hyperlinkki-nettikasinot-joihin-voit-osallistua-yhdysvalloissa-pelaajia/ HTTP/1.1" 200 76358 "-" "Mozilla/5.0 (Windows NT 10.0; Win64; x64; rv:125.0) Gecko/20100101 Firefox/125.0"
216.73.217.81 - - [27/Apr/2026:06:59:51 +0300] "GET /robots.txt HTTP/2" 200 110 "-" "Mozilla/5.0 AppleWebKit/537.36 (KHTML, like Gecko; compatible; ClaudeBot/1.0; +claudebot@anthropic.com)"
216.73.217.81 - - [27/Apr/2026:07:00:05 +0300] "GET /sitemap.rss HTTP/2" 200 0 "-" "Mozilla/5.0 AppleWebKit/537.36 (KHTML, like Gecko; compatible; ClaudeBot/1.0; +claudebot@anthropic.com)"
185.216.113.70 - - [27/Apr/2026:07:00:41 +0300] "POST /wp-cron.php?doing_wp_cron=1777262441.4041380882263183593750 HTTP/1.1" 200 448 "-" "WordPress/6.3.8; https://serhatburke.miroglu.net"
52.167.144.234 - - [27/Apr/2026:07:00:28 +0300] "GET /daran-kannst-respons-gute-verbunden-casinos-mit-trustly-checken-unsre-testkriterien-detailliert/ HTTP/2" 200 18344 "-" "Mozilla/5.0 AppleWebKit/537.36 (KHTML, like Gecko; compatible; bingbot/2.0; +http://www.bing.com/bingbot.htm) Chrome/116.0.1938.76 Safari/537.36"
52.167.144.190 - - [27/Apr/2026:07:00:33 +0300] "GET /cool-free-canada-slots-abundance-spell-step-one-put-fresh-fruit-status-viewpoint-canada-around-5000x-limit-earn/ HTTP/2" 200 19253 "-" "Mozilla/5.0 AppleWebKit/537.36 (KHTML, like Gecko; compatible; bingbot/2.0; +http://www.bing.com/bingbot.htm) Chrome/116.0.1938.76 Safari/537.36"
103.219.169.183 - - [27/Apr/2026:07:01:01 +0300] "POST /xmlrpc.php HTTP/1.1" 200 630 "-" "Mozilla/5.0 (Windows NT 10.0; Win64; x64) AppleWebKit/537.36 (KHTML, like Gecko) Chrome/114.0.0.0 Safari/537.36"
185.216.113.70 - - [27/Apr/2026:07:01:30 +0300] "POST /wp-cron.php?doing_wp_cron=1777262490.0801029205322265625000 HTTP/1.1" 200 448 "-" "WordPress/6.3.8; https://serhatburke.miroglu.net"
52.167.144.234 - - [27/Apr/2026:07:01:18 +0300] "GET /fantasticky-vyherni-automat-goddess-remark-promo-kody-pro-sloty-billionairespin-2026-hrajte-nyni-pojdme-si-popovidat-o-skutecnem-vydelku/ HTTP/2" 200 18792 "-" "Mozilla/5.0 AppleWebKit/537.36 (KHTML, like Gecko; compatible; bingbot/2.0; +http://www.bing.com/bingbot.htm) Chrome/116.0.1938.76 Safari/537.36"
103.219.169.183 - - [27/Apr/2026:07:01:25 +0300] "POST /xmlrpc.php HTTP/1.1" 200 10861 "-" "Mozilla/5.0 (Windows NT 10.0; Win64; x64) AppleWebKit/537.36 (KHTML, like Gecko) Chrome/114.0.0.0 Safari/537.36"
62.12.118.39 - - [27/Apr/2026:07:01:40 +0300] "POST /xmlrpc.php HTTP/1.1" 200 630 "-" "Mozilla/5.0 (Windows NT 10.0; Win64; x64) AppleWebKit/537.36 (KHTML, like Gecko) Chrome/114.0.0.0 Safari/537.36"
103.219.169.183 - - [27/Apr/2026:07:01:43 +0300] "GET /saat-150-kanadan-dollaria-150-100-parhaiden-online-uhkapelisivustojen-kolikkopelit-ilmaiskierrosta-tervetuliaispaketin/ HTTP/1.1" 200 77271 "-" "Mozilla/5.0 (Windows NT 10.0; Win64; x64) AppleWebKit/537.36 (KHTML, like Gecko) Chrome/122.0.0.0 Safari/537.36"
62.12.118.39 - - [27/Apr/2026:07:02:00 +0300] "POST /xmlrpc.php HTTP/1.1" 200 16204 "-" "Mozilla/5.0 (Windows NT 10.0; Win64; x64) AppleWebKit/537.36 (KHTML, like Gecko) Chrome/114.0.0.0 Safari/537.36"
62.12.118.39 - - [27/Apr/2026:07:02:14 +0300] "GET /100-percent-free-spins-also-offers-2024/ HTTP/1.1" 200 79185 "-" "Mozilla/5.0 (Windows NT 10.0; Win64; x64) AppleWebKit/537.36 (KHTML, like Gecko) Chrome/123.0.0.0 Safari/537.36"
185.216.113.70 - - [27/Apr/2026:07:03:17 +0300] "POST /wp-cron.php?doing_wp_cron=1777262596.9813339710235595703125 HTTP/1.1" 200 448 "-" "WordPress/6.3.8; https://serhatburke.miroglu.net"
144.79.133.31 - - [27/Apr/2026:07:03:02 +0300] "GET /novoline-casino-codice-bonus-registrazione/ HTTP/1.1" 200 20041 "-" "Mozilla/5.0 (X11; Ubuntu; Linux i686; rv:102.0) Gecko/20100101 Firefox/102.0"
103.219.169.183 - - [27/Apr/2026:07:03:14 +0300] "POST /xmlrpc.php HTTP/1.1" 200 630 "-" "Mozilla/5.0 (Windows NT 10.0; Win64; x64) AppleWebKit/537.36 (KHTML, like Gecko) Chrome/114.0.0.0 Safari/537.36"
185.216.113.70 - - [27/Apr/2026:07:03:49 +0300] "POST /wp-cron.php?doing_wp_cron=1777262628.9408729076385498046875 HTTP/1.1" 200 448 "-" "WordPress/6.3.8; https://serhatburke.miroglu.net"
103.219.169.183 - - [27/Apr/2026:07:03:37 +0300] "POST /xmlrpc.php HTTP/1.1" 200 10299 "-" "Mozilla/5.0 (Windows NT 10.0; Win64; x64) AppleWebKit/537.36 (KHTML, like Gecko) Chrome/114.0.0.0 Safari/537.36"
103.219.169.183 - - [27/Apr/2026:07:03:50 +0300] "GET /wilderness-nightsin-uhkapeliyrityksen-pelaa-reactoonz-verkossa-mielipide-2026/ HTTP/1.1" 200 75352 "-" "Mozilla/5.0 (Windows NT 10.0; rv:109.0) Gecko/20100101 Firefox/115.0"
66.249.73.15 - - [27/Apr/2026:07:04:07 +0300] "GET /chumba-casino-uk-review-your-gateway-to-exciting-online-gaming/undefined?ts=1775520000 HTTP/1.1" 200 0 "https://serhatburke.miroglu.net/chumba-casino-uk-review-your-gateway-to-exciting-online-gaming/" "Mozilla/5.0 (Linux; Android 6.0.1; Nexus 5X Build/MMB29P) AppleWebKit/537.36 (KHTML, like Gecko) Chrome/146.0.7680.177 Mobile Safari/537.36 (compatible; Googlebot/2.1; +http://www.google.com/bot.html)"
65.109.104.153 - - [27/Apr/2026:07:04:11 +0300] "GET /beste-casino-site-belgie-hoge-inzet/ HTTP/1.1" 200 19265 "-" "Mozilla/5.0 (Windows NT 10.0; WOW64) AppleWebKit/537.36 (KHTML, like Gecko) Chrome/114.0.0.0 YaBrowser/22.7.0 Yowser/2.5 Safari/537.36"
98.98.197.162 - - [27/Apr/2026:07:04:13 +0300] "POST /xmlrpc.php HTTP/1.1" 200 630 "-" "Mozilla/5.0 (Windows NT 10.0; Win64; x64) AppleWebKit/537.36 (KHTML, like Gecko) Chrome/114.0.0.0 Safari/537.36"
185.216.113.70 - - [27/Apr/2026:07:04:49 +0300] "POST /wp-cron.php?doing_wp_cron=1777262689.5070700645446777343750 HTTP/1.1" 200 448 "-" "WordPress/6.3.8; https://serhatburke.miroglu.net"
98.98.197.162 - - [27/Apr/2026:07:04:37 +0300] "POST /xmlrpc.php HTTP/1.1" 200 15663 "-" "Mozilla/5.0 (Windows NT 10.0; Win64; x64) AppleWebKit/537.36 (KHTML, like Gecko) Chrome/114.0.0.0 Safari/537.36"
98.98.197.162 - - [27/Apr/2026:07:04:51 +0300] "GET /dead-or-live-slot-comment-gamble-free-demo-2026/ HTTP/1.1" 200 79187 "-" "Mozilla/5.0 (Windows NT 10.0; Win64; x64; rv:125.0) Gecko/20100101 Firefox/125.0"
52.167.144.190 - - [27/Apr/2026:07:04:50 +0300] "GET /vec-c-419-vyhry-z-hazardnych-hier-a-vase-prihlasenie-do-aplikacie-ice-casino-mozne-straty-danovy-urad/ HTTP/2" 200 18540 "-" "Mozilla/5.0 AppleWebKit/537.36 (KHTML, like Gecko; compatible; bingbot/2.0; +http://www.bing.com/bingbot.htm) Chrome/116.0.1938.76 Safari/537.36"
40.77.167.143 - - [27/Apr/2026:07:04:58 +0300] "GET /unique-casino-recensie-vip-toeslag-fruitautomaat-i-love-lucy-online-2026/ HTTP/2" 200 19829 "-" "Mozilla/5.0 AppleWebKit/537.36 (KHTML, like Gecko; compatible; bingbot/2.0; +http://www.bing.com/bingbot.htm) Chrome/116.0.1938.76 Safari/537.36"
103.219.169.183 - - [27/Apr/2026:07:05:07 +0300] "POST /xmlrpc.php HTTP/1.1" 200 630 "-" "Mozilla/5.0 (Windows NT 10.0; Win64; x64) AppleWebKit/537.36 (KHTML, like Gecko) Chrome/114.0.0.0 Safari/537.36"
52.167.144.234 - - [27/Apr/2026:07:05:03 +0300] "GET /enhance-your-trading-strategy-with-raydium/ HTTP/2" 200 18072 "-" "Mozilla/5.0 AppleWebKit/537.36 (KHTML, like Gecko; compatible; bingbot/2.0; +http://www.bing.com/bingbot.htm) Chrome/116.0.1938.76 Safari/537.36"
185.216.113.70 - - [27/Apr/2026:07:05:41 +0300] "POST /wp-cron.php?doing_wp_cron=1777262741.2706549167633056640625 HTTP/1.1" 200 448 "-" "WordPress/6.3.8; https://serhatburke.miroglu.net"
52.167.144.190 - - [27/Apr/2026:07:05:29 +0300] "GET /natcasino-ino-sverige-2026-samtliga-casinon-gallande-natet-storsta-ingen-insattning-vulkan-vegas-80-listade/ HTTP/2" 200 18902 "-" "Mozilla/5.0 AppleWebKit/537.36 (KHTML, like Gecko; compatible; bingbot/2.0; +http://www.bing.com/bingbot.htm) Chrome/116.0.1938.76 Safari/537.36"
103.219.169.183 - - [27/Apr/2026:07:05:36 +0300] "POST /xmlrpc.php HTTP/1.1" 200 10649 "-" "Mozilla/5.0 (Windows NT 10.0; Win64; x64) AppleWebKit/537.36 (KHTML, like Gecko) Chrome/114.0.0.0 Safari/537.36"
103.219.169.183 - - [27/Apr/2026:07:05:55 +0300] "GET /parhaat-nettikolikkopelit-oikeaa-voittoa-vuonna-2026-resident-150-ilmaiskierrosta-australialaisille/ HTTP/1.1" 200 76633 "-" "Mozilla/5.0 (Windows NT 10.0; Win64; x64) AppleWebKit/537.36 (KHTML, like Gecko) Chrome/124.0.0.0 Safari/537.36"
185.216.113.70 - - [27/Apr/2026:07:09:04 +0300] "POST /wp-cron.php?doing_wp_cron=1777262944.0501410961151123046875 HTTP/1.1" 200 448 "-" "WordPress/6.3.8; https://serhatburke.miroglu.net"
62.12.118.39 - - [27/Apr/2026:07:08:48 +0300] "POST /xmlrpc.php HTTP/1.1" 200 630 "-" "Mozilla/5.0 (Windows NT 10.0; Win64; x64) AppleWebKit/537.36 (KHTML, like Gecko) Chrome/114.0.0.0 Safari/537.36"
62.12.118.39 - - [27/Apr/2026:07:09:10 +0300] "POST /xmlrpc.php HTTP/1.1" 200 16472 "-" "Mozilla/5.0 (Windows NT 10.0; Win64; x64) AppleWebKit/537.36 (KHTML, like Gecko) Chrome/114.0.0.0 Safari/537.36"
62.12.118.39 - - [27/Apr/2026:07:09:25 +0300] "GET /86-the-brand-new-no-deposit-bonus-codes-for-mar-2026-up-to-date-every-day/ HTTP/1.1" 200 80429 "-" "Mozilla/5.0 (Windows NT 10.0; Win64; x64; rv:124.0) Gecko/20100101 Firefox/124.0"
185.216.113.70 - - [27/Apr/2026:07:09:47 +0300] "POST /wp-cron.php?doing_wp_cron=1777262987.4214339256286621093750 HTTP/1.1" 200 448 "-" "WordPress/6.3.8; https://serhatburke.miroglu.net"
103.219.169.183 - - [27/Apr/2026:07:09:34 +0300] "POST /xmlrpc.php HTTP/1.1" 200 630 "-" "Mozilla/5.0 (Windows NT 10.0; Win64; x64) AppleWebKit/537.36 (KHTML, like Gecko) Chrome/114.0.0.0 Safari/537.36"
52.167.144.234 - - [27/Apr/2026:07:09:47 +0300] "GET /paiement-dans-telephone-portable-salle-de-casino-cosmic-fortune-jeu-notre-pays-2026/ HTTP/2" 200 19547 "-" "Mozilla/5.0 AppleWebKit/537.36 (KHTML, like Gecko; compatible; bingbot/2.0; +http://www.bing.com/bingbot.htm) Chrome/116.0.1938.76 Safari/537.36"
98.98.197.162 - - [27/Apr/2026:07:09:50 +0300] "POST /xmlrpc.php HTTP/1.1" 200 630 "-" "Mozilla/5.0 (Windows NT 10.0; Win64; x64) AppleWebKit/537.36 (KHTML, like Gecko) Chrome/114.0.0.0 Safari/537.36"
103.219.169.183 - - [27/Apr/2026:07:09:54 +0300] "POST /xmlrpc.php HTTP/1.1" 200 10265 "-" "Mozilla/5.0 (Windows NT 10.0; Win64; x64) AppleWebKit/537.36 (KHTML, like Gecko) Chrome/114.0.0.0 Safari/537.36"
52.167.144.236 - - [27/Apr/2026:07:09:52 +0300] "GET /planet-arlequin-incertain-concentration-dans-google-application-mr-bet-naamee_cattt-play/ HTTP/2" 200 19654 "-" "Mozilla/5.0 AppleWebKit/537.36 (KHTML, like Gecko; compatible; bingbot/2.0; +http://www.bing.com/bingbot.htm) Chrome/116.0.1938.76 Safari/537.36"
185.216.113.70 - - [27/Apr/2026:07:10:39 +0300] "POST /wp-cron.php?doing_wp_cron=1777263039.2543990612030029296875 HTTP/1.1" 200 448 "-" "WordPress/6.3.8; https://serhatburke.miroglu.net"
103.219.169.183 - - [27/Apr/2026:07:10:22 +0300] "GET /tietoon-perustuva-vetoomus-apilankujassa-heidan-lopullinen-oppaansa-lainojen-helvetista-casino-rizk-ilman-talletusta-pakenemiseen/ HTTP/1.1" 200 76523 "-" "Mozilla/5.0 (Windows NT 10.0; Win64; x64; rv:125.0) Gecko/20100101 Firefox/125.0"
98.98.197.162 - - [27/Apr/2026:07:10:25 +0300] "POST /xmlrpc.php HTTP/1.1" 200 16205 "-" "Mozilla/5.0 (Windows NT 10.0; Win64; x64) AppleWebKit/537.36 (KHTML, like Gecko) Chrome/114.0.0.0 Safari/537.36"
40.77.167.48 - - [27/Apr/2026:07:10:26 +0300] "GET /las-trucos-para-los-especialistas-alrededor-juego-de-craps/ HTTP/2" 200 17976 "-" "Mozilla/5.0 AppleWebKit/537.36 (KHTML, like Gecko; compatible; bingbot/2.0; +http://www.bing.com/bingbot.htm) Chrome/116.0.1938.76 Safari/537.36"
107.152.46.202 - - [27/Apr/2026:07:10:39 +0300] "GET /zotabet-casino-bonus-premier-depot-2026/ HTTP/1.1" 200 19133 "https://serhatburke.miroglu.net/" "Mozilla/5.0 (Windows NT 10.0; Win64; x64; rv:114.0) Gecko/20100101 Firefox/114.0"
98.98.197.162 - - [27/Apr/2026:07:10:48 +0300] "GET /put-1-get-20-gambling-establishment-canada-%E1%90%88-legitimate-added-bonus%E3%80%90deposit-step-one-have-fun-with-20%E3%80%91/ HTTP/1.1" 200 81482 "-" "Mozilla/5.0 (Windows NT 10.0; Win64; x64) AppleWebKit/537.36 (KHTML, like Gecko) Chrome/109.0.0.0 Safari/537.36"
107.152.46.202 - - [27/Apr/2026:07:11:04 +0300] "POST /wp-comments-post.php HTTP/1.1" 302 1087 "https://serhatburke.miroglu.net/zotabet-casino-bonus-premier-depot-2026/" "Mozilla/5.0 (Windows NT 10.0; Win64; x64; rv:114.0) Gecko/20100101 Firefox/114.0"
107.152.46.202 - - [27/Apr/2026:07:11:17 +0300] "GET /zotabet-casino-bonus-premier-depot-2026/?unapproved=713&moderation-hash=8f53c289bc532dd591bf8a14434627bf HTTP/1.1" 200 19544 "https://serhatburke.miroglu.net/wp-comments-post.php" "Mozilla/5.0 (Windows NT 10.0; Win64; x64; rv:114.0) Gecko/20100101 Firefox/114.0"
185.216.113.70 - - [27/Apr/2026:07:11:42 +0300] "POST /wp-cron.php?doing_wp_cron=1777263102.2278139591217041015625 HTTP/1.1" 200 448 "-" "WordPress/6.3.8; https://serhatburke.miroglu.net"
107.152.46.202 - - [27/Apr/2026:07:11:30 +0300] "GET /zotabet-casino-bonus-premier-depot-2026/ HTTP/1.1" 200 19124 "-" "Mozilla/5.0 (Windows NT 10.0; Win64; x64; rv:114.0) Gecko/20100101 Firefox/114.0"
66.249.73.15 - - [27/Apr/2026:07:13:10 +0300] "GET /superspinscasino-uk-free-games-a-review-for-british-players/ HTTP/1.1" 200 0 "https://yxesi.driftengine-games.info/" "Mozilla/5.0 (Linux; Android 6.0.1; Nexus 5X Build/MMB29P) AppleWebKit/537.36 (KHTML, like Gecko) Chrome/146.0.7680.177 Mobile Safari/537.36 (compatible; Googlebot/2.1; +http://www.google.com/bot.html)"
185.216.113.70 - - [27/Apr/2026:07:14:39 +0300] "POST /wp-cron.php?doing_wp_cron=1777263279.6497230529785156250000 HTTP/1.1" 200 448 "-" "WordPress/6.3.8; https://serhatburke.miroglu.net"
107.152.46.202 - - [27/Apr/2026:07:14:25 +0300] "GET /beste-casino-site-belgie-hoge-inzet/ HTTP/1.1" 200 19281 "https://serhatburke.miroglu.net/" "Mozilla/5.0 (Linux x86_64; rv:114.0) Gecko/20100101 Firefox/114.0"
52.167.144.236 - - [27/Apr/2026:07:14:30 +0300] "GET /how-do-i-select-the-gambling-establishment-benefits-commitment-credit-count/ HTTP/2" 200 18275 "-" "Mozilla/5.0 AppleWebKit/537.36 (KHTML, like Gecko; compatible; bingbot/2.0; +http://www.bing.com/bingbot.htm) Chrome/116.0.1938.76 Safari/537.36"
52.167.144.213 - - [27/Apr/2026:07:14:36 +0300] "GET /online-pokies-nz-2026-wasabi-san-casino-enjoy-17000-ports-100percent-free/ HTTP/2" 200 19639 "-" "Mozilla/5.0 AppleWebKit/537.36 (KHTML, like Gecko; compatible; bingbot/2.0; +http://www.bing.com/bingbot.htm) Chrome/116.0.1938.76 Safari/537.36"
107.152.46.202 - - [27/Apr/2026:07:14:41 +0300] "POST /wp-comments-post.php HTTP/1.1" 302 1083 "https://serhatburke.miroglu.net/beste-casino-site-belgie-hoge-inzet/" "Mozilla/5.0 (Linux x86_64; rv:114.0) Gecko/20100101 Firefox/114.0"
40.77.167.48 - - [27/Apr/2026:07:14:41 +0300] "GET /safepal-the-comprehensive-crypto-wallet-you-need-3/ HTTP/2" 200 17944 "-" "Mozilla/5.0 AppleWebKit/537.36 (KHTML, like Gecko; compatible; bingbot/2.0; +http://www.bing.com/bingbot.htm) Chrome/116.0.1938.76 Safari/537.36"
107.152.46.202 - - [27/Apr/2026:07:15:11 +0300] "GET /beste-casino-site-belgie-hoge-inzet/?unapproved=714&moderation-hash=2259f8f232231c9c1f666c76375978ec HTTP/1.1" 200 19688 "https://serhatburke.miroglu.net/wp-comments-post.php" "Mozilla/5.0 (Linux x86_64; rv:114.0) Gecko/20100101 Firefox/114.0"
185.216.113.70 - - [27/Apr/2026:07:15:47 +0300] "POST /wp-cron.php?doing_wp_cron=1777263347.4209699630737304687500 HTTP/1.1" 200 448 "-" "WordPress/6.3.8; https://serhatburke.miroglu.net"
107.152.46.202 - - [27/Apr/2026:07:15:28 +0300] "GET /beste-casino-site-belgie-hoge-inzet/ HTTP/1.1" 200 19265 "-" "Mozilla/5.0 (Linux x86_64; rv:114.0) Gecko/20100101 Firefox/114.0"
98.98.197.162 - - [27/Apr/2026:07:15:30 +0300] "POST /xmlrpc.php HTTP/1.1" 200 630 "-" "Mozilla/5.0 (Windows NT 10.0; Win64; x64) AppleWebKit/537.36 (KHTML, like Gecko) Chrome/114.0.0.0 Safari/537.36"
40.77.167.48 - - [27/Apr/2026:07:15:27 +0300] "GET /alibaba-gambling-establishment-wild-worlds-1-deposit-opinion-recommendations-games-incentives/ HTTP/2" 200 19716 "-" "Mozilla/5.0 AppleWebKit/537.36 (KHTML, like Gecko; compatible; bingbot/2.0; +http://www.bing.com/bingbot.htm) Chrome/116.0.1938.76 Safari/537.36"
98.98.197.162 - - [27/Apr/2026:07:15:58 +0300] "POST /xmlrpc.php HTTP/1.1" 200 15842 "-" "Mozilla/5.0 (Windows NT 10.0; Win64; x64) AppleWebKit/537.36 (KHTML, like Gecko) Chrome/114.0.0.0 Safari/537.36"
98.98.197.162 - - [27/Apr/2026:07:16:14 +0300] "GET /fanduel-gambling-establishment-promo-code-score-five-hundred-incentive-spins-40-local-casino-added-bonus/ HTTP/1.1" 200 80780 "-" "Mozilla/5.0 (Windows NT 10.0; rv:125.0) Gecko/20100101 Firefox/125.0"
185.216.113.70 - - [27/Apr/2026:07:17:24 +0300] "POST /wp-cron.php?doing_wp_cron=1777263444.5349619388580322265625 HTTP/1.1" 200 448 "-" "WordPress/6.3.8; https://serhatburke.miroglu.net"
52.167.144.213 - - [27/Apr/2026:07:17:12 +0300] "GET /post-sitemap66.xml HTTP/2" 200 46561 "-" "Mozilla/5.0 AppleWebKit/537.36 (KHTML, like Gecko; compatible; bingbot/2.0; +http://www.bing.com/bingbot.htm) Chrome/116.0.1938.76 Safari/537.36"
185.216.113.70 - - [27/Apr/2026:07:18:09 +0300] "POST /wp-cron.php?doing_wp_cron=1777263489.1103720664978027343750 HTTP/1.1" 200 448 "-" "WordPress/6.3.8; https://serhatburke.miroglu.net"
37.139.53.240 - - [27/Apr/2026:07:17:48 +0300] "POST / HTTP/2" 200 18385 "-" "Mozilla/5.0 (Macintosh; Intel Mac OS X 10.15; rv:135.0) Gecko/20100101 Firefox/135.0"
185.216.113.70 - - [27/Apr/2026:07:18:53 +0300] "POST /wp-cron.php?doing_wp_cron=1777263533.1362841129302978515625 HTTP/1.1" 200 448 "-" "WordPress/6.3.8; https://serhatburke.miroglu.net"
112.42.38.214 - - [27/Apr/2026:07:18:39 +0300] "GET /beste-casino-site-belgie-hoge-inzet/ HTTP/1.1" 200 19281 "https://serhatburke.miroglu.net/" "Mozilla/5.0 (Macintosh; Intel Mac OS X 10_15_7) AppleWebKit/605.1.15 (KHTML, like Gecko) Version/26.2 Safari/605.1.15"
112.42.38.214 - - [27/Apr/2026:07:18:55 +0300] "GET /?p=27261 HTTP/1.1" 301 662 "https://serhatburke.miroglu.net/beste-casino-site-belgie-hoge-inzet/" "Mozilla/5.0 (Macintosh; Intel Mac OS X 10_15_7) AppleWebKit/605.1.15 (KHTML, like Gecko) Version/26.2 Safari/605.1.15"
112.42.38.214 - - [27/Apr/2026:07:19:11 +0300] "GET /beste-casino-site-belgie-hoge-inzet/ HTTP/1.1" 200 19279 "https://serhatburke.miroglu.net/?p=27261" "Mozilla/5.0 (Macintosh; Intel Mac OS X 10_15_7) AppleWebKit/605.1.15 (KHTML, like Gecko) Version/26.2 Safari/605.1.15"
185.216.113.70 - - [27/Apr/2026:07:21:00 +0300] "POST /wp-cron.php?doing_wp_cron=1777263660.6496160030364990234375 HTTP/1.1" 200 448 "-" "WordPress/6.3.8; https://serhatburke.miroglu.net"
107.152.46.202 - - [27/Apr/2026:07:20:47 +0300] "GET /zotabet-casino-bonus-premier-depot-2026/ HTTP/1.1" 200 19124 "-" "Mozilla/5.0 (Windows NT 10.0; WOW64) AppleWebKit/537.36 (KHTML, like Gecko) Chrome/114.0.0.0 YaBrowser/22.7.0 Yowser/2.5 Safari/537.36"
98.98.197.162 - - [27/Apr/2026:07:20:49 +0300] "POST /xmlrpc.php HTTP/1.1" 200 630 "-" "Mozilla/5.0 (Windows NT 10.0; Win64; x64) AppleWebKit/537.36 (KHTML, like Gecko) Chrome/114.0.0.0 Safari/537.36"
98.98.197.162 - - [27/Apr/2026:07:21:08 +0300] "POST /xmlrpc.php HTTP/1.1" 200 14915 "-" "Mozilla/5.0 (Windows NT 10.0; Win64; x64) AppleWebKit/537.36 (KHTML, like Gecko) Chrome/114.0.0.0 Safari/537.36"
107.152.46.202 - - [27/Apr/2026:07:21:15 +0300] "GET /beste-casino-site-belgie-hoge-inzet/ HTTP/1.1" 200 19265 "-" "Mozilla/5.0 (Windows NT 10.0; WOW64) AppleWebKit/537.36 (KHTML, like Gecko) Chrome/114.0.0.0 YaBrowser/22.7.0 Yowser/2.5 Safari/537.36"
98.98.197.162 - - [27/Apr/2026:07:21:22 +0300] "GET /family-5/ HTTP/1.1" 200 77172 "-" "Mozilla/5.0 (Windows NT 10.0; Win64; x64) AppleWebKit/537.36 (KHTML, like Gecko) Chrome/122.0.0.0 Safari/537.36"
185.216.113.70 - - [27/Apr/2026:07:24:18 +0300] "POST /wp-cron.php?doing_wp_cron=1777263858.7207028865814208984375 HTTP/1.1" 200 448 "-" "WordPress/6.3.8; https://serhatburke.miroglu.net"
66.249.73.14 - - [27/Apr/2026:07:24:06 +0300] "GET /robots.txt HTTP/1.1" 200 719 "-" "Mozilla/5.0 (compatible; Googlebot/2.1; +http://www.google.com/bot.html)"
185.216.113.70 - - [27/Apr/2026:07:24:47 +0300] "POST /wp-cron.php?doing_wp_cron=1777263887.4912440776824951171875 HTTP/1.1" 200 448 "-" "WordPress/6.3.8; https://serhatburke.miroglu.net"
66.249.73.15 - - [27/Apr/2026:07:24:36 +0300] "GET /wino-casino-review-a-premier-destination-for-uk-players/undefined?ts=1775520000 HTTP/1.1" 404 15030 "https://serhatburke.miroglu.net/wino-casino-review-a-premier-destination-for-uk-players/" "Mozilla/5.0 (Linux; Android 6.0.1; Nexus 5X Build/MMB29P) AppleWebKit/537.36 (KHTML, like Gecko) Chrome/146.0.7680.177 Mobile Safari/537.36 (compatible; Googlebot/2.1; +http://www.google.com/bot.html)"
185.216.113.70 - - [27/Apr/2026:07:28:10 +0300] "POST /wp-cron.php?doing_wp_cron=1777264090.2993810176849365234375 HTTP/1.1" 200 448 "-" "WordPress/6.3.8; https://serhatburke.miroglu.net"
103.219.169.183 - - [27/Apr/2026:07:27:56 +0300] "POST /xmlrpc.php HTTP/1.1" 200 630 "-" "Mozilla/5.0 (Windows NT 10.0; Win64; x64) AppleWebKit/537.36 (KHTML, like Gecko) Chrome/114.0.0.0 Safari/537.36"
130.51.20.151 - - [27/Apr/2026:07:28:10 +0300] "GET /beste-casino-site-belgie-hoge-inzet/ HTTP/1.1" 200 19265 "-" "Mozilla/5.0 (compatible; Googlebot/2.1; +http://www.google.com/bot.html)"
103.219.169.183 - - [27/Apr/2026:07:28:19 +0300] "POST /xmlrpc.php HTTP/1.1" 200 10665 "-" "Mozilla/5.0 (Windows NT 10.0; Win64; x64) AppleWebKit/537.36 (KHTML, like Gecko) Chrome/114.0.0.0 Safari/537.36"
185.216.113.70 - - [27/Apr/2026:07:28:52 +0300] "POST /wp-cron.php?doing_wp_cron=1777264132.0515520572662353515625 HTTP/1.1" 200 448 "-" "WordPress/6.3.8; https://serhatburke.miroglu.net"
103.219.169.183 - - [27/Apr/2026:07:28:39 +0300] "GET /pelaa-karaoke-team-kolikkopelia-kaanna-sharky-kolikkopelit-ja-saat-suuria-voittoja-ja-saat-100-prosenttisesti-ilmaisia-bonuksia/ HTTP/1.1" 200 77437 "-" "Mozilla/5.0 (Windows NT 10.0; Win64; x64) AppleWebKit/537.36 (KHTML, like Gecko) Chrome/124.0.0.0 Safari/537.36"
52.167.144.172 - - [27/Apr/2026:07:28:52 +0300] "GET /raging-rhino-slot-remark-2026-win-around-250100-maximum/ HTTP/2" 200 19609 "-" "Mozilla/5.0 AppleWebKit/537.36 (KHTML, like Gecko; compatible; bingbot/2.0; +http://www.bing.com/bingbot.htm) Chrome/116.0.1938.76 Safari/537.36"
40.77.167.156 - - [27/Apr/2026:07:28:56 +0300] "GET /%D0%BA%D0%B0%D0%BA-%D0%BF%D0%B5%D1%80%D0%B5%D0%BA%D0%BB%D1%8E%D1%87%D0%B8%D1%82%D1%8C-%D0%B2%D0%BD%D0%B8%D0%BC%D0%B0%D0%BD%D0%B8%D0%B5-%D1%81-%D0%B0%D0%B7%D0%B0%D1%80%D1%82%D0%BD%D1%8B%D1%85-%D0%B8/ HTTP/2" 200 20550 "-" "Mozilla/5.0 AppleWebKit/537.36 (KHTML, like Gecko; compatible; bingbot/2.0; +http://www.bing.com/bingbot.htm) Chrome/116.0.1938.76 Safari/537.36"
40.77.167.230 - - [27/Apr/2026:07:29:01 +0300] "GET /kraken-aktual-nye-ssylki-i-sekrety-vkhoda-v-darknet/ HTTP/2" 200 18671 "-" "Mozilla/5.0 AppleWebKit/537.36 (KHTML, like Gecko; compatible; bingbot/2.0; +http://www.bing.com/bingbot.htm) Chrome/116.0.1938.76 Safari/537.36"
52.167.144.172 - - [27/Apr/2026:07:29:21 +0300] "GET /henen-nesu-bee-crazy-hd-1-deposit-walkthrough-students-of-the-odds-of-winning-aloha-group-will-pay-very-own-nile-paradise/ HTTP/2" 200 19795 "-" "Mozilla/5.0 AppleWebKit/537.36 (KHTML, like Gecko; compatible; bingbot/2.0; +http://www.bing.com/bingbot.htm) Chrome/116.0.1938.76 Safari/537.36"
40.77.167.156 - - [27/Apr/2026:07:29:27 +0300] "GET /freebet-medmindre-indbetaling-slot-coyote-moon-bookmakere-fr-afkast-eksklusiv-indskud/ HTTP/2" 200 18690 "-" "Mozilla/5.0 AppleWebKit/537.36 (KHTML, like Gecko; compatible; bingbot/2.0; +http://www.bing.com/bingbot.htm) Chrome/116.0.1938.76 Safari/537.36"
185.216.113.70 - - [27/Apr/2026:07:29:48 +0300] "POST /wp-cron.php?doing_wp_cron=1777264188.2860279083251953125000 HTTP/1.1" 200 448 "-" "WordPress/6.3.8; https://serhatburke.miroglu.net"
98.98.197.162 - - [27/Apr/2026:07:29:36 +0300] "POST /xmlrpc.php HTTP/1.1" 200 630 "-" "Mozilla/5.0 (Windows NT 10.0; Win64; x64) AppleWebKit/537.36 (KHTML, like Gecko) Chrome/114.0.0.0 Safari/537.36"
98.98.197.162 - - [27/Apr/2026:07:29:54 +0300] "POST /xmlrpc.php HTTP/1.1" 200 15916 "-" "Mozilla/5.0 (Windows NT 10.0; Win64; x64) AppleWebKit/537.36 (KHTML, like Gecko) Chrome/114.0.0.0 Safari/537.36"
98.98.197.162 - - [27/Apr/2026:07:30:08 +0300] "GET /better-internet-casino-added-bonus-offers-2026-claim-your-own-totally-free-incentives/ HTTP/1.1" 200 80352 "-" "Mozilla/5.0 (Windows NT 10.0; Win64; x64) AppleWebKit/537.36 (KHTML, like Gecko) Chrome/124.0.0.0 Safari/537.36"
185.216.113.70 - - [27/Apr/2026:07:30:55 +0300] "POST /wp-cron.php?doing_wp_cron=1777264255.6363780498504638671875 HTTP/1.1" 200 448 "-" "WordPress/6.3.8; https://serhatburke.miroglu.net"
103.219.169.183 - - [27/Apr/2026:07:30:43 +0300] "POST /xmlrpc.php HTTP/1.1" 200 630 "-" "Mozilla/5.0 (Windows NT 10.0; Win64; x64) AppleWebKit/537.36 (KHTML, like Gecko) Chrome/114.0.0.0 Safari/537.36"
103.219.169.183 - - [27/Apr/2026:07:31:11 +0300] "POST /xmlrpc.php HTTP/1.1" 200 10528 "-" "Mozilla/5.0 (Windows NT 10.0; Win64; x64) AppleWebKit/537.36 (KHTML, like Gecko) Chrome/114.0.0.0 Safari/537.36"
185.216.113.70 - - [27/Apr/2026:07:31:41 +0300] "POST /wp-cron.php?doing_wp_cron=1777264301.4244871139526367187500 HTTP/1.1" 200 448 "-" "WordPress/6.3.8; https://serhatburke.miroglu.net"
103.219.169.183 - - [27/Apr/2026:07:31:28 +0300] "GET /uusimman-geisha-kolikkopelin-paljastus-society-pelata-starburst-kolikkopelia-matchs-tech/ HTTP/1.1" 200 76584 "-" "Mozilla/5.0 (Windows NT 10.0; Win64; x64) AppleWebKit/537.36 (KHTML, like Gecko) Chrome/123.0.0.0 Safari/537.36"
185.216.113.70 - - [27/Apr/2026:07:34:45 +0300] "POST /wp-cron.php?doing_wp_cron=1777264485.1778349876403808593750 HTTP/1.1" 200 448 "-" "WordPress/6.3.8; https://serhatburke.miroglu.net"
103.219.169.183 - - [27/Apr/2026:07:34:31 +0300] "POST /xmlrpc.php HTTP/1.1" 200 630 "-" "Mozilla/5.0 (Windows NT 10.0; Win64; x64) AppleWebKit/537.36 (KHTML, like Gecko) Chrome/114.0.0.0 Safari/537.36"
103.219.169.183 - - [27/Apr/2026:07:34:54 +0300] "POST /xmlrpc.php HTTP/1.1" 200 10942 "-" "Mozilla/5.0 (Windows NT 10.0; Win64; x64) AppleWebKit/537.36 (KHTML, like Gecko) Chrome/114.0.0.0 Safari/537.36"
103.219.169.183 - - [27/Apr/2026:07:35:14 +0300] "GET /parhaat-nettikolikkopelit-oikeaa-rahaa-vuonna-2026-thunderstruck-2-kolikkopelin-ilmaiskierrokset-australialaisille-pelaajille/ HTTP/1.1" 200 77442 "-" "Mozilla/5.0 (Windows NT 10.0; Win64; x64) AppleWebKit/537.36 (KHTML, like Gecko) Chrome/124.0.0.0 Safari/537.36"
185.216.113.70 - - [27/Apr/2026:07:36:12 +0300] "POST /wp-cron.php?doing_wp_cron=1777264572.8477189540863037109375 HTTP/1.1" 200 448 "-" "WordPress/6.3.8; https://serhatburke.miroglu.net"
40.77.167.156 - - [27/Apr/2026:07:36:01 +0300] "GET /no-deposit-bonus-rules-personal-free-offers-within-the-2026/ HTTP/2" 200 19679 "-" "Mozilla/5.0 AppleWebKit/537.36 (KHTML, like Gecko; compatible; bingbot/2.0; +http://www.bing.com/bingbot.htm) Chrome/116.0.1938.76 Safari/537.36"
185.216.113.70 - - [27/Apr/2026:07:36:46 +0300] "POST /wp-cron.php?doing_wp_cron=1777264606.5666239261627197265625 HTTP/1.1" 200 448 "-" "WordPress/6.3.8; https://serhatburke.miroglu.net"
103.219.169.183 - - [27/Apr/2026:07:36:34 +0300] "POST /xmlrpc.php HTTP/1.1" 200 630 "-" "Mozilla/5.0 (Windows NT 10.0; Win64; x64) AppleWebKit/537.36 (KHTML, like Gecko) Chrome/114.0.0.0 Safari/537.36"
103.219.169.183 - - [27/Apr/2026:07:36:58 +0300] "POST /xmlrpc.php HTTP/1.1" 200 11043 "-" "Mozilla/5.0 (Windows NT 10.0; Win64; x64) AppleWebKit/537.36 (KHTML, like Gecko) Chrome/114.0.0.0 Safari/537.36"
103.219.169.183 - - [27/Apr/2026:07:37:18 +0300] "GET /300-n-lisabonus-upouudet-nettikasinot-5000-dollariin-asti-45-ilmaiskierrosta/ HTTP/1.1" 200 76458 "-" "Mozilla/5.0 (Windows NT 10.0; Win64; x64; rv:125.0) Gecko/20100101 Firefox/125.0"
185.216.113.70 - - [27/Apr/2026:07:38:04 +0300] "POST /wp-cron.php?doing_wp_cron=1777264684.5511350631713867187500 HTTP/1.1" 200 448 "-" "WordPress/6.3.8; https://serhatburke.miroglu.net"
23.82.29.103 - - [27/Apr/2026:07:37:51 +0300] "GET /zotabet-casino-bonus-premier-depot-2026/ HTTP/1.1" 200 19133 "https://serhatburke.miroglu.net/" "Mozilla/5.0 (Windows NT 10.0; Win64; x64; rv:114.0) Gecko/20100101 Firefox/114.0"
23.82.29.103 - - [27/Apr/2026:07:38:09 +0300] "POST /wp-comments-post.php HTTP/1.1" 302 1087 "https://serhatburke.miroglu.net/zotabet-casino-bonus-premier-depot-2026/" "Mozilla/5.0 (Windows NT 10.0; Win64; x64; rv:114.0) Gecko/20100101 Firefox/114.0"
23.82.29.103 - - [27/Apr/2026:07:38:22 +0300] "GET /zotabet-casino-bonus-premier-depot-2026/?unapproved=715&moderation-hash=ecd24bce487185783b3713a64357e1da HTTP/1.1" 200 19542 "https://serhatburke.miroglu.net/wp-comments-post.php" "Mozilla/5.0 (Windows NT 10.0; Win64; x64; rv:114.0) Gecko/20100101 Firefox/114.0"
185.216.113.70 - - [27/Apr/2026:07:38:48 +0300] "POST /wp-cron.php?doing_wp_cron=1777264728.7785780429840087890625 HTTP/1.1" 200 448 "-" "WordPress/6.3.8; https://serhatburke.miroglu.net"
23.82.29.103 - - [27/Apr/2026:07:38:36 +0300] "GET /zotabet-casino-bonus-premier-depot-2026/ HTTP/1.1" 200 19124 "-" "Mozilla/5.0 (Windows NT 10.0; Win64; x64; rv:114.0) Gecko/20100101 Firefox/114.0"
185.216.113.70 - - [27/Apr/2026:07:39:39 +0300] "POST /wp-cron.php?doing_wp_cron=1777264779.7799289226531982421875 HTTP/1.1" 200 448 "-" "WordPress/6.3.8; https://serhatburke.miroglu.net"
103.219.169.183 - - [27/Apr/2026:07:39:27 +0300] "POST /xmlrpc.php HTTP/1.1" 200 630 "-" "Mozilla/5.0 (Windows NT 10.0; Win64; x64) AppleWebKit/537.36 (KHTML, like Gecko) Chrome/114.0.0.0 Safari/537.36"
98.98.197.162 - - [27/Apr/2026:07:39:27 +0300] "POST /xmlrpc.php HTTP/1.1" 200 630 "-" "Mozilla/5.0 (Windows NT 10.0; Win64; x64) AppleWebKit/537.36 (KHTML, like Gecko) Chrome/114.0.0.0 Safari/537.36"
98.98.197.162 - - [27/Apr/2026:07:39:46 +0300] "POST /xmlrpc.php HTTP/1.1" 200 15957 "-" "Mozilla/5.0 (Windows NT 10.0; Win64; x64) AppleWebKit/537.36 (KHTML, like Gecko) Chrome/114.0.0.0 Safari/537.36"
103.219.169.183 - - [27/Apr/2026:07:39:50 +0300] "POST /xmlrpc.php HTTP/1.1" 200 10516 "-" "Mozilla/5.0 (Windows NT 10.0; Win64; x64) AppleWebKit/537.36 (KHTML, like Gecko) Chrome/114.0.0.0 Safari/537.36"
98.98.197.162 - - [27/Apr/2026:07:40:01 +0300] "GET /finest-on-line-casino-incentives-allege-gambling-establishment-bonus-codes-within-the-2026/ HTTP/1.1" 200 80467 "-" "Mozilla/5.0 (Windows NT 10.0; rv:125.0) Gecko/20100101 Firefox/125.0"
103.219.169.183 - - [27/Apr/2026:07:40:06 +0300] "GET /cashapillar-kasinopaikka-suomi-casinos-harbors-arvostelu-100-voittolinjaa-ja-ilmainen-revolves-bonus/ HTTP/1.1" 200 76120 "-" "Mozilla/5.0 (Windows NT 10.0; Win64; x64; rv:124.0) Gecko/20100101 Firefox/124.0"
185.216.113.70 - - [27/Apr/2026:07:41:18 +0300] "POST /wp-cron.php?doing_wp_cron=1777264877.9029231071472167968750 HTTP/1.1" 200 448 "-" "WordPress/6.3.8; https://serhatburke.miroglu.net"
52.167.144.218 - - [27/Apr/2026:07:41:03 +0300] "GET /voodoodreams-nedladdning-av-appen-xon-bet-i-sverige-casino-2026-angelaget-information-innan-du-lirar/ HTTP/2" 200 19141 "-" "Mozilla/5.0 AppleWebKit/537.36 (KHTML, like Gecko; compatible; bingbot/2.0; +http://www.bing.com/bingbot.htm) Chrome/116.0.1938.76 Safari/537.36"
40.77.167.53 - - [27/Apr/2026:07:41:09 +0300] "GET /set-a-budget-ahead-of-time-to-relax-and-play-to-your-betmgm-ing-things/ HTTP/2" 200 17671 "-" "Mozilla/5.0 AppleWebKit/537.36 (KHTML, like Gecko; compatible; bingbot/2.0; +http://www.bing.com/bingbot.htm) Chrome/116.0.1938.76 Safari/537.36"
52.167.144.218 - - [27/Apr/2026:07:41:13 +0300] "GET /sobre-como-preferimos-los-tragaperras-cual-tienen-algun-rtp-de-mayor-alto/ HTTP/2" 200 17807 "-" "Mozilla/5.0 AppleWebKit/537.36 (KHTML, like Gecko; compatible; bingbot/2.0; +http://www.bing.com/bingbot.htm) Chrome/116.0.1938.76 Safari/537.36"
40.77.167.53 - - [27/Apr/2026:07:41:14 +0300] "GET /first-put-against-no-deposit-signup-bonuses/ HTTP/2" 200 17612 "-" "Mozilla/5.0 AppleWebKit/537.36 (KHTML, like Gecko; compatible; bingbot/2.0; +http://www.bing.com/bingbot.htm) Chrome/116.0.1938.76 Safari/537.36"
185.216.113.70 - - [27/Apr/2026:07:41:59 +0300] "POST /wp-cron.php?doing_wp_cron=1777264919.5116310119628906250000 HTTP/1.1" 200 448 "-" "WordPress/6.3.8; https://serhatburke.miroglu.net"
52.167.144.218 - - [27/Apr/2026:07:41:47 +0300] "GET /the-essential-guide-to-dexscreener-for-smart-traders/ HTTP/2" 200 17943 "-" "Mozilla/5.0 AppleWebKit/537.36 (KHTML, like Gecko; compatible; bingbot/2.0; +http://www.bing.com/bingbot.htm) Chrome/116.0.1938.76 Safari/537.36"
52.167.144.218 - - [27/Apr/2026:07:41:54 +0300] "GET /the-ultimate-guide-to-dexscreener-for-dex-traders/ HTTP/2" 200 17917 "-" "Mozilla/5.0 AppleWebKit/537.36 (KHTML, like Gecko; compatible; bingbot/2.0; +http://www.bing.com/bingbot.htm) Chrome/116.0.1938.76 Safari/537.36"
52.167.144.218 - - [27/Apr/2026:07:41:59 +0300] "GET /spinpanda-kloosterlinge-deposit-verzekeringspremie-iedereen-enig-jou-moet-begrijpen-over-deze-gokhuis-bonus/ HTTP/2" 200 20538 "-" "Mozilla/5.0 AppleWebKit/537.36 (KHTML, like Gecko; compatible; bingbot/2.0; +http://www.bing.com/bingbot.htm) Chrome/116.0.1938.76 Safari/537.36"
103.219.169.183 - - [27/Apr/2026:07:42:10 +0300] "POST /xmlrpc.php HTTP/1.1" 200 630 "-" "Mozilla/5.0 (Windows NT 10.0; Win64; x64) AppleWebKit/537.36 (KHTML, like Gecko) Chrome/114.0.0.0 Safari/537.36"
185.216.113.70 - - [27/Apr/2026:07:42:49 +0300] "POST /wp-cron.php?doing_wp_cron=1777264969.3903191089630126953125 HTTP/1.1" 200 448 "-" "WordPress/6.3.8; https://serhatburke.miroglu.net"
103.219.169.183 - - [27/Apr/2026:07:42:32 +0300] "POST /xmlrpc.php HTTP/1.1" 200 10764 "-" "Mozilla/5.0 (Windows NT 10.0; Win64; x64) AppleWebKit/537.36 (KHTML, like Gecko) Chrome/114.0.0.0 Safari/537.36"
52.167.144.218 - - [27/Apr/2026:07:42:32 +0300] "GET /kraken-bezopasnye-ssylki-i-dostup-v-darknet-2026-5/ HTTP/2" 200 18573 "-" "Mozilla/5.0 AppleWebKit/537.36 (KHTML, like Gecko; compatible; bingbot/2.0; +http://www.bing.com/bingbot.htm) Chrome/116.0.1938.76 Safari/537.36"
52.167.144.218 - - [27/Apr/2026:07:42:36 +0300] "GET /discovering-solscan-your-ultimate-resource-for-crypto-tracking/ HTTP/2" 200 18013 "-" "Mozilla/5.0 AppleWebKit/537.36 (KHTML, like Gecko; compatible; bingbot/2.0; +http://www.bing.com/bingbot.htm) Chrome/116.0.1938.76 Safari/537.36"
103.219.169.183 - - [27/Apr/2026:07:42:51 +0300] "GET /upouudet-imgburn-asetukset-paikka-suomi-casinos-ohjeet-imgburnin-tukifoorumi/ HTTP/1.1" 200 76144 "-" "Mozilla/5.0 (Windows NT 10.0; Win64; x64) AppleWebKit/537.36 (KHTML, like Gecko) Chrome/124.0.0.0 Safari/537.36 Edg/124.0.0.0"
185.216.113.70 - - [27/Apr/2026:07:43:46 +0300] "POST /wp-cron.php?doing_wp_cron=1777265026.5517139434814453125000 HTTP/1.1" 200 448 "-" "WordPress/6.3.8; https://serhatburke.miroglu.net"
23.82.29.103 - - [27/Apr/2026:07:43:35 +0300] "GET /zotabet-casino-bonus-premier-depot-2026/ HTTP/1.1" 200 19124 "-" "Mozilla/5.0 (Windows NT 10.0; WOW64) AppleWebKit/537.36 (KHTML, like Gecko) Chrome/114.0.0.0 YaBrowser/22.7.0 Yowser/2.5 Safari/537.36"
40.77.167.76 - - [27/Apr/2026:07:44:20 +0300] "GET /best-crypto-casino-incentives-2026-invited-offers-to-help-roulettino-app-login-you-5-btc/ HTTP/2" 200 20956 "-" "Mozilla/5.0 AppleWebKit/537.36 (KHTML, like Gecko; compatible; bingbot/2.0; +http://www.bing.com/bingbot.htm) Chrome/116.0.1938.76 Safari/537.36"
185.216.113.70 - - [27/Apr/2026:07:44:52 +0300] "POST /wp-cron.php?doing_wp_cron=1777265092.8431589603424072265625 HTTP/1.1" 200 448 "-" "WordPress/6.3.8; https://serhatburke.miroglu.net"
103.219.169.183 - - [27/Apr/2026:07:44:40 +0300] "POST /xmlrpc.php HTTP/1.1" 200 630 "-" "Mozilla/5.0 (Windows NT 10.0; Win64; x64) AppleWebKit/537.36 (KHTML, like Gecko) Chrome/114.0.0.0 Safari/537.36"
98.98.197.162 - - [27/Apr/2026:07:44:58 +0300] "POST /xmlrpc.php HTTP/1.1" 200 630 "-" "Mozilla/5.0 (Windows NT 10.0; Win64; x64) AppleWebKit/537.36 (KHTML, like Gecko) Chrome/114.0.0.0 Safari/537.36"
103.219.169.183 - - [27/Apr/2026:07:45:06 +0300] "POST /xmlrpc.php HTTP/1.1" 200 10872 "-" "Mozilla/5.0 (Windows NT 10.0; Win64; x64) AppleWebKit/537.36 (KHTML, like Gecko) Chrome/114.0.0.0 Safari/537.36"
98.98.197.162 - - [27/Apr/2026:07:45:19 +0300] "POST /xmlrpc.php HTTP/1.1" 200 16016 "-" "Mozilla/5.0 (Windows NT 10.0; Win64; x64) AppleWebKit/537.36 (KHTML, like Gecko) Chrome/114.0.0.0 Safari/537.36"
192.241.95.15 - - [27/Apr/2026:07:45:21 +0300] "GET /beste-casino-site-belgie-hoge-inzet/ HTTP/1.1" 200 19265 "-" "Mozilla/5.0 (compatible; Googlebot/2.1; +http://www.google.com/bot.html)"
185.216.113.70 - - [27/Apr/2026:07:45:42 +0300] "POST /wp-cron.php?doing_wp_cron=1777265142.5693950653076171875000 HTTP/1.1" 200 448 "-" "WordPress/6.3.8; https://serhatburke.miroglu.net"
103.219.169.183 - - [27/Apr/2026:07:45:29 +0300] "GET /avalonin-kanta-book-of-dead-mobiilikasino-microgamingin-mielipide/ HTTP/1.1" 200 75701 "-" "Mozilla/5.0 (Windows NT 10.0; rv:125.0) Gecko/20100101 Firefox/125.0"
98.98.197.162 - - [27/Apr/2026:07:45:33 +0300] "GET /finest-on-line-casino-no-put-incentive-criteria-mr-wager-2026/ HTTP/1.1" 200 79660 "-" "Mozilla/5.0 (Windows NT 10.0; Win64; x64) AppleWebKit/537.36 (KHTML, like Gecko) Chrome/124.0.0.0 Safari/537.36"
185.216.113.70 - - [27/Apr/2026:07:47:05 +0300] "POST /wp-cron.php?doing_wp_cron=1777265225.0893890857696533203125 HTTP/1.1" 200 448 "-" "WordPress/6.3.8; https://serhatburke.miroglu.net"
103.219.169.183 - - [27/Apr/2026:07:46:52 +0300] "POST /xmlrpc.php HTTP/1.1" 200 630 "-" "Mozilla/5.0 (Windows NT 10.0; Win64; x64) AppleWebKit/537.36 (KHTML, like Gecko) Chrome/114.0.0.0 Safari/537.36"
103.219.169.183 - - [27/Apr/2026:07:47:19 +0300] "POST /xmlrpc.php HTTP/1.1" 200 10465 "-" "Mozilla/5.0 (Windows NT 10.0; Win64; x64) AppleWebKit/537.36 (KHTML, like Gecko) Chrome/114.0.0.0 Safari/537.36"
185.216.113.70 - - [27/Apr/2026:07:47:48 +0300] "POST /wp-cron.php?doing_wp_cron=1777265268.4620110988616943359375 HTTP/1.1" 200 448 "-" "WordPress/6.3.8; https://serhatburke.miroglu.net"
103.219.169.183 - - [27/Apr/2026:07:47:36 +0300] "GET /5-punnan-talletus-paikallinen-kasino-pelaa-crazy-monkey-kolikkopelin-ilmaiskierrokset-netissa-joilla-on-vahintaan-5-punnan-minimitalletus/ HTTP/1.1" 200 77069 "-" "Mozilla/5.0 (Windows NT 10.0; rv:125.0) Gecko/20100101 Firefox/125.0"
