130.51.20.151 - - [27/Apr/2026:08:17:55 +0300] "GET /wp-content/themes/toppic/css/woocommerce.css?ver=4.2 HTTP/1.1" 200 2848 "https://serhatburke.miroglu.net/beste-casino-site-belgie-hoge-inzet/" "Mozilla/5.0 (Windows NT 10.0; Win64; x64) AppleWebKit/537.36 (KHTML, like Gecko) Chrome/143.0.0.0 Safari/537.36"
130.51.20.151 - - [27/Apr/2026:08:17:56 +0300] "GET /wp-content/themes/toppic/css/responsive.css?ver=4.2 HTTP/1.1" 200 2796 "https://serhatburke.miroglu.net/beste-casino-site-belgie-hoge-inzet/" "Mozilla/5.0 (Windows NT 10.0; Win64; x64) AppleWebKit/537.36 (KHTML, like Gecko) Chrome/143.0.0.0 Safari/537.36"
130.51.20.151 - - [27/Apr/2026:08:17:56 +0300] "POST /wp-comments-post.php HTTP/1.1" 302 1083 "https://serhatburke.miroglu.net/beste-casino-site-belgie-hoge-inzet/" "Mozilla/5.0 (Macintosh; Intel Mac OS X 12_5) AppleWebKit/537.36 (KHTML, like Gecko) Chrome/114.0.0.0 Safari/537.36"
130.51.20.151 - - [27/Apr/2026:08:18:15 +0300] "GET /beste-casino-site-belgie-hoge-inzet/?unapproved=718&moderation-hash=54fc8b3b688bf50bd45303ee0fc4fd16 HTTP/1.1" 200 19726 "https://serhatburke.miroglu.net/wp-comments-post.php" "Mozilla/5.0 (Macintosh; Intel Mac OS X 12_5) AppleWebKit/537.36 (KHTML, like Gecko) Chrome/114.0.0.0 Safari/537.36"
185.216.113.70 - - [27/Apr/2026:08:18:46 +0300] "POST /wp-cron.php?doing_wp_cron=1777267126.4725399017333984375000 HTTP/1.1" 200 448 "-" "WordPress/6.3.8; https://serhatburke.miroglu.net"
130.51.20.151 - - [27/Apr/2026:08:18:34 +0300] "GET /beste-casino-site-belgie-hoge-inzet/ HTTP/1.1" 200 19282 "-" "Mozilla/5.0 (compatible; Googlebot/2.1; +http://www.google.com/bot.html)"
185.216.113.70 - - [27/Apr/2026:08:19:47 +0300] "POST /wp-cron.php?doing_wp_cron=1777267187.2905519008636474609375 HTTP/1.1" 200 448 "-" "WordPress/6.3.8; https://serhatburke.miroglu.net"
98.98.197.162 - - [27/Apr/2026:08:19:35 +0300] "POST /xmlrpc.php HTTP/1.1" 200 630 "-" "Mozilla/5.0 (Windows NT 10.0; Win64; x64) AppleWebKit/537.36 (KHTML, like Gecko) Chrome/114.0.0.0 Safari/537.36"
98.98.197.162 - - [27/Apr/2026:08:19:54 +0300] "POST /xmlrpc.php HTTP/1.1" 200 15792 "-" "Mozilla/5.0 (Windows NT 10.0; Win64; x64) AppleWebKit/537.36 (KHTML, like Gecko) Chrome/114.0.0.0 Safari/537.36"
98.98.197.162 - - [27/Apr/2026:08:20:09 +0300] "GET /dr-wager-wagering-site-casino/ HTTP/1.1" 200 78697 "-" "Mozilla/5.0 (Windows NT 10.0; Win64; x64) AppleWebKit/537.36 (KHTML, like Gecko) Chrome/122.0.0.0 Safari/537.36"
40.77.167.55 - - [27/Apr/2026:08:20:13 +0300] "GET /oni-organiczna-reakcja-na-ograniczona-lokalna-oferte-oraz-prawa-i-regulacje-krajowe/ HTTP/2" 200 18225 "-" "Mozilla/5.0 AppleWebKit/537.36 (KHTML, like Gecko; compatible; bingbot/2.0; +http://www.bing.com/bingbot.htm) Chrome/116.0.1938.76 Safari/537.36"
185.216.113.70 - - [27/Apr/2026:08:20:56 +0300] "POST /wp-cron.php?doing_wp_cron=1777267256.2758889198303222656250 HTTP/1.1" 200 448 "-" "WordPress/6.3.8; https://serhatburke.miroglu.net"
40.77.167.55 - - [27/Apr/2026:08:20:43 +0300] "GET /exploring-the-versatility-of-sushiswap-for-savvy-traders/ HTTP/2" 200 17909 "-" "Mozilla/5.0 AppleWebKit/537.36 (KHTML, like Gecko; compatible; bingbot/2.0; +http://www.bing.com/bingbot.htm) Chrome/116.0.1938.76 Safari/537.36"
40.77.167.55 - - [27/Apr/2026:08:21:17 +0300] "GET /play-baccarat-pro-series-high-limit-online-legal-jungle-jim-el-dorado-ports-game-free-spins-no-deposit/ HTTP/2" 200 18517 "-" "Mozilla/5.0 AppleWebKit/537.36 (KHTML, like Gecko; compatible; bingbot/2.0; +http://www.bing.com/bingbot.htm) Chrome/116.0.1938.76 Safari/537.36"
185.216.113.70 - - [27/Apr/2026:08:22:16 +0300] "POST /wp-cron.php?doing_wp_cron=1777267335.8884680271148681640625 HTTP/1.1" 200 448 "-" "WordPress/6.3.8; https://serhatburke.miroglu.net"
96.62.197.235 - - [27/Apr/2026:08:22:03 +0300] "GET /beste-casino-site-belgie-hoge-inzet/ HTTP/1.1" 200 19458 "https://serhatburke.miroglu.net/" "Mozilla/5.0 (X11; Linux aarch64) AppleWebKit/537.36 (KHTML, like Gecko) Chrome/139.0.0.0 Safari/537.36"
185.216.113.70 - - [27/Apr/2026:08:22:50 +0300] "POST /wp-cron.php?doing_wp_cron=1777267370.8458960056304931640625 HTTP/1.1" 200 448 "-" "WordPress/6.3.8; https://serhatburke.miroglu.net"
52.167.144.199 - - [27/Apr/2026:08:22:39 +0300] "GET /that-it-contributes-a-social-and-immersive-feature-into-the-online-playing-sense/ HTTP/2" 200 18538 "-" "Mozilla/5.0 AppleWebKit/537.36 (KHTML, like Gecko; compatible; bingbot/2.0; +http://www.bing.com/bingbot.htm) Chrome/116.0.1938.76 Safari/537.36"
185.216.113.70 - - [27/Apr/2026:08:24:26 +0300] "POST /wp-cron.php?doing_wp_cron=1777267466.4811611175537109375000 HTTP/1.1" 200 448 "-" "WordPress/6.3.8; https://serhatburke.miroglu.net"
158.69.22.136 - - [27/Apr/2026:08:24:13 +0300] "GET /beste-casino-site-belgie-hoge-inzet/ HTTP/1.1" 200 19380 "-" "Mozilla/5.0 (compatible; Googlebot/2.1; +http://www.google.com/bot.html)"
185.216.113.70 - - [27/Apr/2026:08:25:21 +0300] "POST /wp-cron.php?doing_wp_cron=1777267521.7642669677734375000000 HTTP/1.1" 200 448 "-" "WordPress/6.3.8; https://serhatburke.miroglu.net"
130.51.20.151 - - [27/Apr/2026:08:25:10 +0300] "GET /beste-casino-site-belgie-hoge-inzet/ HTTP/1.1" 200 19282 "-" "Mozilla/5.0 (compatible; Googlebot/2.1; +http://www.google.com/bot.html)"
185.216.113.70 - - [27/Apr/2026:08:26:02 +0300] "POST /wp-cron.php?doing_wp_cron=1777267562.7001979351043701171875 HTTP/1.1" 200 448 "-" "WordPress/6.3.8; https://serhatburke.miroglu.net"
184.22.20.131 - - [27/Apr/2026:08:25:49 +0300] "GET /28563-2/ HTTP/1.1" 200 19310 "-" "Mozilla/5.0 (compatible; Googlebot/2.1; +http://www.google.com/bot.html)"
185.216.113.70 - - [27/Apr/2026:08:27:30 +0300] "POST /wp-cron.php?doing_wp_cron=1777267650.5955491065979003906250 HTTP/1.1" 200 448 "-" "WordPress/6.3.8; https://serhatburke.miroglu.net"
130.49.76.251 - - [27/Apr/2026:08:27:18 +0300] "GET / HTTP/2" 200 20827 "-" "Mozilla/5.0 (Macintosh; Intel Mac OS X 10_15_7) AppleWebKit/537.36 (KHTML, like Gecko) Chrome/120.0.0.0 Safari/537.36"
185.216.113.70 - - [27/Apr/2026:08:30:20 +0300] "POST /wp-cron.php?doing_wp_cron=1777267819.9840810298919677734375 HTTP/1.1" 200 448 "-" "WordPress/6.3.8; https://serhatburke.miroglu.net"
98.98.197.162 - - [27/Apr/2026:08:30:05 +0300] "POST /xmlrpc.php HTTP/1.1" 200 630 "-" "Mozilla/5.0 (Windows NT 10.0; Win64; x64) AppleWebKit/537.36 (KHTML, like Gecko) Chrome/114.0.0.0 Safari/537.36"
98.98.197.162 - - [27/Apr/2026:08:30:26 +0300] "POST /xmlrpc.php HTTP/1.1" 200 15939 "-" "Mozilla/5.0 (Windows NT 10.0; Win64; x64) AppleWebKit/537.36 (KHTML, like Gecko) Chrome/114.0.0.0 Safari/537.36"
185.216.113.70 - - [27/Apr/2026:08:30:53 +0300] "POST /wp-cron.php?doing_wp_cron=1777267853.1684141159057617187500 HTTP/1.1" 200 448 "-" "WordPress/6.3.8; https://serhatburke.miroglu.net"
187.245.117.40 - - [27/Apr/2026:08:30:41 +0300] "GET /28563-2/ HTTP/1.1" 200 19310 "-" "Mozilla/5.0 (compatible; Googlebot/2.1; +http://www.google.com/bot.html)"
98.98.197.162 - - [27/Apr/2026:08:30:43 +0300] "GET /dragon-dancing-position-totally-free-trial-play-online-rtp-96-52/ HTTP/1.1" 200 79581 "-" "Mozilla/5.0 (Windows NT 10.0; Win64; x64; rv:124.0) Gecko/20100101 Firefox/124.0"
185.216.113.70 - - [27/Apr/2026:08:32:02 +0300] "POST /wp-cron.php?doing_wp_cron=1777267922.5651299953460693359375 HTTP/1.1" 200 448 "-" "WordPress/6.3.8; https://serhatburke.miroglu.net"
52.167.144.21 - - [27/Apr/2026:08:31:49 +0300] "GET /post-sitemap2.xml HTTP/2" 200 92972 "-" "Mozilla/5.0 AppleWebKit/537.36 (KHTML, like Gecko; compatible; bingbot/2.0; +http://www.bing.com/bingbot.htm) Chrome/116.0.1938.76 Safari/537.36"
185.216.113.70 - - [27/Apr/2026:08:34:19 +0300] "POST /wp-cron.php?doing_wp_cron=1777268059.5246579647064208984375 HTTP/1.1" 200 448 "-" "WordPress/6.3.8; https://serhatburke.miroglu.net"
172.93.212.221 - - [27/Apr/2026:08:34:01 +0300] "GET /zotabet-casino-bonus-premier-depot-2026/ HTTP/1.1" 200 19130 "-" "Mozilla/5.0 (compatible; Googlebot/2.1; +http://www.google.com/bot.html)"
52.167.144.21 - - [27/Apr/2026:08:34:05 +0300] "GET /safari-sam-dos-kannanotto-mielipide-nauti-100-prosenttisesti-ilmaisesta-uudet-kasinot-verkossa-demosta-2026-malesia-singapore-thaimaa/ HTTP/2" 200 18541 "-" "Mozilla/5.0 AppleWebKit/537.36 (KHTML, like Gecko; compatible; bingbot/2.0; +http://www.bing.com/bingbot.htm) Chrome/116.0.1938.76 Safari/537.36"
52.167.144.176 - - [27/Apr/2026:08:34:09 +0300] "GET /beste-blackjack-strategien-um-verbunden-vulkan-vegas-casino-promo-code-2026-nach-das-rennen-machen/ HTTP/2" 200 20655 "-" "Mozilla/5.0 AppleWebKit/537.36 (KHTML, like Gecko; compatible; bingbot/2.0; +http://www.bing.com/bingbot.htm) Chrome/116.0.1938.76 Safari/537.36"
66.249.73.1 - - [27/Apr/2026:08:34:31 +0300] "GET /robots.txt HTTP/1.1" 200 719 "-" "Mozilla/5.0 (compatible; Googlebot/2.1; +http://www.google.com/bot.html)"
66.249.73.1 - - [27/Apr/2026:08:34:34 +0300] "GET /hand-of-luck-casino-uk-a-players-review-and-insights/undefined?ts=1775520000 HTTP/1.1" 200 0 "https://serhatburke.miroglu.net/hand-of-luck-casino-uk-a-players-review-and-insights/" "Mozilla/5.0 (Linux; Android 6.0.1; Nexus 5X Build/MMB29P) AppleWebKit/537.36 (KHTML, like Gecko) Chrome/146.0.7680.177 Mobile Safari/537.36 (compatible; Googlebot/2.1; +http://www.google.com/bot.html)"
185.216.113.70 - - [27/Apr/2026:08:34:46 +0300] "POST /wp-cron.php?doing_wp_cron=1777268086.4206280708312988281250 HTTP/1.1" 200 448 "-" "WordPress/6.3.8; https://serhatburke.miroglu.net"
66.249.73.15 - - [27/Apr/2026:08:35:08 +0300] "GET /hand-of-luck-casino-uk-a-players-review-and-insights/undefined?ts=1775520000 HTTP/1.1" 200 0 "https://serhatburke.miroglu.net/hand-of-luck-casino-uk-a-players-review-and-insights/" "Mozilla/5.0 (Linux; Android 6.0.1; Nexus 5X Build/MMB29P) AppleWebKit/537.36 (KHTML, like Gecko) Chrome/146.0.7680.177 Mobile Safari/537.36 (compatible; Googlebot/2.1; +http://www.google.com/bot.html)"
66.249.73.14 - - [27/Apr/2026:08:35:13 +0300] "GET /hand-of-luck-casino-uk-a-players-review-and-insights/undefined?ts=1775520000 HTTP/1.1" 200 0 "https://serhatburke.miroglu.net/hand-of-luck-casino-uk-a-players-review-and-insights/" "Mozilla/5.0 (Linux; Android 6.0.1; Nexus 5X Build/MMB29P) AppleWebKit/537.36 (KHTML, like Gecko) Chrome/146.0.7680.177 Mobile Safari/537.36 (compatible; Googlebot/2.1; +http://www.google.com/bot.html)"
185.216.113.70 - - [27/Apr/2026:08:37:40 +0300] "POST /wp-cron.php?doing_wp_cron=1777268260.6713209152221679687500 HTTP/1.1" 200 448 "-" "WordPress/6.3.8; https://serhatburke.miroglu.net"
158.69.22.136 - - [27/Apr/2026:08:37:26 +0300] "GET /beste-casino-site-belgie-hoge-inzet/ HTTP/1.1" 200 19282 "-" "Mozilla/5.0 (compatible; Googlebot/2.1; +http://www.google.com/bot.html)"
185.216.113.70 - - [27/Apr/2026:08:39:50 +0300] "POST /wp-cron.php?doing_wp_cron=1777268390.8612520694732666015625 HTTP/1.1" 200 448 "-" "WordPress/6.3.8; https://serhatburke.miroglu.net"
192.142.53.92 - - [27/Apr/2026:08:39:37 +0300] "GET /online-casino-echtgeld-die-besten-seriosen-6/ HTTP/2" 200 226514 "-" "Mozilla/5.0 (Windows NT 10.0; Win64; x64) AppleWebKit/537.36 (KHTML, like Gecko) Chrome/124.0.0.0 Safari/537.36"
98.98.197.162 - - [27/Apr/2026:08:40:02 +0300] "POST /xmlrpc.php HTTP/1.1" 200 630 "-" "Mozilla/5.0 (Windows NT 10.0; Win64; x64) AppleWebKit/537.36 (KHTML, like Gecko) Chrome/114.0.0.0 Safari/537.36"
185.216.113.70 - - [27/Apr/2026:08:40:33 +0300] "POST /wp-cron.php?doing_wp_cron=1777268432.9223990440368652343750 HTTP/1.1" 200 448 "-" "WordPress/6.3.8; https://serhatburke.miroglu.net"
98.98.197.162 - - [27/Apr/2026:08:40:20 +0300] "POST /xmlrpc.php HTTP/1.1" 200 16385 "-" "Mozilla/5.0 (Windows NT 10.0; Win64; x64) AppleWebKit/537.36 (KHTML, like Gecko) Chrome/114.0.0.0 Safari/537.36"
98.98.197.162 - - [27/Apr/2026:08:40:34 +0300] "GET /dragon-shrine-slot-review-quickspin-100-percent-free-revolves-securing-wilds/ HTTP/1.1" 200 80347 "-" "Mozilla/5.0 (Windows NT 10.0; Win64; x64; rv:125.0) Gecko/20100101 Firefox/125.0"
185.216.113.70 - - [27/Apr/2026:08:41:39 +0300] "POST /wp-cron.php?doing_wp_cron=1777268499.4366769790649414062500 HTTP/1.1" 200 448 "-" "WordPress/6.3.8; https://serhatburke.miroglu.net"
216.73.217.81 - - [27/Apr/2026:08:41:28 +0300] "GET /robots.txt HTTP/2" 200 110 "-" "Mozilla/5.0 AppleWebKit/537.36 (KHTML, like Gecko; compatible; ClaudeBot/1.0; +claudebot@anthropic.com)"
216.73.217.81 - - [27/Apr/2026:08:41:40 +0300] "GET /sitemap.rss HTTP/2" 200 0 "-" "Mozilla/5.0 AppleWebKit/537.36 (KHTML, like Gecko; compatible; ClaudeBot/1.0; +claudebot@anthropic.com)"
185.216.113.70 - - [27/Apr/2026:08:43:48 +0300] "POST /wp-cron.php?doing_wp_cron=1777268628.0589361190795898437500 HTTP/1.1" 200 448 "-" "WordPress/6.3.8; https://serhatburke.miroglu.net"
52.167.144.172 - - [27/Apr/2026:08:43:33 +0300] "GET /das-basis-des-naturlichen-logarithmus-elektronischer-brief-center-im-world-wide-web-pro-basis-des-naturlichen-logarithmus-elektronischer-brief-t-verbunden-de-ihr-telekom/ HTTP/2" 200 20964 "-" "Mozilla/5.0 AppleWebKit/537.36 (KHTML, like Gecko; compatible; bingbot/2.0; +http://www.bing.com/bingbot.htm) Chrome/116.0.1938.76 Safari/537.36"
52.167.144.211 - - [27/Apr/2026:08:43:37 +0300] "GET /kraken-bezopasnye-onion-ssylki-dlia-vkhoda-v-darknet-3/ HTTP/2" 200 18493 "-" "Mozilla/5.0 AppleWebKit/537.36 (KHTML, like Gecko; compatible; bingbot/2.0; +http://www.bing.com/bingbot.htm) Chrome/116.0.1938.76 Safari/537.36"
52.167.144.230 - - [27/Apr/2026:08:43:42 +0300] "GET /dies-konnte-auf-keinen-fall-durchgehen-so-gauner-irgendetwas-hinzufugen-welches-denn-kein-stuck-hingehort/ HTTP/2" 200 18346 "-" "Mozilla/5.0 AppleWebKit/537.36 (KHTML, like Gecko; compatible; bingbot/2.0; +http://www.bing.com/bingbot.htm) Chrome/116.0.1938.76 Safari/537.36"
52.167.144.230 - - [27/Apr/2026:08:44:07 +0300] "GET /casino-sverige-2026-jamfor-svenska-online-casino-tillsamman-koncession/ HTTP/2" 200 19058 "-" "Mozilla/5.0 AppleWebKit/537.36 (KHTML, like Gecko; compatible; bingbot/2.0; +http://www.bing.com/bingbot.htm) Chrome/116.0.1938.76 Safari/537.36"
185.216.113.70 - - [27/Apr/2026:08:44:50 +0300] "POST /wp-cron.php?doing_wp_cron=1777268689.9479110240936279296875 HTTP/1.1" 200 448 "-" "WordPress/6.3.8; https://serhatburke.miroglu.net"
52.167.144.230 - - [27/Apr/2026:08:44:38 +0300] "GET /steam-registro-de-login-do-realsbet-tower-slot-review-2026-rtp-beizebu-betting-guide/ HTTP/2" 200 19908 "-" "Mozilla/5.0 AppleWebKit/537.36 (KHTML, like Gecko; compatible; bingbot/2.0; +http://www.bing.com/bingbot.htm) Chrome/116.0.1938.76 Safari/537.36"
52.167.144.230 - - [27/Apr/2026:08:45:06 +0300] "GET /online-casino-provision-blos-einzahlung-qua-ein-schaltflache-kurze-zusammenfassung-der-agb-sieh-dir-das-an-anzeigen-fur-jedes-angewandten-schnellen-gesamtschau/ HTTP/2" 200 20558 "-" "Mozilla/5.0 AppleWebKit/537.36 (KHTML, like Gecko; compatible; bingbot/2.0; +http://www.bing.com/bingbot.htm) Chrome/116.0.1938.76 Safari/537.36"
185.216.113.70 - - [27/Apr/2026:08:45:46 +0300] "POST /wp-cron.php?doing_wp_cron=1777268746.8741579055786132812500 HTTP/1.1" 200 448 "-" "WordPress/6.3.8; https://serhatburke.miroglu.net"
98.98.197.162 - - [27/Apr/2026:08:45:31 +0300] "POST /xmlrpc.php HTTP/1.1" 200 630 "-" "Mozilla/5.0 (Windows NT 10.0; Win64; x64) AppleWebKit/537.36 (KHTML, like Gecko) Chrome/114.0.0.0 Safari/537.36"
98.98.197.162 - - [27/Apr/2026:08:45:54 +0300] "POST /xmlrpc.php HTTP/1.1" 200 16002 "-" "Mozilla/5.0 (Windows NT 10.0; Win64; x64) AppleWebKit/537.36 (KHTML, like Gecko) Chrome/114.0.0.0 Safari/537.36"
98.98.197.162 - - [27/Apr/2026:08:46:08 +0300] "GET /50-spins/ HTTP/1.1" 200 78254 "-" "Mozilla/5.0 (Windows NT 10.0; Win64; x64) AppleWebKit/537.36 (KHTML, like Gecko) Chrome/124.0.0.0 Safari/537.36 Edg/124.0.0.0"
185.216.113.70 - - [27/Apr/2026:08:46:43 +0300] "POST /wp-cron.php?doing_wp_cron=1777268803.0262849330902099609375 HTTP/1.1" 200 448 "-" "WordPress/6.3.8; https://serhatburke.miroglu.net"
40.77.167.50 - - [27/Apr/2026:08:46:31 +0300] "GET /post-sitemap7.xml HTTP/2" 200 103880 "-" "Mozilla/5.0 AppleWebKit/537.36 (KHTML, like Gecko; compatible; bingbot/2.0; +http://www.bing.com/bingbot.htm) Chrome/116.0.1938.76 Safari/537.36"
185.216.113.70 - - [27/Apr/2026:08:48:14 +0300] "POST /wp-cron.php?doing_wp_cron=1777268894.0998709201812744140625 HTTP/1.1" 200 448 "-" "WordPress/6.3.8; https://serhatburke.miroglu.net"
57.128.22.95 - - [27/Apr/2026:08:48:02 +0300] "GET /novoline-casino-codice-bonus-registrazione/ HTTP/1.1" 200 17784 "https://serhatburke.miroglu.net/" "Mozilla/5.0 (X11; Linux x86_64) AppleWebKit/537.36 (KHTML, like Gecko) Chrome/144.0.0.0 Safari/537.36"
196.51.133.70 - - [27/Apr/2026:08:48:20 +0300] "GET /wp-includes/css/dist/block-library/style.min.css?ver=6.3.8 HTTP/1.1" 200 13578 "https://serhatburke.miroglu.net/novoline-casino-codice-bonus-registrazione/" "Mozilla/5.0 (Windows NT 10.0; Win64; x64) AppleWebKit/537.36 (KHTML, like Gecko) Chrome/145.0.0.0 Safari/537.36"
196.51.133.70 - - [27/Apr/2026:08:48:22 +0300] "GET /wp-content/plugins/contact-form-7/includes/css/styles.css?ver=5.8 HTTP/1.1" 200 1490 "https://serhatburke.miroglu.net/novoline-casino-codice-bonus-registrazione/" "Mozilla/5.0 (Windows NT 10.0; Win64; x64) AppleWebKit/537.36 (KHTML, like Gecko) Chrome/145.0.0.0 Safari/537.36"
196.51.133.70 - - [27/Apr/2026:08:48:23 +0300] "GET /wp-content/themes/toppic/css/fontello.css?ver=4.2 HTTP/1.1" 200 1802 "https://serhatburke.miroglu.net/novoline-casino-codice-bonus-registrazione/" "Mozilla/5.0 (Windows NT 10.0; Win64; x64) AppleWebKit/537.36 (KHTML, like Gecko) Chrome/145.0.0.0 Safari/537.36"
196.51.133.70 - - [27/Apr/2026:08:48:25 +0300] "GET /wp-content/themes/toppic/css/reset.css?ver=4.2 HTTP/1.1" 200 1178 "https://serhatburke.miroglu.net/novoline-casino-codice-bonus-registrazione/" "Mozilla/5.0 (Windows NT 10.0; Win64; x64) AppleWebKit/537.36 (KHTML, like Gecko) Chrome/145.0.0.0 Safari/537.36"
196.51.133.70 - - [27/Apr/2026:08:48:26 +0300] "GET /wp-content/themes/toppic/css/default.css?ver=4.2 HTTP/1.1" 200 1811 "https://serhatburke.miroglu.net/novoline-casino-codice-bonus-registrazione/" "Mozilla/5.0 (Windows NT 10.0; Win64; x64) AppleWebKit/537.36 (KHTML, like Gecko) Chrome/145.0.0.0 Safari/537.36"
196.51.133.70 - - [27/Apr/2026:08:48:28 +0300] "GET /wp-content/themes/toppic/style.css?ver=4.2 HTTP/1.1" 200 23398 "https://serhatburke.miroglu.net/novoline-casino-codice-bonus-registrazione/" "Mozilla/5.0 (Windows NT 10.0; Win64; x64) AppleWebKit/537.36 (KHTML, like Gecko) Chrome/145.0.0.0 Safari/537.36"
196.51.133.70 - - [27/Apr/2026:08:48:30 +0300] "GET /wp-content/themes/toppic/css/royalslider.css?ver=4.2 HTTP/1.1" 200 1887 "https://serhatburke.miroglu.net/novoline-casino-codice-bonus-registrazione/" "Mozilla/5.0 (Windows NT 10.0; Win64; x64) AppleWebKit/537.36 (KHTML, like Gecko) Chrome/145.0.0.0 Safari/537.36"
196.51.133.70 - - [27/Apr/2026:08:48:32 +0300] "GET /wp-content/themes/toppic/css/rs-default.css?ver=4.2 HTTP/1.1" 200 2625 "https://serhatburke.miroglu.net/novoline-casino-codice-bonus-registrazione/" "Mozilla/5.0 (Windows NT 10.0; Win64; x64) AppleWebKit/537.36 (KHTML, like Gecko) Chrome/145.0.0.0 Safari/537.36"
199.188.102.37 - - [27/Apr/2026:08:49:03 +0300] "GET /wp-content/themes/toppic/css/woocommerce.css?ver=4.2 HTTP/1.1" 200 2848 "https://serhatburke.miroglu.net/novoline-casino-codice-bonus-registrazione/" "Mozilla/5.0 (Windows NT 10.0; Win64; x64) AppleWebKit/537.36 (KHTML, like Gecko) Chrome/145.0.0.0 Safari/537.36"
199.188.102.37 - - [27/Apr/2026:08:49:04 +0300] "GET /wp-content/themes/toppic/css/responsive.css?ver=4.2 HTTP/1.1" 200 2796 "https://serhatburke.miroglu.net/novoline-casino-codice-bonus-registrazione/" "Mozilla/5.0 (Windows NT 10.0; Win64; x64) AppleWebKit/537.36 (KHTML, like Gecko) Chrome/145.0.0.0 Safari/537.36"
185.216.113.70 - - [27/Apr/2026:08:49:17 +0300] "POST /wp-cron.php?doing_wp_cron=1777268957.7350740432739257812500 HTTP/1.1" 200 448 "-" "WordPress/6.3.8; https://serhatburke.miroglu.net"
199.188.102.37 - - [27/Apr/2026:08:49:05 +0300] "POST /wp-comments-post.php HTTP/1.1" 302 1090 "https://serhatburke.miroglu.net/novoline-casino-codice-bonus-registrazione/" "Mozilla/5.0 (X11; Linux x86_64) AppleWebKit/537.36 (KHTML, like Gecko) Chrome/144.0.0.0 Safari/537.36"
199.188.102.37 - - [27/Apr/2026:08:49:18 +0300] "GET /novoline-casino-codice-bonus-registrazione/?unapproved=719&moderation-hash=6530289d1b6b49121e45725784a9e8fc HTTP/1.1" 200 18214 "https://serhatburke.miroglu.net/wp-comments-post.php" "Mozilla/5.0 (X11; Linux x86_64) AppleWebKit/537.36 (KHTML, like Gecko) Chrome/144.0.0.0 Safari/537.36"
185.216.113.70 - - [27/Apr/2026:08:49:44 +0300] "POST /wp-cron.php?doing_wp_cron=1777268983.8951869010925292968750 HTTP/1.1" 200 448 "-" "WordPress/6.3.8; https://serhatburke.miroglu.net"
57.128.22.95 - - [27/Apr/2026:08:49:32 +0300] "GET /novoline-casino-codice-bonus-registrazione/ HTTP/1.1" 200 17799 "-" "Mozilla/5.0 (compatible; Googlebot/2.1; +http://www.google.com/bot.html)"
49.206.99.70 - - [27/Apr/2026:08:49:56 +0300] "GET /28563-2/ HTTP/1.1" 200 19286 "-" "Mozilla/5.0 (compatible; Googlebot/2.1; +http://www.google.com/bot.html)"
185.216.113.70 - - [27/Apr/2026:08:50:52 +0300] "POST /wp-cron.php?doing_wp_cron=1777269052.6343870162963867187500 HTTP/1.1" 200 448 "-" "WordPress/6.3.8; https://serhatburke.miroglu.net"
40.77.167.243 - - [27/Apr/2026:08:50:36 +0300] "GET /casino-mit-ec-karte/ HTTP/2" 200 16996 "-" "Mozilla/5.0 AppleWebKit/537.36 (KHTML, like Gecko; compatible; bingbot/2.0; +http://www.bing.com/bingbot.htm) Chrome/116.0.1938.76 Safari/537.36"
40.77.167.48 - - [27/Apr/2026:08:50:39 +0300] "GET /10-melhores-slots-uma-titanic-slot-vez-que-bagarote-contemporaneo-apontar-brasil-em-2026/ HTTP/2" 200 21138 "-" "Mozilla/5.0 AppleWebKit/537.36 (KHTML, like Gecko; compatible; bingbot/2.0; +http://www.bing.com/bingbot.htm) Chrome/116.0.1938.76 Safari/537.36"
40.77.167.48 - - [27/Apr/2026:08:50:40 +0300] "GET /book-of-ra-magic-kostenlos-nun-erreichbar-auffuhren-via-provision/ HTTP/2" 200 19896 "-" "Mozilla/5.0 AppleWebKit/537.36 (KHTML, like Gecko; compatible; bingbot/2.0; +http://www.bing.com/bingbot.htm) Chrome/116.0.1938.76 Safari/537.36"
98.98.197.162 - - [27/Apr/2026:08:51:39 +0300] "POST /xmlrpc.php HTTP/1.1" 200 630 "-" "Mozilla/5.0 (Windows NT 10.0; Win64; x64) AppleWebKit/537.36 (KHTML, like Gecko) Chrome/114.0.0.0 Safari/537.36"
185.216.113.70 - - [27/Apr/2026:08:52:12 +0300] "POST /wp-cron.php?doing_wp_cron=1777269131.9384760856628417968750 HTTP/1.1" 200 448 "-" "WordPress/6.3.8; https://serhatburke.miroglu.net"
98.98.197.162 - - [27/Apr/2026:08:51:58 +0300] "POST /xmlrpc.php HTTP/1.1" 200 15751 "-" "Mozilla/5.0 (Windows NT 10.0; Win64; x64) AppleWebKit/537.36 (KHTML, like Gecko) Chrome/114.0.0.0 Safari/537.36"
98.98.197.162 - - [27/Apr/2026:08:52:13 +0300] "GET /enjoy-eyes-of-horus-on-line-slot-demonstration-game-at-the-virgin-video-game/ HTTP/1.1" 200 79845 "-" "Mozilla/5.0 (Windows NT 10.0; Win64; x64) AppleWebKit/537.36 (KHTML, like Gecko) Chrome/123.0.0.0 Safari/537.36"
185.216.113.70 - - [27/Apr/2026:08:54:24 +0300] "POST /wp-cron.php?doing_wp_cron=1777269263.9280340671539306640625 HTTP/1.1" 200 448 "-" "WordPress/6.3.8; https://serhatburke.miroglu.net"
40.77.167.48 - - [27/Apr/2026:08:54:09 +0300] "GET /ora-potete-anteporre-fra-carte-di-debito-credito-ancora-prepagate-bonifico-ovvero-i-portafogli-elettronici/ HTTP/2" 200 18038 "-" "Mozilla/5.0 AppleWebKit/537.36 (KHTML, like Gecko; compatible; bingbot/2.0; +http://www.bing.com/bingbot.htm) Chrome/116.0.1938.76 Safari/537.36"
52.167.144.64 - - [27/Apr/2026:08:54:26 +0300] "GET /robots.txt HTTP/2" 200 0 "-" "Mozilla/5.0 AppleWebKit/537.36 (KHTML, like Gecko; compatible; bingbot/2.0; +http://www.bing.com/bingbot.htm) Chrome/116.0.1938.76 Safari/537.36"
40.77.167.50 - - [27/Apr/2026:08:54:14 +0300] "GET /doing-two-hundred-spins-over-four-day-period-off-first-put-invest-of-10/ HTTP/2" 200 17521 "-" "Mozilla/5.0 AppleWebKit/537.36 (KHTML, like Gecko; compatible; bingbot/2.0; +http://www.bing.com/bingbot.htm) Chrome/116.0.1938.76 Safari/537.36"
40.77.167.243 - - [27/Apr/2026:08:54:18 +0300] "GET /bestemann-100-free-spins-casino-bonuses-paslat-2026/ HTTP/2" 200 20480 "-" "Mozilla/5.0 AppleWebKit/537.36 (KHTML, like Gecko; compatible; bingbot/2.0; +http://www.bing.com/bingbot.htm) Chrome/116.0.1938.76 Safari/537.36"
103.165.167.102 - - [27/Apr/2026:08:54:25 +0300] "GET /28563-2/ HTTP/1.1" 200 19286 "-" "Mozilla/5.0 (compatible; Googlebot/2.1; +http://www.google.com/bot.html)"
40.77.167.48 - - [27/Apr/2026:08:54:38 +0300] "GET /blox-fruit-codes-march-minimum-3-deposit-casino-2026-2x-exp-reset-stats-and/ HTTP/2" 200 20083 "-" "Mozilla/5.0 AppleWebKit/537.36 (KHTML, like Gecko; compatible; bingbot/2.0; +http://www.bing.com/bingbot.htm) Chrome/116.0.1938.76 Safari/537.36"
185.216.113.70 - - [27/Apr/2026:08:56:09 +0300] "POST /wp-cron.php?doing_wp_cron=1777269368.9601631164550781250000 HTTP/1.1" 200 448 "-" "WordPress/6.3.8; https://serhatburke.miroglu.net"
57.128.22.95 - - [27/Apr/2026:08:55:56 +0300] "GET /novoline-casino-codice-bonus-registrazione/ HTTP/1.1" 200 17799 "-" "Mozilla/5.0 (compatible; Googlebot/2.1; +http://www.google.com/bot.html)"
216.73.217.81 - - [27/Apr/2026:08:57:39 +0300] "GET /sitemap.xml HTTP/2" 200 0 "-" "Mozilla/5.0 AppleWebKit/537.36 (KHTML, like Gecko; compatible; ClaudeBot/1.0; +claudebot@anthropic.com)"
185.216.113.70 - - [27/Apr/2026:08:58:06 +0300] "POST /wp-cron.php?doing_wp_cron=1777269486.1496698856353759765625 HTTP/1.1" 200 448 "-" "WordPress/6.3.8; https://serhatburke.miroglu.net"
98.98.197.162 - - [27/Apr/2026:08:57:53 +0300] "POST /xmlrpc.php HTTP/1.1" 200 630 "-" "Mozilla/5.0 (Windows NT 10.0; Win64; x64) AppleWebKit/537.36 (KHTML, like Gecko) Chrome/114.0.0.0 Safari/537.36"
98.98.197.162 - - [27/Apr/2026:08:58:13 +0300] "POST /xmlrpc.php HTTP/1.1" 200 16506 "-" "Mozilla/5.0 (Windows NT 10.0; Win64; x64) AppleWebKit/537.36 (KHTML, like Gecko) Chrome/114.0.0.0 Safari/537.36"
212.34.148.156 - - [27/Apr/2026:08:58:18 +0300] "GET /beste-casino-site-belgie-hoge-inzet/ HTTP/1.1" 200 19282 "-" "Mozilla/5.0 (compatible; Googlebot/2.1; +http://www.google.com/bot.html)"
185.216.113.70 - - [27/Apr/2026:08:58:41 +0300] "POST /wp-cron.php?doing_wp_cron=1777269521.0352458953857421875000 HTTP/1.1" 200 448 "-" "WordPress/6.3.8; https://serhatburke.miroglu.net"
98.98.197.162 - - [27/Apr/2026:08:58:28 +0300] "GET /best-100-percent-free-revolves-bonuses-2024-greatest-gambling-enterprise-totally-free-twist-offers/ HTTP/1.1" 200 81293 "-" "Mozilla/5.0 (Windows NT 10.0; Win64; x64; rv:125.0) Gecko/20100101 Firefox/125.0"
40.77.167.243 - - [27/Apr/2026:08:58:47 +0300] "GET /no-deposit-bonus-requirements-exclusive-100-percent-free-also-offers-in-the-2026/ HTTP/2" 200 18452 "-" "Mozilla/5.0 AppleWebKit/537.36 (KHTML, like Gecko; compatible; bingbot/2.0; +http://www.bing.com/bingbot.htm) Chrome/116.0.1938.76 Safari/537.36"
52.167.144.158 - - [27/Apr/2026:08:58:52 +0300] "GET /discovering-solscan-a-comprehensive-tool-for-crypto-tracking-2/ HTTP/2" 200 18357 "-" "Mozilla/5.0 AppleWebKit/537.36 (KHTML, like Gecko; compatible; bingbot/2.0; +http://www.bing.com/bingbot.htm) Chrome/116.0.1938.76 Safari/537.36"
52.167.144.221 - - [27/Apr/2026:08:58:57 +0300] "GET /greatest-several-online-game-applications-one-spend-a-real-income-inside-the-davinci-diamonds-rtp-1-deposit-2026/ HTTP/2" 200 19381 "-" "Mozilla/5.0 AppleWebKit/537.36 (KHTML, like Gecko; compatible; bingbot/2.0; +http://www.bing.com/bingbot.htm) Chrome/116.0.1938.76 Safari/537.36"
130.51.20.151 - - [27/Apr/2026:08:59:15 +0300] "GET /beste-casino-site-belgie-hoge-inzet/ HTTP/1.1" 200 19282 "-" "Mozilla/5.0 (compatible; Googlebot/2.1; +http://www.google.com/bot.html)"
40.77.167.243 - - [27/Apr/2026:08:59:16 +0300] "GET /free-revolves-no-deposit-rules-limits-in-the-united-kingdom/ HTTP/2" 200 17900 "-" "Mozilla/5.0 AppleWebKit/537.36 (KHTML, like Gecko; compatible; bingbot/2.0; +http://www.bing.com/bingbot.htm) Chrome/116.0.1938.76 Safari/537.36"
52.167.144.158 - - [27/Apr/2026:08:59:21 +0300] "GET /thunderstruck-slot-remark-inside-the-breadth-provides-rtp-and-gameplay-investigation/ HTTP/2" 200 19013 "-" "Mozilla/5.0 AppleWebKit/537.36 (KHTML, like Gecko; compatible; bingbot/2.0; +http://www.bing.com/bingbot.htm) Chrome/116.0.1938.76 Safari/537.36"
185.216.113.70 - - [27/Apr/2026:09:00:52 +0300] "POST /wp-cron.php?doing_wp_cron=1777269652.1483490467071533203125 HTTP/1.1" 200 448 "-" "WordPress/6.3.8; https://serhatburke.miroglu.net"
52.167.144.232 - - [27/Apr/2026:09:00:36 +0300] "GET /showboat-branson-belle-2026-plan-passes/ HTTP/2" 200 20056 "-" "Mozilla/5.0 AppleWebKit/537.36 (KHTML, like Gecko; compatible; bingbot/2.0; +http://www.bing.com/bingbot.htm) Chrome/116.0.1938.76 Safari/537.36"
52.167.144.158 - - [27/Apr/2026:09:00:41 +0300] "GET /exploring-the-world-of-sushiswap-for-crypto-enthusiasts/ HTTP/2" 200 18191 "-" "Mozilla/5.0 AppleWebKit/537.36 (KHTML, like Gecko; compatible; bingbot/2.0; +http://www.bing.com/bingbot.htm) Chrome/116.0.1938.76 Safari/537.36"
52.167.144.221 - - [27/Apr/2026:09:00:46 +0300] "GET /the-ultimate-dexscreener-guide-for-effective-crypto-trading/ HTTP/2" 200 17825 "-" "Mozilla/5.0 AppleWebKit/537.36 (KHTML, like Gecko; compatible; bingbot/2.0; +http://www.bing.com/bingbot.htm) Chrome/116.0.1938.76 Safari/537.36"
52.167.144.232 - - [27/Apr/2026:09:01:09 +0300] "GET /minimal-nation/ HTTP/2" 200 19226 "-" "Mozilla/5.0 AppleWebKit/537.36 (KHTML, like Gecko; compatible; bingbot/2.0; +http://www.bing.com/bingbot.htm) Chrome/116.0.1938.76 Safari/537.36"
52.167.144.158 - - [27/Apr/2026:09:01:10 +0300] "GET /xl-gambling-enterprise-is-a-captivating-and-you-can-ideal-notch-on-the-internet-betting-platform-catering-to-players-across-the-the-united-kingdom/ HTTP/2" 200 18833 "-" "Mozilla/5.0 AppleWebKit/537.36 (KHTML, like Gecko; compatible; bingbot/2.0; +http://www.bing.com/bingbot.htm) Chrome/116.0.1938.76 Safari/537.36"
52.167.144.158 - - [27/Apr/2026:09:01:13 +0300] "GET /diese-besten-blackjack-spiele-2026/ HTTP/2" 200 20407 "-" "Mozilla/5.0 AppleWebKit/537.36 (KHTML, like Gecko; compatible; bingbot/2.0; +http://www.bing.com/bingbot.htm) Chrome/116.0.1938.76 Safari/537.36"
52.167.144.221 - - [27/Apr/2026:09:01:18 +0300] "GET /natcasino-i-sverige-2026-alla-casinon-p-natet-80-359/ HTTP/2" 200 150132 "-" "Mozilla/5.0 AppleWebKit/537.36 (KHTML, like Gecko; compatible; bingbot/2.0; +http://www.bing.com/bingbot.htm) Chrome/116.0.1938.76 Safari/537.36"
185.216.113.70 - - [27/Apr/2026:09:02:03 +0300] "POST /wp-cron.php?doing_wp_cron=1777269723.5971930027008056640625 HTTP/1.1" 200 448 "-" "WordPress/6.3.8; https://serhatburke.miroglu.net"
52.167.144.158 - - [27/Apr/2026:09:01:51 +0300] "GET /club-club-black-colored-sheep-microgaming-slot-raging-rhino-slot-casino-remark-trial-february-2026/ HTTP/2" 200 19617 "-" "Mozilla/5.0 AppleWebKit/537.36 (KHTML, like Gecko; compatible; bingbot/2.0; +http://www.bing.com/bingbot.htm) Chrome/116.0.1938.76 Safari/537.36"
52.167.144.158 - - [27/Apr/2026:09:02:03 +0300] "GET /simple-tips-to-statement-and-accept-issues-from-the-nrg-gambling-enterprise/ HTTP/2" 200 17877 "-" "Mozilla/5.0 AppleWebKit/537.36 (KHTML, like Gecko; compatible; bingbot/2.0; +http://www.bing.com/bingbot.htm) Chrome/116.0.1938.76 Safari/537.36"
160.250.186.93 - - [27/Apr/2026:09:02:14 +0300] "GET /beste-casino-site-belgie-hoge-inzet/ HTTP/1.1" 200 19282 "-" "Mozilla/5.0 (compatible; Googlebot/2.1; +http://www.google.com/bot.html)"
185.216.113.70 - - [27/Apr/2026:09:02:53 +0300] "POST /wp-cron.php?doing_wp_cron=1777269772.9505629539489746093750 HTTP/1.1" 200 448 "-" "WordPress/6.3.8; https://serhatburke.miroglu.net"
52.167.144.232 - - [27/Apr/2026:09:02:39 +0300] "GET /quali-sono-rso-migliori-citta-da-incontro-aams-sicuri-mediante-italia/ HTTP/2" 200 18084 "-" "Mozilla/5.0 AppleWebKit/537.36 (KHTML, like Gecko; compatible; bingbot/2.0; +http://www.bing.com/bingbot.htm) Chrome/116.0.1938.76 Safari/537.36"
185.216.113.70 - - [27/Apr/2026:09:03:40 +0300] "POST /wp-cron.php?doing_wp_cron=1777269820.6487700939178466796875 HTTP/1.1" 200 448 "-" "WordPress/6.3.8; https://serhatburke.miroglu.net"
98.98.197.162 - - [27/Apr/2026:09:03:28 +0300] "POST /xmlrpc.php HTTP/1.1" 200 630 "-" "Mozilla/5.0 (Windows NT 10.0; Win64; x64) AppleWebKit/537.36 (KHTML, like Gecko) Chrome/114.0.0.0 Safari/537.36"
98.98.197.162 - - [27/Apr/2026:09:03:47 +0300] "POST /xmlrpc.php HTTP/1.1" 200 16957 "-" "Mozilla/5.0 (Windows NT 10.0; Win64; x64) AppleWebKit/537.36 (KHTML, like Gecko) Chrome/114.0.0.0 Safari/537.36"
98.98.197.162 - - [27/Apr/2026:09:04:02 +0300] "GET /fa-cup-one-fourth-finally-draw-in-complete-repertoire-fc-chelsea-get-challenging-examination-as-the-grand-the-prominent-league-wrap-affirmed/ HTTP/1.1" 200 82840 "-" "Mozilla/5.0 (Windows NT 10.0; Win64; x64; rv:124.0) Gecko/20100101 Firefox/124.0"
185.216.113.70 - - [27/Apr/2026:09:05:28 +0300] "POST /wp-cron.php?doing_wp_cron=1777269928.1405980587005615234375 HTTP/1.1" 200 448 "-" "WordPress/6.3.8; https://serhatburke.miroglu.net"
52.167.144.232 - - [27/Apr/2026:09:05:15 +0300] "GET /plinko-bestaan-deze-app-vermoedelijk-ofwel-zeker-scam/ HTTP/2" 200 19938 "-" "Mozilla/5.0 AppleWebKit/537.36 (KHTML, like Gecko; compatible; bingbot/2.0; +http://www.bing.com/bingbot.htm) Chrome/116.0.1938.76 Safari/537.36"
52.167.144.158 - - [27/Apr/2026:09:05:28 +0300] "GET /%D0%BB%D1%83%D1%87%D1%88%D0%B8%D0%B5-%D0%BA%D0%BB%D1%83%D0%B1%D1%8B-%D0%B4%D0%BB%D1%8F-%D1%85%D0%B0%D0%B9%D1%80%D0%BE%D0%BB%D0%BB%D0%B5%D1%80%D0%BE%D0%B2-%D1%85%D0%B0%D0%B9%D1%80%D0%BE%D0%BB%D0%BB/ HTTP/2" 200 20609 "-" "Mozilla/5.0 AppleWebKit/537.36 (KHTML, like Gecko; compatible; bingbot/2.0; +http://www.bing.com/bingbot.htm) Chrome/116.0.1938.76 Safari/537.36"
52.167.144.158 - - [27/Apr/2026:09:05:57 +0300] "GET /sitemaps.xml HTTP/2" 302 0 "-" "Mozilla/5.0 AppleWebKit/537.36 (KHTML, like Gecko; compatible; bingbot/2.0; +http://www.bing.com/bingbot.htm) Chrome/116.0.1938.76 Safari/537.36"
52.167.144.158 - - [27/Apr/2026:09:06:17 +0300] "GET /sitemap.xml HTTP/2" 200 1166 "-" "Mozilla/5.0 AppleWebKit/537.36 (KHTML, like Gecko; compatible; bingbot/2.0; +http://www.bing.com/bingbot.htm) Chrome/116.0.1938.76 Safari/537.36"
185.216.113.70 - - [27/Apr/2026:09:08:36 +0300] "POST /wp-cron.php?doing_wp_cron=1777270116.5648419857025146484375 HTTP/1.1" 200 448 "-" "WordPress/6.3.8; https://serhatburke.miroglu.net"
192.142.53.92 - - [27/Apr/2026:09:08:23 +0300] "GET /die-besten-online-casinos-der-schweiz-2025-sicher-2/ HTTP/2" 200 259517 "-" "Mozilla/5.0 (Windows NT 10.0; Win64; x64) AppleWebKit/537.36 (KHTML, like Gecko) Chrome/124.0.0.0 Safari/537.36"
98.98.197.162 - - [27/Apr/2026:09:08:53 +0300] "POST /xmlrpc.php HTTP/1.1" 200 630 "-" "Mozilla/5.0 (Windows NT 10.0; Win64; x64) AppleWebKit/537.36 (KHTML, like Gecko) Chrome/114.0.0.0 Safari/537.36"
185.216.113.70 - - [27/Apr/2026:09:09:25 +0300] "POST /wp-cron.php?doing_wp_cron=1777270165.2696220874786376953125 HTTP/1.1" 200 448 "-" "WordPress/6.3.8; https://serhatburke.miroglu.net"
98.98.197.162 - - [27/Apr/2026:09:09:12 +0300] "POST /xmlrpc.php HTTP/1.1" 200 16315 "-" "Mozilla/5.0 (Windows NT 10.0; Win64; x64) AppleWebKit/537.36 (KHTML, like Gecko) Chrome/114.0.0.0 Safari/537.36"
40.77.167.46 - - [27/Apr/2026:09:09:17 +0300] "GET /post-sitemap4.xml HTTP/2" 200 91900 "-" "Mozilla/5.0 AppleWebKit/537.36 (KHTML, like Gecko; compatible; bingbot/2.0; +http://www.bing.com/bingbot.htm) Chrome/116.0.1938.76 Safari/537.36"
98.98.197.162 - - [27/Apr/2026:09:09:26 +0300] "GET /fafafa-silver-casino-totally-free-slots-apk-download-100percent-free/ HTTP/1.1" 200 80002 "-" "Mozilla/5.0 (Windows NT 10.0; Win64; x64) AppleWebKit/537.36 (KHTML, like Gecko) Chrome/109.0.0.0 Safari/537.36"
185.216.113.70 - - [27/Apr/2026:09:14:50 +0300] "POST /wp-cron.php?doing_wp_cron=1777270489.8940219879150390625000 HTTP/1.1" 200 448 "-" "WordPress/6.3.8; https://serhatburke.miroglu.net"
98.98.197.162 - - [27/Apr/2026:09:14:37 +0300] "POST /xmlrpc.php HTTP/1.1" 200 630 "-" "Mozilla/5.0 (Windows NT 10.0; Win64; x64) AppleWebKit/537.36 (KHTML, like Gecko) Chrome/114.0.0.0 Safari/537.36"
98.98.197.162 - - [27/Apr/2026:09:14:56 +0300] "POST /xmlrpc.php HTTP/1.1" 200 16607 "-" "Mozilla/5.0 (Windows NT 10.0; Win64; x64) AppleWebKit/537.36 (KHTML, like Gecko) Chrome/114.0.0.0 Safari/537.36"
52.167.144.230 - - [27/Apr/2026:09:14:56 +0300] "GET /soluciona-de-balde-pharaohs-fortune-ranura-en-linea-en-mega-fortune-en-forma-demo/ HTTP/2" 200 20258 "-" "Mozilla/5.0 AppleWebKit/537.36 (KHTML, like Gecko; compatible; bingbot/2.0; +http://www.bing.com/bingbot.htm) Chrome/116.0.1938.76 Safari/537.36"
98.98.197.162 - - [27/Apr/2026:09:15:14 +0300] "GET /fairy-entrance-slot-review-powered-by-quickspin/ HTTP/1.1" 200 79971 "-" "Mozilla/5.0 (Windows NT 10.0; Win64; x64) AppleWebKit/537.36 (KHTML, like Gecko) Chrome/123.0.0.0 Safari/537.36"
185.216.113.70 - - [27/Apr/2026:09:16:57 +0300] "POST /wp-cron.php?doing_wp_cron=1777270616.9664139747619628906250 HTTP/1.1" 200 448 "-" "WordPress/6.3.8; https://serhatburke.miroglu.net"
40.77.167.150 - - [27/Apr/2026:09:16:45 +0300] "GET /exploring-the-gate-777-brasil-ancient-wonders-of-sun-of-egypt-3-slot-game/ HTTP/2" 200 19973 "-" "Mozilla/5.0 AppleWebKit/537.36 (KHTML, like Gecko; compatible; bingbot/2.0; +http://www.bing.com/bingbot.htm) Chrome/116.0.1938.76 Safari/537.36"
192.186.191.211 - - [27/Apr/2026:09:16:40 +0300] "GET /zotabet-casino-bonus-premier-depot-2026/ HTTP/1.1" 200 19130 "-" "Mozilla/5.0 (Windows NT 10.0; WOW64) AppleWebKit/537.36 (KHTML, like Gecko) Chrome/114.0.0.0 YaBrowser/22.7.0 Yowser/2.5 Safari/537.36"
185.216.113.70 - - [27/Apr/2026:09:18:31 +0300] "POST /wp-cron.php?doing_wp_cron=1777270710.9479010105133056640625 HTTP/1.1" 200 448 "-" "WordPress/6.3.8; https://serhatburke.miroglu.net"
40.77.167.150 - - [27/Apr/2026:09:18:18 +0300] "GET /an-expert-overview-top-spin-snooker-slot-machine-of-game-and-you-can-services-2026/ HTTP/2" 200 19422 "-" "Mozilla/5.0 AppleWebKit/537.36 (KHTML, like Gecko; compatible; bingbot/2.0; +http://www.bing.com/bingbot.htm) Chrome/116.0.1938.76 Safari/537.36"
40.77.167.46 - - [27/Apr/2026:09:18:23 +0300] "GET /pick-1-day-to-play-and-you-also-may-not-be-distressed-from-the-tioga-downs-gambling-establishment-lodge/ HTTP/2" 200 17639 "-" "Mozilla/5.0 AppleWebKit/537.36 (KHTML, like Gecko; compatible; bingbot/2.0; +http://www.bing.com/bingbot.htm) Chrome/116.0.1938.76 Safari/537.36"
52.167.144.230 - - [27/Apr/2026:09:18:31 +0300] "GET /diese-besten-online-casinos-via-echtgeld-inside-das-confoederatio-helvetica-2026/ HTTP/2" 200 20897 "-" "Mozilla/5.0 AppleWebKit/537.36 (KHTML, like Gecko; compatible; bingbot/2.0; +http://www.bing.com/bingbot.htm) Chrome/116.0.1938.76 Safari/537.36"
52.167.144.230 - - [27/Apr/2026:09:18:42 +0300] "GET /online-gambling-isn%EF%BF%BDt-yet-legal-on-state-regarding-northern-carolina-but-2023-looks-like-a-promising-seasons/ HTTP/2" 200 17715 "-" "Mozilla/5.0 AppleWebKit/537.36 (KHTML, like Gecko; compatible; bingbot/2.0; +http://www.bing.com/bingbot.htm) Chrome/116.0.1938.76 Safari/537.36"
185.216.113.70 - - [27/Apr/2026:09:20:42 +0300] "POST /wp-cron.php?doing_wp_cron=1777270842.4731519222259521484375 HTTP/1.1" 200 448 "-" "WordPress/6.3.8; https://serhatburke.miroglu.net"
98.98.197.162 - - [27/Apr/2026:09:20:28 +0300] "POST /xmlrpc.php HTTP/1.1" 200 630 "-" "Mozilla/5.0 (Windows NT 10.0; Win64; x64) AppleWebKit/537.36 (KHTML, like Gecko) Chrome/114.0.0.0 Safari/537.36"
98.98.197.162 - - [27/Apr/2026:09:20:49 +0300] "POST /xmlrpc.php HTTP/1.1" 200 16419 "-" "Mozilla/5.0 (Windows NT 10.0; Win64; x64) AppleWebKit/537.36 (KHTML, like Gecko) Chrome/114.0.0.0 Safari/537.36"
98.98.197.162 - - [27/Apr/2026:09:21:03 +0300] "GET /cool-fruit-position-comment-bonus-%E1%90%88-guide-of-ra-gamble-com/ HTTP/1.1" 200 80287 "-" "Mozilla/5.0 (Windows NT 10.0; Win64; x64) AppleWebKit/537.36 (KHTML, like Gecko) Chrome/124.0.0.0 Safari/537.36"
185.216.113.70 - - [27/Apr/2026:09:22:43 +0300] "POST /wp-cron.php?doing_wp_cron=1777270963.7221930027008056640625 HTTP/1.1" 200 448 "-" "WordPress/6.3.8; https://serhatburke.miroglu.net"
151.244.111.202 - - [27/Apr/2026:09:22:30 +0300] "GET /bandar-judi-bola-terpercaya-pilihan-utama-taruhan-8/ HTTP/1.1" 200 406378 "-" "Screaming Frog SEO Spider/16.7"
185.216.113.70 - - [27/Apr/2026:09:24:10 +0300] "POST /wp-cron.php?doing_wp_cron=1777271050.2778670787811279296875 HTTP/1.1" 200 448 "-" "WordPress/6.3.8; https://serhatburke.miroglu.net"
40.77.167.132 - - [27/Apr/2026:09:23:57 +0300] "GET /among-the-many-standout-top-features-of-lake-belle-would-be-the-fact-they-works-on-the-microgaming-platform/ HTTP/2" 200 18174 "-" "Mozilla/5.0 AppleWebKit/537.36 (KHTML, like Gecko; compatible; bingbot/2.0; +http://www.bing.com/bingbot.htm) Chrome/116.0.1938.76 Safari/537.36"
40.77.167.132 - - [27/Apr/2026:09:24:01 +0300] "GET /eye-of-horus-kostenlos-spielen-osterreich-2025-analysen-unter-anderem-tipps/ HTTP/2" 200 18613 "-" "Mozilla/5.0 AppleWebKit/537.36 (KHTML, like Gecko; compatible; bingbot/2.0; +http://www.bing.com/bingbot.htm) Chrome/116.0.1938.76 Safari/537.36"
185.216.113.70 - - [27/Apr/2026:09:24:43 +0300] "POST /wp-cron.php?doing_wp_cron=1777271082.9742219448089599609375 HTTP/1.1" 200 448 "-" "WordPress/6.3.8; https://serhatburke.miroglu.net"
40.77.167.132 - - [27/Apr/2026:09:24:31 +0300] "GET /get-started-with-safepal-wallet-a-comprehensive-guide/ HTTP/2" 200 17965 "-" "Mozilla/5.0 AppleWebKit/537.36 (KHTML, like Gecko; compatible; bingbot/2.0; +http://www.bing.com/bingbot.htm) Chrome/116.0.1938.76 Safari/537.36"
57.128.22.95 - - [27/Apr/2026:09:24:59 +0300] "GET /zotabet-casino-bonus-premier-depot-2026/ HTTP/1.1" 200 19148 "https://serhatburke.miroglu.net/" "Mozilla/5.0 (X11; Linux x86_64; rv:149.0) Gecko/20100101 Firefox/149.0"
196.51.133.74 - - [27/Apr/2026:09:25:14 +0300] "GET /wp-includes/css/dist/block-library/style.min.css?ver=6.3.8 HTTP/1.1" 200 13578 "https://serhatburke.miroglu.net/zotabet-casino-bonus-premier-depot-2026/" "Mozilla/5.0 (Windows NT 10.0; Win64; x64) AppleWebKit/537.36 (KHTML, like Gecko) Chrome/145.0.0.0 Safari/537.36"
196.51.133.74 - - [27/Apr/2026:09:25:17 +0300] "GET /wp-content/plugins/contact-form-7/includes/css/styles.css?ver=5.8 HTTP/1.1" 200 1490 "https://serhatburke.miroglu.net/zotabet-casino-bonus-premier-depot-2026/" "Mozilla/5.0 (Windows NT 10.0; Win64; x64) AppleWebKit/537.36 (KHTML, like Gecko) Chrome/145.0.0.0 Safari/537.36"
196.51.133.74 - - [27/Apr/2026:09:25:19 +0300] "GET /wp-content/themes/toppic/css/fontello.css?ver=4.2 HTTP/1.1" 200 1802 "https://serhatburke.miroglu.net/zotabet-casino-bonus-premier-depot-2026/" "Mozilla/5.0 (Windows NT 10.0; Win64; x64) AppleWebKit/537.36 (KHTML, like Gecko) Chrome/145.0.0.0 Safari/537.36"
196.51.133.74 - - [27/Apr/2026:09:25:21 +0300] "GET /wp-content/themes/toppic/css/reset.css?ver=4.2 HTTP/1.1" 200 1178 "https://serhatburke.miroglu.net/zotabet-casino-bonus-premier-depot-2026/" "Mozilla/5.0 (Windows NT 10.0; Win64; x64) AppleWebKit/537.36 (KHTML, like Gecko) Chrome/145.0.0.0 Safari/537.36"
196.51.133.74 - - [27/Apr/2026:09:25:22 +0300] "GET /wp-content/themes/toppic/css/default.css?ver=4.2 HTTP/1.1" 200 1811 "https://serhatburke.miroglu.net/zotabet-casino-bonus-premier-depot-2026/" "Mozilla/5.0 (Windows NT 10.0; Win64; x64) AppleWebKit/537.36 (KHTML, like Gecko) Chrome/145.0.0.0 Safari/537.36"
196.51.133.74 - - [27/Apr/2026:09:25:24 +0300] "GET /wp-content/themes/toppic/style.css?ver=4.2 HTTP/1.1" 200 23398 "https://serhatburke.miroglu.net/zotabet-casino-bonus-premier-depot-2026/" "Mozilla/5.0 (Windows NT 10.0; Win64; x64) AppleWebKit/537.36 (KHTML, like Gecko) Chrome/145.0.0.0 Safari/537.36"
196.51.133.74 - - [27/Apr/2026:09:25:26 +0300] "GET /wp-content/themes/toppic/css/royalslider.css?ver=4.2 HTTP/1.1" 200 1887 "https://serhatburke.miroglu.net/zotabet-casino-bonus-premier-depot-2026/" "Mozilla/5.0 (Windows NT 10.0; Win64; x64) AppleWebKit/537.36 (KHTML, like Gecko) Chrome/145.0.0.0 Safari/537.36"
196.51.133.74 - - [27/Apr/2026:09:25:27 +0300] "GET /wp-content/themes/toppic/css/rs-default.css?ver=4.2 HTTP/1.1" 200 2625 "https://serhatburke.miroglu.net/zotabet-casino-bonus-premier-depot-2026/" "Mozilla/5.0 (Windows NT 10.0; Win64; x64) AppleWebKit/537.36 (KHTML, like Gecko) Chrome/145.0.0.0 Safari/537.36"
196.51.133.74 - - [27/Apr/2026:09:25:29 +0300] "GET /wp-content/themes/toppic/css/lightbox.css?ver=4.2 HTTP/1.1" 200 2956 "https://serhatburke.miroglu.net/zotabet-casino-bonus-premier-depot-2026/" "Mozilla/5.0 (Windows NT 10.0; Win64; x64) AppleWebKit/537.36 (KHTML, like Gecko) Chrome/145.0.0.0 Safari/537.36"
196.51.133.74 - - [27/Apr/2026:09:25:30 +0300] "GET /wp-content/themes/toppic/css/woocommerce.css?ver=4.2 HTTP/1.1" 200 2848 "https://serhatburke.miroglu.net/zotabet-casino-bonus-premier-depot-2026/" "Mozilla/5.0 (Windows NT 10.0; Win64; x64) AppleWebKit/537.36 (KHTML, like Gecko) Chrome/145.0.0.0 Safari/537.36"
196.51.133.74 - - [27/Apr/2026:09:25:32 +0300] "GET /wp-content/themes/toppic/css/responsive.css?ver=4.2 HTTP/1.1" 200 2796 "https://serhatburke.miroglu.net/zotabet-casino-bonus-premier-depot-2026/" "Mozilla/5.0 (Windows NT 10.0; Win64; x64) AppleWebKit/537.36 (KHTML, like Gecko) Chrome/145.0.0.0 Safari/537.36"
66.249.73.15 - - [27/Apr/2026:09:25:24 +0300] "GET /celebrate-9casino-uk-big-slot-wins-with-us/ HTTP/1.1" 200 0 "https://xjprydk.driftengine-games.info/" "Mozilla/5.0 (Linux; Android 6.0.1; Nexus 5X Build/MMB29P) AppleWebKit/537.36 (KHTML, like Gecko) Chrome/146.0.7680.177 Mobile Safari/537.36 (compatible; Googlebot/2.1; +http://www.google.com/bot.html)"
185.216.113.70 - - [27/Apr/2026:09:25:50 +0300] "POST /wp-cron.php?doing_wp_cron=1777271149.9505689144134521484375 HTTP/1.1" 200 448 "-" "WordPress/6.3.8; https://serhatburke.miroglu.net"
196.51.133.74 - - [27/Apr/2026:09:25:34 +0300] "POST /wp-comments-post.php HTTP/1.1" 302 1087 "https://serhatburke.miroglu.net/zotabet-casino-bonus-premier-depot-2026/" "Mozilla/5.0 (X11; Linux x86_64; rv:149.0) Gecko/20100101 Firefox/149.0"
196.51.133.74 - - [27/Apr/2026:09:25:51 +0300] "GET /zotabet-casino-bonus-premier-depot-2026/?unapproved=720&moderation-hash=c9292c297227965526a1fada03492182 HTTP/1.1" 200 19692 "https://serhatburke.miroglu.net/wp-comments-post.php" "Mozilla/5.0 (X11; Linux x86_64; rv:149.0) Gecko/20100101 Firefox/149.0"
57.128.22.95 - - [27/Apr/2026:09:26:10 +0300] "GET /zotabet-casino-bonus-premier-depot-2026/ HTTP/1.1" 200 19105 "-" "Mozilla/5.0 (compatible; Googlebot/2.1; +http://www.google.com/bot.html)"
185.216.113.70 - - [27/Apr/2026:09:29:15 +0300] "POST /wp-cron.php?doing_wp_cron=1777271354.9460608959197998046875 HTTP/1.1" 200 448 "-" "WordPress/6.3.8; https://serhatburke.miroglu.net"
40.77.167.156 - - [27/Apr/2026:09:29:02 +0300] "GET /exploring-the-innovative-features-of-safepal-wallet/ HTTP/2" 200 18034 "-" "Mozilla/5.0 AppleWebKit/537.36 (KHTML, like Gecko; compatible; bingbot/2.0; +http://www.bing.com/bingbot.htm) Chrome/116.0.1938.76 Safari/537.36"
185.216.113.70 - - [27/Apr/2026:09:29:45 +0300] "POST /wp-cron.php?doing_wp_cron=1777271385.2397079467773437500000 HTTP/1.1" 200 448 "-" "WordPress/6.3.8; https://serhatburke.miroglu.net"
40.77.167.156 - - [27/Apr/2026:09:29:32 +0300] "GET /mobilni-hry-pro-dva/ HTTP/2" 200 18293 "-" "Mozilla/5.0 AppleWebKit/537.36 (KHTML, like Gecko; compatible; bingbot/2.0; +http://www.bing.com/bingbot.htm) Chrome/116.0.1938.76 Safari/537.36"
98.98.197.162 - - [27/Apr/2026:09:29:35 +0300] "POST /xmlrpc.php HTTP/1.1" 200 630 "-" "Mozilla/5.0 (Windows NT 10.0; Win64; x64) AppleWebKit/537.36 (KHTML, like Gecko) Chrome/114.0.0.0 Safari/537.36"
98.98.197.162 - - [27/Apr/2026:09:29:55 +0300] "POST /xmlrpc.php HTTP/1.1" 200 15098 "-" "Mozilla/5.0 (Windows NT 10.0; Win64; x64) AppleWebKit/537.36 (KHTML, like Gecko) Chrome/114.0.0.0 Safari/537.36"
98.98.197.162 - - [27/Apr/2026:09:30:09 +0300] "GET /great-four/ HTTP/1.1" 200 77381 "-" "Mozilla/5.0 (Windows NT 10.0; rv:125.0) Gecko/20100101 Firefox/125.0"
185.216.113.70 - - [27/Apr/2026:09:31:46 +0300] "POST /wp-cron.php?doing_wp_cron=1777271506.5050010681152343750000 HTTP/1.1" 200 448 "-" "WordPress/6.3.8; https://serhatburke.miroglu.net"
40.77.167.51 - - [27/Apr/2026:09:31:34 +0300] "GET /my-colmare-casino-ingresso-accedi-al-tuo-account-su-myempire-scarica-lapk-dellapplicazione-spinfest-com/ HTTP/2" 200 19675 "-" "Mozilla/5.0 AppleWebKit/537.36 (KHTML, like Gecko; compatible; bingbot/2.0; +http://www.bing.com/bingbot.htm) Chrome/116.0.1938.76 Safari/537.36"
57.128.22.95 - - [27/Apr/2026:09:31:46 +0300] "GET /zotabet-casino-bonus-premier-depot-2026/ HTTP/1.1" 200 19130 "-" "Mozilla/5.0 (compatible; Googlebot/2.1; +http://www.google.com/bot.html)"
40.77.167.51 - - [27/Apr/2026:09:32:05 +0300] "GET /finest-leprechaun-goes-to-hell-1-deposit-2026-mobile-casino-2026-a-real-income-and-better-gambling-establishment-apps/ HTTP/2" 200 19567 "-" "Mozilla/5.0 AppleWebKit/537.36 (KHTML, like Gecko; compatible; bingbot/2.0; +http://www.bing.com/bingbot.htm) Chrome/116.0.1938.76 Safari/537.36"
185.216.113.70 - - [27/Apr/2026:09:33:33 +0300] "POST /wp-cron.php?doing_wp_cron=1777271613.1042408943176269531250 HTTP/1.1" 200 448 "-" "WordPress/6.3.8; https://serhatburke.miroglu.net"
57.128.22.95 - - [27/Apr/2026:09:33:21 +0300] "GET /zotabet-casino-bonus-premier-depot-2026/ HTTP/1.1" 200 19148 "https://serhatburke.miroglu.net/" "Mozilla/5.0 (Macintosh; Intel Mac OS X 10_15_7) AppleWebKit/537.36 (KHTML, like Gecko) Chrome/145.0.0.0 Safari/537.36 Edg/145.0.0.0"
86.212.40.225 - - [27/Apr/2026:09:33:36 +0300] "POST /wp-comments-post.php HTTP/1.1" 302 1087 "https://serhatburke.miroglu.net/zotabet-casino-bonus-premier-depot-2026/" "Mozilla/5.0 (Macintosh; Intel Mac OS X 10_15_7) AppleWebKit/537.36 (KHTML, like Gecko) Chrome/145.0.0.0 Safari/537.36 Edg/145.0.0.0"
