165.231.101.129 - - [26/Apr/2026:23:26:53 +0300] "GET /wp-login.php HTTP/1.1" 200 3751 "https://serhatburke.miroglu.net/wp-login.php" "Mozilla/5.0 (Windows NT 6.3; Win64; x64) AppleWebKit/537.36 (KHTML, like Gecko) Chrome/103.0.0.0 Safari/537.36"
52.167.144.202 - - [26/Apr/2026:23:27:02 +0300] "GET /pharaoh-fortune-casino-minimum-deposit-5-free-slot-gamble-demo-%E1%90%88-rtp-94-07/undefined?ts=1777234674 HTTP/2" 404 14377 "-" "Mozilla/5.0 AppleWebKit/537.36 (KHTML, like Gecko; compatible; bingbot/2.0; +http://www.bing.com/bingbot.htm) Chrome/116.0.1938.76 Safari/537.36"
185.153.197.137 - - [26/Apr/2026:23:27:01 +0300] "POST /xmlrpc.php HTTP/1.1" 200 630 "-" "Mozilla/5.0 (Windows NT 10.0; Win64; x64) AppleWebKit/537.36 (KHTML, like Gecko) Chrome/114.0.0.0 Safari/537.36"
40.77.167.156 - - [26/Apr/2026:23:27:06 +0300] "GET /pharaoh-fortune-casino-minimum-deposit-5-free-slot-gamble-demo-%E1%90%88-rtp-94-07/undefined?ts=1777234669 HTTP/2" 404 14378 "-" "Mozilla/5.0 AppleWebKit/537.36 (KHTML, like Gecko; compatible; bingbot/2.0; +http://www.bing.com/bingbot.htm) Chrome/116.0.1938.76 Safari/537.36"
52.167.144.202 - - [26/Apr/2026:23:27:08 +0300] "GET /pharaoh-fortune-casino-minimum-deposit-5-free-slot-gamble-demo-%E1%90%88-rtp-94-07/undefined?ts=1777234674 HTTP/2" 404 14429 "-" "Mozilla/5.0 AppleWebKit/537.36 (KHTML, like Gecko; compatible; bingbot/2.0; +http://www.bing.com/bingbot.htm) Chrome/116.0.1938.76 Safari/537.36"
185.216.113.70 - - [26/Apr/2026:23:27:49 +0300] "POST /wp-cron.php?doing_wp_cron=1777235269.5126979351043701171875 HTTP/1.1" 200 448 "-" "WordPress/6.3.8; https://serhatburke.miroglu.net"
165.231.101.129 - - [26/Apr/2026:23:27:25 +0300] "POST /wp-login.php HTTP/1.1" 302 1537 "https://serhatburke.miroglu.net/wp-login.php" "Mozilla/5.0 (Windows NT 6.3; Win64; x64) AppleWebKit/537.36 (KHTML, like Gecko) Chrome/103.0.0.0 Safari/537.36"
40.77.167.156 - - [26/Apr/2026:23:27:35 +0300] "GET /pharaoh-fortune-casino-minimum-deposit-5-free-slot-gamble-demo-%E1%90%88-rtp-94-07/undefined?ts=1777234669 HTTP/2" 404 14429 "-" "Mozilla/5.0 AppleWebKit/537.36 (KHTML, like Gecko; compatible; bingbot/2.0; +http://www.bing.com/bingbot.htm) Chrome/116.0.1938.76 Safari/537.36"
40.77.167.156 - - [26/Apr/2026:23:27:37 +0300] "GET /pharaoh-fortune-casino-minimum-deposit-5-free-slot-gamble-demo-%E1%90%88-rtp-94-07/undefined?ts=1777234673 HTTP/2" 404 14377 "-" "Mozilla/5.0 AppleWebKit/537.36 (KHTML, like Gecko; compatible; bingbot/2.0; +http://www.bing.com/bingbot.htm) Chrome/116.0.1938.76 Safari/537.36"
185.153.197.137 - - [26/Apr/2026:23:27:39 +0300] "POST /xmlrpc.php HTTP/1.1" 200 13197 "-" "Mozilla/5.0 (Windows NT 10.0; Win64; x64) AppleWebKit/537.36 (KHTML, like Gecko) Chrome/114.0.0.0 Safari/537.36"
52.167.144.202 - - [26/Apr/2026:23:27:46 +0300] "GET /pharaoh-fortune-casino-minimum-deposit-5-free-slot-gamble-demo-%E1%90%88-rtp-94-07/undefined?ts=1777234674 HTTP/2" 404 14377 "-" "Mozilla/5.0 AppleWebKit/537.36 (KHTML, like Gecko; compatible; bingbot/2.0; +http://www.bing.com/bingbot.htm) Chrome/116.0.1938.76 Safari/537.36"
165.231.101.129 - - [26/Apr/2026:23:27:50 +0300] "GET /wp-admin/ HTTP/1.1" 200 216496 "https://serhatburke.miroglu.net/wp-login.php" "Mozilla/5.0 (Windows NT 6.3; Win64; x64) AppleWebKit/537.36 (KHTML, like Gecko) Chrome/103.0.0.0 Safari/537.36"
185.153.197.137 - - [26/Apr/2026:23:28:09 +0300] "GET /flames-joker-blitz-demonstration-because-of-the-playn-go-free-position-games-remark/ HTTP/1.1" 200 77573 "-" "Mozilla/5.0 (Windows NT 10.0; Win64; x64; rv:125.0) Gecko/20100101 Firefox/125.0"
185.153.197.8 - - [26/Apr/2026:23:28:11 +0300] "POST /xmlrpc.php HTTP/1.1" 200 630 "-" "Mozilla/5.0 (Windows NT 10.0; Win64; x64) AppleWebKit/537.36 (KHTML, like Gecko) Chrome/114.0.0.0 Safari/537.36"
40.77.167.156 - - [26/Apr/2026:23:28:15 +0300] "GET /pharaoh-fortune-casino-minimum-deposit-5-free-slot-gamble-demo-%E1%90%88-rtp-94-07/undefined?ts=1777234673 HTTP/2" 404 14377 "-" "Mozilla/5.0 AppleWebKit/537.36 (KHTML, like Gecko; compatible; bingbot/2.0; +http://www.bing.com/bingbot.htm) Chrome/116.0.1938.76 Safari/537.36"
52.167.144.202 - - [26/Apr/2026:23:28:17 +0300] "GET /pharaoh-fortune-casino-minimum-deposit-5-free-slot-gamble-demo-%E1%90%88-rtp-94-07/undefined?ts=1777234674 HTTP/2" 404 14377 "-" "Mozilla/5.0 AppleWebKit/537.36 (KHTML, like Gecko; compatible; bingbot/2.0; +http://www.bing.com/bingbot.htm) Chrome/116.0.1938.76 Safari/537.36"
165.231.101.129 - - [26/Apr/2026:23:28:23 +0300] "GET /xmlrpc.php HTTP/1.1" 405 606 "https://serhatburke.miroglu.net/wp-admin/" "Mozilla/5.0 (Windows NT 6.3; Win64; x64) AppleWebKit/537.36 (KHTML, like Gecko) Chrome/103.0.0.0 Safari/537.36"
185.216.113.70 - - [26/Apr/2026:23:29:08 +0300] "POST /wp-cron.php?doing_wp_cron=1777235348.7992110252380371093750 HTTP/1.1" 200 448 "-" "WordPress/6.3.8; https://serhatburke.miroglu.net"
40.77.167.156 - - [26/Apr/2026:23:28:44 +0300] "GET /pharaoh-fortune-casino-minimum-deposit-5-free-slot-gamble-demo-%E1%90%88-rtp-94-07/undefined?ts=1777234673 HTTP/2" 404 14377 "-" "Mozilla/5.0 AppleWebKit/537.36 (KHTML, like Gecko; compatible; bingbot/2.0; +http://www.bing.com/bingbot.htm) Chrome/116.0.1938.76 Safari/537.36"
40.77.167.156 - - [26/Apr/2026:23:28:45 +0300] "GET /pharaoh-fortune-casino-minimum-deposit-5-free-slot-gamble-demo-%E1%90%88-rtp-94-07/undefined?ts=1777234673 HTTP/2" 404 14377 "-" "Mozilla/5.0 AppleWebKit/537.36 (KHTML, like Gecko; compatible; bingbot/2.0; +http://www.bing.com/bingbot.htm) Chrome/116.0.1938.76 Safari/537.36"
185.153.197.8 - - [26/Apr/2026:23:28:46 +0300] "POST /xmlrpc.php HTTP/1.1" 200 16051 "-" "Mozilla/5.0 (Windows NT 10.0; Win64; x64) AppleWebKit/537.36 (KHTML, like Gecko) Chrome/114.0.0.0 Safari/537.36"
165.231.101.129 - - [26/Apr/2026:23:28:47 +0300] "POST /xmlrpc.php HTTP/1.1" 200 639 "https://serhatburke.miroglu.net/xmlrpc.php" "Mozilla/5.0 (Windows NT 6.3; Win64; x64) AppleWebKit/537.36 (KHTML, like Gecko) Chrome/103.0.0.0 Safari/537.36"
52.167.144.202 - - [26/Apr/2026:23:28:53 +0300] "GET /pharaoh-fortune-casino-minimum-deposit-5-free-slot-gamble-demo-%E1%90%88-rtp-94-07/undefined?ts=1777234674 HTTP/2" 404 14377 "-" "Mozilla/5.0 AppleWebKit/537.36 (KHTML, like Gecko; compatible; bingbot/2.0; +http://www.bing.com/bingbot.htm) Chrome/116.0.1938.76 Safari/537.36"
40.77.167.156 - - [26/Apr/2026:23:29:09 +0300] "GET /pharaoh-fortune-casino-minimum-deposit-5-free-slot-gamble-demo-%E1%90%88-rtp-94-07/undefined?ts=1777234673 HTTP/2" 404 14429 "-" "Mozilla/5.0 AppleWebKit/537.36 (KHTML, like Gecko; compatible; bingbot/2.0; +http://www.bing.com/bingbot.htm) Chrome/116.0.1938.76 Safari/537.36"
185.153.197.8 - - [26/Apr/2026:23:29:16 +0300] "GET /on-line-casino-acceptance-incentive-better-sign-upwards-also-offers-2026/ HTTP/1.1" 200 80043 "-" "Mozilla/5.0 (Windows NT 10.0; Win64; x64) AppleWebKit/537.36 (KHTML, like Gecko) Chrome/123.0.0.0 Safari/537.36"
165.231.101.129 - - [26/Apr/2026:23:29:17 +0300] "GET /?p=139405 HTTP/1.1" 301 730 "https://serhatburke.miroglu.net/xmlrpc.php" "Mozilla/5.0 (Windows NT 6.3; Win64; x64) AppleWebKit/537.36 (KHTML, like Gecko) Chrome/103.0.0.0 Safari/537.36"
52.167.144.202 - - [26/Apr/2026:23:29:23 +0300] "GET /pharaoh-fortune-casino-minimum-deposit-5-free-slot-gamble-demo-%E1%90%88-rtp-94-07/undefined?ts=1777234674 HTTP/2" 404 14377 "-" "Mozilla/5.0 AppleWebKit/537.36 (KHTML, like Gecko; compatible; bingbot/2.0; +http://www.bing.com/bingbot.htm) Chrome/116.0.1938.76 Safari/537.36"
52.167.144.193 - - [26/Apr/2026:23:29:23 +0300] "GET /kraken-bezopasnye-metody-dostupa-k-darknetu-2026-13/ HTTP/2" 200 18729 "-" "Mozilla/5.0 AppleWebKit/537.36 (KHTML, like Gecko; compatible; bingbot/2.0; +http://www.bing.com/bingbot.htm) Chrome/116.0.1938.76 Safari/537.36"
175.100.33.197 - - [26/Apr/2026:23:29:37 +0300] "GET /novoline-casino-codice-bonus-registrazione/ HTTP/1.1" 200 17784 "https://serhatburke.miroglu.net/" "Mozilla/5.0 (X11; Linux aarch64) AppleWebKit/537.36 (KHTML, like Gecko) Chrome/139.0.0.0 Safari/537.36"
175.100.33.197 - - [26/Apr/2026:23:30:10 +0300] "GET /wp-includes/css/dist/block-library/style.min.css?ver=6.3.8 HTTP/1.1" 200 13578 "https://serhatburke.miroglu.net/novoline-casino-codice-bonus-registrazione/" "Mozilla/5.0 (Windows NT 10.0; Win64; x64) AppleWebKit/537.36 (KHTML, like Gecko) Chrome/145.0.0.0 Safari/537.36"
175.100.33.197 - - [26/Apr/2026:23:30:11 +0300] "GET /wp-content/plugins/contact-form-7/includes/css/styles.css?ver=5.8 HTTP/1.1" 200 1490 "https://serhatburke.miroglu.net/novoline-casino-codice-bonus-registrazione/" "Mozilla/5.0 (Windows NT 10.0; Win64; x64) AppleWebKit/537.36 (KHTML, like Gecko) Chrome/145.0.0.0 Safari/537.36"
175.100.33.197 - - [26/Apr/2026:23:30:13 +0300] "GET /wp-content/themes/toppic/css/fontello.css?ver=4.2 HTTP/1.1" 200 1802 "https://serhatburke.miroglu.net/novoline-casino-codice-bonus-registrazione/" "Mozilla/5.0 (Windows NT 10.0; Win64; x64) AppleWebKit/537.36 (KHTML, like Gecko) Chrome/145.0.0.0 Safari/537.36"
175.100.33.197 - - [26/Apr/2026:23:30:14 +0300] "GET /wp-content/themes/toppic/css/reset.css?ver=4.2 HTTP/1.1" 200 1178 "https://serhatburke.miroglu.net/novoline-casino-codice-bonus-registrazione/" "Mozilla/5.0 (Windows NT 10.0; Win64; x64) AppleWebKit/537.36 (KHTML, like Gecko) Chrome/145.0.0.0 Safari/537.36"
175.100.33.197 - - [26/Apr/2026:23:30:15 +0300] "GET /wp-content/themes/toppic/css/default.css?ver=4.2 HTTP/1.1" 200 1811 "https://serhatburke.miroglu.net/novoline-casino-codice-bonus-registrazione/" "Mozilla/5.0 (Windows NT 10.0; Win64; x64) AppleWebKit/537.36 (KHTML, like Gecko) Chrome/145.0.0.0 Safari/537.36"
175.100.33.197 - - [26/Apr/2026:23:30:16 +0300] "GET /wp-content/themes/toppic/style.css?ver=4.2 HTTP/1.1" 200 23398 "https://serhatburke.miroglu.net/novoline-casino-codice-bonus-registrazione/" "Mozilla/5.0 (Windows NT 10.0; Win64; x64) AppleWebKit/537.36 (KHTML, like Gecko) Chrome/145.0.0.0 Safari/537.36"
175.100.33.197 - - [26/Apr/2026:23:30:17 +0300] "GET /wp-content/themes/toppic/css/royalslider.css?ver=4.2 HTTP/1.1" 200 1887 "https://serhatburke.miroglu.net/novoline-casino-codice-bonus-registrazione/" "Mozilla/5.0 (Windows NT 10.0; Win64; x64) AppleWebKit/537.36 (KHTML, like Gecko) Chrome/145.0.0.0 Safari/537.36"
175.100.33.197 - - [26/Apr/2026:23:30:18 +0300] "GET /wp-content/themes/toppic/css/rs-default.css?ver=4.2 HTTP/1.1" 200 2625 "https://serhatburke.miroglu.net/novoline-casino-codice-bonus-registrazione/" "Mozilla/5.0 (Windows NT 10.0; Win64; x64) AppleWebKit/537.36 (KHTML, like Gecko) Chrome/145.0.0.0 Safari/537.36"
165.231.101.129 - - [26/Apr/2026:23:29:52 +0300] "GET /3-awesome-tips-on-riobet-%d0%ba%d0%b0%d0%b7%d0%b8%d0%bd%d0%be-from-unlikely-websites/ HTTP/1.1" 200 117470 "https://serhatburke.miroglu.net/?p=139405" "Mozilla/5.0 (Windows NT 6.3; Win64; x64) AppleWebKit/537.36 (KHTML, like Gecko) Chrome/103.0.0.0 Safari/537.36"
175.100.33.197 - - [26/Apr/2026:23:30:19 +0300] "GET /wp-content/themes/toppic/css/lightbox.css?ver=4.2 HTTP/1.1" 200 2956 "https://serhatburke.miroglu.net/novoline-casino-codice-bonus-registrazione/" "Mozilla/5.0 (Windows NT 10.0; Win64; x64) AppleWebKit/537.36 (KHTML, like Gecko) Chrome/145.0.0.0 Safari/537.36"
52.167.144.193 - - [26/Apr/2026:23:29:52 +0300] "GET /the-heart-quelle-des-artikels-of-the-web/ HTTP/2" 200 19677 "-" "Mozilla/5.0 AppleWebKit/537.36 (KHTML, like Gecko; compatible; bingbot/2.0; +http://www.bing.com/bingbot.htm) Chrome/116.0.1938.76 Safari/537.36"
175.100.33.197 - - [26/Apr/2026:23:30:20 +0300] "GET /wp-content/themes/toppic/css/woocommerce.css?ver=4.2 HTTP/1.1" 200 2848 "https://serhatburke.miroglu.net/novoline-casino-codice-bonus-registrazione/" "Mozilla/5.0 (Windows NT 10.0; Win64; x64) AppleWebKit/537.36 (KHTML, like Gecko) Chrome/145.0.0.0 Safari/537.36"
175.100.33.197 - - [26/Apr/2026:23:30:21 +0300] "GET /wp-content/themes/toppic/css/responsive.css?ver=4.2 HTTP/1.1" 200 2796 "https://serhatburke.miroglu.net/novoline-casino-codice-bonus-registrazione/" "Mozilla/5.0 (Windows NT 10.0; Win64; x64) AppleWebKit/537.36 (KHTML, like Gecko) Chrome/145.0.0.0 Safari/537.36"
40.77.167.156 - - [26/Apr/2026:23:29:59 +0300] "GET /pharaoh-fortune-casino-minimum-deposit-5-free-slot-gamble-demo-%E1%90%88-rtp-94-07/undefined?ts=1777234673 HTTP/2" 404 14377 "-" "Mozilla/5.0 AppleWebKit/537.36 (KHTML, like Gecko; compatible; bingbot/2.0; +http://www.bing.com/bingbot.htm) Chrome/116.0.1938.76 Safari/537.36"
52.167.144.193 - - [26/Apr/2026:23:29:58 +0300] "GET /odl-arme-funkar-det-att-att-utprova-villig-casino-inte-med-svensk-perso-koncession/ HTTP/2" 200 18736 "-" "Mozilla/5.0 AppleWebKit/537.36 (KHTML, like Gecko; compatible; bingbot/2.0; +http://www.bing.com/bingbot.htm) Chrome/116.0.1938.76 Safari/537.36"
40.77.167.156 - - [26/Apr/2026:23:30:23 +0300] "GET /pharaoh-fortune-casino-minimum-deposit-5-free-slot-gamble-demo-%E1%90%88-rtp-94-07/undefined?ts=1777234673 HTTP/2" 404 14377 "-" "Mozilla/5.0 AppleWebKit/537.36 (KHTML, like Gecko; compatible; bingbot/2.0; +http://www.bing.com/bingbot.htm) Chrome/116.0.1938.76 Safari/537.36"
175.100.33.197 - - [26/Apr/2026:23:30:23 +0300] "POST /wp-comments-post.php HTTP/1.1" 302 1090 "https://serhatburke.miroglu.net/novoline-casino-codice-bonus-registrazione/" "Mozilla/5.0 (X11; Linux aarch64) AppleWebKit/537.36 (KHTML, like Gecko) Chrome/139.0.0.0 Safari/537.36"
185.216.113.70 - - [26/Apr/2026:23:30:47 +0300] "POST /wp-cron.php?doing_wp_cron=1777235447.6201300621032714843750 HTTP/1.1" 200 448 "-" "WordPress/6.3.8; https://serhatburke.miroglu.net"
52.167.144.202 - - [26/Apr/2026:23:30:30 +0300] "GET /pharaoh-fortune-casino-minimum-deposit-5-free-slot-gamble-demo-%E1%90%88-rtp-94-07/undefined?ts=1777234674 HTTP/2" 404 14429 "-" "Mozilla/5.0 AppleWebKit/537.36 (KHTML, like Gecko; compatible; bingbot/2.0; +http://www.bing.com/bingbot.htm) Chrome/116.0.1938.76 Safari/537.36"
40.77.167.156 - - [26/Apr/2026:23:30:38 +0300] "GET /pharaoh-fortune-casino-minimum-deposit-5-free-slot-gamble-demo-%E1%90%88-rtp-94-07/undefined?ts=1777234673 HTTP/2" 404 14377 "-" "Mozilla/5.0 AppleWebKit/537.36 (KHTML, like Gecko; compatible; bingbot/2.0; +http://www.bing.com/bingbot.htm) Chrome/116.0.1938.76 Safari/537.36"
175.100.33.197 - - [26/Apr/2026:23:30:39 +0300] "GET /novoline-casino-codice-bonus-registrazione/?unapproved=689&moderation-hash=bbf2fbb8a47f163c02d04a9767295ec5 HTTP/1.1" 200 18214 "https://serhatburke.miroglu.net/wp-comments-post.php" "Mozilla/5.0 (X11; Linux aarch64) AppleWebKit/537.36 (KHTML, like Gecko) Chrome/139.0.0.0 Safari/537.36"
52.167.144.202 - - [26/Apr/2026:23:30:48 +0300] "GET /pharaoh-fortune-casino-minimum-deposit-5-free-slot-gamble-demo-%E1%90%88-rtp-94-07/undefined?ts=1777234674 HTTP/2" 404 14377 "-" "Mozilla/5.0 AppleWebKit/537.36 (KHTML, like Gecko; compatible; bingbot/2.0; +http://www.bing.com/bingbot.htm) Chrome/116.0.1938.76 Safari/537.36"
5.78.159.87 - - [26/Apr/2026:23:30:48 +0300] "POST /xmlrpc.php HTTP/1.1" 200 602 "-" "Mozilla/5.0 (Windows NT 10.0; Win64; x64) AppleWebKit/537.36 (KHTML, like Gecko) Chrome/108.0.0.0 Safari/537.36"
52.167.144.202 - - [26/Apr/2026:23:30:59 +0300] "GET /pharaoh-fortune-casino-minimum-deposit-5-free-slot-gamble-demo-%E1%90%88-rtp-94-07/undefined?ts=1777234674 HTTP/2" 404 14377 "-" "Mozilla/5.0 AppleWebKit/537.36 (KHTML, like Gecko; compatible; bingbot/2.0; +http://www.bing.com/bingbot.htm) Chrome/116.0.1938.76 Safari/537.36"
175.100.33.197 - - [26/Apr/2026:23:31:04 +0300] "GET /novoline-casino-codice-bonus-registrazione/ HTTP/1.1" 200 17799 "-" "Mozilla/5.0 (compatible; Googlebot/2.1; +http://www.google.com/bot.html)"
40.77.167.156 - - [26/Apr/2026:23:31:17 +0300] "GET /pharaoh-fortune-casino-minimum-deposit-5-free-slot-gamble-demo-%E1%90%88-rtp-94-07/undefined?ts=1777234673 HTTP/2" 404 14377 "-" "Mozilla/5.0 AppleWebKit/537.36 (KHTML, like Gecko; compatible; bingbot/2.0; +http://www.bing.com/bingbot.htm) Chrome/116.0.1938.76 Safari/537.36"
185.216.113.70 - - [26/Apr/2026:23:31:46 +0300] "POST /wp-cron.php?doing_wp_cron=1777235506.6069829463958740234375 HTTP/1.1" 200 448 "-" "WordPress/6.3.8; https://serhatburke.miroglu.net"
52.167.144.202 - - [26/Apr/2026:23:31:19 +0300] "GET /pharaoh-fortune-casino-minimum-deposit-5-free-slot-gamble-demo-%E1%90%88-rtp-94-07/undefined?ts=1777234674 HTTP/2" 404 14377 "-" "Mozilla/5.0 AppleWebKit/537.36 (KHTML, like Gecko; compatible; bingbot/2.0; +http://www.bing.com/bingbot.htm) Chrome/116.0.1938.76 Safari/537.36"
52.167.144.202 - - [26/Apr/2026:23:31:28 +0300] "GET /pharaoh-fortune-casino-minimum-deposit-5-free-slot-gamble-demo-%E1%90%88-rtp-94-07/undefined?ts=1777234674 HTTP/2" 404 14377 "-" "Mozilla/5.0 AppleWebKit/537.36 (KHTML, like Gecko; compatible; bingbot/2.0; +http://www.bing.com/bingbot.htm) Chrome/116.0.1938.76 Safari/537.36"
185.153.197.137 - - [26/Apr/2026:23:31:28 +0300] "POST /xmlrpc.php HTTP/1.1" 200 630 "-" "Mozilla/5.0 (Windows NT 10.0; Win64; x64) AppleWebKit/537.36 (KHTML, like Gecko) Chrome/114.0.0.0 Safari/537.36"
66.249.73.1 - - [26/Apr/2026:23:31:55 +0300] "GET /chumba-casino-uk-review-your-gateway-to-exciting-online-gaming/ HTTP/1.1" 200 0 "https://yxesi.driftengine-games.info/" "Mozilla/5.0 (Linux; Android 6.0.1; Nexus 5X Build/MMB29P) AppleWebKit/537.36 (KHTML, like Gecko) Chrome/146.0.7680.177 Mobile Safari/537.36 (compatible; Googlebot/2.1; +http://www.google.com/bot.html)"
5.157.55.211 - - [26/Apr/2026:23:31:36 +0300] "GET /3-awesome-tips-on-riobet-%d0%ba%d0%b0%d0%b7%d0%b8%d0%bd%d0%be-from-unlikely-websites/ HTTP/1.1" 200 24333 "-" "Mozilla/5.0 (compatible; Googlebot/2.1; +http://www.google.com/bot.html)"
40.77.167.156 - - [26/Apr/2026:23:31:44 +0300] "GET /pharaoh-fortune-casino-minimum-deposit-5-free-slot-gamble-demo-%E1%90%88-rtp-94-07/undefined?ts=1777234673 HTTP/2" 404 14377 "-" "Mozilla/5.0 AppleWebKit/537.36 (KHTML, like Gecko; compatible; bingbot/2.0; +http://www.bing.com/bingbot.htm) Chrome/116.0.1938.76 Safari/537.36"
52.167.144.193 - - [26/Apr/2026:23:31:47 +0300] "GET /discover-the-revolutionary-safepal-wallet-for-crypto/ HTTP/2" 200 18109 "-" "Mozilla/5.0 AppleWebKit/537.36 (KHTML, like Gecko; compatible; bingbot/2.0; +http://www.bing.com/bingbot.htm) Chrome/116.0.1938.76 Safari/537.36"
185.153.197.137 - - [26/Apr/2026:23:32:06 +0300] "POST /xmlrpc.php HTTP/1.1" 200 14082 "-" "Mozilla/5.0 (Windows NT 10.0; Win64; x64) AppleWebKit/537.36 (KHTML, like Gecko) Chrome/114.0.0.0 Safari/537.36"
52.167.144.202 - - [26/Apr/2026:23:32:17 +0300] "GET /pharaoh-fortune-casino-minimum-deposit-5-free-slot-gamble-demo-%E1%90%88-rtp-94-07/undefined?ts=1777234674 HTTP/2" 404 14377 "-" "Mozilla/5.0 AppleWebKit/537.36 (KHTML, like Gecko; compatible; bingbot/2.0; +http://www.bing.com/bingbot.htm) Chrome/116.0.1938.76 Safari/537.36"
52.167.144.193 - - [26/Apr/2026:23:32:23 +0300] "GET /do-you-have-to-end-up-being-an-excellent-pa-citizen-to-access-their-domestic-betting-web-sites/ HTTP/2" 200 18240 "-" "Mozilla/5.0 AppleWebKit/537.36 (KHTML, like Gecko; compatible; bingbot/2.0; +http://www.bing.com/bingbot.htm) Chrome/116.0.1938.76 Safari/537.36"
185.216.113.70 - - [26/Apr/2026:23:32:50 +0300] "POST /wp-cron.php?doing_wp_cron=1777235570.1458110809326171875000 HTTP/1.1" 200 448 "-" "WordPress/6.3.8; https://serhatburke.miroglu.net"
185.153.197.137 - - [26/Apr/2026:23:32:33 +0300] "GET /jurassic-park-position-enjoy-microgaming-video-slot-to-your-mr-choice-10-euro-bonus-sites-costa-rica/ HTTP/1.1" 200 79328 "-" "Mozilla/5.0 (Windows NT 10.0; Win64; x64) AppleWebKit/537.36 (KHTML, like Gecko) Chrome/122.0.0.0 Safari/537.36"
52.167.144.202 - - [26/Apr/2026:23:32:38 +0300] "GET /pharaoh-fortune-casino-minimum-deposit-5-free-slot-gamble-demo-%E1%90%88-rtp-94-07/undefined?ts=1777234674 HTTP/2" 404 14377 "-" "Mozilla/5.0 AppleWebKit/537.36 (KHTML, like Gecko; compatible; bingbot/2.0; +http://www.bing.com/bingbot.htm) Chrome/116.0.1938.76 Safari/537.36"
52.167.144.193 - - [26/Apr/2026:23:32:44 +0300] "GET /pharaoh-fortune-casino-minimum-deposit-5-free-slot-gamble-demo-%E1%90%88-rtp-94-07/undefined?ts=1777234667 HTTP/2" 404 14374 "-" "Mozilla/5.0 AppleWebKit/537.36 (KHTML, like Gecko; compatible; bingbot/2.0; +http://www.bing.com/bingbot.htm) Chrome/116.0.1938.76 Safari/537.36"
40.77.167.156 - - [26/Apr/2026:23:32:46 +0300] "GET /pharaoh-fortune-casino-minimum-deposit-5-free-slot-gamble-demo-%E1%90%88-rtp-94-07/undefined?ts=1777234673 HTTP/2" 404 14377 "-" "Mozilla/5.0 AppleWebKit/537.36 (KHTML, like Gecko; compatible; bingbot/2.0; +http://www.bing.com/bingbot.htm) Chrome/116.0.1938.76 Safari/537.36"
52.167.144.202 - - [26/Apr/2026:23:33:00 +0300] "GET /pharaoh-fortune-casino-minimum-deposit-5-free-slot-gamble-demo-%E1%90%88-rtp-94-07/undefined?ts=1777234674 HTTP/2" 404 14377 "-" "Mozilla/5.0 AppleWebKit/537.36 (KHTML, like Gecko; compatible; bingbot/2.0; +http://www.bing.com/bingbot.htm) Chrome/116.0.1938.76 Safari/537.36"
175.100.33.197 - - [26/Apr/2026:23:33:00 +0300] "GET /novoline-casino-codice-bonus-registrazione/ HTTP/1.1" 200 17799 "-" "Mozilla/5.0 (compatible; Googlebot/2.1; +http://www.google.com/bot.html)"
40.77.179.148 - - [26/Apr/2026:23:34:10 +0300] "GET /pharaoh-fortune-casino-minimum-deposit-5-free-slot-gamble-demo-%E1%90%88-rtp-94-07/undefined?ts=1777235648 HTTP/2" 200 0 "-" "Mozilla/5.0 AppleWebKit/537.36 (KHTML, like Gecko; compatible; bingbot/2.0; +http://www.bing.com/bingbot.htm) Chrome/100.0.4896.127 Safari/537.36"
65.55.210.85 - - [26/Apr/2026:23:34:12 +0300] "GET /pharaoh-fortune-casino-minimum-deposit-5-free-slot-gamble-demo-%E1%90%88-rtp-94-07/undefined?ts=1777235651 HTTP/2" 200 0 "-" "Mozilla/5.0 AppleWebKit/537.36 (KHTML, like Gecko; compatible; bingbot/2.0; +http://www.bing.com/bingbot.htm) Chrome/100.0.4896.127 Safari/537.36"
40.77.179.64 - - [26/Apr/2026:23:34:14 +0300] "GET /pharaoh-fortune-casino-minimum-deposit-5-free-slot-gamble-demo-%E1%90%88-rtp-94-07/undefined?ts=1777235653 HTTP/2" 200 0 "-" "Mozilla/5.0 AppleWebKit/537.36 (KHTML, like Gecko; compatible; bingbot/2.0; +http://www.bing.com/bingbot.htm) Chrome/100.0.4896.127 Safari/537.36"
65.55.210.68 - - [26/Apr/2026:23:34:17 +0300] "GET /pharaoh-fortune-casino-minimum-deposit-5-free-slot-gamble-demo-%E1%90%88-rtp-94-07/undefined?ts=1777235655 HTTP/2" 200 0 "-" "Mozilla/5.0 AppleWebKit/537.36 (KHTML, like Gecko; compatible; bingbot/2.0; +http://www.bing.com/bingbot.htm) Chrome/100.0.4896.127 Safari/537.36"
65.55.210.89 - - [26/Apr/2026:23:34:19 +0300] "GET /pharaoh-fortune-casino-minimum-deposit-5-free-slot-gamble-demo-%E1%90%88-rtp-94-07/undefined?ts=1777235657 HTTP/2" 200 0 "-" "Mozilla/5.0 AppleWebKit/537.36 (KHTML, like Gecko; compatible; bingbot/2.0; +http://www.bing.com/bingbot.htm) Chrome/100.0.4896.127 Safari/537.36"
65.55.210.92 - - [26/Apr/2026:23:34:21 +0300] "GET /pharaoh-fortune-casino-minimum-deposit-5-free-slot-gamble-demo-%E1%90%88-rtp-94-07/undefined?ts=1777235660 HTTP/2" 200 0 "-" "Mozilla/5.0 AppleWebKit/537.36 (KHTML, like Gecko; compatible; bingbot/2.0; +http://www.bing.com/bingbot.htm) Chrome/100.0.4896.127 Safari/537.36"
65.55.210.57 - - [26/Apr/2026:23:34:23 +0300] "GET /pharaoh-fortune-casino-minimum-deposit-5-free-slot-gamble-demo-%E1%90%88-rtp-94-07/undefined?ts=1777235662 HTTP/2" 200 0 "-" "Mozilla/5.0 AppleWebKit/537.36 (KHTML, like Gecko; compatible; bingbot/2.0; +http://www.bing.com/bingbot.htm) Chrome/100.0.4896.127 Safari/537.36"
40.77.177.64 - - [26/Apr/2026:23:34:25 +0300] "GET /pharaoh-fortune-casino-minimum-deposit-5-free-slot-gamble-demo-%E1%90%88-rtp-94-07/undefined?ts=1777235664 HTTP/2" 200 0 "-" "Mozilla/5.0 AppleWebKit/537.36 (KHTML, like Gecko; compatible; bingbot/2.0; +http://www.bing.com/bingbot.htm) Chrome/100.0.4896.127 Safari/537.36"
40.77.179.229 - - [26/Apr/2026:23:34:28 +0300] "GET /pharaoh-fortune-casino-minimum-deposit-5-free-slot-gamble-demo-%E1%90%88-rtp-94-07/undefined?ts=1777235667 HTTP/2" 200 0 "-" "Mozilla/5.0 AppleWebKit/537.36 (KHTML, like Gecko; compatible; bingbot/2.0; +http://www.bing.com/bingbot.htm) Chrome/100.0.4896.127 Safari/537.36"
40.77.179.252 - - [26/Apr/2026:23:34:30 +0300] "GET /pharaoh-fortune-casino-minimum-deposit-5-free-slot-gamble-demo-%E1%90%88-rtp-94-07/undefined?ts=1777235669 HTTP/2" 200 0 "-" "Mozilla/5.0 AppleWebKit/537.36 (KHTML, like Gecko; compatible; bingbot/2.0; +http://www.bing.com/bingbot.htm) Chrome/100.0.4896.127 Safari/537.36"
40.77.179.255 - - [26/Apr/2026:23:34:33 +0300] "GET /pharaoh-fortune-casino-minimum-deposit-5-free-slot-gamble-demo-%E1%90%88-rtp-94-07/undefined?ts=1777235671 HTTP/2" 200 0 "-" "Mozilla/5.0 AppleWebKit/537.36 (KHTML, like Gecko; compatible; bingbot/2.0; +http://www.bing.com/bingbot.htm) Chrome/100.0.4896.127 Safari/537.36"
40.77.179.62 - - [26/Apr/2026:23:34:35 +0300] "GET /pharaoh-fortune-casino-minimum-deposit-5-free-slot-gamble-demo-%E1%90%88-rtp-94-07/undefined?ts=1777235674 HTTP/2" 200 0 "-" "Mozilla/5.0 AppleWebKit/537.36 (KHTML, like Gecko; compatible; bingbot/2.0; +http://www.bing.com/bingbot.htm) Chrome/100.0.4896.127 Safari/537.36"
40.77.179.148 - - [26/Apr/2026:23:34:37 +0300] "GET /pharaoh-fortune-casino-minimum-deposit-5-free-slot-gamble-demo-%E1%90%88-rtp-94-07/undefined?ts=1777235676 HTTP/2" 200 0 "-" "Mozilla/5.0 AppleWebKit/537.36 (KHTML, like Gecko; compatible; bingbot/2.0; +http://www.bing.com/bingbot.htm) Chrome/100.0.4896.127 Safari/537.36"
40.77.177.67 - - [26/Apr/2026:23:34:42 +0300] "GET /pharaoh-fortune-casino-minimum-deposit-5-free-slot-gamble-demo-%E1%90%88-rtp-94-07/undefined?ts=1777235678 HTTP/2" 200 0 "-" "Mozilla/5.0 AppleWebKit/537.36 (KHTML, like Gecko; compatible; bingbot/2.0; +http://www.bing.com/bingbot.htm) Chrome/100.0.4896.127 Safari/537.36"
40.77.179.139 - - [26/Apr/2026:23:34:43 +0300] "GET /pharaoh-fortune-casino-minimum-deposit-5-free-slot-gamble-demo-%E1%90%88-rtp-94-07/undefined?ts=1777235682 HTTP/2" 200 0 "-" "Mozilla/5.0 AppleWebKit/537.36 (KHTML, like Gecko; compatible; bingbot/2.0; +http://www.bing.com/bingbot.htm) Chrome/100.0.4896.127 Safari/537.36"
40.77.179.112 - - [26/Apr/2026:23:34:46 +0300] "GET /pharaoh-fortune-casino-minimum-deposit-5-free-slot-gamble-demo-%E1%90%88-rtp-94-07/undefined?ts=1777235684 HTTP/2" 200 0 "-" "Mozilla/5.0 AppleWebKit/537.36 (KHTML, like Gecko; compatible; bingbot/2.0; +http://www.bing.com/bingbot.htm) Chrome/100.0.4896.127 Safari/537.36"
40.77.179.130 - - [26/Apr/2026:23:34:48 +0300] "GET /pharaoh-fortune-casino-minimum-deposit-5-free-slot-gamble-demo-%E1%90%88-rtp-94-07/undefined?ts=1777235687 HTTP/2" 200 0 "-" "Mozilla/5.0 AppleWebKit/537.36 (KHTML, like Gecko; compatible; bingbot/2.0; +http://www.bing.com/bingbot.htm) Chrome/100.0.4896.127 Safari/537.36"
40.77.177.63 - - [26/Apr/2026:23:34:51 +0300] "GET /pharaoh-fortune-casino-minimum-deposit-5-free-slot-gamble-demo-%E1%90%88-rtp-94-07/undefined?ts=1777235690 HTTP/2" 200 0 "-" "Mozilla/5.0 AppleWebKit/537.36 (KHTML, like Gecko; compatible; bingbot/2.0; +http://www.bing.com/bingbot.htm) Chrome/100.0.4896.127 Safari/537.36"
185.216.113.70 - - [26/Apr/2026:23:35:48 +0300] "POST /wp-cron.php?doing_wp_cron=1777235748.5672819614410400390625 HTTP/1.1" 200 448 "-" "WordPress/6.3.8; https://serhatburke.miroglu.net"
40.77.179.246 - - [26/Apr/2026:23:35:36 +0300] "GET /pharaoh-fortune-casino-minimum-deposit-5-free-slot-gamble-demo-%E1%90%88-rtp-94-07 HTTP/2" 301 0 "-" "Mozilla/5.0 AppleWebKit/537.36 (KHTML, like Gecko; compatible; bingbot/2.0; +http://www.bing.com/bingbot.htm) Chrome/100.0.4896.127 Safari/537.36"
66.249.73.14 - - [26/Apr/2026:23:35:54 +0300] "GET /chumba-casino-uk-review-your-gateway-to-exciting-online-gaming/undefined?ts=1775520000 HTTP/1.1" 200 0 "https://serhatburke.miroglu.net/chumba-casino-uk-review-your-gateway-to-exciting-online-gaming/" "Mozilla/5.0 (Linux; Android 6.0.1; Nexus 5X Build/MMB29P) AppleWebKit/537.36 (KHTML, like Gecko) Chrome/146.0.7680.177 Mobile Safari/537.36 (compatible; Googlebot/2.1; +http://www.google.com/bot.html)"
66.249.73.14 - - [26/Apr/2026:23:36:08 +0300] "GET /chumba-casino-uk-review-your-gateway-to-exciting-online-gaming/undefined?ts=1775520000 HTTP/1.1" 200 0 "https://serhatburke.miroglu.net/chumba-casino-uk-review-your-gateway-to-exciting-online-gaming/" "Mozilla/5.0 (Linux; Android 6.0.1; Nexus 5X Build/MMB29P) AppleWebKit/537.36 (KHTML, like Gecko) Chrome/146.0.7680.177 Mobile Safari/537.36 (compatible; Googlebot/2.1; +http://www.google.com/bot.html)"
185.153.197.8 - - [26/Apr/2026:23:36:08 +0300] "POST /xmlrpc.php HTTP/1.1" 200 630 "-" "Mozilla/5.0 (Windows NT 10.0; Win64; x64) AppleWebKit/537.36 (KHTML, like Gecko) Chrome/114.0.0.0 Safari/537.36"
185.153.197.137 - - [26/Apr/2026:23:36:16 +0300] "POST /xmlrpc.php HTTP/1.1" 200 630 "-" "Mozilla/5.0 (Windows NT 10.0; Win64; x64) AppleWebKit/537.36 (KHTML, like Gecko) Chrome/114.0.0.0 Safari/537.36"
66.249.73.14 - - [26/Apr/2026:23:36:23 +0300] "GET /chumba-casino-uk-review-your-gateway-to-exciting-online-gaming/undefined?ts=1775520000 HTTP/1.1" 200 0 "https://serhatburke.miroglu.net/chumba-casino-uk-review-your-gateway-to-exciting-online-gaming/" "Mozilla/5.0 (Linux; Android 6.0.1; Nexus 5X Build/MMB29P) AppleWebKit/537.36 (KHTML, like Gecko) Chrome/146.0.7680.177 Mobile Safari/537.36 (compatible; Googlebot/2.1; +http://www.google.com/bot.html)"
185.216.113.70 - - [26/Apr/2026:23:36:37 +0300] "POST /wp-cron.php?doing_wp_cron=1777235797.3374309539794921875000 HTTP/1.1" 200 448 "-" "WordPress/6.3.8; https://serhatburke.miroglu.net"
66.249.73.14 - - [26/Apr/2026:23:36:35 +0300] "GET /chumba-casino-uk-review-your-gateway-to-exciting-online-gaming/undefined?ts=1775520000 HTTP/1.1" 200 0 "https://serhatburke.miroglu.net/chumba-casino-uk-review-your-gateway-to-exciting-online-gaming/" "Mozilla/5.0 (Linux; Android 6.0.1; Nexus 5X Build/MMB29P) AppleWebKit/537.36 (KHTML, like Gecko) Chrome/146.0.7680.177 Mobile Safari/537.36 (compatible; Googlebot/2.1; +http://www.google.com/bot.html)"
185.153.197.8 - - [26/Apr/2026:23:36:27 +0300] "POST /xmlrpc.php HTTP/1.1" 200 15587 "-" "Mozilla/5.0 (Windows NT 10.0; Win64; x64) AppleWebKit/537.36 (KHTML, like Gecko) Chrome/114.0.0.0 Safari/537.36"
185.153.197.137 - - [26/Apr/2026:23:36:37 +0300] "POST /xmlrpc.php HTTP/1.1" 200 13372 "-" "Mozilla/5.0 (Windows NT 10.0; Win64; x64) AppleWebKit/537.36 (KHTML, like Gecko) Chrome/114.0.0.0 Safari/537.36"
185.153.197.8 - - [26/Apr/2026:23:36:46 +0300] "GET /gratorama-canada-gambling-enterprise-100-percent-free-join-bonus-palace-promo-password-additional-advantages/ HTTP/1.1" 200 80428 "-" "Mozilla/5.0 (Windows NT 10.0; rv:125.0) Gecko/20100101 Firefox/125.0"
185.153.197.137 - - [26/Apr/2026:23:37:01 +0300] "GET /free-revolves-to-your-put-zero-betting/ HTTP/1.1" 200 76447 "-" "Mozilla/5.0 (Windows NT 10.0; Win64; x64; rv:125.0) Gecko/20100101 Firefox/125.0"
185.216.113.70 - - [26/Apr/2026:23:40:46 +0300] "POST /wp-cron.php?doing_wp_cron=1777236046.6447150707244873046875 HTTP/1.1" 200 448 "-" "WordPress/6.3.8; https://serhatburke.miroglu.net"
185.153.197.8 - - [26/Apr/2026:23:40:31 +0300] "POST /xmlrpc.php HTTP/1.1" 200 630 "-" "Mozilla/5.0 (Windows NT 10.0; Win64; x64) AppleWebKit/537.36 (KHTML, like Gecko) Chrome/114.0.0.0 Safari/537.36"
185.153.197.137 - - [26/Apr/2026:23:40:41 +0300] "POST /xmlrpc.php HTTP/1.1" 200 630 "-" "Mozilla/5.0 (Windows NT 10.0; Win64; x64) AppleWebKit/537.36 (KHTML, like Gecko) Chrome/114.0.0.0 Safari/537.36"
185.153.197.8 - - [26/Apr/2026:23:40:52 +0300] "POST /xmlrpc.php HTTP/1.1" 200 16147 "-" "Mozilla/5.0 (Windows NT 10.0; Win64; x64) AppleWebKit/537.36 (KHTML, like Gecko) Chrome/114.0.0.0 Safari/537.36"
185.153.197.137 - - [26/Apr/2026:23:41:02 +0300] "POST /xmlrpc.php HTTP/1.1" 200 13787 "-" "Mozilla/5.0 (Windows NT 10.0; Win64; x64) AppleWebKit/537.36 (KHTML, like Gecko) Chrome/114.0.0.0 Safari/537.36"
185.153.197.8 - - [26/Apr/2026:23:41:07 +0300] "GET /finest-united-kingdom-matches-put-no-deposit-free-spins-bonuses-2026/ HTTP/1.1" 200 80111 "-" "Mozilla/5.0 (Windows NT 10.0; rv:109.0) Gecko/20100101 Firefox/115.0"
185.153.197.137 - - [26/Apr/2026:23:41:15 +0300] "GET /razed-casino-remark-2026-better-added-bonus-slots-totally-free-spins/ HTTP/1.1" 200 77784 "-" "Mozilla/5.0 (Windows NT 10.0; Win64; x64) AppleWebKit/537.36 (KHTML, like Gecko) Chrome/124.0.0.0 Safari/537.36 Edg/124.0.0.0"
5.157.55.142 - - [26/Apr/2026:23:41:25 +0300] "GET /7k-casino-%d1%81%d0%b0%d0%b9%d1%82-%d0%bb%d1%83%d1%87%d1%88%d0%b8%d0%b5-%d0%b8%d0%b3%d1%80%d1%8b-%d0%b1%d0%be%d0%bd%d1%83%d1%81%d1%8b-%d0%b8-%d1%83%d0%b4%d0%be%d0%b1%d0%bd%d1%8b%d0%b5/ HTTP/1.1" 200 25265 "https://serhatburke.miroglu.net/" "Mozilla/5.0 (X11; Linux x86_64) AppleWebKit/537.36 (KHTML, like Gecko) Chrome/145.0.0.0 Safari/537.36"
185.216.113.70 - - [26/Apr/2026:23:41:50 +0300] "POST /wp-cron.php?doing_wp_cron=1777236110.0489211082458496093750 HTTP/1.1" 200 448 "-" "WordPress/6.3.8; https://serhatburke.miroglu.net"
5.157.55.142 - - [26/Apr/2026:23:41:38 +0300] "GET /wp-login.php HTTP/1.1" 200 3751 "https://serhatburke.miroglu.net/7k-casino-%d1%81%d0%b0%d0%b9%d1%82-%d0%bb%d1%83%d1%87%d1%88%d0%b8%d0%b5-%d0%b8%d0%b3%d1%80%d1%8b-%d0%b1%d0%be%d0%bd%d1%83%d1%81%d1%8b-%d0%b8-%d1%83%d0%b4%d0%be%d0%b1%d0%bd%d1%8b%d0%b5/" "Mozilla/5.0 (Windows NT 6.3; Win64; x64) AppleWebKit/537.36 (KHTML, like Gecko) Chrome/103.0.0.0 Safari/537.36"
5.157.55.142 - - [26/Apr/2026:23:41:50 +0300] "GET /wp-login.php HTTP/1.1" 200 3751 "https://serhatburke.miroglu.net/wp-login.php" "Mozilla/5.0 (Windows NT 6.3; Win64; x64) AppleWebKit/537.36 (KHTML, like Gecko) Chrome/103.0.0.0 Safari/537.36"
5.157.55.142 - - [26/Apr/2026:23:42:03 +0300] "POST /wp-login.php HTTP/1.1" 302 1537 "https://serhatburke.miroglu.net/wp-login.php" "Mozilla/5.0 (Windows NT 6.3; Win64; x64) AppleWebKit/537.36 (KHTML, like Gecko) Chrome/103.0.0.0 Safari/537.36"
5.157.55.142 - - [26/Apr/2026:23:42:15 +0300] "GET /wp-admin/ HTTP/1.1" 200 216000 "https://serhatburke.miroglu.net/wp-login.php" "Mozilla/5.0 (Windows NT 6.3; Win64; x64) AppleWebKit/537.36 (KHTML, like Gecko) Chrome/103.0.0.0 Safari/537.36"
185.216.113.70 - - [26/Apr/2026:23:42:41 +0300] "POST /wp-cron.php?doing_wp_cron=1777236161.5051460266113281250000 HTTP/1.1" 200 448 "-" "WordPress/6.3.8; https://serhatburke.miroglu.net"
5.157.55.142 - - [26/Apr/2026:23:42:29 +0300] "GET /xmlrpc.php HTTP/1.1" 405 606 "https://serhatburke.miroglu.net/wp-admin/" "Mozilla/5.0 (Windows NT 6.3; Win64; x64) AppleWebKit/537.36 (KHTML, like Gecko) Chrome/103.0.0.0 Safari/537.36"
5.157.55.142 - - [26/Apr/2026:23:42:42 +0300] "POST /xmlrpc.php HTTP/1.1" 200 632 "https://serhatburke.miroglu.net/xmlrpc.php" "Mozilla/5.0 (Windows NT 6.3; Win64; x64) AppleWebKit/537.36 (KHTML, like Gecko) Chrome/103.0.0.0 Safari/537.36"
5.157.55.142 - - [26/Apr/2026:23:42:54 +0300] "POST /xmlrpc.php HTTP/1.1" 200 641 "https://serhatburke.miroglu.net/xmlrpc.php" "Mozilla/5.0 (Windows NT 6.3; Win64; x64) AppleWebKit/537.36 (KHTML, like Gecko) Chrome/103.0.0.0 Safari/537.36"
185.216.113.70 - - [26/Apr/2026:23:43:25 +0300] "POST /wp-cron.php?doing_wp_cron=1777236205.1462509632110595703125 HTTP/1.1" 200 448 "-" "WordPress/6.3.8; https://serhatburke.miroglu.net"
5.157.55.142 - - [26/Apr/2026:23:43:12 +0300] "GET /?p=139419 HTTP/1.1" 301 787 "https://serhatburke.miroglu.net/xmlrpc.php" "Mozilla/5.0 (Windows NT 6.3; Win64; x64) AppleWebKit/537.36 (KHTML, like Gecko) Chrome/103.0.0.0 Safari/537.36"
5.157.55.142 - - [26/Apr/2026:23:43:26 +0300] "GET /instant-solutions-to-1xbet-%d0%be%d1%84%d0%b8%d1%86%d0%b8%d0%b0%d0%bb%d1%8c%d0%bd%d1%8b%d0%b9-%d1%81%d0%b0%d0%b9%d1%82-in-step-by-step-detail/ HTTP/1.1" 200 116144 "https://serhatburke.miroglu.net/?p=139419" "Mozilla/5.0 (Windows NT 6.3; Win64; x64) AppleWebKit/537.36 (KHTML, like Gecko) Chrome/103.0.0.0 Safari/537.36"
185.216.113.70 - - [26/Apr/2026:23:44:22 +0300] "POST /wp-cron.php?doing_wp_cron=1777236261.9364640712738037109375 HTTP/1.1" 200 448 "-" "WordPress/6.3.8; https://serhatburke.miroglu.net"
5.157.55.142 - - [26/Apr/2026:23:44:10 +0300] "GET /instant-solutions-to-1xbet-%d0%be%d1%84%d0%b8%d1%86%d0%b8%d0%b0%d0%bb%d1%8c%d0%bd%d1%8b%d0%b9-%d1%81%d0%b0%d0%b9%d1%82-in-step-by-step-detail/ HTTP/1.1" 200 23240 "-" "Mozilla/5.0 (compatible; Googlebot/2.1; +http://www.google.com/bot.html)"
185.216.113.70 - - [26/Apr/2026:23:44:54 +0300] "POST /wp-cron.php?doing_wp_cron=1777236293.9584920406341552734375 HTTP/1.1" 200 448 "-" "WordPress/6.3.8; https://serhatburke.miroglu.net"
185.153.197.137 - - [26/Apr/2026:23:44:42 +0300] "POST /xmlrpc.php HTTP/1.1" 200 630 "-" "Mozilla/5.0 (Windows NT 10.0; Win64; x64) AppleWebKit/537.36 (KHTML, like Gecko) Chrome/114.0.0.0 Safari/537.36"
185.153.197.137 - - [26/Apr/2026:23:44:59 +0300] "POST /xmlrpc.php HTTP/1.1" 200 13259 "-" "Mozilla/5.0 (Windows NT 10.0; Win64; x64) AppleWebKit/537.36 (KHTML, like Gecko) Chrome/114.0.0.0 Safari/537.36"
185.153.197.137 - - [26/Apr/2026:23:45:11 +0300] "GET /totally-free-casino-games-no-install-needed/ HTTP/1.1" 200 76483 "-" "Mozilla/5.0 (Windows NT 10.0; Win64; x64) AppleWebKit/537.36 (KHTML, like Gecko) Chrome/122.0.0.0 Safari/537.36"
185.216.113.70 - - [26/Apr/2026:23:45:44 +0300] "POST /wp-cron.php?doing_wp_cron=1777236344.8530459403991699218750 HTTP/1.1" 200 448 "-" "WordPress/6.3.8; https://serhatburke.miroglu.net"
185.153.197.8 - - [26/Apr/2026:23:45:33 +0300] "POST /xmlrpc.php HTTP/1.1" 200 630 "-" "Mozilla/5.0 (Windows NT 10.0; Win64; x64) AppleWebKit/537.36 (KHTML, like Gecko) Chrome/114.0.0.0 Safari/537.36"
185.153.197.8 - - [26/Apr/2026:23:45:50 +0300] "POST /xmlrpc.php HTTP/1.1" 200 16031 "-" "Mozilla/5.0 (Windows NT 10.0; Win64; x64) AppleWebKit/537.36 (KHTML, like Gecko) Chrome/114.0.0.0 Safari/537.36"
185.153.197.8 - - [26/Apr/2026:23:46:02 +0300] "GET /on-the-internet-societal-gambling-establishment-constantly-free-to-gamble/ HTTP/1.1" 200 80141 "-" "Mozilla/5.0 (Windows NT 10.0; rv:109.0) Gecko/20100101 Firefox/115.0"
185.216.113.70 - - [26/Apr/2026:23:47:11 +0300] "POST /wp-cron.php?doing_wp_cron=1777236431.8528211116790771484375 HTTP/1.1" 200 448 "-" "WordPress/6.3.8; https://serhatburke.miroglu.net"
104.194.152.141 - - [26/Apr/2026:23:46:59 +0300] "GET /beste-casino-site-belgie-hoge-inzet/ HTTP/1.1" 200 19282 "-" "Mozilla/5.0 (compatible; Googlebot/2.1; +http://www.google.com/bot.html)"
66.249.73.15 - - [26/Apr/2026:23:47:31 +0300] "GET /undefined?ts=1775520000 HTTP/1.1" 200 0 "https://serhatburke.miroglu.net/" "Mozilla/5.0 (compatible; Googlebot/2.1; +http://www.google.com/bot.html)"
66.249.73.14 - - [26/Apr/2026:23:47:31 +0300] "GET /undefined?ts=1775520000 HTTP/1.1" 200 0 "https://serhatburke.miroglu.net/" "Mozilla/5.0 (compatible; Googlebot/2.1; +http://www.google.com/bot.html)"
66.249.73.1 - - [26/Apr/2026:23:47:31 +0300] "GET /undefined?ts=1775520000 HTTP/1.1" 200 0 "https://serhatburke.miroglu.net/" "Mozilla/5.0 (compatible; Googlebot/2.1; +http://www.google.com/bot.html)"
185.216.113.70 - - [26/Apr/2026:23:47:44 +0300] "POST /wp-cron.php?doing_wp_cron=1777236464.5950219631195068359375 HTTP/1.1" 200 448 "-" "WordPress/6.3.8; https://serhatburke.miroglu.net"
46.224.140.177 - - [26/Apr/2026:23:47:26 +0300] "POST /xmlrpc.php HTTP/1.1" 200 602 "-" "Mozilla/5.0 (Windows NT 10.0; Win64; x64) AppleWebKit/537.36 (KHTML, like Gecko) Chrome/108.0.0.0 Safari/537.36"
66.249.73.15 - - [26/Apr/2026:23:47:47 +0300] "GET /undefined?ts=1775520000 HTTP/1.1" 200 0 "https://serhatburke.miroglu.net/" "Mozilla/5.0 (compatible; Googlebot/2.1; +http://www.google.com/bot.html)"
66.249.73.14 - - [26/Apr/2026:23:47:48 +0300] "GET /undefined?ts=1775520000 HTTP/1.1" 200 0 "https://serhatburke.miroglu.net/" "Mozilla/5.0 (compatible; Googlebot/2.1; +http://www.google.com/bot.html)"
46.224.140.177 - - [26/Apr/2026:23:47:45 +0300] "POST /xmlrpc.php HTTP/1.1" 200 3986 "-" "Mozilla/5.0 (Windows NT 10.0; Win64; x64) AppleWebKit/537.36 (KHTML, like Gecko) Chrome/108.0.0.0 Safari/537.36"
66.249.73.14 - - [26/Apr/2026:23:47:58 +0300] "GET /undefined?ts=1775520000 HTTP/1.1" 200 0 "https://serhatburke.miroglu.net/" "Mozilla/5.0 (compatible; Googlebot/2.1; +http://www.google.com/bot.html)"
66.249.73.14 - - [26/Apr/2026:23:47:59 +0300] "GET /undefined?ts=1775520000 HTTP/1.1" 200 0 "https://serhatburke.miroglu.net/" "Mozilla/5.0 (compatible; Googlebot/2.1; +http://www.google.com/bot.html)"
66.249.73.14 - - [26/Apr/2026:23:48:01 +0300] "GET /undefined?ts=1775520000 HTTP/1.1" 200 0 "https://serhatburke.miroglu.net/" "Mozilla/5.0 (compatible; Googlebot/2.1; +http://www.google.com/bot.html)"
66.249.73.14 - - [26/Apr/2026:23:48:08 +0300] "GET /undefined?ts=1775520000 HTTP/1.1" 200 0 "https://serhatburke.miroglu.net/" "Mozilla/5.0 (compatible; Googlebot/2.1; +http://www.google.com/bot.html)"
66.249.73.14 - - [26/Apr/2026:23:48:10 +0300] "GET /undefined?ts=1775520000 HTTP/1.1" 200 0 "https://serhatburke.miroglu.net/" "Mozilla/5.0 (compatible; Googlebot/2.1; +http://www.google.com/bot.html)"
46.224.140.177 - - [26/Apr/2026:23:48:11 +0300] "GET /casinova-casino-erfahrungen-2026-test-kundenmeinungen/ HTTP/1.1" 200 0 "-" "Mozilla/5.0 (Windows NT 10.0; Win64; x64) AppleWebKit/537.36 (KHTML, like Gecko) Chrome/108.0.0.0 Safari/537.36"
66.249.73.14 - - [26/Apr/2026:23:48:22 +0300] "GET /undefined?ts=1775520000 HTTP/1.1" 200 0 "https://serhatburke.miroglu.net/" "Mozilla/5.0 (compatible; Googlebot/2.1; +http://www.google.com/bot.html)"
66.249.73.14 - - [26/Apr/2026:23:48:22 +0300] "GET /undefined?ts=1775520000 HTTP/1.1" 200 0 "https://serhatburke.miroglu.net/" "Mozilla/5.0 (compatible; Googlebot/2.1; +http://www.google.com/bot.html)"
66.249.73.14 - - [26/Apr/2026:23:48:23 +0300] "GET /undefined?ts=1775520000 HTTP/1.1" 200 0 "https://serhatburke.miroglu.net/" "Mozilla/5.0 (compatible; Googlebot/2.1; +http://www.google.com/bot.html)"
66.249.73.14 - - [26/Apr/2026:23:48:23 +0300] "GET /undefined?ts=1775520000 HTTP/1.1" 200 0 "https://serhatburke.miroglu.net/" "Mozilla/5.0 (compatible; Googlebot/2.1; +http://www.google.com/bot.html)"
185.216.113.70 - - [26/Apr/2026:23:48:40 +0300] "POST /wp-cron.php?doing_wp_cron=1777236520.1329960823059082031250 HTTP/1.1" 200 448 "-" "WordPress/6.3.8; https://serhatburke.miroglu.net"
46.224.140.177 - - [26/Apr/2026:23:48:27 +0300] "POST /xmlrpc.php HTTP/1.1" 200 594 "-" "Mozilla/5.0 (Windows NT 10.0; Win64; x64) AppleWebKit/537.36 (KHTML, like Gecko) Chrome/108.0.0.0 Safari/537.36"
40.77.167.57 - - [26/Apr/2026:23:48:20 +0300] "GET /post-sitemap66.xml HTTP/2" 200 22526 "-" "Mozilla/5.0 AppleWebKit/537.36 (KHTML, like Gecko; compatible; bingbot/2.0; +http://www.bing.com/bingbot.htm) Chrome/116.0.1938.76 Safari/537.36"
185.153.197.137 - - [26/Apr/2026:23:49:05 +0300] "POST /xmlrpc.php HTTP/1.1" 200 630 "-" "Mozilla/5.0 (Windows NT 10.0; Win64; x64) AppleWebKit/537.36 (KHTML, like Gecko) Chrome/114.0.0.0 Safari/537.36"
185.216.113.70 - - [26/Apr/2026:23:49:35 +0300] "POST /wp-cron.php?doing_wp_cron=1777236574.8734390735626220703125 HTTP/1.1" 200 448 "-" "WordPress/6.3.8; https://serhatburke.miroglu.net"
185.153.197.137 - - [26/Apr/2026:23:49:23 +0300] "POST /xmlrpc.php HTTP/1.1" 200 13696 "-" "Mozilla/5.0 (Windows NT 10.0; Win64; x64) AppleWebKit/537.36 (KHTML, like Gecko) Chrome/114.0.0.0 Safari/537.36"
185.153.197.137 - - [26/Apr/2026:23:49:35 +0300] "GET /home-of-enjoyable-totally-free-coins-score-100-totally-free-spins-now/ HTTP/1.1" 200 77648 "-" "Mozilla/5.0 (Windows NT 10.0; Win64; x64) AppleWebKit/537.36 (KHTML, like Gecko) Chrome/124.0.0.0 Safari/537.36 Edg/124.0.0.0"
185.153.197.8 - - [26/Apr/2026:23:50:22 +0300] "POST /xmlrpc.php HTTP/1.1" 200 630 "-" "Mozilla/5.0 (Windows NT 10.0; Win64; x64) AppleWebKit/537.36 (KHTML, like Gecko) Chrome/114.0.0.0 Safari/537.36"
185.216.113.70 - - [26/Apr/2026:23:50:43 +0300] "POST /wp-cron.php?doing_wp_cron=1777236642.9699780941009521484375 HTTP/1.1" 200 448 "-" "WordPress/6.3.8; https://serhatburke.miroglu.net"
104.194.132.199 - - [26/Apr/2026:23:50:30 +0300] "GET /zotabet-casino-bonus-premier-depot-2026/ HTTP/1.1" 200 19130 "-" "Mozilla/5.0 (Windows NT 10.0; WOW64) AppleWebKit/537.36 (KHTML, like Gecko) Chrome/114.0.0.0 YaBrowser/22.7.0 Yowser/2.5 Safari/537.36"
185.153.197.8 - - [26/Apr/2026:23:50:39 +0300] "POST /xmlrpc.php HTTP/1.1" 200 16159 "-" "Mozilla/5.0 (Windows NT 10.0; Win64; x64) AppleWebKit/537.36 (KHTML, like Gecko) Chrome/114.0.0.0 Safari/537.36"
196.196.160.113 - - [26/Apr/2026:23:50:52 +0300] "GET /wp-login.php HTTP/1.1" 200 3751 "https://serhatburke.miroglu.net/" "Mozilla/5.0 (X11; Linux x86_64) AppleWebKit/537.36 (KHTML, like Gecko) Chrome/146.0.0.0 Safari/537.36"
185.153.197.8 - - [26/Apr/2026:23:50:52 +0300] "GET /totally-free-potato-chips-zero-casinolead-california-put-more-codes-australian-continent-2025/ HTTP/1.1" 200 80805 "-" "Mozilla/5.0 (Windows NT 10.0; Win64; x64) AppleWebKit/537.36 (KHTML, like Gecko) Chrome/124.0.0.0 Safari/537.36 Edg/124.0.0.0"
196.196.160.113 - - [26/Apr/2026:23:51:07 +0300] "GET /wp-login.php HTTP/1.1" 200 3751 "https://serhatburke.miroglu.net/wp-login.php" "Mozilla/5.0 (Windows NT 6.3; Win64; x64) AppleWebKit/537.36 (KHTML, like Gecko) Chrome/103.0.0.0 Safari/537.36"
196.196.160.113 - - [26/Apr/2026:23:51:21 +0300] "POST /wp-login.php HTTP/1.1" 302 1537 "https://serhatburke.miroglu.net/wp-login.php" "Mozilla/5.0 (Windows NT 6.3; Win64; x64) AppleWebKit/537.36 (KHTML, like Gecko) Chrome/103.0.0.0 Safari/537.36"
185.216.113.70 - - [26/Apr/2026:23:51:45 +0300] "POST /wp-cron.php?doing_wp_cron=1777236705.0072469711303710937500 HTTP/1.1" 200 448 "-" "WordPress/6.3.8; https://serhatburke.miroglu.net"
196.196.160.113 - - [26/Apr/2026:23:51:33 +0300] "GET /wp-admin/ HTTP/1.1" 200 215981 "https://serhatburke.miroglu.net/wp-login.php" "Mozilla/5.0 (Windows NT 6.3; Win64; x64) AppleWebKit/537.36 (KHTML, like Gecko) Chrome/103.0.0.0 Safari/537.36"
185.216.113.70 - - [26/Apr/2026:23:51:45 +0300] "POST /wp-admin/admin-ajax.php?action=as_async_request_queue_runner&nonce=36311774b0 HTTP/1.1" 200 1039 "-" "WordPress/6.3.8; https://serhatburke.miroglu.net"
196.196.160.113 - - [26/Apr/2026:23:51:51 +0300] "GET /xmlrpc.php HTTP/1.1" 405 606 "https://serhatburke.miroglu.net/wp-admin/" "Mozilla/5.0 (Windows NT 6.3; Win64; x64) AppleWebKit/537.36 (KHTML, like Gecko) Chrome/103.0.0.0 Safari/537.36"
196.196.160.113 - - [26/Apr/2026:23:52:07 +0300] "POST /xmlrpc.php HTTP/1.1" 200 632 "https://serhatburke.miroglu.net/xmlrpc.php" "Mozilla/5.0 (Windows NT 6.3; Win64; x64) AppleWebKit/537.36 (KHTML, like Gecko) Chrome/103.0.0.0 Safari/537.36"
196.196.160.113 - - [26/Apr/2026:23:52:20 +0300] "POST /xmlrpc.php HTTP/1.1" 200 641 "https://serhatburke.miroglu.net/xmlrpc.php" "Mozilla/5.0 (Windows NT 6.3; Win64; x64) AppleWebKit/537.36 (KHTML, like Gecko) Chrome/103.0.0.0 Safari/537.36"
185.216.113.70 - - [26/Apr/2026:23:52:45 +0300] "POST /wp-cron.php?doing_wp_cron=1777236765.2263300418853759765625 HTTP/1.1" 200 448 "-" "WordPress/6.3.8; https://serhatburke.miroglu.net"
196.196.160.113 - - [26/Apr/2026:23:52:33 +0300] "GET /?p=139431 HTTP/1.1" 301 702 "https://serhatburke.miroglu.net/xmlrpc.php" "Mozilla/5.0 (Windows NT 6.3; Win64; x64) AppleWebKit/537.36 (KHTML, like Gecko) Chrome/103.0.0.0 Safari/537.36"
196.196.160.113 - - [26/Apr/2026:23:52:47 +0300] "GET /riobet-%d1%81%d0%b5%d0%b9%d1%87%d0%b0%d1%81-reviews-tips/ HTTP/1.1" 200 117077 "https://serhatburke.miroglu.net/?p=139431" "Mozilla/5.0 (Windows NT 6.3; Win64; x64) AppleWebKit/537.36 (KHTML, like Gecko) Chrome/103.0.0.0 Safari/537.36"
185.153.197.137 - - [26/Apr/2026:23:52:57 +0300] "POST /xmlrpc.php HTTP/1.1" 200 630 "-" "Mozilla/5.0 (Windows NT 10.0; Win64; x64) AppleWebKit/537.36 (KHTML, like Gecko) Chrome/114.0.0.0 Safari/537.36"
185.216.113.70 - - [26/Apr/2026:23:53:26 +0300] "POST /wp-cron.php?doing_wp_cron=1777236806.6253778934478759765625 HTTP/1.1" 200 448 "-" "WordPress/6.3.8; https://serhatburke.miroglu.net"
185.153.197.137 - - [26/Apr/2026:23:53:14 +0300] "POST /xmlrpc.php HTTP/1.1" 200 12961 "-" "Mozilla/5.0 (Windows NT 10.0; Win64; x64) AppleWebKit/537.36 (KHTML, like Gecko) Chrome/114.0.0.0 Safari/537.36"
185.153.197.137 - - [26/Apr/2026:23:53:26 +0300] "GET /fresh-fruit-madness-casino-slot-games-gamble-rtg-online-game-enjoyment-on-line/ HTTP/1.1" 200 67434 "-" "Mozilla/5.0 (Windows NT 10.0; Win64; x64) AppleWebKit/537.36 (KHTML, like Gecko) Chrome/122.0.0.0 Safari/537.36"
185.216.113.70 - - [26/Apr/2026:23:55:15 +0300] "POST /wp-cron.php?doing_wp_cron=1777236915.3951330184936523437500 HTTP/1.1" 200 448 "-" "WordPress/6.3.8; https://serhatburke.miroglu.net"
185.153.197.8 - - [26/Apr/2026:23:55:03 +0300] "POST /xmlrpc.php HTTP/1.1" 200 630 "-" "Mozilla/5.0 (Windows NT 10.0; Win64; x64) AppleWebKit/537.36 (KHTML, like Gecko) Chrome/114.0.0.0 Safari/537.36"
185.153.197.8 - - [26/Apr/2026:23:55:21 +0300] "POST /xmlrpc.php HTTP/1.1" 200 16324 "-" "Mozilla/5.0 (Windows NT 10.0; Win64; x64) AppleWebKit/537.36 (KHTML, like Gecko) Chrome/114.0.0.0 Safari/537.36"
185.216.113.70 - - [26/Apr/2026:23:55:46 +0300] "POST /wp-cron.php?doing_wp_cron=1777236946.3094949722290039062500 HTTP/1.1" 200 448 "-" "WordPress/6.3.8; https://serhatburke.miroglu.net"
185.153.197.8 - - [26/Apr/2026:23:55:33 +0300] "GET /better-casinos-on-the-internet-united-states-of-america-2026-a-real-income-judge-casino-web-sites/ HTTP/1.1" 200 80791 "-" "Mozilla/5.0 (Windows NT 10.0; Win64; x64) AppleWebKit/537.36 (KHTML, like Gecko) Chrome/122.0.0.0 Safari/537.36"
66.249.73.15 - - [26/Apr/2026:23:56:20 +0300] "GET /wino-casino-review-a-premier-destination-for-uk-players/ HTTP/1.1" 200 0 "https://pusyx.driftlogic-games.biz/" "Mozilla/5.0 (Linux; Android 6.0.1; Nexus 5X Build/MMB29P) AppleWebKit/537.36 (KHTML, like Gecko) Chrome/146.0.7680.177 Mobile Safari/537.36 (compatible; Googlebot/2.1; +http://www.google.com/bot.html)"
185.216.113.70 - - [26/Apr/2026:23:57:05 +0300] "POST /wp-cron.php?doing_wp_cron=1777237025.5885839462280273437500 HTTP/1.1" 200 448 "-" "WordPress/6.3.8; https://serhatburke.miroglu.net"
185.153.197.137 - - [26/Apr/2026:23:56:53 +0300] "POST /xmlrpc.php HTTP/1.1" 200 630 "-" "Mozilla/5.0 (Windows NT 10.0; Win64; x64) AppleWebKit/537.36 (KHTML, like Gecko) Chrome/114.0.0.0 Safari/537.36"
