185.153.197.137 - - [26/Apr/2026:23:57:11 +0300] "POST /xmlrpc.php HTTP/1.1" 200 13944 "-" "Mozilla/5.0 (Windows NT 10.0; Win64; x64) AppleWebKit/537.36 (KHTML, like Gecko) Chrome/114.0.0.0 Safari/537.36"
185.153.197.137 - - [26/Apr/2026:23:57:23 +0300] "GET /trendy-fruits-madness-slots-win-large-having-totally-free-spins-4x-multipliers/ HTTP/1.1" 200 78200 "-" "Mozilla/5.0 (Windows NT 10.0; Win64; x64) AppleWebKit/537.36 (KHTML, like Gecko) Chrome/122.0.0.0 Safari/537.36"
185.216.113.70 - - [26/Apr/2026:23:59:55 +0300] "POST /wp-cron.php?doing_wp_cron=1777237195.2059640884399414062500 HTTP/1.1" 200 448 "-" "WordPress/6.3.8; https://serhatburke.miroglu.net"
185.153.197.8 - - [26/Apr/2026:23:59:42 +0300] "POST /xmlrpc.php HTTP/1.1" 200 630 "-" "Mozilla/5.0 (Windows NT 10.0; Win64; x64) AppleWebKit/537.36 (KHTML, like Gecko) Chrome/114.0.0.0 Safari/537.36"
64.225.30.172 - - [26/Apr/2026:23:59:52 +0300] "GET /88701-2/ HTTP/1.1" 200 18419 "https://serhatburke.miroglu.net/" "Mozilla/5.0 (Macintosh; Intel Mac OS X 10_15_7) AppleWebKit/537.36 (KHTML, like Gecko) Chrome/145.0.0.0 Safari/537.36 Edg/145.0.0.0"
185.153.197.8 - - [27/Apr/2026:00:00:01 +0300] "POST /xmlrpc.php HTTP/1.1" 200 15245 "-" "Mozilla/5.0 (Windows NT 10.0; Win64; x64) AppleWebKit/537.36 (KHTML, like Gecko) Chrome/114.0.0.0 Safari/537.36"
64.225.30.172 - - [27/Apr/2026:00:00:14 +0300] "GET /88701-2/ HTTP/1.1" 200 18406 "https://serhatburke.miroglu.net/88701-2/" "Mozilla/5.0 (Windows NT 6.3; Win64; x64) AppleWebKit/537.36 (KHTML, like Gecko) Chrome/103.0.0.0 Safari/537.36"
64.225.30.172 - - [27/Apr/2026:00:00:27 +0300] "GET /wp-includes/css/dist/block-library/style.min.css?ver=6.3.8 HTTP/1.1" 200 13578 "https://serhatburke.miroglu.net/88701-2/" "Mozilla/5.0 (Windows NT 10.0; Win64; x64) AppleWebKit/537.36 (KHTML, like Gecko) Chrome/145.0.0.0 Safari/537.36"
64.225.30.172 - - [27/Apr/2026:00:00:28 +0300] "GET /wp-content/plugins/contact-form-7/includes/css/styles.css?ver=5.8 HTTP/1.1" 200 1490 "https://serhatburke.miroglu.net/88701-2/" "Mozilla/5.0 (Windows NT 10.0; Win64; x64) AppleWebKit/537.36 (KHTML, like Gecko) Chrome/145.0.0.0 Safari/537.36"
64.225.30.172 - - [27/Apr/2026:00:00:29 +0300] "GET /wp-content/themes/toppic/css/fontello.css?ver=4.2 HTTP/1.1" 200 1802 "https://serhatburke.miroglu.net/88701-2/" "Mozilla/5.0 (Windows NT 10.0; Win64; x64) AppleWebKit/537.36 (KHTML, like Gecko) Chrome/145.0.0.0 Safari/537.36"
64.225.30.172 - - [27/Apr/2026:00:00:29 +0300] "GET /wp-content/themes/toppic/css/reset.css?ver=4.2 HTTP/1.1" 200 1178 "https://serhatburke.miroglu.net/88701-2/" "Mozilla/5.0 (Windows NT 10.0; Win64; x64) AppleWebKit/537.36 (KHTML, like Gecko) Chrome/145.0.0.0 Safari/537.36"
64.225.30.172 - - [27/Apr/2026:00:00:30 +0300] "GET /wp-content/themes/toppic/css/default.css?ver=4.2 HTTP/1.1" 200 1811 "https://serhatburke.miroglu.net/88701-2/" "Mozilla/5.0 (Windows NT 10.0; Win64; x64) AppleWebKit/537.36 (KHTML, like Gecko) Chrome/145.0.0.0 Safari/537.36"
64.225.30.172 - - [27/Apr/2026:00:00:30 +0300] "GET /wp-content/themes/toppic/style.css?ver=4.2 HTTP/1.1" 200 23398 "https://serhatburke.miroglu.net/88701-2/" "Mozilla/5.0 (Windows NT 10.0; Win64; x64) AppleWebKit/537.36 (KHTML, like Gecko) Chrome/145.0.0.0 Safari/537.36"
64.225.30.172 - - [27/Apr/2026:00:00:31 +0300] "GET /wp-content/themes/toppic/css/royalslider.css?ver=4.2 HTTP/1.1" 200 1887 "https://serhatburke.miroglu.net/88701-2/" "Mozilla/5.0 (Windows NT 10.0; Win64; x64) AppleWebKit/537.36 (KHTML, like Gecko) Chrome/145.0.0.0 Safari/537.36"
64.225.30.172 - - [27/Apr/2026:00:00:32 +0300] "GET /wp-content/themes/toppic/css/rs-default.css?ver=4.2 HTTP/1.1" 200 2625 "https://serhatburke.miroglu.net/88701-2/" "Mozilla/5.0 (Windows NT 10.0; Win64; x64) AppleWebKit/537.36 (KHTML, like Gecko) Chrome/145.0.0.0 Safari/537.36"
64.225.30.172 - - [27/Apr/2026:00:00:32 +0300] "GET /wp-content/themes/toppic/css/lightbox.css?ver=4.2 HTTP/1.1" 200 2956 "https://serhatburke.miroglu.net/88701-2/" "Mozilla/5.0 (Windows NT 10.0; Win64; x64) AppleWebKit/537.36 (KHTML, like Gecko) Chrome/145.0.0.0 Safari/537.36"
64.225.30.172 - - [27/Apr/2026:00:00:33 +0300] "GET /wp-content/themes/toppic/css/woocommerce.css?ver=4.2 HTTP/1.1" 200 2848 "https://serhatburke.miroglu.net/88701-2/" "Mozilla/5.0 (Windows NT 10.0; Win64; x64) AppleWebKit/537.36 (KHTML, like Gecko) Chrome/145.0.0.0 Safari/537.36"
64.225.30.172 - - [27/Apr/2026:00:00:33 +0300] "GET /wp-content/themes/toppic/css/responsive.css?ver=4.2 HTTP/1.1" 200 2796 "https://serhatburke.miroglu.net/88701-2/" "Mozilla/5.0 (Windows NT 10.0; Win64; x64) AppleWebKit/537.36 (KHTML, like Gecko) Chrome/145.0.0.0 Safari/537.36"
185.153.197.8 - - [27/Apr/2026:00:00:21 +0300] "GET /karamba-gambling-enterprise-on-line-canada-enjoy-game-claim-incentives-appreciate-mobile-have/ HTTP/1.1" 200 79666 "-" "Mozilla/5.0 (Windows NT 10.0; Win64; x64) AppleWebKit/537.36 (KHTML, like Gecko) Chrome/122.0.0.0 Safari/537.36"
185.216.113.70 - - [27/Apr/2026:00:00:46 +0300] "POST /wp-cron.php?doing_wp_cron=1777237246.6040298938751220703125 HTTP/1.1" 200 448 "-" "WordPress/6.3.8; https://serhatburke.miroglu.net"
64.225.30.172 - - [27/Apr/2026:00:00:34 +0300] "POST /wp-comments-post.php HTTP/1.1" 302 1055 "https://serhatburke.miroglu.net/88701-2/" "Mozilla/5.0 (Windows NT 6.3; Win64; x64) AppleWebKit/537.36 (KHTML, like Gecko) Chrome/103.0.0.0 Safari/537.36"
185.153.197.137 - - [27/Apr/2026:00:00:39 +0300] "POST /xmlrpc.php HTTP/1.1" 200 630 "-" "Mozilla/5.0 (Windows NT 10.0; Win64; x64) AppleWebKit/537.36 (KHTML, like Gecko) Chrome/114.0.0.0 Safari/537.36"
64.225.30.172 - - [27/Apr/2026:00:00:47 +0300] "GET /88701-2/?unapproved=690&moderation-hash=8434b1b9bec6208ff4c744e37bae1b42 HTTP/1.1" 200 18828 "https://serhatburke.miroglu.net/wp-comments-post.php" "Mozilla/5.0 (Windows NT 6.3; Win64; x64) AppleWebKit/537.36 (KHTML, like Gecko) Chrome/103.0.0.0 Safari/537.36"
185.153.197.137 - - [27/Apr/2026:00:00:58 +0300] "POST /xmlrpc.php HTTP/1.1" 200 13857 "-" "Mozilla/5.0 (Windows NT 10.0; Win64; x64) AppleWebKit/537.36 (KHTML, like Gecko) Chrome/114.0.0.0 Safari/537.36"
64.225.30.172 - - [27/Apr/2026:00:01:02 +0300] "GET /88701-2/ HTTP/1.1" 200 18406 "-" "Mozilla/5.0 (compatible; Googlebot/2.1; +http://www.google.com/bot.html)"
185.153.197.137 - - [27/Apr/2026:00:01:12 +0300] "GET /funky-fruits-farm-100-percent-free-casino-slot-games-on-the-internet-play-game-%E1%90%88-playtech/ HTTP/1.1" 200 78597 "-" "Mozilla/5.0 (Windows NT 10.0; Win64; x64) AppleWebKit/537.36 (KHTML, like Gecko) Chrome/124.0.0.0 Safari/537.36"
185.216.113.70 - - [27/Apr/2026:00:02:44 +0300] "POST /wp-cron.php?doing_wp_cron=1777237363.9401559829711914062500 HTTP/1.1" 200 448 "-" "WordPress/6.3.8; https://serhatburke.miroglu.net"
64.225.30.172 - - [27/Apr/2026:00:02:32 +0300] "GET /88701-2/ HTTP/1.1" 200 18406 "-" "Mozilla/5.0 (compatible; Googlebot/2.1; +http://www.google.com/bot.html)"
185.122.170.173 - - [27/Apr/2026:00:02:48 +0300] "GET /riobet-%d1%81%d0%b5%d0%b9%d1%87%d0%b0%d1%81-reviews-tips/ HTTP/1.1" 200 24112 "-" "Mozilla/5.0 (compatible; Googlebot/2.1; +http://www.google.com/bot.html)"
52.167.144.211 - - [27/Apr/2026:00:03:22 +0300] "GET /mindannyian-felfedezzuk-a-2025-os-eredmenyeket-carlos-alcaraz-tiszteleg-rory-mcilroy-elott-mikozben-coleman-wong-lemezeket-keszit-bbc-recreation/ HTTP/2" 200 19715 "-" "Mozilla/5.0 AppleWebKit/537.36 (KHTML, like Gecko; compatible; bingbot/2.0; +http://www.bing.com/bingbot.htm) Chrome/116.0.1938.76 Safari/537.36"
185.216.113.70 - - [27/Apr/2026:00:04:18 +0300] "POST /wp-cron.php?doing_wp_cron=1777237458.1073689460754394531250 HTTP/1.1" 200 448 "-" "WordPress/6.3.8; https://serhatburke.miroglu.net"
40.77.167.36 - - [27/Apr/2026:00:04:06 +0300] "GET /nesmrtelna-romance-poznamka-prihlasovaci-aplikace-abu-king-k-vyhernimu-automatu-s-upiry-podsveti/ HTTP/2" 200 19224 "-" "Mozilla/5.0 AppleWebKit/537.36 (KHTML, like Gecko; compatible; bingbot/2.0; +http://www.bing.com/bingbot.htm) Chrome/116.0.1938.76 Safari/537.36"
185.153.197.8 - - [27/Apr/2026:00:04:18 +0300] "POST /xmlrpc.php HTTP/1.1" 200 630 "-" "Mozilla/5.0 (Windows NT 10.0; Win64; x64) AppleWebKit/537.36 (KHTML, like Gecko) Chrome/114.0.0.0 Safari/537.36"
185.216.113.70 - - [27/Apr/2026:00:04:48 +0300] "POST /wp-cron.php?doing_wp_cron=1777237487.9711530208587646484375 HTTP/1.1" 200 448 "-" "WordPress/6.3.8; https://serhatburke.miroglu.net"
185.153.197.137 - - [27/Apr/2026:00:04:36 +0300] "POST /xmlrpc.php HTTP/1.1" 200 630 "-" "Mozilla/5.0 (Windows NT 10.0; Win64; x64) AppleWebKit/537.36 (KHTML, like Gecko) Chrome/114.0.0.0 Safari/537.36"
185.153.197.8 - - [27/Apr/2026:00:04:36 +0300] "POST /xmlrpc.php HTTP/1.1" 200 15743 "-" "Mozilla/5.0 (Windows NT 10.0; Win64; x64) AppleWebKit/537.36 (KHTML, like Gecko) Chrome/114.0.0.0 Safari/537.36"
185.153.197.137 - - [27/Apr/2026:00:04:53 +0300] "POST /xmlrpc.php HTTP/1.1" 200 13721 "-" "Mozilla/5.0 (Windows NT 10.0; Win64; x64) AppleWebKit/537.36 (KHTML, like Gecko) Chrome/114.0.0.0 Safari/537.36"
185.153.197.8 - - [27/Apr/2026:00:04:55 +0300] "GET /karjala-gambling-establishment-100-percent-free-spins-no-deposit-incentive-on-fire-joker/ HTTP/1.1" 200 80160 "-" "Mozilla/5.0 (Windows NT 10.0; Win64; x64) AppleWebKit/537.36 (KHTML, like Gecko) Chrome/109.0.0.0 Safari/537.36"
185.153.197.137 - - [27/Apr/2026:00:05:09 +0300] "GET /trendy-fresh-fruit-madness-dragon-gaming/ HTTP/1.1" 200 76844 "-" "Mozilla/5.0 (Windows NT 10.0; Win64; x64) AppleWebKit/537.36 (KHTML, like Gecko) Chrome/124.0.0.0 Safari/537.36"
216.73.217.81 - - [27/Apr/2026:00:06:41 +0300] "GET /sitemap.rss HTTP/2" 200 0 "-" "Mozilla/5.0 AppleWebKit/537.36 (KHTML, like Gecko; compatible; ClaudeBot/1.0; +claudebot@anthropic.com)"
185.216.113.70 - - [27/Apr/2026:00:08:58 +0300] "POST /wp-cron.php?doing_wp_cron=1777237738.6112339496612548828125 HTTP/1.1" 200 448 "-" "WordPress/6.3.8; https://serhatburke.miroglu.net"
185.153.197.8 - - [27/Apr/2026:00:08:44 +0300] "POST /xmlrpc.php HTTP/1.1" 200 630 "-" "Mozilla/5.0 (Windows NT 10.0; Win64; x64) AppleWebKit/537.36 (KHTML, like Gecko) Chrome/114.0.0.0 Safari/537.36"
185.153.197.8 - - [27/Apr/2026:00:09:04 +0300] "POST /xmlrpc.php HTTP/1.1" 200 15275 "-" "Mozilla/5.0 (Windows NT 10.0; Win64; x64) AppleWebKit/537.36 (KHTML, like Gecko) Chrome/114.0.0.0 Safari/537.36"
38.154.120.232 - - [27/Apr/2026:00:09:10 +0300] "GET /zotabet-casino-bonus-premier-depot-2026/ HTTP/1.1" 200 19130 "-" "Mozilla/5.0 (compatible; Googlebot/2.1; +http://www.google.com/bot.html)"
185.153.197.8 - - [27/Apr/2026:00:09:16 +0300] "GET /la-fiesta-casino-remark-2026-ca-thousand-very-first-put-added-bonus/ HTTP/1.1" 200 79444 "-" "Mozilla/5.0 (Windows NT 10.0; Win64; x64; rv:125.0) Gecko/20100101 Firefox/125.0"
185.216.113.70 - - [27/Apr/2026:00:12:01 +0300] "POST /wp-cron.php?doing_wp_cron=1777237921.0448279380798339843750 HTTP/1.1" 200 448 "-" "WordPress/6.3.8; https://serhatburke.miroglu.net"
103.219.169.135 - - [27/Apr/2026:00:11:47 +0300] "POST /xmlrpc.php HTTP/1.1" 200 630 "-" "Mozilla/5.0 (Windows NT 10.0; Win64; x64) AppleWebKit/537.36 (KHTML, like Gecko) Chrome/114.0.0.0 Safari/537.36"
103.219.169.135 - - [27/Apr/2026:00:12:07 +0300] "POST /xmlrpc.php HTTP/1.1" 200 13955 "-" "Mozilla/5.0 (Windows NT 10.0; Win64; x64) AppleWebKit/537.36 (KHTML, like Gecko) Chrome/114.0.0.0 Safari/537.36"
103.219.169.135 - - [27/Apr/2026:00:12:21 +0300] "GET /%D8%A7%D9%84%D8%B9%D8%A8-%D9%81%D9%8A-%D9%84%D8%B9%D8%A8%D8%A9-thunderstruck-2-%D8%A8%D8%A7%D9%84%D8%AF%D9%88%D8%B1%D8%A7%D8%AA-%D8%A7%D9%84%D9%85%D8%AC%D8%A7%D9%86%D9%8A%D8%A9/ HTTP/1.1" 200 84312 "-" "Mozilla/5.0 (Windows NT 10.0; Win64; x64) AppleWebKit/537.36 (KHTML, like Gecko) Chrome/124.0.0.0 Safari/537.36 Edg/124.0.0.0"
144.79.133.31 - - [27/Apr/2026:00:12:25 +0300] "GET /novoline-casino-codice-bonus-registrazione/ HTTP/1.1" 200 20056 "-" "Mozilla/5.0 (X11; Ubuntu; Linux i686; rv:102.0) Gecko/20100101 Firefox/102.0"
185.216.113.70 - - [27/Apr/2026:00:13:46 +0300] "POST /wp-cron.php?doing_wp_cron=1777238026.3657479286193847656250 HTTP/1.1" 200 448 "-" "WordPress/6.3.8; https://serhatburke.miroglu.net"
185.153.197.8 - - [27/Apr/2026:00:13:34 +0300] "POST /xmlrpc.php HTTP/1.1" 200 630 "-" "Mozilla/5.0 (Windows NT 10.0; Win64; x64) AppleWebKit/537.36 (KHTML, like Gecko) Chrome/114.0.0.0 Safari/537.36"
185.153.197.8 - - [27/Apr/2026:00:13:52 +0300] "POST /xmlrpc.php HTTP/1.1" 200 15223 "-" "Mozilla/5.0 (Windows NT 10.0; Win64; x64) AppleWebKit/537.36 (KHTML, like Gecko) Chrome/114.0.0.0 Safari/537.36"
185.153.197.8 - - [27/Apr/2026:00:14:05 +0300] "GET /the-newest-uks-premier-online-casino-seller/ HTTP/1.1" 200 78786 "-" "Mozilla/5.0 (Windows NT 10.0; Win64; x64) AppleWebKit/537.36 (KHTML, like Gecko) Chrome/124.0.0.0 Safari/537.36 Edg/124.0.0.0"
185.216.113.70 - - [27/Apr/2026:00:14:57 +0300] "POST /wp-cron.php?doing_wp_cron=1777238097.8652610778808593750000 HTTP/1.1" 200 448 "-" "WordPress/6.3.8; https://serhatburke.miroglu.net"
52.167.144.179 - - [27/Apr/2026:00:14:45 +0300] "GET /kraken-vash-portal-v-mir-darkneta-2026/ HTTP/2" 200 18555 "-" "Mozilla/5.0 AppleWebKit/537.36 (KHTML, like Gecko; compatible; bingbot/2.0; +http://www.bing.com/bingbot.htm) Chrome/116.0.1938.76 Safari/537.36"
40.77.167.18 - - [27/Apr/2026:00:15:03 +0300] "GET /paysafecard-casinos-2026-all-gambling-enterprises-accepting-paysafecard-dumps/ HTTP/2" 200 19901 "-" "Mozilla/5.0 AppleWebKit/537.36 (KHTML, like Gecko; compatible; bingbot/2.0; +http://www.bing.com/bingbot.htm) Chrome/116.0.1938.76 Safari/537.36"
40.77.167.18 - - [27/Apr/2026:00:15:08 +0300] "GET /zula-casino-closes-down-sweeps-coin-games-within-the-5-claims/ HTTP/2" 200 18247 "-" "Mozilla/5.0 AppleWebKit/537.36 (KHTML, like Gecko; compatible; bingbot/2.0; +http://www.bing.com/bingbot.htm) Chrome/116.0.1938.76 Safari/537.36"
52.167.144.158 - - [27/Apr/2026:00:15:15 +0300] "GET /sbm-offshore-leading-offshore-energy-solutions-in-14/ HTTP/2" 200 16326 "-" "Mozilla/5.0 AppleWebKit/537.36 (KHTML, like Gecko; compatible; bingbot/2.0; +http://www.bing.com/bingbot.htm) Chrome/116.0.1938.76 Safari/537.36"
185.216.113.70 - - [27/Apr/2026:00:15:54 +0300] "POST /wp-cron.php?doing_wp_cron=1777238154.6222939491271972656250 HTTP/1.1" 200 448 "-" "WordPress/6.3.8; https://serhatburke.miroglu.net"
52.167.144.158 - - [27/Apr/2026:00:15:42 +0300] "GET /contrasting-incentives-you-can-get-at-risk-solution-internet/ HTTP/2" 200 17823 "-" "Mozilla/5.0 AppleWebKit/537.36 (KHTML, like Gecko; compatible; bingbot/2.0; +http://www.bing.com/bingbot.htm) Chrome/116.0.1938.76 Safari/537.36"
40.77.167.18 - - [27/Apr/2026:00:15:46 +0300] "GET /thunderstruck-dos-to-your-not-so-long-ago-supplies-the-internet-pokie-viewpoint-2025-circulate/ HTTP/2" 200 18880 "-" "Mozilla/5.0 AppleWebKit/537.36 (KHTML, like Gecko; compatible; bingbot/2.0; +http://www.bing.com/bingbot.htm) Chrome/116.0.1938.76 Safari/537.36"
185.216.113.70 - - [27/Apr/2026:00:17:19 +0300] "POST /wp-cron.php?doing_wp_cron=1777238239.3501520156860351562500 HTTP/1.1" 200 448 "-" "WordPress/6.3.8; https://serhatburke.miroglu.net"
40.77.167.18 - - [27/Apr/2026:00:17:07 +0300] "GET /discovering-the-unique-advantages-of-sushiswap-exchange/ HTTP/2" 200 18068 "-" "Mozilla/5.0 AppleWebKit/537.36 (KHTML, like Gecko; compatible; bingbot/2.0; +http://www.bing.com/bingbot.htm) Chrome/116.0.1938.76 Safari/537.36"
40.77.167.18 - - [27/Apr/2026:00:17:23 +0300] "GET /discover-why-dexscreener-is-essential-for-every-trader/ HTTP/2" 200 17880 "-" "Mozilla/5.0 AppleWebKit/537.36 (KHTML, like Gecko; compatible; bingbot/2.0; +http://www.bing.com/bingbot.htm) Chrome/116.0.1938.76 Safari/537.36"
185.216.113.70 - - [27/Apr/2026:00:19:12 +0300] "POST /wp-cron.php?doing_wp_cron=1777238352.1344320774078369140625 HTTP/1.1" 200 448 "-" "WordPress/6.3.8; https://serhatburke.miroglu.net"
185.216.113.70 - - [27/Apr/2026:00:19:12 +0300] "POST /wp-cron.php?doing_wp_cron=1777238352.1325769424438476562500 HTTP/1.1" 200 448 "-" "WordPress/6.3.8; https://serhatburke.miroglu.net"
89.167.59.5 - - [27/Apr/2026:00:18:52 +0300] "POST /xmlrpc.php HTTP/1.1" 200 602 "-" "Mozilla/5.0 (Windows NT 10.0; Win64; x64) AppleWebKit/537.36 (KHTML, like Gecko) Chrome/108.0.0.0 Safari/537.36"
185.153.197.8 - - [27/Apr/2026:00:18:52 +0300] "POST /xmlrpc.php HTTP/1.1" 200 630 "-" "Mozilla/5.0 (Windows NT 10.0; Win64; x64) AppleWebKit/537.36 (KHTML, like Gecko) Chrome/114.0.0.0 Safari/537.36"
52.167.144.179 - - [27/Apr/2026:00:18:52 +0300] "GET /gratifica-il-sito-scompiglio-gennaio-2026-tabella-migliori-premio-ossequio/ HTTP/2" 200 19862 "-" "Mozilla/5.0 AppleWebKit/537.36 (KHTML, like Gecko; compatible; bingbot/2.0; +http://www.bing.com/bingbot.htm) Chrome/116.0.1938.76 Safari/537.36"
89.167.59.5 - - [27/Apr/2026:00:19:14 +0300] "POST /xmlrpc.php HTTP/1.1" 200 3754 "-" "Mozilla/5.0 (Windows NT 10.0; Win64; x64) AppleWebKit/537.36 (KHTML, like Gecko) Chrome/108.0.0.0 Safari/537.36"
185.153.197.8 - - [27/Apr/2026:00:19:18 +0300] "POST /xmlrpc.php HTTP/1.1" 200 15636 "-" "Mozilla/5.0 (Windows NT 10.0; Win64; x64) AppleWebKit/537.36 (KHTML, like Gecko) Chrome/114.0.0.0 Safari/537.36"
52.167.144.158 - - [27/Apr/2026:00:19:31 +0300] "GET /maximizing-profits-with-jupiter-swap-a-trader-s-guide-2/ HTTP/2" 200 18572 "-" "Mozilla/5.0 AppleWebKit/537.36 (KHTML, like Gecko; compatible; bingbot/2.0; +http://www.bing.com/bingbot.htm) Chrome/116.0.1938.76 Safari/537.36"
185.216.113.70 - - [27/Apr/2026:00:19:56 +0300] "POST /wp-cron.php?doing_wp_cron=1777238395.9820868968963623046875 HTTP/1.1" 200 448 "-" "WordPress/6.3.8; https://serhatburke.miroglu.net"
185.153.197.8 - - [27/Apr/2026:00:19:40 +0300] "GET /showboat-branson-belle-2026-agenda-entry-2/ HTTP/1.1" 200 79009 "-" "Mozilla/5.0 (Windows NT 10.0; Win64; x64; rv:125.0) Gecko/20100101 Firefox/125.0"
89.167.59.5 - - [27/Apr/2026:00:19:41 +0300] "GET /bankonbet-casino-deutschland-sicheres-online-spielen-mit-boni/ HTTP/1.1" 200 0 "-" "Mozilla/5.0 (Windows NT 10.0; Win64; x64) AppleWebKit/537.36 (KHTML, like Gecko) Chrome/108.0.0.0 Safari/537.36"
89.167.59.5 - - [27/Apr/2026:00:19:57 +0300] "POST /xmlrpc.php HTTP/1.1" 200 594 "-" "Mozilla/5.0 (Windows NT 10.0; Win64; x64) AppleWebKit/537.36 (KHTML, like Gecko) Chrome/108.0.0.0 Safari/537.36"
40.77.167.26 - - [27/Apr/2026:00:19:59 +0300] "GET /how-to-make-a-website-one-brings-in-cuatro-data-a-good-month-inside-6-points/ HTTP/2" 200 19332 "-" "Mozilla/5.0 AppleWebKit/537.36 (KHTML, like Gecko; compatible; bingbot/2.0; +http://www.bing.com/bingbot.htm) Chrome/116.0.1938.76 Safari/537.36"
185.216.113.70 - - [27/Apr/2026:00:20:43 +0300] "POST /wp-cron.php?doing_wp_cron=1777238443.5207719802856445312500 HTTP/1.1" 200 448 "-" "WordPress/6.3.8; https://serhatburke.miroglu.net"
40.77.167.26 - - [27/Apr/2026:00:20:31 +0300] "GET /discovering-the-unique-features-of-sushiswap-for-traders/ HTTP/2" 200 18228 "-" "Mozilla/5.0 AppleWebKit/537.36 (KHTML, like Gecko; compatible; bingbot/2.0; +http://www.bing.com/bingbot.htm) Chrome/116.0.1938.76 Safari/537.36"
52.167.144.158 - - [27/Apr/2026:00:20:52 +0300] "GET /kraken-aktual-nye-ssylki-i-sovety-po-dostupu/ HTTP/2" 200 18933 "-" "Mozilla/5.0 AppleWebKit/537.36 (KHTML, like Gecko; compatible; bingbot/2.0; +http://www.bing.com/bingbot.htm) Chrome/116.0.1938.76 Safari/537.36"
40.77.167.26 - - [27/Apr/2026:00:21:22 +0300] "GET /2025-cricket-betting-opportunity-cricket-gaming-guide/ HTTP/2" 200 18679 "-" "Mozilla/5.0 AppleWebKit/537.36 (KHTML, like Gecko; compatible; bingbot/2.0; +http://www.bing.com/bingbot.htm) Chrome/116.0.1938.76 Safari/537.36"
185.216.113.70 - - [27/Apr/2026:00:21:52 +0300] "POST /wp-cron.php?doing_wp_cron=1777238512.6481170654296875000000 HTTP/1.1" 200 448 "-" "WordPress/6.3.8; https://serhatburke.miroglu.net"
178.159.37.49 - - [27/Apr/2026:00:21:40 +0300] "POST /xmlrpc.php HTTP/1.1" 200 200600 "-" "Mozilla/5.0 (X11; Linux x86_64) AppleWebKit/537.36 (KHTML, like Gecko) Chrome/114.0.0.0 Safari/537.36 Vivaldi/5.3.2679.68"
185.216.113.70 - - [27/Apr/2026:00:22:05 +0300] "POST /wp-cron.php?doing_wp_cron=1777238524.9719018936157226562500 HTTP/1.1" 200 448 "-" "WordPress/6.3.8; https://serhatburke.miroglu.net"
52.167.144.158 - - [27/Apr/2026:00:21:52 +0300] "GET /within-der-ersten-einzahlung-wird-ein-provision-maschinell-gutgeschrieben-vermag-aber-auf-anfrage-storniert-seien/ HTTP/2" 200 20525 "-" "Mozilla/5.0 AppleWebKit/537.36 (KHTML, like Gecko; compatible; bingbot/2.0; +http://www.bing.com/bingbot.htm) Chrome/116.0.1938.76 Safari/537.36"
165.231.101.129 - - [27/Apr/2026:00:22:06 +0300] "GET /7k-casino-%d1%81%d0%b0%d0%b9%d1%82-%d0%bb%d1%83%d1%87%d1%88%d0%b8%d0%b5-%d0%b8%d0%b3%d1%80%d1%8b-%d0%b1%d0%be%d0%bd%d1%83%d1%81%d1%8b-%d0%b8-%d1%83%d0%b4%d0%be%d0%b1%d0%bd%d1%8b%d0%b5/ HTTP/1.1" 200 25265 "https://serhatburke.miroglu.net/" "Mozilla/5.0 (X11; Linux x86_64) AppleWebKit/537.36 (KHTML, like Gecko) Chrome/146.0.0.0 Safari/537.36"
40.77.167.26 - - [27/Apr/2026:00:22:09 +0300] "GET /mobile-definition-casino-offers-uk-definition/ HTTP/2" 200 18845 "-" "Mozilla/5.0 AppleWebKit/537.36 (KHTML, like Gecko; compatible; bingbot/2.0; +http://www.bing.com/bingbot.htm) Chrome/116.0.1938.76 Safari/537.36"
178.159.37.49 - - [27/Apr/2026:00:22:14 +0300] "POST /xmlrpc.php HTTP/1.1" 200 664 "-" "Mozilla/5.0 (X11; Linux x86_64) AppleWebKit/537.36 (KHTML, like Gecko) Chrome/114.0.0.0 Safari/537.36 Vivaldi/5.3.2679.68"
52.167.144.176 - - [27/Apr/2026:00:22:14 +0300] "GET /zodiac-gambling-100-free-spins-no-deposit-enchanted-7s-enterprise-2026-bonuses-online-game-and-the-endless-case-of-whether-otherwise-most-recent-on-the-internet-step-3-reel-ports-perhaps-not-the-new/ HTTP/2" 200 19464 "-" "Mozilla/5.0 AppleWebKit/537.36 (KHTML, like Gecko; compatible; bingbot/2.0; +http://www.bing.com/bingbot.htm) Chrome/116.0.1938.76 Safari/537.36"
165.231.101.129 - - [27/Apr/2026:00:22:29 +0300] "GET /wp-login.php HTTP/1.1" 200 3751 "https://serhatburke.miroglu.net/7k-casino-%d1%81%d0%b0%d0%b9%d1%82-%d0%bb%d1%83%d1%87%d1%88%d0%b8%d0%b5-%d0%b8%d0%b3%d1%80%d1%8b-%d0%b1%d0%be%d0%bd%d1%83%d1%81%d1%8b-%d0%b8-%d1%83%d0%b4%d0%be%d0%b1%d0%bd%d1%8b%d0%b5/" "Mozilla/5.0 (Windows NT 6.3; Win64; x64) AppleWebKit/537.36 (KHTML, like Gecko) Chrome/103.0.0.0 Safari/537.36"
178.159.37.49 - - [27/Apr/2026:00:22:41 +0300] "POST /xmlrpc.php HTTP/1.1" 200 664 "-" "Mozilla/5.0 (X11; Linux x86_64) AppleWebKit/537.36 (KHTML, like Gecko) Chrome/114.0.0.0 Safari/537.36 Vivaldi/5.3.2679.68"
165.231.101.129 - - [27/Apr/2026:00:22:45 +0300] "GET /wp-login.php HTTP/1.1" 200 3751 "https://serhatburke.miroglu.net/wp-login.php" "Mozilla/5.0 (Windows NT 6.3; Win64; x64) AppleWebKit/537.36 (KHTML, like Gecko) Chrome/103.0.0.0 Safari/537.36"
185.216.113.70 - - [27/Apr/2026:00:23:10 +0300] "POST /wp-cron.php?doing_wp_cron=1777238590.3181340694427490234375 HTTP/1.1" 200 448 "-" "WordPress/6.3.8; https://serhatburke.miroglu.net"
165.231.101.129 - - [27/Apr/2026:00:22:58 +0300] "POST /wp-login.php HTTP/1.1" 302 1537 "https://serhatburke.miroglu.net/wp-login.php" "Mozilla/5.0 (Windows NT 6.3; Win64; x64) AppleWebKit/537.36 (KHTML, like Gecko) Chrome/103.0.0.0 Safari/537.36"
185.216.113.70 - - [27/Apr/2026:00:23:18 +0300] "POST /wp-cron.php?doing_wp_cron=1777238598.4089770317077636718750 HTTP/1.1" 200 448 "-" "WordPress/6.3.8; https://serhatburke.miroglu.net"
52.167.144.158 - - [27/Apr/2026:00:23:02 +0300] "GET /desafia-tu-suerte-y-agilidad-con-chicken-road-demo-un-viaje-de/ HTTP/2" 200 18730 "-" "Mozilla/5.0 AppleWebKit/537.36 (KHTML, like Gecko; compatible; bingbot/2.0; +http://www.bing.com/bingbot.htm) Chrome/116.0.1938.76 Safari/537.36"
185.216.113.70 - - [27/Apr/2026:00:23:37 +0300] "POST /wp-cron.php?doing_wp_cron=1777238617.8144989013671875000000 HTTP/1.1" 200 448 "-" "WordPress/6.3.8; https://serhatburke.miroglu.net"
178.159.37.49 - - [27/Apr/2026:00:23:09 +0300] "POST /xmlrpc.php HTTP/1.1" 200 667 "-" "Mozilla/5.0 (X11; Linux x86_64) AppleWebKit/537.36 (KHTML, like Gecko) Chrome/114.0.0.0 Safari/537.36 Vivaldi/5.3.2679.68"
165.231.101.129 - - [27/Apr/2026:00:23:10 +0300] "GET /wp-admin/ HTTP/1.1" 200 215927 "https://serhatburke.miroglu.net/wp-login.php" "Mozilla/5.0 (Windows NT 6.3; Win64; x64) AppleWebKit/537.36 (KHTML, like Gecko) Chrome/103.0.0.0 Safari/537.36"
185.153.197.137 - - [27/Apr/2026:00:23:17 +0300] "POST /xmlrpc.php HTTP/1.1" 200 630 "-" "Mozilla/5.0 (Windows NT 10.0; Win64; x64) AppleWebKit/537.36 (KHTML, like Gecko) Chrome/114.0.0.0 Safari/537.36"
165.231.101.129 - - [27/Apr/2026:00:23:43 +0300] "GET /7k-casino-%d1%81%d0%b0%d0%b9%d1%82-%d0%bb%d1%83%d1%87%d1%88%d0%b8%d0%b5-%d0%b8%d0%b3%d1%80%d1%8b-%d0%b1%d0%be%d0%bd%d1%83%d1%81%d1%8b-%d0%b8-%d1%83%d0%b4%d0%be%d0%b1%d0%bd%d1%8b%d0%b5/ HTTP/1.1" 200 25265 "https://serhatburke.miroglu.net/" "Mozilla/5.0 (X11; Linux x86_64) AppleWebKit/537.36 (KHTML, like Gecko) Chrome/146.0.0.0 Safari/537.36"
165.231.101.129 - - [27/Apr/2026:00:23:43 +0300] "GET /xmlrpc.php HTTP/1.1" 405 606 "https://serhatburke.miroglu.net/wp-admin/" "Mozilla/5.0 (Windows NT 6.3; Win64; x64) AppleWebKit/537.36 (KHTML, like Gecko) Chrome/103.0.0.0 Safari/537.36"
185.216.113.70 - - [27/Apr/2026:00:23:41 +0300] "POST /wp-admin/admin-ajax.php?action=as_async_request_queue_runner&nonce=3dbc65409d HTTP/1.1" 200 1039 "-" "WordPress/6.3.8; https://serhatburke.miroglu.net"
185.153.197.137 - - [27/Apr/2026:00:23:51 +0300] "POST /xmlrpc.php HTTP/1.1" 200 14073 "-" "Mozilla/5.0 (Windows NT 10.0; Win64; x64) AppleWebKit/537.36 (KHTML, like Gecko) Chrome/114.0.0.0 Safari/537.36"
185.216.113.70 - - [27/Apr/2026:00:24:39 +0300] "POST /wp-cron.php?doing_wp_cron=1777238679.5978140830993652343750 HTTP/1.1" 200 448 "-" "WordPress/6.3.8; https://serhatburke.miroglu.net"
178.159.37.49 - - [27/Apr/2026:00:23:59 +0300] "POST /xmlrpc.php HTTP/1.1" 200 19241 "-" "Mozilla/5.0 (X11; Linux x86_64) AppleWebKit/537.36 (KHTML, like Gecko) Chrome/114.0.0.0 Safari/537.36 Vivaldi/5.3.2679.68"
185.216.113.70 - - [27/Apr/2026:00:24:43 +0300] "POST /wp-cron.php?doing_wp_cron=1777238682.9009909629821777343750 HTTP/1.1" 200 448 "-" "WordPress/6.3.8; https://serhatburke.miroglu.net"
52.167.144.172 - - [27/Apr/2026:00:24:02 +0300] "GET /men-and-women-slots-are-very-strong-and-feature-cool-extras/ HTTP/2" 200 17594 "-" "Mozilla/5.0 AppleWebKit/537.36 (KHTML, like Gecko; compatible; bingbot/2.0; +http://www.bing.com/bingbot.htm) Chrome/116.0.1938.76 Safari/537.36"
185.216.113.70 - - [27/Apr/2026:00:24:49 +0300] "POST /wp-cron.php?doing_wp_cron=1777238689.3231399059295654296875 HTTP/1.1" 200 448 "-" "WordPress/6.3.8; https://serhatburke.miroglu.net"
52.167.144.176 - - [27/Apr/2026:00:24:08 +0300] "GET /claim-forgotten-funds-from-casinos-on-the-internet-as-opposed-to-a-licenses/ HTTP/2" 200 19639 "-" "Mozilla/5.0 AppleWebKit/537.36 (KHTML, like Gecko; compatible; bingbot/2.0; +http://www.bing.com/bingbot.htm) Chrome/116.0.1938.76 Safari/537.36"
165.231.101.129 - - [27/Apr/2026:00:24:16 +0300] "GET /wp-login.php HTTP/1.1" 200 3751 "https://serhatburke.miroglu.net/7k-casino-%d1%81%d0%b0%d0%b9%d1%82-%d0%bb%d1%83%d1%87%d1%88%d0%b8%d0%b5-%d0%b8%d0%b3%d1%80%d1%8b-%d0%b1%d0%be%d0%bd%d1%83%d1%81%d1%8b-%d0%b8-%d1%83%d0%b4%d0%be%d0%b1%d0%bd%d1%8b%d0%b5/" "Mozilla/5.0 (Windows NT 6.3; Win64; x64) AppleWebKit/537.36 (KHTML, like Gecko) Chrome/103.0.0.0 Safari/537.36"
165.231.101.129 - - [27/Apr/2026:00:24:18 +0300] "POST /xmlrpc.php HTTP/1.1" 200 633 "https://serhatburke.miroglu.net/xmlrpc.php" "Mozilla/5.0 (Windows NT 6.3; Win64; x64) AppleWebKit/537.36 (KHTML, like Gecko) Chrome/103.0.0.0 Safari/537.36"
185.216.113.70 - - [27/Apr/2026:00:24:20 +0300] "POST /wp-admin/admin-ajax.php?action=as_async_request_queue_runner&nonce=3dbc65409d HTTP/1.1" 200 1039 "-" "WordPress/6.3.8; https://serhatburke.miroglu.net"
185.153.197.137 - - [27/Apr/2026:00:24:27 +0300] "GET /along-with-our-100-percent-free-online-game-zero-packages-are-expected-either-within-fun-pond-video-game-the-aim-is-to-drain-the-balls-in-the-rising-purchase-suits-colorful-pets-within-enjoyable-a/ HTTP/1.1" 200 85419 "-" "Mozilla/5.0 (Windows NT 10.0; Win64; x64) AppleWebKit/537.36 (KHTML, like Gecko) Chrome/122.0.0.0 Safari/537.36"
165.231.101.129 - - [27/Apr/2026:00:24:58 +0300] "GET /wp-login.php HTTP/1.1" 200 3751 "https://serhatburke.miroglu.net/wp-login.php" "Mozilla/5.0 (Windows NT 6.3; Win64; x64) AppleWebKit/537.36 (KHTML, like Gecko) Chrome/103.0.0.0 Safari/537.36"
165.231.101.129 - - [27/Apr/2026:00:25:00 +0300] "POST /xmlrpc.php HTTP/1.1" 200 639 "https://serhatburke.miroglu.net/xmlrpc.php" "Mozilla/5.0 (Windows NT 6.3; Win64; x64) AppleWebKit/537.36 (KHTML, like Gecko) Chrome/103.0.0.0 Safari/537.36"
172.86.76.182 - - [27/Apr/2026:00:25:08 +0300] "GET /zotabet-casino-bonus-premier-depot-2026/ HTTP/1.1" 200 0 "-" "Mozilla/5.0 (Windows NT 10.0; WOW64) AppleWebKit/537.36 (KHTML, like Gecko) Chrome/114.0.0.0 YaBrowser/22.7.0 Yowser/2.5 Safari/537.36"
89.167.59.5 - - [27/Apr/2026:00:25:09 +0300] "POST /xmlrpc.php HTTP/1.1" 200 602 "-" "Mozilla/5.0 (Windows NT 10.0; Win64; x64) AppleWebKit/537.36 (KHTML, like Gecko) Chrome/108.0.0.0 Safari/537.36"
185.216.113.70 - - [27/Apr/2026:00:25:52 +0300] "POST /wp-cron.php?doing_wp_cron=1777238752.4167249202728271484375 HTTP/1.1" 200 448 "-" "WordPress/6.3.8; https://serhatburke.miroglu.net"
165.231.101.129 - - [27/Apr/2026:00:25:34 +0300] "POST /wp-login.php HTTP/1.1" 302 1537 "https://serhatburke.miroglu.net/wp-login.php" "Mozilla/5.0 (Windows NT 6.3; Win64; x64) AppleWebKit/537.36 (KHTML, like Gecko) Chrome/103.0.0.0 Safari/537.36"
165.231.101.129 - - [27/Apr/2026:00:25:35 +0300] "GET /?p=139461 HTTP/1.1" 301 789 "https://serhatburke.miroglu.net/xmlrpc.php" "Mozilla/5.0 (Windows NT 6.3; Win64; x64) AppleWebKit/537.36 (KHTML, like Gecko) Chrome/103.0.0.0 Safari/537.36"
66.249.73.15 - - [27/Apr/2026:00:25:46 +0300] "GET /robots.txt HTTP/1.1" 200 719 "-" "Mozilla/5.0 (compatible; Googlebot/2.1; +http://www.google.com/bot.html)"
165.231.101.129 - - [27/Apr/2026:00:25:53 +0300] "GET /the-unadvertised-details-into-%d0%b7%d0%b0%d0%bd%d0%be%d1%81%d1%8b-%d0%b2-%d0%ba%d0%b0%d0%b7%d0%b8%d0%bd%d0%be-that-most-people-dont-know-about/ HTTP/1.1" 200 115597 "https://serhatburke.miroglu.net/?p=139461" "Mozilla/5.0 (Windows NT 6.3; Win64; x64) AppleWebKit/537.36 (KHTML, like Gecko) Chrome/103.0.0.0 Safari/537.36"
165.231.101.129 - - [27/Apr/2026:00:25:52 +0300] "GET /wp-admin/ HTTP/1.1" 200 216391 "https://serhatburke.miroglu.net/wp-login.php" "Mozilla/5.0 (Windows NT 6.3; Win64; x64) AppleWebKit/537.36 (KHTML, like Gecko) Chrome/103.0.0.0 Safari/537.36"
185.122.170.242 - - [27/Apr/2026:00:25:58 +0300] "GET /cat-casino-for-dollars-seminar/ HTTP/1.1" 200 23025 "https://serhatburke.miroglu.net/" "Mozilla/5.0 (X11; Linux x86_64) AppleWebKit/537.36 (KHTML, like Gecko) Chrome/146.0.0.0 Safari/537.36"
165.231.101.129 - - [27/Apr/2026:00:26:20 +0300] "GET /xmlrpc.php HTTP/1.1" 405 606 "https://serhatburke.miroglu.net/wp-admin/" "Mozilla/5.0 (Windows NT 6.3; Win64; x64) AppleWebKit/537.36 (KHTML, like Gecko) Chrome/103.0.0.0 Safari/537.36"
185.122.170.242 - - [27/Apr/2026:00:26:22 +0300] "GET /wp-login.php HTTP/1.1" 200 3751 "https://serhatburke.miroglu.net/cat-casino-for-dollars-seminar/" "Mozilla/5.0 (Windows NT 6.3; Win64; x64) AppleWebKit/537.36 (KHTML, like Gecko) Chrome/103.0.0.0 Safari/537.36"
165.231.101.129 - - [27/Apr/2026:00:26:32 +0300] "POST /xmlrpc.php HTTP/1.1" 200 633 "https://serhatburke.miroglu.net/xmlrpc.php" "Mozilla/5.0 (Windows NT 6.3; Win64; x64) AppleWebKit/537.36 (KHTML, like Gecko) Chrome/103.0.0.0 Safari/537.36"
185.122.170.242 - - [27/Apr/2026:00:26:36 +0300] "GET /wp-login.php HTTP/1.1" 200 3751 "https://serhatburke.miroglu.net/wp-login.php" "Mozilla/5.0 (Windows NT 6.3; Win64; x64) AppleWebKit/537.36 (KHTML, like Gecko) Chrome/103.0.0.0 Safari/537.36"
185.216.113.70 - - [27/Apr/2026:00:26:57 +0300] "POST /wp-cron.php?doing_wp_cron=1777238817.7356879711151123046875 HTTP/1.1" 200 448 "-" "WordPress/6.3.8; https://serhatburke.miroglu.net"
165.231.101.129 - - [27/Apr/2026:00:26:45 +0300] "POST /xmlrpc.php HTTP/1.1" 200 639 "https://serhatburke.miroglu.net/xmlrpc.php" "Mozilla/5.0 (Windows NT 6.3; Win64; x64) AppleWebKit/537.36 (KHTML, like Gecko) Chrome/103.0.0.0 Safari/537.36"
185.122.170.242 - - [27/Apr/2026:00:26:49 +0300] "POST /wp-login.php HTTP/1.1" 302 1537 "https://serhatburke.miroglu.net/wp-login.php" "Mozilla/5.0 (Windows NT 6.3; Win64; x64) AppleWebKit/537.36 (KHTML, like Gecko) Chrome/103.0.0.0 Safari/537.36"
165.231.101.129 - - [27/Apr/2026:00:26:58 +0300] "GET /?p=139465 HTTP/1.1" 301 777 "https://serhatburke.miroglu.net/xmlrpc.php" "Mozilla/5.0 (Windows NT 6.3; Win64; x64) AppleWebKit/537.36 (KHTML, like Gecko) Chrome/103.0.0.0 Safari/537.36"
185.122.170.242 - - [27/Apr/2026:00:27:03 +0300] "GET /wp-admin/ HTTP/1.1" 200 216328 "https://serhatburke.miroglu.net/wp-login.php" "Mozilla/5.0 (Windows NT 6.3; Win64; x64) AppleWebKit/537.36 (KHTML, like Gecko) Chrome/103.0.0.0 Safari/537.36"
45.140.206.139 - - [27/Apr/2026:00:27:14 +0300] "GET / HTTP/2" 200 20798 "-" "Mozilla/5.0 (Macintosh; Intel Mac OS X 10_15_7) AppleWebKit/537.36 (KHTML, like Gecko) Chrome/120.0.0.0 Safari/537.36"
165.231.101.129 - - [27/Apr/2026:00:27:16 +0300] "GET /the-six-best-things-about-riobet-%d0%b7%d0%b5%d1%80%d0%ba%d0%b0%d0%bb%d0%be-%d0%bd%d0%b0-%d1%81%d0%b5%d0%b3%d0%be%d0%b4%d0%bd%d1%8f/ HTTP/1.1" 200 117801 "https://serhatburke.miroglu.net/?p=139465" "Mozilla/5.0 (Windows NT 6.3; Win64; x64) AppleWebKit/537.36 (KHTML, like Gecko) Chrome/103.0.0.0 Safari/537.36"
185.122.170.242 - - [27/Apr/2026:00:27:22 +0300] "GET /xmlrpc.php HTTP/1.1" 405 606 "https://serhatburke.miroglu.net/wp-admin/" "Mozilla/5.0 (Windows NT 6.3; Win64; x64) AppleWebKit/537.36 (KHTML, like Gecko) Chrome/103.0.0.0 Safari/537.36"
185.216.113.70 - - [27/Apr/2026:00:27:50 +0300] "POST /wp-cron.php?doing_wp_cron=1777238870.4596168994903564453125 HTTP/1.1" 200 448 "-" "WordPress/6.3.8; https://serhatburke.miroglu.net"
185.122.170.242 - - [27/Apr/2026:00:27:38 +0300] "POST /xmlrpc.php HTTP/1.1" 200 633 "https://serhatburke.miroglu.net/xmlrpc.php" "Mozilla/5.0 (Windows NT 6.3; Win64; x64) AppleWebKit/537.36 (KHTML, like Gecko) Chrome/103.0.0.0 Safari/537.36"
185.122.170.242 - - [27/Apr/2026:00:27:51 +0300] "POST /xmlrpc.php HTTP/1.1" 200 639 "https://serhatburke.miroglu.net/xmlrpc.php" "Mozilla/5.0 (Windows NT 6.3; Win64; x64) AppleWebKit/537.36 (KHTML, like Gecko) Chrome/103.0.0.0 Safari/537.36"
185.153.197.137 - - [27/Apr/2026:00:28:03 +0300] "POST /xmlrpc.php HTTP/1.1" 200 630 "-" "Mozilla/5.0 (Windows NT 10.0; Win64; x64) AppleWebKit/537.36 (KHTML, like Gecko) Chrome/114.0.0.0 Safari/537.36"
185.216.113.70 - - [27/Apr/2026:00:28:16 +0300] "POST /wp-cron.php?doing_wp_cron=1777238896.4100449085235595703125 HTTP/1.1" 200 448 "-" "WordPress/6.3.8; https://serhatburke.miroglu.net"
185.122.170.242 - - [27/Apr/2026:00:28:04 +0300] "GET /?p=139467 HTTP/1.1" 301 791 "https://serhatburke.miroglu.net/xmlrpc.php" "Mozilla/5.0 (Windows NT 6.3; Win64; x64) AppleWebKit/537.36 (KHTML, like Gecko) Chrome/103.0.0.0 Safari/537.36"
185.122.170.242 - - [27/Apr/2026:00:28:17 +0300] "GET /mastering-the-way-in-which-of-1xbet-%d0%ba%d0%b0%d0%b7%d0%b8%d0%bd%d0%be-%d0%b7%d0%b5%d1%80%d0%ba%d0%b0%d0%bb%d0%be-isnt-an-accident-it-is-an-art/ HTTP/1.1" 200 117885 "https://serhatburke.miroglu.net/?p=139467" "Mozilla/5.0 (Windows NT 6.3; Win64; x64) AppleWebKit/537.36 (KHTML, like Gecko) Chrome/103.0.0.0 Safari/537.36"
185.153.197.137 - - [27/Apr/2026:00:28:21 +0300] "POST /xmlrpc.php HTTP/1.1" 200 13389 "-" "Mozilla/5.0 (Windows NT 10.0; Win64; x64) AppleWebKit/537.36 (KHTML, like Gecko) Chrome/114.0.0.0 Safari/537.36"
185.153.197.8 - - [27/Apr/2026:00:28:22 +0300] "POST /xmlrpc.php HTTP/1.1" 200 630 "-" "Mozilla/5.0 (Windows NT 10.0; Win64; x64) AppleWebKit/537.36 (KHTML, like Gecko) Chrome/114.0.0.0 Safari/537.36"
185.216.113.70 - - [27/Apr/2026:00:28:52 +0300] "POST /wp-cron.php?doing_wp_cron=1777238932.5032980442047119140625 HTTP/1.1" 200 448 "-" "WordPress/6.3.8; https://serhatburke.miroglu.net"
185.153.197.137 - - [27/Apr/2026:00:28:40 +0300] "GET /funky-good-fresh-fruit-farm-position-test-this-free-trial-kind-of/ HTTP/1.1" 200 77369 "-" "Mozilla/5.0 (Windows NT 10.0; Win64; x64) AppleWebKit/537.36 (KHTML, like Gecko) Chrome/123.0.0.0 Safari/537.36"
185.153.197.8 - - [27/Apr/2026:00:28:46 +0300] "POST /xmlrpc.php HTTP/1.1" 200 15567 "-" "Mozilla/5.0 (Windows NT 10.0; Win64; x64) AppleWebKit/537.36 (KHTML, like Gecko) Chrome/114.0.0.0 Safari/537.36"
185.153.197.8 - - [27/Apr/2026:00:28:58 +0300] "GET /professional-slot-education-tech-audits/ HTTP/1.1" 200 78661 "-" "Mozilla/5.0 (Windows NT 10.0; Win64; x64) AppleWebKit/537.36 (KHTML, like Gecko) Chrome/109.0.0.0 Safari/537.36"
46.224.140.177 - - [27/Apr/2026:00:28:59 +0300] "POST /xmlrpc.php HTTP/1.1" 200 602 "-" "Mozilla/5.0 (Windows NT 10.0; Win64; x64) AppleWebKit/537.36 (KHTML, like Gecko) Chrome/108.0.0.0 Safari/537.36"
185.216.113.70 - - [27/Apr/2026:00:29:27 +0300] "POST /wp-cron.php?doing_wp_cron=1777238967.6013009548187255859375 HTTP/1.1" 200 448 "-" "WordPress/6.3.8; https://serhatburke.miroglu.net"
46.224.140.177 - - [27/Apr/2026:00:29:16 +0300] "POST /xmlrpc.php HTTP/1.1" 200 4099 "-" "Mozilla/5.0 (Windows NT 10.0; Win64; x64) AppleWebKit/537.36 (KHTML, like Gecko) Chrome/108.0.0.0 Safari/537.36"
46.224.140.177 - - [27/Apr/2026:00:29:31 +0300] "GET /fezbet-casino-das-beste-online-casino-in-deutschland/ HTTP/1.1" 200 19496 "-" "Mozilla/5.0 (Windows NT 10.0; Win64; x64) AppleWebKit/537.36 (KHTML, like Gecko) Chrome/108.0.0.0 Safari/537.36"
185.216.113.70 - - [27/Apr/2026:00:31:51 +0300] "POST /wp-cron.php?doing_wp_cron=1777239111.3282320499420166015625 HTTP/1.1" 200 448 "-" "WordPress/6.3.8; https://serhatburke.miroglu.net"
172.81.133.213 - - [27/Apr/2026:00:31:38 +0300] "GET /zotabet-casino-bonus-premier-depot-2026/ HTTP/1.1" 200 19148 "https://serhatburke.miroglu.net/" "Mozilla/5.0 (X11; Ubuntu; Linux x86_64; rv:148.0) Gecko/20100101 Firefox/148.0"
172.81.133.213 - - [27/Apr/2026:00:31:52 +0300] "GET /wp-includes/css/dist/block-library/style.min.css?ver=6.3.8 HTTP/1.1" 200 13578 "https://serhatburke.miroglu.net/zotabet-casino-bonus-premier-depot-2026/" "Mozilla/5.0 (Windows NT 10.0; Win64; x64) AppleWebKit/537.36 (KHTML, like Gecko) Chrome/145.0.0.0 Safari/537.36"
172.81.133.213 - - [27/Apr/2026:00:31:52 +0300] "GET /wp-content/plugins/contact-form-7/includes/css/styles.css?ver=5.8 HTTP/1.1" 200 1490 "https://serhatburke.miroglu.net/zotabet-casino-bonus-premier-depot-2026/" "Mozilla/5.0 (Windows NT 10.0; Win64; x64) AppleWebKit/537.36 (KHTML, like Gecko) Chrome/145.0.0.0 Safari/537.36"
172.81.133.213 - - [27/Apr/2026:00:31:53 +0300] "GET /wp-content/themes/toppic/css/fontello.css?ver=4.2 HTTP/1.1" 200 1802 "https://serhatburke.miroglu.net/zotabet-casino-bonus-premier-depot-2026/" "Mozilla/5.0 (Windows NT 10.0; Win64; x64) AppleWebKit/537.36 (KHTML, like Gecko) Chrome/145.0.0.0 Safari/537.36"
172.81.133.213 - - [27/Apr/2026:00:31:53 +0300] "GET /wp-content/themes/toppic/css/reset.css?ver=4.2 HTTP/1.1" 200 1178 "https://serhatburke.miroglu.net/zotabet-casino-bonus-premier-depot-2026/" "Mozilla/5.0 (Windows NT 10.0; Win64; x64) AppleWebKit/537.36 (KHTML, like Gecko) Chrome/145.0.0.0 Safari/537.36"
172.81.133.213 - - [27/Apr/2026:00:31:54 +0300] "GET /wp-content/themes/toppic/css/default.css?ver=4.2 HTTP/1.1" 200 1811 "https://serhatburke.miroglu.net/zotabet-casino-bonus-premier-depot-2026/" "Mozilla/5.0 (Windows NT 10.0; Win64; x64) AppleWebKit/537.36 (KHTML, like Gecko) Chrome/145.0.0.0 Safari/537.36"
172.81.133.213 - - [27/Apr/2026:00:31:54 +0300] "GET /wp-content/themes/toppic/style.css?ver=4.2 HTTP/1.1" 200 23398 "https://serhatburke.miroglu.net/zotabet-casino-bonus-premier-depot-2026/" "Mozilla/5.0 (Windows NT 10.0; Win64; x64) AppleWebKit/537.36 (KHTML, like Gecko) Chrome/145.0.0.0 Safari/537.36"
172.81.133.213 - - [27/Apr/2026:00:31:55 +0300] "GET /wp-content/themes/toppic/css/royalslider.css?ver=4.2 HTTP/1.1" 200 1887 "https://serhatburke.miroglu.net/zotabet-casino-bonus-premier-depot-2026/" "Mozilla/5.0 (Windows NT 10.0; Win64; x64) AppleWebKit/537.36 (KHTML, like Gecko) Chrome/145.0.0.0 Safari/537.36"
172.81.133.213 - - [27/Apr/2026:00:31:56 +0300] "GET /wp-content/themes/toppic/css/rs-default.css?ver=4.2 HTTP/1.1" 200 2625 "https://serhatburke.miroglu.net/zotabet-casino-bonus-premier-depot-2026/" "Mozilla/5.0 (Windows NT 10.0; Win64; x64) AppleWebKit/537.36 (KHTML, like Gecko) Chrome/145.0.0.0 Safari/537.36"
172.81.133.213 - - [27/Apr/2026:00:31:56 +0300] "GET /wp-content/themes/toppic/css/lightbox.css?ver=4.2 HTTP/1.1" 200 2956 "https://serhatburke.miroglu.net/zotabet-casino-bonus-premier-depot-2026/" "Mozilla/5.0 (Windows NT 10.0; Win64; x64) AppleWebKit/537.36 (KHTML, like Gecko) Chrome/145.0.0.0 Safari/537.36"
172.81.133.213 - - [27/Apr/2026:00:31:57 +0300] "GET /wp-content/themes/toppic/css/woocommerce.css?ver=4.2 HTTP/1.1" 200 2848 "https://serhatburke.miroglu.net/zotabet-casino-bonus-premier-depot-2026/" "Mozilla/5.0 (Windows NT 10.0; Win64; x64) AppleWebKit/537.36 (KHTML, like Gecko) Chrome/145.0.0.0 Safari/537.36"
172.81.133.213 - - [27/Apr/2026:00:31:57 +0300] "GET /wp-content/themes/toppic/css/responsive.css?ver=4.2 HTTP/1.1" 200 2796 "https://serhatburke.miroglu.net/zotabet-casino-bonus-premier-depot-2026/" "Mozilla/5.0 (Windows NT 10.0; Win64; x64) AppleWebKit/537.36 (KHTML, like Gecko) Chrome/145.0.0.0 Safari/537.36"
196.196.160.110 - - [27/Apr/2026:00:31:53 +0300] "GET /mastering-the-way-in-which-of-1xbet-%d0%ba%d0%b0%d0%b7%d0%b8%d0%bd%d0%be-%d0%b7%d0%b5%d1%80%d0%ba%d0%b0%d0%bb%d0%be-isnt-an-accident-it-is-an-art/ HTTP/1.1" 200 24838 "-" "Mozilla/5.0 (compatible; Googlebot/2.1; +http://www.google.com/bot.html)"
172.81.133.213 - - [27/Apr/2026:00:31:58 +0300] "POST /wp-comments-post.php HTTP/1.1" 302 1087 "https://serhatburke.miroglu.net/zotabet-casino-bonus-premier-depot-2026/" "Mozilla/5.0 (X11; Ubuntu; Linux x86_64; rv:148.0) Gecko/20100101 Firefox/148.0"
172.81.133.213 - - [27/Apr/2026:00:32:13 +0300] "GET /zotabet-casino-bonus-premier-depot-2026/?unapproved=691&moderation-hash=c342244433dee5f4cd33665a4fe6e403 HTTP/1.1" 200 19670 "https://serhatburke.miroglu.net/wp-comments-post.php" "Mozilla/5.0 (X11; Ubuntu; Linux x86_64; rv:148.0) Gecko/20100101 Firefox/148.0"
172.81.133.213 - - [27/Apr/2026:00:32:25 +0300] "GET /zotabet-casino-bonus-premier-depot-2026/ HTTP/1.1" 200 19130 "-" "Mozilla/5.0 (compatible; Googlebot/2.1; +http://www.google.com/bot.html)"
185.216.113.70 - - [27/Apr/2026:00:32:51 +0300] "POST /wp-cron.php?doing_wp_cron=1777239171.1329019069671630859375 HTTP/1.1" 200 448 "-" "WordPress/6.3.8; https://serhatburke.miroglu.net"
66.249.73.1 - - [27/Apr/2026:00:32:39 +0300] "GET /robots.txt HTTP/1.1" 200 719 "-" "Mozilla/5.0 (compatible; Googlebot/2.1; +http://www.google.com/bot.html)"
185.153.197.137 - - [27/Apr/2026:00:32:49 +0300] "POST /xmlrpc.php HTTP/1.1" 200 630 "-" "Mozilla/5.0 (Windows NT 10.0; Win64; x64) AppleWebKit/537.36 (KHTML, like Gecko) Chrome/114.0.0.0 Safari/537.36"
5.157.55.142 - - [27/Apr/2026:00:32:52 +0300] "GET /the-unadvertised-details-into-%d0%b7%d0%b0%d0%bd%d0%be%d1%81%d1%8b-%d0%b2-%d0%ba%d0%b0%d0%b7%d0%b8%d0%bd%d0%be-that-most-people-dont-know-about/ HTTP/1.1" 200 22469 "-" "Mozilla/5.0 (compatible; Googlebot/2.1; +http://www.google.com/bot.html)"
185.153.197.137 - - [27/Apr/2026:00:33:11 +0300] "POST /xmlrpc.php HTTP/1.1" 200 13110 "-" "Mozilla/5.0 (Windows NT 10.0; Win64; x64) AppleWebKit/537.36 (KHTML, like Gecko) Chrome/114.0.0.0 Safari/537.36"
185.153.197.137 - - [27/Apr/2026:00:33:23 +0300] "GET /local-casino-online-game-seller-away-from-creative-game/ HTTP/1.1" 200 76699 "-" "Mozilla/5.0 (Windows NT 10.0; Win64; x64) AppleWebKit/537.36 (KHTML, like Gecko) Chrome/122.0.0.0 Safari/537.36"
185.216.113.70 - - [27/Apr/2026:00:36:04 +0300] "POST /wp-cron.php?doing_wp_cron=1777239364.2522940635681152343750 HTTP/1.1" 200 448 "-" "WordPress/6.3.8; https://serhatburke.miroglu.net"
40.77.167.48 - - [27/Apr/2026:00:35:47 +0300] "GET /golf-gambling-chance-sites-coupons-2026/ HTTP/2" 200 18770 "-" "Mozilla/5.0 AppleWebKit/537.36 (KHTML, like Gecko; compatible; bingbot/2.0; +http://www.bing.com/bingbot.htm) Chrome/116.0.1938.76 Safari/537.36"
172.81.133.213 - - [27/Apr/2026:00:36:01 +0300] "GET /zotabet-casino-bonus-premier-depot-2026/ HTTP/1.1" 200 19130 "-" "Mozilla/5.0 (compatible; Googlebot/2.1; +http://www.google.com/bot.html)"
185.153.197.8 - - [27/Apr/2026:00:36:21 +0300] "POST /xmlrpc.php HTTP/1.1" 200 630 "-" "Mozilla/5.0 (Windows NT 10.0; Win64; x64) AppleWebKit/537.36 (KHTML, like Gecko) Chrome/114.0.0.0 Safari/537.36"
185.216.113.70 - - [27/Apr/2026:00:36:51 +0300] "POST /wp-cron.php?doing_wp_cron=1777239411.4024379253387451171875 HTTP/1.1" 200 448 "-" "WordPress/6.3.8; https://serhatburke.miroglu.net"
185.153.197.8 - - [27/Apr/2026:00:36:39 +0300] "POST /xmlrpc.php HTTP/1.1" 200 15655 "-" "Mozilla/5.0 (Windows NT 10.0; Win64; x64) AppleWebKit/537.36 (KHTML, like Gecko) Chrome/114.0.0.0 Safari/537.36"
216.73.217.81 - - [27/Apr/2026:00:36:46 +0300] "GET /robots.txt HTTP/2" 200 110 "-" "Mozilla/5.0 AppleWebKit/537.36 (KHTML, like Gecko; compatible; ClaudeBot/1.0; +claudebot@anthropic.com)"
185.153.197.8 - - [27/Apr/2026:00:36:51 +0300] "GET /gamble-free-position-game-to-help-you-receive-bucks-prizes/ HTTP/1.1" 200 79328 "-" "Mozilla/5.0 (Windows NT 10.0; rv:109.0) Gecko/20100101 Firefox/115.0"
216.73.217.81 - - [27/Apr/2026:00:37:02 +0300] "GET /sitemap.xml HTTP/2" 200 0 "-" "Mozilla/5.0 AppleWebKit/537.36 (KHTML, like Gecko; compatible; ClaudeBot/1.0; +claudebot@anthropic.com)"
185.153.197.137 - - [27/Apr/2026:00:37:24 +0300] "POST /xmlrpc.php HTTP/1.1" 200 630 "-" "Mozilla/5.0 (Windows NT 10.0; Win64; x64) AppleWebKit/537.36 (KHTML, like Gecko) Chrome/114.0.0.0 Safari/537.36"
185.216.113.70 - - [27/Apr/2026:00:37:44 +0300] "POST /wp-cron.php?doing_wp_cron=1777239464.8778710365295410156250 HTTP/1.1" 200 448 "-" "WordPress/6.3.8; https://serhatburke.miroglu.net"
113.189.211.78 - - [27/Apr/2026:00:37:32 +0300] "GET /automaty-hazard-online HTTP/1.1" 301 649 "https://serhatburke.miroglu.net/" "Mozilla/5.0 (Macintosh; Intel Mac OS X 10_15_7) AppleWebKit/537.36 (KHTML, like Gecko) Chrome/129.0.6668.59 Safari/537.36"
185.153.197.137 - - [27/Apr/2026:00:37:42 +0300] "POST /xmlrpc.php HTTP/1.1" 200 13231 "-" "Mozilla/5.0 (Windows NT 10.0; Win64; x64) AppleWebKit/537.36 (KHTML, like Gecko) Chrome/114.0.0.0 Safari/537.36"
113.189.211.78 - - [27/Apr/2026:00:37:46 +0300] "GET /automaty-hazard-online/ HTTP/1.1" 200 18235 "https://serhatburke.miroglu.net/" "Mozilla/5.0 (Macintosh; Intel Mac OS X 10_15_7) AppleWebKit/537.36 (KHTML, like Gecko) Chrome/129.0.6668.59 Safari/537.36"
103.219.169.135 - - [27/Apr/2026:00:37:58 +0300] "POST /xmlrpc.php HTTP/1.1" 200 630 "-" "Mozilla/5.0 (Windows NT 10.0; Win64; x64) AppleWebKit/537.36 (KHTML, like Gecko) Chrome/114.0.0.0 Safari/537.36"
185.153.197.137 - - [27/Apr/2026:00:37:58 +0300] "GET /funky-monkey-real-cash-jackpot-slots/ HTTP/1.1" 200 76434 "-" "Mozilla/5.0 (Windows NT 10.0; Win64; x64) AppleWebKit/537.36 (KHTML, like Gecko) Chrome/123.0.0.0 Safari/537.36 OPR/109.0.0.0"
103.219.169.135 - - [27/Apr/2026:00:38:21 +0300] "POST /xmlrpc.php HTTP/1.1" 200 15450 "-" "Mozilla/5.0 (Windows NT 10.0; Win64; x64) AppleWebKit/537.36 (KHTML, like Gecko) Chrome/114.0.0.0 Safari/537.36"
185.216.113.70 - - [27/Apr/2026:00:38:47 +0300] "POST /wp-cron.php?doing_wp_cron=1777239527.0764091014862060546875 HTTP/1.1" 200 448 "-" "WordPress/6.3.8; https://serhatburke.miroglu.net"
103.219.169.135 - - [27/Apr/2026:00:38:35 +0300] "GET /sto-trinocasino-kazino-mobilno-vlizane-predlozheniya-na-free-revolves-local-casino-now/ HTTP/1.1" 200 85275 "-" "Mozilla/5.0 (Windows NT 10.0; rv:125.0) Gecko/20100101 Firefox/125.0"
185.216.113.70 - - [27/Apr/2026:00:41:37 +0300] "POST /wp-cron.php?doing_wp_cron=1777239697.3059899806976318359375 HTTP/1.1" 200 448 "-" "WordPress/6.3.8; https://serhatburke.miroglu.net"
185.153.197.8 - - [27/Apr/2026:00:41:24 +0300] "POST /xmlrpc.php HTTP/1.1" 200 630 "-" "Mozilla/5.0 (Windows NT 10.0; Win64; x64) AppleWebKit/537.36 (KHTML, like Gecko) Chrome/114.0.0.0 Safari/537.36"
185.153.197.8 - - [27/Apr/2026:00:41:43 +0300] "POST /xmlrpc.php HTTP/1.1" 200 15845 "-" "Mozilla/5.0 (Windows NT 10.0; Win64; x64) AppleWebKit/537.36 (KHTML, like Gecko) Chrome/114.0.0.0 Safari/537.36"
185.153.197.137 - - [27/Apr/2026:00:41:45 +0300] "POST /xmlrpc.php HTTP/1.1" 200 630 "-" "Mozilla/5.0 (Windows NT 10.0; Win64; x64) AppleWebKit/537.36 (KHTML, like Gecko) Chrome/114.0.0.0 Safari/537.36"
185.153.197.8 - - [27/Apr/2026:00:41:57 +0300] "GET /could-there-be-betting-inside-branson/ HTTP/1.1" 200 78920 "-" "Mozilla/5.0 (Windows NT 10.0; Win64; x64) AppleWebKit/537.36 (KHTML, like Gecko) Chrome/124.0.0.0 Safari/537.36 Edg/124.0.0.0"
185.153.197.137 - - [27/Apr/2026:00:42:09 +0300] "POST /xmlrpc.php HTTP/1.1" 200 12855 "-" "Mozilla/5.0 (Windows NT 10.0; Win64; x64) AppleWebKit/537.36 (KHTML, like Gecko) Chrome/114.0.0.0 Safari/537.36"
185.153.197.137 - - [27/Apr/2026:00:42:22 +0300] "GET /downloads/ HTTP/1.1" 200 75250 "-" "Mozilla/5.0 (Windows NT 10.0; Win64; x64; rv:124.0) Gecko/20100101 Firefox/124.0"
185.216.113.70 - - [27/Apr/2026:00:44:44 +0300] "POST /wp-cron.php?doing_wp_cron=1777239883.9667110443115234375000 HTTP/1.1" 200 448 "-" "WordPress/6.3.8; https://serhatburke.miroglu.net"
66.249.73.14 - - [27/Apr/2026:00:44:27 +0300] "GET /2026-kazaxstan-stavki-na-sport-i-olimp-casino1891-2-2/ HTTP/1.1" 200 19108 "-" "Mozilla/5.0 (Linux; Android 6.0.1; Nexus 5X Build/MMB29P) AppleWebKit/537.36 (KHTML, like Gecko) Chrome/146.0.7680.177 Mobile Safari/537.36 (compatible; Googlebot/2.1; +http://www.google.com/bot.html)"
66.249.73.15 - - [27/Apr/2026:00:44:29 +0300] "GET /20bet-stin-ellada-mponoys-kai-prosfores1528/ HTTP/1.1" 200 22624 "-" "Mozilla/5.0 (Linux; Android 6.0.1; Nexus 5X Build/MMB29P) AppleWebKit/537.36 (KHTML, like Gecko) Chrome/146.0.7680.177 Mobile Safari/537.36 (compatible; Googlebot/2.1; +http://www.google.com/bot.html)"
