45.84.192.5 - - [27/Apr/2026:02:35:25 +0300] "GET /wp-content/themes/toppic/css/fontello.css?ver=4.2 HTTP/1.1" 200 1802 "https://serhatburke.miroglu.net/88701-2/" "Mozilla/5.0 (Windows NT 10.0; Win64; x64) AppleWebKit/537.36 (KHTML, like Gecko) Chrome/143.0.0.0 Safari/537.36"
45.84.192.5 - - [27/Apr/2026:02:35:25 +0300] "GET /wp-content/themes/toppic/css/reset.css?ver=4.2 HTTP/1.1" 200 1178 "https://serhatburke.miroglu.net/88701-2/" "Mozilla/5.0 (Windows NT 10.0; Win64; x64) AppleWebKit/537.36 (KHTML, like Gecko) Chrome/143.0.0.0 Safari/537.36"
45.84.192.5 - - [27/Apr/2026:02:35:25 +0300] "GET /wp-content/themes/toppic/css/default.css?ver=4.2 HTTP/1.1" 200 1811 "https://serhatburke.miroglu.net/88701-2/" "Mozilla/5.0 (Windows NT 10.0; Win64; x64) AppleWebKit/537.36 (KHTML, like Gecko) Chrome/143.0.0.0 Safari/537.36"
45.84.192.5 - - [27/Apr/2026:02:35:25 +0300] "GET /wp-content/themes/toppic/style.css?ver=4.2 HTTP/1.1" 200 23398 "https://serhatburke.miroglu.net/88701-2/" "Mozilla/5.0 (Windows NT 10.0; Win64; x64) AppleWebKit/537.36 (KHTML, like Gecko) Chrome/143.0.0.0 Safari/537.36"
45.84.192.5 - - [27/Apr/2026:02:35:26 +0300] "GET /wp-content/themes/toppic/css/royalslider.css?ver=4.2 HTTP/1.1" 200 1887 "https://serhatburke.miroglu.net/88701-2/" "Mozilla/5.0 (Windows NT 10.0; Win64; x64) AppleWebKit/537.36 (KHTML, like Gecko) Chrome/143.0.0.0 Safari/537.36"
45.84.192.5 - - [27/Apr/2026:02:35:26 +0300] "GET /wp-content/themes/toppic/css/rs-default.css?ver=4.2 HTTP/1.1" 200 2625 "https://serhatburke.miroglu.net/88701-2/" "Mozilla/5.0 (Windows NT 10.0; Win64; x64) AppleWebKit/537.36 (KHTML, like Gecko) Chrome/143.0.0.0 Safari/537.36"
45.84.192.5 - - [27/Apr/2026:02:35:26 +0300] "GET /wp-content/themes/toppic/css/lightbox.css?ver=4.2 HTTP/1.1" 200 2956 "https://serhatburke.miroglu.net/88701-2/" "Mozilla/5.0 (Windows NT 10.0; Win64; x64) AppleWebKit/537.36 (KHTML, like Gecko) Chrome/143.0.0.0 Safari/537.36"
45.84.192.5 - - [27/Apr/2026:02:35:26 +0300] "GET /wp-content/themes/toppic/css/woocommerce.css?ver=4.2 HTTP/1.1" 200 2848 "https://serhatburke.miroglu.net/88701-2/" "Mozilla/5.0 (Windows NT 10.0; Win64; x64) AppleWebKit/537.36 (KHTML, like Gecko) Chrome/143.0.0.0 Safari/537.36"
45.84.192.5 - - [27/Apr/2026:02:35:27 +0300] "GET /wp-content/themes/toppic/css/responsive.css?ver=4.2 HTTP/1.1" 200 2796 "https://serhatburke.miroglu.net/88701-2/" "Mozilla/5.0 (Windows NT 10.0; Win64; x64) AppleWebKit/537.36 (KHTML, like Gecko) Chrome/143.0.0.0 Safari/537.36"
185.216.113.70 - - [27/Apr/2026:02:35:34 +0300] "POST /wp-cron.php?doing_wp_cron=1777246534.6229310035705566406250 HTTP/1.1" 200 448 "-" "WordPress/6.3.8; https://serhatburke.miroglu.net"
103.219.169.135 - - [27/Apr/2026:02:35:22 +0300] "POST /xmlrpc.php HTTP/1.1" 200 16244 "-" "Mozilla/5.0 (Windows NT 10.0; Win64; x64) AppleWebKit/537.36 (KHTML, like Gecko) Chrome/114.0.0.0 Safari/537.36"
45.84.192.5 - - [27/Apr/2026:02:35:27 +0300] "POST /wp-comments-post.php HTTP/1.1" 302 1055 "https://serhatburke.miroglu.net/88701-2/" "Mozilla/5.0 (Windows NT 6.3; Win64; x64) AppleWebKit/537.36 (KHTML, like Gecko) Chrome/103.0.0.0 Safari/537.36"
45.84.192.5 - - [27/Apr/2026:02:35:39 +0300] "GET /88701-2/?unapproved=697&moderation-hash=1b3a282c1bb99db1ba160ee6fcb0ce0b HTTP/1.1" 200 18814 "https://serhatburke.miroglu.net/wp-comments-post.php" "Mozilla/5.0 (Windows NT 6.3; Win64; x64) AppleWebKit/537.36 (KHTML, like Gecko) Chrome/103.0.0.0 Safari/537.36"
103.219.169.135 - - [27/Apr/2026:02:35:41 +0300] "GET /%CF%84%CE%B1-%CE%BA%CE%B1%CE%BB%CF%8D%CF%84%CE%B5%CF%81%CE%B1-%CE%BA%CE%AF%CE%BD%CE%B7%CF%84%CF%81%CE%B1-%CF%87%CF%89%CF%81%CE%AF%CF%82-%CE%BA%CE%B1%CF%84%CE%AC%CE%B8%CE%B5%CF%83%CE%B7-%CE%B3%CE%B9/ HTTP/1.1" 200 88415 "-" "Mozilla/5.0 (Windows NT 10.0; Win64; x64) AppleWebKit/537.36 (KHTML, like Gecko) Chrome/109.0.0.0 Safari/537.36"
45.84.192.5 - - [27/Apr/2026:02:35:54 +0300] "GET /88701-2/ HTTP/1.1" 200 18389 "-" "Mozilla/5.0 (compatible; Googlebot/2.1; +http://www.google.com/bot.html)"
107.152.46.202 - - [27/Apr/2026:02:36:23 +0300] "GET /casino-online-skrill-prelievo-veloce/ HTTP/1.1" 200 18775 "-" "Mozilla/5.0 (Windows NT 10.0; WOW64) AppleWebKit/537.36 (KHTML, like Gecko) Chrome/114.0.0.0 YaBrowser/22.7.0 Yowser/2.5 Safari/537.36"
185.216.113.70 - - [27/Apr/2026:02:36:48 +0300] "POST /wp-cron.php?doing_wp_cron=1777246608.2452530860900878906250 HTTP/1.1" 200 448 "-" "WordPress/6.3.8; https://serhatburke.miroglu.net"
62.12.118.39 - - [27/Apr/2026:02:36:33 +0300] "POST /xmlrpc.php HTTP/1.1" 200 630 "-" "Mozilla/5.0 (Windows NT 10.0; Win64; x64) AppleWebKit/537.36 (KHTML, like Gecko) Chrome/114.0.0.0 Safari/537.36"
62.12.118.39 - - [27/Apr/2026:02:36:55 +0300] "POST /xmlrpc.php HTTP/1.1" 200 17618 "-" "Mozilla/5.0 (Windows NT 10.0; Win64; x64) AppleWebKit/537.36 (KHTML, like Gecko) Chrome/114.0.0.0 Safari/537.36"
62.12.118.39 - - [27/Apr/2026:02:37:09 +0300] "GET /up-to-5000-fifty-100-percent-free-spins/ HTTP/1.1" 200 80720 "-" "Mozilla/5.0 (Windows NT 10.0; Win64; x64; rv:124.0) Gecko/20100101 Firefox/124.0"
185.216.113.70 - - [27/Apr/2026:02:39:04 +0300] "POST /wp-cron.php?doing_wp_cron=1777246744.5006840229034423828125 HTTP/1.1" 200 448 "-" "WordPress/6.3.8; https://serhatburke.miroglu.net"
216.73.217.81 - - [27/Apr/2026:02:38:51 +0300] "GET /robots.txt HTTP/2" 200 110 "-" "Mozilla/5.0 AppleWebKit/537.36 (KHTML, like Gecko; compatible; ClaudeBot/1.0; +claudebot@anthropic.com)"
98.98.197.162 - - [27/Apr/2026:02:39:23 +0300] "POST /xmlrpc.php HTTP/1.1" 200 630 "-" "Mozilla/5.0 (Windows NT 10.0; Win64; x64) AppleWebKit/537.36 (KHTML, like Gecko) Chrome/114.0.0.0 Safari/537.36"
185.216.113.70 - - [27/Apr/2026:02:39:53 +0300] "POST /wp-cron.php?doing_wp_cron=1777246793.3638820648193359375000 HTTP/1.1" 200 448 "-" "WordPress/6.3.8; https://serhatburke.miroglu.net"
98.98.197.162 - - [27/Apr/2026:02:39:41 +0300] "POST /xmlrpc.php HTTP/1.1" 200 16209 "-" "Mozilla/5.0 (Windows NT 10.0; Win64; x64) AppleWebKit/537.36 (KHTML, like Gecko) Chrome/114.0.0.0 Safari/537.36"
98.98.197.162 - - [27/Apr/2026:02:39:54 +0300] "GET /playamo-local-casino-all-of-us-comment-2024/ HTTP/1.1" 200 79235 "-" "Mozilla/5.0 (Windows NT 10.0; Win64; x64; rv:124.0) Gecko/20100101 Firefox/124.0"
45.84.192.5 - - [27/Apr/2026:02:40:10 +0300] "GET /88701-2/ HTTP/1.1" 200 18389 "-" "Mozilla/5.0 (compatible; Googlebot/2.1; +http://www.google.com/bot.html)"
216.73.217.81 - - [27/Apr/2026:02:42:14 +0300] "GET /sitemap.xml HTTP/2" 200 0 "-" "Mozilla/5.0 AppleWebKit/537.36 (KHTML, like Gecko; compatible; ClaudeBot/1.0; +claudebot@anthropic.com)"
185.216.113.70 - - [27/Apr/2026:02:42:38 +0300] "POST /wp-cron.php?doing_wp_cron=1777246958.4481489658355712890625 HTTP/1.1" 200 448 "-" "WordPress/6.3.8; https://serhatburke.miroglu.net"
178.159.37.156 - - [27/Apr/2026:02:42:26 +0300] "GET /sweet-bonanza-demo-ile-oyun-performansnz-gelitirin-3/ HTTP/1.1" 200 25736 "-" "Screaming Frog SEO Spider/19.8"
185.216.113.70 - - [27/Apr/2026:02:45:41 +0300] "POST /wp-cron.php?doing_wp_cron=1777247141.2949581146240234375000 HTTP/1.1" 200 448 "-" "WordPress/6.3.8; https://serhatburke.miroglu.net"
103.219.169.135 - - [27/Apr/2026:02:45:28 +0300] "POST /xmlrpc.php HTTP/1.1" 200 630 "-" "Mozilla/5.0 (Windows NT 10.0; Win64; x64) AppleWebKit/537.36 (KHTML, like Gecko) Chrome/114.0.0.0 Safari/537.36"
98.98.197.162 - - [27/Apr/2026:02:45:37 +0300] "POST /xmlrpc.php HTTP/1.1" 200 630 "-" "Mozilla/5.0 (Windows NT 10.0; Win64; x64) AppleWebKit/537.36 (KHTML, like Gecko) Chrome/114.0.0.0 Safari/537.36"
103.219.169.135 - - [27/Apr/2026:02:45:49 +0300] "POST /xmlrpc.php HTTP/1.1" 200 16351 "-" "Mozilla/5.0 (Windows NT 10.0; Win64; x64) AppleWebKit/537.36 (KHTML, like Gecko) Chrome/114.0.0.0 Safari/537.36"
98.98.197.162 - - [27/Apr/2026:02:45:56 +0300] "POST /xmlrpc.php HTTP/1.1" 200 15387 "-" "Mozilla/5.0 (Windows NT 10.0; Win64; x64) AppleWebKit/537.36 (KHTML, like Gecko) Chrome/114.0.0.0 Safari/537.36"
103.219.169.135 - - [27/Apr/2026:02:46:03 +0300] "GET /%CE%B4%CF%89%CF%81%CE%B5%CE%AC%CE%BD-online-%CE%BB%CE%B9%CE%BC%CE%AC%CE%BD%CE%B9%CE%B1-%CF%80%CE%B1%CE%AF%CE%BE%CF%84%CE%B5-%CE%BA%CE%BF%CF%85%CE%BB%CE%BF%CF%87%CE%AD%CF%81%CE%B7%CE%B4%CE%B5%CF%82/ HTTP/1.1" 200 89122 "-" "Mozilla/5.0 (Windows NT 10.0; rv:109.0) Gecko/20100101 Firefox/115.0"
98.98.197.162 - - [27/Apr/2026:02:46:10 +0300] "GET /springtime-bet365-casino-extra-password-sds365-around-1100000-revolves/ HTTP/1.1" 200 79454 "-" "Mozilla/5.0 (Windows NT 10.0; Win64; x64) AppleWebKit/537.36 (KHTML, like Gecko) Chrome/109.0.0.0 Safari/537.36"
185.216.113.70 - - [27/Apr/2026:02:47:23 +0300] "POST /wp-cron.php?doing_wp_cron=1777247242.9099640846252441406250 HTTP/1.1" 200 448 "-" "WordPress/6.3.8; https://serhatburke.miroglu.net"
40.77.167.7 - - [27/Apr/2026:02:47:10 +0300] "GET /shijoni-lojerat-elektronike-igt-pa-pagese-ne-promot-e-kazinose-ice-casino-internet/ HTTP/2" 200 18564 "-" "Mozilla/5.0 AppleWebKit/537.36 (KHTML, like Gecko; compatible; bingbot/2.0; +http://www.bing.com/bingbot.htm) Chrome/116.0.1938.76 Safari/537.36"
40.77.167.151 - - [27/Apr/2026:02:47:14 +0300] "GET /maximizing-returns-with-jupiter-swap-for-traders/ HTTP/2" 200 18057 "-" "Mozilla/5.0 AppleWebKit/537.36 (KHTML, like Gecko; compatible; bingbot/2.0; +http://www.bing.com/bingbot.htm) Chrome/116.0.1938.76 Safari/537.36"
62.12.118.39 - - [27/Apr/2026:02:47:19 +0300] "POST /xmlrpc.php HTTP/1.1" 200 630 "-" "Mozilla/5.0 (Windows NT 10.0; Win64; x64) AppleWebKit/537.36 (KHTML, like Gecko) Chrome/114.0.0.0 Safari/537.36"
185.216.113.70 - - [27/Apr/2026:02:47:52 +0300] "POST /wp-cron.php?doing_wp_cron=1777247272.3541469573974609375000 HTTP/1.1" 200 448 "-" "WordPress/6.3.8; https://serhatburke.miroglu.net"
103.219.169.183 - - [27/Apr/2026:02:47:36 +0300] "POST /xmlrpc.php HTTP/1.1" 200 630 "-" "Mozilla/5.0 (Windows NT 10.0; Win64; x64) AppleWebKit/537.36 (KHTML, like Gecko) Chrome/114.0.0.0 Safari/537.36"
62.12.118.39 - - [27/Apr/2026:02:47:41 +0300] "POST /xmlrpc.php HTTP/1.1" 200 19354 "-" "Mozilla/5.0 (Windows NT 10.0; Win64; x64) AppleWebKit/537.36 (KHTML, like Gecko) Chrome/114.0.0.0 Safari/537.36"
62.12.118.39 - - [27/Apr/2026:02:47:56 +0300] "GET /1939-the-newest-genius-away-from-ounce-academy-award-better-image-champions/ HTTP/1.1" 200 83139 "-" "Mozilla/5.0 (Windows NT 10.0; Win64; x64) AppleWebKit/537.36 (KHTML, like Gecko) Chrome/109.0.0.0 Safari/537.36"
103.219.169.183 - - [27/Apr/2026:02:48:01 +0300] "POST /xmlrpc.php HTTP/1.1" 200 16179 "-" "Mozilla/5.0 (Windows NT 10.0; Win64; x64) AppleWebKit/537.36 (KHTML, like Gecko) Chrome/114.0.0.0 Safari/537.36"
103.219.169.183 - - [27/Apr/2026:02:48:19 +0300] "GET /slotomania-ports-%CF%80%CE%B1%CE%B9%CF%87%CE%BD%CE%AF%CE%B4%CE%B9%CE%B1-%CF%84%CE%B6%CF%8C%CE%B3%CE%BF%CF%85-%CE%B5%CF%86%CE%B1%CF%81%CE%BC%CE%BF%CE%B3%CE%AD%CF%82-online-gamble/ HTTP/1.1" 200 87556 "-" "Mozilla/5.0 (Windows NT 10.0; Win64; x64) AppleWebKit/537.36 (KHTML, like Gecko) Chrome/124.0.0.0 Safari/537.36 Edg/124.0.0.0"
66.249.73.15 - - [27/Apr/2026:02:49:19 +0300] "GET /chumba-casino-uk-review-your-gateway-to-exciting-online-gaming/ HTTP/1.1" 200 0 "https://xjprydk.driftengine-games.info/" "Mozilla/5.0 (Linux; Android 6.0.1; Nexus 5X Build/MMB29P) AppleWebKit/537.36 (KHTML, like Gecko) Chrome/146.0.7680.177 Mobile Safari/537.36 (compatible; Googlebot/2.1; +http://www.google.com/bot.html)"
185.216.113.70 - - [27/Apr/2026:02:49:33 +0300] "POST /wp-cron.php?doing_wp_cron=1777247373.2440040111541748046875 HTTP/1.1" 200 448 "-" "WordPress/6.3.8; https://serhatburke.miroglu.net"
66.249.73.15 - - [27/Apr/2026:02:49:19 +0300] "GET /robots.txt HTTP/1.1" 200 719 "-" "Mozilla/5.0 (compatible; Googlebot/2.1; +http://www.google.com/bot.html)"
103.219.169.183 - - [27/Apr/2026:02:49:55 +0300] "POST /xmlrpc.php HTTP/1.1" 200 630 "-" "Mozilla/5.0 (Windows NT 10.0; Win64; x64) AppleWebKit/537.36 (KHTML, like Gecko) Chrome/114.0.0.0 Safari/537.36"
185.216.113.70 - - [27/Apr/2026:02:50:25 +0300] "POST /wp-cron.php?doing_wp_cron=1777247425.4246239662170410156250 HTTP/1.1" 200 448 "-" "WordPress/6.3.8; https://serhatburke.miroglu.net"
103.219.169.183 - - [27/Apr/2026:02:50:13 +0300] "POST /xmlrpc.php HTTP/1.1" 200 16435 "-" "Mozilla/5.0 (Windows NT 10.0; Win64; x64) AppleWebKit/537.36 (KHTML, like Gecko) Chrome/114.0.0.0 Safari/537.36"
103.219.169.183 - - [27/Apr/2026:02:50:27 +0300] "GET /%CE%B5%CE%BD%CF%84%CE%B5%CE%BB%CF%8E%CF%82-%CE%B4%CF%89%CF%81%CE%B5%CE%AC%CE%BD-demos-%CE%B5%CF%80%CE%B9%CF%87%CE%B5%CE%B9%CF%81%CE%AE%CF%83%CE%B5%CE%B9%CF%82-%CF%84%CF%85%CF%87%CE%B5%CF%81/ HTTP/1.1" 200 88511 "-" "Mozilla/5.0 (Windows NT 10.0; Win64; x64; rv:124.0) Gecko/20100101 Firefox/124.0"
40.77.167.151 - - [27/Apr/2026:02:50:55 +0300] "GET /dexscreener-deep-dive-smart-dex-scanner-guide-2/ HTTP/2" 200 19887 "-" "Mozilla/5.0 AppleWebKit/537.36 (KHTML, like Gecko; compatible; bingbot/2.0; +http://www.bing.com/bingbot.htm) Chrome/116.0.1938.76 Safari/537.36"
40.77.167.7 - - [27/Apr/2026:02:51:01 +0300] "GET /people-need-certainly-to-wager-the-main-benefit-number-15x-on-the-all-the-online-game/ HTTP/2" 200 17562 "-" "Mozilla/5.0 AppleWebKit/537.36 (KHTML, like Gecko; compatible; bingbot/2.0; +http://www.bing.com/bingbot.htm) Chrome/116.0.1938.76 Safari/537.36"
52.167.144.172 - - [27/Apr/2026:02:51:05 +0300] "GET /finest-fl-online-casinos-publication-march-2026/ HTTP/2" 200 18418 "-" "Mozilla/5.0 AppleWebKit/537.36 (KHTML, like Gecko; compatible; bingbot/2.0; +http://www.bing.com/bingbot.htm) Chrome/116.0.1938.76 Safari/537.36"
185.216.113.70 - - [27/Apr/2026:02:51:26 +0300] "POST /wp-cron.php?doing_wp_cron=1777247485.9892940521240234375000 HTTP/1.1" 200 448 "-" "WordPress/6.3.8; https://serhatburke.miroglu.net"
40.77.167.151 - - [27/Apr/2026:02:51:14 +0300] "GET /reindeer-tours-safaris-inside-the-rovaniemi/ HTTP/2" 200 19327 "-" "Mozilla/5.0 AppleWebKit/537.36 (KHTML, like Gecko; compatible; bingbot/2.0; +http://www.bing.com/bingbot.htm) Chrome/116.0.1938.76 Safari/537.36"
40.77.167.151 - - [27/Apr/2026:02:51:35 +0300] "GET /espressione-bonus-quigioco-1-manuale-completa-ai-bonus/ HTTP/2" 200 18915 "-" "Mozilla/5.0 AppleWebKit/537.36 (KHTML, like Gecko; compatible; bingbot/2.0; +http://www.bing.com/bingbot.htm) Chrome/116.0.1938.76 Safari/537.36"
185.216.113.70 - - [27/Apr/2026:02:52:15 +0300] "POST /wp-cron.php?doing_wp_cron=1777247535.8580179214477539062500 HTTP/1.1" 200 448 "-" "WordPress/6.3.8; https://serhatburke.miroglu.net"
103.219.169.183 - - [27/Apr/2026:02:52:03 +0300] "POST /xmlrpc.php HTTP/1.1" 200 630 "-" "Mozilla/5.0 (Windows NT 10.0; Win64; x64) AppleWebKit/537.36 (KHTML, like Gecko) Chrome/114.0.0.0 Safari/537.36"
98.98.197.162 - - [27/Apr/2026:02:52:24 +0300] "POST /xmlrpc.php HTTP/1.1" 200 630 "-" "Mozilla/5.0 (Windows NT 10.0; Win64; x64) AppleWebKit/537.36 (KHTML, like Gecko) Chrome/114.0.0.0 Safari/537.36"
103.219.169.183 - - [27/Apr/2026:02:52:25 +0300] "POST /xmlrpc.php HTTP/1.1" 200 15990 "-" "Mozilla/5.0 (Windows NT 10.0; Win64; x64) AppleWebKit/537.36 (KHTML, like Gecko) Chrome/114.0.0.0 Safari/537.36"
185.216.113.70 - - [27/Apr/2026:02:52:52 +0300] "POST /wp-cron.php?doing_wp_cron=1777247572.1299850940704345703125 HTTP/1.1" 200 448 "-" "WordPress/6.3.8; https://serhatburke.miroglu.net"
103.219.169.183 - - [27/Apr/2026:02:52:40 +0300] "GET /5-%CE%B8%CF%8D%CF%81%CE%B5%CF%82-%CF%84%CF%81%CE%BF%CF%87%CF%8E%CE%BD-%CE%B5%CE%BA%CF%84%CE%B9%CE%BC%CE%AE%CF%83%CF%84%CE%B5-%CF%84%CE%B9%CF%82-5-%CE%B8%CF%8D%CF%81%CE%B5%CF%82-%CF%84%CF%81%CE%BF/ HTTP/1.1" 200 89249 "-" "Mozilla/5.0 (Windows NT 10.0; Win64; x64; rv:125.0) Gecko/20100101 Firefox/125.0"
98.98.197.162 - - [27/Apr/2026:02:52:43 +0300] "POST /xmlrpc.php HTTP/1.1" 200 15505 "-" "Mozilla/5.0 (Windows NT 10.0; Win64; x64) AppleWebKit/537.36 (KHTML, like Gecko) Chrome/114.0.0.0 Safari/537.36"
14.170.176.146 - - [27/Apr/2026:02:52:52 +0300] "GET /automaty-hazard-online HTTP/1.1" 301 649 "https://serhatburke.miroglu.net/" "Mozilla/5.0 (Windows NT 10.0; Win64; x64; rv:126.0) Gecko/20100101 Firefox/126.0"
98.98.197.162 - - [27/Apr/2026:02:52:58 +0300] "GET /better-gambling-enterprise-programs-2026-betting-programs-for-real-money/ HTTP/1.1" 200 79436 "-" "Mozilla/5.0 (Windows NT 10.0; rv:109.0) Gecko/20100101 Firefox/115.0"
14.170.176.146 - - [27/Apr/2026:02:53:10 +0300] "GET /automaty-hazard-online/ HTTP/1.1" 200 20437 "https://serhatburke.miroglu.net/" "Mozilla/5.0 (Windows NT 10.0; Win64; x64; rv:126.0) Gecko/20100101 Firefox/126.0"
185.216.113.70 - - [27/Apr/2026:02:54:12 +0300] "POST /wp-cron.php?doing_wp_cron=1777247652.1844360828399658203125 HTTP/1.1" 200 448 "-" "WordPress/6.3.8; https://serhatburke.miroglu.net"
62.12.118.39 - - [27/Apr/2026:02:53:56 +0300] "POST /xmlrpc.php HTTP/1.1" 200 630 "-" "Mozilla/5.0 (Windows NT 10.0; Win64; x64) AppleWebKit/537.36 (KHTML, like Gecko) Chrome/114.0.0.0 Safari/537.36"
103.219.169.183 - - [27/Apr/2026:02:54:00 +0300] "POST /xmlrpc.php HTTP/1.1" 200 630 "-" "Mozilla/5.0 (Windows NT 10.0; Win64; x64) AppleWebKit/537.36 (KHTML, like Gecko) Chrome/114.0.0.0 Safari/537.36"
196.58.229.214 - - [27/Apr/2026:02:54:14 +0300] "GET /beste-casino-site-belgie-hoge-inzet/ HTTP/1.1" 200 19265 "-" "Mozilla/5.0 (compatible; Googlebot/2.1; +http://www.google.com/bot.html)"
62.12.118.39 - - [27/Apr/2026:02:54:18 +0300] "POST /xmlrpc.php HTTP/1.1" 200 19053 "-" "Mozilla/5.0 (Windows NT 10.0; Win64; x64) AppleWebKit/537.36 (KHTML, like Gecko) Chrome/114.0.0.0 Safari/537.36"
103.219.169.183 - - [27/Apr/2026:02:54:24 +0300] "POST /xmlrpc.php HTTP/1.1" 200 16616 "-" "Mozilla/5.0 (Windows NT 10.0; Win64; x64) AppleWebKit/537.36 (KHTML, like Gecko) Chrome/114.0.0.0 Safari/537.36"
185.216.113.70 - - [27/Apr/2026:02:54:53 +0300] "POST /wp-cron.php?doing_wp_cron=1777247693.6770050525665283203125 HTTP/1.1" 200 448 "-" "WordPress/6.3.8; https://serhatburke.miroglu.net"
62.12.118.39 - - [27/Apr/2026:02:54:41 +0300] "GET /fox-sports-information-scores-times-odds-reveals-channels-video/ HTTP/1.1" 200 82678 "-" "Mozilla/5.0 (Windows NT 10.0; Win64; x64) AppleWebKit/537.36 (KHTML, like Gecko) Chrome/122.0.0.0 Safari/537.36"
103.219.169.183 - - [27/Apr/2026:02:54:47 +0300] "GET /basketball-stars-%CE%B5%CF%86%CE%B1%CF%81%CE%BC%CE%BF%CE%B3%CE%AD%CF%82-%CE%B3%CE%B9%CE%B1-%CF%80%CE%BF%CE%BB%CE%BB%CE%BF%CF%8D%CF%82-%CF%80%CE%B1%CE%AF%CE%BA%CF%84%CE%B5%CF%82-%CF%83%CF%84%CE%BF/ HTTP/1.1" 200 88414 "-" "Mozilla/5.0 (Windows NT 10.0; Win64; x64) AppleWebKit/537.36 (KHTML, like Gecko) Chrome/109.0.0.0 Safari/537.36"
185.216.113.70 - - [27/Apr/2026:02:56:05 +0300] "POST /wp-cron.php?doing_wp_cron=1777247765.4231369495391845703125 HTTP/1.1" 200 448 "-" "WordPress/6.3.8; https://serhatburke.miroglu.net"
103.219.169.183 - - [27/Apr/2026:02:55:54 +0300] "POST /xmlrpc.php HTTP/1.1" 200 630 "-" "Mozilla/5.0 (Windows NT 10.0; Win64; x64) AppleWebKit/537.36 (KHTML, like Gecko) Chrome/114.0.0.0 Safari/537.36"
103.219.169.183 - - [27/Apr/2026:02:56:13 +0300] "POST /xmlrpc.php HTTP/1.1" 200 16803 "-" "Mozilla/5.0 (Windows NT 10.0; Win64; x64) AppleWebKit/537.36 (KHTML, like Gecko) Chrome/114.0.0.0 Safari/537.36"
185.216.113.70 - - [27/Apr/2026:02:56:41 +0300] "POST /wp-cron.php?doing_wp_cron=1777247801.6082680225372314453125 HTTP/1.1" 200 448 "-" "WordPress/6.3.8; https://serhatburke.miroglu.net"
103.219.169.183 - - [27/Apr/2026:02:56:29 +0300] "GET /%CF%80%CE%B1%CE%B9%CF%87%CE%BD%CE%AF%CE%B4%CE%B9%CE%B1-%CE%BA%CE%B1%CE%B6%CE%AF%CE%BD%CE%BF-gamble-%CE%AD%CE%BD%CE%B1-%CF%80%CE%B1%CE%B9%CF%87%CE%BD%CE%AF%CE%B4%CE%B9-%CE%BC%CE%B5-%CF%80%CF%81%CE%B1/ HTTP/1.1" 200 90525 "-" "Mozilla/5.0 (Windows NT 10.0; Win64; x64) AppleWebKit/537.36 (KHTML, like Gecko) Chrome/124.0.0.0 Safari/537.36 Edg/124.0.0.0"
52.167.144.238 - - [27/Apr/2026:02:57:16 +0300] "GET /discover-how-raydium-enhances-your-crypto-trading/ HTTP/2" 200 17882 "-" "Mozilla/5.0 AppleWebKit/537.36 (KHTML, like Gecko; compatible; bingbot/2.0; +http://www.bing.com/bingbot.htm) Chrome/116.0.1938.76 Safari/537.36"
52.167.144.229 - - [27/Apr/2026:02:57:19 +0300] "GET /best-5-web-based-casinos-for-real-profit-the-us-greatest-you-casinos-2026-upgraded-number/ HTTP/2" 200 20048 "-" "Mozilla/5.0 AppleWebKit/537.36 (KHTML, like Gecko; compatible; bingbot/2.0; +http://www.bing.com/bingbot.htm) Chrome/116.0.1938.76 Safari/537.36"
52.167.144.238 - - [27/Apr/2026:02:57:25 +0300] "GET /codigo-promocional-1win-valido-aprende-mas-en-enero-2026/ HTTP/2" 200 19972 "-" "Mozilla/5.0 AppleWebKit/537.36 (KHTML, like Gecko; compatible; bingbot/2.0; +http://www.bing.com/bingbot.htm) Chrome/116.0.1938.76 Safari/537.36"
185.216.113.70 - - [27/Apr/2026:02:57:50 +0300] "POST /wp-cron.php?doing_wp_cron=1777247870.5639739036560058593750 HTTP/1.1" 200 448 "-" "WordPress/6.3.8; https://serhatburke.miroglu.net"
103.219.169.183 - - [27/Apr/2026:02:57:38 +0300] "POST /xmlrpc.php HTTP/1.1" 200 630 "-" "Mozilla/5.0 (Windows NT 10.0; Win64; x64) AppleWebKit/537.36 (KHTML, like Gecko) Chrome/114.0.0.0 Safari/537.36"
104.194.153.222 - - [27/Apr/2026:02:57:40 +0300] "GET /88701-2/ HTTP/1.1" 200 18401 "https://serhatburke.miroglu.net/" "Mozilla/5.0 (X11; Linux x86_64) AppleWebKit/537.36 (KHTML, like Gecko) Chrome/114.0.0.0 Safari/537.36"
104.194.153.222 - - [27/Apr/2026:02:57:54 +0300] "GET /wp-includes/css/dist/block-library/style.min.css?ver=6.3.8 HTTP/1.1" 200 13578 "https://serhatburke.miroglu.net/88701-2/" "Mozilla/5.0 (Windows NT 10.0; Win64; x64) AppleWebKit/537.36 (KHTML, like Gecko) Chrome/143.0.0.0 Safari/537.36"
104.194.153.222 - - [27/Apr/2026:02:57:55 +0300] "GET /wp-content/plugins/contact-form-7/includes/css/styles.css?ver=5.8 HTTP/1.1" 200 1490 "https://serhatburke.miroglu.net/88701-2/" "Mozilla/5.0 (Windows NT 10.0; Win64; x64) AppleWebKit/537.36 (KHTML, like Gecko) Chrome/143.0.0.0 Safari/537.36"
104.194.153.222 - - [27/Apr/2026:02:57:55 +0300] "GET /wp-content/themes/toppic/css/fontello.css?ver=4.2 HTTP/1.1" 200 1802 "https://serhatburke.miroglu.net/88701-2/" "Mozilla/5.0 (Windows NT 10.0; Win64; x64) AppleWebKit/537.36 (KHTML, like Gecko) Chrome/143.0.0.0 Safari/537.36"
104.194.153.222 - - [27/Apr/2026:02:57:56 +0300] "GET /wp-content/themes/toppic/css/reset.css?ver=4.2 HTTP/1.1" 200 1178 "https://serhatburke.miroglu.net/88701-2/" "Mozilla/5.0 (Windows NT 10.0; Win64; x64) AppleWebKit/537.36 (KHTML, like Gecko) Chrome/143.0.0.0 Safari/537.36"
104.194.153.222 - - [27/Apr/2026:02:57:57 +0300] "GET /wp-content/themes/toppic/css/default.css?ver=4.2 HTTP/1.1" 200 1811 "https://serhatburke.miroglu.net/88701-2/" "Mozilla/5.0 (Windows NT 10.0; Win64; x64) AppleWebKit/537.36 (KHTML, like Gecko) Chrome/143.0.0.0 Safari/537.36"
104.194.153.222 - - [27/Apr/2026:02:57:57 +0300] "GET /wp-content/themes/toppic/style.css?ver=4.2 HTTP/1.1" 200 23398 "https://serhatburke.miroglu.net/88701-2/" "Mozilla/5.0 (Windows NT 10.0; Win64; x64) AppleWebKit/537.36 (KHTML, like Gecko) Chrome/143.0.0.0 Safari/537.36"
104.194.153.222 - - [27/Apr/2026:02:57:58 +0300] "GET /wp-content/themes/toppic/css/royalslider.css?ver=4.2 HTTP/1.1" 200 1887 "https://serhatburke.miroglu.net/88701-2/" "Mozilla/5.0 (Windows NT 10.0; Win64; x64) AppleWebKit/537.36 (KHTML, like Gecko) Chrome/143.0.0.0 Safari/537.36"
104.194.153.222 - - [27/Apr/2026:02:57:59 +0300] "GET /wp-content/themes/toppic/css/rs-default.css?ver=4.2 HTTP/1.1" 200 2625 "https://serhatburke.miroglu.net/88701-2/" "Mozilla/5.0 (Windows NT 10.0; Win64; x64) AppleWebKit/537.36 (KHTML, like Gecko) Chrome/143.0.0.0 Safari/537.36"
104.194.153.222 - - [27/Apr/2026:02:58:00 +0300] "GET /wp-content/themes/toppic/css/lightbox.css?ver=4.2 HTTP/1.1" 200 2956 "https://serhatburke.miroglu.net/88701-2/" "Mozilla/5.0 (Windows NT 10.0; Win64; x64) AppleWebKit/537.36 (KHTML, like Gecko) Chrome/143.0.0.0 Safari/537.36"
104.194.153.222 - - [27/Apr/2026:02:58:01 +0300] "GET /wp-content/themes/toppic/css/woocommerce.css?ver=4.2 HTTP/1.1" 200 2848 "https://serhatburke.miroglu.net/88701-2/" "Mozilla/5.0 (Windows NT 10.0; Win64; x64) AppleWebKit/537.36 (KHTML, like Gecko) Chrome/143.0.0.0 Safari/537.36"
104.194.153.222 - - [27/Apr/2026:02:58:01 +0300] "GET /wp-content/themes/toppic/css/responsive.css?ver=4.2 HTTP/1.1" 200 2796 "https://serhatburke.miroglu.net/88701-2/" "Mozilla/5.0 (Windows NT 10.0; Win64; x64) AppleWebKit/537.36 (KHTML, like Gecko) Chrome/143.0.0.0 Safari/537.36"
103.219.169.183 - - [27/Apr/2026:02:57:58 +0300] "POST /xmlrpc.php HTTP/1.1" 200 15239 "-" "Mozilla/5.0 (Windows NT 10.0; Win64; x64) AppleWebKit/537.36 (KHTML, like Gecko) Chrome/114.0.0.0 Safari/537.36"
104.194.153.222 - - [27/Apr/2026:02:58:02 +0300] "POST /wp-comments-post.php HTTP/1.1" 302 1055 "https://serhatburke.miroglu.net/88701-2/" "Mozilla/5.0 (X11; Linux x86_64) AppleWebKit/537.36 (KHTML, like Gecko) Chrome/114.0.0.0 Safari/537.36"
104.194.153.222 - - [27/Apr/2026:02:58:15 +0300] "GET /88701-2/?unapproved=698&moderation-hash=15c570279f5113eb006ae8d84ec5eb97 HTTP/1.1" 200 18810 "https://serhatburke.miroglu.net/wp-comments-post.php" "Mozilla/5.0 (X11; Linux x86_64) AppleWebKit/537.36 (KHTML, like Gecko) Chrome/114.0.0.0 Safari/537.36"
103.219.169.183 - - [27/Apr/2026:02:58:17 +0300] "GET /%CE%B1%CE%B8%CE%AC%CE%BD%CE%B1%CF%84%CE%B7-%CF%83%CF%87%CE%AD%CF%83%CE%B7-buckaroo-bank-small-big-victory-%CE%B5%CE%BD%CF%84%CE%B5%CE%BB%CF%8E%CF%82-%CE%B4%CF%89%CF%81%CE%B5%CE%AC%CE%BD-%CF%80%CE%B5/ HTTP/1.1" 200 87358 "-" "Mozilla/5.0 (Windows NT 10.0; Win64; x64) AppleWebKit/537.36 (KHTML, like Gecko) Chrome/122.0.0.0 Safari/537.36"
185.216.113.70 - - [27/Apr/2026:02:58:39 +0300] "POST /wp-cron.php?doing_wp_cron=1777247919.8494780063629150390625 HTTP/1.1" 200 448 "-" "WordPress/6.3.8; https://serhatburke.miroglu.net"
104.194.153.222 - - [27/Apr/2026:02:58:28 +0300] "GET /88701-2/ HTTP/1.1" 200 18389 "-" "Mozilla/5.0 (compatible; Googlebot/2.1; +http://www.google.com/bot.html)"
98.98.197.162 - - [27/Apr/2026:02:58:49 +0300] "POST /xmlrpc.php HTTP/1.1" 200 630 "-" "Mozilla/5.0 (Windows NT 10.0; Win64; x64) AppleWebKit/537.36 (KHTML, like Gecko) Chrome/114.0.0.0 Safari/537.36"
104.194.153.222 - - [27/Apr/2026:02:59:03 +0300] "GET /88701-2/ HTTP/1.1" 200 18389 "-" "Mozilla/5.0 (compatible; Googlebot/2.1; +http://www.google.com/bot.html)"
185.216.113.70 - - [27/Apr/2026:02:59:27 +0300] "POST /wp-cron.php?doing_wp_cron=1777247967.3657400608062744140625 HTTP/1.1" 200 448 "-" "WordPress/6.3.8; https://serhatburke.miroglu.net"
98.98.197.162 - - [27/Apr/2026:02:59:10 +0300] "POST /xmlrpc.php HTTP/1.1" 200 15285 "-" "Mozilla/5.0 (Windows NT 10.0; Win64; x64) AppleWebKit/537.36 (KHTML, like Gecko) Chrome/114.0.0.0 Safari/537.36"
103.219.169.183 - - [27/Apr/2026:02:59:13 +0300] "POST /xmlrpc.php HTTP/1.1" 200 630 "-" "Mozilla/5.0 (Windows NT 10.0; Win64; x64) AppleWebKit/537.36 (KHTML, like Gecko) Chrome/114.0.0.0 Safari/537.36"
98.98.197.162 - - [27/Apr/2026:02:59:28 +0300] "GET /most-recent-regal-vegas-local-casino-no-deposit-extra-rules-for-the-february-2026/ HTTP/1.1" 200 79622 "-" "Mozilla/5.0 (Windows NT 10.0; Win64; x64) AppleWebKit/537.36 (KHTML, like Gecko) Chrome/124.0.0.0 Safari/537.36 Edg/124.0.0.0"
52.167.144.229 - - [27/Apr/2026:02:59:30 +0300] "GET /game/ HTTP/2" 200 18548 "-" "Mozilla/5.0 AppleWebKit/537.36 (KHTML, like Gecko; compatible; bingbot/2.0; +http://www.bing.com/bingbot.htm) Chrome/116.0.1938.76 Safari/537.36"
52.167.144.229 - - [27/Apr/2026:02:59:34 +0300] "GET /casino-cruise-claim-the-invited-extra/ HTTP/2" 200 18614 "-" "Mozilla/5.0 AppleWebKit/537.36 (KHTML, like Gecko; compatible; bingbot/2.0; +http://www.bing.com/bingbot.htm) Chrome/116.0.1938.76 Safari/537.36"
52.167.144.238 - - [27/Apr/2026:02:59:35 +0300] "GET /kraken-bezopasnyi-dostup-k-onion-resursam-2026-9/ HTTP/2" 200 18386 "-" "Mozilla/5.0 AppleWebKit/537.36 (KHTML, like Gecko; compatible; bingbot/2.0; +http://www.bing.com/bingbot.htm) Chrome/116.0.1938.76 Safari/537.36"
103.219.169.183 - - [27/Apr/2026:02:59:36 +0300] "POST /xmlrpc.php HTTP/1.1" 200 15983 "-" "Mozilla/5.0 (Windows NT 10.0; Win64; x64) AppleWebKit/537.36 (KHTML, like Gecko) Chrome/114.0.0.0 Safari/537.36"
62.12.118.39 - - [27/Apr/2026:02:59:36 +0300] "POST /xmlrpc.php HTTP/1.1" 200 630 "-" "Mozilla/5.0 (Windows NT 10.0; Win64; x64) AppleWebKit/537.36 (KHTML, like Gecko) Chrome/114.0.0.0 Safari/537.36"
103.219.169.183 - - [27/Apr/2026:03:00:23 +0300] "GET /%CE%B4%CF%89%CF%81%CE%B5%CE%AC%CE%BD-%CE%BA%CE%BF%CF%85%CE%BB%CE%BF%CF%87%CE%AD%CF%81%CE%B7%CE%B4%CE%B5%CF%82-%CF%87%CF%89%CF%81%CE%AF%CF%82-%CE%B5%CE%B3%CE%BA%CE%B1%CF%84%CE%AC%CF%83%CF%84%CE%B1/ HTTP/1.1" 200 88139 "-" "Mozilla/5.0 (Windows NT 10.0; Win64; x64; rv:124.0) Gecko/20100101 Firefox/124.0"
62.12.118.39 - - [27/Apr/2026:03:00:26 +0300] "POST /xmlrpc.php HTTP/1.1" 200 16767 "-" "Mozilla/5.0 (Windows NT 10.0; Win64; x64) AppleWebKit/537.36 (KHTML, like Gecko) Chrome/114.0.0.0 Safari/537.36"
185.216.113.70 - - [27/Apr/2026:03:00:52 +0300] "POST /wp-cron.php?doing_wp_cron=1777248052.1501688957214355468750 HTTP/1.1" 200 448 "-" "WordPress/6.3.8; https://serhatburke.miroglu.net"
62.12.118.39 - - [27/Apr/2026:03:00:40 +0300] "GET /aztec-riches-local-casino-review-sign-up-extra-upto-850/ HTTP/1.1" 200 80456 "-" "Mozilla/5.0 (Windows NT 10.0; Win64; x64) AppleWebKit/537.36 (KHTML, like Gecko) Chrome/123.0.0.0 Safari/537.36 OPR/109.0.0.0"
185.216.113.70 - - [27/Apr/2026:03:01:01 +0300] "POST /wp-cron.php?doing_wp_cron=1777248061.9165279865264892578125 HTTP/1.1" 200 448 "-" "WordPress/6.3.8; https://serhatburke.miroglu.net"
103.219.169.183 - - [27/Apr/2026:03:00:49 +0300] "POST /xmlrpc.php HTTP/1.1" 200 630 "-" "Mozilla/5.0 (Windows NT 10.0; Win64; x64) AppleWebKit/537.36 (KHTML, like Gecko) Chrome/114.0.0.0 Safari/537.36"
103.219.169.183 - - [27/Apr/2026:03:01:11 +0300] "POST /xmlrpc.php HTTP/1.1" 200 16110 "-" "Mozilla/5.0 (Windows NT 10.0; Win64; x64) AppleWebKit/537.36 (KHTML, like Gecko) Chrome/114.0.0.0 Safari/537.36"
66.249.73.14 - - [27/Apr/2026:03:01:19 +0300] "GET /celebrate-9casino-uk-big-slot-wins-with-us/ HTTP/1.1" 200 0 "https://xjprydk.driftengine-games.info/" "Mozilla/5.0 (Linux; Android 6.0.1; Nexus 5X Build/MMB29P) AppleWebKit/537.36 (KHTML, like Gecko) Chrome/146.0.7680.177 Mobile Safari/537.36 (compatible; Googlebot/2.1; +http://www.google.com/bot.html)"
66.249.73.15 - - [27/Apr/2026:03:01:18 +0300] "GET /robots.txt HTTP/1.1" 200 719 "-" "Mozilla/5.0 (compatible; Googlebot/2.1; +http://www.google.com/bot.html)"
185.216.113.70 - - [27/Apr/2026:03:01:44 +0300] "POST /wp-cron.php?doing_wp_cron=1777248104.7631471157073974609375 HTTP/1.1" 200 448 "-" "WordPress/6.3.8; https://serhatburke.miroglu.net"
103.219.169.183 - - [27/Apr/2026:03:01:28 +0300] "GET /100-%CE%B4%CF%89%CF%81%CE%B5%CE%AC%CE%BD-%CE%BA%CE%BF%CF%85%CE%BB%CE%BF%CF%87%CE%AD%CF%81%CE%B7%CE%B4%CE%B5%CF%82-%CF%80%CE%B1%CE%AF%CE%BE%CF%84%CE%B5-online-%CE%BA%CE%BF%CF%85%CE%BB%CE%BF%CF%87%CE%AD/ HTTP/1.1" 200 87612 "-" "Mozilla/5.0 (Windows NT 10.0; Win64; x64) AppleWebKit/537.36 (KHTML, like Gecko) Chrome/123.0.0.0 Safari/537.36"
52.167.144.229 - - [27/Apr/2026:03:01:30 +0300] "GET /informationen-zur-bevorzugung-bei-spielautomaten-as-part-of-deutschen-moglich-casinos/ HTTP/2" 200 18406 "-" "Mozilla/5.0 AppleWebKit/537.36 (KHTML, like Gecko; compatible; bingbot/2.0; +http://www.bing.com/bingbot.htm) Chrome/116.0.1938.76 Safari/537.36"
52.167.144.238 - - [27/Apr/2026:03:01:37 +0300] "GET /abc-news-headlines-australian-broadcasting-377/ HTTP/2" 200 267684 "-" "Mozilla/5.0 AppleWebKit/537.36 (KHTML, like Gecko; compatible; bingbot/2.0; +http://www.bing.com/bingbot.htm) Chrome/116.0.1938.76 Safari/537.36"
52.167.144.64 - - [27/Apr/2026:03:02:07 +0300] "GET /robots.txt HTTP/2" 200 110 "-" "Mozilla/5.0 AppleWebKit/537.36 (KHTML, like Gecko; compatible; bingbot/2.0; +http://www.bing.com/bingbot.htm) Chrome/116.0.1938.76 Safari/537.36"
52.167.144.229 - - [27/Apr/2026:03:02:03 +0300] "GET /that-it-internet-casino-now-offers-all-of-the-recently-joined-professionals-a-20-no-deposit-campaign/ HTTP/2" 200 17548 "-" "Mozilla/5.0 AppleWebKit/537.36 (KHTML, like Gecko; compatible; bingbot/2.0; +http://www.bing.com/bingbot.htm) Chrome/116.0.1938.76 Safari/537.36"
52.167.144.230 - - [27/Apr/2026:03:02:14 +0300] "GET /top-8-melhores-slots-online-acimade-portugal-marco-2026/ HTTP/2" 200 19914 "-" "Mozilla/5.0 AppleWebKit/537.36 (KHTML, like Gecko; compatible; bingbot/2.0; +http://www.bing.com/bingbot.htm) Chrome/116.0.1938.76 Safari/537.36"
103.219.169.183 - - [27/Apr/2026:03:02:24 +0300] "POST /xmlrpc.php HTTP/1.1" 200 630 "-" "Mozilla/5.0 (Windows NT 10.0; Win64; x64) AppleWebKit/537.36 (KHTML, like Gecko) Chrome/114.0.0.0 Safari/537.36"
185.216.113.70 - - [27/Apr/2026:03:02:54 +0300] "POST /wp-cron.php?doing_wp_cron=1777248174.1560230255126953125000 HTTP/1.1" 200 448 "-" "WordPress/6.3.8; https://serhatburke.miroglu.net"
103.219.169.183 - - [27/Apr/2026:03:02:42 +0300] "POST /xmlrpc.php HTTP/1.1" 200 15792 "-" "Mozilla/5.0 (Windows NT 10.0; Win64; x64) AppleWebKit/537.36 (KHTML, like Gecko) Chrome/114.0.0.0 Safari/537.36"
103.219.169.183 - - [27/Apr/2026:03:02:58 +0300] "GET /%CF%87%CF%89%CF%81%CE%AF%CF%82-%CE%BA%CE%B1%CF%84%CE%AC%CE%B8%CE%B5%CF%83%CE%B7-%CF%80%CF%81%CE%BF%CF%83%CE%B8%CE%AE%CE%BA%CE%B7-%CE%BC%CF%80%CF%8C%CE%BD%CE%BF%CF%85%CF%82-%CE%B1%CF%80%CE%B1%CE%B9/ HTTP/1.1" 200 88218 "-" "Mozilla/5.0 (Windows NT 10.0; rv:125.0) Gecko/20100101 Firefox/125.0"
185.216.113.70 - - [27/Apr/2026:03:04:19 +0300] "POST /wp-cron.php?doing_wp_cron=1777248259.7084619998931884765625 HTTP/1.1" 200 448 "-" "WordPress/6.3.8; https://serhatburke.miroglu.net"
103.219.169.183 - - [27/Apr/2026:03:04:08 +0300] "POST /xmlrpc.php HTTP/1.1" 200 630 "-" "Mozilla/5.0 (Windows NT 10.0; Win64; x64) AppleWebKit/537.36 (KHTML, like Gecko) Chrome/114.0.0.0 Safari/537.36"
52.167.144.238 - - [27/Apr/2026:03:04:17 +0300] "GET /better-online-slots-games-to-play-within-the-2026-a-perfect-guide-to-white-buffalo-1-deposit-harbors/ HTTP/2" 200 19498 "-" "Mozilla/5.0 AppleWebKit/537.36 (KHTML, like Gecko; compatible; bingbot/2.0; +http://www.bing.com/bingbot.htm) Chrome/116.0.1938.76 Safari/537.36"
103.219.169.183 - - [27/Apr/2026:03:04:26 +0300] "POST /xmlrpc.php HTTP/1.1" 200 16518 "-" "Mozilla/5.0 (Windows NT 10.0; Win64; x64) AppleWebKit/537.36 (KHTML, like Gecko) Chrome/114.0.0.0 Safari/537.36"
185.216.113.70 - - [27/Apr/2026:03:05:00 +0300] "POST /wp-cron.php?doing_wp_cron=1777248300.8160750865936279296875 HTTP/1.1" 200 448 "-" "WordPress/6.3.8; https://serhatburke.miroglu.net"
103.219.169.183 - - [27/Apr/2026:03:04:48 +0300] "GET /%CF%80%CE%B5%CE%BD%CE%AE%CE%BD%CF%84%CE%B1-%CE%B4%CF%89%CF%81%CE%B5%CE%AC%CE%BD-%CF%80%CE%B5%CF%81%CE%B9%CF%83%CF%84%CF%81%CE%BF%CF%86%CE%AD%CF%82-%CF%87%CF%89%CF%81%CE%AF%CF%82-%CE%BA%CE%B1%CF%84-2/ HTTP/1.1" 200 90090 "-" "Mozilla/5.0 (Windows NT 10.0; rv:109.0) Gecko/20100101 Firefox/115.0"
47.128.51.200 - - [27/Apr/2026:03:04:52 +0300] "GET /celebrate-9casino-uk-big-slot-wins-with-us/ HTTP/2" 200 18004 "-" "Mozilla/5.0 (Linux; Android 5.0) AppleWebKit/537.36 (KHTML, like Gecko) Mobile Safari/537.36 (compatible; Bytespider; spider-feedback@bytedance.com)"
47.128.51.200 - - [27/Apr/2026:03:05:10 +0300] "GET /wp-content/plugins/contact-form-7/includes/css/styles.css?ver=5.8 HTTP/2" 200 878 "https://serhatburke.miroglu.net/celebrate-9casino-uk-big-slot-wins-with-us/" "Mozilla/5.0 (Linux; Android 5.0) AppleWebKit/537.36 (KHTML, like Gecko) Mobile Safari/537.36 (compatible; Bytespider; spider-feedback@bytedance.com)"
47.128.51.200 - - [27/Apr/2026:03:05:10 +0300] "GET /wp-includes/css/dist/block-library/style.min.css?ver=6.3.8 HTTP/2" 200 12962 "https://serhatburke.miroglu.net/celebrate-9casino-uk-big-slot-wins-with-us/" "Mozilla/5.0 (Linux; Android 5.0) AppleWebKit/537.36 (KHTML, like Gecko) Mobile Safari/537.36 (compatible; Bytespider; spider-feedback@bytedance.com)"
47.128.51.200 - - [27/Apr/2026:03:05:10 +0300] "GET /wp-content/themes/toppic/css/fontello.css?ver=4.2 HTTP/2" 200 1188 "https://serhatburke.miroglu.net/celebrate-9casino-uk-big-slot-wins-with-us/" "Mozilla/5.0 (Linux; Android 5.0) AppleWebKit/537.36 (KHTML, like Gecko) Mobile Safari/537.36 (compatible; Bytespider; spider-feedback@bytedance.com)"
47.128.51.200 - - [27/Apr/2026:03:05:10 +0300] "GET /wp-content/themes/toppic/css/default.css?ver=4.2 HTTP/2" 200 1198 "https://serhatburke.miroglu.net/celebrate-9casino-uk-big-slot-wins-with-us/" "Mozilla/5.0 (Linux; Android 5.0) AppleWebKit/537.36 (KHTML, like Gecko) Mobile Safari/537.36 (compatible; Bytespider; spider-feedback@bytedance.com)"
47.128.51.200 - - [27/Apr/2026:03:05:10 +0300] "GET /wp-content/themes/toppic/css/reset.css?ver=4.2 HTTP/2" 200 566 "https://serhatburke.miroglu.net/celebrate-9casino-uk-big-slot-wins-with-us/" "Mozilla/5.0 (Linux; Android 5.0) AppleWebKit/537.36 (KHTML, like Gecko) Mobile Safari/537.36 (compatible; Bytespider; spider-feedback@bytedance.com)"
47.128.51.200 - - [27/Apr/2026:03:05:10 +0300] "GET /wp-content/themes/toppic/style.css?ver=4.2 HTTP/2" 200 22783 "https://serhatburke.miroglu.net/celebrate-9casino-uk-big-slot-wins-with-us/" "Mozilla/5.0 (Linux; Android 5.0) AppleWebKit/537.36 (KHTML, like Gecko) Mobile Safari/537.36 (compatible; Bytespider; spider-feedback@bytedance.com)"
47.128.51.200 - - [27/Apr/2026:03:05:10 +0300] "GET /wp-content/themes/toppic/css/royalslider.css?ver=4.2 HTTP/2" 200 1273 "https://serhatburke.miroglu.net/celebrate-9casino-uk-big-slot-wins-with-us/" "Mozilla/5.0 (Linux; Android 5.0) AppleWebKit/537.36 (KHTML, like Gecko) Mobile Safari/537.36 (compatible; Bytespider; spider-feedback@bytedance.com)"
47.128.51.200 - - [27/Apr/2026:03:05:10 +0300] "GET /wp-content/themes/toppic/css/rs-default.css?ver=4.2 HTTP/2" 200 2011 "https://serhatburke.miroglu.net/celebrate-9casino-uk-big-slot-wins-with-us/" "Mozilla/5.0 (Linux; Android 5.0) AppleWebKit/537.36 (KHTML, like Gecko) Mobile Safari/537.36 (compatible; Bytespider; spider-feedback@bytedance.com)"
47.128.51.200 - - [27/Apr/2026:03:05:10 +0300] "GET /wp-content/themes/toppic/css/lightbox.css?ver=4.2 HTTP/2" 200 2342 "https://serhatburke.miroglu.net/celebrate-9casino-uk-big-slot-wins-with-us/" "Mozilla/5.0 (Linux; Android 5.0) AppleWebKit/537.36 (KHTML, like Gecko) Mobile Safari/537.36 (compatible; Bytespider; spider-feedback@bytedance.com)"
47.128.51.200 - - [27/Apr/2026:03:05:10 +0300] "GET /wp-content/themes/toppic/css/woocommerce.css?ver=4.2 HTTP/2" 200 2234 "https://serhatburke.miroglu.net/celebrate-9casino-uk-big-slot-wins-with-us/" "Mozilla/5.0 (Linux; Android 5.0) AppleWebKit/537.36 (KHTML, like Gecko) Mobile Safari/537.36 (compatible; Bytespider; spider-feedback@bytedance.com)"
47.128.51.200 - - [27/Apr/2026:03:05:11 +0300] "GET /wp-content/themes/toppic/css/responsive.css?ver=4.2 HTTP/2" 200 2182 "https://serhatburke.miroglu.net/celebrate-9casino-uk-big-slot-wins-with-us/" "Mozilla/5.0 (Linux; Android 5.0) AppleWebKit/537.36 (KHTML, like Gecko) Mobile Safari/537.36 (compatible; Bytespider; spider-feedback@bytedance.com)"
47.128.51.200 - - [27/Apr/2026:03:05:11 +0300] "GET /wp-content/uploads/2023/08/LOGO-1.png HTTP/2" 206 500 "https://serhatburke.miroglu.net/celebrate-9casino-uk-big-slot-wins-with-us/" "Mozilla/5.0 (Linux; Android 5.0) AppleWebKit/537.36 (KHTML, like Gecko) Mobile Safari/537.36 (compatible; Bytespider; spider-feedback@bytedance.com)"
47.128.51.200 - - [27/Apr/2026:03:05:11 +0300] "GET /wp-content/uploads/2023/08/favicon-16x16-3.png HTTP/2" 206 500 "https://serhatburke.miroglu.net/celebrate-9casino-uk-big-slot-wins-with-us/" "Mozilla/5.0 (Linux; Android 5.0) AppleWebKit/537.36 (KHTML, like Gecko) Mobile Safari/537.36 (compatible; Bytespider; spider-feedback@bytedance.com)"
98.98.197.162 - - [27/Apr/2026:03:05:22 +0300] "POST /xmlrpc.php HTTP/1.1" 200 630 "-" "Mozilla/5.0 (Windows NT 10.0; Win64; x64) AppleWebKit/537.36 (KHTML, like Gecko) Chrome/114.0.0.0 Safari/537.36"
62.12.118.39 - - [27/Apr/2026:03:05:25 +0300] "POST /xmlrpc.php HTTP/1.1" 200 630 "-" "Mozilla/5.0 (Windows NT 10.0; Win64; x64) AppleWebKit/537.36 (KHTML, like Gecko) Chrome/114.0.0.0 Safari/537.36"
185.216.113.70 - - [27/Apr/2026:03:05:56 +0300] "POST /wp-cron.php?doing_wp_cron=1777248356.6323199272155761718750 HTTP/1.1" 200 448 "-" "WordPress/6.3.8; https://serhatburke.miroglu.net"
98.98.197.162 - - [27/Apr/2026:03:05:41 +0300] "POST /xmlrpc.php HTTP/1.1" 200 16077 "-" "Mozilla/5.0 (Windows NT 10.0; Win64; x64) AppleWebKit/537.36 (KHTML, like Gecko) Chrome/114.0.0.0 Safari/537.36"
62.12.118.39 - - [27/Apr/2026:03:05:45 +0300] "POST /xmlrpc.php HTTP/1.1" 200 17765 "-" "Mozilla/5.0 (Windows NT 10.0; Win64; x64) AppleWebKit/537.36 (KHTML, like Gecko) Chrome/114.0.0.0 Safari/537.36"
103.219.169.183 - - [27/Apr/2026:03:05:48 +0300] "POST /xmlrpc.php HTTP/1.1" 200 630 "-" "Mozilla/5.0 (Windows NT 10.0; Win64; x64) AppleWebKit/537.36 (KHTML, like Gecko) Chrome/114.0.0.0 Safari/537.36"
98.98.197.162 - - [27/Apr/2026:03:05:58 +0300] "GET /scratchmania-scratch-credit-on-line-7-100-percent-free/ HTTP/1.1" 200 79662 "-" "Mozilla/5.0 (Windows NT 10.0; Win64; x64) AppleWebKit/537.36 (KHTML, like Gecko) Chrome/109.0.0.0 Safari/537.36"
62.12.118.39 - - [27/Apr/2026:03:06:06 +0300] "GET /university-basketball/ HTTP/1.1" 200 80494 "-" "Mozilla/5.0 (Windows NT 10.0; Win64; x64; rv:124.0) Gecko/20100101 Firefox/124.0"
103.219.169.183 - - [27/Apr/2026:03:06:20 +0300] "POST /xmlrpc.php HTTP/1.1" 200 16106 "-" "Mozilla/5.0 (Windows NT 10.0; Win64; x64) AppleWebKit/537.36 (KHTML, like Gecko) Chrome/114.0.0.0 Safari/537.36"
185.216.113.70 - - [27/Apr/2026:03:06:45 +0300] "POST /wp-cron.php?doing_wp_cron=1777248405.6248788833618164062500 HTTP/1.1" 200 448 "-" "WordPress/6.3.8; https://serhatburke.miroglu.net"
103.219.169.183 - - [27/Apr/2026:03:06:34 +0300] "GET /%CE%BA%CF%81%CE%B9%CF%84%CE%AE%CF%81%CE%B9%CE%B1-%CF%83%CF%84%CE%BF%CE%B9%CF%87%CE%B7%CE%BC%CE%B1%CF%84%CE%B9%CF%83%CE%BC%CE%BF%CF%8D-%CE%BA%CE%B1%CE%B6%CE%AF%CE%BD%CE%BF-%CF%87%CE%B1%CE%BC%CE%B7/ HTTP/1.1" 200 88076 "-" "Mozilla/5.0 (Windows NT 10.0; Win64; x64) AppleWebKit/537.36 (KHTML, like Gecko) Chrome/122.0.0.0 Safari/537.36"
103.219.169.183 - - [27/Apr/2026:03:07:04 +0300] "POST /xmlrpc.php HTTP/1.1" 200 630 "-" "Mozilla/5.0 (Windows NT 10.0; Win64; x64) AppleWebKit/537.36 (KHTML, like Gecko) Chrome/114.0.0.0 Safari/537.36"
185.216.113.70 - - [27/Apr/2026:03:07:38 +0300] "POST /wp-cron.php?doing_wp_cron=1777248458.1033360958099365234375 HTTP/1.1" 200 448 "-" "WordPress/6.3.8; https://serhatburke.miroglu.net"
103.219.169.183 - - [27/Apr/2026:03:07:26 +0300] "POST /xmlrpc.php HTTP/1.1" 200 15712 "-" "Mozilla/5.0 (Windows NT 10.0; Win64; x64) AppleWebKit/537.36 (KHTML, like Gecko) Chrome/114.0.0.0 Safari/537.36"
103.219.169.183 - - [27/Apr/2026:03:07:44 +0300] "GET /%CE%B3%CE%BD%CF%8E%CE%BC%CE%B7-%CE%B3%CE%B9%CE%B1-%CF%84%CE%B1-da-vinci-diamonds-2026-%CE%B3%CE%BD%CF%8E%CE%BC%CE%B7-%CE%B5%CE%B9%CE%B4%CE%B9%CE%BA%CE%BF%CF%8D-%CE%B5%CF%80%CE%B1%CE%B3%CE%B3%CE%B5/ HTTP/1.1" 200 87294 "-" "Mozilla/5.0 (Windows NT 10.0; rv:125.0) Gecko/20100101 Firefox/125.0"
185.216.113.70 - - [27/Apr/2026:03:08:56 +0300] "POST /wp-cron.php?doing_wp_cron=1777248536.1176459789276123046875 HTTP/1.1" 200 448 "-" "WordPress/6.3.8; https://serhatburke.miroglu.net"
103.219.169.183 - - [27/Apr/2026:03:08:44 +0300] "POST /xmlrpc.php HTTP/1.1" 200 630 "-" "Mozilla/5.0 (Windows NT 10.0; Win64; x64) AppleWebKit/537.36 (KHTML, like Gecko) Chrome/114.0.0.0 Safari/537.36"
103.219.169.183 - - [27/Apr/2026:03:09:04 +0300] "POST /xmlrpc.php HTTP/1.1" 200 16972 "-" "Mozilla/5.0 (Windows NT 10.0; Win64; x64) AppleWebKit/537.36 (KHTML, like Gecko) Chrome/114.0.0.0 Safari/537.36"
103.219.169.183 - - [27/Apr/2026:03:09:22 +0300] "GET /%CE%BA%CE%AF%CE%BD%CE%B7%CF%84%CF%81%CE%BF-%CE%B5%CF%80%CE%B9%CF%87%CE%B5%CE%AF%CF%81%CE%B7%CF%83%CE%B7%CF%82-%CF%84%CE%B6%CF%8C%CE%B3%CE%BF%CF%85-%CF%8C%CE%BB%CE%B1-%CF%84%CE%B1-%CE%BA%CE%B1%CE%BB/ HTTP/1.1" 200 88487 "-" "Mozilla/5.0 (Windows NT 10.0; Win64; x64; rv:125.0) Gecko/20100101 Firefox/125.0"
185.216.113.70 - - [27/Apr/2026:03:10:13 +0300] "POST /wp-cron.php?doing_wp_cron=1777248613.3217339515686035156250 HTTP/1.1" 200 448 "-" "WordPress/6.3.8; https://serhatburke.miroglu.net"
190.218.47.159 - - [27/Apr/2026:03:09:59 +0300] "GET /automaty-hazard-online HTTP/1.1" 301 649 "https://serhatburke.miroglu.net/" "Mozilla/5.0 (Windows NT 10.0; Win64; x64) AppleWebKit/537.36 (KHTML, like Gecko) Chrome/120.0.0.0 Safari/537.36 Edg/120.0.0.0"
103.219.169.183 - - [27/Apr/2026:03:10:03 +0300] "POST /xmlrpc.php HTTP/1.1" 200 630 "-" "Mozilla/5.0 (Windows NT 10.0; Win64; x64) AppleWebKit/537.36 (KHTML, like Gecko) Chrome/114.0.0.0 Safari/537.36"
190.218.47.159 - - [27/Apr/2026:03:10:15 +0300] "GET /automaty-hazard-online/ HTTP/1.1" 200 18231 "https://serhatburke.miroglu.net/" "Mozilla/5.0 (Windows NT 10.0; Win64; x64) AppleWebKit/537.36 (KHTML, like Gecko) Chrome/120.0.0.0 Safari/537.36 Edg/120.0.0.0"
185.216.113.70 - - [27/Apr/2026:03:10:43 +0300] "POST /wp-cron.php?doing_wp_cron=1777248643.1096808910369873046875 HTTP/1.1" 200 448 "-" "WordPress/6.3.8; https://serhatburke.miroglu.net"
103.219.169.183 - - [27/Apr/2026:03:10:31 +0300] "POST /xmlrpc.php HTTP/1.1" 200 16568 "-" "Mozilla/5.0 (Windows NT 10.0; Win64; x64) AppleWebKit/537.36 (KHTML, like Gecko) Chrome/114.0.0.0 Safari/537.36"
103.219.169.183 - - [27/Apr/2026:03:10:46 +0300] "GET /mr-wager-gambling-%CE%B5%CE%B3%CE%BA%CE%B1%CF%84%CE%AC%CF%83%CF%84%CE%B1%CF%83%CE%B7-50-100-10-100-%CF%84%CE%BF%CE%B9%CF%82-%CE%B5%CE%BA%CE%B1%CF%84%CF%8C-%CE%B4%CF%89%CF%81%CE%B5%CE%AC%CE%BD-%CF%80/ HTTP/1.1" 200 90099 "-" "Mozilla/5.0 (Windows NT 10.0; Win64; x64) AppleWebKit/537.36 (KHTML, like Gecko) Chrome/124.0.0.0 Safari/537.36"
62.12.118.39 - - [27/Apr/2026:03:10:57 +0300] "POST /xmlrpc.php HTTP/1.1" 200 630 "-" "Mozilla/5.0 (Windows NT 10.0; Win64; x64) AppleWebKit/537.36 (KHTML, like Gecko) Chrome/114.0.0.0 Safari/537.36"
185.216.113.70 - - [27/Apr/2026:03:11:20 +0300] "POST /wp-cron.php?doing_wp_cron=1777248680.8104429244995117187500 HTTP/1.1" 200 448 "-" "WordPress/6.3.8; https://serhatburke.miroglu.net"
98.98.197.162 - - [27/Apr/2026:03:11:09 +0300] "POST /xmlrpc.php HTTP/1.1" 200 630 "-" "Mozilla/5.0 (Windows NT 10.0; Win64; x64) AppleWebKit/537.36 (KHTML, like Gecko) Chrome/114.0.0.0 Safari/537.36"
62.12.118.39 - - [27/Apr/2026:03:11:15 +0300] "POST /xmlrpc.php HTTP/1.1" 200 16628 "-" "Mozilla/5.0 (Windows NT 10.0; Win64; x64) AppleWebKit/537.36 (KHTML, like Gecko) Chrome/114.0.0.0 Safari/537.36"
98.98.197.162 - - [27/Apr/2026:03:11:27 +0300] "POST /xmlrpc.php HTTP/1.1" 200 15755 "-" "Mozilla/5.0 (Windows NT 10.0; Win64; x64) AppleWebKit/537.36 (KHTML, like Gecko) Chrome/114.0.0.0 Safari/537.36"
62.12.118.39 - - [27/Apr/2026:03:11:29 +0300] "GET /300-match-extra-around-7000-45-free-spins/ HTTP/1.1" 200 80079 "-" "Mozilla/5.0 (Windows NT 10.0; Win64; x64) AppleWebKit/537.36 (KHTML, like Gecko) Chrome/109.0.0.0 Safari/537.36"
103.219.169.183 - - [27/Apr/2026:03:11:39 +0300] "POST /xmlrpc.php HTTP/1.1" 200 630 "-" "Mozilla/5.0 (Windows NT 10.0; Win64; x64) AppleWebKit/537.36 (KHTML, like Gecko) Chrome/114.0.0.0 Safari/537.36"
98.98.197.162 - - [27/Apr/2026:03:11:43 +0300] "GET /gambling-establishment-sieger-remark-2026-free-spins-invited-bonus/ HTTP/1.1" 200 79662 "-" "Mozilla/5.0 (Windows NT 10.0; rv:125.0) Gecko/20100101 Firefox/125.0"
185.216.113.70 - - [27/Apr/2026:03:12:18 +0300] "POST /wp-cron.php?doing_wp_cron=1777248738.6982290744781494140625 HTTP/1.1" 200 448 "-" "WordPress/6.3.8; https://serhatburke.miroglu.net"
103.219.169.183 - - [27/Apr/2026:03:12:05 +0300] "POST /xmlrpc.php HTTP/1.1" 200 15718 "-" "Mozilla/5.0 (Windows NT 10.0; Win64; x64) AppleWebKit/537.36 (KHTML, like Gecko) Chrome/114.0.0.0 Safari/537.36"
103.219.169.183 - - [27/Apr/2026:03:12:20 +0300] "GET /betway-%CE%B5%CF%80%CE%AF%CF%83%CE%B7%CE%BC%CE%BF%CF%82-%CE%B9%CF%83%CF%84%CF%8C%CF%84%CE%BF%CF%80%CE%BF%CF%82/ HTTP/1.1" 200 84421 "-" "Mozilla/5.0 (Windows NT 10.0; Win64; x64; rv:124.0) Gecko/20100101 Firefox/124.0"
185.216.113.70 - - [27/Apr/2026:03:13:00 +0300] "POST /wp-cron.php?doing_wp_cron=1777248780.4277760982513427734375 HTTP/1.1" 200 448 "-" "WordPress/6.3.8; https://serhatburke.miroglu.net"
52.167.144.147 - - [27/Apr/2026:03:12:44 +0300] "GET /samsung-taschentelefon-bewachen-so-anfertigen-die-leser-ein-hugo-spielautomat-backup-ihrer-daten/ HTTP/2" 200 20491 "-" "Mozilla/5.0 AppleWebKit/537.36 (KHTML, like Gecko; compatible; bingbot/2.0; +http://www.bing.com/bingbot.htm) Chrome/116.0.1938.76 Safari/537.36"
40.77.167.70 - - [27/Apr/2026:03:12:47 +0300] "GET /unleashing-the-advantages-of-jupiter-swap-for-traders-3/ HTTP/2" 200 17897 "-" "Mozilla/5.0 AppleWebKit/537.36 (KHTML, like Gecko; compatible; bingbot/2.0; +http://www.bing.com/bingbot.htm) Chrome/116.0.1938.76 Safari/537.36"
40.77.167.43 - - [27/Apr/2026:03:12:48 +0300] "GET /discover-the-comprehensive-features-of-the-safepal-wallet/ HTTP/2" 200 17762 "-" "Mozilla/5.0 AppleWebKit/537.36 (KHTML, like Gecko; compatible; bingbot/2.0; +http://www.bing.com/bingbot.htm) Chrome/116.0.1938.76 Safari/537.36"
177.234.143.100 - - [27/Apr/2026:03:13:09 +0300] "GET /zotabet-casino-bonus-premier-depot-2026/ HTTP/1.1" 200 19124 "-" "Mozilla/5.0 (compatible; Googlebot/2.1; +http://www.google.com/bot.html)"
52.167.144.147 - - [27/Apr/2026:03:13:13 +0300] "GET /bonos-sobre-giros-regalado-referente-a-mexico-top-tiradas-gratuito-acerca-de-2026/ HTTP/2" 200 19216 "-" "Mozilla/5.0 AppleWebKit/537.36 (KHTML, like Gecko; compatible; bingbot/2.0; +http://www.bing.com/bingbot.htm) Chrome/116.0.1938.76 Safari/537.36"
103.219.169.183 - - [27/Apr/2026:03:13:18 +0300] "POST /xmlrpc.php HTTP/1.1" 200 630 "-" "Mozilla/5.0 (Windows NT 10.0; Win64; x64) AppleWebKit/537.36 (KHTML, like Gecko) Chrome/114.0.0.0 Safari/537.36"
40.77.167.70 - - [27/Apr/2026:03:13:24 +0300] "GET /sitemaps.xml HTTP/2" 302 0 "-" "Mozilla/5.0 AppleWebKit/537.36 (KHTML, like Gecko; compatible; bingbot/2.0; +http://www.bing.com/bingbot.htm) Chrome/116.0.1938.76 Safari/537.36"
185.216.113.70 - - [27/Apr/2026:03:13:52 +0300] "POST /wp-cron.php?doing_wp_cron=1777248832.5615649223327636718750 HTTP/1.1" 200 448 "-" "WordPress/6.3.8; https://serhatburke.miroglu.net"
