136.158.32.17 - - [26/Apr/2026:17:29:15 +0300] "GET /28563-2/ HTTP/1.1" 200 0 "https://serhatburke.miroglu.net/" "Mozilla/5.0 (Windows NT 10.0; Win64; x64; rv:148.0) Gecko/20100101 Firefox/148.0"
185.216.113.70 - - [26/Apr/2026:17:29:54 +0300] "POST /wp-cron.php?doing_wp_cron=1777213794.5200979709625244140625 HTTP/1.1" 200 448 "-" "WordPress/6.3.8; https://serhatburke.miroglu.net"
52.167.144.236 - - [26/Apr/2026:17:29:12 +0300] "GET /100-50-30-freispielen-as-part-of-frischen-casinos-verdopple-casino-bust-the-bank-deine-gewinne/undefined?ts=1777213275 HTTP/2" 404 14458 "-" "Mozilla/5.0 AppleWebKit/537.36 (KHTML, like Gecko; compatible; bingbot/2.0; +http://www.bing.com/bingbot.htm) Chrome/116.0.1938.76 Safari/537.36"
185.216.113.70 - - [26/Apr/2026:17:29:57 +0300] "POST /wp-cron.php?doing_wp_cron=1777213797.7977480888366699218750 HTTP/1.1" 200 448 "-" "WordPress/6.3.8; https://serhatburke.miroglu.net"
40.77.167.158 - - [26/Apr/2026:17:29:17 +0300] "GET /100-50-30-freispielen-as-part-of-frischen-casinos-verdopple-casino-bust-the-bank-deine-gewinne/undefined?ts=1777213290 HTTP/2" 404 14408 "-" "Mozilla/5.0 AppleWebKit/537.36 (KHTML, like Gecko; compatible; bingbot/2.0; +http://www.bing.com/bingbot.htm) Chrome/116.0.1938.76 Safari/537.36"
185.216.113.70 - - [26/Apr/2026:17:29:58 +0300] "POST /wp-cron.php?doing_wp_cron=1777213798.2283589839935302734375 HTTP/1.1" 200 448 "-" "WordPress/6.3.8; https://serhatburke.miroglu.net"
185.216.113.70 - - [26/Apr/2026:17:29:59 +0300] "POST /wp-cron.php?doing_wp_cron=1777213799.2311820983886718750000 HTTP/1.1" 200 448 "-" "WordPress/6.3.8; https://serhatburke.miroglu.net"
185.153.197.8 - - [26/Apr/2026:17:29:19 +0300] "GET /publication-from-inactive-position-free-play-online-casino-harbors-zero-down-load/ HTTP/1.1" 200 82064 "-" "Mozilla/5.0 (Windows NT 10.0; Win64; x64) AppleWebKit/537.36 (KHTML, like Gecko) Chrome/123.0.0.0 Safari/537.36"
185.216.113.70 - - [26/Apr/2026:17:30:07 +0300] "POST /wp-cron.php?doing_wp_cron=1777213806.9071469306945800781250 HTTP/1.1" 200 448 "-" "WordPress/6.3.8; https://serhatburke.miroglu.net"
52.167.144.175 - - [26/Apr/2026:17:29:23 +0300] "GET /100-50-30-freispielen-as-part-of-frischen-casinos-verdopple-casino-bust-the-bank-deine-gewinne/undefined?ts=1777213288 HTTP/2" 404 14457 "-" "Mozilla/5.0 AppleWebKit/537.36 (KHTML, like Gecko; compatible; bingbot/2.0; +http://www.bing.com/bingbot.htm) Chrome/116.0.1938.76 Safari/537.36"
185.216.113.70 - - [26/Apr/2026:17:30:07 +0300] "POST /wp-cron.php?doing_wp_cron=1777213807.7074270248413085937500 HTTP/1.1" 200 448 "-" "WordPress/6.3.8; https://serhatburke.miroglu.net"
37.27.228.124 - - [26/Apr/2026:17:29:22 +0300] "GET /onlajn-kazino-topovye-igry-i-bolshie-vyigryshi/ HTTP/1.1" 200 27857 "-" "Screaming Frog SEO Spider/19.8"
40.77.167.158 - - [26/Apr/2026:17:29:47 +0300] "GET /types-of-with-zero-abschlagzahlung-extra-supplies-free-spins-or-cuma-cuma-crypto/ HTTP/2" 200 0 "-" "Mozilla/5.0 AppleWebKit/537.36 (KHTML, like Gecko; compatible; bingbot/2.0; +http://www.bing.com/bingbot.htm) Chrome/116.0.1938.76 Safari/537.36"
52.167.144.236 - - [26/Apr/2026:17:29:57 +0300] "GET /online-spielbank-app-kollationieren-2026-casinos-apps-uber-echtgeld/ HTTP/2" 200 0 "-" "Mozilla/5.0 AppleWebKit/537.36 (KHTML, like Gecko; compatible; bingbot/2.0; +http://www.bing.com/bingbot.htm) Chrome/116.0.1938.76 Safari/537.36"
40.77.167.158 - - [26/Apr/2026:17:29:59 +0300] "GET /100-50-30-freispielen-as-part-of-frischen-casinos-verdopple-casino-bust-the-bank-deine-gewinne/undefined?ts=1777213290 HTTP/2" 200 0 "-" "Mozilla/5.0 AppleWebKit/537.36 (KHTML, like Gecko; compatible; bingbot/2.0; +http://www.bing.com/bingbot.htm) Chrome/116.0.1938.76 Safari/537.36"
185.216.113.70 - - [26/Apr/2026:17:30:57 +0300] "POST /wp-cron.php?doing_wp_cron=1777213856.8112759590148925781250 HTTP/1.1" 200 448 "-" "WordPress/6.3.8; https://serhatburke.miroglu.net"
52.167.144.236 - - [26/Apr/2026:17:30:10 +0300] "GET /comment-faudra-le-mec-ce-rib-avec-50-dragons-play-slot-deboucher-le-calcul-quelque-peu/ HTTP/2" 200 0 "-" "Mozilla/5.0 AppleWebKit/537.36 (KHTML, like Gecko; compatible; bingbot/2.0; +http://www.bing.com/bingbot.htm) Chrome/116.0.1938.76 Safari/537.36"
40.77.167.158 - - [26/Apr/2026:17:30:15 +0300] "GET /100-50-30-freispielen-as-part-of-frischen-casinos-verdopple-casino-bust-the-bank-deine-gewinne/undefined?ts=1777213290 HTTP/2" 200 0 "-" "Mozilla/5.0 AppleWebKit/537.36 (KHTML, like Gecko; compatible; bingbot/2.0; +http://www.bing.com/bingbot.htm) Chrome/116.0.1938.76 Safari/537.36"
52.167.144.236 - - [26/Apr/2026:17:30:21 +0300] "GET /100-50-30-freispielen-as-part-of-frischen-casinos-verdopple-casino-bust-the-bank-deine-gewinne/undefined?ts=1777213275 HTTP/2" 200 0 "-" "Mozilla/5.0 AppleWebKit/537.36 (KHTML, like Gecko; compatible; bingbot/2.0; +http://www.bing.com/bingbot.htm) Chrome/116.0.1938.76 Safari/537.36"
52.167.144.175 - - [26/Apr/2026:17:30:29 +0300] "GET /100-50-30-freispielen-as-part-of-frischen-casinos-verdopple-casino-bust-the-bank-deine-gewinne/undefined?ts=1777213288 HTTP/2" 200 0 "-" "Mozilla/5.0 AppleWebKit/537.36 (KHTML, like Gecko; compatible; bingbot/2.0; +http://www.bing.com/bingbot.htm) Chrome/116.0.1938.76 Safari/537.36"
40.77.167.158 - - [26/Apr/2026:17:30:58 +0300] "GET /100-50-30-freispielen-as-part-of-frischen-casinos-verdopple-casino-bust-the-bank-deine-gewinne/undefined?ts=1777213290 HTTP/2" 404 14408 "-" "Mozilla/5.0 AppleWebKit/537.36 (KHTML, like Gecko; compatible; bingbot/2.0; +http://www.bing.com/bingbot.htm) Chrome/116.0.1938.76 Safari/537.36"
52.167.144.175 - - [26/Apr/2026:17:31:19 +0300] "GET /100-50-30-freispielen-as-part-of-frischen-casinos-verdopple-casino-bust-the-bank-deine-gewinne/undefined?ts=1777213288 HTTP/2" 404 14457 "-" "Mozilla/5.0 AppleWebKit/537.36 (KHTML, like Gecko; compatible; bingbot/2.0; +http://www.bing.com/bingbot.htm) Chrome/116.0.1938.76 Safari/537.36"
37.27.228.124 - - [26/Apr/2026:17:31:26 +0300] "GET /igrat-v-luchshie-kazino-dostup-k-luchshim-igram-27/ HTTP/1.1" 200 28401 "-" "Screaming Frog SEO Spider/19.8"
40.77.167.158 - - [26/Apr/2026:17:31:28 +0300] "GET /100-50-30-freispielen-as-part-of-frischen-casinos-verdopple-casino-bust-the-bank-deine-gewinne/undefined?ts=1777213290 HTTP/2" 404 14408 "-" "Mozilla/5.0 AppleWebKit/537.36 (KHTML, like Gecko; compatible; bingbot/2.0; +http://www.bing.com/bingbot.htm) Chrome/116.0.1938.76 Safari/537.36"
185.216.113.70 - - [26/Apr/2026:17:31:58 +0300] "POST /wp-cron.php?doing_wp_cron=1777213918.2486519813537597656250 HTTP/1.1" 200 448 "-" "WordPress/6.3.8; https://serhatburke.miroglu.net"
40.77.167.158 - - [26/Apr/2026:17:31:34 +0300] "GET /100-50-30-freispielen-as-part-of-frischen-casinos-verdopple-casino-bust-the-bank-deine-gewinne/undefined?ts=1777213290 HTTP/2" 404 14408 "-" "Mozilla/5.0 AppleWebKit/537.36 (KHTML, like Gecko; compatible; bingbot/2.0; +http://www.bing.com/bingbot.htm) Chrome/116.0.1938.76 Safari/537.36"
52.167.144.236 - - [26/Apr/2026:17:31:35 +0300] "GET /100-50-30-freispielen-as-part-of-frischen-casinos-verdopple-casino-bust-the-bank-deine-gewinne/undefined?ts=1777213275 HTTP/2" 404 14410 "-" "Mozilla/5.0 AppleWebKit/537.36 (KHTML, like Gecko; compatible; bingbot/2.0; +http://www.bing.com/bingbot.htm) Chrome/116.0.1938.76 Safari/537.36"
52.167.144.175 - - [26/Apr/2026:17:31:51 +0300] "GET /100-50-30-freispielen-as-part-of-frischen-casinos-verdopple-casino-bust-the-bank-deine-gewinne/undefined?ts=1777213288 HTTP/2" 404 14408 "-" "Mozilla/5.0 AppleWebKit/537.36 (KHTML, like Gecko; compatible; bingbot/2.0; +http://www.bing.com/bingbot.htm) Chrome/116.0.1938.76 Safari/537.36"
102.215.109.83 - - [26/Apr/2026:17:31:58 +0300] "GET /28563-2/ HTTP/1.1" 200 19352 "https://serhatburke.miroglu.net/" "Mozilla/5.0 (X11; Linux x86_64; rv:146.0) Gecko/20100101 Firefox/146.0"
52.167.144.236 - - [26/Apr/2026:17:31:59 +0300] "GET /100-50-30-freispielen-as-part-of-frischen-casinos-verdopple-casino-bust-the-bank-deine-gewinne/undefined?ts=1777213275 HTTP/2" 404 14410 "-" "Mozilla/5.0 AppleWebKit/537.36 (KHTML, like Gecko; compatible; bingbot/2.0; +http://www.bing.com/bingbot.htm) Chrome/116.0.1938.76 Safari/537.36"
52.167.144.175 - - [26/Apr/2026:17:32:13 +0300] "GET /100-50-30-freispielen-as-part-of-frischen-casinos-verdopple-casino-bust-the-bank-deine-gewinne/undefined?ts=1777213288 HTTP/2" 404 14408 "-" "Mozilla/5.0 AppleWebKit/537.36 (KHTML, like Gecko; compatible; bingbot/2.0; +http://www.bing.com/bingbot.htm) Chrome/116.0.1938.76 Safari/537.36"
102.67.249.233 - - [26/Apr/2026:17:32:16 +0300] "GET /28563-2/ HTTP/1.1" 200 19352 "https://serhatburke.miroglu.net/" "Mozilla/5.0 (X11; Linux x86_64; rv:146.0) Gecko/20100101 Firefox/146.0"
40.77.167.158 - - [26/Apr/2026:17:32:22 +0300] "GET /100-50-30-freispielen-as-part-of-frischen-casinos-verdopple-casino-bust-the-bank-deine-gewinne/undefined?ts=1777213290 HTTP/2" 404 14408 "-" "Mozilla/5.0 AppleWebKit/537.36 (KHTML, like Gecko; compatible; bingbot/2.0; +http://www.bing.com/bingbot.htm) Chrome/116.0.1938.76 Safari/537.36"
185.216.113.70 - - [26/Apr/2026:17:32:57 +0300] "POST /wp-cron.php?doing_wp_cron=1777213977.8310399055480957031250 HTTP/1.1" 200 448 "-" "WordPress/6.3.8; https://serhatburke.miroglu.net"
60.254.83.34 - - [26/Apr/2026:17:32:34 +0300] "GET /28563-2/ HTTP/1.1" 200 19352 "https://serhatburke.miroglu.net/" "Mozilla/5.0 (X11; Linux x86_64; rv:146.0) Gecko/20100101 Firefox/146.0"
52.167.144.175 - - [26/Apr/2026:17:32:37 +0300] "GET /100-50-30-freispielen-as-part-of-frischen-casinos-verdopple-casino-bust-the-bank-deine-gewinne/undefined?ts=1777213288 HTTP/2" 404 14408 "-" "Mozilla/5.0 AppleWebKit/537.36 (KHTML, like Gecko; compatible; bingbot/2.0; +http://www.bing.com/bingbot.htm) Chrome/116.0.1938.76 Safari/537.36"
40.77.167.158 - - [26/Apr/2026:17:32:42 +0300] "GET /100-50-30-freispielen-as-part-of-frischen-casinos-verdopple-casino-bust-the-bank-deine-gewinne/undefined?ts=1777213290 HTTP/2" 404 14408 "-" "Mozilla/5.0 AppleWebKit/537.36 (KHTML, like Gecko; compatible; bingbot/2.0; +http://www.bing.com/bingbot.htm) Chrome/116.0.1938.76 Safari/537.36"
40.77.167.50 - - [26/Apr/2026:17:32:52 +0300] "GET /100-50-30-freispielen-as-part-of-frischen-casinos-verdopple-casino-bust-the-bank-deine-gewinne/undefined?ts=1777213290 HTTP/2" 404 14408 "-" "Mozilla/5.0 AppleWebKit/537.36 (KHTML, like Gecko; compatible; bingbot/2.0; +http://www.bing.com/bingbot.htm) Chrome/116.0.1938.76 Safari/537.36"
185.216.113.70 - - [26/Apr/2026:17:33:26 +0300] "POST /wp-cron.php?doing_wp_cron=1777214006.6323781013488769531250 HTTP/1.1" 200 448 "-" "WordPress/6.3.8; https://serhatburke.miroglu.net"
52.167.144.172 - - [26/Apr/2026:17:32:57 +0300] "GET /100-50-30-freispielen-as-part-of-frischen-casinos-verdopple-casino-bust-the-bank-deine-gewinne/undefined?ts=1777213275 HTTP/2" 404 14410 "-" "Mozilla/5.0 AppleWebKit/537.36 (KHTML, like Gecko; compatible; bingbot/2.0; +http://www.bing.com/bingbot.htm) Chrome/116.0.1938.76 Safari/537.36"
40.77.167.50 - - [26/Apr/2026:17:33:09 +0300] "GET /100-50-30-freispielen-as-part-of-frischen-casinos-verdopple-casino-bust-the-bank-deine-gewinne/undefined?ts=1777213290 HTTP/2" 404 14408 "-" "Mozilla/5.0 AppleWebKit/537.36 (KHTML, like Gecko; compatible; bingbot/2.0; +http://www.bing.com/bingbot.htm) Chrome/116.0.1938.76 Safari/537.36"
52.167.144.175 - - [26/Apr/2026:17:33:12 +0300] "GET /100-50-30-freispielen-as-part-of-frischen-casinos-verdopple-casino-bust-the-bank-deine-gewinne/undefined?ts=1777213288 HTTP/2" 404 14457 "-" "Mozilla/5.0 AppleWebKit/537.36 (KHTML, like Gecko; compatible; bingbot/2.0; +http://www.bing.com/bingbot.htm) Chrome/116.0.1938.76 Safari/537.36"
40.77.167.73 - - [26/Apr/2026:17:33:36 +0300] "GET /100-50-30-freispielen-as-part-of-frischen-casinos-verdopple-casino-bust-the-bank-deine-gewinne/undefined?ts=1777213288 HTTP/2" 404 14408 "-" "Mozilla/5.0 AppleWebKit/537.36 (KHTML, like Gecko; compatible; bingbot/2.0; +http://www.bing.com/bingbot.htm) Chrome/116.0.1938.76 Safari/537.36"
40.77.167.50 - - [26/Apr/2026:17:33:42 +0300] "GET /100-50-30-freispielen-as-part-of-frischen-casinos-verdopple-casino-bust-the-bank-deine-gewinne/undefined?ts=1777213290 HTTP/2" 404 14408 "-" "Mozilla/5.0 AppleWebKit/537.36 (KHTML, like Gecko; compatible; bingbot/2.0; +http://www.bing.com/bingbot.htm) Chrome/116.0.1938.76 Safari/537.36"
40.77.167.50 - - [26/Apr/2026:17:33:47 +0300] "GET /100-50-30-freispielen-as-part-of-frischen-casinos-verdopple-casino-bust-the-bank-deine-gewinne/undefined?ts=1777213290 HTTP/2" 404 14408 "-" "Mozilla/5.0 AppleWebKit/537.36 (KHTML, like Gecko; compatible; bingbot/2.0; +http://www.bing.com/bingbot.htm) Chrome/116.0.1938.76 Safari/537.36"
40.77.167.73 - - [26/Apr/2026:17:33:50 +0300] "GET /100-50-30-freispielen-as-part-of-frischen-casinos-verdopple-casino-bust-the-bank-deine-gewinne/undefined?ts=1777213288 HTTP/2" 404 14408 "-" "Mozilla/5.0 AppleWebKit/537.36 (KHTML, like Gecko; compatible; bingbot/2.0; +http://www.bing.com/bingbot.htm) Chrome/116.0.1938.76 Safari/537.36"
40.77.167.50 - - [26/Apr/2026:17:34:04 +0300] "GET /100-50-30-freispielen-as-part-of-frischen-casinos-verdopple-casino-bust-the-bank-deine-gewinne/undefined?ts=1777213290 HTTP/2" 404 14408 "-" "Mozilla/5.0 AppleWebKit/537.36 (KHTML, like Gecko; compatible; bingbot/2.0; +http://www.bing.com/bingbot.htm) Chrome/116.0.1938.76 Safari/537.36"
40.77.167.73 - - [26/Apr/2026:17:34:06 +0300] "GET /100-50-30-freispielen-as-part-of-frischen-casinos-verdopple-casino-bust-the-bank-deine-gewinne/undefined?ts=1777213288 HTTP/2" 404 14408 "-" "Mozilla/5.0 AppleWebKit/537.36 (KHTML, like Gecko; compatible; bingbot/2.0; +http://www.bing.com/bingbot.htm) Chrome/116.0.1938.76 Safari/537.36"
40.77.167.50 - - [26/Apr/2026:17:34:10 +0300] "GET /100-50-30-freispielen-as-part-of-frischen-casinos-verdopple-casino-bust-the-bank-deine-gewinne/undefined?ts=1777213290 HTTP/2" 404 14408 "-" "Mozilla/5.0 AppleWebKit/537.36 (KHTML, like Gecko; compatible; bingbot/2.0; +http://www.bing.com/bingbot.htm) Chrome/116.0.1938.76 Safari/537.36"
52.167.144.172 - - [26/Apr/2026:17:34:16 +0300] "GET /100-50-30-freispielen-as-part-of-frischen-casinos-verdopple-casino-bust-the-bank-deine-gewinne/undefined?ts=1777213276 HTTP/2" 404 14457 "-" "Mozilla/5.0 AppleWebKit/537.36 (KHTML, like Gecko; compatible; bingbot/2.0; +http://www.bing.com/bingbot.htm) Chrome/116.0.1938.76 Safari/537.36"
185.216.113.70 - - [26/Apr/2026:17:34:39 +0300] "POST /wp-cron.php?doing_wp_cron=1777214079.7582309246063232421875 HTTP/1.1" 200 448 "-" "WordPress/6.3.8; https://serhatburke.miroglu.net"
40.77.167.50 - - [26/Apr/2026:17:34:20 +0300] "GET /100-50-30-freispielen-as-part-of-frischen-casinos-verdopple-casino-bust-the-bank-deine-gewinne/undefined?ts=1777213290 HTTP/2" 404 14408 "-" "Mozilla/5.0 AppleWebKit/537.36 (KHTML, like Gecko; compatible; bingbot/2.0; +http://www.bing.com/bingbot.htm) Chrome/116.0.1938.76 Safari/537.36"
40.77.167.73 - - [26/Apr/2026:17:34:29 +0300] "GET /100-50-30-freispielen-as-part-of-frischen-casinos-verdopple-casino-bust-the-bank-deine-gewinne/undefined?ts=1777213288 HTTP/2" 404 14408 "-" "Mozilla/5.0 AppleWebKit/537.36 (KHTML, like Gecko; compatible; bingbot/2.0; +http://www.bing.com/bingbot.htm) Chrome/116.0.1938.76 Safari/537.36"
52.167.144.172 - - [26/Apr/2026:17:34:37 +0300] "GET /100-50-30-freispielen-as-part-of-frischen-casinos-verdopple-casino-bust-the-bank-deine-gewinne/undefined?ts=1777213276 HTTP/2" 404 14457 "-" "Mozilla/5.0 AppleWebKit/537.36 (KHTML, like Gecko; compatible; bingbot/2.0; +http://www.bing.com/bingbot.htm) Chrome/116.0.1938.76 Safari/537.36"
40.77.167.73 - - [26/Apr/2026:17:34:48 +0300] "GET /100-50-30-freispielen-as-part-of-frischen-casinos-verdopple-casino-bust-the-bank-deine-gewinne/undefined?ts=1777213288 HTTP/2" 404 14408 "-" "Mozilla/5.0 AppleWebKit/537.36 (KHTML, like Gecko; compatible; bingbot/2.0; +http://www.bing.com/bingbot.htm) Chrome/116.0.1938.76 Safari/537.36"
40.77.167.50 - - [26/Apr/2026:17:35:00 +0300] "GET /100-50-30-freispielen-as-part-of-frischen-casinos-verdopple-casino-bust-the-bank-deine-gewinne/undefined?ts=1777213290 HTTP/2" 404 14457 "-" "Mozilla/5.0 AppleWebKit/537.36 (KHTML, like Gecko; compatible; bingbot/2.0; +http://www.bing.com/bingbot.htm) Chrome/116.0.1938.76 Safari/537.36"
40.77.167.73 - - [26/Apr/2026:17:35:03 +0300] "GET /100-50-30-freispielen-as-part-of-frischen-casinos-verdopple-casino-bust-the-bank-deine-gewinne/undefined?ts=1777213289 HTTP/2" 404 14407 "-" "Mozilla/5.0 AppleWebKit/537.36 (KHTML, like Gecko; compatible; bingbot/2.0; +http://www.bing.com/bingbot.htm) Chrome/116.0.1938.76 Safari/537.36"
40.77.167.50 - - [26/Apr/2026:17:35:14 +0300] "GET /100-50-30-freispielen-as-part-of-frischen-casinos-verdopple-casino-bust-the-bank-deine-gewinne/undefined?ts=1777213290 HTTP/2" 404 14408 "-" "Mozilla/5.0 AppleWebKit/537.36 (KHTML, like Gecko; compatible; bingbot/2.0; +http://www.bing.com/bingbot.htm) Chrome/116.0.1938.76 Safari/537.36"
40.77.167.73 - - [26/Apr/2026:17:35:16 +0300] "GET /100-50-30-freispielen-as-part-of-frischen-casinos-verdopple-casino-bust-the-bank-deine-gewinne/undefined?ts=1777213289 HTTP/2" 404 14458 "-" "Mozilla/5.0 AppleWebKit/537.36 (KHTML, like Gecko; compatible; bingbot/2.0; +http://www.bing.com/bingbot.htm) Chrome/116.0.1938.76 Safari/537.36"
52.167.144.172 - - [26/Apr/2026:17:35:24 +0300] "GET /100-50-30-freispielen-as-part-of-frischen-casinos-verdopple-casino-bust-the-bank-deine-gewinne/undefined?ts=1777213276 HTTP/2" 404 14409 "-" "Mozilla/5.0 AppleWebKit/537.36 (KHTML, like Gecko; compatible; bingbot/2.0; +http://www.bing.com/bingbot.htm) Chrome/116.0.1938.76 Safari/537.36"
185.216.113.70 - - [26/Apr/2026:17:35:41 +0300] "POST /wp-cron.php?doing_wp_cron=1777214141.3539071083068847656250 HTTP/1.1" 200 448 "-" "WordPress/6.3.8; https://serhatburke.miroglu.net"
40.77.167.50 - - [26/Apr/2026:17:35:27 +0300] "GET /100-50-30-freispielen-as-part-of-frischen-casinos-verdopple-casino-bust-the-bank-deine-gewinne/undefined?ts=1777213290 HTTP/2" 404 14408 "-" "Mozilla/5.0 AppleWebKit/537.36 (KHTML, like Gecko; compatible; bingbot/2.0; +http://www.bing.com/bingbot.htm) Chrome/116.0.1938.76 Safari/537.36"
40.77.167.73 - - [26/Apr/2026:17:35:36 +0300] "GET /100-50-30-freispielen-as-part-of-frischen-casinos-verdopple-casino-bust-the-bank-deine-gewinne/undefined?ts=1777213289 HTTP/2" 404 14407 "-" "Mozilla/5.0 AppleWebKit/537.36 (KHTML, like Gecko; compatible; bingbot/2.0; +http://www.bing.com/bingbot.htm) Chrome/116.0.1938.76 Safari/537.36"
52.167.144.172 - - [26/Apr/2026:17:35:39 +0300] "GET /100-50-30-freispielen-as-part-of-frischen-casinos-verdopple-casino-bust-the-bank-deine-gewinne/undefined?ts=1777213278 HTTP/2" 404 14408 "-" "Mozilla/5.0 AppleWebKit/537.36 (KHTML, like Gecko; compatible; bingbot/2.0; +http://www.bing.com/bingbot.htm) Chrome/116.0.1938.76 Safari/537.36"
40.77.167.50 - - [26/Apr/2026:17:35:42 +0300] "GET /100-50-30-freispielen-as-part-of-frischen-casinos-verdopple-casino-bust-the-bank-deine-gewinne/undefined?ts=1777213290 HTTP/2" 404 14408 "-" "Mozilla/5.0 AppleWebKit/537.36 (KHTML, like Gecko; compatible; bingbot/2.0; +http://www.bing.com/bingbot.htm) Chrome/116.0.1938.76 Safari/537.36"
40.77.167.73 - - [26/Apr/2026:17:35:57 +0300] "GET /100-50-30-freispielen-as-part-of-frischen-casinos-verdopple-casino-bust-the-bank-deine-gewinne/undefined?ts=1777213289 HTTP/2" 404 14407 "-" "Mozilla/5.0 AppleWebKit/537.36 (KHTML, like Gecko; compatible; bingbot/2.0; +http://www.bing.com/bingbot.htm) Chrome/116.0.1938.76 Safari/537.36"
40.77.167.73 - - [26/Apr/2026:17:35:57 +0300] "GET /100-50-30-freispielen-as-part-of-frischen-casinos-verdopple-casino-bust-the-bank-deine-gewinne/undefined?ts=1777213289 HTTP/2" 404 14407 "-" "Mozilla/5.0 AppleWebKit/537.36 (KHTML, like Gecko; compatible; bingbot/2.0; +http://www.bing.com/bingbot.htm) Chrome/116.0.1938.76 Safari/537.36"
185.153.197.8 - - [26/Apr/2026:17:36:09 +0300] "POST /xmlrpc.php HTTP/1.1" 200 630 "-" "Mozilla/5.0 (Windows NT 10.0; Win64; x64) AppleWebKit/537.36 (KHTML, like Gecko) Chrome/114.0.0.0 Safari/537.36"
185.216.113.70 - - [26/Apr/2026:17:36:40 +0300] "POST /wp-cron.php?doing_wp_cron=1777214200.3360400199890136718750 HTTP/1.1" 200 448 "-" "WordPress/6.3.8; https://serhatburke.miroglu.net"
40.77.167.73 - - [26/Apr/2026:17:36:19 +0300] "GET /100-50-30-freispielen-as-part-of-frischen-casinos-verdopple-casino-bust-the-bank-deine-gewinne/undefined?ts=1777213289 HTTP/2" 404 14407 "-" "Mozilla/5.0 AppleWebKit/537.36 (KHTML, like Gecko; compatible; bingbot/2.0; +http://www.bing.com/bingbot.htm) Chrome/116.0.1938.76 Safari/537.36"
40.77.167.73 - - [26/Apr/2026:17:36:19 +0300] "GET /100-50-30-freispielen-as-part-of-frischen-casinos-verdopple-casino-bust-the-bank-deine-gewinne/undefined?ts=1777213289 HTTP/2" 404 14407 "-" "Mozilla/5.0 AppleWebKit/537.36 (KHTML, like Gecko; compatible; bingbot/2.0; +http://www.bing.com/bingbot.htm) Chrome/116.0.1938.76 Safari/537.36"
40.77.167.50 - - [26/Apr/2026:17:36:23 +0300] "GET /100-50-30-freispielen-as-part-of-frischen-casinos-verdopple-casino-bust-the-bank-deine-gewinne/undefined?ts=1777213290 HTTP/2" 404 14457 "-" "Mozilla/5.0 AppleWebKit/537.36 (KHTML, like Gecko; compatible; bingbot/2.0; +http://www.bing.com/bingbot.htm) Chrome/116.0.1938.76 Safari/537.36"
185.153.197.8 - - [26/Apr/2026:17:36:35 +0300] "POST /xmlrpc.php HTTP/1.1" 200 15672 "-" "Mozilla/5.0 (Windows NT 10.0; Win64; x64) AppleWebKit/537.36 (KHTML, like Gecko) Chrome/114.0.0.0 Safari/537.36"
185.153.197.8 - - [26/Apr/2026:17:36:52 +0300] "GET /unleashing-old-riches-a-deep-diving-for-the-publication-from-lifeless/ HTTP/1.1" 200 79813 "-" "Mozilla/5.0 (Windows NT 10.0; Win64; x64) AppleWebKit/537.36 (KHTML, like Gecko) Chrome/123.0.0.0 Safari/537.36"
185.216.113.70 - - [26/Apr/2026:17:38:00 +0300] "POST /wp-cron.php?doing_wp_cron=1777214280.5979759693145751953125 HTTP/1.1" 200 448 "-" "WordPress/6.3.8; https://serhatburke.miroglu.net"
40.77.167.50 - - [26/Apr/2026:17:37:47 +0300] "GET /jobb-szaz-dollar-ingyenes-app-fogadas-trinocasino-processzor-chip-befizetes-nelkuli-helyi-kaszino-osztonzok-2026-ra/ HTTP/2" 200 18766 "-" "Mozilla/5.0 AppleWebKit/537.36 (KHTML, like Gecko; compatible; bingbot/2.0; +http://www.bing.com/bingbot.htm) Chrome/116.0.1938.76 Safari/537.36"
52.167.144.172 - - [26/Apr/2026:17:37:52 +0300] "GET /ten-greatest-real-cash-online-casinos-for-united-states-professionals-inside-the-2026/ HTTP/2" 200 18946 "-" "Mozilla/5.0 AppleWebKit/537.36 (KHTML, like Gecko; compatible; bingbot/2.0; +http://www.bing.com/bingbot.htm) Chrome/116.0.1938.76 Safari/537.36"
40.77.167.73 - - [26/Apr/2026:17:37:56 +0300] "GET /una-plataforma-nunca-cobra-comisiones-para-depositos-cosa-que-es-una-utilidad-significativa/ HTTP/2" 200 17813 "-" "Mozilla/5.0 AppleWebKit/537.36 (KHTML, like Gecko; compatible; bingbot/2.0; +http://www.bing.com/bingbot.htm) Chrome/116.0.1938.76 Safari/537.36"
40.77.167.73 - - [26/Apr/2026:17:38:01 +0300] "GET /discover-the-power-of-bscscan-for-crypto-traders-10/ HTTP/2" 200 17760 "-" "Mozilla/5.0 AppleWebKit/537.36 (KHTML, like Gecko; compatible; bingbot/2.0; +http://www.bing.com/bingbot.htm) Chrome/116.0.1938.76 Safari/537.36"
40.77.167.50 - - [26/Apr/2026:17:38:06 +0300] "GET /guaranteeing-the-security-and-shelter-of-players-is-paramount-whether-or-not-it-relates-to-distinguishing-a-trustworthy-online-casino/ HTTP/2" 200 17699 "-" "Mozilla/5.0 AppleWebKit/537.36 (KHTML, like Gecko; compatible; bingbot/2.0; +http://www.bing.com/bingbot.htm) Chrome/116.0.1938.76 Safari/537.36"
185.216.113.70 - - [26/Apr/2026:17:38:42 +0300] "POST /wp-cron.php?doing_wp_cron=1777214322.8780560493469238281250 HTTP/1.1" 200 448 "-" "WordPress/6.3.8; https://serhatburke.miroglu.net"
40.77.167.73 - - [26/Apr/2026:17:38:31 +0300] "GET /not-i-undertake-bonus-tcs-you-to-definitely-limit-maximum-cash-out-off-added-bonus-gamble/ HTTP/2" 200 17277 "-" "Mozilla/5.0 AppleWebKit/537.36 (KHTML, like Gecko; compatible; bingbot/2.0; +http://www.bing.com/bingbot.htm) Chrome/116.0.1938.76 Safari/537.36"
185.216.113.70 - - [26/Apr/2026:17:40:53 +0300] "POST /wp-cron.php?doing_wp_cron=1777214453.1819078922271728515625 HTTP/1.1" 200 448 "-" "WordPress/6.3.8; https://serhatburke.miroglu.net"
166.108.234.238 - - [26/Apr/2026:17:40:39 +0300] "GET /hvernig-a-ad-bua-til-eda-breyta-tengil-i-microsoft-phrase-i24slot-farsima-4-tillogur/ HTTP/2" 200 18311 "-" "Mozilla/5.0 (Macintosh; Intel Mac OS X 10_15_7) AppleWebKit/537.36 (KHTML, like Gecko) Chrome/143.0.0.0 Safari/537.36"
166.108.234.238 - - [26/Apr/2026:17:40:54 +0300] "GET /wp-includes/css/dist/block-library/style.min.css?ver=6.3.8 HTTP/2" 200 12962 "https://serhatburke.miroglu.net/hvernig-a-ad-bua-til-eda-breyta-tengil-i-microsoft-phrase-i24slot-farsima-4-tillogur/" "Mozilla/5.0 (Macintosh; Intel Mac OS X 10_15_7) AppleWebKit/537.36 (KHTML, like Gecko) Chrome/143.0.0.0 Safari/537.36"
166.108.234.238 - - [26/Apr/2026:17:40:54 +0300] "GET /wp-content/plugins/contact-form-7/includes/css/styles.css?ver=5.8 HTTP/2" 200 878 "https://serhatburke.miroglu.net/hvernig-a-ad-bua-til-eda-breyta-tengil-i-microsoft-phrase-i24slot-farsima-4-tillogur/" "Mozilla/5.0 (Macintosh; Intel Mac OS X 10_15_7) AppleWebKit/537.36 (KHTML, like Gecko) Chrome/143.0.0.0 Safari/537.36"
166.108.234.238 - - [26/Apr/2026:17:40:54 +0300] "GET /wp-content/themes/toppic/css/fontello.css?ver=4.2 HTTP/2" 200 1188 "https://serhatburke.miroglu.net/hvernig-a-ad-bua-til-eda-breyta-tengil-i-microsoft-phrase-i24slot-farsima-4-tillogur/" "Mozilla/5.0 (Macintosh; Intel Mac OS X 10_15_7) AppleWebKit/537.36 (KHTML, like Gecko) Chrome/143.0.0.0 Safari/537.36"
166.108.234.238 - - [26/Apr/2026:17:40:54 +0300] "GET /wp-content/themes/toppic/css/reset.css?ver=4.2 HTTP/2" 200 566 "https://serhatburke.miroglu.net/hvernig-a-ad-bua-til-eda-breyta-tengil-i-microsoft-phrase-i24slot-farsima-4-tillogur/" "Mozilla/5.0 (Macintosh; Intel Mac OS X 10_15_7) AppleWebKit/537.36 (KHTML, like Gecko) Chrome/143.0.0.0 Safari/537.36"
166.108.234.238 - - [26/Apr/2026:17:40:54 +0300] "GET /wp-content/themes/toppic/css/default.css?ver=4.2 HTTP/2" 200 1198 "https://serhatburke.miroglu.net/hvernig-a-ad-bua-til-eda-breyta-tengil-i-microsoft-phrase-i24slot-farsima-4-tillogur/" "Mozilla/5.0 (Macintosh; Intel Mac OS X 10_15_7) AppleWebKit/537.36 (KHTML, like Gecko) Chrome/143.0.0.0 Safari/537.36"
166.108.234.238 - - [26/Apr/2026:17:40:54 +0300] "GET /wp-content/themes/toppic/css/lightbox.css?ver=4.2 HTTP/2" 200 2342 "https://serhatburke.miroglu.net/hvernig-a-ad-bua-til-eda-breyta-tengil-i-microsoft-phrase-i24slot-farsima-4-tillogur/" "Mozilla/5.0 (Macintosh; Intel Mac OS X 10_15_7) AppleWebKit/537.36 (KHTML, like Gecko) Chrome/143.0.0.0 Safari/537.36"
166.108.234.238 - - [26/Apr/2026:17:40:54 +0300] "GET /wp-content/themes/toppic/css/responsive.css?ver=4.2 HTTP/2" 200 2182 "https://serhatburke.miroglu.net/hvernig-a-ad-bua-til-eda-breyta-tengil-i-microsoft-phrase-i24slot-farsima-4-tillogur/" "Mozilla/5.0 (Macintosh; Intel Mac OS X 10_15_7) AppleWebKit/537.36 (KHTML, like Gecko) Chrome/143.0.0.0 Safari/537.36"
166.108.234.238 - - [26/Apr/2026:17:40:54 +0300] "GET /wp-content/themes/toppic/css/rs-default.css?ver=4.2 HTTP/2" 200 2011 "https://serhatburke.miroglu.net/hvernig-a-ad-bua-til-eda-breyta-tengil-i-microsoft-phrase-i24slot-farsima-4-tillogur/" "Mozilla/5.0 (Macintosh; Intel Mac OS X 10_15_7) AppleWebKit/537.36 (KHTML, like Gecko) Chrome/143.0.0.0 Safari/537.36"
166.108.234.238 - - [26/Apr/2026:17:40:54 +0300] "GET /wp-content/themes/toppic/css/royalslider.css?ver=4.2 HTTP/2" 200 1273 "https://serhatburke.miroglu.net/hvernig-a-ad-bua-til-eda-breyta-tengil-i-microsoft-phrase-i24slot-farsima-4-tillogur/" "Mozilla/5.0 (Macintosh; Intel Mac OS X 10_15_7) AppleWebKit/537.36 (KHTML, like Gecko) Chrome/143.0.0.0 Safari/537.36"
166.108.234.238 - - [26/Apr/2026:17:40:54 +0300] "GET /wp-content/themes/toppic/css/woocommerce.css?ver=4.2 HTTP/2" 200 2234 "https://serhatburke.miroglu.net/hvernig-a-ad-bua-til-eda-breyta-tengil-i-microsoft-phrase-i24slot-farsima-4-tillogur/" "Mozilla/5.0 (Macintosh; Intel Mac OS X 10_15_7) AppleWebKit/537.36 (KHTML, like Gecko) Chrome/143.0.0.0 Safari/537.36"
166.108.234.238 - - [26/Apr/2026:17:40:54 +0300] "GET /wp-content/themes/toppic/style.css?ver=4.2 HTTP/2" 200 22783 "https://serhatburke.miroglu.net/hvernig-a-ad-bua-til-eda-breyta-tengil-i-microsoft-phrase-i24slot-farsima-4-tillogur/" "Mozilla/5.0 (Macintosh; Intel Mac OS X 10_15_7) AppleWebKit/537.36 (KHTML, like Gecko) Chrome/143.0.0.0 Safari/537.36"
166.108.234.238 - - [26/Apr/2026:17:40:54 +0300] "GET /wp-content/plugins/contact-form-7/includes/swv/js/index.js?ver=5.8 HTTP/2" 200 3061 "https://serhatburke.miroglu.net/hvernig-a-ad-bua-til-eda-breyta-tengil-i-microsoft-phrase-i24slot-farsima-4-tillogur/" "Mozilla/5.0 (Macintosh; Intel Mac OS X 10_15_7) AppleWebKit/537.36 (KHTML, like Gecko) Chrome/143.0.0.0 Safari/537.36"
166.108.234.238 - - [26/Apr/2026:17:40:55 +0300] "GET /wp-content/plugins/contact-form-7/includes/js/index.js?ver=5.8 HTTP/2" 200 3918 "https://serhatburke.miroglu.net/hvernig-a-ad-bua-til-eda-breyta-tengil-i-microsoft-phrase-i24slot-farsima-4-tillogur/" "Mozilla/5.0 (Macintosh; Intel Mac OS X 10_15_7) AppleWebKit/537.36 (KHTML, like Gecko) Chrome/143.0.0.0 Safari/537.36"
166.108.234.238 - - [26/Apr/2026:17:40:55 +0300] "GET /wp-content/themes/toppic/js/jquery.transit.min.js?ver=4.2 HTTP/2" 200 2624 "https://serhatburke.miroglu.net/hvernig-a-ad-bua-til-eda-breyta-tengil-i-microsoft-phrase-i24slot-farsima-4-tillogur/" "Mozilla/5.0 (Macintosh; Intel Mac OS X 10_15_7) AppleWebKit/537.36 (KHTML, like Gecko) Chrome/143.0.0.0 Safari/537.36"
166.108.234.238 - - [26/Apr/2026:17:40:55 +0300] "GET /wp-content/themes/toppic/js/jquery.parallax.custom.js?ver=4.2 HTTP/2" 200 720 "https://serhatburke.miroglu.net/hvernig-a-ad-bua-til-eda-breyta-tengil-i-microsoft-phrase-i24slot-farsima-4-tillogur/" "Mozilla/5.0 (Macintosh; Intel Mac OS X 10_15_7) AppleWebKit/537.36 (KHTML, like Gecko) Chrome/143.0.0.0 Safari/537.36"
166.108.234.238 - - [26/Apr/2026:17:40:55 +0300] "GET /wp-includes/js/jquery/jquery-migrate.min.js?ver=3.4.1 HTTP/2" 200 4678 "https://serhatburke.miroglu.net/hvernig-a-ad-bua-til-eda-breyta-tengil-i-microsoft-phrase-i24slot-farsima-4-tillogur/" "Mozilla/5.0 (Macintosh; Intel Mac OS X 10_15_7) AppleWebKit/537.36 (KHTML, like Gecko) Chrome/143.0.0.0 Safari/537.36"
166.108.234.238 - - [26/Apr/2026:17:40:55 +0300] "GET /wp-content/themes/toppic/js/jquery.tipsy.js?ver=4.2 HTTP/2" 200 829 "https://serhatburke.miroglu.net/hvernig-a-ad-bua-til-eda-breyta-tengil-i-microsoft-phrase-i24slot-farsima-4-tillogur/" "Mozilla/5.0 (Macintosh; Intel Mac OS X 10_15_7) AppleWebKit/537.36 (KHTML, like Gecko) Chrome/143.0.0.0 Safari/537.36"
166.108.234.238 - - [26/Apr/2026:17:40:55 +0300] "GET /wp-content/themes/toppic/js/jquery.custom.js?ver=4.2 HTTP/2" 200 8215 "https://serhatburke.miroglu.net/hvernig-a-ad-bua-til-eda-breyta-tengil-i-microsoft-phrase-i24slot-farsima-4-tillogur/" "Mozilla/5.0 (Macintosh; Intel Mac OS X 10_15_7) AppleWebKit/537.36 (KHTML, like Gecko) Chrome/143.0.0.0 Safari/537.36"
166.108.234.238 - - [26/Apr/2026:17:40:55 +0300] "GET /wp-content/themes/toppic/js/scrollMonitor.js?ver=4.2 HTTP/2" 200 2538 "https://serhatburke.miroglu.net/hvernig-a-ad-bua-til-eda-breyta-tengil-i-microsoft-phrase-i24slot-farsima-4-tillogur/" "Mozilla/5.0 (Macintosh; Intel Mac OS X 10_15_7) AppleWebKit/537.36 (KHTML, like Gecko) Chrome/143.0.0.0 Safari/537.36"
166.108.234.238 - - [26/Apr/2026:17:40:55 +0300] "GET /wp-content/themes/toppic/js/jquery.touchswipe.js?ver=4.2 HTTP/2" 200 4734 "https://serhatburke.miroglu.net/hvernig-a-ad-bua-til-eda-breyta-tengil-i-microsoft-phrase-i24slot-farsima-4-tillogur/" "Mozilla/5.0 (Macintosh; Intel Mac OS X 10_15_7) AppleWebKit/537.36 (KHTML, like Gecko) Chrome/143.0.0.0 Safari/537.36"
166.108.234.238 - - [26/Apr/2026:17:40:55 +0300] "GET /wp-content/themes/toppic/js/jquery.modernizr.custom.js?ver=4.2 HTTP/2" 200 2892 "https://serhatburke.miroglu.net/hvernig-a-ad-bua-til-eda-breyta-tengil-i-microsoft-phrase-i24slot-farsima-4-tillogur/" "Mozilla/5.0 (Macintosh; Intel Mac OS X 10_15_7) AppleWebKit/537.36 (KHTML, like Gecko) Chrome/143.0.0.0 Safari/537.36"
166.108.234.238 - - [26/Apr/2026:17:40:55 +0300] "GET /wp-content/themes/toppic/js/jquery.mtree.js?ver=4.2 HTTP/2" 200 883 "https://serhatburke.miroglu.net/hvernig-a-ad-bua-til-eda-breyta-tengil-i-microsoft-phrase-i24slot-farsima-4-tillogur/" "Mozilla/5.0 (Macintosh; Intel Mac OS X 10_15_7) AppleWebKit/537.36 (KHTML, like Gecko) Chrome/143.0.0.0 Safari/537.36"
166.108.234.238 - - [26/Apr/2026:17:40:55 +0300] "GET /wp-content/themes/toppic/js/lazysizes.min.js?ver=4.2 HTTP/2" 200 3175 "https://serhatburke.miroglu.net/hvernig-a-ad-bua-til-eda-breyta-tengil-i-microsoft-phrase-i24slot-farsima-4-tillogur/" "Mozilla/5.0 (Macintosh; Intel Mac OS X 10_15_7) AppleWebKit/537.36 (KHTML, like Gecko) Chrome/143.0.0.0 Safari/537.36"
166.108.234.238 - - [26/Apr/2026:17:40:55 +0300] "GET /wp-content/themes/toppic/js/jquery.kenb.js?ver=4.2 HTTP/2" 200 1252 "https://serhatburke.miroglu.net/hvernig-a-ad-bua-til-eda-breyta-tengil-i-microsoft-phrase-i24slot-farsima-4-tillogur/" "Mozilla/5.0 (Macintosh; Intel Mac OS X 10_15_7) AppleWebKit/537.36 (KHTML, like Gecko) Chrome/143.0.0.0 Safari/537.36"
166.108.234.238 - - [26/Apr/2026:17:40:55 +0300] "GET /wp-content/themes/toppic/js/jquery.magnific-popup.min.js?ver=4.2 HTTP/2" 200 7278 "https://serhatburke.miroglu.net/hvernig-a-ad-bua-til-eda-breyta-tengil-i-microsoft-phrase-i24slot-farsima-4-tillogur/" "Mozilla/5.0 (Macintosh; Intel Mac OS X 10_15_7) AppleWebKit/537.36 (KHTML, like Gecko) Chrome/143.0.0.0 Safari/537.36"
166.108.234.238 - - [26/Apr/2026:17:40:55 +0300] "GET /wp-includes/js/jquery/jquery.min.js?ver=3.7.0 HTTP/2" 200 29712 "https://serhatburke.miroglu.net/hvernig-a-ad-bua-til-eda-breyta-tengil-i-microsoft-phrase-i24slot-farsima-4-tillogur/" "Mozilla/5.0 (Macintosh; Intel Mac OS X 10_15_7) AppleWebKit/537.36 (KHTML, like Gecko) Chrome/143.0.0.0 Safari/537.36"
185.153.197.8 - - [26/Apr/2026:17:40:49 +0300] "POST /xmlrpc.php HTTP/1.1" 200 630 "-" "Mozilla/5.0 (Windows NT 10.0; Win64; x64) AppleWebKit/537.36 (KHTML, like Gecko) Chrome/114.0.0.0 Safari/537.36"
104.219.236.16 - - [26/Apr/2026:17:40:58 +0300] "GET /beste-casino-site-belgie-hoge-inzet/ HTTP/1.1" 200 19290 "https://serhatburke.miroglu.net/" "Mozilla/5.0 (Windows NT 10.0; WOW64) AppleWebKit/537.36 (KHTML, like Gecko) Chrome/114.0.0.0 Safari/537.36 Vivaldi/5.3.2679.68"
185.153.197.8 - - [26/Apr/2026:17:41:09 +0300] "POST /xmlrpc.php HTTP/1.1" 200 15862 "-" "Mozilla/5.0 (Windows NT 10.0; Win64; x64) AppleWebKit/537.36 (KHTML, like Gecko) Chrome/114.0.0.0 Safari/537.36"
40.77.167.73 - - [26/Apr/2026:17:41:12 +0300] "GET /for-each-choice-will-appear-straight-away-on-the-area-off-your-screen/ HTTP/2" 200 18369 "-" "Mozilla/5.0 AppleWebKit/537.36 (KHTML, like Gecko; compatible; bingbot/2.0; +http://www.bing.com/bingbot.htm) Chrome/116.0.1938.76 Safari/537.36"
185.153.197.8 - - [26/Apr/2026:17:41:23 +0300] "GET /book-away-from-ra-100percent-free-have-fun-with-the-demonstration-check-around-this-site-now/ HTTP/1.1" 200 80209 "-" "Mozilla/5.0 (Windows NT 10.0; Win64; x64) AppleWebKit/537.36 (KHTML, like Gecko) Chrome/109.0.0.0 Safari/537.36"
185.216.113.70 - - [26/Apr/2026:17:41:46 +0300] "POST /wp-cron.php?doing_wp_cron=1777214506.2405619621276855468750 HTTP/1.1" 200 448 "-" "WordPress/6.3.8; https://serhatburke.miroglu.net"
40.77.167.73 - - [26/Apr/2026:17:41:33 +0300] "GET /the-top-5-yahtzee-errors-casino-online-888-to-stop/ HTTP/2" 200 19219 "-" "Mozilla/5.0 AppleWebKit/537.36 (KHTML, like Gecko; compatible; bingbot/2.0; +http://www.bing.com/bingbot.htm) Chrome/116.0.1938.76 Safari/537.36"
40.77.167.50 - - [26/Apr/2026:17:42:07 +0300] "GET /unibet-bonus-fara-plata-2026-oferta-dice-and-roll-150-rotiri-gratuite-si-bonus-pana-in-1-000-ron-300-de-rotiri-gratuite/ HTTP/2" 200 20828 "-" "Mozilla/5.0 AppleWebKit/537.36 (KHTML, like Gecko; compatible; bingbot/2.0; +http://www.bing.com/bingbot.htm) Chrome/116.0.1938.76 Safari/537.36"
52.167.144.172 - - [26/Apr/2026:17:42:11 +0300] "GET /fruit-cocktail-2-apuestas-15-golden-eggs-dinero-real-acerca-de-slots-con-manga-larga-bonos-reales/ HTTP/2" 200 19009 "-" "Mozilla/5.0 AppleWebKit/537.36 (KHTML, like Gecko; compatible; bingbot/2.0; +http://www.bing.com/bingbot.htm) Chrome/116.0.1938.76 Safari/537.36"
66.249.73.15 - - [26/Apr/2026:17:42:30 +0300] "GET /admiral-shark-casino-uk-review-dive-into-exciting-online-gaming/ HTTP/1.1" 200 0 "https://nwixuvo.orbitflux-games.digital/" "Mozilla/5.0 (Linux; Android 6.0.1; Nexus 5X Build/MMB29P) AppleWebKit/537.36 (KHTML, like Gecko) Chrome/146.0.7680.177 Mobile Safari/537.36 (compatible; Googlebot/2.1; +http://www.google.com/bot.html)"
185.216.113.70 - - [26/Apr/2026:17:42:42 +0300] "POST /wp-cron.php?doing_wp_cron=1777214562.9254219532012939453125 HTTP/1.1" 200 448 "-" "WordPress/6.3.8; https://serhatburke.miroglu.net"
107.151.163.104 - - [26/Apr/2026:17:43:19 +0300] "POST /xmlrpc.php HTTP/1.1" 200 630 "-" "Mozilla/5.0 (Windows NT 10.0; Win64; x64) AppleWebKit/537.36 (KHTML, like Gecko) Chrome/114.0.0.0 Safari/537.36"
185.216.113.70 - - [26/Apr/2026:17:43:51 +0300] "POST /wp-cron.php?doing_wp_cron=1777214631.2787110805511474609375 HTTP/1.1" 200 448 "-" "WordPress/6.3.8; https://serhatburke.miroglu.net"
107.151.163.104 - - [26/Apr/2026:17:43:38 +0300] "POST /xmlrpc.php HTTP/1.1" 200 15802 "-" "Mozilla/5.0 (Windows NT 10.0; Win64; x64) AppleWebKit/537.36 (KHTML, like Gecko) Chrome/114.0.0.0 Safari/537.36"
107.151.163.104 - - [26/Apr/2026:17:43:53 +0300] "GET /play-immortal-love-rocky-online-casino-position-real-money-online-game/ HTTP/1.1" 200 79904 "-" "Mozilla/5.0 (Windows NT 10.0; Win64; x64) AppleWebKit/537.36 (KHTML, like Gecko) Chrome/123.0.0.0 Safari/537.36 OPR/109.0.0.0"
185.216.113.70 - - [26/Apr/2026:17:45:13 +0300] "POST /wp-cron.php?doing_wp_cron=1777214713.4282450675964355468750 HTTP/1.1" 200 448 "-" "WordPress/6.3.8; https://serhatburke.miroglu.net"
40.77.167.36 - - [26/Apr/2026:17:44:55 +0300] "GET /post-sitemap16.xml HTTP/2" 200 93705 "-" "Mozilla/5.0 AppleWebKit/537.36 (KHTML, like Gecko; compatible; bingbot/2.0; +http://www.bing.com/bingbot.htm) Chrome/116.0.1938.76 Safari/537.36"
178.159.37.156 - - [26/Apr/2026:17:45:06 +0300] "POST /xmlrpc.php HTTP/1.1" 200 192595 "-" "Mozilla/5.0 (Windows NT 6.1) AppleWebKit/537.36 (KHTML, like Gecko) Chrome/80.0.3987.132 Safari/537.36"
178.159.37.156 - - [26/Apr/2026:17:45:31 +0300] "POST /xmlrpc.php HTTP/1.1" 200 664 "-" "Mozilla/5.0 (Windows NT 6.1) AppleWebKit/537.36 (KHTML, like Gecko) Chrome/80.0.3987.132 Safari/537.36"
185.216.113.70 - - [26/Apr/2026:17:46:08 +0300] "POST /wp-cron.php?doing_wp_cron=1777214768.6722359657287597656250 HTTP/1.1" 200 448 "-" "WordPress/6.3.8; https://serhatburke.miroglu.net"
178.159.37.156 - - [26/Apr/2026:17:45:49 +0300] "POST /xmlrpc.php HTTP/1.1" 200 664 "-" "Mozilla/5.0 (Windows NT 6.1) AppleWebKit/537.36 (KHTML, like Gecko) Chrome/80.0.3987.132 Safari/537.36"
178.159.37.156 - - [26/Apr/2026:17:46:18 +0300] "POST /xmlrpc.php HTTP/1.1" 200 884 "-" "Mozilla/5.0 (Windows NT 6.1) AppleWebKit/537.36 (KHTML, like Gecko) Chrome/80.0.3987.132 Safari/537.36"
185.153.197.8 - - [26/Apr/2026:17:46:20 +0300] "POST /xmlrpc.php HTTP/1.1" 200 630 "-" "Mozilla/5.0 (Windows NT 10.0; Win64; x64) AppleWebKit/537.36 (KHTML, like Gecko) Chrome/114.0.0.0 Safari/537.36"
185.216.113.70 - - [26/Apr/2026:17:46:54 +0300] "POST /wp-cron.php?doing_wp_cron=1777214814.4057219028472900390625 HTTP/1.1" 200 448 "-" "WordPress/6.3.8; https://serhatburke.miroglu.net"
185.153.197.8 - - [26/Apr/2026:17:46:41 +0300] "POST /xmlrpc.php HTTP/1.1" 200 15579 "-" "Mozilla/5.0 (Windows NT 10.0; Win64; x64) AppleWebKit/537.36 (KHTML, like Gecko) Chrome/114.0.0.0 Safari/537.36"
185.153.197.8 - - [26/Apr/2026:17:46:55 +0300] "GET /guide-of-ra-luxury-totally-free-casino-slot-games-on-the-web/ HTTP/1.1" 200 78993 "-" "Mozilla/5.0 (Windows NT 10.0; Win64; x64) AppleWebKit/537.36 (KHTML, like Gecko) Chrome/124.0.0.0 Safari/537.36 Edg/124.0.0.0"
185.216.113.70 - - [26/Apr/2026:17:49:03 +0300] "POST /wp-cron.php?doing_wp_cron=1777214943.6092970371246337890625 HTTP/1.1" 200 448 "-" "WordPress/6.3.8; https://serhatburke.miroglu.net"
40.77.167.77 - - [26/Apr/2026:17:48:50 +0300] "GET /post-sitemap8.xml HTTP/2" 200 103767 "-" "Mozilla/5.0 AppleWebKit/537.36 (KHTML, like Gecko; compatible; bingbot/2.0; +http://www.bing.com/bingbot.htm) Chrome/116.0.1938.76 Safari/537.36"
40.77.167.77 - - [26/Apr/2026:17:49:20 +0300] "GET /post-sitemap8.xml HTTP/2" 200 103319 "-" "Mozilla/5.0 AppleWebKit/537.36 (KHTML, like Gecko; compatible; bingbot/2.0; +http://www.bing.com/bingbot.htm) Chrome/116.0.1938.76 Safari/537.36"
185.216.113.70 - - [26/Apr/2026:17:49:50 +0300] "POST /wp-cron.php?doing_wp_cron=1777214990.2448430061340332031250 HTTP/1.1" 200 448 "-" "WordPress/6.3.8; https://serhatburke.miroglu.net"
40.77.167.155 - - [26/Apr/2026:17:49:38 +0300] "GET /dexscreener-review-2026-advanced-dex-scanner-insights/ HTTP/2" 200 19923 "-" "Mozilla/5.0 AppleWebKit/537.36 (KHTML, like Gecko; compatible; bingbot/2.0; +http://www.bing.com/bingbot.htm) Chrome/116.0.1938.76 Safari/537.36"
185.216.113.70 - - [26/Apr/2026:17:52:14 +0300] "POST /wp-cron.php?doing_wp_cron=1777215134.8371620178222656250000 HTTP/1.1" 200 448 "-" "WordPress/6.3.8; https://serhatburke.miroglu.net"
185.153.197.8 - - [26/Apr/2026:17:51:57 +0300] "POST /xmlrpc.php HTTP/1.1" 200 630 "-" "Mozilla/5.0 (Windows NT 10.0; Win64; x64) AppleWebKit/537.36 (KHTML, like Gecko) Chrome/114.0.0.0 Safari/537.36"
185.153.197.8 - - [26/Apr/2026:17:52:21 +0300] "POST /xmlrpc.php HTTP/1.1" 200 15636 "-" "Mozilla/5.0 (Windows NT 10.0; Win64; x64) AppleWebKit/537.36 (KHTML, like Gecko) Chrome/114.0.0.0 Safari/537.36"
185.153.197.8 - - [26/Apr/2026:17:52:40 +0300] "GET /best-gambling-games-for-one-and-that-game-when-you-realize-book-away-from-ra-mobile-local-casino-basic/ HTTP/1.1" 200 80204 "-" "Mozilla/5.0 (Windows NT 10.0; Win64; x64) AppleWebKit/537.36 (KHTML, like Gecko) Chrome/122.0.0.0 Safari/537.36"
178.175.140.147 - - [26/Apr/2026:17:52:49 +0300] "POST /xmlrpc.php HTTP/1.1" 200 630 "-" "Mozilla/5.0 (Windows NT 10.0; Win64; x64) AppleWebKit/537.36 (KHTML, like Gecko) Chrome/114.0.0.0 Safari/537.36"
185.216.113.70 - - [26/Apr/2026:17:53:20 +0300] "POST /wp-cron.php?doing_wp_cron=1777215200.7989399433135986328125 HTTP/1.1" 200 448 "-" "WordPress/6.3.8; https://serhatburke.miroglu.net"
178.175.140.147 - - [26/Apr/2026:17:53:08 +0300] "POST /xmlrpc.php HTTP/1.1" 200 10195 "-" "Mozilla/5.0 (Windows NT 10.0; Win64; x64) AppleWebKit/537.36 (KHTML, like Gecko) Chrome/114.0.0.0 Safari/537.36"
178.175.140.147 - - [26/Apr/2026:17:53:21 +0300] "GET /just-one-haupttreffer-piraten-%EF%BF%BD-generell-das-sinnvolle-spielbank-bei-deutschland-2025/ HTTP/1.1" 200 75370 "-" "Mozilla/5.0 (Windows NT 10.0; Win64; x64) AppleWebKit/537.36 (KHTML, like Gecko) Chrome/109.0.0.0 Safari/537.36"
185.216.113.70 - - [26/Apr/2026:17:54:26 +0300] "POST /wp-cron.php?doing_wp_cron=1777215266.4129819869995117187500 HTTP/1.1" 200 448 "-" "WordPress/6.3.8; https://serhatburke.miroglu.net"
212.34.148.156 - - [26/Apr/2026:17:54:13 +0300] "GET /beste-casino-site-belgie-hoge-inzet/ HTTP/1.1" 200 19290 "https://serhatburke.miroglu.net/" "Mozilla/5.0 (X11; Linux x86_64; rv:109.0) Gecko/20100101 Firefox/119.0"
212.34.148.156 - - [26/Apr/2026:17:54:27 +0300] "GET /wp-includes/css/dist/block-library/style.min.css?ver=6.3.8 HTTP/1.1" 200 13578 "https://serhatburke.miroglu.net/beste-casino-site-belgie-hoge-inzet/" "Mozilla/5.0 (Windows NT 10.0; Win64; x64) AppleWebKit/537.36 (KHTML, like Gecko) Chrome/145.0.0.0 Safari/537.36"
212.34.148.156 - - [26/Apr/2026:17:54:28 +0300] "GET /wp-content/plugins/contact-form-7/includes/css/styles.css?ver=5.8 HTTP/1.1" 200 1490 "https://serhatburke.miroglu.net/beste-casino-site-belgie-hoge-inzet/" "Mozilla/5.0 (Windows NT 10.0; Win64; x64) AppleWebKit/537.36 (KHTML, like Gecko) Chrome/145.0.0.0 Safari/537.36"
212.34.148.156 - - [26/Apr/2026:17:54:28 +0300] "GET /wp-content/themes/toppic/css/fontello.css?ver=4.2 HTTP/1.1" 200 1802 "https://serhatburke.miroglu.net/beste-casino-site-belgie-hoge-inzet/" "Mozilla/5.0 (Windows NT 10.0; Win64; x64) AppleWebKit/537.36 (KHTML, like Gecko) Chrome/145.0.0.0 Safari/537.36"
212.34.148.156 - - [26/Apr/2026:17:54:29 +0300] "GET /wp-content/themes/toppic/css/reset.css?ver=4.2 HTTP/1.1" 200 1178 "https://serhatburke.miroglu.net/beste-casino-site-belgie-hoge-inzet/" "Mozilla/5.0 (Windows NT 10.0; Win64; x64) AppleWebKit/537.36 (KHTML, like Gecko) Chrome/145.0.0.0 Safari/537.36"
212.34.148.156 - - [26/Apr/2026:17:54:29 +0300] "GET /wp-content/themes/toppic/css/default.css?ver=4.2 HTTP/1.1" 200 1811 "https://serhatburke.miroglu.net/beste-casino-site-belgie-hoge-inzet/" "Mozilla/5.0 (Windows NT 10.0; Win64; x64) AppleWebKit/537.36 (KHTML, like Gecko) Chrome/145.0.0.0 Safari/537.36"
212.34.148.156 - - [26/Apr/2026:17:54:29 +0300] "GET /wp-content/themes/toppic/style.css?ver=4.2 HTTP/1.1" 200 23398 "https://serhatburke.miroglu.net/beste-casino-site-belgie-hoge-inzet/" "Mozilla/5.0 (Windows NT 10.0; Win64; x64) AppleWebKit/537.36 (KHTML, like Gecko) Chrome/145.0.0.0 Safari/537.36"
212.34.148.156 - - [26/Apr/2026:17:54:29 +0300] "GET /wp-content/themes/toppic/css/royalslider.css?ver=4.2 HTTP/1.1" 200 1887 "https://serhatburke.miroglu.net/beste-casino-site-belgie-hoge-inzet/" "Mozilla/5.0 (Windows NT 10.0; Win64; x64) AppleWebKit/537.36 (KHTML, like Gecko) Chrome/145.0.0.0 Safari/537.36"
212.34.148.156 - - [26/Apr/2026:17:54:30 +0300] "GET /wp-content/themes/toppic/css/rs-default.css?ver=4.2 HTTP/1.1" 200 2625 "https://serhatburke.miroglu.net/beste-casino-site-belgie-hoge-inzet/" "Mozilla/5.0 (Windows NT 10.0; Win64; x64) AppleWebKit/537.36 (KHTML, like Gecko) Chrome/145.0.0.0 Safari/537.36"
212.34.148.156 - - [26/Apr/2026:17:54:30 +0300] "GET /wp-content/themes/toppic/css/lightbox.css?ver=4.2 HTTP/1.1" 200 2956 "https://serhatburke.miroglu.net/beste-casino-site-belgie-hoge-inzet/" "Mozilla/5.0 (Windows NT 10.0; Win64; x64) AppleWebKit/537.36 (KHTML, like Gecko) Chrome/145.0.0.0 Safari/537.36"
212.34.148.156 - - [26/Apr/2026:17:54:30 +0300] "GET /wp-content/themes/toppic/css/woocommerce.css?ver=4.2 HTTP/1.1" 200 2848 "https://serhatburke.miroglu.net/beste-casino-site-belgie-hoge-inzet/" "Mozilla/5.0 (Windows NT 10.0; Win64; x64) AppleWebKit/537.36 (KHTML, like Gecko) Chrome/145.0.0.0 Safari/537.36"
212.34.148.156 - - [26/Apr/2026:17:54:31 +0300] "GET /wp-content/themes/toppic/css/responsive.css?ver=4.2 HTTP/1.1" 200 2796 "https://serhatburke.miroglu.net/beste-casino-site-belgie-hoge-inzet/" "Mozilla/5.0 (Windows NT 10.0; Win64; x64) AppleWebKit/537.36 (KHTML, like Gecko) Chrome/145.0.0.0 Safari/537.36"
212.34.148.156 - - [26/Apr/2026:17:54:31 +0300] "POST /wp-comments-post.php HTTP/1.1" 302 1083 "https://serhatburke.miroglu.net/beste-casino-site-belgie-hoge-inzet/" "Mozilla/5.0 (X11; Linux x86_64; rv:109.0) Gecko/20100101 Firefox/119.0"
212.34.148.156 - - [26/Apr/2026:17:54:45 +0300] "GET /beste-casino-site-belgie-hoge-inzet/?unapproved=679&moderation-hash=37091b226397eb6c6e1fdc9e3a003327 HTTP/1.1" 200 19693 "https://serhatburke.miroglu.net/wp-comments-post.php" "Mozilla/5.0 (X11; Linux x86_64; rv:109.0) Gecko/20100101 Firefox/119.0"
101.46.14.241 - - [26/Apr/2026:17:54:45 +0300] "GET /coinmarketcap-crypto-tracker-software-on-the-internet-play/ HTTP/2" 200 17928 "-" "Mozilla/5.0 (Windows NT 10.0; Win64; x64) AppleWebKit/537.36 (KHTML, like Gecko) Chrome/142.0.0.0 Safari/537.36"
101.46.14.241 - - [26/Apr/2026:17:55:01 +0300] "GET /wp-content/plugins/contact-form-7/includes/css/styles.css?ver=5.8 HTTP/2" 200 878 "https://serhatburke.miroglu.net/coinmarketcap-crypto-tracker-software-on-the-internet-play/" "Mozilla/5.0 (Windows NT 10.0; Win64; x64) AppleWebKit/537.36 (KHTML, like Gecko) Chrome/142.0.0.0 Safari/537.36"
101.46.14.241 - - [26/Apr/2026:17:55:01 +0300] "GET /wp-content/themes/toppic/css/reset.css?ver=4.2 HTTP/2" 200 566 "https://serhatburke.miroglu.net/coinmarketcap-crypto-tracker-software-on-the-internet-play/" "Mozilla/5.0 (Windows NT 10.0; Win64; x64) AppleWebKit/537.36 (KHTML, like Gecko) Chrome/142.0.0.0 Safari/537.36"
101.46.14.241 - - [26/Apr/2026:17:55:01 +0300] "GET /wp-content/themes/toppic/css/default.css?ver=4.2 HTTP/2" 200 1198 "https://serhatburke.miroglu.net/coinmarketcap-crypto-tracker-software-on-the-internet-play/" "Mozilla/5.0 (Windows NT 10.0; Win64; x64) AppleWebKit/537.36 (KHTML, like Gecko) Chrome/142.0.0.0 Safari/537.36"
101.46.14.241 - - [26/Apr/2026:17:55:01 +0300] "GET /wp-content/themes/toppic/css/royalslider.css?ver=4.2 HTTP/2" 200 1273 "https://serhatburke.miroglu.net/coinmarketcap-crypto-tracker-software-on-the-internet-play/" "Mozilla/5.0 (Windows NT 10.0; Win64; x64) AppleWebKit/537.36 (KHTML, like Gecko) Chrome/142.0.0.0 Safari/537.36"
101.46.14.241 - - [26/Apr/2026:17:55:01 +0300] "GET /wp-content/themes/toppic/css/woocommerce.css?ver=4.2 HTTP/2" 200 2234 "https://serhatburke.miroglu.net/coinmarketcap-crypto-tracker-software-on-the-internet-play/" "Mozilla/5.0 (Windows NT 10.0; Win64; x64) AppleWebKit/537.36 (KHTML, like Gecko) Chrome/142.0.0.0 Safari/537.36"
101.46.14.241 - - [26/Apr/2026:17:55:01 +0300] "GET /wp-includes/css/dist/block-library/style.min.css?ver=6.3.8 HTTP/2" 200 12962 "https://serhatburke.miroglu.net/coinmarketcap-crypto-tracker-software-on-the-internet-play/" "Mozilla/5.0 (Windows NT 10.0; Win64; x64) AppleWebKit/537.36 (KHTML, like Gecko) Chrome/142.0.0.0 Safari/537.36"
101.46.14.241 - - [26/Apr/2026:17:55:01 +0300] "GET /wp-content/themes/toppic/css/fontello.css?ver=4.2 HTTP/2" 200 1188 "https://serhatburke.miroglu.net/coinmarketcap-crypto-tracker-software-on-the-internet-play/" "Mozilla/5.0 (Windows NT 10.0; Win64; x64) AppleWebKit/537.36 (KHTML, like Gecko) Chrome/142.0.0.0 Safari/537.36"
