141.98.143.7 - - [26/Apr/2026:16:16:46 +0300] "GET /xmlrpc.php HTTP/2" 405 46 "-" "Mozilla/5.0 (Macintosh; Intel Mac OS X 10_15_7) AppleWebKit/605.1.15 (KHTML, like Gecko) Version/18.0 Safari/605.1.15"
107.151.163.104 - - [26/Apr/2026:16:17:01 +0300] "GET /indian-thinking-position-with-play-big-kahuna-online-broadening-multiplier/ HTTP/1.1" 200 79652 "-" "Mozilla/5.0 (Windows NT 10.0; Win64; x64) AppleWebKit/537.36 (KHTML, like Gecko) Chrome/123.0.0.0 Safari/537.36 OPR/109.0.0.0"
40.77.167.123 - - [26/Apr/2026:16:17:04 +0300] "GET /online-baccarat-spelregels-testimonium-inlichtingen-plus-u-lieve-strategie/ HTTP/2" 200 18681 "-" "Mozilla/5.0 AppleWebKit/537.36 (KHTML, like Gecko; compatible; bingbot/2.0; +http://www.bing.com/bingbot.htm) Chrome/116.0.1938.76 Safari/537.36"
52.167.144.236 - - [26/Apr/2026:16:17:09 +0300] "GET /3-best-bitcoin-casinos-2026-reviews-and-reviews-235percent-put-bonus/ HTTP/2" 200 20143 "-" "Mozilla/5.0 AppleWebKit/537.36 (KHTML, like Gecko; compatible; bingbot/2.0; +http://www.bing.com/bingbot.htm) Chrome/116.0.1938.76 Safari/537.36"
52.167.144.156 - - [26/Apr/2026:16:17:14 +0300] "GET /discover-the-comprehensive-benefits-of-safepal-wallet-2/ HTTP/2" 200 18191 "-" "Mozilla/5.0 AppleWebKit/537.36 (KHTML, like Gecko; compatible; bingbot/2.0; +http://www.bing.com/bingbot.htm) Chrome/116.0.1938.76 Safari/537.36"
185.216.113.70 - - [26/Apr/2026:16:17:39 +0300] "POST /wp-cron.php?doing_wp_cron=1777209459.6656320095062255859375 HTTP/1.1" 200 448 "-" "WordPress/6.3.8; https://serhatburke.miroglu.net"
88.230.8.203 - - [26/Apr/2026:16:17:25 +0300] "GET /xmlrpc.php HTTP/2" 405 46 "-" "Mozilla/5.0 (Macintosh; Intel Mac OS X 10_15_7) AppleWebKit/605.1.15 (KHTML, like Gecko) Version/18.0 Safari/605.1.15"
107.151.163.104 - - [26/Apr/2026:16:17:33 +0300] "POST /xmlrpc.php HTTP/1.1" 200 630 "-" "Mozilla/5.0 (Windows NT 10.0; Win64; x64) AppleWebKit/537.36 (KHTML, like Gecko) Chrome/114.0.0.0 Safari/537.36"
185.153.197.8 - - [26/Apr/2026:16:17:42 +0300] "POST /xmlrpc.php HTTP/1.1" 200 630 "-" "Mozilla/5.0 (Windows NT 10.0; Win64; x64) AppleWebKit/537.36 (KHTML, like Gecko) Chrome/114.0.0.0 Safari/537.36"
187.38.189.123 - - [26/Apr/2026:16:17:44 +0300] "GET /xmlrpc.php HTTP/2" 405 46 "-" "Mozilla/5.0 (Windows NT 10.0; Win64; x64; rv:133.0) Gecko/20100101 Firefox/133.0"
107.151.163.104 - - [26/Apr/2026:16:17:56 +0300] "POST /xmlrpc.php HTTP/1.1" 200 15905 "-" "Mozilla/5.0 (Windows NT 10.0; Win64; x64) AppleWebKit/537.36 (KHTML, like Gecko) Chrome/114.0.0.0 Safari/537.36"
52.167.144.236 - - [26/Apr/2026:16:17:57 +0300] "GET /although-not-you-should-be-aware-of-all-of-the-conditions-connected-to-these-types-of-bonuses/ HTTP/2" 200 19112 "-" "Mozilla/5.0 AppleWebKit/537.36 (KHTML, like Gecko; compatible; bingbot/2.0; +http://www.bing.com/bingbot.htm) Chrome/116.0.1938.76 Safari/537.36"
46.150.79.89 - - [26/Apr/2026:16:18:09 +0300] "GET /xmlrpc.php HTTP/2" 405 46 "-" "Mozilla/5.0 (Windows NT 10.0; Win64; x64; rv:133.0) Gecko/20100101 Firefox/133.0"
185.216.113.70 - - [26/Apr/2026:16:18:31 +0300] "POST /wp-cron.php?doing_wp_cron=1777209510.9613170623779296875000 HTTP/1.1" 200 448 "-" "WordPress/6.3.8; https://serhatburke.miroglu.net"
185.153.197.8 - - [26/Apr/2026:16:18:08 +0300] "POST /xmlrpc.php HTTP/1.1" 200 15541 "-" "Mozilla/5.0 (Windows NT 10.0; Win64; x64) AppleWebKit/537.36 (KHTML, like Gecko) Chrome/114.0.0.0 Safari/537.36"
65.21.110.111 - - [26/Apr/2026:16:18:20 +0300] "POST /xmlrpc.php HTTP/1.1" 200 602 "-" "Mozilla/5.0 (Windows NT 10.0; Win64; x64) AppleWebKit/537.36 (KHTML, like Gecko) Chrome/108.0.0.0 Safari/537.36"
107.151.163.104 - - [26/Apr/2026:16:18:19 +0300] "GET /totally-100-free-spins-no-deposit-casino-cookie-free-harbors-enjoy-32178-gambling-establishment-position-demonstrations/ HTTP/1.1" 200 81143 "-" "Mozilla/5.0 (Windows NT 10.0; Win64; x64; rv:125.0) Gecko/20100101 Firefox/125.0"
185.153.197.8 - - [26/Apr/2026:16:18:31 +0300] "GET /greatest-no-kyc-casinos-united-states-2026-better-zero-id-verification-gambling-enterprises/ HTTP/1.1" 200 80146 "-" "Mozilla/5.0 (Windows NT 10.0; Win64; x64) AppleWebKit/537.36 (KHTML, like Gecko) Chrome/123.0.0.0 Safari/537.36"
78.31.4.63 - - [26/Apr/2026:16:18:34 +0300] "GET /xmlrpc.php HTTP/2" 405 46 "-" "Mozilla/5.0 (Macintosh; Intel Mac OS X 10_15_7) AppleWebKit/605.1.15 (KHTML, like Gecko) Version/18.0 Safari/605.1.15"
107.151.163.104 - - [26/Apr/2026:16:18:46 +0300] "POST /xmlrpc.php HTTP/1.1" 200 630 "-" "Mozilla/5.0 (Windows NT 10.0; Win64; x64) AppleWebKit/537.36 (KHTML, like Gecko) Chrome/114.0.0.0 Safari/537.36"
65.21.110.111 - - [26/Apr/2026:16:18:48 +0300] "POST /xmlrpc.php HTTP/1.1" 200 594 "-" "Mozilla/5.0 (Windows NT 10.0; Win64; x64) AppleWebKit/537.36 (KHTML, like Gecko) Chrome/108.0.0.0 Safari/537.36"
116.97.104.134 - - [26/Apr/2026:16:19:06 +0300] "GET /xmlrpc.php HTTP/2" 405 46 "-" "Mozilla/5.0 (Macintosh; Intel Mac OS X 10_15_7) AppleWebKit/605.1.15 (KHTML, like Gecko) Version/18.0 Safari/605.1.15"
185.216.113.70 - - [26/Apr/2026:16:19:38 +0300] "POST /wp-cron.php?doing_wp_cron=1777209577.8532719612121582031250 HTTP/1.1" 200 448 "-" "WordPress/6.3.8; https://serhatburke.miroglu.net"
52.167.144.173 - - [26/Apr/2026:16:19:14 +0300] "GET /discovering-raydium-the-future-of-fast-crypto-swapping/ HTTP/2" 200 17707 "-" "Mozilla/5.0 AppleWebKit/537.36 (KHTML, like Gecko; compatible; bingbot/2.0; +http://www.bing.com/bingbot.htm) Chrome/116.0.1938.76 Safari/537.36"
107.151.163.104 - - [26/Apr/2026:16:19:16 +0300] "POST /xmlrpc.php HTTP/1.1" 200 15481 "-" "Mozilla/5.0 (Windows NT 10.0; Win64; x64) AppleWebKit/537.36 (KHTML, like Gecko) Chrome/114.0.0.0 Safari/537.36"
52.167.144.156 - - [26/Apr/2026:16:19:20 +0300] "GET /diese-besten-steckplatz-eye-of-horus-coins-computerspiel-login-app-download-apk-paypal-eltern-konnten-diese-probieren-casinos-2025-bezuge-via-entspannt-land-%D8%A8%D9%88%D8%A7%D8%A8%D8%A9-%D9%84%D9%85/ HTTP/2" 200 20648 "-" "Mozilla/5.0 AppleWebKit/537.36 (KHTML, like Gecko; compatible; bingbot/2.0; +http://www.bing.com/bingbot.htm) Chrome/116.0.1938.76 Safari/537.36"
187.180.191.87 - - [26/Apr/2026:16:19:29 +0300] "GET /xmlrpc.php HTTP/2" 405 46 "-" "Mozilla/5.0 (Macintosh; Intel Mac OS X 10_15_7) AppleWebKit/605.1.15 (KHTML, like Gecko) Version/18.0 Safari/605.1.15"
107.151.163.104 - - [26/Apr/2026:16:19:43 +0300] "GET /no-deposit-free-spins-2026-ukgc-casino-foxy-no-deposit-bonus-authorized-sites-simply/ HTTP/1.1" 200 79623 "-" "Mozilla/5.0 (Windows NT 10.0; Win64; x64) AppleWebKit/537.36 (KHTML, like Gecko) Chrome/123.0.0.0 Safari/537.36 OPR/109.0.0.0"
52.167.144.156 - - [26/Apr/2026:16:19:51 +0300] "GET /2024-saopaulo-huge-prix-being-qualified-and-you-can-race-declaration/ HTTP/2" 200 18387 "-" "Mozilla/5.0 AppleWebKit/537.36 (KHTML, like Gecko; compatible; bingbot/2.0; +http://www.bing.com/bingbot.htm) Chrome/116.0.1938.76 Safari/537.36"
196.217.176.127 - - [26/Apr/2026:16:19:56 +0300] "GET /xmlrpc.php HTTP/2" 405 46 "-" "Mozilla/5.0 (Windows NT 10.0; Win64; x64; rv:133.0) Gecko/20100101 Firefox/133.0"
107.151.163.104 - - [26/Apr/2026:16:19:59 +0300] "POST /xmlrpc.php HTTP/1.1" 200 630 "-" "Mozilla/5.0 (Windows NT 10.0; Win64; x64) AppleWebKit/537.36 (KHTML, like Gecko) Chrome/114.0.0.0 Safari/537.36"
185.216.113.70 - - [26/Apr/2026:16:20:35 +0300] "POST /wp-cron.php?doing_wp_cron=1777209635.3732149600982666015625 HTTP/1.1" 200 448 "-" "WordPress/6.3.8; https://serhatburke.miroglu.net"
156.209.106.18 - - [26/Apr/2026:16:20:22 +0300] "GET /xmlrpc.php HTTP/2" 405 46 "-" "Mozilla/5.0 (Windows NT 10.0; Win64; x64; rv:133.0) Gecko/20100101 Firefox/133.0"
107.151.163.104 - - [26/Apr/2026:16:20:26 +0300] "POST /xmlrpc.php HTTP/1.1" 200 15391 "-" "Mozilla/5.0 (Windows NT 10.0; Win64; x64) AppleWebKit/537.36 (KHTML, like Gecko) Chrome/114.0.0.0 Safari/537.36"
177.222.167.88 - - [26/Apr/2026:16:20:40 +0300] "GET /xmlrpc.php HTTP/2" 405 46 "-" "Mozilla/5.0 (Macintosh; Intel Mac OS X 10_15_7) AppleWebKit/605.1.15 (KHTML, like Gecko) Version/18.0 Safari/605.1.15"
107.151.163.104 - - [26/Apr/2026:16:20:41 +0300] "GET /free-thunderstruck-2-position-game-play-microgaming-casino-betfair-25-free-spins-casinos-on-the-internet/ HTTP/1.1" 200 80076 "-" "Mozilla/5.0 (Windows NT 10.0; rv:109.0) Gecko/20100101 Firefox/115.0"
175.143.145.126 - - [26/Apr/2026:16:20:59 +0300] "GET /xmlrpc.php HTTP/2" 405 46 "-" "Mozilla/5.0 (Windows NT 10.0; Win64; x64; rv:133.0) Gecko/20100101 Firefox/133.0"
107.151.163.104 - - [26/Apr/2026:16:21:13 +0300] "POST /xmlrpc.php HTTP/1.1" 200 630 "-" "Mozilla/5.0 (Windows NT 10.0; Win64; x64) AppleWebKit/537.36 (KHTML, like Gecko) Chrome/114.0.0.0 Safari/537.36"
202.168.65.36 - - [26/Apr/2026:16:21:21 +0300] "GET /wp-login.php HTTP/2" 200 3093 "-" "Mozilla/5.0 (Macintosh; Intel Mac OS X 10_15_7) AppleWebKit/605.1.15 (KHTML, like Gecko) Version/18.0 Safari/605.1.15"
202.168.65.36 - - [26/Apr/2026:16:21:37 +0300] "POST /wp-login.php?wp_lang=en_US HTTP/2" 200 0 "https://serhatburke.miroglu.net/wp-login.php?wp_lang=en_US" "Mozilla/5.0 (Macintosh; Intel Mac OS X 10_15_7) AppleWebKit/605.1.15 (KHTML, like Gecko) Version/18.0 Safari/605.1.15"
185.216.113.70 - - [26/Apr/2026:16:21:48 +0300] "POST /wp-cron.php?doing_wp_cron=1777209708.7196860313415527343750 HTTP/1.1" 200 448 "-" "WordPress/6.3.8; https://serhatburke.miroglu.net"
107.151.163.104 - - [26/Apr/2026:16:21:36 +0300] "POST /xmlrpc.php HTTP/1.1" 200 15735 "-" "Mozilla/5.0 (Windows NT 10.0; Win64; x64) AppleWebKit/537.36 (KHTML, like Gecko) Chrome/114.0.0.0 Safari/537.36"
107.151.163.104 - - [26/Apr/2026:16:21:50 +0300] "GET /comment-the-fresh-trendy-good-fresh-online-slot-games-book-of-dead-fruit-slot-incentives-available/ HTTP/1.1" 200 80387 "-" "Mozilla/5.0 (Windows NT 10.0; Win64; x64) AppleWebKit/537.36 (KHTML, like Gecko) Chrome/124.0.0.0 Safari/537.36 Edg/124.0.0.0"
185.153.197.137 - - [26/Apr/2026:16:21:56 +0300] "POST /xmlrpc.php HTTP/1.1" 200 630 "-" "Mozilla/5.0 (Windows NT 10.0; Win64; x64) AppleWebKit/537.36 (KHTML, like Gecko) Chrome/114.0.0.0 Safari/537.36"
185.153.197.137 - - [26/Apr/2026:16:22:15 +0300] "POST /xmlrpc.php HTTP/1.1" 200 13497 "-" "Mozilla/5.0 (Windows NT 10.0; Win64; x64) AppleWebKit/537.36 (KHTML, like Gecko) Chrome/114.0.0.0 Safari/537.36"
107.151.163.104 - - [26/Apr/2026:16:22:20 +0300] "POST /xmlrpc.php HTTP/1.1" 200 630 "-" "Mozilla/5.0 (Windows NT 10.0; Win64; x64) AppleWebKit/537.36 (KHTML, like Gecko) Chrome/114.0.0.0 Safari/537.36"
185.216.113.70 - - [26/Apr/2026:16:22:40 +0300] "POST /wp-cron.php?doing_wp_cron=1777209759.9901769161224365234375 HTTP/1.1" 200 448 "-" "WordPress/6.3.8; https://serhatburke.miroglu.net"
185.153.197.137 - - [26/Apr/2026:16:22:28 +0300] "GET /hazard-high-voltage-gamble-online-slots-games/ HTTP/1.1" 200 76729 "-" "Mozilla/5.0 (Windows NT 10.0; Win64; x64) AppleWebKit/537.36 (KHTML, like Gecko) Chrome/123.0.0.0 Safari/537.36"
107.151.163.104 - - [26/Apr/2026:16:22:39 +0300] "POST /xmlrpc.php HTTP/1.1" 200 15279 "-" "Mozilla/5.0 (Windows NT 10.0; Win64; x64) AppleWebKit/537.36 (KHTML, like Gecko) Chrome/114.0.0.0 Safari/537.36"
89.167.59.5 - - [26/Apr/2026:16:22:50 +0300] "POST /xmlrpc.php HTTP/1.1" 200 602 "-" "Mozilla/5.0 (Windows NT 10.0; Win64; x64) AppleWebKit/537.36 (KHTML, like Gecko) Chrome/108.0.0.0 Safari/537.36"
107.151.163.104 - - [26/Apr/2026:16:22:55 +0300] "GET /trendy-jackpot-casino-golden-tiger-online-local-casino-viewpoint-2026-has-online-game-and-incentives/ HTTP/1.1" 200 79905 "-" "Mozilla/5.0 (Windows NT 10.0; Win64; x64) AppleWebKit/537.36 (KHTML, like Gecko) Chrome/123.0.0.0 Safari/537.36 OPR/109.0.0.0"
89.167.59.5 - - [26/Apr/2026:16:23:06 +0300] "POST /xmlrpc.php HTTP/1.1" 200 4225 "-" "Mozilla/5.0 (Windows NT 10.0; Win64; x64) AppleWebKit/537.36 (KHTML, like Gecko) Chrome/108.0.0.0 Safari/537.36"
89.167.59.5 - - [26/Apr/2026:16:23:23 +0300] "GET /rokubet-portugal-casino-com-bonus-ate-1000-review-2026/ HTTP/1.1" 200 0 "-" "Mozilla/5.0 (Windows NT 10.0; Win64; x64) AppleWebKit/537.36 (KHTML, like Gecko) Chrome/108.0.0.0 Safari/537.36"
185.216.113.70 - - [26/Apr/2026:16:23:42 +0300] "POST /wp-cron.php?doing_wp_cron=1777209822.7174758911132812500000 HTTP/1.1" 200 448 "-" "WordPress/6.3.8; https://serhatburke.miroglu.net"
52.167.144.236 - - [26/Apr/2026:16:23:18 +0300] "GET /revolutionary-advantages-of-using-jupiter-swap-for-crypto-trading/ HTTP/2" 200 17872 "-" "Mozilla/5.0 AppleWebKit/537.36 (KHTML, like Gecko; compatible; bingbot/2.0; +http://www.bing.com/bingbot.htm) Chrome/116.0.1938.76 Safari/537.36"
66.249.73.14 - - [26/Apr/2026:16:23:39 +0300] "GET /divaspin-review-payment-methods-deposit-options-fast-withdrawals-for-australian-players/undefined?ts=1775520000 HTTP/1.1" 200 0 "https://serhatburke.miroglu.net/divaspin-review-payment-methods-deposit-options-fast-withdrawals-for-australian-players/" "Mozilla/5.0 (Linux; Android 6.0.1; Nexus 5X Build/MMB29P) AppleWebKit/537.36 (KHTML, like Gecko) Chrome/146.0.7680.177 Mobile Safari/537.36 (compatible; Googlebot/2.1; +http://www.google.com/bot.html)"
52.167.144.156 - - [26/Apr/2026:16:23:22 +0300] "GET /najwyzszy-krazyc-po-ofercie-premii-powitalnej-zwykle-bywa-jedynie-wstepna-zacheta-na-kasyno-online/ HTTP/2" 200 18397 "-" "Mozilla/5.0 AppleWebKit/537.36 (KHTML, like Gecko; compatible; bingbot/2.0; +http://www.bing.com/bingbot.htm) Chrome/116.0.1938.76 Safari/537.36"
66.249.73.14 - - [26/Apr/2026:16:23:54 +0300] "GET /divaspin-review-payment-methods-deposit-options-fast-withdrawals-for-australian-players/undefined?ts=1775520000 HTTP/1.1" 200 0 "https://serhatburke.miroglu.net/divaspin-review-payment-methods-deposit-options-fast-withdrawals-for-australian-players/" "Mozilla/5.0 (Linux; Android 6.0.1; Nexus 5X Build/MMB29P) AppleWebKit/537.36 (KHTML, like Gecko) Chrome/146.0.7680.177 Mobile Safari/537.36 (compatible; Googlebot/2.1; +http://www.google.com/bot.html)"
107.151.163.104 - - [26/Apr/2026:16:23:25 +0300] "POST /xmlrpc.php HTTP/1.1" 200 630 "-" "Mozilla/5.0 (Windows NT 10.0; Win64; x64) AppleWebKit/537.36 (KHTML, like Gecko) Chrome/114.0.0.0 Safari/537.36"
52.167.144.173 - - [26/Apr/2026:16:23:25 +0300] "GET /haufige-probleme-hinein-9-1-spielsalon-und-genau-so-wie-male-eltern-lost/ HTTP/2" 200 18907 "-" "Mozilla/5.0 AppleWebKit/537.36 (KHTML, like Gecko; compatible; bingbot/2.0; +http://www.bing.com/bingbot.htm) Chrome/116.0.1938.76 Safari/537.36"
52.167.144.173 - - [26/Apr/2026:16:23:27 +0300] "GET /bezopasnye-vstrechi-s-trans-devushkami-v-moskve/ HTTP/2" 200 21100 "-" "Mozilla/5.0 AppleWebKit/537.36 (KHTML, like Gecko; compatible; bingbot/2.0; +http://www.bing.com/bingbot.htm) Chrome/116.0.1938.76 Safari/537.36"
66.249.73.14 - - [26/Apr/2026:16:24:03 +0300] "GET /divaspin-review-payment-methods-deposit-options-fast-withdrawals-for-australian-players/undefined?ts=1775520000 HTTP/1.1" 200 0 "https://serhatburke.miroglu.net/divaspin-review-payment-methods-deposit-options-fast-withdrawals-for-australian-players/" "Mozilla/5.0 (Linux; Android 6.0.1; Nexus 5X Build/MMB29P) AppleWebKit/537.36 (KHTML, like Gecko) Chrome/146.0.7680.177 Mobile Safari/537.36 (compatible; Googlebot/2.1; +http://www.google.com/bot.html)"
89.167.59.5 - - [26/Apr/2026:16:23:38 +0300] "POST /xmlrpc.php HTTP/1.1" 200 594 "-" "Mozilla/5.0 (Windows NT 10.0; Win64; x64) AppleWebKit/537.36 (KHTML, like Gecko) Chrome/108.0.0.0 Safari/537.36"
107.151.163.104 - - [26/Apr/2026:16:24:13 +0300] "POST /xmlrpc.php HTTP/1.1" 200 16190 "-" "Mozilla/5.0 (Windows NT 10.0; Win64; x64) AppleWebKit/537.36 (KHTML, like Gecko) Chrome/114.0.0.0 Safari/537.36"
185.216.113.70 - - [26/Apr/2026:16:24:43 +0300] "POST /wp-cron.php?doing_wp_cron=1777209883.8005490303039550781250 HTTP/1.1" 200 448 "-" "WordPress/6.3.8; https://serhatburke.miroglu.net"
107.151.163.104 - - [26/Apr/2026:16:24:31 +0300] "GET /remark-the-newest-trendy-fruit-slot-dead-or-alive-play-slot-bonuses-offered/ HTTP/1.1" 200 79997 "-" "Mozilla/5.0 (Windows NT 10.0; Win64; x64) AppleWebKit/537.36 (KHTML, like Gecko) Chrome/124.0.0.0 Safari/537.36"
107.151.163.104 - - [26/Apr/2026:16:24:36 +0300] "POST /xmlrpc.php HTTP/1.1" 200 630 "-" "Mozilla/5.0 (Windows NT 10.0; Win64; x64) AppleWebKit/537.36 (KHTML, like Gecko) Chrome/114.0.0.0 Safari/537.36"
52.167.144.173 - - [26/Apr/2026:16:24:44 +0300] "GET /tagesordnungspunkt-8-echtgeld-casinos-in-2026/ HTTP/2" 200 19245 "-" "Mozilla/5.0 AppleWebKit/537.36 (KHTML, like Gecko; compatible; bingbot/2.0; +http://www.bing.com/bingbot.htm) Chrome/116.0.1938.76 Safari/537.36"
107.151.163.104 - - [26/Apr/2026:16:24:57 +0300] "POST /xmlrpc.php HTTP/1.1" 200 14948 "-" "Mozilla/5.0 (Windows NT 10.0; Win64; x64) AppleWebKit/537.36 (KHTML, like Gecko) Chrome/114.0.0.0 Safari/537.36"
107.151.163.104 - - [26/Apr/2026:16:25:11 +0300] "GET /cool-good-slot-games-fafafa-fresh-fruit-madness/ HTTP/1.1" 200 78301 "-" "Mozilla/5.0 (Windows NT 10.0; Win64; x64) AppleWebKit/537.36 (KHTML, like Gecko) Chrome/124.0.0.0 Safari/537.36"
185.216.113.70 - - [26/Apr/2026:16:25:54 +0300] "POST /wp-cron.php?doing_wp_cron=1777209954.0409839153289794921875 HTTP/1.1" 200 448 "-" "WordPress/6.3.8; https://serhatburke.miroglu.net"
107.151.163.104 - - [26/Apr/2026:16:25:42 +0300] "POST /xmlrpc.php HTTP/1.1" 200 630 "-" "Mozilla/5.0 (Windows NT 10.0; Win64; x64) AppleWebKit/537.36 (KHTML, like Gecko) Chrome/114.0.0.0 Safari/537.36"
107.151.163.104 - - [26/Apr/2026:16:26:00 +0300] "POST /xmlrpc.php HTTP/1.1" 200 15684 "-" "Mozilla/5.0 (Windows NT 10.0; Win64; x64) AppleWebKit/537.36 (KHTML, like Gecko) Chrome/114.0.0.0 Safari/537.36"
107.151.163.104 - - [26/Apr/2026:16:26:15 +0300] "GET /100-percent-free-everyday-local-slot-bonus-deposit-100-casino-gold-coins-and-promos-slotomania-huuuge-doubleu-and-much-more/ HTTP/1.1" 200 80928 "-" "Mozilla/5.0 (Windows NT 10.0; rv:109.0) Gecko/20100101 Firefox/115.0"
185.216.113.70 - - [26/Apr/2026:16:26:40 +0300] "POST /wp-cron.php?doing_wp_cron=1777210000.4195098876953125000000 HTTP/1.1" 200 448 "-" "WordPress/6.3.8; https://serhatburke.miroglu.net"
185.153.197.137 - - [26/Apr/2026:16:26:28 +0300] "POST /xmlrpc.php HTTP/1.1" 200 630 "-" "Mozilla/5.0 (Windows NT 10.0; Win64; x64) AppleWebKit/537.36 (KHTML, like Gecko) Chrome/114.0.0.0 Safari/537.36"
107.151.163.104 - - [26/Apr/2026:16:26:45 +0300] "POST /xmlrpc.php HTTP/1.1" 200 630 "-" "Mozilla/5.0 (Windows NT 10.0; Win64; x64) AppleWebKit/537.36 (KHTML, like Gecko) Chrome/114.0.0.0 Safari/537.36"
185.153.197.137 - - [26/Apr/2026:16:26:46 +0300] "POST /xmlrpc.php HTTP/1.1" 200 13312 "-" "Mozilla/5.0 (Windows NT 10.0; Win64; x64) AppleWebKit/537.36 (KHTML, like Gecko) Chrome/114.0.0.0 Safari/537.36"
107.151.163.104 - - [26/Apr/2026:16:27:07 +0300] "POST /xmlrpc.php HTTP/1.1" 200 15643 "-" "Mozilla/5.0 (Windows NT 10.0; Win64; x64) AppleWebKit/537.36 (KHTML, like Gecko) Chrome/114.0.0.0 Safari/537.36"
185.153.197.137 - - [26/Apr/2026:16:27:02 +0300] "GET /enjoy-danger-high-voltage-96-22-rtp-real-money-online-game/ HTTP/1.1" 200 77024 "-" "Mozilla/5.0 (Windows NT 10.0; Win64; x64; rv:124.0) Gecko/20100101 Firefox/124.0"
185.202.108.91 - - [26/Apr/2026:16:27:06 +0300] "GET / HTTP/2" 200 20587 "-" "Mozilla/5.0 (Macintosh; Intel Mac OS X 10_15_7) AppleWebKit/537.36 (KHTML, like Gecko) Chrome/120.0.0.0 Safari/537.36"
185.216.113.70 - - [26/Apr/2026:16:27:40 +0300] "POST /wp-cron.php?doing_wp_cron=1777210060.7754690647125244140625 HTTP/1.1" 200 448 "-" "WordPress/6.3.8; https://serhatburke.miroglu.net"
40.77.167.131 - - [26/Apr/2026:16:27:22 +0300] "GET /jagd1-de-jagdgelegenheiten-bundesweit-29-2/ HTTP/2" 200 16473 "-" "Mozilla/5.0 AppleWebKit/537.36 (KHTML, like Gecko; compatible; bingbot/2.0; +http://www.bing.com/bingbot.htm) Chrome/116.0.1938.76 Safari/537.36"
107.151.163.104 - - [26/Apr/2026:16:27:25 +0300] "GET /funky-good-fresh-fruit-slot-remark-payouts-casino-2026/ HTTP/1.1" 200 79108 "-" "Mozilla/5.0 (Windows NT 10.0; Win64; x64; rv:124.0) Gecko/20100101 Firefox/124.0"
52.167.144.211 - - [26/Apr/2026:16:27:30 +0300] "GET /spinia-casino-get-delight-in-severe-link-2400-casino-games-costa-rica/ HTTP/2" 200 18452 "-" "Mozilla/5.0 AppleWebKit/537.36 (KHTML, like Gecko; compatible; bingbot/2.0; +http://www.bing.com/bingbot.htm) Chrome/116.0.1938.76 Safari/537.36"
107.151.163.104 - - [26/Apr/2026:16:27:50 +0300] "POST /xmlrpc.php HTTP/1.1" 200 630 "-" "Mozilla/5.0 (Windows NT 10.0; Win64; x64) AppleWebKit/537.36 (KHTML, like Gecko) Chrome/114.0.0.0 Safari/537.36"
185.216.113.70 - - [26/Apr/2026:16:28:17 +0300] "POST /wp-cron.php?doing_wp_cron=1777210097.0860099792480468750000 HTTP/1.1" 200 448 "-" "WordPress/6.3.8; https://serhatburke.miroglu.net"
185.153.197.8 - - [26/Apr/2026:16:28:04 +0300] "POST /xmlrpc.php HTTP/1.1" 200 630 "-" "Mozilla/5.0 (Windows NT 10.0; Win64; x64) AppleWebKit/537.36 (KHTML, like Gecko) Chrome/114.0.0.0 Safari/537.36"
107.151.163.104 - - [26/Apr/2026:16:28:10 +0300] "POST /xmlrpc.php HTTP/1.1" 200 15956 "-" "Mozilla/5.0 (Windows NT 10.0; Win64; x64) AppleWebKit/537.36 (KHTML, like Gecko) Chrome/114.0.0.0 Safari/537.36"
185.153.197.8 - - [26/Apr/2026:16:28:22 +0300] "POST /xmlrpc.php HTTP/1.1" 200 15848 "-" "Mozilla/5.0 (Windows NT 10.0; Win64; x64) AppleWebKit/537.36 (KHTML, like Gecko) Chrome/114.0.0.0 Safari/537.36"
107.151.163.104 - - [26/Apr/2026:16:28:25 +0300] "GET /solution-the-very-best-day-casino-50-free-spins-no-deposit-gambling-inside-funky-fruit-slot-online-100-percent-free-video-game/ HTTP/1.1" 200 81386 "-" "Mozilla/5.0 (Windows NT 10.0; Win64; x64) AppleWebKit/537.36 (KHTML, like Gecko) Chrome/109.0.0.0 Safari/537.36"
185.153.197.8 - - [26/Apr/2026:16:28:37 +0300] "GET /pick-bitcoin-cryptocurrency-wallet-reports-degree/ HTTP/1.1" 200 79392 "-" "Mozilla/5.0 (Windows NT 10.0; Win64; x64) AppleWebKit/537.36 (KHTML, like Gecko) Chrome/124.0.0.0 Safari/537.36 Edg/124.0.0.0"
107.151.163.104 - - [26/Apr/2026:16:28:56 +0300] "POST /xmlrpc.php HTTP/1.1" 200 630 "-" "Mozilla/5.0 (Windows NT 10.0; Win64; x64) AppleWebKit/537.36 (KHTML, like Gecko) Chrome/114.0.0.0 Safari/537.36"
52.167.144.211 - - [26/Apr/2026:16:28:58 +0300] "GET /hyperlinks-afwisselen-en-corrigeren-om-publisher-microsoft-bijstand/ HTTP/2" 200 19980 "-" "Mozilla/5.0 AppleWebKit/537.36 (KHTML, like Gecko; compatible; bingbot/2.0; +http://www.bing.com/bingbot.htm) Chrome/116.0.1938.76 Safari/537.36"
52.167.144.64 - - [26/Apr/2026:16:29:13 +0300] "GET /robots.txt HTTP/2" 200 0 "-" "Mozilla/5.0 AppleWebKit/537.36 (KHTML, like Gecko; compatible; bingbot/2.0; +http://www.bing.com/bingbot.htm) Chrome/116.0.1938.76 Safari/537.36"
185.216.113.70 - - [26/Apr/2026:16:29:27 +0300] "POST /wp-cron.php?doing_wp_cron=1777210167.5095839500427246093750 HTTP/1.1" 200 448 "-" "WordPress/6.3.8; https://serhatburke.miroglu.net"
107.151.163.104 - - [26/Apr/2026:16:29:15 +0300] "POST /xmlrpc.php HTTP/1.1" 200 15920 "-" "Mozilla/5.0 (Windows NT 10.0; Win64; x64) AppleWebKit/537.36 (KHTML, like Gecko) Chrome/114.0.0.0 Safari/537.36"
107.151.163.104 - - [26/Apr/2026:16:29:31 +0300] "GET /trendy-good-pokie-big-red-online-fresh-fruit-ranch-slot-machine-game-united-kingdom-free-gamble-in-the-playtech-casino/ HTTP/1.1" 200 81198 "-" "Mozilla/5.0 (Windows NT 10.0; rv:109.0) Gecko/20100101 Firefox/115.0"
107.151.163.104 - - [26/Apr/2026:16:30:04 +0300] "POST /xmlrpc.php HTTP/1.1" 200 630 "-" "Mozilla/5.0 (Windows NT 10.0; Win64; x64) AppleWebKit/537.36 (KHTML, like Gecko) Chrome/114.0.0.0 Safari/537.36"
185.216.113.70 - - [26/Apr/2026:16:30:36 +0300] "POST /wp-cron.php?doing_wp_cron=1777210236.7807400226593017578125 HTTP/1.1" 200 448 "-" "WordPress/6.3.8; https://serhatburke.miroglu.net"
107.151.163.104 - - [26/Apr/2026:16:30:24 +0300] "POST /xmlrpc.php HTTP/1.1" 200 15551 "-" "Mozilla/5.0 (Windows NT 10.0; Win64; x64) AppleWebKit/537.36 (KHTML, like Gecko) Chrome/114.0.0.0 Safari/537.36"
107.151.163.104 - - [26/Apr/2026:16:30:38 +0300] "GET /funky-best-casino-offers-online-fruits-farm-slot-machine-game-%E1%97%8E-gamble-totally-free-casino-online-game-on-the-web-by-playtech/ HTTP/1.1" 200 81108 "-" "Mozilla/5.0 (Windows NT 10.0; Win64; x64) AppleWebKit/537.36 (KHTML, like Gecko) Chrome/124.0.0.0 Safari/537.36"
107.151.163.104 - - [26/Apr/2026:16:31:09 +0300] "POST /xmlrpc.php HTTP/1.1" 200 630 "-" "Mozilla/5.0 (Windows NT 10.0; Win64; x64) AppleWebKit/537.36 (KHTML, like Gecko) Chrome/114.0.0.0 Safari/537.36"
185.153.197.137 - - [26/Apr/2026:16:31:14 +0300] "POST /xmlrpc.php HTTP/1.1" 200 630 "-" "Mozilla/5.0 (Windows NT 10.0; Win64; x64) AppleWebKit/537.36 (KHTML, like Gecko) Chrome/114.0.0.0 Safari/537.36"
185.216.113.70 - - [26/Apr/2026:16:31:42 +0300] "POST /wp-cron.php?doing_wp_cron=1777210302.4341969490051269531250 HTTP/1.1" 200 448 "-" "WordPress/6.3.8; https://serhatburke.miroglu.net"
107.151.163.104 - - [26/Apr/2026:16:31:29 +0300] "POST /xmlrpc.php HTTP/1.1" 200 15599 "-" "Mozilla/5.0 (Windows NT 10.0; Win64; x64) AppleWebKit/537.36 (KHTML, like Gecko) Chrome/114.0.0.0 Safari/537.36"
185.153.197.137 - - [26/Apr/2026:16:31:32 +0300] "POST /xmlrpc.php HTTP/1.1" 200 14179 "-" "Mozilla/5.0 (Windows NT 10.0; Win64; x64) AppleWebKit/537.36 (KHTML, like Gecko) Chrome/114.0.0.0 Safari/537.36"
107.151.163.104 - - [26/Apr/2026:16:31:44 +0300] "GET /ideas-on-how-to-win-facing-the-final-countdown-1-deposit-2026-trendy-fruits-position-facts-and-you-may-symptoms-approach-resources/ HTTP/1.1" 200 81121 "-" "Mozilla/5.0 (Windows NT 10.0; Win64; x64) AppleWebKit/537.36 (KHTML, like Gecko) Chrome/124.0.0.0 Safari/537.36"
185.153.197.137 - - [26/Apr/2026:16:31:45 +0300] "GET /da-vinci-expensive-diamonds-slot-totally-free-casino-slot-games-playing-on-the-web-by-the-igt/ HTTP/1.1" 200 78725 "-" "Mozilla/5.0 (Windows NT 10.0; Win64; x64; rv:124.0) Gecko/20100101 Firefox/124.0"
38.156.238.246 - - [26/Apr/2026:16:31:47 +0300] "GET /28563-2/ HTTP/1.1" 200 19352 "https://serhatburke.miroglu.net/" "Mozilla/5.0 (Windows NT 10.0; Win64; x64) AppleWebKit/537.36 (KHTML, like Gecko) Chrome/145.0.0.0 Safari/537.36"
103.240.2.30 - - [26/Apr/2026:16:32:04 +0300] "GET /28563-2/ HTTP/1.1" 200 19352 "https://serhatburke.miroglu.net/" "Mozilla/5.0 (Windows NT 10.0; Win64; x64) AppleWebKit/537.36 (KHTML, like Gecko) Chrome/145.0.0.0 Safari/537.36"
177.93.0.59 - - [26/Apr/2026:16:32:20 +0300] "GET /wp-includes/css/dist/block-library/style.min.css?ver=6.3.8 HTTP/1.1" 200 13578 "https://serhatburke.miroglu.net/28563-2/" "Mozilla/5.0 (Windows NT 10.0; Win64; x64) AppleWebKit/537.36 (KHTML, like Gecko) Chrome/145.0.0.0 Safari/537.36"
107.151.163.104 - - [26/Apr/2026:16:32:10 +0300] "POST /xmlrpc.php HTTP/1.1" 200 630 "-" "Mozilla/5.0 (Windows NT 10.0; Win64; x64) AppleWebKit/537.36 (KHTML, like Gecko) Chrome/114.0.0.0 Safari/537.36"
181.94.226.229 - - [26/Apr/2026:16:32:24 +0300] "GET /wp-content/plugins/contact-form-7/includes/css/styles.css?ver=5.8 HTTP/1.1" 200 1490 "https://serhatburke.miroglu.net/28563-2/" "Mozilla/5.0 (Windows NT 10.0; Win64; x64) AppleWebKit/537.36 (KHTML, like Gecko) Chrome/145.0.0.0 Safari/537.36"
152.59.14.60 - - [26/Apr/2026:16:32:30 +0300] "GET /wp-content/themes/toppic/css/fontello.css?ver=4.2 HTTP/1.1" 200 1802 "https://serhatburke.miroglu.net/28563-2/" "Mozilla/5.0 (Windows NT 10.0; Win64; x64) AppleWebKit/537.36 (KHTML, like Gecko) Chrome/145.0.0.0 Safari/537.36"
102.219.208.41 - - [26/Apr/2026:16:32:35 +0300] "GET /wp-content/themes/toppic/css/reset.css?ver=4.2 HTTP/1.1" 200 1178 "https://serhatburke.miroglu.net/28563-2/" "Mozilla/5.0 (Windows NT 10.0; Win64; x64) AppleWebKit/537.36 (KHTML, like Gecko) Chrome/145.0.0.0 Safari/537.36"
105.172.28.32 - - [26/Apr/2026:16:32:38 +0300] "GET /wp-content/themes/toppic/css/default.css?ver=4.2 HTTP/1.1" 200 1811 "https://serhatburke.miroglu.net/28563-2/" "Mozilla/5.0 (Windows NT 10.0; Win64; x64) AppleWebKit/537.36 (KHTML, like Gecko) Chrome/145.0.0.0 Safari/537.36"
190.109.227.70 - - [26/Apr/2026:16:32:41 +0300] "GET /wp-content/themes/toppic/style.css?ver=4.2 HTTP/1.1" 200 23398 "https://serhatburke.miroglu.net/28563-2/" "Mozilla/5.0 (Windows NT 10.0; Win64; x64) AppleWebKit/537.36 (KHTML, like Gecko) Chrome/145.0.0.0 Safari/537.36"
185.216.113.70 - - [26/Apr/2026:16:32:42 +0300] "POST /wp-cron.php?doing_wp_cron=1777210362.8329041004180908203125 HTTP/1.1" 200 448 "-" "WordPress/6.3.8; https://serhatburke.miroglu.net"
107.151.163.104 - - [26/Apr/2026:16:32:29 +0300] "POST /xmlrpc.php HTTP/1.1" 200 15604 "-" "Mozilla/5.0 (Windows NT 10.0; Win64; x64) AppleWebKit/537.36 (KHTML, like Gecko) Chrome/114.0.0.0 Safari/537.36"
154.71.128.209 - - [26/Apr/2026:16:32:44 +0300] "GET /wp-content/themes/toppic/css/royalslider.css?ver=4.2 HTTP/1.1" 200 1887 "https://serhatburke.miroglu.net/28563-2/" "Mozilla/5.0 (Windows NT 10.0; Win64; x64) AppleWebKit/537.36 (KHTML, like Gecko) Chrome/145.0.0.0 Safari/537.36"
185.146.113.176 - - [26/Apr/2026:16:32:46 +0300] "GET /wp-content/themes/toppic/css/rs-default.css?ver=4.2 HTTP/1.1" 200 2625 "https://serhatburke.miroglu.net/28563-2/" "Mozilla/5.0 (Windows NT 10.0; Win64; x64) AppleWebKit/537.36 (KHTML, like Gecko) Chrome/145.0.0.0 Safari/537.36"
154.125.195.210 - - [26/Apr/2026:16:32:57 +0300] "GET /wp-content/themes/toppic/css/lightbox.css?ver=4.2 HTTP/1.1" 200 2956 "https://serhatburke.miroglu.net/28563-2/" "Mozilla/5.0 (Windows NT 10.0; Win64; x64) AppleWebKit/537.36 (KHTML, like Gecko) Chrome/145.0.0.0 Safari/537.36"
107.151.163.104 - - [26/Apr/2026:16:32:44 +0300] "GET /friday-night-funkin-play-on-wild-hills-online-crazygames/ HTTP/1.1" 200 79116 "-" "Mozilla/5.0 (Windows NT 10.0; Win64; x64) AppleWebKit/537.36 (KHTML, like Gecko) Chrome/123.0.0.0 Safari/537.36 OPR/109.0.0.0"
45.130.162.9 - - [26/Apr/2026:16:33:00 +0300] "GET /wp-content/themes/toppic/css/woocommerce.css?ver=4.2 HTTP/1.1" 200 2848 "https://serhatburke.miroglu.net/28563-2/" "Mozilla/5.0 (Windows NT 10.0; Win64; x64) AppleWebKit/537.36 (KHTML, like Gecko) Chrome/145.0.0.0 Safari/537.36"
107.151.163.104 - - [26/Apr/2026:16:33:13 +0300] "POST /xmlrpc.php HTTP/1.1" 200 630 "-" "Mozilla/5.0 (Windows NT 10.0; Win64; x64) AppleWebKit/537.36 (KHTML, like Gecko) Chrome/114.0.0.0 Safari/537.36"
185.216.113.70 - - [26/Apr/2026:16:33:49 +0300] "POST /wp-cron.php?doing_wp_cron=1777210429.3715689182281494140625 HTTP/1.1" 200 448 "-" "WordPress/6.3.8; https://serhatburke.miroglu.net"
107.151.163.104 - - [26/Apr/2026:16:33:31 +0300] "POST /xmlrpc.php HTTP/1.1" 200 16015 "-" "Mozilla/5.0 (Windows NT 10.0; Win64; x64) AppleWebKit/537.36 (KHTML, like Gecko) Chrome/114.0.0.0 Safari/537.36"
195.8.50.175 - - [26/Apr/2026:16:33:32 +0300] "POST /wp-comments-post.php HTTP/1.1" 302 1055 "https://serhatburke.miroglu.net/28563-2/" "Mozilla/5.0 (Windows NT 10.0; Win64; x64) AppleWebKit/537.36 (KHTML, like Gecko) Chrome/145.0.0.0 Safari/537.36"
185.181.245.44 - - [26/Apr/2026:16:33:33 +0300] "GET /beste-casino-site-belgie-hoge-inzet/ HTTP/1.1" 200 19282 "-" "Mozilla/5.0 (Windows NT 10.0; WOW64) AppleWebKit/537.36 (KHTML, like Gecko) Chrome/114.0.0.0 YaBrowser/22.7.0 Yowser/2.5 Safari/537.36"
107.151.163.104 - - [26/Apr/2026:16:33:51 +0300] "GET /%E1%90%88-funky-good-fresh-fruit-genie-jackpots-online-slot-totally-free-slot-machine-game-on-line-play-games-playtech/ HTTP/1.1" 200 81019 "-" "Mozilla/5.0 (Windows NT 10.0; Win64; x64) AppleWebKit/537.36 (KHTML, like Gecko) Chrome/109.0.0.0 Safari/537.36"
36.65.195.69 - - [26/Apr/2026:16:33:52 +0300] "POST /wp-comments-post.php HTTP/1.1" 409 1626 "https://serhatburke.miroglu.net/28563-2/" "Mozilla/5.0 (Windows NT 10.0; Win64; x64) AppleWebKit/537.36 (KHTML, like Gecko) Chrome/145.0.0.0 Safari/537.36"
58.10.224.94 - - [26/Apr/2026:16:34:12 +0300] "POST /wp-comments-post.php HTTP/1.1" 409 1626 "https://serhatburke.miroglu.net/28563-2/" "Mozilla/5.0 (Windows NT 10.0; Win64; x64) AppleWebKit/537.36 (KHTML, like Gecko) Chrome/145.0.0.0 Safari/537.36"
107.151.163.104 - - [26/Apr/2026:16:34:22 +0300] "POST /xmlrpc.php HTTP/1.1" 200 630 "-" "Mozilla/5.0 (Windows NT 10.0; Win64; x64) AppleWebKit/537.36 (KHTML, like Gecko) Chrome/114.0.0.0 Safari/537.36"
185.216.113.70 - - [26/Apr/2026:16:34:43 +0300] "POST /wp-cron.php?doing_wp_cron=1777210483.8591620922088623046875 HTTP/1.1" 200 448 "-" "WordPress/6.3.8; https://serhatburke.miroglu.net"
188.163.103.62 - - [26/Apr/2026:16:34:30 +0300] "POST /wp-comments-post.php HTTP/1.1" 409 1626 "https://serhatburke.miroglu.net/28563-2/" "Mozilla/5.0 (Windows NT 10.0; Win64; x64) AppleWebKit/537.36 (KHTML, like Gecko) Chrome/145.0.0.0 Safari/537.36"
107.151.163.104 - - [26/Apr/2026:16:34:41 +0300] "POST /xmlrpc.php HTTP/1.1" 200 15295 "-" "Mozilla/5.0 (Windows NT 10.0; Win64; x64) AppleWebKit/537.36 (KHTML, like Gecko) Chrome/114.0.0.0 Safari/537.36"
58.10.107.127 - - [26/Apr/2026:16:34:47 +0300] "POST /wp-comments-post.php HTTP/1.1" 409 1626 "https://serhatburke.miroglu.net/28563-2/" "Mozilla/5.0 (Windows NT 10.0; Win64; x64) AppleWebKit/537.36 (KHTML, like Gecko) Chrome/145.0.0.0 Safari/537.36"
107.151.163.104 - - [26/Apr/2026:16:34:59 +0300] "GET /playtech-local-casino-captain-birthday-slot-machine-nelson-luxury/ HTTP/1.1" 200 79305 "-" "Mozilla/5.0 (Windows NT 10.0; Win64; x64; rv:124.0) Gecko/20100101 Firefox/124.0"
43.240.55.19 - - [26/Apr/2026:16:35:05 +0300] "POST /wp-comments-post.php HTTP/1.1" 409 1626 "https://serhatburke.miroglu.net/28563-2/" "Mozilla/5.0 (Windows NT 10.0; Win64; x64) AppleWebKit/537.36 (KHTML, like Gecko) Chrome/145.0.0.0 Safari/537.36"
40.77.167.131 - - [26/Apr/2026:16:35:15 +0300] "GET /jollibee-fried-chicken-burgers-pies-3820-rainier-ave-schwefel-battle-royale-slot-sozusagen-food-speisegaststatte/ HTTP/2" 200 18893 "-" "Mozilla/5.0 AppleWebKit/537.36 (KHTML, like Gecko; compatible; bingbot/2.0; +http://www.bing.com/bingbot.htm) Chrome/116.0.1938.76 Safari/537.36"
107.151.163.104 - - [26/Apr/2026:16:35:24 +0300] "POST /xmlrpc.php HTTP/1.1" 200 630 "-" "Mozilla/5.0 (Windows NT 10.0; Win64; x64) AppleWebKit/537.36 (KHTML, like Gecko) Chrome/114.0.0.0 Safari/537.36"
185.216.113.70 - - [26/Apr/2026:16:35:47 +0300] "POST /wp-cron.php?doing_wp_cron=1777210547.0773930549621582031250 HTTP/1.1" 200 448 "-" "WordPress/6.3.8; https://serhatburke.miroglu.net"
40.77.167.131 - - [26/Apr/2026:16:35:35 +0300] "GET /basta-betting-inte-me-svensk-perso-koncessio-investing-news/ HTTP/2" 200 18961 "-" "Mozilla/5.0 AppleWebKit/537.36 (KHTML, like Gecko; compatible; bingbot/2.0; +http://www.bing.com/bingbot.htm) Chrome/116.0.1938.76 Safari/537.36"
107.151.163.104 - - [26/Apr/2026:16:35:42 +0300] "POST /xmlrpc.php HTTP/1.1" 200 15164 "-" "Mozilla/5.0 (Windows NT 10.0; Win64; x64) AppleWebKit/537.36 (KHTML, like Gecko) Chrome/114.0.0.0 Safari/537.36"
185.153.197.8 - - [26/Apr/2026:16:35:49 +0300] "POST /xmlrpc.php HTTP/1.1" 200 630 "-" "Mozilla/5.0 (Windows NT 10.0; Win64; x64) AppleWebKit/537.36 (KHTML, like Gecko) Chrome/114.0.0.0 Safari/537.36"
185.117.151.153 - - [26/Apr/2026:16:35:50 +0300] "GET /28563-2/ HTTP/1.1" 200 19310 "-" "Mozilla/5.0 (compatible; Googlebot/2.1; +http://www.google.com/bot.html)"
185.153.197.137 - - [26/Apr/2026:16:36:03 +0300] "POST /xmlrpc.php HTTP/1.1" 200 630 "-" "Mozilla/5.0 (Windows NT 10.0; Win64; x64) AppleWebKit/537.36 (KHTML, like Gecko) Chrome/114.0.0.0 Safari/537.36"
107.151.163.104 - - [26/Apr/2026:16:36:02 +0300] "GET /aloha-play-cash-wizards-slot-online-good-fresh-fruit-punch-position-because-of-the-funky-video-game-free-demonstration-gamble/ HTTP/1.1" 200 80592 "-" "Mozilla/5.0 (Windows NT 10.0; rv:109.0) Gecko/20100101 Firefox/115.0"
185.153.197.8 - - [26/Apr/2026:16:36:18 +0300] "POST /xmlrpc.php HTTP/1.1" 200 15679 "-" "Mozilla/5.0 (Windows NT 10.0; Win64; x64) AppleWebKit/537.36 (KHTML, like Gecko) Chrome/114.0.0.0 Safari/537.36"
185.216.113.70 - - [26/Apr/2026:16:36:40 +0300] "POST /wp-cron.php?doing_wp_cron=1777210600.6174719333648681640625 HTTP/1.1" 200 448 "-" "WordPress/6.3.8; https://serhatburke.miroglu.net"
178.156.215.67 - - [26/Apr/2026:16:36:18 +0300] "POST /xmlrpc.php HTTP/1.1" 200 602 "-" "Mozilla/5.0 (Windows NT 10.0; Win64; x64) AppleWebKit/537.36 (KHTML, like Gecko) Chrome/108.0.0.0 Safari/537.36"
107.151.163.104 - - [26/Apr/2026:16:36:24 +0300] "POST /xmlrpc.php HTTP/1.1" 200 630 "-" "Mozilla/5.0 (Windows NT 10.0; Win64; x64) AppleWebKit/537.36 (KHTML, like Gecko) Chrome/114.0.0.0 Safari/537.36"
185.153.197.137 - - [26/Apr/2026:16:36:26 +0300] "POST /xmlrpc.php HTTP/1.1" 200 13976 "-" "Mozilla/5.0 (Windows NT 10.0; Win64; x64) AppleWebKit/537.36 (KHTML, like Gecko) Chrome/114.0.0.0 Safari/537.36"
102.217.242.147 - - [26/Apr/2026:16:36:30 +0300] "GET /28563-2/ HTTP/1.1" 200 0 "-" "Mozilla/5.0 (compatible; Googlebot/2.1; +http://www.google.com/bot.html)"
178.156.215.67 - - [26/Apr/2026:16:36:42 +0300] "POST /xmlrpc.php HTTP/1.1" 200 594 "-" "Mozilla/5.0 (Windows NT 10.0; Win64; x64) AppleWebKit/537.36 (KHTML, like Gecko) Chrome/108.0.0.0 Safari/537.36"
185.153.197.8 - - [26/Apr/2026:16:36:39 +0300] "GET /best-all-of-us-online-casinos-top-10-gambling-enterprises-opposed-2026/ HTTP/1.1" 200 79617 "-" "Mozilla/5.0 (Windows NT 10.0; rv:109.0) Gecko/20100101 Firefox/115.0"
185.153.197.137 - - [26/Apr/2026:16:36:59 +0300] "GET /davinci-expensive-diamonds-from-the-igt-have-fun-with-the-status-here/ HTTP/1.1" 200 77834 "-" "Mozilla/5.0 (Windows NT 10.0; Win64; x64) AppleWebKit/537.36 (KHTML, like Gecko) Chrome/109.0.0.0 Safari/537.36"
107.151.163.104 - - [26/Apr/2026:16:37:02 +0300] "POST /xmlrpc.php HTTP/1.1" 200 15965 "-" "Mozilla/5.0 (Windows NT 10.0; Win64; x64) AppleWebKit/537.36 (KHTML, like Gecko) Chrome/114.0.0.0 Safari/537.36"
107.151.163.104 - - [26/Apr/2026:16:37:18 +0300] "POST /xmlrpc.php HTTP/1.1" 200 630 "-" "Mozilla/5.0 (Windows NT 10.0; Win64; x64) AppleWebKit/537.36 (KHTML, like Gecko) Chrome/114.0.0.0 Safari/537.36"
107.151.163.104 - - [26/Apr/2026:16:37:24 +0300] "GET /enjoy-totally-free-slot-hugo-2-casino-game-no-download-zero-registration/ HTTP/1.1" 200 79937 "-" "Mozilla/5.0 (Windows NT 10.0; Win64; x64) AppleWebKit/537.36 (KHTML, like Gecko) Chrome/122.0.0.0 Safari/537.36"
185.216.113.70 - - [26/Apr/2026:16:37:49 +0300] "POST /wp-cron.php?doing_wp_cron=1777210669.8249120712280273437500 HTTP/1.1" 200 448 "-" "WordPress/6.3.8; https://serhatburke.miroglu.net"
107.151.163.104 - - [26/Apr/2026:16:37:37 +0300] "POST /xmlrpc.php HTTP/1.1" 200 15782 "-" "Mozilla/5.0 (Windows NT 10.0; Win64; x64) AppleWebKit/537.36 (KHTML, like Gecko) Chrome/114.0.0.0 Safari/537.36"
107.151.163.104 - - [26/Apr/2026:16:37:51 +0300] "GET /stunning-sensuous-fresh-fruit-ways-and-idebit-casino-online-you-may-gambling-establishment-extremely-bonus-rules-information-your-would-be-to-are/ HTTP/1.1" 200 81468 "-" "Mozilla/5.0 (Windows NT 10.0; Win64; x64) AppleWebKit/537.36 (KHTML, like Gecko) Chrome/122.0.0.0 Safari/537.36"
107.151.163.104 - - [26/Apr/2026:16:38:13 +0300] "POST /xmlrpc.php HTTP/1.1" 200 630 "-" "Mozilla/5.0 (Windows NT 10.0; Win64; x64) AppleWebKit/537.36 (KHTML, like Gecko) Chrome/114.0.0.0 Safari/537.36"
185.216.113.70 - - [26/Apr/2026:16:38:44 +0300] "POST /wp-cron.php?doing_wp_cron=1777210724.1181049346923828125000 HTTP/1.1" 200 448 "-" "WordPress/6.3.8; https://serhatburke.miroglu.net"
107.151.163.104 - - [26/Apr/2026:16:38:31 +0300] "POST /xmlrpc.php HTTP/1.1" 200 15016 "-" "Mozilla/5.0 (Windows NT 10.0; Win64; x64) AppleWebKit/537.36 (KHTML, like Gecko) Chrome/114.0.0.0 Safari/537.36"
107.151.163.104 - - [26/Apr/2026:16:38:45 +0300] "GET /gamble-casino-monopoly-today/ HTTP/1.1" 200 77939 "-" "Mozilla/5.0 (Windows NT 10.0; rv:109.0) Gecko/20100101 Firefox/115.0"
107.151.163.104 - - [26/Apr/2026:16:39:09 +0300] "POST /xmlrpc.php HTTP/1.1" 200 630 "-" "Mozilla/5.0 (Windows NT 10.0; Win64; x64) AppleWebKit/537.36 (KHTML, like Gecko) Chrome/114.0.0.0 Safari/537.36"
185.216.113.70 - - [26/Apr/2026:16:40:05 +0300] "POST /wp-cron.php?doing_wp_cron=1777210805.7011740207672119140625 HTTP/1.1" 200 448 "-" "WordPress/6.3.8; https://serhatburke.miroglu.net"
107.151.163.104 - - [26/Apr/2026:16:39:52 +0300] "POST /xmlrpc.php HTTP/1.1" 200 15135 "-" "Mozilla/5.0 (Windows NT 10.0; Win64; x64) AppleWebKit/537.36 (KHTML, like Gecko) Chrome/114.0.0.0 Safari/537.36"
107.151.163.104 - - [26/Apr/2026:16:40:10 +0300] "GET /how-to-winnings-gorgeous-sensuous-fruits-spina-venetia-slot-zonke/ HTTP/1.1" 200 78723 "-" "Mozilla/5.0 (Windows NT 10.0; Win64; x64; rv:124.0) Gecko/20100101 Firefox/124.0"
185.153.197.8 - - [26/Apr/2026:16:40:19 +0300] "POST /xmlrpc.php HTTP/1.1" 200 630 "-" "Mozilla/5.0 (Windows NT 10.0; Win64; x64) AppleWebKit/537.36 (KHTML, like Gecko) Chrome/114.0.0.0 Safari/537.36"
185.216.113.70 - - [26/Apr/2026:16:40:49 +0300] "POST /wp-cron.php?doing_wp_cron=1777210849.2559161186218261718750 HTTP/1.1" 200 448 "-" "WordPress/6.3.8; https://serhatburke.miroglu.net"
185.153.197.8 - - [26/Apr/2026:16:40:37 +0300] "POST /xmlrpc.php HTTP/1.1" 200 15607 "-" "Mozilla/5.0 (Windows NT 10.0; Win64; x64) AppleWebKit/537.36 (KHTML, like Gecko) Chrome/114.0.0.0 Safari/537.36"
185.153.197.8 - - [26/Apr/2026:16:40:49 +0300] "GET /ideas-on-how-to-play-black-jack-information-and-assistance-howstuffworks/ HTTP/1.1" 200 79594 "-" "Mozilla/5.0 (Windows NT 10.0; Win64; x64) AppleWebKit/537.36 (KHTML, like Gecko) Chrome/123.0.0.0 Safari/537.36 OPR/109.0.0.0"
66.249.73.14 - - [26/Apr/2026:16:40:59 +0300] "GET /superspinscasino-uk-free-games-a-review-for-british-players/undefined?ts=1775520000 HTTP/1.1" 200 0 "https://serhatburke.miroglu.net/superspinscasino-uk-free-games-a-review-for-british-players/" "Mozilla/5.0 (Linux; Android 6.0.1; Nexus 5X Build/MMB29P) AppleWebKit/537.36 (KHTML, like Gecko) Chrome/146.0.7680.177 Mobile Safari/537.36 (compatible; Googlebot/2.1; +http://www.google.com/bot.html)"
185.153.197.137 - - [26/Apr/2026:16:41:16 +0300] "POST /xmlrpc.php HTTP/1.1" 200 630 "-" "Mozilla/5.0 (Windows NT 10.0; Win64; x64) AppleWebKit/537.36 (KHTML, like Gecko) Chrome/114.0.0.0 Safari/537.36"
185.216.113.70 - - [26/Apr/2026:16:41:45 +0300] "POST /wp-cron.php?doing_wp_cron=1777210905.3817028999328613281250 HTTP/1.1" 200 448 "-" "WordPress/6.3.8; https://serhatburke.miroglu.net"
185.153.197.137 - - [26/Apr/2026:16:41:33 +0300] "POST /xmlrpc.php HTTP/1.1" 200 13670 "-" "Mozilla/5.0 (Windows NT 10.0; Win64; x64) AppleWebKit/537.36 (KHTML, like Gecko) Chrome/114.0.0.0 Safari/537.36"
185.153.197.137 - - [26/Apr/2026:16:41:45 +0300] "GET /step-3500-davinci-diamond-paypal-position-game-punctual-winnings-huge-bonuses/ HTTP/1.1" 200 78195 "-" "Mozilla/5.0 (Windows NT 10.0; Win64; x64) AppleWebKit/537.36 (KHTML, like Gecko) Chrome/122.0.0.0 Safari/537.36"
185.216.113.70 - - [26/Apr/2026:16:43:17 +0300] "POST /wp-cron.php?doing_wp_cron=1777210997.1498150825500488281250 HTTP/1.1" 200 448 "-" "WordPress/6.3.8; https://serhatburke.miroglu.net"
107.151.163.104 - - [26/Apr/2026:16:43:05 +0300] "POST /xmlrpc.php HTTP/1.1" 200 630 "-" "Mozilla/5.0 (Windows NT 10.0; Win64; x64) AppleWebKit/537.36 (KHTML, like Gecko) Chrome/114.0.0.0 Safari/537.36"
107.151.163.104 - - [26/Apr/2026:16:43:23 +0300] "POST /xmlrpc.php HTTP/1.1" 200 15165 "-" "Mozilla/5.0 (Windows NT 10.0; Win64; x64) AppleWebKit/537.36 (KHTML, like Gecko) Chrome/114.0.0.0 Safari/537.36"
185.216.113.70 - - [26/Apr/2026:16:43:55 +0300] "POST /wp-cron.php?doing_wp_cron=1777211034.9974091053009033203125 HTTP/1.1" 200 448 "-" "WordPress/6.3.8; https://serhatburke.miroglu.net"
107.151.163.104 - - [26/Apr/2026:16:43:43 +0300] "GET /the-brand-deposit-5-get-80-free-spins-new-10-finest-web-based-casinos-in-australia-rated-because-of-the-professional-bettors-2025/ HTTP/1.1" 200 80812 "-" "Mozilla/5.0 (Windows NT 10.0; rv:125.0) Gecko/20100101 Firefox/125.0"
66.249.73.14 - - [26/Apr/2026:16:44:15 +0300] "GET /?p=131269 HTTP/1.1" 301 685 "-" "Mozilla/5.0 (Linux; Android 6.0.1; Nexus 5X Build/MMB29P) AppleWebKit/537.36 (KHTML, like Gecko) Chrome/146.0.7680.177 Mobile Safari/537.36 (compatible; Googlebot/2.1; +http://www.google.com/bot.html)"
185.216.113.70 - - [26/Apr/2026:16:44:54 +0300] "POST /wp-cron.php?doing_wp_cron=1777211094.6206300258636474609375 HTTP/1.1" 200 448 "-" "WordPress/6.3.8; https://serhatburke.miroglu.net"
66.249.73.15 - - [26/Apr/2026:16:44:43 +0300] "GET /olymp-casino-online-mobil-telefon-v-planetd-oyun-tcrbsi814/ HTTP/1.1" 200 18676 "-" "Mozilla/5.0 (Linux; Android 6.0.1; Nexus 5X Build/MMB29P) AppleWebKit/537.36 (KHTML, like Gecko) Chrome/146.0.7680.177 Mobile Safari/537.36 (compatible; Googlebot/2.1; +http://www.google.com/bot.html)"
185.216.113.70 - - [26/Apr/2026:16:45:46 +0300] "POST /wp-cron.php?doing_wp_cron=1777211146.4434020519256591796875 HTTP/1.1" 200 448 "-" "WordPress/6.3.8; https://serhatburke.miroglu.net"
130.51.20.151 - - [26/Apr/2026:16:45:31 +0300] "GET /beste-casino-site-belgie-hoge-inzet/ HTTP/1.1" 200 19282 "-" "Mozilla/5.0 (compatible; Googlebot/2.1; +http://www.google.com/bot.html)"
66.249.73.1 - - [26/Apr/2026:16:45:36 +0300] "GET /olymp-casino-online-mobil-telefon-v-planetd-oyun-tcrbsi814/undefined?ts=1775520000 HTTP/1.1" 200 0 "https://serhatburke.miroglu.net/olymp-casino-online-mobil-telefon-v-planetd-oyun-tcrbsi814/" "Mozilla/5.0 (Linux; Android 6.0.1; Nexus 5X Build/MMB29P) AppleWebKit/537.36 (KHTML, like Gecko) Chrome/146.0.7680.177 Mobile Safari/537.36 (compatible; Googlebot/2.1; +http://www.google.com/bot.html)"
172.245.62.181 - - [26/Apr/2026:16:45:38 +0300] "GET /beste-casino-site-belgie-hoge-inzet/ HTTP/1.1" 200 19290 "https://serhatburke.miroglu.net/" "Mozilla/5.0 (Macintosh; Intel Mac OS X 10_15_7) AppleWebKit/605.1.15 (KHTML, like Gecko) Version/26.3 Safari/605.1.15"
172.245.62.181 - - [26/Apr/2026:16:45:58 +0300] "GET /wp-includes/css/dist/block-library/style.min.css?ver=6.3.8 HTTP/1.1" 200 13578 "https://serhatburke.miroglu.net/beste-casino-site-belgie-hoge-inzet/" "Mozilla/5.0 (Windows NT 10.0; Win64; x64) AppleWebKit/537.36 (KHTML, like Gecko) Chrome/145.0.0.0 Safari/537.36"
172.245.62.181 - - [26/Apr/2026:16:46:00 +0300] "GET /wp-content/plugins/contact-form-7/includes/css/styles.css?ver=5.8 HTTP/1.1" 200 1490 "https://serhatburke.miroglu.net/beste-casino-site-belgie-hoge-inzet/" "Mozilla/5.0 (Windows NT 10.0; Win64; x64) AppleWebKit/537.36 (KHTML, like Gecko) Chrome/145.0.0.0 Safari/537.36"
172.245.62.181 - - [26/Apr/2026:16:46:02 +0300] "GET /wp-content/themes/toppic/css/fontello.css?ver=4.2 HTTP/1.1" 200 1802 "https://serhatburke.miroglu.net/beste-casino-site-belgie-hoge-inzet/" "Mozilla/5.0 (Windows NT 10.0; Win64; x64) AppleWebKit/537.36 (KHTML, like Gecko) Chrome/145.0.0.0 Safari/537.36"
172.245.62.181 - - [26/Apr/2026:16:46:04 +0300] "GET /wp-content/themes/toppic/css/reset.css?ver=4.2 HTTP/1.1" 200 1178 "https://serhatburke.miroglu.net/beste-casino-site-belgie-hoge-inzet/" "Mozilla/5.0 (Windows NT 10.0; Win64; x64) AppleWebKit/537.36 (KHTML, like Gecko) Chrome/145.0.0.0 Safari/537.36"
172.245.62.181 - - [26/Apr/2026:16:46:06 +0300] "GET /wp-content/themes/toppic/css/default.css?ver=4.2 HTTP/1.1" 200 1811 "https://serhatburke.miroglu.net/beste-casino-site-belgie-hoge-inzet/" "Mozilla/5.0 (Windows NT 10.0; Win64; x64) AppleWebKit/537.36 (KHTML, like Gecko) Chrome/145.0.0.0 Safari/537.36"
172.245.62.181 - - [26/Apr/2026:16:46:08 +0300] "GET /wp-content/themes/toppic/style.css?ver=4.2 HTTP/1.1" 200 23398 "https://serhatburke.miroglu.net/beste-casino-site-belgie-hoge-inzet/" "Mozilla/5.0 (Windows NT 10.0; Win64; x64) AppleWebKit/537.36 (KHTML, like Gecko) Chrome/145.0.0.0 Safari/537.36"
172.245.62.181 - - [26/Apr/2026:16:46:10 +0300] "GET /wp-content/themes/toppic/css/royalslider.css?ver=4.2 HTTP/1.1" 200 1887 "https://serhatburke.miroglu.net/beste-casino-site-belgie-hoge-inzet/" "Mozilla/5.0 (Windows NT 10.0; Win64; x64) AppleWebKit/537.36 (KHTML, like Gecko) Chrome/145.0.0.0 Safari/537.36"
172.245.62.181 - - [26/Apr/2026:16:46:12 +0300] "GET /wp-content/themes/toppic/css/rs-default.css?ver=4.2 HTTP/1.1" 200 2625 "https://serhatburke.miroglu.net/beste-casino-site-belgie-hoge-inzet/" "Mozilla/5.0 (Windows NT 10.0; Win64; x64) AppleWebKit/537.36 (KHTML, like Gecko) Chrome/145.0.0.0 Safari/537.36"
185.153.197.137 - - [26/Apr/2026:16:46:01 +0300] "POST /xmlrpc.php HTTP/1.1" 200 630 "-" "Mozilla/5.0 (Windows NT 10.0; Win64; x64) AppleWebKit/537.36 (KHTML, like Gecko) Chrome/114.0.0.0 Safari/537.36"
172.245.62.181 - - [26/Apr/2026:16:46:14 +0300] "GET /wp-content/themes/toppic/css/lightbox.css?ver=4.2 HTTP/1.1" 200 2956 "https://serhatburke.miroglu.net/beste-casino-site-belgie-hoge-inzet/" "Mozilla/5.0 (Windows NT 10.0; Win64; x64) AppleWebKit/537.36 (KHTML, like Gecko) Chrome/145.0.0.0 Safari/537.36"
172.245.62.181 - - [26/Apr/2026:16:46:16 +0300] "GET /wp-content/themes/toppic/css/woocommerce.css?ver=4.2 HTTP/1.1" 200 2848 "https://serhatburke.miroglu.net/beste-casino-site-belgie-hoge-inzet/" "Mozilla/5.0 (Windows NT 10.0; Win64; x64) AppleWebKit/537.36 (KHTML, like Gecko) Chrome/145.0.0.0 Safari/537.36"
172.245.62.181 - - [26/Apr/2026:16:46:18 +0300] "GET /wp-content/themes/toppic/css/responsive.css?ver=4.2 HTTP/1.1" 200 2796 "https://serhatburke.miroglu.net/beste-casino-site-belgie-hoge-inzet/" "Mozilla/5.0 (Windows NT 10.0; Win64; x64) AppleWebKit/537.36 (KHTML, like Gecko) Chrome/145.0.0.0 Safari/537.36"
185.153.197.8 - - [26/Apr/2026:16:46:10 +0300] "POST /xmlrpc.php HTTP/1.1" 200 630 "-" "Mozilla/5.0 (Windows NT 10.0; Win64; x64) AppleWebKit/537.36 (KHTML, like Gecko) Chrome/114.0.0.0 Safari/537.36"
185.216.113.70 - - [26/Apr/2026:16:46:33 +0300] "POST /wp-cron.php?doing_wp_cron=1777211192.9284930229187011718750 HTTP/1.1" 200 448 "-" "WordPress/6.3.8; https://serhatburke.miroglu.net"
185.153.197.137 - - [26/Apr/2026:16:46:18 +0300] "POST /xmlrpc.php HTTP/1.1" 200 13091 "-" "Mozilla/5.0 (Windows NT 10.0; Win64; x64) AppleWebKit/537.36 (KHTML, like Gecko) Chrome/114.0.0.0 Safari/537.36"
172.245.62.181 - - [26/Apr/2026:16:46:20 +0300] "POST /wp-comments-post.php HTTP/1.1" 302 1083 "https://serhatburke.miroglu.net/beste-casino-site-belgie-hoge-inzet/" "Mozilla/5.0 (Macintosh; Intel Mac OS X 10_15_7) AppleWebKit/605.1.15 (KHTML, like Gecko) Version/26.3 Safari/605.1.15"
