185.216.113.70 - - [26/Apr/2026:15:11:40 +0300] "POST /wp-cron.php?doing_wp_cron=1777205500.0604739189147949218750 HTTP/1.1" 200 448 "-" "WordPress/6.3.8; https://serhatburke.miroglu.net"
40.77.167.43 - - [26/Apr/2026:15:11:28 +0300] "GET /darmowe-rozrywki-jednoreki-rzezimieszek-przez-internet-bez-rejestrowania-wizard-of-oz-5-depozyt-sie-oraz-logowania/ HTTP/2" 200 20256 "-" "Mozilla/5.0 AppleWebKit/537.36 (KHTML, like Gecko; compatible; bingbot/2.0; +http://www.bing.com/bingbot.htm) Chrome/116.0.1938.76 Safari/537.36"
107.151.163.104 - - [26/Apr/2026:15:11:34 +0300] "GET /dr-bet-sportsbook-remark-source-hyperlink-2026-have-opportunity-bonuses-and-you-may-offers/ HTTP/1.1" 200 79778 "-" "Mozilla/5.0 (Windows NT 10.0; rv:125.0) Gecko/20100101 Firefox/125.0"
172.86.76.182 - - [26/Apr/2026:15:11:57 +0300] "GET /beste-casino-site-belgie-hoge-inzet/ HTTP/1.1" 200 19282 "-" "Mozilla/5.0 (Windows NT 10.0; WOW64) AppleWebKit/537.36 (KHTML, like Gecko) Chrome/114.0.0.0 YaBrowser/22.7.0 Yowser/2.5 Safari/537.36"
107.151.163.104 - - [26/Apr/2026:15:12:10 +0300] "POST /xmlrpc.php HTTP/1.1" 200 630 "-" "Mozilla/5.0 (Windows NT 10.0; Win64; x64) AppleWebKit/537.36 (KHTML, like Gecko) Chrome/114.0.0.0 Safari/537.36"
185.216.113.70 - - [26/Apr/2026:15:12:42 +0300] "POST /wp-cron.php?doing_wp_cron=1777205562.5018479824066162109375 HTTP/1.1" 200 448 "-" "WordPress/6.3.8; https://serhatburke.miroglu.net"
107.151.163.104 - - [26/Apr/2026:15:12:30 +0300] "POST /xmlrpc.php HTTP/1.1" 200 15989 "-" "Mozilla/5.0 (Windows NT 10.0; Win64; x64) AppleWebKit/537.36 (KHTML, like Gecko) Chrome/114.0.0.0 Safari/537.36"
107.151.163.104 - - [26/Apr/2026:15:12:44 +0300] "GET /debasishraychawdhuri-slot-games-wealth-of-monkeys-guttenberg_books_test/ HTTP/1.1" 200 79896 "-" "Mozilla/5.0 (Windows NT 10.0; Win64; x64) AppleWebKit/537.36 (KHTML, like Gecko) Chrome/122.0.0.0 Safari/537.36"
107.151.163.104 - - [26/Apr/2026:15:13:26 +0300] "POST /xmlrpc.php HTTP/1.1" 200 630 "-" "Mozilla/5.0 (Windows NT 10.0; Win64; x64) AppleWebKit/537.36 (KHTML, like Gecko) Chrome/114.0.0.0 Safari/537.36"
216.73.217.81 - - [26/Apr/2026:15:13:50 +0300] "GET /sitemap.xml HTTP/2" 200 0 "-" "Mozilla/5.0 AppleWebKit/537.36 (KHTML, like Gecko; compatible; ClaudeBot/1.0; +claudebot@anthropic.com)"
185.216.113.70 - - [26/Apr/2026:15:14:01 +0300] "POST /wp-cron.php?doing_wp_cron=1777205641.5952849388122558593750 HTTP/1.1" 200 448 "-" "WordPress/6.3.8; https://serhatburke.miroglu.net"
107.151.163.104 - - [26/Apr/2026:15:13:44 +0300] "POST /xmlrpc.php HTTP/1.1" 200 15484 "-" "Mozilla/5.0 (Windows NT 10.0; Win64; x64) AppleWebKit/537.36 (KHTML, like Gecko) Chrome/114.0.0.0 Safari/537.36"
107.151.163.104 - - [26/Apr/2026:15:14:03 +0300] "GET /dragon-shrine-position-review-finest-features-and-you-casino-two-up-mobile-may-successful-info/ HTTP/1.1" 200 80051 "-" "Mozilla/5.0 (Windows NT 10.0; rv:125.0) Gecko/20100101 Firefox/125.0"
185.216.113.70 - - [26/Apr/2026:15:14:51 +0300] "POST /wp-cron.php?doing_wp_cron=1777205691.2341890335083007812500 HTTP/1.1" 200 448 "-" "WordPress/6.3.8; https://serhatburke.miroglu.net"
107.151.163.104 - - [26/Apr/2026:15:14:37 +0300] "POST /xmlrpc.php HTTP/1.1" 200 630 "-" "Mozilla/5.0 (Windows NT 10.0; Win64; x64) AppleWebKit/537.36 (KHTML, like Gecko) Chrome/114.0.0.0 Safari/537.36"
107.151.163.104 - - [26/Apr/2026:15:14:58 +0300] "POST /xmlrpc.php HTTP/1.1" 200 15468 "-" "Mozilla/5.0 (Windows NT 10.0; Win64; x64) AppleWebKit/537.36 (KHTML, like Gecko) Chrome/114.0.0.0 Safari/537.36"
66.249.73.14 - - [26/Apr/2026:15:14:58 +0300] "GET /up-x-onlain-kazino-licenziia-i-bezopasnost560/ HTTP/1.1" 200 19672 "-" "Mozilla/5.0 (Linux; Android 6.0.1; Nexus 5X Build/MMB29P) AppleWebKit/537.36 (KHTML, like Gecko) Chrome/146.0.7680.177 Mobile Safari/537.36 (compatible; Googlebot/2.1; +http://www.google.com/bot.html)"
66.249.73.15 - - [26/Apr/2026:15:15:01 +0300] "GET /pin-up-casino-online-giri-trkiye7842-3/ HTTP/1.1" 200 18532 "-" "Mozilla/5.0 (Linux; Android 6.0.1; Nexus 5X Build/MMB29P) AppleWebKit/537.36 (KHTML, like Gecko) Chrome/146.0.7680.177 Mobile Safari/537.36 (compatible; Googlebot/2.1; +http://www.google.com/bot.html)"
66.249.73.14 - - [26/Apr/2026:15:15:20 +0300] "GET /wp-includes/js/jquery/jquery-migrate.min.js?ver=3.4.1 HTTP/1.1" 200 5128 "https://serhatburke.miroglu.net/up-x-onlain-kazino-licenziia-i-bezopasnost560/" "Mozilla/5.0 (Linux; Android 6.0.1; Nexus 5X Build/MMB29P) AppleWebKit/537.36 (KHTML, like Gecko) Chrome/146.0.7680.177 Mobile Safari/537.36 (compatible; Googlebot/2.1; +http://www.google.com/bot.html)"
107.151.163.104 - - [26/Apr/2026:15:15:18 +0300] "GET /dr-wager-login-uk-blood-suckers-free-spins-no-deposit-is-actually-an-informed-gambling-establishment-in-the-2026/ HTTP/1.1" 200 80431 "-" "Mozilla/5.0 (Windows NT 10.0; Win64; x64; rv:125.0) Gecko/20100101 Firefox/125.0"
185.216.113.70 - - [26/Apr/2026:15:16:00 +0300] "POST /wp-cron.php?doing_wp_cron=1777205760.8262500762939453125000 HTTP/1.1" 200 448 "-" "WordPress/6.3.8; https://serhatburke.miroglu.net"
193.36.38.228 - - [26/Apr/2026:15:15:44 +0300] "POST /xmlrpc.php HTTP/1.1" 200 692 "-" "Mozilla/5.0 (Windows NT 10.0; Win64; x64) AppleWebKit/537.36 (KHTML, like Gecko) Chrome/114.0.0.0 Safari/537.36"
107.151.163.104 - - [26/Apr/2026:15:15:44 +0300] "POST /xmlrpc.php HTTP/1.1" 200 630 "-" "Mozilla/5.0 (Windows NT 10.0; Win64; x64) AppleWebKit/537.36 (KHTML, like Gecko) Chrome/114.0.0.0 Safari/537.36"
66.249.73.14 - - [26/Apr/2026:15:15:58 +0300] "GET /up-x-onlain-kazino-licenziia-i-bezopasnost560/undefined?ts=1775520000 HTTP/1.1" 200 0 "https://serhatburke.miroglu.net/up-x-onlain-kazino-licenziia-i-bezopasnost560/" "Mozilla/5.0 (Linux; Android 6.0.1; Nexus 5X Build/MMB29P) AppleWebKit/537.36 (KHTML, like Gecko) Chrome/146.0.7680.177 Mobile Safari/537.36 (compatible; Googlebot/2.1; +http://www.google.com/bot.html)"
66.249.73.14 - - [26/Apr/2026:15:16:06 +0300] "GET /pin-up-casino-online-giri-trkiye7842-3/undefined?ts=1775520000 HTTP/1.1" 200 0 "https://serhatburke.miroglu.net/pin-up-casino-online-giri-trkiye7842-3/" "Mozilla/5.0 (Linux; Android 6.0.1; Nexus 5X Build/MMB29P) AppleWebKit/537.36 (KHTML, like Gecko) Chrome/146.0.7680.177 Mobile Safari/537.36 (compatible; Googlebot/2.1; +http://www.google.com/bot.html)"
193.36.38.228 - - [26/Apr/2026:15:16:06 +0300] "POST /xmlrpc.php HTTP/1.1" 200 9063 "-" "Mozilla/5.0 (Windows NT 10.0; Win64; x64) AppleWebKit/537.36 (KHTML, like Gecko) Chrome/114.0.0.0 Safari/537.36"
107.151.163.104 - - [26/Apr/2026:15:16:08 +0300] "POST /xmlrpc.php HTTP/1.1" 200 15723 "-" "Mozilla/5.0 (Windows NT 10.0; Win64; x64) AppleWebKit/537.36 (KHTML, like Gecko) Chrome/114.0.0.0 Safari/537.36"
185.216.113.70 - - [26/Apr/2026:15:16:43 +0300] "POST /wp-cron.php?doing_wp_cron=1777205803.4988238811492919921875 HTTP/1.1" 200 448 "-" "WordPress/6.3.8; https://serhatburke.miroglu.net"
193.36.38.228 - - [26/Apr/2026:15:16:28 +0300] "GET /mediante-contrasto-ai-preconcetti-diffusi-le-certificazioni-internazionali-garantiscono-standard-di-decisione-rigorosi/ HTTP/1.1" 200 74940 "-" "Mozilla/5.0 (Windows NT 10.0; Win64; x64) AppleWebKit/537.36 (KHTML, like Gecko) Chrome/124.0.0.0 Safari/537.36 Edg/124.0.0.0"
107.151.163.104 - - [26/Apr/2026:15:16:31 +0300] "GET /eye-out-of-horus-real-date-statistics-casino-grand-mondial-legit-rtp-and-srp/ HTTP/1.1" 200 79972 "-" "Mozilla/5.0 (Windows NT 10.0; Win64; x64; rv:124.0) Gecko/20100101 Firefox/124.0"
40.77.167.70 - - [26/Apr/2026:15:16:36 +0300] "GET /twist-pug-gambling-establishment-2026-bonus-sense-test-remark/ HTTP/2" 200 20558 "-" "Mozilla/5.0 AppleWebKit/537.36 (KHTML, like Gecko; compatible; bingbot/2.0; +http://www.bing.com/bingbot.htm) Chrome/116.0.1938.76 Safari/537.36"
193.36.38.228 - - [26/Apr/2026:15:16:40 +0300] "POST /xmlrpc.php HTTP/1.1" 200 692 "-" "Mozilla/5.0 (Windows NT 10.0; Win64; x64) AppleWebKit/537.36 (KHTML, like Gecko) Chrome/114.0.0.0 Safari/537.36"
107.151.163.104 - - [26/Apr/2026:15:17:02 +0300] "POST /xmlrpc.php HTTP/1.1" 200 630 "-" "Mozilla/5.0 (Windows NT 10.0; Win64; x64) AppleWebKit/537.36 (KHTML, like Gecko) Chrome/114.0.0.0 Safari/537.36"
66.249.73.15 - - [26/Apr/2026:15:17:08 +0300] "GET /celebrate-9casino-uk-big-slot-wins-with-us/ HTTP/1.1" 200 0 "https://lyzvgf.driftengine-games.info/" "Mozilla/5.0 (Linux; Android 6.0.1; Nexus 5X Build/MMB29P) AppleWebKit/537.36 (KHTML, like Gecko) Chrome/146.0.7680.177 Mobile Safari/537.36 (compatible; Googlebot/2.1; +http://www.google.com/bot.html)"
193.36.38.228 - - [26/Apr/2026:15:17:05 +0300] "POST /xmlrpc.php HTTP/1.1" 200 11285 "-" "Mozilla/5.0 (Windows NT 10.0; Win64; x64) AppleWebKit/537.36 (KHTML, like Gecko) Chrome/114.0.0.0 Safari/537.36"
185.216.113.70 - - [26/Apr/2026:15:17:35 +0300] "POST /wp-cron.php?doing_wp_cron=1777205854.6086630821228027343750 HTTP/1.1" 200 448 "-" "WordPress/6.3.8; https://serhatburke.miroglu.net"
107.151.163.104 - - [26/Apr/2026:15:17:22 +0300] "POST /xmlrpc.php HTTP/1.1" 200 15755 "-" "Mozilla/5.0 (Windows NT 10.0; Win64; x64) AppleWebKit/537.36 (KHTML, like Gecko) Chrome/114.0.0.0 Safari/537.36"
193.36.38.228 - - [26/Apr/2026:15:17:20 +0300] "GET /curare-precisamente-limporto-del-gratifica-escludendo-fitto-casa-da-gioco-bensi-allo-uguale-eta-eccedere-le-apparenze/ HTTP/1.1" 200 77151 "-" "Mozilla/5.0 (Windows NT 10.0; Win64; x64; rv:124.0) Gecko/20100101 Firefox/124.0"
193.36.38.228 - - [26/Apr/2026:15:17:30 +0300] "POST /xmlrpc.php HTTP/1.1" 200 692 "-" "Mozilla/5.0 (Windows NT 10.0; Win64; x64) AppleWebKit/537.36 (KHTML, like Gecko) Chrome/114.0.0.0 Safari/537.36"
107.151.163.104 - - [26/Apr/2026:15:17:38 +0300] "GET /eye-away-from-horus-megaways-play-tarzan-slots-position-demo-and-comment-blueprint-playing/ HTTP/1.1" 200 80208 "-" "Mozilla/5.0 (Windows NT 10.0; rv:125.0) Gecko/20100101 Firefox/125.0"
193.36.38.228 - - [26/Apr/2026:15:17:53 +0300] "POST /xmlrpc.php HTTP/1.1" 200 8794 "-" "Mozilla/5.0 (Windows NT 10.0; Win64; x64) AppleWebKit/537.36 (KHTML, like Gecko) Chrome/114.0.0.0 Safari/537.36"
193.36.38.228 - - [26/Apr/2026:15:18:09 +0300] "GET /ci-sono-di-nuovo-diversi-vantaggi-nel-scegliere-siti-di-casa-da-gioco-non-aams-sopra-premio-privato-di-intricato/ HTTP/1.1" 200 74392 "-" "Mozilla/5.0 (Windows NT 10.0; Win64; x64) AppleWebKit/537.36 (KHTML, like Gecko) Chrome/123.0.0.0 Safari/537.36 OPR/109.0.0.0"
107.151.163.104 - - [26/Apr/2026:15:18:11 +0300] "POST /xmlrpc.php HTTP/1.1" 200 630 "-" "Mozilla/5.0 (Windows NT 10.0; Win64; x64) AppleWebKit/537.36 (KHTML, like Gecko) Chrome/114.0.0.0 Safari/537.36"
185.216.113.70 - - [26/Apr/2026:15:18:41 +0300] "POST /wp-cron.php?doing_wp_cron=1777205921.8950650691986083984375 HTTP/1.1" 200 448 "-" "WordPress/6.3.8; https://serhatburke.miroglu.net"
107.151.163.104 - - [26/Apr/2026:15:18:29 +0300] "POST /xmlrpc.php HTTP/1.1" 200 15576 "-" "Mozilla/5.0 (Windows NT 10.0; Win64; x64) AppleWebKit/537.36 (KHTML, like Gecko) Chrome/114.0.0.0 Safari/537.36"
107.151.163.104 - - [26/Apr/2026:15:18:43 +0300] "GET /vision-away-treasures-of-egypt-slot-play-for-money-from-horus-totally-free-slot-machine-online/ HTTP/1.1" 200 79994 "-" "Mozilla/5.0 (Windows NT 10.0; Win64; x64) AppleWebKit/537.36 (KHTML, like Gecko) Chrome/109.0.0.0 Safari/537.36"
193.36.38.228 - - [26/Apr/2026:15:18:53 +0300] "POST /xmlrpc.php HTTP/1.1" 200 692 "-" "Mozilla/5.0 (Windows NT 10.0; Win64; x64) AppleWebKit/537.36 (KHTML, like Gecko) Chrome/114.0.0.0 Safari/537.36"
192.142.53.92 - - [26/Apr/2026:15:19:03 +0300] "GET /migliori-bonus-casino-online-per-giocare-con-5/ HTTP/2" 200 164579 "-" "Mozilla/5.0 (Windows NT 10.0; Win64; x64) AppleWebKit/537.36 (KHTML, like Gecko) Chrome/124.0.0.0 Safari/537.36"
107.151.163.104 - - [26/Apr/2026:15:19:11 +0300] "POST /xmlrpc.php HTTP/1.1" 200 630 "-" "Mozilla/5.0 (Windows NT 10.0; Win64; x64) AppleWebKit/537.36 (KHTML, like Gecko) Chrome/114.0.0.0 Safari/537.36"
193.36.38.228 - - [26/Apr/2026:15:19:12 +0300] "POST /xmlrpc.php HTTP/1.1" 200 8795 "-" "Mozilla/5.0 (Windows NT 10.0; Win64; x64) AppleWebKit/537.36 (KHTML, like Gecko) Chrome/114.0.0.0 Safari/537.36"
185.216.113.70 - - [26/Apr/2026:15:19:38 +0300] "POST /wp-cron.php?doing_wp_cron=1777205978.3412640094757080078125 HTTP/1.1" 200 448 "-" "WordPress/6.3.8; https://serhatburke.miroglu.net"
193.36.38.228 - - [26/Apr/2026:15:19:26 +0300] "GET /abitualmente-volte-requisiti-di-passata-variano-da-20x-verso-50x-limporto-del-gratifica/ HTTP/1.1" 200 74041 "-" "Mozilla/5.0 (Windows NT 10.0; Win64; x64) AppleWebKit/537.36 (KHTML, like Gecko) Chrome/123.0.0.0 Safari/537.36"
107.151.163.104 - - [26/Apr/2026:15:19:31 +0300] "POST /xmlrpc.php HTTP/1.1" 200 15606 "-" "Mozilla/5.0 (Windows NT 10.0; Win64; x64) AppleWebKit/537.36 (KHTML, like Gecko) Chrome/114.0.0.0 Safari/537.36"
107.151.163.104 - - [26/Apr/2026:15:19:46 +0300] "GET /50-play-wicked-circus-online-free-spins-offers/ HTTP/1.1" 200 78858 "-" "Mozilla/5.0 (Windows NT 10.0; Win64; x64) AppleWebKit/537.36 (KHTML, like Gecko) Chrome/123.0.0.0 Safari/537.36 OPR/109.0.0.0"
193.36.38.228 - - [26/Apr/2026:15:19:51 +0300] "POST /xmlrpc.php HTTP/1.1" 200 692 "-" "Mozilla/5.0 (Windows NT 10.0; Win64; x64) AppleWebKit/537.36 (KHTML, like Gecko) Chrome/114.0.0.0 Safari/537.36"
185.216.113.70 - - [26/Apr/2026:15:19:52 +0300] "GET / HTTP/1.1" 200 21467 "-" "WordPress/6.3.8; https://serhatburke.miroglu.net"
185.216.113.70 - - [26/Apr/2026:15:19:57 +0300] "GET / HTTP/1.1" 200 21467 "-" "WordPress/6.3.8; https://serhatburke.miroglu.net"
185.216.113.70 - - [26/Apr/2026:15:20:27 +0300] "POST /wp-cron.php?doing_wp_cron=1777206027.6504731178283691406250 HTTP/1.1" 200 448 "-" "WordPress/6.3.8; https://serhatburke.miroglu.net"
107.151.163.104 - - [26/Apr/2026:15:20:15 +0300] "POST /xmlrpc.php HTTP/1.1" 200 630 "-" "Mozilla/5.0 (Windows NT 10.0; Win64; x64) AppleWebKit/537.36 (KHTML, like Gecko) Chrome/114.0.0.0 Safari/537.36"
193.36.38.228 - - [26/Apr/2026:15:20:16 +0300] "POST /xmlrpc.php HTTP/1.1" 200 8907 "-" "Mozilla/5.0 (Windows NT 10.0; Win64; x64) AppleWebKit/537.36 (KHTML, like Gecko) Chrome/114.0.0.0 Safari/537.36"
193.36.38.228 - - [26/Apr/2026:15:20:28 +0300] "GET /sopra-questa-facciata-trovi-una-stringa-aggiornata-delle-offerte-oltre-a-interessanti/ HTTP/1.1" 200 73841 "-" "Mozilla/5.0 (Windows NT 10.0; rv:109.0) Gecko/20100101 Firefox/115.0"
107.151.163.104 - - [26/Apr/2026:15:20:34 +0300] "POST /xmlrpc.php HTTP/1.1" 200 15799 "-" "Mozilla/5.0 (Windows NT 10.0; Win64; x64) AppleWebKit/537.36 (KHTML, like Gecko) Chrome/114.0.0.0 Safari/537.36"
185.153.197.137 - - [26/Apr/2026:15:20:34 +0300] "POST /xmlrpc.php HTTP/1.1" 200 630 "-" "Mozilla/5.0 (Windows NT 10.0; Win64; x64) AppleWebKit/537.36 (KHTML, like Gecko) Chrome/114.0.0.0 Safari/537.36"
185.216.113.70 - - [26/Apr/2026:15:20:46 +0300] "GET / HTTP/1.1" 200 21467 "-" "WordPress/6.3.8; https://serhatburke.miroglu.net"
185.216.113.70 - - [26/Apr/2026:15:20:51 +0300] "GET / HTTP/1.1" 200 21280 "-" "WordPress/6.3.8; https://serhatburke.miroglu.net"
193.36.38.228 - - [26/Apr/2026:15:20:59 +0300] "POST /xmlrpc.php HTTP/1.1" 200 514 "-" "Mozilla/5.0 (Windows NT 10.0; Win64; x64) AppleWebKit/537.36 (KHTML, like Gecko) Chrome/114.0.0.0 Safari/537.36"
107.151.163.104 - - [26/Apr/2026:15:20:59 +0300] "GET /apk-install-to-own-android-os-casino-geisha-aptoide/ HTTP/1.1" 200 79291 "-" "Mozilla/5.0 (Windows NT 10.0; Win64; x64) AppleWebKit/537.36 (KHTML, like Gecko) Chrome/123.0.0.0 Safari/537.36 OPR/109.0.0.0"
185.153.197.137 - - [26/Apr/2026:15:21:04 +0300] "POST /xmlrpc.php HTTP/1.1" 200 13663 "-" "Mozilla/5.0 (Windows NT 10.0; Win64; x64) AppleWebKit/537.36 (KHTML, like Gecko) Chrome/114.0.0.0 Safari/537.36"
107.151.163.104 - - [26/Apr/2026:15:21:16 +0300] "POST /xmlrpc.php HTTP/1.1" 200 630 "-" "Mozilla/5.0 (Windows NT 10.0; Win64; x64) AppleWebKit/537.36 (KHTML, like Gecko) Chrome/114.0.0.0 Safari/537.36"
185.216.113.70 - - [26/Apr/2026:15:21:43 +0300] "POST /wp-cron.php?doing_wp_cron=1777206103.3269050121307373046875 HTTP/1.1" 200 448 "-" "WordPress/6.3.8; https://serhatburke.miroglu.net"
185.153.197.137 - - [26/Apr/2026:15:21:28 +0300] "GET /publication-of-inactive-totally-free-revolves-also-offers-casino-incentives-february-2026/ HTTP/1.1" 200 78387 "-" "Mozilla/5.0 (Windows NT 10.0; rv:109.0) Gecko/20100101 Firefox/115.0"
193.36.38.228 - - [26/Apr/2026:15:21:30 +0300] "POST /xmlrpc.php HTTP/1.1" 200 9290 "-" "Mozilla/5.0 (Windows NT 10.0; Win64; x64) AppleWebKit/537.36 (KHTML, like Gecko) Chrome/114.0.0.0 Safari/537.36"
107.151.163.104 - - [26/Apr/2026:15:21:41 +0300] "POST /xmlrpc.php HTTP/1.1" 200 15974 "-" "Mozilla/5.0 (Windows NT 10.0; Win64; x64) AppleWebKit/537.36 (KHTML, like Gecko) Chrome/114.0.0.0 Safari/537.36"
193.36.38.228 - - [26/Apr/2026:15:21:45 +0300] "GET /le-offerte-dei-giochi-mediante-bonus-senza-contare-fondo-coprono-diverse-categorie-dalle-slot-alle-scommesse-sportive/ HTTP/1.1" 200 74984 "-" "Mozilla/5.0 (Windows NT 10.0; Win64; x64; rv:124.0) Gecko/20100101 Firefox/124.0"
193.36.38.228 - - [26/Apr/2026:15:22:01 +0300] "POST /xmlrpc.php HTTP/1.1" 200 692 "-" "Mozilla/5.0 (Windows NT 10.0; Win64; x64) AppleWebKit/537.36 (KHTML, like Gecko) Chrome/114.0.0.0 Safari/537.36"
107.151.163.104 - - [26/Apr/2026:15:22:01 +0300] "GET /fairy-entrance-totally-free-casino-quatro-free-spins-sign-up-slot-machine-from-the-quickspin/ HTTP/1.1" 200 80611 "-" "Mozilla/5.0 (Windows NT 10.0; Win64; x64; rv:125.0) Gecko/20100101 Firefox/125.0"
107.151.163.104 - - [26/Apr/2026:15:22:14 +0300] "POST /xmlrpc.php HTTP/1.1" 200 630 "-" "Mozilla/5.0 (Windows NT 10.0; Win64; x64) AppleWebKit/537.36 (KHTML, like Gecko) Chrome/114.0.0.0 Safari/537.36"
193.36.38.228 - - [26/Apr/2026:15:22:20 +0300] "POST /xmlrpc.php HTTP/1.1" 200 11047 "-" "Mozilla/5.0 (Windows NT 10.0; Win64; x64) AppleWebKit/537.36 (KHTML, like Gecko) Chrome/114.0.0.0 Safari/537.36"
185.216.113.70 - - [26/Apr/2026:15:22:44 +0300] "POST /wp-cron.php?doing_wp_cron=1777206164.9772629737854003906250 HTTP/1.1" 200 448 "-" "WordPress/6.3.8; https://serhatburke.miroglu.net"
107.151.163.104 - - [26/Apr/2026:15:22:32 +0300] "POST /xmlrpc.php HTTP/1.1" 200 17107 "-" "Mozilla/5.0 (Windows NT 10.0; Win64; x64) AppleWebKit/537.36 (KHTML, like Gecko) Chrome/114.0.0.0 Safari/537.36"
193.36.38.228 - - [26/Apr/2026:15:22:34 +0300] "GET /oltre-tenta-privacy-nativa-abbiamo-controllato-certain-gratifica-escludendo-intricato-cavita-collegamento-espressivita-promozionale/ HTTP/1.1" 200 77090 "-" "Mozilla/5.0 (Windows NT 10.0; Win64; x64; rv:124.0) Gecko/20100101 Firefox/124.0"
107.151.163.104 - - [26/Apr/2026:15:22:47 +0300] "GET /superman-and-the-great-five-basic-steps-very-early-opening-hot-scatter-1-deposit-week-end-box-office-forecasts-anticipate-huge-dc-and-surprise-launches/ HTTP/1.1" 200 83049 "-" "Mozilla/5.0 (Windows NT 10.0; Win64; x64) AppleWebKit/537.36 (KHTML, like Gecko) Chrome/123.0.0.0 Safari/537.36"
193.36.38.228 - - [26/Apr/2026:15:22:58 +0300] "POST /xmlrpc.php HTTP/1.1" 200 692 "-" "Mozilla/5.0 (Windows NT 10.0; Win64; x64) AppleWebKit/537.36 (KHTML, like Gecko) Chrome/114.0.0.0 Safari/537.36"
185.216.113.70 - - [26/Apr/2026:15:23:27 +0300] "POST /wp-cron.php?doing_wp_cron=1777206207.0530478954315185546875 HTTP/1.1" 200 448 "-" "WordPress/6.3.8; https://serhatburke.miroglu.net"
107.151.163.104 - - [26/Apr/2026:15:23:15 +0300] "POST /xmlrpc.php HTTP/1.1" 200 630 "-" "Mozilla/5.0 (Windows NT 10.0; Win64; x64) AppleWebKit/537.36 (KHTML, like Gecko) Chrome/114.0.0.0 Safari/537.36"
193.36.38.228 - - [26/Apr/2026:15:23:15 +0300] "POST /xmlrpc.php HTTP/1.1" 200 11573 "-" "Mozilla/5.0 (Windows NT 10.0; Win64; x64) AppleWebKit/537.36 (KHTML, like Gecko) Chrome/114.0.0.0 Safari/537.36"
193.36.38.228 - - [26/Apr/2026:15:23:28 +0300] "GET /rso-gratifica-in-assenza-di-deposito-non-sono-mai-tutti-uguali/ HTTP/1.1" 200 75779 "-" "Mozilla/5.0 (Windows NT 10.0; Win64; x64) AppleWebKit/537.36 (KHTML, like Gecko) Chrome/124.0.0.0 Safari/537.36 Edg/124.0.0.0"
107.151.163.104 - - [26/Apr/2026:15:23:33 +0300] "POST /xmlrpc.php HTTP/1.1" 200 16387 "-" "Mozilla/5.0 (Windows NT 10.0; Win64; x64) AppleWebKit/537.36 (KHTML, like Gecko) Chrome/114.0.0.0 Safari/537.36"
193.36.38.228 - - [26/Apr/2026:15:23:48 +0300] "POST /xmlrpc.php HTTP/1.1" 200 514 "-" "Mozilla/5.0 (Windows NT 10.0; Win64; x64) AppleWebKit/537.36 (KHTML, like Gecko) Chrome/114.0.0.0 Safari/537.36"
107.151.163.104 - - [26/Apr/2026:15:23:51 +0300] "GET /hazard-high-voltage-slot-trial-best-casino-payment-methods-2026-and-remark/ HTTP/1.1" 200 80460 "-" "Mozilla/5.0 (Windows NT 10.0; Win64; x64) AppleWebKit/537.36 (KHTML, like Gecko) Chrome/122.0.0.0 Safari/537.36"
185.216.113.70 - - [26/Apr/2026:15:24:18 +0300] "POST /wp-cron.php?doing_wp_cron=1777206258.8358321189880371093750 HTTP/1.1" 200 448 "-" "WordPress/6.3.8; https://serhatburke.miroglu.net"
193.36.38.228 - - [26/Apr/2026:15:24:05 +0300] "POST /xmlrpc.php HTTP/1.1" 200 8357 "-" "Mozilla/5.0 (Windows NT 10.0; Win64; x64) AppleWebKit/537.36 (KHTML, like Gecko) Chrome/114.0.0.0 Safari/537.36"
107.151.163.104 - - [26/Apr/2026:15:24:14 +0300] "POST /xmlrpc.php HTTP/1.1" 200 630 "-" "Mozilla/5.0 (Windows NT 10.0; Win64; x64) AppleWebKit/537.36 (KHTML, like Gecko) Chrome/114.0.0.0 Safari/537.36"
193.36.38.228 - - [26/Apr/2026:15:24:19 +0300] "GET /tantissimi-casino-non-aams-offrono-ai-nuovi-giocatori-insecable-bel-po-di-free-spins-2/ HTTP/1.1" 200 73406 "-" "Mozilla/5.0 (Windows NT 10.0; Win64; x64; rv:124.0) Gecko/20100101 Firefox/124.0"
107.151.163.104 - - [26/Apr/2026:15:24:37 +0300] "POST /xmlrpc.php HTTP/1.1" 200 15791 "-" "Mozilla/5.0 (Windows NT 10.0; Win64; x64) AppleWebKit/537.36 (KHTML, like Gecko) Chrome/114.0.0.0 Safari/537.36"
193.36.38.228 - - [26/Apr/2026:15:24:44 +0300] "POST /xmlrpc.php HTTP/1.1" 200 514 "-" "Mozilla/5.0 (Windows NT 10.0; Win64; x64) AppleWebKit/537.36 (KHTML, like Gecko) Chrome/114.0.0.0 Safari/537.36"
185.216.113.70 - - [26/Apr/2026:15:25:04 +0300] "POST /wp-cron.php?doing_wp_cron=1777206303.9530739784240722656250 HTTP/1.1" 200 448 "-" "WordPress/6.3.8; https://serhatburke.miroglu.net"
107.151.163.104 - - [26/Apr/2026:15:24:51 +0300] "GET /lbs-santa-from-the-force-gaming-use-line-position-free-big-red-bonus-of-charge/ HTTP/1.1" 200 79783 "-" "Mozilla/5.0 (Windows NT 10.0; Win64; x64) AppleWebKit/537.36 (KHTML, like Gecko) Chrome/124.0.0.0 Safari/537.36 Edg/124.0.0.0"
185.153.197.137 - - [26/Apr/2026:15:25:01 +0300] "POST /xmlrpc.php HTTP/1.1" 200 630 "-" "Mozilla/5.0 (Windows NT 10.0; Win64; x64) AppleWebKit/537.36 (KHTML, like Gecko) Chrome/114.0.0.0 Safari/537.36"
193.36.38.228 - - [26/Apr/2026:15:25:02 +0300] "POST /xmlrpc.php HTTP/1.1" 200 12192 "-" "Mozilla/5.0 (Windows NT 10.0; Win64; x64) AppleWebKit/537.36 (KHTML, like Gecko) Chrome/114.0.0.0 Safari/537.36"
170.168.31.34 - - [26/Apr/2026:15:25:14 +0300] "POST /xmlrpc.php HTTP/2" 200 141 "-" "WordPress/XMLRPC Client"
107.151.163.104 - - [26/Apr/2026:15:25:19 +0300] "POST /xmlrpc.php HTTP/1.1" 200 630 "-" "Mozilla/5.0 (Windows NT 10.0; Win64; x64) AppleWebKit/537.36 (KHTML, like Gecko) Chrome/114.0.0.0 Safari/537.36"
193.36.38.228 - - [26/Apr/2026:15:25:23 +0300] "GET /iscrivendosi-il-giocatore-riceve-notifiche-tempestive-di-nuove-promozioni-inclusi-premio-da-10-euro-non-aams/ HTTP/1.1" 200 77466 "-" "Mozilla/5.0 (Windows NT 10.0; Win64; x64) AppleWebKit/537.36 (KHTML, like Gecko) Chrome/123.0.0.0 Safari/537.36 OPR/109.0.0.0"
185.153.197.137 - - [26/Apr/2026:15:25:26 +0300] "POST /xmlrpc.php HTTP/1.1" 200 13137 "-" "Mozilla/5.0 (Windows NT 10.0; Win64; x64) AppleWebKit/537.36 (KHTML, like Gecko) Chrome/114.0.0.0 Safari/537.36"
185.216.113.70 - - [26/Apr/2026:15:26:07 +0300] "POST /wp-cron.php?doing_wp_cron=1777206367.3265330791473388671875 HTTP/1.1" 200 448 "-" "WordPress/6.3.8; https://serhatburke.miroglu.net"
170.168.31.34 - - [26/Apr/2026:15:25:39 +0300] "GET /?p=138618 HTTP/2" 301 0 "-" "Mozilla/5.0 (Windows NT 10.0; Win64; x64) AppleWebKit/537.36 (KHTML, like Gecko) Chrome/120.0.0.0 Safari/537.36"
193.36.38.228 - - [26/Apr/2026:15:25:44 +0300] "POST /xmlrpc.php HTTP/1.1" 200 692 "-" "Mozilla/5.0 (Windows NT 10.0; Win64; x64) AppleWebKit/537.36 (KHTML, like Gecko) Chrome/114.0.0.0 Safari/537.36"
107.151.163.104 - - [26/Apr/2026:15:25:50 +0300] "POST /xmlrpc.php HTTP/1.1" 200 15837 "-" "Mozilla/5.0 (Windows NT 10.0; Win64; x64) AppleWebKit/537.36 (KHTML, like Gecko) Chrome/114.0.0.0 Safari/537.36"
185.153.197.137 - - [26/Apr/2026:15:25:52 +0300] "GET /chronicle-herald-news-headlines-and-you-can-stories-pni-atlantic-development/ HTTP/1.1" 200 77379 "-" "Mozilla/5.0 (Windows NT 10.0; Win64; x64) AppleWebKit/537.36 (KHTML, like Gecko) Chrome/109.0.0.0 Safari/537.36"
107.151.163.104 - - [26/Apr/2026:15:26:17 +0300] "GET /fire-joker-position-2026-wai-kiki-slot-machine-comment-rtp-and-totally-free-demo-gamble/ HTTP/1.1" 200 80121 "-" "Mozilla/5.0 (Windows NT 10.0; rv:109.0) Gecko/20100101 Firefox/115.0"
193.36.38.228 - - [26/Apr/2026:15:26:20 +0300] "POST /xmlrpc.php HTTP/1.1" 200 10016 "-" "Mozilla/5.0 (Windows NT 10.0; Win64; x64) AppleWebKit/537.36 (KHTML, like Gecko) Chrome/114.0.0.0 Safari/537.36"
107.151.163.104 - - [26/Apr/2026:15:26:20 +0300] "POST /xmlrpc.php HTTP/1.1" 200 630 "-" "Mozilla/5.0 (Windows NT 10.0; Win64; x64) AppleWebKit/537.36 (KHTML, like Gecko) Chrome/114.0.0.0 Safari/537.36"
185.216.113.70 - - [26/Apr/2026:15:26:55 +0300] "POST /wp-cron.php?doing_wp_cron=1777206415.0432999134063720703125 HTTP/1.1" 200 448 "-" "WordPress/6.3.8; https://serhatburke.miroglu.net"
193.36.38.228 - - [26/Apr/2026:15:26:38 +0300] "GET /betflag-casino-offre-indivis-gratifica-di-convenevole-privo-di-base-ad-esempio-raggiunge-astuto-a-5/ HTTP/1.1" 200 75060 "-" "Mozilla/5.0 (Windows NT 10.0; Win64; x64; rv:125.0) Gecko/20100101 Firefox/125.0"
52.167.144.232 - - [26/Apr/2026:15:26:43 +0300] "GET /kraken-bezopasnye-vkhodnye-ssylki-i-dostup-v-2026/ HTTP/2" 200 18866 "-" "Mozilla/5.0 AppleWebKit/537.36 (KHTML, like Gecko; compatible; bingbot/2.0; +http://www.bing.com/bingbot.htm) Chrome/116.0.1938.76 Safari/537.36"
193.36.38.228 - - [26/Apr/2026:15:26:45 +0300] "POST /xmlrpc.php HTTP/1.1" 200 692 "-" "Mozilla/5.0 (Windows NT 10.0; Win64; x64) AppleWebKit/537.36 (KHTML, like Gecko) Chrome/114.0.0.0 Safari/537.36"
107.151.163.104 - - [26/Apr/2026:15:26:45 +0300] "POST /xmlrpc.php HTTP/1.1" 200 15918 "-" "Mozilla/5.0 (Windows NT 10.0; Win64; x64) AppleWebKit/537.36 (KHTML, like Gecko) Chrome/114.0.0.0 Safari/537.36"
107.151.163.104 - - [26/Apr/2026:15:27:10 +0300] "GET /flames-joker-position-free-spins-no-deposit-cleopatra-ii-remark-spin-the-benefit-controls-to-have-honors/ HTTP/1.1" 200 80691 "-" "Mozilla/5.0 (Windows NT 10.0; Win64; x64) AppleWebKit/537.36 (KHTML, like Gecko) Chrome/109.0.0.0 Safari/537.36"
193.36.38.228 - - [26/Apr/2026:15:27:14 +0300] "POST /xmlrpc.php HTTP/1.1" 200 8580 "-" "Mozilla/5.0 (Windows NT 10.0; Win64; x64) AppleWebKit/537.36 (KHTML, like Gecko) Chrome/114.0.0.0 Safari/537.36"
107.151.163.104 - - [26/Apr/2026:15:27:21 +0300] "POST /xmlrpc.php HTTP/1.1" 200 630 "-" "Mozilla/5.0 (Windows NT 10.0; Win64; x64) AppleWebKit/537.36 (KHTML, like Gecko) Chrome/114.0.0.0 Safari/537.36"
193.36.38.228 - - [26/Apr/2026:15:27:26 +0300] "GET /verso-ammettere-il-gratifica-in-assenza-di-intricato-registrati-circa-addirittura-invia-il-rapporto-di-coincidenza/ HTTP/1.1" 200 74326 "-" "Mozilla/5.0 (Windows NT 10.0; Win64; x64; rv:125.0) Gecko/20100101 Firefox/125.0"
185.216.113.70 - - [26/Apr/2026:15:27:52 +0300] "POST /wp-cron.php?doing_wp_cron=1777206472.3035149574279785156250 HTTP/1.1" 200 448 "-" "WordPress/6.3.8; https://serhatburke.miroglu.net"
107.151.163.104 - - [26/Apr/2026:15:27:40 +0300] "POST /xmlrpc.php HTTP/1.1" 200 15432 "-" "Mozilla/5.0 (Windows NT 10.0; Win64; x64) AppleWebKit/537.36 (KHTML, like Gecko) Chrome/114.0.0.0 Safari/537.36"
193.36.38.228 - - [26/Apr/2026:15:27:49 +0300] "POST /xmlrpc.php HTTP/1.1" 200 514 "-" "Mozilla/5.0 (Windows NT 10.0; Win64; x64) AppleWebKit/537.36 (KHTML, like Gecko) Chrome/114.0.0.0 Safari/537.36"
107.151.163.104 - - [26/Apr/2026:15:27:54 +0300] "GET /fish-party-online-position-online-slot-games-hulk-game/ HTTP/1.1" 200 78826 "-" "Mozilla/5.0 (Windows NT 10.0; Win64; x64; rv:124.0) Gecko/20100101 Firefox/124.0"
193.36.38.228 - - [26/Apr/2026:15:28:11 +0300] "POST /xmlrpc.php HTTP/1.1" 200 11518 "-" "Mozilla/5.0 (Windows NT 10.0; Win64; x64) AppleWebKit/537.36 (KHTML, like Gecko) Chrome/114.0.0.0 Safari/537.36"
185.153.197.8 - - [26/Apr/2026:15:28:21 +0300] "POST /xmlrpc.php HTTP/1.1" 200 630 "-" "Mozilla/5.0 (Windows NT 10.0; Win64; x64) AppleWebKit/537.36 (KHTML, like Gecko) Chrome/114.0.0.0 Safari/537.36"
107.151.163.104 - - [26/Apr/2026:15:28:21 +0300] "POST /xmlrpc.php HTTP/1.1" 200 630 "-" "Mozilla/5.0 (Windows NT 10.0; Win64; x64) AppleWebKit/537.36 (KHTML, like Gecko) Chrome/114.0.0.0 Safari/537.36"
193.36.38.228 - - [26/Apr/2026:15:28:24 +0300] "GET /iscriviti-alla-nostra-newsletter-a-gratifica-senza-contare-fondo-tornei-gratuiti-nuove-slot-ancora-estraneo-ancora/ HTTP/1.1" 200 76995 "-" "Mozilla/5.0 (Windows NT 10.0; Win64; x64) AppleWebKit/537.36 (KHTML, like Gecko) Chrome/123.0.0.0 Safari/537.36"
193.36.38.228 - - [26/Apr/2026:15:28:31 +0300] "POST /xmlrpc.php HTTP/1.1" 200 692 "-" "Mozilla/5.0 (Windows NT 10.0; Win64; x64) AppleWebKit/537.36 (KHTML, like Gecko) Chrome/114.0.0.0 Safari/537.36"
185.216.113.70 - - [26/Apr/2026:15:29:01 +0300] "POST /wp-cron.php?doing_wp_cron=1777206540.8499820232391357421875 HTTP/1.1" 200 448 "-" "WordPress/6.3.8; https://serhatburke.miroglu.net"
185.153.197.8 - - [26/Apr/2026:15:28:46 +0300] "POST /xmlrpc.php HTTP/1.1" 200 16000 "-" "Mozilla/5.0 (Windows NT 10.0; Win64; x64) AppleWebKit/537.36 (KHTML, like Gecko) Chrome/114.0.0.0 Safari/537.36"
107.151.163.104 - - [26/Apr/2026:15:28:48 +0300] "POST /xmlrpc.php HTTP/1.1" 200 15932 "-" "Mozilla/5.0 (Windows NT 10.0; Win64; x64) AppleWebKit/537.36 (KHTML, like Gecko) Chrome/114.0.0.0 Safari/537.36"
193.36.38.228 - - [26/Apr/2026:15:28:54 +0300] "POST /xmlrpc.php HTTP/1.1" 200 9054 "-" "Mozilla/5.0 (Windows NT 10.0; Win64; x64) AppleWebKit/537.36 (KHTML, like Gecko) Chrome/114.0.0.0 Safari/537.36"
185.153.197.8 - - [26/Apr/2026:15:29:01 +0300] "GET /better-position-websites-inside-2026-finest-picks-to-you-personally-current/ HTTP/1.1" 200 79792 "-" "Mozilla/5.0 (Windows NT 10.0; Win64; x64) AppleWebKit/537.36 (KHTML, like Gecko) Chrome/109.0.0.0 Safari/537.36"
107.151.163.104 - - [26/Apr/2026:15:29:05 +0300] "GET /enjoy-100-percent-free-three-dimensional-ports-slotocash-free-spins-existing-customers-no-deposit-on-the-web-zero-down-load-expected/ HTTP/1.1" 200 81509 "-" "Mozilla/5.0 (Windows NT 10.0; rv:125.0) Gecko/20100101 Firefox/125.0"
107.151.163.104 - - [26/Apr/2026:15:29:15 +0300] "POST /xmlrpc.php HTTP/1.1" 200 630 "-" "Mozilla/5.0 (Windows NT 10.0; Win64; x64) AppleWebKit/537.36 (KHTML, like Gecko) Chrome/114.0.0.0 Safari/537.36"
193.36.38.228 - - [26/Apr/2026:15:29:16 +0300] "GET /solitamente-gli-operatori-pubblicano-le-lui-offerte-piu-interessanti-sulla-homepage/ HTTP/1.1" 200 73788 "-" "Mozilla/5.0 (Windows NT 10.0; rv:109.0) Gecko/20100101 Firefox/115.0"
193.36.38.228 - - [26/Apr/2026:15:29:23 +0300] "POST /xmlrpc.php HTTP/1.1" 200 692 "-" "Mozilla/5.0 (Windows NT 10.0; Win64; x64) AppleWebKit/537.36 (KHTML, like Gecko) Chrome/114.0.0.0 Safari/537.36"
185.216.113.70 - - [26/Apr/2026:15:30:18 +0300] "POST /wp-cron.php?doing_wp_cron=1777206617.9010989665985107421875 HTTP/1.1" 200 448 "-" "WordPress/6.3.8; https://serhatburke.miroglu.net"
107.151.163.104 - - [26/Apr/2026:15:29:53 +0300] "POST /xmlrpc.php HTTP/1.1" 200 15442 "-" "Mozilla/5.0 (Windows NT 10.0; Win64; x64) AppleWebKit/537.36 (KHTML, like Gecko) Chrome/114.0.0.0 Safari/537.36"
193.36.38.228 - - [26/Apr/2026:15:29:56 +0300] "POST /xmlrpc.php HTTP/1.1" 200 8444 "-" "Mozilla/5.0 (Windows NT 10.0; Win64; x64) AppleWebKit/537.36 (KHTML, like Gecko) Chrome/114.0.0.0 Safari/537.36"
185.153.197.137 - - [26/Apr/2026:15:30:04 +0300] "POST /xmlrpc.php HTTP/1.1" 200 630 "-" "Mozilla/5.0 (Windows NT 10.0; Win64; x64) AppleWebKit/537.36 (KHTML, like Gecko) Chrome/114.0.0.0 Safari/537.36"
107.151.163.104 - - [26/Apr/2026:15:30:10 +0300] "POST /xmlrpc.php HTTP/1.1" 200 630 "-" "Mozilla/5.0 (Windows NT 10.0; Win64; x64) AppleWebKit/537.36 (KHTML, like Gecko) Chrome/114.0.0.0 Safari/537.36"
107.151.163.104 - - [26/Apr/2026:15:30:19 +0300] "GET /all-twenty-five-100-percent-free-dragon-lines-free-spins-150-revolves-no-deposit-bonuses/ HTTP/1.1" 200 79839 "-" "Mozilla/5.0 (Windows NT 10.0; rv:125.0) Gecko/20100101 Firefox/125.0"
193.36.38.228 - - [26/Apr/2026:15:30:20 +0300] "GET /nonostante-entrambe-le-promozioni-abbiano-lo-stop-e-funzionamenti-imitation-non-mancano-le-divergenze/ HTTP/1.1" 200 73767 "-" "Mozilla/5.0 (Windows NT 10.0; Win64; x64) AppleWebKit/537.36 (KHTML, like Gecko) Chrome/124.0.0.0 Safari/537.36"
185.153.197.137 - - [26/Apr/2026:15:30:40 +0300] "POST /xmlrpc.php HTTP/1.1" 200 13272 "-" "Mozilla/5.0 (Windows NT 10.0; Win64; x64) AppleWebKit/537.36 (KHTML, like Gecko) Chrome/114.0.0.0 Safari/537.36"
107.151.163.104 - - [26/Apr/2026:15:30:46 +0300] "POST /xmlrpc.php HTTP/1.1" 200 15377 "-" "Mozilla/5.0 (Windows NT 10.0; Win64; x64) AppleWebKit/537.36 (KHTML, like Gecko) Chrome/114.0.0.0 Safari/537.36"
185.153.197.137 - - [26/Apr/2026:15:30:55 +0300] "GET /household-2/ HTTP/1.1" 200 75785 "-" "Mozilla/5.0 (Windows NT 10.0; Win64; x64) AppleWebKit/537.36 (KHTML, like Gecko) Chrome/123.0.0.0 Safari/537.36"
107.151.163.104 - - [26/Apr/2026:15:31:00 +0300] "GET /10-suggests-ideas-on-how-to-cool-wolf-slot-earn-free-bitcoins/ HTTP/1.1" 200 79347 "-" "Mozilla/5.0 (Windows NT 10.0; rv:109.0) Gecko/20100101 Firefox/115.0"
107.151.163.104 - - [26/Apr/2026:15:31:06 +0300] "POST /xmlrpc.php HTTP/1.1" 200 630 "-" "Mozilla/5.0 (Windows NT 10.0; Win64; x64) AppleWebKit/537.36 (KHTML, like Gecko) Chrome/114.0.0.0 Safari/537.36"
185.216.113.70 - - [26/Apr/2026:15:31:38 +0300] "POST /wp-cron.php?doing_wp_cron=1777206697.9519929885864257812500 HTTP/1.1" 200 448 "-" "WordPress/6.3.8; https://serhatburke.miroglu.net"
107.151.163.104 - - [26/Apr/2026:15:31:25 +0300] "POST /xmlrpc.php HTTP/1.1" 200 15291 "-" "Mozilla/5.0 (Windows NT 10.0; Win64; x64) AppleWebKit/537.36 (KHTML, like Gecko) Chrome/114.0.0.0 Safari/537.36"
107.151.163.104 - - [26/Apr/2026:15:31:39 +0300] "GET /gamble-22900-totally-free-gambling-games-within-casino-bovegas-casino-the-canada-zero-install/ HTTP/1.1" 200 79854 "-" "Mozilla/5.0 (Windows NT 10.0; Win64; x64) AppleWebKit/537.36 (KHTML, like Gecko) Chrome/123.0.0.0 Safari/537.36"
107.151.163.104 - - [26/Apr/2026:15:32:02 +0300] "POST /xmlrpc.php HTTP/1.1" 200 630 "-" "Mozilla/5.0 (Windows NT 10.0; Win64; x64) AppleWebKit/537.36 (KHTML, like Gecko) Chrome/114.0.0.0 Safari/537.36"
185.216.113.70 - - [26/Apr/2026:15:32:32 +0300] "POST /wp-cron.php?doing_wp_cron=1777206752.4543910026550292968750 HTTP/1.1" 200 448 "-" "WordPress/6.3.8; https://serhatburke.miroglu.net"
107.151.163.104 - - [26/Apr/2026:15:32:20 +0300] "POST /xmlrpc.php HTTP/1.1" 200 16102 "-" "Mozilla/5.0 (Windows NT 10.0; Win64; x64) AppleWebKit/537.36 (KHTML, like Gecko) Chrome/114.0.0.0 Safari/537.36"
107.151.163.104 - - [26/Apr/2026:15:32:34 +0300] "GET /on-lucky-88-pokies-australia-line-pokies-to-have-aussies-play-better-online-slots-games-without-mr-slot-twenty-five-100-percent-free-spins-no-deposit-gambling-games-membership/ HTTP/1.1" 200 82791 "-" "Mozilla/5.0 (Windows NT 10.0; Win64; x64) AppleWebKit/537.36 (KHTML, like Gecko) Chrome/124.0.0.0 Safari/537.36 Edg/124.0.0.0"
107.151.163.104 - - [26/Apr/2026:15:32:53 +0300] "POST /xmlrpc.php HTTP/1.1" 200 630 "-" "Mozilla/5.0 (Windows NT 10.0; Win64; x64) AppleWebKit/537.36 (KHTML, like Gecko) Chrome/114.0.0.0 Safari/537.36"
185.216.113.70 - - [26/Apr/2026:15:33:35 +0300] "POST /wp-cron.php?doing_wp_cron=1777206815.1060090065002441406250 HTTP/1.1" 200 448 "-" "WordPress/6.3.8; https://serhatburke.miroglu.net"
107.151.163.104 - - [26/Apr/2026:15:33:15 +0300] "POST /xmlrpc.php HTTP/1.1" 200 16176 "-" "Mozilla/5.0 (Windows NT 10.0; Win64; x64) AppleWebKit/537.36 (KHTML, like Gecko) Chrome/114.0.0.0 Safari/537.36"
196.98.155.154 - - [26/Apr/2026:15:33:22 +0300] "GET /28563-2/ HTTP/1.1" 200 19352 "https://serhatburke.miroglu.net/" "Mozilla/5.0 (Windows NT 10.0; Win64; x64; rv:146.0) Gecko/20100101 Firefox/146.0"
107.151.163.104 - - [26/Apr/2026:15:33:36 +0300] "GET /100-percent-free-spins-bonuses-new-iphone-gambling-enterprise-apps-wager-real-money-no-deposit-required-ministere-de-la-casino-22bet-100-free-spins-sante-publique/ HTTP/1.1" 200 82317 "-" "Mozilla/5.0 (Windows NT 10.0; Win64; x64) AppleWebKit/537.36 (KHTML, like Gecko) Chrome/122.0.0.0 Safari/537.36"
84.54.71.31 - - [26/Apr/2026:15:33:39 +0300] "GET /28563-2/ HTTP/1.1" 200 19352 "https://serhatburke.miroglu.net/" "Mozilla/5.0 (Windows NT 10.0; Win64; x64; rv:146.0) Gecko/20100101 Firefox/146.0"
107.151.163.104 - - [26/Apr/2026:15:33:48 +0300] "POST /xmlrpc.php HTTP/1.1" 200 630 "-" "Mozilla/5.0 (Windows NT 10.0; Win64; x64) AppleWebKit/537.36 (KHTML, like Gecko) Chrome/114.0.0.0 Safari/537.36"
103.47.132.35 - - [26/Apr/2026:15:33:56 +0300] "GET /28563-2/ HTTP/1.1" 200 19352 "https://serhatburke.miroglu.net/" "Mozilla/5.0 (Windows NT 10.0; Win64; x64; rv:146.0) Gecko/20100101 Firefox/146.0"
52.167.144.167 - - [26/Apr/2026:15:34:00 +0300] "GET /dunder-casino-irish-luck-1-einsatz-anmeldelse-2026-bonuser-ankerwinde-og-mer/ HTTP/2" 200 22386 "-" "Mozilla/5.0 AppleWebKit/537.36 (KHTML, like Gecko; compatible; bingbot/2.0; +http://www.bing.com/bingbot.htm) Chrome/116.0.1938.76 Safari/537.36"
52.167.144.238 - - [26/Apr/2026:15:34:05 +0300] "GET /diese-10-besten-fur-quelle-klicken-echtgeld-casinos-echtes-geld-obsiegen-2026/ HTTP/2" 200 19212 "-" "Mozilla/5.0 AppleWebKit/537.36 (KHTML, like Gecko; compatible; bingbot/2.0; +http://www.bing.com/bingbot.htm) Chrome/116.0.1938.76 Safari/537.36"
107.151.163.104 - - [26/Apr/2026:15:34:12 +0300] "POST /xmlrpc.php HTTP/1.1" 200 15641 "-" "Mozilla/5.0 (Windows NT 10.0; Win64; x64) AppleWebKit/537.36 (KHTML, like Gecko) Chrome/114.0.0.0 Safari/537.36"
185.216.113.70 - - [26/Apr/2026:15:34:39 +0300] "POST /wp-cron.php?doing_wp_cron=1777206879.8733119964599609375000 HTTP/1.1" 200 448 "-" "WordPress/6.3.8; https://serhatburke.miroglu.net"
107.151.163.104 - - [26/Apr/2026:15:34:28 +0300] "GET /cool-friday-temple-of-nudges-slot-machine-codes-march-2026/ HTTP/1.1" 200 79228 "-" "Mozilla/5.0 (Windows NT 10.0; Win64; x64) AppleWebKit/537.36 (KHTML, like Gecko) Chrome/122.0.0.0 Safari/537.36"
107.151.163.104 - - [26/Apr/2026:15:34:37 +0300] "POST /xmlrpc.php HTTP/1.1" 200 630 "-" "Mozilla/5.0 (Windows NT 10.0; Win64; x64) AppleWebKit/537.36 (KHTML, like Gecko) Chrome/114.0.0.0 Safari/537.36"
107.151.163.104 - - [26/Apr/2026:15:34:56 +0300] "POST /xmlrpc.php HTTP/1.1" 200 15212 "-" "Mozilla/5.0 (Windows NT 10.0; Win64; x64) AppleWebKit/537.36 (KHTML, like Gecko) Chrome/114.0.0.0 Safari/537.36"
107.151.163.104 - - [26/Apr/2026:15:35:10 +0300] "GET /on-line-pokies-totally-how-to-play-casino-dice-game-free-pokies-in-the-24spins-com/ HTTP/1.1" 200 79407 "-" "Mozilla/5.0 (Windows NT 10.0; rv:125.0) Gecko/20100101 Firefox/125.0"
185.216.113.70 - - [26/Apr/2026:15:35:41 +0300] "POST /wp-cron.php?doing_wp_cron=1777206941.6320419311523437500000 HTTP/1.1" 200 448 "-" "WordPress/6.3.8; https://serhatburke.miroglu.net"
185.153.197.137 - - [26/Apr/2026:15:35:29 +0300] "POST /xmlrpc.php HTTP/1.1" 200 630 "-" "Mozilla/5.0 (Windows NT 10.0; Win64; x64) AppleWebKit/537.36 (KHTML, like Gecko) Chrome/114.0.0.0 Safari/537.36"
107.151.163.104 - - [26/Apr/2026:15:35:32 +0300] "POST /xmlrpc.php HTTP/1.1" 200 630 "-" "Mozilla/5.0 (Windows NT 10.0; Win64; x64) AppleWebKit/537.36 (KHTML, like Gecko) Chrome/114.0.0.0 Safari/537.36"
185.153.197.137 - - [26/Apr/2026:15:35:47 +0300] "POST /xmlrpc.php HTTP/1.1" 200 13620 "-" "Mozilla/5.0 (Windows NT 10.0; Win64; x64) AppleWebKit/537.36 (KHTML, like Gecko) Chrome/114.0.0.0 Safari/537.36"
107.151.163.104 - - [26/Apr/2026:15:35:50 +0300] "POST /xmlrpc.php HTTP/1.1" 200 15030 "-" "Mozilla/5.0 (Windows NT 10.0; Win64; x64) AppleWebKit/537.36 (KHTML, like Gecko) Chrome/114.0.0.0 Safari/537.36"
185.153.197.8 - - [26/Apr/2026:15:36:01 +0300] "POST /xmlrpc.php HTTP/1.1" 200 630 "-" "Mozilla/5.0 (Windows NT 10.0; Win64; x64) AppleWebKit/537.36 (KHTML, like Gecko) Chrome/114.0.0.0 Safari/537.36"
185.153.197.137 - - [26/Apr/2026:15:36:02 +0300] "GET /clover-miracle-harbors-you-can-play-for-real-cash-within-the-2026/ HTTP/1.1" 200 77431 "-" "Mozilla/5.0 (Windows NT 10.0; Win64; x64) AppleWebKit/537.36 (KHTML, like Gecko) Chrome/122.0.0.0 Safari/537.36"
107.151.163.104 - - [26/Apr/2026:15:36:07 +0300] "GET /gamble-free-pokies-no-down-load-a-hundredpercent-totally-free-duxcasino-withdrawal-pokies-zero-install/ HTTP/1.1" 200 79836 "-" "Mozilla/5.0 (Windows NT 10.0; Win64; x64) AppleWebKit/537.36 (KHTML, like Gecko) Chrome/123.0.0.0 Safari/537.36"
185.216.113.70 - - [26/Apr/2026:15:36:35 +0300] "POST /wp-cron.php?doing_wp_cron=1777206995.6567070484161376953125 HTTP/1.1" 200 448 "-" "WordPress/6.3.8; https://serhatburke.miroglu.net"
185.153.197.8 - - [26/Apr/2026:15:36:23 +0300] "POST /xmlrpc.php HTTP/1.1" 200 15998 "-" "Mozilla/5.0 (Windows NT 10.0; Win64; x64) AppleWebKit/537.36 (KHTML, like Gecko) Chrome/114.0.0.0 Safari/537.36"
107.151.163.104 - - [26/Apr/2026:15:36:25 +0300] "POST /xmlrpc.php HTTP/1.1" 200 630 "-" "Mozilla/5.0 (Windows NT 10.0; Win64; x64) AppleWebKit/537.36 (KHTML, like Gecko) Chrome/114.0.0.0 Safari/537.36"
185.153.197.8 - - [26/Apr/2026:15:36:36 +0300] "GET /greatest-commission-pokies-gamble-highest-rtp-pokies-in-australia/ HTTP/1.1" 200 79567 "-" "Mozilla/5.0 (Windows NT 10.0; rv:125.0) Gecko/20100101 Firefox/125.0"
107.151.163.104 - - [26/Apr/2026:15:36:44 +0300] "POST /xmlrpc.php HTTP/1.1" 200 15208 "-" "Mozilla/5.0 (Windows NT 10.0; Win64; x64) AppleWebKit/537.36 (KHTML, like Gecko) Chrome/114.0.0.0 Safari/537.36"
107.151.163.104 - - [26/Apr/2026:15:36:59 +0300] "GET /mr-jack-las-vegas-opinion-fulfill-birthday-game-jack-in-the-las-vegas-to-play-600-slots/ HTTP/1.1" 200 79643 "-" "Mozilla/5.0 (Windows NT 10.0; Win64; x64) AppleWebKit/537.36 (KHTML, like Gecko) Chrome/109.0.0.0 Safari/537.36"
107.151.163.104 - - [26/Apr/2026:15:37:21 +0300] "POST /xmlrpc.php HTTP/1.1" 200 630 "-" "Mozilla/5.0 (Windows NT 10.0; Win64; x64) AppleWebKit/537.36 (KHTML, like Gecko) Chrome/114.0.0.0 Safari/537.36"
185.216.113.70 - - [26/Apr/2026:15:37:52 +0300] "POST /wp-cron.php?doing_wp_cron=1777207072.3767209053039550781250 HTTP/1.1" 200 448 "-" "WordPress/6.3.8; https://serhatburke.miroglu.net"
107.151.163.104 - - [26/Apr/2026:15:37:40 +0300] "POST /xmlrpc.php HTTP/1.1" 200 16101 "-" "Mozilla/5.0 (Windows NT 10.0; Win64; x64) AppleWebKit/537.36 (KHTML, like Gecko) Chrome/114.0.0.0 Safari/537.36"
107.151.163.104 - - [26/Apr/2026:15:37:54 +0300] "GET /lightning-link-wild-bells-slot-sites-pokies-on-the-internet-for-real-profit-australian-continent-2026-ministere-de-los-angeles-sante-publique/ HTTP/1.1" 200 82110 "-" "Mozilla/5.0 (Windows NT 10.0; rv:109.0) Gecko/20100101 Firefox/115.0"
107.151.163.104 - - [26/Apr/2026:15:38:15 +0300] "POST /xmlrpc.php HTTP/1.1" 200 630 "-" "Mozilla/5.0 (Windows NT 10.0; Win64; x64) AppleWebKit/537.36 (KHTML, like Gecko) Chrome/114.0.0.0 Safari/537.36"
185.216.113.70 - - [26/Apr/2026:15:38:45 +0300] "POST /wp-cron.php?doing_wp_cron=1777207125.1271209716796875000000 HTTP/1.1" 200 448 "-" "WordPress/6.3.8; https://serhatburke.miroglu.net"
107.151.163.104 - - [26/Apr/2026:15:38:33 +0300] "POST /xmlrpc.php HTTP/1.1" 200 15696 "-" "Mozilla/5.0 (Windows NT 10.0; Win64; x64) AppleWebKit/537.36 (KHTML, like Gecko) Chrome/114.0.0.0 Safari/537.36"
107.151.163.104 - - [26/Apr/2026:15:38:47 +0300] "GET /cleopatra-slots-totally-free-demonstration-online-game-real-cash-deposit-10-get-50-online-casino-2026-casinos/ HTTP/1.1" 200 80539 "-" "Mozilla/5.0 (Windows NT 10.0; Win64; x64) AppleWebKit/537.36 (KHTML, like Gecko) Chrome/124.0.0.0 Safari/537.36 Edg/124.0.0.0"
107.151.163.104 - - [26/Apr/2026:15:39:00 +0300] "POST /xmlrpc.php HTTP/1.1" 200 630 "-" "Mozilla/5.0 (Windows NT 10.0; Win64; x64) AppleWebKit/537.36 (KHTML, like Gecko) Chrome/114.0.0.0 Safari/537.36"
107.151.163.104 - - [26/Apr/2026:15:39:19 +0300] "POST /xmlrpc.php HTTP/1.1" 200 15454 "-" "Mozilla/5.0 (Windows NT 10.0; Win64; x64) AppleWebKit/537.36 (KHTML, like Gecko) Chrome/114.0.0.0 Safari/537.36"
185.216.113.70 - - [26/Apr/2026:15:40:09 +0300] "POST /wp-cron.php?doing_wp_cron=1777207209.1335120201110839843750 HTTP/1.1" 200 448 "-" "WordPress/6.3.8; https://serhatburke.miroglu.net"
107.151.163.104 - - [26/Apr/2026:15:39:54 +0300] "GET /on-the-web-pokies-xo-manowar-slot-free-spins-no-deposit-bonus-offers-inside-australian-gambling-enterprise/ HTTP/1.1" 200 80230 "-" "Mozilla/5.0 (Windows NT 10.0; Win64; x64; rv:124.0) Gecko/20100101 Firefox/124.0"
185.153.197.137 - - [26/Apr/2026:15:40:00 +0300] "POST /xmlrpc.php HTTP/1.1" 200 630 "-" "Mozilla/5.0 (Windows NT 10.0; Win64; x64) AppleWebKit/537.36 (KHTML, like Gecko) Chrome/114.0.0.0 Safari/537.36"
52.167.144.238 - - [26/Apr/2026:15:40:14 +0300] "GET /de-cela-reste-dordinaire-plus-judicieux-demployer-le-affable-recompense-en-tenant-casino-que-le-antinomique/ HTTP/2" 200 18055 "-" "Mozilla/5.0 AppleWebKit/537.36 (KHTML, like Gecko; compatible; bingbot/2.0; +http://www.bing.com/bingbot.htm) Chrome/116.0.1938.76 Safari/537.36"
185.153.197.137 - - [26/Apr/2026:15:40:19 +0300] "POST /xmlrpc.php HTTP/1.1" 200 13661 "-" "Mozilla/5.0 (Windows NT 10.0; Win64; x64) AppleWebKit/537.36 (KHTML, like Gecko) Chrome/114.0.0.0 Safari/537.36"
52.167.144.150 - - [26/Apr/2026:15:40:18 +0300] "GET /kraken-instruktsiia-po-bezopasnomu-dostupu-v-2026/ HTTP/2" 200 18980 "-" "Mozilla/5.0 AppleWebKit/537.36 (KHTML, like Gecko; compatible; bingbot/2.0; +http://www.bing.com/bingbot.htm) Chrome/116.0.1938.76 Safari/537.36"
52.167.144.150 - - [26/Apr/2026:15:40:19 +0300] "GET /boost-your-trading-efficiency-with-dexscreener-s-unique-features/ HTTP/2" 200 18063 "-" "Mozilla/5.0 AppleWebKit/537.36 (KHTML, like Gecko; compatible; bingbot/2.0; +http://www.bing.com/bingbot.htm) Chrome/116.0.1938.76 Safari/537.36"
185.216.113.70 - - [26/Apr/2026:15:40:56 +0300] "POST /wp-cron.php?doing_wp_cron=1777207256.2628099918365478515625 HTTP/1.1" 200 448 "-" "WordPress/6.3.8; https://serhatburke.miroglu.net"
185.153.197.8 - - [26/Apr/2026:15:40:43 +0300] "POST /xmlrpc.php HTTP/1.1" 200 630 "-" "Mozilla/5.0 (Windows NT 10.0; Win64; x64) AppleWebKit/537.36 (KHTML, like Gecko) Chrome/114.0.0.0 Safari/537.36"
185.153.197.137 - - [26/Apr/2026:15:40:44 +0300] "GET /choy-sun-doa-hawaiian-ports-guide-ports-remark-inside-the-2026-which-have-243-a-means-to-winnings/ HTTP/1.1" 200 78488 "-" "Mozilla/5.0 (Windows NT 10.0; Win64; x64) AppleWebKit/537.36 (KHTML, like Gecko) Chrome/124.0.0.0 Safari/537.36"
52.167.144.150 - - [26/Apr/2026:15:40:57 +0300] "GET /exploring-the-versatility-of-sushiswap-for-crypto-traders-4/ HTTP/2" 200 18802 "-" "Mozilla/5.0 AppleWebKit/537.36 (KHTML, like Gecko; compatible; bingbot/2.0; +http://www.bing.com/bingbot.htm) Chrome/116.0.1938.76 Safari/537.36"
185.153.197.8 - - [26/Apr/2026:15:41:01 +0300] "POST /xmlrpc.php HTTP/1.1" 200 15997 "-" "Mozilla/5.0 (Windows NT 10.0; Win64; x64) AppleWebKit/537.36 (KHTML, like Gecko) Chrome/114.0.0.0 Safari/537.36"
185.153.197.8 - - [26/Apr/2026:15:41:17 +0300] "GET /finest-the-fresh-you-s-casinos-on-the-internet-to-possess-2026-latest-real-money-possibilities/ HTTP/1.1" 200 80642 "-" "Mozilla/5.0 (Windows NT 10.0; Win64; x64) AppleWebKit/537.36 (KHTML, like Gecko) Chrome/124.0.0.0 Safari/537.36"
52.167.144.150 - - [26/Apr/2026:15:41:17 +0300] "GET /better-paysafecard-casinos-which-have-incentives-inside-2026-slot-gladiator-top/ HTTP/2" 200 18051 "-" "Mozilla/5.0 AppleWebKit/537.36 (KHTML, like Gecko; compatible; bingbot/2.0; +http://www.bing.com/bingbot.htm) Chrome/116.0.1938.76 Safari/537.36"
185.216.113.70 - - [26/Apr/2026:15:43:07 +0300] "POST /wp-cron.php?doing_wp_cron=1777207387.3996200561523437500000 HTTP/1.1" 200 448 "-" "WordPress/6.3.8; https://serhatburke.miroglu.net"
107.152.46.79 - - [26/Apr/2026:15:42:54 +0300] "GET /zotabet-casino-bonus-premier-depot-2026/ HTTP/1.1" 200 19148 "https://serhatburke.miroglu.net/" "Mozilla/5.0 (Macintosh; Intel Mac OS X 12_5) AppleWebKit/537.36 (KHTML, like Gecko) Chrome/114.0.0.0 Safari/537.36 Vivaldi/5.3.2679.68"
107.152.46.79 - - [26/Apr/2026:15:43:13 +0300] "GET /wp-includes/css/dist/block-library/style.min.css?ver=6.3.8 HTTP/1.1" 200 13578 "https://serhatburke.miroglu.net/zotabet-casino-bonus-premier-depot-2026/" "Mozilla/5.0 (Windows NT 10.0; Win64; x64) AppleWebKit/537.36 (KHTML, like Gecko) Chrome/143.0.0.0 Safari/537.36"
107.151.163.104 - - [26/Apr/2026:15:43:03 +0300] "POST /xmlrpc.php HTTP/1.1" 200 630 "-" "Mozilla/5.0 (Windows NT 10.0; Win64; x64) AppleWebKit/537.36 (KHTML, like Gecko) Chrome/114.0.0.0 Safari/537.36"
66.249.73.15 - - [26/Apr/2026:15:43:11 +0300] "GET /superspinscasino-uk-free-games-a-review-for-british-players/ HTTP/1.1" 200 0 "https://yxesi.driftengine-games.info/" "Mozilla/5.0 (Linux; Android 6.0.1; Nexus 5X Build/MMB29P) AppleWebKit/537.36 (KHTML, like Gecko) Chrome/146.0.7680.177 Mobile Safari/537.36 (compatible; Googlebot/2.1; +http://www.google.com/bot.html)"
107.152.46.79 - - [26/Apr/2026:15:43:24 +0300] "GET /wp-content/plugins/contact-form-7/includes/css/styles.css?ver=5.8 HTTP/1.1" 200 1490 "https://serhatburke.miroglu.net/zotabet-casino-bonus-premier-depot-2026/" "Mozilla/5.0 (Windows NT 10.0; Win64; x64) AppleWebKit/537.36 (KHTML, like Gecko) Chrome/143.0.0.0 Safari/537.36"
107.152.46.79 - - [26/Apr/2026:15:43:31 +0300] "GET /wp-content/themes/toppic/css/fontello.css?ver=4.2 HTTP/1.1" 200 1802 "https://serhatburke.miroglu.net/zotabet-casino-bonus-premier-depot-2026/" "Mozilla/5.0 (Windows NT 10.0; Win64; x64) AppleWebKit/537.36 (KHTML, like Gecko) Chrome/143.0.0.0 Safari/537.36"
