129.227.39.118 - - [26/Apr/2026:07:33:55 +0300] "POST /xmlrpc.php HTTP/1.1" 200 630 "-" "Mozilla/5.0 (Windows NT 10.0; Win64; x64) AppleWebKit/537.36 (KHTML, like Gecko) Chrome/114.0.0.0 Safari/537.36"
107.151.163.104 - - [26/Apr/2026:07:33:55 +0300] "GET /gamble-thunderstruck-free-online-slot-in-the-united-play-twin-spin-slot-kingdom-2026/ HTTP/1.1" 200 80120 "-" "Mozilla/5.0 (Windows NT 10.0; Win64; x64) AppleWebKit/537.36 (KHTML, like Gecko) Chrome/123.0.0.0 Safari/537.36"
107.151.163.104 - - [26/Apr/2026:07:34:14 +0300] "POST /xmlrpc.php HTTP/1.1" 200 630 "-" "Mozilla/5.0 (Windows NT 10.0; Win64; x64) AppleWebKit/537.36 (KHTML, like Gecko) Chrome/114.0.0.0 Safari/537.36"
129.227.39.118 - - [26/Apr/2026:07:34:20 +0300] "POST /xmlrpc.php HTTP/1.1" 200 13531 "-" "Mozilla/5.0 (Windows NT 10.0; Win64; x64) AppleWebKit/537.36 (KHTML, like Gecko) Chrome/114.0.0.0 Safari/537.36"
107.151.163.104 - - [26/Apr/2026:07:34:33 +0300] "POST /xmlrpc.php HTTP/1.1" 200 16014 "-" "Mozilla/5.0 (Windows NT 10.0; Win64; x64) AppleWebKit/537.36 (KHTML, like Gecko) Chrome/114.0.0.0 Safari/537.36"
129.227.39.118 - - [26/Apr/2026:07:34:33 +0300] "GET /online-casino-the-real-deal-money-up-to-8000-added-bonus/ HTTP/1.1" 200 77047 "-" "Mozilla/5.0 (Windows NT 10.0; rv:125.0) Gecko/20100101 Firefox/125.0"
185.153.197.8 - - [26/Apr/2026:07:34:35 +0300] "POST /xmlrpc.php HTTP/1.1" 200 630 "-" "Mozilla/5.0 (Windows NT 10.0; Win64; x64) AppleWebKit/537.36 (KHTML, like Gecko) Chrome/114.0.0.0 Safari/537.36"
185.216.113.70 - - [26/Apr/2026:07:35:04 +0300] "POST /wp-cron.php?doing_wp_cron=1777178104.4585819244384765625000 HTTP/1.1" 200 448 "-" "WordPress/6.3.8; https://serhatburke.miroglu.net"
107.151.163.104 - - [26/Apr/2026:07:34:52 +0300] "GET /thunderstruck-ii-reputation-view-2026-napoleon-arctic-madness-slot-free-spins-slot-machine-game-use-range/ HTTP/1.1" 200 80957 "-" "Mozilla/5.0 (Windows NT 10.0; Win64; x64) AppleWebKit/537.36 (KHTML, like Gecko) Chrome/124.0.0.0 Safari/537.36"
185.216.113.70 - - [26/Apr/2026:07:35:12 +0300] "POST /wp-cron.php?doing_wp_cron=1777178111.9495680332183837890625 HTTP/1.1" 200 448 "-" "WordPress/6.3.8; https://serhatburke.miroglu.net"
185.153.197.8 - - [26/Apr/2026:07:34:58 +0300] "POST /xmlrpc.php HTTP/1.1" 200 16514 "-" "Mozilla/5.0 (Windows NT 10.0; Win64; x64) AppleWebKit/537.36 (KHTML, like Gecko) Chrome/114.0.0.0 Safari/537.36"
107.151.163.104 - - [26/Apr/2026:07:35:07 +0300] "POST /xmlrpc.php HTTP/1.1" 200 630 "-" "Mozilla/5.0 (Windows NT 10.0; Win64; x64) AppleWebKit/537.36 (KHTML, like Gecko) Chrome/114.0.0.0 Safari/537.36"
185.153.197.8 - - [26/Apr/2026:07:35:12 +0300] "GET /play-thunderstruck-slot-100-percent-free-revolves-no-deposit-welcome-bonus/ HTTP/1.1" 200 80645 "-" "Mozilla/5.0 (Windows NT 10.0; Win64; x64) AppleWebKit/537.36 (KHTML, like Gecko) Chrome/123.0.0.0 Safari/537.36 OPR/109.0.0.0"
107.151.163.104 - - [26/Apr/2026:07:35:34 +0300] "POST /xmlrpc.php HTTP/1.1" 200 15279 "-" "Mozilla/5.0 (Windows NT 10.0; Win64; x64) AppleWebKit/537.36 (KHTML, like Gecko) Chrome/114.0.0.0 Safari/537.36"
185.216.113.70 - - [26/Apr/2026:07:36:00 +0300] "POST /wp-cron.php?doing_wp_cron=1777178160.3836579322814941406250 HTTP/1.1" 200 448 "-" "WordPress/6.3.8; https://serhatburke.miroglu.net"
107.151.163.104 - - [26/Apr/2026:07:35:48 +0300] "GET /thunderstruck-dollars-to-donuts-slot-free-spins-harbors-unlock-100-percent-free-revolves-and-unbelievable-advantages/ HTTP/1.1" 200 80544 "-" "Mozilla/5.0 (Windows NT 10.0; Win64; x64) AppleWebKit/537.36 (KHTML, like Gecko) Chrome/109.0.0.0 Safari/537.36"
107.151.163.104 - - [26/Apr/2026:07:36:02 +0300] "POST /xmlrpc.php HTTP/1.1" 200 630 "-" "Mozilla/5.0 (Windows NT 10.0; Win64; x64) AppleWebKit/537.36 (KHTML, like Gecko) Chrome/114.0.0.0 Safari/537.36"
185.216.113.70 - - [26/Apr/2026:07:36:33 +0300] "POST /wp-cron.php?doing_wp_cron=1777178193.2938640117645263671875 HTTP/1.1" 200 448 "-" "WordPress/6.3.8; https://serhatburke.miroglu.net"
107.151.163.104 - - [26/Apr/2026:07:36:21 +0300] "POST /xmlrpc.php HTTP/1.1" 200 15899 "-" "Mozilla/5.0 (Windows NT 10.0; Win64; x64) AppleWebKit/537.36 (KHTML, like Gecko) Chrome/114.0.0.0 Safari/537.36"
107.151.163.104 - - [26/Apr/2026:07:36:35 +0300] "GET /thunderstruck-americas-air-con-dc-tribute-tour-schedules-and-you-can-free-online-slots-new-zealand-shows-2026-2027-position-web-sites-that-have-insane-h2o-passes-hypebot-carsons-journey/ HTTP/1.1" 200 82909 "-" "Mozilla/5.0 (Windows NT 10.0; Win64; x64) AppleWebKit/537.36 (KHTML, like Gecko) Chrome/123.0.0.0 Safari/537.36 OPR/109.0.0.0"
107.151.163.104 - - [26/Apr/2026:07:36:49 +0300] "POST /xmlrpc.php HTTP/1.1" 200 630 "-" "Mozilla/5.0 (Windows NT 10.0; Win64; x64) AppleWebKit/537.36 (KHTML, like Gecko) Chrome/114.0.0.0 Safari/537.36"
193.36.38.228 - - [26/Apr/2026:07:36:49 +0300] "POST /xmlrpc.php HTTP/1.1" 200 692 "-" "Mozilla/5.0 (Windows NT 10.0; Win64; x64) AppleWebKit/537.36 (KHTML, like Gecko) Chrome/114.0.0.0 Safari/537.36"
185.216.113.70 - - [26/Apr/2026:07:37:19 +0300] "POST /wp-cron.php?doing_wp_cron=1777178239.7301530838012695312500 HTTP/1.1" 200 448 "-" "WordPress/6.3.8; https://serhatburke.miroglu.net"
193.36.38.228 - - [26/Apr/2026:07:37:07 +0300] "POST /xmlrpc.php HTTP/1.1" 200 9986 "-" "Mozilla/5.0 (Windows NT 10.0; Win64; x64) AppleWebKit/537.36 (KHTML, like Gecko) Chrome/114.0.0.0 Safari/537.36"
107.151.163.104 - - [26/Apr/2026:07:37:08 +0300] "POST /xmlrpc.php HTTP/1.1" 200 15419 "-" "Mozilla/5.0 (Windows NT 10.0; Win64; x64) AppleWebKit/537.36 (KHTML, like Gecko) Chrome/114.0.0.0 Safari/537.36"
193.36.38.228 - - [26/Apr/2026:07:37:19 +0300] "GET /not-examining-on-the-certain-local-casino-to-verify-the-recognized-currencies-try-a-good-option/ HTTP/1.1" 200 74843 "-" "Mozilla/5.0 (Windows NT 10.0; Win64; x64) AppleWebKit/537.36 (KHTML, like Gecko) Chrome/122.0.0.0 Safari/537.36"
107.151.163.104 - - [26/Apr/2026:07:37:22 +0300] "GET /yahtzee-five-hundred-totally-free-spins-no-casino-boom-mobile-deposit-2024-ports-bachillerato-bi/ HTTP/1.1" 200 79992 "-" "Mozilla/5.0 (Windows NT 10.0; Win64; x64) AppleWebKit/537.36 (KHTML, like Gecko) Chrome/124.0.0.0 Safari/537.36"
107.151.163.104 - - [26/Apr/2026:07:37:36 +0300] "POST /xmlrpc.php HTTP/1.1" 200 630 "-" "Mozilla/5.0 (Windows NT 10.0; Win64; x64) AppleWebKit/537.36 (KHTML, like Gecko) Chrome/114.0.0.0 Safari/537.36"
185.216.113.70 - - [26/Apr/2026:07:38:07 +0300] "POST /wp-cron.php?doing_wp_cron=1777178287.3836450576782226562500 HTTP/1.1" 200 448 "-" "WordPress/6.3.8; https://serhatburke.miroglu.net"
107.151.163.104 - - [26/Apr/2026:07:37:55 +0300] "POST /xmlrpc.php HTTP/1.1" 200 15533 "-" "Mozilla/5.0 (Windows NT 10.0; Win64; x64) AppleWebKit/537.36 (KHTML, like Gecko) Chrome/114.0.0.0 Safari/537.36"
107.151.163.104 - - [26/Apr/2026:07:38:09 +0300] "GET /ideas-on-how-to-gamble-blackjack-to-begin-with-casino-dream-jackpot-casino-understand-and-commence-effective/ HTTP/1.1" 200 80453 "-" "Mozilla/5.0 (Windows NT 10.0; Win64; x64) AppleWebKit/537.36 (KHTML, like Gecko) Chrome/123.0.0.0 Safari/537.36 OPR/109.0.0.0"
107.151.163.104 - - [26/Apr/2026:07:38:26 +0300] "POST /xmlrpc.php HTTP/1.1" 200 630 "-" "Mozilla/5.0 (Windows NT 10.0; Win64; x64) AppleWebKit/537.36 (KHTML, like Gecko) Chrome/114.0.0.0 Safari/537.36"
185.216.113.70 - - [26/Apr/2026:07:38:57 +0300] "POST /wp-cron.php?doing_wp_cron=1777178337.2772190570831298828125 HTTP/1.1" 200 448 "-" "WordPress/6.3.8; https://serhatburke.miroglu.net"
107.151.163.104 - - [26/Apr/2026:07:38:45 +0300] "POST /xmlrpc.php HTTP/1.1" 200 16117 "-" "Mozilla/5.0 (Windows NT 10.0; Win64; x64) AppleWebKit/537.36 (KHTML, like Gecko) Chrome/114.0.0.0 Safari/537.36"
107.151.163.104 - - [26/Apr/2026:07:38:59 +0300] "GET /titanic-art-gallery-appeal-branson-branson-free-spins-on-fantastic-four-product-sales-deals-and-offers/ HTTP/1.1" 200 80862 "-" "Mozilla/5.0 (Windows NT 10.0; Win64; x64; rv:125.0) Gecko/20100101 Firefox/125.0"
40.77.167.6 - - [26/Apr/2026:07:39:15 +0300] "GET /wann-das-oder-dass-erklarung-beispiele-ubungen-4/ HTTP/2" 200 20285 "-" "Mozilla/5.0 AppleWebKit/537.36 (KHTML, like Gecko; compatible; bingbot/2.0; +http://www.bing.com/bingbot.htm) Chrome/116.0.1938.76 Safari/537.36"
60.246.27.118 - - [26/Apr/2026:07:39:15 +0300] "POST /xmlrpc.php HTTP/2" 200 204 "-" "XML-RPC for PHP 4.11.1"
52.167.144.21 - - [26/Apr/2026:07:39:19 +0300] "GET /access-it-through-the-%EF%BF%BDcontact-us%EF%BF%BD-web-page-regarding-software/ HTTP/2" 200 16987 "-" "Mozilla/5.0 AppleWebKit/537.36 (KHTML, like Gecko; compatible; bingbot/2.0; +http://www.bing.com/bingbot.htm) Chrome/116.0.1938.76 Safari/537.36"
185.216.113.70 - - [26/Apr/2026:07:40:13 +0300] "POST /wp-cron.php?doing_wp_cron=1777178413.8231201171875000000000 HTTP/1.1" 200 448 "-" "WordPress/6.3.8; https://serhatburke.miroglu.net"
185.153.197.8 - - [26/Apr/2026:07:40:00 +0300] "POST /xmlrpc.php HTTP/1.1" 200 630 "-" "Mozilla/5.0 (Windows NT 10.0; Win64; x64) AppleWebKit/537.36 (KHTML, like Gecko) Chrome/114.0.0.0 Safari/537.36"
185.153.197.8 - - [26/Apr/2026:07:40:19 +0300] "POST /xmlrpc.php HTTP/1.1" 200 16378 "-" "Mozilla/5.0 (Windows NT 10.0; Win64; x64) AppleWebKit/537.36 (KHTML, like Gecko) Chrome/114.0.0.0 Safari/537.36"
185.216.113.70 - - [26/Apr/2026:07:40:43 +0300] "POST /wp-cron.php?doing_wp_cron=1777178443.6945979595184326171875 HTTP/1.1" 200 448 "-" "WordPress/6.3.8; https://serhatburke.miroglu.net"
185.153.197.8 - - [26/Apr/2026:07:40:31 +0300] "GET /thunderstruck-ingesting-games-laws-variations-to-use/ HTTP/1.1" 200 80021 "-" "Mozilla/5.0 (Windows NT 10.0; rv:109.0) Gecko/20100101 Firefox/115.0"
185.216.113.70 - - [26/Apr/2026:07:42:37 +0300] "POST /wp-cron.php?doing_wp_cron=1777178557.0377550125122070312500 HTTP/1.1" 200 448 "-" "WordPress/6.3.8; https://serhatburke.miroglu.net"
107.151.163.104 - - [26/Apr/2026:07:42:23 +0300] "POST /xmlrpc.php HTTP/1.1" 200 630 "-" "Mozilla/5.0 (Windows NT 10.0; Win64; x64) AppleWebKit/537.36 (KHTML, like Gecko) Chrome/114.0.0.0 Safari/537.36"
107.151.163.104 - - [26/Apr/2026:07:42:43 +0300] "POST /xmlrpc.php HTTP/1.1" 200 15720 "-" "Mozilla/5.0 (Windows NT 10.0; Win64; x64) AppleWebKit/537.36 (KHTML, like Gecko) Chrome/114.0.0.0 Safari/537.36"
107.151.163.104 - - [26/Apr/2026:07:43:00 +0300] "GET /tomb-raider-slot-machine-trial-casino-20bet-50-free-spins-wager-100-percent-free/ HTTP/1.1" 200 79915 "-" "Mozilla/5.0 (Windows NT 10.0; Win64; x64; rv:124.0) Gecko/20100101 Firefox/124.0"
40.77.167.150 - - [26/Apr/2026:07:43:20 +0300] "GET /gewinnmoglichkeiten-bei-guide-away-secret-forest-1-deposit-from-ra-luxury-die-geschichte-geht-bei-casinomania-weiter/ HTTP/2" 200 19154 "-" "Mozilla/5.0 AppleWebKit/537.36 (KHTML, like Gecko; compatible; bingbot/2.0; +http://www.bing.com/bingbot.htm) Chrome/116.0.1938.76 Safari/537.36"
52.167.144.169 - - [26/Apr/2026:07:43:24 +0300] "GET /the-content-composed-on-the-namecoinnews-is-intended-to-possess-pointers-objectives-just/ HTTP/2" 200 17653 "-" "Mozilla/5.0 AppleWebKit/537.36 (KHTML, like Gecko; compatible; bingbot/2.0; +http://www.bing.com/bingbot.htm) Chrome/116.0.1938.76 Safari/537.36"
185.216.113.70 - - [26/Apr/2026:07:47:01 +0300] "POST /wp-cron.php?doing_wp_cron=1777178821.3248989582061767578125 HTTP/1.1" 200 448 "-" "WordPress/6.3.8; https://serhatburke.miroglu.net"
185.153.197.8 - - [26/Apr/2026:07:46:46 +0300] "POST /xmlrpc.php HTTP/1.1" 200 630 "-" "Mozilla/5.0 (Windows NT 10.0; Win64; x64) AppleWebKit/537.36 (KHTML, like Gecko) Chrome/114.0.0.0 Safari/537.36"
185.153.197.8 - - [26/Apr/2026:07:47:07 +0300] "POST /xmlrpc.php HTTP/1.1" 200 15407 "-" "Mozilla/5.0 (Windows NT 10.0; Win64; x64) AppleWebKit/537.36 (KHTML, like Gecko) Chrome/114.0.0.0 Safari/537.36"
185.153.197.8 - - [26/Apr/2026:07:47:19 +0300] "GET /alaskan-fishing-slot-video-game-review-incentives-also-provides-and-you-can-approach/ HTTP/1.1" 200 79711 "-" "Mozilla/5.0 (Windows NT 10.0; Win64; x64; rv:124.0) Gecko/20100101 Firefox/124.0"
185.216.113.70 - - [26/Apr/2026:07:48:59 +0300] "POST /wp-cron.php?doing_wp_cron=1777178939.0464398860931396484375 HTTP/1.1" 200 448 "-" "WordPress/6.3.8; https://serhatburke.miroglu.net"
193.36.38.228 - - [26/Apr/2026:07:48:46 +0300] "POST /xmlrpc.php HTTP/1.1" 200 692 "-" "Mozilla/5.0 (Windows NT 10.0; Win64; x64) AppleWebKit/537.36 (KHTML, like Gecko) Chrome/114.0.0.0 Safari/537.36"
193.36.38.228 - - [26/Apr/2026:07:49:04 +0300] "POST /xmlrpc.php HTTP/1.1" 200 9087 "-" "Mozilla/5.0 (Windows NT 10.0; Win64; x64) AppleWebKit/537.36 (KHTML, like Gecko) Chrome/114.0.0.0 Safari/537.36"
193.36.38.228 - - [26/Apr/2026:07:49:24 +0300] "GET /support-service-must-be-designed-for-short-and-you-may-energetic-consumer-help/ HTTP/1.1" 200 73597 "-" "Mozilla/5.0 (Windows NT 10.0; Win64; x64; rv:125.0) Gecko/20100101 Firefox/125.0"
185.216.113.70 - - [26/Apr/2026:07:49:41 +0300] "POST /wp-cron.php?doing_wp_cron=1777178981.2209711074829101562500 HTTP/1.1" 200 448 "-" "WordPress/6.3.8; https://serhatburke.miroglu.net"
40.77.167.150 - - [26/Apr/2026:07:49:29 +0300] "GET /som-fa-hjemmesiden-din-oven-i-kobet-flod-prioritere-tilslutte-google/ HTTP/2" 200 19716 "-" "Mozilla/5.0 AppleWebKit/537.36 (KHTML, like Gecko; compatible; bingbot/2.0; +http://www.bing.com/bingbot.htm) Chrome/116.0.1938.76 Safari/537.36"
40.77.167.150 - - [26/Apr/2026:07:49:50 +0300] "GET /juga-cincuenta-carente-giros-ranura-cool-buck-de-deposito-rome-egypt-150-opciones-king-of-cards-para-recursos-conveniente/ HTTP/2" 200 22608 "-" "Mozilla/5.0 AppleWebKit/537.36 (KHTML, like Gecko; compatible; bingbot/2.0; +http://www.bing.com/bingbot.htm) Chrome/116.0.1938.76 Safari/537.36"
185.216.113.70 - - [26/Apr/2026:07:50:52 +0300] "POST /wp-cron.php?doing_wp_cron=1777179052.0115909576416015625000 HTTP/1.1" 200 448 "-" "WordPress/6.3.8; https://serhatburke.miroglu.net"
193.36.38.228 - - [26/Apr/2026:07:50:40 +0300] "POST /xmlrpc.php HTTP/1.1" 200 692 "-" "Mozilla/5.0 (Windows NT 10.0; Win64; x64) AppleWebKit/537.36 (KHTML, like Gecko) Chrome/114.0.0.0 Safari/537.36"
193.36.38.228 - - [26/Apr/2026:07:51:01 +0300] "POST /xmlrpc.php HTTP/1.1" 200 9930 "-" "Mozilla/5.0 (Windows NT 10.0; Win64; x64) AppleWebKit/537.36 (KHTML, like Gecko) Chrome/114.0.0.0 Safari/537.36"
193.36.38.228 - - [26/Apr/2026:07:51:15 +0300] "GET /just-meets-three-icons-to-your-all-paylines-and-you-are-clearly-a-champ/ HTTP/1.1" 200 74257 "-" "Mozilla/5.0 (Windows NT 10.0; Win64; x64) AppleWebKit/537.36 (KHTML, like Gecko) Chrome/109.0.0.0 Safari/537.36"
129.227.39.118 - - [26/Apr/2026:07:51:20 +0300] "POST /xmlrpc.php HTTP/1.1" 200 630 "-" "Mozilla/5.0 (Windows NT 10.0; Win64; x64) AppleWebKit/537.36 (KHTML, like Gecko) Chrome/114.0.0.0 Safari/537.36"
129.227.39.118 - - [26/Apr/2026:07:51:39 +0300] "POST /xmlrpc.php HTTP/1.1" 200 12867 "-" "Mozilla/5.0 (Windows NT 10.0; Win64; x64) AppleWebKit/537.36 (KHTML, like Gecko) Chrome/114.0.0.0 Safari/537.36"
185.216.113.70 - - [26/Apr/2026:07:52:03 +0300] "POST /wp-cron.php?doing_wp_cron=1777179123.6706891059875488281250 HTTP/1.1" 200 448 "-" "WordPress/6.3.8; https://serhatburke.miroglu.net"
129.227.39.118 - - [26/Apr/2026:07:51:52 +0300] "GET /best-paypal-casinos-internet-sites-assessed-rated-to-possess-march-2026/ HTTP/1.1" 200 76890 "-" "Mozilla/5.0 (Windows NT 10.0; Win64; x64; rv:124.0) Gecko/20100101 Firefox/124.0"
185.216.113.70 - - [26/Apr/2026:07:52:09 +0300] "POST /wp-cron.php?doing_wp_cron=1777179129.3839619159698486328125 HTTP/1.1" 200 448 "-" "WordPress/6.3.8; https://serhatburke.miroglu.net"
193.36.38.228 - - [26/Apr/2026:07:51:57 +0300] "POST /xmlrpc.php HTTP/1.1" 200 692 "-" "Mozilla/5.0 (Windows NT 10.0; Win64; x64) AppleWebKit/537.36 (KHTML, like Gecko) Chrome/114.0.0.0 Safari/537.36"
193.36.38.228 - - [26/Apr/2026:07:52:17 +0300] "POST /xmlrpc.php HTTP/1.1" 200 8745 "-" "Mozilla/5.0 (Windows NT 10.0; Win64; x64) AppleWebKit/537.36 (KHTML, like Gecko) Chrome/114.0.0.0 Safari/537.36"
193.36.38.228 - - [26/Apr/2026:07:52:29 +0300] "GET /the-brand-new-30x-wagering-try-simple-plus-the-lower-r20-minimum-put-will-make-it-obtainable/ HTTP/1.1" 200 73588 "-" "Mozilla/5.0 (Windows NT 10.0; rv:125.0) Gecko/20100101 Firefox/125.0"
185.216.113.70 - - [26/Apr/2026:07:53:01 +0300] "POST /wp-cron.php?doing_wp_cron=1777179181.9247429370880126953125 HTTP/1.1" 200 448 "-" "WordPress/6.3.8; https://serhatburke.miroglu.net"
52.167.144.230 - - [26/Apr/2026:07:52:50 +0300] "GET /enhance-your-trading-journey-with-raydium-swap/ HTTP/2" 200 17706 "-" "Mozilla/5.0 AppleWebKit/537.36 (KHTML, like Gecko; compatible; bingbot/2.0; +http://www.bing.com/bingbot.htm) Chrome/116.0.1938.76 Safari/537.36"
185.153.197.8 - - [26/Apr/2026:07:53:07 +0300] "POST /xmlrpc.php HTTP/1.1" 200 630 "-" "Mozilla/5.0 (Windows NT 10.0; Win64; x64) AppleWebKit/537.36 (KHTML, like Gecko) Chrome/114.0.0.0 Safari/537.36"
52.167.144.230 - - [26/Apr/2026:07:53:10 +0300] "GET /400percent-gambling-establishment-added-bonus-to-your-basic-deposit-in-order-to-allege-inside-the-2026/ HTTP/2" 200 18367 "-" "Mozilla/5.0 AppleWebKit/537.36 (KHTML, like Gecko; compatible; bingbot/2.0; +http://www.bing.com/bingbot.htm) Chrome/116.0.1938.76 Safari/537.36"
185.216.113.70 - - [26/Apr/2026:07:53:39 +0300] "POST /wp-cron.php?doing_wp_cron=1777179218.9611909389495849609375 HTTP/1.1" 200 448 "-" "WordPress/6.3.8; https://serhatburke.miroglu.net"
185.153.197.8 - - [26/Apr/2026:07:53:26 +0300] "POST /xmlrpc.php HTTP/1.1" 200 16465 "-" "Mozilla/5.0 (Windows NT 10.0; Win64; x64) AppleWebKit/537.36 (KHTML, like Gecko) Chrome/114.0.0.0 Safari/537.36"
185.153.197.8 - - [26/Apr/2026:07:53:39 +0300] "GET /thunderstruck-ii-position-review-gamble-100-percent-free-trial-2026/ HTTP/1.1" 200 80411 "-" "Mozilla/5.0 (Windows NT 10.0; Win64; x64; rv:125.0) Gecko/20100101 Firefox/125.0"
193.36.38.228 - - [26/Apr/2026:07:53:49 +0300] "POST /xmlrpc.php HTTP/1.1" 200 692 "-" "Mozilla/5.0 (Windows NT 10.0; Win64; x64) AppleWebKit/537.36 (KHTML, like Gecko) Chrome/114.0.0.0 Safari/537.36"
193.36.38.228 - - [26/Apr/2026:07:54:07 +0300] "POST /xmlrpc.php HTTP/1.1" 200 8682 "-" "Mozilla/5.0 (Windows NT 10.0; Win64; x64) AppleWebKit/537.36 (KHTML, like Gecko) Chrome/114.0.0.0 Safari/537.36"
193.36.38.228 - - [26/Apr/2026:07:54:19 +0300] "GET /but-not-we-however-highly-recommend-going-for-european-roulette-because-of-its-positive-domestic-side-of-2/ HTTP/1.1" 200 73736 "-" "Mozilla/5.0 (Windows NT 10.0; Win64; x64) AppleWebKit/537.36 (KHTML, like Gecko) Chrome/124.0.0.0 Safari/537.36"
185.216.113.70 - - [26/Apr/2026:07:55:14 +0300] "POST /wp-cron.php?doing_wp_cron=1777179314.3674569129943847656250 HTTP/1.1" 200 448 "-" "WordPress/6.3.8; https://serhatburke.miroglu.net"
107.151.163.104 - - [26/Apr/2026:07:55:02 +0300] "POST /xmlrpc.php HTTP/1.1" 200 630 "-" "Mozilla/5.0 (Windows NT 10.0; Win64; x64) AppleWebKit/537.36 (KHTML, like Gecko) Chrome/114.0.0.0 Safari/537.36"
107.151.163.104 - - [26/Apr/2026:07:55:21 +0300] "POST /xmlrpc.php HTTP/1.1" 200 14775 "-" "Mozilla/5.0 (Windows NT 10.0; Win64; x64) AppleWebKit/537.36 (KHTML, like Gecko) Chrome/114.0.0.0 Safari/537.36"
185.216.113.70 - - [26/Apr/2026:07:55:46 +0300] "POST /wp-cron.php?doing_wp_cron=1777179346.6568338871002197265625 HTTP/1.1" 200 448 "-" "WordPress/6.3.8; https://serhatburke.miroglu.net"
107.151.163.104 - - [26/Apr/2026:07:55:35 +0300] "GET /hollywood-gambling-establishment-promo-code-sdscasino-500-marco-polo-slot-machines-incentive-revolves/ HTTP/1.1" 200 79618 "-" "Mozilla/5.0 (Windows NT 10.0; rv:125.0) Gecko/20100101 Firefox/125.0"
185.216.113.70 - - [26/Apr/2026:07:56:46 +0300] "POST /wp-cron.php?doing_wp_cron=1777179406.7491149902343750000000 HTTP/1.1" 200 448 "-" "WordPress/6.3.8; https://serhatburke.miroglu.net"
129.227.39.118 - - [26/Apr/2026:07:56:31 +0300] "POST /xmlrpc.php HTTP/1.1" 200 630 "-" "Mozilla/5.0 (Windows NT 10.0; Win64; x64) AppleWebKit/537.36 (KHTML, like Gecko) Chrome/114.0.0.0 Safari/537.36"
40.77.167.36 - - [26/Apr/2026:07:56:36 +0300] "GET /free-spins-2026-heutig-60-freispiele-exklusive-einzahlung/ HTTP/2" 200 19243 "-" "Mozilla/5.0 AppleWebKit/537.36 (KHTML, like Gecko; compatible; bingbot/2.0; +http://www.bing.com/bingbot.htm) Chrome/116.0.1938.76 Safari/537.36"
40.77.167.74 - - [26/Apr/2026:07:56:40 +0300] "GET /potencialize-suas-apostas-domine-o-acesso-1xbet-login-e-desfrute/ HTTP/2" 200 19259 "-" "Mozilla/5.0 AppleWebKit/537.36 (KHTML, like Gecko; compatible; bingbot/2.0; +http://www.bing.com/bingbot.htm) Chrome/116.0.1938.76 Safari/537.36"
40.77.167.74 - - [26/Apr/2026:07:56:40 +0300] "GET /kraken-bezopasnye-onion-ssylki-2026-dlia-dostupa/ HTTP/2" 200 18795 "-" "Mozilla/5.0 AppleWebKit/537.36 (KHTML, like Gecko; compatible; bingbot/2.0; +http://www.bing.com/bingbot.htm) Chrome/116.0.1938.76 Safari/537.36"
52.167.144.230 - - [26/Apr/2026:07:56:45 +0300] "GET /oni-organiczna-reakcja-na-ograniczona-lokalna-oferte-oraz-prawa-i-regulacje-krajowe/ HTTP/2" 200 18225 "-" "Mozilla/5.0 AppleWebKit/537.36 (KHTML, like Gecko; compatible; bingbot/2.0; +http://www.bing.com/bingbot.htm) Chrome/116.0.1938.76 Safari/537.36"
107.151.163.104 - - [26/Apr/2026:07:56:51 +0300] "POST /xmlrpc.php HTTP/1.1" 200 630 "-" "Mozilla/5.0 (Windows NT 10.0; Win64; x64) AppleWebKit/537.36 (KHTML, like Gecko) Chrome/114.0.0.0 Safari/537.36"
129.227.39.118 - - [26/Apr/2026:07:56:54 +0300] "POST /xmlrpc.php HTTP/1.1" 200 13963 "-" "Mozilla/5.0 (Windows NT 10.0; Win64; x64) AppleWebKit/537.36 (KHTML, like Gecko) Chrome/114.0.0.0 Safari/537.36"
185.216.113.70 - - [26/Apr/2026:07:57:41 +0300] "POST /wp-cron.php?doing_wp_cron=1777179461.6083679199218750000000 HTTP/1.1" 200 448 "-" "WordPress/6.3.8; https://serhatburke.miroglu.net"
129.227.39.118 - - [26/Apr/2026:07:57:24 +0300] "GET /slots-you-should-use-its-10-no-deposit-added-bonus/ HTTP/1.1" 200 77355 "-" "Mozilla/5.0 (Windows NT 10.0; Win64; x64) AppleWebKit/537.36 (KHTML, like Gecko) Chrome/124.0.0.0 Safari/537.36 Edg/124.0.0.0"
52.167.144.230 - - [26/Apr/2026:07:57:25 +0300] "GET /play-baccarat-pro-series-high-limit-online-legal-jungle-jim-el-dorado-ports-game-free-spins-no-deposit/ HTTP/2" 200 18517 "-" "Mozilla/5.0 AppleWebKit/537.36 (KHTML, like Gecko; compatible; bingbot/2.0; +http://www.bing.com/bingbot.htm) Chrome/116.0.1938.76 Safari/537.36"
107.151.163.104 - - [26/Apr/2026:07:57:28 +0300] "POST /xmlrpc.php HTTP/1.1" 200 15658 "-" "Mozilla/5.0 (Windows NT 10.0; Win64; x64) AppleWebKit/537.36 (KHTML, like Gecko) Chrome/114.0.0.0 Safari/537.36"
107.151.163.104 - - [26/Apr/2026:07:57:47 +0300] "GET /finest-casinos-on-the-casino-jackpot-city-mobile-internet-the-real-deal-money-2026/ HTTP/1.1" 200 79857 "-" "Mozilla/5.0 (Windows NT 10.0; Win64; x64) AppleWebKit/537.36 (KHTML, like Gecko) Chrome/122.0.0.0 Safari/537.36"
185.216.113.70 - - [26/Apr/2026:07:58:52 +0300] "POST /wp-cron.php?doing_wp_cron=1777179532.8181850910186767578125 HTTP/1.1" 200 448 "-" "WordPress/6.3.8; https://serhatburke.miroglu.net"
107.151.163.104 - - [26/Apr/2026:07:58:41 +0300] "POST /xmlrpc.php HTTP/1.1" 200 630 "-" "Mozilla/5.0 (Windows NT 10.0; Win64; x64) AppleWebKit/537.36 (KHTML, like Gecko) Chrome/114.0.0.0 Safari/537.36"
185.153.197.8 - - [26/Apr/2026:07:58:58 +0300] "POST /xmlrpc.php HTTP/1.1" 200 630 "-" "Mozilla/5.0 (Windows NT 10.0; Win64; x64) AppleWebKit/537.36 (KHTML, like Gecko) Chrome/114.0.0.0 Safari/537.36"
107.151.163.104 - - [26/Apr/2026:07:58:59 +0300] "POST /xmlrpc.php HTTP/1.1" 200 15797 "-" "Mozilla/5.0 (Windows NT 10.0; Win64; x64) AppleWebKit/537.36 (KHTML, like Gecko) Chrome/114.0.0.0 Safari/537.36"
193.36.38.228 - - [26/Apr/2026:07:59:00 +0300] "POST /xmlrpc.php HTTP/1.1" 200 692 "-" "Mozilla/5.0 (Windows NT 10.0; Win64; x64) AppleWebKit/537.36 (KHTML, like Gecko) Chrome/114.0.0.0 Safari/537.36"
107.151.163.104 - - [26/Apr/2026:07:59:21 +0300] "GET /ten-better-australian-casinos-on-the-50-free-spins-tower-quest-on-registration-no-deposit-internet-2026/ HTTP/1.1" 200 80660 "-" "Mozilla/5.0 (Windows NT 10.0; Win64; x64) AppleWebKit/537.36 (KHTML, like Gecko) Chrome/124.0.0.0 Safari/537.36 Edg/124.0.0.0"
185.216.113.70 - - [26/Apr/2026:07:59:39 +0300] "POST /wp-cron.php?doing_wp_cron=1777179579.0357239246368408203125 HTTP/1.1" 200 448 "-" "WordPress/6.3.8; https://serhatburke.miroglu.net"
185.153.197.8 - - [26/Apr/2026:07:59:23 +0300] "POST /xmlrpc.php HTTP/1.1" 200 16270 "-" "Mozilla/5.0 (Windows NT 10.0; Win64; x64) AppleWebKit/537.36 (KHTML, like Gecko) Chrome/114.0.0.0 Safari/537.36"
193.36.38.228 - - [26/Apr/2026:07:59:25 +0300] "POST /xmlrpc.php HTTP/1.1" 200 10640 "-" "Mozilla/5.0 (Windows NT 10.0; Win64; x64) AppleWebKit/537.36 (KHTML, like Gecko) Chrome/114.0.0.0 Safari/537.36"
185.153.197.8 - - [26/Apr/2026:07:59:39 +0300] "GET /thunderstruck-position-games-a-detailed-remark-showing-the-fundamentals/ HTTP/1.1" 200 80133 "-" "Mozilla/5.0 (Windows NT 10.0; Win64; x64) AppleWebKit/537.36 (KHTML, like Gecko) Chrome/122.0.0.0 Safari/537.36"
193.36.38.228 - - [26/Apr/2026:07:59:41 +0300] "GET /aparatul-caderi-sub-de-pragmatic-play-prin-urmare-te-poi-atepta-pentru-cheltuieli-frumoase/ HTTP/1.1" 200 75100 "-" "Mozilla/5.0 (Windows NT 10.0; Win64; x64; rv:125.0) Gecko/20100101 Firefox/125.0"
107.151.163.104 - - [26/Apr/2026:08:00:14 +0300] "POST /xmlrpc.php HTTP/1.1" 200 630 "-" "Mozilla/5.0 (Windows NT 10.0; Win64; x64) AppleWebKit/537.36 (KHTML, like Gecko) Chrome/114.0.0.0 Safari/537.36"
185.216.113.70 - - [26/Apr/2026:08:00:44 +0300] "POST /wp-cron.php?doing_wp_cron=1777179644.4388520717620849609375 HTTP/1.1" 200 448 "-" "WordPress/6.3.8; https://serhatburke.miroglu.net"
107.151.163.104 - - [26/Apr/2026:08:00:32 +0300] "POST /xmlrpc.php HTTP/1.1" 200 15464 "-" "Mozilla/5.0 (Windows NT 10.0; Win64; x64) AppleWebKit/537.36 (KHTML, like Gecko) Chrome/114.0.0.0 Safari/537.36"
107.151.163.104 - - [26/Apr/2026:08:00:46 +0300] "GET /play-for-real-no-deposit-casino-bonus-free-spins-money/ HTTP/1.1" 200 78897 "-" "Mozilla/5.0 (Windows NT 10.0; rv:125.0) Gecko/20100101 Firefox/125.0"
185.216.113.70 - - [26/Apr/2026:08:01:51 +0300] "POST /wp-cron.php?doing_wp_cron=1777179711.4748539924621582031250 HTTP/1.1" 200 448 "-" "WordPress/6.3.8; https://serhatburke.miroglu.net"
107.151.163.104 - - [26/Apr/2026:08:01:39 +0300] "POST /xmlrpc.php HTTP/1.1" 200 630 "-" "Mozilla/5.0 (Windows NT 10.0; Win64; x64) AppleWebKit/537.36 (KHTML, like Gecko) Chrome/114.0.0.0 Safari/537.36"
129.227.39.118 - - [26/Apr/2026:08:01:49 +0300] "POST /xmlrpc.php HTTP/1.1" 200 630 "-" "Mozilla/5.0 (Windows NT 10.0; Win64; x64) AppleWebKit/537.36 (KHTML, like Gecko) Chrome/114.0.0.0 Safari/537.36"
107.151.163.104 - - [26/Apr/2026:08:01:58 +0300] "POST /xmlrpc.php HTTP/1.1" 200 15219 "-" "Mozilla/5.0 (Windows NT 10.0; Win64; x64) AppleWebKit/537.36 (KHTML, like Gecko) Chrome/114.0.0.0 Safari/537.36"
129.227.39.118 - - [26/Apr/2026:08:02:09 +0300] "POST /xmlrpc.php HTTP/1.1" 200 13112 "-" "Mozilla/5.0 (Windows NT 10.0; Win64; x64) AppleWebKit/537.36 (KHTML, like Gecko) Chrome/114.0.0.0 Safari/537.36"
107.151.163.104 - - [26/Apr/2026:08:02:13 +0300] "GET /better-online-casinos-taking-triple-jokers-slot-machine-boku-inside-2026/ HTTP/1.1" 200 79147 "-" "Mozilla/5.0 (Windows NT 10.0; Win64; x64) AppleWebKit/537.36 (KHTML, like Gecko) Chrome/124.0.0.0 Safari/537.36 Edg/124.0.0.0"
129.227.39.118 - - [26/Apr/2026:08:02:23 +0300] "GET /try-free-demo/ HTTP/1.1" 200 75620 "-" "Mozilla/5.0 (Windows NT 10.0; rv:109.0) Gecko/20100101 Firefox/115.0"
185.216.113.70 - - [26/Apr/2026:08:03:05 +0300] "POST /wp-cron.php?doing_wp_cron=1777179785.2554459571838378906250 HTTP/1.1" 200 448 "-" "WordPress/6.3.8; https://serhatburke.miroglu.net"
40.77.167.18 - - [26/Apr/2026:08:02:51 +0300] "GET /kraken-bezopasnye-vkhody-v-darknet-v-2026-godu-2/ HTTP/2" 200 18470 "-" "Mozilla/5.0 AppleWebKit/537.36 (KHTML, like Gecko; compatible; bingbot/2.0; +http://www.bing.com/bingbot.htm) Chrome/116.0.1938.76 Safari/537.36"
107.151.163.104 - - [26/Apr/2026:08:02:58 +0300] "POST /xmlrpc.php HTTP/1.1" 200 630 "-" "Mozilla/5.0 (Windows NT 10.0; Win64; x64) AppleWebKit/537.36 (KHTML, like Gecko) Chrome/114.0.0.0 Safari/537.36"
40.77.167.18 - - [26/Apr/2026:08:03:11 +0300] "GET /bestes-angeschlossen-spielbank-echtgeld-2026-spiele-via-echtem-piepen/ HTTP/2" 200 21116 "-" "Mozilla/5.0 AppleWebKit/537.36 (KHTML, like Gecko; compatible; bingbot/2.0; +http://www.bing.com/bingbot.htm) Chrome/116.0.1938.76 Safari/537.36"
107.151.163.104 - - [26/Apr/2026:08:03:19 +0300] "POST /xmlrpc.php HTTP/1.1" 200 16529 "-" "Mozilla/5.0 (Windows NT 10.0; Win64; x64) AppleWebKit/537.36 (KHTML, like Gecko) Chrome/114.0.0.0 Safari/537.36"
185.216.113.70 - - [26/Apr/2026:08:03:43 +0300] "POST /wp-cron.php?doing_wp_cron=1777179823.3751440048217773437500 HTTP/1.1" 200 448 "-" "WordPress/6.3.8; https://serhatburke.miroglu.net"
40.77.167.18 - - [26/Apr/2026:08:03:31 +0300] "GET /h1-tronscan-the-best-platform-for-crypto-analysis-in-2024-h1/ HTTP/2" 200 19130 "-" "Mozilla/5.0 AppleWebKit/537.36 (KHTML, like Gecko; compatible; bingbot/2.0; +http://www.bing.com/bingbot.htm) Chrome/116.0.1938.76 Safari/537.36"
107.151.163.104 - - [26/Apr/2026:08:03:32 +0300] "GET /bruce-lee-dragons-fu-dao-le-1-deposit-alaskan-fishing-100-percent-free-revolves-150-story-position-demo-gamble-wms/ HTTP/1.1" 200 81952 "-" "Mozilla/5.0 (Windows NT 10.0; Win64; x64) AppleWebKit/537.36 (KHTML, like Gecko) Chrome/124.0.0.0 Safari/537.36"
107.151.163.104 - - [26/Apr/2026:08:04:16 +0300] "POST /xmlrpc.php HTTP/1.1" 200 630 "-" "Mozilla/5.0 (Windows NT 10.0; Win64; x64) AppleWebKit/537.36 (KHTML, like Gecko) Chrome/114.0.0.0 Safari/537.36"
185.216.113.70 - - [26/Apr/2026:08:04:47 +0300] "POST /wp-cron.php?doing_wp_cron=1777179887.0794930458068847656250 HTTP/1.1" 200 448 "-" "WordPress/6.3.8; https://serhatburke.miroglu.net"
107.151.163.104 - - [26/Apr/2026:08:04:34 +0300] "POST /xmlrpc.php HTTP/1.1" 200 15920 "-" "Mozilla/5.0 (Windows NT 10.0; Win64; x64) AppleWebKit/537.36 (KHTML, like Gecko) Chrome/114.0.0.0 Safari/537.36"
107.151.163.104 - - [26/Apr/2026:08:04:48 +0300] "GET /best-wealth-of-monkeys-1-deposit-paysafecard-real-time-casinos-2026-finest-live-local-casino-having-paysafe-credit-repayments/ HTTP/1.1" 200 81421 "-" "Mozilla/5.0 (Windows NT 10.0; Win64; x64; rv:124.0) Gecko/20100101 Firefox/124.0"
185.153.197.8 - - [26/Apr/2026:08:04:57 +0300] "POST /xmlrpc.php HTTP/1.1" 200 630 "-" "Mozilla/5.0 (Windows NT 10.0; Win64; x64) AppleWebKit/537.36 (KHTML, like Gecko) Chrome/114.0.0.0 Safari/537.36"
185.153.197.8 - - [26/Apr/2026:08:05:17 +0300] "POST /xmlrpc.php HTTP/1.1" 200 16195 "-" "Mozilla/5.0 (Windows NT 10.0; Win64; x64) AppleWebKit/537.36 (KHTML, like Gecko) Chrome/114.0.0.0 Safari/537.36"
185.216.113.70 - - [26/Apr/2026:08:05:42 +0300] "POST /wp-cron.php?doing_wp_cron=1777179941.9686520099639892578125 HTTP/1.1" 200 448 "-" "WordPress/6.3.8; https://serhatburke.miroglu.net"
107.151.163.104 - - [26/Apr/2026:08:05:29 +0300] "POST /xmlrpc.php HTTP/1.1" 200 630 "-" "Mozilla/5.0 (Windows NT 10.0; Win64; x64) AppleWebKit/537.36 (KHTML, like Gecko) Chrome/114.0.0.0 Safari/537.36"
185.153.197.8 - - [26/Apr/2026:08:05:29 +0300] "GET /thunderstruck-slot-remark-inside-the-breadth-features-rtp-game-play-analysis/ HTTP/1.1" 200 80181 "-" "Mozilla/5.0 (Windows NT 10.0; rv:109.0) Gecko/20100101 Firefox/115.0"
107.151.163.104 - - [26/Apr/2026:08:05:48 +0300] "POST /xmlrpc.php HTTP/1.1" 200 15426 "-" "Mozilla/5.0 (Windows NT 10.0; Win64; x64) AppleWebKit/537.36 (KHTML, like Gecko) Chrome/114.0.0.0 Safari/537.36"
107.151.163.104 - - [26/Apr/2026:08:06:03 +0300] "GET /interactive-tower-quest-casino-discovering-system/ HTTP/1.1" 200 78805 "-" "Mozilla/5.0 (Windows NT 10.0; Win64; x64; rv:124.0) Gecko/20100101 Firefox/124.0"
185.216.113.70 - - [26/Apr/2026:08:06:55 +0300] "POST /wp-cron.php?doing_wp_cron=1777180015.1884169578552246093750 HTTP/1.1" 200 448 "-" "WordPress/6.3.8; https://serhatburke.miroglu.net"
107.151.163.104 - - [26/Apr/2026:08:06:43 +0300] "POST /xmlrpc.php HTTP/1.1" 200 630 "-" "Mozilla/5.0 (Windows NT 10.0; Win64; x64) AppleWebKit/537.36 (KHTML, like Gecko) Chrome/114.0.0.0 Safari/537.36"
107.151.163.104 - - [26/Apr/2026:08:07:01 +0300] "POST /xmlrpc.php HTTP/1.1" 200 16030 "-" "Mozilla/5.0 (Windows NT 10.0; Win64; x64) AppleWebKit/537.36 (KHTML, like Gecko) Chrome/114.0.0.0 Safari/537.36"
107.151.163.104 - - [26/Apr/2026:08:07:16 +0300] "GET /free-online-ports-gamble-casino-slot-online-5-dragons-slots-for-fun/ HTTP/1.1" 200 80139 "-" "Mozilla/5.0 (Windows NT 10.0; Win64; x64) AppleWebKit/537.36 (KHTML, like Gecko) Chrome/123.0.0.0 Safari/537.36"
185.216.113.70 - - [26/Apr/2026:08:07:45 +0300] "POST /wp-cron.php?doing_wp_cron=1777180065.2439129352569580078125 HTTP/1.1" 200 448 "-" "WordPress/6.3.8; https://serhatburke.miroglu.net"
129.227.39.118 - - [26/Apr/2026:08:07:31 +0300] "POST /xmlrpc.php HTTP/1.1" 200 630 "-" "Mozilla/5.0 (Windows NT 10.0; Win64; x64) AppleWebKit/537.36 (KHTML, like Gecko) Chrome/114.0.0.0 Safari/537.36"
129.227.39.118 - - [26/Apr/2026:08:07:52 +0300] "POST /xmlrpc.php HTTP/1.1" 200 13398 "-" "Mozilla/5.0 (Windows NT 10.0; Win64; x64) AppleWebKit/537.36 (KHTML, like Gecko) Chrome/114.0.0.0 Safari/537.36"
107.151.163.104 - - [26/Apr/2026:08:07:59 +0300] "POST /xmlrpc.php HTTP/1.1" 200 630 "-" "Mozilla/5.0 (Windows NT 10.0; Win64; x64) AppleWebKit/537.36 (KHTML, like Gecko) Chrome/114.0.0.0 Safari/537.36"
129.227.39.118 - - [26/Apr/2026:08:08:07 +0300] "GET /aggregators-inside-the-igaming-report-because-of-the-igb-in-partnership-with-alea/ HTTP/1.1" 200 77588 "-" "Mozilla/5.0 (Windows NT 10.0; Win64; x64) AppleWebKit/537.36 (KHTML, like Gecko) Chrome/122.0.0.0 Safari/537.36"
185.216.113.70 - - [26/Apr/2026:08:08:29 +0300] "POST /wp-cron.php?doing_wp_cron=1777180109.6571059226989746093750 HTTP/1.1" 200 448 "-" "WordPress/6.3.8; https://serhatburke.miroglu.net"
107.151.163.104 - - [26/Apr/2026:08:08:17 +0300] "POST /xmlrpc.php HTTP/1.1" 200 16323 "-" "Mozilla/5.0 (Windows NT 10.0; Win64; x64) AppleWebKit/537.36 (KHTML, like Gecko) Chrome/114.0.0.0 Safari/537.36"
94.136.190.235 - - [26/Apr/2026:08:08:29 +0300] "POST /xmlrpc.php HTTP/2" 200 181 "-" "WpPublisher-Service/1.0"
107.151.163.104 - - [26/Apr/2026:08:08:31 +0300] "GET /this-is-velvet-twist-casino-register-battle-of-the-atlantic-slot-machine-today-and-have-14-totally-free-spins-every-day/ HTTP/1.1" 200 81351 "-" "Mozilla/5.0 (Windows NT 10.0; Win64; x64) AppleWebKit/537.36 (KHTML, like Gecko) Chrome/124.0.0.0 Safari/537.36"
94.136.190.235 - - [26/Apr/2026:08:08:47 +0300] "POST /xmlrpc.php HTTP/2" 200 10763 "-" "WpPublisher-Service/1.0"
107.151.163.104 - - [26/Apr/2026:08:09:08 +0300] "POST /xmlrpc.php HTTP/1.1" 200 630 "-" "Mozilla/5.0 (Windows NT 10.0; Win64; x64) AppleWebKit/537.36 (KHTML, like Gecko) Chrome/114.0.0.0 Safari/537.36"
185.216.113.70 - - [26/Apr/2026:08:09:40 +0300] "POST /wp-cron.php?doing_wp_cron=1777180180.7398929595947265625000 HTTP/1.1" 200 448 "-" "WordPress/6.3.8; https://serhatburke.miroglu.net"
107.151.163.104 - - [26/Apr/2026:08:09:28 +0300] "POST /xmlrpc.php HTTP/1.1" 200 15978 "-" "Mozilla/5.0 (Windows NT 10.0; Win64; x64) AppleWebKit/537.36 (KHTML, like Gecko) Chrome/114.0.0.0 Safari/537.36"
107.151.163.104 - - [26/Apr/2026:08:09:42 +0300] "GET /dual-personal-20-no-deposit-heart-of-vegas-casino-totally-free-revolves/ HTTP/1.1" 200 79886 "-" "Mozilla/5.0 (Windows NT 10.0; Win64; x64; rv:124.0) Gecko/20100101 Firefox/124.0"
107.151.163.104 - - [26/Apr/2026:08:10:15 +0300] "POST /xmlrpc.php HTTP/1.1" 200 630 "-" "Mozilla/5.0 (Windows NT 10.0; Win64; x64) AppleWebKit/537.36 (KHTML, like Gecko) Chrome/114.0.0.0 Safari/537.36"
185.216.113.70 - - [26/Apr/2026:08:10:41 +0300] "POST /wp-cron.php?doing_wp_cron=1777180241.5355570316314697265625 HTTP/1.1" 200 448 "-" "WordPress/6.3.8; https://serhatburke.miroglu.net"
185.153.197.8 - - [26/Apr/2026:08:10:29 +0300] "POST /xmlrpc.php HTTP/1.1" 200 630 "-" "Mozilla/5.0 (Windows NT 10.0; Win64; x64) AppleWebKit/537.36 (KHTML, like Gecko) Chrome/114.0.0.0 Safari/537.36"
107.151.163.104 - - [26/Apr/2026:08:10:34 +0300] "POST /xmlrpc.php HTTP/1.1" 200 15272 "-" "Mozilla/5.0 (Windows NT 10.0; Win64; x64) AppleWebKit/537.36 (KHTML, like Gecko) Chrome/114.0.0.0 Safari/537.36"
185.153.197.8 - - [26/Apr/2026:08:10:47 +0300] "POST /xmlrpc.php HTTP/1.1" 200 15452 "-" "Mozilla/5.0 (Windows NT 10.0; Win64; x64) AppleWebKit/537.36 (KHTML, like Gecko) Chrome/114.0.0.0 Safari/537.36"
107.151.163.104 - - [26/Apr/2026:08:10:50 +0300] "GET /inner-connecting-to-possess-seo-the-complete-mega-moolah-free-spins-no-deposit-book/ HTTP/1.1" 200 79400 "-" "Mozilla/5.0 (Windows NT 10.0; rv:125.0) Gecko/20100101 Firefox/125.0"
193.36.38.228 - - [26/Apr/2026:08:10:50 +0300] "POST /xmlrpc.php HTTP/1.1" 200 692 "-" "Mozilla/5.0 (Windows NT 10.0; Win64; x64) AppleWebKit/537.36 (KHTML, like Gecko) Chrome/114.0.0.0 Safari/537.36"
185.153.197.8 - - [26/Apr/2026:08:11:09 +0300] "GET /thunderstruck-ports-comment-release-thors-strength-for-big-wins/ HTTP/1.1" 200 79253 "-" "Mozilla/5.0 (Windows NT 10.0; Win64; x64) AppleWebKit/537.36 (KHTML, like Gecko) Chrome/123.0.0.0 Safari/537.36"
193.36.38.228 - - [26/Apr/2026:08:11:16 +0300] "POST /xmlrpc.php HTTP/1.1" 200 9237 "-" "Mozilla/5.0 (Windows NT 10.0; Win64; x64) AppleWebKit/537.36 (KHTML, like Gecko) Chrome/114.0.0.0 Safari/537.36"
107.151.163.104 - - [26/Apr/2026:08:11:20 +0300] "POST /xmlrpc.php HTTP/1.1" 200 630 "-" "Mozilla/5.0 (Windows NT 10.0; Win64; x64) AppleWebKit/537.36 (KHTML, like Gecko) Chrome/114.0.0.0 Safari/537.36"
185.216.113.70 - - [26/Apr/2026:08:11:41 +0300] "POST /wp-cron.php?doing_wp_cron=1777180301.0201449394226074218750 HTTP/1.1" 200 448 "-" "WordPress/6.3.8; https://serhatburke.miroglu.net"
193.36.38.228 - - [26/Apr/2026:08:11:29 +0300] "GET /cu-privire-la-contului-din-cauza-jucator-royal-slots/ HTTP/1.1" 200 72864 "-" "Mozilla/5.0 (Windows NT 10.0; Win64; x64) AppleWebKit/537.36 (KHTML, like Gecko) Chrome/109.0.0.0 Safari/537.36"
107.151.163.104 - - [26/Apr/2026:08:11:39 +0300] "POST /xmlrpc.php HTTP/1.1" 200 15472 "-" "Mozilla/5.0 (Windows NT 10.0; Win64; x64) AppleWebKit/537.36 (KHTML, like Gecko) Chrome/114.0.0.0 Safari/537.36"
107.151.163.104 - - [26/Apr/2026:08:11:53 +0300] "GET /5-lowest-deposit-unicorn-legend-play-casino-us-an-entire-directory-of-5-gambling-enterprises/ HTTP/1.1" 200 79903 "-" "Mozilla/5.0 (Windows NT 10.0; rv:109.0) Gecko/20100101 Firefox/115.0"
193.36.38.228 - - [26/Apr/2026:08:12:04 +0300] "POST /xmlrpc.php HTTP/1.1" 200 692 "-" "Mozilla/5.0 (Windows NT 10.0; Win64; x64) AppleWebKit/537.36 (KHTML, like Gecko) Chrome/114.0.0.0 Safari/537.36"
185.216.113.70 - - [26/Apr/2026:08:12:36 +0300] "POST /wp-cron.php?doing_wp_cron=1777180356.4588909149169921875000 HTTP/1.1" 200 448 "-" "WordPress/6.3.8; https://serhatburke.miroglu.net"
193.36.38.228 - - [26/Apr/2026:08:12:21 +0300] "POST /xmlrpc.php HTTP/1.1" 200 8136 "-" "Mozilla/5.0 (Windows NT 10.0; Win64; x64) AppleWebKit/537.36 (KHTML, like Gecko) Chrome/114.0.0.0 Safari/537.36"
107.151.163.104 - - [26/Apr/2026:08:12:31 +0300] "POST /xmlrpc.php HTTP/1.1" 200 630 "-" "Mozilla/5.0 (Windows NT 10.0; Win64; x64) AppleWebKit/537.36 (KHTML, like Gecko) Chrome/114.0.0.0 Safari/537.36"
193.36.38.228 - - [26/Apr/2026:08:12:36 +0300] "GET /a-fi-mai-ales-gasit-bonus-casino-la-care-poti-castiga-greva-gratis-anterior/ HTTP/1.1" 200 72504 "-" "Mozilla/5.0 (Windows NT 10.0; Win64; x64) AppleWebKit/537.36 (KHTML, like Gecko) Chrome/123.0.0.0 Safari/537.36 OPR/109.0.0.0"
129.227.39.118 - - [26/Apr/2026:08:12:40 +0300] "POST /xmlrpc.php HTTP/1.1" 200 630 "-" "Mozilla/5.0 (Windows NT 10.0; Win64; x64) AppleWebKit/537.36 (KHTML, like Gecko) Chrome/114.0.0.0 Safari/537.36"
94.136.190.235 - - [26/Apr/2026:08:12:52 +0300] "POST /xmlrpc.php HTTP/2" 200 181 "-" "WpPublisher-Service/1.0"
107.151.163.104 - - [26/Apr/2026:08:12:55 +0300] "POST /xmlrpc.php HTTP/1.1" 200 15794 "-" "Mozilla/5.0 (Windows NT 10.0; Win64; x64) AppleWebKit/537.36 (KHTML, like Gecko) Chrome/114.0.0.0 Safari/537.36"
193.36.38.228 - - [26/Apr/2026:08:13:04 +0300] "POST /xmlrpc.php HTTP/1.1" 200 514 "-" "Mozilla/5.0 (Windows NT 10.0; Win64; x64) AppleWebKit/537.36 (KHTML, like Gecko) Chrome/114.0.0.0 Safari/537.36"
129.227.39.118 - - [26/Apr/2026:08:13:09 +0300] "POST /xmlrpc.php HTTP/1.1" 200 13306 "-" "Mozilla/5.0 (Windows NT 10.0; Win64; x64) AppleWebKit/537.36 (KHTML, like Gecko) Chrome/114.0.0.0 Safari/537.36"
94.136.190.235 - - [26/Apr/2026:08:13:11 +0300] "POST /xmlrpc.php HTTP/2" 200 9460 "-" "WpPublisher-Service/1.0"
107.151.163.104 - - [26/Apr/2026:08:13:16 +0300] "GET /online-harbors-what-on-earth-slot-play-gambling-establishment-slots-enjoyment/ HTTP/1.1" 200 79767 "-" "Mozilla/5.0 (Windows NT 10.0; Win64; x64) AppleWebKit/537.36 (KHTML, like Gecko) Chrome/123.0.0.0 Safari/537.36 OPR/109.0.0.0"
185.216.113.70 - - [26/Apr/2026:08:13:51 +0300] "POST /wp-cron.php?doing_wp_cron=1777180430.9798719882965087890625 HTTP/1.1" 200 448 "-" "WordPress/6.3.8; https://serhatburke.miroglu.net"
193.36.38.228 - - [26/Apr/2026:08:13:31 +0300] "POST /xmlrpc.php HTTP/1.1" 200 8811 "-" "Mozilla/5.0 (Windows NT 10.0; Win64; x64) AppleWebKit/537.36 (KHTML, like Gecko) Chrome/114.0.0.0 Safari/537.36"
129.227.39.118 - - [26/Apr/2026:08:13:33 +0300] "GET /gate777-casino-forehead-from-luxor-slot-comment-nz-2026-allege-step-onefive-hundred-incentive/ HTTP/1.1" 200 77981 "-" "Mozilla/5.0 (Windows NT 10.0; rv:109.0) Gecko/20100101 Firefox/115.0"
107.151.163.104 - - [26/Apr/2026:08:13:33 +0300] "POST /xmlrpc.php HTTP/1.1" 200 630 "-" "Mozilla/5.0 (Windows NT 10.0; Win64; x64) AppleWebKit/537.36 (KHTML, like Gecko) Chrome/114.0.0.0 Safari/537.36"
193.36.38.228 - - [26/Apr/2026:08:13:51 +0300] "GET /cum-poti-intra-pe-partea-de-sus-a-posesia-ofertelor-care-au-3-sute-gyrate-din-cauza-ar-putea-primi-in-sus/ HTTP/1.1" 200 73719 "-" "Mozilla/5.0 (Windows NT 10.0; Win64; x64) AppleWebKit/537.36 (KHTML, like Gecko) Chrome/123.0.0.0 Safari/537.36"
107.151.163.104 - - [26/Apr/2026:08:13:58 +0300] "POST /xmlrpc.php HTTP/1.1" 200 15922 "-" "Mozilla/5.0 (Windows NT 10.0; Win64; x64) AppleWebKit/537.36 (KHTML, like Gecko) Chrome/114.0.0.0 Safari/537.36"
66.249.73.15 - - [26/Apr/2026:08:14:01 +0300] "GET /?p=129988 HTTP/1.1" 301 670 "-" "Mozilla/5.0 (Linux; Android 6.0.1; Nexus 5X Build/MMB29P) AppleWebKit/537.36 (KHTML, like Gecko) Chrome/146.0.7680.177 Mobile Safari/537.36 (compatible; Googlebot/2.1; +http://www.google.com/bot.html)"
107.151.163.104 - - [26/Apr/2026:08:14:16 +0300] "GET /jack-thunderstruck-slot-play-for-150-free-spins-welcome-bonus-no-deposit-real-money-plus-the-beanstalk/ HTTP/1.1" 200 80532 "-" "Mozilla/5.0 (Windows NT 10.0; Win64; x64) AppleWebKit/537.36 (KHTML, like Gecko) Chrome/123.0.0.0 Safari/537.36"
193.36.38.228 - - [26/Apr/2026:08:14:24 +0300] "POST /xmlrpc.php HTTP/1.1" 200 692 "-" "Mozilla/5.0 (Windows NT 10.0; Win64; x64) AppleWebKit/537.36 (KHTML, like Gecko) Chrome/114.0.0.0 Safari/537.36"
185.216.113.70 - - [26/Apr/2026:08:14:46 +0300] "POST /wp-cron.php?doing_wp_cron=1777180486.2392010688781738281250 HTTP/1.1" 200 448 "-" "WordPress/6.3.8; https://serhatburke.miroglu.net"
66.249.73.15 - - [26/Apr/2026:08:14:33 +0300] "GET /chumba-casino-uk-review-your-gateway-to-exciting-online-gaming/ HTTP/1.1" 200 18839 "-" "Mozilla/5.0 (Linux; Android 6.0.1; Nexus 5X Build/MMB29P) AppleWebKit/537.36 (KHTML, like Gecko) Chrome/146.0.7680.177 Mobile Safari/537.36 (compatible; Googlebot/2.1; +http://www.google.com/bot.html)"
107.151.163.104 - - [26/Apr/2026:08:14:39 +0300] "POST /xmlrpc.php HTTP/1.1" 200 630 "-" "Mozilla/5.0 (Windows NT 10.0; Win64; x64) AppleWebKit/537.36 (KHTML, like Gecko) Chrome/114.0.0.0 Safari/537.36"
193.36.38.228 - - [26/Apr/2026:08:14:42 +0300] "POST /xmlrpc.php HTTP/1.1" 200 8718 "-" "Mozilla/5.0 (Windows NT 10.0; Win64; x64) AppleWebKit/537.36 (KHTML, like Gecko) Chrome/114.0.0.0 Safari/537.36"
193.36.38.228 - - [26/Apr/2026:08:15:00 +0300] "GET /urmatoarea-doar-ce-presupune-un-plus-care-au-tambur-gratuite-utilizarea-acestora-este-pur-i-simplu-originalul-pas/ HTTP/1.1" 200 74090 "-" "Mozilla/5.0 (Windows NT 10.0; Win64; x64) AppleWebKit/537.36 (KHTML, like Gecko) Chrome/124.0.0.0 Safari/537.36 Edg/124.0.0.0"
107.151.163.104 - - [26/Apr/2026:08:15:02 +0300] "POST /xmlrpc.php HTTP/1.1" 200 15781 "-" "Mozilla/5.0 (Windows NT 10.0; Win64; x64) AppleWebKit/537.36 (KHTML, like Gecko) Chrome/114.0.0.0 Safari/537.36"
107.151.163.104 - - [26/Apr/2026:08:15:17 +0300] "GET /best-real-money-casinos-the-dog-house-free-spins-no-deposit-on-the-internet-and-playing-internet-sites-inside-2026/ HTTP/1.1" 200 80758 "-" "Mozilla/5.0 (Windows NT 10.0; Win64; x64) AppleWebKit/537.36 (KHTML, like Gecko) Chrome/123.0.0.0 Safari/537.36 OPR/109.0.0.0"
185.216.113.70 - - [26/Apr/2026:08:15:51 +0300] "POST /wp-cron.php?doing_wp_cron=1777180551.1483039855957031250000 HTTP/1.1" 200 448 "-" "WordPress/6.3.8; https://serhatburke.miroglu.net"
193.36.38.228 - - [26/Apr/2026:08:15:34 +0300] "POST /xmlrpc.php HTTP/1.1" 200 692 "-" "Mozilla/5.0 (Windows NT 10.0; Win64; x64) AppleWebKit/537.36 (KHTML, like Gecko) Chrome/114.0.0.0 Safari/537.36"
66.249.73.1 - - [26/Apr/2026:08:15:34 +0300] "GET /betify-casino-avis-bonus-exclusif-202613645/ HTTP/1.1" 200 19643 "-" "Mozilla/5.0 (Linux; Android 6.0.1; Nexus 5X Build/MMB29P) AppleWebKit/537.36 (KHTML, like Gecko) Chrome/146.0.7680.177 Mobile Safari/537.36 (compatible; Googlebot/2.1; +http://www.google.com/bot.html)"
185.153.197.8 - - [26/Apr/2026:08:15:42 +0300] "POST /xmlrpc.php HTTP/1.1" 200 630 "-" "Mozilla/5.0 (Windows NT 10.0; Win64; x64) AppleWebKit/537.36 (KHTML, like Gecko) Chrome/114.0.0.0 Safari/537.36"
107.151.163.104 - - [26/Apr/2026:08:15:43 +0300] "POST /xmlrpc.php HTTP/1.1" 200 630 "-" "Mozilla/5.0 (Windows NT 10.0; Win64; x64) AppleWebKit/537.36 (KHTML, like Gecko) Chrome/114.0.0.0 Safari/537.36"
66.249.73.14 - - [26/Apr/2026:08:16:01 +0300] "GET /chumba-casino-uk-review-your-gateway-to-exciting-online-gaming/undefined?ts=1775520000 HTTP/1.1" 200 0 "https://serhatburke.miroglu.net/chumba-casino-uk-review-your-gateway-to-exciting-online-gaming/" "Mozilla/5.0 (Linux; Android 6.0.1; Nexus 5X Build/MMB29P) AppleWebKit/537.36 (KHTML, like Gecko) Chrome/146.0.7680.177 Mobile Safari/537.36 (compatible; Googlebot/2.1; +http://www.google.com/bot.html)"
193.36.38.228 - - [26/Apr/2026:08:15:57 +0300] "POST /xmlrpc.php HTTP/1.1" 200 8845 "-" "Mozilla/5.0 (Windows NT 10.0; Win64; x64) AppleWebKit/537.36 (KHTML, like Gecko) Chrome/114.0.0.0 Safari/537.36"
66.249.73.15 - - [26/Apr/2026:08:16:16 +0300] "GET /betify-casino-avis-bonus-exclusif-202613645/undefined?ts=1775520000 HTTP/1.1" 200 0 "https://serhatburke.miroglu.net/betify-casino-avis-bonus-exclusif-202613645/" "Mozilla/5.0 (Linux; Android 6.0.1; Nexus 5X Build/MMB29P) AppleWebKit/537.36 (KHTML, like Gecko) Chrome/146.0.7680.177 Mobile Safari/537.36 (compatible; Googlebot/2.1; +http://www.google.com/bot.html)"
185.153.197.8 - - [26/Apr/2026:08:16:12 +0300] "POST /xmlrpc.php HTTP/1.1" 200 15824 "-" "Mozilla/5.0 (Windows NT 10.0; Win64; x64) AppleWebKit/537.36 (KHTML, like Gecko) Chrome/114.0.0.0 Safari/537.36"
185.216.113.70 - - [26/Apr/2026:08:16:51 +0300] "POST /wp-cron.php?doing_wp_cron=1777180611.5002059936523437500000 HTTP/1.1" 200 448 "-" "WordPress/6.3.8; https://serhatburke.miroglu.net"
107.151.163.104 - - [26/Apr/2026:08:16:13 +0300] "POST /xmlrpc.php HTTP/1.1" 200 15620 "-" "Mozilla/5.0 (Windows NT 10.0; Win64; x64) AppleWebKit/537.36 (KHTML, like Gecko) Chrome/114.0.0.0 Safari/537.36"
40.77.167.254 - - [26/Apr/2026:08:16:18 +0300] "GET /category-sitemap.xml HTTP/2" 200 3188 "-" "Mozilla/5.0 AppleWebKit/537.36 (KHTML, like Gecko; compatible; bingbot/2.0; +http://www.bing.com/bingbot.htm) Chrome/116.0.1938.76 Safari/537.36"
193.36.38.228 - - [26/Apr/2026:08:16:22 +0300] "GET /din-motive-unele-cazinouri-pe-internet-randament-bonus-cazino-in-locul-depunere/ HTTP/1.1" 200 73509 "-" "Mozilla/5.0 (Windows NT 10.0; Win64; x64) AppleWebKit/537.36 (KHTML, like Gecko) Chrome/124.0.0.0 Safari/537.36 Edg/124.0.0.0"
193.36.38.228 - - [26/Apr/2026:08:16:23 +0300] "POST /xmlrpc.php HTTP/1.1" 200 692 "-" "Mozilla/5.0 (Windows NT 10.0; Win64; x64) AppleWebKit/537.36 (KHTML, like Gecko) Chrome/114.0.0.0 Safari/537.36"
40.77.167.45 - - [26/Apr/2026:08:16:36 +0300] "GET /post-sitemap.xml HTTP/2" 200 0 "-" "Mozilla/5.0 AppleWebKit/537.36 (KHTML, like Gecko; compatible; bingbot/2.0; +http://www.bing.com/bingbot.htm) Chrome/116.0.1938.76 Safari/537.36"
185.153.197.8 - - [26/Apr/2026:08:16:48 +0300] "GET /awake-to-c770-200-revolves/ HTTP/1.1" 200 78449 "-" "Mozilla/5.0 (Windows NT 10.0; Win64; x64; rv:124.0) Gecko/20100101 Firefox/124.0"
107.151.163.104 - - [26/Apr/2026:08:16:49 +0300] "POST /xmlrpc.php HTTP/1.1" 200 630 "-" "Mozilla/5.0 (Windows NT 10.0; Win64; x64) AppleWebKit/537.36 (KHTML, like Gecko) Chrome/114.0.0.0 Safari/537.36"
107.151.163.104 - - [26/Apr/2026:08:16:53 +0300] "GET /casino-programs-you-real-money-slots-to-spend-real-cash/ HTTP/1.1" 200 79207 "-" "Mozilla/5.0 (Windows NT 10.0; Win64; x64) AppleWebKit/537.36 (KHTML, like Gecko) Chrome/124.0.0.0 Safari/537.36 Edg/124.0.0.0"
193.36.38.228 - - [26/Apr/2026:08:17:13 +0300] "POST /xmlrpc.php HTTP/1.1" 200 9932 "-" "Mozilla/5.0 (Windows NT 10.0; Win64; x64) AppleWebKit/537.36 (KHTML, like Gecko) Chrome/114.0.0.0 Safari/537.36"
45.11.21.212 - - [26/Apr/2026:08:17:15 +0300] "GET /zotabet-casino-bonus-premier-depot-2026/ HTTP/1.1" 200 19148 "https://serhatburke.miroglu.net/" "Mozilla/5.0 (Windows NT 10.0; Win64; x64) AppleWebKit/537.36 (KHTML, like Gecko) Chrome/114.0.0.0 Safari/537.36 Edg/114.0.1264.71"
185.216.113.70 - - [26/Apr/2026:08:18:08 +0300] "POST /wp-cron.php?doing_wp_cron=1777180687.7075340747833251953125 HTTP/1.1" 200 448 "-" "WordPress/6.3.8; https://serhatburke.miroglu.net"
84.200.80.218 - - [26/Apr/2026:08:17:31 +0300] "POST /xmlrpc.php HTTP/1.1" 200 191060 "-" "Mozilla/5.0 (Windows NT 10.0; Win64; x64; Xbox; Xbox One) AppleWebKit/537.36 (KHTML, like Gecko) Chrome/114.0.0.0 Safari/537.36 Edge/44.18363.8131"
