178.175.140.147 - - [26/Apr/2026:19:37:04 +0300] "POST /xmlrpc.php HTTP/1.1" 200 9368 "-" "Mozilla/5.0 (Windows NT 10.0; Win64; x64) AppleWebKit/537.36 (KHTML, like Gecko) Chrome/114.0.0.0 Safari/537.36"
178.175.140.147 - - [26/Apr/2026:19:37:18 +0300] "GET /the-purchases-was-completely-on-the-chain-leveraging-solanas-high-rate-low-payment-blockchain-to-have-seamless-places-and-you-can-withdrawals/ HTTP/1.1" 200 75599 "-" "Mozilla/5.0 (Windows NT 10.0; Win64; x64) AppleWebKit/537.36 (KHTML, like Gecko) Chrome/123.0.0.0 Safari/537.36"
185.216.113.70 - - [26/Apr/2026:19:38:08 +0300] "POST /wp-cron.php?doing_wp_cron=1777221487.8981258869171142578125 HTTP/1.1" 200 448 "-" "WordPress/6.3.8; https://serhatburke.miroglu.net"
178.175.140.147 - - [26/Apr/2026:19:37:56 +0300] "POST /xmlrpc.php HTTP/1.1" 200 630 "-" "Mozilla/5.0 (Windows NT 10.0; Win64; x64) AppleWebKit/537.36 (KHTML, like Gecko) Chrome/114.0.0.0 Safari/537.36"
40.77.167.79 - - [26/Apr/2026:19:38:19 +0300] "GET /participar-tragamonedas-gratuito-2026-es-echa-un-vistazo-al-hipervinculo-entretenido-compruebalo/ HTTP/2" 200 20147 "-" "Mozilla/5.0 AppleWebKit/537.36 (KHTML, like Gecko; compatible; bingbot/2.0; +http://www.bing.com/bingbot.htm) Chrome/116.0.1938.76 Safari/537.36"
178.175.140.147 - - [26/Apr/2026:19:38:21 +0300] "POST /xmlrpc.php HTTP/1.1" 200 10215 "-" "Mozilla/5.0 (Windows NT 10.0; Win64; x64) AppleWebKit/537.36 (KHTML, like Gecko) Chrome/114.0.0.0 Safari/537.36"
185.216.113.70 - - [26/Apr/2026:19:38:47 +0300] "POST /wp-cron.php?doing_wp_cron=1777221527.0663108825683593750000 HTTP/1.1" 200 448 "-" "WordPress/6.3.8; https://serhatburke.miroglu.net"
178.175.140.147 - - [26/Apr/2026:19:38:34 +0300] "GET /yet-not-really-states-still-have-no-specific-rules-concentrating-on-online-bingo-providers/ HTTP/1.1" 200 75004 "-" "Mozilla/5.0 (Windows NT 10.0; Win64; x64; rv:124.0) Gecko/20100101 Firefox/124.0"
178.175.140.147 - - [26/Apr/2026:19:39:12 +0300] "POST /xmlrpc.php HTTP/1.1" 200 630 "-" "Mozilla/5.0 (Windows NT 10.0; Win64; x64) AppleWebKit/537.36 (KHTML, like Gecko) Chrome/114.0.0.0 Safari/537.36"
66.249.73.14 - - [26/Apr/2026:19:39:12 +0300] "GET /robots.txt HTTP/1.1" 200 719 "-" "Mozilla/5.0 (compatible; Googlebot/2.1; +http://www.google.com/bot.html)"
185.216.113.70 - - [26/Apr/2026:19:39:46 +0300] "POST /wp-cron.php?doing_wp_cron=1777221586.1114690303802490234375 HTTP/1.1" 200 448 "-" "WordPress/6.3.8; https://serhatburke.miroglu.net"
178.175.140.147 - - [26/Apr/2026:19:39:30 +0300] "POST /xmlrpc.php HTTP/1.1" 200 11464 "-" "Mozilla/5.0 (Windows NT 10.0; Win64; x64) AppleWebKit/537.36 (KHTML, like Gecko) Chrome/114.0.0.0 Safari/537.36"
52.167.144.147 - - [26/Apr/2026:19:39:43 +0300] "GET /slots-aquele-mais-pagam-veja-cuia-acabamento-que-mais-paga-acercade-2026/ HTTP/2" 200 20544 "-" "Mozilla/5.0 AppleWebKit/537.36 (KHTML, like Gecko; compatible; bingbot/2.0; +http://www.bing.com/bingbot.htm) Chrome/116.0.1938.76 Safari/537.36"
178.175.140.147 - - [26/Apr/2026:19:39:48 +0300] "GET /to-be-sure-a-secure-gaming-ecosystem-bitcoin-gambling-enterprises-need-to-be-signed-up-of-the-acknowledged-bodies/ HTTP/1.1" 200 77237 "-" "Mozilla/5.0 (Windows NT 10.0; Win64; x64; rv:125.0) Gecko/20100101 Firefox/125.0"
185.216.113.70 - - [26/Apr/2026:19:40:41 +0300] "POST /wp-cron.php?doing_wp_cron=1777221641.6054220199584960937500 HTTP/1.1" 200 448 "-" "WordPress/6.3.8; https://serhatburke.miroglu.net"
185.153.197.8 - - [26/Apr/2026:19:40:28 +0300] "POST /xmlrpc.php HTTP/1.1" 200 630 "-" "Mozilla/5.0 (Windows NT 10.0; Win64; x64) AppleWebKit/537.36 (KHTML, like Gecko) Chrome/114.0.0.0 Safari/537.36"
178.175.140.147 - - [26/Apr/2026:19:40:30 +0300] "POST /xmlrpc.php HTTP/1.1" 200 630 "-" "Mozilla/5.0 (Windows NT 10.0; Win64; x64) AppleWebKit/537.36 (KHTML, like Gecko) Chrome/114.0.0.0 Safari/537.36"
185.153.197.137 - - [26/Apr/2026:19:40:37 +0300] "POST /xmlrpc.php HTTP/1.1" 200 630 "-" "Mozilla/5.0 (Windows NT 10.0; Win64; x64) AppleWebKit/537.36 (KHTML, like Gecko) Chrome/114.0.0.0 Safari/537.36"
185.153.197.8 - - [26/Apr/2026:19:40:47 +0300] "POST /xmlrpc.php HTTP/1.1" 200 15612 "-" "Mozilla/5.0 (Windows NT 10.0; Win64; x64) AppleWebKit/537.36 (KHTML, like Gecko) Chrome/114.0.0.0 Safari/537.36"
178.175.140.147 - - [26/Apr/2026:19:40:50 +0300] "POST /xmlrpc.php HTTP/1.1" 200 11139 "-" "Mozilla/5.0 (Windows NT 10.0; Win64; x64) AppleWebKit/537.36 (KHTML, like Gecko) Chrome/114.0.0.0 Safari/537.36"
185.153.197.137 - - [26/Apr/2026:19:41:00 +0300] "POST /xmlrpc.php HTTP/1.1" 200 13378 "-" "Mozilla/5.0 (Windows NT 10.0; Win64; x64) AppleWebKit/537.36 (KHTML, like Gecko) Chrome/114.0.0.0 Safari/537.36"
185.153.197.8 - - [26/Apr/2026:19:41:06 +0300] "GET /better-paypal-gambling-enterprises-inside-the-you-s-examined-rated-to-have-march-2026/ HTTP/1.1" 200 79922 "-" "Mozilla/5.0 (Windows NT 10.0; rv:109.0) Gecko/20100101 Firefox/115.0"
178.175.140.147 - - [26/Apr/2026:19:41:08 +0300] "GET /cryptocurrency-gambling-is-now-ever-more-popular-offering-book-provides-one-conventional-systems-usually-do-not/ HTTP/1.1" 200 76616 "-" "Mozilla/5.0 (Windows NT 10.0; Win64; x64) AppleWebKit/537.36 (KHTML, like Gecko) Chrome/124.0.0.0 Safari/537.36 Edg/124.0.0.0"
185.153.197.137 - - [26/Apr/2026:19:41:18 +0300] "GET /better-internet-casino-position-games-2026-play-popular-harbors/ HTTP/1.1" 200 77240 "-" "Mozilla/5.0 (Windows NT 10.0; Win64; x64) AppleWebKit/537.36 (KHTML, like Gecko) Chrome/122.0.0.0 Safari/537.36"
185.216.113.70 - - [26/Apr/2026:19:41:44 +0300] "POST /wp-cron.php?doing_wp_cron=1777221704.3232009410858154296875 HTTP/1.1" 200 448 "-" "WordPress/6.3.8; https://serhatburke.miroglu.net"
178.175.140.147 - - [26/Apr/2026:19:41:32 +0300] "POST /xmlrpc.php HTTP/1.1" 200 630 "-" "Mozilla/5.0 (Windows NT 10.0; Win64; x64) AppleWebKit/537.36 (KHTML, like Gecko) Chrome/114.0.0.0 Safari/537.36"
178.175.140.147 - - [26/Apr/2026:19:41:50 +0300] "POST /xmlrpc.php HTTP/1.1" 200 13906 "-" "Mozilla/5.0 (Windows NT 10.0; Win64; x64) AppleWebKit/537.36 (KHTML, like Gecko) Chrome/114.0.0.0 Safari/537.36"
178.175.140.147 - - [26/Apr/2026:19:42:06 +0300] "GET /we-pursue-tight-editorial-assistance-to-ensure-the-ethics-and-you-may-credibility-of-our-content/ HTTP/1.1" 200 79062 "-" "Mozilla/5.0 (Windows NT 10.0; Win64; x64; rv:125.0) Gecko/20100101 Firefox/125.0"
185.216.113.70 - - [26/Apr/2026:19:42:52 +0300] "POST /wp-cron.php?doing_wp_cron=1777221772.1972780227661132812500 HTTP/1.1" 200 448 "-" "WordPress/6.3.8; https://serhatburke.miroglu.net"
178.175.140.147 - - [26/Apr/2026:19:42:37 +0300] "POST /xmlrpc.php HTTP/1.1" 200 630 "-" "Mozilla/5.0 (Windows NT 10.0; Win64; x64) AppleWebKit/537.36 (KHTML, like Gecko) Chrome/114.0.0.0 Safari/537.36"
40.77.167.72 - - [26/Apr/2026:19:42:51 +0300] "GET /experience-seamless-crypto-management-with-ledger-live-8/ HTTP/2" 200 17731 "-" "Mozilla/5.0 AppleWebKit/537.36 (KHTML, like Gecko; compatible; bingbot/2.0; +http://www.bing.com/bingbot.htm) Chrome/116.0.1938.76 Safari/537.36"
107.151.163.104 - - [26/Apr/2026:19:42:57 +0300] "POST /xmlrpc.php HTTP/1.1" 200 630 "-" "Mozilla/5.0 (Windows NT 10.0; Win64; x64) AppleWebKit/537.36 (KHTML, like Gecko) Chrome/114.0.0.0 Safari/537.36"
178.175.140.147 - - [26/Apr/2026:19:42:58 +0300] "POST /xmlrpc.php HTTP/1.1" 200 9899 "-" "Mozilla/5.0 (Windows NT 10.0; Win64; x64) AppleWebKit/537.36 (KHTML, like Gecko) Chrome/114.0.0.0 Safari/537.36"
178.175.140.147 - - [26/Apr/2026:19:43:17 +0300] "GET /overall-it-is-an-easy-step-by-action-extra-options-you-to-rewards-consistent-gamble/ HTTP/1.1" 200 74375 "-" "Mozilla/5.0 (Windows NT 10.0; Win64; x64) AppleWebKit/537.36 (KHTML, like Gecko) Chrome/122.0.0.0 Safari/537.36"
107.151.163.104 - - [26/Apr/2026:19:43:22 +0300] "POST /xmlrpc.php HTTP/1.1" 200 15536 "-" "Mozilla/5.0 (Windows NT 10.0; Win64; x64) AppleWebKit/537.36 (KHTML, like Gecko) Chrome/114.0.0.0 Safari/537.36"
185.216.113.70 - - [26/Apr/2026:19:43:44 +0300] "POST /wp-cron.php?doing_wp_cron=1777221824.3403329849243164062500 HTTP/1.1" 200 448 "-" "WordPress/6.3.8; https://serhatburke.miroglu.net"
40.77.167.72 - - [26/Apr/2026:19:43:31 +0300] "GET /prova-slots-nya-casinon-pa-natet-online-sveriges-ultimat-slots-2026/ HTTP/2" 200 19062 "-" "Mozilla/5.0 AppleWebKit/537.36 (KHTML, like Gecko; compatible; bingbot/2.0; +http://www.bing.com/bingbot.htm) Chrome/116.0.1938.76 Safari/537.36"
107.151.163.104 - - [26/Apr/2026:19:43:37 +0300] "GET /once-again-abreast-of-a-period-of-time-by-deposit-5-get-80-online-casino-the-betsoft-wager-100-percent-free-otherwise-a-real-income/ HTTP/1.1" 200 80936 "-" "Mozilla/5.0 (Windows NT 10.0; rv:109.0) Gecko/20100101 Firefox/115.0"
178.175.140.147 - - [26/Apr/2026:19:43:55 +0300] "POST /xmlrpc.php HTTP/1.1" 200 630 "-" "Mozilla/5.0 (Windows NT 10.0; Win64; x64) AppleWebKit/537.36 (KHTML, like Gecko) Chrome/114.0.0.0 Safari/537.36"
40.77.167.72 - - [26/Apr/2026:19:43:51 +0300] "GET /enjoy-twenty-five-red-hot-7-clover-connect-on-line-100-percent-free/ HTTP/2" 200 18647 "-" "Mozilla/5.0 AppleWebKit/537.36 (KHTML, like Gecko; compatible; bingbot/2.0; +http://www.bing.com/bingbot.htm) Chrome/116.0.1938.76 Safari/537.36"
66.249.73.15 - - [26/Apr/2026:19:44:11 +0300] "GET /admiral-shark-casino-uk-review-dive-into-exciting-online-gaming/undefined?ts=1775520000 HTTP/1.1" 200 0 "https://serhatburke.miroglu.net/admiral-shark-casino-uk-review-dive-into-exciting-online-gaming/" "Mozilla/5.0 (Linux; Android 6.0.1; Nexus 5X Build/MMB29P) AppleWebKit/537.36 (KHTML, like Gecko) Chrome/146.0.7680.177 Mobile Safari/537.36 (compatible; Googlebot/2.1; +http://www.google.com/bot.html)"
185.216.113.70 - - [26/Apr/2026:19:44:24 +0300] "POST /wp-cron.php?doing_wp_cron=1777221864.2464349269866943359375 HTTP/1.1" 200 448 "-" "WordPress/6.3.8; https://serhatburke.miroglu.net"
178.175.140.147 - - [26/Apr/2026:19:44:14 +0300] "POST /xmlrpc.php HTTP/1.1" 200 13995 "-" "Mozilla/5.0 (Windows NT 10.0; Win64; x64) AppleWebKit/537.36 (KHTML, like Gecko) Chrome/114.0.0.0 Safari/537.36"
178.175.140.147 - - [26/Apr/2026:19:44:28 +0300] "GET /we-go-after-tight-editorial-recommendations-to-be-sure-the-integrity-and-you-can-credibility-of-our-articles/ HTTP/1.1" 200 79430 "-" "Mozilla/5.0 (Windows NT 10.0; Win64; x64) AppleWebKit/537.36 (KHTML, like Gecko) Chrome/124.0.0.0 Safari/537.36 Edg/124.0.0.0"
178.175.140.147 - - [26/Apr/2026:19:44:49 +0300] "POST /xmlrpc.php HTTP/1.1" 200 630 "-" "Mozilla/5.0 (Windows NT 10.0; Win64; x64) AppleWebKit/537.36 (KHTML, like Gecko) Chrome/114.0.0.0 Safari/537.36"
185.216.113.70 - - [26/Apr/2026:19:45:24 +0300] "POST /wp-cron.php?doing_wp_cron=1777221924.3249781131744384765625 HTTP/1.1" 200 448 "-" "WordPress/6.3.8; https://serhatburke.miroglu.net"
185.153.197.137 - - [26/Apr/2026:19:45:12 +0300] "POST /xmlrpc.php HTTP/1.1" 200 630 "-" "Mozilla/5.0 (Windows NT 10.0; Win64; x64) AppleWebKit/537.36 (KHTML, like Gecko) Chrome/114.0.0.0 Safari/537.36"
178.175.140.147 - - [26/Apr/2026:19:45:14 +0300] "POST /xmlrpc.php HTTP/1.1" 200 9090 "-" "Mozilla/5.0 (Windows NT 10.0; Win64; x64) AppleWebKit/537.36 (KHTML, like Gecko) Chrome/114.0.0.0 Safari/537.36"
185.153.197.137 - - [26/Apr/2026:19:45:30 +0300] "POST /xmlrpc.php HTTP/1.1" 200 13501 "-" "Mozilla/5.0 (Windows NT 10.0; Win64; x64) AppleWebKit/537.36 (KHTML, like Gecko) Chrome/114.0.0.0 Safari/537.36"
178.175.140.147 - - [26/Apr/2026:19:45:27 +0300] "GET /to-withdraw-game-bonus-betting-req/ HTTP/1.1" 200 73165 "-" "Mozilla/5.0 (Windows NT 10.0; Win64; x64) AppleWebKit/537.36 (KHTML, like Gecko) Chrome/123.0.0.0 Safari/537.36 OPR/109.0.0.0"
185.153.197.137 - - [26/Apr/2026:19:45:45 +0300] "GET /seafood-team-position/ HTTP/1.1" 200 76335 "-" "Mozilla/5.0 (Windows NT 10.0; Win64; x64) AppleWebKit/537.36 (KHTML, like Gecko) Chrome/124.0.0.0 Safari/537.36 Edg/124.0.0.0"
185.153.197.8 - - [26/Apr/2026:19:46:03 +0300] "POST /xmlrpc.php HTTP/1.1" 200 630 "-" "Mozilla/5.0 (Windows NT 10.0; Win64; x64) AppleWebKit/537.36 (KHTML, like Gecko) Chrome/114.0.0.0 Safari/537.36"
185.216.113.70 - - [26/Apr/2026:19:46:27 +0300] "POST /wp-cron.php?doing_wp_cron=1777221987.4700760841369628906250 HTTP/1.1" 200 448 "-" "WordPress/6.3.8; https://serhatburke.miroglu.net"
185.153.197.8 - - [26/Apr/2026:19:46:20 +0300] "POST /xmlrpc.php HTTP/1.1" 200 16353 "-" "Mozilla/5.0 (Windows NT 10.0; Win64; x64) AppleWebKit/537.36 (KHTML, like Gecko) Chrome/114.0.0.0 Safari/537.36"
66.249.73.14 - - [26/Apr/2026:19:46:15 +0300] "GET /up-x-onlain-kazino-mobilnaia-versiia1065/ HTTP/1.1" 200 19270 "-" "Mozilla/5.0 (Linux; Android 6.0.1; Nexus 5X Build/MMB29P) AppleWebKit/537.36 (KHTML, like Gecko) Chrome/146.0.7680.177 Mobile Safari/537.36 (compatible; Googlebot/2.1; +http://www.google.com/bot.html)"
185.153.197.8 - - [26/Apr/2026:19:46:33 +0300] "GET /betchain-no-deposit-incentive-the-newest-zealand-2026-twenty-five-free-revolves/ HTTP/1.1" 200 80723 "-" "Mozilla/5.0 (Windows NT 10.0; Win64; x64) AppleWebKit/537.36 (KHTML, like Gecko) Chrome/124.0.0.0 Safari/537.36 Edg/124.0.0.0"
66.249.73.14 - - [26/Apr/2026:19:46:37 +0300] "GET /up-x-onlain-kazino-nastolnye-igry16-2/ HTTP/1.1" 200 19252 "-" "Mozilla/5.0 (Linux; Android 6.0.1; Nexus 5X Build/MMB29P) AppleWebKit/537.36 (KHTML, like Gecko) Chrome/146.0.7680.177 Mobile Safari/537.36 (compatible; Googlebot/2.1; +http://www.google.com/bot.html)"
66.249.73.14 - - [26/Apr/2026:19:46:46 +0300] "GET /up-x-onlain-kazino-otzyvy-igrokov1130-2/ HTTP/1.1" 200 19341 "-" "Mozilla/5.0 (Linux; Android 6.0.1; Nexus 5X Build/MMB29P) AppleWebKit/537.36 (KHTML, like Gecko) Chrome/146.0.7680.177 Mobile Safari/537.36 (compatible; Googlebot/2.1; +http://www.google.com/bot.html)"
66.249.73.14 - - [26/Apr/2026:19:47:16 +0300] "GET /up-x-onlain-kazino-mobilnaia-versiia1065/undefined?ts=1775520000 HTTP/1.1" 404 15028 "https://serhatburke.miroglu.net/up-x-onlain-kazino-mobilnaia-versiia1065/" "Mozilla/5.0 (Linux; Android 6.0.1; Nexus 5X Build/MMB29P) AppleWebKit/537.36 (KHTML, like Gecko) Chrome/146.0.7680.177 Mobile Safari/537.36 (compatible; Googlebot/2.1; +http://www.google.com/bot.html)"
185.216.113.70 - - [26/Apr/2026:19:48:29 +0300] "POST /wp-cron.php?doing_wp_cron=1777222109.0153899192810058593750 HTTP/1.1" 200 448 "-" "WordPress/6.3.8; https://serhatburke.miroglu.net"
113.192.47.123 - - [26/Apr/2026:19:48:16 +0300] "GET /beste-casino-site-belgie-hoge-inzet/ HTTP/1.1" 200 19282 "-" "Mozilla/5.0 (compatible; Googlebot/2.1; +http://www.google.com/bot.html)"
185.153.197.137 - - [26/Apr/2026:19:49:21 +0300] "POST /xmlrpc.php HTTP/1.1" 200 630 "-" "Mozilla/5.0 (Windows NT 10.0; Win64; x64) AppleWebKit/537.36 (KHTML, like Gecko) Chrome/114.0.0.0 Safari/537.36"
185.216.113.70 - - [26/Apr/2026:19:49:57 +0300] "POST /wp-cron.php?doing_wp_cron=1777222197.4216690063476562500000 HTTP/1.1" 200 448 "-" "WordPress/6.3.8; https://serhatburke.miroglu.net"
52.167.144.211 - - [26/Apr/2026:19:49:40 +0300] "GET /99bitcoins-kripto-para-haberleri-egitimleri-ve-rehberleri/ HTTP/2" 200 20026 "-" "Mozilla/5.0 AppleWebKit/537.36 (KHTML, like Gecko; compatible; bingbot/2.0; +http://www.bing.com/bingbot.htm) Chrome/116.0.1938.76 Safari/537.36"
185.153.197.137 - - [26/Apr/2026:19:49:42 +0300] "POST /xmlrpc.php HTTP/1.1" 200 12974 "-" "Mozilla/5.0 (Windows NT 10.0; Win64; x64) AppleWebKit/537.36 (KHTML, like Gecko) Chrome/114.0.0.0 Safari/537.36"
40.77.167.16 - - [26/Apr/2026:19:49:45 +0300] "GET /discovering-sushiswap-the-ultimate-dex-experience/ HTTP/2" 200 17523 "-" "Mozilla/5.0 AppleWebKit/537.36 (KHTML, like Gecko; compatible; bingbot/2.0; +http://www.bing.com/bingbot.htm) Chrome/116.0.1938.76 Safari/537.36"
178.175.140.147 - - [26/Apr/2026:19:49:49 +0300] "POST /xmlrpc.php HTTP/1.1" 200 630 "-" "Mozilla/5.0 (Windows NT 10.0; Win64; x64) AppleWebKit/537.36 (KHTML, like Gecko) Chrome/114.0.0.0 Safari/537.36"
185.153.197.137 - - [26/Apr/2026:19:50:03 +0300] "GET /seafood-team-position-games-demonstration-play-100-percent-free-spins/ HTTP/1.1" 200 77097 "-" "Mozilla/5.0 (Windows NT 10.0; Win64; x64) AppleWebKit/537.36 (KHTML, like Gecko) Chrome/124.0.0.0 Safari/537.36 Edg/124.0.0.0"
178.175.140.147 - - [26/Apr/2026:19:50:18 +0300] "POST /xmlrpc.php HTTP/1.1" 200 9435 "-" "Mozilla/5.0 (Windows NT 10.0; Win64; x64) AppleWebKit/537.36 (KHTML, like Gecko) Chrome/114.0.0.0 Safari/537.36"
185.216.113.70 - - [26/Apr/2026:19:50:42 +0300] "POST /wp-cron.php?doing_wp_cron=1777222242.5938100814819335937500 HTTP/1.1" 200 448 "-" "WordPress/6.3.8; https://serhatburke.miroglu.net"
178.175.140.147 - - [26/Apr/2026:19:50:31 +0300] "GET /supported-by-a-transparent-10m-bankroll-claims-exchangeability-and-you-will-precision/ HTTP/1.1" 200 74333 "-" "Mozilla/5.0 (Windows NT 10.0; rv:109.0) Gecko/20100101 Firefox/115.0"
185.153.197.8 - - [26/Apr/2026:19:51:20 +0300] "POST /xmlrpc.php HTTP/1.1" 200 630 "-" "Mozilla/5.0 (Windows NT 10.0; Win64; x64) AppleWebKit/537.36 (KHTML, like Gecko) Chrome/114.0.0.0 Safari/537.36"
185.216.113.70 - - [26/Apr/2026:19:51:50 +0300] "POST /wp-cron.php?doing_wp_cron=1777222310.0046279430389404296875 HTTP/1.1" 200 448 "-" "WordPress/6.3.8; https://serhatburke.miroglu.net"
185.153.197.8 - - [26/Apr/2026:19:51:38 +0300] "POST /xmlrpc.php HTTP/1.1" 200 15763 "-" "Mozilla/5.0 (Windows NT 10.0; Win64; x64) AppleWebKit/537.36 (KHTML, like Gecko) Chrome/114.0.0.0 Safari/537.36"
185.153.197.8 - - [26/Apr/2026:19:51:50 +0300] "GET /premium-playing-experience-with-ireland/ HTTP/1.1" 200 78916 "-" "Mozilla/5.0 (Windows NT 10.0; Win64; x64) AppleWebKit/537.36 (KHTML, like Gecko) Chrome/124.0.0.0 Safari/537.36"
52.167.144.216 - - [26/Apr/2026:19:52:21 +0300] "GET /6666-2/ HTTP/2" 200 16767 "-" "Mozilla/5.0 AppleWebKit/537.36 (KHTML, like Gecko; compatible; bingbot/2.0; +http://www.bing.com/bingbot.htm) Chrome/116.0.1938.76 Safari/537.36"
40.77.167.16 - - [26/Apr/2026:19:52:25 +0300] "GET /el-rtp-return-to-player-sugiere-el-proporciin-sobre-regreso-teorico/ HTTP/2" 200 18180 "-" "Mozilla/5.0 AppleWebKit/537.36 (KHTML, like Gecko; compatible; bingbot/2.0; +http://www.bing.com/bingbot.htm) Chrome/116.0.1938.76 Safari/537.36"
185.216.113.70 - - [26/Apr/2026:19:52:56 +0300] "POST /wp-cron.php?doing_wp_cron=1777222376.6083889007568359375000 HTTP/1.1" 200 448 "-" "WordPress/6.3.8; https://serhatburke.miroglu.net"
40.77.167.16 - - [26/Apr/2026:19:52:44 +0300] "GET /any-winnings-from-free-spins-must-is-wagered-twentieth-times-before-they-can-is-cashed-tabu/ HTTP/2" 200 19057 "-" "Mozilla/5.0 AppleWebKit/537.36 (KHTML, like Gecko; compatible; bingbot/2.0; +http://www.bing.com/bingbot.htm) Chrome/116.0.1938.76 Safari/537.36"
185.153.197.137 - - [26/Apr/2026:19:52:47 +0300] "POST /xmlrpc.php HTTP/1.1" 200 630 "-" "Mozilla/5.0 (Windows NT 10.0; Win64; x64) AppleWebKit/537.36 (KHTML, like Gecko) Chrome/114.0.0.0 Safari/537.36"
52.167.144.216 - - [26/Apr/2026:19:52:55 +0300] "GET /discover-tronscan-your-ultimate-guide-to-tron-management/ HTTP/2" 200 17655 "-" "Mozilla/5.0 AppleWebKit/537.36 (KHTML, like Gecko; compatible; bingbot/2.0; +http://www.bing.com/bingbot.htm) Chrome/116.0.1938.76 Safari/537.36"
185.153.197.137 - - [26/Apr/2026:19:53:05 +0300] "POST /xmlrpc.php HTTP/1.1" 200 13674 "-" "Mozilla/5.0 (Windows NT 10.0; Win64; x64) AppleWebKit/537.36 (KHTML, like Gecko) Chrome/114.0.0.0 Safari/537.36"
185.153.197.137 - - [26/Apr/2026:19:53:19 +0300] "GET /100-percent-free-ports-on-line-public-casino/ HTTP/1.1" 200 77149 "-" "Mozilla/5.0 (Windows NT 10.0; Win64; x64) AppleWebKit/537.36 (KHTML, like Gecko) Chrome/123.0.0.0 Safari/537.36 OPR/109.0.0.0"
185.216.113.70 - - [26/Apr/2026:19:55:11 +0300] "POST /wp-cron.php?doing_wp_cron=1777222511.1307051181793212890625 HTTP/1.1" 200 448 "-" "WordPress/6.3.8; https://serhatburke.miroglu.net"
107.151.163.104 - - [26/Apr/2026:19:54:56 +0300] "POST /xmlrpc.php HTTP/1.1" 200 630 "-" "Mozilla/5.0 (Windows NT 10.0; Win64; x64) AppleWebKit/537.36 (KHTML, like Gecko) Chrome/114.0.0.0 Safari/537.36"
107.151.163.104 - - [26/Apr/2026:19:55:17 +0300] "POST /xmlrpc.php HTTP/1.1" 200 15342 "-" "Mozilla/5.0 (Windows NT 10.0; Win64; x64) AppleWebKit/537.36 (KHTML, like Gecko) Chrome/114.0.0.0 Safari/537.36"
185.216.113.70 - - [26/Apr/2026:19:55:43 +0300] "POST /wp-cron.php?doing_wp_cron=1777222543.2781350612640380859375 HTTP/1.1" 200 448 "-" "WordPress/6.3.8; https://serhatburke.miroglu.net"
107.151.163.104 - - [26/Apr/2026:19:55:31 +0300] "GET /better-real-money-australian-online-casino-play-book-of-dead-slot-sites-to-have-2025/ HTTP/1.1" 200 79596 "-" "Mozilla/5.0 (Windows NT 10.0; rv:125.0) Gecko/20100101 Firefox/125.0"
185.216.113.70 - - [26/Apr/2026:19:56:57 +0300] "POST /wp-cron.php?doing_wp_cron=1777222617.2284600734710693359375 HTTP/1.1" 200 448 "-" "WordPress/6.3.8; https://serhatburke.miroglu.net"
185.153.197.8 - - [26/Apr/2026:19:56:45 +0300] "POST /xmlrpc.php HTTP/1.1" 200 630 "-" "Mozilla/5.0 (Windows NT 10.0; Win64; x64) AppleWebKit/537.36 (KHTML, like Gecko) Chrome/114.0.0.0 Safari/537.36"
107.151.163.104 - - [26/Apr/2026:19:56:59 +0300] "POST /xmlrpc.php HTTP/1.1" 200 630 "-" "Mozilla/5.0 (Windows NT 10.0; Win64; x64) AppleWebKit/537.36 (KHTML, like Gecko) Chrome/114.0.0.0 Safari/537.36"
185.153.197.8 - - [26/Apr/2026:19:57:02 +0300] "POST /xmlrpc.php HTTP/1.1" 200 15233 "-" "Mozilla/5.0 (Windows NT 10.0; Win64; x64) AppleWebKit/537.36 (KHTML, like Gecko) Chrome/114.0.0.0 Safari/537.36"
185.153.197.8 - - [26/Apr/2026:19:57:18 +0300] "GET /bethard-gambling-establishment-review-everything-we-found-up-to-date/ HTTP/1.1" 200 79228 "-" "Mozilla/5.0 (Windows NT 10.0; Win64; x64; rv:124.0) Gecko/20100101 Firefox/124.0"
107.151.163.104 - - [26/Apr/2026:19:57:21 +0300] "POST /xmlrpc.php HTTP/1.1" 200 15111 "-" "Mozilla/5.0 (Windows NT 10.0; Win64; x64) AppleWebKit/537.36 (KHTML, like Gecko) Chrome/114.0.0.0 Safari/537.36"
185.216.113.70 - - [26/Apr/2026:19:57:41 +0300] "POST /wp-cron.php?doing_wp_cron=1777222661.7025640010833740234375 HTTP/1.1" 200 448 "-" "WordPress/6.3.8; https://serhatburke.miroglu.net"
185.153.197.137 - - [26/Apr/2026:19:57:27 +0300] "POST /xmlrpc.php HTTP/1.1" 200 630 "-" "Mozilla/5.0 (Windows NT 10.0; Win64; x64) AppleWebKit/537.36 (KHTML, like Gecko) Chrome/114.0.0.0 Safari/537.36"
107.151.163.104 - - [26/Apr/2026:19:57:36 +0300] "GET /best-casinos-on-the-internet-kitty-glitter-casino-the-real-deal-money-2026/ HTTP/1.1" 200 79382 "-" "Mozilla/5.0 (Windows NT 10.0; rv:125.0) Gecko/20100101 Firefox/125.0"
185.153.197.137 - - [26/Apr/2026:19:57:47 +0300] "POST /xmlrpc.php HTTP/1.1" 200 12824 "-" "Mozilla/5.0 (Windows NT 10.0; Win64; x64) AppleWebKit/537.36 (KHTML, like Gecko) Chrome/114.0.0.0 Safari/537.36"
185.153.197.137 - - [26/Apr/2026:19:57:59 +0300] "GET /150-no-deposit-bonus-codes-best-proposes-to-claim/ HTTP/1.1" 200 76116 "-" "Mozilla/5.0 (Windows NT 10.0; Win64; x64; rv:124.0) Gecko/20100101 Firefox/124.0"
185.216.113.70 - - [26/Apr/2026:19:59:07 +0300] "POST /wp-cron.php?doing_wp_cron=1777222747.2077629566192626953125 HTTP/1.1" 200 448 "-" "WordPress/6.3.8; https://serhatburke.miroglu.net"
107.151.163.104 - - [26/Apr/2026:19:58:55 +0300] "POST /xmlrpc.php HTTP/1.1" 200 630 "-" "Mozilla/5.0 (Windows NT 10.0; Win64; x64) AppleWebKit/537.36 (KHTML, like Gecko) Chrome/114.0.0.0 Safari/537.36"
107.151.163.104 - - [26/Apr/2026:19:59:14 +0300] "POST /xmlrpc.php HTTP/1.1" 200 15845 "-" "Mozilla/5.0 (Windows NT 10.0; Win64; x64) AppleWebKit/537.36 (KHTML, like Gecko) Chrome/114.0.0.0 Safari/537.36"
104.194.152.141 - - [26/Apr/2026:19:59:22 +0300] "GET /88701-2/ HTTP/1.1" 200 18419 "https://serhatburke.miroglu.net/" "Mozilla/5.0 (X11; Linux x86_64) AppleWebKit/537.36 (KHTML, like Gecko) Chrome/114.0.0.0 Safari/537.36"
104.194.152.141 - - [26/Apr/2026:19:59:41 +0300] "GET /wp-includes/css/dist/block-library/style.min.css?ver=6.3.8 HTTP/1.1" 200 13578 "https://serhatburke.miroglu.net/88701-2/" "Mozilla/5.0 (Windows NT 10.0; Win64; x64) AppleWebKit/537.36 (KHTML, like Gecko) Chrome/143.0.0.0 Safari/537.36"
104.194.152.141 - - [26/Apr/2026:19:59:42 +0300] "GET /wp-content/plugins/contact-form-7/includes/css/styles.css?ver=5.8 HTTP/1.1" 200 1490 "https://serhatburke.miroglu.net/88701-2/" "Mozilla/5.0 (Windows NT 10.0; Win64; x64) AppleWebKit/537.36 (KHTML, like Gecko) Chrome/143.0.0.0 Safari/537.36"
104.194.152.141 - - [26/Apr/2026:19:59:43 +0300] "GET /wp-content/themes/toppic/css/fontello.css?ver=4.2 HTTP/1.1" 200 1802 "https://serhatburke.miroglu.net/88701-2/" "Mozilla/5.0 (Windows NT 10.0; Win64; x64) AppleWebKit/537.36 (KHTML, like Gecko) Chrome/143.0.0.0 Safari/537.36"
185.216.113.70 - - [26/Apr/2026:19:59:44 +0300] "POST /wp-cron.php?doing_wp_cron=1777222784.6393411159515380859375 HTTP/1.1" 200 448 "-" "WordPress/6.3.8; https://serhatburke.miroglu.net"
104.194.152.141 - - [26/Apr/2026:19:59:45 +0300] "GET /wp-content/themes/toppic/css/reset.css?ver=4.2 HTTP/1.1" 200 1178 "https://serhatburke.miroglu.net/88701-2/" "Mozilla/5.0 (Windows NT 10.0; Win64; x64) AppleWebKit/537.36 (KHTML, like Gecko) Chrome/143.0.0.0 Safari/537.36"
107.151.163.104 - - [26/Apr/2026:19:59:28 +0300] "GET /exactly-what-are-three-400-casino-bonus-2026-maestro-hundred-zero-deposit-extra-laws-and-regulations-from-the-casinos-on-the-internet/ HTTP/1.1" 200 81224 "-" "Mozilla/5.0 (Windows NT 10.0; Win64; x64) AppleWebKit/537.36 (KHTML, like Gecko) Chrome/124.0.0.0 Safari/537.36 Edg/124.0.0.0"
104.194.152.141 - - [26/Apr/2026:19:59:45 +0300] "GET /wp-content/themes/toppic/css/default.css?ver=4.2 HTTP/1.1" 200 1811 "https://serhatburke.miroglu.net/88701-2/" "Mozilla/5.0 (Windows NT 10.0; Win64; x64) AppleWebKit/537.36 (KHTML, like Gecko) Chrome/143.0.0.0 Safari/537.36"
177.184.98.185 - - [26/Apr/2026:19:59:29 +0300] "GET / HTTP/1.1" 200 21487 "-" "Mozilla/5.0 (Windows NT 10.0; Win64; x64) AppleWebKit/537.36 (KHTML, like Gecko) Chrome/120.0.0.0 Safari/537.36"
104.194.152.141 - - [26/Apr/2026:19:59:46 +0300] "GET /wp-content/themes/toppic/style.css?ver=4.2 HTTP/1.1" 200 23398 "https://serhatburke.miroglu.net/88701-2/" "Mozilla/5.0 (Windows NT 10.0; Win64; x64) AppleWebKit/537.36 (KHTML, like Gecko) Chrome/143.0.0.0 Safari/537.36"
104.194.152.141 - - [26/Apr/2026:19:59:48 +0300] "GET /wp-content/themes/toppic/css/royalslider.css?ver=4.2 HTTP/1.1" 200 1887 "https://serhatburke.miroglu.net/88701-2/" "Mozilla/5.0 (Windows NT 10.0; Win64; x64) AppleWebKit/537.36 (KHTML, like Gecko) Chrome/143.0.0.0 Safari/537.36"
104.194.152.141 - - [26/Apr/2026:19:59:49 +0300] "GET /wp-content/themes/toppic/css/rs-default.css?ver=4.2 HTTP/1.1" 200 2625 "https://serhatburke.miroglu.net/88701-2/" "Mozilla/5.0 (Windows NT 10.0; Win64; x64) AppleWebKit/537.36 (KHTML, like Gecko) Chrome/143.0.0.0 Safari/537.36"
104.194.152.141 - - [26/Apr/2026:19:59:50 +0300] "GET /wp-content/themes/toppic/css/lightbox.css?ver=4.2 HTTP/1.1" 200 2956 "https://serhatburke.miroglu.net/88701-2/" "Mozilla/5.0 (Windows NT 10.0; Win64; x64) AppleWebKit/537.36 (KHTML, like Gecko) Chrome/143.0.0.0 Safari/537.36"
104.194.152.141 - - [26/Apr/2026:19:59:51 +0300] "GET /wp-content/themes/toppic/css/woocommerce.css?ver=4.2 HTTP/1.1" 200 2848 "https://serhatburke.miroglu.net/88701-2/" "Mozilla/5.0 (Windows NT 10.0; Win64; x64) AppleWebKit/537.36 (KHTML, like Gecko) Chrome/143.0.0.0 Safari/537.36"
104.194.152.141 - - [26/Apr/2026:19:59:52 +0300] "GET /wp-content/themes/toppic/css/responsive.css?ver=4.2 HTTP/1.1" 200 2796 "https://serhatburke.miroglu.net/88701-2/" "Mozilla/5.0 (Windows NT 10.0; Win64; x64) AppleWebKit/537.36 (KHTML, like Gecko) Chrome/143.0.0.0 Safari/537.36"
40.77.167.46 - - [26/Apr/2026:19:59:50 +0300] "GET /jurassic-world-evolution-seria-el-ultimo-esparcimiento-gratuito-de-epic-games-store-en-2020-crying-suns-le-seguira/ HTTP/2" 200 18932 "-" "Mozilla/5.0 AppleWebKit/537.36 (KHTML, like Gecko; compatible; bingbot/2.0; +http://www.bing.com/bingbot.htm) Chrome/116.0.1938.76 Safari/537.36"
104.194.152.141 - - [26/Apr/2026:19:59:53 +0300] "POST /wp-comments-post.php HTTP/1.1" 302 1055 "https://serhatburke.miroglu.net/88701-2/" "Mozilla/5.0 (X11; Linux x86_64) AppleWebKit/537.36 (KHTML, like Gecko) Chrome/114.0.0.0 Safari/537.36"
52.167.144.159 - - [26/Apr/2026:20:00:01 +0300] "GET /svenska-casinon-tillsamman-mobilt-bankid/ HTTP/2" 200 19092 "-" "Mozilla/5.0 AppleWebKit/537.36 (KHTML, like Gecko; compatible; bingbot/2.0; +http://www.bing.com/bingbot.htm) Chrome/116.0.1938.76 Safari/537.36"
104.194.152.141 - - [26/Apr/2026:20:00:11 +0300] "GET /88701-2/?unapproved=682&moderation-hash=38fd871b29275e37783cc0277b6e8267 HTTP/1.1" 200 18816 "https://serhatburke.miroglu.net/wp-comments-post.php" "Mozilla/5.0 (X11; Linux x86_64) AppleWebKit/537.36 (KHTML, like Gecko) Chrome/114.0.0.0 Safari/537.36"
40.77.167.46 - - [26/Apr/2026:20:00:21 +0300] "GET /mega-card-gokkas-van-netent-review-wind-tot-4000-per-spin/ HTTP/2" 200 19326 "-" "Mozilla/5.0 AppleWebKit/537.36 (KHTML, like Gecko; compatible; bingbot/2.0; +http://www.bing.com/bingbot.htm) Chrome/116.0.1938.76 Safari/537.36"
185.216.113.70 - - [26/Apr/2026:20:00:40 +0300] "POST /wp-cron.php?doing_wp_cron=1777222840.3980989456176757812500 HTTP/1.1" 200 448 "-" "WordPress/6.3.8; https://serhatburke.miroglu.net"
104.194.152.141 - - [26/Apr/2026:20:00:24 +0300] "GET /88701-2/ HTTP/1.1" 200 18406 "-" "Mozilla/5.0 (compatible; Googlebot/2.1; +http://www.google.com/bot.html)"
52.167.144.159 - - [26/Apr/2026:20:00:25 +0300] "GET /what-is-the-best-on-line-casino-app-in-the-uk/ HTTP/2" 200 17619 "-" "Mozilla/5.0 AppleWebKit/537.36 (KHTML, like Gecko; compatible; bingbot/2.0; +http://www.bing.com/bingbot.htm) Chrome/116.0.1938.76 Safari/537.36"
107.151.163.104 - - [26/Apr/2026:20:00:45 +0300] "POST /xmlrpc.php HTTP/1.1" 200 630 "-" "Mozilla/5.0 (Windows NT 10.0; Win64; x64) AppleWebKit/537.36 (KHTML, like Gecko) Chrome/114.0.0.0 Safari/537.36"
185.216.113.70 - - [26/Apr/2026:20:01:18 +0300] "POST /wp-cron.php?doing_wp_cron=1777222878.2655100822448730468750 HTTP/1.1" 200 448 "-" "WordPress/6.3.8; https://serhatburke.miroglu.net"
107.151.163.104 - - [26/Apr/2026:20:01:05 +0300] "POST /xmlrpc.php HTTP/1.1" 200 15626 "-" "Mozilla/5.0 (Windows NT 10.0; Win64; x64) AppleWebKit/537.36 (KHTML, like Gecko) Chrome/114.0.0.0 Safari/537.36"
107.151.163.104 - - [26/Apr/2026:20:01:20 +0300] "GET /our-very-own-picks-10-deposit-bonus-slots-for-better-casinos-on-the-internet-to-possess-australian/ HTTP/1.1" 200 80434 "-" "Mozilla/5.0 (Windows NT 10.0; rv:109.0) Gecko/20100101 Firefox/115.0"
185.153.197.137 - - [26/Apr/2026:20:01:49 +0300] "POST /xmlrpc.php HTTP/1.1" 200 630 "-" "Mozilla/5.0 (Windows NT 10.0; Win64; x64) AppleWebKit/537.36 (KHTML, like Gecko) Chrome/114.0.0.0 Safari/537.36"
185.153.197.8 - - [26/Apr/2026:20:01:59 +0300] "POST /xmlrpc.php HTTP/1.1" 200 630 "-" "Mozilla/5.0 (Windows NT 10.0; Win64; x64) AppleWebKit/537.36 (KHTML, like Gecko) Chrome/114.0.0.0 Safari/537.36"
185.216.113.70 - - [26/Apr/2026:20:02:26 +0300] "POST /wp-cron.php?doing_wp_cron=1777222945.9854810237884521484375 HTTP/1.1" 200 448 "-" "WordPress/6.3.8; https://serhatburke.miroglu.net"
185.153.197.137 - - [26/Apr/2026:20:02:09 +0300] "POST /xmlrpc.php HTTP/1.1" 200 13308 "-" "Mozilla/5.0 (Windows NT 10.0; Win64; x64) AppleWebKit/537.36 (KHTML, like Gecko) Chrome/114.0.0.0 Safari/537.36"
185.216.113.70 - - [26/Apr/2026:20:02:40 +0300] "POST /wp-cron.php?doing_wp_cron=1777222959.7180678844451904296875 HTTP/1.1" 200 448 "-" "WordPress/6.3.8; https://serhatburke.miroglu.net"
185.153.197.8 - - [26/Apr/2026:20:02:19 +0300] "POST /xmlrpc.php HTTP/1.1" 200 15806 "-" "Mozilla/5.0 (Windows NT 10.0; Win64; x64) AppleWebKit/537.36 (KHTML, like Gecko) Chrome/114.0.0.0 Safari/537.36"
107.151.163.104 - - [26/Apr/2026:20:02:26 +0300] "POST /xmlrpc.php HTTP/1.1" 200 630 "-" "Mozilla/5.0 (Windows NT 10.0; Win64; x64) AppleWebKit/537.36 (KHTML, like Gecko) Chrome/114.0.0.0 Safari/537.36"
185.153.197.137 - - [26/Apr/2026:20:02:26 +0300] "GET /enjoy-online-to-your-cellular/ HTTP/1.1" 200 76392 "-" "Mozilla/5.0 (Windows NT 10.0; Win64; x64) AppleWebKit/537.36 (KHTML, like Gecko) Chrome/123.0.0.0 Safari/537.36 OPR/109.0.0.0"
185.153.197.8 - - [26/Apr/2026:20:02:40 +0300] "GET /betsafe-opinion-and-you-may-incentives-2026-greatest-online-game-from-the-bonuscasino-org/ HTTP/1.1" 200 80485 "-" "Mozilla/5.0 (Windows NT 10.0; rv:125.0) Gecko/20100101 Firefox/125.0"
107.151.163.104 - - [26/Apr/2026:20:03:01 +0300] "POST /xmlrpc.php HTTP/1.1" 200 15288 "-" "Mozilla/5.0 (Windows NT 10.0; Win64; x64) AppleWebKit/537.36 (KHTML, like Gecko) Chrome/114.0.0.0 Safari/537.36"
107.151.163.104 - - [26/Apr/2026:20:03:15 +0300] "GET /best-boku-gambling-establishment-websites-to-casino-casumo-100-free-spins-have-uk-professionals-pay-because-of-the-mobile-phone-book/ HTTP/1.1" 200 80924 "-" "Mozilla/5.0 (Windows NT 10.0; Win64; x64; rv:125.0) Gecko/20100101 Firefox/125.0"
185.216.113.70 - - [26/Apr/2026:20:03:39 +0300] "POST /wp-cron.php?doing_wp_cron=1777223019.0802509784698486328125 HTTP/1.1" 200 448 "-" "WordPress/6.3.8; https://serhatburke.miroglu.net"
104.194.152.141 - - [26/Apr/2026:20:03:27 +0300] "GET /88701-2/ HTTP/1.1" 200 18406 "-" "Mozilla/5.0 (compatible; Googlebot/2.1; +http://www.google.com/bot.html)"
185.216.113.70 - - [26/Apr/2026:20:03:51 +0300] "POST /wp-cron.php?doing_wp_cron=1777223031.1352739334106445312500 HTTP/1.1" 200 448 "-" "WordPress/6.3.8; https://serhatburke.miroglu.net"
40.77.167.46 - - [26/Apr/2026:20:03:38 +0300] "GET /connexion-sur-le-casino-astre-wins-pour-france-aborde-apaise-modes-de-paiement-agiles/ HTTP/2" 200 21589 "-" "Mozilla/5.0 AppleWebKit/537.36 (KHTML, like Gecko; compatible; bingbot/2.0; +http://www.bing.com/bingbot.htm) Chrome/116.0.1938.76 Safari/537.36"
107.151.163.104 - - [26/Apr/2026:20:04:09 +0300] "POST /xmlrpc.php HTTP/1.1" 200 630 "-" "Mozilla/5.0 (Windows NT 10.0; Win64; x64) AppleWebKit/537.36 (KHTML, like Gecko) Chrome/114.0.0.0 Safari/537.36"
107.151.163.104 - - [26/Apr/2026:20:04:28 +0300] "POST /xmlrpc.php HTTP/1.1" 200 15170 "-" "Mozilla/5.0 (Windows NT 10.0; Win64; x64) AppleWebKit/537.36 (KHTML, like Gecko) Chrome/114.0.0.0 Safari/537.36"
185.216.113.70 - - [26/Apr/2026:20:04:54 +0300] "POST /wp-cron.php?doing_wp_cron=1777223094.5006449222564697265625 HTTP/1.1" 200 448 "-" "WordPress/6.3.8; https://serhatburke.miroglu.net"
107.151.163.104 - - [26/Apr/2026:20:04:42 +0300] "GET /greatest-casinos-on-the-internet-taking-boku-boku-wall-street-slot-online-gambling-enterprise-2026/ HTTP/1.1" 200 79807 "-" "Mozilla/5.0 (Windows NT 10.0; Win64; x64) AppleWebKit/537.36 (KHTML, like Gecko) Chrome/123.0.0.0 Safari/537.36"
216.73.217.81 - - [26/Apr/2026:20:05:22 +0300] "GET /robots.txt HTTP/2" 200 110 "-" "Mozilla/5.0 AppleWebKit/537.36 (KHTML, like Gecko; compatible; ClaudeBot/1.0; +claudebot@anthropic.com)"
216.73.217.81 - - [26/Apr/2026:20:05:37 +0300] "GET /sitemap.xml HTTP/2" 200 0 "-" "Mozilla/5.0 AppleWebKit/537.36 (KHTML, like Gecko; compatible; ClaudeBot/1.0; +claudebot@anthropic.com)"
185.216.113.70 - - [26/Apr/2026:20:05:49 +0300] "POST /wp-cron.php?doing_wp_cron=1777223149.2645668983459472656250 HTTP/1.1" 200 448 "-" "WordPress/6.3.8; https://serhatburke.miroglu.net"
107.151.163.104 - - [26/Apr/2026:20:05:43 +0300] "POST /xmlrpc.php HTTP/1.1" 200 630 "-" "Mozilla/5.0 (Windows NT 10.0; Win64; x64) AppleWebKit/537.36 (KHTML, like Gecko) Chrome/114.0.0.0 Safari/537.36"
107.151.163.104 - - [26/Apr/2026:20:06:02 +0300] "POST /xmlrpc.php HTTP/1.1" 200 15373 "-" "Mozilla/5.0 (Windows NT 10.0; Win64; x64) AppleWebKit/537.36 (KHTML, like Gecko) Chrome/114.0.0.0 Safari/537.36"
185.153.197.137 - - [26/Apr/2026:20:06:02 +0300] "POST /xmlrpc.php HTTP/1.1" 200 630 "-" "Mozilla/5.0 (Windows NT 10.0; Win64; x64) AppleWebKit/537.36 (KHTML, like Gecko) Chrome/114.0.0.0 Safari/537.36"
185.216.113.70 - - [26/Apr/2026:20:06:29 +0300] "POST /wp-cron.php?doing_wp_cron=1777223188.9697780609130859375000 HTTP/1.1" 200 448 "-" "WordPress/6.3.8; https://serhatburke.miroglu.net"
107.151.163.104 - - [26/Apr/2026:20:06:16 +0300] "GET /wager-genuine-neteller-gambling-enterprise-bonus-deposit-slot-300-dollars/ HTTP/1.1" 200 79566 "-" "Mozilla/5.0 (Windows NT 10.0; Win64; x64; rv:124.0) Gecko/20100101 Firefox/124.0"
185.153.197.137 - - [26/Apr/2026:20:06:20 +0300] "POST /xmlrpc.php HTTP/1.1" 200 13792 "-" "Mozilla/5.0 (Windows NT 10.0; Win64; x64) AppleWebKit/537.36 (KHTML, like Gecko) Chrome/114.0.0.0 Safari/537.36"
185.153.197.137 - - [26/Apr/2026:20:06:34 +0300] "GET /no-deposit-added-bonus-greatest-australian-pokies-sites-manx-layout-buggy-establishes/ HTTP/1.1" 200 78246 "-" "Mozilla/5.0 (Windows NT 10.0; Win64; x64; rv:124.0) Gecko/20100101 Firefox/124.0"
40.77.167.150 - - [26/Apr/2026:20:06:54 +0300] "GET /2026%E5%B9%B4%E3%81%AE%E7%B1%B3%E5%9B%BD%E3%81%AB%E3%81%8A%E3%81%91%E3%82%8B%E5%84%AA%E3%82%8C%E3%81%9F%E3%83%AD%E3%83%BC%E3%82%AB%E3%83%AB%E3%82%AB%E3%82%B8%E3%83%8E%E3%82%A2%E3%83%97%E3%83%AA/ HTTP/2" 200 23051 "-" "Mozilla/5.0 AppleWebKit/537.36 (KHTML, like Gecko; compatible; bingbot/2.0; +http://www.bing.com/bingbot.htm) Chrome/116.0.1938.76 Safari/537.36"
185.153.197.8 - - [26/Apr/2026:20:07:01 +0300] "POST /xmlrpc.php HTTP/1.1" 200 630 "-" "Mozilla/5.0 (Windows NT 10.0; Win64; x64) AppleWebKit/537.36 (KHTML, like Gecko) Chrome/114.0.0.0 Safari/537.36"
185.216.113.70 - - [26/Apr/2026:20:07:30 +0300] "POST /wp-cron.php?doing_wp_cron=1777223250.7116730213165283203125 HTTP/1.1" 200 448 "-" "WordPress/6.3.8; https://serhatburke.miroglu.net"
185.153.197.8 - - [26/Apr/2026:20:07:18 +0300] "POST /xmlrpc.php HTTP/1.1" 200 15634 "-" "Mozilla/5.0 (Windows NT 10.0; Win64; x64) AppleWebKit/537.36 (KHTML, like Gecko) Chrome/114.0.0.0 Safari/537.36"
107.151.163.104 - - [26/Apr/2026:20:07:30 +0300] "POST /xmlrpc.php HTTP/1.1" 200 630 "-" "Mozilla/5.0 (Windows NT 10.0; Win64; x64) AppleWebKit/537.36 (KHTML, like Gecko) Chrome/114.0.0.0 Safari/537.36"
185.153.197.8 - - [26/Apr/2026:20:07:31 +0300] "GET /betsson-promo-code/ HTTP/1.1" 200 78332 "-" "Mozilla/5.0 (Windows NT 10.0; Win64; x64) AppleWebKit/537.36 (KHTML, like Gecko) Chrome/123.0.0.0 Safari/537.36 OPR/109.0.0.0"
107.151.163.104 - - [26/Apr/2026:20:07:55 +0300] "POST /xmlrpc.php HTTP/1.1" 200 15278 "-" "Mozilla/5.0 (Windows NT 10.0; Win64; x64) AppleWebKit/537.36 (KHTML, like Gecko) Chrome/114.0.0.0 Safari/537.36"
82.25.62.125 - - [26/Apr/2026:20:08:04 +0300] "GET /beste-casino-site-belgie-hoge-inzet/ HTTP/1.1" 200 19290 "https://serhatburke.miroglu.net/" "Mozilla/5.0 (Macintosh; Intel Mac OS X 10_15_7) AppleWebKit/537.36 (KHTML, like Gecko) Chrome/144.0.0.0 Safari/537.36"
82.25.62.125 - - [26/Apr/2026:20:08:18 +0300] "GET /wp-includes/css/dist/block-library/style.min.css?ver=6.3.8 HTTP/1.1" 200 13578 "https://serhatburke.miroglu.net/beste-casino-site-belgie-hoge-inzet/" "Mozilla/5.0 (Windows NT 10.0; Win64; x64) AppleWebKit/537.36 (KHTML, like Gecko) Chrome/145.0.0.0 Safari/537.36"
82.25.62.125 - - [26/Apr/2026:20:08:19 +0300] "GET /wp-content/plugins/contact-form-7/includes/css/styles.css?ver=5.8 HTTP/1.1" 200 1490 "https://serhatburke.miroglu.net/beste-casino-site-belgie-hoge-inzet/" "Mozilla/5.0 (Windows NT 10.0; Win64; x64) AppleWebKit/537.36 (KHTML, like Gecko) Chrome/145.0.0.0 Safari/537.36"
82.25.62.125 - - [26/Apr/2026:20:08:20 +0300] "GET /wp-content/themes/toppic/css/fontello.css?ver=4.2 HTTP/1.1" 200 1802 "https://serhatburke.miroglu.net/beste-casino-site-belgie-hoge-inzet/" "Mozilla/5.0 (Windows NT 10.0; Win64; x64) AppleWebKit/537.36 (KHTML, like Gecko) Chrome/145.0.0.0 Safari/537.36"
82.25.62.125 - - [26/Apr/2026:20:08:21 +0300] "GET /wp-content/themes/toppic/css/reset.css?ver=4.2 HTTP/1.1" 200 1178 "https://serhatburke.miroglu.net/beste-casino-site-belgie-hoge-inzet/" "Mozilla/5.0 (Windows NT 10.0; Win64; x64) AppleWebKit/537.36 (KHTML, like Gecko) Chrome/145.0.0.0 Safari/537.36"
82.25.62.125 - - [26/Apr/2026:20:08:22 +0300] "GET /wp-content/themes/toppic/css/default.css?ver=4.2 HTTP/1.1" 200 1811 "https://serhatburke.miroglu.net/beste-casino-site-belgie-hoge-inzet/" "Mozilla/5.0 (Windows NT 10.0; Win64; x64) AppleWebKit/537.36 (KHTML, like Gecko) Chrome/145.0.0.0 Safari/537.36"
82.25.62.125 - - [26/Apr/2026:20:08:23 +0300] "GET /wp-content/themes/toppic/style.css?ver=4.2 HTTP/1.1" 200 23398 "https://serhatburke.miroglu.net/beste-casino-site-belgie-hoge-inzet/" "Mozilla/5.0 (Windows NT 10.0; Win64; x64) AppleWebKit/537.36 (KHTML, like Gecko) Chrome/145.0.0.0 Safari/537.36"
107.151.163.104 - - [26/Apr/2026:20:08:10 +0300] "GET /web-based-casinos-one-accept-online-casino-real-money-roulette-boku/ HTTP/1.1" 200 79002 "-" "Mozilla/5.0 (Windows NT 10.0; Win64; x64) AppleWebKit/537.36 (KHTML, like Gecko) Chrome/123.0.0.0 Safari/537.36"
82.25.62.125 - - [26/Apr/2026:20:08:24 +0300] "GET /wp-content/themes/toppic/css/royalslider.css?ver=4.2 HTTP/1.1" 200 1887 "https://serhatburke.miroglu.net/beste-casino-site-belgie-hoge-inzet/" "Mozilla/5.0 (Windows NT 10.0; Win64; x64) AppleWebKit/537.36 (KHTML, like Gecko) Chrome/145.0.0.0 Safari/537.36"
82.25.62.125 - - [26/Apr/2026:20:08:24 +0300] "GET /wp-content/themes/toppic/css/rs-default.css?ver=4.2 HTTP/1.1" 200 2625 "https://serhatburke.miroglu.net/beste-casino-site-belgie-hoge-inzet/" "Mozilla/5.0 (Windows NT 10.0; Win64; x64) AppleWebKit/537.36 (KHTML, like Gecko) Chrome/145.0.0.0 Safari/537.36"
82.25.62.125 - - [26/Apr/2026:20:08:25 +0300] "GET /wp-content/themes/toppic/css/lightbox.css?ver=4.2 HTTP/1.1" 200 2956 "https://serhatburke.miroglu.net/beste-casino-site-belgie-hoge-inzet/" "Mozilla/5.0 (Windows NT 10.0; Win64; x64) AppleWebKit/537.36 (KHTML, like Gecko) Chrome/145.0.0.0 Safari/537.36"
82.25.62.125 - - [26/Apr/2026:20:08:26 +0300] "GET /wp-content/themes/toppic/css/woocommerce.css?ver=4.2 HTTP/1.1" 200 2848 "https://serhatburke.miroglu.net/beste-casino-site-belgie-hoge-inzet/" "Mozilla/5.0 (Windows NT 10.0; Win64; x64) AppleWebKit/537.36 (KHTML, like Gecko) Chrome/145.0.0.0 Safari/537.36"
82.25.62.125 - - [26/Apr/2026:20:08:27 +0300] "GET /wp-content/themes/toppic/css/responsive.css?ver=4.2 HTTP/1.1" 200 2796 "https://serhatburke.miroglu.net/beste-casino-site-belgie-hoge-inzet/" "Mozilla/5.0 (Windows NT 10.0; Win64; x64) AppleWebKit/537.36 (KHTML, like Gecko) Chrome/145.0.0.0 Safari/537.36"
178.159.37.4 - - [26/Apr/2026:20:08:13 +0300] "POST /xmlrpc.php HTTP/1.1" 200 194035 "-" "Mozilla/5.0 (Windows NT 10.0; Win64; x64) AppleWebKit/537.36 (KHTML, like Gecko) Chrome/140.0.0.0 Safari/537.36"
185.216.113.70 - - [26/Apr/2026:20:08:42 +0300] "POST /wp-cron.php?doing_wp_cron=1777223322.4207239151000976562500 HTTP/1.1" 200 448 "-" "WordPress/6.3.8; https://serhatburke.miroglu.net"
82.25.62.125 - - [26/Apr/2026:20:08:28 +0300] "POST /wp-comments-post.php HTTP/1.1" 302 1083 "https://serhatburke.miroglu.net/beste-casino-site-belgie-hoge-inzet/" "Mozilla/5.0 (Macintosh; Intel Mac OS X 10_15_7) AppleWebKit/537.36 (KHTML, like Gecko) Chrome/144.0.0.0 Safari/537.36"
107.151.163.104 - - [26/Apr/2026:20:08:40 +0300] "POST /xmlrpc.php HTTP/1.1" 200 630 "-" "Mozilla/5.0 (Windows NT 10.0; Win64; x64) AppleWebKit/537.36 (KHTML, like Gecko) Chrome/114.0.0.0 Safari/537.36"
82.25.62.125 - - [26/Apr/2026:20:08:43 +0300] "GET /beste-casino-site-belgie-hoge-inzet/?unapproved=683&moderation-hash=0ff730523d2182fc9965266a1fb08d2e HTTP/1.1" 200 19877 "https://serhatburke.miroglu.net/wp-comments-post.php" "Mozilla/5.0 (Macintosh; Intel Mac OS X 10_15_7) AppleWebKit/537.36 (KHTML, like Gecko) Chrome/144.0.0.0 Safari/537.36"
40.77.167.73 - - [26/Apr/2026:20:08:51 +0300] "GET /danach-war-unser-google-android-ausgabe-vom-vulkan-spiele-casino-richtig-unser-interessante-fur-jedes-welche/ HTTP/2" 200 18439 "-" "Mozilla/5.0 AppleWebKit/537.36 (KHTML, like Gecko; compatible; bingbot/2.0; +http://www.bing.com/bingbot.htm) Chrome/116.0.1938.76 Safari/537.36"
40.77.167.79 - - [26/Apr/2026:20:09:01 +0300] "GET /welkomstbonus-noppes-strafbaar-fre-spins-voordat-nieuwe-toneelspelers/ HTTP/2" 200 19798 "-" "Mozilla/5.0 AppleWebKit/537.36 (KHTML, like Gecko; compatible; bingbot/2.0; +http://www.bing.com/bingbot.htm) Chrome/116.0.1938.76 Safari/537.36"
82.25.62.125 - - [26/Apr/2026:20:09:04 +0300] "GET /beste-casino-site-belgie-hoge-inzet/ HTTP/1.1" 200 19282 "-" "Mozilla/5.0 (compatible; Googlebot/2.1; +http://www.google.com/bot.html)"
107.151.163.104 - - [26/Apr/2026:20:09:05 +0300] "POST /xmlrpc.php HTTP/1.1" 200 15835 "-" "Mozilla/5.0 (Windows NT 10.0; Win64; x64) AppleWebKit/537.36 (KHTML, like Gecko) Chrome/114.0.0.0 Safari/537.36"
185.216.113.70 - - [26/Apr/2026:20:09:44 +0300] "POST /wp-cron.php?doing_wp_cron=1777223384.1861169338226318359375 HTTP/1.1" 200 448 "-" "WordPress/6.3.8; https://serhatburke.miroglu.net"
37.57.155.24 - - [26/Apr/2026:20:09:26 +0300] "POST /xmlrpc.php HTTP/2" 200 10126 "-" "Mozilla/5.0 (Macintosh; Intel Mac OS X 14_2) AppleWebKit/605.1.15 (KHTML, like Gecko) Version/17.2 Safari/605.1.15"
107.151.163.104 - - [26/Apr/2026:20:09:26 +0300] "GET /no-deposit-bonus-gambling-enterprise-casino-min-deposit-5-2026-reviews-comprehend-customer-support-reviews-from-no-deposit-bonus-gambling-enterprises-org/ HTTP/1.1" 200 81969 "-" "Mozilla/5.0 (Windows NT 10.0; rv:125.0) Gecko/20100101 Firefox/125.0"
40.77.167.79 - - [26/Apr/2026:20:09:26 +0300] "GET /gamble-tx-beverage-online-position-play-bar-bar-black-sheep-real-money-at-the-betmgm/ HTTP/2" 200 20394 "-" "Mozilla/5.0 AppleWebKit/537.36 (KHTML, like Gecko; compatible; bingbot/2.0; +http://www.bing.com/bingbot.htm) Chrome/116.0.1938.76 Safari/537.36"
37.57.155.24 - - [26/Apr/2026:20:09:44 +0300] "POST /xmlrpc.php HTTP/2" 200 4265 "-" "Mozilla/5.0 (Macintosh; Intel Mac OS X 14_2) AppleWebKit/605.1.15 (KHTML, like Gecko) Version/17.2 Safari/605.1.15"
178.159.37.4 - - [26/Apr/2026:20:09:49 +0300] "POST /xmlrpc.php HTTP/1.1" 200 664 "-" "Mozilla/5.0 (Windows NT 10.0; Win64; x64) AppleWebKit/537.36 (KHTML, like Gecko) Chrome/140.0.0.0 Safari/537.36"
107.151.163.104 - - [26/Apr/2026:20:09:52 +0300] "POST /xmlrpc.php HTTP/1.1" 200 630 "-" "Mozilla/5.0 (Windows NT 10.0; Win64; x64) AppleWebKit/537.36 (KHTML, like Gecko) Chrome/114.0.0.0 Safari/537.36"
37.57.155.24 - - [26/Apr/2026:20:10:05 +0300] "POST /xmlrpc.php HTTP/2" 200 100 "-" "Mozilla/5.0 (Macintosh; Intel Mac OS X 14_2) AppleWebKit/605.1.15 (KHTML, like Gecko) Version/17.2 Safari/605.1.15"
185.216.113.70 - - [26/Apr/2026:20:10:27 +0300] "POST /wp-cron.php?doing_wp_cron=1777223427.8671069145202636718750 HTTP/1.1" 200 448 "-" "WordPress/6.3.8; https://serhatburke.miroglu.net"
178.159.37.4 - - [26/Apr/2026:20:10:15 +0300] "POST /xmlrpc.php HTTP/1.1" 200 664 "-" "Mozilla/5.0 (Windows NT 10.0; Win64; x64) AppleWebKit/537.36 (KHTML, like Gecko) Chrome/140.0.0.0 Safari/537.36"
107.151.163.104 - - [26/Apr/2026:20:10:18 +0300] "POST /xmlrpc.php HTTP/1.1" 200 15083 "-" "Mozilla/5.0 (Windows NT 10.0; Win64; x64) AppleWebKit/537.36 (KHTML, like Gecko) Chrome/114.0.0.0 Safari/537.36"
107.151.163.104 - - [26/Apr/2026:20:10:34 +0300] "GET /top-ranked-paysafecard-casinos-websites-with-casino-joy-paysafecard/ HTTP/1.1" 200 78931 "-" "Mozilla/5.0 (Windows NT 10.0; Win64; x64) AppleWebKit/537.36 (KHTML, like Gecko) Chrome/124.0.0.0 Safari/537.36"
107.151.163.104 - - [26/Apr/2026:20:11:00 +0300] "POST /xmlrpc.php HTTP/1.1" 200 630 "-" "Mozilla/5.0 (Windows NT 10.0; Win64; x64) AppleWebKit/537.36 (KHTML, like Gecko) Chrome/114.0.0.0 Safari/537.36"
185.216.113.70 - - [26/Apr/2026:20:11:30 +0300] "POST /wp-cron.php?doing_wp_cron=1777223490.4985969066619873046875 HTTP/1.1" 200 448 "-" "WordPress/6.3.8; https://serhatburke.miroglu.net"
107.151.163.104 - - [26/Apr/2026:20:11:18 +0300] "POST /xmlrpc.php HTTP/1.1" 200 15050 "-" "Mozilla/5.0 (Windows NT 10.0; Win64; x64) AppleWebKit/537.36 (KHTML, like Gecko) Chrome/114.0.0.0 Safari/537.36"
107.151.163.104 - - [26/Apr/2026:20:11:32 +0300] "GET /immortal-relationships-ministere-de-la-online-casino-jacks-or-better-sante-publique/ HTTP/1.1" 200 79325 "-" "Mozilla/5.0 (Windows NT 10.0; Win64; x64) AppleWebKit/537.36 (KHTML, like Gecko) Chrome/123.0.0.0 Safari/537.36 OPR/109.0.0.0"
185.153.197.8 - - [26/Apr/2026:20:12:02 +0300] "POST /xmlrpc.php HTTP/1.1" 200 630 "-" "Mozilla/5.0 (Windows NT 10.0; Win64; x64) AppleWebKit/537.36 (KHTML, like Gecko) Chrome/114.0.0.0 Safari/537.36"
178.159.37.4 - - [26/Apr/2026:20:12:09 +0300] "POST /xmlrpc.php HTTP/1.1" 200 884 "-" "Mozilla/5.0 (Windows NT 10.0; Win64; x64) AppleWebKit/537.36 (KHTML, like Gecko) Chrome/140.0.0.0 Safari/537.36"
107.151.163.104 - - [26/Apr/2026:20:12:11 +0300] "POST /xmlrpc.php HTTP/1.1" 200 630 "-" "Mozilla/5.0 (Windows NT 10.0; Win64; x64) AppleWebKit/537.36 (KHTML, like Gecko) Chrome/114.0.0.0 Safari/537.36"
185.216.113.70 - - [26/Apr/2026:20:12:34 +0300] "POST /wp-cron.php?doing_wp_cron=1777223554.6265881061553955078125 HTTP/1.1" 200 448 "-" "WordPress/6.3.8; https://serhatburke.miroglu.net"
185.153.197.8 - - [26/Apr/2026:20:12:22 +0300] "POST /xmlrpc.php HTTP/1.1" 200 15517 "-" "Mozilla/5.0 (Windows NT 10.0; Win64; x64) AppleWebKit/537.36 (KHTML, like Gecko) Chrome/114.0.0.0 Safari/537.36"
107.151.163.104 - - [26/Apr/2026:20:12:32 +0300] "POST /xmlrpc.php HTTP/1.1" 200 15417 "-" "Mozilla/5.0 (Windows NT 10.0; Win64; x64) AppleWebKit/537.36 (KHTML, like Gecko) Chrome/114.0.0.0 Safari/537.36"
185.153.197.8 - - [26/Apr/2026:20:12:35 +0300] "GET /betway-gambling-enterprise-slots-games-programs-on-the-internet-play/ HTTP/1.1" 200 79676 "-" "Mozilla/5.0 (Windows NT 10.0; Win64; x64) AppleWebKit/537.36 (KHTML, like Gecko) Chrome/124.0.0.0 Safari/537.36 Edg/124.0.0.0"
107.151.163.104 - - [26/Apr/2026:20:12:52 +0300] "GET /live-wild-wolf-casinos-specialist-gambling-games/ HTTP/1.1" 200 78749 "-" "Mozilla/5.0 (Windows NT 10.0; rv:109.0) Gecko/20100101 Firefox/115.0"
107.151.163.104 - - [26/Apr/2026:20:13:21 +0300] "POST /xmlrpc.php HTTP/1.1" 200 630 "-" "Mozilla/5.0 (Windows NT 10.0; Win64; x64) AppleWebKit/537.36 (KHTML, like Gecko) Chrome/114.0.0.0 Safari/537.36"
185.216.113.70 - - [26/Apr/2026:20:13:39 +0300] "POST /wp-cron.php?doing_wp_cron=1777223619.7492110729217529296875 HTTP/1.1" 200 448 "-" "WordPress/6.3.8; https://serhatburke.miroglu.net"
