38.180.240.102 - - [26/Apr/2026:13:30:28 +0300] "POST /xmlrpc.php HTTP/2" 200 403 "-" "Mozilla/5.0 (Windows NT 10.0; Win64; x64; rv:121.0) Gecko/20100101 Firefox/121.0"
193.36.38.226 - - [26/Apr/2026:13:30:28 +0300] "POST /xmlrpc.php HTTP/1.1" 200 9577 "-" "Mozilla/5.0 (Windows NT 10.0; Win64; x64) AppleWebKit/537.36 (KHTML, like Gecko) Chrome/114.0.0.0 Safari/537.36"
107.151.163.104 - - [26/Apr/2026:13:30:48 +0300] "GET /gambling-casino-untamed-giant-panda-establishment-woman-stock-photographs-photos-and-you-will-backgrounds-at-no-cost-obtain/ HTTP/1.1" 200 80674 "-" "Mozilla/5.0 (Windows NT 10.0; Win64; x64) AppleWebKit/537.36 (KHTML, like Gecko) Chrome/122.0.0.0 Safari/537.36"
38.180.157.14 - - [26/Apr/2026:13:30:59 +0300] "POST /xmlrpc.php HTTP/2" 200 0 "-" "Mozilla/5.0 (Windows NT 10.0; Win64; x64) AppleWebKit/537.36 (KHTML, like Gecko) Chrome/120.0.0.0 Safari/537.36"
107.151.163.104 - - [26/Apr/2026:13:30:53 +0300] "POST /xmlrpc.php HTTP/1.1" 200 630 "-" "Mozilla/5.0 (Windows NT 10.0; Win64; x64) AppleWebKit/537.36 (KHTML, like Gecko) Chrome/114.0.0.0 Safari/537.36"
193.36.38.226 - - [26/Apr/2026:13:30:53 +0300] "GET /he-estado-ganando-lugares-cual-podria-pagar-con-comercio-de-fidelizacion/ HTTP/1.1" 200 73596 "-" "Mozilla/5.0 (Windows NT 10.0; Win64; x64; rv:125.0) Gecko/20100101 Firefox/125.0"
193.36.38.226 - - [26/Apr/2026:13:30:54 +0300] "POST /xmlrpc.php HTTP/1.1" 200 12464 "-" "Mozilla/5.0 (Windows NT 10.0; Win64; x64) AppleWebKit/537.36 (KHTML, like Gecko) Chrome/114.0.0.0 Safari/537.36"
103.122.2.107 - - [26/Apr/2026:13:30:55 +0300] "GET /28563-2/ HTTP/1.1" 200 19352 "https://serhatburke.miroglu.net/" "Mozilla/5.0 (Windows NT 10.0; Win64; x64) AppleWebKit/537.36 (KHTML, like Gecko) Chrome/114.0.0.0 Safari/537.36 Vivaldi/5.3.2679.68"
185.216.113.70 - - [26/Apr/2026:13:31:49 +0300] "POST /wp-cron.php?doing_wp_cron=1777199509.5084409713745117187500 HTTP/1.1" 200 448 "-" "WordPress/6.3.8; https://serhatburke.miroglu.net"
193.36.38.226 - - [26/Apr/2026:13:31:12 +0300] "POST /xmlrpc.php HTTP/1.1" 200 692 "-" "Mozilla/5.0 (Windows NT 10.0; Win64; x64) AppleWebKit/537.36 (KHTML, like Gecko) Chrome/114.0.0.0 Safari/537.36"
38.180.157.14 - - [26/Apr/2026:13:31:29 +0300] "POST /xmlrpc.php HTTP/2" 200 0 "-" "Mozilla/5.0 (X11; Linux x86_64) AppleWebKit/537.36 (KHTML, like Gecko) Chrome/120.0.0.0 Safari/537.36"
185.216.113.70 - - [26/Apr/2026:13:32:03 +0300] "POST /wp-cron.php?doing_wp_cron=1777199522.8290829658508300781250 HTTP/1.1" 200 448 "-" "WordPress/6.3.8; https://serhatburke.miroglu.net"
185.216.113.70 - - [26/Apr/2026:13:32:12 +0300] "POST /wp-cron.php?doing_wp_cron=1777199532.1020750999450683593750 HTTP/1.1" 200 448 "-" "WordPress/6.3.8; https://serhatburke.miroglu.net"
103.122.2.107 - - [26/Apr/2026:13:31:31 +0300] "GET /28563-2/ HTTP/1.1" 200 16515 "https://serhatburke.miroglu.net/" "Mozilla/5.0 (Windows NT 10.0; Win64; x64) AppleWebKit/537.36 (KHTML, like Gecko) Chrome/114.0.0.0 Safari/537.36 Vivaldi/5.3.2679.68"
152.232.109.83 - - [26/Apr/2026:13:31:43 +0300] "POST /xmlrpc.php HTTP/1.1" 200 0 "-" "Mozilla/5.0 (Windows NT 10.0; Win64; x64) AppleWebKit/537.36 (KHTML, like Gecko) Chrome/124.0.0.0 Safari/537.36"
185.216.113.70 - - [26/Apr/2026:13:32:16 +0300] "POST /wp-cron.php?doing_wp_cron=1777199536.0961699485778808593750 HTTP/1.1" 200 448 "-" "WordPress/6.3.8; https://serhatburke.miroglu.net"
193.36.38.226 - - [26/Apr/2026:13:31:37 +0300] "GET /explora-un-ambiente-de-esparcimiento-adonde-las-apuestas-zapatillas-deportivas-asi%EF%BF%BD-como-el-casino-inscribiri-fusionan-de-forma-perfecta/ HTTP/1.1" 200 78883 "-" "Mozilla/5.0 (Windows NT 10.0; Win64; x64) AppleWebKit/537.36 (KHTML, like Gecko) Chrome/123.0.0.0 Safari/537.36 OPR/109.0.0.0"
95.91.235.215 - - [26/Apr/2026:13:32:02 +0300] "POST /xmlrpc.php HTTP/2" 200 0 "-" "Mozilla/5.0 (Windows NT 10.0; Win64; x64; rv:121.0) Gecko/20100101 Firefox/121.0"
185.216.113.70 - - [26/Apr/2026:13:32:36 +0300] "POST /wp-cron.php?doing_wp_cron=1777199556.5128760337829589843750 HTTP/1.1" 200 448 "-" "WordPress/6.3.8; https://serhatburke.miroglu.net"
107.151.163.104 - - [26/Apr/2026:13:31:41 +0300] "POST /xmlrpc.php HTTP/1.1" 200 14761 "-" "Mozilla/5.0 (Windows NT 10.0; Win64; x64) AppleWebKit/537.36 (KHTML, like Gecko) Chrome/114.0.0.0 Safari/537.36"
185.216.113.70 - - [26/Apr/2026:13:32:39 +0300] "POST /wp-cron.php?doing_wp_cron=1777199559.0562219619750976562500 HTTP/1.1" 200 448 "-" "WordPress/6.3.8; https://serhatburke.miroglu.net"
152.232.109.83 - admlnlx [26/Apr/2026:13:32:16 +0300] "GET /wp-json/wp/v2/users/me?context=edit&_fields=id%2Croles%2Ccapabilities HTTP/2" 200 0 "-" "Mozilla/5.0 (Macintosh; Intel Mac OS X 10_15_7) AppleWebKit/537.36 (KHTML, like Gecko) Chrome/124.0.0.0 Safari/537.36"
77.250.73.50 - - [26/Apr/2026:13:32:32 +0300] "POST /xmlrpc.php HTTP/2" 200 0 "-" "Mozilla/5.0 (Macintosh; Intel Mac OS X 10_15_7) AppleWebKit/537.36 (KHTML, like Gecko) Chrome/120.0.0.0 Safari/537.36"
185.216.113.70 - - [26/Apr/2026:13:33:13 +0300] "POST /wp-cron.php?doing_wp_cron=1777199593.4189260005950927734375 HTTP/1.1" 200 448 "-" "WordPress/6.3.8; https://serhatburke.miroglu.net"
193.36.38.226 - - [26/Apr/2026:13:32:00 +0300] "POST /xmlrpc.php HTTP/1.1" 200 9208 "-" "Mozilla/5.0 (Windows NT 10.0; Win64; x64) AppleWebKit/537.36 (KHTML, like Gecko) Chrome/114.0.0.0 Safari/537.36"
185.216.113.70 - - [26/Apr/2026:13:33:15 +0300] "POST /wp-cron.php?doing_wp_cron=1777199595.2122869491577148437500 HTTP/1.1" 200 448 "-" "WordPress/6.3.8; https://serhatburke.miroglu.net"
185.216.113.70 - - [26/Apr/2026:13:33:18 +0300] "POST /wp-cron.php?doing_wp_cron=1777199598.7211410999298095703125 HTTP/1.1" 200 448 "-" "WordPress/6.3.8; https://serhatburke.miroglu.net"
193.36.38.226 - - [26/Apr/2026:13:32:05 +0300] "POST /xmlrpc.php HTTP/1.1" 200 692 "-" "Mozilla/5.0 (Windows NT 10.0; Win64; x64) AppleWebKit/537.36 (KHTML, like Gecko) Chrome/114.0.0.0 Safari/537.36"
185.216.113.70 - - [26/Apr/2026:13:33:27 +0300] "POST /wp-cron.php?doing_wp_cron=1777199607.5120880603790283203125 HTTP/1.1" 200 448 "-" "WordPress/6.3.8; https://serhatburke.miroglu.net"
185.216.113.70 - - [26/Apr/2026:13:33:28 +0300] "POST /wp-cron.php?doing_wp_cron=1777199607.8233098983764648437500 HTTP/1.1" 200 448 "-" "WordPress/6.3.8; https://serhatburke.miroglu.net"
107.151.163.104 - - [26/Apr/2026:13:32:09 +0300] "POST /xmlrpc.php HTTP/1.1" 200 630 "-" "Mozilla/5.0 (Windows NT 10.0; Win64; x64) AppleWebKit/537.36 (KHTML, like Gecko) Chrome/114.0.0.0 Safari/537.36"
103.122.2.107 - - [26/Apr/2026:13:32:07 +0300] "GET /28563-2/ HTTP/1.1" 200 19352 "https://serhatburke.miroglu.net/" "Mozilla/5.0 (Windows NT 10.0; Win64; x64) AppleWebKit/537.36 (KHTML, like Gecko) Chrome/114.0.0.0 Safari/537.36 Vivaldi/5.3.2679.68"
62.195.182.122 - - [26/Apr/2026:13:33:12 +0300] "POST /xmlrpc.php HTTP/2" 200 0 "-" "Mozilla/5.0 (Macintosh; Intel Mac OS X 10_15_7) AppleWebKit/537.36 (KHTML, like Gecko) Chrome/120.0.0.0 Safari/537.36"
62.201.243.50 - - [26/Apr/2026:13:33:33 +0300] "POST /xmlrpc.php HTTP/2" 200 0 "-" "WordPress/XMLRPC Client"
92.159.121.168 - - [26/Apr/2026:13:33:42 +0300] "POST /xmlrpc.php HTTP/2" 200 0 "-" "Mozilla/5.0 (X11; Linux x86_64) AppleWebKit/537.36 (KHTML, like Gecko) Chrome/120.0.0.0 Safari/537.36"
185.216.113.70 - - [26/Apr/2026:13:34:18 +0300] "POST /wp-cron.php?doing_wp_cron=1777199658.7164919376373291015625 HTTP/1.1" 200 448 "-" "WordPress/6.3.8; https://serhatburke.miroglu.net"
185.216.113.70 - - [26/Apr/2026:13:34:20 +0300] "POST /wp-cron.php?doing_wp_cron=1777199659.5196609497070312500000 HTTP/1.1" 200 448 "-" "WordPress/6.3.8; https://serhatburke.miroglu.net"
107.151.163.104 - - [26/Apr/2026:13:32:38 +0300] "GET /finest-a-real-income-ports-online-better-10-free-spins-for-registration-position-game-to-experience-2026/ HTTP/1.1" 200 79854 "-" "Mozilla/5.0 (Windows NT 10.0; Win64; x64) AppleWebKit/537.36 (KHTML, like Gecko) Chrome/122.0.0.0 Safari/537.36"
193.36.38.226 - - [26/Apr/2026:13:32:46 +0300] "POST /xmlrpc.php HTTP/1.1" 200 692 "-" "Mozilla/5.0 (Windows NT 10.0; Win64; x64) AppleWebKit/537.36 (KHTML, like Gecko) Chrome/114.0.0.0 Safari/537.36"
91.204.110.222 - - [26/Apr/2026:13:34:04 +0300] "POST /xmlrpc.php HTTP/2" 200 0 "-" "WordPress/XMLRPC Client"
185.216.113.70 - - [26/Apr/2026:13:34:41 +0300] "POST /wp-cron.php?doing_wp_cron=1777199680.9146649837493896484375 HTTP/1.1" 200 448 "-" "WordPress/6.3.8; https://serhatburke.miroglu.net"
193.36.38.226 - - [26/Apr/2026:13:33:13 +0300] "GET /para-jugadores-que-priorizan-la-marcha-las-criptomonedas-resultan-una-alternativa-de-mas-directa/ HTTP/1.1" 200 74271 "-" "Mozilla/5.0 (Windows NT 10.0; Win64; x64) AppleWebKit/537.36 (KHTML, like Gecko) Chrome/122.0.0.0 Safari/537.36"
198.20.171.51 - - [26/Apr/2026:13:34:18 +0300] "POST /xmlrpc.php HTTP/1.1" 200 0 "-" "Mozilla/5.0 (Windows NT 10.0; Win64; x64) AppleWebKit/537.36 (KHTML, like Gecko) Chrome/124.0.0.0 Safari/537.36"
185.216.113.70 - - [26/Apr/2026:13:35:00 +0300] "POST /wp-cron.php?doing_wp_cron=1777199700.7171759605407714843750 HTTP/1.1" 200 448 "-" "WordPress/6.3.8; https://serhatburke.miroglu.net"
185.216.113.70 - - [26/Apr/2026:13:35:01 +0300] "POST /wp-cron.php?doing_wp_cron=1777199701.2084259986877441406250 HTTP/1.1" 200 448 "-" "WordPress/6.3.8; https://serhatburke.miroglu.net"
193.36.38.226 - - [26/Apr/2026:13:33:24 +0300] "POST /xmlrpc.php HTTP/1.1" 200 9296 "-" "Mozilla/5.0 (Windows NT 10.0; Win64; x64) AppleWebKit/537.36 (KHTML, like Gecko) Chrome/114.0.0.0 Safari/537.36"
107.151.163.104 - - [26/Apr/2026:13:33:24 +0300] "POST /xmlrpc.php HTTP/1.1" 200 630 "-" "Mozilla/5.0 (Windows NT 10.0; Win64; x64) AppleWebKit/537.36 (KHTML, like Gecko) Chrome/114.0.0.0 Safari/537.36"
200.28.135.55 - - [26/Apr/2026:13:34:36 +0300] "POST /xmlrpc.php HTTP/2" 200 0 "-" "WordPress/XMLRPC Client"
185.216.113.70 - - [26/Apr/2026:13:35:09 +0300] "POST /wp-cron.php?doing_wp_cron=1777199708.9995250701904296875000 HTTP/1.1" 200 448 "-" "WordPress/6.3.8; https://serhatburke.miroglu.net"
107.151.163.104 - - [26/Apr/2026:13:33:35 +0300] "POST /xmlrpc.php HTTP/1.1" 200 15800 "-" "Mozilla/5.0 (Windows NT 10.0; Win64; x64) AppleWebKit/537.36 (KHTML, like Gecko) Chrome/114.0.0.0 Safari/537.36"
198.20.171.51 - admlnlx [26/Apr/2026:13:34:47 +0300] "GET /wp-json/wp/v2/users/me?context=edit&_fields=id%2Croles%2Ccapabilities HTTP/2" 200 0 "-" "Mozilla/5.0 (X11; Linux x86_64; rv:128.0) Gecko/20100101 Firefox/128.0"
181.46.69.50 - - [26/Apr/2026:13:35:07 +0300] "POST /xmlrpc.php HTTP/2" 200 0 "-" "WordPress/XMLRPC Client"
185.216.113.70 - - [26/Apr/2026:13:35:41 +0300] "POST /wp-cron.php?doing_wp_cron=1777199741.6158630847930908203125 HTTP/1.1" 200 448 "-" "WordPress/6.3.8; https://serhatburke.miroglu.net"
193.36.38.226 - - [26/Apr/2026:13:34:25 +0300] "POST /xmlrpc.php HTTP/1.1" 200 9693 "-" "Mozilla/5.0 (Windows NT 10.0; Win64; x64) AppleWebKit/537.36 (KHTML, like Gecko) Chrome/114.0.0.0 Safari/537.36"
185.216.113.70 - - [26/Apr/2026:13:35:51 +0300] "POST /wp-cron.php?doing_wp_cron=1777199750.9031939506530761718750 HTTP/1.1" 200 448 "-" "WordPress/6.3.8; https://serhatburke.miroglu.net"
193.36.38.226 - - [26/Apr/2026:13:33:53 +0300] "POST /xmlrpc.php HTTP/1.1" 200 692 "-" "Mozilla/5.0 (Windows NT 10.0; Win64; x64) AppleWebKit/537.36 (KHTML, like Gecko) Chrome/114.0.0.0 Safari/537.36"
185.216.113.70 - - [26/Apr/2026:13:35:57 +0300] "POST /wp-cron.php?doing_wp_cron=1777199756.8191540241241455078125 HTTP/1.1" 200 448 "-" "WordPress/6.3.8; https://serhatburke.miroglu.net"
107.151.163.104 - - [26/Apr/2026:13:34:18 +0300] "POST /xmlrpc.php HTTP/1.1" 200 627 "-" "Mozilla/5.0 (Windows NT 10.0; Win64; x64) AppleWebKit/537.36 (KHTML, like Gecko) Chrome/114.0.0.0 Safari/537.36"
45.170.113.223 - - [26/Apr/2026:13:35:39 +0300] "POST /xmlrpc.php HTTP/2" 200 0 "-" "WordPress/XMLRPC Client"
185.216.113.70 - - [26/Apr/2026:13:36:10 +0300] "POST /wp-cron.php?doing_wp_cron=1777199770.0326108932495117187500 HTTP/1.1" 200 448 "-" "WordPress/6.3.8; https://serhatburke.miroglu.net"
107.151.163.104 - - [26/Apr/2026:13:34:36 +0300] "POST /xmlrpc.php HTTP/1.1" 200 630 "-" "Mozilla/5.0 (Windows NT 10.0; Win64; x64) AppleWebKit/537.36 (KHTML, like Gecko) Chrome/114.0.0.0 Safari/537.36"
185.216.113.70 - - [26/Apr/2026:13:36:23 +0300] "POST /wp-cron.php?doing_wp_cron=1777199783.2211220264434814453125 HTTP/1.1" 200 448 "-" "WordPress/6.3.8; https://serhatburke.miroglu.net"
193.36.38.226 - - [26/Apr/2026:13:35:01 +0300] "GET /una-tarima-solicita-identicos-genericos-sobre-empuje-que-los-mas-importantes-estrategias-bancarios-en-linea/ HTTP/1.1" 200 74797 "-" "Mozilla/5.0 (Windows NT 10.0; Win64; x64) AppleWebKit/537.36 (KHTML, like Gecko) Chrome/122.0.0.0 Safari/537.36"
185.216.113.70 - - [26/Apr/2026:13:36:38 +0300] "POST /wp-cron.php?doing_wp_cron=1777199798.4055991172790527343750 HTTP/1.1" 200 448 "-" "WordPress/6.3.8; https://serhatburke.miroglu.net"
107.151.163.104 - - [26/Apr/2026:13:35:08 +0300] "POST /xmlrpc.php HTTP/1.1" 200 14618 "-" "Mozilla/5.0 (Windows NT 10.0; Win64; x64) AppleWebKit/537.36 (KHTML, like Gecko) Chrome/114.0.0.0 Safari/537.36"
185.216.113.70 - - [26/Apr/2026:13:36:51 +0300] "POST /wp-cron.php?doing_wp_cron=1777199811.0041821002960205078125 HTTP/1.1" 200 448 "-" "WordPress/6.3.8; https://serhatburke.miroglu.net"
107.151.163.104 - - [26/Apr/2026:13:35:11 +0300] "GET /gambling-quick-hit-platinum-online-slot-establishment-sieger-5-no-deposit-needed-and-a-hundred-totally-free-spins-incentive/ HTTP/1.1" 200 81069 "-" "Mozilla/5.0 (Windows NT 10.0; Win64; x64) AppleWebKit/537.36 (KHTML, like Gecko) Chrome/124.0.0.0 Safari/537.36 Edg/124.0.0.0"
185.216.113.70 - - [26/Apr/2026:13:36:57 +0300] "POST /wp-cron.php?doing_wp_cron=1777199817.3130800724029541015625 HTTP/1.1" 200 448 "-" "WordPress/6.3.8; https://serhatburke.miroglu.net"
193.36.38.226 - - [26/Apr/2026:13:35:33 +0300] "POST /xmlrpc.php HTTP/1.1" 500 1164 "-" "Mozilla/5.0 (Windows NT 10.0; Win64; x64) AppleWebKit/537.36 (KHTML, like Gecko) Chrome/114.0.0.0 Safari/537.36"
52.167.144.211 - - [26/Apr/2026:13:36:16 +0300] "GET /free-spins-2026-noppes-spins-zonder-aanheffen-24/ HTTP/2" 200 0 "-" "Mozilla/5.0 AppleWebKit/537.36 (KHTML, like Gecko; compatible; bingbot/2.0; +http://www.bing.com/bingbot.htm) Chrome/116.0.1938.76 Safari/537.36"
185.216.113.70 - - [26/Apr/2026:13:37:13 +0300] "POST /wp-cron.php?doing_wp_cron=1777199833.7196528911590576171875 HTTP/1.1" 200 448 "-" "WordPress/6.3.8; https://serhatburke.miroglu.net"
193.36.38.226 - - [26/Apr/2026:13:35:42 +0300] "GET /inscribiri-recomienda-seleccionar-bonos-con-manga-larga-campos-de-puesta-razonables-habitualmente-dentro-de-20x-y-no-ha-transpirado-30x/ HTTP/1.1" 200 75759 "-" "Mozilla/5.0 (Windows NT 10.0; Win64; x64) AppleWebKit/537.36 (KHTML, like Gecko) Chrome/124.0.0.0 Safari/537.36"
185.216.113.70 - - [26/Apr/2026:13:37:18 +0300] "POST /wp-cron.php?doing_wp_cron=1777199838.0051369667053222656250 HTTP/1.1" 200 448 "-" "WordPress/6.3.8; https://serhatburke.miroglu.net"
185.153.197.8 - - [26/Apr/2026:13:35:52 +0300] "POST /xmlrpc.php HTTP/1.1" 200 630 "-" "Mozilla/5.0 (Windows NT 10.0; Win64; x64) AppleWebKit/537.36 (KHTML, like Gecko) Chrome/114.0.0.0 Safari/537.36"
194.59.200.38 - - [26/Apr/2026:13:36:50 +0300] "POST /xmlrpc.php HTTP/1.1" 200 0 "-" "Mozilla/5.0 (Macintosh; Intel Mac OS X 10_15_7) AppleWebKit/537.36 (KHTML, like Gecko) Chrome/124.0.0.0 Safari/537.36"
185.216.113.70 - - [26/Apr/2026:13:37:29 +0300] "POST /wp-cron.php?doing_wp_cron=1777199849.5119299888610839843750 HTTP/1.1" 200 448 "-" "WordPress/6.3.8; https://serhatburke.miroglu.net"
107.151.163.104 - - [26/Apr/2026:13:35:50 +0300] "POST /xmlrpc.php HTTP/1.1" 200 630 "-" "Mozilla/5.0 (Windows NT 10.0; Win64; x64) AppleWebKit/537.36 (KHTML, like Gecko) Chrome/114.0.0.0 Safari/537.36"
194.59.200.38 - admlnlx [26/Apr/2026:13:37:20 +0300] "GET /wp-json/wp/v2/users/me?context=edit&_fields=id%2Croles%2Ccapabilities HTTP/2" 200 0 "-" "Mozilla/5.0 (Macintosh; Intel Mac OS X 10_15_7) AppleWebKit/537.36 (KHTML, like Gecko) Chrome/124.0.0.0 Safari/537.36"
185.216.113.70 - - [26/Apr/2026:13:37:54 +0300] "POST /wp-cron.php?doing_wp_cron=1777199873.8250269889831542968750 HTTP/1.1" 200 448 "-" "WordPress/6.3.8; https://serhatburke.miroglu.net"
107.151.163.104 - - [26/Apr/2026:13:36:17 +0300] "POST /xmlrpc.php HTTP/1.1" 200 15433 "-" "Mozilla/5.0 (Windows NT 10.0; Win64; x64) AppleWebKit/537.36 (KHTML, like Gecko) Chrome/114.0.0.0 Safari/537.36"
185.216.113.70 - - [26/Apr/2026:13:38:12 +0300] "POST /wp-cron.php?doing_wp_cron=1777199891.7404470443725585937500 HTTP/1.1" 200 448 "-" "WordPress/6.3.8; https://serhatburke.miroglu.net"
107.151.163.104 - - [26/Apr/2026:13:36:51 +0300] "POST /xmlrpc.php HTTP/1.1" 200 627 "-" "Mozilla/5.0 (Windows NT 10.0; Win64; x64) AppleWebKit/537.36 (KHTML, like Gecko) Chrome/114.0.0.0 Safari/537.36"
107.151.163.104 - - [26/Apr/2026:13:36:40 +0300] "GET /local-10-deposit-casino-casino-sieger/ HTTP/1.1" 200 77902 "-" "Mozilla/5.0 (Windows NT 10.0; rv:109.0) Gecko/20100101 Firefox/115.0"
38.244.174.237 - - [26/Apr/2026:13:38:00 +0300] "POST /xmlrpc.php HTTP/2" 200 0 "-" "Mozilla/5.0 (X11; Linux x86_64) AppleWebKit/537.36 (KHTML, like Gecko) Chrome/120.0.0.0 Safari/537.36"
185.216.113.70 - - [26/Apr/2026:13:38:39 +0300] "POST /wp-cron.php?doing_wp_cron=1777199919.7171139717102050781250 HTTP/1.1" 200 448 "-" "WordPress/6.3.8; https://serhatburke.miroglu.net"
193.36.38.226 - - [26/Apr/2026:13:37:03 +0300] "POST /xmlrpc.php HTTP/1.1" 200 8017 "-" "Mozilla/5.0 (Windows NT 10.0; Win64; x64) AppleWebKit/537.36 (KHTML, like Gecko) Chrome/114.0.0.0 Safari/537.36"
185.216.113.70 - - [26/Apr/2026:13:38:44 +0300] "POST /wp-cron.php?doing_wp_cron=1777199923.9031300544738769531250 HTTP/1.1" 200 448 "-" "WordPress/6.3.8; https://serhatburke.miroglu.net"
185.153.197.8 - - [26/Apr/2026:13:37:24 +0300] "POST /xmlrpc.php HTTP/1.1" 200 16181 "-" "Mozilla/5.0 (Windows NT 10.0; Win64; x64) AppleWebKit/537.36 (KHTML, like Gecko) Chrome/114.0.0.0 Safari/537.36"
185.216.113.70 - - [26/Apr/2026:13:38:47 +0300] "POST /wp-cron.php?doing_wp_cron=1777199927.2693870067596435546875 HTTP/1.1" 200 448 "-" "WordPress/6.3.8; https://serhatburke.miroglu.net"
185.216.113.70 - - [26/Apr/2026:13:38:53 +0300] "POST /wp-cron.php?doing_wp_cron=1777199933.0329740047454833984375 HTTP/1.1" 200 448 "-" "WordPress/6.3.8; https://serhatburke.miroglu.net"
107.151.163.104 - - [26/Apr/2026:13:37:30 +0300] "POST /xmlrpc.php HTTP/1.1" 500 1102 "-" "Mozilla/5.0 (Windows NT 10.0; Win64; x64) AppleWebKit/537.36 (KHTML, like Gecko) Chrome/114.0.0.0 Safari/537.36"
38.244.174.237 - - [26/Apr/2026:13:38:30 +0300] "POST /xmlrpc.php HTTP/2" 200 0 "-" "Mozilla/5.0 (Windows NT 10.0; Win64; x64) AppleWebKit/537.36 (KHTML, like Gecko) Chrome/120.0.0.0 Safari/537.36"
185.216.113.70 - - [26/Apr/2026:13:39:02 +0300] "POST /wp-cron.php?doing_wp_cron=1777199941.8873870372772216796875 HTTP/1.1" 200 448 "-" "WordPress/6.3.8; https://serhatburke.miroglu.net"
107.151.163.104 - - [26/Apr/2026:13:37:55 +0300] "GET /greatest-skrill-gambling-enterprises-to-casino-red-god-casino-possess-2026/ HTTP/1.1" 200 79493 "-" "Mozilla/5.0 (Windows NT 10.0; Win64; x64) AppleWebKit/537.36 (KHTML, like Gecko) Chrome/109.0.0.0 Safari/537.36"
38.180.156.17 - - [26/Apr/2026:13:39:06 +0300] "POST /xmlrpc.php HTTP/2" 200 0 "-" "Mozilla/5.0 (Windows NT 10.0; Win64; x64; rv:121.0) Gecko/20100101 Firefox/121.0"
185.216.113.70 - - [26/Apr/2026:13:39:41 +0300] "POST /wp-cron.php?doing_wp_cron=1777199981.3083629608154296875000 HTTP/1.1" 200 448 "-" "WordPress/6.3.8; https://serhatburke.miroglu.net"
193.36.38.226 - - [26/Apr/2026:13:38:40 +0300] "GET /hay-coalicion-indumentarias-suceso-para-deportes-debido-al-que-no-puedas-colocar/ HTTP/1.1" 200 73622 "-" "Mozilla/5.0 (Windows NT 10.0; Win64; x64) AppleWebKit/537.36 (KHTML, like Gecko) Chrome/109.0.0.0 Safari/537.36"
185.216.113.70 - - [26/Apr/2026:13:39:47 +0300] "POST /wp-cron.php?doing_wp_cron=1777199987.6275179386138916015625 HTTP/1.1" 200 448 "-" "WordPress/6.3.8; https://serhatburke.miroglu.net"
185.153.197.8 - - [26/Apr/2026:13:38:44 +0300] "GET /top-ten-casinos-on-the-internet-websites-within-the-all-of-us-for-real-currency-february-2026/ HTTP/1.1" 200 80583 "-" "Mozilla/5.0 (Windows NT 10.0; Win64; x64) AppleWebKit/537.36 (KHTML, like Gecko) Chrome/109.0.0.0 Safari/537.36"
185.216.113.70 - - [26/Apr/2026:13:39:55 +0300] "POST /wp-cron.php?doing_wp_cron=1777199995.6314899921417236328125 HTTP/1.1" 200 448 "-" "WordPress/6.3.8; https://serhatburke.miroglu.net"
107.151.163.104 - - [26/Apr/2026:13:38:59 +0300] "POST /xmlrpc.php HTTP/1.1" 200 14709 "-" "Mozilla/5.0 (Windows NT 10.0; Win64; x64) AppleWebKit/537.36 (KHTML, like Gecko) Chrome/114.0.0.0 Safari/537.36"
107.172.239.213 - - [26/Apr/2026:13:39:31 +0300] "POST /xmlrpc.php HTTP/1.1" 200 0 "-" "Mozilla/5.0 (Windows NT 10.0; Win64; x64) AppleWebKit/537.36 (KHTML, like Gecko) Chrome/124.0.0.0 Safari/537.36"
38.180.156.17 - - [26/Apr/2026:13:39:36 +0300] "POST /xmlrpc.php HTTP/2" 200 0 "-" "Mozilla/5.0 (X11; Linux x86_64) AppleWebKit/537.36 (KHTML, like Gecko) Chrome/120.0.0.0 Safari/537.36"
185.216.113.70 - - [26/Apr/2026:13:40:13 +0300] "POST /wp-cron.php?doing_wp_cron=1777200013.7148439884185791015625 HTTP/1.1" 200 448 "-" "WordPress/6.3.8; https://serhatburke.miroglu.net"
107.172.239.213 - admlnlx [26/Apr/2026:13:40:00 +0300] "GET /wp-json/wp/v2/users/me?context=edit&_fields=id%2Croles%2Ccapabilities HTTP/2" 200 0 "-" "Mozilla/5.0 (Macintosh; Intel Mac OS X 10_15_7) AppleWebKit/537.36 (KHTML, like Gecko) Chrome/124.0.0.0 Safari/537.36"
107.151.163.104 - - [26/Apr/2026:13:39:57 +0300] "GET /best-sweepstakes-casino-locowin-bonus-codes-2026-local-casino-no-deposit-added-bonus-free-south-carolina-2026/ HTTP/1.1" 200 80307 "-" "Mozilla/5.0 (Windows NT 10.0; Win64; x64) AppleWebKit/537.36 (KHTML, like Gecko) Chrome/124.0.0.0 Safari/537.36 Edg/124.0.0.0"
217.102.188.250 - - [26/Apr/2026:13:40:11 +0300] "POST /xmlrpc.php HTTP/2" 200 181 "-" "Mozilla/5.0 (Windows NT 10.0; Win64; x64) AppleWebKit/537.36 (KHTML, like Gecko) Chrome/119.0.0.0 Safari/537.36 Edg/119.0.0.0"
38.244.174.237 - - [26/Apr/2026:13:40:40 +0300] "POST /xmlrpc.php HTTP/2" 200 406 "-" "Mozilla/5.0 (Windows NT 10.0; Win64; x64; rv:121.0) Gecko/20100101 Firefox/121.0"
185.153.197.8 - - [26/Apr/2026:13:40:42 +0300] "POST /xmlrpc.php HTTP/1.1" 200 630 "-" "Mozilla/5.0 (Windows NT 10.0; Win64; x64) AppleWebKit/537.36 (KHTML, like Gecko) Chrome/114.0.0.0 Safari/537.36"
40.77.167.35 - - [26/Apr/2026:13:40:53 +0300] "GET /forsoka-pa-rak-arm-casino-hos-svenska-spel/ HTTP/2" 200 18847 "-" "Mozilla/5.0 AppleWebKit/537.36 (KHTML, like Gecko; compatible; bingbot/2.0; +http://www.bing.com/bingbot.htm) Chrome/116.0.1938.76 Safari/537.36"
185.216.113.70 - - [26/Apr/2026:13:41:13 +0300] "POST /wp-cron.php?doing_wp_cron=1777200073.4918980598449707031250 HTTP/1.1" 200 448 "-" "WordPress/6.3.8; https://serhatburke.miroglu.net"
40.77.167.76 - - [26/Apr/2026:13:40:58 +0300] "GET /casino-piu-vicino-a-lecce/ HTTP/2" 200 18532 "-" "Mozilla/5.0 AppleWebKit/537.36 (KHTML, like Gecko; compatible; bingbot/2.0; +http://www.bing.com/bingbot.htm) Chrome/116.0.1938.76 Safari/537.36"
185.153.197.8 - - [26/Apr/2026:13:41:00 +0300] "POST /xmlrpc.php HTTP/1.1" 200 14914 "-" "Mozilla/5.0 (Windows NT 10.0; Win64; x64) AppleWebKit/537.36 (KHTML, like Gecko) Chrome/114.0.0.0 Safari/537.36"
185.153.197.8 - - [26/Apr/2026:13:41:15 +0300] "GET /lokis-descendants-slot-100-percent-free-trial-opinion/ HTTP/1.1" 200 78601 "-" "Mozilla/5.0 (Windows NT 10.0; Win64; x64; rv:124.0) Gecko/20100101 Firefox/124.0"
185.216.113.70 - - [26/Apr/2026:13:42:10 +0300] "POST /wp-cron.php?doing_wp_cron=1777200130.7924780845642089843750 HTTP/1.1" 200 448 "-" "WordPress/6.3.8; https://serhatburke.miroglu.net"
104.194.152.141 - - [26/Apr/2026:13:41:58 +0300] "GET /beste-casino-site-belgie-hoge-inzet/ HTTP/1.1" 200 19282 "-" "Mozilla/5.0 (compatible; Googlebot/2.1; +http://www.google.com/bot.html)"
185.153.197.137 - - [26/Apr/2026:13:42:16 +0300] "POST /xmlrpc.php HTTP/1.1" 200 630 "-" "Mozilla/5.0 (Windows NT 10.0; Win64; x64) AppleWebKit/537.36 (KHTML, like Gecko) Chrome/114.0.0.0 Safari/537.36"
185.216.113.70 - - [26/Apr/2026:13:42:46 +0300] "POST /wp-cron.php?doing_wp_cron=1777200166.4421899318695068359375 HTTP/1.1" 200 448 "-" "WordPress/6.3.8; https://serhatburke.miroglu.net"
185.153.197.137 - - [26/Apr/2026:13:42:34 +0300] "POST /xmlrpc.php HTTP/1.1" 200 13781 "-" "Mozilla/5.0 (Windows NT 10.0; Win64; x64) AppleWebKit/537.36 (KHTML, like Gecko) Chrome/114.0.0.0 Safari/537.36"
107.151.163.104 - - [26/Apr/2026:13:42:44 +0300] "POST /xmlrpc.php HTTP/1.1" 200 630 "-" "Mozilla/5.0 (Windows NT 10.0; Win64; x64) AppleWebKit/537.36 (KHTML, like Gecko) Chrome/114.0.0.0 Safari/537.36"
185.153.197.137 - - [26/Apr/2026:13:42:46 +0300] "GET /100-percent-free-spins-bucks-sales/ HTTP/1.1" 200 76808 "-" "Mozilla/5.0 (Windows NT 10.0; Win64; x64) AppleWebKit/537.36 (KHTML, like Gecko) Chrome/124.0.0.0 Safari/537.36"
40.77.167.53 - - [26/Apr/2026:13:42:50 +0300] "GET /happy-woman-try-a-beneficial-5-reel-nine-paylines-casino-slot-games-and-is-proven-to-work-out-better-that-have-ladies/ HTTP/2" 200 17603 "-" "Mozilla/5.0 AppleWebKit/537.36 (KHTML, like Gecko; compatible; bingbot/2.0; +http://www.bing.com/bingbot.htm) Chrome/116.0.1938.76 Safari/537.36"
52.167.144.211 - - [26/Apr/2026:13:42:54 +0300] "GET /eye-of-horus-gratis-zum-besten-geben-exklusive-eintragung-2026/ HTTP/2" 200 19219 "-" "Mozilla/5.0 AppleWebKit/537.36 (KHTML, like Gecko; compatible; bingbot/2.0; +http://www.bing.com/bingbot.htm) Chrome/116.0.1938.76 Safari/537.36"
107.151.163.104 - - [26/Apr/2026:13:43:14 +0300] "POST /xmlrpc.php HTTP/1.1" 200 16151 "-" "Mozilla/5.0 (Windows NT 10.0; Win64; x64) AppleWebKit/537.36 (KHTML, like Gecko) Chrome/114.0.0.0 Safari/537.36"
23.236.165.86 - - [26/Apr/2026:13:43:22 +0300] "POST /xmlrpc.php HTTP/1.1" 200 1695 "-" "Mozilla/5.0 (Windows NT 10.0; Win64; x64; rv:126.0) Gecko/20100101 Firefox/126.0"
185.216.113.70 - - [26/Apr/2026:13:43:39 +0300] "POST /wp-cron.php?doing_wp_cron=1777200219.9218258857727050781250 HTTP/1.1" 200 448 "-" "WordPress/6.3.8; https://serhatburke.miroglu.net"
107.151.163.104 - - [26/Apr/2026:13:43:28 +0300] "GET /raging-rhino-reputation-advice-2026-play-it-came-from-venus-slot-machine-earn-black-colored-jack-antique-on-line-normally-because-the-250000-max-costa-rica-%D8%A8%D9%84%D8%AF%D9%8A%D8%A9-%D8%B7%D8%B1/ HTTP/1.1" 200 83707 "-" "Mozilla/5.0 (Windows NT 10.0; rv:109.0) Gecko/20100101 Firefox/115.0"
66.249.73.1 - - [26/Apr/2026:13:44:16 +0300] "GET /admiral-shark-casino-uk-review-dive-into-exciting-online-gaming/ HTTP/1.1" 200 18737 "-" "Mozilla/5.0 (Linux; Android 6.0.1; Nexus 5X Build/MMB29P) AppleWebKit/537.36 (KHTML, like Gecko) Chrome/146.0.7680.177 Mobile Safari/537.36 (compatible; Googlebot/2.1; +http://www.google.com/bot.html)"
66.249.73.14 - - [26/Apr/2026:13:44:31 +0300] "GET /wp-includes/js/jquery/jquery-migrate.min.js?ver=3.4.1 HTTP/1.1" 200 5306 "https://serhatburke.miroglu.net/admiral-shark-casino-uk-review-dive-into-exciting-online-gaming/" "Mozilla/5.0 (Linux; Android 6.0.1; Nexus 5X Build/MMB29P) AppleWebKit/537.36 (KHTML, like Gecko) Chrome/146.0.7680.177 Mobile Safari/537.36 (compatible; Googlebot/2.1; +http://www.google.com/bot.html)"
40.77.167.6 - - [26/Apr/2026:13:44:24 +0300] "GET /sail-the-latest-large-oceans-during-the-888-gambling-enterprise-with-this-ai-testimonial-system/ HTTP/2" 200 17684 "-" "Mozilla/5.0 AppleWebKit/537.36 (KHTML, like Gecko; compatible; bingbot/2.0; +http://www.bing.com/bingbot.htm) Chrome/116.0.1938.76 Safari/537.36"
185.216.113.70 - - [26/Apr/2026:13:44:41 +0300] "POST /wp-cron.php?doing_wp_cron=1777200281.2321290969848632812500 HTTP/1.1" 200 448 "-" "WordPress/6.3.8; https://serhatburke.miroglu.net"
40.77.167.53 - - [26/Apr/2026:13:44:29 +0300] "GET /what-is-the-greatest-game-to-relax-and-play-in-the-an-internet-gambling-enterprise/ HTTP/2" 200 17577 "-" "Mozilla/5.0 AppleWebKit/537.36 (KHTML, like Gecko; compatible; bingbot/2.0; +http://www.bing.com/bingbot.htm) Chrome/116.0.1938.76 Safari/537.36"
104.194.132.199 - - [26/Apr/2026:13:44:53 +0300] "GET /zotabet-casino-bonus-premier-depot-2026/ HTTP/1.1" 200 19130 "-" "Mozilla/5.0 (Windows NT 10.0; WOW64) AppleWebKit/537.36 (KHTML, like Gecko) Chrome/114.0.0.0 YaBrowser/22.7.0 Yowser/2.5 Safari/537.36"
172.86.76.182 - - [26/Apr/2026:13:44:57 +0300] "GET /beste-casino-site-belgie-hoge-inzet/ HTTP/1.1" 200 19282 "-" "Mozilla/5.0 (Windows NT 10.0; WOW64) AppleWebKit/537.36 (KHTML, like Gecko) Chrome/114.0.0.0 YaBrowser/22.7.0 Yowser/2.5 Safari/537.36"
66.249.73.15 - - [26/Apr/2026:13:45:08 +0300] "GET /admiral-shark-casino-uk-review-dive-into-exciting-online-gaming/undefined?ts=1775520000 HTTP/1.1" 200 0 "https://serhatburke.miroglu.net/admiral-shark-casino-uk-review-dive-into-exciting-online-gaming/" "Mozilla/5.0 (Linux; Android 6.0.1; Nexus 5X Build/MMB29P) AppleWebKit/537.36 (KHTML, like Gecko) Chrome/146.0.7680.177 Mobile Safari/537.36 (compatible; Googlebot/2.1; +http://www.google.com/bot.html)"
66.249.73.15 - - [26/Apr/2026:13:45:20 +0300] "GET /admiral-shark-casino-uk-review-dive-into-exciting-online-gaming/undefined?ts=1775520000 HTTP/1.1" 200 0 "https://serhatburke.miroglu.net/admiral-shark-casino-uk-review-dive-into-exciting-online-gaming/" "Mozilla/5.0 (Linux; Android 6.0.1; Nexus 5X Build/MMB29P) AppleWebKit/537.36 (KHTML, like Gecko) Chrome/146.0.7680.177 Mobile Safari/537.36 (compatible; Googlebot/2.1; +http://www.google.com/bot.html)"
185.216.113.70 - - [26/Apr/2026:13:47:00 +0300] "POST /wp-cron.php?doing_wp_cron=1777200420.6683270931243896484375 HTTP/1.1" 200 448 "-" "WordPress/6.3.8; https://serhatburke.miroglu.net"
185.153.197.8 - - [26/Apr/2026:13:46:46 +0300] "POST /xmlrpc.php HTTP/1.1" 200 630 "-" "Mozilla/5.0 (Windows NT 10.0; Win64; x64) AppleWebKit/537.36 (KHTML, like Gecko) Chrome/114.0.0.0 Safari/537.36"
185.153.197.8 - - [26/Apr/2026:13:47:06 +0300] "POST /xmlrpc.php HTTP/1.1" 200 16224 "-" "Mozilla/5.0 (Windows NT 10.0; Win64; x64) AppleWebKit/537.36 (KHTML, like Gecko) Chrome/114.0.0.0 Safari/537.36"
185.153.197.8 - - [26/Apr/2026:13:47:18 +0300] "GET /online-local-casino-range-of-each-day-send/ HTTP/1.1" 200 79609 "-" "Mozilla/5.0 (Windows NT 10.0; rv:125.0) Gecko/20100101 Firefox/125.0"
40.77.167.71 - - [26/Apr/2026:13:47:20 +0300] "GET /casino-arv-slots-n-play-velkomstbonus-uten-innskudd-casino-i-tillegg-til-fri-aktiva-2026/ HTTP/2" 200 19024 "-" "Mozilla/5.0 AppleWebKit/537.36 (KHTML, like Gecko; compatible; bingbot/2.0; +http://www.bing.com/bingbot.htm) Chrome/116.0.1938.76 Safari/537.36"
185.216.113.70 - - [26/Apr/2026:13:47:39 +0300] "POST /wp-cron.php?doing_wp_cron=1777200459.4135520458221435546875 HTTP/1.1" 200 448 "-" "WordPress/6.3.8; https://serhatburke.miroglu.net"
40.77.167.6 - - [26/Apr/2026:13:47:24 +0300] "GET /sphinx-videokolikkopeli-pelaa-100-prosenttia-ilmaiseksi-nopeasti-kolikkopelit-fruit-cocktail-netissa/ HTTP/2" 200 18734 "-" "Mozilla/5.0 AppleWebKit/537.36 (KHTML, like Gecko; compatible; bingbot/2.0; +http://www.bing.com/bingbot.htm) Chrome/116.0.1938.76 Safari/537.36"
185.153.197.137 - - [26/Apr/2026:13:47:51 +0300] "POST /xmlrpc.php HTTP/1.1" 200 630 "-" "Mozilla/5.0 (Windows NT 10.0; Win64; x64) AppleWebKit/537.36 (KHTML, like Gecko) Chrome/114.0.0.0 Safari/537.36"
185.216.113.70 - - [26/Apr/2026:13:48:20 +0300] "POST /wp-cron.php?doing_wp_cron=1777200500.1456959247589111328125 HTTP/1.1" 200 448 "-" "WordPress/6.3.8; https://serhatburke.miroglu.net"
185.153.197.137 - - [26/Apr/2026:13:48:08 +0300] "POST /xmlrpc.php HTTP/1.1" 200 13326 "-" "Mozilla/5.0 (Windows NT 10.0; Win64; x64) AppleWebKit/537.36 (KHTML, like Gecko) Chrome/114.0.0.0 Safari/537.36"
185.153.197.137 - - [26/Apr/2026:13:48:20 +0300] "GET /holly-jolly-penguins-slot-by-the-microgaming-review/ HTTP/1.1" 200 76638 "-" "Mozilla/5.0 (Windows NT 10.0; Win64; x64) AppleWebKit/537.36 (KHTML, like Gecko) Chrome/123.0.0.0 Safari/537.36"
185.216.113.70 - - [26/Apr/2026:13:50:14 +0300] "POST /wp-cron.php?doing_wp_cron=1777200614.8559389114379882812500 HTTP/1.1" 200 448 "-" "WordPress/6.3.8; https://serhatburke.miroglu.net"
193.36.38.228 - - [26/Apr/2026:13:49:59 +0300] "POST /xmlrpc.php HTTP/1.1" 200 692 "-" "Mozilla/5.0 (Windows NT 10.0; Win64; x64) AppleWebKit/537.36 (KHTML, like Gecko) Chrome/114.0.0.0 Safari/537.36"
193.36.38.228 - - [26/Apr/2026:13:50:20 +0300] "POST /xmlrpc.php HTTP/1.1" 200 9423 "-" "Mozilla/5.0 (Windows NT 10.0; Win64; x64) AppleWebKit/537.36 (KHTML, like Gecko) Chrome/114.0.0.0 Safari/537.36"
185.216.113.70 - - [26/Apr/2026:13:50:44 +0300] "POST /wp-cron.php?doing_wp_cron=1777200644.2991540431976318359375 HTTP/1.1" 200 448 "-" "WordPress/6.3.8; https://serhatburke.miroglu.net"
193.36.38.228 - - [26/Apr/2026:13:50:32 +0300] "GET /spendi-il-stabile-premio-dellofferta-privo-di-deposito-verso-questi-round-indi-devi-contare-le-abatte-vincite/ HTTP/1.1" 200 74815 "-" "Mozilla/5.0 (Windows NT 10.0; Win64; x64) AppleWebKit/537.36 (KHTML, like Gecko) Chrome/123.0.0.0 Safari/537.36 OPR/109.0.0.0"
40.77.167.53 - - [26/Apr/2026:13:51:22 +0300] "GET /jamfora-casino-ultimat-casinon-online-ino-sverige-2026/ HTTP/2" 200 19270 "-" "Mozilla/5.0 AppleWebKit/537.36 (KHTML, like Gecko; compatible; bingbot/2.0; +http://www.bing.com/bingbot.htm) Chrome/116.0.1938.76 Safari/537.36"
185.216.113.70 - - [26/Apr/2026:13:51:58 +0300] "POST /wp-cron.php?doing_wp_cron=1777200718.3192861080169677734375 HTTP/1.1" 200 448 "-" "WordPress/6.3.8; https://serhatburke.miroglu.net"
185.153.197.137 - - [26/Apr/2026:13:51:46 +0300] "POST /xmlrpc.php HTTP/1.1" 200 630 "-" "Mozilla/5.0 (Windows NT 10.0; Win64; x64) AppleWebKit/537.36 (KHTML, like Gecko) Chrome/114.0.0.0 Safari/537.36"
185.153.197.137 - - [26/Apr/2026:13:52:03 +0300] "POST /xmlrpc.php HTTP/1.1" 200 14114 "-" "Mozilla/5.0 (Windows NT 10.0; Win64; x64) AppleWebKit/537.36 (KHTML, like Gecko) Chrome/114.0.0.0 Safari/537.36"
185.153.197.8 - - [26/Apr/2026:13:52:15 +0300] "POST /xmlrpc.php HTTP/1.1" 200 630 "-" "Mozilla/5.0 (Windows NT 10.0; Win64; x64) AppleWebKit/537.36 (KHTML, like Gecko) Chrome/114.0.0.0 Safari/537.36"
185.153.197.137 - - [26/Apr/2026:13:52:15 +0300] "GET /doubledown-gambling-establishment-100-percent-free-chips-ddc-discount-coupons-updated-everyday/ HTTP/1.1" 200 78741 "-" "Mozilla/5.0 (Windows NT 10.0; Win64; x64) AppleWebKit/537.36 (KHTML, like Gecko) Chrome/109.0.0.0 Safari/537.36"
185.216.113.70 - - [26/Apr/2026:13:52:45 +0300] "POST /wp-cron.php?doing_wp_cron=1777200765.1816499233245849609375 HTTP/1.1" 200 448 "-" "WordPress/6.3.8; https://serhatburke.miroglu.net"
185.153.197.8 - - [26/Apr/2026:13:52:33 +0300] "POST /xmlrpc.php HTTP/1.1" 200 15850 "-" "Mozilla/5.0 (Windows NT 10.0; Win64; x64) AppleWebKit/537.36 (KHTML, like Gecko) Chrome/114.0.0.0 Safari/537.36"
185.153.197.8 - - [26/Apr/2026:13:52:45 +0300] "GET /top-10-web-based-casinos-within-the-united-states-for-real-currency-enjoy-march-2026/ HTTP/1.1" 200 79973 "-" "Mozilla/5.0 (Windows NT 10.0; Win64; x64) AppleWebKit/537.36 (KHTML, like Gecko) Chrome/124.0.0.0 Safari/537.36"
185.216.113.70 - - [26/Apr/2026:13:54:14 +0300] "POST /wp-cron.php?doing_wp_cron=1777200854.5649049282073974609375 HTTP/1.1" 200 448 "-" "WordPress/6.3.8; https://serhatburke.miroglu.net"
185.153.197.137 - - [26/Apr/2026:13:54:02 +0300] "POST /xmlrpc.php HTTP/1.1" 200 630 "-" "Mozilla/5.0 (Windows NT 10.0; Win64; x64) AppleWebKit/537.36 (KHTML, like Gecko) Chrome/114.0.0.0 Safari/537.36"
185.153.197.137 - - [26/Apr/2026:13:54:19 +0300] "POST /xmlrpc.php HTTP/1.1" 200 13415 "-" "Mozilla/5.0 (Windows NT 10.0; Win64; x64) AppleWebKit/537.36 (KHTML, like Gecko) Chrome/114.0.0.0 Safari/537.36"
185.216.113.70 - - [26/Apr/2026:13:54:44 +0300] "POST /wp-cron.php?doing_wp_cron=1777200884.2106370925903320312500 HTTP/1.1" 200 448 "-" "WordPress/6.3.8; https://serhatburke.miroglu.net"
185.153.197.137 - - [26/Apr/2026:13:54:32 +0300] "GET /fat-santa-photos-look-twenty-four002-stock-pictures-vectors-and-video/ HTTP/1.1" 200 77313 "-" "Mozilla/5.0 (Windows NT 10.0; Win64; x64) AppleWebKit/537.36 (KHTML, like Gecko) Chrome/109.0.0.0 Safari/537.36"
107.151.163.104 - - [26/Apr/2026:13:55:03 +0300] "POST /xmlrpc.php HTTP/1.1" 200 630 "-" "Mozilla/5.0 (Windows NT 10.0; Win64; x64) AppleWebKit/537.36 (KHTML, like Gecko) Chrome/114.0.0.0 Safari/537.36"
185.216.113.70 - - [26/Apr/2026:13:55:33 +0300] "POST /wp-cron.php?doing_wp_cron=1777200933.5981130599975585937500 HTTP/1.1" 200 448 "-" "WordPress/6.3.8; https://serhatburke.miroglu.net"
107.151.163.104 - - [26/Apr/2026:13:55:21 +0300] "POST /xmlrpc.php HTTP/1.1" 200 14531 "-" "Mozilla/5.0 (Windows NT 10.0; Win64; x64) AppleWebKit/537.36 (KHTML, like Gecko) Chrome/114.0.0.0 Safari/537.36"
107.151.163.104 - - [26/Apr/2026:13:55:34 +0300] "GET /complete-self-help-guide-to-requirements-and-new-casinos-you-may-rewards/ HTTP/1.1" 200 78639 "-" "Mozilla/5.0 (Windows NT 10.0; Win64; x64) AppleWebKit/537.36 (KHTML, like Gecko) Chrome/123.0.0.0 Safari/537.36 OPR/109.0.0.0"
185.153.197.137 - - [26/Apr/2026:13:56:13 +0300] "POST /xmlrpc.php HTTP/1.1" 200 630 "-" "Mozilla/5.0 (Windows NT 10.0; Win64; x64) AppleWebKit/537.36 (KHTML, like Gecko) Chrome/114.0.0.0 Safari/537.36"
40.77.167.254 - - [26/Apr/2026:13:56:24 +0300] "GET /do-you-really-set-an-enthusiastic-autoplay-form-and-is-there-many-coin-betting/ HTTP/2" 200 17615 "-" "Mozilla/5.0 AppleWebKit/537.36 (KHTML, like Gecko; compatible; bingbot/2.0; +http://www.bing.com/bingbot.htm) Chrome/116.0.1938.76 Safari/537.36"
185.216.113.70 - - [26/Apr/2026:13:56:42 +0300] "POST /wp-cron.php?doing_wp_cron=1777201002.9120199680328369140625 HTTP/1.1" 200 448 "-" "WordPress/6.3.8; https://serhatburke.miroglu.net"
185.153.197.137 - - [26/Apr/2026:13:56:30 +0300] "POST /xmlrpc.php HTTP/1.1" 200 14497 "-" "Mozilla/5.0 (Windows NT 10.0; Win64; x64) AppleWebKit/537.36 (KHTML, like Gecko) Chrome/114.0.0.0 Safari/537.36"
185.153.197.137 - - [26/Apr/2026:13:56:43 +0300] "GET /ea-fc-twenty-four-thunderstruck-inform-local-casino-rich-twenty-five-totally-free-spins-no-deposit-tracker-costa-rica/ HTTP/1.1" 200 79655 "-" "Mozilla/5.0 (Windows NT 10.0; Win64; x64) AppleWebKit/537.36 (KHTML, like Gecko) Chrome/123.0.0.0 Safari/537.36"
107.151.163.104 - - [26/Apr/2026:13:56:56 +0300] "POST /xmlrpc.php HTTP/1.1" 200 630 "-" "Mozilla/5.0 (Windows NT 10.0; Win64; x64) AppleWebKit/537.36 (KHTML, like Gecko) Chrome/114.0.0.0 Safari/537.36"
185.216.113.70 - - [26/Apr/2026:13:57:28 +0300] "POST /wp-cron.php?doing_wp_cron=1777201048.5893650054931640625000 HTTP/1.1" 200 448 "-" "WordPress/6.3.8; https://serhatburke.miroglu.net"
107.151.163.104 - - [26/Apr/2026:13:57:15 +0300] "POST /xmlrpc.php HTTP/1.1" 200 15260 "-" "Mozilla/5.0 (Windows NT 10.0; Win64; x64) AppleWebKit/537.36 (KHTML, like Gecko) Chrome/114.0.0.0 Safari/537.36"
185.153.197.8 - - [26/Apr/2026:13:57:29 +0300] "POST /xmlrpc.php HTTP/1.1" 200 630 "-" "Mozilla/5.0 (Windows NT 10.0; Win64; x64) AppleWebKit/537.36 (KHTML, like Gecko) Chrome/114.0.0.0 Safari/537.36"
66.249.73.15 - - [26/Apr/2026:13:57:40 +0300] "GET /wino-casino-review-a-premier-destination-for-uk-players/ HTTP/1.1" 200 0 "https://pusyx.driftlogic-games.biz/" "Mozilla/5.0 (Linux; Android 6.0.1; Nexus 5X Build/MMB29P) AppleWebKit/537.36 (KHTML, like Gecko) Chrome/146.0.7680.177 Mobile Safari/537.36 (compatible; Googlebot/2.1; +http://www.google.com/bot.html)"
107.151.163.104 - - [26/Apr/2026:13:57:30 +0300] "GET /100-percent-gambling-enterprise-jackpotjoy-legit-free-slots-on-1-turbo-play-the-sloto-dollars-local-casino-no-set-spins-book/ HTTP/1.1" 200 80700 "-" "Mozilla/5.0 (Windows NT 10.0; Win64; x64) AppleWebKit/537.36 (KHTML, like Gecko) Chrome/109.0.0.0 Safari/537.36"
185.153.197.8 - - [26/Apr/2026:13:57:55 +0300] "POST /xmlrpc.php HTTP/1.1" 200 15370 "-" "Mozilla/5.0 (Windows NT 10.0; Win64; x64) AppleWebKit/537.36 (KHTML, like Gecko) Chrome/114.0.0.0 Safari/537.36"
185.153.197.8 - - [26/Apr/2026:13:58:07 +0300] "GET /top-10-higher-commission-casinos-on-the-internet-inside-the-2026/ HTTP/1.1" 200 78980 "-" "Mozilla/5.0 (Windows NT 10.0; Win64; x64; rv:124.0) Gecko/20100101 Firefox/124.0"
185.153.197.137 - - [26/Apr/2026:13:58:23 +0300] "POST /xmlrpc.php HTTP/1.1" 200 630 "-" "Mozilla/5.0 (Windows NT 10.0; Win64; x64) AppleWebKit/537.36 (KHTML, like Gecko) Chrome/114.0.0.0 Safari/537.36"
185.216.113.70 - - [26/Apr/2026:13:58:51 +0300] "POST /wp-cron.php?doing_wp_cron=1777201131.6321909427642822265625 HTTP/1.1" 200 448 "-" "WordPress/6.3.8; https://serhatburke.miroglu.net"
107.151.163.104 - - [26/Apr/2026:13:58:38 +0300] "POST /xmlrpc.php HTTP/1.1" 200 630 "-" "Mozilla/5.0 (Windows NT 10.0; Win64; x64) AppleWebKit/537.36 (KHTML, like Gecko) Chrome/114.0.0.0 Safari/537.36"
185.153.197.137 - - [26/Apr/2026:13:58:40 +0300] "POST /xmlrpc.php HTTP/1.1" 200 13634 "-" "Mozilla/5.0 (Windows NT 10.0; Win64; x64) AppleWebKit/537.36 (KHTML, like Gecko) Chrome/114.0.0.0 Safari/537.36"
185.153.197.137 - - [26/Apr/2026:13:58:53 +0300] "GET /play-21700-online-gambling-games-no-down-load-2/ HTTP/1.1" 200 76953 "-" "Mozilla/5.0 (Windows NT 10.0; Win64; x64) AppleWebKit/537.36 (KHTML, like Gecko) Chrome/124.0.0.0 Safari/537.36"
107.151.163.104 - - [26/Apr/2026:13:58:58 +0300] "POST /xmlrpc.php HTTP/1.1" 200 15751 "-" "Mozilla/5.0 (Windows NT 10.0; Win64; x64) AppleWebKit/537.36 (KHTML, like Gecko) Chrome/114.0.0.0 Safari/537.36"
107.151.163.104 - - [26/Apr/2026:13:59:15 +0300] "GET /the-brand-new-one-hundred-totally-free-no-deposit-bonus-50-free-spins-spins-no-deposit-2026-over-checklist/ HTTP/1.1" 200 80610 "-" "Mozilla/5.0 (Windows NT 10.0; Win64; x64; rv:124.0) Gecko/20100101 Firefox/124.0"
185.216.113.70 - - [26/Apr/2026:14:00:28 +0300] "POST /wp-cron.php?doing_wp_cron=1777201228.0831570625305175781250 HTTP/1.1" 200 448 "-" "WordPress/6.3.8; https://serhatburke.miroglu.net"
107.151.163.104 - - [26/Apr/2026:14:00:15 +0300] "POST /xmlrpc.php HTTP/1.1" 200 630 "-" "Mozilla/5.0 (Windows NT 10.0; Win64; x64) AppleWebKit/537.36 (KHTML, like Gecko) Chrome/114.0.0.0 Safari/537.36"
185.153.197.137 - - [26/Apr/2026:14:00:32 +0300] "POST /xmlrpc.php HTTP/1.1" 200 630 "-" "Mozilla/5.0 (Windows NT 10.0; Win64; x64) AppleWebKit/537.36 (KHTML, like Gecko) Chrome/114.0.0.0 Safari/537.36"
107.151.163.104 - - [26/Apr/2026:14:00:35 +0300] "POST /xmlrpc.php HTTP/1.1" 200 15585 "-" "Mozilla/5.0 (Windows NT 10.0; Win64; x64) AppleWebKit/537.36 (KHTML, like Gecko) Chrome/114.0.0.0 Safari/537.36"
193.36.38.228 - - [26/Apr/2026:14:00:40 +0300] "POST /xmlrpc.php HTTP/1.1" 200 692 "-" "Mozilla/5.0 (Windows NT 10.0; Win64; x64) AppleWebKit/537.36 (KHTML, like Gecko) Chrome/114.0.0.0 Safari/537.36"
185.153.197.137 - - [26/Apr/2026:14:00:55 +0300] "POST /xmlrpc.php HTTP/1.1" 200 13144 "-" "Mozilla/5.0 (Windows NT 10.0; Win64; x64) AppleWebKit/537.36 (KHTML, like Gecko) Chrome/114.0.0.0 Safari/537.36"
193.36.38.228 - - [26/Apr/2026:14:01:01 +0300] "POST /xmlrpc.php HTTP/1.1" 200 9047 "-" "Mozilla/5.0 (Windows NT 10.0; Win64; x64) AppleWebKit/537.36 (KHTML, like Gecko) Chrome/114.0.0.0 Safari/537.36"
185.153.197.137 - - [26/Apr/2026:14:01:07 +0300] "GET /slottica-gambling-establishment-no-deposit-totally-free-spins-and-you-may-extra-codes-listing/ HTTP/1.1" 200 77881 "-" "Mozilla/5.0 (Windows NT 10.0; Win64; x64) AppleWebKit/537.36 (KHTML, like Gecko) Chrome/123.0.0.0 Safari/537.36 OPR/109.0.0.0"
193.36.38.228 - - [26/Apr/2026:14:01:14 +0300] "GET /volte-casa-da-gioco-online-non-aams-durante-bonus-senza-contare-fondo-possono-capitare-inaffidabili/ HTTP/1.1" 200 74220 "-" "Mozilla/5.0 (Windows NT 10.0; Win64; x64) AppleWebKit/537.36 (KHTML, like Gecko) Chrome/123.0.0.0 Safari/537.36"
185.216.113.70 - - [26/Apr/2026:14:01:48 +0300] "POST /wp-cron.php?doing_wp_cron=1777201308.0186181068420410156250 HTTP/1.1" 200 448 "-" "WordPress/6.3.8; https://serhatburke.miroglu.net"
107.151.163.104 - - [26/Apr/2026:14:01:36 +0300] "GET /best-free-casino-party-sign-up-spin-incentives-to-have-u-s-online-casino-participants-inside-2026/ HTTP/1.1" 200 80345 "-" "Mozilla/5.0 (Windows NT 10.0; Win64; x64) AppleWebKit/537.36 (KHTML, like Gecko) Chrome/123.0.0.0 Safari/537.36"
193.36.38.228 - - [26/Apr/2026:14:01:51 +0300] "POST /xmlrpc.php HTTP/1.1" 200 692 "-" "Mozilla/5.0 (Windows NT 10.0; Win64; x64) AppleWebKit/537.36 (KHTML, like Gecko) Chrome/114.0.0.0 Safari/537.36"
185.153.197.8 - - [26/Apr/2026:14:02:02 +0300] "POST /xmlrpc.php HTTP/1.1" 200 630 "-" "Mozilla/5.0 (Windows NT 10.0; Win64; x64) AppleWebKit/537.36 (KHTML, like Gecko) Chrome/114.0.0.0 Safari/537.36"
185.216.113.70 - - [26/Apr/2026:14:02:22 +0300] "POST /wp-cron.php?doing_wp_cron=1777201342.6400508880615234375000 HTTP/1.1" 200 448 "-" "WordPress/6.3.8; https://serhatburke.miroglu.net"
193.36.38.228 - - [26/Apr/2026:14:02:09 +0300] "POST /xmlrpc.php HTTP/1.1" 200 8636 "-" "Mozilla/5.0 (Windows NT 10.0; Win64; x64) AppleWebKit/537.36 (KHTML, like Gecko) Chrome/114.0.0.0 Safari/537.36"
107.151.163.104 - - [26/Apr/2026:14:02:19 +0300] "POST /xmlrpc.php HTTP/1.1" 200 630 "-" "Mozilla/5.0 (Windows NT 10.0; Win64; x64) AppleWebKit/537.36 (KHTML, like Gecko) Chrome/114.0.0.0 Safari/537.36"
193.36.38.228 - - [26/Apr/2026:14:02:23 +0300] "GET /ogni-trampolino-ha-i-suoi-algoritmi-di-decisione-verso-sancire-attivita-sospette/ HTTP/1.1" 200 73395 "-" "Mozilla/5.0 (Windows NT 10.0; Win64; x64) AppleWebKit/537.36 (KHTML, like Gecko) Chrome/124.0.0.0 Safari/537.36"
185.153.197.8 - - [26/Apr/2026:14:02:20 +0300] "POST /xmlrpc.php HTTP/1.1" 200 15884 "-" "Mozilla/5.0 (Windows NT 10.0; Win64; x64) AppleWebKit/537.36 (KHTML, like Gecko) Chrome/114.0.0.0 Safari/537.36"
185.153.197.137 - - [26/Apr/2026:14:02:36 +0300] "POST /xmlrpc.php HTTP/1.1" 200 630 "-" "Mozilla/5.0 (Windows NT 10.0; Win64; x64) AppleWebKit/537.36 (KHTML, like Gecko) Chrome/114.0.0.0 Safari/537.36"
107.151.163.104 - - [26/Apr/2026:14:02:49 +0300] "POST /xmlrpc.php HTTP/1.1" 200 14808 "-" "Mozilla/5.0 (Windows NT 10.0; Win64; x64) AppleWebKit/537.36 (KHTML, like Gecko) Chrome/114.0.0.0 Safari/537.36"
185.153.197.8 - - [26/Apr/2026:14:02:49 +0300] "GET /confirmed-uk-no-deposit-casino-also-offers-for-february-2026-%E2%AD%90/ HTTP/1.1" 200 79918 "-" "Mozilla/5.0 (Windows NT 10.0; Win64; x64) AppleWebKit/537.36 (KHTML, like Gecko) Chrome/123.0.0.0 Safari/537.36 OPR/109.0.0.0"
193.36.38.228 - - [26/Apr/2026:14:02:52 +0300] "POST /xmlrpc.php HTTP/1.1" 200 514 "-" "Mozilla/5.0 (Windows NT 10.0; Win64; x64) AppleWebKit/537.36 (KHTML, like Gecko) Chrome/114.0.0.0 Safari/537.36"
185.153.197.137 - - [26/Apr/2026:14:03:01 +0300] "POST /xmlrpc.php HTTP/1.1" 200 13586 "-" "Mozilla/5.0 (Windows NT 10.0; Win64; x64) AppleWebKit/537.36 (KHTML, like Gecko) Chrome/114.0.0.0 Safari/537.36"
107.151.163.104 - - [26/Apr/2026:14:03:12 +0300] "GET /spinia-gambling-establishment-comment-my-hyperlink-2026-funds-mga-subscribed-softswiss/ HTTP/1.1" 200 79451 "-" "Mozilla/5.0 (Windows NT 10.0; Win64; x64) AppleWebKit/537.36 (KHTML, like Gecko) Chrome/109.0.0.0 Safari/537.36"
185.216.113.70 - - [26/Apr/2026:14:03:34 +0300] "POST /wp-cron.php?doing_wp_cron=1777201414.8598639965057373046875 HTTP/1.1" 200 448 "-" "WordPress/6.3.8; https://serhatburke.miroglu.net"
193.36.38.228 - - [26/Apr/2026:14:03:18 +0300] "POST /xmlrpc.php HTTP/1.1" 200 11903 "-" "Mozilla/5.0 (Windows NT 10.0; Win64; x64) AppleWebKit/537.36 (KHTML, like Gecko) Chrome/114.0.0.0 Safari/537.36"
185.153.197.137 - - [26/Apr/2026:14:03:19 +0300] "GET /a-hundred-dollars-totally-free-no-deposit-casinos-greatest-casinos-having-a-hundred-100-percent-free-within-the-2025/ HTTP/1.1" 200 78776 "-" "Mozilla/5.0 (Windows NT 10.0; Win64; x64; rv:125.0) Gecko/20100101 Firefox/125.0"
107.151.163.104 - - [26/Apr/2026:14:03:34 +0300] "POST /xmlrpc.php HTTP/1.1" 200 630 "-" "Mozilla/5.0 (Windows NT 10.0; Win64; x64) AppleWebKit/537.36 (KHTML, like Gecko) Chrome/114.0.0.0 Safari/537.36"
193.36.38.228 - - [26/Apr/2026:14:03:35 +0300] "GET /dopo-diverse-ore-di-incontro-riesce-a-sottomettersi-rso-requisiti-di-posta-di-nuovo-a-asportare-50%EF%BF%BD/ HTTP/1.1" 200 77190 "-" "Mozilla/5.0 (Windows NT 10.0; Win64; x64) AppleWebKit/537.36 (KHTML, like Gecko) Chrome/109.0.0.0 Safari/537.36"
193.36.38.228 - - [26/Apr/2026:14:03:58 +0300] "POST /xmlrpc.php HTTP/1.1" 200 514 "-" "Mozilla/5.0 (Windows NT 10.0; Win64; x64) AppleWebKit/537.36 (KHTML, like Gecko) Chrome/114.0.0.0 Safari/537.36"
107.151.163.104 - - [26/Apr/2026:14:03:59 +0300] "POST /xmlrpc.php HTTP/1.1" 200 15707 "-" "Mozilla/5.0 (Windows NT 10.0; Win64; x64) AppleWebKit/537.36 (KHTML, like Gecko) Chrome/114.0.0.0 Safari/537.36"
185.216.113.70 - - [26/Apr/2026:14:04:27 +0300] "POST /wp-cron.php?doing_wp_cron=1777201466.9795429706573486328125 HTTP/1.1" 200 448 "-" "WordPress/6.3.8; https://serhatburke.miroglu.net"
193.36.38.228 - - [26/Apr/2026:14:04:17 +0300] "POST /xmlrpc.php HTTP/1.1" 200 12441 "-" "Mozilla/5.0 (Windows NT 10.0; Win64; x64) AppleWebKit/537.36 (KHTML, like Gecko) Chrome/114.0.0.0 Safari/537.36"
107.151.163.104 - - [26/Apr/2026:14:04:15 +0300] "GET /spinpug-gambling-enterprise-extra-nz-spinpug-promo-deposit-5-get-20-fs-code-2026/ HTTP/1.1" 200 79926 "-" "Mozilla/5.0 (Windows NT 10.0; Win64; x64) AppleWebKit/537.36 (KHTML, like Gecko) Chrome/124.0.0.0 Safari/537.36"
193.36.38.228 - - [26/Apr/2026:14:04:31 +0300] "GET /cio-consente-agli-utenti-di-ricevere-la-opzione-di-depositi-istantanei-anche-prelievi-rapidi-di-soldi/ HTTP/1.1" 200 77700 "-" "Mozilla/5.0 (Windows NT 10.0; Win64; x64) AppleWebKit/537.36 (KHTML, like Gecko) Chrome/124.0.0.0 Safari/537.36"
193.36.38.228 - - [26/Apr/2026:14:04:45 +0300] "POST /xmlrpc.php HTTP/1.1" 200 692 "-" "Mozilla/5.0 (Windows NT 10.0; Win64; x64) AppleWebKit/537.36 (KHTML, like Gecko) Chrome/114.0.0.0 Safari/537.36"
185.216.113.70 - - [26/Apr/2026:14:05:09 +0300] "POST /wp-cron.php?doing_wp_cron=1777201509.5424540042877197265625 HTTP/1.1" 200 448 "-" "WordPress/6.3.8; https://serhatburke.miroglu.net"
