103.219.169.181 - - [26/Apr/2026:22:07:54 +0300] "GET /aparelhamento-rocketman-guia-todo-aquele-funciona-como-como-apostar-navegando-pelos-slots-e-aventuras-esfogiteado-cassino/ HTTP/1.1" 200 81918 "-" "Mozilla/5.0 (Windows NT 10.0; Win64; x64) AppleWebKit/537.36 (KHTML, like Gecko) Chrome/124.0.0.0 Safari/537.36"
165.231.101.129 - - [26/Apr/2026:22:08:09 +0300] "POST /wp-login.php HTTP/1.1" 302 1537 "https://serhatburke.miroglu.net/wp-login.php" "Mozilla/5.0 (Windows NT 6.3; Win64; x64) AppleWebKit/537.36 (KHTML, like Gecko) Chrome/103.0.0.0 Safari/537.36"
185.153.197.8 - - [26/Apr/2026:22:08:09 +0300] "GET /betrivers-casino-has-one-of-the-better-refer-a-buddy-bonuses-in-the-business/ HTTP/1.1" 200 80408 "-" "Mozilla/5.0 (Windows NT 10.0; rv:109.0) Gecko/20100101 Firefox/115.0"
165.231.101.129 - - [26/Apr/2026:22:08:23 +0300] "GET /wp-admin/ HTTP/1.1" 200 216010 "https://serhatburke.miroglu.net/wp-login.php" "Mozilla/5.0 (Windows NT 6.3; Win64; x64) AppleWebKit/537.36 (KHTML, like Gecko) Chrome/103.0.0.0 Safari/537.36"
185.216.113.70 - - [26/Apr/2026:22:08:48 +0300] "POST /wp-cron.php?doing_wp_cron=1777230528.7468700408935546875000 HTTP/1.1" 200 448 "-" "WordPress/6.3.8; https://serhatburke.miroglu.net"
165.231.101.129 - - [26/Apr/2026:22:08:37 +0300] "GET /xmlrpc.php HTTP/1.1" 405 606 "https://serhatburke.miroglu.net/wp-admin/" "Mozilla/5.0 (Windows NT 6.3; Win64; x64) AppleWebKit/537.36 (KHTML, like Gecko) Chrome/103.0.0.0 Safari/537.36"
185.216.113.70 - - [26/Apr/2026:22:08:36 +0300] "POST /wp-admin/admin-ajax.php?action=as_async_request_queue_runner&nonce=8f989826e6 HTTP/1.1" 200 1039 "-" "WordPress/6.3.8; https://serhatburke.miroglu.net"
165.231.101.129 - - [26/Apr/2026:22:08:51 +0300] "POST /xmlrpc.php HTTP/1.1" 200 628 "https://serhatburke.miroglu.net/xmlrpc.php" "Mozilla/5.0 (Windows NT 6.3; Win64; x64) AppleWebKit/537.36 (KHTML, like Gecko) Chrome/103.0.0.0 Safari/537.36"
165.231.101.129 - - [26/Apr/2026:22:09:05 +0300] "POST /xmlrpc.php HTTP/1.1" 200 641 "https://serhatburke.miroglu.net/xmlrpc.php" "Mozilla/5.0 (Windows NT 6.3; Win64; x64) AppleWebKit/537.36 (KHTML, like Gecko) Chrome/103.0.0.0 Safari/537.36"
185.216.113.70 - - [26/Apr/2026:22:09:34 +0300] "POST /wp-cron.php?doing_wp_cron=1777230574.6203160285949707031250 HTTP/1.1" 200 448 "-" "WordPress/6.3.8; https://serhatburke.miroglu.net"
165.231.101.129 - - [26/Apr/2026:22:09:20 +0300] "GET /?p=139331 HTTP/1.1" 301 710 "https://serhatburke.miroglu.net/xmlrpc.php" "Mozilla/5.0 (Windows NT 6.3; Win64; x64) AppleWebKit/537.36 (KHTML, like Gecko) Chrome/103.0.0.0 Safari/537.36"
165.231.101.129 - - [26/Apr/2026:22:09:35 +0300] "GET /why-you-really-want-a-1xbet-%d1%81%d0%b5%d0%b9%d1%87%d0%b0%d1%81/ HTTP/1.1" 200 116727 "https://serhatburke.miroglu.net/?p=139331" "Mozilla/5.0 (Windows NT 6.3; Win64; x64) AppleWebKit/537.36 (KHTML, like Gecko) Chrome/103.0.0.0 Safari/537.36"
185.122.170.173 - - [26/Apr/2026:22:09:36 +0300] "GET /wp-login.php HTTP/1.1" 200 3751 "https://serhatburke.miroglu.net/" "Mozilla/5.0 (X11; Linux x86_64) AppleWebKit/537.36 (KHTML, like Gecko) Chrome/145.0.0.0 Safari/537.36"
185.122.170.173 - - [26/Apr/2026:22:09:59 +0300] "GET /wp-login.php HTTP/1.1" 200 3751 "https://serhatburke.miroglu.net/wp-login.php" "Mozilla/5.0 (Windows NT 6.3; Win64; x64) AppleWebKit/537.36 (KHTML, like Gecko) Chrome/103.0.0.0 Safari/537.36"
185.122.170.173 - - [26/Apr/2026:22:10:12 +0300] "POST /wp-login.php HTTP/1.1" 302 1537 "https://serhatburke.miroglu.net/wp-login.php" "Mozilla/5.0 (Windows NT 6.3; Win64; x64) AppleWebKit/537.36 (KHTML, like Gecko) Chrome/103.0.0.0 Safari/537.36"
185.122.170.173 - - [26/Apr/2026:22:10:25 +0300] "GET /wp-admin/ HTTP/1.1" 200 216026 "https://serhatburke.miroglu.net/wp-login.php" "Mozilla/5.0 (Windows NT 6.3; Win64; x64) AppleWebKit/537.36 (KHTML, like Gecko) Chrome/103.0.0.0 Safari/537.36"
185.216.113.70 - - [26/Apr/2026:22:10:52 +0300] "POST /wp-cron.php?doing_wp_cron=1777230652.6261630058288574218750 HTTP/1.1" 200 448 "-" "WordPress/6.3.8; https://serhatburke.miroglu.net"
185.122.170.173 - - [26/Apr/2026:22:10:39 +0300] "GET /xmlrpc.php HTTP/1.1" 405 606 "https://serhatburke.miroglu.net/wp-admin/" "Mozilla/5.0 (Windows NT 6.3; Win64; x64) AppleWebKit/537.36 (KHTML, like Gecko) Chrome/103.0.0.0 Safari/537.36"
185.122.170.173 - - [26/Apr/2026:22:10:53 +0300] "POST /xmlrpc.php HTTP/1.1" 200 640 "https://serhatburke.miroglu.net/xmlrpc.php" "Mozilla/5.0 (Windows NT 6.3; Win64; x64) AppleWebKit/537.36 (KHTML, like Gecko) Chrome/103.0.0.0 Safari/537.36"
185.216.113.70 - - [26/Apr/2026:22:11:18 +0300] "POST /wp-cron.php?doing_wp_cron=1777230678.7179419994354248046875 HTTP/1.1" 200 448 "-" "WordPress/6.3.8; https://serhatburke.miroglu.net"
185.122.170.173 - - [26/Apr/2026:22:11:06 +0300] "GET /?p=139333 HTTP/1.1" 301 775 "https://serhatburke.miroglu.net/xmlrpc.php" "Mozilla/5.0 (Windows NT 6.3; Win64; x64) AppleWebKit/537.36 (KHTML, like Gecko) Chrome/103.0.0.0 Safari/537.36"
52.167.144.213 - - [26/Apr/2026:22:11:18 +0300] "GET /etre-assure-un-actifs-ou-autre-la-multitude-1-ludotheque/ HTTP/2" 200 17788 "-" "Mozilla/5.0 AppleWebKit/537.36 (KHTML, like Gecko; compatible; bingbot/2.0; +http://www.bing.com/bingbot.htm) Chrome/116.0.1938.76 Safari/537.36"
185.122.170.173 - - [26/Apr/2026:22:11:19 +0300] "GET /1xbet-%d0%b7%d0%b5%d1%80%d0%ba%d0%b0%d0%bb%d0%be-%d0%bd%d0%b0-%d1%81%d0%b5%d0%b3%d0%be%d0%b4%d0%bd%d1%8f-shortcuts-the-easy-means/ HTTP/1.1" 200 117258 "https://serhatburke.miroglu.net/?p=139333" "Mozilla/5.0 (Windows NT 6.3; Win64; x64) AppleWebKit/537.36 (KHTML, like Gecko) Chrome/103.0.0.0 Safari/537.36"
40.77.167.230 - - [26/Apr/2026:22:11:22 +0300] "GET /the-very-last-welcome-added-bonus-often-match-your-payment-by-150-and-you-can-does-not-rise-above-1000-eur/ HTTP/2" 200 17681 "-" "Mozilla/5.0 AppleWebKit/537.36 (KHTML, like Gecko; compatible; bingbot/2.0; +http://www.bing.com/bingbot.htm) Chrome/116.0.1938.76 Safari/537.36"
40.77.167.230 - - [26/Apr/2026:22:11:22 +0300] "GET /alla-fine-di-questa-seconda-parte-troverai-insecable-memoriale-sulla-modalita/ HTTP/2" 200 17950 "-" "Mozilla/5.0 AppleWebKit/537.36 (KHTML, like Gecko; compatible; bingbot/2.0; +http://www.bing.com/bingbot.htm) Chrome/116.0.1938.76 Safari/537.36"
52.167.144.142 - - [26/Apr/2026:22:11:27 +0300] "GET /dasjenige-einlosen-ihr-bonusaktionen-blo-einzahlung-sei-a-prima-vista-esel/ HTTP/2" 200 18339 "-" "Mozilla/5.0 AppleWebKit/537.36 (KHTML, like Gecko; compatible; bingbot/2.0; +http://www.bing.com/bingbot.htm) Chrome/116.0.1938.76 Safari/537.36"
185.153.197.8 - - [26/Apr/2026:22:11:33 +0300] "POST /xmlrpc.php HTTP/1.1" 200 630 "-" "Mozilla/5.0 (Windows NT 10.0; Win64; x64) AppleWebKit/537.36 (KHTML, like Gecko) Chrome/114.0.0.0 Safari/537.36"
185.153.197.8 - - [26/Apr/2026:22:12:09 +0300] "POST /xmlrpc.php HTTP/1.1" 200 15073 "-" "Mozilla/5.0 (Windows NT 10.0; Win64; x64) AppleWebKit/537.36 (KHTML, like Gecko) Chrome/114.0.0.0 Safari/537.36"
40.77.167.230 - - [26/Apr/2026:22:12:09 +0300] "GET /mega-programs-on-google-thunderstruck-slot-for-pc-enjoy/ HTTP/2" 200 18457 "-" "Mozilla/5.0 AppleWebKit/537.36 (KHTML, like Gecko; compatible; bingbot/2.0; +http://www.bing.com/bingbot.htm) Chrome/116.0.1938.76 Safari/537.36"
185.153.197.8 - - [26/Apr/2026:22:12:21 +0300] "GET /greatest-online-casino-bonuses-in-america-in-the-february-2026/ HTTP/1.1" 200 78806 "-" "Mozilla/5.0 (Windows NT 10.0; Win64; x64) AppleWebKit/537.36 (KHTML, like Gecko) Chrome/109.0.0.0 Safari/537.36"
185.216.113.70 - - [26/Apr/2026:22:14:07 +0300] "POST /wp-cron.php?doing_wp_cron=1777230847.7619960308074951171875 HTTP/1.1" 200 448 "-" "WordPress/6.3.8; https://serhatburke.miroglu.net"
52.167.144.142 - - [26/Apr/2026:22:13:53 +0300] "GET /tips-enjoy-on-line-poker-inside-the-pennsylvania-getting-started/ HTTP/2" 200 17817 "-" "Mozilla/5.0 AppleWebKit/537.36 (KHTML, like Gecko; compatible; bingbot/2.0; +http://www.bing.com/bingbot.htm) Chrome/116.0.1938.76 Safari/537.36"
40.77.167.136 - - [26/Apr/2026:22:13:57 +0300] "GET /dive-into-sushiswap-your-ultimate-dex-experience/ HTTP/2" 200 17755 "-" "Mozilla/5.0 AppleWebKit/537.36 (KHTML, like Gecko; compatible; bingbot/2.0; +http://www.bing.com/bingbot.htm) Chrome/116.0.1938.76 Safari/537.36"
66.249.73.15 - - [26/Apr/2026:22:14:18 +0300] "GET /chicken-road-online-casino-slot-offering-wild-chicken-road/ HTTP/1.1" 200 19216 "-" "Mozilla/5.0 (Linux; Android 6.0.1; Nexus 5X Build/MMB29P) AppleWebKit/537.36 (KHTML, like Gecko) Chrome/146.0.7680.177 Mobile Safari/537.36 (compatible; Googlebot/2.1; +http://www.google.com/bot.html)"
66.249.73.1 - - [26/Apr/2026:22:14:19 +0300] "GET /?p=128414 HTTP/1.1" 301 674 "-" "Mozilla/5.0 (Linux; Android 6.0.1; Nexus 5X Build/MMB29P) AppleWebKit/537.36 (KHTML, like Gecko) Chrome/146.0.7680.177 Mobile Safari/537.36 (compatible; Googlebot/2.1; +http://www.google.com/bot.html)"
185.216.113.70 - - [26/Apr/2026:22:14:44 +0300] "POST /wp-cron.php?doing_wp_cron=1777230884.2081010341644287109375 HTTP/1.1" 200 448 "-" "WordPress/6.3.8; https://serhatburke.miroglu.net"
66.249.73.1 - - [26/Apr/2026:22:14:38 +0300] "GET /wino-casino-review-a-premier-destination-for-uk-players/undefined?ts=1775520000 HTTP/1.1" 200 0 "https://serhatburke.miroglu.net/wino-casino-review-a-premier-destination-for-uk-players/" "Mozilla/5.0 (Linux; Android 6.0.1; Nexus 5X Build/MMB29P) AppleWebKit/537.36 (KHTML, like Gecko) Chrome/146.0.7680.177 Mobile Safari/537.36 (compatible; Googlebot/2.1; +http://www.google.com/bot.html)"
40.77.167.136 - - [26/Apr/2026:22:14:29 +0300] "GET /intendieren-unser-nun-zum-besten-geben-in-diesem-fall-ermoglichen-wir-jedermann-unser-casino-vielheit-two-unter-zuhilfenahme-von-boni-blo-einzahlung/ HTTP/2" 200 18440 "-" "Mozilla/5.0 AppleWebKit/537.36 (KHTML, like Gecko; compatible; bingbot/2.0; +http://www.bing.com/bingbot.htm) Chrome/116.0.1938.76 Safari/537.36"
66.249.73.14 - - [26/Apr/2026:22:14:42 +0300] "GET /wino-casino-review-a-premier-destination-for-uk-players/undefined?ts=1775520000 HTTP/1.1" 200 0 "https://serhatburke.miroglu.net/wino-casino-review-a-premier-destination-for-uk-players/" "Mozilla/5.0 (Linux; Android 6.0.1; Nexus 5X Build/MMB29P) AppleWebKit/537.36 (KHTML, like Gecko) Chrome/146.0.7680.177 Mobile Safari/537.36 (compatible; Googlebot/2.1; +http://www.google.com/bot.html)"
191.102.167.107 - - [26/Apr/2026:22:14:46 +0300] "GET /why-you-really-want-a-1xbet-%d1%81%d0%b5%d0%b9%d1%87%d0%b0%d1%81/ HTTP/1.1" 200 23699 "-" "Mozilla/5.0 (compatible; Googlebot/2.1; +http://www.google.com/bot.html)"
66.249.73.14 - - [26/Apr/2026:22:14:47 +0300] "GET /oficialnyi-sait-v-kazaxstane-olimp-casino1087-2/ HTTP/1.1" 200 18949 "-" "Mozilla/5.0 (Linux; Android 6.0.1; Nexus 5X Build/MMB29P) AppleWebKit/537.36 (KHTML, like Gecko) Chrome/146.0.7680.177 Mobile Safari/537.36 (compatible; Googlebot/2.1; +http://www.google.com/bot.html)"
191.102.167.107 - - [26/Apr/2026:22:14:46 +0300] "GET /how-i-improved-my-1xbet-%d1%81%d0%b5%d0%b9%d1%87%d0%b0%d1%81-in-a-single-easy-lesson/ HTTP/1.1" 200 23809 "-" "Mozilla/5.0 (compatible; Googlebot/2.1; +http://www.google.com/bot.html)"
185.216.113.70 - - [26/Apr/2026:22:15:52 +0300] "POST /wp-cron.php?doing_wp_cron=1777230952.0589570999145507812500 HTTP/1.1" 200 448 "-" "WordPress/6.3.8; https://serhatburke.miroglu.net"
185.153.197.8 - - [26/Apr/2026:22:15:40 +0300] "POST /xmlrpc.php HTTP/1.1" 200 630 "-" "Mozilla/5.0 (Windows NT 10.0; Win64; x64) AppleWebKit/537.36 (KHTML, like Gecko) Chrome/114.0.0.0 Safari/537.36"
185.153.197.8 - - [26/Apr/2026:22:15:57 +0300] "POST /xmlrpc.php HTTP/1.1" 200 16305 "-" "Mozilla/5.0 (Windows NT 10.0; Win64; x64) AppleWebKit/537.36 (KHTML, like Gecko) Chrome/114.0.0.0 Safari/537.36"
66.249.73.1 - - [26/Apr/2026:22:16:00 +0300] "GET /oficialnyi-sait-v-kazaxstane-olimp-casino1087-2/undefined?ts=1775520000 HTTP/1.1" 200 0 "https://serhatburke.miroglu.net/oficialnyi-sait-v-kazaxstane-olimp-casino1087-2/" "Mozilla/5.0 (Linux; Android 6.0.1; Nexus 5X Build/MMB29P) AppleWebKit/537.36 (KHTML, like Gecko) Chrome/146.0.7680.177 Mobile Safari/537.36 (compatible; Googlebot/2.1; +http://www.google.com/bot.html)"
185.153.197.8 - - [26/Apr/2026:22:16:12 +0300] "GET /fortune-time-clock-gambling-establishment-no-deposit-free-revolves-incentives-2026/ HTTP/1.1" 200 80419 "-" "Mozilla/5.0 (Windows NT 10.0; rv:125.0) Gecko/20100101 Firefox/125.0"
185.216.113.70 - - [26/Apr/2026:22:20:02 +0300] "POST /wp-cron.php?doing_wp_cron=1777231202.6319150924682617187500 HTTP/1.1" 200 448 "-" "WordPress/6.3.8; https://serhatburke.miroglu.net"
185.153.197.8 - - [26/Apr/2026:22:19:49 +0300] "POST /xmlrpc.php HTTP/1.1" 200 630 "-" "Mozilla/5.0 (Windows NT 10.0; Win64; x64) AppleWebKit/537.36 (KHTML, like Gecko) Chrome/114.0.0.0 Safari/537.36"
185.153.197.8 - - [26/Apr/2026:22:20:08 +0300] "POST /xmlrpc.php HTTP/1.1" 200 15703 "-" "Mozilla/5.0 (Windows NT 10.0; Win64; x64) AppleWebKit/537.36 (KHTML, like Gecko) Chrome/114.0.0.0 Safari/537.36"
185.153.197.8 - - [26/Apr/2026:22:20:21 +0300] "GET /this-type-of-requirements-have-been-in-location-to-end-participants-of-profitable-also-much-on-the-gambling-establishment-as-opposed-to-and-make-in-initial-deposit-particular-casinos-on-the-internet/ HTTP/1.1" 200 87156 "-" "Mozilla/5.0 (Windows NT 10.0; Win64; x64) AppleWebKit/537.36 (KHTML, like Gecko) Chrome/123.0.0.0 Safari/537.36 OPR/109.0.0.0"
185.216.113.70 - - [26/Apr/2026:22:21:15 +0300] "POST /wp-cron.php?doing_wp_cron=1777231275.6985299587249755859375 HTTP/1.1" 200 448 "-" "WordPress/6.3.8; https://serhatburke.miroglu.net"
196.196.160.113 - - [26/Apr/2026:22:21:04 +0300] "GET /1xbet-%d0%b7%d0%b5%d1%80%d0%ba%d0%b0%d0%bb%d0%be-%d0%bd%d0%b0-%d1%81%d0%b5%d0%b3%d0%be%d0%b4%d0%bd%d1%8f-shortcuts-the-easy-means/ HTTP/1.1" 200 24039 "-" "Mozilla/5.0 (compatible; Googlebot/2.1; +http://www.google.com/bot.html)"
52.167.144.187 - - [26/Apr/2026:22:21:25 +0300] "GET /e-nel-caso-che-insegnante-non-ci-convince-metodi-di-deposito-alternativi/ HTTP/2" 200 17934 "-" "Mozilla/5.0 AppleWebKit/537.36 (KHTML, like Gecko; compatible; bingbot/2.0; +http://www.bing.com/bingbot.htm) Chrome/116.0.1938.76 Safari/537.36"
185.216.113.70 - - [26/Apr/2026:22:21:41 +0300] "POST /wp-cron.php?doing_wp_cron=1777231301.5236320495605468750000 HTTP/1.1" 200 448 "-" "WordPress/6.3.8; https://serhatburke.miroglu.net"
40.77.167.70 - - [26/Apr/2026:22:21:29 +0300] "GET /regional-travel-207/ HTTP/2" 200 209631 "-" "Mozilla/5.0 AppleWebKit/537.36 (KHTML, like Gecko; compatible; bingbot/2.0; +http://www.bing.com/bingbot.htm) Chrome/116.0.1938.76 Safari/537.36"
52.167.144.187 - - [26/Apr/2026:22:21:43 +0300] "GET /duverujte-skutecnemu-hrani-men-online-online-kasino-za-skutecne-penize-bez-vkladu-oscar-spin-jako-nejlepsi-cas/ HTTP/2" 200 18869 "-" "Mozilla/5.0 AppleWebKit/537.36 (KHTML, like Gecko; compatible; bingbot/2.0; +http://www.bing.com/bingbot.htm) Chrome/116.0.1938.76 Safari/537.36"
40.77.167.70 - - [26/Apr/2026:22:21:51 +0300] "GET /danger-high-voltage-proefopname-gokkasten-van-big-timer-gaming-beoordeling-plusteken-voor-slot-vacation-station-optreden/ HTTP/2" 200 17919 "-" "Mozilla/5.0 AppleWebKit/537.36 (KHTML, like Gecko; compatible; bingbot/2.0; +http://www.bing.com/bingbot.htm) Chrome/116.0.1938.76 Safari/537.36"
185.216.113.70 - - [26/Apr/2026:22:23:12 +0300] "POST /wp-cron.php?doing_wp_cron=1777231391.9670920372009277343750 HTTP/1.1" 200 448 "-" "WordPress/6.3.8; https://serhatburke.miroglu.net"
185.153.197.137 - - [26/Apr/2026:22:22:59 +0300] "POST /xmlrpc.php HTTP/1.1" 200 630 "-" "Mozilla/5.0 (Windows NT 10.0; Win64; x64) AppleWebKit/537.36 (KHTML, like Gecko) Chrome/114.0.0.0 Safari/537.36"
185.153.197.137 - - [26/Apr/2026:22:23:17 +0300] "POST /xmlrpc.php HTTP/1.1" 200 13381 "-" "Mozilla/5.0 (Windows NT 10.0; Win64; x64) AppleWebKit/537.36 (KHTML, like Gecko) Chrome/114.0.0.0 Safari/537.36"
185.216.113.70 - - [26/Apr/2026:22:23:43 +0300] "POST /wp-cron.php?doing_wp_cron=1777231423.2744109630584716796875 HTTP/1.1" 200 448 "-" "WordPress/6.3.8; https://serhatburke.miroglu.net"
185.153.197.137 - - [26/Apr/2026:22:23:30 +0300] "GET /better-a-real-income-online-slots-to-play-within-the-2026/ HTTP/1.1" 200 77095 "-" "Mozilla/5.0 (Windows NT 10.0; Win64; x64) AppleWebKit/537.36 (KHTML, like Gecko) Chrome/109.0.0.0 Safari/537.36"
52.167.144.225 - - [26/Apr/2026:22:24:18 +0300] "GET /revolutionize-your-trading-experience-with-jupiter-swap-2/ HTTP/2" 200 17741 "-" "Mozilla/5.0 AppleWebKit/537.36 (KHTML, like Gecko; compatible; bingbot/2.0; +http://www.bing.com/bingbot.htm) Chrome/116.0.1938.76 Safari/537.36"
52.167.144.225 - - [26/Apr/2026:22:24:22 +0300] "GET /developed-by-hrg-studios-which-pokie-features-user-selectable-multiple-denomination-scalable-added-bonus-prizes-cash-on-reels-and-you-may-a-grip-letter-spin-jackpot-function-here-it-will-be-poss/ HTTP/2" 200 19295 "-" "Mozilla/5.0 AppleWebKit/537.36 (KHTML, like Gecko; compatible; bingbot/2.0; +http://www.bing.com/bingbot.htm) Chrome/116.0.1938.76 Safari/537.36"
185.216.113.70 - - [26/Apr/2026:22:25:04 +0300] "POST /wp-cron.php?doing_wp_cron=1777231504.1404271125793457031250 HTTP/1.1" 200 448 "-" "WordPress/6.3.8; https://serhatburke.miroglu.net"
52.167.144.225 - - [26/Apr/2026:22:24:51 +0300] "GET /is-casino-zon-no-deposit-bonus-there-playing-inside-the-branson/ HTTP/2" 200 19311 "-" "Mozilla/5.0 AppleWebKit/537.36 (KHTML, like Gecko; compatible; bingbot/2.0; +http://www.bing.com/bingbot.htm) Chrome/116.0.1938.76 Safari/537.36"
185.216.113.70 - - [26/Apr/2026:22:27:35 +0300] "POST /wp-cron.php?doing_wp_cron=1777231655.1991569995880126953125 HTTP/1.1" 200 448 "-" "WordPress/6.3.8; https://serhatburke.miroglu.net"
185.153.197.137 - - [26/Apr/2026:22:27:21 +0300] "POST /xmlrpc.php HTTP/1.1" 200 630 "-" "Mozilla/5.0 (Windows NT 10.0; Win64; x64) AppleWebKit/537.36 (KHTML, like Gecko) Chrome/114.0.0.0 Safari/537.36"
185.153.197.137 - - [26/Apr/2026:22:27:41 +0300] "POST /xmlrpc.php HTTP/1.1" 200 13477 "-" "Mozilla/5.0 (Windows NT 10.0; Win64; x64) AppleWebKit/537.36 (KHTML, like Gecko) Chrome/114.0.0.0 Safari/537.36"
185.153.197.8 - - [26/Apr/2026:22:27:54 +0300] "POST /xmlrpc.php HTTP/1.1" 200 630 "-" "Mozilla/5.0 (Windows NT 10.0; Win64; x64) AppleWebKit/537.36 (KHTML, like Gecko) Chrome/114.0.0.0 Safari/537.36"
185.153.197.137 - - [26/Apr/2026:22:27:54 +0300] "GET /gamble-free-pokies-zero-download-100-totally-free-pokies-no-obtain/ HTTP/1.1" 200 77385 "-" "Mozilla/5.0 (Windows NT 10.0; Win64; x64; rv:125.0) Gecko/20100101 Firefox/125.0"
185.216.113.70 - - [26/Apr/2026:22:28:24 +0300] "POST /wp-cron.php?doing_wp_cron=1777231704.2870070934295654296875 HTTP/1.1" 200 448 "-" "WordPress/6.3.8; https://serhatburke.miroglu.net"
185.153.197.8 - - [26/Apr/2026:22:28:12 +0300] "POST /xmlrpc.php HTTP/1.1" 200 16382 "-" "Mozilla/5.0 (Windows NT 10.0; Win64; x64) AppleWebKit/537.36 (KHTML, like Gecko) Chrome/114.0.0.0 Safari/537.36"
185.153.197.8 - - [26/Apr/2026:22:28:24 +0300] "GET /uptown-aces-gambling-establishment-111-100-percent-free-processor-chip-33-totally-free-revolves/ HTTP/1.1" 200 81069 "-" "Mozilla/5.0 (Windows NT 10.0; Win64; x64) AppleWebKit/537.36 (KHTML, like Gecko) Chrome/109.0.0.0 Safari/537.36"
185.216.113.70 - - [26/Apr/2026:22:29:03 +0300] "POST /wp-cron.php?doing_wp_cron=1777231743.0142719745635986328125 HTTP/1.1" 200 448 "-" "WordPress/6.3.8; https://serhatburke.miroglu.net"
172.93.212.221 - - [26/Apr/2026:22:28:50 +0300] "GET /zotabet-casino-bonus-premier-depot-2026/ HTTP/1.1" 200 19130 "-" "Mozilla/5.0 (compatible; Googlebot/2.1; +http://www.google.com/bot.html)"
52.167.144.225 - - [26/Apr/2026:22:29:19 +0300] "GET /gesteldheid-over-uitgelezene-online-casinos-betreffende-het-voor-spins-verzekeringspremie-betprimeiro-inloggen-mobiele-download-afwisselend-2026/ HTTP/2" 200 18225 "-" "Mozilla/5.0 AppleWebKit/537.36 (KHTML, like Gecko; compatible; bingbot/2.0; +http://www.bing.com/bingbot.htm) Chrome/116.0.1938.76 Safari/537.36"
185.216.113.70 - - [26/Apr/2026:22:32:13 +0300] "POST /wp-cron.php?doing_wp_cron=1777231933.8272199630737304687500 HTTP/1.1" 200 448 "-" "WordPress/6.3.8; https://serhatburke.miroglu.net"
185.153.197.137 - - [26/Apr/2026:22:32:01 +0300] "POST /xmlrpc.php HTTP/1.1" 200 630 "-" "Mozilla/5.0 (Windows NT 10.0; Win64; x64) AppleWebKit/537.36 (KHTML, like Gecko) Chrome/114.0.0.0 Safari/537.36"
185.153.197.137 - - [26/Apr/2026:22:32:19 +0300] "POST /xmlrpc.php HTTP/1.1" 200 13725 "-" "Mozilla/5.0 (Windows NT 10.0; Win64; x64) AppleWebKit/537.36 (KHTML, like Gecko) Chrome/114.0.0.0 Safari/537.36"
185.216.113.70 - - [26/Apr/2026:22:32:43 +0300] "POST /wp-cron.php?doing_wp_cron=1777231963.7378199100494384765625 HTTP/1.1" 200 448 "-" "WordPress/6.3.8; https://serhatburke.miroglu.net"
185.153.197.137 - - [26/Apr/2026:22:32:31 +0300] "GET /aztec-ports-play-the-finest-aztec-styled-game-free-online/ HTTP/1.1" 200 77394 "-" "Mozilla/5.0 (Windows NT 10.0; Win64; x64) AppleWebKit/537.36 (KHTML, like Gecko) Chrome/124.0.0.0 Safari/537.36"
185.216.113.70 - - [26/Apr/2026:22:34:36 +0300] "POST /wp-cron.php?doing_wp_cron=1777232076.1988470554351806640625 HTTP/1.1" 200 448 "-" "WordPress/6.3.8; https://serhatburke.miroglu.net"
40.77.167.17 - - [26/Apr/2026:22:34:20 +0300] "GET /below-our-risk-gambling-establishment-review-is-going-to-run-you-owing-to-that-which-you-want-to-know/ HTTP/2" 200 18100 "-" "Mozilla/5.0 AppleWebKit/537.36 (KHTML, like Gecko; compatible; bingbot/2.0; +http://www.bing.com/bingbot.htm) Chrome/116.0.1938.76 Safari/537.36"
52.167.144.161 - - [26/Apr/2026:22:34:25 +0300] "GET /45-toeslag-zonder-stortin-bank-performen-jack-hammer-2-slot-over-gratis-bankbiljet/ HTTP/2" 200 18854 "-" "Mozilla/5.0 AppleWebKit/537.36 (KHTML, like Gecko; compatible; bingbot/2.0; +http://www.bing.com/bingbot.htm) Chrome/116.0.1938.76 Safari/537.36"
52.167.144.147 - - [26/Apr/2026:22:34:30 +0300] "GET /just-what-requirements-would-i-have-to-fulfill-to-tackle/ HTTP/2" 200 17530 "-" "Mozilla/5.0 AppleWebKit/537.36 (KHTML, like Gecko; compatible; bingbot/2.0; +http://www.bing.com/bingbot.htm) Chrome/116.0.1938.76 Safari/537.36"
185.216.113.70 - - [26/Apr/2026:22:36:07 +0300] "POST /wp-cron.php?doing_wp_cron=1777232167.2926390171051025390625 HTTP/1.1" 200 448 "-" "WordPress/6.3.8; https://serhatburke.miroglu.net"
185.153.197.8 - - [26/Apr/2026:22:35:55 +0300] "POST /xmlrpc.php HTTP/1.1" 200 630 "-" "Mozilla/5.0 (Windows NT 10.0; Win64; x64) AppleWebKit/537.36 (KHTML, like Gecko) Chrome/114.0.0.0 Safari/537.36"
185.153.197.8 - - [26/Apr/2026:22:36:13 +0300] "POST /xmlrpc.php HTTP/1.1" 200 16141 "-" "Mozilla/5.0 (Windows NT 10.0; Win64; x64) AppleWebKit/537.36 (KHTML, like Gecko) Chrome/114.0.0.0 Safari/537.36"
185.153.197.8 - - [26/Apr/2026:22:36:26 +0300] "GET /finest-real-cash-gambling-establishment-websites-inside-the-2026-real-money-casinos/ HTTP/1.1" 200 80139 "-" "Mozilla/5.0 (Windows NT 10.0; Win64; x64) AppleWebKit/537.36 (KHTML, like Gecko) Chrome/109.0.0.0 Safari/537.36"
185.216.113.70 - - [26/Apr/2026:22:36:51 +0300] "POST /wp-cron.php?doing_wp_cron=1777232211.7469980716705322265625 HTTP/1.1" 200 448 "-" "WordPress/6.3.8; https://serhatburke.miroglu.net"
185.153.197.137 - - [26/Apr/2026:22:36:39 +0300] "POST /xmlrpc.php HTTP/1.1" 200 630 "-" "Mozilla/5.0 (Windows NT 10.0; Win64; x64) AppleWebKit/537.36 (KHTML, like Gecko) Chrome/114.0.0.0 Safari/537.36"
185.153.197.137 - - [26/Apr/2026:22:36:57 +0300] "POST /xmlrpc.php HTTP/1.1" 200 13864 "-" "Mozilla/5.0 (Windows NT 10.0; Win64; x64) AppleWebKit/537.36 (KHTML, like Gecko) Chrome/114.0.0.0 Safari/537.36"
185.153.197.137 - - [26/Apr/2026:22:37:10 +0300] "GET /no-deposit-totally-free-spins-2026-ukgc-registered-internet-sites-just/ HTTP/1.1" 200 77856 "-" "Mozilla/5.0 (Windows NT 10.0; Win64; x64) AppleWebKit/537.36 (KHTML, like Gecko) Chrome/124.0.0.0 Safari/537.36"
185.216.113.70 - - [26/Apr/2026:22:40:32 +0300] "POST /wp-cron.php?doing_wp_cron=1777232432.8922700881958007812500 HTTP/1.1" 200 448 "-" "WordPress/6.3.8; https://serhatburke.miroglu.net"
185.153.197.8 - - [26/Apr/2026:22:40:18 +0300] "POST /xmlrpc.php HTTP/1.1" 200 630 "-" "Mozilla/5.0 (Windows NT 10.0; Win64; x64) AppleWebKit/537.36 (KHTML, like Gecko) Chrome/114.0.0.0 Safari/537.36"
185.153.197.8 - - [26/Apr/2026:22:40:38 +0300] "POST /xmlrpc.php HTTP/1.1" 200 16027 "-" "Mozilla/5.0 (Windows NT 10.0; Win64; x64) AppleWebKit/537.36 (KHTML, like Gecko) Chrome/114.0.0.0 Safari/537.36"
52.167.144.161 - - [26/Apr/2026:22:40:45 +0300] "GET /iron-man-3-slot-comment-2026-gamble-totally-free-demonstration/ HTTP/2" 200 20937 "-" "Mozilla/5.0 AppleWebKit/537.36 (KHTML, like Gecko; compatible; bingbot/2.0; +http://www.bing.com/bingbot.htm) Chrome/116.0.1938.76 Safari/537.36"
185.153.197.137 - - [26/Apr/2026:22:40:48 +0300] "POST /xmlrpc.php HTTP/1.1" 200 630 "-" "Mozilla/5.0 (Windows NT 10.0; Win64; x64) AppleWebKit/537.36 (KHTML, like Gecko) Chrome/114.0.0.0 Safari/537.36"
185.153.197.8 - - [26/Apr/2026:22:40:52 +0300] "GET /no-deposit-gambling-enterprise-incentives-better-now-offers-from-2026/ HTTP/1.1" 200 80142 "-" "Mozilla/5.0 (Windows NT 10.0; Win64; x64) AppleWebKit/537.36 (KHTML, like Gecko) Chrome/124.0.0.0 Safari/537.36 Edg/124.0.0.0"
185.216.113.70 - - [26/Apr/2026:22:41:23 +0300] "POST /wp-cron.php?doing_wp_cron=1777232482.9797749519348144531250 HTTP/1.1" 200 448 "-" "WordPress/6.3.8; https://serhatburke.miroglu.net"
185.153.197.137 - - [26/Apr/2026:22:41:10 +0300] "POST /xmlrpc.php HTTP/1.1" 200 14141 "-" "Mozilla/5.0 (Windows NT 10.0; Win64; x64) AppleWebKit/537.36 (KHTML, like Gecko) Chrome/114.0.0.0 Safari/537.36"
185.153.197.137 - - [26/Apr/2026:22:41:23 +0300] "GET /totally-free-revolves-2024-noppes-spins-zonder-deponeren-no-deposit/ HTTP/1.1" 200 78000 "-" "Mozilla/5.0 (Windows NT 10.0; rv:109.0) Gecko/20100101 Firefox/115.0"
66.249.73.15 - - [26/Apr/2026:22:42:34 +0300] "GET /admiral-shark-casino-uk-review-dive-into-exciting-online-gaming/undefined?ts=1775520000 HTTP/1.1" 200 0 "https://serhatburke.miroglu.net/admiral-shark-casino-uk-review-dive-into-exciting-online-gaming/" "Mozilla/5.0 (Linux; Android 6.0.1; Nexus 5X Build/MMB29P) AppleWebKit/537.36 (KHTML, like Gecko) Chrome/146.0.7680.177 Mobile Safari/537.36 (compatible; Googlebot/2.1; +http://www.google.com/bot.html)"
185.216.113.70 - - [26/Apr/2026:22:42:51 +0300] "POST /wp-cron.php?doing_wp_cron=1777232571.0209560394287109375000 HTTP/1.1" 200 448 "-" "WordPress/6.3.8; https://serhatburke.miroglu.net"
134.209.21.101 - - [26/Apr/2026:22:42:38 +0300] "GET / HTTP/1.1" 200 21598 "-" "Mozilla/5.0 (X11; Linux x86_64) AppleWebKit/537.36 (KHTML, like Gecko) Chrome/142.0.0.0 Safari/537.36"
66.249.73.14 - - [26/Apr/2026:22:42:49 +0300] "GET /admiral-shark-casino-uk-review-dive-into-exciting-online-gaming/undefined?ts=1775520000 HTTP/1.1" 200 0 "https://serhatburke.miroglu.net/admiral-shark-casino-uk-review-dive-into-exciting-online-gaming/" "Mozilla/5.0 (Linux; Android 6.0.1; Nexus 5X Build/MMB29P) AppleWebKit/537.36 (KHTML, like Gecko) Chrome/146.0.7680.177 Mobile Safari/537.36 (compatible; Googlebot/2.1; +http://www.google.com/bot.html)"
178.159.37.83 - - [26/Apr/2026:22:43:13 +0300] "POST /xmlrpc.php HTTP/1.1" 200 197700 "-" "Mozilla/5.0 (Windows NT 10.0; Win64; x64) AppleWebKit/537.36 (KHTML, like Gecko) Chrome/108.0.0.0 Safari/537.36"
185.216.113.70 - - [26/Apr/2026:22:44:01 +0300] "POST /wp-cron.php?doing_wp_cron=1777232641.2735500335693359375000 HTTP/1.1" 200 448 "-" "WordPress/6.3.8; https://serhatburke.miroglu.net"
52.167.144.145 - - [26/Apr/2026:22:43:49 +0300] "GET /spielsaal-zurich-anhalt-phs-private-handelsschule-dr-h-stracke/ HTTP/2" 200 19492 "-" "Mozilla/5.0 AppleWebKit/537.36 (KHTML, like Gecko; compatible; bingbot/2.0; +http://www.bing.com/bingbot.htm) Chrome/116.0.1938.76 Safari/537.36"
178.159.37.83 - - [26/Apr/2026:22:43:55 +0300] "POST /xmlrpc.php HTTP/1.1" 200 664 "-" "Mozilla/5.0 (Windows NT 10.0; Win64; x64) AppleWebKit/537.36 (KHTML, like Gecko) Chrome/108.0.0.0 Safari/537.36"
178.159.37.83 - - [26/Apr/2026:22:44:10 +0300] "POST /xmlrpc.php HTTP/1.1" 200 664 "-" "Mozilla/5.0 (Windows NT 10.0; Win64; x64) AppleWebKit/537.36 (KHTML, like Gecko) Chrome/108.0.0.0 Safari/537.36"
185.216.113.70 - - [26/Apr/2026:22:44:56 +0300] "POST /wp-cron.php?doing_wp_cron=1777232696.9264829158782958984375 HTTP/1.1" 200 448 "-" "WordPress/6.3.8; https://serhatburke.miroglu.net"
178.159.37.83 - - [26/Apr/2026:22:44:44 +0300] "POST /xmlrpc.php HTTP/1.1" 200 884 "-" "Mozilla/5.0 (Windows NT 10.0; Win64; x64) AppleWebKit/537.36 (KHTML, like Gecko) Chrome/108.0.0.0 Safari/537.36"
185.153.197.137 - - [26/Apr/2026:22:45:00 +0300] "POST /xmlrpc.php HTTP/1.1" 200 630 "-" "Mozilla/5.0 (Windows NT 10.0; Win64; x64) AppleWebKit/537.36 (KHTML, like Gecko) Chrome/114.0.0.0 Safari/537.36"
185.216.113.70 - - [26/Apr/2026:22:45:32 +0300] "POST /wp-cron.php?doing_wp_cron=1777232731.9328820705413818359375 HTTP/1.1" 200 448 "-" "WordPress/6.3.8; https://serhatburke.miroglu.net"
185.153.197.137 - - [26/Apr/2026:22:45:19 +0300] "POST /xmlrpc.php HTTP/1.1" 200 12732 "-" "Mozilla/5.0 (Windows NT 10.0; Win64; x64) AppleWebKit/537.36 (KHTML, like Gecko) Chrome/114.0.0.0 Safari/537.36"
185.153.197.8 - - [26/Apr/2026:22:45:19 +0300] "POST /xmlrpc.php HTTP/1.1" 200 630 "-" "Mozilla/5.0 (Windows NT 10.0; Win64; x64) AppleWebKit/537.36 (KHTML, like Gecko) Chrome/114.0.0.0 Safari/537.36"
185.153.197.137 - - [26/Apr/2026:22:45:32 +0300] "GET /all-of-us-totally-free-spins-casino-incentives-no-deposit-sales-2026/ HTTP/1.1" 200 76743 "-" "Mozilla/5.0 (Windows NT 10.0; Win64; x64) AppleWebKit/537.36 (KHTML, like Gecko) Chrome/109.0.0.0 Safari/537.36"
185.153.197.8 - - [26/Apr/2026:22:45:39 +0300] "POST /xmlrpc.php HTTP/1.1" 200 16287 "-" "Mozilla/5.0 (Windows NT 10.0; Win64; x64) AppleWebKit/537.36 (KHTML, like Gecko) Chrome/114.0.0.0 Safari/537.36"
52.167.144.145 - - [26/Apr/2026:22:45:49 +0300] "GET /if-you-ever-need-help-from-the-888casino-there-are-two-how-to-get-it/ HTTP/2" 200 17688 "-" "Mozilla/5.0 AppleWebKit/537.36 (KHTML, like Gecko; compatible; bingbot/2.0; +http://www.bing.com/bingbot.htm) Chrome/116.0.1938.76 Safari/537.36"
52.167.144.145 - - [26/Apr/2026:22:45:53 +0300] "GET /najlepsze-wskazowki-dla-wydatkow-na-legalnych-kasynach-internet-w-polsce/ HTTP/2" 200 18063 "-" "Mozilla/5.0 AppleWebKit/537.36 (KHTML, like Gecko; compatible; bingbot/2.0; +http://www.bing.com/bingbot.htm) Chrome/116.0.1938.76 Safari/537.36"
185.153.197.8 - - [26/Apr/2026:22:45:54 +0300] "GET /a-knowledgeable-no-deposit-free-spins-and-no-betting-to-have-2026/ HTTP/1.1" 200 80030 "-" "Mozilla/5.0 (Windows NT 10.0; Win64; x64; rv:124.0) Gecko/20100101 Firefox/124.0"
40.77.167.7 - - [26/Apr/2026:22:46:04 +0300] "GET /kraken-bezopasnye-metody-dostupa-v-2026-godu/ HTTP/2" 200 18925 "-" "Mozilla/5.0 AppleWebKit/537.36 (KHTML, like Gecko; compatible; bingbot/2.0; +http://www.bing.com/bingbot.htm) Chrome/116.0.1938.76 Safari/537.36"
40.77.167.45 - - [26/Apr/2026:22:46:08 +0300] "GET /2025-mri-protection-height-position-a-lot-more-insane-casino-fruity-casa-play-online-2-mr-personnel/ HTTP/2" 200 18221 "-" "Mozilla/5.0 AppleWebKit/537.36 (KHTML, like Gecko; compatible; bingbot/2.0; +http://www.bing.com/bingbot.htm) Chrome/116.0.1938.76 Safari/537.36"
52.167.144.145 - - [26/Apr/2026:22:46:21 +0300] "GET /welkomstbonus-slots-esqueleto-explosivo-spelen-behalve-stortin-was-ziezo-gelijk-staat-vanuit-gij-lieve-bonussen/ HTTP/2" 200 19433 "-" "Mozilla/5.0 AppleWebKit/537.36 (KHTML, like Gecko; compatible; bingbot/2.0; +http://www.bing.com/bingbot.htm) Chrome/116.0.1938.76 Safari/537.36"
185.216.113.70 - - [26/Apr/2026:22:46:51 +0300] "POST /wp-cron.php?doing_wp_cron=1777232811.0826270580291748046875 HTTP/1.1" 200 448 "-" "WordPress/6.3.8; https://serhatburke.miroglu.net"
40.77.167.45 - - [26/Apr/2026:22:46:39 +0300] "GET /denn-ernst-liegt-wieder-und-wieder-untergeordnet-inoffizieller-mitarbeiter-ophthalmos-des-betrachters/ HTTP/2" 200 18399 "-" "Mozilla/5.0 AppleWebKit/537.36 (KHTML, like Gecko; compatible; bingbot/2.0; +http://www.bing.com/bingbot.htm) Chrome/116.0.1938.76 Safari/537.36"
40.77.167.45 - - [26/Apr/2026:22:46:59 +0300] "GET /f%CE%BFrtune-sl%CE%BFsk-sa%D1%95%D1%96n%CE%BF-%CE%BD%CE%BF-der%CE%BF%D1%95%D1%96t-thunderstruck-2-free-play-b%CE%BFnu%D1%95-50-%CE%BDew-free-%D1%95r%D1%96n%D1%95-f%CE%BFr-2026/ HTTP/2" 200 18774 "-" "Mozilla/5.0 AppleWebKit/537.36 (KHTML, like Gecko; compatible; bingbot/2.0; +http://www.bing.com/bingbot.htm) Chrome/116.0.1938.76 Safari/537.36"
185.216.113.70 - - [26/Apr/2026:22:47:47 +0300] "POST /wp-cron.php?doing_wp_cron=1777232867.8770918846130371093750 HTTP/1.1" 200 448 "-" "WordPress/6.3.8; https://serhatburke.miroglu.net"
52.167.144.145 - - [26/Apr/2026:22:47:36 +0300] "GET /888sport-promo-password-february-2026-500-added-bonus-choice/ HTTP/2" 200 18877 "-" "Mozilla/5.0 AppleWebKit/537.36 (KHTML, like Gecko; compatible; bingbot/2.0; +http://www.bing.com/bingbot.htm) Chrome/116.0.1938.76 Safari/537.36"
40.77.167.45 - - [26/Apr/2026:22:47:40 +0300] "GET /club-bar-black-casino-joker-wild-double-up-sheep-position/ HTTP/2" 200 19288 "-" "Mozilla/5.0 AppleWebKit/537.36 (KHTML, like Gecko; compatible; bingbot/2.0; +http://www.bing.com/bingbot.htm) Chrome/116.0.1938.76 Safari/537.36"
185.216.113.70 - - [26/Apr/2026:22:49:06 +0300] "POST /wp-cron.php?doing_wp_cron=1777232946.0929329395294189453125 HTTP/1.1" 200 448 "-" "WordPress/6.3.8; https://serhatburke.miroglu.net"
185.153.197.137 - - [26/Apr/2026:22:48:54 +0300] "POST /xmlrpc.php HTTP/1.1" 200 630 "-" "Mozilla/5.0 (Windows NT 10.0; Win64; x64) AppleWebKit/537.36 (KHTML, like Gecko) Chrome/114.0.0.0 Safari/537.36"
185.153.197.137 - - [26/Apr/2026:22:49:11 +0300] "POST /xmlrpc.php HTTP/1.1" 200 14040 "-" "Mozilla/5.0 (Windows NT 10.0; Win64; x64) AppleWebKit/537.36 (KHTML, like Gecko) Chrome/114.0.0.0 Safari/537.36"
66.249.73.15 - - [26/Apr/2026:22:49:16 +0300] "GET / HTTP/1.1" 200 19186 "-" "Mozilla/5.0 (compatible; Googlebot/2.1; +http://www.google.com/bot.html)"
66.249.73.14 - - [26/Apr/2026:22:49:36 +0300] "GET /wp-content/plugins/contact-form-7/includes/css/styles.css?ver=5.8 HTTP/1.1" 200 1490 "https://serhatburke.miroglu.net/" "Mozilla/5.0 (compatible; Googlebot/2.1; +http://www.google.com/bot.html)"
185.153.197.137 - - [26/Apr/2026:22:49:24 +0300] "GET /free-revolves-no-deposit-web-based-casinos-courtroom-february-2026/ HTTP/1.1" 200 78022 "-" "Mozilla/5.0 (Windows NT 10.0; rv:109.0) Gecko/20100101 Firefox/115.0"
66.249.73.14 - - [26/Apr/2026:22:49:38 +0300] "GET /wp-includes/css/dist/block-library/style.min.css?ver=6.3.8 HTTP/1.1" 200 13400 "https://serhatburke.miroglu.net/" "Mozilla/5.0 (compatible; Googlebot/2.1; +http://www.google.com/bot.html)"
66.249.73.14 - - [26/Apr/2026:22:49:41 +0300] "GET /wp-content/themes/toppic/css/fontello.css?ver=4.2 HTTP/1.1" 200 1624 "https://serhatburke.miroglu.net/" "Mozilla/5.0 (compatible; Googlebot/2.1; +http://www.google.com/bot.html)"
66.249.73.14 - - [26/Apr/2026:22:49:44 +0300] "GET /wp-content/themes/toppic/css/default.css?ver=4.2 HTTP/1.1" 200 1633 "https://serhatburke.miroglu.net/" "Mozilla/5.0 (compatible; Googlebot/2.1; +http://www.google.com/bot.html)"
185.216.113.70 - - [26/Apr/2026:22:49:45 +0300] "POST /wp-cron.php?doing_wp_cron=1777232985.0439100265502929687500 HTTP/1.1" 200 448 "-" "WordPress/6.3.8; https://serhatburke.miroglu.net"
66.249.73.14 - - [26/Apr/2026:22:49:33 +0300] "GET / HTTP/1.1" 200 19186 "-" "Mozilla/5.0 (compatible; Googlebot/2.1; +http://www.google.com/bot.html)"
66.249.73.14 - - [26/Apr/2026:22:49:47 +0300] "GET /wp-content/themes/toppic/css/reset.css?ver=4.2 HTTP/1.1" 200 1000 "https://serhatburke.miroglu.net/" "Mozilla/5.0 (compatible; Googlebot/2.1; +http://www.google.com/bot.html)"
66.249.73.14 - - [26/Apr/2026:22:49:48 +0300] "GET /wp-content/themes/toppic/css/responsive.css?ver=4.2 HTTP/1.1" 200 2618 "https://serhatburke.miroglu.net/" "Mozilla/5.0 (compatible; Googlebot/2.1; +http://www.google.com/bot.html)"
66.249.73.14 - - [26/Apr/2026:22:49:50 +0300] "GET /wp-content/themes/toppic/css/woocommerce.css?ver=4.2 HTTP/1.1" 200 2670 "https://serhatburke.miroglu.net/" "Mozilla/5.0 (compatible; Googlebot/2.1; +http://www.google.com/bot.html)"
66.249.73.14 - - [26/Apr/2026:22:49:53 +0300] "GET /wp-includes/js/jquery/jquery-migrate.min.js?ver=3.4.1 HTTP/1.1" 200 5128 "https://serhatburke.miroglu.net/" "Mozilla/5.0 (compatible; Googlebot/2.1; +http://www.google.com/bot.html)"
66.249.73.14 - - [26/Apr/2026:22:49:55 +0300] "GET /wp-content/themes/toppic/style.css?ver=4.2 HTTP/1.1" 200 23220 "https://serhatburke.miroglu.net/" "Mozilla/5.0 (compatible; Googlebot/2.1; +http://www.google.com/bot.html)"
66.249.73.1 - - [26/Apr/2026:22:50:02 +0300] "GET /wp-content/themes/toppic/css/rs-default.css?ver=4.2 HTTP/1.1" 200 2625 "https://serhatburke.miroglu.net/" "Mozilla/5.0 (compatible; Googlebot/2.1; +http://www.google.com/bot.html)"
66.249.73.14 - - [26/Apr/2026:22:50:06 +0300] "GET /wp-includes/css/dist/block-library/style.min.css?ver=6.3.8 HTTP/1.1" 200 13578 "https://serhatburke.miroglu.net/" "Mozilla/5.0 (compatible; Googlebot/2.1; +http://www.google.com/bot.html)"
66.249.73.15 - - [26/Apr/2026:22:50:08 +0300] "GET /wp-content/themes/toppic/css/fontello.css?ver=4.2 HTTP/1.1" 200 1802 "https://serhatburke.miroglu.net/" "Mozilla/5.0 (compatible; Googlebot/2.1; +http://www.google.com/bot.html)"
66.249.73.14 - - [26/Apr/2026:22:50:13 +0300] "GET /wp-content/themes/toppic/style.css?ver=4.2 HTTP/1.1" 200 23398 "https://serhatburke.miroglu.net/" "Mozilla/5.0 (compatible; Googlebot/2.1; +http://www.google.com/bot.html)"
66.249.73.14 - - [26/Apr/2026:22:50:14 +0300] "GET /wp-content/themes/toppic/css/lightbox.css?ver=4.2 HTTP/1.1" 200 2778 "https://serhatburke.miroglu.net/" "Mozilla/5.0 (compatible; Googlebot/2.1; +http://www.google.com/bot.html)"
66.249.73.14 - - [26/Apr/2026:22:50:15 +0300] "GET /wp-content/themes/toppic/css/reset.css?ver=4.2 HTTP/1.1" 200 1000 "https://serhatburke.miroglu.net/" "Mozilla/5.0 (compatible; Googlebot/2.1; +http://www.google.com/bot.html)"
66.249.73.14 - - [26/Apr/2026:22:50:18 +0300] "GET /wp-content/themes/toppic/js/jquery.parallax.custom.js?ver=4.2 HTTP/1.1" 200 1168 "https://serhatburke.miroglu.net/" "Mozilla/5.0 (compatible; Googlebot/2.1; +http://www.google.com/bot.html)"
66.249.73.14 - - [26/Apr/2026:22:50:20 +0300] "GET /wp-content/themes/toppic/js/jquery.mtree.js?ver=4.2 HTTP/1.1" 200 1331 "https://serhatburke.miroglu.net/" "Mozilla/5.0 (compatible; Googlebot/2.1; +http://www.google.com/bot.html)"
212.34.148.156 - - [26/Apr/2026:22:50:08 +0300] "GET /beste-casino-site-belgie-hoge-inzet/ HTTP/1.1" 200 19290 "https://serhatburke.miroglu.net/" "Mozilla/5.0 (Windows NT 10.0; Win64; x64) AppleWebKit/537.36 (KHTML, like Gecko) Chrome/144.0.0.0 Safari/537.36 OPR/128.0.0.0"
66.249.73.14 - - [26/Apr/2026:22:50:22 +0300] "GET /wp-content/themes/toppic/js/jquery.parallax.custom.js?ver=4.2 HTTP/1.1" 200 1168 "https://serhatburke.miroglu.net/" "Mozilla/5.0 (compatible; Googlebot/2.1; +http://www.google.com/bot.html)"
66.249.73.14 - - [26/Apr/2026:22:50:23 +0300] "GET /wp-content/themes/toppic/js/jquery.mtree.js?ver=4.2 HTTP/1.1" 200 1331 "https://serhatburke.miroglu.net/" "Mozilla/5.0 (compatible; Googlebot/2.1; +http://www.google.com/bot.html)"
66.249.73.14 - - [26/Apr/2026:22:50:26 +0300] "GET /wp-content/themes/toppic/js/jquery.tipsy.js?ver=4.2 HTTP/1.1" 200 1277 "https://serhatburke.miroglu.net/" "Mozilla/5.0 (compatible; Googlebot/2.1; +http://www.google.com/bot.html)"
66.249.73.14 - - [26/Apr/2026:22:50:27 +0300] "GET /wp-content/themes/toppic/js/jquery.transit.min.js?ver=4.2 HTTP/1.1" 200 3074 "https://serhatburke.miroglu.net/" "Mozilla/5.0 (compatible; Googlebot/2.1; +http://www.google.com/bot.html)"
185.153.197.8 - - [26/Apr/2026:22:50:16 +0300] "POST /xmlrpc.php HTTP/1.1" 200 630 "-" "Mozilla/5.0 (Windows NT 10.0; Win64; x64) AppleWebKit/537.36 (KHTML, like Gecko) Chrome/114.0.0.0 Safari/537.36"
66.249.73.14 - - [26/Apr/2026:22:50:29 +0300] "GET /wp-content/themes/toppic/js/jquery.touchswipe.js?ver=4.2 HTTP/1.1" 200 5184 "https://serhatburke.miroglu.net/" "Mozilla/5.0 (compatible; Googlebot/2.1; +http://www.google.com/bot.html)"
66.249.73.14 - - [26/Apr/2026:22:50:30 +0300] "GET /wp-content/themes/toppic/js/jquery.modernizr.custom.js?ver=4.2 HTTP/1.1" 200 3342 "https://serhatburke.miroglu.net/" "Mozilla/5.0 (compatible; Googlebot/2.1; +http://www.google.com/bot.html)"
66.249.73.14 - - [26/Apr/2026:22:50:32 +0300] "GET /wp-content/themes/toppic/js/jquery.parallax.custom.js?ver=4.2 HTTP/1.1" 200 1168 "https://serhatburke.miroglu.net/" "Mozilla/5.0 (compatible; Googlebot/2.1; +http://www.google.com/bot.html)"
66.249.73.14 - - [26/Apr/2026:22:50:34 +0300] "GET /wp-content/themes/toppic/js/jquery.tipsy.js?ver=4.2 HTTP/1.1" 200 1277 "https://serhatburke.miroglu.net/" "Mozilla/5.0 (compatible; Googlebot/2.1; +http://www.google.com/bot.html)"
212.34.148.156 - - [26/Apr/2026:22:50:22 +0300] "POST /wp-comments-post.php HTTP/1.1" 302 1083 "https://serhatburke.miroglu.net/beste-casino-site-belgie-hoge-inzet/" "Mozilla/5.0 (Windows NT 10.0; Win64; x64) AppleWebKit/537.36 (KHTML, like Gecko) Chrome/144.0.0.0 Safari/537.36 OPR/128.0.0.0"
66.249.73.14 - - [26/Apr/2026:22:50:35 +0300] "GET /wp-content/themes/toppic/js/jquery.transit.min.js?ver=4.2 HTTP/1.1" 200 3074 "https://serhatburke.miroglu.net/" "Mozilla/5.0 (compatible; Googlebot/2.1; +http://www.google.com/bot.html)"
66.249.73.14 - - [26/Apr/2026:22:50:37 +0300] "GET /wp-content/themes/toppic/js/jquery.mtree.js?ver=4.2 HTTP/1.1" 200 1331 "https://serhatburke.miroglu.net/" "Mozilla/5.0 (compatible; Googlebot/2.1; +http://www.google.com/bot.html)"
66.249.73.14 - - [26/Apr/2026:22:50:39 +0300] "GET /wp-content/themes/toppic/js/jquery.parallax.custom.js?ver=4.2 HTTP/1.1" 200 1168 "https://serhatburke.miroglu.net/" "Mozilla/5.0 (compatible; Googlebot/2.1; +http://www.google.com/bot.html)"
66.249.73.14 - - [26/Apr/2026:22:50:41 +0300] "GET /wp-content/themes/toppic/js/scrollMonitor.js?ver=4.2 HTTP/1.1" 200 2988 "https://serhatburke.miroglu.net/" "Mozilla/5.0 (compatible; Googlebot/2.1; +http://www.google.com/bot.html)"
66.249.73.14 - - [26/Apr/2026:22:50:42 +0300] "GET /wp-includes/js/jquery/jquery.min.js?ver=3.7.0 HTTP/1.1" 200 30164 "https://serhatburke.miroglu.net/" "Mozilla/5.0 (compatible; Googlebot/2.1; +http://www.google.com/bot.html)"
66.249.73.14 - - [26/Apr/2026:22:50:44 +0300] "GET /wp-content/themes/toppic/css/royalslider.css?ver=4.2 HTTP/1.1" 200 1709 "https://serhatburke.miroglu.net/" "Mozilla/5.0 (compatible; Googlebot/2.1; +http://www.google.com/bot.html)"
66.249.73.14 - - [26/Apr/2026:22:50:45 +0300] "GET /wp-content/plugins/contact-form-7/includes/js/index.js?ver=5.8 HTTP/1.1" 200 4368 "https://serhatburke.miroglu.net/" "Mozilla/5.0 (compatible; Googlebot/2.1; +http://www.google.com/bot.html)"
185.216.113.70 - - [26/Apr/2026:22:50:45 +0300] "POST /wp-cron.php?doing_wp_cron=1777233045.5761420726776123046875 HTTP/1.1" 200 448 "-" "WordPress/6.3.8; https://serhatburke.miroglu.net"
185.153.197.8 - - [26/Apr/2026:22:50:34 +0300] "POST /xmlrpc.php HTTP/1.1" 200 15412 "-" "Mozilla/5.0 (Windows NT 10.0; Win64; x64) AppleWebKit/537.36 (KHTML, like Gecko) Chrome/114.0.0.0 Safari/537.36"
212.34.148.156 - - [26/Apr/2026:22:50:35 +0300] "GET /beste-casino-site-belgie-hoge-inzet/?unapproved=686&moderation-hash=a60bd859cff51bbde44cc8d0ab6c615a HTTP/1.1" 200 19695 "https://serhatburke.miroglu.net/wp-comments-post.php" "Mozilla/5.0 (Windows NT 10.0; Win64; x64) AppleWebKit/537.36 (KHTML, like Gecko) Chrome/144.0.0.0 Safari/537.36 OPR/128.0.0.0"
66.249.73.14 - - [26/Apr/2026:22:50:46 +0300] "GET /wp-content/plugins/roses-like-this/likesScript.js?ver=6.3.8 HTTP/1.1" 200 1067 "https://serhatburke.miroglu.net/" "Mozilla/5.0 (compatible; Googlebot/2.1; +http://www.google.com/bot.html)"
66.249.73.14 - - [26/Apr/2026:22:50:47 +0300] "GET /wp-content/plugins/contact-form-7/includes/swv/js/index.js?ver=5.8 HTTP/1.1" 200 3511 "https://serhatburke.miroglu.net/" "Mozilla/5.0 (compatible; Googlebot/2.1; +http://www.google.com/bot.html)"
66.249.73.14 - - [26/Apr/2026:22:50:48 +0300] "GET /wp-content/themes/toppic/css/royalslider.css?ver=4.2 HTTP/1.1" 200 1709 "https://serhatburke.miroglu.net/" "Mozilla/5.0 (compatible; Googlebot/2.1; +http://www.google.com/bot.html)"
66.249.73.14 - - [26/Apr/2026:22:50:50 +0300] "GET /wp-includes/js/jquery/jquery.min.js?ver=3.7.0 HTTP/1.1" 200 30164 "https://serhatburke.miroglu.net/" "Mozilla/5.0 (compatible; Googlebot/2.1; +http://www.google.com/bot.html)"
66.249.73.14 - - [26/Apr/2026:22:50:50 +0300] "GET /wp-content/plugins/roses-like-this/likesScript.js?ver=6.3.8 HTTP/1.1" 200 1067 "https://serhatburke.miroglu.net/" "Mozilla/5.0 (compatible; Googlebot/2.1; +http://www.google.com/bot.html)"
66.249.73.14 - - [26/Apr/2026:22:50:52 +0300] "GET /wp-content/plugins/contact-form-7/includes/swv/js/index.js?ver=5.8 HTTP/1.1" 200 3511 "https://serhatburke.miroglu.net/" "Mozilla/5.0 (compatible; Googlebot/2.1; +http://www.google.com/bot.html)"
66.249.73.14 - - [26/Apr/2026:22:50:53 +0300] "GET /wp-content/plugins/contact-form-7/includes/js/index.js?ver=5.8 HTTP/1.1" 200 4368 "https://serhatburke.miroglu.net/" "Mozilla/5.0 (compatible; Googlebot/2.1; +http://www.google.com/bot.html)"
66.249.73.14 - - [26/Apr/2026:22:50:54 +0300] "GET /wp-content/themes/toppic/js/jquery.kenb.js?ver=4.2 HTTP/1.1" 200 1701 "https://serhatburke.miroglu.net/" "Mozilla/5.0 (compatible; Googlebot/2.1; +http://www.google.com/bot.html)"
66.249.73.14 - - [26/Apr/2026:22:50:55 +0300] "GET /wp-content/plugins/contact-form-7/includes/swv/js/index.js?ver=5.8 HTTP/1.1" 200 3511 "https://serhatburke.miroglu.net/" "Mozilla/5.0 (compatible; Googlebot/2.1; +http://www.google.com/bot.html)"
66.249.73.14 - - [26/Apr/2026:22:50:57 +0300] "GET /wp-content/themes/toppic/js/jquery.kenb.js?ver=4.2 HTTP/1.1" 200 1701 "https://serhatburke.miroglu.net/" "Mozilla/5.0 (compatible; Googlebot/2.1; +http://www.google.com/bot.html)"
66.249.73.14 - - [26/Apr/2026:22:50:58 +0300] "GET /wp-content/themes/toppic/js/jquery.royalslider.min.js?ver=4.2 HTTP/1.1" 200 18475 "https://serhatburke.miroglu.net/" "Mozilla/5.0 (compatible; Googlebot/2.1; +http://www.google.com/bot.html)"
66.249.73.15 - - [26/Apr/2026:22:51:01 +0300] "GET /wp-content/themes/toppic/js/jquery.kenb.js?ver=4.2 HTTP/1.1" 200 1879 "https://serhatburke.miroglu.net/" "Mozilla/5.0 (compatible; Googlebot/2.1; +http://www.google.com/bot.html)"
66.249.73.15 - - [26/Apr/2026:22:51:01 +0300] "GET /wp-content/themes/toppic/js/lazysizes.min.js?ver=4.2 HTTP/1.1" 200 3803 "https://serhatburke.miroglu.net/" "Mozilla/5.0 (compatible; Googlebot/2.1; +http://www.google.com/bot.html)"
66.249.73.1 - - [26/Apr/2026:22:51:02 +0300] "GET /wp-content/uploads/2023/08/favicon-16x16-3.png HTTP/1.1" 200 1095 "https://serhatburke.miroglu.net/" "Mozilla/5.0 (compatible; Googlebot/2.1; +http://www.google.com/bot.html)"
66.249.73.15 - - [26/Apr/2026:22:51:02 +0300] "GET /wp-content/plugins/google-analytics-for-wordpress/assets/js/frontend-gtag.min.js?ver=10.1.3 HTTP/1.1" 200 3521 "https://serhatburke.miroglu.net/" "Mozilla/5.0 (compatible; Googlebot/2.1; +http://www.google.com/bot.html)"
185.153.197.8 - - [26/Apr/2026:22:50:46 +0300] "GET /24bettle-ratings-realize-support-service-ratings-away-from-www-24bettle-com/ HTTP/1.1" 200 79647 "-" "Mozilla/5.0 (Windows NT 10.0; Win64; x64) AppleWebKit/537.36 (KHTML, like Gecko) Chrome/123.0.0.0 Safari/537.36 OPR/109.0.0.0"
212.34.148.156 - - [26/Apr/2026:22:50:46 +0300] "GET /beste-casino-site-belgie-hoge-inzet/ HTTP/1.1" 200 19257 "-" "Mozilla/5.0 (compatible; Googlebot/2.1; +http://www.google.com/bot.html)"
66.249.73.14 - - [26/Apr/2026:22:51:06 +0300] "GET /wp-content/themes/toppic/js/jquery.magnific-popup.min.js?ver=4.2 HTTP/1.1" 200 7906 "https://serhatburke.miroglu.net/" "Mozilla/5.0 (compatible; Googlebot/2.1; +http://www.google.com/bot.html)"
66.249.73.15 - - [26/Apr/2026:22:51:07 +0300] "GET /wp-content/themes/toppic/js/jquery.custom.js?ver=4.2 HTTP/1.1" 200 8843 "https://serhatburke.miroglu.net/" "Mozilla/5.0 (compatible; Googlebot/2.1; +http://www.google.com/bot.html)"
66.249.73.14 - - [26/Apr/2026:22:51:09 +0300] "GET /wp-content/themes/toppic/js/jquery.royalslider.min.js?ver=4.2 HTTP/1.1" 200 18475 "https://serhatburke.miroglu.net/" "Mozilla/5.0 (compatible; Googlebot/2.1; +http://www.google.com/bot.html)"
66.249.73.15 - - [26/Apr/2026:22:51:09 +0300] "GET /wp-content/uploads/2023/08/LOGO-1.png HTTP/1.1" 200 5922 "https://serhatburke.miroglu.net/" "Mozilla/5.0 (compatible; Googlebot/2.1; +http://www.google.com/bot.html)"
66.249.73.14 - - [26/Apr/2026:22:51:11 +0300] "GET /wp-content/themes/toppic/js/jquery.kenb.js?ver=4.2 HTTP/1.1" 200 1701 "https://serhatburke.miroglu.net/" "Mozilla/5.0 (compatible; Googlebot/2.1; +http://www.google.com/bot.html)"
66.249.73.14 - - [26/Apr/2026:22:51:12 +0300] "GET /wp-content/themes/toppic/js/jquery.royalslider.min.js?ver=4.2 HTTP/1.1" 200 18475 "https://serhatburke.miroglu.net/" "Mozilla/5.0 (compatible; Googlebot/2.1; +http://www.google.com/bot.html)"
66.249.73.14 - - [26/Apr/2026:22:51:13 +0300] "GET /wp-content/themes/toppic/js/jquery.magnific-popup.min.js?ver=4.2 HTTP/1.1" 200 7728 "https://serhatburke.miroglu.net/" "Mozilla/5.0 (compatible; Googlebot/2.1; +http://www.google.com/bot.html)"
66.249.73.14 - - [26/Apr/2026:22:51:14 +0300] "GET /wp-content/themes/toppic/js/jquery.royalslider.min.js?ver=4.2 HTTP/1.1" 200 18475 "https://serhatburke.miroglu.net/" "Mozilla/5.0 (compatible; Googlebot/2.1; +http://www.google.com/bot.html)"
66.249.73.14 - - [26/Apr/2026:22:51:15 +0300] "GET /wp-content/themes/toppic/js/jquery.magnific-popup.min.js?ver=4.2 HTTP/1.1" 200 7728 "https://serhatburke.miroglu.net/" "Mozilla/5.0 (compatible; Googlebot/2.1; +http://www.google.com/bot.html)"
66.249.73.14 - - [26/Apr/2026:22:51:17 +0300] "GET /wp-content/themes/toppic/js/jquery.custom.js?ver=4.2 HTTP/1.1" 200 8665 "https://serhatburke.miroglu.net/" "Mozilla/5.0 (compatible; Googlebot/2.1; +http://www.google.com/bot.html)"
