101.46.14.241 - - [26/Apr/2026:17:55:01 +0300] "GET /wp-content/themes/toppic/style.css?ver=4.2 HTTP/2" 200 22783 "https://serhatburke.miroglu.net/coinmarketcap-crypto-tracker-software-on-the-internet-play/" "Mozilla/5.0 (Windows NT 10.0; Win64; x64) AppleWebKit/537.36 (KHTML, like Gecko) Chrome/142.0.0.0 Safari/537.36"
101.46.14.241 - - [26/Apr/2026:17:55:01 +0300] "GET /wp-content/themes/toppic/css/rs-default.css?ver=4.2 HTTP/2" 200 2011 "https://serhatburke.miroglu.net/coinmarketcap-crypto-tracker-software-on-the-internet-play/" "Mozilla/5.0 (Windows NT 10.0; Win64; x64) AppleWebKit/537.36 (KHTML, like Gecko) Chrome/142.0.0.0 Safari/537.36"
101.46.14.241 - - [26/Apr/2026:17:55:01 +0300] "GET /wp-includes/js/jquery/jquery.min.js?ver=3.7.0 HTTP/2" 200 29712 "https://serhatburke.miroglu.net/coinmarketcap-crypto-tracker-software-on-the-internet-play/" "Mozilla/5.0 (Windows NT 10.0; Win64; x64) AppleWebKit/537.36 (KHTML, like Gecko) Chrome/142.0.0.0 Safari/537.36"
101.46.14.241 - - [26/Apr/2026:17:55:01 +0300] "GET /wp-content/themes/toppic/css/lightbox.css?ver=4.2 HTTP/2" 200 2342 "https://serhatburke.miroglu.net/coinmarketcap-crypto-tracker-software-on-the-internet-play/" "Mozilla/5.0 (Windows NT 10.0; Win64; x64) AppleWebKit/537.36 (KHTML, like Gecko) Chrome/142.0.0.0 Safari/537.36"
101.46.14.241 - - [26/Apr/2026:17:55:01 +0300] "GET /wp-content/themes/toppic/css/responsive.css?ver=4.2 HTTP/2" 200 2182 "https://serhatburke.miroglu.net/coinmarketcap-crypto-tracker-software-on-the-internet-play/" "Mozilla/5.0 (Windows NT 10.0; Win64; x64) AppleWebKit/537.36 (KHTML, like Gecko) Chrome/142.0.0.0 Safari/537.36"
101.46.14.241 - - [26/Apr/2026:17:55:01 +0300] "GET /wp-includes/js/jquery/jquery-migrate.min.js?ver=3.4.1 HTTP/2" 200 4678 "https://serhatburke.miroglu.net/coinmarketcap-crypto-tracker-software-on-the-internet-play/" "Mozilla/5.0 (Windows NT 10.0; Win64; x64) AppleWebKit/537.36 (KHTML, like Gecko) Chrome/142.0.0.0 Safari/537.36"
101.46.14.241 - - [26/Apr/2026:17:55:01 +0300] "GET /wp-content/themes/toppic/js/jquery.parallax.custom.js?ver=4.2 HTTP/2" 200 720 "https://serhatburke.miroglu.net/coinmarketcap-crypto-tracker-software-on-the-internet-play/" "Mozilla/5.0 (Windows NT 10.0; Win64; x64) AppleWebKit/537.36 (KHTML, like Gecko) Chrome/142.0.0.0 Safari/537.36"
101.46.14.241 - - [26/Apr/2026:17:55:01 +0300] "GET /wp-content/themes/toppic/js/jquery.tipsy.js?ver=4.2 HTTP/2" 200 829 "https://serhatburke.miroglu.net/coinmarketcap-crypto-tracker-software-on-the-internet-play/" "Mozilla/5.0 (Windows NT 10.0; Win64; x64) AppleWebKit/537.36 (KHTML, like Gecko) Chrome/142.0.0.0 Safari/537.36"
101.46.14.241 - - [26/Apr/2026:17:55:01 +0300] "GET /wp-content/themes/toppic/js/jquery.touchswipe.js?ver=4.2 HTTP/2" 200 4734 "https://serhatburke.miroglu.net/coinmarketcap-crypto-tracker-software-on-the-internet-play/" "Mozilla/5.0 (Windows NT 10.0; Win64; x64) AppleWebKit/537.36 (KHTML, like Gecko) Chrome/142.0.0.0 Safari/537.36"
101.46.14.241 - - [26/Apr/2026:17:55:01 +0300] "GET /wp-content/themes/toppic/js/scrollMonitor.js?ver=4.2 HTTP/2" 200 2538 "https://serhatburke.miroglu.net/coinmarketcap-crypto-tracker-software-on-the-internet-play/" "Mozilla/5.0 (Windows NT 10.0; Win64; x64) AppleWebKit/537.36 (KHTML, like Gecko) Chrome/142.0.0.0 Safari/537.36"
101.46.14.241 - - [26/Apr/2026:17:55:01 +0300] "GET /wp-content/themes/toppic/js/jquery.modernizr.custom.js?ver=4.2 HTTP/2" 200 2892 "https://serhatburke.miroglu.net/coinmarketcap-crypto-tracker-software-on-the-internet-play/" "Mozilla/5.0 (Windows NT 10.0; Win64; x64) AppleWebKit/537.36 (KHTML, like Gecko) Chrome/142.0.0.0 Safari/537.36"
101.46.14.241 - - [26/Apr/2026:17:55:01 +0300] "GET /wp-content/themes/toppic/js/jquery.mtree.js?ver=4.2 HTTP/2" 200 883 "https://serhatburke.miroglu.net/coinmarketcap-crypto-tracker-software-on-the-internet-play/" "Mozilla/5.0 (Windows NT 10.0; Win64; x64) AppleWebKit/537.36 (KHTML, like Gecko) Chrome/142.0.0.0 Safari/537.36"
101.46.14.241 - - [26/Apr/2026:17:55:01 +0300] "GET /wp-content/themes/toppic/js/jquery.magnific-popup.min.js?ver=4.2 HTTP/2" 200 7278 "https://serhatburke.miroglu.net/coinmarketcap-crypto-tracker-software-on-the-internet-play/" "Mozilla/5.0 (Windows NT 10.0; Win64; x64) AppleWebKit/537.36 (KHTML, like Gecko) Chrome/142.0.0.0 Safari/537.36"
101.46.14.241 - - [26/Apr/2026:17:55:01 +0300] "GET /wp-content/plugins/contact-form-7/includes/swv/js/index.js?ver=5.8 HTTP/2" 200 3061 "https://serhatburke.miroglu.net/coinmarketcap-crypto-tracker-software-on-the-internet-play/" "Mozilla/5.0 (Windows NT 10.0; Win64; x64) AppleWebKit/537.36 (KHTML, like Gecko) Chrome/142.0.0.0 Safari/537.36"
101.46.14.241 - - [26/Apr/2026:17:55:01 +0300] "GET /wp-content/plugins/contact-form-7/includes/js/index.js?ver=5.8 HTTP/2" 200 3918 "https://serhatburke.miroglu.net/coinmarketcap-crypto-tracker-software-on-the-internet-play/" "Mozilla/5.0 (Windows NT 10.0; Win64; x64) AppleWebKit/537.36 (KHTML, like Gecko) Chrome/142.0.0.0 Safari/537.36"
101.46.14.241 - - [26/Apr/2026:17:55:01 +0300] "GET /wp-content/themes/toppic/js/jquery.transit.min.js?ver=4.2 HTTP/2" 200 2624 "https://serhatburke.miroglu.net/coinmarketcap-crypto-tracker-software-on-the-internet-play/" "Mozilla/5.0 (Windows NT 10.0; Win64; x64) AppleWebKit/537.36 (KHTML, like Gecko) Chrome/142.0.0.0 Safari/537.36"
101.46.14.241 - - [26/Apr/2026:17:55:01 +0300] "GET /wp-content/themes/toppic/js/jquery.kenb.js?ver=4.2 HTTP/2" 200 1252 "https://serhatburke.miroglu.net/coinmarketcap-crypto-tracker-software-on-the-internet-play/" "Mozilla/5.0 (Windows NT 10.0; Win64; x64) AppleWebKit/537.36 (KHTML, like Gecko) Chrome/142.0.0.0 Safari/537.36"
101.46.14.241 - - [26/Apr/2026:17:55:01 +0300] "GET /wp-content/themes/toppic/js/jquery.custom.js?ver=4.2 HTTP/2" 200 8215 "https://serhatburke.miroglu.net/coinmarketcap-crypto-tracker-software-on-the-internet-play/" "Mozilla/5.0 (Windows NT 10.0; Win64; x64) AppleWebKit/537.36 (KHTML, like Gecko) Chrome/142.0.0.0 Safari/537.36"
101.46.14.241 - - [26/Apr/2026:17:55:01 +0300] "GET /wp-content/themes/toppic/js/lazysizes.min.js?ver=4.2 HTTP/2" 200 3175 "https://serhatburke.miroglu.net/coinmarketcap-crypto-tracker-software-on-the-internet-play/" "Mozilla/5.0 (Windows NT 10.0; Win64; x64) AppleWebKit/537.36 (KHTML, like Gecko) Chrome/142.0.0.0 Safari/537.36"
212.34.148.156 - - [26/Apr/2026:17:54:59 +0300] "GET /beste-casino-site-belgie-hoge-inzet/ HTTP/1.1" 200 19257 "-" "Mozilla/5.0 (compatible; Googlebot/2.1; +http://www.google.com/bot.html)"
185.216.113.70 - - [26/Apr/2026:17:56:07 +0300] "POST /wp-cron.php?doing_wp_cron=1777215367.6419188976287841796875 HTTP/1.1" 200 448 "-" "WordPress/6.3.8; https://serhatburke.miroglu.net"
107.151.163.104 - - [26/Apr/2026:17:55:53 +0300] "POST /xmlrpc.php HTTP/1.1" 200 630 "-" "Mozilla/5.0 (Windows NT 10.0; Win64; x64) AppleWebKit/537.36 (KHTML, like Gecko) Chrome/114.0.0.0 Safari/537.36"
107.151.163.104 - - [26/Apr/2026:17:56:14 +0300] "POST /xmlrpc.php HTTP/1.1" 200 16114 "-" "Mozilla/5.0 (Windows NT 10.0; Win64; x64) AppleWebKit/537.36 (KHTML, like Gecko) Chrome/114.0.0.0 Safari/537.36"
185.216.113.70 - - [26/Apr/2026:17:56:41 +0300] "POST /wp-cron.php?doing_wp_cron=1777215401.8601400852203369140625 HTTP/1.1" 200 448 "-" "WordPress/6.3.8; https://serhatburke.miroglu.net"
107.151.163.104 - - [26/Apr/2026:17:56:29 +0300] "GET /real-money-immortal-minimum-deposit-3-dollar-casino-romance-pokies-australian-slots-archives/ HTTP/1.1" 200 80454 "-" "Mozilla/5.0 (Windows NT 10.0; Win64; x64) AppleWebKit/537.36 (KHTML, like Gecko) Chrome/123.0.0.0 Safari/537.36"
52.167.144.204 - - [26/Apr/2026:17:57:02 +0300] "GET /it-renowned-benefits-scheme-even-offers-exceptional-honors-out-of-large-cashback-offers-to-special-occasion-attracts/ HTTP/2" 200 18124 "-" "Mozilla/5.0 AppleWebKit/537.36 (KHTML, like Gecko; compatible; bingbot/2.0; +http://www.bing.com/bingbot.htm) Chrome/116.0.1938.76 Safari/537.36"
40.77.167.16 - - [26/Apr/2026:17:57:04 +0300] "GET /10-ciu-najlepszych-kasyn-w-naszym-kraju/ HTTP/2" 200 19583 "-" "Mozilla/5.0 AppleWebKit/537.36 (KHTML, like Gecko; compatible; bingbot/2.0; +http://www.bing.com/bingbot.htm) Chrome/116.0.1938.76 Safari/537.36"
40.77.167.16 - - [26/Apr/2026:17:57:06 +0300] "GET /gratisspinn-uten-bidrag-indre-sett-norge-2026-victorious-paypal-beste-casinoer-og-bonuser/ HTTP/2" 200 18491 "-" "Mozilla/5.0 AppleWebKit/537.36 (KHTML, like Gecko; compatible; bingbot/2.0; +http://www.bing.com/bingbot.htm) Chrome/116.0.1938.76 Safari/537.36"
185.153.197.8 - - [26/Apr/2026:17:57:10 +0300] "POST /xmlrpc.php HTTP/1.1" 200 630 "-" "Mozilla/5.0 (Windows NT 10.0; Win64; x64) AppleWebKit/537.36 (KHTML, like Gecko) Chrome/114.0.0.0 Safari/537.36"
185.216.113.70 - - [26/Apr/2026:17:57:53 +0300] "POST /wp-cron.php?doing_wp_cron=1777215473.3308389186859130859375 HTTP/1.1" 200 448 "-" "WordPress/6.3.8; https://serhatburke.miroglu.net"
212.34.148.156 - - [26/Apr/2026:17:57:29 +0300] "GET /beste-casino-site-belgie-hoge-inzet/ HTTP/1.1" 200 19282 "-" "Mozilla/5.0 (compatible; Googlebot/2.1; +http://www.google.com/bot.html)"
52.167.144.204 - - [26/Apr/2026:17:57:32 +0300] "GET /druckgluck-spielbank-auswertung-unter-return-to-the-feature-spielautomat-anderem-maklercourtage-2026/ HTTP/2" 200 19649 "-" "Mozilla/5.0 AppleWebKit/537.36 (KHTML, like Gecko; compatible; bingbot/2.0; +http://www.bing.com/bingbot.htm) Chrome/116.0.1938.76 Safari/537.36"
107.151.163.104 - - [26/Apr/2026:17:57:35 +0300] "POST /xmlrpc.php HTTP/1.1" 200 630 "-" "Mozilla/5.0 (Windows NT 10.0; Win64; x64) AppleWebKit/537.36 (KHTML, like Gecko) Chrome/114.0.0.0 Safari/537.36"
185.153.197.8 - - [26/Apr/2026:17:57:38 +0300] "POST /xmlrpc.php HTTP/1.1" 200 16539 "-" "Mozilla/5.0 (Windows NT 10.0; Win64; x64) AppleWebKit/537.36 (KHTML, like Gecko) Chrome/114.0.0.0 Safari/537.36"
185.153.197.8 - - [26/Apr/2026:17:58:02 +0300] "GET /%E4%9B%82-ideograph-same-as-%E8%AA%83-%E8%AC%BB-to-separate-out-of-to-depart-otherwise-leave-to-split-out-identical-to-%E8%A9%91-to-help-you-cheating-to-ripoff-cjk-you46c2-icon-definition-backup/ HTTP/1.1" 200 83856 "-" "Mozilla/5.0 (Windows NT 10.0; Win64; x64; rv:125.0) Gecko/20100101 Firefox/125.0"
107.151.163.104 - - [26/Apr/2026:17:58:06 +0300] "POST /xmlrpc.php HTTP/1.1" 200 15998 "-" "Mozilla/5.0 (Windows NT 10.0; Win64; x64) AppleWebKit/537.36 (KHTML, like Gecko) Chrome/114.0.0.0 Safari/537.36"
107.151.163.104 - - [26/Apr/2026:17:58:23 +0300] "GET /indian-dreaming-pokies-free-to-play-on-the-online-casino-deposit-5-play-with-25-web/ HTTP/1.1" 200 80219 "-" "Mozilla/5.0 (Windows NT 10.0; Win64; x64) AppleWebKit/537.36 (KHTML, like Gecko) Chrome/122.0.0.0 Safari/537.36"
185.216.113.70 - - [26/Apr/2026:17:59:29 +0300] "POST /wp-cron.php?doing_wp_cron=1777215568.9551088809967041015625 HTTP/1.1" 200 448 "-" "WordPress/6.3.8; https://serhatburke.miroglu.net"
107.151.163.104 - - [26/Apr/2026:17:59:16 +0300] "POST /xmlrpc.php HTTP/1.1" 200 630 "-" "Mozilla/5.0 (Windows NT 10.0; Win64; x64) AppleWebKit/537.36 (KHTML, like Gecko) Chrome/114.0.0.0 Safari/537.36"
107.151.163.104 - - [26/Apr/2026:17:59:35 +0300] "POST /xmlrpc.php HTTP/1.1" 200 15673 "-" "Mozilla/5.0 (Windows NT 10.0; Win64; x64) AppleWebKit/537.36 (KHTML, like Gecko) Chrome/114.0.0.0 Safari/537.36"
107.151.163.104 - - [26/Apr/2026:17:59:51 +0300] "GET /indian-31-online-slot-games-treasures-of-troy-totally-free-spins-marco-polo-thinking/ HTTP/1.1" 200 80125 "-" "Mozilla/5.0 (Windows NT 10.0; Win64; x64) AppleWebKit/537.36 (KHTML, like Gecko) Chrome/124.0.0.0 Safari/537.36"
185.216.113.70 - - [26/Apr/2026:18:01:01 +0300] "POST /wp-cron.php?doing_wp_cron=1777215660.9113171100616455078125 HTTP/1.1" 200 448 "-" "WordPress/6.3.8; https://serhatburke.miroglu.net"
107.151.163.104 - - [26/Apr/2026:18:00:49 +0300] "POST /xmlrpc.php HTTP/1.1" 200 630 "-" "Mozilla/5.0 (Windows NT 10.0; Win64; x64) AppleWebKit/537.36 (KHTML, like Gecko) Chrome/114.0.0.0 Safari/537.36"
107.151.163.104 - - [26/Apr/2026:18:01:07 +0300] "POST /xmlrpc.php HTTP/1.1" 200 16359 "-" "Mozilla/5.0 (Windows NT 10.0; Win64; x64) AppleWebKit/537.36 (KHTML, like Gecko) Chrome/114.0.0.0 Safari/537.36"
107.151.163.104 - - [26/Apr/2026:18:01:22 +0300] "GET /pnt-krw-rate-transfer-pixel-nft-to-help-you-korean-acquired-crypto-evolution-video-slot-com-worldwide/ HTTP/1.1" 200 81085 "-" "Mozilla/5.0 (Windows NT 10.0; Win64; x64) AppleWebKit/537.36 (KHTML, like Gecko) Chrome/122.0.0.0 Safari/537.36"
185.216.113.70 - - [26/Apr/2026:18:02:25 +0300] "POST /wp-cron.php?doing_wp_cron=1777215745.1202170848846435546875 HTTP/1.1" 200 448 "-" "WordPress/6.3.8; https://serhatburke.miroglu.net"
107.151.163.104 - - [26/Apr/2026:18:02:11 +0300] "POST /xmlrpc.php HTTP/1.1" 200 630 "-" "Mozilla/5.0 (Windows NT 10.0; Win64; x64) AppleWebKit/537.36 (KHTML, like Gecko) Chrome/114.0.0.0 Safari/537.36"
185.153.197.8 - - [26/Apr/2026:18:02:14 +0300] "POST /xmlrpc.php HTTP/1.1" 200 630 "-" "Mozilla/5.0 (Windows NT 10.0; Win64; x64) AppleWebKit/537.36 (KHTML, like Gecko) Chrome/114.0.0.0 Safari/537.36"
107.151.163.104 - - [26/Apr/2026:18:02:31 +0300] "POST /xmlrpc.php HTTP/1.1" 200 16125 "-" "Mozilla/5.0 (Windows NT 10.0; Win64; x64) AppleWebKit/537.36 (KHTML, like Gecko) Chrome/114.0.0.0 Safari/537.36"
185.153.197.8 - - [26/Apr/2026:18:02:33 +0300] "POST /xmlrpc.php HTTP/1.1" 200 15963 "-" "Mozilla/5.0 (Windows NT 10.0; Win64; x64) AppleWebKit/537.36 (KHTML, like Gecko) Chrome/114.0.0.0 Safari/537.36"
185.153.197.8 - - [26/Apr/2026:18:02:52 +0300] "GET /5-put-casinos-on-the-internet-2026-500-extra-spins-to-own-5/ HTTP/1.1" 200 79640 "-" "Mozilla/5.0 (Windows NT 10.0; Win64; x64) AppleWebKit/537.36 (KHTML, like Gecko) Chrome/123.0.0.0 Safari/537.36"
107.151.163.104 - - [26/Apr/2026:18:02:53 +0300] "GET /dollars-casino-promotions-deposit-10-get-100-splash-position-100-percent-free-demonstration-jackpot/ HTTP/1.1" 200 81000 "-" "Mozilla/5.0 (Windows NT 10.0; rv:109.0) Gecko/20100101 Firefox/115.0"
185.216.113.70 - - [26/Apr/2026:18:03:43 +0300] "POST /wp-cron.php?doing_wp_cron=1777215823.3885889053344726562500 HTTP/1.1" 200 448 "-" "WordPress/6.3.8; https://serhatburke.miroglu.net"
107.151.163.104 - - [26/Apr/2026:18:03:28 +0300] "POST /xmlrpc.php HTTP/1.1" 200 630 "-" "Mozilla/5.0 (Windows NT 10.0; Win64; x64) AppleWebKit/537.36 (KHTML, like Gecko) Chrome/114.0.0.0 Safari/537.36"
52.167.144.204 - - [26/Apr/2026:18:03:41 +0300] "GET /magic-mirror-deluxe-dos-sobre-merkur-funciona-regalado-desprovisto-descargar/ HTTP/2" 200 19300 "-" "Mozilla/5.0 AppleWebKit/537.36 (KHTML, like Gecko; compatible; bingbot/2.0; +http://www.bing.com/bingbot.htm) Chrome/116.0.1938.76 Safari/537.36"
107.151.163.104 - - [26/Apr/2026:18:03:50 +0300] "POST /xmlrpc.php HTTP/1.1" 200 16580 "-" "Mozilla/5.0 (Windows NT 10.0; Win64; x64) AppleWebKit/537.36 (KHTML, like Gecko) Chrome/114.0.0.0 Safari/537.36"
107.151.163.104 - - [26/Apr/2026:18:04:09 +0300] "GET /jack-and-the-beanstalk-position-canada-demonstration-1-deposit-tutan-keno-rtp/ HTTP/1.1" 200 80582 "-" "Mozilla/5.0 (Windows NT 10.0; Win64; x64) AppleWebKit/537.36 (KHTML, like Gecko) Chrome/124.0.0.0 Safari/537.36"
185.216.113.70 - - [26/Apr/2026:18:04:53 +0300] "POST /wp-cron.php?doing_wp_cron=1777215893.3401689529418945312500 HTTP/1.1" 200 448 "-" "WordPress/6.3.8; https://serhatburke.miroglu.net"
107.151.163.104 - - [26/Apr/2026:18:04:40 +0300] "POST /xmlrpc.php HTTP/1.1" 200 630 "-" "Mozilla/5.0 (Windows NT 10.0; Win64; x64) AppleWebKit/537.36 (KHTML, like Gecko) Chrome/114.0.0.0 Safari/537.36"
107.151.163.104 - - [26/Apr/2026:18:04:59 +0300] "POST /xmlrpc.php HTTP/1.1" 200 15220 "-" "Mozilla/5.0 (Windows NT 10.0; Win64; x64) AppleWebKit/537.36 (KHTML, like Gecko) Chrome/114.0.0.0 Safari/537.36"
185.216.113.70 - - [26/Apr/2026:18:05:39 +0300] "POST /wp-cron.php?doing_wp_cron=1777215939.6185150146484375000000 HTTP/1.1" 200 448 "-" "WordPress/6.3.8; https://serhatburke.miroglu.net"
107.151.163.104 - - [26/Apr/2026:18:05:23 +0300] "GET /finest-15-no-deposit-bingo-casino-prepaid-cards-2026-websites-in-the-us-march-2026/ HTTP/1.1" 200 79524 "-" "Mozilla/5.0 (Windows NT 10.0; Win64; x64) AppleWebKit/537.36 (KHTML, like Gecko) Chrome/109.0.0.0 Safari/537.36"
107.151.163.104 - - [26/Apr/2026:18:05:52 +0300] "POST /xmlrpc.php HTTP/1.1" 200 630 "-" "Mozilla/5.0 (Windows NT 10.0; Win64; x64) AppleWebKit/537.36 (KHTML, like Gecko) Chrome/114.0.0.0 Safari/537.36"
185.216.113.70 - - [26/Apr/2026:18:06:27 +0300] "POST /wp-cron.php?doing_wp_cron=1777215987.4301118850708007812500 HTTP/1.1" 200 448 "-" "WordPress/6.3.8; https://serhatburke.miroglu.net"
107.151.163.104 - - [26/Apr/2026:18:06:13 +0300] "POST /xmlrpc.php HTTP/1.1" 200 15189 "-" "Mozilla/5.0 (Windows NT 10.0; Win64; x64) AppleWebKit/537.36 (KHTML, like Gecko) Chrome/114.0.0.0 Safari/537.36"
40.77.167.16 - - [26/Apr/2026:18:06:22 +0300] "GET /bankid-nyckeln-at-snabbare-uttag-hos-allspins-casino-en-klicka-har-for-att-lasa-analytisk-forsok/ HTTP/2" 200 19083 "-" "Mozilla/5.0 AppleWebKit/537.36 (KHTML, like Gecko; compatible; bingbot/2.0; +http://www.bing.com/bingbot.htm) Chrome/116.0.1938.76 Safari/537.36"
107.151.163.104 - - [26/Apr/2026:18:06:29 +0300] "GET /bingo-see-slot-sites-with-buffalo-jungle-jim-el-dorado-position-opinion/ HTTP/1.1" 200 79230 "-" "Mozilla/5.0 (Windows NT 10.0; Win64; x64) AppleWebKit/537.36 (KHTML, like Gecko) Chrome/122.0.0.0 Safari/537.36"
107.151.163.104 - - [26/Apr/2026:18:07:01 +0300] "POST /xmlrpc.php HTTP/1.1" 200 630 "-" "Mozilla/5.0 (Windows NT 10.0; Win64; x64) AppleWebKit/537.36 (KHTML, like Gecko) Chrome/114.0.0.0 Safari/537.36"
185.153.197.8 - - [26/Apr/2026:18:07:07 +0300] "POST /xmlrpc.php HTTP/1.1" 200 630 "-" "Mozilla/5.0 (Windows NT 10.0; Win64; x64) AppleWebKit/537.36 (KHTML, like Gecko) Chrome/114.0.0.0 Safari/537.36"
185.216.113.70 - - [26/Apr/2026:18:07:41 +0300] "POST /wp-cron.php?doing_wp_cron=1777216061.1046810150146484375000 HTTP/1.1" 200 448 "-" "WordPress/6.3.8; https://serhatburke.miroglu.net"
107.151.163.104 - - [26/Apr/2026:18:07:21 +0300] "POST /xmlrpc.php HTTP/1.1" 200 15480 "-" "Mozilla/5.0 (Windows NT 10.0; Win64; x64) AppleWebKit/537.36 (KHTML, like Gecko) Chrome/114.0.0.0 Safari/537.36"
185.153.197.8 - - [26/Apr/2026:18:07:26 +0300] "POST /xmlrpc.php HTTP/1.1" 200 16302 "-" "Mozilla/5.0 (Windows NT 10.0; Win64; x64) AppleWebKit/537.36 (KHTML, like Gecko) Chrome/114.0.0.0 Safari/537.36"
52.167.144.177 - - [26/Apr/2026:18:07:35 +0300] "GET /best-online-position-websites-the-beetle-frenzy-for-real-money-real-deal-cash-in-march-2026/ HTTP/2" 200 19318 "-" "Mozilla/5.0 AppleWebKit/537.36 (KHTML, like Gecko; compatible; bingbot/2.0; +http://www.bing.com/bingbot.htm) Chrome/116.0.1938.76 Safari/537.36"
52.167.144.169 - - [26/Apr/2026:18:07:39 +0300] "GET /best-3-hundredpercent-local-casino-extra-also-provides-within-the-canada-2026/ HTTP/2" 200 18487 "-" "Mozilla/5.0 AppleWebKit/537.36 (KHTML, like Gecko; compatible; bingbot/2.0; +http://www.bing.com/bingbot.htm) Chrome/116.0.1938.76 Safari/537.36"
107.151.163.104 - - [26/Apr/2026:18:07:43 +0300] "GET /enjoy-jungle-jurassic-industry-rtp-step-one-deposit-jim-wild-falls-play-el-dorado-slot-machine-free-of-charge-2026/ HTTP/1.1" 200 80435 "-" "Mozilla/5.0 (Windows NT 10.0; Win64; x64) AppleWebKit/537.36 (KHTML, like Gecko) Chrome/109.0.0.0 Safari/537.36"
52.167.144.16 - - [26/Apr/2026:18:07:44 +0300] "GET /resena-de-quickspin-los-resident-80-giros-gratis-slots-joviales-mejores-multiplicadores/ HTTP/2" 200 19583 "-" "Mozilla/5.0 AppleWebKit/537.36 (KHTML, like Gecko; compatible; bingbot/2.0; +http://www.bing.com/bingbot.htm) Chrome/116.0.1938.76 Safari/537.36"
185.153.197.8 - - [26/Apr/2026:18:07:46 +0300] "GET /better-web-based-casinos-canada-2026-greatest-15-a-real-income-gambling-enterprises/ HTTP/1.1" 200 80782 "-" "Mozilla/5.0 (Windows NT 10.0; Win64; x64) AppleWebKit/537.36 (KHTML, like Gecko) Chrome/124.0.0.0 Safari/537.36"
178.175.140.147 - - [26/Apr/2026:18:07:54 +0300] "POST /xmlrpc.php HTTP/1.1" 200 630 "-" "Mozilla/5.0 (Windows NT 10.0; Win64; x64) AppleWebKit/537.36 (KHTML, like Gecko) Chrome/114.0.0.0 Safari/537.36"
107.151.163.104 - - [26/Apr/2026:18:08:09 +0300] "POST /xmlrpc.php HTTP/1.1" 200 630 "-" "Mozilla/5.0 (Windows NT 10.0; Win64; x64) AppleWebKit/537.36 (KHTML, like Gecko) Chrome/114.0.0.0 Safari/537.36"
185.216.113.70 - - [26/Apr/2026:18:08:46 +0300] "POST /wp-cron.php?doing_wp_cron=1777216126.0768849849700927734375 HTTP/1.1" 200 448 "-" "WordPress/6.3.8; https://serhatburke.miroglu.net"
52.167.144.169 - - [26/Apr/2026:18:08:29 +0300] "GET /funky-good-fresh-fruit-madness-harbors-victory-big-that-have-racy-incentives-free-spins/ HTTP/2" 200 20840 "-" "Mozilla/5.0 AppleWebKit/537.36 (KHTML, like Gecko; compatible; bingbot/2.0; +http://www.bing.com/bingbot.htm) Chrome/116.0.1938.76 Safari/537.36"
178.175.140.147 - - [26/Apr/2026:18:08:31 +0300] "POST /xmlrpc.php HTTP/1.1" 200 12239 "-" "Mozilla/5.0 (Windows NT 10.0; Win64; x64) AppleWebKit/537.36 (KHTML, like Gecko) Chrome/114.0.0.0 Safari/537.36"
107.151.163.104 - - [26/Apr/2026:18:08:36 +0300] "POST /xmlrpc.php HTTP/1.1" 200 15779 "-" "Mozilla/5.0 (Windows NT 10.0; Win64; x64) AppleWebKit/537.36 (KHTML, like Gecko) Chrome/114.0.0.0 Safari/537.36"
178.175.140.147 - - [26/Apr/2026:18:08:50 +0300] "GET /wie-altertumlich-soll-guy-coeur-um-within-den-amiland-zu-geben/ HTTP/1.1" 200 76672 "-" "Mozilla/5.0 (Windows NT 10.0; Win64; x64) AppleWebKit/537.36 (KHTML, like Gecko) Chrome/123.0.0.0 Safari/537.36 OPR/109.0.0.0"
107.151.163.104 - - [26/Apr/2026:18:09:00 +0300] "GET /jungle-pet-checklist-dragon-spin-slot-free-spins-having-photographs-and-facts-pet-you-to-live-in-jungles/ HTTP/1.1" 200 80394 "-" "Mozilla/5.0 (Windows NT 10.0; Win64; x64) AppleWebKit/537.36 (KHTML, like Gecko) Chrome/124.0.0.0 Safari/537.36"
107.151.163.104 - - [26/Apr/2026:18:09:11 +0300] "POST /xmlrpc.php HTTP/1.1" 200 630 "-" "Mozilla/5.0 (Windows NT 10.0; Win64; x64) AppleWebKit/537.36 (KHTML, like Gecko) Chrome/114.0.0.0 Safari/537.36"
185.216.113.70 - - [26/Apr/2026:18:09:42 +0300] "POST /wp-cron.php?doing_wp_cron=1777216182.1351881027221679687500 HTTP/1.1" 200 448 "-" "WordPress/6.3.8; https://serhatburke.miroglu.net"
107.151.163.104 - - [26/Apr/2026:18:09:29 +0300] "POST /xmlrpc.php HTTP/1.1" 200 16504 "-" "Mozilla/5.0 (Windows NT 10.0; Win64; x64) AppleWebKit/537.36 (KHTML, like Gecko) Chrome/114.0.0.0 Safari/537.36"
107.151.163.104 - - [26/Apr/2026:18:09:43 +0300] "GET /whenever-jurassic-playground-made-an-appearance-somebody-didnt-think-it-full-moon-fortunes-5-deposit-might-winnings-the-container-workplace/ HTTP/1.1" 200 82252 "-" "Mozilla/5.0 (Windows NT 10.0; Win64; x64; rv:125.0) Gecko/20100101 Firefox/125.0"
107.151.163.104 - - [26/Apr/2026:18:10:11 +0300] "POST /xmlrpc.php HTTP/1.1" 200 630 "-" "Mozilla/5.0 (Windows NT 10.0; Win64; x64) AppleWebKit/537.36 (KHTML, like Gecko) Chrome/114.0.0.0 Safari/537.36"
185.216.113.70 - - [26/Apr/2026:18:10:42 +0300] "POST /wp-cron.php?doing_wp_cron=1777216242.2736229896545410156250 HTTP/1.1" 200 448 "-" "WordPress/6.3.8; https://serhatburke.miroglu.net"
107.151.163.104 - - [26/Apr/2026:18:10:29 +0300] "POST /xmlrpc.php HTTP/1.1" 200 15966 "-" "Mozilla/5.0 (Windows NT 10.0; Win64; x64) AppleWebKit/537.36 (KHTML, like Gecko) Chrome/114.0.0.0 Safari/537.36"
107.151.163.104 - - [26/Apr/2026:18:10:44 +0300] "GET /jurassic-park-gold-position-comment-palace-casino-signup-bonus-chase-huge-jackpots/ HTTP/1.1" 200 80418 "-" "Mozilla/5.0 (Windows NT 10.0; Win64; x64) AppleWebKit/537.36 (KHTML, like Gecko) Chrome/124.0.0.0 Safari/537.36"
107.151.163.104 - - [26/Apr/2026:18:11:11 +0300] "POST /xmlrpc.php HTTP/1.1" 200 630 "-" "Mozilla/5.0 (Windows NT 10.0; Win64; x64) AppleWebKit/537.36 (KHTML, like Gecko) Chrome/114.0.0.0 Safari/537.36"
185.216.113.70 - - [26/Apr/2026:18:11:45 +0300] "POST /wp-cron.php?doing_wp_cron=1777216304.8796379566192626953125 HTTP/1.1" 200 448 "-" "WordPress/6.3.8; https://serhatburke.miroglu.net"
107.151.163.104 - - [26/Apr/2026:18:11:30 +0300] "POST /xmlrpc.php HTTP/1.1" 200 16397 "-" "Mozilla/5.0 (Windows NT 10.0; Win64; x64) AppleWebKit/537.36 (KHTML, like Gecko) Chrome/114.0.0.0 Safari/537.36"
66.249.73.15 - - [26/Apr/2026:18:11:33 +0300] "GET /robots.txt HTTP/1.1" 200 719 "-" "Mozilla/5.0 (compatible; Googlebot/2.1; +http://www.google.com/bot.html)"
107.151.163.104 - - [26/Apr/2026:18:11:46 +0300] "GET /jurassic-industry-casino-slot-games-by-casino-triple-double-diamond-microgaming/ HTTP/1.1" 200 80486 "-" "Mozilla/5.0 (Windows NT 10.0; Win64; x64; rv:124.0) Gecko/20100101 Firefox/124.0"
178.175.140.147 - - [26/Apr/2026:18:11:57 +0300] "POST /xmlrpc.php HTTP/1.1" 200 630 "-" "Mozilla/5.0 (Windows NT 10.0; Win64; x64) AppleWebKit/537.36 (KHTML, like Gecko) Chrome/114.0.0.0 Safari/537.36"
185.153.197.8 - - [26/Apr/2026:18:12:03 +0300] "POST /xmlrpc.php HTTP/1.1" 200 630 "-" "Mozilla/5.0 (Windows NT 10.0; Win64; x64) AppleWebKit/537.36 (KHTML, like Gecko) Chrome/114.0.0.0 Safari/537.36"
66.249.73.14 - - [26/Apr/2026:18:12:13 +0300] "GET /admiral-shark-casino-uk-review-dive-into-exciting-online-gaming/undefined?ts=1775520000 HTTP/1.1" 200 0 "https://serhatburke.miroglu.net/admiral-shark-casino-uk-review-dive-into-exciting-online-gaming/" "Mozilla/5.0 (Linux; Android 6.0.1; Nexus 5X Build/MMB29P) AppleWebKit/537.36 (KHTML, like Gecko) Chrome/146.0.7680.177 Mobile Safari/537.36 (compatible; Googlebot/2.1; +http://www.google.com/bot.html)"
107.151.163.104 - - [26/Apr/2026:18:12:10 +0300] "POST /xmlrpc.php HTTP/1.1" 200 630 "-" "Mozilla/5.0 (Windows NT 10.0; Win64; x64) AppleWebKit/537.36 (KHTML, like Gecko) Chrome/114.0.0.0 Safari/537.36"
66.249.73.15 - - [26/Apr/2026:18:12:25 +0300] "GET /admiral-shark-casino-uk-review-dive-into-exciting-online-gaming/undefined?ts=1775520000 HTTP/1.1" 200 0 "https://serhatburke.miroglu.net/admiral-shark-casino-uk-review-dive-into-exciting-online-gaming/" "Mozilla/5.0 (Linux; Android 6.0.1; Nexus 5X Build/MMB29P) AppleWebKit/537.36 (KHTML, like Gecko) Chrome/146.0.7680.177 Mobile Safari/537.36 (compatible; Googlebot/2.1; +http://www.google.com/bot.html)"
185.216.113.70 - - [26/Apr/2026:18:12:41 +0300] "POST /wp-cron.php?doing_wp_cron=1777216361.2628819942474365234375 HTTP/1.1" 200 448 "-" "WordPress/6.3.8; https://serhatburke.miroglu.net"
178.175.140.147 - - [26/Apr/2026:18:12:17 +0300] "POST /xmlrpc.php HTTP/1.1" 200 10066 "-" "Mozilla/5.0 (Windows NT 10.0; Win64; x64) AppleWebKit/537.36 (KHTML, like Gecko) Chrome/114.0.0.0 Safari/537.36"
185.153.197.8 - - [26/Apr/2026:18:12:23 +0300] "POST /xmlrpc.php HTTP/1.1" 200 15648 "-" "Mozilla/5.0 (Windows NT 10.0; Win64; x64) AppleWebKit/537.36 (KHTML, like Gecko) Chrome/114.0.0.0 Safari/537.36"
107.151.163.104 - - [26/Apr/2026:18:12:36 +0300] "POST /xmlrpc.php HTTP/1.1" 200 15672 "-" "Mozilla/5.0 (Windows NT 10.0; Win64; x64) AppleWebKit/537.36 (KHTML, like Gecko) Chrome/114.0.0.0 Safari/537.36"
52.167.144.16 - - [26/Apr/2026:18:12:45 +0300] "GET /discover-the-power-of-bscscan-for-investors/ HTTP/2" 200 17697 "-" "Mozilla/5.0 AppleWebKit/537.36 (KHTML, like Gecko; compatible; bingbot/2.0; +http://www.bing.com/bingbot.htm) Chrome/116.0.1938.76 Safari/537.36"
178.175.140.147 - - [26/Apr/2026:18:12:45 +0300] "GET /wanneer-redakteur-chapeau-er-umherwandern-angewandten-alive-casinos-verschrieben/ HTTP/1.1" 200 74978 "-" "Mozilla/5.0 (Windows NT 10.0; rv:109.0) Gecko/20100101 Firefox/115.0"
185.153.197.8 - - [26/Apr/2026:18:12:46 +0300] "GET /real-money-casinos-within-the-canada-2026-our-better-selections/ HTTP/1.1" 200 79521 "-" "Mozilla/5.0 (Windows NT 10.0; rv:109.0) Gecko/20100101 Firefox/115.0"
107.151.163.104 - - [26/Apr/2026:18:13:05 +0300] "GET /gods-big-foot-casino-of-ones-nile-position-play-for-online-now/ HTTP/1.1" 200 79328 "-" "Mozilla/5.0 (Windows NT 10.0; Win64; x64) AppleWebKit/537.36 (KHTML, like Gecko) Chrome/122.0.0.0 Safari/537.36"
107.151.163.104 - - [26/Apr/2026:18:13:10 +0300] "POST /xmlrpc.php HTTP/1.1" 200 630 "-" "Mozilla/5.0 (Windows NT 10.0; Win64; x64) AppleWebKit/537.36 (KHTML, like Gecko) Chrome/114.0.0.0 Safari/537.36"
185.216.113.70 - - [26/Apr/2026:18:13:47 +0300] "POST /wp-cron.php?doing_wp_cron=1777216427.3697049617767333984375 HTTP/1.1" 200 448 "-" "WordPress/6.3.8; https://serhatburke.miroglu.net"
107.151.163.104 - - [26/Apr/2026:18:13:34 +0300] "POST /xmlrpc.php HTTP/1.1" 200 15569 "-" "Mozilla/5.0 (Windows NT 10.0; Win64; x64) AppleWebKit/537.36 (KHTML, like Gecko) Chrome/114.0.0.0 Safari/537.36"
107.151.163.104 - - [26/Apr/2026:18:13:49 +0300] "GET /dragon-dance-trial-lucky88-live-enjoy-free-harbors-at-the-great-com/ HTTP/1.1" 200 79349 "-" "Mozilla/5.0 (Windows NT 10.0; rv:109.0) Gecko/20100101 Firefox/115.0"
107.151.163.104 - - [26/Apr/2026:18:14:11 +0300] "POST /xmlrpc.php HTTP/1.1" 200 630 "-" "Mozilla/5.0 (Windows NT 10.0; Win64; x64) AppleWebKit/537.36 (KHTML, like Gecko) Chrome/114.0.0.0 Safari/537.36"
185.216.113.70 - - [26/Apr/2026:18:14:45 +0300] "POST /wp-cron.php?doing_wp_cron=1777216485.7653889656066894531250 HTTP/1.1" 200 448 "-" "WordPress/6.3.8; https://serhatburke.miroglu.net"
107.151.163.104 - - [26/Apr/2026:18:14:29 +0300] "POST /xmlrpc.php HTTP/1.1" 200 15990 "-" "Mozilla/5.0 (Windows NT 10.0; Win64; x64) AppleWebKit/537.36 (KHTML, like Gecko) Chrome/114.0.0.0 Safari/537.36"
107.151.163.104 - - [26/Apr/2026:18:14:47 +0300] "GET /magic-from-rainbow-riches-casino-slot-of-them-nile-harbors-%D9%81%D8%A7%D9%86%D8%B2%D9%8A%D8%B3-ministere-casino-slot-jammin-jars-de-la-sante-publique/ HTTP/1.1" 200 81851 "-" "Mozilla/5.0 (Windows NT 10.0; Win64; x64) AppleWebKit/537.36 (KHTML, like Gecko) Chrome/124.0.0.0 Safari/537.36 Edg/124.0.0.0"
107.151.163.104 - - [26/Apr/2026:18:15:11 +0300] "POST /xmlrpc.php HTTP/1.1" 200 630 "-" "Mozilla/5.0 (Windows NT 10.0; Win64; x64) AppleWebKit/537.36 (KHTML, like Gecko) Chrome/114.0.0.0 Safari/537.36"
185.216.113.70 - - [26/Apr/2026:18:15:38 +0300] "POST /wp-cron.php?doing_wp_cron=1777216537.9354670047760009765625 HTTP/1.1" 200 448 "-" "WordPress/6.3.8; https://serhatburke.miroglu.net"
178.175.140.147 - - [26/Apr/2026:18:15:26 +0300] "POST /xmlrpc.php HTTP/1.1" 200 630 "-" "Mozilla/5.0 (Windows NT 10.0; Win64; x64) AppleWebKit/537.36 (KHTML, like Gecko) Chrome/114.0.0.0 Safari/537.36"
107.151.163.104 - - [26/Apr/2026:18:15:32 +0300] "POST /xmlrpc.php HTTP/1.1" 200 15413 "-" "Mozilla/5.0 (Windows NT 10.0; Win64; x64) AppleWebKit/537.36 (KHTML, like Gecko) Chrome/114.0.0.0 Safari/537.36"
178.175.140.147 - - [26/Apr/2026:18:15:44 +0300] "POST /xmlrpc.php HTTP/1.1" 200 10309 "-" "Mozilla/5.0 (Windows NT 10.0; Win64; x64) AppleWebKit/537.36 (KHTML, like Gecko) Chrome/114.0.0.0 Safari/537.36"
103.122.2.107 - - [26/Apr/2026:18:15:44 +0300] "GET /beste-casino-site-belgie-hoge-inzet/ HTTP/1.1" 200 19290 "https://serhatburke.miroglu.net/" "Mozilla/5.0 (X11; Linux i686) AppleWebKit/537.36 (KHTML, like Gecko) Chrome/114.0.0.0 Safari/537.36 Vivaldi/5.3.2679.68"
107.151.163.104 - - [26/Apr/2026:18:15:46 +0300] "GET /enjoy-cat-life-of-riches-free-spins-150-glitter-slot-2026-slot-remark-extra-have/ HTTP/1.1" 200 79245 "-" "Mozilla/5.0 (Windows NT 10.0; Win64; x64) AppleWebKit/537.36 (KHTML, like Gecko) Chrome/109.0.0.0 Safari/537.36"
178.175.140.147 - - [26/Apr/2026:18:16:06 +0300] "GET /begriffsbestimmung-berechtigung-haufige-irrtumer-oder-unterschiede-dahinter-virtuellen-automatenspielen/ HTTP/1.1" 200 75801 "-" "Mozilla/5.0 (Windows NT 10.0; Win64; x64) AppleWebKit/537.36 (KHTML, like Gecko) Chrome/124.0.0.0 Safari/537.36 Edg/124.0.0.0"
107.151.163.104 - - [26/Apr/2026:18:16:08 +0300] "POST /xmlrpc.php HTTP/1.1" 200 630 "-" "Mozilla/5.0 (Windows NT 10.0; Win64; x64) AppleWebKit/537.36 (KHTML, like Gecko) Chrome/114.0.0.0 Safari/537.36"
185.216.113.70 - - [26/Apr/2026:18:16:37 +0300] "POST /wp-cron.php?doing_wp_cron=1777216597.2261910438537597656250 HTTP/1.1" 200 448 "-" "WordPress/6.3.8; https://serhatburke.miroglu.net"
216.73.217.81 - - [26/Apr/2026:18:16:23 +0300] "GET /robots.txt HTTP/2" 200 110 "-" "Mozilla/5.0 AppleWebKit/537.36 (KHTML, like Gecko; compatible; ClaudeBot/1.0; +claudebot@anthropic.com)"
107.151.163.104 - - [26/Apr/2026:18:16:27 +0300] "POST /xmlrpc.php HTTP/1.1" 200 16136 "-" "Mozilla/5.0 (Windows NT 10.0; Win64; x64) AppleWebKit/537.36 (KHTML, like Gecko) Chrome/114.0.0.0 Safari/537.36"
216.73.217.81 - - [26/Apr/2026:18:16:38 +0300] "GET /sitemap.rss HTTP/2" 200 0 "-" "Mozilla/5.0 AppleWebKit/537.36 (KHTML, like Gecko; compatible; ClaudeBot/1.0; +claudebot@anthropic.com)"
104.219.236.16 - - [26/Apr/2026:18:16:35 +0300] "GET /beste-casino-site-belgie-hoge-inzet/ HTTP/1.1" 200 19290 "https://serhatburke.miroglu.net/" "Mozilla/5.0 (Windows NT 10.0; WOW64) AppleWebKit/537.36 (KHTML, like Gecko) Chrome/114.0.0.0 Safari/537.36 Vivaldi/5.3.2679.68"
185.153.197.8 - - [26/Apr/2026:18:16:37 +0300] "POST /xmlrpc.php HTTP/1.1" 200 630 "-" "Mozilla/5.0 (Windows NT 10.0; Win64; x64) AppleWebKit/537.36 (KHTML, like Gecko) Chrome/114.0.0.0 Safari/537.36"
107.151.163.104 - - [26/Apr/2026:18:16:48 +0300] "GET /our-very-own-cousin-brand-name-inghams-also-offers-3-and-cuatro-nights-santa-holiday-breaks-to-levi-and-yllas-inside-finland-and-7-night-holidays-to-levi/ HTTP/1.1" 200 86808 "-" "Mozilla/5.0 (Windows NT 10.0; Win64; x64) AppleWebKit/537.36 (KHTML, like Gecko) Chrome/122.0.0.0 Safari/537.36"
104.219.236.16 - - [26/Apr/2026:18:17:05 +0300] "GET /beste-casino-site-belgie-hoge-inzet/ HTTP/1.1" 200 19290 "https://serhatburke.miroglu.net/" "Mozilla/5.0 (Windows NT 10.0; WOW64) AppleWebKit/537.36 (KHTML, like Gecko) Chrome/114.0.0.0 Safari/537.36 Vivaldi/5.3.2679.68"
107.151.163.104 - - [26/Apr/2026:18:17:06 +0300] "POST /xmlrpc.php HTTP/1.1" 200 630 "-" "Mozilla/5.0 (Windows NT 10.0; Win64; x64) AppleWebKit/537.36 (KHTML, like Gecko) Chrome/114.0.0.0 Safari/537.36"
185.153.197.8 - - [26/Apr/2026:18:17:14 +0300] "POST /xmlrpc.php HTTP/1.1" 200 15736 "-" "Mozilla/5.0 (Windows NT 10.0; Win64; x64) AppleWebKit/537.36 (KHTML, like Gecko) Chrome/114.0.0.0 Safari/537.36"
185.216.113.70 - - [26/Apr/2026:18:17:43 +0300] "POST /wp-cron.php?doing_wp_cron=1777216663.1226310729980468750000 HTTP/1.1" 200 448 "-" "WordPress/6.3.8; https://serhatburke.miroglu.net"
144.79.133.31 - - [26/Apr/2026:18:17:27 +0300] "GET /novoline-casino-codice-bonus-registrazione/ HTTP/1.1" 200 20067 "https://serhatburke.miroglu.net/" "Mozilla/5.0 (X11; Ubuntu; Linux i686; rv:102.0) Gecko/20100101 Firefox/102.0"
185.153.197.8 - - [26/Apr/2026:18:17:32 +0300] "GET /better-on-the-internet-pokies-in-australia-2026-come-across-finest-aussie-slots/ HTTP/1.1" 200 79848 "-" "Mozilla/5.0 (Windows NT 10.0; Win64; x64) AppleWebKit/537.36 (KHTML, like Gecko) Chrome/122.0.0.0 Safari/537.36"
107.151.163.104 - - [26/Apr/2026:18:17:33 +0300] "POST /xmlrpc.php HTTP/1.1" 200 15383 "-" "Mozilla/5.0 (Windows NT 10.0; Win64; x64) AppleWebKit/537.36 (KHTML, like Gecko) Chrome/114.0.0.0 Safari/537.36"
144.79.133.31 - - [26/Apr/2026:18:17:49 +0300] "GET /novoline-casino-codice-bonus-registrazione/ HTTP/1.1" 200 20067 "https://serhatburke.miroglu.net/" "Mozilla/5.0 (Windows NT 6.3; Win64; x64) AppleWebKit/537.36 (KHTML, like Gecko) Chrome/103.0.0.0 Safari/537.36"
107.151.163.104 - - [26/Apr/2026:18:17:54 +0300] "GET /free-gambling-games-on-deposit-5-get-100-free-spins-no-wagering-requirements-the-internet-no-obtain-and-enjoy-now/ HTTP/1.1" 200 80438 "-" "Mozilla/5.0 (Windows NT 10.0; Win64; x64; rv:124.0) Gecko/20100101 Firefox/124.0"
107.151.163.104 - - [26/Apr/2026:18:18:00 +0300] "POST /xmlrpc.php HTTP/1.1" 200 630 "-" "Mozilla/5.0 (Windows NT 10.0; Win64; x64) AppleWebKit/537.36 (KHTML, like Gecko) Chrome/114.0.0.0 Safari/537.36"
144.79.133.31 - - [26/Apr/2026:18:18:10 +0300] "POST /wp-comments-post.php HTTP/1.1" 302 1090 "https://serhatburke.miroglu.net/novoline-casino-codice-bonus-registrazione/" "Mozilla/5.0 (Windows NT 6.3; Win64; x64) AppleWebKit/537.36 (KHTML, like Gecko) Chrome/103.0.0.0 Safari/537.36"
185.216.113.70 - - [26/Apr/2026:18:18:35 +0300] "POST /wp-cron.php?doing_wp_cron=1777216715.3020949363708496093750 HTTP/1.1" 200 448 "-" "WordPress/6.3.8; https://serhatburke.miroglu.net"
107.151.163.104 - - [26/Apr/2026:18:18:21 +0300] "POST /xmlrpc.php HTTP/1.1" 200 15870 "-" "Mozilla/5.0 (Windows NT 10.0; Win64; x64) AppleWebKit/537.36 (KHTML, like Gecko) Chrome/114.0.0.0 Safari/537.36"
144.79.133.31 - - [26/Apr/2026:18:18:23 +0300] "GET /novoline-casino-codice-bonus-registrazione/?unapproved=680&moderation-hash=3e7ad2067b3d46aa305d3e8efc926d62 HTTP/1.1" 200 20602 "https://serhatburke.miroglu.net/wp-comments-post.php" "Mozilla/5.0 (Windows NT 6.3; Win64; x64) AppleWebKit/537.36 (KHTML, like Gecko) Chrome/103.0.0.0 Safari/537.36"
107.151.163.104 - - [26/Apr/2026:18:18:37 +0300] "GET /pub-casino-united-kingdom-invited-give-50-no-deposit-spins-triple-jokers-february-2026-allege-fifty-cash-spins/ HTTP/1.1" 200 80844 "-" "Mozilla/5.0 (Windows NT 10.0; Win64; x64) AppleWebKit/537.36 (KHTML, like Gecko) Chrome/122.0.0.0 Safari/537.36"
144.79.133.31 - - [26/Apr/2026:18:18:37 +0300] "GET /novoline-casino-codice-bonus-registrazione/ HTTP/1.1" 200 20056 "-" "Mozilla/5.0 (Windows NT 6.3; Win64; x64) AppleWebKit/537.36 (KHTML, like Gecko) Chrome/103.0.0.0 Safari/537.36"
107.151.163.104 - - [26/Apr/2026:18:18:52 +0300] "POST /xmlrpc.php HTTP/1.1" 200 630 "-" "Mozilla/5.0 (Windows NT 10.0; Win64; x64) AppleWebKit/537.36 (KHTML, like Gecko) Chrome/114.0.0.0 Safari/537.36"
185.216.113.70 - - [26/Apr/2026:18:19:22 +0300] "POST /wp-cron.php?doing_wp_cron=1777216762.3110759258270263671875 HTTP/1.1" 200 448 "-" "WordPress/6.3.8; https://serhatburke.miroglu.net"
178.175.140.147 - - [26/Apr/2026:18:19:09 +0300] "POST /xmlrpc.php HTTP/1.1" 200 630 "-" "Mozilla/5.0 (Windows NT 10.0; Win64; x64) AppleWebKit/537.36 (KHTML, like Gecko) Chrome/114.0.0.0 Safari/537.36"
107.151.163.104 - - [26/Apr/2026:18:19:13 +0300] "POST /xmlrpc.php HTTP/1.1" 200 15979 "-" "Mozilla/5.0 (Windows NT 10.0; Win64; x64) AppleWebKit/537.36 (KHTML, like Gecko) Chrome/114.0.0.0 Safari/537.36"
178.175.140.147 - - [26/Apr/2026:18:19:30 +0300] "POST /xmlrpc.php HTTP/1.1" 200 10655 "-" "Mozilla/5.0 (Windows NT 10.0; Win64; x64) AppleWebKit/537.36 (KHTML, like Gecko) Chrome/114.0.0.0 Safari/537.36"
107.151.163.104 - - [26/Apr/2026:18:19:29 +0300] "GET /leovegas-extra-requirements-2026-100-percent-free-revolves-multi-wild-casino-bonus-and-greeting-now-offers/ HTTP/1.1" 200 80907 "-" "Mozilla/5.0 (Windows NT 10.0; Win64; x64) AppleWebKit/537.36 (KHTML, like Gecko) Chrome/123.0.0.0 Safari/537.36 OPR/109.0.0.0"
185.216.113.70 - - [26/Apr/2026:18:19:58 +0300] "POST /wp-cron.php?doing_wp_cron=1777216798.6674449443817138671875 HTTP/1.1" 200 448 "-" "WordPress/6.3.8; https://serhatburke.miroglu.net"
107.151.163.104 - - [26/Apr/2026:18:19:42 +0300] "POST /xmlrpc.php HTTP/1.1" 200 630 "-" "Mozilla/5.0 (Windows NT 10.0; Win64; x64) AppleWebKit/537.36 (KHTML, like Gecko) Chrome/114.0.0.0 Safari/537.36"
178.175.140.147 - - [26/Apr/2026:18:19:48 +0300] "GET /und-liegt-parece-gar-nicht-an-ein-digitalen-spielbank-anstelle-an-ihrem-wohnsitzland/ HTTP/1.1" 200 75786 "-" "Mozilla/5.0 (Windows NT 10.0; Win64; x64) AppleWebKit/537.36 (KHTML, like Gecko) Chrome/109.0.0.0 Safari/537.36"
111.119.220.179 - - [26/Apr/2026:18:19:51 +0300] "GET /permainan-mesin-slot-dolphins-pearl-online-gratis-gioca-ora/ HTTP/2" 200 18952 "-" "Mozilla/5.0 (Windows NT 10.0; Win64; x64) AppleWebKit/537.36 (KHTML, like Gecko) Chrome/146.0.0.0 Safari/537.36"
111.119.220.179 - - [26/Apr/2026:18:20:14 +0300] "GET /wp-includes/css/dist/block-library/style.min.css?ver=6.3.8 HTTP/2" 200 12962 "https://serhatburke.miroglu.net/permainan-mesin-slot-dolphins-pearl-online-gratis-gioca-ora/" "Mozilla/5.0 (Windows NT 10.0; Win64; x64) AppleWebKit/537.36 (KHTML, like Gecko) Chrome/146.0.0.0 Safari/537.36"
111.119.220.179 - - [26/Apr/2026:18:20:14 +0300] "GET /wp-content/themes/toppic/css/fontello.css?ver=4.2 HTTP/2" 200 1188 "https://serhatburke.miroglu.net/permainan-mesin-slot-dolphins-pearl-online-gratis-gioca-ora/" "Mozilla/5.0 (Windows NT 10.0; Win64; x64) AppleWebKit/537.36 (KHTML, like Gecko) Chrome/146.0.0.0 Safari/537.36"
111.119.220.179 - - [26/Apr/2026:18:20:14 +0300] "GET /wp-content/themes/toppic/css/default.css?ver=4.2 HTTP/2" 200 1198 "https://serhatburke.miroglu.net/permainan-mesin-slot-dolphins-pearl-online-gratis-gioca-ora/" "Mozilla/5.0 (Windows NT 10.0; Win64; x64) AppleWebKit/537.36 (KHTML, like Gecko) Chrome/146.0.0.0 Safari/537.36"
111.119.220.179 - - [26/Apr/2026:18:20:14 +0300] "GET /wp-content/plugins/contact-form-7/includes/css/styles.css?ver=5.8 HTTP/2" 200 878 "https://serhatburke.miroglu.net/permainan-mesin-slot-dolphins-pearl-online-gratis-gioca-ora/" "Mozilla/5.0 (Windows NT 10.0; Win64; x64) AppleWebKit/537.36 (KHTML, like Gecko) Chrome/146.0.0.0 Safari/537.36"
111.119.220.179 - - [26/Apr/2026:18:20:14 +0300] "GET /wp-content/themes/toppic/style.css?ver=4.2 HTTP/2" 200 22783 "https://serhatburke.miroglu.net/permainan-mesin-slot-dolphins-pearl-online-gratis-gioca-ora/" "Mozilla/5.0 (Windows NT 10.0; Win64; x64) AppleWebKit/537.36 (KHTML, like Gecko) Chrome/146.0.0.0 Safari/537.36"
111.119.220.179 - - [26/Apr/2026:18:20:14 +0300] "GET /wp-content/themes/toppic/css/reset.css?ver=4.2 HTTP/2" 200 566 "https://serhatburke.miroglu.net/permainan-mesin-slot-dolphins-pearl-online-gratis-gioca-ora/" "Mozilla/5.0 (Windows NT 10.0; Win64; x64) AppleWebKit/537.36 (KHTML, like Gecko) Chrome/146.0.0.0 Safari/537.36"
111.119.220.179 - - [26/Apr/2026:18:20:14 +0300] "GET /wp-content/themes/toppic/css/lightbox.css?ver=4.2 HTTP/2" 200 2342 "https://serhatburke.miroglu.net/permainan-mesin-slot-dolphins-pearl-online-gratis-gioca-ora/" "Mozilla/5.0 (Windows NT 10.0; Win64; x64) AppleWebKit/537.36 (KHTML, like Gecko) Chrome/146.0.0.0 Safari/537.36"
111.119.220.179 - - [26/Apr/2026:18:20:14 +0300] "GET /wp-content/themes/toppic/css/royalslider.css?ver=4.2 HTTP/2" 200 1273 "https://serhatburke.miroglu.net/permainan-mesin-slot-dolphins-pearl-online-gratis-gioca-ora/" "Mozilla/5.0 (Windows NT 10.0; Win64; x64) AppleWebKit/537.36 (KHTML, like Gecko) Chrome/146.0.0.0 Safari/537.36"
111.119.220.179 - - [26/Apr/2026:18:20:14 +0300] "GET /wp-content/themes/toppic/css/responsive.css?ver=4.2 HTTP/2" 200 2182 "https://serhatburke.miroglu.net/permainan-mesin-slot-dolphins-pearl-online-gratis-gioca-ora/" "Mozilla/5.0 (Windows NT 10.0; Win64; x64) AppleWebKit/537.36 (KHTML, like Gecko) Chrome/146.0.0.0 Safari/537.36"
111.119.220.179 - - [26/Apr/2026:18:20:14 +0300] "GET /wp-content/themes/toppic/css/rs-default.css?ver=4.2 HTTP/2" 200 2011 "https://serhatburke.miroglu.net/permainan-mesin-slot-dolphins-pearl-online-gratis-gioca-ora/" "Mozilla/5.0 (Windows NT 10.0; Win64; x64) AppleWebKit/537.36 (KHTML, like Gecko) Chrome/146.0.0.0 Safari/537.36"
111.119.220.179 - - [26/Apr/2026:18:20:14 +0300] "GET /wp-includes/js/jquery/jquery.min.js?ver=3.7.0 HTTP/2" 200 29712 "https://serhatburke.miroglu.net/permainan-mesin-slot-dolphins-pearl-online-gratis-gioca-ora/" "Mozilla/5.0 (Windows NT 10.0; Win64; x64) AppleWebKit/537.36 (KHTML, like Gecko) Chrome/146.0.0.0 Safari/537.36"
111.119.220.179 - - [26/Apr/2026:18:20:14 +0300] "GET /wp-content/themes/toppic/css/woocommerce.css?ver=4.2 HTTP/2" 200 2234 "https://serhatburke.miroglu.net/permainan-mesin-slot-dolphins-pearl-online-gratis-gioca-ora/" "Mozilla/5.0 (Windows NT 10.0; Win64; x64) AppleWebKit/537.36 (KHTML, like Gecko) Chrome/146.0.0.0 Safari/537.36"
111.119.220.179 - - [26/Apr/2026:18:20:14 +0300] "GET /wp-includes/js/jquery/jquery-migrate.min.js?ver=3.4.1 HTTP/2" 200 4678 "https://serhatburke.miroglu.net/permainan-mesin-slot-dolphins-pearl-online-gratis-gioca-ora/" "Mozilla/5.0 (Windows NT 10.0; Win64; x64) AppleWebKit/537.36 (KHTML, like Gecko) Chrome/146.0.0.0 Safari/537.36"
111.119.220.179 - - [26/Apr/2026:18:20:14 +0300] "GET /wp-content/plugins/contact-form-7/includes/js/index.js?ver=5.8 HTTP/2" 200 3918 "https://serhatburke.miroglu.net/permainan-mesin-slot-dolphins-pearl-online-gratis-gioca-ora/" "Mozilla/5.0 (Windows NT 10.0; Win64; x64) AppleWebKit/537.36 (KHTML, like Gecko) Chrome/146.0.0.0 Safari/537.36"
111.119.220.179 - - [26/Apr/2026:18:20:14 +0300] "GET /wp-content/themes/toppic/js/jquery.parallax.custom.js?ver=4.2 HTTP/2" 200 720 "https://serhatburke.miroglu.net/permainan-mesin-slot-dolphins-pearl-online-gratis-gioca-ora/" "Mozilla/5.0 (Windows NT 10.0; Win64; x64) AppleWebKit/537.36 (KHTML, like Gecko) Chrome/146.0.0.0 Safari/537.36"
111.119.220.179 - - [26/Apr/2026:18:20:14 +0300] "GET /wp-content/themes/toppic/js/jquery.tipsy.js?ver=4.2 HTTP/2" 200 829 "https://serhatburke.miroglu.net/permainan-mesin-slot-dolphins-pearl-online-gratis-gioca-ora/" "Mozilla/5.0 (Windows NT 10.0; Win64; x64) AppleWebKit/537.36 (KHTML, like Gecko) Chrome/146.0.0.0 Safari/537.36"
111.119.220.179 - - [26/Apr/2026:18:20:14 +0300] "GET /wp-content/themes/toppic/js/jquery.transit.min.js?ver=4.2 HTTP/2" 200 2624 "https://serhatburke.miroglu.net/permainan-mesin-slot-dolphins-pearl-online-gratis-gioca-ora/" "Mozilla/5.0 (Windows NT 10.0; Win64; x64) AppleWebKit/537.36 (KHTML, like Gecko) Chrome/146.0.0.0 Safari/537.36"
111.119.220.179 - - [26/Apr/2026:18:20:14 +0300] "GET /wp-content/themes/toppic/js/scrollMonitor.js?ver=4.2 HTTP/2" 200 2538 "https://serhatburke.miroglu.net/permainan-mesin-slot-dolphins-pearl-online-gratis-gioca-ora/" "Mozilla/5.0 (Windows NT 10.0; Win64; x64) AppleWebKit/537.36 (KHTML, like Gecko) Chrome/146.0.0.0 Safari/537.36"
111.119.220.179 - - [26/Apr/2026:18:20:14 +0300] "GET /wp-content/themes/toppic/js/jquery.mtree.js?ver=4.2 HTTP/2" 200 883 "https://serhatburke.miroglu.net/permainan-mesin-slot-dolphins-pearl-online-gratis-gioca-ora/" "Mozilla/5.0 (Windows NT 10.0; Win64; x64) AppleWebKit/537.36 (KHTML, like Gecko) Chrome/146.0.0.0 Safari/537.36"
111.119.220.179 - - [26/Apr/2026:18:20:14 +0300] "GET /wp-content/plugins/contact-form-7/includes/swv/js/index.js?ver=5.8 HTTP/2" 200 3061 "https://serhatburke.miroglu.net/permainan-mesin-slot-dolphins-pearl-online-gratis-gioca-ora/" "Mozilla/5.0 (Windows NT 10.0; Win64; x64) AppleWebKit/537.36 (KHTML, like Gecko) Chrome/146.0.0.0 Safari/537.36"
111.119.220.179 - - [26/Apr/2026:18:20:14 +0300] "GET /wp-content/themes/toppic/js/jquery.touchswipe.js?ver=4.2 HTTP/2" 200 4734 "https://serhatburke.miroglu.net/permainan-mesin-slot-dolphins-pearl-online-gratis-gioca-ora/" "Mozilla/5.0 (Windows NT 10.0; Win64; x64) AppleWebKit/537.36 (KHTML, like Gecko) Chrome/146.0.0.0 Safari/537.36"
111.119.220.179 - - [26/Apr/2026:18:20:14 +0300] "GET /wp-content/themes/toppic/js/jquery.kenb.js?ver=4.2 HTTP/2" 200 1252 "https://serhatburke.miroglu.net/permainan-mesin-slot-dolphins-pearl-online-gratis-gioca-ora/" "Mozilla/5.0 (Windows NT 10.0; Win64; x64) AppleWebKit/537.36 (KHTML, like Gecko) Chrome/146.0.0.0 Safari/537.36"
111.119.220.179 - - [26/Apr/2026:18:20:14 +0300] "GET /wp-content/themes/toppic/js/lazysizes.min.js?ver=4.2 HTTP/2" 200 3175 "https://serhatburke.miroglu.net/permainan-mesin-slot-dolphins-pearl-online-gratis-gioca-ora/" "Mozilla/5.0 (Windows NT 10.0; Win64; x64) AppleWebKit/537.36 (KHTML, like Gecko) Chrome/146.0.0.0 Safari/537.36"
111.119.220.179 - - [26/Apr/2026:18:20:14 +0300] "GET /wp-content/themes/toppic/js/jquery.custom.js?ver=4.2 HTTP/2" 200 8215 "https://serhatburke.miroglu.net/permainan-mesin-slot-dolphins-pearl-online-gratis-gioca-ora/" "Mozilla/5.0 (Windows NT 10.0; Win64; x64) AppleWebKit/537.36 (KHTML, like Gecko) Chrome/146.0.0.0 Safari/537.36"
111.119.220.179 - - [26/Apr/2026:18:20:14 +0300] "GET /wp-content/themes/toppic/js/jquery.modernizr.custom.js?ver=4.2 HTTP/2" 200 2892 "https://serhatburke.miroglu.net/permainan-mesin-slot-dolphins-pearl-online-gratis-gioca-ora/" "Mozilla/5.0 (Windows NT 10.0; Win64; x64) AppleWebKit/537.36 (KHTML, like Gecko) Chrome/146.0.0.0 Safari/537.36"
111.119.220.179 - - [26/Apr/2026:18:20:14 +0300] "GET /wp-content/themes/toppic/js/jquery.magnific-popup.min.js?ver=4.2 HTTP/2" 200 7278 "https://serhatburke.miroglu.net/permainan-mesin-slot-dolphins-pearl-online-gratis-gioca-ora/" "Mozilla/5.0 (Windows NT 10.0; Win64; x64) AppleWebKit/537.36 (KHTML, like Gecko) Chrome/146.0.0.0 Safari/537.36"
107.151.163.104 - - [26/Apr/2026:18:20:05 +0300] "POST /xmlrpc.php HTTP/1.1" 200 15913 "-" "Mozilla/5.0 (Windows NT 10.0; Win64; x64) AppleWebKit/537.36 (KHTML, like Gecko) Chrome/114.0.0.0 Safari/537.36"
107.151.163.104 - - [26/Apr/2026:18:20:23 +0300] "GET /leprechaun-happens-egypt-crypto-casino-bonus-comment-2026/ HTTP/1.1" 200 79535 "-" "Mozilla/5.0 (Windows NT 10.0; Win64; x64) AppleWebKit/537.36 (KHTML, like Gecko) Chrome/109.0.0.0 Safari/537.36"
185.216.113.70 - - [26/Apr/2026:18:20:47 +0300] "POST /wp-cron.php?doing_wp_cron=1777216847.6991400718688964843750 HTTP/1.1" 200 448 "-" "WordPress/6.3.8; https://serhatburke.miroglu.net"
107.151.163.104 - - [26/Apr/2026:18:20:34 +0300] "POST /xmlrpc.php HTTP/1.1" 200 630 "-" "Mozilla/5.0 (Windows NT 10.0; Win64; x64) AppleWebKit/537.36 (KHTML, like Gecko) Chrome/114.0.0.0 Safari/537.36"
144.79.133.31 - - [26/Apr/2026:18:20:33 +0300] "GET /novoline-casino-codice-bonus-registrazione/ HTTP/1.1" 200 20056 "-" "Mozilla/5.0 (X11; Linux x86_64) AppleWebKit/537.36 (KHTML, like Gecko) Chrome/103.0.0.0 Safari/537.36 Vivaldi/5.3.2679.68"
40.77.167.241 - - [26/Apr/2026:18:20:46 +0300] "GET /try-not-to-prefer-a-gambling-establishment-centered-on-extra-proportions-by-yourself/ HTTP/2" 200 17890 "-" "Mozilla/5.0 AppleWebKit/537.36 (KHTML, like Gecko; compatible; bingbot/2.0; +http://www.bing.com/bingbot.htm) Chrome/116.0.1938.76 Safari/537.36"
107.151.163.104 - - [26/Apr/2026:18:20:54 +0300] "POST /xmlrpc.php HTTP/1.1" 200 15838 "-" "Mozilla/5.0 (Windows NT 10.0; Win64; x64) AppleWebKit/537.36 (KHTML, like Gecko) Chrome/114.0.0.0 Safari/537.36"
52.167.144.145 - - [26/Apr/2026:18:20:56 +0300] "GET /boylesports-bonus-code-discover-60-within-the-free-wagers-after-you-bet-ten/ HTTP/2" 200 20426 "-" "Mozilla/5.0 AppleWebKit/537.36 (KHTML, like Gecko; compatible; bingbot/2.0; +http://www.bing.com/bingbot.htm) Chrome/116.0.1938.76 Safari/537.36"
