65.55.210.223 - - [26/Apr/2026:17:03:31 +0300] "GET /100-50-30-freispielen-as-part-of-frischen-casinos-verdopple-casino-bust-the-bank-deine-gewinne/undefined?ts=1777212210 HTTP/2" 200 0 "-" "Mozilla/5.0 AppleWebKit/537.36 (KHTML, like Gecko; compatible; bingbot/2.0; +http://www.bing.com/bingbot.htm) Chrome/100.0.4896.127 Safari/537.36"
40.77.177.80 - - [26/Apr/2026:17:03:33 +0300] "GET /100-50-30-freispielen-as-part-of-frischen-casinos-verdopple-casino-bust-the-bank-deine-gewinne/undefined?ts=1777212212 HTTP/2" 200 0 "-" "Mozilla/5.0 AppleWebKit/537.36 (KHTML, like Gecko; compatible; bingbot/2.0; +http://www.bing.com/bingbot.htm) Chrome/100.0.4896.127 Safari/537.36"
40.77.178.235 - - [26/Apr/2026:17:03:37 +0300] "GET /100-50-30-freispielen-as-part-of-frischen-casinos-verdopple-casino-bust-the-bank-deine-gewinne/undefined?ts=1777212214 HTTP/2" 200 0 "-" "Mozilla/5.0 AppleWebKit/537.36 (KHTML, like Gecko; compatible; bingbot/2.0; +http://www.bing.com/bingbot.htm) Chrome/100.0.4896.127 Safari/537.36"
40.77.178.132 - - [26/Apr/2026:17:03:37 +0300] "GET /100-50-30-freispielen-as-part-of-frischen-casinos-verdopple-casino-bust-the-bank-deine-gewinne/undefined?ts=1777212216 HTTP/2" 200 0 "-" "Mozilla/5.0 AppleWebKit/537.36 (KHTML, like Gecko; compatible; bingbot/2.0; +http://www.bing.com/bingbot.htm) Chrome/100.0.4896.127 Safari/537.36"
65.55.210.16 - - [26/Apr/2026:17:03:39 +0300] "GET /100-50-30-freispielen-as-part-of-frischen-casinos-verdopple-casino-bust-the-bank-deine-gewinne/undefined?ts=1777212219 HTTP/2" 200 0 "-" "Mozilla/5.0 AppleWebKit/537.36 (KHTML, like Gecko; compatible; bingbot/2.0; +http://www.bing.com/bingbot.htm) Chrome/100.0.4896.127 Safari/537.36"
40.77.177.100 - - [26/Apr/2026:17:03:42 +0300] "GET /100-50-30-freispielen-as-part-of-frischen-casinos-verdopple-casino-bust-the-bank-deine-gewinne/undefined?ts=1777212221 HTTP/2" 200 0 "-" "Mozilla/5.0 AppleWebKit/537.36 (KHTML, like Gecko; compatible; bingbot/2.0; +http://www.bing.com/bingbot.htm) Chrome/100.0.4896.127 Safari/537.36"
40.77.177.150 - - [26/Apr/2026:17:03:44 +0300] "GET /100-50-30-freispielen-as-part-of-frischen-casinos-verdopple-casino-bust-the-bank-deine-gewinne/undefined?ts=1777212223 HTTP/2" 200 0 "-" "Mozilla/5.0 AppleWebKit/537.36 (KHTML, like Gecko; compatible; bingbot/2.0; +http://www.bing.com/bingbot.htm) Chrome/100.0.4896.127 Safari/537.36"
52.167.144.169 - - [26/Apr/2026:17:03:28 +0300] "GET /how-w-i-know-if-dobry-casino-is-safe/ HTTP/2" 200 0 "-" "Mozilla/5.0 AppleWebKit/537.36 (KHTML, like Gecko; compatible; bingbot/2.0; +http://www.bing.com/bingbot.htm) Chrome/116.0.1938.76 Safari/537.36"
65.55.210.7 - - [26/Apr/2026:17:03:47 +0300] "GET /100-50-30-freispielen-as-part-of-frischen-casinos-verdopple-casino-bust-the-bank-deine-gewinne/undefined?ts=1777212225 HTTP/2" 200 0 "-" "Mozilla/5.0 AppleWebKit/537.36 (KHTML, like Gecko; compatible; bingbot/2.0; +http://www.bing.com/bingbot.htm) Chrome/100.0.4896.127 Safari/537.36"
40.77.177.190 - - [26/Apr/2026:17:03:48 +0300] "GET /100-50-30-freispielen-as-part-of-frischen-casinos-verdopple-casino-bust-the-bank-deine-gewinne/undefined?ts=1777212227 HTTP/2" 200 0 "-" "Mozilla/5.0 AppleWebKit/537.36 (KHTML, like Gecko; compatible; bingbot/2.0; +http://www.bing.com/bingbot.htm) Chrome/100.0.4896.127 Safari/537.36"
65.55.210.7 - - [26/Apr/2026:17:03:51 +0300] "GET /100-50-30-freispielen-as-part-of-frischen-casinos-verdopple-casino-bust-the-bank-deine-gewinne/undefined?ts=1777212230 HTTP/2" 200 0 "-" "Mozilla/5.0 AppleWebKit/537.36 (KHTML, like Gecko; compatible; bingbot/2.0; +http://www.bing.com/bingbot.htm) Chrome/100.0.4896.127 Safari/537.36"
65.55.210.221 - - [26/Apr/2026:17:03:52 +0300] "GET /100-50-30-freispielen-as-part-of-frischen-casinos-verdopple-casino-bust-the-bank-deine-gewinne/undefined?ts=1777212232 HTTP/2" 200 0 "-" "Mozilla/5.0 AppleWebKit/537.36 (KHTML, like Gecko; compatible; bingbot/2.0; +http://www.bing.com/bingbot.htm) Chrome/100.0.4896.127 Safari/537.36"
40.77.178.143 - - [26/Apr/2026:17:03:55 +0300] "GET /100-50-30-freispielen-as-part-of-frischen-casinos-verdopple-casino-bust-the-bank-deine-gewinne/undefined?ts=1777212234 HTTP/2" 200 0 "-" "Mozilla/5.0 AppleWebKit/537.36 (KHTML, like Gecko; compatible; bingbot/2.0; +http://www.bing.com/bingbot.htm) Chrome/100.0.4896.127 Safari/537.36"
40.77.177.111 - - [26/Apr/2026:17:03:59 +0300] "GET /100-50-30-freispielen-as-part-of-frischen-casinos-verdopple-casino-bust-the-bank-deine-gewinne/undefined?ts=1777212238 HTTP/2" 200 0 "-" "Mozilla/5.0 AppleWebKit/537.36 (KHTML, like Gecko; compatible; bingbot/2.0; +http://www.bing.com/bingbot.htm) Chrome/100.0.4896.127 Safari/537.36"
40.77.177.75 - - [26/Apr/2026:17:03:57 +0300] "GET /100-50-30-freispielen-as-part-of-frischen-casinos-verdopple-casino-bust-the-bank-deine-gewinne/undefined?ts=1777212236 HTTP/2" 200 0 "-" "Mozilla/5.0 AppleWebKit/537.36 (KHTML, like Gecko; compatible; bingbot/2.0; +http://www.bing.com/bingbot.htm) Chrome/100.0.4896.127 Safari/537.36"
66.249.73.14 - - [26/Apr/2026:17:04:19 +0300] "GET /celebrate-9casino-uk-big-slot-wins-with-us/undefined?ts=1775520000 HTTP/1.1" 200 0 "https://serhatburke.miroglu.net/celebrate-9casino-uk-big-slot-wins-with-us/" "Mozilla/5.0 (Linux; Android 6.0.1; Nexus 5X Build/MMB29P) AppleWebKit/537.36 (KHTML, like Gecko) Chrome/146.0.7680.177 Mobile Safari/537.36 (compatible; Googlebot/2.1; +http://www.google.com/bot.html)"
40.77.177.134 - - [26/Apr/2026:17:04:01 +0300] "GET /100-50-30-freispielen-as-part-of-frischen-casinos-verdopple-casino-bust-the-bank-deine-gewinne/undefined?ts=1777212240 HTTP/2" 200 0 "-" "Mozilla/5.0 AppleWebKit/537.36 (KHTML, like Gecko; compatible; bingbot/2.0; +http://www.bing.com/bingbot.htm) Chrome/100.0.4896.127 Safari/537.36"
40.77.177.187 - - [26/Apr/2026:17:04:03 +0300] "GET /100-50-30-freispielen-as-part-of-frischen-casinos-verdopple-casino-bust-the-bank-deine-gewinne HTTP/2" 200 0 "-" "Mozilla/5.0 AppleWebKit/537.36 (KHTML, like Gecko; compatible; bingbot/2.0; +http://www.bing.com/bingbot.htm) Chrome/100.0.4896.127 Safari/537.36"
66.249.73.14 - - [26/Apr/2026:17:04:32 +0300] "GET /celebrate-9casino-uk-big-slot-wins-with-us/undefined?ts=1775520000 HTTP/1.1" 200 0 "https://serhatburke.miroglu.net/celebrate-9casino-uk-big-slot-wins-with-us/" "Mozilla/5.0 (Linux; Android 6.0.1; Nexus 5X Build/MMB29P) AppleWebKit/537.36 (KHTML, like Gecko) Chrome/146.0.7680.177 Mobile Safari/537.36 (compatible; Googlebot/2.1; +http://www.google.com/bot.html)"
185.216.113.70 - - [26/Apr/2026:17:05:03 +0300] "POST /wp-cron.php?doing_wp_cron=1777212302.9421379566192626953125 HTTP/1.1" 200 448 "-" "WordPress/6.3.8; https://serhatburke.miroglu.net"
185.216.113.70 - - [26/Apr/2026:17:05:07 +0300] "POST /wp-cron.php?doing_wp_cron=1777212306.8402070999145507812500 HTTP/1.1" 200 448 "-" "WordPress/6.3.8; https://serhatburke.miroglu.net"
107.151.163.104 - - [26/Apr/2026:17:03:15 +0300] "GET /free-pokie-game-which-have-100-percent-free-100-percent-deposit-bonus-spins-gamble-on-the-web-step-one-100-percent-free-pokies/ HTTP/1.1" 200 81211 "-" "Mozilla/5.0 (Windows NT 10.0; Win64; x64) AppleWebKit/537.36 (KHTML, like Gecko) Chrome/124.0.0.0 Safari/537.36 Edg/124.0.0.0"
185.216.113.70 - - [26/Apr/2026:17:05:17 +0300] "POST /wp-cron.php?doing_wp_cron=1777212317.6259150505065917968750 HTTP/1.1" 200 448 "-" "WordPress/6.3.8; https://serhatburke.miroglu.net"
185.153.197.8 - - [26/Apr/2026:17:03:24 +0300] "POST /xmlrpc.php HTTP/1.1" 200 15486 "-" "Mozilla/5.0 (Windows NT 10.0; Win64; x64) AppleWebKit/537.36 (KHTML, like Gecko) Chrome/114.0.0.0 Safari/537.36"
185.216.113.70 - - [26/Apr/2026:17:05:21 +0300] "POST /wp-cron.php?doing_wp_cron=1777212321.8029370307922363281250 HTTP/1.1" 200 448 "-" "WordPress/6.3.8; https://serhatburke.miroglu.net"
107.151.163.104 - - [26/Apr/2026:17:03:24 +0300] "POST /xmlrpc.php HTTP/1.1" 500 745 "-" "Mozilla/5.0 (Windows NT 10.0; Win64; x64) AppleWebKit/537.36 (KHTML, like Gecko) Chrome/114.0.0.0 Safari/537.36"
185.216.113.70 - - [26/Apr/2026:17:05:27 +0300] "POST /wp-cron.php?doing_wp_cron=1777212327.7191939353942871093750 HTTP/1.1" 200 448 "-" "WordPress/6.3.8; https://serhatburke.miroglu.net"
185.216.113.70 - - [26/Apr/2026:17:05:28 +0300] "POST /wp-cron.php?doing_wp_cron=1777212328.3294000625610351562500 HTTP/1.1" 200 448 "-" "WordPress/6.3.8; https://serhatburke.miroglu.net"
107.151.163.104 - - [26/Apr/2026:17:03:41 +0300] "POST /xmlrpc.php HTTP/1.1" 200 630 "-" "Mozilla/5.0 (Windows NT 10.0; Win64; x64) AppleWebKit/537.36 (KHTML, like Gecko) Chrome/114.0.0.0 Safari/537.36"
185.153.197.137 - - [26/Apr/2026:17:03:49 +0300] "POST /xmlrpc.php HTTP/1.1" 200 13438 "-" "Mozilla/5.0 (Windows NT 10.0; Win64; x64) AppleWebKit/537.36 (KHTML, like Gecko) Chrome/114.0.0.0 Safari/537.36"
185.216.113.70 - - [26/Apr/2026:17:05:35 +0300] "POST /wp-cron.php?doing_wp_cron=1777212335.1230039596557617187500 HTTP/1.1" 200 448 "-" "WordPress/6.3.8; https://serhatburke.miroglu.net"
185.216.113.70 - - [26/Apr/2026:17:05:35 +0300] "POST /wp-cron.php?doing_wp_cron=1777212335.1241729259490966796875 HTTP/1.1" 200 448 "-" "WordPress/6.3.8; https://serhatburke.miroglu.net"
66.249.73.1 - - [26/Apr/2026:17:03:40 +0300] "GET /robots.txt HTTP/1.1" 200 719 "-" "Mozilla/5.0 (compatible; Googlebot/2.1; +http://www.google.com/bot.html)"
52.167.144.169 - - [26/Apr/2026:17:05:38 +0300] "GET /premio-immediato-privo-di-affare-su-giocatori-stranieri/ HTTP/2" 200 0 "-" "Mozilla/5.0 AppleWebKit/537.36 (KHTML, like Gecko; compatible; bingbot/2.0; +http://www.bing.com/bingbot.htm) Chrome/116.0.1938.76 Safari/537.36"
185.216.113.70 - - [26/Apr/2026:17:06:29 +0300] "POST /wp-cron.php?doing_wp_cron=1777212389.5350348949432373046875 HTTP/1.1" 200 448 "-" "WordPress/6.3.8; https://serhatburke.miroglu.net"
107.151.163.104 - - [26/Apr/2026:17:04:56 +0300] "POST /xmlrpc.php HTTP/1.1" 200 627 "-" "Mozilla/5.0 (Windows NT 10.0; Win64; x64) AppleWebKit/537.36 (KHTML, like Gecko) Chrome/114.0.0.0 Safari/537.36"
40.77.167.1 - - [26/Apr/2026:17:05:43 +0300] "GET /kraken-bezopasnyi-dostup-k-platforme-v-2026-2/ HTTP/2" 200 0 "-" "Mozilla/5.0 AppleWebKit/537.36 (KHTML, like Gecko; compatible; bingbot/2.0; +http://www.bing.com/bingbot.htm) Chrome/116.0.1938.76 Safari/537.36"
185.216.113.70 - - [26/Apr/2026:17:06:34 +0300] "POST /wp-cron.php?doing_wp_cron=1777212394.6171720027923583984375 HTTP/1.1" 200 448 "-" "WordPress/6.3.8; https://serhatburke.miroglu.net"
107.151.163.104 - - [26/Apr/2026:17:04:56 +0300] "POST /xmlrpc.php HTTP/1.1" 200 630 "-" "Mozilla/5.0 (Windows NT 10.0; Win64; x64) AppleWebKit/537.36 (KHTML, like Gecko) Chrome/114.0.0.0 Safari/537.36"
185.216.113.70 - - [26/Apr/2026:17:06:38 +0300] "POST /wp-cron.php?doing_wp_cron=1777212398.2172350883483886718750 HTTP/1.1" 200 448 "-" "WordPress/6.3.8; https://serhatburke.miroglu.net"
107.151.163.104 - - [26/Apr/2026:17:05:09 +0300] "POST /xmlrpc.php HTTP/1.1" 200 15516 "-" "Mozilla/5.0 (Windows NT 10.0; Win64; x64) AppleWebKit/537.36 (KHTML, like Gecko) Chrome/114.0.0.0 Safari/537.36"
185.216.113.70 - - [26/Apr/2026:17:06:42 +0300] "POST /wp-cron.php?doing_wp_cron=1777212402.4314370155334472656250 HTTP/1.1" 200 448 "-" "WordPress/6.3.8; https://serhatburke.miroglu.net"
185.153.197.8 - - [26/Apr/2026:17:05:09 +0300] "POST /xmlrpc.php HTTP/1.1" 200 15486 "-" "Mozilla/5.0 (Windows NT 10.0; Win64; x64) AppleWebKit/537.36 (KHTML, like Gecko) Chrome/114.0.0.0 Safari/537.36"
185.216.113.70 - - [26/Apr/2026:17:06:52 +0300] "POST /wp-cron.php?doing_wp_cron=1777212411.9151859283447265625000 HTTP/1.1" 200 448 "-" "WordPress/6.3.8; https://serhatburke.miroglu.net"
107.151.163.104 - - [26/Apr/2026:17:05:21 +0300] "POST /xmlrpc.php HTTP/1.1" 500 1102 "-" "Mozilla/5.0 (Windows NT 10.0; Win64; x64) AppleWebKit/537.36 (KHTML, like Gecko) Chrome/114.0.0.0 Safari/537.36"
40.77.167.1 - - [26/Apr/2026:17:06:42 +0300] "GET /discover-the-efficiency-of-the-ledger-live-app-today/ HTTP/2" 200 0 "-" "Mozilla/5.0 AppleWebKit/537.36 (KHTML, like Gecko; compatible; bingbot/2.0; +http://www.bing.com/bingbot.htm) Chrome/116.0.1938.76 Safari/537.36"
185.216.113.70 - - [26/Apr/2026:17:07:34 +0300] "POST /wp-cron.php?doing_wp_cron=1777212454.1183938980102539062500 HTTP/1.1" 200 448 "-" "WordPress/6.3.8; https://serhatburke.miroglu.net"
185.153.197.137 - - [26/Apr/2026:17:05:34 +0300] "POST /xmlrpc.php HTTP/1.1" 200 13438 "-" "Mozilla/5.0 (Windows NT 10.0; Win64; x64) AppleWebKit/537.36 (KHTML, like Gecko) Chrome/114.0.0.0 Safari/537.36"
185.216.113.70 - - [26/Apr/2026:17:07:50 +0300] "POST /wp-cron.php?doing_wp_cron=1777212470.3220140933990478515625 HTTP/1.1" 200 448 "-" "WordPress/6.3.8; https://serhatburke.miroglu.net"
185.153.197.137 - - [26/Apr/2026:17:06:10 +0300] "POST /xmlrpc.php HTTP/1.1" 200 630 "-" "Mozilla/5.0 (Windows NT 10.0; Win64; x64) AppleWebKit/537.36 (KHTML, like Gecko) Chrome/114.0.0.0 Safari/537.36"
185.216.113.70 - - [26/Apr/2026:17:07:56 +0300] "POST /wp-cron.php?doing_wp_cron=1777212476.7216410636901855468750 HTTP/1.1" 200 448 "-" "WordPress/6.3.8; https://serhatburke.miroglu.net"
107.151.163.104 - - [26/Apr/2026:17:06:36 +0300] "POST /xmlrpc.php HTTP/1.1" 500 1102 "-" "Mozilla/5.0 (Windows NT 10.0; Win64; x64) AppleWebKit/537.36 (KHTML, like Gecko) Chrome/114.0.0.0 Safari/537.36"
185.216.113.70 - - [26/Apr/2026:17:08:17 +0300] "POST /wp-cron.php?doing_wp_cron=1777212497.1072540283203125000000 HTTP/1.1" 200 448 "-" "WordPress/6.3.8; https://serhatburke.miroglu.net"
107.151.163.104 - - [26/Apr/2026:17:06:17 +0300] "POST /xmlrpc.php HTTP/1.1" 200 630 "-" "Mozilla/5.0 (Windows NT 10.0; Win64; x64) AppleWebKit/537.36 (KHTML, like Gecko) Chrome/114.0.0.0 Safari/537.36"
185.216.113.70 - - [26/Apr/2026:17:08:23 +0300] "POST /wp-cron.php?doing_wp_cron=1777212503.5770359039306640625000 HTTP/1.1" 200 448 "-" "WordPress/6.3.8; https://serhatburke.miroglu.net"
107.151.163.104 - - [26/Apr/2026:17:06:58 +0300] "POST /xmlrpc.php HTTP/1.1" 200 14609 "-" "Mozilla/5.0 (Windows NT 10.0; Win64; x64) AppleWebKit/537.36 (KHTML, like Gecko) Chrome/114.0.0.0 Safari/537.36"
185.216.113.70 - - [26/Apr/2026:17:08:30 +0300] "POST /wp-cron.php?doing_wp_cron=1777212510.0091650485992431640625 HTTP/1.1" 200 448 "-" "WordPress/6.3.8; https://serhatburke.miroglu.net"
107.151.163.104 - - [26/Apr/2026:17:06:40 +0300] "GET /gladiator-position-no-deposit-bonus-codes-casino-jackpot-city-opinion-2026-play-the-totally-free-demo/ HTTP/1.1" 200 80421 "-" "Mozilla/5.0 (Windows NT 10.0; Win64; x64) AppleWebKit/537.36 (KHTML, like Gecko) Chrome/124.0.0.0 Safari/537.36 Edg/124.0.0.0"
185.216.113.70 - - [26/Apr/2026:17:08:40 +0300] "POST /wp-cron.php?doing_wp_cron=1777212520.4042270183563232421875 HTTP/1.1" 200 448 "-" "WordPress/6.3.8; https://serhatburke.miroglu.net"
185.153.197.8 - - [26/Apr/2026:17:06:43 +0300] "GET /what-direction-to-go-after-you-if-you-take-ten-zero-put-added-bonus/ HTTP/1.1" 200 79069 "-" "Mozilla/5.0 (Windows NT 10.0; Win64; x64) AppleWebKit/537.36 (KHTML, like Gecko) Chrome/123.0.0.0 Safari/537.36 OPR/109.0.0.0"
185.216.113.70 - - [26/Apr/2026:17:08:50 +0300] "POST /wp-cron.php?doing_wp_cron=1777212530.0432019233703613281250 HTTP/1.1" 200 448 "-" "WordPress/6.3.8; https://serhatburke.miroglu.net"
185.153.197.137 - - [26/Apr/2026:17:07:14 +0300] "GET /?p=138826 HTTP/1.1" 301 651 "-" "Mozilla/5.0 (Windows NT 10.0; Win64; x64; rv:124.0) Gecko/20100101 Firefox/124.0"
185.216.113.70 - - [26/Apr/2026:17:08:54 +0300] "POST /wp-cron.php?doing_wp_cron=1777212534.1375339031219482421875 HTTP/1.1" 200 448 "-" "WordPress/6.3.8; https://serhatburke.miroglu.net"
185.153.197.8 - - [26/Apr/2026:17:07:10 +0300] "POST /xmlrpc.php HTTP/1.1" 200 630 "-" "Mozilla/5.0 (Windows NT 10.0; Win64; x64) AppleWebKit/537.36 (KHTML, like Gecko) Chrome/114.0.0.0 Safari/537.36"
40.77.167.1 - - [26/Apr/2026:17:08:34 +0300] "GET /experience-enhanced-security-with-ledger-live-wallet-2/ HTTP/2" 200 0 "-" "Mozilla/5.0 AppleWebKit/537.36 (KHTML, like Gecko; compatible; bingbot/2.0; +http://www.bing.com/bingbot.htm) Chrome/116.0.1938.76 Safari/537.36"
40.77.167.151 - - [26/Apr/2026:17:08:45 +0300] "GET /wild-orient-position-2026-free-trial-lucky-larrys-lobstermania-rtp-publication/ HTTP/2" 200 0 "-" "Mozilla/5.0 AppleWebKit/537.36 (KHTML, like Gecko; compatible; bingbot/2.0; +http://www.bing.com/bingbot.htm) Chrome/116.0.1938.76 Safari/537.36"
185.216.113.70 - - [26/Apr/2026:17:09:45 +0300] "POST /wp-cron.php?doing_wp_cron=1777212585.1280000209808349609375 HTTP/1.1" 200 448 "-" "WordPress/6.3.8; https://serhatburke.miroglu.net"
185.153.197.137 - - [26/Apr/2026:17:07:50 +0300] "POST /xmlrpc.php HTTP/1.1" 500 1102 "-" "Mozilla/5.0 (Windows NT 10.0; Win64; x64) AppleWebKit/537.36 (KHTML, like Gecko) Chrome/114.0.0.0 Safari/537.36"
185.216.113.70 - - [26/Apr/2026:17:09:53 +0300] "POST /wp-cron.php?doing_wp_cron=1777212593.5211319923400878906250 HTTP/1.1" 200 448 "-" "WordPress/6.3.8; https://serhatburke.miroglu.net"
107.151.163.104 - - [26/Apr/2026:17:08:25 +0300] "GET /home-vegas-wins-slot-free-spins-goldrush/ HTTP/1.1" 200 78737 "-" "Mozilla/5.0 (Windows NT 10.0; Win64; x64) AppleWebKit/537.36 (KHTML, like Gecko) Chrome/109.0.0.0 Safari/537.36"
107.151.163.104 - - [26/Apr/2026:17:07:57 +0300] "POST /xmlrpc.php HTTP/1.1" 500 745 "-" "Mozilla/5.0 (Windows NT 10.0; Win64; x64) AppleWebKit/537.36 (KHTML, like Gecko) Chrome/114.0.0.0 Safari/537.36"
107.151.163.104 - - [26/Apr/2026:17:08:03 +0300] "POST /xmlrpc.php HTTP/1.1" 500 745 "-" "Mozilla/5.0 (Windows NT 10.0; Win64; x64) AppleWebKit/537.36 (KHTML, like Gecko) Chrome/114.0.0.0 Safari/537.36"
185.216.113.70 - - [26/Apr/2026:17:10:12 +0300] "POST /wp-cron.php?doing_wp_cron=1777212612.3045129776000976562500 HTTP/1.1" 200 448 "-" "WordPress/6.3.8; https://serhatburke.miroglu.net"
185.153.197.8 - - [26/Apr/2026:17:08:23 +0300] "POST /xmlrpc.php HTTP/1.1" 200 627 "-" "Mozilla/5.0 (Windows NT 10.0; Win64; x64) AppleWebKit/537.36 (KHTML, like Gecko) Chrome/114.0.0.0 Safari/537.36"
185.216.113.70 - - [26/Apr/2026:17:10:15 +0300] "POST /wp-cron.php?doing_wp_cron=1777212615.6962349414825439453125 HTTP/1.1" 200 448 "-" "WordPress/6.3.8; https://serhatburke.miroglu.net"
107.151.163.104 - - [26/Apr/2026:17:08:20 +0300] "POST /xmlrpc.php HTTP/1.1" 500 745 "-" "Mozilla/5.0 (Windows NT 10.0; Win64; x64) AppleWebKit/537.36 (KHTML, like Gecko) Chrome/114.0.0.0 Safari/537.36"
185.216.113.70 - - [26/Apr/2026:17:10:26 +0300] "POST /wp-cron.php?doing_wp_cron=1777212626.2008879184722900390625 HTTP/1.1" 200 448 "-" "WordPress/6.3.8; https://serhatburke.miroglu.net"
185.153.197.8 - - [26/Apr/2026:17:08:50 +0300] "POST /xmlrpc.php HTTP/1.1" 500 1102 "-" "Mozilla/5.0 (Windows NT 10.0; Win64; x64) AppleWebKit/537.36 (KHTML, like Gecko) Chrome/114.0.0.0 Safari/537.36"
185.216.113.70 - - [26/Apr/2026:17:10:47 +0300] "POST /wp-cron.php?doing_wp_cron=1777212647.2455079555511474609375 HTTP/1.1" 200 448 "-" "WordPress/6.3.8; https://serhatburke.miroglu.net"
185.153.197.137 - - [26/Apr/2026:17:08:54 +0300] "POST /xmlrpc.php HTTP/1.1" 200 627 "-" "Mozilla/5.0 (Windows NT 10.0; Win64; x64) AppleWebKit/537.36 (KHTML, like Gecko) Chrome/114.0.0.0 Safari/537.36"
185.216.113.70 - - [26/Apr/2026:17:10:49 +0300] "POST /wp-cron.php?doing_wp_cron=1777212649.4093499183654785156250 HTTP/1.1" 200 448 "-" "WordPress/6.3.8; https://serhatburke.miroglu.net"
185.153.197.137 - - [26/Apr/2026:17:08:51 +0300] "GET /best-5-lowest-deposit-gambling-enterprises-2024-score-bonuses/ HTTP/1.1" 404 59080 "-" "Mozilla/5.0 (Windows NT 10.0; Win64; x64; rv:124.0) Gecko/20100101 Firefox/124.0"
185.216.113.70 - - [26/Apr/2026:17:10:57 +0300] "POST /wp-cron.php?doing_wp_cron=1777212657.5113608837127685546875 HTTP/1.1" 200 448 "-" "WordPress/6.3.8; https://serhatburke.miroglu.net"
185.153.197.137 - - [26/Apr/2026:17:09:35 +0300] "POST /xmlrpc.php HTTP/1.1" 200 12029 "-" "Mozilla/5.0 (Windows NT 10.0; Win64; x64) AppleWebKit/537.36 (KHTML, like Gecko) Chrome/114.0.0.0 Safari/537.36"
185.216.113.70 - - [26/Apr/2026:17:11:26 +0300] "POST /wp-cron.php?doing_wp_cron=1777212673.4962980747222900390625 HTTP/1.1" 200 448 "-" "WordPress/6.3.8; https://serhatburke.miroglu.net"
185.216.113.70 - - [26/Apr/2026:17:11:26 +0300] "POST /wp-cron.php?doing_wp_cron=1777212676.0658988952636718750000 HTTP/1.1" 200 448 "-" "WordPress/6.3.8; https://serhatburke.miroglu.net"
107.151.163.104 - - [26/Apr/2026:17:09:48 +0300] "POST /xmlrpc.php HTTP/1.1" 200 14685 "-" "Mozilla/5.0 (Windows NT 10.0; Win64; x64) AppleWebKit/537.36 (KHTML, like Gecko) Chrome/114.0.0.0 Safari/537.36"
107.151.163.104 - - [26/Apr/2026:17:09:42 +0300] "POST /xmlrpc.php HTTP/1.1" 200 14711 "-" "Mozilla/5.0 (Windows NT 10.0; Win64; x64) AppleWebKit/537.36 (KHTML, like Gecko) Chrome/114.0.0.0 Safari/537.36"
185.216.113.70 - - [26/Apr/2026:17:11:42 +0300] "POST /wp-cron.php?doing_wp_cron=1777212701.8985519409179687500000 HTTP/1.1" 200 448 "-" "WordPress/6.3.8; https://serhatburke.miroglu.net"
185.153.197.8 - - [26/Apr/2026:17:10:32 +0300] "POST /xmlrpc.php HTTP/1.1" 200 14927 "-" "Mozilla/5.0 (Windows NT 10.0; Win64; x64) AppleWebKit/537.36 (KHTML, like Gecko) Chrome/114.0.0.0 Safari/537.36"
185.216.113.70 - - [26/Apr/2026:17:12:01 +0300] "POST /wp-cron.php?doing_wp_cron=1777212721.4216170310974121093750 HTTP/1.1" 200 448 "-" "WordPress/6.3.8; https://serhatburke.miroglu.net"
185.153.197.137 - - [26/Apr/2026:17:10:58 +0300] "GET /100-percent-free-online-casino-games-online-zero-install-play-today/ HTTP/1.1" 200 76893 "-" "Mozilla/5.0 (Windows NT 10.0; rv:125.0) Gecko/20100101 Firefox/125.0"
185.216.113.70 - - [26/Apr/2026:17:12:14 +0300] "POST /wp-cron.php?doing_wp_cron=1777212733.9177000522613525390625 HTTP/1.1" 200 448 "-" "WordPress/6.3.8; https://serhatburke.miroglu.net"
165.231.98.175 - - [26/Apr/2026:17:11:17 +0300] "GET /zotabet-casino-bonus-premier-depot-2026/ HTTP/1.1" 200 19293 "-" "Mozilla/5.0 (compatible; Googlebot/2.1; +http://www.google.com/bot.html)"
185.216.113.70 - - [26/Apr/2026:17:12:25 +0300] "POST /wp-cron.php?doing_wp_cron=1777212745.3970708847045898437500 HTTP/1.1" 200 448 "-" "WordPress/6.3.8; https://serhatburke.miroglu.net"
107.151.163.104 - - [26/Apr/2026:17:11:27 +0300] "POST /xmlrpc.php HTTP/1.1" 200 14711 "-" "Mozilla/5.0 (Windows NT 10.0; Win64; x64) AppleWebKit/537.36 (KHTML, like Gecko) Chrome/114.0.0.0 Safari/537.36"
185.216.113.70 - - [26/Apr/2026:17:12:26 +0300] "POST /wp-cron.php?doing_wp_cron=1777212746.3215429782867431640625 HTTP/1.1" 200 448 "-" "WordPress/6.3.8; https://serhatburke.miroglu.net"
107.151.163.104 - - [26/Apr/2026:17:11:28 +0300] "GET /?p=138830 HTTP/1.1" 301 674 "-" "Mozilla/5.0 (Windows NT 10.0; Win64; x64; rv:125.0) Gecko/20100101 Firefox/125.0"
185.153.197.8 - - [26/Apr/2026:17:11:42 +0300] "GET /cashapillar-casino-slot-games-100-line-15-100-percent-free-revolves-in-the-3x-multiplier/ HTTP/1.1" 200 80164 "-" "Mozilla/5.0 (Windows NT 10.0; Win64; x64) AppleWebKit/537.36 (KHTML, like Gecko) Chrome/123.0.0.0 Safari/537.36 OPR/109.0.0.0"
107.151.163.104 - - [26/Apr/2026:17:12:28 +0300] "GET /fantastic-dragon-seafood-1bet-casino-game-on-the-web-for-the-cellular-by-playgd-mobi/ HTTP/1.1" 200 79793 "-" "Mozilla/5.0 (Windows NT 10.0; Win64; x64; rv:125.0) Gecko/20100101 Firefox/125.0"
107.151.163.104 - - [26/Apr/2026:17:12:27 +0300] "GET /play-fantastic-lotto-madness-slot-machine-goddess-position-for-free-remark-and-you-may-bonus-info/ HTTP/1.1" 200 80361 "-" "Mozilla/5.0 (Windows NT 10.0; Win64; x64; rv:124.0) Gecko/20100101 Firefox/124.0"
84.200.80.218 - - [26/Apr/2026:17:12:39 +0300] "POST /xmlrpc.php HTTP/1.1" 200 191820 "-" "Mozilla/5.0 (Windows NT 10.0; WOW64) AppleWebKit/537.36 (KHTML, like Gecko) Chrome/114.0.0.0 Safari/537.36 Vivaldi/5.3.2679.68"
84.200.80.218 - - [26/Apr/2026:17:13:07 +0300] "POST /xmlrpc.php HTTP/1.1" 200 486 "-" "Mozilla/5.0 (Windows NT 10.0; WOW64) AppleWebKit/537.36 (KHTML, like Gecko) Chrome/114.0.0.0 Safari/537.36 Vivaldi/5.3.2679.68"
84.200.80.218 - - [26/Apr/2026:17:13:20 +0300] "POST /xmlrpc.php HTTP/1.1" 200 489 "-" "Mozilla/5.0 (Windows NT 10.0; WOW64) AppleWebKit/537.36 (KHTML, like Gecko) Chrome/114.0.0.0 Safari/537.36 Vivaldi/5.3.2679.68"
185.216.113.70 - - [26/Apr/2026:17:13:44 +0300] "POST /wp-cron.php?doing_wp_cron=1777212824.7775349617004394531250 HTTP/1.1" 200 448 "-" "WordPress/6.3.8; https://serhatburke.miroglu.net"
84.200.80.218 - - [26/Apr/2026:17:13:33 +0300] "POST /xmlrpc.php HTTP/1.1" 200 229916 "-" "Mozilla/5.0 (Windows NT 10.0; WOW64) AppleWebKit/537.36 (KHTML, like Gecko) Chrome/114.0.0.0 Safari/537.36 Vivaldi/5.3.2679.68"
185.216.113.70 - - [26/Apr/2026:17:14:40 +0300] "POST /wp-cron.php?doing_wp_cron=1777212880.5793879032135009765625 HTTP/1.1" 200 448 "-" "WordPress/6.3.8; https://serhatburke.miroglu.net"
40.77.167.53 - - [26/Apr/2026:17:14:28 +0300] "GET /fixed-totally-free-spins-to-your-jurassic-playground-rates-securities-fixed-costs-examining-membership/ HTTP/2" 200 20183 "-" "Mozilla/5.0 AppleWebKit/537.36 (KHTML, like Gecko; compatible; bingbot/2.0; +http://www.bing.com/bingbot.htm) Chrome/116.0.1938.76 Safari/537.36"
66.249.73.1 - - [26/Apr/2026:17:14:43 +0300] "GET /n-yax-azrbaycan-kazinolar-2026-slot-oyunlar-v-turnirlr3205/ HTTP/1.1" 200 18585 "-" "Mozilla/5.0 (Linux; Android 6.0.1; Nexus 5X Build/MMB29P) AppleWebKit/537.36 (KHTML, like Gecko) Chrome/146.0.7680.177 Mobile Safari/537.36 (compatible; Googlebot/2.1; +http://www.google.com/bot.html)"
66.249.73.1 - - [26/Apr/2026:17:14:44 +0300] "GET /up-x-onlain-kazino-bonusy328-2/ HTTP/1.1" 200 19335 "-" "Mozilla/5.0 (Linux; Android 6.0.1; Nexus 5X Build/MMB29P) AppleWebKit/537.36 (KHTML, like Gecko) Chrome/146.0.7680.177 Mobile Safari/537.36 (compatible; Googlebot/2.1; +http://www.google.com/bot.html)"
185.216.113.70 - - [26/Apr/2026:17:15:59 +0300] "POST /wp-cron.php?doing_wp_cron=1777212959.7891170978546142578125 HTTP/1.1" 200 448 "-" "WordPress/6.3.8; https://serhatburke.miroglu.net"
216.73.217.81 - - [26/Apr/2026:17:15:47 +0300] "GET /robots.txt HTTP/2" 200 110 "-" "Mozilla/5.0 AppleWebKit/537.36 (KHTML, like Gecko; compatible; ClaudeBot/1.0; +claudebot@anthropic.com)"
66.249.73.14 - - [26/Apr/2026:17:15:57 +0300] "GET /n-yax-azrbaycan-kazinolar-2026-slot-oyunlar-v-turnirlr3205/undefined?ts=1775520000 HTTP/1.1" 200 0 "https://serhatburke.miroglu.net/n-yax-azrbaycan-kazinolar-2026-slot-oyunlar-v-turnirlr3205/" "Mozilla/5.0 (Linux; Android 6.0.1; Nexus 5X Build/MMB29P) AppleWebKit/537.36 (KHTML, like Gecko) Chrome/146.0.7680.177 Mobile Safari/537.36 (compatible; Googlebot/2.1; +http://www.google.com/bot.html)"
216.73.217.81 - - [26/Apr/2026:17:16:00 +0300] "GET /sitemap.rss HTTP/2" 200 0 "-" "Mozilla/5.0 AppleWebKit/537.36 (KHTML, like Gecko; compatible; ClaudeBot/1.0; +claudebot@anthropic.com)"
185.216.113.70 - - [26/Apr/2026:17:21:12 +0300] "POST /wp-cron.php?doing_wp_cron=1777213271.9268090724945068359375 HTTP/1.1" 200 448 "-" "WordPress/6.3.8; https://serhatburke.miroglu.net"
40.77.178.174 - - [26/Apr/2026:17:20:59 +0300] "GET /100-50-30-freispielen-as-part-of-frischen-casinos-verdopple-casino-bust-the-bank-deine-gewinne/ HTTP/2" 200 19458 "-" "Mozilla/5.0 AppleWebKit/537.36 (KHTML, like Gecko; compatible; bingbot/2.0; +http://www.bing.com/bingbot.htm) Chrome/136.0.0.0 Safari/537.36"
185.216.113.70 - - [26/Apr/2026:17:21:54 +0300] "POST /wp-cron.php?doing_wp_cron=1777213314.1251699924468994140625 HTTP/1.1" 200 448 "-" "WordPress/6.3.8; https://serhatburke.miroglu.net"
40.77.167.3 - - [26/Apr/2026:17:21:42 +0300] "GET /100-50-30-freispielen-as-part-of-frischen-casinos-verdopple-casino-bust-the-bank-deine-gewinne/undefined?ts=1777213274 HTTP/2" 404 14399 "-" "Mozilla/5.0 AppleWebKit/537.36 (KHTML, like Gecko; compatible; bingbot/2.0; +http://www.bing.com/bingbot.htm) Chrome/116.0.1938.76 Safari/537.36"
52.167.144.236 - - [26/Apr/2026:17:21:55 +0300] "GET /100-50-30-freispielen-as-part-of-frischen-casinos-verdopple-casino-bust-the-bank-deine-gewinne/undefined?ts=1777213274 HTTP/2" 404 14399 "-" "Mozilla/5.0 AppleWebKit/537.36 (KHTML, like Gecko; compatible; bingbot/2.0; +http://www.bing.com/bingbot.htm) Chrome/116.0.1938.76 Safari/537.36"
52.167.144.236 - - [26/Apr/2026:17:22:07 +0300] "GET /100-50-30-freispielen-as-part-of-frischen-casinos-verdopple-casino-bust-the-bank-deine-gewinne/undefined?ts=1777213274 HTTP/2" 404 14453 "-" "Mozilla/5.0 AppleWebKit/537.36 (KHTML, like Gecko; compatible; bingbot/2.0; +http://www.bing.com/bingbot.htm) Chrome/116.0.1938.76 Safari/537.36"
40.77.167.158 - - [26/Apr/2026:17:22:12 +0300] "GET /tronscan-maximizing-your-crypto-efficiency-and-insights/ HTTP/2" 200 18159 "-" "Mozilla/5.0 AppleWebKit/537.36 (KHTML, like Gecko; compatible; bingbot/2.0; +http://www.bing.com/bingbot.htm) Chrome/116.0.1938.76 Safari/537.36"
52.167.144.236 - - [26/Apr/2026:17:22:20 +0300] "GET /100-50-30-freispielen-as-part-of-frischen-casinos-verdopple-casino-bust-the-bank-deine-gewinne/undefined?ts=1777213274 HTTP/2" 404 14399 "-" "Mozilla/5.0 AppleWebKit/537.36 (KHTML, like Gecko; compatible; bingbot/2.0; +http://www.bing.com/bingbot.htm) Chrome/116.0.1938.76 Safari/537.36"
40.77.167.158 - - [26/Apr/2026:17:22:25 +0300] "GET /100-50-30-freispielen-as-part-of-frischen-casinos-verdopple-casino-bust-the-bank-deine-gewinne/undefined?ts=1777213281 HTTP/2" 404 14409 "-" "Mozilla/5.0 AppleWebKit/537.36 (KHTML, like Gecko; compatible; bingbot/2.0; +http://www.bing.com/bingbot.htm) Chrome/116.0.1938.76 Safari/537.36"
185.216.113.70 - - [26/Apr/2026:17:22:46 +0300] "POST /wp-cron.php?doing_wp_cron=1777213366.4279639720916748046875 HTTP/1.1" 200 448 "-" "WordPress/6.3.8; https://serhatburke.miroglu.net"
52.167.144.236 - - [26/Apr/2026:17:22:33 +0300] "GET /100-50-30-freispielen-as-part-of-frischen-casinos-verdopple-casino-bust-the-bank-deine-gewinne/undefined?ts=1777213274 HTTP/2" 404 14399 "-" "Mozilla/5.0 AppleWebKit/537.36 (KHTML, like Gecko; compatible; bingbot/2.0; +http://www.bing.com/bingbot.htm) Chrome/116.0.1938.76 Safari/537.36"
40.77.167.158 - - [26/Apr/2026:17:22:37 +0300] "GET /100-50-30-freispielen-as-part-of-frischen-casinos-verdopple-casino-bust-the-bank-deine-gewinne/undefined?ts=1777213281 HTTP/2" 404 14409 "-" "Mozilla/5.0 AppleWebKit/537.36 (KHTML, like Gecko; compatible; bingbot/2.0; +http://www.bing.com/bingbot.htm) Chrome/116.0.1938.76 Safari/537.36"
40.77.167.158 - - [26/Apr/2026:17:22:41 +0300] "GET /100-50-30-freispielen-as-part-of-frischen-casinos-verdopple-casino-bust-the-bank-deine-gewinne/undefined?ts=1777213281 HTTP/2" 404 14409 "-" "Mozilla/5.0 AppleWebKit/537.36 (KHTML, like Gecko; compatible; bingbot/2.0; +http://www.bing.com/bingbot.htm) Chrome/116.0.1938.76 Safari/537.36"
40.77.167.158 - - [26/Apr/2026:17:22:54 +0300] "GET /100-50-30-freispielen-as-part-of-frischen-casinos-verdopple-casino-bust-the-bank-deine-gewinne/undefined?ts=1777213285 HTTP/2" 404 14402 "-" "Mozilla/5.0 AppleWebKit/537.36 (KHTML, like Gecko; compatible; bingbot/2.0; +http://www.bing.com/bingbot.htm) Chrome/116.0.1938.76 Safari/537.36"
40.77.167.158 - - [26/Apr/2026:17:22:59 +0300] "GET /100-50-30-freispielen-as-part-of-frischen-casinos-verdopple-casino-bust-the-bank-deine-gewinne/undefined?ts=1777213285 HTTP/2" 404 14402 "-" "Mozilla/5.0 AppleWebKit/537.36 (KHTML, like Gecko; compatible; bingbot/2.0; +http://www.bing.com/bingbot.htm) Chrome/116.0.1938.76 Safari/537.36"
40.77.167.158 - - [26/Apr/2026:17:23:09 +0300] "GET /100-50-30-freispielen-as-part-of-frischen-casinos-verdopple-casino-bust-the-bank-deine-gewinne/undefined?ts=1777213285 HTTP/2" 404 14402 "-" "Mozilla/5.0 AppleWebKit/537.36 (KHTML, like Gecko; compatible; bingbot/2.0; +http://www.bing.com/bingbot.htm) Chrome/116.0.1938.76 Safari/537.36"
40.77.167.158 - - [26/Apr/2026:17:23:12 +0300] "GET /100-50-30-freispielen-as-part-of-frischen-casinos-verdopple-casino-bust-the-bank-deine-gewinne/undefined?ts=1777213290 HTTP/2" 404 14408 "-" "Mozilla/5.0 AppleWebKit/537.36 (KHTML, like Gecko; compatible; bingbot/2.0; +http://www.bing.com/bingbot.htm) Chrome/116.0.1938.76 Safari/537.36"
40.77.167.158 - - [26/Apr/2026:17:23:14 +0300] "GET /100-50-30-freispielen-as-part-of-frischen-casinos-verdopple-casino-bust-the-bank-deine-gewinne/undefined?ts=1777213290 HTTP/2" 404 14408 "-" "Mozilla/5.0 AppleWebKit/537.36 (KHTML, like Gecko; compatible; bingbot/2.0; +http://www.bing.com/bingbot.htm) Chrome/116.0.1938.76 Safari/537.36"
52.167.144.236 - - [26/Apr/2026:17:23:17 +0300] "GET /100-50-30-freispielen-as-part-of-frischen-casinos-verdopple-casino-bust-the-bank-deine-gewinne/undefined?ts=1777213274 HTTP/2" 404 14399 "-" "Mozilla/5.0 AppleWebKit/537.36 (KHTML, like Gecko; compatible; bingbot/2.0; +http://www.bing.com/bingbot.htm) Chrome/116.0.1938.76 Safari/537.36"
185.216.113.70 - - [26/Apr/2026:17:23:48 +0300] "POST /wp-cron.php?doing_wp_cron=1777213428.6168630123138427734375 HTTP/1.1" 200 448 "-" "WordPress/6.3.8; https://serhatburke.miroglu.net"
40.77.167.158 - - [26/Apr/2026:17:23:34 +0300] "GET /100-50-30-freispielen-as-part-of-frischen-casinos-verdopple-casino-bust-the-bank-deine-gewinne/undefined?ts=1777213290 HTTP/2" 404 14408 "-" "Mozilla/5.0 AppleWebKit/537.36 (KHTML, like Gecko; compatible; bingbot/2.0; +http://www.bing.com/bingbot.htm) Chrome/116.0.1938.76 Safari/537.36"
52.167.144.236 - - [26/Apr/2026:17:23:36 +0300] "GET /100-50-30-freispielen-as-part-of-frischen-casinos-verdopple-casino-bust-the-bank-deine-gewinne/undefined?ts=1777213274 HTTP/2" 404 14399 "-" "Mozilla/5.0 AppleWebKit/537.36 (KHTML, like Gecko; compatible; bingbot/2.0; +http://www.bing.com/bingbot.htm) Chrome/116.0.1938.76 Safari/537.36"
52.167.144.175 - - [26/Apr/2026:17:23:43 +0300] "GET /h1-discover-tronscan-your-key-to-comprehensive-crypto-tracking-h1/ HTTP/2" 200 17676 "-" "Mozilla/5.0 AppleWebKit/537.36 (KHTML, like Gecko; compatible; bingbot/2.0; +http://www.bing.com/bingbot.htm) Chrome/116.0.1938.76 Safari/537.36"
52.167.144.236 - - [26/Apr/2026:17:23:52 +0300] "GET /100-50-30-freispielen-as-part-of-frischen-casinos-verdopple-casino-bust-the-bank-deine-gewinne/undefined?ts=1777213274 HTTP/2" 404 14399 "-" "Mozilla/5.0 AppleWebKit/537.36 (KHTML, like Gecko; compatible; bingbot/2.0; +http://www.bing.com/bingbot.htm) Chrome/116.0.1938.76 Safari/537.36"
52.167.144.175 - - [26/Apr/2026:17:24:02 +0300] "GET /fortune-tiger-jogo-do-tigre-belzebu-acessivel-como-como-login-oscar-spin-portugal-aprestar/ HTTP/2" 200 19968 "-" "Mozilla/5.0 AppleWebKit/537.36 (KHTML, like Gecko; compatible; bingbot/2.0; +http://www.bing.com/bingbot.htm) Chrome/116.0.1938.76 Safari/537.36"
52.167.144.175 - - [26/Apr/2026:17:24:13 +0300] "GET /100-50-30-freispielen-as-part-of-frischen-casinos-verdopple-casino-bust-the-bank-deine-gewinne/undefined?ts=1777213277 HTTP/2" 404 14408 "-" "Mozilla/5.0 AppleWebKit/537.36 (KHTML, like Gecko; compatible; bingbot/2.0; +http://www.bing.com/bingbot.htm) Chrome/116.0.1938.76 Safari/537.36"
52.167.144.175 - - [26/Apr/2026:17:24:17 +0300] "GET /100-50-30-freispielen-as-part-of-frischen-casinos-verdopple-casino-bust-the-bank-deine-gewinne/undefined?ts=1777213277 HTTP/2" 404 14408 "-" "Mozilla/5.0 AppleWebKit/537.36 (KHTML, like Gecko; compatible; bingbot/2.0; +http://www.bing.com/bingbot.htm) Chrome/116.0.1938.76 Safari/537.36"
52.167.144.175 - - [26/Apr/2026:17:24:25 +0300] "GET /100-50-30-freispielen-as-part-of-frischen-casinos-verdopple-casino-bust-the-bank-deine-gewinne/undefined?ts=1777213277 HTTP/2" 404 14408 "-" "Mozilla/5.0 AppleWebKit/537.36 (KHTML, like Gecko; compatible; bingbot/2.0; +http://www.bing.com/bingbot.htm) Chrome/116.0.1938.76 Safari/537.36"
185.216.113.70 - - [26/Apr/2026:17:24:42 +0300] "POST /wp-cron.php?doing_wp_cron=1777213482.1184790134429931640625 HTTP/1.1" 200 448 "-" "WordPress/6.3.8; https://serhatburke.miroglu.net"
52.167.144.175 - - [26/Apr/2026:17:24:29 +0300] "GET /100-50-30-freispielen-as-part-of-frischen-casinos-verdopple-casino-bust-the-bank-deine-gewinne/undefined?ts=1777213279 HTTP/2" 404 14400 "-" "Mozilla/5.0 AppleWebKit/537.36 (KHTML, like Gecko; compatible; bingbot/2.0; +http://www.bing.com/bingbot.htm) Chrome/116.0.1938.76 Safari/537.36"
52.167.144.175 - - [26/Apr/2026:17:24:38 +0300] "GET /100-50-30-freispielen-as-part-of-frischen-casinos-verdopple-casino-bust-the-bank-deine-gewinne/undefined?ts=1777213280 HTTP/2" 404 14405 "-" "Mozilla/5.0 AppleWebKit/537.36 (KHTML, like Gecko; compatible; bingbot/2.0; +http://www.bing.com/bingbot.htm) Chrome/116.0.1938.76 Safari/537.36"
52.167.144.175 - - [26/Apr/2026:17:24:42 +0300] "GET /100-50-30-freispielen-as-part-of-frischen-casinos-verdopple-casino-bust-the-bank-deine-gewinne/undefined?ts=1777213280 HTTP/2" 404 14405 "-" "Mozilla/5.0 AppleWebKit/537.36 (KHTML, like Gecko; compatible; bingbot/2.0; +http://www.bing.com/bingbot.htm) Chrome/116.0.1938.76 Safari/537.36"
52.167.144.175 - - [26/Apr/2026:17:24:43 +0300] "GET /100-50-30-freispielen-as-part-of-frischen-casinos-verdopple-casino-bust-the-bank-deine-gewinne/undefined?ts=1777213286 HTTP/2" 404 14412 "-" "Mozilla/5.0 AppleWebKit/537.36 (KHTML, like Gecko; compatible; bingbot/2.0; +http://www.bing.com/bingbot.htm) Chrome/116.0.1938.76 Safari/537.36"
52.167.144.175 - - [26/Apr/2026:17:24:57 +0300] "GET /100-50-30-freispielen-as-part-of-frischen-casinos-verdopple-casino-bust-the-bank-deine-gewinne/undefined?ts=1777213286 HTTP/2" 404 14412 "-" "Mozilla/5.0 AppleWebKit/537.36 (KHTML, like Gecko; compatible; bingbot/2.0; +http://www.bing.com/bingbot.htm) Chrome/116.0.1938.76 Safari/537.36"
52.167.144.175 - - [26/Apr/2026:17:25:07 +0300] "GET /100-50-30-freispielen-as-part-of-frischen-casinos-verdopple-casino-bust-the-bank-deine-gewinne/undefined?ts=1777213286 HTTP/2" 404 14412 "-" "Mozilla/5.0 AppleWebKit/537.36 (KHTML, like Gecko; compatible; bingbot/2.0; +http://www.bing.com/bingbot.htm) Chrome/116.0.1938.76 Safari/537.36"
40.77.167.158 - - [26/Apr/2026:17:25:10 +0300] "GET /100-50-30-freispielen-as-part-of-frischen-casinos-verdopple-casino-bust-the-bank-deine-gewinne/undefined?ts=1777213290 HTTP/2" 404 14408 "-" "Mozilla/5.0 AppleWebKit/537.36 (KHTML, like Gecko; compatible; bingbot/2.0; +http://www.bing.com/bingbot.htm) Chrome/116.0.1938.76 Safari/537.36"
52.167.144.175 - - [26/Apr/2026:17:25:22 +0300] "GET /100-50-30-freispielen-as-part-of-frischen-casinos-verdopple-casino-bust-the-bank-deine-gewinne/undefined?ts=1777213286 HTTP/2" 404 14412 "-" "Mozilla/5.0 AppleWebKit/537.36 (KHTML, like Gecko; compatible; bingbot/2.0; +http://www.bing.com/bingbot.htm) Chrome/116.0.1938.76 Safari/537.36"
40.77.167.158 - - [26/Apr/2026:17:25:25 +0300] "GET /100-50-30-freispielen-as-part-of-frischen-casinos-verdopple-casino-bust-the-bank-deine-gewinne/undefined?ts=1777213290 HTTP/2" 404 14408 "-" "Mozilla/5.0 AppleWebKit/537.36 (KHTML, like Gecko; compatible; bingbot/2.0; +http://www.bing.com/bingbot.htm) Chrome/116.0.1938.76 Safari/537.36"
185.216.113.70 - - [26/Apr/2026:17:25:50 +0300] "POST /wp-cron.php?doing_wp_cron=1777213550.6233360767364501953125 HTTP/1.1" 200 448 "-" "WordPress/6.3.8; https://serhatburke.miroglu.net"
52.167.144.175 - - [26/Apr/2026:17:25:34 +0300] "GET /100-50-30-freispielen-as-part-of-frischen-casinos-verdopple-casino-bust-the-bank-deine-gewinne/undefined?ts=1777213286 HTTP/2" 404 14412 "-" "Mozilla/5.0 AppleWebKit/537.36 (KHTML, like Gecko; compatible; bingbot/2.0; +http://www.bing.com/bingbot.htm) Chrome/116.0.1938.76 Safari/537.36"
40.77.167.158 - - [26/Apr/2026:17:25:37 +0300] "GET /100-50-30-freispielen-as-part-of-frischen-casinos-verdopple-casino-bust-the-bank-deine-gewinne/undefined?ts=1777213290 HTTP/2" 404 14408 "-" "Mozilla/5.0 AppleWebKit/537.36 (KHTML, like Gecko; compatible; bingbot/2.0; +http://www.bing.com/bingbot.htm) Chrome/116.0.1938.76 Safari/537.36"
40.77.167.158 - - [26/Apr/2026:17:25:39 +0300] "GET /100-50-30-freispielen-as-part-of-frischen-casinos-verdopple-casino-bust-the-bank-deine-gewinne/undefined?ts=1777213290 HTTP/2" 404 14408 "-" "Mozilla/5.0 AppleWebKit/537.36 (KHTML, like Gecko; compatible; bingbot/2.0; +http://www.bing.com/bingbot.htm) Chrome/116.0.1938.76 Safari/537.36"
40.77.167.158 - - [26/Apr/2026:17:25:55 +0300] "GET /100-50-30-freispielen-as-part-of-frischen-casinos-verdopple-casino-bust-the-bank-deine-gewinne/undefined?ts=1777213290 HTTP/2" 404 14408 "-" "Mozilla/5.0 AppleWebKit/537.36 (KHTML, like Gecko; compatible; bingbot/2.0; +http://www.bing.com/bingbot.htm) Chrome/116.0.1938.76 Safari/537.36"
40.77.167.158 - - [26/Apr/2026:17:25:58 +0300] "GET /100-50-30-freispielen-as-part-of-frischen-casinos-verdopple-casino-bust-the-bank-deine-gewinne/undefined?ts=1777213290 HTTP/2" 404 14408 "-" "Mozilla/5.0 AppleWebKit/537.36 (KHTML, like Gecko; compatible; bingbot/2.0; +http://www.bing.com/bingbot.htm) Chrome/116.0.1938.76 Safari/537.36"
52.167.144.236 - - [26/Apr/2026:17:26:01 +0300] "GET /100-50-30-freispielen-as-part-of-frischen-casinos-verdopple-casino-bust-the-bank-deine-gewinne/undefined?ts=1777213274 HTTP/2" 404 14399 "-" "Mozilla/5.0 AppleWebKit/537.36 (KHTML, like Gecko; compatible; bingbot/2.0; +http://www.bing.com/bingbot.htm) Chrome/116.0.1938.76 Safari/537.36"
40.77.167.158 - - [26/Apr/2026:17:26:18 +0300] "GET /100-50-30-freispielen-as-part-of-frischen-casinos-verdopple-casino-bust-the-bank-deine-gewinne/undefined?ts=1777213290 HTTP/2" 404 14457 "-" "Mozilla/5.0 AppleWebKit/537.36 (KHTML, like Gecko; compatible; bingbot/2.0; +http://www.bing.com/bingbot.htm) Chrome/116.0.1938.76 Safari/537.36"
52.167.144.236 - - [26/Apr/2026:17:26:20 +0300] "GET /100-50-30-freispielen-as-part-of-frischen-casinos-verdopple-casino-bust-the-bank-deine-gewinne/undefined?ts=1777213274 HTTP/2" 404 14399 "-" "Mozilla/5.0 AppleWebKit/537.36 (KHTML, like Gecko; compatible; bingbot/2.0; +http://www.bing.com/bingbot.htm) Chrome/116.0.1938.76 Safari/537.36"
185.216.113.70 - - [26/Apr/2026:17:26:39 +0300] "POST /wp-cron.php?doing_wp_cron=1777213599.6648778915405273437500 HTTP/1.1" 200 448 "-" "WordPress/6.3.8; https://serhatburke.miroglu.net"
52.167.144.175 - - [26/Apr/2026:17:26:24 +0300] "GET /100-50-30-freispielen-as-part-of-frischen-casinos-verdopple-casino-bust-the-bank-deine-gewinne/undefined?ts=1777213286 HTTP/2" 404 14412 "-" "Mozilla/5.0 AppleWebKit/537.36 (KHTML, like Gecko; compatible; bingbot/2.0; +http://www.bing.com/bingbot.htm) Chrome/116.0.1938.76 Safari/537.36"
52.167.144.236 - - [26/Apr/2026:17:26:36 +0300] "GET /100-50-30-freispielen-as-part-of-frischen-casinos-verdopple-casino-bust-the-bank-deine-gewinne/undefined?ts=1777213275 HTTP/2" 404 14410 "-" "Mozilla/5.0 AppleWebKit/537.36 (KHTML, like Gecko; compatible; bingbot/2.0; +http://www.bing.com/bingbot.htm) Chrome/116.0.1938.76 Safari/537.36"
52.167.144.175 - - [26/Apr/2026:17:26:40 +0300] "GET /100-50-30-freispielen-as-part-of-frischen-casinos-verdopple-casino-bust-the-bank-deine-gewinne/undefined?ts=1777213288 HTTP/2" 404 14408 "-" "Mozilla/5.0 AppleWebKit/537.36 (KHTML, like Gecko; compatible; bingbot/2.0; +http://www.bing.com/bingbot.htm) Chrome/116.0.1938.76 Safari/537.36"
52.167.144.175 - - [26/Apr/2026:17:26:54 +0300] "GET /100-50-30-freispielen-as-part-of-frischen-casinos-verdopple-casino-bust-the-bank-deine-gewinne/undefined?ts=1777213288 HTTP/2" 404 14408 "-" "Mozilla/5.0 AppleWebKit/537.36 (KHTML, like Gecko; compatible; bingbot/2.0; +http://www.bing.com/bingbot.htm) Chrome/116.0.1938.76 Safari/537.36"
52.167.144.175 - - [26/Apr/2026:17:26:57 +0300] "GET /100-50-30-freispielen-as-part-of-frischen-casinos-verdopple-casino-bust-the-bank-deine-gewinne/undefined?ts=1777213288 HTTP/2" 404 14457 "-" "Mozilla/5.0 AppleWebKit/537.36 (KHTML, like Gecko; compatible; bingbot/2.0; +http://www.bing.com/bingbot.htm) Chrome/116.0.1938.76 Safari/537.36"
52.167.144.175 - - [26/Apr/2026:17:27:07 +0300] "GET /100-50-30-freispielen-as-part-of-frischen-casinos-verdopple-casino-bust-the-bank-deine-gewinne/undefined?ts=1777213288 HTTP/2" 404 14408 "-" "Mozilla/5.0 AppleWebKit/537.36 (KHTML, like Gecko; compatible; bingbot/2.0; +http://www.bing.com/bingbot.htm) Chrome/116.0.1938.76 Safari/537.36"
52.167.144.175 - - [26/Apr/2026:17:27:10 +0300] "GET /100-50-30-freispielen-as-part-of-frischen-casinos-verdopple-casino-bust-the-bank-deine-gewinne/undefined?ts=1777213288 HTTP/2" 404 14408 "-" "Mozilla/5.0 AppleWebKit/537.36 (KHTML, like Gecko; compatible; bingbot/2.0; +http://www.bing.com/bingbot.htm) Chrome/116.0.1938.76 Safari/537.36"
52.167.144.175 - - [26/Apr/2026:17:27:20 +0300] "GET /100-50-30-freispielen-as-part-of-frischen-casinos-verdopple-casino-bust-the-bank-deine-gewinne/undefined?ts=1777213288 HTTP/2" 404 14408 "-" "Mozilla/5.0 AppleWebKit/537.36 (KHTML, like Gecko; compatible; bingbot/2.0; +http://www.bing.com/bingbot.htm) Chrome/116.0.1938.76 Safari/537.36"
185.216.113.70 - - [26/Apr/2026:17:27:44 +0300] "POST /wp-cron.php?doing_wp_cron=1777213664.5069890022277832031250 HTTP/1.1" 200 448 "-" "WordPress/6.3.8; https://serhatburke.miroglu.net"
52.167.144.175 - - [26/Apr/2026:17:27:23 +0300] "GET /100-50-30-freispielen-as-part-of-frischen-casinos-verdopple-casino-bust-the-bank-deine-gewinne/undefined?ts=1777213288 HTTP/2" 404 14408 "-" "Mozilla/5.0 AppleWebKit/537.36 (KHTML, like Gecko; compatible; bingbot/2.0; +http://www.bing.com/bingbot.htm) Chrome/116.0.1938.76 Safari/537.36"
52.167.144.175 - - [26/Apr/2026:17:27:23 +0300] "GET /100-50-30-freispielen-as-part-of-frischen-casinos-verdopple-casino-bust-the-bank-deine-gewinne/undefined?ts=1777213288 HTTP/2" 404 14407 "-" "Mozilla/5.0 AppleWebKit/537.36 (KHTML, like Gecko; compatible; bingbot/2.0; +http://www.bing.com/bingbot.htm) Chrome/116.0.1938.76 Safari/537.36"
216.73.217.81 - - [26/Apr/2026:17:27:36 +0300] "GET /sitemap.xml HTTP/2" 200 0 "-" "Mozilla/5.0 AppleWebKit/537.36 (KHTML, like Gecko; compatible; ClaudeBot/1.0; +claudebot@anthropic.com)"
40.77.167.158 - - [26/Apr/2026:17:27:37 +0300] "GET /100-50-30-freispielen-as-part-of-frischen-casinos-verdopple-casino-bust-the-bank-deine-gewinne/undefined?ts=1777213290 HTTP/2" 404 14408 "-" "Mozilla/5.0 AppleWebKit/537.36 (KHTML, like Gecko; compatible; bingbot/2.0; +http://www.bing.com/bingbot.htm) Chrome/116.0.1938.76 Safari/537.36"
52.167.144.175 - - [26/Apr/2026:17:27:38 +0300] "GET /100-50-30-freispielen-as-part-of-frischen-casinos-verdopple-casino-bust-the-bank-deine-gewinne/undefined?ts=1777213288 HTTP/2" 404 14408 "-" "Mozilla/5.0 AppleWebKit/537.36 (KHTML, like Gecko; compatible; bingbot/2.0; +http://www.bing.com/bingbot.htm) Chrome/116.0.1938.76 Safari/537.36"
52.167.144.175 - - [26/Apr/2026:17:27:45 +0300] "GET /100-50-30-freispielen-as-part-of-frischen-casinos-verdopple-casino-bust-the-bank-deine-gewinne/undefined?ts=1777213288 HTTP/2" 404 14408 "-" "Mozilla/5.0 AppleWebKit/537.36 (KHTML, like Gecko; compatible; bingbot/2.0; +http://www.bing.com/bingbot.htm) Chrome/116.0.1938.76 Safari/537.36"
40.77.167.158 - - [26/Apr/2026:17:28:03 +0300] "GET /100-50-30-freispielen-as-part-of-frischen-casinos-verdopple-casino-bust-the-bank-deine-gewinne/undefined?ts=1777213290 HTTP/2" 404 14457 "-" "Mozilla/5.0 AppleWebKit/537.36 (KHTML, like Gecko; compatible; bingbot/2.0; +http://www.bing.com/bingbot.htm) Chrome/116.0.1938.76 Safari/537.36"
40.77.167.158 - - [26/Apr/2026:17:28:07 +0300] "GET /100-50-30-freispielen-as-part-of-frischen-casinos-verdopple-casino-bust-the-bank-deine-gewinne/undefined?ts=1777213290 HTTP/2" 404 14408 "-" "Mozilla/5.0 AppleWebKit/537.36 (KHTML, like Gecko; compatible; bingbot/2.0; +http://www.bing.com/bingbot.htm) Chrome/116.0.1938.76 Safari/537.36"
185.153.197.8 - - [26/Apr/2026:17:28:14 +0300] "POST /xmlrpc.php HTTP/1.1" 200 630 "-" "Mozilla/5.0 (Windows NT 10.0; Win64; x64) AppleWebKit/537.36 (KHTML, like Gecko) Chrome/114.0.0.0 Safari/537.36"
185.216.113.70 - - [26/Apr/2026:17:28:46 +0300] "POST /wp-cron.php?doing_wp_cron=1777213726.5207240581512451171875 HTTP/1.1" 200 448 "-" "WordPress/6.3.8; https://serhatburke.miroglu.net"
40.77.167.158 - - [26/Apr/2026:17:28:19 +0300] "GET /100-50-30-freispielen-as-part-of-frischen-casinos-verdopple-casino-bust-the-bank-deine-gewinne/undefined?ts=1777213290 HTTP/2" 404 14408 "-" "Mozilla/5.0 AppleWebKit/537.36 (KHTML, like Gecko; compatible; bingbot/2.0; +http://www.bing.com/bingbot.htm) Chrome/116.0.1938.76 Safari/537.36"
40.77.167.158 - - [26/Apr/2026:17:28:22 +0300] "GET /100-50-30-freispielen-as-part-of-frischen-casinos-verdopple-casino-bust-the-bank-deine-gewinne/undefined?ts=1777213290 HTTP/2" 404 14408 "-" "Mozilla/5.0 AppleWebKit/537.36 (KHTML, like Gecko; compatible; bingbot/2.0; +http://www.bing.com/bingbot.htm) Chrome/116.0.1938.76 Safari/537.36"
52.167.144.236 - - [26/Apr/2026:17:28:22 +0300] "GET /category-sitemap.xml HTTP/2" 200 3201 "-" "Mozilla/5.0 AppleWebKit/537.36 (KHTML, like Gecko; compatible; bingbot/2.0; +http://www.bing.com/bingbot.htm) Chrome/116.0.1938.76 Safari/537.36"
52.167.144.236 - - [26/Apr/2026:17:28:27 +0300] "GET /100-50-30-freispielen-as-part-of-frischen-casinos-verdopple-casino-bust-the-bank-deine-gewinne/undefined?ts=1777213275 HTTP/2" 404 14410 "-" "Mozilla/5.0 AppleWebKit/537.36 (KHTML, like Gecko; compatible; bingbot/2.0; +http://www.bing.com/bingbot.htm) Chrome/116.0.1938.76 Safari/537.36"
42.60.182.199 - - [26/Apr/2026:17:28:38 +0300] "GET /28563-2/ HTTP/1.1" 200 0 "https://serhatburke.miroglu.net/" "Mozilla/5.0 (Windows NT 10.0; Win64; x64; rv:148.0) Gecko/20100101 Firefox/148.0"
185.153.197.8 - - [26/Apr/2026:17:28:42 +0300] "POST /xmlrpc.php HTTP/1.1" 200 17836 "-" "Mozilla/5.0 (Windows NT 10.0; Win64; x64) AppleWebKit/537.36 (KHTML, like Gecko) Chrome/114.0.0.0 Safari/537.36"
52.167.144.175 - - [26/Apr/2026:17:28:43 +0300] "GET /100-50-30-freispielen-as-part-of-frischen-casinos-verdopple-casino-bust-the-bank-deine-gewinne/undefined?ts=1777213288 HTTP/2" 404 14408 "-" "Mozilla/5.0 AppleWebKit/537.36 (KHTML, like Gecko; compatible; bingbot/2.0; +http://www.bing.com/bingbot.htm) Chrome/116.0.1938.76 Safari/537.36"
160.176.253.190 - - [26/Apr/2026:17:28:54 +0300] "GET /28563-2/ HTTP/1.1" 200 0 "https://serhatburke.miroglu.net/" "Mozilla/5.0 (Windows NT 10.0; Win64; x64; rv:148.0) Gecko/20100101 Firefox/148.0"
