5.157.55.211 - - [26/Apr/2026:21:13:10 +0300] "GET /wp-login.php HTTP/1.1" 200 3751 "https://serhatburke.miroglu.net/6-days-to-improving-the-best-way-you-1xbet-%d0%b7%d0%b5%d1%80%d0%ba%d0%b0%d0%bb%d0%be/" "Mozilla/5.0 (Windows NT 6.3; Win64; x64) AppleWebKit/537.36 (KHTML, like Gecko) Chrome/103.0.0.0 Safari/537.36"
185.216.113.70 - - [26/Apr/2026:21:13:48 +0300] "POST /wp-cron.php?doing_wp_cron=1777227228.6391990184783935546875 HTTP/1.1" 200 448 "-" "WordPress/6.3.8; https://serhatburke.miroglu.net"
185.216.113.70 - - [26/Apr/2026:21:13:48 +0300] "POST /wp-cron.php?doing_wp_cron=1777227227.6252539157867431640625 HTTP/1.1" 200 448 "-" "WordPress/6.3.8; https://serhatburke.miroglu.net"
185.216.113.70 - - [26/Apr/2026:21:13:48 +0300] "POST /wp-cron.php?doing_wp_cron=1777227226.8675179481506347656250 HTTP/1.1" 200 448 "-" "WordPress/6.3.8; https://serhatburke.miroglu.net"
5.157.55.211 - - [26/Apr/2026:21:13:30 +0300] "GET /wp-login.php HTTP/1.1" 200 3751 "https://serhatburke.miroglu.net/wp-login.php" "Mozilla/5.0 (Windows NT 6.3; Win64; x64) AppleWebKit/537.36 (KHTML, like Gecko) Chrome/103.0.0.0 Safari/537.36"
103.219.169.181 - - [26/Apr/2026:21:13:28 +0300] "POST /xmlrpc.php HTTP/1.1" 200 16372 "-" "Mozilla/5.0 (Windows NT 10.0; Win64; x64) AppleWebKit/537.36 (KHTML, like Gecko) Chrome/114.0.0.0 Safari/537.36"
5.157.55.211 - - [26/Apr/2026:21:13:49 +0300] "GET /wp-includes/css/dashicons.min.css?ver=6.3.8 HTTP/1.1" 200 35725 "https://serhatburke.miroglu.net/wp-login.php" "Mozilla/5.0 (Windows NT 10.0; Win64; x64) AppleWebKit/537.36 (KHTML, like Gecko) Chrome/145.0.0.0 Safari/537.36"
196.196.160.113 - - [26/Apr/2026:21:13:28 +0300] "GET /cat-casino-for-dollars-seminar/ HTTP/1.1" 200 23025 "https://serhatburke.miroglu.net/" "Mozilla/5.0 (X11; Linux x86_64) AppleWebKit/537.36 (KHTML, like Gecko) Chrome/145.0.0.0 Safari/537.36"
5.157.55.211 - - [26/Apr/2026:21:13:50 +0300] "GET /wp-includes/css/buttons.min.css?ver=6.3.8 HTTP/1.1" 200 1869 "https://serhatburke.miroglu.net/wp-login.php" "Mozilla/5.0 (Windows NT 10.0; Win64; x64) AppleWebKit/537.36 (KHTML, like Gecko) Chrome/145.0.0.0 Safari/537.36"
5.157.55.211 - - [26/Apr/2026:21:13:51 +0300] "GET /wp-admin/css/forms.min.css?ver=6.3.8 HTTP/1.1" 200 6823 "https://serhatburke.miroglu.net/wp-login.php" "Mozilla/5.0 (Windows NT 10.0; Win64; x64) AppleWebKit/537.36 (KHTML, like Gecko) Chrome/145.0.0.0 Safari/537.36"
5.157.55.211 - - [26/Apr/2026:21:13:51 +0300] "GET /wp-admin/css/l10n.min.css?ver=6.3.8 HTTP/1.1" 200 1208 "https://serhatburke.miroglu.net/wp-login.php" "Mozilla/5.0 (Windows NT 10.0; Win64; x64) AppleWebKit/537.36 (KHTML, like Gecko) Chrome/145.0.0.0 Safari/537.36"
5.157.55.211 - - [26/Apr/2026:21:13:52 +0300] "GET /wp-admin/css/login.min.css?ver=6.3.8 HTTP/1.1" 200 2562 "https://serhatburke.miroglu.net/wp-login.php" "Mozilla/5.0 (Windows NT 10.0; Win64; x64) AppleWebKit/537.36 (KHTML, like Gecko) Chrome/145.0.0.0 Safari/537.36"
17.246.23.92 - - [26/Apr/2026:21:14:06 +0300] "GET /wp-includes/css/dist/block-library/style.min.css?ver=6.3.8 HTTP/1.1" 200 14419 "https://serhatburke.miroglu.net/blackjack-geltend-hitnspin-app-android-machen-grundlagen-anleitung-fur-amateur/" "Mozilla/5.0 (Macintosh; Intel Mac OS X 10_15_7) AppleWebKit/605.1.15 (KHTML, like Gecko) Version/17.4 Safari/605.1.15 (Applebot/0.1; +http://www.apple.com/go/applebot)"
17.246.23.173 - - [26/Apr/2026:21:14:07 +0300] "GET /wp-content/themes/toppic/css/reset.css?ver=4.2 HTTP/1.1" 200 1275 "https://serhatburke.miroglu.net/blackjack-geltend-hitnspin-app-android-machen-grundlagen-anleitung-fur-amateur/" "Mozilla/5.0 (Macintosh; Intel Mac OS X 10_15_7) AppleWebKit/605.1.15 (KHTML, like Gecko) Version/17.4 Safari/605.1.15 (Applebot/0.1; +http://www.apple.com/go/applebot)"
17.246.15.59 - - [26/Apr/2026:21:14:09 +0300] "GET /wp-content/plugins/contact-form-7/includes/css/styles.css?ver=5.8 HTTP/1.1" 200 1619 "https://serhatburke.miroglu.net/blackjack-geltend-hitnspin-app-android-machen-grundlagen-anleitung-fur-amateur/" "Mozilla/5.0 (Macintosh; Intel Mac OS X 10_15_7) AppleWebKit/605.1.15 (KHTML, like Gecko) Version/17.4 Safari/605.1.15 (Applebot/0.1; +http://www.apple.com/go/applebot)"
17.246.15.151 - - [26/Apr/2026:21:14:10 +0300] "GET /wp-content/themes/toppic/style.css?ver=4.2 HTTP/1.1" 200 23964 "https://serhatburke.miroglu.net/blackjack-geltend-hitnspin-app-android-machen-grundlagen-anleitung-fur-amateur/" "Mozilla/5.0 (Macintosh; Intel Mac OS X 10_15_7) AppleWebKit/605.1.15 (KHTML, like Gecko) Version/17.4 Safari/605.1.15 (Applebot/0.1; +http://www.apple.com/go/applebot)"
17.246.15.4 - - [26/Apr/2026:21:14:12 +0300] "GET /wp-content/themes/toppic/css/default.css?ver=4.2 HTTP/1.1" 200 1951 "https://serhatburke.miroglu.net/blackjack-geltend-hitnspin-app-android-machen-grundlagen-anleitung-fur-amateur/" "Mozilla/5.0 (Macintosh; Intel Mac OS X 10_15_7) AppleWebKit/605.1.15 (KHTML, like Gecko) Version/17.4 Safari/605.1.15 (Applebot/0.1; +http://www.apple.com/go/applebot)"
17.246.23.241 - - [26/Apr/2026:21:14:13 +0300] "GET /wp-content/themes/toppic/css/fontello.css?ver=4.2 HTTP/1.1" 200 1944 "https://serhatburke.miroglu.net/blackjack-geltend-hitnspin-app-android-machen-grundlagen-anleitung-fur-amateur/" "Mozilla/5.0 (Macintosh; Intel Mac OS X 10_15_7) AppleWebKit/605.1.15 (KHTML, like Gecko) Version/17.4 Safari/605.1.15 (Applebot/0.1; +http://www.apple.com/go/applebot)"
17.246.19.249 - - [26/Apr/2026:21:14:14 +0300] "GET /wp-content/themes/toppic/css/rs-default.css?ver=4.2 HTTP/1.1" 200 2788 "https://serhatburke.miroglu.net/blackjack-geltend-hitnspin-app-android-machen-grundlagen-anleitung-fur-amateur/" "Mozilla/5.0 (Macintosh; Intel Mac OS X 10_15_7) AppleWebKit/605.1.15 (KHTML, like Gecko) Version/17.4 Safari/605.1.15 (Applebot/0.1; +http://www.apple.com/go/applebot)"
17.246.19.39 - - [26/Apr/2026:21:14:14 +0300] "GET /wp-content/themes/toppic/css/royalslider.css?ver=4.2 HTTP/1.1" 200 2007 "https://serhatburke.miroglu.net/blackjack-geltend-hitnspin-app-android-machen-grundlagen-anleitung-fur-amateur/" "Mozilla/5.0 (Macintosh; Intel Mac OS X 10_15_7) AppleWebKit/605.1.15 (KHTML, like Gecko) Version/17.4 Safari/605.1.15 (Applebot/0.1; +http://www.apple.com/go/applebot)"
17.246.19.212 - - [26/Apr/2026:21:14:15 +0300] "GET /wp-content/themes/toppic/css/lightbox.css?ver=4.2 HTTP/1.1" 200 3115 "https://serhatburke.miroglu.net/blackjack-geltend-hitnspin-app-android-machen-grundlagen-anleitung-fur-amateur/" "Mozilla/5.0 (Macintosh; Intel Mac OS X 10_15_7) AppleWebKit/605.1.15 (KHTML, like Gecko) Version/17.4 Safari/605.1.15 (Applebot/0.1; +http://www.apple.com/go/applebot)"
17.246.19.96 - - [26/Apr/2026:21:14:18 +0300] "GET /wp-content/themes/toppic/css/woocommerce.css?ver=4.2 HTTP/1.1" 200 2994 "https://serhatburke.miroglu.net/blackjack-geltend-hitnspin-app-android-machen-grundlagen-anleitung-fur-amateur/" "Mozilla/5.0 (Macintosh; Intel Mac OS X 10_15_7) AppleWebKit/605.1.15 (KHTML, like Gecko) Version/17.4 Safari/605.1.15 (Applebot/0.1; +http://www.apple.com/go/applebot)"
17.246.23.178 - - [26/Apr/2026:21:14:18 +0300] "GET /wp-includes/js/jquery/jquery.min.js?ver=3.7.0 HTTP/1.1" 200 31019 "https://serhatburke.miroglu.net/blackjack-geltend-hitnspin-app-android-machen-grundlagen-anleitung-fur-amateur/" "Mozilla/5.0 (Macintosh; Intel Mac OS X 10_15_7) AppleWebKit/605.1.15 (KHTML, like Gecko) Version/17.4 Safari/605.1.15 (Applebot/0.1; +http://www.apple.com/go/applebot)"
17.246.15.151 - - [26/Apr/2026:21:14:19 +0300] "GET /wp-content/themes/toppic/css/responsive.css?ver=4.2 HTTP/1.1" 200 2760 "https://serhatburke.miroglu.net/blackjack-geltend-hitnspin-app-android-machen-grundlagen-anleitung-fur-amateur/" "Mozilla/5.0 (Macintosh; Intel Mac OS X 10_15_7) AppleWebKit/605.1.15 (KHTML, like Gecko) Version/17.4 Safari/605.1.15 (Applebot/0.1; +http://www.apple.com/go/applebot)"
17.246.15.134 - - [26/Apr/2026:21:14:19 +0300] "GET /wp-includes/js/jquery/jquery-migrate.min.js?ver=3.4.1 HTTP/1.1" 200 5500 "https://serhatburke.miroglu.net/blackjack-geltend-hitnspin-app-android-machen-grundlagen-anleitung-fur-amateur/" "Mozilla/5.0 (Macintosh; Intel Mac OS X 10_15_7) AppleWebKit/605.1.15 (KHTML, like Gecko) Version/17.4 Safari/605.1.15 (Applebot/0.1; +http://www.apple.com/go/applebot)"
17.246.15.133 - - [26/Apr/2026:21:14:21 +0300] "GET /wp-content/plugins/roses-like-this/likesScript.js?ver=6.3.8 HTTP/1.1" 200 1342 "https://serhatburke.miroglu.net/blackjack-geltend-hitnspin-app-android-machen-grundlagen-anleitung-fur-amateur/" "Mozilla/5.0 (Macintosh; Intel Mac OS X 10_15_7) AppleWebKit/605.1.15 (KHTML, like Gecko) Version/17.4 Safari/605.1.15 (Applebot/0.1; +http://www.apple.com/go/applebot)"
17.246.19.186 - - [26/Apr/2026:21:14:21 +0300] "GET /wp-content/plugins/contact-form-7/includes/swv/js/index.js?ver=5.8 HTTP/1.1" 200 3829 "https://serhatburke.miroglu.net/blackjack-geltend-hitnspin-app-android-machen-grundlagen-anleitung-fur-amateur/" "Mozilla/5.0 (Macintosh; Intel Mac OS X 10_15_7) AppleWebKit/605.1.15 (KHTML, like Gecko) Version/17.4 Safari/605.1.15 (Applebot/0.1; +http://www.apple.com/go/applebot)"
17.246.19.163 - - [26/Apr/2026:21:14:22 +0300] "GET /wp-content/plugins/contact-form-7/includes/js/index.js?ver=5.8 HTTP/1.1" 200 4793 "https://serhatburke.miroglu.net/blackjack-geltend-hitnspin-app-android-machen-grundlagen-anleitung-fur-amateur/" "Mozilla/5.0 (Macintosh; Intel Mac OS X 10_15_7) AppleWebKit/605.1.15 (KHTML, like Gecko) Version/17.4 Safari/605.1.15 (Applebot/0.1; +http://www.apple.com/go/applebot)"
17.246.15.138 - - [26/Apr/2026:21:14:23 +0300] "GET /wp-content/themes/toppic/js/jquery.parallax.custom.js?ver=4.2 HTTP/1.1" 200 1461 "https://serhatburke.miroglu.net/blackjack-geltend-hitnspin-app-android-machen-grundlagen-anleitung-fur-amateur/" "Mozilla/5.0 (Macintosh; Intel Mac OS X 10_15_7) AppleWebKit/605.1.15 (KHTML, like Gecko) Version/17.4 Safari/605.1.15 (Applebot/0.1; +http://www.apple.com/go/applebot)"
17.246.15.151 - - [26/Apr/2026:21:14:24 +0300] "GET /wp-content/themes/toppic/js/jquery.mtree.js?ver=4.2 HTTP/1.1" 200 1444 "https://serhatburke.miroglu.net/blackjack-geltend-hitnspin-app-android-machen-grundlagen-anleitung-fur-amateur/" "Mozilla/5.0 (Macintosh; Intel Mac OS X 10_15_7) AppleWebKit/605.1.15 (KHTML, like Gecko) Version/17.4 Safari/605.1.15 (Applebot/0.1; +http://www.apple.com/go/applebot)"
17.246.19.160 - - [26/Apr/2026:21:14:25 +0300] "GET /wp-content/themes/toppic/js/jquery.tipsy.js?ver=4.2 HTTP/1.1" 200 1579 "https://serhatburke.miroglu.net/blackjack-geltend-hitnspin-app-android-machen-grundlagen-anleitung-fur-amateur/" "Mozilla/5.0 (Macintosh; Intel Mac OS X 10_15_7) AppleWebKit/605.1.15 (KHTML, like Gecko) Version/17.4 Safari/605.1.15 (Applebot/0.1; +http://www.apple.com/go/applebot)"
17.246.19.10 - - [26/Apr/2026:21:14:26 +0300] "GET /wp-content/themes/toppic/js/jquery.transit.min.js?ver=4.2 HTTP/1.1" 200 3383 "https://serhatburke.miroglu.net/blackjack-geltend-hitnspin-app-android-machen-grundlagen-anleitung-fur-amateur/" "Mozilla/5.0 (Macintosh; Intel Mac OS X 10_15_7) AppleWebKit/605.1.15 (KHTML, like Gecko) Version/17.4 Safari/605.1.15 (Applebot/0.1; +http://www.apple.com/go/applebot)"
17.246.15.168 - - [26/Apr/2026:21:14:27 +0300] "GET /wp-content/themes/toppic/js/scrollMonitor.js?ver=4.2 HTTP/1.1" 200 3278 "https://serhatburke.miroglu.net/blackjack-geltend-hitnspin-app-android-machen-grundlagen-anleitung-fur-amateur/" "Mozilla/5.0 (Macintosh; Intel Mac OS X 10_15_7) AppleWebKit/605.1.15 (KHTML, like Gecko) Version/17.4 Safari/605.1.15 (Applebot/0.1; +http://www.apple.com/go/applebot)"
17.246.15.210 - - [26/Apr/2026:21:14:29 +0300] "GET /wp-content/themes/toppic/js/jquery.touchswipe.js?ver=4.2 HTTP/1.1" 200 5522 "https://serhatburke.miroglu.net/blackjack-geltend-hitnspin-app-android-machen-grundlagen-anleitung-fur-amateur/" "Mozilla/5.0 (Macintosh; Intel Mac OS X 10_15_7) AppleWebKit/605.1.15 (KHTML, like Gecko) Version/17.4 Safari/605.1.15 (Applebot/0.1; +http://www.apple.com/go/applebot)"
17.246.15.92 - - [26/Apr/2026:21:14:30 +0300] "GET /wp-content/themes/toppic/js/jquery.modernizr.custom.js?ver=4.2 HTTP/1.1" 200 3691 "https://serhatburke.miroglu.net/blackjack-geltend-hitnspin-app-android-machen-grundlagen-anleitung-fur-amateur/" "Mozilla/5.0 (Macintosh; Intel Mac OS X 10_15_7) AppleWebKit/605.1.15 (KHTML, like Gecko) Version/17.4 Safari/605.1.15 (Applebot/0.1; +http://www.apple.com/go/applebot)"
103.219.169.181 - - [26/Apr/2026:21:13:52 +0300] "GET /slot-machines-mais-puerilidade-1000-slots-a-alternativa-jogue-acostumado/ HTTP/1.1" 200 80392 "-" "Mozilla/5.0 (Windows NT 10.0; Win64; x64) AppleWebKit/537.36 (KHTML, like Gecko) Chrome/123.0.0.0 Safari/537.36"
5.157.55.211 - - [26/Apr/2026:21:13:53 +0300] "POST /wp-login.php HTTP/1.1" 302 1537 "https://serhatburke.miroglu.net/wp-login.php" "Mozilla/5.0 (Windows NT 6.3; Win64; x64) AppleWebKit/537.36 (KHTML, like Gecko) Chrome/103.0.0.0 Safari/537.36"
17.246.19.249 - - [26/Apr/2026:21:14:31 +0300] "GET /wp-content/themes/toppic/js/jquery.kenb.js?ver=4.2 HTTP/1.1" 200 1985 "https://serhatburke.miroglu.net/blackjack-geltend-hitnspin-app-android-machen-grundlagen-anleitung-fur-amateur/" "Mozilla/5.0 (Macintosh; Intel Mac OS X 10_15_7) AppleWebKit/605.1.15 (KHTML, like Gecko) Version/17.4 Safari/605.1.15 (Applebot/0.1; +http://www.apple.com/go/applebot)"
196.196.160.113 - - [26/Apr/2026:21:13:53 +0300] "GET /wp-login.php HTTP/1.1" 200 3751 "https://serhatburke.miroglu.net/cat-casino-for-dollars-seminar/" "Mozilla/5.0 (Windows NT 6.3; Win64; x64) AppleWebKit/537.36 (KHTML, like Gecko) Chrome/103.0.0.0 Safari/537.36"
17.246.15.183 - - [26/Apr/2026:21:14:32 +0300] "GET /wp-content/themes/toppic/js/jquery.magnific-popup.min.js?ver=4.2 HTTP/1.1" 200 8226 "https://serhatburke.miroglu.net/blackjack-geltend-hitnspin-app-android-machen-grundlagen-anleitung-fur-amateur/" "Mozilla/5.0 (Macintosh; Intel Mac OS X 10_15_7) AppleWebKit/605.1.15 (KHTML, like Gecko) Version/17.4 Safari/605.1.15 (Applebot/0.1; +http://www.apple.com/go/applebot)"
17.246.23.104 - - [26/Apr/2026:21:14:33 +0300] "GET /wp-content/themes/toppic/js/jquery.custom.js?ver=4.2 HTTP/1.1" 200 9224 "https://serhatburke.miroglu.net/blackjack-geltend-hitnspin-app-android-machen-grundlagen-anleitung-fur-amateur/" "Mozilla/5.0 (Macintosh; Intel Mac OS X 10_15_7) AppleWebKit/605.1.15 (KHTML, like Gecko) Version/17.4 Safari/605.1.15 (Applebot/0.1; +http://www.apple.com/go/applebot)"
17.246.15.168 - - [26/Apr/2026:21:14:33 +0300] "GET /wp-content/themes/toppic/js/lazysizes.min.js?ver=4.2 HTTP/1.1" 200 3766 "https://serhatburke.miroglu.net/blackjack-geltend-hitnspin-app-android-machen-grundlagen-anleitung-fur-amateur/" "Mozilla/5.0 (Macintosh; Intel Mac OS X 10_15_7) AppleWebKit/605.1.15 (KHTML, like Gecko) Version/17.4 Safari/605.1.15 (Applebot/0.1; +http://www.apple.com/go/applebot)"
17.246.19.130 - - [26/Apr/2026:21:14:35 +0300] "GET /wp-content/plugins/google-analytics-for-wordpress/assets/js/frontend-gtag.min.js?ver=10.1.3 HTTP/1.1" 200 3913 "https://serhatburke.miroglu.net/blackjack-geltend-hitnspin-app-android-machen-grundlagen-anleitung-fur-amateur/" "Mozilla/5.0 (Macintosh; Intel Mac OS X 10_15_7) AppleWebKit/605.1.15 (KHTML, like Gecko) Version/17.4 Safari/605.1.15 (Applebot/0.1; +http://www.apple.com/go/applebot)"
66.249.73.15 - - [26/Apr/2026:21:14:08 +0300] "GET /mostbet-az-bukmeker-ve-kazino-mostbet-giri-rsmi-sayt29257-2/ HTTP/1.1" 200 18484 "-" "Mozilla/5.0 (Linux; Android 6.0.1; Nexus 5X Build/MMB29P) AppleWebKit/537.36 (KHTML, like Gecko) Chrome/146.0.7680.177 Mobile Safari/537.36 (compatible; Googlebot/2.1; +http://www.google.com/bot.html)"
185.216.113.70 - - [26/Apr/2026:21:14:47 +0300] "POST /wp-cron.php?doing_wp_cron=1777227287.7697379589080810546875 HTTP/1.1" 200 448 "-" "WordPress/6.3.8; https://serhatburke.miroglu.net"
196.196.160.113 - - [26/Apr/2026:21:14:32 +0300] "GET /wp-login.php HTTP/1.1" 200 3751 "https://serhatburke.miroglu.net/wp-login.php" "Mozilla/5.0 (Windows NT 6.3; Win64; x64) AppleWebKit/537.36 (KHTML, like Gecko) Chrome/103.0.0.0 Safari/537.36"
196.196.160.113 - - [26/Apr/2026:21:14:49 +0300] "GET /wp-includes/css/dashicons.min.css?ver=6.3.8 HTTP/1.1" 200 35725 "https://serhatburke.miroglu.net/wp-login.php" "Mozilla/5.0 (Windows NT 10.0; Win64; x64) AppleWebKit/537.36 (KHTML, like Gecko) Chrome/145.0.0.0 Safari/537.36"
5.157.55.211 - - [26/Apr/2026:21:14:31 +0300] "GET /wp-admin/ HTTP/1.1" 200 216141 "https://serhatburke.miroglu.net/wp-login.php" "Mozilla/5.0 (Windows NT 6.3; Win64; x64) AppleWebKit/537.36 (KHTML, like Gecko) Chrome/103.0.0.0 Safari/537.36"
66.249.73.14 - - [26/Apr/2026:21:14:42 +0300] "GET /mostbet-az-bukmeker-ve-kazino-mostbet-giri-rsmi-sayt29257-2/undefined?ts=1775520000 HTTP/1.1" 200 0 "https://serhatburke.miroglu.net/mostbet-az-bukmeker-ve-kazino-mostbet-giri-rsmi-sayt29257-2/" "Mozilla/5.0 (Linux; Android 6.0.1; Nexus 5X Build/MMB29P) AppleWebKit/537.36 (KHTML, like Gecko) Chrome/146.0.7680.177 Mobile Safari/537.36 (compatible; Googlebot/2.1; +http://www.google.com/bot.html)"
196.196.160.113 - - [26/Apr/2026:21:14:54 +0300] "GET /wp-includes/css/buttons.min.css?ver=6.3.8 HTTP/1.1" 200 1869 "https://serhatburke.miroglu.net/wp-login.php" "Mozilla/5.0 (Windows NT 10.0; Win64; x64) AppleWebKit/537.36 (KHTML, like Gecko) Chrome/145.0.0.0 Safari/537.36"
196.196.160.113 - - [26/Apr/2026:21:14:55 +0300] "GET /wp-admin/css/forms.min.css?ver=6.3.8 HTTP/1.1" 200 6823 "https://serhatburke.miroglu.net/wp-login.php" "Mozilla/5.0 (Windows NT 10.0; Win64; x64) AppleWebKit/537.36 (KHTML, like Gecko) Chrome/145.0.0.0 Safari/537.36"
196.196.160.113 - - [26/Apr/2026:21:14:56 +0300] "GET /wp-admin/css/l10n.min.css?ver=6.3.8 HTTP/1.1" 200 1208 "https://serhatburke.miroglu.net/wp-login.php" "Mozilla/5.0 (Windows NT 10.0; Win64; x64) AppleWebKit/537.36 (KHTML, like Gecko) Chrome/145.0.0.0 Safari/537.36"
196.196.160.113 - - [26/Apr/2026:21:14:58 +0300] "GET /wp-admin/css/login.min.css?ver=6.3.8 HTTP/1.1" 200 2562 "https://serhatburke.miroglu.net/wp-login.php" "Mozilla/5.0 (Windows NT 10.0; Win64; x64) AppleWebKit/537.36 (KHTML, like Gecko) Chrome/145.0.0.0 Safari/537.36"
5.157.55.211 - - [26/Apr/2026:21:14:51 +0300] "GET /xmlrpc.php HTTP/1.1" 405 606 "https://serhatburke.miroglu.net/wp-admin/" "Mozilla/5.0 (Windows NT 6.3; Win64; x64) AppleWebKit/537.36 (KHTML, like Gecko) Chrome/103.0.0.0 Safari/537.36"
103.219.169.181 - - [26/Apr/2026:21:14:49 +0300] "POST /xmlrpc.php HTTP/1.1" 200 630 "-" "Mozilla/5.0 (Windows NT 10.0; Win64; x64) AppleWebKit/537.36 (KHTML, like Gecko) Chrome/114.0.0.0 Safari/537.36"
196.196.160.113 - - [26/Apr/2026:21:14:58 +0300] "POST /wp-login.php HTTP/1.1" 302 1537 "https://serhatburke.miroglu.net/wp-login.php" "Mozilla/5.0 (Windows NT 6.3; Win64; x64) AppleWebKit/537.36 (KHTML, like Gecko) Chrome/103.0.0.0 Safari/537.36"
185.216.113.70 - - [26/Apr/2026:21:14:49 +0300] "POST /wp-admin/admin-ajax.php?action=as_async_request_queue_runner&nonce=803d1da24e HTTP/1.1" 200 1039 "-" "WordPress/6.3.8; https://serhatburke.miroglu.net"
185.216.113.70 - - [26/Apr/2026:21:15:39 +0300] "POST /wp-cron.php?doing_wp_cron=1777227339.1419970989227294921875 HTTP/1.1" 200 448 "-" "WordPress/6.3.8; https://serhatburke.miroglu.net"
5.157.55.211 - - [26/Apr/2026:21:15:22 +0300] "POST /xmlrpc.php HTTP/1.1" 200 628 "https://serhatburke.miroglu.net/xmlrpc.php" "Mozilla/5.0 (Windows NT 6.3; Win64; x64) AppleWebKit/537.36 (KHTML, like Gecko) Chrome/103.0.0.0 Safari/537.36"
196.196.160.113 - - [26/Apr/2026:21:15:26 +0300] "GET /wp-admin/ HTTP/1.1" 200 216190 "https://serhatburke.miroglu.net/wp-login.php" "Mozilla/5.0 (Windows NT 6.3; Win64; x64) AppleWebKit/537.36 (KHTML, like Gecko) Chrome/103.0.0.0 Safari/537.36"
103.219.169.181 - - [26/Apr/2026:21:15:28 +0300] "POST /xmlrpc.php HTTP/1.1" 200 16366 "-" "Mozilla/5.0 (Windows NT 10.0; Win64; x64) AppleWebKit/537.36 (KHTML, like Gecko) Chrome/114.0.0.0 Safari/537.36"
17.246.23.108 - - [26/Apr/2026:21:15:37 +0300] "GET /blackjack-geltend-hitnspin-app-android-machen-grundlagen-anleitung-fur-amateur/undefined?ts=1777227336 HTTP/1.1" 404 16694 "https://serhatburke.miroglu.net/blackjack-geltend-hitnspin-app-android-machen-grundlagen-anleitung-fur-amateur/" "Mozilla/5.0 (Macintosh; Intel Mac OS X 10_15_7) AppleWebKit/605.1.15 (KHTML, like Gecko) Version/17.4 Safari/605.1.15 (Applebot/0.1; +http://www.apple.com/go/applebot)"
5.157.55.211 - - [26/Apr/2026:21:15:39 +0300] "POST /xmlrpc.php HTTP/1.1" 200 639 "https://serhatburke.miroglu.net/xmlrpc.php" "Mozilla/5.0 (Windows NT 6.3; Win64; x64) AppleWebKit/537.36 (KHTML, like Gecko) Chrome/103.0.0.0 Safari/537.36"
196.196.160.113 - - [26/Apr/2026:21:15:58 +0300] "GET /xmlrpc.php HTTP/1.1" 405 606 "https://serhatburke.miroglu.net/wp-admin/" "Mozilla/5.0 (Windows NT 6.3; Win64; x64) AppleWebKit/537.36 (KHTML, like Gecko) Chrome/103.0.0.0 Safari/537.36"
103.219.169.181 - - [26/Apr/2026:21:15:56 +0300] "GET /atrbuicao-criancice-jokers-jewels-da-pragmatic-play-jogue-nossos-demanda-niqueis-gratiso-jogo-jokers-jewels-e-extremamente-apercebido-sobre-os-jogadores-brasileiros-condigno-a-sua-bondade-como-pot/ HTTP/1.1" 200 84241 "-" "Mozilla/5.0 (Windows NT 10.0; Win64; x64) AppleWebKit/537.36 (KHTML, like Gecko) Chrome/124.0.0.0 Safari/537.36 Edg/124.0.0.0"
17.246.23.192 - - [26/Apr/2026:21:16:00 +0300] "GET /blackjack-geltend-hitnspin-app-android-machen-grundlagen-anleitung-fur-amateur/undefined?ts=1777227360 HTTP/1.1" 404 16564 "https://serhatburke.miroglu.net/blackjack-geltend-hitnspin-app-android-machen-grundlagen-anleitung-fur-amateur/" "Mozilla/5.0 (Macintosh; Intel Mac OS X 10_15_7) AppleWebKit/605.1.15 (KHTML, like Gecko) Version/17.4 Safari/605.1.15 (Applebot/0.1; +http://www.apple.com/go/applebot)"
5.157.55.211 - - [26/Apr/2026:21:16:07 +0300] "GET /?p=139226 HTTP/1.1" 301 694 "https://serhatburke.miroglu.net/xmlrpc.php" "Mozilla/5.0 (Windows NT 6.3; Win64; x64) AppleWebKit/537.36 (KHTML, like Gecko) Chrome/103.0.0.0 Safari/537.36"
185.216.113.70 - - [26/Apr/2026:21:16:43 +0300] "POST /wp-cron.php?doing_wp_cron=1777227403.5012340545654296875000 HTTP/1.1" 200 448 "-" "WordPress/6.3.8; https://serhatburke.miroglu.net"
185.153.197.8 - - [26/Apr/2026:21:16:22 +0300] "POST /xmlrpc.php HTTP/1.1" 200 630 "-" "Mozilla/5.0 (Windows NT 10.0; Win64; x64) AppleWebKit/537.36 (KHTML, like Gecko) Chrome/114.0.0.0 Safari/537.36"
196.196.160.113 - - [26/Apr/2026:21:16:23 +0300] "POST /xmlrpc.php HTTP/1.1" 200 633 "https://serhatburke.miroglu.net/xmlrpc.php" "Mozilla/5.0 (Windows NT 6.3; Win64; x64) AppleWebKit/537.36 (KHTML, like Gecko) Chrome/103.0.0.0 Safari/537.36"
5.157.55.211 - - [26/Apr/2026:21:16:31 +0300] "GET /8-effective-ways-to-get-more-out-of-1xbet-casino/ HTTP/1.1" 200 117534 "https://serhatburke.miroglu.net/?p=139226" "Mozilla/5.0 (Windows NT 6.3; Win64; x64) AppleWebKit/537.36 (KHTML, like Gecko) Chrome/103.0.0.0 Safari/537.36"
178.159.37.95 - - [26/Apr/2026:21:16:34 +0300] "POST /xmlrpc.php HTTP/1.1" 200 195535 "-" "Mozilla/5.0 (Windows NT 10.0; Win64; x64) AppleWebKit/537.36 (KHTML, like Gecko) Chrome/114.0.0.0 Safari/537.36 Edg/114.0.1823.43"
103.219.169.181 - - [26/Apr/2026:21:16:36 +0300] "POST /xmlrpc.php HTTP/1.1" 200 630 "-" "Mozilla/5.0 (Windows NT 10.0; Win64; x64) AppleWebKit/537.36 (KHTML, like Gecko) Chrome/114.0.0.0 Safari/537.36"
196.196.160.113 - - [26/Apr/2026:21:16:45 +0300] "POST /xmlrpc.php HTTP/1.1" 200 641 "https://serhatburke.miroglu.net/xmlrpc.php" "Mozilla/5.0 (Windows NT 6.3; Win64; x64) AppleWebKit/537.36 (KHTML, like Gecko) Chrome/103.0.0.0 Safari/537.36"
185.153.197.8 - - [26/Apr/2026:21:16:49 +0300] "POST /xmlrpc.php HTTP/1.1" 200 15803 "-" "Mozilla/5.0 (Windows NT 10.0; Win64; x64) AppleWebKit/537.36 (KHTML, like Gecko) Chrome/114.0.0.0 Safari/537.36"
178.159.37.95 - - [26/Apr/2026:21:17:07 +0300] "POST /xmlrpc.php HTTP/1.1" 200 664 "-" "Mozilla/5.0 (Windows NT 10.0; Win64; x64) AppleWebKit/537.36 (KHTML, like Gecko) Chrome/114.0.0.0 Safari/537.36 Edg/114.0.1823.43"
17.246.15.231 - - [26/Apr/2026:21:17:09 +0300] "GET /blackjack-geltend-hitnspin-app-android-machen-grundlagen-anleitung-fur-amateur/undefined?ts=1777227428 HTTP/1.1" 404 16695 "https://serhatburke.miroglu.net/blackjack-geltend-hitnspin-app-android-machen-grundlagen-anleitung-fur-amateur/" "Mozilla/5.0 (Macintosh; Intel Mac OS X 10_15_7) AppleWebKit/605.1.15 (KHTML, like Gecko) Version/17.4 Safari/605.1.15 (Applebot/0.1; +http://www.apple.com/go/applebot)"
185.216.113.70 - - [26/Apr/2026:21:17:47 +0300] "POST /wp-cron.php?doing_wp_cron=1777227467.7968111038208007812500 HTTP/1.1" 200 448 "-" "WordPress/6.3.8; https://serhatburke.miroglu.net"
103.219.169.181 - - [26/Apr/2026:21:17:15 +0300] "POST /xmlrpc.php HTTP/1.1" 200 15779 "-" "Mozilla/5.0 (Windows NT 10.0; Win64; x64) AppleWebKit/537.36 (KHTML, like Gecko) Chrome/114.0.0.0 Safari/537.36"
196.196.160.113 - - [26/Apr/2026:21:17:17 +0300] "GET /?p=139232 HTTP/1.1" 301 777 "https://serhatburke.miroglu.net/xmlrpc.php" "Mozilla/5.0 (Windows NT 6.3; Win64; x64) AppleWebKit/537.36 (KHTML, like Gecko) Chrome/103.0.0.0 Safari/537.36"
185.153.197.8 - - [26/Apr/2026:21:17:19 +0300] "GET /in-love-fox-gambling-establishment-attempt-2026-erfahrungen-extra-codes-spiele/ HTTP/1.1" 200 80100 "-" "Mozilla/5.0 (Windows NT 10.0; rv:109.0) Gecko/20100101 Firefox/115.0"
66.249.73.14 - - [26/Apr/2026:21:17:54 +0300] "GET /superspinscasino-uk-free-games-a-review-for-british-players/undefined?ts=1775520000 HTTP/1.1" 200 0 "https://serhatburke.miroglu.net/superspinscasino-uk-free-games-a-review-for-british-players/" "Mozilla/5.0 (Linux; Android 6.0.1; Nexus 5X Build/MMB29P) AppleWebKit/537.36 (KHTML, like Gecko) Chrome/146.0.7680.177 Mobile Safari/537.36 (compatible; Googlebot/2.1; +http://www.google.com/bot.html)"
17.246.15.66 - - [26/Apr/2026:21:17:32 +0300] "GET /blackjack-geltend-hitnspin-app-android-machen-grundlagen-anleitung-fur-amateur/undefined?ts=1777227451 HTTP/1.1" 404 16563 "https://serhatburke.miroglu.net/blackjack-geltend-hitnspin-app-android-machen-grundlagen-anleitung-fur-amateur/" "Mozilla/5.0 (Macintosh; Intel Mac OS X 10_15_7) AppleWebKit/605.1.15 (KHTML, like Gecko) Version/17.4 Safari/605.1.15 (Applebot/0.1; +http://www.apple.com/go/applebot)"
178.159.37.95 - - [26/Apr/2026:21:17:37 +0300] "POST /xmlrpc.php HTTP/1.1" 200 667 "-" "Mozilla/5.0 (Windows NT 10.0; Win64; x64) AppleWebKit/537.36 (KHTML, like Gecko) Chrome/114.0.0.0 Safari/537.36 Edg/114.0.1823.43"
66.249.73.14 - - [26/Apr/2026:21:18:08 +0300] "GET /superspinscasino-uk-free-games-a-review-for-british-players/undefined?ts=1775520000 HTTP/1.1" 200 0 "https://serhatburke.miroglu.net/superspinscasino-uk-free-games-a-review-for-british-players/" "Mozilla/5.0 (Linux; Android 6.0.1; Nexus 5X Build/MMB29P) AppleWebKit/537.36 (KHTML, like Gecko) Chrome/146.0.7680.177 Mobile Safari/537.36 (compatible; Googlebot/2.1; +http://www.google.com/bot.html)"
196.196.160.113 - - [26/Apr/2026:21:17:50 +0300] "GET /straightforward-steps-to-1xbet-%d0%b7%d0%b5%d1%80%d0%ba%d0%b0%d0%bb%d0%be-%d1%81%d0%b5%d0%b3%d0%be%d0%b4%d0%bd%d1%8f-of-your-dreams/ HTTP/1.1" 200 116878 "https://serhatburke.miroglu.net/?p=139232" "Mozilla/5.0 (Windows NT 6.3; Win64; x64) AppleWebKit/537.36 (KHTML, like Gecko) Chrome/103.0.0.0 Safari/537.36"
103.219.169.181 - - [26/Apr/2026:21:17:49 +0300] "GET /slot-online-king-kong-cash-para-jogadores-sobre-portugal/ HTTP/1.1" 200 79744 "-" "Mozilla/5.0 (Windows NT 10.0; rv:109.0) Gecko/20100101 Firefox/115.0"
17.246.15.253 - - [26/Apr/2026:21:17:55 +0300] "GET /blackjack-geltend-hitnspin-app-android-machen-grundlagen-anleitung-fur-amateur/undefined?ts=1777227474 HTTP/1.1" 404 16694 "https://serhatburke.miroglu.net/blackjack-geltend-hitnspin-app-android-machen-grundlagen-anleitung-fur-amateur/" "Mozilla/5.0 (Macintosh; Intel Mac OS X 10_15_7) AppleWebKit/605.1.15 (KHTML, like Gecko) Version/17.4 Safari/605.1.15 (Applebot/0.1; +http://www.apple.com/go/applebot)"
178.159.37.95 - - [26/Apr/2026:21:18:15 +0300] "POST /xmlrpc.php HTTP/1.1" 200 6792 "-" "Mozilla/5.0 (Windows NT 10.0; Win64; x64) AppleWebKit/537.36 (KHTML, like Gecko) Chrome/114.0.0.0 Safari/537.36 Edg/114.0.1823.43"
103.219.169.181 - - [26/Apr/2026:21:18:23 +0300] "POST /xmlrpc.php HTTP/1.1" 200 630 "-" "Mozilla/5.0 (Windows NT 10.0; Win64; x64) AppleWebKit/537.36 (KHTML, like Gecko) Chrome/114.0.0.0 Safari/537.36"
185.216.113.70 - - [26/Apr/2026:21:19:07 +0300] "POST /wp-cron.php?doing_wp_cron=1777227546.9839379787445068359375 HTTP/1.1" 200 448 "-" "WordPress/6.3.8; https://serhatburke.miroglu.net"
103.219.169.181 - - [26/Apr/2026:21:18:53 +0300] "POST /xmlrpc.php HTTP/1.1" 200 16257 "-" "Mozilla/5.0 (Windows NT 10.0; Win64; x64) AppleWebKit/537.36 (KHTML, like Gecko) Chrome/114.0.0.0 Safari/537.36"
196.196.160.113 - - [26/Apr/2026:21:19:01 +0300] "GET /straightforward-steps-to-1xbet-%d0%b7%d0%b5%d1%80%d0%ba%d0%b0%d0%bb%d0%be-%d1%81%d0%b5%d0%b3%d0%be%d0%b4%d0%bd%d1%8f-of-your-dreams/ HTTP/1.1" 200 23538 "-" "Mozilla/5.0 (compatible; Googlebot/2.1; +http://www.google.com/bot.html)"
17.246.23.90 - - [26/Apr/2026:21:19:08 +0300] "GET /blackjack-geltend-hitnspin-app-android-machen-grundlagen-anleitung-fur-amateur/undefined?ts=1777227547 HTTP/1.1" 404 16696 "https://serhatburke.miroglu.net/blackjack-geltend-hitnspin-app-android-machen-grundlagen-anleitung-fur-amateur/" "Mozilla/5.0 (Macintosh; Intel Mac OS X 10_15_7) AppleWebKit/605.1.15 (KHTML, like Gecko) Version/17.4 Safari/605.1.15 (Applebot/0.1; +http://www.apple.com/go/applebot)"
103.219.169.181 - - [26/Apr/2026:21:19:09 +0300] "GET /netent-lancou-uma-anuncio-slot-lights-camera-cash/ HTTP/1.1" 200 79983 "-" "Mozilla/5.0 (Windows NT 10.0; rv:125.0) Gecko/20100101 Firefox/125.0"
185.216.113.70 - - [26/Apr/2026:21:19:43 +0300] "POST /wp-cron.php?doing_wp_cron=1777227583.3667299747467041015625 HTTP/1.1" 200 448 "-" "WordPress/6.3.8; https://serhatburke.miroglu.net"
17.246.23.213 - - [26/Apr/2026:21:19:30 +0300] "GET /blackjack-geltend-hitnspin-app-android-machen-grundlagen-anleitung-fur-amateur/undefined?ts=1777227570 HTTP/1.1" 404 16696 "https://serhatburke.miroglu.net/blackjack-geltend-hitnspin-app-android-machen-grundlagen-anleitung-fur-amateur/" "Mozilla/5.0 (Macintosh; Intel Mac OS X 10_15_7) AppleWebKit/605.1.15 (KHTML, like Gecko) Version/17.4 Safari/605.1.15 (Applebot/0.1; +http://www.apple.com/go/applebot)"
178.159.37.95 - - [26/Apr/2026:21:19:38 +0300] "POST /xmlrpc.php HTTP/1.1" 200 196264 "-" "Mozilla/5.0 (Windows NT 10.0; Win64; x64) AppleWebKit/537.36 (KHTML, like Gecko) Chrome/114.0.0.0 YaBrowser/22.7.0 Yowser/2.5 Safari/537.36"
17.246.23.29 - - [26/Apr/2026:21:19:44 +0300] "GET /blackjack-geltend-hitnspin-app-android-machen-grundlagen-anleitung-fur-amateur/undefined?ts=1777227583 HTTP/1.1" 404 16697 "https://serhatburke.miroglu.net/blackjack-geltend-hitnspin-app-android-machen-grundlagen-anleitung-fur-amateur/" "Mozilla/5.0 (Macintosh; Intel Mac OS X 10_15_7) AppleWebKit/605.1.15 (KHTML, like Gecko) Version/17.4 Safari/605.1.15 (Applebot/0.1; +http://www.apple.com/go/applebot)"
178.159.37.95 - - [26/Apr/2026:21:19:55 +0300] "POST /xmlrpc.php HTTP/1.1" 200 667 "-" "Mozilla/5.0 (Windows NT 10.0; Win64; x64) AppleWebKit/537.36 (KHTML, like Gecko) Chrome/114.0.0.0 YaBrowser/22.7.0 Yowser/2.5 Safari/537.36"
103.219.169.181 - - [26/Apr/2026:21:19:58 +0300] "POST /xmlrpc.php HTTP/1.1" 200 630 "-" "Mozilla/5.0 (Windows NT 10.0; Win64; x64) AppleWebKit/537.36 (KHTML, like Gecko) Chrome/114.0.0.0 Safari/537.36"
185.216.113.70 - - [26/Apr/2026:21:20:22 +0300] "POST /wp-cron.php?doing_wp_cron=1777227622.5626420974731445312500 HTTP/1.1" 200 448 "-" "WordPress/6.3.8; https://serhatburke.miroglu.net"
178.159.37.95 - - [26/Apr/2026:21:20:11 +0300] "POST /xmlrpc.php HTTP/1.1" 200 6745 "-" "Mozilla/5.0 (Windows NT 10.0; Win64; x64) AppleWebKit/537.36 (KHTML, like Gecko) Chrome/114.0.0.0 YaBrowser/22.7.0 Yowser/2.5 Safari/537.36"
103.219.169.181 - - [26/Apr/2026:21:20:18 +0300] "POST /xmlrpc.php HTTP/1.1" 200 16104 "-" "Mozilla/5.0 (Windows NT 10.0; Win64; x64) AppleWebKit/537.36 (KHTML, like Gecko) Chrome/114.0.0.0 Safari/537.36"
185.153.197.8 - - [26/Apr/2026:21:20:29 +0300] "POST /xmlrpc.php HTTP/1.1" 200 630 "-" "Mozilla/5.0 (Windows NT 10.0; Win64; x64) AppleWebKit/537.36 (KHTML, like Gecko) Chrome/114.0.0.0 Safari/537.36"
103.219.169.181 - - [26/Apr/2026:21:20:35 +0300] "GET /lost-island-slot-machine-jogar-puerilidade-esmola-sem-download-1win-casino/ HTTP/1.1" 200 80409 "-" "Mozilla/5.0 (Windows NT 10.0; Win64; x64) AppleWebKit/537.36 (KHTML, like Gecko) Chrome/124.0.0.0 Safari/537.36"
216.73.217.81 - - [26/Apr/2026:21:20:41 +0300] "GET /robots.txt HTTP/2" 200 110 "-" "Mozilla/5.0 AppleWebKit/537.36 (KHTML, like Gecko; compatible; ClaudeBot/1.0; +claudebot@anthropic.com)"
185.153.197.8 - - [26/Apr/2026:21:20:57 +0300] "POST /xmlrpc.php HTTP/1.1" 200 15788 "-" "Mozilla/5.0 (Windows NT 10.0; Win64; x64) AppleWebKit/537.36 (KHTML, like Gecko) Chrome/114.0.0.0 Safari/537.36"
216.73.217.81 - - [26/Apr/2026:21:21:04 +0300] "GET /sitemap.xml HTTP/2" 200 0 "-" "Mozilla/5.0 AppleWebKit/537.36 (KHTML, like Gecko; compatible; ClaudeBot/1.0; +claudebot@anthropic.com)"
185.216.113.70 - - [26/Apr/2026:21:21:25 +0300] "POST /wp-cron.php?doing_wp_cron=1777227685.2961659431457519531250 HTTP/1.1" 200 448 "-" "WordPress/6.3.8; https://serhatburke.miroglu.net"
185.153.197.8 - - [26/Apr/2026:21:21:11 +0300] "GET /showboat-branson-belle-2026-schedule-tickets-2/ HTTP/1.1" 200 79273 "-" "Mozilla/5.0 (Windows NT 10.0; Win64; x64) AppleWebKit/537.36 (KHTML, like Gecko) Chrome/123.0.0.0 Safari/537.36 OPR/109.0.0.0"
185.216.113.70 - - [26/Apr/2026:21:22:02 +0300] "POST /wp-cron.php?doing_wp_cron=1777227722.1299419403076171875000 HTTP/1.1" 200 448 "-" "WordPress/6.3.8; https://serhatburke.miroglu.net"
103.219.169.181 - - [26/Apr/2026:21:21:46 +0300] "POST /xmlrpc.php HTTP/1.1" 200 630 "-" "Mozilla/5.0 (Windows NT 10.0; Win64; x64) AppleWebKit/537.36 (KHTML, like Gecko) Chrome/114.0.0.0 Safari/537.36"
185.153.197.137 - - [26/Apr/2026:21:22:00 +0300] "POST /xmlrpc.php HTTP/1.1" 200 630 "-" "Mozilla/5.0 (Windows NT 10.0; Win64; x64) AppleWebKit/537.36 (KHTML, like Gecko) Chrome/114.0.0.0 Safari/537.36"
103.219.169.181 - - [26/Apr/2026:21:22:09 +0300] "POST /xmlrpc.php HTTP/1.1" 200 16354 "-" "Mozilla/5.0 (Windows NT 10.0; Win64; x64) AppleWebKit/537.36 (KHTML, like Gecko) Chrome/114.0.0.0 Safari/537.36"
185.153.197.137 - - [26/Apr/2026:21:22:19 +0300] "POST /xmlrpc.php HTTP/1.1" 200 14057 "-" "Mozilla/5.0 (Windows NT 10.0; Win64; x64) AppleWebKit/537.36 (KHTML, like Gecko) Chrome/114.0.0.0 Safari/537.36"
103.219.169.181 - - [26/Apr/2026:21:22:24 +0300] "GET /slots-arame-real-melhores-jogos-para-ganhar-acercade-2025/ HTTP/1.1" 200 80186 "-" "Mozilla/5.0 (Windows NT 10.0; Win64; x64) AppleWebKit/537.36 (KHTML, like Gecko) Chrome/123.0.0.0 Safari/537.36"
185.216.113.70 - - [26/Apr/2026:21:22:46 +0300] "POST /wp-cron.php?doing_wp_cron=1777227766.0264780521392822265625 HTTP/1.1" 200 448 "-" "WordPress/6.3.8; https://serhatburke.miroglu.net"
185.153.197.137 - - [26/Apr/2026:21:22:32 +0300] "GET /finest-free-revolves-us-2026-put-no-deposit-incentives/ HTTP/1.1" 200 77501 "-" "Mozilla/5.0 (Windows NT 10.0; Win64; x64) AppleWebKit/537.36 (KHTML, like Gecko) Chrome/123.0.0.0 Safari/537.36 OPR/109.0.0.0"
103.219.169.181 - - [26/Apr/2026:21:23:10 +0300] "POST /xmlrpc.php HTTP/1.1" 200 630 "-" "Mozilla/5.0 (Windows NT 10.0; Win64; x64) AppleWebKit/537.36 (KHTML, like Gecko) Chrome/114.0.0.0 Safari/537.36"
185.216.113.70 - - [26/Apr/2026:21:23:45 +0300] "POST /wp-cron.php?doing_wp_cron=1777227825.7665960788726806640625 HTTP/1.1" 200 448 "-" "WordPress/6.3.8; https://serhatburke.miroglu.net"
103.219.169.181 - - [26/Apr/2026:21:23:28 +0300] "POST /xmlrpc.php HTTP/1.1" 200 16498 "-" "Mozilla/5.0 (Windows NT 10.0; Win64; x64) AppleWebKit/537.36 (KHTML, like Gecko) Chrome/114.0.0.0 Safari/537.36"
52.167.144.204 - - [26/Apr/2026:21:23:28 +0300] "GET /the-fresh-free-spins-extra-trigger-after-you-belongings-spread-icons-awarding-10-100-free-online-game-in-which-their-gains-can-also-be-multiply-easily/ HTTP/2" 200 18094 "-" "Mozilla/5.0 AppleWebKit/537.36 (KHTML, like Gecko; compatible; bingbot/2.0; +http://www.bing.com/bingbot.htm) Chrome/116.0.1938.76 Safari/537.36"
52.167.144.183 - - [26/Apr/2026:21:23:32 +0300] "GET /acabamento-fortune-tiger-aprestar-online-por-bagarote-real-site-oficial/ HTTP/2" 200 18624 "-" "Mozilla/5.0 AppleWebKit/537.36 (KHTML, like Gecko; compatible; bingbot/2.0; +http://www.bing.com/bingbot.htm) Chrome/116.0.1938.76 Safari/537.36"
103.219.169.181 - - [26/Apr/2026:21:23:51 +0300] "GET /comparacao-criancice-magnify-man-uma-vez-que-outros-jogos/ HTTP/1.1" 200 80268 "-" "Mozilla/5.0 (Windows NT 10.0; Win64; x64; rv:125.0) Gecko/20100101 Firefox/125.0"
52.167.144.204 - - [26/Apr/2026:21:24:04 +0300] "GET /cat-gamble-family-indoor-the-ultimate-self-help-guide-to-feline-fun/ HTTP/2" 200 20111 "-" "Mozilla/5.0 AppleWebKit/537.36 (KHTML, like Gecko; compatible; bingbot/2.0; +http://www.bing.com/bingbot.htm) Chrome/116.0.1938.76 Safari/537.36"
40.77.167.61 - - [26/Apr/2026:21:24:16 +0300] "GET /casinon-utan-svensk-person-tillstand-fordelar-sam-jackpot-6000-1-insattning-investera-att-tanka-villig-for-lirare-2025/ HTTP/2" 200 18969 "-" "Mozilla/5.0 AppleWebKit/537.36 (KHTML, like Gecko; compatible; bingbot/2.0; +http://www.bing.com/bingbot.htm) Chrome/116.0.1938.76 Safari/537.36"
185.216.113.70 - - [26/Apr/2026:21:24:42 +0300] "POST /wp-cron.php?doing_wp_cron=1777227882.1807639598846435546875 HTTP/1.1" 200 448 "-" "WordPress/6.3.8; https://serhatburke.miroglu.net"
103.219.169.181 - - [26/Apr/2026:21:24:30 +0300] "POST /xmlrpc.php HTTP/1.1" 200 630 "-" "Mozilla/5.0 (Windows NT 10.0; Win64; x64) AppleWebKit/537.36 (KHTML, like Gecko) Chrome/114.0.0.0 Safari/537.36"
103.219.169.181 - - [26/Apr/2026:21:24:49 +0300] "POST /xmlrpc.php HTTP/1.1" 200 15973 "-" "Mozilla/5.0 (Windows NT 10.0; Win64; x64) AppleWebKit/537.36 (KHTML, like Gecko) Chrome/114.0.0.0 Safari/537.36"
103.219.169.181 - - [26/Apr/2026:21:25:03 +0300] "GET /demonstracao-abrasado-caca-niqueis-mr-alchemister-rtp-95-60-jogo-dado/ HTTP/1.1" 200 80371 "-" "Mozilla/5.0 (Windows NT 10.0; Win64; x64; rv:124.0) Gecko/20100101 Firefox/124.0"
185.216.113.70 - - [26/Apr/2026:21:25:58 +0300] "POST /wp-cron.php?doing_wp_cron=1777227958.2006869316101074218750 HTTP/1.1" 200 448 "-" "WordPress/6.3.8; https://serhatburke.miroglu.net"
103.219.169.181 - - [26/Apr/2026:21:25:46 +0300] "POST /xmlrpc.php HTTP/1.1" 200 630 "-" "Mozilla/5.0 (Windows NT 10.0; Win64; x64) AppleWebKit/537.36 (KHTML, like Gecko) Chrome/114.0.0.0 Safari/537.36"
103.219.169.181 - - [26/Apr/2026:21:26:05 +0300] "POST /xmlrpc.php HTTP/1.1" 200 16650 "-" "Mozilla/5.0 (Windows NT 10.0; Win64; x64) AppleWebKit/537.36 (KHTML, like Gecko) Chrome/114.0.0.0 Safari/537.36"
17.246.19.250 - - [26/Apr/2026:21:26:11 +0300] "GET /blackjack-geltend-hitnspin-app-android-machen-grundlagen-anleitung-fur-amateur/undefined?ts=1777227970 HTTP/1.1" 404 16697 "https://serhatburke.miroglu.net/blackjack-geltend-hitnspin-app-android-machen-grundlagen-anleitung-fur-amateur/" "Mozilla/5.0 (Macintosh; Intel Mac OS X 10_15_7) AppleWebKit/605.1.15 (KHTML, like Gecko) Version/17.4 Safari/605.1.15 (Applebot/0.1; +http://www.apple.com/go/applebot)"
103.219.169.181 - - [26/Apr/2026:21:26:21 +0300] "GET /15-melhores-slots-pragmatic-play-acimade-2026/ HTTP/1.1" 200 80160 "-" "Mozilla/5.0 (Windows NT 10.0; rv:109.0) Gecko/20100101 Firefox/115.0"
185.216.113.70 - - [26/Apr/2026:21:26:40 +0300] "POST /wp-cron.php?doing_wp_cron=1777228000.6856479644775390625000 HTTP/1.1" 200 448 "-" "WordPress/6.3.8; https://serhatburke.miroglu.net"
17.246.23.30 - - [26/Apr/2026:21:26:25 +0300] "GET /blackjack-geltend-hitnspin-app-android-machen-grundlagen-anleitung-fur-amateur/undefined?ts=1777227984 HTTP/1.1" 404 16695 "https://serhatburke.miroglu.net/blackjack-geltend-hitnspin-app-android-machen-grundlagen-anleitung-fur-amateur/" "Mozilla/5.0 (Macintosh; Intel Mac OS X 10_15_7) AppleWebKit/605.1.15 (KHTML, like Gecko) Version/17.4 Safari/605.1.15 (Applebot/0.1; +http://www.apple.com/go/applebot)"
185.153.197.137 - - [26/Apr/2026:21:26:28 +0300] "POST /xmlrpc.php HTTP/1.1" 200 630 "-" "Mozilla/5.0 (Windows NT 10.0; Win64; x64) AppleWebKit/537.36 (KHTML, like Gecko) Chrome/114.0.0.0 Safari/537.36"
17.246.19.15 - - [26/Apr/2026:21:26:41 +0300] "GET /blackjack-geltend-hitnspin-app-android-machen-grundlagen-anleitung-fur-amateur/undefined?ts=1777228001 HTTP/1.1" 404 16695 "https://serhatburke.miroglu.net/blackjack-geltend-hitnspin-app-android-machen-grundlagen-anleitung-fur-amateur/" "Mozilla/5.0 (Macintosh; Intel Mac OS X 10_15_7) AppleWebKit/605.1.15 (KHTML, like Gecko) Version/17.4 Safari/605.1.15 (Applebot/0.1; +http://www.apple.com/go/applebot)"
185.153.197.137 - - [26/Apr/2026:21:26:48 +0300] "POST /xmlrpc.php HTTP/1.1" 200 13800 "-" "Mozilla/5.0 (Windows NT 10.0; Win64; x64) AppleWebKit/537.36 (KHTML, like Gecko) Chrome/114.0.0.0 Safari/537.36"
17.246.15.55 - - [26/Apr/2026:21:26:57 +0300] "GET /blackjack-geltend-hitnspin-app-android-machen-grundlagen-anleitung-fur-amateur/undefined?ts=1777228016 HTTP/1.1" 404 16696 "https://serhatburke.miroglu.net/blackjack-geltend-hitnspin-app-android-machen-grundlagen-anleitung-fur-amateur/" "Mozilla/5.0 (Macintosh; Intel Mac OS X 10_15_7) AppleWebKit/605.1.15 (KHTML, like Gecko) Version/17.4 Safari/605.1.15 (Applebot/0.1; +http://www.apple.com/go/applebot)"
185.153.197.137 - - [26/Apr/2026:21:27:03 +0300] "GET /play-19300-100-percent-free-slot-online-game-no-obtain/ HTTP/1.1" 200 77205 "-" "Mozilla/5.0 (Windows NT 10.0; Win64; x64; rv:124.0) Gecko/20100101 Firefox/124.0"
103.219.169.181 - - [26/Apr/2026:21:27:08 +0300] "POST /xmlrpc.php HTTP/1.1" 200 630 "-" "Mozilla/5.0 (Windows NT 10.0; Win64; x64) AppleWebKit/537.36 (KHTML, like Gecko) Chrome/114.0.0.0 Safari/537.36"
185.216.113.70 - - [26/Apr/2026:21:27:44 +0300] "POST /wp-cron.php?doing_wp_cron=1777228064.1060020923614501953125 HTTP/1.1" 200 448 "-" "WordPress/6.3.8; https://serhatburke.miroglu.net"
103.219.169.181 - - [26/Apr/2026:21:27:31 +0300] "POST /xmlrpc.php HTTP/1.1" 200 16236 "-" "Mozilla/5.0 (Windows NT 10.0; Win64; x64) AppleWebKit/537.36 (KHTML, like Gecko) Chrome/114.0.0.0 Safari/537.36"
103.219.169.181 - - [26/Apr/2026:21:27:46 +0300] "GET /joe-gomez-que-ibrahima-konate-perderao-arruii-empate-pressuroso-liverpool-na-ucl-uma-vez-que-arruii-qarabag/ HTTP/1.1" 200 81400 "-" "Mozilla/5.0 (Windows NT 10.0; Win64; x64) AppleWebKit/537.36 (KHTML, like Gecko) Chrome/109.0.0.0 Safari/537.36"
185.153.197.8 - - [26/Apr/2026:21:28:09 +0300] "POST /xmlrpc.php HTTP/1.1" 200 630 "-" "Mozilla/5.0 (Windows NT 10.0; Win64; x64) AppleWebKit/537.36 (KHTML, like Gecko) Chrome/114.0.0.0 Safari/537.36"
17.246.15.181 - - [26/Apr/2026:21:28:10 +0300] "GET /blackjack-geltend-hitnspin-app-android-machen-grundlagen-anleitung-fur-amateur/undefined?ts=1777228089 HTTP/1.1" 404 16695 "https://serhatburke.miroglu.net/blackjack-geltend-hitnspin-app-android-machen-grundlagen-anleitung-fur-amateur/" "Mozilla/5.0 (Macintosh; Intel Mac OS X 10_15_7) AppleWebKit/605.1.15 (KHTML, like Gecko) Version/17.4 Safari/605.1.15 (Applebot/0.1; +http://www.apple.com/go/applebot)"
103.219.169.181 - - [26/Apr/2026:21:28:17 +0300] "POST /xmlrpc.php HTTP/1.1" 200 630 "-" "Mozilla/5.0 (Windows NT 10.0; Win64; x64) AppleWebKit/537.36 (KHTML, like Gecko) Chrome/114.0.0.0 Safari/537.36"
185.216.113.70 - - [26/Apr/2026:21:28:38 +0300] "POST /wp-cron.php?doing_wp_cron=1777228118.5614089965820312500000 HTTP/1.1" 200 448 "-" "WordPress/6.3.8; https://serhatburke.miroglu.net"
17.246.15.181 - - [26/Apr/2026:21:28:25 +0300] "GET /blackjack-geltend-hitnspin-app-android-machen-grundlagen-anleitung-fur-amateur/undefined?ts=1777228105 HTTP/1.1" 404 16517 "https://serhatburke.miroglu.net/blackjack-geltend-hitnspin-app-android-machen-grundlagen-anleitung-fur-amateur/" "Mozilla/5.0 (Macintosh; Intel Mac OS X 10_15_7) AppleWebKit/605.1.15 (KHTML, like Gecko) Version/17.4 Safari/605.1.15 (Applebot/0.1; +http://www.apple.com/go/applebot)"
185.153.197.8 - - [26/Apr/2026:21:28:29 +0300] "POST /xmlrpc.php HTTP/1.1" 200 16172 "-" "Mozilla/5.0 (Windows NT 10.0; Win64; x64) AppleWebKit/537.36 (KHTML, like Gecko) Chrome/114.0.0.0 Safari/537.36"
17.246.15.181 - - [26/Apr/2026:21:28:39 +0300] "GET /blackjack-geltend-hitnspin-app-android-machen-grundlagen-anleitung-fur-amateur/undefined?ts=1777228119 HTTP/1.1" 404 16387 "https://serhatburke.miroglu.net/blackjack-geltend-hitnspin-app-android-machen-grundlagen-anleitung-fur-amateur/" "Mozilla/5.0 (Macintosh; Intel Mac OS X 10_15_7) AppleWebKit/605.1.15 (KHTML, like Gecko) Version/17.4 Safari/605.1.15 (Applebot/0.1; +http://www.apple.com/go/applebot)"
103.219.169.181 - - [26/Apr/2026:21:28:40 +0300] "POST /xmlrpc.php HTTP/1.1" 200 16560 "-" "Mozilla/5.0 (Windows NT 10.0; Win64; x64) AppleWebKit/537.36 (KHTML, like Gecko) Chrome/114.0.0.0 Safari/537.36"
185.153.197.8 - - [26/Apr/2026:21:28:46 +0300] "GET /all-the-crypto-pleasure-gambling-establishment-incentives-march-2026-provided-with-loopx/ HTTP/1.1" 200 80479 "-" "Mozilla/5.0 (Windows NT 10.0; rv:109.0) Gecko/20100101 Firefox/115.0"
17.246.23.66 - - [26/Apr/2026:21:29:02 +0300] "GET /blackjack-geltend-hitnspin-app-android-machen-grundlagen-anleitung-fur-amateur/undefined?ts=1777228141 HTTP/1.1" 404 16564 "https://serhatburke.miroglu.net/blackjack-geltend-hitnspin-app-android-machen-grundlagen-anleitung-fur-amateur/" "Mozilla/5.0 (Macintosh; Intel Mac OS X 10_15_7) AppleWebKit/605.1.15 (KHTML, like Gecko) Version/17.4 Safari/605.1.15 (Applebot/0.1; +http://www.apple.com/go/applebot)"
158.69.22.136 - - [26/Apr/2026:21:29:01 +0300] "GET /beste-casino-site-belgie-hoge-inzet/ HTTP/1.1" 200 0 "-" "Mozilla/5.0 (compatible; Googlebot/2.1; +http://www.google.com/bot.html)"
103.219.169.181 - - [26/Apr/2026:21:29:06 +0300] "GET /merkur-slot-machine-games-play-for-free-at-respinix/ HTTP/1.1" 200 80754 "-" "Mozilla/5.0 (Windows NT 10.0; rv:109.0) Gecko/20100101 Firefox/115.0"
103.219.169.181 - - [26/Apr/2026:21:29:20 +0300] "POST /xmlrpc.php HTTP/1.1" 200 630 "-" "Mozilla/5.0 (Windows NT 10.0; Win64; x64) AppleWebKit/537.36 (KHTML, like Gecko) Chrome/114.0.0.0 Safari/537.36"
185.216.113.70 - - [26/Apr/2026:21:29:57 +0300] "POST /wp-cron.php?doing_wp_cron=1777228197.6601989269256591796875 HTTP/1.1" 200 448 "-" "WordPress/6.3.8; https://serhatburke.miroglu.net"
103.219.169.181 - - [26/Apr/2026:21:29:45 +0300] "POST /xmlrpc.php HTTP/1.1" 200 15921 "-" "Mozilla/5.0 (Windows NT 10.0; Win64; x64) AppleWebKit/537.36 (KHTML, like Gecko) Chrome/114.0.0.0 Safari/537.36"
103.219.169.181 - - [26/Apr/2026:21:29:59 +0300] "GET /money-game-slots-online-para-jogar-acostumado-afinar-gesto-puerilidade-demonstracao-novomatic/ HTTP/1.1" 200 80745 "-" "Mozilla/5.0 (Windows NT 10.0; Win64; x64) AppleWebKit/537.36 (KHTML, like Gecko) Chrome/123.0.0.0 Safari/537.36"
143.105.152.192 - - [26/Apr/2026:21:30:25 +0300] "GET /28563-2/ HTTP/1.1" 200 19352 "https://serhatburke.miroglu.net/" "Mozilla/5.0 (Macintosh; Intel Mac OS X 10_15_7) AppleWebKit/537.36 (KHTML, like Gecko) Chrome/146.0.0.0 Safari/537.36"
185.216.113.70 - - [26/Apr/2026:21:30:54 +0300] "POST /wp-cron.php?doing_wp_cron=1777228254.7658638954162597656250 HTTP/1.1" 200 448 "-" "WordPress/6.3.8; https://serhatburke.miroglu.net"
103.219.169.181 - - [26/Apr/2026:21:30:42 +0300] "POST /xmlrpc.php HTTP/1.1" 200 630 "-" "Mozilla/5.0 (Windows NT 10.0; Win64; x64) AppleWebKit/537.36 (KHTML, like Gecko) Chrome/114.0.0.0 Safari/537.36"
143.105.152.192 - - [26/Apr/2026:21:30:55 +0300] "GET /28563-2/ HTTP/1.1" 200 19352 "https://serhatburke.miroglu.net/" "Mozilla/5.0 (Macintosh; Intel Mac OS X 10_15_7) AppleWebKit/537.36 (KHTML, like Gecko) Chrome/146.0.0.0 Safari/537.36"
103.219.169.181 - - [26/Apr/2026:21:31:02 +0300] "POST /xmlrpc.php HTTP/1.1" 200 16434 "-" "Mozilla/5.0 (Windows NT 10.0; Win64; x64) AppleWebKit/537.36 (KHTML, like Gecko) Chrome/114.0.0.0 Safari/537.36"
103.219.169.181 - - [26/Apr/2026:21:31:19 +0300] "GET /melhores-slots-e-pagam-apoquentar-acimade-2024-mriya-slot-machine-arrolamento-atualizada-pariwisata-kota-kupang/ HTTP/1.1" 200 81786 "-" "Mozilla/5.0 (Windows NT 10.0; rv:109.0) Gecko/20100101 Firefox/115.0"
185.216.113.70 - - [26/Apr/2026:21:31:41 +0300] "POST /wp-cron.php?doing_wp_cron=1777228300.8437049388885498046875 HTTP/1.1" 200 448 "-" "WordPress/6.3.8; https://serhatburke.miroglu.net"
143.105.152.192 - - [26/Apr/2026:21:31:26 +0300] "GET /28563-2/ HTTP/1.1" 200 19352 "https://serhatburke.miroglu.net/" "Mozilla/5.0 (Macintosh; Intel Mac OS X 10_15_7) AppleWebKit/537.36 (KHTML, like Gecko) Chrome/146.0.0.0 Safari/537.36"
185.153.197.137 - - [26/Apr/2026:21:31:47 +0300] "POST /xmlrpc.php HTTP/1.1" 200 630 "-" "Mozilla/5.0 (Windows NT 10.0; Win64; x64) AppleWebKit/537.36 (KHTML, like Gecko) Chrome/114.0.0.0 Safari/537.36"
103.219.169.181 - - [26/Apr/2026:21:31:52 +0300] "POST /xmlrpc.php HTTP/1.1" 200 630 "-" "Mozilla/5.0 (Windows NT 10.0; Win64; x64) AppleWebKit/537.36 (KHTML, like Gecko) Chrome/114.0.0.0 Safari/537.36"
143.105.152.192 - - [26/Apr/2026:21:31:50 +0300] "GET /28563-2/ HTTP/1.1" 200 19310 "https://serhatburke.miroglu.net/28563-2/" "Mozilla/5.0 (Windows NT 6.3; Win64; x64) AppleWebKit/537.36 (KHTML, like Gecko) Chrome/103.0.0.0 Safari/537.36"
185.216.113.70 - - [26/Apr/2026:21:32:23 +0300] "POST /wp-cron.php?doing_wp_cron=1777228343.0208120346069335937500 HTTP/1.1" 200 448 "-" "WordPress/6.3.8; https://serhatburke.miroglu.net"
185.153.197.137 - - [26/Apr/2026:21:32:11 +0300] "POST /xmlrpc.php HTTP/1.1" 200 13838 "-" "Mozilla/5.0 (Windows NT 10.0; Win64; x64) AppleWebKit/537.36 (KHTML, like Gecko) Chrome/114.0.0.0 Safari/537.36"
103.219.169.181 - - [26/Apr/2026:21:32:15 +0300] "POST /xmlrpc.php HTTP/1.1" 200 16315 "-" "Mozilla/5.0 (Windows NT 10.0; Win64; x64) AppleWebKit/537.36 (KHTML, like Gecko) Chrome/114.0.0.0 Safari/537.36"
