178.175.140.147 - - [26/Apr/2026:18:43:41 +0300] "POST /xmlrpc.php HTTP/1.1" 200 9515 "-" "Mozilla/5.0 (Windows NT 10.0; Win64; x64) AppleWebKit/537.36 (KHTML, like Gecko) Chrome/114.0.0.0 Safari/537.36"
185.216.113.70 - - [26/Apr/2026:18:45:15 +0300] "POST /wp-cron.php?doing_wp_cron=1777218314.8213169574737548828125 HTTP/1.1" 200 448 "-" "WordPress/6.3.8; https://serhatburke.miroglu.net"
185.153.197.8 - - [26/Apr/2026:18:44:05 +0300] "GET /government-noun-meaning-photos-enunciation-and-you-may-usage-notes/ HTTP/1.1" 200 79632 "-" "Mozilla/5.0 (Windows NT 10.0; rv:125.0) Gecko/20100101 Firefox/125.0"
185.216.113.70 - - [26/Apr/2026:18:45:17 +0300] "POST /wp-cron.php?doing_wp_cron=1777218317.7188699245452880859375 HTTP/1.1" 200 448 "-" "WordPress/6.3.8; https://serhatburke.miroglu.net"
185.153.197.137 - - [26/Apr/2026:18:44:16 +0300] "POST /xmlrpc.php HTTP/1.1" 500 1102 "-" "Mozilla/5.0 (Windows NT 10.0; Win64; x64) AppleWebKit/537.36 (KHTML, like Gecko) Chrome/114.0.0.0 Safari/537.36"
185.153.197.137 - - [26/Apr/2026:18:44:41 +0300] "GET /play-eyes-of-horus-the-real-deal-money-video-slots-on-line/ HTTP/1.1" 200 76724 "-" "Mozilla/5.0 (Windows NT 10.0; rv:125.0) Gecko/20100101 Firefox/125.0"
178.175.140.147 - - [26/Apr/2026:18:44:56 +0300] "GET /casinotest-werde-two-thousand-and-thirteen-gelauncht-weiters-war-des-eigenen-ihr-bekanntesten-unter-anderem-erfolgreichsten-testportale-am-borse/ HTTP/1.1" 200 76351 "-" "Mozilla/5.0 (Windows NT 10.0; Win64; x64) AppleWebKit/537.36 (KHTML, like Gecko) Chrome/124.0.0.0 Safari/537.36 Edg/124.0.0.0"
185.153.197.8 - - [26/Apr/2026:18:46:24 +0300] "POST /xmlrpc.php HTTP/1.1" 200 630 "-" "Mozilla/5.0 (Windows NT 10.0; Win64; x64) AppleWebKit/537.36 (KHTML, like Gecko) Chrome/114.0.0.0 Safari/537.36"
185.216.113.70 - - [26/Apr/2026:18:46:53 +0300] "POST /wp-cron.php?doing_wp_cron=1777218413.4637899398803710937500 HTTP/1.1" 200 448 "-" "WordPress/6.3.8; https://serhatburke.miroglu.net"
185.153.197.8 - - [26/Apr/2026:18:46:41 +0300] "POST /xmlrpc.php HTTP/1.1" 200 15803 "-" "Mozilla/5.0 (Windows NT 10.0; Win64; x64) AppleWebKit/537.36 (KHTML, like Gecko) Chrome/114.0.0.0 Safari/537.36"
185.153.197.8 - - [26/Apr/2026:18:46:53 +0300] "GET /better-societal-sweepstakes-gambling-enterprise-gamble-100-percent-free-harbors-online/ HTTP/1.1" 200 80434 "-" "Mozilla/5.0 (Windows NT 10.0; Win64; x64) AppleWebKit/537.36 (KHTML, like Gecko) Chrome/122.0.0.0 Safari/537.36"
185.216.113.70 - - [26/Apr/2026:18:48:15 +0300] "POST /wp-cron.php?doing_wp_cron=1777218495.3774180412292480468750 HTTP/1.1" 200 448 "-" "WordPress/6.3.8; https://serhatburke.miroglu.net"
65.111.9.32 - - [26/Apr/2026:18:48:02 +0300] "GET /wp-login.php HTTP/2" 200 3093 "-" "Mozilla/5.0 (Macintosh; Intel Mac OS X 13_5) AppleWebKit/605.1.15 (KHTML, like Gecko) Version/17.5 Safari/605.1.15"
158.69.22.136 - - [26/Apr/2026:18:48:05 +0300] "GET /beste-casino-site-belgie-hoge-inzet/ HTTP/1.1" 200 19282 "-" "Mozilla/5.0 (compatible; Googlebot/2.1; +http://www.google.com/bot.html)"
65.111.9.32 - - [26/Apr/2026:18:48:17 +0300] "POST /xmlrpc.php HTTP/2" 200 109 "-" "Mozilla/5.0 (Windows NT 10.0; Win64; x64; rv:127.0) Gecko/20100101 Firefox/127.0"
65.111.9.32 - - [26/Apr/2026:18:48:32 +0300] "POST /xmlrpc.php HTTP/2" 200 2749 "-" "Mozilla/5.0 (Windows NT 10.0; Win64; x64) AppleWebKit/537.36 (KHTML, like Gecko) Chrome/124.0.6367.207 Safari/537.36"
185.216.113.70 - - [26/Apr/2026:18:49:39 +0300] "POST /wp-cron.php?doing_wp_cron=1777218578.9688940048217773437500 HTTP/1.1" 200 448 "-" "WordPress/6.3.8; https://serhatburke.miroglu.net"
178.175.140.147 - - [26/Apr/2026:18:49:23 +0300] "POST /xmlrpc.php HTTP/1.1" 200 630 "-" "Mozilla/5.0 (Windows NT 10.0; Win64; x64) AppleWebKit/537.36 (KHTML, like Gecko) Chrome/114.0.0.0 Safari/537.36"
178.175.140.147 - - [26/Apr/2026:18:49:44 +0300] "POST /xmlrpc.php HTTP/1.1" 200 12146 "-" "Mozilla/5.0 (Windows NT 10.0; Win64; x64) AppleWebKit/537.36 (KHTML, like Gecko) Chrome/114.0.0.0 Safari/537.36"
178.175.140.147 - - [26/Apr/2026:18:49:57 +0300] "GET /trying-to-find-a-crypto-gambling-enterprise-which-provides-many-casino-games-and-you-can-sports-betting/ HTTP/1.1" 200 77309 "-" "Mozilla/5.0 (Windows NT 10.0; Win64; x64; rv:125.0) Gecko/20100101 Firefox/125.0"
185.216.113.70 - - [26/Apr/2026:18:50:59 +0300] "POST /wp-cron.php?doing_wp_cron=1777218659.4283130168914794921875 HTTP/1.1" 200 448 "-" "WordPress/6.3.8; https://serhatburke.miroglu.net"
165.140.118.5 - - [26/Apr/2026:18:50:46 +0300] "GET /zotabet-casino-bonus-premier-depot-2026/ HTTP/1.1" 200 19130 "-" "Mozilla/5.0 (Windows NT 10.0; WOW64) AppleWebKit/537.36 (KHTML, like Gecko) Chrome/114.0.0.0 YaBrowser/22.7.0 Yowser/2.5 Safari/537.36"
185.216.113.70 - - [26/Apr/2026:18:52:07 +0300] "POST /wp-cron.php?doing_wp_cron=1777218727.6137650012969970703125 HTTP/1.1" 200 448 "-" "WordPress/6.3.8; https://serhatburke.miroglu.net"
185.153.197.8 - - [26/Apr/2026:18:51:55 +0300] "POST /xmlrpc.php HTTP/1.1" 200 630 "-" "Mozilla/5.0 (Windows NT 10.0; Win64; x64) AppleWebKit/537.36 (KHTML, like Gecko) Chrome/114.0.0.0 Safari/537.36"
185.153.197.8 - - [26/Apr/2026:18:52:13 +0300] "POST /xmlrpc.php HTTP/1.1" 200 15790 "-" "Mozilla/5.0 (Windows NT 10.0; Win64; x64) AppleWebKit/537.36 (KHTML, like Gecko) Chrome/114.0.0.0 Safari/537.36"
185.153.197.8 - - [26/Apr/2026:18:52:25 +0300] "GET /888-gambling-establishment-free-revolves-up-to-date-offers-to-have-2026/ HTTP/1.1" 200 79613 "-" "Mozilla/5.0 (Windows NT 10.0; Win64; x64) AppleWebKit/537.36 (KHTML, like Gecko) Chrome/124.0.0.0 Safari/537.36 Edg/124.0.0.0"
185.216.113.70 - - [26/Apr/2026:18:53:04 +0300] "POST /wp-cron.php?doing_wp_cron=1777218784.9163889884948730468750 HTTP/1.1" 200 448 "-" "WordPress/6.3.8; https://serhatburke.miroglu.net"
212.34.148.156 - - [26/Apr/2026:18:52:53 +0300] "GET /zotabet-casino-bonus-premier-depot-2026/ HTTP/1.1" 200 19293 "-" "Mozilla/5.0 (compatible; Googlebot/2.1; +http://www.google.com/bot.html)"
185.216.113.70 - - [26/Apr/2026:18:54:25 +0300] "POST /wp-cron.php?doing_wp_cron=1777218865.3582279682159423828125 HTTP/1.1" 200 448 "-" "WordPress/6.3.8; https://serhatburke.miroglu.net"
45.227.50.10 - - [26/Apr/2026:18:54:09 +0300] "GET /was-sind-steroide-ihre-anwendung-und-wirkung-im-bodybuilding/ HTTP/1.1" 200 17970 "https://serhatburke.miroglu.net/" "Mozilla/5.0 (Windows NT 10.0; Win64; x64) AppleWebKit/537.36 (KHTML, like Gecko) Chrome/133.0.0.0 Safari/537.36 Edg/133.0.0.0"
185.216.113.70 - - [26/Apr/2026:18:57:27 +0300] "POST /wp-cron.php?doing_wp_cron=1777219047.1696150302886962890625 HTTP/1.1" 200 448 "-" "WordPress/6.3.8; https://serhatburke.miroglu.net"
185.153.197.8 - - [26/Apr/2026:18:57:14 +0300] "POST /xmlrpc.php HTTP/1.1" 200 630 "-" "Mozilla/5.0 (Windows NT 10.0; Win64; x64) AppleWebKit/537.36 (KHTML, like Gecko) Chrome/114.0.0.0 Safari/537.36"
185.153.197.8 - - [26/Apr/2026:18:57:33 +0300] "POST /xmlrpc.php HTTP/1.1" 200 15434 "-" "Mozilla/5.0 (Windows NT 10.0; Win64; x64) AppleWebKit/537.36 (KHTML, like Gecko) Chrome/114.0.0.0 Safari/537.36"
185.153.197.8 - - [26/Apr/2026:18:57:45 +0300] "GET /hooked-on-losing-just-how-gambling-establishment-such-programs-features-strained-people-of-many/ HTTP/1.1" 200 80252 "-" "Mozilla/5.0 (Windows NT 10.0; Win64; x64; rv:125.0) Gecko/20100101 Firefox/125.0"
66.249.73.1 - - [26/Apr/2026:18:58:03 +0300] "GET /wino-casino-review-a-premier-destination-for-uk-players/ HTTP/1.1" 200 0 "https://pusyx.driftlogic-games.biz/" "Mozilla/5.0 (Linux; Android 6.0.1; Nexus 5X Build/MMB29P) AppleWebKit/537.36 (KHTML, like Gecko) Chrome/146.0.7680.177 Mobile Safari/537.36 (compatible; Googlebot/2.1; +http://www.google.com/bot.html)"
52.167.144.142 - - [26/Apr/2026:18:58:01 +0300] "GET /massimali-tempistica-addirittura-commissioni-per-sperimentare-docente-in-volte-allibratore/ HTTP/2" 200 17642 "-" "Mozilla/5.0 AppleWebKit/537.36 (KHTML, like Gecko; compatible; bingbot/2.0; +http://www.bing.com/bingbot.htm) Chrome/116.0.1938.76 Safari/537.36"
52.167.144.142 - - [26/Apr/2026:18:58:01 +0300] "GET /le-diversifie-tipologie-di-premio-senza-tenuta-nei-casa-da-gioco-online/ HTTP/2" 200 19094 "-" "Mozilla/5.0 AppleWebKit/537.36 (KHTML, like Gecko; compatible; bingbot/2.0; +http://www.bing.com/bingbot.htm) Chrome/116.0.1938.76 Safari/537.36"
52.167.144.142 - - [26/Apr/2026:18:58:04 +0300] "GET /selon-le-casino-cazimbo-des-champions-acces-dans-plus-avec-220-jeux-accompagnes-de-vos-croupiers-membres/ HTTP/2" 200 17866 "-" "Mozilla/5.0 AppleWebKit/537.36 (KHTML, like Gecko; compatible; bingbot/2.0; +http://www.bing.com/bingbot.htm) Chrome/116.0.1938.76 Safari/537.36"
52.167.144.161 - - [26/Apr/2026:18:58:04 +0300] "GET /druckgluck-erfahrungen-bonus-2026/ HTTP/2" 200 18246 "-" "Mozilla/5.0 AppleWebKit/537.36 (KHTML, like Gecko; compatible; bingbot/2.0; +http://www.bing.com/bingbot.htm) Chrome/116.0.1938.76 Safari/537.36"
185.216.113.70 - - [26/Apr/2026:18:59:12 +0300] "POST /wp-cron.php?doing_wp_cron=1777219152.7199850082397460937500 HTTP/1.1" 200 448 "-" "WordPress/6.3.8; https://serhatburke.miroglu.net"
194.34.105.24 - - [26/Apr/2026:18:59:00 +0300] "GET /beste-casino-site-belgie-hoge-inzet/ HTTP/1.1" 200 21686 "https://serhatburke.miroglu.net/" "Mozilla/5.0 (Windows NT 6.2) AppleWebKit/537.36 (KHTML, like Gecko) Chrome/65.0.3325.181 Safari/537.36"
194.34.105.24 - - [26/Apr/2026:18:59:14 +0300] "POST /wp-comments-post.php HTTP/1.1" 302 1083 "https://serhatburke.miroglu.net/beste-casino-site-belgie-hoge-inzet/" "Mozilla/5.0 (Windows NT 6.2) AppleWebKit/537.36 (KHTML, like Gecko) Chrome/65.0.3325.181 Safari/537.36"
185.216.113.70 - - [26/Apr/2026:18:59:40 +0300] "POST /wp-cron.php?doing_wp_cron=1777219180.0843470096588134765625 HTTP/1.1" 200 448 "-" "WordPress/6.3.8; https://serhatburke.miroglu.net"
194.34.105.24 - - [26/Apr/2026:18:59:27 +0300] "GET /beste-casino-site-belgie-hoge-inzet/?unapproved=681&moderation-hash=322e508a65164844be417b9852a7ad07 HTTP/1.1" 200 22224 "https://serhatburke.miroglu.net/wp-comments-post.php" "Mozilla/5.0 (Windows NT 6.2) AppleWebKit/537.36 (KHTML, like Gecko) Chrome/65.0.3325.181 Safari/537.36"
52.167.144.142 - - [26/Apr/2026:18:59:39 +0300] "GET /thundr-better-haphazard-movies-cam-app/ HTTP/2" 200 18512 "-" "Mozilla/5.0 AppleWebKit/537.36 (KHTML, like Gecko; compatible; bingbot/2.0; +http://www.bing.com/bingbot.htm) Chrome/116.0.1938.76 Safari/537.36"
194.34.105.24 - - [26/Apr/2026:18:59:41 +0300] "GET /beste-casino-site-belgie-hoge-inzet/ HTTP/1.1" 200 21676 "-" "Mozilla/5.0 (Windows NT 6.2) AppleWebKit/537.36 (KHTML, like Gecko) Chrome/65.0.3325.181 Safari/537.36"
52.167.144.142 - - [26/Apr/2026:18:59:43 +0300] "GET /neue-angeschlossen-casinos-2026-diese-10-50-kostenlose-spins-jack-hammer-bei-registrierung-ohne-einzahlung-newcomer-weich-klopfen/ HTTP/2" 200 20683 "-" "Mozilla/5.0 AppleWebKit/537.36 (KHTML, like Gecko; compatible; bingbot/2.0; +http://www.bing.com/bingbot.htm) Chrome/116.0.1938.76 Safari/537.36"
185.216.113.70 - - [26/Apr/2026:19:02:19 +0300] "POST /wp-cron.php?doing_wp_cron=1777219339.0836200714111328125000 HTTP/1.1" 200 448 "-" "WordPress/6.3.8; https://serhatburke.miroglu.net"
194.34.105.24 - - [26/Apr/2026:19:02:06 +0300] "GET /beste-casino-site-belgie-hoge-inzet/ HTTP/1.1" 200 21563 "-" "Mozilla/5.0 (Macintosh; Intel Mac OS X 10_12_2) AppleWebKit/537.36 (KHTML, like Gecko) Chrome/67.0.3396.79 Safari/537.36"
185.153.197.8 - - [26/Apr/2026:19:02:29 +0300] "POST /xmlrpc.php HTTP/1.1" 200 630 "-" "Mozilla/5.0 (Windows NT 10.0; Win64; x64) AppleWebKit/537.36 (KHTML, like Gecko) Chrome/114.0.0.0 Safari/537.36"
185.216.113.70 - - [26/Apr/2026:19:02:55 +0300] "POST /wp-cron.php?doing_wp_cron=1777219375.5505280494689941406250 HTTP/1.1" 200 448 "-" "WordPress/6.3.8; https://serhatburke.miroglu.net"
52.167.144.175 - - [26/Apr/2026:19:02:42 +0300] "GET /akcija-lobstermania-igralni-avtomat-cashanova-popolnoma-brezplacen-vrti-trije-igralni-avtomat-remark-2026-2-progresivna-jackpota-spletni-dnevnik-curso-beta/ HTTP/2" 200 18715 "-" "Mozilla/5.0 AppleWebKit/537.36 (KHTML, like Gecko; compatible; bingbot/2.0; +http://www.bing.com/bingbot.htm) Chrome/116.0.1938.76 Safari/537.36"
185.153.197.8 - - [26/Apr/2026:19:02:47 +0300] "POST /xmlrpc.php HTTP/1.1" 200 15522 "-" "Mozilla/5.0 (Windows NT 10.0; Win64; x64) AppleWebKit/537.36 (KHTML, like Gecko) Chrome/114.0.0.0 Safari/537.36"
52.167.144.173 - - [26/Apr/2026:19:02:55 +0300] "GET /pari-kazino-bonus-bez-vulkan-vegas-preuzimanje-aplikacije-u-crnoj-gori-depozita-2026/ HTTP/2" 200 19593 "-" "Mozilla/5.0 AppleWebKit/537.36 (KHTML, like Gecko; compatible; bingbot/2.0; +http://www.bing.com/bingbot.htm) Chrome/116.0.1938.76 Safari/537.36"
52.167.144.173 - - [26/Apr/2026:19:02:59 +0300] "GET /swift-spielsaal-online-spielcasino-konsistentes-financial-benachrichtigungen-und-belege/ HTTP/2" 200 19712 "-" "Mozilla/5.0 AppleWebKit/537.36 (KHTML, like Gecko; compatible; bingbot/2.0; +http://www.bing.com/bingbot.htm) Chrome/116.0.1938.76 Safari/537.36"
185.153.197.8 - - [26/Apr/2026:19:03:01 +0300] "GET /watch-the-newest-mummy-perfect-video-clips/ HTTP/1.1" 200 78488 "-" "Mozilla/5.0 (Windows NT 10.0; Win64; x64; rv:125.0) Gecko/20100101 Firefox/125.0"
52.167.144.175 - - [26/Apr/2026:19:03:04 +0300] "GET /better-ten-put-incentives-in-the-uk-ten-put-casinos/ HTTP/2" 200 18724 "-" "Mozilla/5.0 AppleWebKit/537.36 (KHTML, like Gecko; compatible; bingbot/2.0; +http://www.bing.com/bingbot.htm) Chrome/116.0.1938.76 Safari/537.36"
158.69.22.136 - - [26/Apr/2026:19:03:18 +0300] "GET /beste-casino-site-belgie-hoge-inzet/ HTTP/1.1" 200 19282 "-" "Mozilla/5.0 (compatible; Googlebot/2.1; +http://www.google.com/bot.html)"
185.216.113.70 - - [26/Apr/2026:19:03:51 +0300] "POST /wp-cron.php?doing_wp_cron=1777219431.4369750022888183593750 HTTP/1.1" 200 448 "-" "WordPress/6.3.8; https://serhatburke.miroglu.net"
52.167.144.175 - - [26/Apr/2026:19:03:39 +0300] "GET /beyond-the-drop-experience-high-volatility-wins-7/ HTTP/2" 200 20442 "-" "Mozilla/5.0 AppleWebKit/537.36 (KHTML, like Gecko; compatible; bingbot/2.0; +http://www.bing.com/bingbot.htm) Chrome/116.0.1938.76 Safari/537.36"
178.175.140.147 - - [26/Apr/2026:19:03:45 +0300] "POST /xmlrpc.php HTTP/1.1" 200 630 "-" "Mozilla/5.0 (Windows NT 10.0; Win64; x64) AppleWebKit/537.36 (KHTML, like Gecko) Chrome/114.0.0.0 Safari/537.36"
103.122.2.107 - - [26/Apr/2026:19:04:03 +0300] "GET /28563-2/ HTTP/1.1" 200 19352 "https://serhatburke.miroglu.net/" "Mozilla/5.0 (Windows NT 10.0; Win64; x64; Xbox; Xbox One) AppleWebKit/537.36 (KHTML, like Gecko) Chrome/114.0.0.0 Safari/537.36 Edge/44.18363.8131"
178.175.140.147 - - [26/Apr/2026:19:04:04 +0300] "POST /xmlrpc.php HTTP/1.1" 200 13317 "-" "Mozilla/5.0 (Windows NT 10.0; Win64; x64) AppleWebKit/537.36 (KHTML, like Gecko) Chrome/114.0.0.0 Safari/537.36"
178.175.140.147 - - [26/Apr/2026:19:04:16 +0300] "GET /all-of-our-greatest-blackjack-gambling-establishment-web-sites-record-features-the-new-operators-you-to-definitely-obtained-finest-in-the-critiques/ HTTP/1.1" 200 79512 "-" "Mozilla/5.0 (Windows NT 10.0; Win64; x64) AppleWebKit/537.36 (KHTML, like Gecko) Chrome/123.0.0.0 Safari/537.36 OPR/109.0.0.0"
185.216.113.70 - - [26/Apr/2026:19:05:06 +0300] "POST /wp-cron.php?doing_wp_cron=1777219505.9220631122589111328125 HTTP/1.1" 200 448 "-" "WordPress/6.3.8; https://serhatburke.miroglu.net"
40.77.167.74 - - [26/Apr/2026:19:04:53 +0300] "GET /sobre-como-jack-beanstalk-ningun-tanque-2025-poder-nuestro-bono-pictureline/ HTTP/2" 200 20551 "-" "Mozilla/5.0 AppleWebKit/537.36 (KHTML, like Gecko; compatible; bingbot/2.0; +http://www.bing.com/bingbot.htm) Chrome/116.0.1938.76 Safari/537.36"
185.216.113.70 - - [26/Apr/2026:19:06:24 +0300] "POST /wp-cron.php?doing_wp_cron=1777219584.4375131130218505859375 HTTP/1.1" 200 448 "-" "WordPress/6.3.8; https://serhatburke.miroglu.net"
178.175.140.147 - - [26/Apr/2026:19:06:11 +0300] "POST /xmlrpc.php HTTP/1.1" 200 630 "-" "Mozilla/5.0 (Windows NT 10.0; Win64; x64) AppleWebKit/537.36 (KHTML, like Gecko) Chrome/114.0.0.0 Safari/537.36"
178.175.140.147 - - [26/Apr/2026:19:06:30 +0300] "POST /xmlrpc.php HTTP/1.1" 200 9798 "-" "Mozilla/5.0 (Windows NT 10.0; Win64; x64) AppleWebKit/537.36 (KHTML, like Gecko) Chrome/114.0.0.0 Safari/537.36"
185.216.113.70 - - [26/Apr/2026:19:06:57 +0300] "POST /wp-cron.php?doing_wp_cron=1777219617.7126829624176025390625 HTTP/1.1" 200 448 "-" "WordPress/6.3.8; https://serhatburke.miroglu.net"
178.175.140.147 - - [26/Apr/2026:19:06:44 +0300] "GET /bonus-money-expire-in-30-days-bare-added-bonus-loans-was-eliminated/ HTTP/1.1" 200 73929 "-" "Mozilla/5.0 (Windows NT 10.0; Win64; x64) AppleWebKit/537.36 (KHTML, like Gecko) Chrome/124.0.0.0 Safari/537.36"
185.216.113.70 - - [26/Apr/2026:19:07:40 +0300] "POST /wp-cron.php?doing_wp_cron=1777219660.5951819419860839843750 HTTP/1.1" 200 448 "-" "WordPress/6.3.8; https://serhatburke.miroglu.net"
185.153.197.8 - - [26/Apr/2026:19:07:27 +0300] "POST /xmlrpc.php HTTP/1.1" 200 630 "-" "Mozilla/5.0 (Windows NT 10.0; Win64; x64) AppleWebKit/537.36 (KHTML, like Gecko) Chrome/114.0.0.0 Safari/537.36"
185.153.197.8 - - [26/Apr/2026:19:07:46 +0300] "POST /xmlrpc.php HTTP/1.1" 200 15950 "-" "Mozilla/5.0 (Windows NT 10.0; Win64; x64) AppleWebKit/537.36 (KHTML, like Gecko) Chrome/114.0.0.0 Safari/537.36"
178.175.140.147 - - [26/Apr/2026:19:07:55 +0300] "POST /xmlrpc.php HTTP/1.1" 200 630 "-" "Mozilla/5.0 (Windows NT 10.0; Win64; x64) AppleWebKit/537.36 (KHTML, like Gecko) Chrome/114.0.0.0 Safari/537.36"
185.153.197.8 - - [26/Apr/2026:19:08:01 +0300] "GET /greatest-three-dimensional-harbors-within-the-2026-gamble-totally-free-three-dimensional-slots-to-your-casinos-com/ HTTP/1.1" 200 81057 "-" "Mozilla/5.0 (Windows NT 10.0; Win64; x64) AppleWebKit/537.36 (KHTML, like Gecko) Chrome/123.0.0.0 Safari/537.36 OPR/109.0.0.0"
185.216.113.70 - - [26/Apr/2026:19:08:30 +0300] "POST /wp-cron.php?doing_wp_cron=1777219710.6120939254760742187500 HTTP/1.1" 200 448 "-" "WordPress/6.3.8; https://serhatburke.miroglu.net"
178.175.140.147 - - [26/Apr/2026:19:08:17 +0300] "POST /xmlrpc.php HTTP/1.1" 200 12900 "-" "Mozilla/5.0 (Windows NT 10.0; Win64; x64) AppleWebKit/537.36 (KHTML, like Gecko) Chrome/114.0.0.0 Safari/537.36"
178.175.140.147 - - [26/Apr/2026:19:08:32 +0300] "GET /cashback-is-normally-considering-as-an-element-of-a-great-vip-otherwise-respect-program-at-the-uk-bitcoin-gambling-enterprises/ HTTP/1.1" 200 78779 "-" "Mozilla/5.0 (Windows NT 10.0; Win64; x64) AppleWebKit/537.36 (KHTML, like Gecko) Chrome/123.0.0.0 Safari/537.36"
185.216.113.70 - - [26/Apr/2026:19:09:40 +0300] "POST /wp-cron.php?doing_wp_cron=1777219780.1144530773162841796875 HTTP/1.1" 200 448 "-" "WordPress/6.3.8; https://serhatburke.miroglu.net"
178.175.140.147 - - [26/Apr/2026:19:09:27 +0300] "POST /xmlrpc.php HTTP/1.1" 200 630 "-" "Mozilla/5.0 (Windows NT 10.0; Win64; x64) AppleWebKit/537.36 (KHTML, like Gecko) Chrome/114.0.0.0 Safari/537.36"
178.175.140.147 - - [26/Apr/2026:19:09:47 +0300] "POST /xmlrpc.php HTTP/1.1" 200 12559 "-" "Mozilla/5.0 (Windows NT 10.0; Win64; x64) AppleWebKit/537.36 (KHTML, like Gecko) Chrome/114.0.0.0 Safari/537.36"
178.175.140.147 - - [26/Apr/2026:19:10:01 +0300] "GET /free-online-blackjack-online-game-offer-an-effective-way-to-practice-and-hone-actions-in-place-of-economic-chance/ HTTP/1.1" 200 78017 "-" "Mozilla/5.0 (Windows NT 10.0; Win64; x64; rv:124.0) Gecko/20100101 Firefox/124.0"
185.216.113.70 - - [26/Apr/2026:19:10:59 +0300] "POST /wp-cron.php?doing_wp_cron=1777219859.3474469184875488281250 HTTP/1.1" 200 448 "-" "WordPress/6.3.8; https://serhatburke.miroglu.net"
52.167.144.173 - - [26/Apr/2026:19:10:44 +0300] "GET /19000-held-by-888-unless-it-rating-all-of-the-sensitive-info/ HTTP/2" 200 17932 "-" "Mozilla/5.0 AppleWebKit/537.36 (KHTML, like Gecko; compatible; bingbot/2.0; +http://www.bing.com/bingbot.htm) Chrome/116.0.1938.76 Safari/537.36"
52.167.144.175 - - [26/Apr/2026:19:10:50 +0300] "GET /actual-tendinte-in-cadrul-jocuri-electronice-pariuri-betmen-casino-_-teritoriul-romanesc-aschie-win/ HTTP/2" 200 20180 "-" "Mozilla/5.0 AppleWebKit/537.36 (KHTML, like Gecko; compatible; bingbot/2.0; +http://www.bing.com/bingbot.htm) Chrome/116.0.1938.76 Safari/537.36"
40.77.167.74 - - [26/Apr/2026:19:10:56 +0300] "GET /wszystkie-te-problem-razem-miec-zamiar-wypuscic-zdjecie-kasyna-byc-bezpiecznego-i-mozesz-atrakcyjnego-miejsca-do-gra-wideo/ HTTP/2" 200 17953 "-" "Mozilla/5.0 AppleWebKit/537.36 (KHTML, like Gecko; compatible; bingbot/2.0; +http://www.bing.com/bingbot.htm) Chrome/116.0.1938.76 Safari/537.36"
178.175.140.147 - - [26/Apr/2026:19:11:02 +0300] "POST /xmlrpc.php HTTP/1.1" 200 630 "-" "Mozilla/5.0 (Windows NT 10.0; Win64; x64) AppleWebKit/537.36 (KHTML, like Gecko) Chrome/114.0.0.0 Safari/537.36"
52.167.144.173 - - [26/Apr/2026:19:11:05 +0300] "GET /if-you-are-reviewing-gambling-establishment-significant-we-came-across-casino-brango-their-well-paired-sis-site/ HTTP/2" 200 17963 "-" "Mozilla/5.0 AppleWebKit/537.36 (KHTML, like Gecko; compatible; bingbot/2.0; +http://www.bing.com/bingbot.htm) Chrome/116.0.1938.76 Safari/537.36"
185.216.113.70 - - [26/Apr/2026:19:11:47 +0300] "POST /wp-cron.php?doing_wp_cron=1777219907.2363600730895996093750 HTTP/1.1" 200 448 "-" "WordPress/6.3.8; https://serhatburke.miroglu.net"
178.175.140.147 - - [26/Apr/2026:19:11:34 +0300] "POST /xmlrpc.php HTTP/1.1" 200 9804 "-" "Mozilla/5.0 (Windows NT 10.0; Win64; x64) AppleWebKit/537.36 (KHTML, like Gecko) Chrome/114.0.0.0 Safari/537.36"
178.175.140.147 - - [26/Apr/2026:19:11:47 +0300] "GET /incentive-funds-end-in-30-days-bare-bonus-money-would-be-eliminated/ HTTP/1.1" 200 73804 "-" "Mozilla/5.0 (Windows NT 10.0; Win64; x64) AppleWebKit/537.36 (KHTML, like Gecko) Chrome/122.0.0.0 Safari/537.36"
185.216.113.70 - - [26/Apr/2026:19:12:43 +0300] "POST /wp-cron.php?doing_wp_cron=1777219963.1759209632873535156250 HTTP/1.1" 200 448 "-" "WordPress/6.3.8; https://serhatburke.miroglu.net"
185.153.197.8 - - [26/Apr/2026:19:12:31 +0300] "POST /xmlrpc.php HTTP/1.1" 200 630 "-" "Mozilla/5.0 (Windows NT 10.0; Win64; x64) AppleWebKit/537.36 (KHTML, like Gecko) Chrome/114.0.0.0 Safari/537.36"
178.175.140.147 - - [26/Apr/2026:19:12:44 +0300] "POST /xmlrpc.php HTTP/1.1" 200 630 "-" "Mozilla/5.0 (Windows NT 10.0; Win64; x64) AppleWebKit/537.36 (KHTML, like Gecko) Chrome/114.0.0.0 Safari/537.36"
185.153.197.8 - - [26/Apr/2026:19:12:48 +0300] "POST /xmlrpc.php HTTP/1.1" 200 15548 "-" "Mozilla/5.0 (Windows NT 10.0; Win64; x64) AppleWebKit/537.36 (KHTML, like Gecko) Chrome/114.0.0.0 Safari/537.36"
185.153.197.8 - - [26/Apr/2026:19:13:05 +0300] "GET /the-best-totally-free-gamble-societal-casino-in-america/ HTTP/1.1" 200 79261 "-" "Mozilla/5.0 (Windows NT 10.0; Win64; x64) AppleWebKit/537.36 (KHTML, like Gecko) Chrome/109.0.0.0 Safari/537.36"
178.175.140.147 - - [26/Apr/2026:19:13:08 +0300] "POST /xmlrpc.php HTTP/1.1" 200 9077 "-" "Mozilla/5.0 (Windows NT 10.0; Win64; x64) AppleWebKit/537.36 (KHTML, like Gecko) Chrome/114.0.0.0 Safari/537.36"
178.175.140.147 - - [26/Apr/2026:19:13:22 +0300] "GET /so-youre-able-to-withdraw-game-added-bonus-wagering-req/ HTTP/1.1" 200 73463 "-" "Mozilla/5.0 (Windows NT 10.0; Win64; x64) AppleWebKit/537.36 (KHTML, like Gecko) Chrome/123.0.0.0 Safari/537.36"
185.216.113.70 - - [26/Apr/2026:19:14:08 +0300] "POST /wp-cron.php?doing_wp_cron=1777220048.6238529682159423828125 HTTP/1.1" 200 448 "-" "WordPress/6.3.8; https://serhatburke.miroglu.net"
40.77.167.43 - - [26/Apr/2026:19:13:56 +0300] "GET /druckgluck-kasino-erfahrungen-and-test-2026-maklercourtage-codes/ HTTP/2" 200 20404 "-" "Mozilla/5.0 AppleWebKit/537.36 (KHTML, like Gecko; compatible; bingbot/2.0; +http://www.bing.com/bingbot.htm) Chrome/116.0.1938.76 Safari/537.36"
40.77.167.43 - - [26/Apr/2026:19:14:01 +0300] "GET /how-bscscan-enhances-your-crypto-trading-experience-3/ HTTP/2" 200 17854 "-" "Mozilla/5.0 AppleWebKit/537.36 (KHTML, like Gecko; compatible; bingbot/2.0; +http://www.bing.com/bingbot.htm) Chrome/116.0.1938.76 Safari/537.36"
178.175.140.147 - - [26/Apr/2026:19:14:09 +0300] "POST /xmlrpc.php HTTP/1.1" 200 630 "-" "Mozilla/5.0 (Windows NT 10.0; Win64; x64) AppleWebKit/537.36 (KHTML, like Gecko) Chrome/114.0.0.0 Safari/537.36"
40.77.167.43 - - [26/Apr/2026:19:14:13 +0300] "GET /monopoly-big-money-dan-demo-danselat-fri-spilleautomat-blant-big-time-gaming-ipad-spill-great-buss/ HTTP/2" 200 18893 "-" "Mozilla/5.0 AppleWebKit/537.36 (KHTML, like Gecko; compatible; bingbot/2.0; +http://www.bing.com/bingbot.htm) Chrome/116.0.1938.76 Safari/537.36"
185.216.113.70 - - [26/Apr/2026:19:14:47 +0300] "POST /wp-cron.php?doing_wp_cron=1777220087.6040639877319335937500 HTTP/1.1" 200 448 "-" "WordPress/6.3.8; https://serhatburke.miroglu.net"
178.175.140.147 - - [26/Apr/2026:19:14:35 +0300] "POST /xmlrpc.php HTTP/1.1" 200 10570 "-" "Mozilla/5.0 (Windows NT 10.0; Win64; x64) AppleWebKit/537.36 (KHTML, like Gecko) Chrome/114.0.0.0 Safari/537.36"
178.175.140.147 - - [26/Apr/2026:19:14:48 +0300] "GET /thunderpick-is-renowned-for-the-innovative-method-to-online-blackjack-adding-features-one-participate-professionals/ HTTP/1.1" 200 76138 "-" "Mozilla/5.0 (Windows NT 10.0; Win64; x64; rv:125.0) Gecko/20100101 Firefox/125.0"
37.139.53.240 - - [26/Apr/2026:19:15:06 +0300] "POST / HTTP/2" 200 18362 "-" "Mozilla/5.0 (Macintosh; Intel Mac OS X 10.15; rv:135.0) Gecko/20100101 Firefox/135.0"
178.175.140.147 - - [26/Apr/2026:19:15:24 +0300] "POST /xmlrpc.php HTTP/1.1" 200 630 "-" "Mozilla/5.0 (Windows NT 10.0; Win64; x64) AppleWebKit/537.36 (KHTML, like Gecko) Chrome/114.0.0.0 Safari/537.36"
185.216.113.70 - - [26/Apr/2026:19:15:54 +0300] "POST /wp-cron.php?doing_wp_cron=1777220154.3245620727539062500000 HTTP/1.1" 200 448 "-" "WordPress/6.3.8; https://serhatburke.miroglu.net"
178.175.140.147 - - [26/Apr/2026:19:15:42 +0300] "POST /xmlrpc.php HTTP/1.1" 200 12492 "-" "Mozilla/5.0 (Windows NT 10.0; Win64; x64) AppleWebKit/537.36 (KHTML, like Gecko) Chrome/114.0.0.0 Safari/537.36"
178.175.140.147 - - [26/Apr/2026:19:15:56 +0300] "GET /blackjack-has-stayed-probably-one-of-the-most-played-casino-games-because-of-recent-years/ HTTP/1.1" 200 77066 "-" "Mozilla/5.0 (Windows NT 10.0; rv:125.0) Gecko/20100101 Firefox/125.0"
66.249.73.14 - - [26/Apr/2026:19:16:12 +0300] "GET /up-x-onlain-kazino-bonusy3566-2/ HTTP/1.1" 200 19289 "-" "Mozilla/5.0 (Linux; Android 6.0.1; Nexus 5X Build/MMB29P) AppleWebKit/537.36 (KHTML, like Gecko) Chrome/146.0.7680.177 Mobile Safari/537.36 (compatible; Googlebot/2.1; +http://www.google.com/bot.html)"
66.249.73.15 - - [26/Apr/2026:19:16:23 +0300] "GET /up-x-onlain-kazino-oficialnyi-sait1910/ HTTP/1.1" 200 19153 "-" "Mozilla/5.0 (Linux; Android 6.0.1; Nexus 5X Build/MMB29P) AppleWebKit/537.36 (KHTML, like Gecko) Chrome/146.0.7680.177 Mobile Safari/537.36 (compatible; Googlebot/2.1; +http://www.google.com/bot.html)"
185.216.113.70 - - [26/Apr/2026:19:16:58 +0300] "POST /wp-cron.php?doing_wp_cron=1777220218.0748710632324218750000 HTTP/1.1" 200 448 "-" "WordPress/6.3.8; https://serhatburke.miroglu.net"
66.249.73.15 - - [26/Apr/2026:19:16:45 +0300] "GET /chumba-casino-uk-review-your-gateway-to-exciting-online-gaming/ HTTP/1.1" 200 18839 "-" "Mozilla/5.0 (Linux; Android 6.0.1; Nexus 5X Build/MMB29P) AppleWebKit/537.36 (KHTML, like Gecko) Chrome/146.0.7680.177 Mobile Safari/537.36 (compatible; Googlebot/2.1; +http://www.google.com/bot.html)"
178.175.140.147 - - [26/Apr/2026:19:16:59 +0300] "POST /xmlrpc.php HTTP/1.1" 200 630 "-" "Mozilla/5.0 (Windows NT 10.0; Win64; x64) AppleWebKit/537.36 (KHTML, like Gecko) Chrome/114.0.0.0 Safari/537.36"
66.249.73.15 - - [26/Apr/2026:19:17:05 +0300] "GET /up-x-onlain-kazino-bonusy3566-2/undefined?ts=1775520000 HTTP/1.1" 200 0 "https://serhatburke.miroglu.net/up-x-onlain-kazino-bonusy3566-2/" "Mozilla/5.0 (Linux; Android 6.0.1; Nexus 5X Build/MMB29P) AppleWebKit/537.36 (KHTML, like Gecko) Chrome/146.0.7680.177 Mobile Safari/537.36 (compatible; Googlebot/2.1; +http://www.google.com/bot.html)"
185.216.113.70 - - [26/Apr/2026:19:17:34 +0300] "POST /wp-cron.php?doing_wp_cron=1777220254.2078640460968017578125 HTTP/1.1" 200 448 "-" "WordPress/6.3.8; https://serhatburke.miroglu.net"
178.175.140.147 - - [26/Apr/2026:19:17:21 +0300] "POST /xmlrpc.php HTTP/1.1" 200 12744 "-" "Mozilla/5.0 (Windows NT 10.0; Win64; x64) AppleWebKit/537.36 (KHTML, like Gecko) Chrome/114.0.0.0 Safari/537.36"
185.153.197.8 - - [26/Apr/2026:19:17:26 +0300] "POST /xmlrpc.php HTTP/1.1" 200 630 "-" "Mozilla/5.0 (Windows NT 10.0; Win64; x64) AppleWebKit/537.36 (KHTML, like Gecko) Chrome/114.0.0.0 Safari/537.36"
178.175.140.147 - - [26/Apr/2026:19:17:35 +0300] "GET /there-are-even-an-abundance-of-constant-promos-competitions-and-you-can-commitment-benefits/ HTTP/1.1" 200 77370 "-" "Mozilla/5.0 (Windows NT 10.0; Win64; x64; rv:124.0) Gecko/20100101 Firefox/124.0"
185.153.197.8 - - [26/Apr/2026:19:17:46 +0300] "POST /xmlrpc.php HTTP/1.1" 200 15844 "-" "Mozilla/5.0 (Windows NT 10.0; Win64; x64) AppleWebKit/537.36 (KHTML, like Gecko) Chrome/114.0.0.0 Safari/537.36"
185.153.197.8 - - [26/Apr/2026:19:18:01 +0300] "GET /greatest-real-money-local-casino-apps-2026-greatest-mobile-online-casinos/ HTTP/1.1" 200 79924 "-" "Mozilla/5.0 (Windows NT 10.0; Win64; x64) AppleWebKit/537.36 (KHTML, like Gecko) Chrome/122.0.0.0 Safari/537.36"
185.216.113.70 - - [26/Apr/2026:19:18:52 +0300] "POST /wp-cron.php?doing_wp_cron=1777220332.7048299312591552734375 HTTP/1.1" 200 448 "-" "WordPress/6.3.8; https://serhatburke.miroglu.net"
178.175.140.147 - - [26/Apr/2026:19:18:39 +0300] "POST /xmlrpc.php HTTP/1.1" 200 630 "-" "Mozilla/5.0 (Windows NT 10.0; Win64; x64) AppleWebKit/537.36 (KHTML, like Gecko) Chrome/114.0.0.0 Safari/537.36"
178.175.140.147 - - [26/Apr/2026:19:18:58 +0300] "POST /xmlrpc.php HTTP/1.1" 200 9199 "-" "Mozilla/5.0 (Windows NT 10.0; Win64; x64) AppleWebKit/537.36 (KHTML, like Gecko) Chrome/114.0.0.0 Safari/537.36"
158.69.22.136 - - [26/Apr/2026:19:19:06 +0300] "GET /beste-casino-site-belgie-hoge-inzet/ HTTP/1.1" 200 19380 "-" "Mozilla/5.0 (compatible; Googlebot/2.1; +http://www.google.com/bot.html)"
178.175.140.147 - - [26/Apr/2026:19:19:15 +0300] "GET /rtps-typically-slip-ranging-from-94-and-you-will-96-however-are-very-different-according-to-wager-form-of-and-you-can-round-consequences/ HTTP/1.1" 200 75464 "-" "Mozilla/5.0 (Windows NT 10.0; Win64; x64) AppleWebKit/537.36 (KHTML, like Gecko) Chrome/124.0.0.0 Safari/537.36 Edg/124.0.0.0"
185.216.113.70 - - [26/Apr/2026:19:20:08 +0300] "POST /wp-cron.php?doing_wp_cron=1777220408.8491780757904052734375 HTTP/1.1" 200 448 "-" "WordPress/6.3.8; https://serhatburke.miroglu.net"
178.175.140.147 - - [26/Apr/2026:19:19:56 +0300] "POST /xmlrpc.php HTTP/1.1" 200 630 "-" "Mozilla/5.0 (Windows NT 10.0; Win64; x64) AppleWebKit/537.36 (KHTML, like Gecko) Chrome/114.0.0.0 Safari/537.36"
178.175.140.147 - - [26/Apr/2026:19:20:15 +0300] "POST /xmlrpc.php HTTP/1.1" 200 9237 "-" "Mozilla/5.0 (Windows NT 10.0; Win64; x64) AppleWebKit/537.36 (KHTML, like Gecko) Chrome/114.0.0.0 Safari/537.36"
185.216.113.70 - - [26/Apr/2026:19:20:43 +0300] "POST /wp-cron.php?doing_wp_cron=1777220443.9091169834136962890625 HTTP/1.1" 200 448 "-" "WordPress/6.3.8; https://serhatburke.miroglu.net"
178.175.140.147 - - [26/Apr/2026:19:20:29 +0300] "GET /it-part-address-contact-information-prominent-issues-prospective-and-you-may-most-recent-users-has-on-bitcoin-and-you-can-crypto-casinos/ HTTP/1.1" 200 75391 "-" "Mozilla/5.0 (Windows NT 10.0; Win64; x64) AppleWebKit/537.36 (KHTML, like Gecko) Chrome/124.0.0.0 Safari/537.36 Edg/124.0.0.0"
40.77.167.43 - - [26/Apr/2026:19:21:14 +0300] "GET /84308-2/ HTTP/2" 200 17421 "-" "Mozilla/5.0 AppleWebKit/537.36 (KHTML, like Gecko; compatible; bingbot/2.0; +http://www.bing.com/bingbot.htm) Chrome/116.0.1938.76 Safari/537.36"
178.175.140.147 - - [26/Apr/2026:19:21:25 +0300] "POST /xmlrpc.php HTTP/1.1" 200 630 "-" "Mozilla/5.0 (Windows NT 10.0; Win64; x64) AppleWebKit/537.36 (KHTML, like Gecko) Chrome/114.0.0.0 Safari/537.36"
185.216.113.70 - - [26/Apr/2026:19:21:44 +0300] "POST /wp-cron.php?doing_wp_cron=1777220504.8228340148925781250000 HTTP/1.1" 200 448 "-" "WordPress/6.3.8; https://serhatburke.miroglu.net"
185.153.197.137 - - [26/Apr/2026:19:21:33 +0300] "POST /xmlrpc.php HTTP/1.1" 200 630 "-" "Mozilla/5.0 (Windows NT 10.0; Win64; x64) AppleWebKit/537.36 (KHTML, like Gecko) Chrome/114.0.0.0 Safari/537.36"
178.175.140.147 - - [26/Apr/2026:19:21:44 +0300] "POST /xmlrpc.php HTTP/1.1" 200 12430 "-" "Mozilla/5.0 (Windows NT 10.0; Win64; x64) AppleWebKit/537.36 (KHTML, like Gecko) Chrome/114.0.0.0 Safari/537.36"
185.153.197.137 - - [26/Apr/2026:19:21:50 +0300] "POST /xmlrpc.php HTTP/1.1" 200 13607 "-" "Mozilla/5.0 (Windows NT 10.0; Win64; x64) AppleWebKit/537.36 (KHTML, like Gecko) Chrome/114.0.0.0 Safari/537.36"
178.175.140.147 - - [26/Apr/2026:19:22:01 +0300] "GET /the-working-platform-machines-regular-advertisements-and-tournaments-providing-pages-an-abundance-of-reasons-to-keep-coming-back/ HTTP/1.1" 200 78134 "-" "Mozilla/5.0 (Windows NT 10.0; rv:109.0) Gecko/20100101 Firefox/115.0"
185.153.197.137 - - [26/Apr/2026:19:22:06 +0300] "GET /what-exactly-is-body-weight-types-the-reason-why-you-you-need-fats/ HTTP/1.1" 200 77379 "-" "Mozilla/5.0 (Windows NT 10.0; Win64; x64; rv:125.0) Gecko/20100101 Firefox/125.0"
185.216.113.70 - - [26/Apr/2026:19:22:57 +0300] "POST /wp-cron.php?doing_wp_cron=1777220577.5491549968719482421875 HTTP/1.1" 200 448 "-" "WordPress/6.3.8; https://serhatburke.miroglu.net"
178.175.140.147 - - [26/Apr/2026:19:22:46 +0300] "POST /xmlrpc.php HTTP/1.1" 200 630 "-" "Mozilla/5.0 (Windows NT 10.0; Win64; x64) AppleWebKit/537.36 (KHTML, like Gecko) Chrome/114.0.0.0 Safari/537.36"
178.175.140.147 - - [26/Apr/2026:19:23:04 +0300] "POST /xmlrpc.php HTTP/1.1" 200 10613 "-" "Mozilla/5.0 (Windows NT 10.0; Win64; x64) AppleWebKit/537.36 (KHTML, like Gecko) Chrome/114.0.0.0 Safari/537.36"
178.175.140.147 - - [26/Apr/2026:19:23:17 +0300] "GET /the-security-background-in-the-above-list-can-assist-you-to-favor-a-as-well-as-credible-casino-website/ HTTP/1.1" 200 75692 "-" "Mozilla/5.0 (Windows NT 10.0; Win64; x64) AppleWebKit/537.36 (KHTML, like Gecko) Chrome/124.0.0.0 Safari/537.36 Edg/124.0.0.0"
185.216.113.70 - - [26/Apr/2026:19:23:44 +0300] "POST /wp-cron.php?doing_wp_cron=1777220624.1566929817199707031250 HTTP/1.1" 200 448 "-" "WordPress/6.3.8; https://serhatburke.miroglu.net"
40.77.167.43 - - [26/Apr/2026:19:23:32 +0300] "GET /10-segredos-aquele-dicas-para-alcancar-nos-slots/ HTTP/2" 200 20554 "-" "Mozilla/5.0 AppleWebKit/537.36 (KHTML, like Gecko; compatible; bingbot/2.0; +http://www.bing.com/bingbot.htm) Chrome/116.0.1938.76 Safari/537.36"
40.77.167.156 - - [26/Apr/2026:19:23:39 +0300] "GET /gates-of-olympus-1000-slot-experience-sumrgete-en/ HTTP/2" 200 18312 "-" "Mozilla/5.0 AppleWebKit/537.36 (KHTML, like Gecko; compatible; bingbot/2.0; +http://www.bing.com/bingbot.htm) Chrome/116.0.1938.76 Safari/537.36"
52.167.144.142 - - [26/Apr/2026:19:23:47 +0300] "GET /bet-on-activities-in-the-gbets-get-forest-harmony-paypal-the-video-game-for-the/ HTTP/2" 200 18918 "-" "Mozilla/5.0 AppleWebKit/537.36 (KHTML, like Gecko; compatible; bingbot/2.0; +http://www.bing.com/bingbot.htm) Chrome/116.0.1938.76 Safari/537.36"
52.167.144.224 - - [26/Apr/2026:19:23:51 +0300] "GET /kraken-bezopasnye-sposoby-dostupa-k-darknetu-2026-3/ HTTP/2" 200 18589 "-" "Mozilla/5.0 AppleWebKit/537.36 (KHTML, like Gecko; compatible; bingbot/2.0; +http://www.bing.com/bingbot.htm) Chrome/116.0.1938.76 Safari/537.36"
52.167.144.224 - - [26/Apr/2026:19:24:11 +0300] "GET /casino-non-aams-i-migliori-apbet-bonus-senza-deposito-addirittura-piu-sicuri-febbraio-2026/ HTTP/2" 200 19088 "-" "Mozilla/5.0 AppleWebKit/537.36 (KHTML, like Gecko; compatible; bingbot/2.0; +http://www.bing.com/bingbot.htm) Chrome/116.0.1938.76 Safari/537.36"
185.216.113.70 - - [26/Apr/2026:19:24:39 +0300] "POST /wp-cron.php?doing_wp_cron=1777220679.4541680812835693359375 HTTP/1.1" 200 448 "-" "WordPress/6.3.8; https://serhatburke.miroglu.net"
178.175.140.147 - - [26/Apr/2026:19:24:27 +0300] "POST /xmlrpc.php HTTP/1.1" 200 630 "-" "Mozilla/5.0 (Windows NT 10.0; Win64; x64) AppleWebKit/537.36 (KHTML, like Gecko) Chrome/114.0.0.0 Safari/537.36"
178.175.140.147 - - [26/Apr/2026:19:24:45 +0300] "POST /xmlrpc.php HTTP/1.1" 200 9193 "-" "Mozilla/5.0 (Windows NT 10.0; Win64; x64) AppleWebKit/537.36 (KHTML, like Gecko) Chrome/114.0.0.0 Safari/537.36"
178.175.140.147 - - [26/Apr/2026:19:24:58 +0300] "GET /therefore-you-send-out-and-you-can-discover-funds-in-place-of-bringing-any-certain-economic-outline-you-to-definitely-shows-your-data/ HTTP/1.1" 200 75248 "-" "Mozilla/5.0 (Windows NT 10.0; Win64; x64) AppleWebKit/537.36 (KHTML, like Gecko) Chrome/109.0.0.0 Safari/537.36"
185.216.113.70 - - [26/Apr/2026:19:26:05 +0300] "POST /wp-cron.php?doing_wp_cron=1777220765.6671919822692871093750 HTTP/1.1" 200 448 "-" "WordPress/6.3.8; https://serhatburke.miroglu.net"
178.175.140.147 - - [26/Apr/2026:19:25:53 +0300] "POST /xmlrpc.php HTTP/1.1" 200 630 "-" "Mozilla/5.0 (Windows NT 10.0; Win64; x64) AppleWebKit/537.36 (KHTML, like Gecko) Chrome/114.0.0.0 Safari/537.36"
185.153.197.137 - - [26/Apr/2026:19:25:59 +0300] "POST /xmlrpc.php HTTP/1.1" 200 630 "-" "Mozilla/5.0 (Windows NT 10.0; Win64; x64) AppleWebKit/537.36 (KHTML, like Gecko) Chrome/114.0.0.0 Safari/537.36"
178.175.140.147 - - [26/Apr/2026:19:26:13 +0300] "POST /xmlrpc.php HTTP/1.1" 200 13332 "-" "Mozilla/5.0 (Windows NT 10.0; Win64; x64) AppleWebKit/537.36 (KHTML, like Gecko) Chrome/114.0.0.0 Safari/537.36"
185.153.197.137 - - [26/Apr/2026:19:26:16 +0300] "POST /xmlrpc.php HTTP/1.1" 200 13561 "-" "Mozilla/5.0 (Windows NT 10.0; Win64; x64) AppleWebKit/537.36 (KHTML, like Gecko) Chrome/114.0.0.0 Safari/537.36"
178.175.140.147 - - [26/Apr/2026:19:26:25 +0300] "GET /potential-court-outcomes-to-possess-betting-during-the-regions-in-which-it-is-taboo-tend-to-be-fees-and-penalties-and-imprisonment/ HTTP/1.1" 200 79321 "-" "Mozilla/5.0 (Windows NT 10.0; Win64; x64) AppleWebKit/537.36 (KHTML, like Gecko) Chrome/122.0.0.0 Safari/537.36"
185.216.113.70 - - [26/Apr/2026:19:26:41 +0300] "POST /wp-cron.php?doing_wp_cron=1777220801.6409800052642822265625 HTTP/1.1" 200 448 "-" "WordPress/6.3.8; https://serhatburke.miroglu.net"
185.153.197.137 - - [26/Apr/2026:19:26:29 +0300] "GET /fantastic-five-position-opinion-2026-by-playtech/ HTTP/1.1" 200 76765 "-" "Mozilla/5.0 (Windows NT 10.0; Win64; x64) AppleWebKit/537.36 (KHTML, like Gecko) Chrome/123.0.0.0 Safari/537.36"
178.175.140.147 - - [26/Apr/2026:19:27:02 +0300] "POST /xmlrpc.php HTTP/1.1" 200 630 "-" "Mozilla/5.0 (Windows NT 10.0; Win64; x64) AppleWebKit/537.36 (KHTML, like Gecko) Chrome/114.0.0.0 Safari/537.36"
185.216.113.70 - - [26/Apr/2026:19:27:31 +0300] "POST /wp-cron.php?doing_wp_cron=1777220851.3335928916931152343750 HTTP/1.1" 200 448 "-" "WordPress/6.3.8; https://serhatburke.miroglu.net"
178.175.140.147 - - [26/Apr/2026:19:27:19 +0300] "POST /xmlrpc.php HTTP/1.1" 200 8855 "-" "Mozilla/5.0 (Windows NT 10.0; Win64; x64) AppleWebKit/537.36 (KHTML, like Gecko) Chrome/114.0.0.0 Safari/537.36"
178.175.140.147 - - [26/Apr/2026:19:27:35 +0300] "GET /understanding-the-earliest-blackjack-strategy-is-a-kick-off-point-that-may-dramatically-slow-down-the-household-border/ HTTP/1.1" 200 74589 "-" "Mozilla/5.0 (Windows NT 10.0; Win64; x64) AppleWebKit/537.36 (KHTML, like Gecko) Chrome/123.0.0.0 Safari/537.36"
185.153.197.8 - - [26/Apr/2026:19:28:02 +0300] "POST /xmlrpc.php HTTP/1.1" 200 630 "-" "Mozilla/5.0 (Windows NT 10.0; Win64; x64) AppleWebKit/537.36 (KHTML, like Gecko) Chrome/114.0.0.0 Safari/537.36"
185.216.113.70 - - [26/Apr/2026:19:28:31 +0300] "POST /wp-cron.php?doing_wp_cron=1777220911.4076609611511230468750 HTTP/1.1" 200 448 "-" "WordPress/6.3.8; https://serhatburke.miroglu.net"
185.153.197.8 - - [26/Apr/2026:19:28:19 +0300] "POST /xmlrpc.php HTTP/1.1" 200 15732 "-" "Mozilla/5.0 (Windows NT 10.0; Win64; x64) AppleWebKit/537.36 (KHTML, like Gecko) Chrome/114.0.0.0 Safari/537.36"
178.175.140.147 - - [26/Apr/2026:19:28:25 +0300] "POST /xmlrpc.php HTTP/1.1" 200 630 "-" "Mozilla/5.0 (Windows NT 10.0; Win64; x64) AppleWebKit/537.36 (KHTML, like Gecko) Chrome/114.0.0.0 Safari/537.36"
185.153.197.8 - - [26/Apr/2026:19:28:31 +0300] "GET /greatest-gambling-enterprise-applications-for-aussies-within-the-2025-mobile-playing-trend/ HTTP/1.1" 200 80277 "-" "Mozilla/5.0 (Windows NT 10.0; Win64; x64) AppleWebKit/537.36 (KHTML, like Gecko) Chrome/122.0.0.0 Safari/537.36"
52.167.144.224 - - [26/Apr/2026:19:28:42 +0300] "GET /six-cryptorino-%EF%BF%BD-100-bonus-doing-1-btc-in-your-earliest-deposit-also-ten-a-week-cashback/ HTTP/2" 200 17739 "-" "Mozilla/5.0 AppleWebKit/537.36 (KHTML, like Gecko; compatible; bingbot/2.0; +http://www.bing.com/bingbot.htm) Chrome/116.0.1938.76 Safari/537.36"
178.175.140.147 - - [26/Apr/2026:19:28:46 +0300] "POST /xmlrpc.php HTTP/1.1" 200 9880 "-" "Mozilla/5.0 (Windows NT 10.0; Win64; x64) AppleWebKit/537.36 (KHTML, like Gecko) Chrome/114.0.0.0 Safari/537.36"
178.175.140.147 - - [26/Apr/2026:19:29:00 +0300] "GET /slotsandcasino-merges-the-brand-new-timeless-attractiveness-of-black-jack-that-have-modern-go-out-has-and-incentives/ HTTP/1.1" 200 75191 "-" "Mozilla/5.0 (Windows NT 10.0; Win64; x64) AppleWebKit/537.36 (KHTML, like Gecko) Chrome/124.0.0.0 Safari/537.36 Edg/124.0.0.0"
185.216.113.70 - - [26/Apr/2026:19:29:39 +0300] "POST /wp-cron.php?doing_wp_cron=1777220979.0205059051513671875000 HTTP/1.1" 200 448 "-" "WordPress/6.3.8; https://serhatburke.miroglu.net"
186.137.250.232 - - [26/Apr/2026:19:29:26 +0300] "GET / HTTP/1.1" 200 21365 "-" "Mozilla/5.0 (Windows NT 10.0; Win64; x64) AppleWebKit/537.36 (KHTML, like Gecko) Chrome/120.0.0.0 Safari/537.36"
178.175.140.147 - - [26/Apr/2026:19:29:32 +0300] "POST /xmlrpc.php HTTP/1.1" 200 630 "-" "Mozilla/5.0 (Windows NT 10.0; Win64; x64) AppleWebKit/537.36 (KHTML, like Gecko) Chrome/114.0.0.0 Safari/537.36"
178.175.140.147 - - [26/Apr/2026:19:29:51 +0300] "POST /xmlrpc.php HTTP/1.1" 200 9405 "-" "Mozilla/5.0 (Windows NT 10.0; Win64; x64) AppleWebKit/537.36 (KHTML, like Gecko) Chrome/114.0.0.0 Safari/537.36"
178.175.140.147 - - [26/Apr/2026:19:30:03 +0300] "GET /the-security-off-crypto-gambling-enterprises-benefits-from-blockchain-tech-that-provides-an-each-research-deal-listing/ HTTP/1.1" 200 74921 "-" "Mozilla/5.0 (Windows NT 10.0; rv:109.0) Gecko/20100101 Firefox/115.0"
185.153.197.137 - - [26/Apr/2026:19:30:19 +0300] "POST /xmlrpc.php HTTP/1.1" 200 630 "-" "Mozilla/5.0 (Windows NT 10.0; Win64; x64) AppleWebKit/537.36 (KHTML, like Gecko) Chrome/114.0.0.0 Safari/537.36"
185.216.113.70 - - [26/Apr/2026:19:30:48 +0300] "POST /wp-cron.php?doing_wp_cron=1777221048.3657228946685791015625 HTTP/1.1" 200 448 "-" "WordPress/6.3.8; https://serhatburke.miroglu.net"
185.153.197.137 - - [26/Apr/2026:19:30:36 +0300] "POST /xmlrpc.php HTTP/1.1" 200 13901 "-" "Mozilla/5.0 (Windows NT 10.0; Win64; x64) AppleWebKit/537.36 (KHTML, like Gecko) Chrome/114.0.0.0 Safari/537.36"
178.175.140.147 - - [26/Apr/2026:19:30:38 +0300] "POST /xmlrpc.php HTTP/1.1" 200 630 "-" "Mozilla/5.0 (Windows NT 10.0; Win64; x64) AppleWebKit/537.36 (KHTML, like Gecko) Chrome/114.0.0.0 Safari/537.36"
185.153.197.137 - - [26/Apr/2026:19:30:48 +0300] "GET /fat-santa-play-demo-100percent-free-from-the-push-gaming-pictureline/ HTTP/1.1" 200 77892 "-" "Mozilla/5.0 (Windows NT 10.0; Win64; x64; rv:125.0) Gecko/20100101 Firefox/125.0"
178.175.140.147 - - [26/Apr/2026:19:30:58 +0300] "POST /xmlrpc.php HTTP/1.1" 200 9182 "-" "Mozilla/5.0 (Windows NT 10.0; Win64; x64) AppleWebKit/537.36 (KHTML, like Gecko) Chrome/114.0.0.0 Safari/537.36"
103.122.2.107 - - [26/Apr/2026:19:31:05 +0300] "GET /28563-2/ HTTP/1.1" 200 19352 "https://serhatburke.miroglu.net/" "Mozilla/5.0 (X11; Ubuntu; Linux x86_64; rv:114.0) Gecko/20100101 Firefox/114.0"
178.175.140.147 - - [26/Apr/2026:19:31:12 +0300] "GET /an-effective-cryptocurrency-casino-was-an-on-line-gambling-system-one-to-welcomes-cryptocurrency-having-places-and-withdrawals/ HTTP/1.1" 200 75055 "-" "Mozilla/5.0 (Windows NT 10.0; rv:125.0) Gecko/20100101 Firefox/125.0"
185.216.113.70 - - [26/Apr/2026:19:32:06 +0300] "POST /wp-cron.php?doing_wp_cron=1777221126.3221859931945800781250 HTTP/1.1" 200 448 "-" "WordPress/6.3.8; https://serhatburke.miroglu.net"
178.175.140.147 - - [26/Apr/2026:19:31:54 +0300] "POST /xmlrpc.php HTTP/1.1" 200 630 "-" "Mozilla/5.0 (Windows NT 10.0; Win64; x64) AppleWebKit/537.36 (KHTML, like Gecko) Chrome/114.0.0.0 Safari/537.36"
178.175.140.147 - - [26/Apr/2026:19:32:14 +0300] "POST /xmlrpc.php HTTP/1.1" 200 10244 "-" "Mozilla/5.0 (Windows NT 10.0; Win64; x64) AppleWebKit/537.36 (KHTML, like Gecko) Chrome/114.0.0.0 Safari/537.36"
178.175.140.147 - - [26/Apr/2026:19:32:26 +0300] "GET /maintain-your-opportunities-safe-inside-the-a-pouch-merely-you-have-access-to/ HTTP/1.1" 200 74761 "-" "Mozilla/5.0 (Windows NT 10.0; rv:125.0) Gecko/20100101 Firefox/125.0"
185.216.113.70 - - [26/Apr/2026:19:33:17 +0300] "POST /wp-cron.php?doing_wp_cron=1777221197.7923350334167480468750 HTTP/1.1" 200 448 "-" "WordPress/6.3.8; https://serhatburke.miroglu.net"
178.175.140.147 - - [26/Apr/2026:19:33:06 +0300] "POST /xmlrpc.php HTTP/1.1" 200 630 "-" "Mozilla/5.0 (Windows NT 10.0; Win64; x64) AppleWebKit/537.36 (KHTML, like Gecko) Chrome/114.0.0.0 Safari/537.36"
178.175.140.147 - - [26/Apr/2026:19:33:25 +0300] "POST /xmlrpc.php HTTP/1.1" 200 11983 "-" "Mozilla/5.0 (Windows NT 10.0; Win64; x64) AppleWebKit/537.36 (KHTML, like Gecko) Chrome/114.0.0.0 Safari/537.36"
185.216.113.70 - - [26/Apr/2026:19:33:49 +0300] "POST /wp-cron.php?doing_wp_cron=1777221229.1363339424133300781250 HTTP/1.1" 200 448 "-" "WordPress/6.3.8; https://serhatburke.miroglu.net"
178.175.140.147 - - [26/Apr/2026:19:33:37 +0300] "GET /to-purchase-in-the-is-quick-and-simple-with-charge-mastercard-applepay-or-googlepay/ HTTP/1.1" 200 76805 "-" "Mozilla/5.0 (Windows NT 10.0; Win64; x64) AppleWebKit/537.36 (KHTML, like Gecko) Chrome/124.0.0.0 Safari/537.36"
178.175.140.147 - - [26/Apr/2026:19:34:19 +0300] "POST /xmlrpc.php HTTP/1.1" 200 630 "-" "Mozilla/5.0 (Windows NT 10.0; Win64; x64) AppleWebKit/537.36 (KHTML, like Gecko) Chrome/114.0.0.0 Safari/537.36"
185.216.113.70 - - [26/Apr/2026:19:34:52 +0300] "POST /wp-cron.php?doing_wp_cron=1777221292.6312339305877685546875 HTTP/1.1" 200 448 "-" "WordPress/6.3.8; https://serhatburke.miroglu.net"
178.175.140.147 - - [26/Apr/2026:19:34:40 +0300] "POST /xmlrpc.php HTTP/1.1" 200 8628 "-" "Mozilla/5.0 (Windows NT 10.0; Win64; x64) AppleWebKit/537.36 (KHTML, like Gecko) Chrome/114.0.0.0 Safari/537.36"
178.175.140.147 - - [26/Apr/2026:19:34:53 +0300] "GET /double-iliar-to-the-strategic-offering-another-type-of-twist-on-the-important-blackjack-games/ HTTP/1.1" 200 73751 "-" "Mozilla/5.0 (Windows NT 10.0; Win64; x64) AppleWebKit/537.36 (KHTML, like Gecko) Chrome/109.0.0.0 Safari/537.36"
104.194.132.199 - - [26/Apr/2026:19:34:57 +0300] "GET /zotabet-casino-bonus-premier-depot-2026/ HTTP/1.1" 200 19130 "-" "Mozilla/5.0 (Windows NT 10.0; WOW64) AppleWebKit/537.36 (KHTML, like Gecko) Chrome/114.0.0.0 YaBrowser/22.7.0 Yowser/2.5 Safari/537.36"
185.216.113.70 - - [26/Apr/2026:19:35:48 +0300] "POST /wp-cron.php?doing_wp_cron=1777221348.2815210819244384765625 HTTP/1.1" 200 448 "-" "WordPress/6.3.8; https://serhatburke.miroglu.net"
178.175.140.147 - - [26/Apr/2026:19:35:36 +0300] "POST /xmlrpc.php HTTP/1.1" 200 630 "-" "Mozilla/5.0 (Windows NT 10.0; Win64; x64) AppleWebKit/537.36 (KHTML, like Gecko) Chrome/114.0.0.0 Safari/537.36"
185.153.197.137 - - [26/Apr/2026:19:35:45 +0300] "POST /xmlrpc.php HTTP/1.1" 200 630 "-" "Mozilla/5.0 (Windows NT 10.0; Win64; x64) AppleWebKit/537.36 (KHTML, like Gecko) Chrome/114.0.0.0 Safari/537.36"
178.175.140.147 - - [26/Apr/2026:19:35:54 +0300] "POST /xmlrpc.php HTTP/1.1" 200 12440 "-" "Mozilla/5.0 (Windows NT 10.0; Win64; x64) AppleWebKit/537.36 (KHTML, like Gecko) Chrome/114.0.0.0 Safari/537.36"
185.153.197.8 - - [26/Apr/2026:19:36:01 +0300] "POST /xmlrpc.php HTTP/1.1" 200 630 "-" "Mozilla/5.0 (Windows NT 10.0; Win64; x64) AppleWebKit/537.36 (KHTML, like Gecko) Chrome/114.0.0.0 Safari/537.36"
185.153.197.137 - - [26/Apr/2026:19:36:04 +0300] "POST /xmlrpc.php HTTP/1.1" 200 13848 "-" "Mozilla/5.0 (Windows NT 10.0; Win64; x64) AppleWebKit/537.36 (KHTML, like Gecko) Chrome/114.0.0.0 Safari/537.36"
178.175.140.147 - - [26/Apr/2026:19:36:10 +0300] "GET /the-fresh-exemption-are-alive-dealer-blackjack-hence-officially-people-is-amount/ HTTP/1.1" 200 76970 "-" "Mozilla/5.0 (Windows NT 10.0; Win64; x64) AppleWebKit/537.36 (KHTML, like Gecko) Chrome/124.0.0.0 Safari/537.36 Edg/124.0.0.0"
185.216.113.70 - - [26/Apr/2026:19:36:39 +0300] "POST /wp-cron.php?doing_wp_cron=1777221399.1811120510101318359375 HTTP/1.1" 200 448 "-" "WordPress/6.3.8; https://serhatburke.miroglu.net"
185.153.197.8 - - [26/Apr/2026:19:36:22 +0300] "POST /xmlrpc.php HTTP/1.1" 200 15918 "-" "Mozilla/5.0 (Windows NT 10.0; Win64; x64) AppleWebKit/537.36 (KHTML, like Gecko) Chrome/114.0.0.0 Safari/537.36"
185.153.197.137 - - [26/Apr/2026:19:36:21 +0300] "GET /flame-joker-casino-slot-games-start-to-try-out-on-the-internet-100percent-free-today/ HTTP/1.1" 200 78625 "-" "Mozilla/5.0 (Windows NT 10.0; Win64; x64) AppleWebKit/537.36 (KHTML, like Gecko) Chrome/109.0.0.0 Safari/537.36"
178.175.140.147 - - [26/Apr/2026:19:36:41 +0300] "POST /xmlrpc.php HTTP/1.1" 200 630 "-" "Mozilla/5.0 (Windows NT 10.0; Win64; x64) AppleWebKit/537.36 (KHTML, like Gecko) Chrome/114.0.0.0 Safari/537.36"
185.153.197.8 - - [26/Apr/2026:19:36:39 +0300] "GET /raging-bull-is-an-extended%E2%80%91based-rtg-local-casino-that-have-a-common-design-regular-offers-and-you-may-a-slot%E2%80%91centered-collection-you-to-draws-participants-whom-take-pleasure-in-vint/ HTTP/1.1" 200 89360 "-" "Mozilla/5.0 (Windows NT 10.0; Win64; x64) AppleWebKit/537.36 (KHTML, like Gecko) Chrome/124.0.0.0 Safari/537.36 Edg/124.0.0.0"
185.216.113.70 - - [26/Apr/2026:19:37:16 +0300] "POST /wp-cron.php?doing_wp_cron=1777221436.6497290134429931640625 HTTP/1.1" 200 448 "-" "WordPress/6.3.8; https://serhatburke.miroglu.net"
