185.232.21.250 - - [29/Apr/2026:12:53:14 +0300] "GET /wp-includes/js/jquery/ui/sortable.min.js?ver=1.13.2 HTTP/2" 200 6333 "https://serhatburke.miroglu.net/wp-admin/" "Mozilla/5.0 (Windows NT 10.0; Win64; x64) AppleWebKit/537.36 (KHTML, like Gecko) Chrome/147.0.0.0 Safari/537.36"
185.232.21.250 - - [29/Apr/2026:12:53:14 +0300] "GET /wp-admin/js/updates.min.js?ver=6.3.8 HTTP/2" 200 8760 "https://serhatburke.miroglu.net/wp-admin/" "Mozilla/5.0 (Windows NT 10.0; Win64; x64) AppleWebKit/537.36 (KHTML, like Gecko) Chrome/147.0.0.0 Safari/537.36"
185.232.21.250 - - [29/Apr/2026:12:53:14 +0300] "GET /wp-content/plugins/wpforms-lite/assets/lib/jquery.confirm/jquery-confirm.min.js?ver=3.3.4 HTTP/2" 200 6935 "https://serhatburke.miroglu.net/wp-admin/" "Mozilla/5.0 (Windows NT 10.0; Win64; x64) AppleWebKit/537.36 (KHTML, like Gecko) Chrome/147.0.0.0 Safari/537.36"
185.232.21.250 - - [29/Apr/2026:12:53:14 +0300] "GET /wp-admin/load-scripts.php?c=1&load%5Bchunk_0%5D=hoverIntent,wp-polyfill-inert,regenerator-runtime,wp-polyfill,wp-hooks&ver=6.3.8 HTTP/2" 200 12561 "https://serhatburke.miroglu.net/wp-admin/" "Mozilla/5.0 (Windows NT 10.0; Win64; x64) AppleWebKit/537.36 (KHTML, like Gecko) Chrome/147.0.0.0 Safari/537.36"
185.232.21.250 - - [29/Apr/2026:12:53:14 +0300] "GET /wp-admin/js/common.min.js?ver=6.3.8 HTTP/2" 200 6355 "https://serhatburke.miroglu.net/wp-admin/" "Mozilla/5.0 (Windows NT 10.0; Win64; x64) AppleWebKit/537.36 (KHTML, like Gecko) Chrome/147.0.0.0 Safari/537.36"
185.232.21.250 - - [29/Apr/2026:12:53:14 +0300] "GET /wp-includes/js/dist/vendor/moment.min.js?ver=2.29.4 HTTP/2" 200 18186 "https://serhatburke.miroglu.net/wp-admin/" "Mozilla/5.0 (Windows NT 10.0; Win64; x64) AppleWebKit/537.36 (KHTML, like Gecko) Chrome/147.0.0.0 Safari/537.36"
185.232.21.250 - - [29/Apr/2026:12:53:14 +0300] "GET /wp-includes/js/dist/date.min.js?ver=3d34bfc9ee4ff8794fdc HTTP/2" 200 36700 "https://serhatburke.miroglu.net/wp-admin/" "Mozilla/5.0 (Windows NT 10.0; Win64; x64) AppleWebKit/537.36 (KHTML, like Gecko) Chrome/147.0.0.0 Safari/537.36"
185.232.21.250 - - [29/Apr/2026:12:53:14 +0300] "GET /wp-content/plugins/google-analytics-for-wordpress/lite/assets/vue/js/widget.min.js?ver=10.1.3 HTTP/2" 200 45549 "https://serhatburke.miroglu.net/wp-admin/" "Mozilla/5.0 (Windows NT 10.0; Win64; x64) AppleWebKit/537.36 (KHTML, like Gecko) Chrome/147.0.0.0 Safari/537.36"
185.232.21.250 - - [29/Apr/2026:12:53:14 +0300] "GET /wp-content/plugins/wpforms-lite/assets/lite/js/admin/dashboard-widget.min.js?ver=1.8.3.1 HTTP/2" 200 1181 "https://serhatburke.miroglu.net/wp-admin/" "Mozilla/5.0 (Windows NT 10.0; Win64; x64) AppleWebKit/537.36 (KHTML, like Gecko) Chrome/147.0.0.0 Safari/537.36"
185.232.21.250 - - [29/Apr/2026:12:53:14 +0300] "GET /wp-content/plugins/all-in-one-seo-pack/dist/Lite/assets/dashboard-widgets.93960a37.js?ver=4.4.4 HTTP/2" 200 3449 "https://serhatburke.miroglu.net/wp-admin/" "Mozilla/5.0 (Windows NT 10.0; Win64; x64) AppleWebKit/537.36 (KHTML, like Gecko) Chrome/147.0.0.0 Safari/537.36"
185.232.21.250 - - [29/Apr/2026:12:53:14 +0300] "GET /wp-includes/js/jquery/ui/menu.min.js?ver=1.13.2 HTTP/2" 200 2883 "https://serhatburke.miroglu.net/wp-admin/" "Mozilla/5.0 (Windows NT 10.0; Win64; x64) AppleWebKit/537.36 (KHTML, like Gecko) Chrome/147.0.0.0 Safari/537.36"
185.232.21.250 - - [29/Apr/2026:12:53:14 +0300] "GET /wp-includes/js/jquery/ui/autocomplete.min.js?ver=1.13.2 HTTP/2" 200 2677 "https://serhatburke.miroglu.net/wp-admin/" "Mozilla/5.0 (Windows NT 10.0; Win64; x64) AppleWebKit/537.36 (KHTML, like Gecko) Chrome/147.0.0.0 Safari/537.36"
185.232.21.250 - - [29/Apr/2026:12:53:14 +0300] "GET /wp-content/plugins/js_composer/assets/vc/logo/wpb-logo-white_32.svg HTTP/2" 200 713 "https://serhatburke.miroglu.net/wp-admin/" "Mozilla/5.0 (Windows NT 10.0; Win64; x64) AppleWebKit/537.36 (KHTML, like Gecko) Chrome/147.0.0.0 Safari/537.36"
185.232.21.250 - - [29/Apr/2026:12:53:14 +0300] "GET /wp-content/plugins/wp-file-manager/images/wp_file_manager.svg HTTP/2" 200 1199 "https://serhatburke.miroglu.net/wp-admin/" "Mozilla/5.0 (Windows NT 10.0; Win64; x64) AppleWebKit/537.36 (KHTML, like Gecko) Chrome/147.0.0.0 Safari/537.36"
185.232.21.250 - - [29/Apr/2026:12:53:14 +0300] "GET /wp-content/plugins/wpforms-lite/assets/images/sullie.png HTTP/2" 200 25007 "https://serhatburke.miroglu.net/wp-admin/" "Mozilla/5.0 (Windows NT 10.0; Win64; x64) AppleWebKit/537.36 (KHTML, like Gecko) Chrome/147.0.0.0 Safari/537.36"
185.232.21.250 - - [29/Apr/2026:12:53:14 +0300] "GET /wp-content/plugins/google-analytics-for-wordpress/assets/images/monsterinsights-notice-box-logo.svg HTTP/2" 200 6163 "https://serhatburke.miroglu.net/wp-admin/" "Mozilla/5.0 (Windows NT 10.0; Win64; x64) AppleWebKit/537.36 (KHTML, like Gecko) Chrome/147.0.0.0 Safari/537.36"
185.232.21.250 - - [29/Apr/2026:12:53:14 +0300] "GET /wp-content/plugins/all-in-one-seo-pack/dist/Lite/assets//link-format/link-format-classic.js?ver=4.4.4 HTTP/2" 200 4340 "https://serhatburke.miroglu.net/wp-admin/" "Mozilla/5.0 (Windows NT 10.0; Win64; x64) AppleWebKit/537.36 (KHTML, like Gecko) Chrome/147.0.0.0 Safari/537.36"
185.232.21.250 - - [29/Apr/2026:12:53:14 +0300] "GET /wp-content/plugins/wpforms-lite/assets/lib/chart.min.js?ver=2.7.2 HTTP/2" 200 45228 "https://serhatburke.miroglu.net/wp-admin/" "Mozilla/5.0 (Windows NT 10.0; Win64; x64) AppleWebKit/537.36 (KHTML, like Gecko) Chrome/147.0.0.0 Safari/537.36"
185.232.21.250 - - [29/Apr/2026:12:53:15 +0300] "GET /wp-content/plugins/google-analytics-for-wordpress/lite/assets/vue/js/chunks/report-table-helper-ef7686bc.min.js HTTP/2" 200 6926 "https://serhatburke.miroglu.net/wp-content/plugins/google-analytics-for-wordpress/lite/assets/vue/js/widget.min.js?ver=10.1.3" "Mozilla/5.0 (Windows NT 10.0; Win64; x64) AppleWebKit/537.36 (KHTML, like Gecko) Chrome/147.0.0.0 Safari/537.36"
185.232.21.250 - - [29/Apr/2026:12:53:15 +0300] "GET /wp-content/plugins/all-in-one-seo-pack/dist/Lite/assets/js/index.cfe09a50.js HTTP/2" 200 7079 "https://serhatburke.miroglu.net/wp-content/plugins/all-in-one-seo-pack/dist/Lite/assets/dashboard-widgets.93960a37.js?ver=4.4.4" "Mozilla/5.0 (Windows NT 10.0; Win64; x64) AppleWebKit/537.36 (KHTML, like Gecko) Chrome/147.0.0.0 Safari/537.36"
185.232.21.250 - - [29/Apr/2026:12:53:15 +0300] "GET /wp-content/plugins/all-in-one-seo-pack/dist/Lite/assets/js/index.0eabb636.js HTTP/2" 200 19431 "https://serhatburke.miroglu.net/wp-content/plugins/all-in-one-seo-pack/dist/Lite/assets/dashboard-widgets.93960a37.js?ver=4.4.4" "Mozilla/5.0 (Windows NT 10.0; Win64; x64) AppleWebKit/537.36 (KHTML, like Gecko) Chrome/147.0.0.0 Safari/537.36"
185.232.21.250 - - [29/Apr/2026:12:53:15 +0300] "GET /wp-content/plugins/all-in-one-seo-pack/dist/Lite/assets/js/elemLoaded.9a6eb745.js HTTP/2" 200 149 "https://serhatburke.miroglu.net/wp-content/plugins/all-in-one-seo-pack/dist/Lite/assets/dashboard-widgets.93960a37.js?ver=4.4.4" "Mozilla/5.0 (Windows NT 10.0; Win64; x64) AppleWebKit/537.36 (KHTML, like Gecko) Chrome/147.0.0.0 Safari/537.36"
185.232.21.250 - - [29/Apr/2026:12:53:15 +0300] "GET /wp-content/plugins/all-in-one-seo-pack/dist/Lite/assets/js/Overview.2607427a.js HTTP/2" 200 1605 "https://serhatburke.miroglu.net/wp-content/plugins/all-in-one-seo-pack/dist/Lite/assets/dashboard-widgets.93960a37.js?ver=4.4.4" "Mozilla/5.0 (Windows NT 10.0; Win64; x64) AppleWebKit/537.36 (KHTML, like Gecko) Chrome/147.0.0.0 Safari/537.36"
185.232.21.250 - - [29/Apr/2026:12:53:15 +0300] "GET /wp-content/plugins/all-in-one-seo-pack/dist/Lite/assets/js/Rocket.b410855c.js HTTP/2" 200 812 "https://serhatburke.miroglu.net/wp-content/plugins/all-in-one-seo-pack/dist/Lite/assets/dashboard-widgets.93960a37.js?ver=4.4.4" "Mozilla/5.0 (Windows NT 10.0; Win64; x64) AppleWebKit/537.36 (KHTML, like Gecko) Chrome/147.0.0.0 Safari/537.36"
185.232.21.250 - - [29/Apr/2026:12:53:15 +0300] "GET /wp-content/plugins/all-in-one-seo-pack/dist/Lite/assets/js/AnimatedNumber.b765a5ab.js HTTP/2" 200 381 "https://serhatburke.miroglu.net/wp-content/plugins/all-in-one-seo-pack/dist/Lite/assets/dashboard-widgets.93960a37.js?ver=4.4.4" "Mozilla/5.0 (Windows NT 10.0; Win64; x64) AppleWebKit/537.36 (KHTML, like Gecko) Chrome/147.0.0.0 Safari/537.36"
185.232.21.250 - - [29/Apr/2026:12:53:15 +0300] "GET /wp-content/plugins/all-in-one-seo-pack/dist/Lite/assets/js/Caret.164d8058.js HTTP/2" 200 1705 "https://serhatburke.miroglu.net/wp-content/plugins/all-in-one-seo-pack/dist/Lite/assets/dashboard-widgets.93960a37.js?ver=4.4.4" "Mozilla/5.0 (Windows NT 10.0; Win64; x64) AppleWebKit/537.36 (KHTML, like Gecko) Chrome/147.0.0.0 Safari/537.36"
185.232.21.250 - - [29/Apr/2026:12:53:15 +0300] "GET /wp-content/plugins/all-in-one-seo-pack/dist/Lite/assets/js/numbers.c7cb4085.js HTTP/2" 200 1397 "https://serhatburke.miroglu.net/wp-content/plugins/all-in-one-seo-pack/dist/Lite/assets/dashboard-widgets.93960a37.js?ver=4.4.4" "Mozilla/5.0 (Windows NT 10.0; Win64; x64) AppleWebKit/537.36 (KHTML, like Gecko) Chrome/147.0.0.0 Safari/537.36"
185.232.21.250 - - [29/Apr/2026:12:53:15 +0300] "GET /wp-content/plugins/all-in-one-seo-pack/dist/Lite/assets/js/constants.1758f66e.js HTTP/2" 200 14129 "https://serhatburke.miroglu.net/wp-content/plugins/all-in-one-seo-pack/dist/Lite/assets/dashboard-widgets.93960a37.js?ver=4.4.4" "Mozilla/5.0 (Windows NT 10.0; Win64; x64) AppleWebKit/537.36 (KHTML, like Gecko) Chrome/147.0.0.0 Safari/537.36"
185.232.21.250 - - [29/Apr/2026:12:53:15 +0300] "GET /wp-content/plugins/all-in-one-seo-pack/dist/Lite/assets/js/DonutChartWithLegend.75733bae.js HTTP/2" 200 1730 "https://serhatburke.miroglu.net/wp-content/plugins/all-in-one-seo-pack/dist/Lite/assets/dashboard-widgets.93960a37.js?ver=4.4.4" "Mozilla/5.0 (Windows NT 10.0; Win64; x64) AppleWebKit/537.36 (KHTML, like Gecko) Chrome/147.0.0.0 Safari/537.36"
185.232.21.250 - - [29/Apr/2026:12:53:15 +0300] "GET /wp-content/plugins/all-in-one-seo-pack/dist/Lite/assets/js/SeoSetup.d8a328c2.js HTTP/2" 200 24692 "https://serhatburke.miroglu.net/wp-content/plugins/all-in-one-seo-pack/dist/Lite/assets/dashboard-widgets.93960a37.js?ver=4.4.4" "Mozilla/5.0 (Windows NT 10.0; Win64; x64) AppleWebKit/537.36 (KHTML, like Gecko) Chrome/147.0.0.0 Safari/537.36"
185.232.21.250 - - [29/Apr/2026:12:53:15 +0300] "GET /wp-content/plugins/google-analytics-for-wordpress/lite/assets/vue/js/chunks/monsterinsights-helper-plugin-4cb4e554.min.js HTTP/2" 200 39877 "https://serhatburke.miroglu.net/wp-content/plugins/google-analytics-for-wordpress/lite/assets/vue/js/widget.min.js?ver=10.1.3" "Mozilla/5.0 (Windows NT 10.0; Win64; x64) AppleWebKit/537.36 (KHTML, like Gecko) Chrome/147.0.0.0 Safari/537.36"
185.232.21.250 - - [29/Apr/2026:12:53:15 +0300] "GET /wp-content/plugins/google-analytics-for-wordpress/lite/assets/vue/js/chunks/vendor-65891c97.min.js HTTP/2" 200 539192 "https://serhatburke.miroglu.net/wp-content/plugins/google-analytics-for-wordpress/lite/assets/vue/js/widget.min.js?ver=10.1.3" "Mozilla/5.0 (Windows NT 10.0; Win64; x64) AppleWebKit/537.36 (KHTML, like Gecko) Chrome/147.0.0.0 Safari/537.36"
185.232.21.250 - - [29/Apr/2026:12:53:15 +0300] "GET /wp-content/plugins/google-analytics-for-wordpress/lite/assets/vue/fonts/icons.woff2?v=7.5.0 HTTP/2" 200 15336 "https://serhatburke.miroglu.net/wp-content/plugins/google-analytics-for-wordpress/lite/assets/vue/css/widget.css?ver=10.1.3" "Mozilla/5.0 (Windows NT 10.0; Win64; x64) AppleWebKit/537.36 (KHTML, like Gecko) Chrome/147.0.0.0 Safari/537.36"
185.232.21.250 - - [29/Apr/2026:12:53:16 +0300] "GET /wp-includes/js/thickbox/loadingAnimation.gif HTTP/2" 200 15238 "https://serhatburke.miroglu.net/wp-admin/" "Mozilla/5.0 (Windows NT 10.0; Win64; x64) AppleWebKit/537.36 (KHTML, like Gecko) Chrome/147.0.0.0 Safari/537.36"
185.232.21.250 - - [29/Apr/2026:12:53:16 +0300] "GET /wp-content/uploads/2023/08/favicon-16x16-3.png HTTP/2" 200 529 "https://serhatburke.miroglu.net/wp-admin/" "Mozilla/5.0 (Windows NT 10.0; Win64; x64) AppleWebKit/537.36 (KHTML, like Gecko) Chrome/147.0.0.0 Safari/537.36"
185.232.21.250 - - [29/Apr/2026:12:53:17 +0300] "GET /wp-admin/post-new.php HTTP/2" 200 0 "https://serhatburke.miroglu.net/" "Mozilla/5.0 (Windows NT 10.0; Win64; x64) AppleWebKit/537.36 (KHTML, like Gecko) Chrome/147.0.0.0 Safari/537.36"
185.216.113.70 - - [29/Apr/2026:12:53:47 +0300] "POST /wp-cron.php?doing_wp_cron=1777456427.3449170589447021484375 HTTP/1.1" 200 448 "-" "WordPress/6.3.8; https://serhatburke.miroglu.net"
185.232.21.250 - - [29/Apr/2026:12:53:15 +0300] "POST /wp-admin/admin-ajax.php HTTP/2" 200 0 "https://serhatburke.miroglu.net/wp-admin/" "Mozilla/5.0 (Windows NT 10.0; Win64; x64) AppleWebKit/537.36 (KHTML, like Gecko) Chrome/147.0.0.0 Safari/537.36"
185.232.21.250 - - [29/Apr/2026:12:53:15 +0300] "POST /wp-admin/admin-ajax.php HTTP/2" 200 0 "https://serhatburke.miroglu.net/wp-admin/" "Mozilla/5.0 (Windows NT 10.0; Win64; x64) AppleWebKit/537.36 (KHTML, like Gecko) Chrome/147.0.0.0 Safari/537.36"
185.232.21.250 - - [29/Apr/2026:12:53:15 +0300] "POST /wp-admin/admin-ajax.php HTTP/2" 200 0 "https://serhatburke.miroglu.net/wp-admin/" "Mozilla/5.0 (Windows NT 10.0; Win64; x64) AppleWebKit/537.36 (KHTML, like Gecko) Chrome/147.0.0.0 Safari/537.36"
185.232.21.250 - - [29/Apr/2026:12:53:16 +0300] "GET /wp-admin/admin-ajax.php?action=dashboard-widgets&widget=dashboard_primary&pagenow=dashboard HTTP/2" 200 0 "https://serhatburke.miroglu.net/wp-admin/" "Mozilla/5.0 (Windows NT 10.0; Win64; x64) AppleWebKit/537.36 (KHTML, like Gecko) Chrome/147.0.0.0 Safari/537.36"
185.216.113.70 - - [29/Apr/2026:12:53:47 +0300] "POST /wp-cron.php?doing_wp_cron=1777456427.7998790740966796875000 HTTP/1.1" 200 448 "-" "WordPress/6.3.8; https://serhatburke.miroglu.net"
185.232.21.250 - - [29/Apr/2026:12:53:48 +0300] "GET /wp-admin/images/spinner.gif HTTP/2" 200 3656 "https://serhatburke.miroglu.net/wp-admin/load-styles.php?c=1&dir=ltr&load%5Bchunk_0%5D=dashicons,admin-bar,site-health,common,forms,admin-menu,dashboard,list-tables,edit,revisions,media,themes,about,nav-menus,wp-poi&load%5Bchunk_1%5D=nter,widgets,site-icon,l10n,buttons,wp-auth-check,wp-components&ver=6.3.8" "Mozilla/5.0 (Windows NT 10.0; Win64; x64) AppleWebKit/537.36 (KHTML, like Gecko) Chrome/147.0.0.0 Safari/537.36"
185.232.21.250 - - [29/Apr/2026:12:53:56 +0300] "POST /xmlrpc.php HTTP/1.1" 200 0 "https://serhatburke.miroglu.net/" "Mozilla/5.0 (Windows NT 10.0; Win64; x64) AppleWebKit/537.36 (KHTML, like Gecko) Chrome/122.0.0.0 Safari/537.36"
185.216.113.70 - - [29/Apr/2026:12:54:26 +0300] "POST /wp-cron.php?doing_wp_cron=1777456466.8517529964447021484375 HTTP/1.1" 200 448 "-" "WordPress/6.3.8; https://serhatburke.miroglu.net"
185.232.21.250 - - [29/Apr/2026:12:53:48 +0300] "POST /wp-admin/admin-ajax.php HTTP/2" 200 20 "https://serhatburke.miroglu.net/wp-admin/" "Mozilla/5.0 (Windows NT 10.0; Win64; x64) AppleWebKit/537.36 (KHTML, like Gecko) Chrome/147.0.0.0 Safari/537.36"
185.232.21.250 - - [29/Apr/2026:12:53:48 +0300] "POST /wp-admin/admin-ajax.php HTTP/2" 200 20 "https://serhatburke.miroglu.net/wp-admin/" "Mozilla/5.0 (Windows NT 10.0; Win64; x64) AppleWebKit/537.36 (KHTML, like Gecko) Chrome/147.0.0.0 Safari/537.36"
64.225.30.172 - - [29/Apr/2026:12:53:46 +0300] "GET /zotabet-casino-bonus-premier-depot-2026/ HTTP/1.1" 200 19124 "https://serhatburke.miroglu.net/zotabet-casino-bonus-premier-depot-2026/" "Mozilla/5.0 (Windows NT 6.3; Win64; x64) AppleWebKit/537.36 (KHTML, like Gecko) Chrome/103.0.0.0 Safari/537.36"
199.34.89.249 - - [29/Apr/2026:12:54:19 +0300] "GET /zotabet-casino-bonus-premier-depot-2026/ HTTP/1.1" 200 0 "https://serhatburke.miroglu.net/" "Mozilla/5.0 (Windows NT 10.0; Win64; x64) AppleWebKit/537.36 (KHTML, like Gecko) Chrome/114.0.0.0 Safari/537.36 Edg/114.0.1264.71"
185.232.21.250 - - [29/Apr/2026:12:54:16 +0300] "POST /wp-admin/admin-ajax.php HTTP/2" 200 0 "https://serhatburke.miroglu.net/wp-admin/" "Mozilla/5.0 (Windows NT 10.0; Win64; x64) AppleWebKit/537.36 (KHTML, like Gecko) Chrome/147.0.0.0 Safari/537.36"
185.216.113.70 - - [29/Apr/2026:12:54:51 +0300] "POST /wp-cron.php?doing_wp_cron=1777456490.9683818817138671875000 HTTP/1.1" 200 448 "-" "WordPress/6.3.8; https://serhatburke.miroglu.net"
52.167.144.191 - - [29/Apr/2026:12:54:16 +0300] "GET /effekt-postroenija-soderzhanija-na-vosprijatie/ HTTP/2" 200 21340 "-" "Mozilla/5.0 AppleWebKit/537.36 (KHTML, like Gecko; compatible; bingbot/2.0; +http://www.bing.com/bingbot.htm) Chrome/116.0.1938.76 Safari/537.36"
185.216.113.70 - - [29/Apr/2026:12:54:55 +0300] "POST /wp-cron.php?doing_wp_cron=1777456495.5738201141357421875000 HTTP/1.1" 200 448 "-" "WordPress/6.3.8; https://serhatburke.miroglu.net"
52.167.144.210 - - [29/Apr/2026:12:54:21 +0300] "GET /saturday-night-funkin-from-the-ninjamuffin99-paypal-online-casino-phantomarcade-the-brand-new-funkin-staff-inc/ HTTP/2" 200 20342 "-" "Mozilla/5.0 AppleWebKit/537.36 (KHTML, like Gecko; compatible; bingbot/2.0; +http://www.bing.com/bingbot.htm) Chrome/116.0.1938.76 Safari/537.36"
107.152.47.63 - - [29/Apr/2026:12:54:48 +0300] "GET /beste-casino-site-belgie-hoge-inzet/ HTTP/1.1" 200 19281 "https://serhatburke.miroglu.net/" "Mozilla/5.0 (Macintosh; Intel Mac OS X 12_5) AppleWebKit/605.1.15 (KHTML, like Gecko) Version/15.4 Safari/605.1.15"
209.59.231.235 - - [29/Apr/2026:12:54:50 +0300] "GET /zotabet-casino-bonus-premier-depot-2026/ HTTP/1.1" 200 19096 "https://serhatburke.miroglu.net/" "Mozilla/5.0 (Windows NT 10.0; Win64; x64) AppleWebKit/537.36 (KHTML, like Gecko) Chrome/114.0.0.0 Safari/537.36 Edg/114.0.1264.71"
52.167.144.191 - - [29/Apr/2026:12:54:56 +0300] "GET /how-to-create-a-free-account-at-the-best-bitcoin-casino-sites/ HTTP/2" 200 17876 "-" "Mozilla/5.0 AppleWebKit/537.36 (KHTML, like Gecko; compatible; bingbot/2.0; +http://www.bing.com/bingbot.htm) Chrome/116.0.1938.76 Safari/537.36"
52.167.144.210 - - [29/Apr/2026:12:55:08 +0300] "GET /casinos-con-licencia-mga-espana/ HTTP/2" 200 17417 "-" "Mozilla/5.0 AppleWebKit/537.36 (KHTML, like Gecko; compatible; bingbot/2.0; +http://www.bing.com/bingbot.htm) Chrome/116.0.1938.76 Safari/537.36"
158.62.210.134 - - [29/Apr/2026:12:55:13 +0300] "GET /zotabet-casino-bonus-premier-depot-2026/ HTTP/1.1" 200 19096 "https://serhatburke.miroglu.net/" "Mozilla/5.0 (Windows NT 10.0; Win64; x64) AppleWebKit/537.36 (KHTML, like Gecko) Chrome/114.0.0.0 Safari/537.36 Edg/114.0.1264.71"
185.232.21.250 - - [29/Apr/2026:12:55:16 +0300] "POST /wp-admin/admin-ajax.php HTTP/2" 200 51 "https://serhatburke.miroglu.net/wp-admin/" "Mozilla/5.0 (Windows NT 10.0; Win64; x64) AppleWebKit/537.36 (KHTML, like Gecko) Chrome/147.0.0.0 Safari/537.36"
185.216.113.70 - - [29/Apr/2026:12:55:53 +0300] "POST /wp-cron.php?doing_wp_cron=1777456553.2511279582977294921875 HTTP/1.1" 200 448 "-" "WordPress/6.3.8; https://serhatburke.miroglu.net"
52.167.144.191 - - [29/Apr/2026:12:55:36 +0300] "GET /geisha-quick-hit-casino-commonly-prostitutes-geisha-history-and-things/ HTTP/2" 200 20447 "-" "Mozilla/5.0 AppleWebKit/537.36 (KHTML, like Gecko; compatible; bingbot/2.0; +http://www.bing.com/bingbot.htm) Chrome/116.0.1938.76 Safari/537.36"
107.152.47.63 - - [29/Apr/2026:12:55:38 +0300] "POST /wp-comments-post.php HTTP/1.1" 302 1083 "https://serhatburke.miroglu.net/beste-casino-site-belgie-hoge-inzet/" "Mozilla/5.0 (Macintosh; Intel Mac OS X 12_5) AppleWebKit/605.1.15 (KHTML, like Gecko) Version/15.4 Safari/605.1.15"
107.152.47.63 - - [29/Apr/2026:12:55:55 +0300] "GET /beste-casino-site-belgie-hoge-inzet/?unapproved=874&moderation-hash=5b0bf7f2bfdb7df99ead8d559b794ec7 HTTP/1.1" 200 19714 "https://serhatburke.miroglu.net/wp-comments-post.php" "Mozilla/5.0 (Macintosh; Intel Mac OS X 12_5) AppleWebKit/605.1.15 (KHTML, like Gecko) Version/15.4 Safari/605.1.15"
107.152.47.63 - - [29/Apr/2026:12:56:09 +0300] "GET /beste-casino-site-belgie-hoge-inzet/ HTTP/1.1" 200 19265 "-" "Mozilla/5.0 (Macintosh; Intel Mac OS X 12_5) AppleWebKit/605.1.15 (KHTML, like Gecko) Version/15.4 Safari/605.1.15"
31.144.160.198 - - [29/Apr/2026:12:56:16 +0300] "POST /xmlrpc.php HTTP/2" 200 1545 "-" "Opera/8.95 (Windows NT 5.0; nl-NL) Presto/2.9.210 Version/12.00"
185.216.113.70 - - [29/Apr/2026:12:56:42 +0300] "POST /wp-cron.php?doing_wp_cron=1777456602.5546000003814697265625 HTTP/1.1" 200 448 "-" "WordPress/6.3.8; https://serhatburke.miroglu.net"
31.144.160.198 - - [29/Apr/2026:12:56:29 +0300] "POST /xmlrpc.php HTTP/2" 200 107 "-" "Opera/8.95 (Windows NT 5.0; nl-NL) Presto/2.9.210 Version/12.00"
31.144.160.198 - - [29/Apr/2026:12:56:43 +0300] "POST /xmlrpc.php HTTP/2" 200 3692 "-" "Opera/8.95 (Windows NT 5.0; nl-NL) Presto/2.9.210 Version/12.00"
193.34.213.18 - - [29/Apr/2026:12:57:05 +0300] "GET /1xbet-app-android-ios-free-download-apk-iphone-4/ HTTP/1.1" 200 20837 "-" "Mozilla/5.0 (Linux; Android 6.0.1; Nexus 5X Build/MMB29P) AppleWebKit/537.36 (KHTML, like Gecko) Chrome/118.0.5993.70 Mobile Safari/537.36 (compatible; Googlebot/2.1; +http://www.google.com/bot.html)"
193.34.213.18 - - [29/Apr/2026:12:57:06 +0300] "GET /1xbet-app-download-latest-mobile-version-for-13/ HTTP/1.1" 200 21476 "-" "Mozilla/5.0 (Linux; Android 6.0.1; Nexus 5X Build/MMB29P) AppleWebKit/537.36 (KHTML, like Gecko) Chrome/118.0.5993.70 Mobile Safari/537.36 (compatible; Googlebot/2.1; +http://www.google.com/bot.html)"
193.34.213.18 - - [29/Apr/2026:12:57:18 +0300] "GET /1xbet-app-download-latest-mobile-version-for-6/ HTTP/1.1" 200 20947 "-" "Mozilla/5.0 (Linux; Android 6.0.1; Nexus 5X Build/MMB29P) AppleWebKit/537.36 (KHTML, like Gecko) Chrome/118.0.5993.70 Mobile Safari/537.36 (compatible; Googlebot/2.1; +http://www.google.com/bot.html)"
185.216.113.70 - - [29/Apr/2026:12:58:50 +0300] "POST /wp-cron.php?doing_wp_cron=1777456730.4727160930633544921875 HTTP/1.1" 200 448 "-" "WordPress/6.3.8; https://serhatburke.miroglu.net"
91.242.215.171 - - [29/Apr/2026:12:58:38 +0300] "POST /xmlrpc.php HTTP/1.1" 200 630 "-" "Mozilla/5.0 (Windows NT 10.0; Win64; x64) AppleWebKit/537.36 (KHTML, like Gecko) Chrome/114.0.0.0 Safari/537.36"
91.242.215.171 - - [29/Apr/2026:12:58:57 +0300] "POST /xmlrpc.php HTTP/1.1" 200 11937 "-" "Mozilla/5.0 (Windows NT 10.0; Win64; x64) AppleWebKit/537.36 (KHTML, like Gecko) Chrome/114.0.0.0 Safari/537.36"
91.242.215.171 - - [29/Apr/2026:12:59:13 +0300] "GET /wahle-in-folge-dessen-vorzugsweise-unser-risiko-selbige-pro-dich-personlich-amplitudenmodulation-unkompliziertesten-nach-vorteil-wird/ HTTP/1.1" 200 78585 "-" "Mozilla/5.0 (Windows NT 10.0; Win64; x64) AppleWebKit/537.36 (KHTML, like Gecko) Chrome/123.0.0.0 Safari/537.36"
185.216.113.70 - - [29/Apr/2026:12:59:49 +0300] "POST /wp-cron.php?doing_wp_cron=1777456789.5464270114898681640625 HTTP/1.1" 200 448 "-" "WordPress/6.3.8; https://serhatburke.miroglu.net"
107.152.46.202 - - [29/Apr/2026:12:59:36 +0300] "GET /beste-casino-site-belgie-hoge-inzet/ HTTP/1.1" 200 19281 "https://serhatburke.miroglu.net/" "Mozilla/5.0 (Windows NT 10.0; WOW64; x64) AppleWebKit/537.36 (KHTML, like Gecko) Chrome/114.0.0.0 Safari/537.36 OPR/89.0.4447.51"
107.152.46.202 - - [29/Apr/2026:12:59:54 +0300] "POST /wp-comments-post.php HTTP/1.1" 302 1083 "https://serhatburke.miroglu.net/beste-casino-site-belgie-hoge-inzet/" "Mozilla/5.0 (Windows NT 10.0; WOW64; x64) AppleWebKit/537.36 (KHTML, like Gecko) Chrome/114.0.0.0 Safari/537.36 OPR/89.0.4447.51"
107.152.46.202 - - [29/Apr/2026:13:00:09 +0300] "GET /beste-casino-site-belgie-hoge-inzet/?unapproved=875&moderation-hash=1f3604985563ebd75a1724768420de03 HTTP/1.1" 200 19706 "https://serhatburke.miroglu.net/wp-comments-post.php" "Mozilla/5.0 (Windows NT 10.0; WOW64; x64) AppleWebKit/537.36 (KHTML, like Gecko) Chrome/114.0.0.0 Safari/537.36 OPR/89.0.4447.51"
107.152.46.202 - - [29/Apr/2026:13:00:23 +0300] "GET /beste-casino-site-belgie-hoge-inzet/ HTTP/1.1" 200 19265 "-" "Mozilla/5.0 (Windows NT 10.0; WOW64; x64) AppleWebKit/537.36 (KHTML, like Gecko) Chrome/114.0.0.0 Safari/537.36 OPR/89.0.4447.51"
185.216.113.70 - - [29/Apr/2026:13:00:57 +0300] "POST /wp-cron.php?doing_wp_cron=1777456857.7358620166778564453125 HTTP/1.1" 200 448 "-" "WordPress/6.3.8; https://serhatburke.miroglu.net"
107.152.46.252 - - [29/Apr/2026:13:00:45 +0300] "GET /zotabet-casino-bonus-premier-depot-2026/ HTTP/1.1" 200 19133 "https://serhatburke.miroglu.net/" "Mozilla/5.0 (Windows NT 10.0; Win64; x64) AppleWebKit/537.36 (KHTML, like Gecko) Chrome/114.0.0.0 Safari/537.36 OPR/89.0.4447.51"
107.152.46.252 - - [29/Apr/2026:13:01:01 +0300] "POST /wp-comments-post.php HTTP/1.1" 302 1087 "https://serhatburke.miroglu.net/zotabet-casino-bonus-premier-depot-2026/" "Mozilla/5.0 (Windows NT 10.0; Win64; x64) AppleWebKit/537.36 (KHTML, like Gecko) Chrome/114.0.0.0 Safari/537.36 OPR/89.0.4447.51"
185.232.21.250 - - [29/Apr/2026:13:01:04 +0300] "GET /wp-login.php HTTP/2" 200 3091 "https://serhatburke.miroglu.net/" "Mozilla/5.0 (Windows NT 10.0; Win64; x64) AppleWebKit/537.36 (KHTML, like Gecko) Chrome/146.0.0.0 Safari/537.36"
185.232.21.250 - - [29/Apr/2026:13:01:25 +0300] "GET /wp-includes/css/dashicons.min.css?ver=6.3.8 HTTP/2" 200 35110 "https://serhatburke.miroglu.net/wp-login.php" "Mozilla/5.0 (Windows NT 10.0; Win64; x64) AppleWebKit/537.36 (KHTML, like Gecko) Chrome/146.0.0.0 Safari/537.36"
185.232.21.250 - - [29/Apr/2026:13:01:26 +0300] "GET /wp-admin/css/forms.min.css?ver=6.3.8 HTTP/2" 200 6209 "https://serhatburke.miroglu.net/wp-login.php" "Mozilla/5.0 (Windows NT 10.0; Win64; x64) AppleWebKit/537.36 (KHTML, like Gecko) Chrome/146.0.0.0 Safari/537.36"
185.232.21.250 - - [29/Apr/2026:13:01:26 +0300] "GET /wp-admin/css/l10n.min.css?ver=6.3.8 HTTP/2" 200 596 "https://serhatburke.miroglu.net/wp-login.php" "Mozilla/5.0 (Windows NT 10.0; Win64; x64) AppleWebKit/537.36 (KHTML, like Gecko) Chrome/146.0.0.0 Safari/537.36"
185.232.21.250 - - [29/Apr/2026:13:01:26 +0300] "GET /wp-admin/css/login.min.css?ver=6.3.8 HTTP/2" 200 1948 "https://serhatburke.miroglu.net/wp-login.php" "Mozilla/5.0 (Windows NT 10.0; Win64; x64) AppleWebKit/537.36 (KHTML, like Gecko) Chrome/146.0.0.0 Safari/537.36"
185.232.21.250 - - [29/Apr/2026:13:01:26 +0300] "GET /wp-includes/js/jquery/jquery.min.js?ver=3.7.0 HTTP/2" 200 29712 "https://serhatburke.miroglu.net/wp-login.php" "Mozilla/5.0 (Windows NT 10.0; Win64; x64) AppleWebKit/537.36 (KHTML, like Gecko) Chrome/146.0.0.0 Safari/537.36"
185.232.21.250 - - [29/Apr/2026:13:01:26 +0300] "GET /wp-includes/js/jquery/jquery-migrate.min.js?ver=3.4.1 HTTP/2" 200 4678 "https://serhatburke.miroglu.net/wp-login.php" "Mozilla/5.0 (Windows NT 10.0; Win64; x64) AppleWebKit/537.36 (KHTML, like Gecko) Chrome/146.0.0.0 Safari/537.36"
185.232.21.250 - - [29/Apr/2026:13:01:26 +0300] "GET /wp-includes/css/buttons.min.css?ver=6.3.8 HTTP/2" 200 1255 "https://serhatburke.miroglu.net/wp-login.php" "Mozilla/5.0 (Windows NT 10.0; Win64; x64) AppleWebKit/537.36 (KHTML, like Gecko) Chrome/146.0.0.0 Safari/537.36"
185.232.21.250 - - [29/Apr/2026:13:01:26 +0300] "GET /wp-includes/js/zxcvbn-async.min.js?ver=1.0 HTTP/2" 200 187 "https://serhatburke.miroglu.net/wp-login.php" "Mozilla/5.0 (Windows NT 10.0; Win64; x64) AppleWebKit/537.36 (KHTML, like Gecko) Chrome/146.0.0.0 Safari/537.36"
185.232.21.250 - - [29/Apr/2026:13:01:26 +0300] "GET /wp-includes/js/dist/vendor/regenerator-runtime.min.js?ver=0.13.11 HTTP/2" 200 2398 "https://serhatburke.miroglu.net/wp-login.php" "Mozilla/5.0 (Windows NT 10.0; Win64; x64) AppleWebKit/537.36 (KHTML, like Gecko) Chrome/146.0.0.0 Safari/537.36"
185.232.21.250 - - [29/Apr/2026:13:01:26 +0300] "GET /wp-includes/js/dist/vendor/wp-polyfill.min.js?ver=3.15.0 HTTP/2" 200 5718 "https://serhatburke.miroglu.net/wp-login.php" "Mozilla/5.0 (Windows NT 10.0; Win64; x64) AppleWebKit/537.36 (KHTML, like Gecko) Chrome/146.0.0.0 Safari/537.36"
185.232.21.250 - - [29/Apr/2026:13:01:26 +0300] "GET /wp-includes/js/dist/hooks.min.js?ver=c6aec9a8d4e5a5d543a1 HTTP/2" 200 1486 "https://serhatburke.miroglu.net/wp-login.php" "Mozilla/5.0 (Windows NT 10.0; Win64; x64) AppleWebKit/537.36 (KHTML, like Gecko) Chrome/146.0.0.0 Safari/537.36"
185.232.21.250 - - [29/Apr/2026:13:01:26 +0300] "GET /wp-includes/js/dist/i18n.min.js?ver=7701b0c3857f914212ef HTTP/2" 200 3568 "https://serhatburke.miroglu.net/wp-login.php" "Mozilla/5.0 (Windows NT 10.0; Win64; x64) AppleWebKit/537.36 (KHTML, like Gecko) Chrome/146.0.0.0 Safari/537.36"
185.232.21.250 - - [29/Apr/2026:13:01:26 +0300] "GET /wp-includes/js/dist/vendor/wp-polyfill-inert.min.js?ver=3.1.2 HTTP/2" 200 2320 "https://serhatburke.miroglu.net/wp-login.php" "Mozilla/5.0 (Windows NT 10.0; Win64; x64) AppleWebKit/537.36 (KHTML, like Gecko) Chrome/146.0.0.0 Safari/537.36"
185.232.21.250 - - [29/Apr/2026:13:01:26 +0300] "GET /wp-admin/js/password-strength-meter.min.js?ver=6.3.8 HTTP/2" 200 558 "https://serhatburke.miroglu.net/wp-login.php" "Mozilla/5.0 (Windows NT 10.0; Win64; x64) AppleWebKit/537.36 (KHTML, like Gecko) Chrome/146.0.0.0 Safari/537.36"
185.232.21.250 - - [29/Apr/2026:13:01:26 +0300] "GET /wp-includes/js/underscore.min.js?ver=1.13.4 HTTP/2" 200 7179 "https://serhatburke.miroglu.net/wp-login.php" "Mozilla/5.0 (Windows NT 10.0; Win64; x64) AppleWebKit/537.36 (KHTML, like Gecko) Chrome/146.0.0.0 Safari/537.36"
185.232.21.250 - - [29/Apr/2026:13:01:26 +0300] "GET /wp-includes/js/wp-util.min.js?ver=6.3.8 HTTP/2" 200 693 "https://serhatburke.miroglu.net/wp-login.php" "Mozilla/5.0 (Windows NT 10.0; Win64; x64) AppleWebKit/537.36 (KHTML, like Gecko) Chrome/146.0.0.0 Safari/537.36"
185.232.21.250 - - [29/Apr/2026:13:01:26 +0300] "GET /wp-admin/js/user-profile.min.js?ver=6.3.8 HTTP/2" 200 2150 "https://serhatburke.miroglu.net/wp-login.php" "Mozilla/5.0 (Windows NT 10.0; Win64; x64) AppleWebKit/537.36 (KHTML, like Gecko) Chrome/146.0.0.0 Safari/537.36"
185.232.21.250 - - [29/Apr/2026:13:01:26 +0300] "GET /wp-admin/images/wordpress-logo.svg?ver=20131107 HTTP/2" 200 759 "https://serhatburke.miroglu.net/wp-admin/css/login.min.css?ver=6.3.8" "Mozilla/5.0 (Windows NT 10.0; Win64; x64) AppleWebKit/537.36 (KHTML, like Gecko) Chrome/146.0.0.0 Safari/537.36"
185.232.21.250 - - [29/Apr/2026:13:01:26 +0300] "GET /wp-content/uploads/2023/08/favicon-16x16-3.png HTTP/2" 200 529 "https://serhatburke.miroglu.net/wp-login.php" "Mozilla/5.0 (Windows NT 10.0; Win64; x64) AppleWebKit/537.36 (KHTML, like Gecko) Chrome/146.0.0.0 Safari/537.36"
185.232.21.250 - - [29/Apr/2026:13:01:26 +0300] "GET /wp-includes/js/zxcvbn.min.js HTTP/2" 200 389493 "https://serhatburke.miroglu.net/wp-login.php" "Mozilla/5.0 (Windows NT 10.0; Win64; x64) AppleWebKit/537.36 (KHTML, like Gecko) Chrome/146.0.0.0 Safari/537.36"
185.216.113.70 - - [29/Apr/2026:13:01:40 +0300] "POST /wp-cron.php?doing_wp_cron=1777456900.5927069187164306640625 HTTP/1.1" 200 448 "-" "WordPress/6.3.8; https://serhatburke.miroglu.net"
107.152.46.252 - - [29/Apr/2026:13:01:23 +0300] "GET /zotabet-casino-bonus-premier-depot-2026/?unapproved=876&moderation-hash=2abeeeb7c501ddd12570156527dc6be0 HTTP/1.1" 200 19579 "https://serhatburke.miroglu.net/wp-comments-post.php" "Mozilla/5.0 (Windows NT 10.0; Win64; x64) AppleWebKit/537.36 (KHTML, like Gecko) Chrome/114.0.0.0 Safari/537.36 OPR/89.0.4447.51"
185.232.21.250 - - [29/Apr/2026:13:01:40 +0300] "POST /wp-login.php HTTP/2" 200 0 "https://serhatburke.miroglu.net/wp-login.php" "Mozilla/5.0 (Windows NT 10.0; Win64; x64) AppleWebKit/537.36 (KHTML, like Gecko) Chrome/146.0.0.0 Safari/537.36"
185.232.21.250 - - [29/Apr/2026:13:02:05 +0300] "GET /wp-content/uploads/2023/08/favicon-16x16-3.png HTTP/2" 200 529 "https://serhatburke.miroglu.net/wp-login.php" "Mozilla/5.0 (Windows NT 10.0; Win64; x64) AppleWebKit/537.36 (KHTML, like Gecko) Chrome/146.0.0.0 Safari/537.36"
52.167.144.147 - - [29/Apr/2026:13:01:35 +0300] "GET /kraken-bezopasnyi-i-anonimnyi-dostup-v-darknet-2026/ HTTP/2" 200 18924 "-" "Mozilla/5.0 AppleWebKit/537.36 (KHTML, like Gecko; compatible; bingbot/2.0; +http://www.bing.com/bingbot.htm) Chrome/116.0.1938.76 Safari/537.36"
40.77.167.43 - - [29/Apr/2026:13:01:37 +0300] "GET /bez-depozita-bonusa-verde-kazino-promo-noteikumi-personigie-bezmaksas-piedavajumi-2026-gada/ HTTP/2" 200 18292 "-" "Mozilla/5.0 AppleWebKit/537.36 (KHTML, like Gecko; compatible; bingbot/2.0; +http://www.bing.com/bingbot.htm) Chrome/116.0.1938.76 Safari/537.36"
185.216.113.70 - - [29/Apr/2026:13:02:22 +0300] "POST /wp-cron.php?doing_wp_cron=1777456942.6081340312957763671875 HTTP/1.1" 200 448 "-" "WordPress/6.3.8; https://serhatburke.miroglu.net"
40.77.167.43 - - [29/Apr/2026:13:01:39 +0300] "GET /their-cold-weather-2026-sloto-mag-is-able-to-comprehend/ HTTP/2" 200 18687 "-" "Mozilla/5.0 AppleWebKit/537.36 (KHTML, like Gecko; compatible; bingbot/2.0; +http://www.bing.com/bingbot.htm) Chrome/116.0.1938.76 Safari/537.36"
107.152.46.252 - - [29/Apr/2026:13:01:42 +0300] "GET /zotabet-casino-bonus-premier-depot-2026/ HTTP/1.1" 200 19124 "-" "Mozilla/5.0 (Windows NT 10.0; Win64; x64) AppleWebKit/537.36 (KHTML, like Gecko) Chrome/114.0.0.0 Safari/537.36 OPR/89.0.4447.51"
185.232.21.250 - - [29/Apr/2026:13:02:06 +0300] "POST /xmlrpc.php HTTP/1.1" 200 767 "https://serhatburke.miroglu.net/" "Mozilla/5.0 (Windows NT 10.0; Win64; x64) AppleWebKit/537.36 (KHTML, like Gecko) Chrome/122.0.0.0 Safari/537.36"
40.77.167.43 - - [29/Apr/2026:13:02:27 +0300] "GET /web-based-casinos-offer-you-a-possible-opportunity-to-take-pleasure-in-gambling-games-irrespective-of-where-you%EF%BF%BDre/ HTTP/2" 200 17589 "-" "Mozilla/5.0 AppleWebKit/537.36 (KHTML, like Gecko; compatible; bingbot/2.0; +http://www.bing.com/bingbot.htm) Chrome/116.0.1938.76 Safari/537.36"
80.90.183.146 - - [29/Apr/2026:13:02:47 +0300] "GET /35849-2/ HTTP/1.1" 200 18388 "https://serhatburke.miroglu.net/" "Mozilla/5.0 (Windows NT 10.0; Win64; x64; rv:140.0) Gecko/20100101 Firefox/140.0"
185.216.113.70 - - [29/Apr/2026:13:04:15 +0300] "POST /wp-cron.php?doing_wp_cron=1777457055.4738090038299560546875 HTTP/1.1" 200 448 "-" "WordPress/6.3.8; https://serhatburke.miroglu.net"
148.135.195.139 - - [29/Apr/2026:13:04:02 +0300] "POST /xmlrpc.php HTTP/1.1" 200 232091 "-" "Mozilla/5.0 (Windows NT 10.0; Win64; x64) AppleWebKit/537.36 (KHTML, like Gecko) Chrome/122.0.0.0 Safari/537.36"
148.135.195.139 - - [29/Apr/2026:13:04:16 +0300] "POST /xmlrpc.php HTTP/1.1" 200 489 "-" "Mozilla/5.0 (Windows NT 10.0; Win64; x64) AppleWebKit/537.36 (KHTML, like Gecko) Chrome/122.0.0.0 Safari/537.36"
185.216.113.70 - - [29/Apr/2026:13:04:41 +0300] "POST /wp-cron.php?doing_wp_cron=1777457081.9246139526367187500000 HTTP/1.1" 200 448 "-" "WordPress/6.3.8; https://serhatburke.miroglu.net"
148.135.195.139 - - [29/Apr/2026:13:04:29 +0300] "POST /xmlrpc.php HTTP/1.1" 200 169693 "-" "Mozilla/5.0 (Windows NT 10.0; Win64; x64) AppleWebKit/537.36 (KHTML, like Gecko) Chrome/122.0.0.0 Safari/537.36"
80.90.183.146 - - [29/Apr/2026:13:04:36 +0300] "GET /35849-2/ HTTP/1.1" 200 18386 "https://serhatburke.miroglu.net/35849-2/" "Mozilla/5.0 (Windows NT 6.3; Win64; x64) AppleWebKit/537.36 (KHTML, like Gecko) Chrome/103.0.0.0 Safari/537.36"
80.90.183.146 - - [29/Apr/2026:13:04:55 +0300] "GET /wp-includes/css/dist/block-library/style.min.css?ver=6.3.8 HTTP/1.1" 200 13578 "https://serhatburke.miroglu.net/35849-2/" "Mozilla/5.0 (Windows NT 10.0; Win64; x64) AppleWebKit/537.36 (KHTML, like Gecko) Chrome/145.0.0.0 Safari/537.36"
80.90.183.146 - - [29/Apr/2026:13:04:56 +0300] "GET /wp-content/plugins/contact-form-7/includes/css/styles.css?ver=5.8 HTTP/1.1" 200 1490 "https://serhatburke.miroglu.net/35849-2/" "Mozilla/5.0 (Windows NT 10.0; Win64; x64) AppleWebKit/537.36 (KHTML, like Gecko) Chrome/145.0.0.0 Safari/537.36"
80.90.183.146 - - [29/Apr/2026:13:04:56 +0300] "GET /wp-content/themes/toppic/css/fontello.css?ver=4.2 HTTP/1.1" 200 1802 "https://serhatburke.miroglu.net/35849-2/" "Mozilla/5.0 (Windows NT 10.0; Win64; x64) AppleWebKit/537.36 (KHTML, like Gecko) Chrome/145.0.0.0 Safari/537.36"
80.90.183.146 - - [29/Apr/2026:13:04:57 +0300] "GET /wp-content/themes/toppic/css/reset.css?ver=4.2 HTTP/1.1" 200 1178 "https://serhatburke.miroglu.net/35849-2/" "Mozilla/5.0 (Windows NT 10.0; Win64; x64) AppleWebKit/537.36 (KHTML, like Gecko) Chrome/145.0.0.0 Safari/537.36"
80.90.183.146 - - [29/Apr/2026:13:04:57 +0300] "GET /wp-content/themes/toppic/css/default.css?ver=4.2 HTTP/1.1" 200 1811 "https://serhatburke.miroglu.net/35849-2/" "Mozilla/5.0 (Windows NT 10.0; Win64; x64) AppleWebKit/537.36 (KHTML, like Gecko) Chrome/145.0.0.0 Safari/537.36"
80.90.183.146 - - [29/Apr/2026:13:04:58 +0300] "GET /wp-content/themes/toppic/style.css?ver=4.2 HTTP/1.1" 200 23398 "https://serhatburke.miroglu.net/35849-2/" "Mozilla/5.0 (Windows NT 10.0; Win64; x64) AppleWebKit/537.36 (KHTML, like Gecko) Chrome/145.0.0.0 Safari/537.36"
80.90.183.146 - - [29/Apr/2026:13:04:58 +0300] "GET /wp-content/themes/toppic/css/royalslider.css?ver=4.2 HTTP/1.1" 200 1887 "https://serhatburke.miroglu.net/35849-2/" "Mozilla/5.0 (Windows NT 10.0; Win64; x64) AppleWebKit/537.36 (KHTML, like Gecko) Chrome/145.0.0.0 Safari/537.36"
80.90.183.146 - - [29/Apr/2026:13:04:59 +0300] "GET /wp-content/themes/toppic/css/rs-default.css?ver=4.2 HTTP/1.1" 200 2625 "https://serhatburke.miroglu.net/35849-2/" "Mozilla/5.0 (Windows NT 10.0; Win64; x64) AppleWebKit/537.36 (KHTML, like Gecko) Chrome/145.0.0.0 Safari/537.36"
80.90.183.146 - - [29/Apr/2026:13:04:59 +0300] "GET /wp-content/themes/toppic/css/lightbox.css?ver=4.2 HTTP/1.1" 200 2956 "https://serhatburke.miroglu.net/35849-2/" "Mozilla/5.0 (Windows NT 10.0; Win64; x64) AppleWebKit/537.36 (KHTML, like Gecko) Chrome/145.0.0.0 Safari/537.36"
80.90.183.146 - - [29/Apr/2026:13:05:00 +0300] "GET /wp-content/themes/toppic/css/woocommerce.css?ver=4.2 HTTP/1.1" 200 2848 "https://serhatburke.miroglu.net/35849-2/" "Mozilla/5.0 (Windows NT 10.0; Win64; x64) AppleWebKit/537.36 (KHTML, like Gecko) Chrome/145.0.0.0 Safari/537.36"
80.90.183.146 - - [29/Apr/2026:13:05:00 +0300] "GET /wp-content/themes/toppic/css/responsive.css?ver=4.2 HTTP/1.1" 200 2796 "https://serhatburke.miroglu.net/35849-2/" "Mozilla/5.0 (Windows NT 10.0; Win64; x64) AppleWebKit/537.36 (KHTML, like Gecko) Chrome/145.0.0.0 Safari/537.36"
107.152.46.202 - - [29/Apr/2026:13:04:54 +0300] "GET /beste-casino-site-belgie-hoge-inzet/ HTTP/1.1" 200 19265 "-" "Mozilla/5.0 (X11; Linux i686) AppleWebKit/537.36 (KHTML, like Gecko) Chrome/114.0.0.0 Safari/537.36 Vivaldi/5.3.2679.68"
105.245.4.252 - - [29/Apr/2026:13:04:56 +0300] "POST /xmlrpc.php HTTP/2" 200 141 "-" "WordPress/XMLRPC Client"
80.90.183.146 - - [29/Apr/2026:13:05:01 +0300] "POST /wp-comments-post.php HTTP/1.1" 302 1055 "https://serhatburke.miroglu.net/35849-2/" "Mozilla/5.0 (Windows NT 6.3; Win64; x64) AppleWebKit/537.36 (KHTML, like Gecko) Chrome/103.0.0.0 Safari/537.36"
185.216.113.70 - - [29/Apr/2026:13:05:27 +0300] "POST /wp-cron.php?doing_wp_cron=1777457127.4150359630584716796875 HTTP/1.1" 200 448 "-" "WordPress/6.3.8; https://serhatburke.miroglu.net"
105.245.4.252 - - [29/Apr/2026:13:05:14 +0300] "GET /?p=143767 HTTP/2" 301 0 "-" "Mozilla/5.0 (Windows NT 10.0; Win64; x64) AppleWebKit/537.36 (KHTML, like Gecko) Chrome/120.0.0.0 Safari/537.36"
80.90.183.146 - - [29/Apr/2026:13:05:18 +0300] "GET /35849-2/?unapproved=877&moderation-hash=c0dabf925ff882f40c003f47b41b2929 HTTP/1.1" 200 18742 "https://serhatburke.miroglu.net/wp-comments-post.php" "Mozilla/5.0 (Windows NT 6.3; Win64; x64) AppleWebKit/537.36 (KHTML, like Gecko) Chrome/103.0.0.0 Safari/537.36"
80.90.183.146 - - [29/Apr/2026:13:05:32 +0300] "GET /35849-2/ HTTP/1.1" 200 18386 "-" "Mozilla/5.0 (compatible; Googlebot/2.1; +http://www.google.com/bot.html)"
40.77.167.150 - - [29/Apr/2026:13:05:36 +0300] "GET /sakura-fortune-er-kandidat-per-aret-goldbet-ingen-depositions-kampanjekode-spill-i-2026/ HTTP/2" 200 19035 "-" "Mozilla/5.0 AppleWebKit/537.36 (KHTML, like Gecko; compatible; bingbot/2.0; +http://www.bing.com/bingbot.htm) Chrome/116.0.1938.76 Safari/537.36"
40.77.167.43 - - [29/Apr/2026:13:05:40 +0300] "GET /gems-stones-appareil-a-nouveau-sans-depot-ice-casino-avec-a-tester/ HTTP/2" 200 20920 "-" "Mozilla/5.0 AppleWebKit/537.36 (KHTML, like Gecko; compatible; bingbot/2.0; +http://www.bing.com/bingbot.htm) Chrome/116.0.1938.76 Safari/537.36"
40.77.167.51 - - [29/Apr/2026:13:05:39 +0300] "GET /competir-a-la-tragamoneda-jewel-box-hotslots/ HTTP/2" 200 21254 "-" "Mozilla/5.0 AppleWebKit/537.36 (KHTML, like Gecko; compatible; bingbot/2.0; +http://www.bing.com/bingbot.htm) Chrome/116.0.1938.76 Safari/537.36"
40.77.167.51 - - [29/Apr/2026:13:05:49 +0300] "GET /burglar-dragons-dogma-2-book/ HTTP/2" 200 18621 "-" "Mozilla/5.0 AppleWebKit/537.36 (KHTML, like Gecko; compatible; bingbot/2.0; +http://www.bing.com/bingbot.htm) Chrome/116.0.1938.76 Safari/537.36"
40.77.167.43 - - [29/Apr/2026:13:06:18 +0300] "GET /sphinx-casino-slot-extra-stars-jackpot-slot-games/ HTTP/2" 200 19774 "-" "Mozilla/5.0 AppleWebKit/537.36 (KHTML, like Gecko; compatible; bingbot/2.0; +http://www.bing.com/bingbot.htm) Chrome/116.0.1938.76 Safari/537.36"
185.216.113.70 - - [29/Apr/2026:13:07:45 +0300] "POST /wp-cron.php?doing_wp_cron=1777457265.1590049266815185546875 HTTP/1.1" 200 448 "-" "WordPress/6.3.8; https://serhatburke.miroglu.net"
107.152.47.63 - - [29/Apr/2026:13:07:32 +0300] "GET /beste-casino-site-belgie-hoge-inzet/ HTTP/1.1" 200 19265 "-" "Mozilla/5.0 (X11; Linux i686) AppleWebKit/537.36 (KHTML, like Gecko) Chrome/114.0.0.0 Safari/537.36 Vivaldi/5.3.2679.68"
40.77.167.43 - - [29/Apr/2026:13:08:05 +0300] "GET /step-one-lowest-put-web-based-casinos-in-the-uk-2026-brits-casino-frank-mobile-victory-a-great-deal-that-have-put-only-1-pound/ HTTP/2" 200 19527 "-" "Mozilla/5.0 AppleWebKit/537.36 (KHTML, like Gecko; compatible; bingbot/2.0; +http://www.bing.com/bingbot.htm) Chrome/116.0.1938.76 Safari/537.36"
80.90.183.146 - - [29/Apr/2026:13:08:19 +0300] "GET /35849-2/ HTTP/1.1" 200 18386 "-" "Mozilla/5.0 (compatible; Googlebot/2.1; +http://www.google.com/bot.html)"
185.216.113.70 - - [29/Apr/2026:13:08:44 +0300] "POST /wp-cron.php?doing_wp_cron=1777457324.5947480201721191406250 HTTP/1.1" 200 448 "-" "WordPress/6.3.8; https://serhatburke.miroglu.net"
107.152.46.252 - - [29/Apr/2026:13:08:32 +0300] "GET /zotabet-casino-bonus-premier-depot-2026/ HTTP/1.1" 200 19124 "-" "Mozilla/5.0 (X11; Linux i686) AppleWebKit/537.36 (KHTML, like Gecko) Chrome/114.0.0.0 Safari/537.36 Vivaldi/5.3.2679.68"
185.216.113.70 - - [29/Apr/2026:13:10:56 +0300] "POST /wp-cron.php?doing_wp_cron=1777457456.3731019496917724609375 HTTP/1.1" 200 448 "-" "WordPress/6.3.8; https://serhatburke.miroglu.net"
52.167.144.147 - - [29/Apr/2026:13:10:37 +0300] "GET /migliori-scompiglio-online-chescommessa-aams-2026-graduatoria-aggiornata-addirittura-sicura/ HTTP/2" 200 19151 "-" "Mozilla/5.0 AppleWebKit/537.36 (KHTML, like Gecko; compatible; bingbot/2.0; +http://www.bing.com/bingbot.htm) Chrome/116.0.1938.76 Safari/537.36"
52.167.144.147 - - [29/Apr/2026:13:10:41 +0300] "GET /gifts-out-of-christmas-remark-spin-city-casino-look-inside-the-gift-ideas/ HTTP/2" 200 18925 "-" "Mozilla/5.0 AppleWebKit/537.36 (KHTML, like Gecko; compatible; bingbot/2.0; +http://www.bing.com/bingbot.htm) Chrome/116.0.1938.76 Safari/537.36"
40.77.167.150 - - [29/Apr/2026:13:10:46 +0300] "GET /top-trois-quels-se-deroulent-le-toilettage-pour-casino-dont-viennent-encaisser-de-je-lisais-ca-largent-profond/ HTTP/2" 200 19559 "-" "Mozilla/5.0 AppleWebKit/537.36 (KHTML, like Gecko; compatible; bingbot/2.0; +http://www.bing.com/bingbot.htm) Chrome/116.0.1938.76 Safari/537.36"
40.77.167.150 - - [29/Apr/2026:13:10:51 +0300] "GET /dunder-provision-3-codes-bye-bye-spy-guy-online-slot-casino-app-coupon-allein-bally-wulff-1-einsatz-einzahlung-%E3%81%8B%E3%81%BB%E3%81%8F%E3%83%9B%E3%83%86%E3%83%AB%E3%80%80%E3%81%AA%E3%81%94/ HTTP/2" 200 20288 "-" "Mozilla/5.0 AppleWebKit/537.36 (KHTML, like Gecko; compatible; bingbot/2.0; +http://www.bing.com/bingbot.htm) Chrome/116.0.1938.76 Safari/537.36"
52.167.144.147 - - [29/Apr/2026:13:11:07 +0300] "GET /better-web-based-casinos-uk-better-casino-site-checklist-upgraded-march-2026/ HTTP/2" 200 18828 "-" "Mozilla/5.0 AppleWebKit/537.36 (KHTML, like Gecko; compatible; bingbot/2.0; +http://www.bing.com/bingbot.htm) Chrome/116.0.1938.76 Safari/537.36"
185.216.113.70 - - [29/Apr/2026:13:11:39 +0300] "POST /wp-cron.php?doing_wp_cron=1777457499.6143479347229003906250 HTTP/1.1" 200 448 "-" "WordPress/6.3.8; https://serhatburke.miroglu.net"
52.167.144.147 - - [29/Apr/2026:13:11:27 +0300] "GET /free-spins-bonus-greatest-southern-african-casinos-2026/ HTTP/2" 200 19937 "-" "Mozilla/5.0 AppleWebKit/537.36 (KHTML, like Gecko; compatible; bingbot/2.0; +http://www.bing.com/bingbot.htm) Chrome/116.0.1938.76 Safari/537.36"
40.77.167.150 - - [29/Apr/2026:13:11:32 +0300] "GET /paypal-kasino-magic-crystals-online-verkettete-liste-seriose-online-casinos-uber-paypal-2026/ HTTP/2" 200 20622 "-" "Mozilla/5.0 AppleWebKit/537.36 (KHTML, like Gecko; compatible; bingbot/2.0; +http://www.bing.com/bingbot.htm) Chrome/116.0.1938.76 Safari/537.36"
185.216.113.70 - - [29/Apr/2026:13:13:31 +0300] "POST /wp-cron.php?doing_wp_cron=1777457611.5622100830078125000000 HTTP/1.1" 200 448 "-" "WordPress/6.3.8; https://serhatburke.miroglu.net"
50.159.103.207 - - [29/Apr/2026:13:13:17 +0300] "GET /beste-casino-site-belgie-hoge-inzet/ HTTP/1.1" 200 19281 "https://serhatburke.miroglu.net/" "Mozilla/5.0 (Macintosh; Intel Mac OS X 10_15_7) AppleWebKit/605.1.15 (KHTML, like Gecko) Version/26.2 Safari/605.1.15"
50.159.103.207 - - [29/Apr/2026:13:13:35 +0300] "GET /wp-includes/css/dist/block-library/style.min.css?ver=6.3.8 HTTP/1.1" 200 13578 "https://serhatburke.miroglu.net/beste-casino-site-belgie-hoge-inzet/" "Mozilla/5.0 (Windows NT 10.0; Win64; x64) AppleWebKit/537.36 (KHTML, like Gecko) Chrome/145.0.0.0 Safari/537.36"
50.159.103.207 - - [29/Apr/2026:13:13:36 +0300] "GET /wp-content/plugins/contact-form-7/includes/css/styles.css?ver=5.8 HTTP/1.1" 200 1490 "https://serhatburke.miroglu.net/beste-casino-site-belgie-hoge-inzet/" "Mozilla/5.0 (Windows NT 10.0; Win64; x64) AppleWebKit/537.36 (KHTML, like Gecko) Chrome/145.0.0.0 Safari/537.36"
50.159.103.207 - - [29/Apr/2026:13:13:37 +0300] "GET /wp-content/themes/toppic/css/fontello.css?ver=4.2 HTTP/1.1" 200 1802 "https://serhatburke.miroglu.net/beste-casino-site-belgie-hoge-inzet/" "Mozilla/5.0 (Windows NT 10.0; Win64; x64) AppleWebKit/537.36 (KHTML, like Gecko) Chrome/145.0.0.0 Safari/537.36"
50.159.103.207 - - [29/Apr/2026:13:13:38 +0300] "GET /wp-content/themes/toppic/css/reset.css?ver=4.2 HTTP/1.1" 200 1178 "https://serhatburke.miroglu.net/beste-casino-site-belgie-hoge-inzet/" "Mozilla/5.0 (Windows NT 10.0; Win64; x64) AppleWebKit/537.36 (KHTML, like Gecko) Chrome/145.0.0.0 Safari/537.36"
50.159.103.207 - - [29/Apr/2026:13:13:39 +0300] "GET /wp-content/themes/toppic/css/default.css?ver=4.2 HTTP/1.1" 200 1811 "https://serhatburke.miroglu.net/beste-casino-site-belgie-hoge-inzet/" "Mozilla/5.0 (Windows NT 10.0; Win64; x64) AppleWebKit/537.36 (KHTML, like Gecko) Chrome/145.0.0.0 Safari/537.36"
50.159.103.207 - - [29/Apr/2026:13:13:40 +0300] "GET /wp-content/themes/toppic/style.css?ver=4.2 HTTP/1.1" 200 23398 "https://serhatburke.miroglu.net/beste-casino-site-belgie-hoge-inzet/" "Mozilla/5.0 (Windows NT 10.0; Win64; x64) AppleWebKit/537.36 (KHTML, like Gecko) Chrome/145.0.0.0 Safari/537.36"
50.159.103.207 - - [29/Apr/2026:13:13:41 +0300] "GET /wp-content/themes/toppic/css/royalslider.css?ver=4.2 HTTP/1.1" 200 1887 "https://serhatburke.miroglu.net/beste-casino-site-belgie-hoge-inzet/" "Mozilla/5.0 (Windows NT 10.0; Win64; x64) AppleWebKit/537.36 (KHTML, like Gecko) Chrome/145.0.0.0 Safari/537.36"
50.159.103.207 - - [29/Apr/2026:13:13:42 +0300] "GET /wp-content/themes/toppic/css/rs-default.css?ver=4.2 HTTP/1.1" 200 2625 "https://serhatburke.miroglu.net/beste-casino-site-belgie-hoge-inzet/" "Mozilla/5.0 (Windows NT 10.0; Win64; x64) AppleWebKit/537.36 (KHTML, like Gecko) Chrome/145.0.0.0 Safari/537.36"
50.159.103.207 - - [29/Apr/2026:13:13:43 +0300] "GET /wp-content/themes/toppic/css/lightbox.css?ver=4.2 HTTP/1.1" 200 2956 "https://serhatburke.miroglu.net/beste-casino-site-belgie-hoge-inzet/" "Mozilla/5.0 (Windows NT 10.0; Win64; x64) AppleWebKit/537.36 (KHTML, like Gecko) Chrome/145.0.0.0 Safari/537.36"
50.159.103.207 - - [29/Apr/2026:13:13:44 +0300] "GET /wp-content/themes/toppic/css/woocommerce.css?ver=4.2 HTTP/1.1" 200 2848 "https://serhatburke.miroglu.net/beste-casino-site-belgie-hoge-inzet/" "Mozilla/5.0 (Windows NT 10.0; Win64; x64) AppleWebKit/537.36 (KHTML, like Gecko) Chrome/145.0.0.0 Safari/537.36"
50.159.103.207 - - [29/Apr/2026:13:13:45 +0300] "GET /wp-content/themes/toppic/css/responsive.css?ver=4.2 HTTP/1.1" 200 2796 "https://serhatburke.miroglu.net/beste-casino-site-belgie-hoge-inzet/" "Mozilla/5.0 (Windows NT 10.0; Win64; x64) AppleWebKit/537.36 (KHTML, like Gecko) Chrome/145.0.0.0 Safari/537.36"
50.159.103.207 - - [29/Apr/2026:13:13:46 +0300] "POST /wp-comments-post.php HTTP/1.1" 302 1083 "https://serhatburke.miroglu.net/beste-casino-site-belgie-hoge-inzet/" "Mozilla/5.0 (Macintosh; Intel Mac OS X 10_15_7) AppleWebKit/605.1.15 (KHTML, like Gecko) Version/26.2 Safari/605.1.15"
50.159.103.207 - - [29/Apr/2026:13:13:59 +0300] "GET /beste-casino-site-belgie-hoge-inzet/?unapproved=878&moderation-hash=be4d9fe4000a5ae4b0565ddfc8802387 HTTP/1.1" 200 19704 "https://serhatburke.miroglu.net/wp-comments-post.php" "Mozilla/5.0 (Macintosh; Intel Mac OS X 10_15_7) AppleWebKit/605.1.15 (KHTML, like Gecko) Version/26.2 Safari/605.1.15"
50.159.103.207 - - [29/Apr/2026:13:14:13 +0300] "GET /beste-casino-site-belgie-hoge-inzet/ HTTP/1.1" 200 19265 "-" "Mozilla/5.0 (compatible; Googlebot/2.1; +http://www.google.com/bot.html)"
38.180.218.24 - - [29/Apr/2026:13:15:01 +0300] "GET /bet-with-real-money-137/ HTTP/1.1" 200 0 "-" "Mozilla/5.0 (Windows NT 10.0; Win64; x64) AppleWebKit/537.36 (KHTML, like Gecko) Chrome/122.0.0.0 Safari/537.36"
38.180.218.24 - - [29/Apr/2026:13:15:12 +0300] "GET /bet-with-real-money-137/ HTTP/1.1" 200 0 "-" "Mozilla/5.0 (Windows NT 10.0; Win64; x64) AppleWebKit/537.36 (KHTML, like Gecko) Chrome/122.0.0.0 Safari/537.36"
