185.232.21.250 - - [29/Apr/2026:10:56:51 +0300] "GET /wp-content/plugins/wpforms-lite/assets/lib/jquery.confirm/jquery-confirm.min.css?ver=3.3.4 HTTP/2" 200 3146 "https://serhatburke.miroglu.net/wp-admin/" "Mozilla/5.0 (Windows NT 10.0; Win64; x64) AppleWebKit/537.36 (KHTML, like Gecko) Chrome/146.0.0.0 Safari/537.36"
185.232.21.250 - - [29/Apr/2026:10:56:51 +0300] "GET /wp-content/plugins/wpforms-lite/assets/lib/font-awesome/font-awesome.min.css?ver=4.7.0 HTTP/2" 200 6701 "https://serhatburke.miroglu.net/wp-admin/" "Mozilla/5.0 (Windows NT 10.0; Win64; x64) AppleWebKit/537.36 (KHTML, like Gecko) Chrome/146.0.0.0 Safari/537.36"
185.232.21.250 - - [29/Apr/2026:10:56:51 +0300] "GET /wp-content/themes/toppic/css/meta-style.css?ver=4.2 HTTP/2" 200 979 "https://serhatburke.miroglu.net/wp-admin/" "Mozilla/5.0 (Windows NT 10.0; Win64; x64) AppleWebKit/537.36 (KHTML, like Gecko) Chrome/146.0.0.0 Safari/537.36"
185.232.21.250 - - [29/Apr/2026:10:56:51 +0300] "GET /wp-content/plugins/wpforms-lite/assets/lite/css/dashboard-education.min.css?ver=1.8.3.1 HTTP/2" 200 3237 "https://serhatburke.miroglu.net/wp-admin/" "Mozilla/5.0 (Windows NT 10.0; Win64; x64) AppleWebKit/537.36 (KHTML, like Gecko) Chrome/146.0.0.0 Safari/537.36"
185.232.21.250 - - [29/Apr/2026:10:56:51 +0300] "GET /wp-content/plugins/google-analytics-for-wordpress/lite/assets/vue/css/widget.css?ver=10.1.3 HTTP/2" 200 31545 "https://serhatburke.miroglu.net/wp-admin/" "Mozilla/5.0 (Windows NT 10.0; Win64; x64) AppleWebKit/537.36 (KHTML, like Gecko) Chrome/146.0.0.0 Safari/537.36"
185.232.21.250 - - [29/Apr/2026:10:56:51 +0300] "GET /wp-content/plugins/google-analytics-for-wordpress/lite/assets/vue/css/vendor.css?ver=10.1.3 HTTP/2" 200 688 "https://serhatburke.miroglu.net/wp-admin/" "Mozilla/5.0 (Windows NT 10.0; Win64; x64) AppleWebKit/537.36 (KHTML, like Gecko) Chrome/146.0.0.0 Safari/537.36"
185.232.21.250 - - [29/Apr/2026:10:56:51 +0300] "GET /wp-content/plugins/wpforms-lite/assets/css/admin-bar.min.css?ver=1.8.3.1 HTTP/2" 200 397 "https://serhatburke.miroglu.net/wp-admin/" "Mozilla/5.0 (Windows NT 10.0; Win64; x64) AppleWebKit/537.36 (KHTML, like Gecko) Chrome/146.0.0.0 Safari/537.36"
185.232.21.250 - - [29/Apr/2026:10:56:51 +0300] "GET /wp-content/plugins/wpforms-lite/assets/css/dashboard-widget.min.css?ver=1.8.3.1 HTTP/2" 200 2203 "https://serhatburke.miroglu.net/wp-admin/" "Mozilla/5.0 (Windows NT 10.0; Win64; x64) AppleWebKit/537.36 (KHTML, like Gecko) Chrome/146.0.0.0 Safari/537.36"
185.232.21.250 - - [29/Apr/2026:10:56:51 +0300] "GET /wp-content/plugins/google-analytics-for-wordpress/lite/assets/admin-bar/insights.css?ver=2285a9c504aa37d29a57 HTTP/2" 200 1347 "https://serhatburke.miroglu.net/wp-admin/" "Mozilla/5.0 (Windows NT 10.0; Win64; x64) AppleWebKit/537.36 (KHTML, like Gecko) Chrome/146.0.0.0 Safari/537.36"
185.232.21.250 - - [29/Apr/2026:10:56:51 +0300] "GET /wp-content/plugins/all-in-one-seo-pack/dist/Lite/assets/js/vue.runtime.esm-bundler.b39e1078.js HTTP/2" 200 39772 "https://serhatburke.miroglu.net/wp-admin/" "Mozilla/5.0 (Windows NT 10.0; Win64; x64) AppleWebKit/537.36 (KHTML, like Gecko) Chrome/146.0.0.0 Safari/537.36"
185.232.21.250 - - [29/Apr/2026:10:56:51 +0300] "GET /wp-content/plugins/all-in-one-seo-pack/dist/Lite/assets/js/links.23796d97.js HTTP/2" 200 46535 "https://serhatburke.miroglu.net/wp-admin/" "Mozilla/5.0 (Windows NT 10.0; Win64; x64) AppleWebKit/537.36 (KHTML, like Gecko) Chrome/146.0.0.0 Safari/537.36"
185.232.21.250 - - [29/Apr/2026:10:56:51 +0300] "GET /wp-content/plugins/all-in-one-seo-pack/dist/Lite/assets/js/translations.6e7b2383.js HTTP/2" 200 339 "https://serhatburke.miroglu.net/wp-admin/" "Mozilla/5.0 (Windows NT 10.0; Win64; x64) AppleWebKit/537.36 (KHTML, like Gecko) Chrome/146.0.0.0 Safari/537.36"
185.232.21.250 - - [29/Apr/2026:10:56:51 +0300] "GET /wp-content/plugins/all-in-one-seo-pack/dist/Lite/assets/js/default-i18n.3881921e.js HTTP/2" 200 4578 "https://serhatburke.miroglu.net/wp-admin/" "Mozilla/5.0 (Windows NT 10.0; Win64; x64) AppleWebKit/537.36 (KHTML, like Gecko) Chrome/146.0.0.0 Safari/537.36"
185.232.21.250 - - [29/Apr/2026:10:56:51 +0300] "GET /wp-content/plugins/all-in-one-seo-pack/dist/Lite/assets/js/isArrayLikeObject.22a096cb.js HTTP/2" 200 14929 "https://serhatburke.miroglu.net/wp-admin/" "Mozilla/5.0 (Windows NT 10.0; Win64; x64) AppleWebKit/537.36 (KHTML, like Gecko) Chrome/146.0.0.0 Safari/537.36"
185.232.21.250 - - [29/Apr/2026:10:56:51 +0300] "GET /wp-content/plugins/google-analytics-for-wordpress/assets/js/admin-metabox-sitenotes.js?ver=10.1.3 HTTP/2" 200 277 "https://serhatburke.miroglu.net/wp-admin/" "Mozilla/5.0 (Windows NT 10.0; Win64; x64) AppleWebKit/537.36 (KHTML, like Gecko) Chrome/146.0.0.0 Safari/537.36"
185.232.21.250 - - [29/Apr/2026:10:56:51 +0300] "GET /wp-admin/load-styles.php?c=1&dir=ltr&load%5Bchunk_0%5D=dashicons,admin-bar,site-health,common,forms,admin-menu,dashboard,list-tables,edit,revisions,media,themes,about,nav-menus,wp-poi&load%5Bchunk_1%5D=nter,widgets,site-icon,l10n,buttons,wp-auth-check,wp-components&ver=6.3.8 HTTP/2" 200 115120 "https://serhatburke.miroglu.net/wp-admin/" "Mozilla/5.0 (Windows NT 10.0; Win64; x64) AppleWebKit/537.36 (KHTML, like Gecko) Chrome/146.0.0.0 Safari/537.36"
185.232.21.250 - - [29/Apr/2026:10:56:51 +0300] "GET /wp-admin/load-scripts.php?c=1&load%5Bchunk_0%5D=jquery-core,jquery-migrate,utils&ver=6.3.8 HTTP/2" 200 36096 "https://serhatburke.miroglu.net/wp-admin/" "Mozilla/5.0 (Windows NT 10.0; Win64; x64) AppleWebKit/537.36 (KHTML, like Gecko) Chrome/146.0.0.0 Safari/537.36"
185.232.21.250 - - [29/Apr/2026:10:57:08 +0300] "GET /wp-includes/css/editor.min.css?ver=6.3.8 HTTP/2" 200 5626 "https://serhatburke.miroglu.net/wp-admin/" "Mozilla/5.0 (Windows NT 10.0; Win64; x64) AppleWebKit/537.36 (KHTML, like Gecko) Chrome/146.0.0.0 Safari/537.36"
185.232.21.250 - - [29/Apr/2026:10:57:09 +0300] "GET /wp-content/plugins/all-in-one-seo-pack/dist/Lite/assets/css/index.f13cbef6.css?ver=4.4.4 HTTP/2" 200 3697 "https://serhatburke.miroglu.net/wp-admin/" "Mozilla/5.0 (Windows NT 10.0; Win64; x64) AppleWebKit/537.36 (KHTML, like Gecko) Chrome/146.0.0.0 Safari/537.36"
185.232.21.250 - - [29/Apr/2026:10:57:09 +0300] "GET /wp-content/plugins/all-in-one-seo-pack/dist/Lite/assets/css/SeoSetup.aa37a8dd.css?ver=4.4.4 HTTP/2" 200 466 "https://serhatburke.miroglu.net/wp-admin/" "Mozilla/5.0 (Windows NT 10.0; Win64; x64) AppleWebKit/537.36 (KHTML, like Gecko) Chrome/146.0.0.0 Safari/537.36"
185.232.21.250 - - [29/Apr/2026:10:57:09 +0300] "GET /wp-content/plugins/all-in-one-seo-pack/dist/Lite/assets/css/Overview.f1ef313f.css?ver=4.4.4 HTTP/2" 200 442 "https://serhatburke.miroglu.net/wp-admin/" "Mozilla/5.0 (Windows NT 10.0; Win64; x64) AppleWebKit/537.36 (KHTML, like Gecko) Chrome/146.0.0.0 Safari/537.36"
185.232.21.250 - - [29/Apr/2026:10:57:09 +0300] "GET /wp-content/plugins/all-in-one-seo-pack/dist/Lite/assets/css/Caret.82e4ef18.css?ver=4.4.4 HTTP/2" 200 957 "https://serhatburke.miroglu.net/wp-admin/" "Mozilla/5.0 (Windows NT 10.0; Win64; x64) AppleWebKit/537.36 (KHTML, like Gecko) Chrome/146.0.0.0 Safari/537.36"
185.232.21.250 - - [29/Apr/2026:10:57:09 +0300] "GET /wp-content/plugins/all-in-one-seo-pack/dist/Lite/assets/css/DonutChartWithLegend.86f54c65.css?ver=4.4.4 HTTP/2" 200 635 "https://serhatburke.miroglu.net/wp-admin/" "Mozilla/5.0 (Windows NT 10.0; Win64; x64) AppleWebKit/537.36 (KHTML, like Gecko) Chrome/146.0.0.0 Safari/537.36"
185.232.21.250 - - [29/Apr/2026:10:57:09 +0300] "GET /wp-admin/js/common.min.js?ver=6.3.8 HTTP/2" 200 6355 "https://serhatburke.miroglu.net/wp-admin/" "Mozilla/5.0 (Windows NT 10.0; Win64; x64) AppleWebKit/537.36 (KHTML, like Gecko) Chrome/146.0.0.0 Safari/537.36"
185.232.21.250 - - [29/Apr/2026:10:57:09 +0300] "GET /wp-includes/js/hoverintent-js.min.js?ver=2.2.1 HTTP/2" 200 665 "https://serhatburke.miroglu.net/wp-admin/" "Mozilla/5.0 (Windows NT 10.0; Win64; x64) AppleWebKit/537.36 (KHTML, like Gecko) Chrome/146.0.0.0 Safari/537.36"
185.232.21.250 - - [29/Apr/2026:10:57:09 +0300] "GET /wp-content/plugins/google-analytics-for-wordpress/assets/images/monsterinsights-notice-box-logo.svg HTTP/2" 200 6163 "https://serhatburke.miroglu.net/wp-admin/" "Mozilla/5.0 (Windows NT 10.0; Win64; x64) AppleWebKit/537.36 (KHTML, like Gecko) Chrome/146.0.0.0 Safari/537.36"
185.232.21.250 - - [29/Apr/2026:10:57:09 +0300] "GET /wp-includes/js/admin-bar.min.js?ver=6.3.8 HTTP/2" 200 1264 "https://serhatburke.miroglu.net/wp-admin/" "Mozilla/5.0 (Windows NT 10.0; Win64; x64) AppleWebKit/537.36 (KHTML, like Gecko) Chrome/146.0.0.0 Safari/537.36"
185.232.21.250 - - [29/Apr/2026:10:57:09 +0300] "GET /wp-includes/js/clipboard.min.js?ver=2.0.11 HTTP/2" 200 2989 "https://serhatburke.miroglu.net/wp-admin/" "Mozilla/5.0 (Windows NT 10.0; Win64; x64) AppleWebKit/537.36 (KHTML, like Gecko) Chrome/146.0.0.0 Safari/537.36"
185.232.21.250 - - [29/Apr/2026:10:57:09 +0300] "GET /wp-includes/js/dist/dom-ready.min.js?ver=392bdd43726760d1f3ca HTTP/2" 200 281 "https://serhatburke.miroglu.net/wp-admin/" "Mozilla/5.0 (Windows NT 10.0; Win64; x64) AppleWebKit/537.36 (KHTML, like Gecko) Chrome/146.0.0.0 Safari/537.36"
185.232.21.250 - - [29/Apr/2026:10:57:09 +0300] "GET /wp-includes/js/dist/a11y.min.js?ver=7032343a947cfccf5608 HTTP/2" 200 834 "https://serhatburke.miroglu.net/wp-admin/" "Mozilla/5.0 (Windows NT 10.0; Win64; x64) AppleWebKit/537.36 (KHTML, like Gecko) Chrome/146.0.0.0 Safari/537.36"
185.232.21.250 - - [29/Apr/2026:10:57:09 +0300] "GET /wp-admin/load-scripts.php?c=1&load%5Bchunk_0%5D=hoverIntent,wp-polyfill-inert,regenerator-runtime,wp-polyfill,wp-hooks&ver=6.3.8 HTTP/2" 200 12563 "https://serhatburke.miroglu.net/wp-admin/" "Mozilla/5.0 (Windows NT 10.0; Win64; x64) AppleWebKit/537.36 (KHTML, like Gecko) Chrome/146.0.0.0 Safari/537.36"
185.232.21.250 - - [29/Apr/2026:10:57:09 +0300] "GET /wp-includes/js/api-request.min.js?ver=6.3.8 HTTP/2" 200 530 "https://serhatburke.miroglu.net/wp-admin/" "Mozilla/5.0 (Windows NT 10.0; Win64; x64) AppleWebKit/537.36 (KHTML, like Gecko) Chrome/146.0.0.0 Safari/537.36"
185.232.21.250 - - [29/Apr/2026:10:57:09 +0300] "GET /wp-includes/js/dist/url.min.js?ver=8814d23f2d64864d280d HTTP/2" 200 3390 "https://serhatburke.miroglu.net/wp-admin/" "Mozilla/5.0 (Windows NT 10.0; Win64; x64) AppleWebKit/537.36 (KHTML, like Gecko) Chrome/146.0.0.0 Safari/537.36"
185.232.21.250 - - [29/Apr/2026:10:57:09 +0300] "GET /wp-admin/js/site-health.min.js?ver=6.3.8 HTTP/2" 200 1981 "https://serhatburke.miroglu.net/wp-admin/" "Mozilla/5.0 (Windows NT 10.0; Win64; x64) AppleWebKit/537.36 (KHTML, like Gecko) Chrome/146.0.0.0 Safari/537.36"
185.232.21.250 - - [29/Apr/2026:10:57:09 +0300] "GET /wp-includes/js/wp-ajax-response.min.js?ver=6.3.8 HTTP/2" 200 972 "https://serhatburke.miroglu.net/wp-admin/" "Mozilla/5.0 (Windows NT 10.0; Win64; x64) AppleWebKit/537.36 (KHTML, like Gecko) Chrome/146.0.0.0 Safari/537.36"
185.232.21.250 - - [29/Apr/2026:10:57:09 +0300] "GET /wp-includes/js/jquery/jquery.color.min.js?ver=2.2.0 HTTP/2" 200 2800 "https://serhatburke.miroglu.net/wp-admin/" "Mozilla/5.0 (Windows NT 10.0; Win64; x64) AppleWebKit/537.36 (KHTML, like Gecko) Chrome/146.0.0.0 Safari/537.36"
185.232.21.250 - - [29/Apr/2026:10:57:09 +0300] "GET /wp-includes/js/dist/i18n.min.js?ver=7701b0c3857f914212ef HTTP/2" 200 3568 "https://serhatburke.miroglu.net/wp-admin/" "Mozilla/5.0 (Windows NT 10.0; Win64; x64) AppleWebKit/537.36 (KHTML, like Gecko) Chrome/146.0.0.0 Safari/537.36"
185.232.21.250 - - [29/Apr/2026:10:57:09 +0300] "GET /wp-includes/js/wp-lists.min.js?ver=6.3.8 HTTP/2" 200 2359 "https://serhatburke.miroglu.net/wp-admin/" "Mozilla/5.0 (Windows NT 10.0; Win64; x64) AppleWebKit/537.36 (KHTML, like Gecko) Chrome/146.0.0.0 Safari/537.36"
185.232.21.250 - - [29/Apr/2026:10:57:09 +0300] "GET /wp-includes/js/quicktags.min.js?ver=6.3.8 HTTP/2" 200 3331 "https://serhatburke.miroglu.net/wp-admin/" "Mozilla/5.0 (Windows NT 10.0; Win64; x64) AppleWebKit/537.36 (KHTML, like Gecko) Chrome/146.0.0.0 Safari/537.36"
185.232.21.250 - - [29/Apr/2026:10:57:09 +0300] "GET /wp-includes/js/jquery/jquery.query.js?ver=2.2.3 HTTP/2" 200 1534 "https://serhatburke.miroglu.net/wp-admin/" "Mozilla/5.0 (Windows NT 10.0; Win64; x64) AppleWebKit/537.36 (KHTML, like Gecko) Chrome/146.0.0.0 Safari/537.36"
185.232.21.250 - - [29/Apr/2026:10:57:09 +0300] "GET /wp-admin/js/edit-comments.min.js?ver=6.3.8 HTTP/2" 200 4867 "https://serhatburke.miroglu.net/wp-admin/" "Mozilla/5.0 (Windows NT 10.0; Win64; x64) AppleWebKit/537.36 (KHTML, like Gecko) Chrome/146.0.0.0 Safari/537.36"
185.232.21.250 - - [29/Apr/2026:10:57:10 +0300] "GET /wp-includes/js/jquery/ui/core.min.js?ver=1.13.2 HTTP/2" 200 6801 "https://serhatburke.miroglu.net/wp-admin/" "Mozilla/5.0 (Windows NT 10.0; Win64; x64) AppleWebKit/537.36 (KHTML, like Gecko) Chrome/146.0.0.0 Safari/537.36"
185.232.21.250 - - [29/Apr/2026:10:57:10 +0300] "GET /wp-includes/js/jquery/ui/mouse.min.js?ver=1.13.2 HTTP/2" 200 1001 "https://serhatburke.miroglu.net/wp-admin/" "Mozilla/5.0 (Windows NT 10.0; Win64; x64) AppleWebKit/537.36 (KHTML, like Gecko) Chrome/146.0.0.0 Safari/537.36"
185.232.21.250 - - [29/Apr/2026:10:57:10 +0300] "GET /wp-includes/js/jquery/ui/sortable.min.js?ver=1.13.2 HTTP/2" 200 6333 "https://serhatburke.miroglu.net/wp-admin/" "Mozilla/5.0 (Windows NT 10.0; Win64; x64) AppleWebKit/537.36 (KHTML, like Gecko) Chrome/146.0.0.0 Safari/537.36"
185.232.21.250 - - [29/Apr/2026:10:57:10 +0300] "GET /wp-admin/js/postbox.min.js?ver=6.3.8 HTTP/2" 200 2053 "https://serhatburke.miroglu.net/wp-admin/" "Mozilla/5.0 (Windows NT 10.0; Win64; x64) AppleWebKit/537.36 (KHTML, like Gecko) Chrome/146.0.0.0 Safari/537.36"
185.232.21.250 - - [29/Apr/2026:10:57:10 +0300] "GET /wp-includes/js/dist/vendor/moment.min.js?ver=2.29.4 HTTP/2" 200 18186 "https://serhatburke.miroglu.net/wp-admin/" "Mozilla/5.0 (Windows NT 10.0; Win64; x64) AppleWebKit/537.36 (KHTML, like Gecko) Chrome/146.0.0.0 Safari/537.36"
185.232.21.250 - - [29/Apr/2026:10:57:10 +0300] "GET /wp-includes/js/dist/deprecated.min.js?ver=73ad3591e7bc95f4777a HTTP/2" 200 416 "https://serhatburke.miroglu.net/wp-admin/" "Mozilla/5.0 (Windows NT 10.0; Win64; x64) AppleWebKit/537.36 (KHTML, like Gecko) Chrome/146.0.0.0 Safari/537.36"
185.232.21.250 - - [29/Apr/2026:10:57:10 +0300] "GET /wp-includes/js/dist/date.min.js?ver=3d34bfc9ee4ff8794fdc HTTP/2" 200 36700 "https://serhatburke.miroglu.net/wp-admin/" "Mozilla/5.0 (Windows NT 10.0; Win64; x64) AppleWebKit/537.36 (KHTML, like Gecko) Chrome/146.0.0.0 Safari/537.36"
185.232.21.250 - - [29/Apr/2026:10:57:10 +0300] "GET /wp-admin/js/dashboard.min.js?ver=6.3.8 HTTP/2" 200 2835 "https://serhatburke.miroglu.net/wp-admin/" "Mozilla/5.0 (Windows NT 10.0; Win64; x64) AppleWebKit/537.36 (KHTML, like Gecko) Chrome/146.0.0.0 Safari/537.36"
185.232.21.250 - - [29/Apr/2026:10:57:10 +0300] "GET /wp-includes/js/thickbox/thickbox.js?ver=3.1-20121105 HTTP/2" 200 3991 "https://serhatburke.miroglu.net/wp-admin/" "Mozilla/5.0 (Windows NT 10.0; Win64; x64) AppleWebKit/537.36 (KHTML, like Gecko) Chrome/146.0.0.0 Safari/537.36"
185.232.21.250 - - [29/Apr/2026:10:57:10 +0300] "GET /wp-admin/js/plugin-install.min.js?ver=6.3.8 HTTP/2" 200 903 "https://serhatburke.miroglu.net/wp-admin/" "Mozilla/5.0 (Windows NT 10.0; Win64; x64) AppleWebKit/537.36 (KHTML, like Gecko) Chrome/146.0.0.0 Safari/537.36"
185.232.21.250 - - [29/Apr/2026:10:57:10 +0300] "GET /wp-includes/js/wp-sanitize.min.js?ver=6.3.8 HTTP/2" 200 236 "https://serhatburke.miroglu.net/wp-admin/" "Mozilla/5.0 (Windows NT 10.0; Win64; x64) AppleWebKit/537.36 (KHTML, like Gecko) Chrome/146.0.0.0 Safari/537.36"
185.232.21.250 - - [29/Apr/2026:10:57:10 +0300] "GET /wp-admin/js/updates.min.js?ver=6.3.8 HTTP/2" 200 8760 "https://serhatburke.miroglu.net/wp-admin/" "Mozilla/5.0 (Windows NT 10.0; Win64; x64) AppleWebKit/537.36 (KHTML, like Gecko) Chrome/146.0.0.0 Safari/537.36"
185.232.21.250 - - [29/Apr/2026:10:57:10 +0300] "GET /wp-includes/js/shortcode.min.js?ver=6.3.8 HTTP/2" 200 1078 "https://serhatburke.miroglu.net/wp-admin/" "Mozilla/5.0 (Windows NT 10.0; Win64; x64) AppleWebKit/537.36 (KHTML, like Gecko) Chrome/146.0.0.0 Safari/537.36"
185.232.21.250 - - [29/Apr/2026:10:57:10 +0300] "GET /wp-admin/js/media-upload.min.js?ver=6.3.8 HTTP/2" 200 540 "https://serhatburke.miroglu.net/wp-admin/" "Mozilla/5.0 (Windows NT 10.0; Win64; x64) AppleWebKit/537.36 (KHTML, like Gecko) Chrome/146.0.0.0 Safari/537.36"
185.232.21.250 - - [29/Apr/2026:10:57:10 +0300] "GET /wp-admin/js/svg-painter.js?ver=6.3.8 HTTP/2" 200 1971 "https://serhatburke.miroglu.net/wp-admin/" "Mozilla/5.0 (Windows NT 10.0; Win64; x64) AppleWebKit/537.36 (KHTML, like Gecko) Chrome/146.0.0.0 Safari/537.36"
185.232.21.250 - - [29/Apr/2026:10:57:10 +0300] "GET /wp-includes/js/heartbeat.min.js?ver=6.3.8 HTTP/2" 200 1925 "https://serhatburke.miroglu.net/wp-admin/" "Mozilla/5.0 (Windows NT 10.0; Win64; x64) AppleWebKit/537.36 (KHTML, like Gecko) Chrome/146.0.0.0 Safari/537.36"
185.232.21.250 - - [29/Apr/2026:10:57:10 +0300] "GET /wp-includes/js/wp-auth-check.min.js?ver=6.3.8 HTTP/2" 200 691 "https://serhatburke.miroglu.net/wp-admin/" "Mozilla/5.0 (Windows NT 10.0; Win64; x64) AppleWebKit/537.36 (KHTML, like Gecko) Chrome/146.0.0.0 Safari/537.36"
185.232.21.250 - - [29/Apr/2026:10:57:10 +0300] "GET /wp-content/plugins/all-in-one-seo-pack/dist/Lite/assets/notifications.e3899576.js?ver=4.4.4 HTTP/2" 200 688 "https://serhatburke.miroglu.net/wp-admin/" "Mozilla/5.0 (Windows NT 10.0; Win64; x64) AppleWebKit/537.36 (KHTML, like Gecko) Chrome/146.0.0.0 Safari/537.36"
185.232.21.250 - - [29/Apr/2026:10:57:10 +0300] "GET /wp-content/plugins/all-in-one-seo-pack/dist/Lite/assets/app.7d8c6b04.js?ver=4.4.4 HTTP/2" 200 456 "https://serhatburke.miroglu.net/wp-admin/" "Mozilla/5.0 (Windows NT 10.0; Win64; x64) AppleWebKit/537.36 (KHTML, like Gecko) Chrome/146.0.0.0 Safari/537.36"
185.232.21.250 - - [29/Apr/2026:10:57:10 +0300] "GET /wp-content/plugins/google-analytics-for-wordpress/assets/js/admin-common.min.js?ver=10.1.3 HTTP/2" 200 513 "https://serhatburke.miroglu.net/wp-admin/" "Mozilla/5.0 (Windows NT 10.0; Win64; x64) AppleWebKit/537.36 (KHTML, like Gecko) Chrome/146.0.0.0 Safari/537.36"
185.232.21.250 - - [29/Apr/2026:10:57:10 +0300] "GET /wp-content/plugins/google-analytics-for-wordpress/assets/js/admin-setup-wizard.js?ver=10.1.3 HTTP/2" 200 738 "https://serhatburke.miroglu.net/wp-admin/" "Mozilla/5.0 (Windows NT 10.0; Win64; x64) AppleWebKit/537.36 (KHTML, like Gecko) Chrome/146.0.0.0 Safari/537.36"
185.232.21.250 - - [29/Apr/2026:10:57:10 +0300] "GET /wp-content/plugins/wpforms-lite/assets/lib/jquery.confirm/jquery-confirm.min.js?ver=3.3.4 HTTP/2" 200 6935 "https://serhatburke.miroglu.net/wp-admin/" "Mozilla/5.0 (Windows NT 10.0; Win64; x64) AppleWebKit/537.36 (KHTML, like Gecko) Chrome/146.0.0.0 Safari/537.36"
185.232.21.250 - - [29/Apr/2026:10:57:10 +0300] "GET /wp-content/plugins/wpforms-lite/assets/lite/js/admin/education/lite-connect.min.js?ver=1.8.3.1 HTTP/2" 200 1480 "https://serhatburke.miroglu.net/wp-admin/" "Mozilla/5.0 (Windows NT 10.0; Win64; x64) AppleWebKit/537.36 (KHTML, like Gecko) Chrome/146.0.0.0 Safari/537.36"
185.232.21.250 - - [29/Apr/2026:10:57:10 +0300] "GET /wp-content/plugins/google-analytics-for-wordpress/lite/assets/vue/js/widget.min.js?ver=10.1.3 HTTP/2" 200 45549 "https://serhatburke.miroglu.net/wp-admin/" "Mozilla/5.0 (Windows NT 10.0; Win64; x64) AppleWebKit/537.36 (KHTML, like Gecko) Chrome/146.0.0.0 Safari/537.36"
185.232.21.250 - - [29/Apr/2026:10:57:10 +0300] "GET /wp-content/plugins/wpforms-lite/assets/lib/chart.min.js?ver=2.7.2 HTTP/2" 200 45228 "https://serhatburke.miroglu.net/wp-admin/" "Mozilla/5.0 (Windows NT 10.0; Win64; x64) AppleWebKit/537.36 (KHTML, like Gecko) Chrome/146.0.0.0 Safari/537.36"
185.232.21.250 - - [29/Apr/2026:10:57:10 +0300] "GET /wp-content/plugins/wpforms-lite/assets/lite/js/admin/dashboard-widget.min.js?ver=1.8.3.1 HTTP/2" 200 1181 "https://serhatburke.miroglu.net/wp-admin/" "Mozilla/5.0 (Windows NT 10.0; Win64; x64) AppleWebKit/537.36 (KHTML, like Gecko) Chrome/146.0.0.0 Safari/537.36"
185.232.21.250 - - [29/Apr/2026:10:57:10 +0300] "GET /wp-content/plugins/all-in-one-seo-pack/dist/Lite/assets/dashboard-widgets.93960a37.js?ver=4.4.4 HTTP/2" 200 3449 "https://serhatburke.miroglu.net/wp-admin/" "Mozilla/5.0 (Windows NT 10.0; Win64; x64) AppleWebKit/537.36 (KHTML, like Gecko) Chrome/146.0.0.0 Safari/537.36"
185.232.21.250 - - [29/Apr/2026:10:57:10 +0300] "GET /wp-content/plugins/all-in-one-seo-pack/dist/Lite/assets//link-format/link-format-classic.js?ver=4.4.4 HTTP/2" 200 4340 "https://serhatburke.miroglu.net/wp-admin/" "Mozilla/5.0 (Windows NT 10.0; Win64; x64) AppleWebKit/537.36 (KHTML, like Gecko) Chrome/146.0.0.0 Safari/537.36"
185.232.21.250 - - [29/Apr/2026:10:57:10 +0300] "GET /wp-includes/js/jquery/ui/menu.min.js?ver=1.13.2 HTTP/2" 200 2883 "https://serhatburke.miroglu.net/wp-admin/" "Mozilla/5.0 (Windows NT 10.0; Win64; x64) AppleWebKit/537.36 (KHTML, like Gecko) Chrome/146.0.0.0 Safari/537.36"
185.232.21.250 - - [29/Apr/2026:10:57:10 +0300] "GET /wp-includes/js/jquery/ui/autocomplete.min.js?ver=1.13.2 HTTP/2" 200 2677 "https://serhatburke.miroglu.net/wp-admin/" "Mozilla/5.0 (Windows NT 10.0; Win64; x64) AppleWebKit/537.36 (KHTML, like Gecko) Chrome/146.0.0.0 Safari/537.36"
185.232.21.250 - - [29/Apr/2026:10:57:10 +0300] "GET /wp-content/plugins/js_composer/assets/vc/logo/wpb-logo-white_32.svg HTTP/2" 200 713 "https://serhatburke.miroglu.net/wp-admin/" "Mozilla/5.0 (Windows NT 10.0; Win64; x64) AppleWebKit/537.36 (KHTML, like Gecko) Chrome/146.0.0.0 Safari/537.36"
185.232.21.250 - - [29/Apr/2026:10:57:10 +0300] "GET /wp-content/plugins/wpforms-lite/assets/images/sullie.png HTTP/2" 200 25007 "https://serhatburke.miroglu.net/wp-admin/" "Mozilla/5.0 (Windows NT 10.0; Win64; x64) AppleWebKit/537.36 (KHTML, like Gecko) Chrome/146.0.0.0 Safari/537.36"
185.232.21.250 - - [29/Apr/2026:10:57:10 +0300] "GET /wp-content/plugins/wp-file-manager/images/wp_file_manager.svg HTTP/2" 200 1199 "https://serhatburke.miroglu.net/wp-admin/" "Mozilla/5.0 (Windows NT 10.0; Win64; x64) AppleWebKit/537.36 (KHTML, like Gecko) Chrome/146.0.0.0 Safari/537.36"
185.232.21.250 - - [29/Apr/2026:10:57:10 +0300] "GET /wp-content/uploads/2023/08/favicon-16x16-3.png HTTP/2" 200 529 "https://serhatburke.miroglu.net/wp-admin/" "Mozilla/5.0 (Windows NT 10.0; Win64; x64) AppleWebKit/537.36 (KHTML, like Gecko) Chrome/146.0.0.0 Safari/537.36"
185.232.21.250 - - [29/Apr/2026:10:57:10 +0300] "GET /wp-admin/post-new.php HTTP/2" 200 0 "https://serhatburke.miroglu.net/" "Mozilla/5.0 (Windows NT 10.0; Win64; x64) AppleWebKit/537.36 (KHTML, like Gecko) Chrome/146.0.0.0 Safari/537.36"
185.216.113.70 - - [29/Apr/2026:10:57:52 +0300] "POST /wp-cron.php?doing_wp_cron=1777449471.9517800807952880859375 HTTP/1.1" 200 448 "-" "WordPress/6.3.8; https://serhatburke.miroglu.net"
87.98.97.9 - - [29/Apr/2026:10:57:32 +0300] "GET /28563-2/ HTTP/1.1" 200 19297 "-" "Mozilla/5.0 (compatible; Googlebot/2.1; +http://www.google.com/bot.html)"
185.232.21.250 - - [29/Apr/2026:10:57:38 +0300] "POST /xmlrpc.php HTTP/1.1" 200 767 "https://serhatburke.miroglu.net/" "Mozilla/5.0 (Windows NT 10.0; Win64; x64) AppleWebKit/537.36 (KHTML, like Gecko) Chrome/122.0.0.0 Safari/537.36"
172.237.60.137 - - [29/Apr/2026:10:57:44 +0300] "POST /xmlrpc.php HTTP/1.1" 200 630 "-" "Mozilla/5.0 (Windows NT 10.0; Win64; x64) AppleWebKit/537.36 (KHTML, like Gecko) Chrome/114.0.0.0 Safari/537.36"
172.237.60.137 - - [29/Apr/2026:10:58:14 +0300] "POST /xmlrpc.php HTTP/1.1" 200 15182 "-" "Mozilla/5.0 (Windows NT 10.0; Win64; x64) AppleWebKit/537.36 (KHTML, like Gecko) Chrome/114.0.0.0 Safari/537.36"
185.216.113.70 - - [29/Apr/2026:10:59:07 +0300] "POST /wp-cron.php?doing_wp_cron=1777449547.6297869682312011718750 HTTP/1.1" 200 448 "-" "WordPress/6.3.8; https://serhatburke.miroglu.net"
172.237.60.137 - - [29/Apr/2026:10:58:29 +0300] "GET /raging-bull-casinos-no-deposit-incentive-which-have-a-good-pixies-of-the-newest-tree-slot-secret-santa-bonus-game-free-spins-sign-up/ HTTP/1.1" 200 80915 "-" "Mozilla/5.0 (Windows NT 10.0; rv:125.0) Gecko/20100101 Firefox/125.0"
91.242.215.171 - - [29/Apr/2026:10:58:58 +0300] "POST /xmlrpc.php HTTP/1.1" 200 630 "-" "Mozilla/5.0 (Windows NT 10.0; Win64; x64) AppleWebKit/537.36 (KHTML, like Gecko) Chrome/114.0.0.0 Safari/537.36"
91.242.215.171 - - [29/Apr/2026:10:59:23 +0300] "POST /xmlrpc.php HTTP/1.1" 200 11775 "-" "Mozilla/5.0 (Windows NT 10.0; Win64; x64) AppleWebKit/537.36 (KHTML, like Gecko) Chrome/114.0.0.0 Safari/537.36"
185.216.113.70 - - [29/Apr/2026:10:59:49 +0300] "POST /wp-cron.php?doing_wp_cron=1777449589.3175120353698730468750 HTTP/1.1" 200 448 "-" "WordPress/6.3.8; https://serhatburke.miroglu.net"
91.242.215.171 - - [29/Apr/2026:10:59:37 +0300] "GET /ein-groteil-kasino-bonusangebote-fuen-in-mark-100-handel-beim-nachfolgende-casinos-die-einzahlung-wie-geschmiert-vervielfaltigen/ HTTP/1.1" 200 77996 "-" "Mozilla/5.0 (Windows NT 10.0; Win64; x64) AppleWebKit/537.36 (KHTML, like Gecko) Chrome/124.0.0.0 Safari/537.36"
172.237.60.137 - - [29/Apr/2026:11:00:00 +0300] "POST /xmlrpc.php HTTP/1.1" 200 630 "-" "Mozilla/5.0 (Windows NT 10.0; Win64; x64) AppleWebKit/537.36 (KHTML, like Gecko) Chrome/114.0.0.0 Safari/537.36"
185.216.113.70 - - [29/Apr/2026:11:00:37 +0300] "POST /wp-cron.php?doing_wp_cron=1777449637.6894419193267822265625 HTTP/1.1" 200 448 "-" "WordPress/6.3.8; https://serhatburke.miroglu.net"
172.237.60.137 - - [29/Apr/2026:11:00:21 +0300] "POST /xmlrpc.php HTTP/1.1" 200 14715 "-" "Mozilla/5.0 (Windows NT 10.0; Win64; x64) AppleWebKit/537.36 (KHTML, like Gecko) Chrome/114.0.0.0 Safari/537.36"
172.237.60.137 - - [29/Apr/2026:11:00:39 +0300] "GET /fast-payment-casinos-canada-2026-quick-casino-big-bad-wolf-strategy-distributions/ HTTP/1.1" 200 78748 "-" "Mozilla/5.0 (Windows NT 10.0; Win64; x64) AppleWebKit/537.36 (KHTML, like Gecko) Chrome/123.0.0.0 Safari/537.36 OPR/109.0.0.0"
185.216.113.70 - - [29/Apr/2026:11:02:42 +0300] "POST /wp-cron.php?doing_wp_cron=1777449762.7282168865203857421875 HTTP/1.1" 200 448 "-" "WordPress/6.3.8; https://serhatburke.miroglu.net"
185.216.113.70 - - [29/Apr/2026:11:02:42 +0300] "POST /wp-cron.php?doing_wp_cron=1777449762.7282209396362304687500 HTTP/1.1" 200 448 "-" "WordPress/6.3.8; https://serhatburke.miroglu.net"
57.128.22.95 - - [29/Apr/2026:11:02:24 +0300] "GET /zotabet-casino-bonus-premier-depot-2026/ HTTP/1.1" 200 19124 "-" "Mozilla/5.0 (compatible; Googlebot/2.1; +http://www.google.com/bot.html)"
172.237.60.137 - - [29/Apr/2026:11:02:23 +0300] "POST /xmlrpc.php HTTP/1.1" 200 630 "-" "Mozilla/5.0 (Windows NT 10.0; Win64; x64) AppleWebKit/537.36 (KHTML, like Gecko) Chrome/114.0.0.0 Safari/537.36"
172.237.60.137 - - [29/Apr/2026:11:02:49 +0300] "POST /xmlrpc.php HTTP/1.1" 200 15002 "-" "Mozilla/5.0 (Windows NT 10.0; Win64; x64) AppleWebKit/537.36 (KHTML, like Gecko) Chrome/114.0.0.0 Safari/537.36"
172.237.60.137 - - [29/Apr/2026:11:03:07 +0300] "GET /safari-sam-harbors-crazy-escapades-which-150-chances-super-heroes-have-unpredictable-winnings/ HTTP/1.1" 200 79339 "-" "Mozilla/5.0 (Windows NT 10.0; rv:109.0) Gecko/20100101 Firefox/115.0"
185.216.113.70 - - [29/Apr/2026:11:04:30 +0300] "POST /wp-cron.php?doing_wp_cron=1777449870.0666580200195312500000 HTTP/1.1" 200 448 "-" "WordPress/6.3.8; https://serhatburke.miroglu.net"
147.92.52.124 - - [29/Apr/2026:11:04:16 +0300] "GET /automaty-hazard-online/ HTTP/1.1" 200 18455 "-" "Mozilla/5.0 (X11; Linux i686) AppleWebKit/537.36 (KHTML, like Gecko) Chrome/114.0.0.0 Safari/537.36 Vivaldi/5.3.2679.68"
172.237.60.137 - - [29/Apr/2026:11:04:26 +0300] "POST /xmlrpc.php HTTP/1.1" 200 630 "-" "Mozilla/5.0 (Windows NT 10.0; Win64; x64) AppleWebKit/537.36 (KHTML, like Gecko) Chrome/114.0.0.0 Safari/537.36"
172.237.60.137 - - [29/Apr/2026:11:04:45 +0300] "POST /xmlrpc.php HTTP/1.1" 200 16081 "-" "Mozilla/5.0 (Windows NT 10.0; Win64; x64) AppleWebKit/537.36 (KHTML, like Gecko) Chrome/114.0.0.0 Safari/537.36"
172.237.60.137 - - [29/Apr/2026:11:05:00 +0300] "GET /fairy-immerion-gambling-46-free-spins-no-deposit-2023-enterprise-programos-prisijungimas-entrance-pozicijos-quickspin-komentaras-losimas-nemokama-demonstracija/ HTTP/1.1" 200 82564 "-" "Mozilla/5.0 (Windows NT 10.0; Win64; x64) AppleWebKit/537.36 (KHTML, like Gecko) Chrome/109.0.0.0 Safari/537.36"
185.216.113.70 - - [29/Apr/2026:11:06:51 +0300] "POST /wp-cron.php?doing_wp_cron=1777450011.2849550247192382812500 HTTP/1.1" 200 448 "-" "WordPress/6.3.8; https://serhatburke.miroglu.net"
172.237.60.137 - - [29/Apr/2026:11:06:31 +0300] "POST /xmlrpc.php HTTP/1.1" 200 630 "-" "Mozilla/5.0 (Windows NT 10.0; Win64; x64) AppleWebKit/537.36 (KHTML, like Gecko) Chrome/114.0.0.0 Safari/537.36"
172.237.60.137 - - [29/Apr/2026:11:06:58 +0300] "POST /xmlrpc.php HTTP/1.1" 200 15466 "-" "Mozilla/5.0 (Windows NT 10.0; Win64; x64) AppleWebKit/537.36 (KHTML, like Gecko) Chrome/114.0.0.0 Safari/537.36"
172.237.60.137 - - [29/Apr/2026:11:07:13 +0300] "GET /pharaohs-chance-position-remark-igt-totally-free-demo-admiral-nelson-bonus-10000x-max-win/ HTTP/1.1" 200 80044 "-" "Mozilla/5.0 (Windows NT 10.0; Win64; x64) AppleWebKit/537.36 (KHTML, like Gecko) Chrome/109.0.0.0 Safari/537.36"
52.167.144.216 - - [29/Apr/2026:11:07:25 +0300] "GET /charge-casinos-2026-better-online-casinos-one-undertake-bonus-code-secret-slots-casino-you-professionals/ HTTP/2" 200 18803 "-" "Mozilla/5.0 AppleWebKit/537.36 (KHTML, like Gecko; compatible; bingbot/2.0; +http://www.bing.com/bingbot.htm) Chrome/116.0.1938.76 Safari/537.36"
185.216.113.70 - - [29/Apr/2026:11:07:42 +0300] "POST /wp-cron.php?doing_wp_cron=1777450062.4656438827514648437500 HTTP/1.1" 200 448 "-" "WordPress/6.3.8; https://serhatburke.miroglu.net"
40.77.167.55 - - [29/Apr/2026:11:07:30 +0300] "GET /link-to-novomatic-slots-for-ipad-obtain-to-your-ios-and-android-gizmos/ HTTP/2" 200 19114 "-" "Mozilla/5.0 AppleWebKit/537.36 (KHTML, like Gecko; compatible; bingbot/2.0; +http://www.bing.com/bingbot.htm) Chrome/116.0.1938.76 Safari/537.36"
52.167.144.216 - - [29/Apr/2026:11:07:45 +0300] "GET /casino-plenty-ofortune-gratissnurr-tillag-inte-me-insattning-sam-omsattningskrav-enkla-bestammels/ HTTP/2" 200 18494 "-" "Mozilla/5.0 AppleWebKit/537.36 (KHTML, like Gecko; compatible; bingbot/2.0; +http://www.bing.com/bingbot.htm) Chrome/116.0.1938.76 Safari/537.36"
52.167.144.229 - - [29/Apr/2026:11:08:06 +0300] "GET /verbunden-spielsaal-uber-25-euroletten-maklercourtage-ohne-einzahlung-2026/ HTTP/2" 200 20753 "-" "Mozilla/5.0 AppleWebKit/537.36 (KHTML, like Gecko; compatible; bingbot/2.0; +http://www.bing.com/bingbot.htm) Chrome/116.0.1938.76 Safari/537.36"
85.208.96.211 - - [29/Apr/2026:11:08:24 +0300] "GET /robots.txt HTTP/1.1" 200 605 "-" "Mozilla/5.0 (compatible; SemrushBot/7~bl; +http://www.semrush.com/bot.html)"
172.237.60.137 - - [29/Apr/2026:11:08:24 +0300] "POST /xmlrpc.php HTTP/1.1" 200 630 "-" "Mozilla/5.0 (Windows NT 10.0; Win64; x64) AppleWebKit/537.36 (KHTML, like Gecko) Chrome/114.0.0.0 Safari/537.36"
185.216.113.70 - - [29/Apr/2026:11:08:57 +0300] "POST /wp-cron.php?doing_wp_cron=1777450137.0459311008453369140625 HTTP/1.1" 200 448 "-" "WordPress/6.3.8; https://serhatburke.miroglu.net"
185.191.171.11 - - [29/Apr/2026:11:08:41 +0300] "GET /freispiele-blos-einzahlung-casinos-qua-free-spins-2026/ HTTP/1.1" 200 24655 "-" "Mozilla/5.0 (compatible; SemrushBot/7~bl; +http://www.semrush.com/bot.html)"
172.237.60.137 - - [29/Apr/2026:11:08:44 +0300] "POST /xmlrpc.php HTTP/1.1" 200 14717 "-" "Mozilla/5.0 (Windows NT 10.0; Win64; x64) AppleWebKit/537.36 (KHTML, like Gecko) Chrome/114.0.0.0 Safari/537.36"
172.237.60.137 - - [29/Apr/2026:11:09:02 +0300] "GET /home-sign-up-jili-bingo-on-line-casino-casino-18bet-enjoyment-big-winnings/ HTTP/1.1" 200 78814 "-" "Mozilla/5.0 (Windows NT 10.0; rv:109.0) Gecko/20100101 Firefox/115.0"
114.222.2.206 - - [29/Apr/2026:11:10:20 +0300] "POST /xmlrpc.php HTTP/2" 200 0 "https://serhatburke.miroglu.net/xmlrpc.php" "Mozilla/5.0 (Macintosh; Intel Mac OS X 10_15_7) AppleWebKit/537.36 (KHTML, like Gecko) Chrome/131.0.0.0 Safari/537.36"
185.216.113.70 - - [29/Apr/2026:11:10:36 +0300] "POST /wp-cron.php?doing_wp_cron=1777450236.3405098915100097656250 HTTP/1.1" 200 448 "-" "WordPress/6.3.8; https://serhatburke.miroglu.net"
172.237.60.137 - - [29/Apr/2026:11:10:19 +0300] "POST /xmlrpc.php HTTP/1.1" 200 630 "-" "Mozilla/5.0 (Windows NT 10.0; Win64; x64) AppleWebKit/537.36 (KHTML, like Gecko) Chrome/114.0.0.0 Safari/537.36"
45.147.244.215 - - [29/Apr/2026:11:10:18 +0300] "GET /zotabet-casino-bonus-premier-depot-2026/ HTTP/1.1" 200 19133 "https://serhatburke.miroglu.net/" "Mozilla/5.0 (X11; CrOS x86_64 14541.0.0) AppleWebKit/537.36 (KHTML, like Gecko) Chrome/144.0.0.0 Safari/537.36"
45.147.244.215 - - [29/Apr/2026:11:10:38 +0300] "GET /wp-includes/css/dist/block-library/style.min.css?ver=6.3.8 HTTP/1.1" 200 13578 "https://serhatburke.miroglu.net/zotabet-casino-bonus-premier-depot-2026/" "Mozilla/5.0 (Windows NT 10.0; Win64; x64) AppleWebKit/537.36 (KHTML, like Gecko) Chrome/145.0.0.0 Safari/537.36"
45.147.244.215 - - [29/Apr/2026:11:10:42 +0300] "GET /wp-content/plugins/contact-form-7/includes/css/styles.css?ver=5.8 HTTP/1.1" 200 1490 "https://serhatburke.miroglu.net/zotabet-casino-bonus-premier-depot-2026/" "Mozilla/5.0 (Windows NT 10.0; Win64; x64) AppleWebKit/537.36 (KHTML, like Gecko) Chrome/145.0.0.0 Safari/537.36"
45.147.244.215 - - [29/Apr/2026:11:10:44 +0300] "GET /wp-content/themes/toppic/css/fontello.css?ver=4.2 HTTP/1.1" 200 1802 "https://serhatburke.miroglu.net/zotabet-casino-bonus-premier-depot-2026/" "Mozilla/5.0 (Windows NT 10.0; Win64; x64) AppleWebKit/537.36 (KHTML, like Gecko) Chrome/145.0.0.0 Safari/537.36"
45.147.244.215 - - [29/Apr/2026:11:10:46 +0300] "GET /wp-content/themes/toppic/css/reset.css?ver=4.2 HTTP/1.1" 200 1178 "https://serhatburke.miroglu.net/zotabet-casino-bonus-premier-depot-2026/" "Mozilla/5.0 (Windows NT 10.0; Win64; x64) AppleWebKit/537.36 (KHTML, like Gecko) Chrome/145.0.0.0 Safari/537.36"
45.147.244.215 - - [29/Apr/2026:11:10:48 +0300] "GET /wp-content/themes/toppic/css/default.css?ver=4.2 HTTP/1.1" 200 1811 "https://serhatburke.miroglu.net/zotabet-casino-bonus-premier-depot-2026/" "Mozilla/5.0 (Windows NT 10.0; Win64; x64) AppleWebKit/537.36 (KHTML, like Gecko) Chrome/145.0.0.0 Safari/537.36"
45.147.244.215 - - [29/Apr/2026:11:10:50 +0300] "GET /wp-content/themes/toppic/style.css?ver=4.2 HTTP/1.1" 200 23398 "https://serhatburke.miroglu.net/zotabet-casino-bonus-premier-depot-2026/" "Mozilla/5.0 (Windows NT 10.0; Win64; x64) AppleWebKit/537.36 (KHTML, like Gecko) Chrome/145.0.0.0 Safari/537.36"
45.147.244.215 - - [29/Apr/2026:11:10:52 +0300] "GET /wp-content/themes/toppic/css/royalslider.css?ver=4.2 HTTP/1.1" 200 1887 "https://serhatburke.miroglu.net/zotabet-casino-bonus-premier-depot-2026/" "Mozilla/5.0 (Windows NT 10.0; Win64; x64) AppleWebKit/537.36 (KHTML, like Gecko) Chrome/145.0.0.0 Safari/537.36"
45.147.244.215 - - [29/Apr/2026:11:10:54 +0300] "GET /wp-content/themes/toppic/css/rs-default.css?ver=4.2 HTTP/1.1" 200 2625 "https://serhatburke.miroglu.net/zotabet-casino-bonus-premier-depot-2026/" "Mozilla/5.0 (Windows NT 10.0; Win64; x64) AppleWebKit/537.36 (KHTML, like Gecko) Chrome/145.0.0.0 Safari/537.36"
124.114.127.47 - - [29/Apr/2026:11:10:38 +0300] "POST /xmlrpc.php HTTP/2" 200 0 "https://serhatburke.miroglu.net/xmlrpc.php" "Mozilla/5.0 (Macintosh; Intel Mac OS X 10_15_7) AppleWebKit/537.36 (KHTML, like Gecko) Chrome/131.0.0.0 Safari/537.36"
45.147.244.215 - - [29/Apr/2026:11:10:56 +0300] "GET /wp-content/themes/toppic/css/lightbox.css?ver=4.2 HTTP/1.1" 200 2956 "https://serhatburke.miroglu.net/zotabet-casino-bonus-premier-depot-2026/" "Mozilla/5.0 (Windows NT 10.0; Win64; x64) AppleWebKit/537.36 (KHTML, like Gecko) Chrome/145.0.0.0 Safari/537.36"
45.147.244.215 - - [29/Apr/2026:11:10:58 +0300] "GET /wp-content/themes/toppic/css/woocommerce.css?ver=4.2 HTTP/1.1" 200 2848 "https://serhatburke.miroglu.net/zotabet-casino-bonus-premier-depot-2026/" "Mozilla/5.0 (Windows NT 10.0; Win64; x64) AppleWebKit/537.36 (KHTML, like Gecko) Chrome/145.0.0.0 Safari/537.36"
45.147.244.215 - - [29/Apr/2026:11:11:00 +0300] "GET /wp-content/themes/toppic/css/responsive.css?ver=4.2 HTTP/1.1" 200 2796 "https://serhatburke.miroglu.net/zotabet-casino-bonus-premier-depot-2026/" "Mozilla/5.0 (Windows NT 10.0; Win64; x64) AppleWebKit/537.36 (KHTML, like Gecko) Chrome/145.0.0.0 Safari/537.36"
172.237.60.137 - - [29/Apr/2026:11:10:43 +0300] "POST /xmlrpc.php HTTP/1.1" 200 14709 "-" "Mozilla/5.0 (Windows NT 10.0; Win64; x64) AppleWebKit/537.36 (KHTML, like Gecko) Chrome/114.0.0.0 Safari/537.36"
39.129.249.17 - - [29/Apr/2026:11:11:02 +0300] "POST /xmlrpc.php HTTP/2" 200 0 "https://serhatburke.miroglu.net/xmlrpc.php" "Mozilla/5.0 (Macintosh; Intel Mac OS X 10_15_7) AppleWebKit/537.36 (KHTML, like Gecko) Chrome/131.0.0.0 Safari/537.36"
45.147.244.215 - - [29/Apr/2026:11:11:02 +0300] "POST /wp-comments-post.php HTTP/1.1" 302 1087 "https://serhatburke.miroglu.net/zotabet-casino-bonus-premier-depot-2026/" "Mozilla/5.0 (X11; CrOS x86_64 14541.0.0) AppleWebKit/537.36 (KHTML, like Gecko) Chrome/144.0.0.0 Safari/537.36"
172.237.60.137 - - [29/Apr/2026:11:11:10 +0300] "GET /fifty-100-percent-free-spins-no-deposit-extra-nz-50-free-play-lord-of-the-ocean-no-download-no-registration-slots-revolves-for-the-membership/ HTTP/1.1" 200 80405 "-" "Mozilla/5.0 (Windows NT 10.0; Win64; x64) AppleWebKit/537.36 (KHTML, like Gecko) Chrome/123.0.0.0 Safari/537.36 OPR/109.0.0.0"
185.216.113.70 - - [29/Apr/2026:11:11:35 +0300] "POST /wp-cron.php?doing_wp_cron=1777450295.7955899238586425781250 HTTP/1.1" 200 448 "-" "WordPress/6.3.8; https://serhatburke.miroglu.net"
45.147.244.215 - - [29/Apr/2026:11:11:23 +0300] "GET /zotabet-casino-bonus-premier-depot-2026/?unapproved=869&moderation-hash=624229faed17da1e01ab7dcd9a142d16 HTTP/1.1" 200 19531 "https://serhatburke.miroglu.net/wp-comments-post.php" "Mozilla/5.0 (X11; CrOS x86_64 14541.0.0) AppleWebKit/537.36 (KHTML, like Gecko) Chrome/144.0.0.0 Safari/537.36"
45.147.244.215 - - [29/Apr/2026:11:11:38 +0300] "GET /zotabet-casino-bonus-premier-depot-2026/ HTTP/1.1" 200 19124 "-" "Mozilla/5.0 (compatible; Googlebot/2.1; +http://www.google.com/bot.html)"
40.77.167.55 - - [29/Apr/2026:11:11:45 +0300] "GET /tours-sans-frais-sans-archive-etudiez-nos-en-ligne-baccarat-avec-des-concessionnaires-en-direct-casinos-avec-free-spins/ HTTP/2" 200 19634 "-" "Mozilla/5.0 AppleWebKit/537.36 (KHTML, like Gecko; compatible; bingbot/2.0; +http://www.bing.com/bingbot.htm) Chrome/116.0.1938.76 Safari/537.36"
157.55.39.223 - - [29/Apr/2026:11:11:56 +0300] "GET /robots.txt HTTP/2" 200 0 "-" "Mozilla/5.0 AppleWebKit/537.36 (KHTML, like Gecko; compatible; bingbot/2.0; +http://www.bing.com/bingbot.htm) Chrome/116.0.1938.76 Safari/537.36"
52.167.144.229 - - [29/Apr/2026:11:11:50 +0300] "GET /the-new-pgcb-hinges-on-brand-new-pri-truck-prevent-and-you-can-satellite-local-casino-costs-to-control-online-gambling-and-its-particular-relevant-laws/ HTTP/2" 200 17819 "-" "Mozilla/5.0 AppleWebKit/537.36 (KHTML, like Gecko; compatible; bingbot/2.0; +http://www.bing.com/bingbot.htm) Chrome/116.0.1938.76 Safari/537.36"
40.77.167.74 - - [29/Apr/2026:11:12:00 +0300] "GET /was-man-sagt-sie-seien-ebendiese-besten-aktionen-nach-unser-gentleman-bei-der-weihnachtszeit-achten-darf/ HTTP/2" 200 18196 "-" "Mozilla/5.0 AppleWebKit/537.36 (KHTML, like Gecko; compatible; bingbot/2.0; +http://www.bing.com/bingbot.htm) Chrome/116.0.1938.76 Safari/537.36"
172.237.60.137 - - [29/Apr/2026:11:12:15 +0300] "POST /xmlrpc.php HTTP/1.1" 200 630 "-" "Mozilla/5.0 (Windows NT 10.0; Win64; x64) AppleWebKit/537.36 (KHTML, like Gecko) Chrome/114.0.0.0 Safari/537.36"
216.73.217.81 - - [29/Apr/2026:11:12:21 +0300] "GET /robots.txt HTTP/2" 200 110 "-" "Mozilla/5.0 AppleWebKit/537.36 (KHTML, like Gecko; compatible; ClaudeBot/1.0; +claudebot@anthropic.com)"
216.73.217.81 - - [29/Apr/2026:11:12:34 +0300] "GET /sitemap.xml HTTP/2" 200 0 "-" "Mozilla/5.0 AppleWebKit/537.36 (KHTML, like Gecko; compatible; ClaudeBot/1.0; +claudebot@anthropic.com)"
185.216.113.70 - - [29/Apr/2026:11:12:47 +0300] "POST /wp-cron.php?doing_wp_cron=1777450367.6693639755249023437500 HTTP/1.1" 200 448 "-" "WordPress/6.3.8; https://serhatburke.miroglu.net"
172.237.60.137 - - [29/Apr/2026:11:12:34 +0300] "POST /xmlrpc.php HTTP/1.1" 200 14661 "-" "Mozilla/5.0 (Windows NT 10.0; Win64; x64) AppleWebKit/537.36 (KHTML, like Gecko) Chrome/114.0.0.0 Safari/537.36"
172.237.60.137 - - [29/Apr/2026:11:12:50 +0300] "GET /coin-learn-totally-free-spins-now-everyday-upgraded-links-333-palace-casino-online-top-2026/ HTTP/1.1" 200 79094 "-" "Mozilla/5.0 (Windows NT 10.0; Win64; x64) AppleWebKit/537.36 (KHTML, like Gecko) Chrome/124.0.0.0 Safari/537.36 Edg/124.0.0.0"
151.245.177.113 - - [29/Apr/2026:11:13:07 +0300] "GET /automaty-hazard-online/ HTTP/1.1" 200 18362 "-" "Mozilla/5.0 (X11; Linux i686) AppleWebKit/537.36 (KHTML, like Gecko) Chrome/114.0.0.0 Safari/537.36 Vivaldi/5.3.2679.68"
216.73.217.81 - - [29/Apr/2026:11:13:58 +0300] "GET /sitemap.rss HTTP/2" 200 0 "-" "Mozilla/5.0 AppleWebKit/537.36 (KHTML, like Gecko; compatible; ClaudeBot/1.0; +claudebot@anthropic.com)"
185.216.113.70 - - [29/Apr/2026:11:14:16 +0300] "POST /wp-cron.php?doing_wp_cron=1777450456.7692520618438720703125 HTTP/1.1" 200 448 "-" "WordPress/6.3.8; https://serhatburke.miroglu.net"
172.237.60.137 - - [29/Apr/2026:11:14:04 +0300] "POST /xmlrpc.php HTTP/1.1" 200 630 "-" "Mozilla/5.0 (Windows NT 10.0; Win64; x64) AppleWebKit/537.36 (KHTML, like Gecko) Chrome/114.0.0.0 Safari/537.36"
172.237.60.137 - - [29/Apr/2026:11:14:23 +0300] "POST /xmlrpc.php HTTP/1.1" 200 15307 "-" "Mozilla/5.0 (Windows NT 10.0; Win64; x64) AppleWebKit/537.36 (KHTML, like Gecko) Chrome/114.0.0.0 Safari/537.36"
185.216.113.70 - - [29/Apr/2026:11:14:49 +0300] "POST /wp-cron.php?doing_wp_cron=1777450489.2816269397735595703125 HTTP/1.1" 200 448 "-" "WordPress/6.3.8; https://serhatburke.miroglu.net"
172.237.60.137 - - [29/Apr/2026:11:14:37 +0300] "GET /aroused-sexy-press-this-site-good-fresh-fruit-strategy-guidance-and-you-will-processes-so-you-can-winnings-regarding-the-spectacular-wheel-of-wealth-slot-machine-gorgeous-sensuous-an-excellent-fresh-f/ HTTP/1.1" 200 82616 "-" "Mozilla/5.0 (Windows NT 10.0; Win64; x64) AppleWebKit/537.36 (KHTML, like Gecko) Chrome/124.0.0.0 Safari/537.36 Edg/124.0.0.0"
185.216.113.70 - - [29/Apr/2026:11:16:02 +0300] "POST /wp-cron.php?doing_wp_cron=1777450562.2421040534973144531250 HTTP/1.1" 200 448 "-" "WordPress/6.3.8; https://serhatburke.miroglu.net"
172.237.60.137 - - [29/Apr/2026:11:15:49 +0300] "POST /xmlrpc.php HTTP/1.1" 200 630 "-" "Mozilla/5.0 (Windows NT 10.0; Win64; x64) AppleWebKit/537.36 (KHTML, like Gecko) Chrome/114.0.0.0 Safari/537.36"
172.237.60.137 - - [29/Apr/2026:11:16:09 +0300] "POST /xmlrpc.php HTTP/1.1" 200 14020 "-" "Mozilla/5.0 (Windows NT 10.0; Win64; x64) AppleWebKit/537.36 (KHTML, like Gecko) Chrome/114.0.0.0 Safari/537.36"
45.147.244.215 - - [29/Apr/2026:11:16:12 +0300] "GET /zotabet-casino-bonus-premier-depot-2026/ HTTP/1.1" 200 19124 "-" "Mozilla/5.0 (compatible; Googlebot/2.1; +http://www.google.com/bot.html)"
52.167.144.229 - - [29/Apr/2026:11:16:16 +0300] "GET /sobre-como-sacar-nuestro-bono-12-eurillos-regalado-para-registrarte/ HTTP/2" 200 17699 "-" "Mozilla/5.0 AppleWebKit/537.36 (KHTML, like Gecko; compatible; bingbot/2.0; +http://www.bing.com/bingbot.htm) Chrome/116.0.1938.76 Safari/537.36"
40.77.167.74 - - [29/Apr/2026:11:16:21 +0300] "GET /giros-de-balde-para-sometimiento-carente-tanque-2026-latam/ HTTP/2" 200 20724 "-" "Mozilla/5.0 AppleWebKit/537.36 (KHTML, like Gecko; compatible; bingbot/2.0; +http://www.bing.com/bingbot.htm) Chrome/116.0.1938.76 Safari/537.36"
185.216.113.70 - - [29/Apr/2026:11:17:00 +0300] "POST /wp-cron.php?doing_wp_cron=1777450620.5823159217834472656250 HTTP/1.1" 200 448 "-" "WordPress/6.3.8; https://serhatburke.miroglu.net"
52.167.144.234 - - [29/Apr/2026:11:16:26 +0300] "GET /sheldon-ho-internet-really-worth-2026-wolf-hunters-slot-games-currency-income-bio/ HTTP/2" 200 21227 "-" "Mozilla/5.0 AppleWebKit/537.36 (KHTML, like Gecko; compatible; bingbot/2.0; +http://www.bing.com/bingbot.htm) Chrome/116.0.1938.76 Safari/537.36"
52.167.144.234 - - [29/Apr/2026:11:16:31 +0300] "GET /eye-of-horus-besuchen-sie-diese-seite-slot-spiele-um-echtgeld-gebuhrenfrei/ HTTP/2" 200 20260 "-" "Mozilla/5.0 AppleWebKit/537.36 (KHTML, like Gecko; compatible; bingbot/2.0; +http://www.bing.com/bingbot.htm) Chrome/116.0.1938.76 Safari/537.36"
172.237.60.137 - - [29/Apr/2026:11:16:42 +0300] "GET /cool-casino-winpalace-login-fruits-slot-machine-game-online-video-game-without-download/ HTTP/1.1" 200 78118 "-" "Mozilla/5.0 (Windows NT 10.0; Win64; x64) AppleWebKit/537.36 (KHTML, like Gecko) Chrome/124.0.0.0 Safari/537.36 Edg/124.0.0.0"
52.167.144.229 - - [29/Apr/2026:11:16:57 +0300] "GET /fortuna-dusseldorf-1895-fortuna-fur-alle-12/ HTTP/2" 200 153942 "-" "Mozilla/5.0 AppleWebKit/537.36 (KHTML, like Gecko; compatible; bingbot/2.0; +http://www.bing.com/bingbot.htm) Chrome/116.0.1938.76 Safari/537.36"
52.167.144.234 - - [29/Apr/2026:11:17:17 +0300] "GET /juga-fiable-levante-lucky-haunter-slot-por-recursos-2025/ HTTP/2" 200 19113 "-" "Mozilla/5.0 AppleWebKit/537.36 (KHTML, like Gecko; compatible; bingbot/2.0; +http://www.bing.com/bingbot.htm) Chrome/116.0.1938.76 Safari/537.36"
52.167.144.234 - - [29/Apr/2026:11:17:22 +0300] "GET /unser-besten-blackjack-strategien-wirklich-so-auffuhren-die-leser-erfolgreich/ HTTP/2" 200 21277 "-" "Mozilla/5.0 AppleWebKit/537.36 (KHTML, like Gecko; compatible; bingbot/2.0; +http://www.bing.com/bingbot.htm) Chrome/116.0.1938.76 Safari/537.36"
216.73.217.81 - - [29/Apr/2026:11:17:34 +0300] "GET /sitemap.xml HTTP/2" 200 0 "-" "Mozilla/5.0 AppleWebKit/537.36 (KHTML, like Gecko; compatible; ClaudeBot/1.0; +claudebot@anthropic.com)"
185.216.113.70 - - [29/Apr/2026:11:17:47 +0300] "POST /wp-cron.php?doing_wp_cron=1777450667.1457269191741943359375 HTTP/1.1" 200 448 "-" "WordPress/6.3.8; https://serhatburke.miroglu.net"
52.167.144.229 - - [29/Apr/2026:11:17:28 +0300] "GET /jocuri-playn-go-flaming-hot-joc-de-sloturi-meci-ice-hockey-bani-reali-geab/ HTTP/2" 200 19636 "-" "Mozilla/5.0 AppleWebKit/537.36 (KHTML, like Gecko; compatible; bingbot/2.0; +http://www.bing.com/bingbot.htm) Chrome/116.0.1938.76 Safari/537.36"
172.237.60.137 - - [29/Apr/2026:11:17:35 +0300] "POST /xmlrpc.php HTTP/1.1" 200 630 "-" "Mozilla/5.0 (Windows NT 10.0; Win64; x64) AppleWebKit/537.36 (KHTML, like Gecko) Chrome/114.0.0.0 Safari/537.36"
52.167.144.229 - - [29/Apr/2026:11:17:57 +0300] "GET /kraken-bezopasnye-ssylki-dlia-vkhoda-v-2026/ HTTP/2" 200 18579 "-" "Mozilla/5.0 AppleWebKit/537.36 (KHTML, like Gecko; compatible; bingbot/2.0; +http://www.bing.com/bingbot.htm) Chrome/116.0.1938.76 Safari/537.36"
52.167.144.234 - - [29/Apr/2026:11:17:58 +0300] "GET /getting-the-most-out-of-your-trading-with-sushiswap/ HTTP/2" 200 18195 "-" "Mozilla/5.0 AppleWebKit/537.36 (KHTML, like Gecko; compatible; bingbot/2.0; +http://www.bing.com/bingbot.htm) Chrome/116.0.1938.76 Safari/537.36"
52.167.144.229 - - [29/Apr/2026:11:18:02 +0300] "GET /tagesordnungspunkt-8-echtgeld-casinos-as-part-of-2026/ HTTP/2" 200 19224 "-" "Mozilla/5.0 AppleWebKit/537.36 (KHTML, like Gecko; compatible; bingbot/2.0; +http://www.bing.com/bingbot.htm) Chrome/116.0.1938.76 Safari/537.36"
172.237.60.137 - - [29/Apr/2026:11:18:03 +0300] "POST /xmlrpc.php HTTP/1.1" 200 14898 "-" "Mozilla/5.0 (Windows NT 10.0; Win64; x64) AppleWebKit/537.36 (KHTML, like Gecko) Chrome/114.0.0.0 Safari/537.36"
185.216.113.70 - - [29/Apr/2026:11:18:43 +0300] "POST /wp-cron.php?doing_wp_cron=1777450723.1023418903350830078125 HTTP/1.1" 200 448 "-" "WordPress/6.3.8; https://serhatburke.miroglu.net"
172.237.60.137 - - [29/Apr/2026:11:18:30 +0300] "GET /roblox-one-to-fruit-casino-live-vortex-simulator-requirements-2025-05-08/ HTTP/1.1" 200 78721 "-" "Mozilla/5.0 (Windows NT 10.0; Win64; x64; rv:125.0) Gecko/20100101 Firefox/125.0"
172.237.60.137 - - [29/Apr/2026:11:19:16 +0300] "POST /xmlrpc.php HTTP/1.1" 200 630 "-" "Mozilla/5.0 (Windows NT 10.0; Win64; x64) AppleWebKit/537.36 (KHTML, like Gecko) Chrome/114.0.0.0 Safari/537.36"
185.216.113.70 - - [29/Apr/2026:11:19:50 +0300] "POST /wp-cron.php?doing_wp_cron=1777450790.1166989803314208984375 HTTP/1.1" 200 448 "-" "WordPress/6.3.8; https://serhatburke.miroglu.net"
172.237.60.137 - - [29/Apr/2026:11:19:37 +0300] "POST /xmlrpc.php HTTP/1.1" 200 14362 "-" "Mozilla/5.0 (Windows NT 10.0; Win64; x64) AppleWebKit/537.36 (KHTML, like Gecko) Chrome/114.0.0.0 Safari/537.36"
172.237.60.137 - - [29/Apr/2026:11:19:52 +0300] "GET /cool-fruits-casino-lord-of-the-ocean-ios-harbors-review/ HTTP/1.1" 200 78114 "-" "Mozilla/5.0 (Windows NT 10.0; Win64; x64) AppleWebKit/537.36 (KHTML, like Gecko) Chrome/124.0.0.0 Safari/537.36 Edg/124.0.0.0"
185.216.113.70 - - [29/Apr/2026:11:21:11 +0300] "POST /wp-cron.php?doing_wp_cron=1777450871.3881011009216308593750 HTTP/1.1" 200 448 "-" "WordPress/6.3.8; https://serhatburke.miroglu.net"
172.237.60.137 - - [29/Apr/2026:11:20:58 +0300] "POST /xmlrpc.php HTTP/1.1" 200 630 "-" "Mozilla/5.0 (Windows NT 10.0; Win64; x64) AppleWebKit/537.36 (KHTML, like Gecko) Chrome/114.0.0.0 Safari/537.36"
172.237.60.137 - - [29/Apr/2026:11:21:18 +0300] "POST /xmlrpc.php HTTP/1.1" 200 14828 "-" "Mozilla/5.0 (Windows NT 10.0; Win64; x64) AppleWebKit/537.36 (KHTML, like Gecko) Chrome/114.0.0.0 Safari/537.36"
185.216.113.70 - - [29/Apr/2026:11:21:45 +0300] "POST /wp-cron.php?doing_wp_cron=1777450905.7270450592041015625000 HTTP/1.1" 200 448 "-" "WordPress/6.3.8; https://serhatburke.miroglu.net"
172.237.60.137 - - [29/Apr/2026:11:21:32 +0300] "GET /cool-fresh-fruit-madness-position-comment-claim-the-new-no-deposit-loki-2024-juicy-wins/ HTTP/1.1" 200 79191 "-" "Mozilla/5.0 (Windows NT 10.0; Win64; x64) AppleWebKit/537.36 (KHTML, like Gecko) Chrome/109.0.0.0 Safari/537.36"
