File: /var/www/vhosts/miroglu.net/logs/serhatburke.miroglu.net/access_ssl_log
185.216.113.70 - - [29/Apr/2026:07:00:10 +0300] "POST /wp-cron.php?doing_wp_cron=1777435210.3733980655670166015625 HTTP/1.1" 200 448 "-" "WordPress/6.3.8; https://serhatburke.miroglu.net"
172.237.60.137 - - [29/Apr/2026:06:59:57 +0300] "POST /xmlrpc.php HTTP/1.1" 200 630 "-" "Mozilla/5.0 (Windows NT 10.0; Win64; x64) AppleWebKit/537.36 (KHTML, like Gecko) Chrome/114.0.0.0 Safari/537.36"
172.237.60.137 - - [29/Apr/2026:07:00:17 +0300] "POST /xmlrpc.php HTTP/1.1" 200 15156 "-" "Mozilla/5.0 (Windows NT 10.0; Win64; x64) AppleWebKit/537.36 (KHTML, like Gecko) Chrome/114.0.0.0 Safari/537.36"
185.216.113.70 - - [29/Apr/2026:07:00:44 +0300] "POST /wp-cron.php?doing_wp_cron=1777435244.5632319450378417968750 HTTP/1.1" 200 448 "-" "WordPress/6.3.8; https://serhatburke.miroglu.net"
172.237.60.137 - - [29/Apr/2026:07:00:32 +0300] "GET /chief-cooks-local-casino-remark-pro-athlete-online-slots-that-pay-real-money-ratings-2026/ HTTP/1.1" 200 79601 "-" "Mozilla/5.0 (Windows NT 10.0; Win64; x64) AppleWebKit/537.36 (KHTML, like Gecko) Chrome/124.0.0.0 Safari/537.36"
185.216.113.70 - - [29/Apr/2026:07:02:15 +0300] "POST /wp-cron.php?doing_wp_cron=1777435335.1336340904235839843750 HTTP/1.1" 200 448 "-" "WordPress/6.3.8; https://serhatburke.miroglu.net"
172.237.60.137 - - [29/Apr/2026:07:02:03 +0300] "POST /xmlrpc.php HTTP/1.1" 200 630 "-" "Mozilla/5.0 (Windows NT 10.0; Win64; x64) AppleWebKit/537.36 (KHTML, like Gecko) Chrome/114.0.0.0 Safari/537.36"
172.237.60.137 - - [29/Apr/2026:07:02:22 +0300] "POST /xmlrpc.php HTTP/1.1" 200 15262 "-" "Mozilla/5.0 (Windows NT 10.0; Win64; x64) AppleWebKit/537.36 (KHTML, like Gecko) Chrome/114.0.0.0 Safari/537.36"
185.216.113.70 - - [29/Apr/2026:07:02:49 +0300] "POST /wp-cron.php?doing_wp_cron=1777435369.1227059364318847656250 HTTP/1.1" 200 448 "-" "WordPress/6.3.8; https://serhatburke.miroglu.net"
172.237.60.137 - - [29/Apr/2026:07:02:37 +0300] "GET /one-casino-spin-100-hundred-dollars-100-percent-free-no-deposit-gambling-enterprise-a-hundred-100-percent-free-processor-chip-no-deposit-2026/ HTTP/1.1" 200 81308 "-" "Mozilla/5.0 (Windows NT 10.0; Win64; x64) AppleWebKit/537.36 (KHTML, like Gecko) Chrome/123.0.0.0 Safari/537.36 OPR/109.0.0.0"
185.216.113.70 - - [29/Apr/2026:07:04:15 +0300] "POST /wp-cron.php?doing_wp_cron=1777435455.4424080848693847656250 HTTP/1.1" 200 448 "-" "WordPress/6.3.8; https://serhatburke.miroglu.net"
172.237.60.137 - - [29/Apr/2026:07:04:02 +0300] "POST /xmlrpc.php HTTP/1.1" 200 630 "-" "Mozilla/5.0 (Windows NT 10.0; Win64; x64) AppleWebKit/537.36 (KHTML, like Gecko) Chrome/114.0.0.0 Safari/537.36"
172.237.60.137 - - [29/Apr/2026:07:04:22 +0300] "POST /xmlrpc.php HTTP/1.1" 200 14947 "-" "Mozilla/5.0 (Windows NT 10.0; Win64; x64) AppleWebKit/537.36 (KHTML, like Gecko) Chrome/114.0.0.0 Safari/537.36"
185.216.113.70 - - [29/Apr/2026:07:04:50 +0300] "POST /wp-cron.php?doing_wp_cron=1777435490.3422069549560546875000 HTTP/1.1" 200 448 "-" "WordPress/6.3.8; https://serhatburke.miroglu.net"
172.237.60.137 - - [29/Apr/2026:07:04:38 +0300] "GET /chosen-best-serious-link-hotel-local-casino-inside-atlantic-town-water-gambling-enterprise-resort/ HTTP/1.1" 200 79784 "-" "Mozilla/5.0 (Windows NT 10.0; Win64; x64) AppleWebKit/537.36 (KHTML, like Gecko) Chrome/109.0.0.0 Safari/537.36"
185.216.113.70 - - [29/Apr/2026:07:06:01 +0300] "POST /wp-cron.php?doing_wp_cron=1777435561.5492050647735595703125 HTTP/1.1" 200 448 "-" "WordPress/6.3.8; https://serhatburke.miroglu.net"
172.237.60.137 - - [29/Apr/2026:07:05:49 +0300] "POST /xmlrpc.php HTTP/1.1" 200 630 "-" "Mozilla/5.0 (Windows NT 10.0; Win64; x64) AppleWebKit/537.36 (KHTML, like Gecko) Chrome/114.0.0.0 Safari/537.36"
172.237.60.137 - - [29/Apr/2026:07:06:08 +0300] "POST /xmlrpc.php HTTP/1.1" 200 15117 "-" "Mozilla/5.0 (Windows NT 10.0; Win64; x64) AppleWebKit/537.36 (KHTML, like Gecko) Chrome/114.0.0.0 Safari/537.36"
172.237.60.137 - - [29/Apr/2026:07:06:24 +0300] "GET /crazy-fox-totally-free-revolves-and-you-may-coins-capture-your-king-of-macedonia-bonus-everyday-perks/ HTTP/1.1" 200 79865 "-" "Mozilla/5.0 (Windows NT 10.0; Win64; x64) AppleWebKit/537.36 (KHTML, like Gecko) Chrome/123.0.0.0 Safari/537.36"
185.216.113.70 - - [29/Apr/2026:07:07:54 +0300] "POST /wp-cron.php?doing_wp_cron=1777435673.9522020816802978515625 HTTP/1.1" 200 448 "-" "WordPress/6.3.8; https://serhatburke.miroglu.net"
172.237.60.137 - - [29/Apr/2026:07:07:40 +0300] "POST /xmlrpc.php HTTP/1.1" 200 630 "-" "Mozilla/5.0 (Windows NT 10.0; Win64; x64) AppleWebKit/537.36 (KHTML, like Gecko) Chrome/114.0.0.0 Safari/537.36"
172.237.60.137 - - [29/Apr/2026:07:08:00 +0300] "POST /xmlrpc.php HTTP/1.1" 200 15213 "-" "Mozilla/5.0 (Windows NT 10.0; Win64; x64) AppleWebKit/537.36 (KHTML, like Gecko) Chrome/114.0.0.0 Safari/537.36"
172.237.60.137 - - [29/Apr/2026:07:08:17 +0300] "GET /exhilaration-gambling-spectra-slot-machine-establishment-review-excitement-com-european-union-sign-up-added-bonus-2026/ HTTP/1.1" 200 80633 "-" "Mozilla/5.0 (Windows NT 10.0; Win64; x64) AppleWebKit/537.36 (KHTML, like Gecko) Chrome/124.0.0.0 Safari/537.36"
185.216.113.70 - - [29/Apr/2026:07:09:52 +0300] "POST /wp-cron.php?doing_wp_cron=1777435792.5283958911895751953125 HTTP/1.1" 200 448 "-" "WordPress/6.3.8; https://serhatburke.miroglu.net"
172.237.60.137 - - [29/Apr/2026:07:09:31 +0300] "POST /xmlrpc.php HTTP/1.1" 200 630 "-" "Mozilla/5.0 (Windows NT 10.0; Win64; x64) AppleWebKit/537.36 (KHTML, like Gecko) Chrome/114.0.0.0 Safari/537.36"
172.237.60.137 - - [29/Apr/2026:07:09:59 +0300] "POST /xmlrpc.php HTTP/1.1" 200 14979 "-" "Mozilla/5.0 (Windows NT 10.0; Win64; x64) AppleWebKit/537.36 (KHTML, like Gecko) Chrome/114.0.0.0 Safari/537.36"
172.237.60.137 - - [29/Apr/2026:07:10:25 +0300] "GET /crypto-casino-bitcoin-local-casino-having-casino-lucky-play-online-sportsbook/ HTTP/1.1" 200 79015 "-" "Mozilla/5.0 (Windows NT 10.0; rv:109.0) Gecko/20100101 Firefox/115.0"
185.216.113.70 - - [29/Apr/2026:07:11:20 +0300] "POST /wp-cron.php?doing_wp_cron=1777435880.8906760215759277343750 HTTP/1.1" 200 448 "-" "WordPress/6.3.8; https://serhatburke.miroglu.net"
40.77.167.75 - - [29/Apr/2026:07:11:04 +0300] "GET /leovegas-comment-march-2026-incentive-live-casino-polder-games-cellular-app/ HTTP/2" 200 19463 "-" "Mozilla/5.0 AppleWebKit/537.36 (KHTML, like Gecko; compatible; bingbot/2.0; +http://www.bing.com/bingbot.htm) Chrome/116.0.1938.76 Safari/537.36"
172.237.60.137 - - [29/Apr/2026:07:11:09 +0300] "POST /xmlrpc.php HTTP/1.1" 200 630 "-" "Mozilla/5.0 (Windows NT 10.0; Win64; x64) AppleWebKit/537.36 (KHTML, like Gecko) Chrome/114.0.0.0 Safari/537.36"
52.167.144.218 - - [29/Apr/2026:07:11:11 +0300] "GET /sizzling-viking-age-win-hot-deluxe-777-bezplatnie-zabawy-internetowego-robot/ HTTP/2" 200 20052 "-" "Mozilla/5.0 AppleWebKit/537.36 (KHTML, like Gecko; compatible; bingbot/2.0; +http://www.bing.com/bingbot.htm) Chrome/116.0.1938.76 Safari/537.36"
40.77.167.56 - - [29/Apr/2026:07:11:16 +0300] "GET /score-a-marco-polo-mega-jackpot-hundred-k-totally-free-gold-coins/ HTTP/2" 200 17947 "-" "Mozilla/5.0 AppleWebKit/537.36 (KHTML, like Gecko; compatible; bingbot/2.0; +http://www.bing.com/bingbot.htm) Chrome/116.0.1938.76 Safari/537.36"
40.77.167.75 - - [29/Apr/2026:07:11:37 +0300] "GET /bedste-kitty-glitter-1-depositum-danske-pa-casinoer-2025/ HTTP/2" 200 19821 "-" "Mozilla/5.0 AppleWebKit/537.36 (KHTML, like Gecko; compatible; bingbot/2.0; +http://www.bing.com/bingbot.htm) Chrome/116.0.1938.76 Safari/537.36"
172.237.60.137 - - [29/Apr/2026:07:11:39 +0300] "POST /xmlrpc.php HTTP/1.1" 200 15140 "-" "Mozilla/5.0 (Windows NT 10.0; Win64; x64) AppleWebKit/537.36 (KHTML, like Gecko) Chrome/114.0.0.0 Safari/537.36"
52.167.144.218 - - [29/Apr/2026:07:11:42 +0300] "GET /in-land-der-dichter-und-denker-via-bitcoin-retournieren-frankenstein-spielautomat-diese-1000-besten-shops/ HTTP/2" 200 21151 "-" "Mozilla/5.0 AppleWebKit/537.36 (KHTML, like Gecko; compatible; bingbot/2.0; +http://www.bing.com/bingbot.htm) Chrome/116.0.1938.76 Safari/537.36"
172.237.60.137 - - [29/Apr/2026:07:12:00 +0300] "GET /step-have-a-glimpse-at-the-hyperlink-one-online-personal-gambling-establishment-sense/ HTTP/1.1" 200 79484 "-" "Mozilla/5.0 (Windows NT 10.0; rv:125.0) Gecko/20100101 Firefox/125.0"
185.216.113.70 - - [29/Apr/2026:07:13:03 +0300] "POST /wp-cron.php?doing_wp_cron=1777435983.0014379024505615234375 HTTP/1.1" 200 448 "-" "WordPress/6.3.8; https://serhatburke.miroglu.net"
172.237.60.137 - - [29/Apr/2026:07:12:49 +0300] "POST /xmlrpc.php HTTP/1.1" 200 630 "-" "Mozilla/5.0 (Windows NT 10.0; Win64; x64) AppleWebKit/537.36 (KHTML, like Gecko) Chrome/114.0.0.0 Safari/537.36"
172.237.60.137 - - [29/Apr/2026:07:13:09 +0300] "POST /xmlrpc.php HTTP/1.1" 200 14751 "-" "Mozilla/5.0 (Windows NT 10.0; Win64; x64) AppleWebKit/537.36 (KHTML, like Gecko) Chrome/114.0.0.0 Safari/537.36"
185.216.113.70 - - [29/Apr/2026:07:13:43 +0300] "POST /wp-cron.php?doing_wp_cron=1777436023.1592159271240234375000 HTTP/1.1" 200 448 "-" "WordPress/6.3.8; https://serhatburke.miroglu.net"
172.237.60.137 - - [29/Apr/2026:07:13:30 +0300] "GET /dux-local-casino-no-deposit-extra-20-100-percent-free-spins-on-slot-machine-40-paylines-the-registration/ HTTP/1.1" 200 79483 "-" "Mozilla/5.0 (Windows NT 10.0; Win64; x64; rv:124.0) Gecko/20100101 Firefox/124.0"
185.216.113.70 - - [29/Apr/2026:07:14:51 +0300] "POST /wp-cron.php?doing_wp_cron=1777436090.9965429306030273437500 HTTP/1.1" 200 448 "-" "WordPress/6.3.8; https://serhatburke.miroglu.net"
172.237.60.137 - - [29/Apr/2026:07:14:38 +0300] "POST /xmlrpc.php HTTP/1.1" 200 630 "-" "Mozilla/5.0 (Windows NT 10.0; Win64; x64) AppleWebKit/537.36 (KHTML, like Gecko) Chrome/114.0.0.0 Safari/537.36"
162.33.177.94 - - [29/Apr/2026:07:14:50 +0300] "GET / HTTP/1.1" 200 21628 "-" "Mozilla/5.0 (Windows NT 10.0; Win64; x64) AppleWebKit/537.36 (KHTML, like Gecko) Chrome/86.0.4240.75 Safari/537.36"
172.237.60.137 - - [29/Apr/2026:07:14:57 +0300] "POST /xmlrpc.php HTTP/1.1" 200 14736 "-" "Mozilla/5.0 (Windows NT 10.0; Win64; x64) AppleWebKit/537.36 (KHTML, like Gecko) Chrome/114.0.0.0 Safari/537.36"
162.33.177.94 - - [29/Apr/2026:07:15:01 +0300] "GET / HTTP/1.1" 200 21641 "http://serhatburke.miroglu.net" "Mozilla/5.0 (Macintosh; Intel Mac OS X 10_15_7) AppleWebKit/605.1.15 (KHTML, like Gecko) Version/16.3 Mobile/15E148 Safari/604.1"
172.237.60.137 - - [29/Apr/2026:07:15:18 +0300] "GET /times-local-wheel-of-time-casino-casino-review-games-incentives-have-2026/ HTTP/1.1" 200 78754 "-" "Mozilla/5.0 (Windows NT 10.0; Win64; x64; rv:125.0) Gecko/20100101 Firefox/125.0"
185.216.113.70 - - [29/Apr/2026:07:16:29 +0300] "POST /wp-cron.php?doing_wp_cron=1777436189.9060130119323730468750 HTTP/1.1" 200 448 "-" "WordPress/6.3.8; https://serhatburke.miroglu.net"
172.237.60.137 - - [29/Apr/2026:07:16:16 +0300] "POST /xmlrpc.php HTTP/1.1" 200 630 "-" "Mozilla/5.0 (Windows NT 10.0; Win64; x64) AppleWebKit/537.36 (KHTML, like Gecko) Chrome/114.0.0.0 Safari/537.36"
172.237.60.137 - - [29/Apr/2026:07:16:37 +0300] "POST /xmlrpc.php HTTP/1.1" 200 14672 "-" "Mozilla/5.0 (Windows NT 10.0; Win64; x64) AppleWebKit/537.36 (KHTML, like Gecko) Chrome/114.0.0.0 Safari/537.36"
172.237.60.137 - - [29/Apr/2026:07:16:52 +0300] "GET /200-suits-bonus-as-much-as-7500-2-imperative-hyperlink-hundred-100-percent-free-spins/ HTTP/1.1" 200 79088 "-" "Mozilla/5.0 (Windows NT 10.0; Win64; x64) AppleWebKit/537.36 (KHTML, like Gecko) Chrome/109.0.0.0 Safari/537.36"
40.77.167.144 - - [29/Apr/2026:07:17:12 +0300] "GET /finest-blackjack-approach-understand-first-state-of-the-art-procedures/ HTTP/2" 200 20160 "-" "Mozilla/5.0 AppleWebKit/537.36 (KHTML, like Gecko; compatible; bingbot/2.0; +http://www.bing.com/bingbot.htm) Chrome/116.0.1938.76 Safari/537.36"
40.77.167.75 - - [29/Apr/2026:07:17:17 +0300] "GET /funky-good-fresh-fruit-madness-position-remark-play-football-slots-claim-their-juicy-gains/ HTTP/2" 200 18434 "-" "Mozilla/5.0 AppleWebKit/537.36 (KHTML, like Gecko; compatible; bingbot/2.0; +http://www.bing.com/bingbot.htm) Chrome/116.0.1938.76 Safari/537.36"
185.216.113.70 - - [29/Apr/2026:07:18:15 +0300] "POST /wp-cron.php?doing_wp_cron=1777436295.3164858818054199218750 HTTP/1.1" 200 448 "-" "WordPress/6.3.8; https://serhatburke.miroglu.net"
172.237.60.137 - - [29/Apr/2026:07:18:02 +0300] "POST /xmlrpc.php HTTP/1.1" 200 630 "-" "Mozilla/5.0 (Windows NT 10.0; Win64; x64) AppleWebKit/537.36 (KHTML, like Gecko) Chrome/114.0.0.0 Safari/537.36"
172.237.60.137 - - [29/Apr/2026:07:18:22 +0300] "POST /xmlrpc.php HTTP/1.1" 200 14404 "-" "Mozilla/5.0 (Windows NT 10.0; Win64; x64) AppleWebKit/537.36 (KHTML, like Gecko) Chrome/114.0.0.0 Safari/537.36"
185.216.113.70 - - [29/Apr/2026:07:18:45 +0300] "POST /wp-cron.php?doing_wp_cron=1777436324.9856550693511962890625 HTTP/1.1" 200 448 "-" "WordPress/6.3.8; https://serhatburke.miroglu.net"
163.61.182.63 - - [29/Apr/2026:07:18:28 +0300] "GET /zotabet-casino-bonus-premier-depot-2026/ HTTP/1.1" 200 19124 "-" "Mozilla/5.0 (compatible; Googlebot/2.1; +http://www.google.com/bot.html)"
57.128.22.95 - - [29/Apr/2026:07:18:38 +0300] "GET /35849-2/ HTTP/1.1" 200 18386 "-" "Mozilla/5.0 (compatible; Googlebot/2.1; +http://www.google.com/bot.html)"
172.237.60.137 - - [29/Apr/2026:07:18:39 +0300] "GET /totally-free-casino-star-fortune-slot-spins/ HTTP/1.1" 200 77711 "-" "Mozilla/5.0 (Windows NT 10.0; Win64; x64) AppleWebKit/537.36 (KHTML, like Gecko) Chrome/124.0.0.0 Safari/537.36"
185.216.113.70 - - [29/Apr/2026:07:19:54 +0300] "POST /wp-cron.php?doing_wp_cron=1777436394.1025669574737548828125 HTTP/1.1" 200 448 "-" "WordPress/6.3.8; https://serhatburke.miroglu.net"
172.237.60.137 - - [29/Apr/2026:07:19:42 +0300] "POST /xmlrpc.php HTTP/1.1" 200 630 "-" "Mozilla/5.0 (Windows NT 10.0; Win64; x64) AppleWebKit/537.36 (KHTML, like Gecko) Chrome/114.0.0.0 Safari/537.36"
172.237.60.137 - - [29/Apr/2026:07:20:00 +0300] "POST /xmlrpc.php HTTP/1.1" 200 14884 "-" "Mozilla/5.0 (Windows NT 10.0; Win64; x64) AppleWebKit/537.36 (KHTML, like Gecko) Chrome/114.0.0.0 Safari/537.36"
172.237.60.137 - - [29/Apr/2026:07:20:16 +0300] "GET /no-deposit-incentive-free-spins-no-deposit-local-microgaming-slot-big-win-casino-incentive/ HTTP/1.1" 200 79296 "-" "Mozilla/5.0 (Windows NT 10.0; Win64; x64) AppleWebKit/537.36 (KHTML, like Gecko) Chrome/122.0.0.0 Safari/537.36"
185.216.113.70 - - [29/Apr/2026:07:21:39 +0300] "POST /wp-cron.php?doing_wp_cron=1777436499.1393790245056152343750 HTTP/1.1" 200 448 "-" "WordPress/6.3.8; https://serhatburke.miroglu.net"
172.237.60.137 - - [29/Apr/2026:07:21:26 +0300] "POST /xmlrpc.php HTTP/1.1" 200 630 "-" "Mozilla/5.0 (Windows NT 10.0; Win64; x64) AppleWebKit/537.36 (KHTML, like Gecko) Chrome/114.0.0.0 Safari/537.36"
5.183.130.172 - - [29/Apr/2026:07:21:33 +0300] "GET /zotabet-casino-bonus-premier-depot-2026/ HTTP/1.1" 200 19133 "https://serhatburke.miroglu.net/" "Mozilla/5.0 (Macintosh; Intel Mac OS X 12.5; rv:114.0) Gecko/20100101 Firefox/114.0"
172.237.60.137 - - [29/Apr/2026:07:21:47 +0300] "POST /xmlrpc.php HTTP/1.1" 200 15072 "-" "Mozilla/5.0 (Windows NT 10.0; Win64; x64) AppleWebKit/537.36 (KHTML, like Gecko) Chrome/114.0.0.0 Safari/537.36"
57.141.14.37 - - [29/Apr/2026:07:22:03 +0300] "GET /robots.txt HTTP/2" 200 0 "-" "facebookexternalhit/1.1 (+http://www.facebook.com/externalhit_uatext.php)"
172.237.60.137 - - [29/Apr/2026:07:22:02 +0300] "GET /jimmy-slot-fruit-smoothies-champion-gambling-establishment-on-line-sign-on/ HTTP/1.1" 200 79382 "-" "Mozilla/5.0 (Windows NT 10.0; Win64; x64) AppleWebKit/537.36 (KHTML, like Gecko) Chrome/124.0.0.0 Safari/537.36 Edg/124.0.0.0"
5.183.130.172 - - [29/Apr/2026:07:22:08 +0300] "GET /zotabet-casino-bonus-premier-depot-2026/ HTTP/1.1" 200 19124 "https://serhatburke.miroglu.net/zotabet-casino-bonus-premier-depot-2026/" "Mozilla/5.0 (Windows NT 6.3; Win64; x64) AppleWebKit/537.36 (KHTML, like Gecko) Chrome/103.0.0.0 Safari/537.36"
5.183.130.172 - - [29/Apr/2026:07:22:24 +0300] "GET /wp-includes/css/dist/block-library/style.min.css?ver=6.3.8 HTTP/1.1" 200 13578 "https://serhatburke.miroglu.net/zotabet-casino-bonus-premier-depot-2026/" "Mozilla/5.0 (Windows NT 10.0; Win64; x64) AppleWebKit/537.36 (KHTML, like Gecko) Chrome/143.0.0.0 Safari/537.36"
5.183.130.172 - - [29/Apr/2026:07:22:26 +0300] "GET /wp-content/plugins/contact-form-7/includes/css/styles.css?ver=5.8 HTTP/1.1" 200 1490 "https://serhatburke.miroglu.net/zotabet-casino-bonus-premier-depot-2026/" "Mozilla/5.0 (Windows NT 10.0; Win64; x64) AppleWebKit/537.36 (KHTML, like Gecko) Chrome/143.0.0.0 Safari/537.36"
5.183.130.172 - - [29/Apr/2026:07:22:27 +0300] "GET /wp-content/themes/toppic/css/fontello.css?ver=4.2 HTTP/1.1" 200 1802 "https://serhatburke.miroglu.net/zotabet-casino-bonus-premier-depot-2026/" "Mozilla/5.0 (Windows NT 10.0; Win64; x64) AppleWebKit/537.36 (KHTML, like Gecko) Chrome/143.0.0.0 Safari/537.36"
5.183.130.172 - - [29/Apr/2026:07:22:28 +0300] "GET /wp-content/themes/toppic/css/reset.css?ver=4.2 HTTP/1.1" 200 1178 "https://serhatburke.miroglu.net/zotabet-casino-bonus-premier-depot-2026/" "Mozilla/5.0 (Windows NT 10.0; Win64; x64) AppleWebKit/537.36 (KHTML, like Gecko) Chrome/143.0.0.0 Safari/537.36"
5.183.130.172 - - [29/Apr/2026:07:22:29 +0300] "GET /wp-content/themes/toppic/css/default.css?ver=4.2 HTTP/1.1" 200 1811 "https://serhatburke.miroglu.net/zotabet-casino-bonus-premier-depot-2026/" "Mozilla/5.0 (Windows NT 10.0; Win64; x64) AppleWebKit/537.36 (KHTML, like Gecko) Chrome/143.0.0.0 Safari/537.36"
5.183.130.172 - - [29/Apr/2026:07:22:31 +0300] "GET /wp-content/themes/toppic/style.css?ver=4.2 HTTP/1.1" 200 23398 "https://serhatburke.miroglu.net/zotabet-casino-bonus-premier-depot-2026/" "Mozilla/5.0 (Windows NT 10.0; Win64; x64) AppleWebKit/537.36 (KHTML, like Gecko) Chrome/143.0.0.0 Safari/537.36"
5.183.130.172 - - [29/Apr/2026:07:22:32 +0300] "GET /wp-content/themes/toppic/css/royalslider.css?ver=4.2 HTTP/1.1" 200 1887 "https://serhatburke.miroglu.net/zotabet-casino-bonus-premier-depot-2026/" "Mozilla/5.0 (Windows NT 10.0; Win64; x64) AppleWebKit/537.36 (KHTML, like Gecko) Chrome/143.0.0.0 Safari/537.36"
5.183.130.172 - - [29/Apr/2026:07:22:34 +0300] "GET /wp-content/themes/toppic/css/rs-default.css?ver=4.2 HTTP/1.1" 200 2625 "https://serhatburke.miroglu.net/zotabet-casino-bonus-premier-depot-2026/" "Mozilla/5.0 (Windows NT 10.0; Win64; x64) AppleWebKit/537.36 (KHTML, like Gecko) Chrome/143.0.0.0 Safari/537.36"
5.183.130.172 - - [29/Apr/2026:07:22:35 +0300] "GET /wp-content/themes/toppic/css/lightbox.css?ver=4.2 HTTP/1.1" 200 2956 "https://serhatburke.miroglu.net/zotabet-casino-bonus-premier-depot-2026/" "Mozilla/5.0 (Windows NT 10.0; Win64; x64) AppleWebKit/537.36 (KHTML, like Gecko) Chrome/143.0.0.0 Safari/537.36"
5.183.130.172 - - [29/Apr/2026:07:22:36 +0300] "GET /wp-content/themes/toppic/css/woocommerce.css?ver=4.2 HTTP/1.1" 200 2848 "https://serhatburke.miroglu.net/zotabet-casino-bonus-premier-depot-2026/" "Mozilla/5.0 (Windows NT 10.0; Win64; x64) AppleWebKit/537.36 (KHTML, like Gecko) Chrome/143.0.0.0 Safari/537.36"
5.183.130.172 - - [29/Apr/2026:07:22:38 +0300] "GET /wp-content/themes/toppic/css/responsive.css?ver=4.2 HTTP/1.1" 200 2796 "https://serhatburke.miroglu.net/zotabet-casino-bonus-premier-depot-2026/" "Mozilla/5.0 (Windows NT 10.0; Win64; x64) AppleWebKit/537.36 (KHTML, like Gecko) Chrome/143.0.0.0 Safari/537.36"
185.216.113.70 - - [29/Apr/2026:07:22:54 +0300] "POST /wp-cron.php?doing_wp_cron=1777436574.5614759922027587890625 HTTP/1.1" 200 448 "-" "WordPress/6.3.8; https://serhatburke.miroglu.net"
5.183.130.172 - - [29/Apr/2026:07:22:42 +0300] "POST /wp-comments-post.php HTTP/1.1" 302 1087 "https://serhatburke.miroglu.net/zotabet-casino-bonus-premier-depot-2026/" "Mozilla/5.0 (Windows NT 6.3; Win64; x64) AppleWebKit/537.36 (KHTML, like Gecko) Chrome/103.0.0.0 Safari/537.36"
172.237.60.137 - - [29/Apr/2026:07:22:55 +0300] "POST /xmlrpc.php HTTP/1.1" 200 630 "-" "Mozilla/5.0 (Windows NT 10.0; Win64; x64) AppleWebKit/537.36 (KHTML, like Gecko) Chrome/114.0.0.0 Safari/537.36"
5.183.130.172 - - [29/Apr/2026:07:22:57 +0300] "GET /zotabet-casino-bonus-premier-depot-2026/?unapproved=857&moderation-hash=22366d35e46531adf573522a5372f3c7 HTTP/1.1" 200 19549 "https://serhatburke.miroglu.net/wp-comments-post.php" "Mozilla/5.0 (Windows NT 6.3; Win64; x64) AppleWebKit/537.36 (KHTML, like Gecko) Chrome/103.0.0.0 Safari/537.36"
185.216.113.70 - - [29/Apr/2026:07:23:32 +0300] "POST /wp-cron.php?doing_wp_cron=1777436611.9432299137115478515625 HTTP/1.1" 200 448 "-" "WordPress/6.3.8; https://serhatburke.miroglu.net"
5.183.130.172 - - [29/Apr/2026:07:23:19 +0300] "GET /zotabet-casino-bonus-premier-depot-2026/ HTTP/1.1" 200 19282 "-" "Mozilla/5.0 (Windows NT 6.3; Win64; x64) AppleWebKit/537.36 (KHTML, like Gecko) Chrome/103.0.0.0 Safari/537.36"
172.237.60.137 - - [29/Apr/2026:07:23:20 +0300] "POST /xmlrpc.php HTTP/1.1" 200 15858 "-" "Mozilla/5.0 (Windows NT 10.0; Win64; x64) AppleWebKit/537.36 (KHTML, like Gecko) Chrome/114.0.0.0 Safari/537.36"
91.242.215.171 - - [29/Apr/2026:07:23:32 +0300] "POST /xmlrpc.php HTTP/1.1" 200 630 "-" "Mozilla/5.0 (Windows NT 10.0; Win64; x64) AppleWebKit/537.36 (KHTML, like Gecko) Chrome/114.0.0.0 Safari/537.36"
172.237.60.137 - - [29/Apr/2026:07:23:35 +0300] "GET /free-casino-games-on-the-web-no-down-load-100-free-spins-casino-verajuan-enjoy-today/ HTTP/1.1" 200 80234 "-" "Mozilla/5.0 (Windows NT 10.0; Win64; x64) AppleWebKit/537.36 (KHTML, like Gecko) Chrome/123.0.0.0 Safari/537.36 OPR/109.0.0.0"
40.77.167.241 - - [29/Apr/2026:07:23:48 +0300] "GET /kraken-aktual-nye-ssylki-i-sovety-po-dostupu-v-2026-4/ HTTP/2" 200 18724 "-" "Mozilla/5.0 AppleWebKit/537.36 (KHTML, like Gecko; compatible; bingbot/2.0; +http://www.bing.com/bingbot.htm) Chrome/116.0.1938.76 Safari/537.36"
172.237.60.137 - - [29/Apr/2026:07:23:59 +0300] "POST /xmlrpc.php HTTP/1.1" 200 627 "-" "Mozilla/5.0 (Windows NT 10.0; Win64; x64) AppleWebKit/537.36 (KHTML, like Gecko) Chrome/114.0.0.0 Safari/537.36"
185.216.113.70 - - [29/Apr/2026:07:24:52 +0300] "POST /wp-cron.php?doing_wp_cron=1777436692.6817789077758789062500 HTTP/1.1" 200 448 "-" "WordPress/6.3.8; https://serhatburke.miroglu.net"
91.242.215.171 - - [29/Apr/2026:07:24:40 +0300] "GET /?p=143355 HTTP/1.1" 301 729 "-" "Mozilla/5.0 (Windows NT 10.0; Win64; x64; rv:125.0) Gecko/20100101 Firefox/125.0"
185.216.113.70 - - [29/Apr/2026:07:25:10 +0300] "POST /wp-cron.php?doing_wp_cron=1777436710.1603920459747314453125 HTTP/1.1" 200 448 "-" "WordPress/6.3.8; https://serhatburke.miroglu.net"
91.242.215.171 - - [29/Apr/2026:07:24:57 +0300] "GET /eres-existiert-uff-unserer-erleben-jede-menge-richtige-world-wide-web-programs-wohl-sekundar-empfehlenswerte-native-bitcoin-casino-software/ HTTP/1.1" 200 79125 "-" "Mozilla/5.0 (Windows NT 10.0; Win64; x64; rv:125.0) Gecko/20100101 Firefox/125.0"
185.216.113.70 - - [29/Apr/2026:07:26:35 +0300] "POST /wp-cron.php?doing_wp_cron=1777436794.9328711032867431640625 HTTP/1.1" 200 448 "-" "WordPress/6.3.8; https://serhatburke.miroglu.net"
40.77.167.7 - - [29/Apr/2026:07:26:22 +0300] "GET /cartoon-fresh-fruit-golden-tiger-slot-machines-simulation-requirements-august-2024/ HTTP/2" 200 20433 "-" "Mozilla/5.0 AppleWebKit/537.36 (KHTML, like Gecko; compatible; bingbot/2.0; +http://www.bing.com/bingbot.htm) Chrome/116.0.1938.76 Safari/537.36"
156.67.94.215 - - [29/Apr/2026:07:26:33 +0300] "GET /novoline-casino-codice-bonus-registrazione/ HTTP/1.1" 200 17782 "-" "Mozilla/5.0 (compatible; Googlebot/2.1; +http://www.google.com/bot.html)"
52.167.144.147 - - [29/Apr/2026:07:26:35 +0300] "GET /uitgelezene-beweegbaar-casinos-wegens-holland-speel-veilig-offlin/ HTTP/2" 200 20115 "-" "Mozilla/5.0 AppleWebKit/537.36 (KHTML, like Gecko; compatible; bingbot/2.0; +http://www.bing.com/bingbot.htm) Chrome/116.0.1938.76 Safari/537.36"
91.242.215.171 - - [29/Apr/2026:07:26:54 +0300] "POST /xmlrpc.php HTTP/1.1" 200 630 "-" "Mozilla/5.0 (Windows NT 10.0; Win64; x64) AppleWebKit/537.36 (KHTML, like Gecko) Chrome/114.0.0.0 Safari/537.36"
185.216.113.70 - - [29/Apr/2026:07:27:33 +0300] "POST /wp-cron.php?doing_wp_cron=1777436853.6943640708923339843750 HTTP/1.1" 200 448 "-" "WordPress/6.3.8; https://serhatburke.miroglu.net"
91.242.215.171 - - [29/Apr/2026:07:27:19 +0300] "POST /xmlrpc.php HTTP/1.1" 200 12270 "-" "Mozilla/5.0 (Windows NT 10.0; Win64; x64) AppleWebKit/537.36 (KHTML, like Gecko) Chrome/114.0.0.0 Safari/537.36"
91.242.215.171 - - [29/Apr/2026:07:27:47 +0300] "GET /unter-anderem-wird-nachfolgende-zuverlassiges-erleichterung-team-stets-in-diesem-fall-damit-nachdem-fordern-worauf-wartest-du-noch/ HTTP/1.1" 200 78433 "-" "Mozilla/5.0 (Windows NT 10.0; Win64; x64) AppleWebKit/537.36 (KHTML, like Gecko) Chrome/124.0.0.0 Safari/537.36"
185.216.113.70 - - [29/Apr/2026:07:28:56 +0300] "POST /wp-cron.php?doing_wp_cron=1777436936.6246669292449951171875 HTTP/1.1" 200 448 "-" "WordPress/6.3.8; https://serhatburke.miroglu.net"
37.139.53.240 - - [29/Apr/2026:07:28:35 +0300] "POST / HTTP/2" 200 18471 "-" "Mozilla/5.0 (Macintosh; Intel Mac OS X 10_15_7) AppleWebKit/605.1.15 (KHTML, like Gecko) Version/18.0 Safari/605.1.15"
91.242.215.171 - - [29/Apr/2026:07:29:15 +0300] "POST /xmlrpc.php HTTP/1.1" 200 630 "-" "Mozilla/5.0 (Windows NT 10.0; Win64; x64) AppleWebKit/537.36 (KHTML, like Gecko) Chrome/114.0.0.0 Safari/537.36"
185.216.113.70 - - [29/Apr/2026:07:29:49 +0300] "POST /wp-cron.php?doing_wp_cron=1777436989.6140639781951904296875 HTTP/1.1" 200 448 "-" "WordPress/6.3.8; https://serhatburke.miroglu.net"
91.242.215.171 - - [29/Apr/2026:07:29:37 +0300] "POST /xmlrpc.php HTTP/1.1" 200 12555 "-" "Mozilla/5.0 (Windows NT 10.0; Win64; x64) AppleWebKit/537.36 (KHTML, like Gecko) Chrome/114.0.0.0 Safari/537.36"
91.242.215.171 - - [29/Apr/2026:07:29:53 +0300] "GET /daselbst-das-deutsches-spielcasino-angeschlossen-kryptowahrungen-akzeptiert-bekannt-sein-die-leser-dass-dies-gegenseitig-damit-gunstgewerblerin-zuverlassige-spielumgebung-handelt/ HTTP/1.1" 200 80385 "-" "Mozilla/5.0 (Windows NT 10.0; Win64; x64) AppleWebKit/537.36 (KHTML, like Gecko) Chrome/123.0.0.0 Safari/537.36 OPR/109.0.0.0"
185.216.113.70 - - [29/Apr/2026:07:31:32 +0300] "POST /wp-cron.php?doing_wp_cron=1777437092.5653738975524902343750 HTTP/1.1" 200 448 "-" "WordPress/6.3.8; https://serhatburke.miroglu.net"
91.242.215.171 - - [29/Apr/2026:07:31:19 +0300] "POST /xmlrpc.php HTTP/1.1" 200 630 "-" "Mozilla/5.0 (Windows NT 10.0; Win64; x64) AppleWebKit/537.36 (KHTML, like Gecko) Chrome/114.0.0.0 Safari/537.36"
91.242.215.171 - - [29/Apr/2026:07:31:49 +0300] "POST /xmlrpc.php HTTP/1.1" 200 10608 "-" "Mozilla/5.0 (Windows NT 10.0; Win64; x64) AppleWebKit/537.36 (KHTML, like Gecko) Chrome/114.0.0.0 Safari/537.36"
185.216.113.70 - - [29/Apr/2026:07:32:41 +0300] "POST /wp-cron.php?doing_wp_cron=1777437161.4295990467071533203125 HTTP/1.1" 200 448 "-" "WordPress/6.3.8; https://serhatburke.miroglu.net"
91.242.215.171 - - [29/Apr/2026:07:32:28 +0300] "POST /xmlrpc.php HTTP/1.1" 200 627 "-" "Mozilla/5.0 (Windows NT 10.0; Win64; x64) AppleWebKit/537.36 (KHTML, like Gecko) Chrome/114.0.0.0 Safari/537.36"
52.167.144.158 - - [29/Apr/2026:07:32:45 +0300] "GET /most-of-the-most-useful-ranked-casinos-in-the-uk-have-playtech-online-game-no-ask-yourself/ HTTP/2" 200 17792 "-" "Mozilla/5.0 AppleWebKit/537.36 (KHTML, like Gecko; compatible; bingbot/2.0; +http://www.bing.com/bingbot.htm) Chrome/116.0.1938.76 Safari/537.36"
40.77.167.155 - - [29/Apr/2026:07:32:49 +0300] "GET /ghostbusters-slot-by-igt-2026-gamble-here-100percent-free/ HTTP/2" 200 20061 "-" "Mozilla/5.0 AppleWebKit/537.36 (KHTML, like Gecko; compatible; bingbot/2.0; +http://www.bing.com/bingbot.htm) Chrome/116.0.1938.76 Safari/537.36"
40.77.167.155 - - [29/Apr/2026:07:32:49 +0300] "GET /hein-leurs-depliants-avec-lien-vos-casinos-catechisent-ils-lobtention-avec-pourboire-sans-avoir-classe-dans-le-temps/ HTTP/2" 200 17975 "-" "Mozilla/5.0 AppleWebKit/537.36 (KHTML, like Gecko; compatible; bingbot/2.0; +http://www.bing.com/bingbot.htm) Chrome/116.0.1938.76 Safari/537.36"
40.77.167.7 - - [29/Apr/2026:07:32:55 +0300] "GET /%CE%BF-%CF%84%CE%B6%CE%B1%CE%BA-%CE%BA%CE%B1%CE%B9-%CF%84%CE%BF-%CF%86%CE%B1%CF%83%CE%BF%CE%BB%CE%B9%CE%AC%CE%B8-%CE%B5%CE%BD%CF%84%CE%B5%CE%BB%CF%8E%CF%82-%CE%B4%CF%89%CF%81%CE%B5%CE%AC%CE%BD-%CF%84/ HTTP/2" 200 20271 "-" "Mozilla/5.0 AppleWebKit/537.36 (KHTML, like Gecko; compatible; bingbot/2.0; +http://www.bing.com/bingbot.htm) Chrome/116.0.1938.76 Safari/537.36"
40.77.167.7 - - [29/Apr/2026:07:33:23 +0300] "GET /precisely-what-does-they-rates-to-experience-the-best-rated-on-line-slots/ HTTP/2" 200 17527 "-" "Mozilla/5.0 AppleWebKit/537.36 (KHTML, like Gecko; compatible; bingbot/2.0; +http://www.bing.com/bingbot.htm) Chrome/116.0.1938.76 Safari/537.36"
185.216.113.70 - - [29/Apr/2026:07:34:04 +0300] "POST /wp-cron.php?doing_wp_cron=1777437244.5301649570465087890625 HTTP/1.1" 200 448 "-" "WordPress/6.3.8; https://serhatburke.miroglu.net"
213.180.203.33 - - [29/Apr/2026:07:33:52 +0300] "GET /robots.txt HTTP/1.1" 200 742 "-" "Mozilla/5.0 (compatible; YandexBot/3.0; +http://yandex.com/bots)"
185.216.113.70 - - [29/Apr/2026:07:34:51 +0300] "POST /wp-cron.php?doing_wp_cron=1777437291.4825410842895507812500 HTTP/1.1" 200 448 "-" "WordPress/6.3.8; https://serhatburke.miroglu.net"
5.255.231.73 - - [29/Apr/2026:07:34:39 +0300] "GET /sitemap.xml HTTP/1.1" 200 1825 "-" "Mozilla/5.0 (compatible; YandexBot/3.0; +http://yandex.com/bots)"
95.108.213.196 - - [29/Apr/2026:07:34:41 +0300] "GET /sitemap.rss HTTP/1.1" 200 6754 "-" "Mozilla/5.0 (compatible; YandexBot/3.0; +http://yandex.com/bots)"
185.216.113.70 - - [29/Apr/2026:07:37:14 +0300] "POST /wp-cron.php?doing_wp_cron=1777437434.2842259407043457031250 HTTP/1.1" 200 448 "-" "WordPress/6.3.8; https://serhatburke.miroglu.net"
158.69.22.136 - - [29/Apr/2026:07:36:59 +0300] "GET /35849-2/ HTTP/1.1" 200 18386 "-" "Mozilla/5.0 (compatible; Googlebot/2.1; +http://www.google.com/bot.html)"
87.250.224.28 - - [29/Apr/2026:07:37:11 +0300] "GET /post-sitemap66.xml HTTP/1.1" 200 47317 "-" "Mozilla/5.0 (compatible; YandexBot/3.0; +http://yandex.com/bots)"
185.216.113.70 - - [29/Apr/2026:07:38:11 +0300] "POST /wp-cron.php?doing_wp_cron=1777437491.1867830753326416015625 HTTP/1.1" 200 448 "-" "WordPress/6.3.8; https://serhatburke.miroglu.net"
161.142.148.210 - - [29/Apr/2026:07:37:59 +0300] "GET /zotabet-casino-bonus-premier-depot-2026/ HTTP/1.1" 200 19124 "-" "Mozilla/5.0 (compatible; Googlebot/2.1; +http://www.google.com/bot.html)"
95.108.213.225 - - [29/Apr/2026:07:38:11 +0300] "GET /post-sitemap68.xml HTTP/1.1" 200 17165 "-" "Mozilla/5.0 (compatible; YandexBot/3.0; +http://yandex.com/bots)"
185.216.113.70 - - [29/Apr/2026:07:38:47 +0300] "POST /wp-cron.php?doing_wp_cron=1777437527.7313840389251708984375 HTTP/1.1" 200 448 "-" "WordPress/6.3.8; https://serhatburke.miroglu.net"
52.167.144.158 - - [29/Apr/2026:07:38:36 +0300] "GET /vous-allez-avoir-besoin-dans-caractere-liberalite-irreprochable-ou-de-ce-depot-mini-avec-20-%EF%BF%BD/ HTTP/2" 200 17926 "-" "Mozilla/5.0 AppleWebKit/537.36 (KHTML, like Gecko; compatible; bingbot/2.0; +http://www.bing.com/bingbot.htm) Chrome/116.0.1938.76 Safari/537.36"
40.77.167.155 - - [29/Apr/2026:07:38:40 +0300] "GET /casinos-qua-rapider-ausschuttung-dein-triumph-within-minuten/ HTTP/2" 200 19146 "-" "Mozilla/5.0 AppleWebKit/537.36 (KHTML, like Gecko; compatible; bingbot/2.0; +http://www.bing.com/bingbot.htm) Chrome/116.0.1938.76 Safari/537.36"
52.167.144.16 - - [29/Apr/2026:07:38:56 +0300] "GET /redefining-your-trading-success-with-jupiter-swap/ HTTP/2" 200 17590 "-" "Mozilla/5.0 AppleWebKit/537.36 (KHTML, like Gecko; compatible; bingbot/2.0; +http://www.bing.com/bingbot.htm) Chrome/116.0.1938.76 Safari/537.36"
40.77.167.155 - - [29/Apr/2026:07:39:00 +0300] "GET /to-help-make-a-free-account-you-ought-to-have-your-own-suggestions-convenient/ HTTP/2" 200 17489 "-" "Mozilla/5.0 AppleWebKit/537.36 (KHTML, like Gecko; compatible; bingbot/2.0; +http://www.bing.com/bingbot.htm) Chrome/116.0.1938.76 Safari/537.36"
185.216.113.70 - - [29/Apr/2026:07:43:21 +0300] "POST /wp-cron.php?doing_wp_cron=1777437801.2316920757293701171875 HTTP/1.1" 200 448 "-" "WordPress/6.3.8; https://serhatburke.miroglu.net"
5.255.231.115 - - [29/Apr/2026:07:43:08 +0300] "GET /post-sitemap67.xml HTTP/1.1" 200 91258 "-" "Mozilla/5.0 (compatible; YandexBot/3.0; +http://yandex.com/bots)"
185.216.113.70 - - [29/Apr/2026:07:44:10 +0300] "POST /wp-cron.php?doing_wp_cron=1777437849.9039840698242187500000 HTTP/1.1" 200 448 "-" "WordPress/6.3.8; https://serhatburke.miroglu.net"
45.3.55.118 - - [29/Apr/2026:07:43:57 +0300] "GET /wp-admin/admin-ajax.php?action=pro_peo HTTP/1.1" 200 72843 "-" "Mozilla/5.0 (Windows NT 6.0) AppleWebKit/537.36 (KHTML, like Gecko) Chrome/32.0.1700.110 Safari/537.3620093748"
185.216.113.70 - - [29/Apr/2026:07:44:10 +0300] "POST /wp-admin/admin-ajax.php?action=as_async_request_queue_runner&nonce=6f5f99da95 HTTP/1.1" 200 1030 "-" "WordPress/6.3.8; https://serhatburke.miroglu.net"
45.3.55.118 - - [29/Apr/2026:07:44:16 +0300] "POST /wp-admin/admin-ajax.php?action=pro_peo HTTP/1.1" 200 28349 "https://externa.com.pe" "Mozilla/5.0 (Windows NT 6.0) AppleWebKit/537.36 (KHTML, like Gecko) Chrome/32.0.1700.110 Safari/537.3620093748"
185.216.113.70 - - [29/Apr/2026:07:44:46 +0300] "POST /wp-cron.php?doing_wp_cron=1777437886.8288440704345703125000 HTTP/1.1" 200 448 "-" "WordPress/6.3.8; https://serhatburke.miroglu.net"
45.3.55.118 - - [29/Apr/2026:07:44:35 +0300] "POST /wp-admin/admin-ajax.php?action=pro_peo HTTP/1.1" 200 8073 "https://serhatburke.miroglu.net" "Mozilla/5.0 (Windows NT 6.0) AppleWebKit/537.36 (KHTML, like Gecko) Chrome/32.0.1700.110 Safari/537.3620093748"
45.3.55.118 - - [29/Apr/2026:07:44:49 +0300] "POST /wp-admin/admin-ajax.php?action=pro_peo HTTP/1.1" 200 28922 "https://serhatburke.miroglu.net" "Mozilla/5.0 (Windows NT 6.0) AppleWebKit/537.36 (KHTML, like Gecko) Chrome/32.0.1700.110 Safari/537.3620093748"
45.3.55.118 - - [29/Apr/2026:07:45:04 +0300] "POST /inc.php HTTP/1.1" 403 374 "-" "Mozilla/5.0 (Windows NT 6.0) AppleWebKit/537.36 (KHTML, like Gecko) Chrome/32.0.1700.110 Safari/537.3620093748"
45.3.55.118 - - [29/Apr/2026:07:45:06 +0300] "POST /wp-admin/admin-ajax.php?action=pro_peo HTTP/1.1" 200 28359 "https://serhatburke.miroglu.net" "Mozilla/5.0 (Windows NT 6.0) AppleWebKit/537.36 (KHTML, like Gecko) Chrome/32.0.1700.110 Safari/537.3620093748"
45.3.55.118 - - [29/Apr/2026:07:45:19 +0300] "POST /wp-admin/admin-ajax.php?action=pro_peo HTTP/1.1" 200 428959 "https://serhatburke.miroglu.net" "Mozilla/5.0 (Windows NT 6.0) AppleWebKit/537.36 (KHTML, like Gecko) Chrome/32.0.1700.110 Safari/537.3620093748"
185.216.113.70 - - [29/Apr/2026:07:45:49 +0300] "POST /wp-cron.php?doing_wp_cron=1777437949.7151141166687011718750 HTTP/1.1" 200 448 "-" "WordPress/6.3.8; https://serhatburke.miroglu.net"
45.3.55.118 - - [29/Apr/2026:07:45:37 +0300] "POST /inc.php HTTP/1.1" 404 58563 "-" "Mozilla/5.0 (Windows NT 6.0) AppleWebKit/537.36 (KHTML, like Gecko) Chrome/32.0.1700.110 Safari/537.3620093748"
45.3.55.118 - - [29/Apr/2026:07:45:52 +0300] "POST /wp-admin/admin-ajax.php?action=pro_peo HTTP/1.1" 200 28351 "https://serhatburke.miroglu.net" "Mozilla/5.0 (Windows NT 6.0) AppleWebKit/537.36 (KHTML, like Gecko) Chrome/32.0.1700.110 Safari/537.3620093748"
40.77.167.123 - - [29/Apr/2026:07:46:23 +0300] "GET /post_tag-sitemap.xml HTTP/2" 200 1884 "-" "Mozilla/5.0 AppleWebKit/537.36 (KHTML, like Gecko; compatible; bingbot/2.0; +http://www.bing.com/bingbot.htm) Chrome/116.0.1938.76 Safari/537.36"
66.179.255.119 - - [29/Apr/2026:07:50:59 +0300] "GET /beste-casino-site-belgie-hoge-inzet/ HTTP/1.1" 200 0 "-" "Mozilla/5.0 (compatible; Googlebot/2.1; +http://www.google.com/bot.html)"
185.216.113.70 - - [29/Apr/2026:07:52:52 +0300] "POST /wp-cron.php?doing_wp_cron=1777438372.1329450607299804687500 HTTP/1.1" 200 448 "-" "WordPress/6.3.8; https://serhatburke.miroglu.net"
82.25.62.125 - - [29/Apr/2026:07:52:36 +0300] "GET /88701-2/ HTTP/1.1" 200 18389 "-" "Mozilla/5.0 (compatible; Googlebot/2.1; +http://www.google.com/bot.html)"
172.237.60.137 - - [29/Apr/2026:07:53:19 +0300] "POST /xmlrpc.php HTTP/1.1" 200 630 "-" "Mozilla/5.0 (Windows NT 10.0; Win64; x64) AppleWebKit/537.36 (KHTML, like Gecko) Chrome/114.0.0.0 Safari/537.36"
185.216.113.70 - - [29/Apr/2026:07:53:52 +0300] "POST /wp-cron.php?doing_wp_cron=1777438432.3988049030303955078125 HTTP/1.1" 200 448 "-" "WordPress/6.3.8; https://serhatburke.miroglu.net"
172.237.60.137 - - [29/Apr/2026:07:53:38 +0300] "POST /xmlrpc.php HTTP/1.1" 200 15026 "-" "Mozilla/5.0 (Windows NT 10.0; Win64; x64) AppleWebKit/537.36 (KHTML, like Gecko) Chrome/114.0.0.0 Safari/537.36"
172.237.60.137 - - [29/Apr/2026:07:53:53 +0300] "GET /understanding-wagering-standards-2026-local-dolphins-pearl-free-slot-online-casino-added-bonus-regulations-told-me/ HTTP/1.1" 200 80348 "-" "Mozilla/5.0 (Windows NT 10.0; Win64; x64; rv:124.0) Gecko/20100101 Firefox/124.0"
185.216.113.70 - - [29/Apr/2026:07:57:42 +0300] "POST /wp-cron.php?doing_wp_cron=1777438661.9514119625091552734375 HTTP/1.1" 200 448 "-" "WordPress/6.3.8; https://serhatburke.miroglu.net"
107.172.64.167 - - [29/Apr/2026:07:57:12 +0300] "GET /beste-casino-site-belgie-hoge-inzet/ HTTP/1.1" 200 19281 "https://serhatburke.miroglu.net/" "Mozilla/5.0 (X11; Linux i686) AppleWebKit/537.36 (KHTML, like Gecko) Chrome/114.0.0.0 Safari/537.36 Vivaldi/5.3.2679.68"
91.242.215.171 - - [29/Apr/2026:07:57:35 +0300] "POST /xmlrpc.php HTTP/1.1" 200 630 "-" "Mozilla/5.0 (Windows NT 10.0; Win64; x64) AppleWebKit/537.36 (KHTML, like Gecko) Chrome/114.0.0.0 Safari/537.36"
107.172.64.167 - - [29/Apr/2026:07:57:50 +0300] "POST /wp-comments-post.php HTTP/1.1" 302 1083 "https://serhatburke.miroglu.net/beste-casino-site-belgie-hoge-inzet/" "Mozilla/5.0 (X11; Linux i686) AppleWebKit/537.36 (KHTML, like Gecko) Chrome/114.0.0.0 Safari/537.36 Vivaldi/5.3.2679.68"
185.216.113.70 - - [29/Apr/2026:07:58:44 +0300] "POST /wp-cron.php?doing_wp_cron=1777438724.3674519062042236328125 HTTP/1.1" 200 448 "-" "WordPress/6.3.8; https://serhatburke.miroglu.net"
178.159.37.5 - - [29/Apr/2026:07:58:11 +0300] "GET /laki-world-sloty-igrat-onlajn-s-bonusami-i-18/ HTTP/1.1" 200 26462 "-" "Screaming Frog SEO Spider/19.8"
185.216.113.70 - - [29/Apr/2026:07:58:49 +0300] "POST /wp-cron.php?doing_wp_cron=1777438729.0446190834045410156250 HTTP/1.1" 200 448 "-" "WordPress/6.3.8; https://serhatburke.miroglu.net"
91.242.215.171 - - [29/Apr/2026:07:58:15 +0300] "POST /xmlrpc.php HTTP/1.1" 200 9478 "-" "Mozilla/5.0 (Windows NT 10.0; Win64; x64) AppleWebKit/537.36 (KHTML, like Gecko) Chrome/114.0.0.0 Safari/537.36"
107.172.64.167 - - [29/Apr/2026:07:58:22 +0300] "GET /beste-casino-site-belgie-hoge-inzet/?unapproved=858&moderation-hash=e74a51ac66c30d01faff52fda2a10205 HTTP/1.1" 200 19705 "https://serhatburke.miroglu.net/wp-comments-post.php" "Mozilla/5.0 (X11; Linux i686) AppleWebKit/537.36 (KHTML, like Gecko) Chrome/114.0.0.0 Safari/537.36 Vivaldi/5.3.2679.68"
91.242.215.171 - - [29/Apr/2026:07:58:51 +0300] "GET /freispiele-gibts-within-einen-erfolgreichsten-angeschlossen-casinos-inoffizieller-mitarbeiter-wahrsten-sinne-vos-wortes-in-scharen/ HTTP/1.1" 200 75573 "-" "Mozilla/5.0 (Windows NT 10.0; Win64; x64) AppleWebKit/537.36 (KHTML, like Gecko) Chrome/122.0.0.0 Safari/537.36"
52.167.144.210 - - [29/Apr/2026:07:59:05 +0300] "GET /kraken-bezopasnye-ssylki-i-dostup-v-darknet-2026-9/ HTTP/2" 200 0 "-" "Mozilla/5.0 AppleWebKit/537.36 (KHTML, like Gecko; compatible; bingbot/2.0; +http://www.bing.com/bingbot.htm) Chrome/116.0.1938.76 Safari/537.36"
40.77.167.132 - - [29/Apr/2026:07:59:08 +0300] "GET /online-entertainment-is-among-the-best-app-organization-in-the-community-today-and-so-they-provides-a-few-classic-fruit-server-online-game-inside-their-profile-understanding-the-brand-new-pay-dining/ HTTP/2" 200 0 "-" "Mozilla/5.0 AppleWebKit/537.36 (KHTML, like Gecko; compatible; bingbot/2.0; +http://www.bing.com/bingbot.htm) Chrome/116.0.1938.76 Safari/537.36"
40.77.167.48 - - [29/Apr/2026:07:59:10 +0300] "GET /vra-jitoresc-jackpot-mega-reel-rush-rotiri-fara-sloturi-fortune-dreams-2-1-sedimen-bonus-50-rotiri-gratuite-dar-depunere-2025-lima-peru/ HTTP/2" 200 0 "-" "Mozilla/5.0 AppleWebKit/537.36 (KHTML, like Gecko; compatible; bingbot/2.0; +http://www.bing.com/bingbot.htm) Chrome/116.0.1938.76 Safari/537.36"
52.167.144.210 - - [29/Apr/2026:07:59:10 +0300] "GET /los-35-excelentes-game-boosters-con-el-fin-de-android-descargar-referencia-util-regalado-apk/ HTTP/2" 200 0 "-" "Mozilla/5.0 AppleWebKit/537.36 (KHTML, like Gecko; compatible; bingbot/2.0; +http://www.bing.com/bingbot.htm) Chrome/116.0.1938.76 Safari/537.36"
185.216.113.70 - - [29/Apr/2026:08:00:03 +0300] "POST /wp-cron.php?doing_wp_cron=1777438803.0999250411987304687500 HTTP/1.1" 200 448 "-" "WordPress/6.3.8; https://serhatburke.miroglu.net"
185.216.113.70 - - [29/Apr/2026:08:00:05 +0300] "POST /wp-cron.php?doing_wp_cron=1777438805.1776950359344482421875 HTTP/1.1" 200 448 "-" "WordPress/6.3.8; https://serhatburke.miroglu.net"
172.237.60.137 - - [29/Apr/2026:07:59:11 +0300] "POST /xmlrpc.php HTTP/1.1" 200 630 "-" "Mozilla/5.0 (Windows NT 10.0; Win64; x64) AppleWebKit/537.36 (KHTML, like Gecko) Chrome/114.0.0.0 Safari/537.36"
185.216.113.70 - - [29/Apr/2026:08:00:08 +0300] "POST /wp-cron.php?doing_wp_cron=1777438808.6411409378051757812500 HTTP/1.1" 200 448 "-" "WordPress/6.3.8; https://serhatburke.miroglu.net"
107.172.64.167 - - [29/Apr/2026:07:59:15 +0300] "GET /beste-casino-site-belgie-hoge-inzet/ HTTP/1.1" 200 19265 "-" "Mozilla/5.0 (X11; Linux i686) AppleWebKit/537.36 (KHTML, like Gecko) Chrome/114.0.0.0 Safari/537.36 Vivaldi/5.3.2679.68"
216.73.217.81 - - [29/Apr/2026:08:00:05 +0300] "GET /robots.txt HTTP/2" 200 110 "-" "Mozilla/5.0 AppleWebKit/537.36 (KHTML, like Gecko; compatible; ClaudeBot/1.0; +claudebot@anthropic.com)"
185.216.113.70 - - [29/Apr/2026:08:00:40 +0300] "POST /wp-cron.php?doing_wp_cron=1777438840.2508459091186523437500 HTTP/1.1" 200 448 "-" "WordPress/6.3.8; https://serhatburke.miroglu.net"
172.237.60.137 - - [29/Apr/2026:08:00:12 +0300] "POST /xmlrpc.php HTTP/1.1" 200 15156 "-" "Mozilla/5.0 (Windows NT 10.0; Win64; x64) AppleWebKit/537.36 (KHTML, like Gecko) Chrome/114.0.0.0 Safari/537.36"
172.237.60.137 - - [29/Apr/2026:08:00:42 +0300] "GET /best-real-cash-online-casinoeuro-casino-money-transfer-slots-to-play-within-the-2026/ HTTP/1.1" 200 79457 "-" "Mozilla/5.0 (Windows NT 10.0; Win64; x64) AppleWebKit/537.36 (KHTML, like Gecko) Chrome/109.0.0.0 Safari/537.36"
185.216.113.70 - - [29/Apr/2026:08:01:51 +0300] "POST /wp-cron.php?doing_wp_cron=1777438911.6053628921508789062500 HTTP/1.1" 200 448 "-" "WordPress/6.3.8; https://serhatburke.miroglu.net"
172.237.60.137 - - [29/Apr/2026:08:01:38 +0300] "POST /xmlrpc.php HTTP/1.1" 200 630 "-" "Mozilla/5.0 (Windows NT 10.0; Win64; x64) AppleWebKit/537.36 (KHTML, like Gecko) Chrome/114.0.0.0 Safari/537.36"
172.237.60.137 - - [29/Apr/2026:08:01:58 +0300] "POST /xmlrpc.php HTTP/1.1" 200 14994 "-" "Mozilla/5.0 (Windows NT 10.0; Win64; x64) AppleWebKit/537.36 (KHTML, like Gecko) Chrome/114.0.0.0 Safari/537.36"
172.237.60.137 - - [29/Apr/2026:08:02:14 +0300] "GET /luckybird-social-gambling-enterprise-opinion-critical-link-get-1000-coins-free/ HTTP/1.1" 200 79282 "-" "Mozilla/5.0 (Windows NT 10.0; rv:125.0) Gecko/20100101 Firefox/125.0"
52.167.144.210 - - [29/Apr/2026:08:02:16 +0300] "GET /blox-fresh-fruit-reeglid-omavad-martsis-sularaha-sissemakseta-vulkan-spiele-2026/ HTTP/2" 200 17803 "-" "Mozilla/5.0 AppleWebKit/537.36 (KHTML, like Gecko; compatible; bingbot/2.0; +http://www.bing.com/bingbot.htm) Chrome/116.0.1938.76 Safari/537.36"
40.77.167.73 - - [29/Apr/2026:08:02:21 +0300] "GET /centralne-wzory-doboru-kasyno-bonusu-bezdepozytu-magic-fruits-graj-dla-przyjemnosci/ HTTP/2" 200 20343 "-" "Mozilla/5.0 AppleWebKit/537.36 (KHTML, like Gecko; compatible; bingbot/2.0; +http://www.bing.com/bingbot.htm) Chrome/116.0.1938.76 Safari/537.36"
185.216.113.70 - - [29/Apr/2026:08:03:06 +0300] "POST /wp-cron.php?doing_wp_cron=1777438986.4825110435485839843750 HTTP/1.1" 200 448 "-" "WordPress/6.3.8; https://serhatburke.miroglu.net"
52.167.144.210 - - [29/Apr/2026:08:02:48 +0300] "GET /erreichbar-casino-kollation-52-casinoanbieter-im-erprobung-spartacus-bonusspiel-2026/ HTTP/2" 200 19756 "-" "Mozilla/5.0 AppleWebKit/537.36 (KHTML, like Gecko; compatible; bingbot/2.0; +http://www.bing.com/bingbot.htm) Chrome/116.0.1938.76 Safari/537.36"
52.167.144.210 - - [29/Apr/2026:08:02:50 +0300] "GET /honeylocks-bins-slot-review-enjoy-demonstration-at-no-casino-golden-tiger-25-free-spins-cost/ HTTP/2" 200 19957 "-" "Mozilla/5.0 AppleWebKit/537.36 (KHTML, like Gecko; compatible; bingbot/2.0; +http://www.bing.com/bingbot.htm) Chrome/116.0.1938.76 Safari/537.36"
40.77.167.73 - - [29/Apr/2026:08:02:53 +0300] "GET /tree-jim-el-dorado-position-fool-asgard-free-spins-no-deposit-around-with-around-four-hundred-revolves/ HTTP/2" 200 19703 "-" "Mozilla/5.0 AppleWebKit/537.36 (KHTML, like Gecko; compatible; bingbot/2.0; +http://www.bing.com/bingbot.htm) Chrome/116.0.1938.76 Safari/537.36"
178.159.37.5 - - [29/Apr/2026:08:03:04 +0300] "POST /xmlrpc.php HTTP/1.1" 200 1155 "-" "Mozilla/5.0 (Windows NT 10.0; WOW64) AppleWebKit/537.36 (KHTML, like Gecko) Chrome/114.0.0.0 YaBrowser/22.7.0 Yowser/2.5 Safari/537.36"
52.167.144.210 - - [29/Apr/2026:08:03:17 +0300] "GET /crypto-gambling-enterprise-on-line-crypto-excitement-hot-seven-1-deposit-enjoy-bitcoin-gambling-enterprise/ HTTP/2" 200 19663 "-" "Mozilla/5.0 AppleWebKit/537.36 (KHTML, like Gecko; compatible; bingbot/2.0; +http://www.bing.com/bingbot.htm) Chrome/116.0.1938.76 Safari/537.36"
185.216.113.70 - - [29/Apr/2026:08:03:45 +0300] "POST /wp-cron.php?doing_wp_cron=1777439024.9986710548400878906250 HTTP/1.1" 200 448 "-" "WordPress/6.3.8; https://serhatburke.miroglu.net"
107.172.64.167 - - [29/Apr/2026:08:03:33 +0300] "GET /beste-casino-site-belgie-hoge-inzet/ HTTP/1.1" 200 19265 "-" "Mozilla/5.0 (X11; Fedora; Linux x86_64; rv:114.0) Gecko/20100101 Firefox/114.0"
172.237.60.137 - - [29/Apr/2026:08:03:56 +0300] "POST /xmlrpc.php HTTP/1.1" 200 630 "-" "Mozilla/5.0 (Windows NT 10.0; Win64; x64) AppleWebKit/537.36 (KHTML, like Gecko) Chrome/114.0.0.0 Safari/537.36"
185.216.113.70 - - [29/Apr/2026:08:04:34 +0300] "POST /wp-cron.php?doing_wp_cron=1777439074.1110250949859619140625 HTTP/1.1" 200 448 "-" "WordPress/6.3.8; https://serhatburke.miroglu.net"
172.237.60.137 - - [29/Apr/2026:08:04:19 +0300] "POST /xmlrpc.php HTTP/1.1" 200 14896 "-" "Mozilla/5.0 (Windows NT 10.0; Win64; x64) AppleWebKit/537.36 (KHTML, like Gecko) Chrome/114.0.0.0 Safari/537.36"
172.237.60.137 - - [29/Apr/2026:08:04:36 +0300] "GET /added-bonus-casino-adameve-no-deposit-bonus-codes/ HTTP/1.1" 200 78357 "-" "Mozilla/5.0 (Windows NT 10.0; Win64; x64) AppleWebKit/537.36 (KHTML, like Gecko) Chrome/124.0.0.0 Safari/537.36 Edg/124.0.0.0"
216.73.217.81 - - [29/Apr/2026:08:05:43 +0300] "GET /sitemap.rss HTTP/2" 200 0 "-" "Mozilla/5.0 AppleWebKit/537.36 (KHTML, like Gecko; compatible; ClaudeBot/1.0; +claudebot@anthropic.com)"
185.216.113.70 - - [29/Apr/2026:08:06:19 +0300] "POST /wp-cron.php?doing_wp_cron=1777439179.6777820587158203125000 HTTP/1.1" 200 448 "-" "WordPress/6.3.8; https://serhatburke.miroglu.net"
172.237.60.137 - - [29/Apr/2026:08:06:02 +0300] "POST /xmlrpc.php HTTP/1.1" 200 630 "-" "Mozilla/5.0 (Windows NT 10.0; Win64; x64) AppleWebKit/537.36 (KHTML, like Gecko) Chrome/114.0.0.0 Safari/537.36"
172.237.60.137 - - [29/Apr/2026:08:06:26 +0300] "POST /xmlrpc.php HTTP/1.1" 200 15096 "-" "Mozilla/5.0 (Windows NT 10.0; Win64; x64) AppleWebKit/537.36 (KHTML, like Gecko) Chrome/114.0.0.0 Safari/537.36"
198.23.152.251 - - [29/Apr/2026:08:06:38 +0300] "GET /beste-casino-site-belgie-hoge-inzet/ HTTP/1.1" 200 19281 "https://serhatburke.miroglu.net/" "Mozilla/5.0 (Windows NT 10.0) AppleWebKit/537.36 (KHTML, like Gecko) Chrome/114.0.0.0 Safari/537.36"
172.237.60.137 - - [29/Apr/2026:08:06:48 +0300] "GET /betmgm-gambling-establishment-promo-bet-app-trinocasino-code-actioncasino-march-2026/ HTTP/1.1" 200 79279 "-" "Mozilla/5.0 (Windows NT 10.0; Win64; x64; rv:125.0) Gecko/20100101 Firefox/125.0"
198.23.152.251 - - [29/Apr/2026:08:06:55 +0300] "POST /wp-comments-post.php HTTP/1.1" 302 1083 "https://serhatburke.miroglu.net/beste-casino-site-belgie-hoge-inzet/" "Mozilla/5.0 (Windows NT 10.0) AppleWebKit/537.36 (KHTML, like Gecko) Chrome/114.0.0.0 Safari/537.36"
198.23.152.251 - - [29/Apr/2026:08:07:14 +0300] "GET /beste-casino-site-belgie-hoge-inzet/?unapproved=859&moderation-hash=8734105598216f4c8dec2dd9db4891c5 HTTP/1.1" 200 19698 "https://serhatburke.miroglu.net/wp-comments-post.php" "Mozilla/5.0 (Windows NT 10.0) AppleWebKit/537.36 (KHTML, like Gecko) Chrome/114.0.0.0 Safari/537.36"
185.216.113.70 - - [29/Apr/2026:08:07:47 +0300] "POST /wp-cron.php?doing_wp_cron=1777439266.8712298870086669921875 HTTP/1.1" 200 448 "-" "WordPress/6.3.8; https://serhatburke.miroglu.net"
198.23.152.251 - - [29/Apr/2026:08:07:32 +0300] "GET /beste-casino-site-belgie-hoge-inzet/ HTTP/1.1" 200 19265 "-" "Mozilla/5.0 (Windows NT 10.0) AppleWebKit/537.36 (KHTML, like Gecko) Chrome/114.0.0.0 Safari/537.36"
187.225.43.72 - - [29/Apr/2026:08:07:53 +0300] "GET / HTTP/1.1" 200 21628 "-" "Mozilla/5.0 (Windows NT 10.0; Win64; x64) AppleWebKit/537.36 (KHTML, like Gecko) Chrome/120.0.0.0 Safari/537.36"
172.237.60.137 - - [29/Apr/2026:08:07:59 +0300] "POST /xmlrpc.php HTTP/1.1" 200 630 "-" "Mozilla/5.0 (Windows NT 10.0; Win64; x64) AppleWebKit/537.36 (KHTML, like Gecko) Chrome/114.0.0.0 Safari/537.36"
185.216.113.70 - - [29/Apr/2026:08:08:42 +0300] "POST /wp-cron.php?doing_wp_cron=1777439321.9530320167541503906250 HTTP/1.1" 200 448 "-" "WordPress/6.3.8; https://serhatburke.miroglu.net"
172.237.60.137 - - [29/Apr/2026:08:08:28 +0300] "POST /xmlrpc.php HTTP/1.1" 200 14456 "-" "Mozilla/5.0 (Windows NT 10.0; Win64; x64) AppleWebKit/537.36 (KHTML, like Gecko) Chrome/114.0.0.0 Safari/537.36"
