38.180.218.24 - - [29/Apr/2026:13:15:23 +0300] "GET /bet-with-real-money-137/ HTTP/1.1" 200 0 "-" "Mozilla/5.0 (Windows NT 10.0; Win64; x64) AppleWebKit/537.36 (KHTML, like Gecko) Chrome/122.0.0.0 Safari/537.36"
38.180.218.24 - - [29/Apr/2026:13:15:34 +0300] "GET /bet-with-real-money-137/ HTTP/1.1" 200 0 "-" "Mozilla/5.0 (Windows NT 10.0; Win64; x64) AppleWebKit/537.36 (KHTML, like Gecko) Chrome/122.0.0.0 Safari/537.36"
38.180.218.24 - - [29/Apr/2026:13:15:44 +0300] "GET /bet-with-real-money-137/ HTTP/1.1" 200 0 "-" "Mozilla/5.0 (Windows NT 10.0; Win64; x64) AppleWebKit/537.36 (KHTML, like Gecko) Chrome/122.0.0.0 Safari/537.36"
38.180.218.24 - - [29/Apr/2026:13:15:55 +0300] "GET /bet-with-real-money-137/ HTTP/1.1" 200 0 "-" "Mozilla/5.0 (Windows NT 10.0; Win64; x64) AppleWebKit/537.36 (KHTML, like Gecko) Chrome/122.0.0.0 Safari/537.36"
185.216.113.70 - - [29/Apr/2026:13:16:21 +0300] "POST /wp-cron.php?doing_wp_cron=1777457781.6172170639038085937500 HTTP/1.1" 200 448 "-" "WordPress/6.3.8; https://serhatburke.miroglu.net"
109.248.149.125 - - [29/Apr/2026:13:16:07 +0300] "POST /xmlrpc.php HTTP/1.1" 200 1155 "-" "Mozilla/5.0 (Windows NT 10.0; Win64; x64) AppleWebKit/537.36 (KHTML, like Gecko) Chrome/64.0.3282.140 Safari/537.36 Edge/18.17763"
163.61.182.63 - - [29/Apr/2026:13:16:07 +0300] "GET /88701-2/ HTTP/1.1" 200 18401 "https://serhatburke.miroglu.net/" "Mozilla/5.0 (Macintosh; Intel Mac OS X 10_15_7) AppleWebKit/537.36 (KHTML, like Gecko) Chrome/146.0.0.0 Safari/537.36"
163.61.182.63 - - [29/Apr/2026:13:16:28 +0300] "GET /wp-includes/css/dist/block-library/style.min.css?ver=6.3.8 HTTP/1.1" 200 13578 "https://serhatburke.miroglu.net/88701-2/" "Mozilla/5.0 (Windows NT 10.0; Win64; x64) AppleWebKit/537.36 (KHTML, like Gecko) Chrome/145.0.0.0 Safari/537.36"
163.61.182.63 - - [29/Apr/2026:13:16:33 +0300] "GET /wp-content/plugins/contact-form-7/includes/css/styles.css?ver=5.8 HTTP/1.1" 200 1490 "https://serhatburke.miroglu.net/88701-2/" "Mozilla/5.0 (Windows NT 10.0; Win64; x64) AppleWebKit/537.36 (KHTML, like Gecko) Chrome/145.0.0.0 Safari/537.36"
163.61.182.63 - - [29/Apr/2026:13:16:35 +0300] "GET /wp-content/themes/toppic/css/fontello.css?ver=4.2 HTTP/1.1" 200 1802 "https://serhatburke.miroglu.net/88701-2/" "Mozilla/5.0 (Windows NT 10.0; Win64; x64) AppleWebKit/537.36 (KHTML, like Gecko) Chrome/145.0.0.0 Safari/537.36"
163.61.182.63 - - [29/Apr/2026:13:16:40 +0300] "GET /wp-content/themes/toppic/css/reset.css?ver=4.2 HTTP/1.1" 200 1178 "https://serhatburke.miroglu.net/88701-2/" "Mozilla/5.0 (Windows NT 10.0; Win64; x64) AppleWebKit/537.36 (KHTML, like Gecko) Chrome/145.0.0.0 Safari/537.36"
163.61.182.63 - - [29/Apr/2026:13:16:43 +0300] "GET /wp-content/themes/toppic/css/default.css?ver=4.2 HTTP/1.1" 200 1811 "https://serhatburke.miroglu.net/88701-2/" "Mozilla/5.0 (Windows NT 10.0; Win64; x64) AppleWebKit/537.36 (KHTML, like Gecko) Chrome/145.0.0.0 Safari/537.36"
163.61.182.63 - - [29/Apr/2026:13:16:46 +0300] "GET /wp-content/themes/toppic/style.css?ver=4.2 HTTP/1.1" 200 23398 "https://serhatburke.miroglu.net/88701-2/" "Mozilla/5.0 (Windows NT 10.0; Win64; x64) AppleWebKit/537.36 (KHTML, like Gecko) Chrome/145.0.0.0 Safari/537.36"
163.61.182.63 - - [29/Apr/2026:13:16:53 +0300] "GET /wp-content/themes/toppic/css/royalslider.css?ver=4.2 HTTP/1.1" 200 1887 "https://serhatburke.miroglu.net/88701-2/" "Mozilla/5.0 (Windows NT 10.0; Win64; x64) AppleWebKit/537.36 (KHTML, like Gecko) Chrome/145.0.0.0 Safari/537.36"
163.61.182.63 - - [29/Apr/2026:13:17:02 +0300] "GET /wp-content/themes/toppic/css/rs-default.css?ver=4.2 HTTP/1.1" 200 2625 "https://serhatburke.miroglu.net/88701-2/" "Mozilla/5.0 (Windows NT 10.0; Win64; x64) AppleWebKit/537.36 (KHTML, like Gecko) Chrome/145.0.0.0 Safari/537.36"
163.61.182.63 - - [29/Apr/2026:13:17:12 +0300] "GET /wp-content/themes/toppic/css/lightbox.css?ver=4.2 HTTP/1.1" 200 2956 "https://serhatburke.miroglu.net/88701-2/" "Mozilla/5.0 (Windows NT 10.0; Win64; x64) AppleWebKit/537.36 (KHTML, like Gecko) Chrome/145.0.0.0 Safari/537.36"
163.61.182.63 - - [29/Apr/2026:13:17:13 +0300] "GET /wp-content/themes/toppic/css/woocommerce.css?ver=4.2 HTTP/1.1" 200 2848 "https://serhatburke.miroglu.net/88701-2/" "Mozilla/5.0 (Windows NT 10.0; Win64; x64) AppleWebKit/537.36 (KHTML, like Gecko) Chrome/145.0.0.0 Safari/537.36"
163.61.182.63 - - [29/Apr/2026:13:17:18 +0300] "GET /wp-content/themes/toppic/css/responsive.css?ver=4.2 HTTP/1.1" 200 2796 "https://serhatburke.miroglu.net/88701-2/" "Mozilla/5.0 (Windows NT 10.0; Win64; x64) AppleWebKit/537.36 (KHTML, like Gecko) Chrome/145.0.0.0 Safari/537.36"
185.216.113.70 - - [29/Apr/2026:13:17:33 +0300] "POST /wp-cron.php?doing_wp_cron=1777457853.5371561050415039062500 HTTP/1.1" 200 448 "-" "WordPress/6.3.8; https://serhatburke.miroglu.net"
163.61.182.63 - - [29/Apr/2026:13:17:20 +0300] "POST /wp-comments-post.php HTTP/1.1" 302 1055 "https://serhatburke.miroglu.net/88701-2/" "Mozilla/5.0 (Macintosh; Intel Mac OS X 10_15_7) AppleWebKit/537.36 (KHTML, like Gecko) Chrome/146.0.0.0 Safari/537.36"
38.180.218.24 - - [29/Apr/2026:13:17:34 +0300] "GET /best-online-casinos-in-the-uk-2026-15-expert-rated-148/ HTTP/1.1" 200 0 "-" "Mozilla/5.0 (Windows NT 10.0; Win64; x64) AppleWebKit/537.36 (KHTML, like Gecko) Chrome/122.0.0.0 Safari/537.36"
38.180.218.24 - - [29/Apr/2026:13:17:45 +0300] "GET /best-online-casinos-in-the-uk-2026-15-expert-rated-148/ HTTP/1.1" 200 0 "-" "Mozilla/5.0 (Windows NT 10.0; Win64; x64) AppleWebKit/537.36 (KHTML, like Gecko) Chrome/122.0.0.0 Safari/537.36"
163.61.182.63 - - [29/Apr/2026:13:17:35 +0300] "GET /88701-2/?unapproved=879&moderation-hash=c339ef49a1728117df9912f9caae9dc1 HTTP/1.1" 200 18803 "https://serhatburke.miroglu.net/wp-comments-post.php" "Mozilla/5.0 (Macintosh; Intel Mac OS X 10_15_7) AppleWebKit/537.36 (KHTML, like Gecko) Chrome/146.0.0.0 Safari/537.36"
38.180.218.24 - - [29/Apr/2026:13:17:55 +0300] "GET /best-online-casinos-in-the-uk-2026-15-expert-rated-148/ HTTP/1.1" 200 0 "-" "Mozilla/5.0 (Windows NT 10.0; Win64; x64) AppleWebKit/537.36 (KHTML, like Gecko) Chrome/122.0.0.0 Safari/537.36"
163.61.182.63 - - [29/Apr/2026:13:18:01 +0300] "GET /88701-2/ HTTP/1.1" 200 18389 "-" "Mozilla/5.0 (compatible; Googlebot/2.1; +http://www.google.com/bot.html)"
38.180.218.24 - - [29/Apr/2026:13:18:06 +0300] "GET /best-online-casinos-in-the-uk-2026-15-expert-rated-148/ HTTP/1.1" 200 0 "-" "Mozilla/5.0 (Windows NT 10.0; Win64; x64) AppleWebKit/537.36 (KHTML, like Gecko) Chrome/122.0.0.0 Safari/537.36"
38.180.218.24 - - [29/Apr/2026:13:18:17 +0300] "GET /best-online-casinos-in-the-uk-2026-15-expert-rated-148/ HTTP/1.1" 200 0 "-" "Mozilla/5.0 (Windows NT 10.0; Win64; x64) AppleWebKit/537.36 (KHTML, like Gecko) Chrome/122.0.0.0 Safari/537.36"
50.159.103.207 - - [29/Apr/2026:13:18:13 +0300] "GET /beste-casino-site-belgie-hoge-inzet/ HTTP/1.1" 200 19265 "-" "Mozilla/5.0 (compatible; Googlebot/2.1; +http://www.google.com/bot.html)"
38.180.218.24 - - [29/Apr/2026:13:18:28 +0300] "GET /best-online-casinos-in-the-uk-2026-15-expert-rated-148/ HTTP/1.1" 200 0 "-" "Mozilla/5.0 (Windows NT 10.0; Win64; x64) AppleWebKit/537.36 (KHTML, like Gecko) Chrome/122.0.0.0 Safari/537.36"
185.216.113.70 - - [29/Apr/2026:13:18:41 +0300] "POST /wp-cron.php?doing_wp_cron=1777457921.1964540481567382812500 HTTP/1.1" 200 448 "-" "WordPress/6.3.8; https://serhatburke.miroglu.net"
169.224.13.59 - - [29/Apr/2026:13:18:50 +0300] "GET /wp-login.php HTTP/2" 200 3537 "-" "Mozilla/5.0 (Windows NT 10.0; Win64; x64) AppleWebKit/537.36"
169.224.13.59 - - [29/Apr/2026:13:19:03 +0300] "POST /wp-login.php HTTP/2" 302 0 "https://serhatburke.miroglu.net/wp-login.php" "Mozilla/5.0 (Windows NT 10.0; Win64; x64) AppleWebKit/537.36"
169.224.13.59 - - [29/Apr/2026:13:19:16 +0300] "GET /wp-admin/ HTTP/2" 200 27725 "https://serhatburke.miroglu.net/wp-login.php" "Mozilla/5.0 (Windows NT 10.0; Win64; x64) AppleWebKit/537.36"
185.216.113.70 - - [29/Apr/2026:13:19:41 +0300] "POST /wp-cron.php?doing_wp_cron=1777457981.1685669422149658203125 HTTP/1.1" 200 448 "-" "WordPress/6.3.8; https://serhatburke.miroglu.net"
169.224.13.59 - - [29/Apr/2026:13:19:29 +0300] "GET /wp-admin/ HTTP/2" 200 245545 "-" "Mozilla/5.0 (Windows NT 10.0; Win64; x64) AppleWebKit/537.36"
169.224.13.59 - - [29/Apr/2026:13:19:44 +0300] "POST /wp-json/wp/v2/posts HTTP/2" 201 8707 "-" "Mozilla/5.0 (Windows NT 10.0; Win64; x64) AppleWebKit/537.36"
185.216.113.70 - - [29/Apr/2026:13:20:09 +0300] "POST /wp-cron.php?doing_wp_cron=1777458009.7949309349060058593750 HTTP/1.1" 200 448 "-" "WordPress/6.3.8; https://serhatburke.miroglu.net"
169.224.13.59 - - [29/Apr/2026:13:19:57 +0300] "GET /?p=143769 HTTP/2" 301 0 "-" "Mozilla/5.0 (Windows NT 10.0; Win64; x64) AppleWebKit/537.36 (KHTML, like Gecko) Chrome/120.0.0.0 Safari/537.36"
185.216.113.70 - - [29/Apr/2026:13:21:02 +0300] "POST /wp-cron.php?doing_wp_cron=1777458062.1408801078796386718750 HTTP/1.1" 200 448 "-" "WordPress/6.3.8; https://serhatburke.miroglu.net"
91.242.215.171 - - [29/Apr/2026:13:20:49 +0300] "POST /xmlrpc.php HTTP/1.1" 200 630 "-" "Mozilla/5.0 (Windows NT 10.0; Win64; x64) AppleWebKit/537.36 (KHTML, like Gecko) Chrome/114.0.0.0 Safari/537.36"
91.242.215.171 - - [29/Apr/2026:13:21:10 +0300] "POST /xmlrpc.php HTTP/1.1" 200 14088 "-" "Mozilla/5.0 (Windows NT 10.0; Win64; x64) AppleWebKit/537.36 (KHTML, like Gecko) Chrome/114.0.0.0 Safari/537.36"
185.216.113.70 - - [29/Apr/2026:13:21:39 +0300] "POST /wp-cron.php?doing_wp_cron=1777458099.5109460353851318359375 HTTP/1.1" 200 448 "-" "WordPress/6.3.8; https://serhatburke.miroglu.net"
91.242.215.171 - - [29/Apr/2026:13:21:27 +0300] "GET /btc-oder-eth-wechseln-diesseitigen-realen-einsatzwert-indes-ihr-session/ HTTP/1.1" 200 79045 "-" "Mozilla/5.0 (Windows NT 10.0; Win64; x64) AppleWebKit/537.36 (KHTML, like Gecko) Chrome/109.0.0.0 Safari/537.36"
91.242.215.171 - - [29/Apr/2026:13:21:58 +0300] "POST /xmlrpc.php HTTP/1.1" 200 630 "-" "Mozilla/5.0 (Windows NT 10.0; Win64; x64) AppleWebKit/537.36 (KHTML, like Gecko) Chrome/114.0.0.0 Safari/537.36"
185.216.113.70 - - [29/Apr/2026:13:22:34 +0300] "POST /wp-cron.php?doing_wp_cron=1777458153.9799969196319580078125 HTTP/1.1" 200 448 "-" "WordPress/6.3.8; https://serhatburke.miroglu.net"
170.168.31.34 - - [29/Apr/2026:13:22:20 +0300] "GET /wp-login.php HTTP/2" 200 3537 "-" "Mozilla/5.0 (Windows NT 10.0; Win64; x64) AppleWebKit/537.36"
91.242.215.171 - - [29/Apr/2026:13:22:23 +0300] "POST /xmlrpc.php HTTP/1.1" 200 12921 "-" "Mozilla/5.0 (Windows NT 10.0; Win64; x64) AppleWebKit/537.36 (KHTML, like Gecko) Chrome/114.0.0.0 Safari/537.36"
170.168.31.34 - - [29/Apr/2026:13:22:34 +0300] "POST /wp-login.php HTTP/2" 302 0 "https://serhatburke.miroglu.net/wp-login.php" "Mozilla/5.0 (Windows NT 10.0; Win64; x64) AppleWebKit/537.36"
91.242.215.171 - - [29/Apr/2026:13:22:40 +0300] "GET /ich-habe-ebendiese-erfolgreichsten-unter-anderem-seriosesten-angebote-pro-deutsche-zocker-nachgewiesen/ HTTP/1.1" 200 78249 "-" "Mozilla/5.0 (Windows NT 10.0; Win64; x64; rv:125.0) Gecko/20100101 Firefox/125.0"
170.168.31.34 - - [29/Apr/2026:13:22:54 +0300] "GET /wp-admin/ HTTP/2" 200 246056 "https://serhatburke.miroglu.net/wp-login.php" "Mozilla/5.0 (Windows NT 10.0; Win64; x64) AppleWebKit/537.36"
170.168.31.34 - - [29/Apr/2026:13:23:09 +0300] "GET /wp-admin/ HTTP/2" 200 245493 "-" "Mozilla/5.0 (Windows NT 10.0; Win64; x64) AppleWebKit/537.36"
170.168.31.34 - - [29/Apr/2026:13:23:21 +0300] "POST /wp-json/wp/v2/posts HTTP/2" 201 8944 "-" "Mozilla/5.0 (Windows NT 10.0; Win64; x64) AppleWebKit/537.36"
91.242.215.171 - - [29/Apr/2026:13:23:23 +0300] "POST /xmlrpc.php HTTP/1.1" 200 630 "-" "Mozilla/5.0 (Windows NT 10.0; Win64; x64) AppleWebKit/537.36 (KHTML, like Gecko) Chrome/114.0.0.0 Safari/537.36"
185.216.113.70 - - [29/Apr/2026:13:23:46 +0300] "POST /wp-cron.php?doing_wp_cron=1777458226.3760991096496582031250 HTTP/1.1" 200 448 "-" "WordPress/6.3.8; https://serhatburke.miroglu.net"
170.168.31.34 - - [29/Apr/2026:13:23:34 +0300] "GET /?p=143774 HTTP/2" 301 0 "-" "Mozilla/5.0 (Windows NT 10.0; Win64; x64) AppleWebKit/537.36 (KHTML, like Gecko) Chrome/120.0.0.0 Safari/537.36"
91.242.215.171 - - [29/Apr/2026:13:23:42 +0300] "POST /xmlrpc.php HTTP/1.1" 200 14807 "-" "Mozilla/5.0 (Windows NT 10.0; Win64; x64) AppleWebKit/537.36 (KHTML, like Gecko) Chrome/114.0.0.0 Safari/537.36"
91.242.215.171 - - [29/Apr/2026:13:23:57 +0300] "GET /du-kannst-rein-gedanklich-sekundar-permanent-kostenlos-die-angebote-renommierter-casinos-pluspunkt/ HTTP/1.1" 200 80095 "-" "Mozilla/5.0 (Windows NT 10.0; rv:109.0) Gecko/20100101 Firefox/115.0"
185.232.21.250 - - [29/Apr/2026:13:24:08 +0300] "POST /xmlrpc.php HTTP/1.1" 200 767 "https://serhatburke.miroglu.net/" "Mozilla/5.0 (Windows NT 10.0; Win64; x64) AppleWebKit/537.36 (KHTML, like Gecko) Chrome/122.0.0.0 Safari/537.36"
185.216.113.70 - - [29/Apr/2026:13:24:46 +0300] "POST /wp-cron.php?doing_wp_cron=1777458286.3591630458831787109375 HTTP/1.1" 200 448 "-" "WordPress/6.3.8; https://serhatburke.miroglu.net"
91.242.215.171 - - [29/Apr/2026:13:24:32 +0300] "POST /xmlrpc.php HTTP/1.1" 200 630 "-" "Mozilla/5.0 (Windows NT 10.0; Win64; x64) AppleWebKit/537.36 (KHTML, like Gecko) Chrome/114.0.0.0 Safari/537.36"
185.216.113.70 - - [29/Apr/2026:13:24:59 +0300] "POST /wp-cron.php?doing_wp_cron=1777458299.4955170154571533203125 HTTP/1.1" 200 448 "-" "WordPress/6.3.8; https://serhatburke.miroglu.net"
172.93.215.204 - - [29/Apr/2026:13:24:45 +0300] "GET /88701-2/ HTTP/1.1" 200 18401 "https://serhatburke.miroglu.net/" "Mozilla/5.0 (Macintosh; Intel Mac OS X 10_15_7) AppleWebKit/605.1.15 (KHTML, like Gecko) Version/18.6 Safari/605.1.15"
172.93.215.204 - - [29/Apr/2026:13:25:00 +0300] "GET /wp-includes/css/dist/block-library/style.min.css?ver=6.3.8 HTTP/1.1" 200 13578 "https://serhatburke.miroglu.net/88701-2/" "Mozilla/5.0 (Windows NT 10.0; Win64; x64) AppleWebKit/537.36 (KHTML, like Gecko) Chrome/145.0.0.0 Safari/537.36"
172.93.215.204 - - [29/Apr/2026:13:25:01 +0300] "GET /wp-content/plugins/contact-form-7/includes/css/styles.css?ver=5.8 HTTP/1.1" 200 1490 "https://serhatburke.miroglu.net/88701-2/" "Mozilla/5.0 (Windows NT 10.0; Win64; x64) AppleWebKit/537.36 (KHTML, like Gecko) Chrome/145.0.0.0 Safari/537.36"
172.93.215.204 - - [29/Apr/2026:13:25:01 +0300] "GET /wp-content/themes/toppic/css/fontello.css?ver=4.2 HTTP/1.1" 200 1802 "https://serhatburke.miroglu.net/88701-2/" "Mozilla/5.0 (Windows NT 10.0; Win64; x64) AppleWebKit/537.36 (KHTML, like Gecko) Chrome/145.0.0.0 Safari/537.36"
172.93.215.204 - - [29/Apr/2026:13:25:02 +0300] "GET /wp-content/themes/toppic/css/reset.css?ver=4.2 HTTP/1.1" 200 1178 "https://serhatburke.miroglu.net/88701-2/" "Mozilla/5.0 (Windows NT 10.0; Win64; x64) AppleWebKit/537.36 (KHTML, like Gecko) Chrome/145.0.0.0 Safari/537.36"
172.93.215.204 - - [29/Apr/2026:13:25:03 +0300] "GET /wp-content/themes/toppic/css/default.css?ver=4.2 HTTP/1.1" 200 1811 "https://serhatburke.miroglu.net/88701-2/" "Mozilla/5.0 (Windows NT 10.0; Win64; x64) AppleWebKit/537.36 (KHTML, like Gecko) Chrome/145.0.0.0 Safari/537.36"
172.93.215.204 - - [29/Apr/2026:13:25:03 +0300] "GET /wp-content/themes/toppic/style.css?ver=4.2 HTTP/1.1" 200 23398 "https://serhatburke.miroglu.net/88701-2/" "Mozilla/5.0 (Windows NT 10.0; Win64; x64) AppleWebKit/537.36 (KHTML, like Gecko) Chrome/145.0.0.0 Safari/537.36"
172.93.215.204 - - [29/Apr/2026:13:25:04 +0300] "GET /wp-content/themes/toppic/css/royalslider.css?ver=4.2 HTTP/1.1" 200 1887 "https://serhatburke.miroglu.net/88701-2/" "Mozilla/5.0 (Windows NT 10.0; Win64; x64) AppleWebKit/537.36 (KHTML, like Gecko) Chrome/145.0.0.0 Safari/537.36"
172.93.215.204 - - [29/Apr/2026:13:25:04 +0300] "GET /wp-content/themes/toppic/css/rs-default.css?ver=4.2 HTTP/1.1" 200 2625 "https://serhatburke.miroglu.net/88701-2/" "Mozilla/5.0 (Windows NT 10.0; Win64; x64) AppleWebKit/537.36 (KHTML, like Gecko) Chrome/145.0.0.0 Safari/537.36"
172.93.215.204 - - [29/Apr/2026:13:25:05 +0300] "GET /wp-content/themes/toppic/css/lightbox.css?ver=4.2 HTTP/1.1" 200 2956 "https://serhatburke.miroglu.net/88701-2/" "Mozilla/5.0 (Windows NT 10.0; Win64; x64) AppleWebKit/537.36 (KHTML, like Gecko) Chrome/145.0.0.0 Safari/537.36"
172.93.215.204 - - [29/Apr/2026:13:25:05 +0300] "GET /wp-content/themes/toppic/css/woocommerce.css?ver=4.2 HTTP/1.1" 200 2848 "https://serhatburke.miroglu.net/88701-2/" "Mozilla/5.0 (Windows NT 10.0; Win64; x64) AppleWebKit/537.36 (KHTML, like Gecko) Chrome/145.0.0.0 Safari/537.36"
172.93.215.204 - - [29/Apr/2026:13:25:06 +0300] "GET /wp-content/themes/toppic/css/responsive.css?ver=4.2 HTTP/1.1" 200 2796 "https://serhatburke.miroglu.net/88701-2/" "Mozilla/5.0 (Windows NT 10.0; Win64; x64) AppleWebKit/537.36 (KHTML, like Gecko) Chrome/145.0.0.0 Safari/537.36"
91.242.215.171 - - [29/Apr/2026:13:24:58 +0300] "POST /xmlrpc.php HTTP/1.1" 200 11534 "-" "Mozilla/5.0 (Windows NT 10.0; Win64; x64) AppleWebKit/537.36 (KHTML, like Gecko) Chrome/114.0.0.0 Safari/537.36"
172.93.215.204 - - [29/Apr/2026:13:25:06 +0300] "POST /wp-comments-post.php HTTP/1.1" 302 1055 "https://serhatburke.miroglu.net/88701-2/" "Mozilla/5.0 (Macintosh; Intel Mac OS X 10_15_7) AppleWebKit/605.1.15 (KHTML, like Gecko) Version/18.6 Safari/605.1.15"
163.61.182.63 - - [29/Apr/2026:13:25:11 +0300] "GET /88701-2/ HTTP/1.1" 200 18389 "-" "Mozilla/5.0 (compatible; Googlebot/2.1; +http://www.google.com/bot.html)"
216.26.225.117 - - [29/Apr/2026:13:25:30 +0300] "HEAD / HTTP/1.1" 200 0 "-" "Mozilla/5.0 (Macintosh; Intel Mac OS X 10_15_7) AppleWebKit/605.1.15 (KHTML, like Gecko) Version/18.3 Safari/605.1.15"
91.242.215.171 - - [29/Apr/2026:13:25:27 +0300] "GET /die-mehrheit-spielbanken-trifft-man-auf-hinein-den-bundeslandern-niedersachsen-10-spielbanken-bayern-eight-spielbanken/ HTTP/1.1" 200 77932 "-" "Mozilla/5.0 (Windows NT 10.0; Win64; x64; rv:124.0) Gecko/20100101 Firefox/124.0"
172.93.215.204 - - [29/Apr/2026:13:25:31 +0300] "GET /88701-2/?unapproved=880&moderation-hash=b0442018603faaef6a2f0209e178e046 HTTP/1.1" 200 18807 "https://serhatburke.miroglu.net/wp-comments-post.php" "Mozilla/5.0 (Macintosh; Intel Mac OS X 10_15_7) AppleWebKit/605.1.15 (KHTML, like Gecko) Version/18.6 Safari/605.1.15"
216.26.225.117 - - [29/Apr/2026:13:25:46 +0300] "HEAD / HTTP/1.1" 200 0 "-" "Mozilla/5.0 (Macintosh; Intel Mac OS X 10_15_7) AppleWebKit/605.1.15 (KHTML, like Gecko) Version/18.3 Safari/605.1.15"
185.216.113.70 - - [29/Apr/2026:13:26:07 +0300] "POST /wp-cron.php?doing_wp_cron=1777458367.6485240459442138671875 HTTP/1.1" 200 448 "-" "WordPress/6.3.8; https://serhatburke.miroglu.net"
41.242.161.4 - - [29/Apr/2026:13:25:40 +0300] "GET /wp-login.php HTTP/2" 200 3537 "-" "Mozilla/5.0 (Windows NT 10.0; Win64; x64) AppleWebKit/537.36"
65.111.21.100 - - [29/Apr/2026:13:26:03 +0300] "HEAD / HTTP/1.1" 200 0 "-" "Mozilla/5.0 (Macintosh; Intel Mac OS X 10_15_7) AppleWebKit/605.1.15 (KHTML, like Gecko) Version/18.3 Safari/605.1.15"
185.216.113.70 - - [29/Apr/2026:13:26:19 +0300] "POST /wp-cron.php?doing_wp_cron=1777458379.5477991104125976562500 HTTP/1.1" 200 448 "-" "WordPress/6.3.8; https://serhatburke.miroglu.net"
91.242.215.171 - - [29/Apr/2026:13:25:50 +0300] "POST /xmlrpc.php HTTP/1.1" 200 630 "-" "Mozilla/5.0 (Windows NT 10.0; Win64; x64) AppleWebKit/537.36 (KHTML, like Gecko) Chrome/114.0.0.0 Safari/537.36"
185.216.113.70 - - [29/Apr/2026:13:26:35 +0300] "POST /wp-cron.php?doing_wp_cron=1777458394.7977299690246582031250 HTTP/1.1" 200 448 "-" "WordPress/6.3.8; https://serhatburke.miroglu.net"
65.111.21.100 - - [29/Apr/2026:13:26:20 +0300] "HEAD / HTTP/1.1" 200 0 "-" "Mozilla/5.0 (Macintosh; Intel Mac OS X 10_15_7) AppleWebKit/605.1.15 (KHTML, like Gecko) Version/18.3 Safari/605.1.15"
172.93.215.204 - - [29/Apr/2026:13:26:00 +0300] "GET /88701-2/ HTTP/1.1" 200 18389 "-" "Mozilla/5.0 (compatible; Googlebot/2.1; +http://www.google.com/bot.html)"
185.216.113.70 - - [29/Apr/2026:13:26:37 +0300] "POST /wp-cron.php?doing_wp_cron=1777458397.4545800685882568359375 HTTP/1.1" 200 448 "-" "WordPress/6.3.8; https://serhatburke.miroglu.net"
41.242.161.4 - - [29/Apr/2026:13:26:08 +0300] "POST /wp-login.php HTTP/2" 200 0 "https://serhatburke.miroglu.net/wp-login.php" "Mozilla/5.0 (Windows NT 10.0; Win64; x64) AppleWebKit/537.36"
45.3.39.192 - - [29/Apr/2026:13:26:36 +0300] "HEAD / HTTP/1.1" 200 0 "-" "Mozilla/5.0 (Windows NT 10.0; Win64; x64) AppleWebKit/537.36 (KHTML, like Gecko) Chrome/132.0.0.0 Safari/537.36"
91.236.142.3 - - [29/Apr/2026:13:26:25 +0300] "GET /88701-2/ HTTP/1.1" 200 0 "-" "Mozilla/5.0 (X11; Linux i686) AppleWebKit/537.36 (KHTML, like Gecko) Chrome/114.0.0.0 Safari/537.36 Vivaldi/5.3.2679.68"
200.15.17.22 - - [29/Apr/2026:13:26:33 +0300] "GET /wp-login.php HTTP/2" 200 0 "-" "Mozilla/5.0 (Windows NT 10.0; Win64; x64) AppleWebKit/537.36"
130.49.76.168 - - [29/Apr/2026:13:26:38 +0300] "GET /wp-login.php HTTP/2" 200 0 "-" "Mozilla/5.0 (Windows NT 10.0; Win64; x64) AppleWebKit/537.36"
45.3.39.192 - - [29/Apr/2026:13:26:53 +0300] "HEAD / HTTP/1.1" 200 0 "-" "Mozilla/5.0 (Windows NT 10.0; Win64; x64) AppleWebKit/537.36 (KHTML, like Gecko) Chrome/132.0.0.0 Safari/537.36"
91.242.215.171 - - [29/Apr/2026:13:26:37 +0300] "POST /xmlrpc.php HTTP/1.1" 200 12235 "-" "Mozilla/5.0 (Windows NT 10.0; Win64; x64) AppleWebKit/537.36 (KHTML, like Gecko) Chrome/114.0.0.0 Safari/537.36"
67.143.160.27 - - [29/Apr/2026:13:27:08 +0300] "GET /wp-login.php HTTP/2" 200 0 "-" "Mozilla/5.0 (Windows NT 10.0; Win64; x64) AppleWebKit/537.36"
185.216.113.70 - - [29/Apr/2026:13:27:39 +0300] "POST /wp-cron.php?doing_wp_cron=1777458459.3621931076049804687500 HTTP/1.1" 200 448 "-" "WordPress/6.3.8; https://serhatburke.miroglu.net"
177.200.149.157 - - [29/Apr/2026:13:27:10 +0300] "GET /wp-login.php HTTP/2" 200 0 "-" "Mozilla/5.0 (Windows NT 10.0; Win64; x64) AppleWebKit/537.36"
185.216.113.70 - - [29/Apr/2026:13:27:55 +0300] "POST /wp-cron.php?doing_wp_cron=1777458475.7751069068908691406250 HTTP/1.1" 200 448 "-" "WordPress/6.3.8; https://serhatburke.miroglu.net"
185.216.113.70 - - [29/Apr/2026:13:27:56 +0300] "POST /wp-cron.php?doing_wp_cron=1777458476.5592050552368164062500 HTTP/1.1" 200 448 "-" "WordPress/6.3.8; https://serhatburke.miroglu.net"
91.242.215.171 - - [29/Apr/2026:13:27:09 +0300] "POST /xmlrpc.php HTTP/1.1" 200 630 "-" "Mozilla/5.0 (Windows NT 10.0; Win64; x64) AppleWebKit/537.36 (KHTML, like Gecko) Chrome/114.0.0.0 Safari/537.36"
172.93.215.204 - - [29/Apr/2026:13:27:31 +0300] "GET /88701-2/ HTTP/1.1" 200 0 "-" "Mozilla/5.0 (compatible; Googlebot/2.1; +http://www.google.com/bot.html)"
79.103.253.246 - - [29/Apr/2026:13:27:38 +0300] "GET /wp-login.php HTTP/2" 200 0 "-" "Mozilla/5.0 (Windows NT 10.0; Win64; x64) AppleWebKit/537.36"
185.216.113.70 - - [29/Apr/2026:13:28:25 +0300] "POST /wp-cron.php?doing_wp_cron=1777458505.2505469322204589843750 HTTP/1.1" 200 448 "-" "WordPress/6.3.8; https://serhatburke.miroglu.net"
113.178.56.74 - - [29/Apr/2026:13:28:10 +0300] "GET /wp-login.php HTTP/2" 200 0 "-" "Mozilla/5.0 (Windows NT 10.0; Win64; x64) AppleWebKit/537.36"
185.216.113.70 - - [29/Apr/2026:13:28:41 +0300] "POST /wp-cron.php?doing_wp_cron=1777458521.5680620670318603515625 HTTP/1.1" 200 448 "-" "WordPress/6.3.8; https://serhatburke.miroglu.net"
91.242.215.171 - - [29/Apr/2026:13:27:34 +0300] "GET /parece-existireren-aufwarts-unserer-erleben-jede-menge-gute-web-preloaded-apps-aber-untergeordnet-empfehlenswerte-native-bitcoin-kasino-smartphone-apps/ HTTP/1.1" 200 79344 "-" "Mozilla/5.0 (Windows NT 10.0; rv:109.0) Gecko/20100101 Firefox/115.0"
37.208.73.220 - - [29/Apr/2026:13:28:26 +0300] "GET /wp-login.php HTTP/2" 200 0 "-" "Mozilla/5.0 (Windows NT 10.0; Win64; x64) AppleWebKit/537.36"
223.205.205.68 - - [29/Apr/2026:13:28:42 +0300] "GET /wp-login.php HTTP/2" 200 0 "-" "Mozilla/5.0 (Windows NT 10.0; Win64; x64) AppleWebKit/537.36"
123.253.49.235 - - [29/Apr/2026:13:28:58 +0300] "GET /wp-login.php HTTP/2" 200 0 "-" "Mozilla/5.0 (Windows NT 10.0; Win64; x64) AppleWebKit/537.36"
52.167.144.175 - - [29/Apr/2026:13:28:51 +0300] "GET /oczywiscie-jesli-transmisji-w-twitchu-czy-czy-nie-youtube-sportowcy-staja-sie-dostawa-do-kodow-specjalnych/ HTTP/2" 200 0 "-" "Mozilla/5.0 AppleWebKit/537.36 (KHTML, like Gecko; compatible; bingbot/2.0; +http://www.bing.com/bingbot.htm) Chrome/116.0.1938.76 Safari/537.36"
40.77.167.27 - - [29/Apr/2026:13:28:58 +0300] "GET /online-kaszino-elvezd-a-valodi-penzes-jatekokat-legjobb-befizetes-nelkuli-kaszino-verde-casino-a-pokerstarson/ HTTP/2" 200 0 "-" "Mozilla/5.0 AppleWebKit/537.36 (KHTML, like Gecko; compatible; bingbot/2.0; +http://www.bing.com/bingbot.htm) Chrome/116.0.1938.76 Safari/537.36"
40.77.167.27 - - [29/Apr/2026:13:28:59 +0300] "GET /eye-of-horus-tricks-tipps-maklercourtage-bonus-verwendet-goldbet-enthullt-2026/ HTTP/2" 200 0 "-" "Mozilla/5.0 AppleWebKit/537.36 (KHTML, like Gecko; compatible; bingbot/2.0; +http://www.bing.com/bingbot.htm) Chrome/116.0.1938.76 Safari/537.36"
40.77.167.17 - - [29/Apr/2026:13:29:02 +0300] "GET /getting-to-a-program-from-the-local-casino-du-lac-leamy/ HTTP/2" 200 0 "-" "Mozilla/5.0 AppleWebKit/537.36 (KHTML, like Gecko; compatible; bingbot/2.0; +http://www.bing.com/bingbot.htm) Chrome/116.0.1938.76 Safari/537.36"
181.116.61.183 - - [29/Apr/2026:13:29:30 +0300] "GET /wp-login.php HTTP/2" 200 0 "-" "Mozilla/5.0 (Windows NT 10.0; Win64; x64) AppleWebKit/537.36"
91.242.215.171 - - [29/Apr/2026:13:28:13 +0300] "POST /xmlrpc.php HTTP/1.1" 500 745 "-" "Mozilla/5.0 (Windows NT 10.0; Win64; x64) AppleWebKit/537.36 (KHTML, like Gecko) Chrome/114.0.0.0 Safari/537.36"
196.119.122.129 - - [29/Apr/2026:13:30:00 +0300] "GET /wp-login.php HTTP/2" 200 0 "-" "Mozilla/5.0 (Windows NT 10.0; Win64; x64) AppleWebKit/537.36"
37.139.53.240 - - [29/Apr/2026:13:29:56 +0300] "POST / HTTP/2" 200 0 "-" "Mozilla/5.0 (Macintosh; Intel Mac OS X 10_15_7) AppleWebKit/605.1.15 (KHTML, like Gecko) Version/18.0 Safari/605.1.15"
52.167.144.175 - - [29/Apr/2026:13:29:51 +0300] "GET /kraken-bezopasnyi-i-anonimnyi-vkhod-v-darknet-2026/ HTTP/2" 200 0 "-" "Mozilla/5.0 AppleWebKit/537.36 (KHTML, like Gecko; compatible; bingbot/2.0; +http://www.bing.com/bingbot.htm) Chrome/116.0.1938.76 Safari/537.36"
185.216.113.70 - - [29/Apr/2026:13:30:44 +0300] "POST /wp-cron.php?doing_wp_cron=1777458644.2635569572448730468750 HTTP/1.1" 200 448 "-" "WordPress/6.3.8; https://serhatburke.miroglu.net"
40.77.167.17 - - [29/Apr/2026:13:29:58 +0300] "GET /safari-sam-position-viewpoint-raging-rhino-status-2026-100-percent-15-dollar-free-no-deposit-online-casinos-free-goldbet-no-put-bonus-requirements-2026-delight-in-demonstration/ HTTP/2" 200 0 "-" "Mozilla/5.0 AppleWebKit/537.36 (KHTML, like Gecko; compatible; bingbot/2.0; +http://www.bing.com/bingbot.htm) Chrome/116.0.1938.76 Safari/537.36"
91.242.215.171 - - [29/Apr/2026:13:28:53 +0300] "POST /xmlrpc.php HTTP/1.1" 500 745 "-" "Mozilla/5.0 (Windows NT 10.0; Win64; x64) AppleWebKit/537.36 (KHTML, like Gecko) Chrome/114.0.0.0 Safari/537.36"
94.158.60.102 - - [29/Apr/2026:13:30:31 +0300] "GET /wp-login.php HTTP/2" 200 0 "-" "Mozilla/5.0 (Windows NT 10.0; Win64; x64) AppleWebKit/537.36"
37.139.53.240 - - [29/Apr/2026:13:30:31 +0300] "POST / HTTP/2" 200 0 "-" "Mozilla/5.0 (Macintosh; Intel Mac OS X 10.15; rv:135.0) Gecko/20100101 Firefox/135.0"
185.216.113.70 - - [29/Apr/2026:13:31:07 +0300] "POST /wp-cron.php?doing_wp_cron=1777458666.9945280551910400390625 HTTP/1.1" 200 448 "-" "WordPress/6.3.8; https://serhatburke.miroglu.net"
91.242.215.171 - - [29/Apr/2026:13:29:35 +0300] "POST /xmlrpc.php HTTP/1.1" 200 630 "-" "Mozilla/5.0 (Windows NT 10.0; Win64; x64) AppleWebKit/537.36 (KHTML, like Gecko) Chrome/114.0.0.0 Safari/537.36"
185.216.113.70 - - [29/Apr/2026:13:31:18 +0300] "POST /wp-cron.php?doing_wp_cron=1777458677.9635910987854003906250 HTTP/1.1" 200 448 "-" "WordPress/6.3.8; https://serhatburke.miroglu.net"
91.242.215.171 - - [29/Apr/2026:13:30:06 +0300] "POST /xmlrpc.php HTTP/1.1" 200 13735 "-" "Mozilla/5.0 (Windows NT 10.0; Win64; x64) AppleWebKit/537.36 (KHTML, like Gecko) Chrome/114.0.0.0 Safari/537.36"
185.216.113.70 - - [29/Apr/2026:13:31:25 +0300] "POST /wp-cron.php?doing_wp_cron=1777458684.8430280685424804687500 HTTP/1.1" 200 448 "-" "WordPress/6.3.8; https://serhatburke.miroglu.net"
91.242.215.171 - - [29/Apr/2026:13:30:27 +0300] "POST /xmlrpc.php HTTP/1.1" 200 630 "-" "Mozilla/5.0 (Windows NT 10.0; Win64; x64) AppleWebKit/537.36 (KHTML, like Gecko) Chrome/114.0.0.0 Safari/537.36"
185.216.113.70 - - [29/Apr/2026:13:31:32 +0300] "POST /wp-cron.php?doing_wp_cron=1777458692.4522840976715087890625 HTTP/1.1" 200 448 "-" "WordPress/6.3.8; https://serhatburke.miroglu.net"
91.242.215.171 - - [29/Apr/2026:13:30:37 +0300] "POST /xmlrpc.php HTTP/1.1" 500 1102 "-" "Mozilla/5.0 (Windows NT 10.0; Win64; x64) AppleWebKit/537.36 (KHTML, like Gecko) Chrome/114.0.0.0 Safari/537.36"
52.167.144.175 - - [29/Apr/2026:13:30:50 +0300] "GET /volte-giochi-con-laggiunta-di-popolari-nei-casa-da-gioco-bitcoin-considerazione-completa-del-scambio/ HTTP/2" 200 0 "-" "Mozilla/5.0 AppleWebKit/537.36 (KHTML, like Gecko; compatible; bingbot/2.0; +http://www.bing.com/bingbot.htm) Chrome/116.0.1938.76 Safari/537.36"
185.216.113.70 - - [29/Apr/2026:13:32:13 +0300] "POST /wp-cron.php?doing_wp_cron=1777458733.2436990737915039062500 HTTP/1.1" 200 448 "-" "WordPress/6.3.8; https://serhatburke.miroglu.net"
91.242.215.171 - - [29/Apr/2026:13:31:10 +0300] "POST /xmlrpc.php HTTP/1.1" 200 630 "-" "Mozilla/5.0 (Windows NT 10.0; Win64; x64) AppleWebKit/537.36 (KHTML, like Gecko) Chrome/114.0.0.0 Safari/537.36"
91.242.215.171 - - [29/Apr/2026:13:31:17 +0300] "POST /xmlrpc.php HTTP/1.1" 200 11435 "-" "Mozilla/5.0 (Windows NT 10.0; Win64; x64) AppleWebKit/537.36 (KHTML, like Gecko) Chrome/114.0.0.0 Safari/537.36"
185.216.113.70 - - [29/Apr/2026:13:32:19 +0300] "POST /wp-cron.php?doing_wp_cron=1777458739.6638660430908203125000 HTTP/1.1" 200 448 "-" "WordPress/6.3.8; https://serhatburke.miroglu.net"
91.242.215.171 - - [29/Apr/2026:13:31:21 +0300] "GET /seitdem-darf-bei-keramiken-den-fishnet-glucksstrahne-zeigen-weiters-begleitend-gastronomische-kostlichkeiten-genieen/ HTTP/1.1" 200 79701 "-" "Mozilla/5.0 (Windows NT 10.0; Win64; x64) AppleWebKit/537.36 (KHTML, like Gecko) Chrome/123.0.0.0 Safari/537.36"
186.122.10.0 - - [29/Apr/2026:13:31:58 +0300] "GET /wp-login.php HTTP/2" 200 0 "-" "Mozilla/5.0 (Windows NT 10.0; Win64; x64) AppleWebKit/537.36"
185.216.113.70 - - [29/Apr/2026:13:32:35 +0300] "POST /wp-cron.php?doing_wp_cron=1777458755.5131690502166748046875 HTTP/1.1" 200 448 "-" "WordPress/6.3.8; https://serhatburke.miroglu.net"
91.242.215.171 - - [29/Apr/2026:13:31:38 +0300] "POST /xmlrpc.php HTTP/1.1" 200 10174 "-" "Mozilla/5.0 (Windows NT 10.0; Win64; x64) AppleWebKit/537.36 (KHTML, like Gecko) Chrome/114.0.0.0 Safari/537.36"
185.216.113.70 - - [29/Apr/2026:13:32:54 +0300] "POST /wp-cron.php?doing_wp_cron=1777458774.2377109527587890625000 HTTP/1.1" 200 448 "-" "WordPress/6.3.8; https://serhatburke.miroglu.net"
90.25.253.169 - - [29/Apr/2026:13:32:28 +0300] "GET /wp-login.php HTTP/2" 200 0 "-" "Mozilla/5.0 (Windows NT 10.0; Win64; x64) AppleWebKit/537.36"
185.216.113.70 - - [29/Apr/2026:13:33:15 +0300] "POST /wp-cron.php?doing_wp_cron=1777458794.8427190780639648437500 HTTP/1.1" 200 448 "-" "WordPress/6.3.8; https://serhatburke.miroglu.net"
91.242.215.171 - - [29/Apr/2026:13:32:18 +0300] "GET /u-a-fahig-sein-unser-gamer-an-regelmaigen-turnieren-anteil-haben-um-ein-spielvergnugen-zu-inkrementieren/ HTTP/1.1" 200 77162 "-" "Mozilla/5.0 (Windows NT 10.0; Win64; x64) AppleWebKit/537.36 (KHTML, like Gecko) Chrome/123.0.0.0 Safari/537.36 OPR/109.0.0.0"
185.216.113.70 - - [29/Apr/2026:13:33:24 +0300] "POST /wp-cron.php?doing_wp_cron=1777458804.6528339385986328125000 HTTP/1.1" 200 448 "-" "WordPress/6.3.8; https://serhatburke.miroglu.net"
185.101.21.167 - - [29/Apr/2026:13:32:58 +0300] "GET /wp-login.php HTTP/2" 200 0 "-" "Mozilla/5.0 (Windows NT 10.0; Win64; x64) AppleWebKit/537.36"
185.216.113.70 - - [29/Apr/2026:13:33:35 +0300] "POST /wp-cron.php?doing_wp_cron=1777458815.7514491081237792968750 HTTP/1.1" 200 448 "-" "WordPress/6.3.8; https://serhatburke.miroglu.net"
91.242.215.171 - - [29/Apr/2026:13:32:37 +0300] "POST /xmlrpc.php HTTP/1.1" 200 13478 "-" "Mozilla/5.0 (Windows NT 10.0; Win64; x64) AppleWebKit/537.36 (KHTML, like Gecko) Chrome/114.0.0.0 Safari/537.36"
185.216.113.70 - - [29/Apr/2026:13:33:38 +0300] "POST /wp-cron.php?doing_wp_cron=1777458818.1749360561370849609375 HTTP/1.1" 200 448 "-" "WordPress/6.3.8; https://serhatburke.miroglu.net"
91.242.215.171 - - [29/Apr/2026:13:32:38 +0300] "GET /eignen-storungsfrei-dahinter-auffuhren-unter-anderem-offerte-jedem-bunte-grafiken-sofern-spannende-themen/ HTTP/1.1" 200 75752 "-" "Mozilla/5.0 (Windows NT 10.0; rv:109.0) Gecko/20100101 Firefox/115.0"
185.216.113.70 - - [29/Apr/2026:13:33:54 +0300] "POST /wp-cron.php?doing_wp_cron=1777458834.2596409320831298828125 HTTP/1.1" 200 448 "-" "WordPress/6.3.8; https://serhatburke.miroglu.net"
41.242.161.4 - - [29/Apr/2026:13:33:29 +0300] "GET /wp-login.php HTTP/2" 200 0 "-" "Mozilla/5.0 (Windows NT 10.0; Win64; x64) AppleWebKit/537.36"
170.168.174.48 - - [29/Apr/2026:13:34:00 +0300] "GET /wp-login.php HTTP/2" 200 0 "-" "Mozilla/5.0 (Windows NT 10.0; Win64; x64) AppleWebKit/537.36"
91.242.215.171 - - [29/Apr/2026:13:33:44 +0300] "GET /sofern-schon-nicht-klar-ist-zukommen-lassen-die-kunden-diesem-team-direktemang-nicht-mehr-da-einem-kontur-folgende-bericht/ HTTP/1.1" 200 79493 "-" "Mozilla/5.0 (Windows NT 10.0; Win64; x64) AppleWebKit/537.36 (KHTML, like Gecko) Chrome/109.0.0.0 Safari/537.36"
185.99.255.75 - - [29/Apr/2026:13:33:56 +0300] "GET /beste-casino-site-belgie-hoge-inzet/ HTTP/1.1" 200 19281 "https://serhatburke.miroglu.net/" "Mozilla/5.0 (X11; Linux x86_64) AppleWebKit/537.36 (KHTML, like Gecko) Chrome/114.0.0.0 Safari/537.36 OPR/89.0.4447.51"
200.50.44.98 - - [29/Apr/2026:13:34:27 +0300] "GET /wp-login.php HTTP/2" 200 0 "-" "Mozilla/5.0 (Windows NT 10.0; Win64; x64) AppleWebKit/537.36"
185.216.113.70 - - [29/Apr/2026:13:35:04 +0300] "POST /wp-cron.php?doing_wp_cron=1777458904.7615160942077636718750 HTTP/1.1" 200 448 "-" "WordPress/6.3.8; https://serhatburke.miroglu.net"
185.216.113.70 - - [29/Apr/2026:13:35:06 +0300] "POST /wp-cron.php?doing_wp_cron=1777458905.9816598892211914062500 HTTP/1.1" 200 448 "-" "WordPress/6.3.8; https://serhatburke.miroglu.net"
185.99.255.75 - - [29/Apr/2026:13:34:27 +0300] "GET /beste-casino-site-belgie-hoge-inzet/ HTTP/1.1" 200 19270 "https://serhatburke.miroglu.net/" "Mozilla/5.0 (X11; Linux x86_64) AppleWebKit/537.36 (KHTML, like Gecko) Chrome/114.0.0.0 Safari/537.36 OPR/89.0.4447.51"
185.216.113.70 - - [29/Apr/2026:13:35:25 +0300] "POST /wp-cron.php?doing_wp_cron=1777458925.2568140029907226562500 HTTP/1.1" 200 448 "-" "WordPress/6.3.8; https://serhatburke.miroglu.net"
40.77.167.17 - - [29/Apr/2026:13:34:38 +0300] "GET /los-bonos-desprovisto-tanque-por-otro-lado-nunca-requieren-alguna-adquisicion-inaugural-por-detalle-del-competidor/ HTTP/2" 200 17502 "-" "Mozilla/5.0 AppleWebKit/537.36 (KHTML, like Gecko; compatible; bingbot/2.0; +http://www.bing.com/bingbot.htm) Chrome/116.0.1938.76 Safari/537.36"
155.212.111.250 - - [29/Apr/2026:13:34:57 +0300] "GET /wp-login.php HTTP/2" 200 0 "-" "Mozilla/5.0 (Windows NT 10.0; Win64; x64) AppleWebKit/537.36"
38.180.218.24 - - [29/Apr/2026:13:35:18 +0300] "GET /casino-en-ligne-belgique-dice-machines-a-sous-9/ HTTP/1.1" 200 0 "-" "Mozilla/5.0 (Windows NT 10.0; Win64; x64) AppleWebKit/537.36 (KHTML, like Gecko) Chrome/122.0.0.0 Safari/537.36"
52.167.144.231 - - [29/Apr/2026:13:34:43 +0300] "GET /free-spins-utan-insattning-2026-kostnadsfri-spins-inte-med-koncession/ HTTP/2" 200 0 "-" "Mozilla/5.0 AppleWebKit/537.36 (KHTML, like Gecko; compatible; bingbot/2.0; +http://www.bing.com/bingbot.htm) Chrome/116.0.1938.76 Safari/537.36"
185.216.113.70 - - [29/Apr/2026:13:35:34 +0300] "POST /wp-cron.php?doing_wp_cron=1777458934.4531519412994384765625 HTTP/1.1" 200 448 "-" "WordPress/6.3.8; https://serhatburke.miroglu.net"
38.180.218.24 - - [29/Apr/2026:13:35:29 +0300] "GET /casino-en-ligne-belgique-dice-machines-a-sous-9/ HTTP/1.1" 200 0 "-" "Mozilla/5.0 (Windows NT 10.0; Win64; x64) AppleWebKit/537.36 (KHTML, like Gecko) Chrome/122.0.0.0 Safari/537.36"
38.180.218.24 - - [29/Apr/2026:13:35:40 +0300] "GET /casino-en-ligne-belgique-dice-machines-a-sous-9/ HTTP/1.1" 200 0 "-" "Mozilla/5.0 (Windows NT 10.0; Win64; x64) AppleWebKit/537.36 (KHTML, like Gecko) Chrome/122.0.0.0 Safari/537.36"
191.95.128.218 - - [29/Apr/2026:13:35:24 +0300] "GET /wp-login.php HTTP/2" 200 0 "-" "Mozilla/5.0 (Windows NT 10.0; Win64; x64) AppleWebKit/537.36"
181.224.14.249 - - [29/Apr/2026:13:35:29 +0300] "GET /wp-login.php HTTP/2" 200 0 "-" "Mozilla/5.0 (Windows NT 10.0; Win64; x64) AppleWebKit/537.36"
38.180.218.24 - - [29/Apr/2026:13:35:51 +0300] "GET /casino-en-ligne-belgique-dice-machines-a-sous-9/ HTTP/1.1" 200 0 "-" "Mozilla/5.0 (Windows NT 10.0; Win64; x64) AppleWebKit/537.36 (KHTML, like Gecko) Chrome/122.0.0.0 Safari/537.36"
38.180.218.24 - - [29/Apr/2026:13:36:02 +0300] "GET /casino-en-ligne-belgique-dice-machines-a-sous-9/ HTTP/1.1" 200 0 "-" "Mozilla/5.0 (Windows NT 10.0; Win64; x64) AppleWebKit/537.36 (KHTML, like Gecko) Chrome/122.0.0.0 Safari/537.36"
38.180.218.24 - - [29/Apr/2026:13:36:12 +0300] "GET /casino-en-ligne-belgique-dice-machines-a-sous-9/ HTTP/1.1" 200 0 "-" "Mozilla/5.0 (Windows NT 10.0; Win64; x64) AppleWebKit/537.36 (KHTML, like Gecko) Chrome/122.0.0.0 Safari/537.36"
181.59.2.242 - - [29/Apr/2026:13:35:56 +0300] "GET /wp-login.php HTTP/2" 200 0 "-" "Mozilla/5.0 (Windows NT 10.0; Win64; x64) AppleWebKit/537.36"
185.216.113.70 - - [29/Apr/2026:13:36:27 +0300] "POST /wp-cron.php?doing_wp_cron=1777458987.8067479133605957031250 HTTP/1.1" 200 448 "-" "WordPress/6.3.8; https://serhatburke.miroglu.net"
52.167.144.231 - - [29/Apr/2026:13:35:39 +0300] "GET /bonus-dar-achitare-2026-top-bonusuri-cazino-ci-varsare-si-playson-jocuri-cu-sloturi-pentru-ipad-rotiri-gratuite/ HTTP/2" 200 0 "-" "Mozilla/5.0 AppleWebKit/537.36 (KHTML, like Gecko; compatible; bingbot/2.0; +http://www.bing.com/bingbot.htm) Chrome/116.0.1938.76 Safari/537.36"
40.77.167.17 - - [29/Apr/2026:13:35:39 +0300] "GET /live-casino-vklad-visa/ HTTP/2" 200 0 "-" "Mozilla/5.0 AppleWebKit/537.36 (KHTML, like Gecko; compatible; bingbot/2.0; +http://www.bing.com/bingbot.htm) Chrome/116.0.1938.76 Safari/537.36"
94.59.120.97 - - [29/Apr/2026:13:36:00 +0300] "GET /wp-login.php HTTP/2" 200 0 "-" "Mozilla/5.0 (Windows NT 10.0; Win64; x64) AppleWebKit/537.36"
185.216.113.70 - - [29/Apr/2026:13:36:32 +0300] "POST /wp-cron.php?doing_wp_cron=1777458992.1556079387664794921875 HTTP/1.1" 200 448 "-" "WordPress/6.3.8; https://serhatburke.miroglu.net"
52.167.144.231 - - [29/Apr/2026:13:35:43 +0300] "GET /puzzle-museum-position-read-review-gamble-trial/ HTTP/2" 200 0 "-" "Mozilla/5.0 AppleWebKit/537.36 (KHTML, like Gecko; compatible; bingbot/2.0; +http://www.bing.com/bingbot.htm) Chrome/116.0.1938.76 Safari/537.36"
185.99.255.75 - - [29/Apr/2026:13:34:57 +0300] "GET /beste-casino-site-belgie-hoge-inzet/ HTTP/1.1" 200 19281 "https://serhatburke.miroglu.net/" "Mozilla/5.0 (X11; Linux x86_64) AppleWebKit/537.36 (KHTML, like Gecko) Chrome/114.0.0.0 Safari/537.36 OPR/89.0.4447.51"
94.158.60.123 - - [29/Apr/2026:13:36:27 +0300] "GET /wp-login.php HTTP/2" 200 0 "-" "Mozilla/5.0 (Windows NT 10.0; Win64; x64) AppleWebKit/537.36"
201.215.134.231 - - [29/Apr/2026:13:36:32 +0300] "GET /wp-login.php HTTP/2" 200 0 "-" "Mozilla/5.0 (Windows NT 10.0; Win64; x64) AppleWebKit/537.36"
185.216.113.70 - - [29/Apr/2026:13:37:06 +0300] "POST /wp-cron.php?doing_wp_cron=1777459026.5584139823913574218750 HTTP/1.1" 200 448 "-" "WordPress/6.3.8; https://serhatburke.miroglu.net"
185.216.113.70 - - [29/Apr/2026:13:37:09 +0300] "POST /wp-cron.php?doing_wp_cron=1777459029.5617070198059082031250 HTTP/1.1" 200 448 "-" "WordPress/6.3.8; https://serhatburke.miroglu.net"
170.245.233.235 - - [29/Apr/2026:13:37:00 +0300] "GET /wp-login.php HTTP/2" 200 0 "-" "Mozilla/5.0 (Windows NT 10.0; Win64; x64) AppleWebKit/537.36"
185.216.113.70 - - [29/Apr/2026:13:37:31 +0300] "POST /wp-cron.php?doing_wp_cron=1777459051.4727520942687988281250 HTTP/1.1" 200 448 "-" "WordPress/6.3.8; https://serhatburke.miroglu.net"
185.216.113.70 - - [29/Apr/2026:13:37:48 +0300] "POST /wp-cron.php?doing_wp_cron=1777459068.6908349990844726562500 HTTP/1.1" 200 448 "-" "WordPress/6.3.8; https://serhatburke.miroglu.net"
57.128.22.95 - - [29/Apr/2026:13:35:58 +0300] "GET /88701-2/ HTTP/1.1" 200 18439 "-" "Mozilla/5.0 (compatible; Googlebot/2.1; +http://www.google.com/bot.html)"
52.167.144.213 - - [29/Apr/2026:13:37:05 +0300] "GET /inregistrare-rapida-si-las-vegas-usoara/ HTTP/2" 200 0 "-" "Mozilla/5.0 AppleWebKit/537.36 (KHTML, like Gecko; compatible; bingbot/2.0; +http://www.bing.com/bingbot.htm) Chrome/116.0.1938.76 Safari/537.36"
40.77.167.17 - - [29/Apr/2026:13:37:10 +0300] "GET /ninja-magic-ninja-forsaken-ragnarok-forums/ HTTP/2" 200 0 "-" "Mozilla/5.0 AppleWebKit/537.36 (KHTML, like Gecko; compatible; bingbot/2.0; +http://www.bing.com/bingbot.htm) Chrome/116.0.1938.76 Safari/537.36"
52.167.144.231 - - [29/Apr/2026:13:37:10 +0300] "GET /beste-verbunden-casinos-2026-nachfolgende-top-10-spinning-beers-120-freie-spins-online-casinos/ HTTP/2" 200 0 "-" "Mozilla/5.0 AppleWebKit/537.36 (KHTML, like Gecko; compatible; bingbot/2.0; +http://www.bing.com/bingbot.htm) Chrome/116.0.1938.76 Safari/537.36"
186.14.47.193 - - [29/Apr/2026:13:37:31 +0300] "GET /wp-login.php HTTP/2" 200 0 "-" "Mozilla/5.0 (Windows NT 10.0; Win64; x64) AppleWebKit/537.36"
52.167.144.231 - - [29/Apr/2026:13:37:14 +0300] "GET /raging-rhino-incentive-deuces-gold-fortune-fafafa-apk-crazy-for-real-money-slot-machine-game-play-trial-enjoyment-by-the-wms/ HTTP/2" 200 0 "-" "Mozilla/5.0 AppleWebKit/537.36 (KHTML, like Gecko; compatible; bingbot/2.0; +http://www.bing.com/bingbot.htm) Chrome/116.0.1938.76 Safari/537.36"
40.77.167.17 - - [29/Apr/2026:13:37:19 +0300] "GET /bankid-nyckeln-at-snabbare-uttag-hos-allspins-casino-en-klicka-har-for-att-lasa-analytisk-forsok/ HTTP/2" 200 0 "-" "Mozilla/5.0 AppleWebKit/537.36 (KHTML, like Gecko; compatible; bingbot/2.0; +http://www.bing.com/bingbot.htm) Chrome/116.0.1938.76 Safari/537.36"
185.216.113.70 - - [29/Apr/2026:13:38:32 +0300] "POST /wp-cron.php?doing_wp_cron=1777459111.8591990470886230468750 HTTP/1.1" 200 448 "-" "WordPress/6.3.8; https://serhatburke.miroglu.net"
185.216.113.70 - - [29/Apr/2026:13:38:36 +0300] "POST /wp-cron.php?doing_wp_cron=1777459116.6450529098510742187500 HTTP/1.1" 200 448 "-" "WordPress/6.3.8; https://serhatburke.miroglu.net"
52.167.144.213 - - [29/Apr/2026:13:38:06 +0300] "GET /discover-the-innovative-features-of-bscscan/ HTTP/2" 200 0 "-" "Mozilla/5.0 AppleWebKit/537.36 (KHTML, like Gecko; compatible; bingbot/2.0; +http://www.bing.com/bingbot.htm) Chrome/116.0.1938.76 Safari/537.36"
52.167.144.213 - - [29/Apr/2026:13:38:07 +0300] "GET /warum-rechnet-einander-ein-anblick-in-unbekannte-erreichbar-casinos/ HTTP/2" 200 0 "-" "Mozilla/5.0 AppleWebKit/537.36 (KHTML, like Gecko; compatible; bingbot/2.0; +http://www.bing.com/bingbot.htm) Chrome/116.0.1938.76 Safari/537.36"
52.167.144.231 - - [29/Apr/2026:13:38:11 +0300] "GET /discover-the-unique-benefits-of-sushiswap-dex-trading/ HTTP/2" 200 0 "-" "Mozilla/5.0 AppleWebKit/537.36 (KHTML, like Gecko; compatible; bingbot/2.0; +http://www.bing.com/bingbot.htm) Chrome/116.0.1938.76 Safari/537.36"
185.216.113.70 - - [29/Apr/2026:13:39:07 +0300] "POST /wp-cron.php?doing_wp_cron=1777459147.7847599983215332031250 HTTP/1.1" 200 448 "-" "WordPress/6.3.8; https://serhatburke.miroglu.net"
40.77.167.74 - - [29/Apr/2026:13:38:19 +0300] "GET /%D9%84%D8%B9%D8%A8%D8%A9-%D8%B3%D9%84%D9%88%D8%AA-%D9%83%D9%84%D8%A7%D8%B3%D9%8A%D9%83%D9%8A%D8%A9-%D9%85%D8%AA%D8%B9%D8%AF%D8%AF%D8%A9-%D8%A7%D9%84%D8%A3%D9%84%D9%85%D8%A7%D8%B3-%D8%AA%D8%AA%D9%85/ HTTP/2" 200 0 "-" "Mozilla/5.0 AppleWebKit/537.36 (KHTML, like Gecko; compatible; bingbot/2.0; +http://www.bing.com/bingbot.htm) Chrome/116.0.1938.76 Safari/537.36"
185.216.113.70 - - [29/Apr/2026:13:39:10 +0300] "POST /wp-cron.php?doing_wp_cron=1777459150.8657960891723632812500 HTTP/1.1" 200 448 "-" "WordPress/6.3.8; https://serhatburke.miroglu.net"
52.167.144.231 - - [29/Apr/2026:13:39:09 +0300] "GET /kraken-vash-putevoditel-po-darknetu-2026-10/ HTTP/2" 200 19310 "-" "Mozilla/5.0 AppleWebKit/537.36 (KHTML, like Gecko; compatible; bingbot/2.0; +http://www.bing.com/bingbot.htm) Chrome/116.0.1938.76 Safari/537.36"
40.77.167.74 - - [29/Apr/2026:13:39:20 +0300] "GET /naturally-there-clearly-was-several-brand-new-launches-one-to-drop-off-into-oblivion-after-a-few-months/ HTTP/2" 200 19351 "-" "Mozilla/5.0 AppleWebKit/537.36 (KHTML, like Gecko; compatible; bingbot/2.0; +http://www.bing.com/bingbot.htm) Chrome/116.0.1938.76 Safari/537.36"
52.167.144.213 - - [29/Apr/2026:13:39:26 +0300] "GET /voor-spins-zonder-storting-registreer-en-vinnig-jij-fre-spins/ HTTP/2" 200 20116 "-" "Mozilla/5.0 AppleWebKit/537.36 (KHTML, like Gecko; compatible; bingbot/2.0; +http://www.bing.com/bingbot.htm) Chrome/116.0.1938.76 Safari/537.36"
185.216.113.70 - - [29/Apr/2026:13:40:30 +0300] "POST /wp-cron.php?doing_wp_cron=1777459230.4645960330963134765625 HTTP/1.1" 200 448 "-" "WordPress/6.3.8; https://serhatburke.miroglu.net"
40.77.167.74 - - [29/Apr/2026:13:40:08 +0300] "GET /este-es-nuestro-sorteo-con-el-pasar-del-tiempo-m%EF%BF%BDs-chances-de-conseguir/ HTTP/2" 200 19428 "-" "Mozilla/5.0 AppleWebKit/537.36 (KHTML, like Gecko; compatible; bingbot/2.0; +http://www.bing.com/bingbot.htm) Chrome/116.0.1938.76 Safari/537.36"
194.59.200.74 - - [29/Apr/2026:13:40:11 +0300] "POST /xmlrpc.php HTTP/1.1" 200 1695 "-" "Mozilla/5.0 (Macintosh; Intel Mac OS X 10_15_6) AppleWebKit/605.1.15 (KHTML, like Gecko) Version/15.2 Safari/605.1.15"
40.77.167.74 - - [29/Apr/2026:13:40:39 +0300] "GET /podrias-acudir-revelando-bloques-que-usan-cartas-multiplicadoras-y-no-ha-transpirado-evitando-las-minas/ HTTP/2" 200 17976 "-" "Mozilla/5.0 AppleWebKit/537.36 (KHTML, like Gecko; compatible; bingbot/2.0; +http://www.bing.com/bingbot.htm) Chrome/116.0.1938.76 Safari/537.36"
185.216.113.70 - - [29/Apr/2026:13:42:51 +0300] "POST /wp-cron.php?doing_wp_cron=1777459371.2180919647216796875000 HTTP/1.1" 200 448 "-" "WordPress/6.3.8; https://serhatburke.miroglu.net"
148.135.195.139 - - [29/Apr/2026:13:42:37 +0300] "GET /casino-utan-spelpaus-plitliga-alternativ-for-2/ HTTP/1.1" 200 146345 "-" "Screaming Frog SEO Spider/16.7"
185.216.113.70 - - [29/Apr/2026:13:44:14 +0300] "POST /wp-cron.php?doing_wp_cron=1777459454.2728750705718994140625 HTTP/1.1" 200 448 "-" "WordPress/6.3.8; https://serhatburke.miroglu.net"
167.160.75.212 - - [29/Apr/2026:13:44:01 +0300] "GET /novoline-casino-codice-bonus-registrazione/ HTTP/1.1" 200 17820 "https://serhatburke.miroglu.net/" "Mozilla/5.0 (X11; Ubuntu; Linux x86_64; rv:114.0) Gecko/20100101 Firefox/114.0"
185.216.113.70 - - [29/Apr/2026:13:45:13 +0300] "POST /wp-cron.php?doing_wp_cron=1777459513.1305699348449707031250 HTTP/1.1" 200 448 "-" "WordPress/6.3.8; https://serhatburke.miroglu.net"
158.69.22.136 - - [29/Apr/2026:13:44:59 +0300] "GET /35849-2/ HTTP/1.1" 200 18386 "-" "Mozilla/5.0 (compatible; Googlebot/2.1; +http://www.google.com/bot.html)"
66.249.73.14 - - [29/Apr/2026:13:45:05 +0300] "GET /bet-with-real-money-137/ HTTP/1.1" 200 424546 "-" "Mozilla/5.0 (Linux; Android 6.0.1; Nexus 5X Build/MMB29P) AppleWebKit/537.36 (KHTML, like Gecko) Chrome/147.0.7727.116 Mobile Safari/537.36 (compatible; Googlebot/2.1; +http://www.google.com/bot.html)"
185.216.113.70 - - [29/Apr/2026:13:45:51 +0300] "POST /wp-cron.php?doing_wp_cron=1777459551.8346879482269287109375 HTTP/1.1" 200 448 "-" "WordPress/6.3.8; https://serhatburke.miroglu.net"
66.249.73.14 - - [29/Apr/2026:13:45:39 +0300] "GET /best-online-casinos-in-the-uk-2026-15-expert-rated-148/ HTTP/1.1" 200 592777 "-" "Mozilla/5.0 (Linux; Android 6.0.1; Nexus 5X Build/MMB29P) AppleWebKit/537.36 (KHTML, like Gecko) Chrome/147.0.7727.116 Mobile Safari/537.36 (compatible; Googlebot/2.1; +http://www.google.com/bot.html)"
66.249.73.14 - - [29/Apr/2026:13:45:53 +0300] "GET /bet-with-real-money-137/undefined?ts=1775520000 HTTP/1.1" 200 0 "https://serhatburke.miroglu.net/bet-with-real-money-137/" "Mozilla/5.0 (Linux; Android 6.0.1; Nexus 5X Build/MMB29P) AppleWebKit/537.36 (KHTML, like Gecko) Chrome/147.0.7727.116 Mobile Safari/537.36 (compatible; Googlebot/2.1; +http://www.google.com/bot.html)"
40.77.167.158 - - [29/Apr/2026:13:45:51 +0300] "GET /bscscan-your-key-to-seamless-crypto-navigation/ HTTP/2" 200 17913 "-" "Mozilla/5.0 AppleWebKit/537.36 (KHTML, like Gecko; compatible; bingbot/2.0; +http://www.bing.com/bingbot.htm) Chrome/116.0.1938.76 Safari/537.36"
40.77.167.74 - - [29/Apr/2026:13:45:55 +0300] "GET /casino-ranura-del-casino-tomb-raider-estrella-sus-particulares-bonos-y-opiniones-de-2026/ HTTP/2" 200 19696 "-" "Mozilla/5.0 AppleWebKit/537.36 (KHTML, like Gecko; compatible; bingbot/2.0; +http://www.bing.com/bingbot.htm) Chrome/116.0.1938.76 Safari/537.36"
40.77.167.0 - - [29/Apr/2026:13:46:07 +0300] "GET /introduction-as-to-the-reasons-that-it-things-for-you-the-fresh-knowledgeable-player/ HTTP/2" 200 19032 "-" "Mozilla/5.0 AppleWebKit/537.36 (KHTML, like Gecko; compatible; bingbot/2.0; +http://www.bing.com/bingbot.htm) Chrome/116.0.1938.76 Safari/537.36"
40.77.167.158 - - [29/Apr/2026:13:46:20 +0300] "GET /the-current-coin-master-free-revolves-coins-hyperlinks-march-2026/ HTTP/2" 200 19654 "-" "Mozilla/5.0 AppleWebKit/537.36 (KHTML, like Gecko; compatible; bingbot/2.0; +http://www.bing.com/bingbot.htm) Chrome/116.0.1938.76 Safari/537.36"
185.216.113.70 - - [29/Apr/2026:13:46:42 +0300] "POST /wp-cron.php?doing_wp_cron=1777459602.1081271171569824218750 HTTP/1.1" 200 448 "-" "WordPress/6.3.8; https://serhatburke.miroglu.net"
