172.237.60.137 - - [29/Apr/2026:12:04:42 +0300] "GET /gonzos-top-gun-slot-play-for-money-trip-slot-demonstration-rtp-95-97-100-percent-free-play/ HTTP/1.1" 200 80007 "-" "Mozilla/5.0 (Windows NT 10.0; rv:125.0) Gecko/20100101 Firefox/125.0"
147.235.144.124 - - [29/Apr/2026:12:04:54 +0300] "GET /beste-casino-site-belgie-hoge-inzet/ HTTP/1.1" 200 19430 "https://serhatburke.miroglu.net/beste-casino-site-belgie-hoge-inzet/" "Mozilla/5.0 (Windows NT 6.3; Win64; x64) AppleWebKit/537.36 (KHTML, like Gecko) Chrome/103.0.0.0 Safari/537.36"
147.235.144.124 - - [29/Apr/2026:12:05:17 +0300] "GET /wp-includes/css/dist/block-library/style.min.css?ver=6.3.8 HTTP/1.1" 200 13578 "https://serhatburke.miroglu.net/beste-casino-site-belgie-hoge-inzet/" "Mozilla/5.0 (Windows NT 10.0; Win64; x64) AppleWebKit/537.36 (KHTML, like Gecko) Chrome/145.0.0.0 Safari/537.36"
147.235.144.124 - - [29/Apr/2026:12:05:17 +0300] "GET /wp-content/plugins/contact-form-7/includes/css/styles.css?ver=5.8 HTTP/1.1" 200 1490 "https://serhatburke.miroglu.net/beste-casino-site-belgie-hoge-inzet/" "Mozilla/5.0 (Windows NT 10.0; Win64; x64) AppleWebKit/537.36 (KHTML, like Gecko) Chrome/145.0.0.0 Safari/537.36"
147.235.144.124 - - [29/Apr/2026:12:05:17 +0300] "GET /wp-content/themes/toppic/css/fontello.css?ver=4.2 HTTP/1.1" 200 1802 "https://serhatburke.miroglu.net/beste-casino-site-belgie-hoge-inzet/" "Mozilla/5.0 (Windows NT 10.0; Win64; x64) AppleWebKit/537.36 (KHTML, like Gecko) Chrome/145.0.0.0 Safari/537.36"
147.235.144.124 - - [29/Apr/2026:12:05:18 +0300] "GET /wp-content/themes/toppic/css/reset.css?ver=4.2 HTTP/1.1" 200 1178 "https://serhatburke.miroglu.net/beste-casino-site-belgie-hoge-inzet/" "Mozilla/5.0 (Windows NT 10.0; Win64; x64) AppleWebKit/537.36 (KHTML, like Gecko) Chrome/145.0.0.0 Safari/537.36"
147.235.144.124 - - [29/Apr/2026:12:05:18 +0300] "GET /wp-content/themes/toppic/css/default.css?ver=4.2 HTTP/1.1" 200 1811 "https://serhatburke.miroglu.net/beste-casino-site-belgie-hoge-inzet/" "Mozilla/5.0 (Windows NT 10.0; Win64; x64) AppleWebKit/537.36 (KHTML, like Gecko) Chrome/145.0.0.0 Safari/537.36"
147.235.144.124 - - [29/Apr/2026:12:05:18 +0300] "GET /wp-content/themes/toppic/style.css?ver=4.2 HTTP/1.1" 200 23398 "https://serhatburke.miroglu.net/beste-casino-site-belgie-hoge-inzet/" "Mozilla/5.0 (Windows NT 10.0; Win64; x64) AppleWebKit/537.36 (KHTML, like Gecko) Chrome/145.0.0.0 Safari/537.36"
147.235.144.124 - - [29/Apr/2026:12:05:19 +0300] "GET /wp-content/themes/toppic/css/royalslider.css?ver=4.2 HTTP/1.1" 200 1887 "https://serhatburke.miroglu.net/beste-casino-site-belgie-hoge-inzet/" "Mozilla/5.0 (Windows NT 10.0; Win64; x64) AppleWebKit/537.36 (KHTML, like Gecko) Chrome/145.0.0.0 Safari/537.36"
147.235.144.124 - - [29/Apr/2026:12:05:19 +0300] "GET /wp-content/themes/toppic/css/rs-default.css?ver=4.2 HTTP/1.1" 200 2625 "https://serhatburke.miroglu.net/beste-casino-site-belgie-hoge-inzet/" "Mozilla/5.0 (Windows NT 10.0; Win64; x64) AppleWebKit/537.36 (KHTML, like Gecko) Chrome/145.0.0.0 Safari/537.36"
147.235.144.124 - - [29/Apr/2026:12:05:19 +0300] "GET /wp-content/themes/toppic/css/lightbox.css?ver=4.2 HTTP/1.1" 200 2956 "https://serhatburke.miroglu.net/beste-casino-site-belgie-hoge-inzet/" "Mozilla/5.0 (Windows NT 10.0; Win64; x64) AppleWebKit/537.36 (KHTML, like Gecko) Chrome/145.0.0.0 Safari/537.36"
147.235.144.124 - - [29/Apr/2026:12:05:20 +0300] "GET /wp-content/themes/toppic/css/woocommerce.css?ver=4.2 HTTP/1.1" 200 2848 "https://serhatburke.miroglu.net/beste-casino-site-belgie-hoge-inzet/" "Mozilla/5.0 (Windows NT 10.0; Win64; x64) AppleWebKit/537.36 (KHTML, like Gecko) Chrome/145.0.0.0 Safari/537.36"
147.235.144.124 - - [29/Apr/2026:12:05:20 +0300] "GET /wp-content/themes/toppic/css/responsive.css?ver=4.2 HTTP/1.1" 200 2796 "https://serhatburke.miroglu.net/beste-casino-site-belgie-hoge-inzet/" "Mozilla/5.0 (Windows NT 10.0; Win64; x64) AppleWebKit/537.36 (KHTML, like Gecko) Chrome/145.0.0.0 Safari/537.36"
40.77.167.72 - - [29/Apr/2026:12:04:59 +0300] "GET /this-promote-is-good-for-one-another-the-latest-and-seasoned-users-looking-to-maximise-its-gaming-sense/ HTTP/2" 200 17697 "-" "Mozilla/5.0 AppleWebKit/537.36 (KHTML, like Gecko; compatible; bingbot/2.0; +http://www.bing.com/bingbot.htm) Chrome/116.0.1938.76 Safari/537.36"
40.77.167.43 - - [29/Apr/2026:12:05:03 +0300] "GET /harnessing-the-full-potential-of-bscscan-for-traders-4/ HTTP/2" 200 18135 "-" "Mozilla/5.0 AppleWebKit/537.36 (KHTML, like Gecko; compatible; bingbot/2.0; +http://www.bing.com/bingbot.htm) Chrome/116.0.1938.76 Safari/537.36"
40.77.167.43 - - [29/Apr/2026:12:05:03 +0300] "GET /ultimat-online-casinon-natcasinon-tillsammans-dom-ultimat-utbetalningar/ HTTP/2" 200 18748 "-" "Mozilla/5.0 AppleWebKit/537.36 (KHTML, like Gecko; compatible; bingbot/2.0; +http://www.bing.com/bingbot.htm) Chrome/116.0.1938.76 Safari/537.36"
147.235.144.124 - - [29/Apr/2026:12:05:20 +0300] "POST /wp-comments-post.php HTTP/1.1" 302 1083 "https://serhatburke.miroglu.net/beste-casino-site-belgie-hoge-inzet/" "Mozilla/5.0 (Windows NT 6.3; Win64; x64) AppleWebKit/537.36 (KHTML, like Gecko) Chrome/103.0.0.0 Safari/537.36"
185.216.113.70 - - [29/Apr/2026:12:05:51 +0300] "POST /wp-cron.php?doing_wp_cron=1777453551.1018519401550292968750 HTTP/1.1" 200 448 "-" "WordPress/6.3.8; https://serhatburke.miroglu.net"
147.235.144.124 - - [29/Apr/2026:12:05:36 +0300] "GET /beste-casino-site-belgie-hoge-inzet/?unapproved=872&moderation-hash=429e39985b70c8b39c9e14b150856781 HTTP/1.1" 200 0 "https://serhatburke.miroglu.net/wp-comments-post.php" "Mozilla/5.0 (Windows NT 6.3; Win64; x64) AppleWebKit/537.36 (KHTML, like Gecko) Chrome/103.0.0.0 Safari/537.36"
40.77.167.72 - - [29/Apr/2026:12:05:40 +0300] "GET /experience-seamless-management-with-ledger-live-app/ HTTP/2" 200 18222 "-" "Mozilla/5.0 AppleWebKit/537.36 (KHTML, like Gecko; compatible; bingbot/2.0; +http://www.bing.com/bingbot.htm) Chrome/116.0.1938.76 Safari/537.36"
185.216.113.70 - - [29/Apr/2026:12:06:12 +0300] "POST /wp-cron.php?doing_wp_cron=1777453572.4691019058227539062500 HTTP/1.1" 200 448 "-" "WordPress/6.3.8; https://serhatburke.miroglu.net"
147.235.144.124 - - [29/Apr/2026:12:05:50 +0300] "GET /beste-casino-site-belgie-hoge-inzet/ HTTP/1.1" 200 19430 "-" "Mozilla/5.0 (compatible; Googlebot/2.1; +http://www.google.com/bot.html)"
128.1.227.228 - - [29/Apr/2026:12:05:55 +0300] "POST /xmlrpc.php HTTP/1.1" 200 630 "-" "Mozilla/5.0 (Windows NT 10.0; Win64; x64) AppleWebKit/537.36 (KHTML, like Gecko) Chrome/114.0.0.0 Safari/537.36"
57.128.22.95 - - [29/Apr/2026:12:06:04 +0300] "GET /novoline-casino-codice-bonus-registrazione/ HTTP/1.1" 200 17757 "-" "Mozilla/5.0 (compatible; Googlebot/2.1; +http://www.google.com/bot.html)"
172.237.60.137 - - [29/Apr/2026:12:06:12 +0300] "POST /xmlrpc.php HTTP/1.1" 200 630 "-" "Mozilla/5.0 (Windows NT 10.0; Win64; x64) AppleWebKit/537.36 (KHTML, like Gecko) Chrome/114.0.0.0 Safari/537.36"
128.1.227.228 - - [29/Apr/2026:12:06:24 +0300] "POST /xmlrpc.php HTTP/1.1" 200 12674 "-" "Mozilla/5.0 (Windows NT 10.0; Win64; x64) AppleWebKit/537.36 (KHTML, like Gecko) Chrome/114.0.0.0 Safari/537.36"
172.237.60.137 - - [29/Apr/2026:12:06:40 +0300] "POST /xmlrpc.php HTTP/1.1" 200 15001 "-" "Mozilla/5.0 (Windows NT 10.0; Win64; x64) AppleWebKit/537.36 (KHTML, like Gecko) Chrome/114.0.0.0 Safari/537.36"
128.1.227.228 - - [29/Apr/2026:12:06:42 +0300] "GET /casinos-qua-1-euroletten-einzahlung-1-euroletten-kasino-pramie-wie-man-ubertragt-iwinfortune-bonus-auf-hauptkonto-april-2026/ HTTP/1.1" 200 78682 "-" "Mozilla/5.0 (Windows NT 10.0; Win64; x64) AppleWebKit/537.36 (KHTML, like Gecko) Chrome/124.0.0.0 Safari/537.36 Edg/124.0.0.0"
178.159.37.4 - - [29/Apr/2026:12:06:47 +0300] "POST /xmlrpc.php HTTP/1.1" 200 1155 "-" "Mozilla/5.0 (X11; Linux x86_64) AppleWebKit/537.36 (KHTML, like Gecko) Chrome/114.0.0.0 Safari/537.36"
185.216.113.70 - - [29/Apr/2026:12:07:13 +0300] "POST /wp-cron.php?doing_wp_cron=1777453633.1485400199890136718750 HTTP/1.1" 200 448 "-" "WordPress/6.3.8; https://serhatburke.miroglu.net"
172.237.60.137 - - [29/Apr/2026:12:06:58 +0300] "GET /high-blue-mega888-slot-grand-monarch-game-opinion-rtp-and-features/ HTTP/1.1" 200 78769 "-" "Mozilla/5.0 (Windows NT 10.0; rv:109.0) Gecko/20100101 Firefox/115.0"
185.216.113.70 - - [29/Apr/2026:12:08:10 +0300] "POST /wp-cron.php?doing_wp_cron=1777453690.0083730220794677734375 HTTP/1.1" 200 448 "-" "WordPress/6.3.8; https://serhatburke.miroglu.net"
57.128.22.95 - - [29/Apr/2026:12:07:57 +0300] "GET /88701-2/ HTTP/1.1" 200 18389 "-" "Mozilla/5.0 (compatible; Googlebot/2.1; +http://www.google.com/bot.html)"
172.237.60.137 - - [29/Apr/2026:12:08:14 +0300] "POST /xmlrpc.php HTTP/1.1" 200 630 "-" "Mozilla/5.0 (Windows NT 10.0; Win64; x64) AppleWebKit/537.36 (KHTML, like Gecko) Chrome/114.0.0.0 Safari/537.36"
185.216.113.70 - - [29/Apr/2026:12:08:39 +0300] "POST /wp-cron.php?doing_wp_cron=1777453719.2458560466766357421875 HTTP/1.1" 200 448 "-" "WordPress/6.3.8; https://serhatburke.miroglu.net"
128.1.227.228 - - [29/Apr/2026:12:08:25 +0300] "POST /xmlrpc.php HTTP/1.1" 200 630 "-" "Mozilla/5.0 (Windows NT 10.0; Win64; x64) AppleWebKit/537.36 (KHTML, like Gecko) Chrome/114.0.0.0 Safari/537.36"
172.237.60.137 - - [29/Apr/2026:12:08:35 +0300] "POST /xmlrpc.php HTTP/1.1" 200 15008 "-" "Mozilla/5.0 (Windows NT 10.0; Win64; x64) AppleWebKit/537.36 (KHTML, like Gecko) Chrome/114.0.0.0 Safari/537.36"
128.1.227.228 - - [29/Apr/2026:12:08:46 +0300] "POST /xmlrpc.php HTTP/1.1" 200 13080 "-" "Mozilla/5.0 (Windows NT 10.0; Win64; x64) AppleWebKit/537.36 (KHTML, like Gecko) Chrome/114.0.0.0 Safari/537.36"
172.237.60.137 - - [29/Apr/2026:12:08:58 +0300] "GET /happiest-christmas-time-forest-slot-super-flip-slot-machine-video-game-remark-2026/ HTTP/1.1" 200 79198 "-" "Mozilla/5.0 (Windows NT 10.0; rv:109.0) Gecko/20100101 Firefox/115.0"
128.1.227.228 - - [29/Apr/2026:12:09:04 +0300] "GET /echtgeld-onlinepoker-sichere-sera-150-chancen-medusa-2-spielautomat-eye-beste-power-stars-app-kostenlos-slots-online-auszahlung-of-horus-mobile-and-auszahlungen-mercantile-office-systems-pvt-ltd/ HTTP/1.1" 200 80685 "-" "Mozilla/5.0 (Windows NT 10.0; rv:125.0) Gecko/20100101 Firefox/125.0"
185.216.113.70 - - [29/Apr/2026:12:09:46 +0300] "POST /wp-cron.php?doing_wp_cron=1777453785.8941490650177001953125 HTTP/1.1" 200 448 "-" "WordPress/6.3.8; https://serhatburke.miroglu.net"
40.77.167.43 - - [29/Apr/2026:12:09:21 +0300] "GET /australia/ HTTP/2" 200 20434 "-" "Mozilla/5.0 AppleWebKit/537.36 (KHTML, like Gecko; compatible; bingbot/2.0; +http://www.bing.com/bingbot.htm) Chrome/116.0.1938.76 Safari/537.36"
40.77.167.43 - - [29/Apr/2026:12:09:21 +0300] "GET /5-facons-pour-placer-steam-wikihow/ HTTP/2" 200 21642 "-" "Mozilla/5.0 AppleWebKit/537.36 (KHTML, like Gecko; compatible; bingbot/2.0; +http://www.bing.com/bingbot.htm) Chrome/116.0.1938.76 Safari/537.36"
52.167.144.147 - - [29/Apr/2026:12:09:24 +0300] "GET /steroidi-e-motivazione-allallenamento-influenza-e-modalita-di-utilizzo/ HTTP/2" 200 16956 "-" "Mozilla/5.0 AppleWebKit/537.36 (KHTML, like Gecko; compatible; bingbot/2.0; +http://www.bing.com/bingbot.htm) Chrome/116.0.1938.76 Safari/537.36"
40.77.167.4 - - [29/Apr/2026:12:09:25 +0300] "GET /bingo-jeux-a-gratter/ HTTP/2" 200 18378 "-" "Mozilla/5.0 AppleWebKit/537.36 (KHTML, like Gecko; compatible; bingbot/2.0; +http://www.bing.com/bingbot.htm) Chrome/116.0.1938.76 Safari/537.36"
52.167.144.147 - - [29/Apr/2026:12:09:29 +0300] "GET /de-spannendste-hoe-je-de-bonus-annuleert-in-trinocasino-offlin-gokhuis-om-nederlan/ HTTP/2" 200 19449 "-" "Mozilla/5.0 AppleWebKit/537.36 (KHTML, like Gecko; compatible; bingbot/2.0; +http://www.bing.com/bingbot.htm) Chrome/116.0.1938.76 Safari/537.36"
93.204.238.252 - - [29/Apr/2026:12:10:10 +0300] "POST /wp-login.php HTTP/2" 302 0 "-" "Mozilla/5.0 (Windows NT 10.0; Win64; x64; rv:135.0) Gecko/20100101 Firefox/135.0"
93.204.238.252 - - [29/Apr/2026:12:10:22 +0300] "GET /wp-admin HTTP/2" 301 795 "https://serhatburke.miroglu.net/wp-login.php" "Mozilla/5.0 (Windows NT 10.0; Win64; x64; rv:135.0) Gecko/20100101 Firefox/135.0"
93.204.238.252 - - [29/Apr/2026:12:10:23 +0300] "GET /wp-admin/ HTTP/2" 200 0 "https://serhatburke.miroglu.net/wp-admin" "Mozilla/5.0 (Windows NT 10.0; Win64; x64; rv:135.0) Gecko/20100101 Firefox/135.0"
172.237.60.137 - - [29/Apr/2026:12:10:24 +0300] "POST /xmlrpc.php HTTP/1.1" 200 630 "-" "Mozilla/5.0 (Windows NT 10.0; Win64; x64) AppleWebKit/537.36 (KHTML, like Gecko) Chrome/114.0.0.0 Safari/537.36"
185.216.113.70 - - [29/Apr/2026:12:10:54 +0300] "POST /wp-cron.php?doing_wp_cron=1777453854.5425360202789306640625 HTTP/1.1" 200 448 "-" "WordPress/6.3.8; https://serhatburke.miroglu.net"
87.190.31.246 - - [29/Apr/2026:12:10:39 +0300] "POST /wp-login.php HTTP/2" 302 0 "-" "Mozilla/5.0 (Windows NT 10.0; Win64; x64; rv:135.0) Gecko/20100101 Firefox/135.0"
87.190.31.246 - - [29/Apr/2026:12:10:56 +0300] "GET /wp-admin HTTP/2" 301 795 "https://serhatburke.miroglu.net/wp-login.php" "Mozilla/5.0 (Windows NT 10.0; Win64; x64; rv:135.0) Gecko/20100101 Firefox/135.0"
185.216.113.70 - - [29/Apr/2026:12:10:38 +0300] "POST /wp-admin/admin-ajax.php?action=as_async_request_queue_runner&nonce=76048cd273 HTTP/1.1" 200 1039 "-" "WordPress/6.3.8; https://serhatburke.miroglu.net"
87.190.31.246 - - [29/Apr/2026:12:10:56 +0300] "GET /wp-admin/ HTTP/2" 200 0 "https://serhatburke.miroglu.net/wp-admin" "Mozilla/5.0 (Windows NT 10.0; Win64; x64; rv:135.0) Gecko/20100101 Firefox/135.0"
172.237.60.137 - - [29/Apr/2026:12:10:45 +0300] "POST /xmlrpc.php HTTP/1.1" 200 14569 "-" "Mozilla/5.0 (Windows NT 10.0; Win64; x64) AppleWebKit/537.36 (KHTML, like Gecko) Chrome/114.0.0.0 Safari/537.36"
128.1.227.228 - - [29/Apr/2026:12:10:57 +0300] "POST /xmlrpc.php HTTP/1.1" 200 630 "-" "Mozilla/5.0 (Windows NT 10.0; Win64; x64) AppleWebKit/537.36 (KHTML, like Gecko) Chrome/114.0.0.0 Safari/537.36"
147.235.144.124 - - [29/Apr/2026:12:11:03 +0300] "GET /beste-casino-site-belgie-hoge-inzet/ HTTP/1.1" 200 19430 "-" "Mozilla/5.0 (compatible; Googlebot/2.1; +http://www.google.com/bot.html)"
44.243.117.69 - - [29/Apr/2026:12:11:10 +0300] "POST /wp-login.php HTTP/2" 302 0 "-" "Mozilla/5.0 (Windows NT 10.0; Win64; x64; rv:135.0) Gecko/20100101 Firefox/135.0"
172.237.60.137 - - [29/Apr/2026:12:11:09 +0300] "GET /repaired-deposit-rate-alchymedes-5-deposit-glamorous-sgd-fd-price-dbs-singapore/ HTTP/1.1" 200 78854 "-" "Mozilla/5.0 (Windows NT 10.0; Win64; x64) AppleWebKit/537.36 (KHTML, like Gecko) Chrome/109.0.0.0 Safari/537.36"
44.243.117.69 - - [29/Apr/2026:12:11:36 +0300] "GET /wp-admin HTTP/2" 301 795 "https://serhatburke.miroglu.net/wp-login.php" "Mozilla/5.0 (Windows NT 10.0; Win64; x64; rv:135.0) Gecko/20100101 Firefox/135.0"
44.243.117.69 - - [29/Apr/2026:12:11:36 +0300] "GET /wp-admin/ HTTP/2" 200 0 "https://serhatburke.miroglu.net/wp-admin" "Mozilla/5.0 (Windows NT 10.0; Win64; x64; rv:135.0) Gecko/20100101 Firefox/135.0"
185.216.113.70 - - [29/Apr/2026:12:11:47 +0300] "POST /wp-cron.php?doing_wp_cron=1777453907.4847269058227539062500 HTTP/1.1" 200 448 "-" "WordPress/6.3.8; https://serhatburke.miroglu.net"
128.1.227.228 - - [29/Apr/2026:12:11:34 +0300] "POST /xmlrpc.php HTTP/1.1" 200 13644 "-" "Mozilla/5.0 (Windows NT 10.0; Win64; x64) AppleWebKit/537.36 (KHTML, like Gecko) Chrome/114.0.0.0 Safari/537.36"
128.1.227.228 - - [29/Apr/2026:12:11:49 +0300] "GET /auserordentlichen-spielquoten-50-kostenlose-casino-dazzle-25-freie-spins-spins-unter-5x-magic-keine-einzahlung-unter-anderem-herumtoben-bonusrunden-%E5%A4%AA%E7%94%B0%E9%9B%BB%E5%AD%90-%E6%96%B0/ HTTP/1.1" 200 81460 "-" "Mozilla/5.0 (Windows NT 10.0; Win64; x64; rv:125.0) Gecko/20100101 Firefox/125.0"
185.216.113.70 - - [29/Apr/2026:12:11:50 +0300] "POST /wp-admin/admin-ajax.php?action=as_async_request_queue_runner&nonce=2d073f64fd HTTP/1.1" 200 924 "-" "WordPress/6.3.8; https://serhatburke.miroglu.net"
158.69.22.136 - - [29/Apr/2026:12:11:58 +0300] "GET /35849-2/ HTTP/1.1" 200 15513 "-" "Mozilla/5.0 (compatible; Googlebot/2.1; +http://www.google.com/bot.html)"
172.237.60.137 - - [29/Apr/2026:12:12:13 +0300] "POST /xmlrpc.php HTTP/1.1" 200 630 "-" "Mozilla/5.0 (Windows NT 10.0; Win64; x64) AppleWebKit/537.36 (KHTML, like Gecko) Chrome/114.0.0.0 Safari/537.36"
52.167.144.234 - - [29/Apr/2026:12:12:18 +0300] "GET /casumo-pramie-kode-monat-des-fruhlingsbeginns-2026-aktueller-gutschein/ HTTP/2" 200 19046 "-" "Mozilla/5.0 AppleWebKit/537.36 (KHTML, like Gecko; compatible; bingbot/2.0; +http://www.bing.com/bingbot.htm) Chrome/116.0.1938.76 Safari/537.36"
185.216.113.70 - - [29/Apr/2026:12:12:45 +0300] "POST /wp-cron.php?doing_wp_cron=1777453965.9183480739593505859375 HTTP/1.1" 200 448 "-" "WordPress/6.3.8; https://serhatburke.miroglu.net"
172.237.60.137 - - [29/Apr/2026:12:12:33 +0300] "POST /xmlrpc.php HTTP/1.1" 200 14843 "-" "Mozilla/5.0 (Windows NT 10.0; Win64; x64) AppleWebKit/537.36 (KHTML, like Gecko) Chrome/114.0.0.0 Safari/537.36"
172.237.60.137 - - [29/Apr/2026:12:12:47 +0300] "GET /stanley-ho-how-the-macau-casino-tycoons-sex-life-molded-cryptologic-slots-online-their-achievements-southern-asia-day-post/ HTTP/1.1" 200 80137 "-" "Mozilla/5.0 (Windows NT 10.0; Win64; x64) AppleWebKit/537.36 (KHTML, like Gecko) Chrome/123.0.0.0 Safari/537.36 OPR/109.0.0.0"
128.1.227.228 - - [29/Apr/2026:12:13:14 +0300] "POST /xmlrpc.php HTTP/1.1" 200 630 "-" "Mozilla/5.0 (Windows NT 10.0; Win64; x64) AppleWebKit/537.36 (KHTML, like Gecko) Chrome/114.0.0.0 Safari/537.36"
185.216.113.70 - - [29/Apr/2026:12:13:47 +0300] "POST /wp-cron.php?doing_wp_cron=1777454027.1417639255523681640625 HTTP/1.1" 200 448 "-" "WordPress/6.3.8; https://serhatburke.miroglu.net"
128.1.227.228 - - [29/Apr/2026:12:13:33 +0300] "POST /xmlrpc.php HTTP/1.1" 200 12407 "-" "Mozilla/5.0 (Windows NT 10.0; Win64; x64) AppleWebKit/537.36 (KHTML, like Gecko) Chrome/114.0.0.0 Safari/537.36"
34.116.22.40 - - [29/Apr/2026:12:13:30 +0300] "GET /golden-mister-casino-full-detailed-review-huge/ HTTP/1.1" 200 19668 "-" "Mozilla/5.0 (compatible; Google-Apps-Script; beanserver; +https://script.google.com; id: UAEmdDd98-IqFHPQ7FFTjM1LThi7WIa68nzw)"
128.1.227.228 - - [29/Apr/2026:12:13:49 +0300] "GET /casinos-iwinfortune-app-login-qua-5-eur-einzahlung-casino-via-kleiner-mindesteinzahlung/ HTTP/1.1" 200 77351 "-" "Mozilla/5.0 (Windows NT 10.0; Win64; x64) AppleWebKit/537.36 (KHTML, like Gecko) Chrome/124.0.0.0 Safari/537.36 Edg/124.0.0.0"
37.27.132.190 - - [29/Apr/2026:12:14:07 +0300] "GET / HTTP/1.1" 200 19234 "-" "Mozilla/5.0 (X11; Linux x86_64; rv:128.0) Gecko/20100101 Firefox/128.0"
172.237.60.137 - - [29/Apr/2026:12:14:15 +0300] "POST /xmlrpc.php HTTP/1.1" 200 630 "-" "Mozilla/5.0 (Windows NT 10.0; Win64; x64) AppleWebKit/537.36 (KHTML, like Gecko) Chrome/114.0.0.0 Safari/537.36"
37.27.132.190 - - [29/Apr/2026:12:14:21 +0300] "POST /xmlrpc.php HTTP/1.1" 200 735 "https://serhatburke.miroglu.net" "Mozilla/5.0 (X11; Linux x86_64; rv:128.0) Gecko/20100101 Firefox/128.0"
185.216.113.70 - - [29/Apr/2026:12:14:48 +0300] "POST /wp-cron.php?doing_wp_cron=1777454088.7566909790039062500000 HTTP/1.1" 200 448 "-" "WordPress/6.3.8; https://serhatburke.miroglu.net"
172.237.60.137 - - [29/Apr/2026:12:14:36 +0300] "POST /xmlrpc.php HTTP/1.1" 200 15061 "-" "Mozilla/5.0 (Windows NT 10.0; Win64; x64) AppleWebKit/537.36 (KHTML, like Gecko) Chrome/114.0.0.0 Safari/537.36"
172.237.60.137 - - [29/Apr/2026:12:14:50 +0300] "GET /sexy-lobstermania-hack-slot-games-as-the-hades-slots-comment/ HTTP/1.1" 200 78806 "-" "Mozilla/5.0 (Windows NT 10.0; Win64; x64) AppleWebKit/537.36 (KHTML, like Gecko) Chrome/123.0.0.0 Safari/537.36 OPR/109.0.0.0"
66.249.73.1 - - [29/Apr/2026:12:15:26 +0300] "GET /casino-barriere-lille-jeux-spectacles-bars-et-4/ HTTP/1.1" 200 291456 "-" "Mozilla/5.0 (Linux; Android 6.0.1; Nexus 5X Build/MMB29P) AppleWebKit/537.36 (KHTML, like Gecko) Chrome/147.0.7727.116 Mobile Safari/537.36 (compatible; Googlebot/2.1; +http://www.google.com/bot.html)"
66.249.73.15 - - [29/Apr/2026:12:15:47 +0300] "GET /wp-content/themes/toppic/css/fontello.css?ver=4.2 HTTP/1.1" 200 1802 "https://serhatburke.miroglu.net/casino-barriere-lille-jeux-spectacles-bars-et-4/" "Mozilla/5.0 (Linux; Android 6.0.1; Nexus 5X Build/MMB29P) AppleWebKit/537.36 (KHTML, like Gecko) Chrome/147.0.7727.116 Mobile Safari/537.36 (compatible; Googlebot/2.1; +http://www.google.com/bot.html)"
66.249.73.14 - - [29/Apr/2026:12:15:53 +0300] "GET /wp-content/themes/toppic/css/lightbox.css?ver=4.2 HTTP/1.1" 200 2956 "https://serhatburke.miroglu.net/casino-barriere-lille-jeux-spectacles-bars-et-4/" "Mozilla/5.0 (Linux; Android 6.0.1; Nexus 5X Build/MMB29P) AppleWebKit/537.36 (KHTML, like Gecko) Chrome/147.0.7727.116 Mobile Safari/537.36 (compatible; Googlebot/2.1; +http://www.google.com/bot.html)"
128.1.227.228 - - [29/Apr/2026:12:15:44 +0300] "POST /xmlrpc.php HTTP/1.1" 200 630 "-" "Mozilla/5.0 (Windows NT 10.0; Win64; x64) AppleWebKit/537.36 (KHTML, like Gecko) Chrome/114.0.0.0 Safari/537.36"
66.249.76.77 - - [29/Apr/2026:12:15:58 +0300] "GET /casino-barriere-lille-jeux-spectacles-bars-et-4/undefined?ts=1775520000 HTTP/1.1" 200 0 "https://serhatburke.miroglu.net/casino-barriere-lille-jeux-spectacles-bars-et-4/" "Mozilla/5.0 (Linux; Android 6.0.1; Nexus 5X Build/MMB29P) AppleWebKit/537.36 (KHTML, like Gecko) Chrome/147.0.7727.116 Mobile Safari/537.36 (compatible; Googlebot/2.1; +http://www.google.com/bot.html)"
172.237.60.137 - - [29/Apr/2026:12:16:08 +0300] "POST /xmlrpc.php HTTP/1.1" 200 630 "-" "Mozilla/5.0 (Windows NT 10.0; Win64; x64) AppleWebKit/537.36 (KHTML, like Gecko) Chrome/114.0.0.0 Safari/537.36"
128.1.227.228 - - [29/Apr/2026:12:16:08 +0300] "POST /xmlrpc.php HTTP/1.1" 200 12577 "-" "Mozilla/5.0 (Windows NT 10.0; Win64; x64) AppleWebKit/537.36 (KHTML, like Gecko) Chrome/114.0.0.0 Safari/537.36"
128.1.227.228 - - [29/Apr/2026:12:16:30 +0300] "GET /eye-of-horus-gebuhrenfrei-deklamieren-alleinig-eye-of-horus-strategie-slot-freispiele-registration-2025/ HTTP/1.1" 200 77516 "-" "Mozilla/5.0 (Windows NT 10.0; Win64; x64) AppleWebKit/537.36 (KHTML, like Gecko) Chrome/124.0.0.0 Safari/537.36 Edg/124.0.0.0"
185.216.113.70 - - [29/Apr/2026:12:16:59 +0300] "POST /wp-cron.php?doing_wp_cron=1777454219.3673410415649414062500 HTTP/1.1" 200 448 "-" "WordPress/6.3.8; https://serhatburke.miroglu.net"
172.237.60.137 - - [29/Apr/2026:12:16:33 +0300] "POST /xmlrpc.php HTTP/1.1" 200 15357 "-" "Mozilla/5.0 (Windows NT 10.0; Win64; x64) AppleWebKit/537.36 (KHTML, like Gecko) Chrome/114.0.0.0 Safari/537.36"
185.216.113.70 - - [29/Apr/2026:12:17:00 +0300] "POST /wp-cron.php?doing_wp_cron=1777454219.9688510894775390625000 HTTP/1.1" 200 448 "-" "WordPress/6.3.8; https://serhatburke.miroglu.net"
107.172.85.51 - - [29/Apr/2026:12:16:34 +0300] "GET /28563-2/ HTTP/1.1" 200 19335 "https://serhatburke.miroglu.net/" "Mozilla/5.0 (X11; Linux x86_64) AppleWebKit/537.36 (KHTML, like Gecko) Chrome/114.0.0.0 Safari/537.36 OPR/89.0.4447.51"
172.237.60.137 - - [29/Apr/2026:12:17:01 +0300] "GET /play-risk-high-voltage-from-the-big-style-gambling-100percent-free-to-casino-bgo-100-free-spins-the-gambling-enterprise-pearls/ HTTP/1.1" 200 80805 "-" "Mozilla/5.0 (Windows NT 10.0; rv:125.0) Gecko/20100101 Firefox/125.0"
38.180.218.24 - - [29/Apr/2026:12:17:43 +0300] "GET /casino-barriere-lille-jeux-spectacles-bars-et-4/ HTTP/1.1" 200 0 "-" "Mozilla/5.0 (Windows NT 10.0; Win64; x64) AppleWebKit/537.36 (KHTML, like Gecko) Chrome/122.0.0.0 Safari/537.36"
185.216.113.70 - - [29/Apr/2026:12:18:03 +0300] "POST /wp-cron.php?doing_wp_cron=1777454283.7256400585174560546875 HTTP/1.1" 200 448 "-" "WordPress/6.3.8; https://serhatburke.miroglu.net"
38.180.218.24 - - [29/Apr/2026:12:17:54 +0300] "GET /casino-barriere-lille-jeux-spectacles-bars-et-4/ HTTP/1.1" 200 0 "-" "Mozilla/5.0 (Windows NT 10.0; Win64; x64) AppleWebKit/537.36 (KHTML, like Gecko) Chrome/122.0.0.0 Safari/537.36"
38.180.218.24 - - [29/Apr/2026:12:18:04 +0300] "GET /casino-barriere-lille-jeux-spectacles-bars-et-4/ HTTP/1.1" 200 0 "-" "Mozilla/5.0 (Windows NT 10.0; Win64; x64) AppleWebKit/537.36 (KHTML, like Gecko) Chrome/122.0.0.0 Safari/537.36"
38.180.218.24 - - [29/Apr/2026:12:18:15 +0300] "GET /casino-barriere-lille-jeux-spectacles-bars-et-4/ HTTP/1.1" 200 0 "-" "Mozilla/5.0 (Windows NT 10.0; Win64; x64) AppleWebKit/537.36 (KHTML, like Gecko) Chrome/122.0.0.0 Safari/537.36"
38.180.218.24 - - [29/Apr/2026:12:18:26 +0300] "GET /casino-barriere-lille-jeux-spectacles-bars-et-4/ HTTP/1.1" 200 0 "-" "Mozilla/5.0 (Windows NT 10.0; Win64; x64) AppleWebKit/537.36 (KHTML, like Gecko) Chrome/122.0.0.0 Safari/537.36"
128.1.227.228 - - [29/Apr/2026:12:18:06 +0300] "POST /xmlrpc.php HTTP/1.1" 200 630 "-" "Mozilla/5.0 (Windows NT 10.0; Win64; x64) AppleWebKit/537.36 (KHTML, like Gecko) Chrome/114.0.0.0 Safari/537.36"
172.237.60.137 - - [29/Apr/2026:12:18:07 +0300] "POST /xmlrpc.php HTTP/1.1" 200 630 "-" "Mozilla/5.0 (Windows NT 10.0; Win64; x64) AppleWebKit/537.36 (KHTML, like Gecko) Chrome/114.0.0.0 Safari/537.36"
38.180.218.24 - - [29/Apr/2026:12:18:37 +0300] "GET /casino-barriere-lille-jeux-spectacles-bars-et-4/ HTTP/1.1" 200 0 "-" "Mozilla/5.0 (Windows NT 10.0; Win64; x64) AppleWebKit/537.36 (KHTML, like Gecko) Chrome/122.0.0.0 Safari/537.36"
185.216.113.70 - - [29/Apr/2026:12:18:54 +0300] "POST /wp-cron.php?doing_wp_cron=1777454334.7513909339904785156250 HTTP/1.1" 200 448 "-" "WordPress/6.3.8; https://serhatburke.miroglu.net"
216.73.217.81 - - [29/Apr/2026:12:18:38 +0300] "GET /robots.txt HTTP/2" 200 110 "-" "Mozilla/5.0 AppleWebKit/537.36 (KHTML, like Gecko; compatible; ClaudeBot/1.0; +claudebot@anthropic.com)"
128.1.227.228 - - [29/Apr/2026:12:18:45 +0300] "POST /xmlrpc.php HTTP/1.1" 200 13091 "-" "Mozilla/5.0 (Windows NT 10.0; Win64; x64) AppleWebKit/537.36 (KHTML, like Gecko) Chrome/114.0.0.0 Safari/537.36"
172.237.60.137 - - [29/Apr/2026:12:18:46 +0300] "POST /xmlrpc.php HTTP/1.1" 200 14631 "-" "Mozilla/5.0 (Windows NT 10.0; Win64; x64) AppleWebKit/537.36 (KHTML, like Gecko) Chrome/114.0.0.0 Safari/537.36"
128.1.227.228 - - [29/Apr/2026:12:19:06 +0300] "GET /eye-of-horus-fur-queen-of-the-north-slot-nusse-spielen/ HTTP/1.1" 200 77058 "-" "Mozilla/5.0 (Windows NT 10.0; Win64; x64) AppleWebKit/537.36 (KHTML, like Gecko) Chrome/123.0.0.0 Safari/537.36"
172.237.60.137 - - [29/Apr/2026:12:19:07 +0300] "GET /new-york-casting-dauntless-fireplace-casino-slottica-no-deposit-bonus-com-community-forums-house/ HTTP/1.1" 200 79375 "-" "Mozilla/5.0 (Windows NT 10.0; Win64; x64) AppleWebKit/537.36 (KHTML, like Gecko) Chrome/122.0.0.0 Safari/537.36"
38.180.218.24 - - [29/Apr/2026:12:19:50 +0300] "GET /site-officiel-billetterie-52/ HTTP/1.1" 200 0 "-" "Mozilla/5.0 (Windows NT 10.0; Win64; x64) AppleWebKit/537.36 (KHTML, like Gecko) Chrome/122.0.0.0 Safari/537.36"
38.180.218.24 - - [29/Apr/2026:12:20:00 +0300] "GET /site-officiel-billetterie-52/ HTTP/1.1" 200 0 "-" "Mozilla/5.0 (Windows NT 10.0; Win64; x64) AppleWebKit/537.36 (KHTML, like Gecko) Chrome/122.0.0.0 Safari/537.36"
38.180.218.24 - - [29/Apr/2026:12:20:11 +0300] "GET /site-officiel-billetterie-52/ HTTP/1.1" 200 0 "-" "Mozilla/5.0 (Windows NT 10.0; Win64; x64) AppleWebKit/537.36 (KHTML, like Gecko) Chrome/122.0.0.0 Safari/537.36"
185.216.113.70 - - [29/Apr/2026:12:20:27 +0300] "POST /wp-cron.php?doing_wp_cron=1777454426.9833509922027587890625 HTTP/1.1" 200 448 "-" "WordPress/6.3.8; https://serhatburke.miroglu.net"
107.172.85.51 - - [29/Apr/2026:12:20:03 +0300] "GET /28563-2/ HTTP/1.1" 200 19297 "https://serhatburke.miroglu.net/28563-2/" "Mozilla/5.0 (Windows NT 6.3; Win64; x64) AppleWebKit/537.36 (KHTML, like Gecko) Chrome/103.0.0.0 Safari/537.36"
107.172.85.51 - - [29/Apr/2026:12:20:28 +0300] "GET /wp-includes/css/dist/block-library/style.min.css?ver=6.3.8 HTTP/1.1" 200 13578 "https://serhatburke.miroglu.net/28563-2/" "Mozilla/5.0 (Windows NT 10.0; Win64; x64) AppleWebKit/537.36 (KHTML, like Gecko) Chrome/143.0.0.0 Safari/537.36"
172.237.60.137 - - [29/Apr/2026:12:20:10 +0300] "POST /xmlrpc.php HTTP/1.1" 200 630 "-" "Mozilla/5.0 (Windows NT 10.0; Win64; x64) AppleWebKit/537.36 (KHTML, like Gecko) Chrome/114.0.0.0 Safari/537.36"
38.180.218.24 - - [29/Apr/2026:12:20:22 +0300] "GET /site-officiel-billetterie-52/ HTTP/1.1" 200 0 "-" "Mozilla/5.0 (Windows NT 10.0; Win64; x64) AppleWebKit/537.36 (KHTML, like Gecko) Chrome/122.0.0.0 Safari/537.36"
38.180.218.24 - - [29/Apr/2026:12:20:33 +0300] "GET /site-officiel-billetterie-52/ HTTP/1.1" 200 0 "-" "Mozilla/5.0 (Windows NT 10.0; Win64; x64) AppleWebKit/537.36 (KHTML, like Gecko) Chrome/122.0.0.0 Safari/537.36"
128.1.227.228 - - [29/Apr/2026:12:20:26 +0300] "POST /xmlrpc.php HTTP/1.1" 200 630 "-" "Mozilla/5.0 (Windows NT 10.0; Win64; x64) AppleWebKit/537.36 (KHTML, like Gecko) Chrome/114.0.0.0 Safari/537.36"
38.180.218.24 - - [29/Apr/2026:12:20:43 +0300] "GET /site-officiel-billetterie-52/ HTTP/1.1" 200 0 "-" "Mozilla/5.0 (Windows NT 10.0; Win64; x64) AppleWebKit/537.36 (KHTML, like Gecko) Chrome/122.0.0.0 Safari/537.36"
172.237.60.137 - - [29/Apr/2026:12:20:36 +0300] "POST /xmlrpc.php HTTP/1.1" 200 14448 "-" "Mozilla/5.0 (Windows NT 10.0; Win64; x64) AppleWebKit/537.36 (KHTML, like Gecko) Chrome/114.0.0.0 Safari/537.36"
107.172.85.51 - - [29/Apr/2026:12:20:58 +0300] "GET /wp-content/plugins/contact-form-7/includes/css/styles.css?ver=5.8 HTTP/1.1" 200 1490 "https://serhatburke.miroglu.net/28563-2/" "Mozilla/5.0 (Windows NT 10.0; Win64; x64) AppleWebKit/537.36 (KHTML, like Gecko) Chrome/143.0.0.0 Safari/537.36"
107.172.85.51 - - [29/Apr/2026:12:20:59 +0300] "GET /wp-content/themes/toppic/css/fontello.css?ver=4.2 HTTP/1.1" 200 1802 "https://serhatburke.miroglu.net/28563-2/" "Mozilla/5.0 (Windows NT 10.0; Win64; x64) AppleWebKit/537.36 (KHTML, like Gecko) Chrome/143.0.0.0 Safari/537.36"
107.172.85.51 - - [29/Apr/2026:12:20:59 +0300] "GET /wp-content/themes/toppic/css/reset.css?ver=4.2 HTTP/1.1" 200 1178 "https://serhatburke.miroglu.net/28563-2/" "Mozilla/5.0 (Windows NT 10.0; Win64; x64) AppleWebKit/537.36 (KHTML, like Gecko) Chrome/143.0.0.0 Safari/537.36"
107.172.85.51 - - [29/Apr/2026:12:21:00 +0300] "GET /wp-content/themes/toppic/css/default.css?ver=4.2 HTTP/1.1" 200 1811 "https://serhatburke.miroglu.net/28563-2/" "Mozilla/5.0 (Windows NT 10.0; Win64; x64) AppleWebKit/537.36 (KHTML, like Gecko) Chrome/143.0.0.0 Safari/537.36"
107.172.85.51 - - [29/Apr/2026:12:21:00 +0300] "GET /wp-content/themes/toppic/style.css?ver=4.2 HTTP/1.1" 200 23398 "https://serhatburke.miroglu.net/28563-2/" "Mozilla/5.0 (Windows NT 10.0; Win64; x64) AppleWebKit/537.36 (KHTML, like Gecko) Chrome/143.0.0.0 Safari/537.36"
107.172.85.51 - - [29/Apr/2026:12:21:01 +0300] "GET /wp-content/themes/toppic/css/royalslider.css?ver=4.2 HTTP/1.1" 200 1887 "https://serhatburke.miroglu.net/28563-2/" "Mozilla/5.0 (Windows NT 10.0; Win64; x64) AppleWebKit/537.36 (KHTML, like Gecko) Chrome/143.0.0.0 Safari/537.36"
107.172.85.51 - - [29/Apr/2026:12:21:02 +0300] "GET /wp-content/themes/toppic/css/rs-default.css?ver=4.2 HTTP/1.1" 200 2625 "https://serhatburke.miroglu.net/28563-2/" "Mozilla/5.0 (Windows NT 10.0; Win64; x64) AppleWebKit/537.36 (KHTML, like Gecko) Chrome/143.0.0.0 Safari/537.36"
107.172.85.51 - - [29/Apr/2026:12:21:02 +0300] "GET /wp-content/themes/toppic/css/lightbox.css?ver=4.2 HTTP/1.1" 200 2956 "https://serhatburke.miroglu.net/28563-2/" "Mozilla/5.0 (Windows NT 10.0; Win64; x64) AppleWebKit/537.36 (KHTML, like Gecko) Chrome/143.0.0.0 Safari/537.36"
107.172.85.51 - - [29/Apr/2026:12:21:03 +0300] "GET /wp-content/themes/toppic/css/woocommerce.css?ver=4.2 HTTP/1.1" 200 2848 "https://serhatburke.miroglu.net/28563-2/" "Mozilla/5.0 (Windows NT 10.0; Win64; x64) AppleWebKit/537.36 (KHTML, like Gecko) Chrome/143.0.0.0 Safari/537.36"
107.172.85.51 - - [29/Apr/2026:12:21:03 +0300] "GET /wp-content/themes/toppic/css/responsive.css?ver=4.2 HTTP/1.1" 200 2796 "https://serhatburke.miroglu.net/28563-2/" "Mozilla/5.0 (Windows NT 10.0; Win64; x64) AppleWebKit/537.36 (KHTML, like Gecko) Chrome/143.0.0.0 Safari/537.36"
128.1.227.228 - - [29/Apr/2026:12:20:53 +0300] "POST /xmlrpc.php HTTP/1.1" 200 13020 "-" "Mozilla/5.0 (Windows NT 10.0; Win64; x64) AppleWebKit/537.36 (KHTML, like Gecko) Chrome/114.0.0.0 Safari/537.36"
172.237.60.137 - - [29/Apr/2026:12:20:58 +0300] "GET /home-from-fun-hack-apk-limitless-gold-casino-drueckglueck-login-coins/ HTTP/1.1" 200 78358 "-" "Mozilla/5.0 (Windows NT 10.0; Win64; x64) AppleWebKit/537.36 (KHTML, like Gecko) Chrome/124.0.0.0 Safari/537.36"
107.172.85.51 - - [29/Apr/2026:12:21:04 +0300] "POST /wp-comments-post.php HTTP/1.1" 302 1055 "https://serhatburke.miroglu.net/28563-2/" "Mozilla/5.0 (Windows NT 6.3; Win64; x64) AppleWebKit/537.36 (KHTML, like Gecko) Chrome/103.0.0.0 Safari/537.36"
128.1.227.228 - - [29/Apr/2026:12:21:09 +0300] "GET /free-spins-2026-fortschrittlich-60-freispiele-exklusive-diamond-tagebau-eye-of-horus-apk-slot-rtp-deluxe-echtes-piepen-einzahlung-%E6%B7%A8%E7%BE%8E%E7%9A%AE%E8%86%9A%E7%A7%91%E8%A8%BA%E6%89%80/ HTTP/1.1" 200 80001 "-" "Mozilla/5.0 (Windows NT 10.0; Win64; x64) AppleWebKit/537.36 (KHTML, like Gecko) Chrome/124.0.0.0 Safari/537.36"
38.180.218.24 - - [29/Apr/2026:12:21:18 +0300] "GET /casino-en-ligne-jouer-sur-lotoquebec-com-48/ HTTP/1.1" 200 0 "-" "Mozilla/5.0 (Windows NT 10.0; Win64; x64) AppleWebKit/537.36 (KHTML, like Gecko) Chrome/122.0.0.0 Safari/537.36"
107.172.85.51 - - [29/Apr/2026:12:21:18 +0300] "GET /28563-2/?unapproved=873&moderation-hash=c75c063191ad82f66c5c077362fc19a7 HTTP/1.1" 200 19826 "https://serhatburke.miroglu.net/wp-comments-post.php" "Mozilla/5.0 (Windows NT 6.3; Win64; x64) AppleWebKit/537.36 (KHTML, like Gecko) Chrome/103.0.0.0 Safari/537.36"
38.180.218.24 - - [29/Apr/2026:12:21:28 +0300] "GET /casino-en-ligne-jouer-sur-lotoquebec-com-48/ HTTP/1.1" 200 0 "-" "Mozilla/5.0 (Windows NT 10.0; Win64; x64) AppleWebKit/537.36 (KHTML, like Gecko) Chrome/122.0.0.0 Safari/537.36"
185.216.113.70 - - [29/Apr/2026:12:21:47 +0300] "POST /wp-cron.php?doing_wp_cron=1777454507.7627820968627929687500 HTTP/1.1" 200 448 "-" "WordPress/6.3.8; https://serhatburke.miroglu.net"
38.180.218.24 - - [29/Apr/2026:12:21:39 +0300] "GET /casino-en-ligne-jouer-sur-lotoquebec-com-48/ HTTP/1.1" 200 0 "-" "Mozilla/5.0 (Windows NT 10.0; Win64; x64) AppleWebKit/537.36 (KHTML, like Gecko) Chrome/122.0.0.0 Safari/537.36"
38.180.218.24 - - [29/Apr/2026:12:21:50 +0300] "GET /casino-en-ligne-jouer-sur-lotoquebec-com-48/ HTTP/1.1" 200 0 "-" "Mozilla/5.0 (Windows NT 10.0; Win64; x64) AppleWebKit/537.36 (KHTML, like Gecko) Chrome/122.0.0.0 Safari/537.36"
172.237.60.137 - - [29/Apr/2026:12:21:55 +0300] "POST /xmlrpc.php HTTP/1.1" 200 630 "-" "Mozilla/5.0 (Windows NT 10.0; Win64; x64) AppleWebKit/537.36 (KHTML, like Gecko) Chrome/114.0.0.0 Safari/537.36"
38.180.218.24 - - [29/Apr/2026:12:22:01 +0300] "GET /casino-en-ligne-jouer-sur-lotoquebec-com-48/ HTTP/1.1" 200 0 "-" "Mozilla/5.0 (Windows NT 10.0; Win64; x64) AppleWebKit/537.36 (KHTML, like Gecko) Chrome/122.0.0.0 Safari/537.36"
38.180.218.24 - - [29/Apr/2026:12:22:12 +0300] "GET /casino-en-ligne-jouer-sur-lotoquebec-com-48/ HTTP/1.1" 200 0 "-" "Mozilla/5.0 (Windows NT 10.0; Win64; x64) AppleWebKit/537.36 (KHTML, like Gecko) Chrome/122.0.0.0 Safari/537.36"
185.216.113.70 - - [29/Apr/2026:12:22:24 +0300] "POST /wp-cron.php?doing_wp_cron=1777454544.8529911041259765625000 HTTP/1.1" 200 448 "-" "WordPress/6.3.8; https://serhatburke.miroglu.net"
172.237.60.137 - - [29/Apr/2026:12:22:18 +0300] "POST /xmlrpc.php HTTP/1.1" 200 14712 "-" "Mozilla/5.0 (Windows NT 10.0; Win64; x64) AppleWebKit/537.36 (KHTML, like Gecko) Chrome/114.0.0.0 Safari/537.36"
172.237.60.137 - - [29/Apr/2026:12:22:33 +0300] "GET /family-away-from-fun-slot-wheel-of-luck-slot-games-remark-challenge-to-go-into-spin-to-have-victories/ HTTP/1.1" 200 79364 "-" "Mozilla/5.0 (Windows NT 10.0; rv:109.0) Gecko/20100101 Firefox/115.0"
185.216.113.70 - - [29/Apr/2026:12:23:07 +0300] "POST /wp-cron.php?doing_wp_cron=1777454587.4506409168243408203125 HTTP/1.1" 200 448 "-" "WordPress/6.3.8; https://serhatburke.miroglu.net"
128.1.227.228 - - [29/Apr/2026:12:22:54 +0300] "POST /xmlrpc.php HTTP/1.1" 200 630 "-" "Mozilla/5.0 (Windows NT 10.0; Win64; x64) AppleWebKit/537.36 (KHTML, like Gecko) Chrome/114.0.0.0 Safari/537.36"
128.1.227.228 - - [29/Apr/2026:12:23:14 +0300] "POST /xmlrpc.php HTTP/1.1" 200 13026 "-" "Mozilla/5.0 (Windows NT 10.0; Win64; x64) AppleWebKit/537.36 (KHTML, like Gecko) Chrome/114.0.0.0 Safari/537.36"
185.216.113.70 - - [29/Apr/2026:12:23:42 +0300] "POST /wp-cron.php?doing_wp_cron=1777454622.4624729156494140625000 HTTP/1.1" 200 448 "-" "WordPress/6.3.8; https://serhatburke.miroglu.net"
128.1.227.228 - - [29/Apr/2026:12:23:29 +0300] "GET /eye-of-horus-angeschlossen-casino-eye-of-horus-taktik-auffuhren/ HTTP/1.1" 200 76962 "-" "Mozilla/5.0 (Windows NT 10.0; Win64; x64) AppleWebKit/537.36 (KHTML, like Gecko) Chrome/123.0.0.0 Safari/537.36"
172.237.60.137 - - [29/Apr/2026:12:23:36 +0300] "POST /xmlrpc.php HTTP/1.1" 200 630 "-" "Mozilla/5.0 (Windows NT 10.0; Win64; x64) AppleWebKit/537.36 (KHTML, like Gecko) Chrome/114.0.0.0 Safari/537.36"
172.237.60.137 - - [29/Apr/2026:12:23:57 +0300] "POST /xmlrpc.php HTTP/1.1" 200 14817 "-" "Mozilla/5.0 (Windows NT 10.0; Win64; x64) AppleWebKit/537.36 (KHTML, like Gecko) Chrome/114.0.0.0 Safari/537.36"
172.237.60.137 - - [29/Apr/2026:12:24:11 +0300] "GET /microgaming-betway-casino-app-iphone/ HTTP/1.1" 200 77944 "-" "Mozilla/5.0 (Windows NT 10.0; Win64; x64; rv:124.0) Gecko/20100101 Firefox/124.0"
185.216.113.70 - - [29/Apr/2026:12:25:15 +0300] "POST /wp-cron.php?doing_wp_cron=1777454715.2252140045166015625000 HTTP/1.1" 200 448 "-" "WordPress/6.3.8; https://serhatburke.miroglu.net"
128.1.227.228 - - [29/Apr/2026:12:25:03 +0300] "POST /xmlrpc.php HTTP/1.1" 200 630 "-" "Mozilla/5.0 (Windows NT 10.0; Win64; x64) AppleWebKit/537.36 (KHTML, like Gecko) Chrome/114.0.0.0 Safari/537.36"
172.237.60.137 - - [29/Apr/2026:12:25:18 +0300] "POST /xmlrpc.php HTTP/1.1" 200 630 "-" "Mozilla/5.0 (Windows NT 10.0; Win64; x64) AppleWebKit/537.36 (KHTML, like Gecko) Chrome/114.0.0.0 Safari/537.36"
128.1.227.228 - - [29/Apr/2026:12:25:22 +0300] "POST /xmlrpc.php HTTP/1.1" 200 13451 "-" "Mozilla/5.0 (Windows NT 10.0; Win64; x64) AppleWebKit/537.36 (KHTML, like Gecko) Chrome/114.0.0.0 Safari/537.36"
52.167.144.229 - - [29/Apr/2026:12:25:22 +0300] "GET /el-torero-kostenlos-ein-merkur-klassiker-erreichbar/ HTTP/2" 200 19086 "-" "Mozilla/5.0 AppleWebKit/537.36 (KHTML, like Gecko; compatible; bingbot/2.0; +http://www.bing.com/bingbot.htm) Chrome/116.0.1938.76 Safari/537.36"
40.77.167.121 - - [29/Apr/2026:12:25:25 +0300] "GET /hot-spot-znane-bezplatne-i-ekscytujace-sloty-plenty-of-fortune-automat-przy-2025-r/ HTTP/2" 200 19538 "-" "Mozilla/5.0 AppleWebKit/537.36 (KHTML, like Gecko; compatible; bingbot/2.0; +http://www.bing.com/bingbot.htm) Chrome/116.0.1938.76 Safari/537.36"
52.167.144.211 - - [29/Apr/2026:12:25:27 +0300] "GET /natcasino-2026-topplista-ovanfor-ultimat-natcasinon-i-sverige/ HTTP/2" 200 19388 "-" "Mozilla/5.0 AppleWebKit/537.36 (KHTML, like Gecko; compatible; bingbot/2.0; +http://www.bing.com/bingbot.htm) Chrome/116.0.1938.76 Safari/537.36"
185.216.113.70 - - [29/Apr/2026:12:26:06 +0300] "POST /wp-cron.php?doing_wp_cron=1777454765.9447529315948486328125 HTTP/1.1" 200 448 "-" "WordPress/6.3.8; https://serhatburke.miroglu.net"
172.237.60.137 - - [29/Apr/2026:12:25:50 +0300] "POST /xmlrpc.php HTTP/1.1" 200 15460 "-" "Mozilla/5.0 (Windows NT 10.0; Win64; x64) AppleWebKit/537.36 (KHTML, like Gecko) Chrome/114.0.0.0 Safari/537.36"
128.1.227.228 - - [29/Apr/2026:12:25:55 +0300] "GET /eye-of-horus-casino-no-einzahlung-billionairespin-fur-nusse-online-damit-echtgeld-zum-besten-geben-2026/ HTTP/1.1" 200 78615 "-" "Mozilla/5.0 (Windows NT 10.0; Win64; x64) AppleWebKit/537.36 (KHTML, like Gecko) Chrome/123.0.0.0 Safari/537.36 OPR/109.0.0.0"
185.106.30.106 - - [29/Apr/2026:12:26:06 +0300] "POST /xmlrpc.php HTTP/2" 200 141 "-" "WordPress/XMLRPC Client"
172.237.60.137 - - [29/Apr/2026:12:26:08 +0300] "GET /immortal-like-position-2026-review-choice-real-within-starburst-slot-step-1-deposit-best-online-casino-no-deposit-big-bad-wolf-the-brand-new-canada/ HTTP/1.1" 200 81436 "-" "Mozilla/5.0 (Windows NT 10.0; Win64; x64) AppleWebKit/537.36 (KHTML, like Gecko) Chrome/109.0.0.0 Safari/537.36"
52.167.144.229 - - [29/Apr/2026:12:26:08 +0300] "GET /jocuri-ybets-bonus-de-inscriere-mahjong/ HTTP/2" 200 20310 "-" "Mozilla/5.0 AppleWebKit/537.36 (KHTML, like Gecko; compatible; bingbot/2.0; +http://www.bing.com/bingbot.htm) Chrome/116.0.1938.76 Safari/537.36"
185.216.113.70 - - [29/Apr/2026:12:26:42 +0300] "POST /wp-cron.php?doing_wp_cron=1777454802.7923810482025146484375 HTTP/1.1" 200 448 "-" "WordPress/6.3.8; https://serhatburke.miroglu.net"
185.106.30.106 - - [29/Apr/2026:12:26:30 +0300] "GET /?p=143726 HTTP/2" 301 0 "-" "Mozilla/5.0 (Windows NT 10.0; Win64; x64) AppleWebKit/537.36 (KHTML, like Gecko) Chrome/120.0.0.0 Safari/537.36"
172.237.60.137 - - [29/Apr/2026:12:26:56 +0300] "POST /xmlrpc.php HTTP/1.1" 200 630 "-" "Mozilla/5.0 (Windows NT 10.0; Win64; x64) AppleWebKit/537.36 (KHTML, like Gecko) Chrome/114.0.0.0 Safari/537.36"
128.1.227.228 - - [29/Apr/2026:12:27:06 +0300] "POST /xmlrpc.php HTTP/1.1" 200 630 "-" "Mozilla/5.0 (Windows NT 10.0; Win64; x64) AppleWebKit/537.36 (KHTML, like Gecko) Chrome/114.0.0.0 Safari/537.36"
185.216.113.70 - - [29/Apr/2026:12:27:29 +0300] "POST /wp-cron.php?doing_wp_cron=1777454848.9496190547943115234375 HTTP/1.1" 200 448 "-" "WordPress/6.3.8; https://serhatburke.miroglu.net"
172.237.60.137 - - [29/Apr/2026:12:27:15 +0300] "POST /xmlrpc.php HTTP/1.1" 200 14968 "-" "Mozilla/5.0 (Windows NT 10.0; Win64; x64) AppleWebKit/537.36 (KHTML, like Gecko) Chrome/114.0.0.0 Safari/537.36"
91.242.215.171 - - [29/Apr/2026:12:27:19 +0300] "POST /xmlrpc.php HTTP/1.1" 200 630 "-" "Mozilla/5.0 (Windows NT 10.0; Win64; x64) AppleWebKit/537.36 (KHTML, like Gecko) Chrome/114.0.0.0 Safari/537.36"
128.1.227.228 - - [29/Apr/2026:12:27:26 +0300] "POST /xmlrpc.php HTTP/1.1" 200 13076 "-" "Mozilla/5.0 (Windows NT 10.0; Win64; x64) AppleWebKit/537.36 (KHTML, like Gecko) Chrome/114.0.0.0 Safari/537.36"
172.237.60.137 - - [29/Apr/2026:12:27:30 +0300] "GET /immortal-slot-rock-climber-relationship-position-remark-spin-on-the-vampires/ HTTP/1.1" 200 79124 "-" "Mozilla/5.0 (Windows NT 10.0; Win64; x64) AppleWebKit/537.36 (KHTML, like Gecko) Chrome/123.0.0.0 Safari/537.36 OPR/109.0.0.0"
91.242.215.171 - - [29/Apr/2026:12:27:45 +0300] "POST /xmlrpc.php HTTP/1.1" 200 10375 "-" "Mozilla/5.0 (Windows NT 10.0; Win64; x64) AppleWebKit/537.36 (KHTML, like Gecko) Chrome/114.0.0.0 Safari/537.36"
128.1.227.228 - - [29/Apr/2026:12:27:49 +0300] "GET /sonnennachster-planet-casino-com-mobile-app-eye-of-horus-erzielbar-casinos-costa-rica/ HTTP/1.1" 200 77686 "-" "Mozilla/5.0 (Windows NT 10.0; Win64; x64) AppleWebKit/537.36 (KHTML, like Gecko) Chrome/122.0.0.0 Safari/537.36"
52.167.144.211 - - [29/Apr/2026:12:27:54 +0300] "GET /lobstermania-ybets-apk-prisijungimas-ports-losimo-namu-programele-google-platformoje-megaukites/ HTTP/2" 200 18765 "-" "Mozilla/5.0 AppleWebKit/537.36 (KHTML, like Gecko; compatible; bingbot/2.0; +http://www.bing.com/bingbot.htm) Chrome/116.0.1938.76 Safari/537.36"
185.216.113.70 - - [29/Apr/2026:12:28:36 +0300] "POST /wp-cron.php?doing_wp_cron=1777454916.6537570953369140625000 HTTP/1.1" 200 448 "-" "WordPress/6.3.8; https://serhatburke.miroglu.net"
185.216.113.70 - - [29/Apr/2026:12:28:37 +0300] "POST /wp-cron.php?doing_wp_cron=1777454917.3574569225311279296875 HTTP/1.1" 200 448 "-" "WordPress/6.3.8; https://serhatburke.miroglu.net"
40.77.167.121 - - [29/Apr/2026:12:27:58 +0300] "GET /hankige-uptodowni-verde-kasiino-sissemakseta-promokoodid-taiesti-uus-apk/ HTTP/2" 200 18456 "-" "Mozilla/5.0 AppleWebKit/537.36 (KHTML, like Gecko; compatible; bingbot/2.0; +http://www.bing.com/bingbot.htm) Chrome/116.0.1938.76 Safari/537.36"
40.77.167.121 - - [29/Apr/2026:12:27:58 +0300] "GET /what-kinds-of-games-can-you-enjoy-at-the-online-casino/ HTTP/2" 200 17731 "-" "Mozilla/5.0 AppleWebKit/537.36 (KHTML, like Gecko; compatible; bingbot/2.0; +http://www.bing.com/bingbot.htm) Chrome/116.0.1938.76 Safari/537.36"
185.216.113.70 - - [29/Apr/2026:12:28:49 +0300] "POST /wp-cron.php?doing_wp_cron=1777454929.0801029205322265625000 HTTP/1.1" 200 448 "-" "WordPress/6.3.8; https://serhatburke.miroglu.net"
34.116.28.33 - - [29/Apr/2026:12:28:07 +0300] "GET /golden-mister-casino-full-detailed-review-huge/ HTTP/1.1" 200 19668 "-" "Mozilla/5.0 (compatible; Google-Apps-Script; beanserver; +https://script.google.com; id: UAEmdDd98-IqFHPQ7FFTjM1LThi7WIa68nzw)"
38.180.218.24 - - [29/Apr/2026:12:28:44 +0300] "GET /jeuxcasino-com-de-1559-jeux-de-casino-en-ligne-77/ HTTP/1.1" 200 0 "-" "Mozilla/5.0 (Windows NT 10.0; Win64; x64) AppleWebKit/537.36 (KHTML, like Gecko) Chrome/122.0.0.0 Safari/537.36"
130.49.78.231 - - [29/Apr/2026:12:28:25 +0300] "GET / HTTP/2" 200 0 "-" "Mozilla/5.0 (Macintosh; Intel Mac OS X 10_15_7) AppleWebKit/537.36 (KHTML, like Gecko) Chrome/120.0.0.0 Safari/537.36"
38.180.218.24 - - [29/Apr/2026:12:28:54 +0300] "GET /jeuxcasino-com-de-1559-jeux-de-casino-en-ligne-77/ HTTP/1.1" 200 0 "-" "Mozilla/5.0 (Windows NT 10.0; Win64; x64) AppleWebKit/537.36 (KHTML, like Gecko) Chrome/122.0.0.0 Safari/537.36"
91.242.215.171 - - [29/Apr/2026:12:28:17 +0300] "GET /selbige-wettanforderungen-seien-gleich-wichtig-entsprechend-diese-pair-of-virginals-reihe-ein-freispiele-ohne-einzahlung/ HTTP/1.1" 200 76489 "-" "Mozilla/5.0 (Windows NT 10.0; rv:125.0) Gecko/20100101 Firefox/125.0"
38.180.218.24 - - [29/Apr/2026:12:29:05 +0300] "GET /jeuxcasino-com-de-1559-jeux-de-casino-en-ligne-77/ HTTP/1.1" 200 0 "-" "Mozilla/5.0 (Windows NT 10.0; Win64; x64) AppleWebKit/537.36 (KHTML, like Gecko) Chrome/122.0.0.0 Safari/537.36"
128.1.227.228 - - [29/Apr/2026:12:28:25 +0300] "POST /xmlrpc.php HTTP/1.1" 200 630 "-" "Mozilla/5.0 (Windows NT 10.0; Win64; x64) AppleWebKit/537.36 (KHTML, like Gecko) Chrome/114.0.0.0 Safari/537.36"
38.180.218.24 - - [29/Apr/2026:12:29:16 +0300] "GET /jeuxcasino-com-de-1559-jeux-de-casino-en-ligne-77/ HTTP/1.1" 200 0 "-" "Mozilla/5.0 (Windows NT 10.0; Win64; x64) AppleWebKit/537.36 (KHTML, like Gecko) Chrome/122.0.0.0 Safari/537.36"
172.237.60.137 - - [29/Apr/2026:12:28:31 +0300] "POST /xmlrpc.php HTTP/1.1" 200 630 "-" "Mozilla/5.0 (Windows NT 10.0; Win64; x64) AppleWebKit/537.36 (KHTML, like Gecko) Chrome/114.0.0.0 Safari/537.36"
52.167.144.147 - - [29/Apr/2026:12:28:47 +0300] "GET /this-keine-einzahlung-erforderlich-casino-boni-kasino-was-no-longer-operating/ HTTP/2" 200 0 "-" "Mozilla/5.0 AppleWebKit/537.36 (KHTML, like Gecko; compatible; bingbot/2.0; +http://www.bing.com/bingbot.htm) Chrome/116.0.1938.76 Safari/537.36"
38.180.218.24 - - [29/Apr/2026:12:29:27 +0300] "GET /jeuxcasino-com-de-1559-jeux-de-casino-en-ligne-77/ HTTP/1.1" 200 0 "-" "Mozilla/5.0 (Windows NT 10.0; Win64; x64) AppleWebKit/537.36 (KHTML, like Gecko) Chrome/122.0.0.0 Safari/537.36"
77.83.24.82 - - [29/Apr/2026:12:29:06 +0300] "GET / HTTP/2" 200 0 "-" "Mozilla/5.0 (Macintosh; Intel Mac OS X 10_15_7) AppleWebKit/537.36 (KHTML, like Gecko) Chrome/120.0.0.0 Safari/537.36"
38.180.218.24 - - [29/Apr/2026:12:29:37 +0300] "GET /jeuxcasino-com-de-1559-jeux-de-casino-en-ligne-77/ HTTP/1.1" 200 0 "-" "Mozilla/5.0 (Windows NT 10.0; Win64; x64) AppleWebKit/537.36 (KHTML, like Gecko) Chrome/122.0.0.0 Safari/537.36"
185.216.113.70 - - [29/Apr/2026:12:29:57 +0300] "POST /wp-cron.php?doing_wp_cron=1777454997.6589241027832031250000 HTTP/1.1" 200 448 "-" "WordPress/6.3.8; https://serhatburke.miroglu.net"
91.242.215.171 - - [29/Apr/2026:12:28:48 +0300] "POST /xmlrpc.php HTTP/1.1" 200 630 "-" "Mozilla/5.0 (Windows NT 10.0; Win64; x64) AppleWebKit/537.36 (KHTML, like Gecko) Chrome/114.0.0.0 Safari/537.36"
130.49.10.134 - - [29/Apr/2026:12:29:46 +0300] "GET / HTTP/2" 200 0 "-" "Mozilla/5.0 (Macintosh; Intel Mac OS X 10_15_7) AppleWebKit/537.36 (KHTML, like Gecko) Chrome/120.0.0.0 Safari/537.36"
185.216.113.70 - - [29/Apr/2026:12:30:27 +0300] "POST /wp-cron.php?doing_wp_cron=1777455027.1601819992065429687500 HTTP/1.1" 200 448 "-" "WordPress/6.3.8; https://serhatburke.miroglu.net"
128.1.227.228 - - [29/Apr/2026:12:29:21 +0300] "POST /xmlrpc.php HTTP/1.1" 200 630 "-" "Mozilla/5.0 (Windows NT 10.0; Win64; x64) AppleWebKit/537.36 (KHTML, like Gecko) Chrome/114.0.0.0 Safari/537.36"
185.216.113.70 - - [29/Apr/2026:12:30:36 +0300] "POST /wp-cron.php?doing_wp_cron=1777455036.4719169139862060546875 HTTP/1.1" 200 448 "-" "WordPress/6.3.8; https://serhatburke.miroglu.net"
128.1.227.228 - - [29/Apr/2026:12:29:29 +0300] "POST /xmlrpc.php HTTP/1.1" 200 13051 "-" "Mozilla/5.0 (Windows NT 10.0; Win64; x64) AppleWebKit/537.36 (KHTML, like Gecko) Chrome/114.0.0.0 Safari/537.36"
185.216.113.70 - - [29/Apr/2026:12:30:47 +0300] "POST /wp-cron.php?doing_wp_cron=1777455047.5648910999298095703125 HTTP/1.1" 200 448 "-" "WordPress/6.3.8; https://serhatburke.miroglu.net"
172.237.60.137 - - [29/Apr/2026:12:29:35 +0300] "POST /xmlrpc.php HTTP/1.1" 200 15263 "-" "Mozilla/5.0 (Windows NT 10.0; Win64; x64) AppleWebKit/537.36 (KHTML, like Gecko) Chrome/114.0.0.0 Safari/537.36"
185.216.113.70 - - [29/Apr/2026:12:30:52 +0300] "POST /wp-cron.php?doing_wp_cron=1777455051.8550610542297363281250 HTTP/1.1" 200 448 "-" "WordPress/6.3.8; https://serhatburke.miroglu.net"
160.250.186.93 - - [29/Apr/2026:12:29:43 +0300] "GET /zotabet-casino-bonus-premier-depot-2026/ HTTP/1.1" 200 19282 "-" "Mozilla/5.0 (compatible; Googlebot/2.1; +http://www.google.com/bot.html)"
185.216.113.70 - - [29/Apr/2026:12:30:57 +0300] "POST /wp-cron.php?doing_wp_cron=1777455057.6677980422973632812500 HTTP/1.1" 200 448 "-" "WordPress/6.3.8; https://serhatburke.miroglu.net"
185.216.113.70 - - [29/Apr/2026:12:30:58 +0300] "POST /wp-cron.php?doing_wp_cron=1777455058.2739319801330566406250 HTTP/1.1" 200 448 "-" "WordPress/6.3.8; https://serhatburke.miroglu.net"
