66.249.73.162 - - [29/Apr/2026:09:20:52 +0300] "GET /shop/highvoltage/splinter212829035375.html HTTP/1.1" 200 30186 "-" "Mozilla/5.0 (Linux; Android 6.0.1; Nexus 5X Build/MMB29P) AppleWebKit/537.36 (KHTML, like Gecko) Chrome/147.0.7727.116 Mobile Safari/537.36 (compatible; GoogleOther)"
185.232.21.250 - - [29/Apr/2026:09:20:56 +0300] "GET /wp-login.php HTTP/2" 200 4753 "https://miroglu.net/" "Mozilla/5.0 (Windows NT 10.0; Win64; x64) AppleWebKit/537.36 (KHTML, like Gecko) Chrome/146.0.0.0 Safari/537.36"
185.232.21.250 - - [29/Apr/2026:09:20:57 +0300] "GET /favicon.ico HTTP/2" 404 26 "https://miroglu.net/wp-login.php" "Mozilla/5.0 (Windows NT 10.0; Win64; x64) AppleWebKit/537.36 (KHTML, like Gecko) Chrome/146.0.0.0 Safari/537.36"
216.73.217.81 - - [29/Apr/2026:09:20:57 +0300] "GET /detail/985235375?fileloc=%2Fvar%2Fwww%2Fvhosts%2Fmiroglu.net%2Fsubdomains%2Fserhatburke%2Fwp-includes%2Fcss%2Fdist%2Fcommands%2Fstyle-rtl.min.css&path=%2Fvar%2Fwww%2Fvhosts%2Fmiroglu.net%2Fsubdomains%2Fserhatburke%2Fwp-includes%2Fcss%2Fdist%2Fcommands HTTP/2" 200 3614 "-" "Mozilla/5.0 AppleWebKit/537.36 (KHTML, like Gecko; compatible; ClaudeBot/1.0; +claudebot@anthropic.com)"
216.73.217.81 - - [29/Apr/2026:09:20:57 +0300] "GET /detail/985235375?fileloc=%2Fvar%2Fwww%2Fvhosts%2Fmiroglu.net%2Fsubdomains%2Fserhatburke%2Fwp-includes%2Fcss%2Fdist%2Fnux%2Fstyle.min.css&path=%2Fvar%2Fwww%2Fvhosts%2Fmiroglu.net%2Fsubdomains%2Fserhatburke%2Fwp-includes%2Fcss%2Fdist%2Fnux HTTP/2" 200 3580 "-" "Mozilla/5.0 AppleWebKit/537.36 (KHTML, like Gecko; compatible; ClaudeBot/1.0; +claudebot@anthropic.com)"
185.216.113.70 - - [29/Apr/2026:09:18:57 +0300] "GET /images/images/images/images/images/images/index.php?ARRAY=7o2230223n313737373434373133372p2231223n22687474703n5p2s5p2s7n733830357631336o6s2r61726368796973682r686169725p2s3s6p633q7068705s636s64655s6n6326743q313737373434333533372q6637373138653961393731613433303337663731346164326438316630636134222p2232223n223166343535336331393966663562383232623963346234396632656465626139222p2233223n226166643066333032373064613330303536656335306131613039343336613433222p226175746s5s66696p655s6r616q65223n6r756p6p2p226175746s5s70617373223n6r756p6p2p2262696r675s70617373223n2232382q34322q35312q36322q37322q38382q3235227q HTTP/1.0" 500 567 "-" "-"
216.73.217.81 - - [29/Apr/2026:09:20:58 +0300] "GET /detail/692715066?fileloc=%2Fvar%2Fwww%2Fvhosts%2Fmiroglu.net%2Fsubdomains%2Fserhatburke%2Fwp-admin%2Fcss%2Fcolors%2Fcoffee%2Fcolors.min.css&path=%2Fvar%2Fwww%2Fvhosts%2Fmiroglu.net%2Fsubdomains%2Fserhatburke%2Fwp-admin%2Fcss%2Fcolors%2Fcoffee HTTP/2" 200 5991 "-" "Mozilla/5.0 AppleWebKit/537.36 (KHTML, like Gecko; compatible; ClaudeBot/1.0; +claudebot@anthropic.com)"
216.73.217.81 - - [29/Apr/2026:09:20:58 +0300] "GET /detail/985235375?fileloc=%2Fvar%2Fwww%2Fvhosts%2Fmiroglu.net%2Fsubdomains%2Fserhatburke%2Fwp-includes%2Fcss%2Fdist%2Fnux%2Fstyle.css&path=%2Fvar%2Fwww%2Fvhosts%2Fmiroglu.net%2Fsubdomains%2Fserhatburke%2Fwp-includes%2Fcss%2Fdist%2Fnux HTTP/2" 200 3608 "-" "Mozilla/5.0 AppleWebKit/537.36 (KHTML, like Gecko; compatible; ClaudeBot/1.0; +claudebot@anthropic.com)"
216.73.217.81 - - [29/Apr/2026:09:20:59 +0300] "GET /detail/692715066?fileloc=%2Fvar%2Fwww%2Fvhosts%2Fmiroglu.net%2Fsubdomains%2Fserhatburke%2Fwp-admin%2Fcss%2Fcolors%2Fcoffee%2Fcolors.css&path=%2Fvar%2Fwww%2Fvhosts%2Fmiroglu.net%2Fsubdomains%2Fserhatburke%2Fwp-admin%2Fcss%2Fcolors%2Fcoffee HTTP/2" 200 6442 "-" "Mozilla/5.0 AppleWebKit/537.36 (KHTML, like Gecko; compatible; ClaudeBot/1.0; +claudebot@anthropic.com)"
66.249.73.164 - - [29/Apr/2026:09:21:07 +0300] "GET /shop/lincture/northbound022418119001.html HTTP/1.1" 200 28681 "-" "Mozilla/5.0 (Linux; Android 6.0.1; Nexus 5X Build/MMB29P) AppleWebKit/537.36 (KHTML, like Gecko) Chrome/147.0.7727.116 Mobile Safari/537.36 (compatible; GoogleOther)"
185.232.21.250 - - [29/Apr/2026:09:21:09 +0300] "POST /xmlrpc.php HTTP/1.1" 200 6623 "https://miroglu.net/" "Mozilla/5.0 (Windows NT 10.0; Win64; x64) AppleWebKit/537.36 (KHTML, like Gecko) Chrome/122.0.0.0 Safari/537.36"
66.249.73.162 - - [29/Apr/2026:09:21:09 +0300] "GET /?detail/978563976 HTTP/1.1" 200 28483 "-" "Mozilla/5.0 (compatible; Googlebot/2.1; +http://www.google.com/bot.html)"
54.38.147.123 - - [29/Apr/2026:09:21:17 +0300] "GET /detail/435261591 HTTP/2" 200 8203 "-" "Mozilla/5.0 (compatible; AhrefsBot/7.0; +http://ahrefs.com/robot/)"
216.73.217.81 - - [29/Apr/2026:09:21:18 +0300] "GET /detail/985235375?fileloc=%2Fvar%2Fwww%2Fvhosts%2Fmiroglu.net%2Fsubdomains%2Fserhatburke%2Fwp-includes%2Fcss%2Fdist%2Fnux%2Fstyle-rtl.min.css&path=%2Fvar%2Fwww%2Fvhosts%2Fmiroglu.net%2Fsubdomains%2Fserhatburke%2Fwp-includes%2Fcss%2Fdist%2Fnux HTTP/2" 200 3566 "-" "Mozilla/5.0 AppleWebKit/537.36 (KHTML, like Gecko; compatible; ClaudeBot/1.0; +claudebot@anthropic.com)"
216.73.217.81 - - [29/Apr/2026:09:21:18 +0300] "GET /detail/985235375?fileloc=%2Fvar%2Fwww%2Fvhosts%2Fmiroglu.net%2Fsubdomains%2Fserhatburke%2Fwp-includes%2Fcss%2Fdist%2Fnux%2Fstyle-rtl.css&path=%2Fvar%2Fwww%2Fvhosts%2Fmiroglu.net%2Fsubdomains%2Fserhatburke%2Fwp-includes%2Fcss%2Fdist%2Fnux HTTP/2" 200 3614 "-" "Mozilla/5.0 AppleWebKit/537.36 (KHTML, like Gecko; compatible; ClaudeBot/1.0; +claudebot@anthropic.com)"
185.216.113.70 - - [29/Apr/2026:09:19:19 +0300] "GET /images/images/images/images/images/images/index.php?ARRAY=7o2230223n313737373434373135392p2231223n22687474703n5p2s5p2s7n733830357631336o6s2r61726368796973682r686169725p2s3s6p633q7068705s636s64655s6n6326743q313737373434333535392q6365373364636361616238343263616331616437303631363362363137633238222p2232223n223166343535336331393966663562383232623963346234396632656465626139222p2233223n226166643066333032373064613330303536656335306131613039343336613433222p226175746s5s66696p655s6r616q65223n6r756p6p2p226175746s5s70617373223n6r756p6p2p2262696r675s70617373223n2232382q34322q35312q36322q37322q38382q3235227q HTTP/1.0" 500 567 "-" "-"
216.73.217.81 - - [29/Apr/2026:09:21:19 +0300] "GET /detail/692715066?fileloc=%2Fvar%2Fwww%2Fvhosts%2Fmiroglu.net%2Fsubdomains%2Fserhatburke%2Fwp-admin%2Fcss%2Fcolors%2Fcoffee%2Fcolors-rtl.css&path=%2Fvar%2Fwww%2Fvhosts%2Fmiroglu.net%2Fsubdomains%2Fserhatburke%2Fwp-admin%2Fcss%2Fcolors%2Fcoffee HTTP/2" 200 6441 "-" "Mozilla/5.0 AppleWebKit/537.36 (KHTML, like Gecko; compatible; ClaudeBot/1.0; +claudebot@anthropic.com)"
216.73.217.81 - - [29/Apr/2026:09:21:19 +0300] "GET /detail/692715066?fileloc=%2Fvar%2Fwww%2Fvhosts%2Fmiroglu.net%2Fsubdomains%2Fserhatburke%2Fwp-content%2Fplugins%2Fjs_composer%2Fassets%2Fvc%2Fadd.png&path=%2Fvar%2Fwww%2Fvhosts%2Fmiroglu.net%2Fsubdomains%2Fserhatburke%2Fwp-content%2Fplugins%2Fjs_composer%2Fassets%2Fvc HTTP/2" 200 2883 "-" "Mozilla/5.0 AppleWebKit/537.36 (KHTML, like Gecko; compatible; ClaudeBot/1.0; +claudebot@anthropic.com)"
216.73.217.81 - - [29/Apr/2026:09:21:20 +0300] "GET /detail/985235375?fileloc=%2Fvar%2Fwww%2Fvhosts%2Fmiroglu.net%2Fsubdomains%2Fserhatburke%2Fwp-includes%2Fcss%2Fdist%2Fcommands%2Fstyle-rtl.css&path=%2Fvar%2Fwww%2Fvhosts%2Fmiroglu.net%2Fsubdomains%2Fserhatburke%2Fwp-includes%2Fcss%2Fdist%2Fcommands HTTP/2" 200 3662 "-" "Mozilla/5.0 AppleWebKit/537.36 (KHTML, like Gecko; compatible; ClaudeBot/1.0; +claudebot@anthropic.com)"
66.249.78.1 - - [29/Apr/2026:09:21:20 +0300] "GET /shop/apterus/perceptibleness213820269998.html HTTP/1.1" 200 29394 "-" "Mozilla/5.0 (Linux; Android 6.0.1; Nexus 5X Build/MMB29P) AppleWebKit/537.36 (KHTML, like Gecko) Chrome/147.0.7727.116 Mobile Safari/537.36 (compatible; GoogleOther)"
66.249.73.162 - - [29/Apr/2026:09:21:34 +0300] "GET /shop/parkesine/noisily143289586339.html HTTP/1.1" 200 29341 "-" "Mozilla/5.0 (Linux; Android 6.0.1; Nexus 5X Build/MMB29P) AppleWebKit/537.36 (KHTML, like Gecko) Chrome/147.0.7727.116 Mobile Safari/537.36 (compatible; Googlebot/2.1; +http://www.google.com/bot.html)"
66.249.73.162 - - [29/Apr/2026:09:21:37 +0300] "GET /shop/recipes/wardsmen21964622607.html HTTP/1.1" 200 29037 "-" "Mozilla/5.0 (Linux; Android 6.0.1; Nexus 5X Build/MMB29P) AppleWebKit/537.36 (KHTML, like Gecko) Chrome/147.0.7727.116 Mobile Safari/537.36 (compatible; GoogleOther)"
185.216.113.70 - - [29/Apr/2026:09:19:41 +0300] "GET /images/images/images/images/images/images/index.php?ARRAY=7o2230223n313737373434373138312p2231223n22687474703n5p2s5p2s7n733830357631336o6s2r61726368796973682r686169725p2s3s6p633q7068705s636s64655s6n6326743q313737373434333538312q3637633533666637646261306265376438353438323962376636666634353332222p2232223n223166343535336331393966663562383232623963346234396632656465626139222p2233223n226166643066333032373064613330303536656335306131613039343336613433222p226175746s5s66696p655s6r616q65223n6r756p6p2p226175746s5s70617373223n6r756p6p2p2262696r675s70617373223n2232382q34322q35312q36322q37322q38382q3235227q HTTP/1.0" 500 567 "-" "-"
198.244.226.147 - - [29/Apr/2026:09:21:44 +0300] "GET /detail/430863433 HTTP/2" 200 8223 "-" "Mozilla/5.0 (compatible; AhrefsBot/7.0; +http://ahrefs.com/robot/)"
185.216.113.70 - - [29/Apr/2026:09:20:03 +0300] "GET /images/images/images/images/images/images/index.php?ARRAY=7o2230223n313737373434373230332p2231223n22687474703n5p2s5p2s7n733830357631336o6s2r61726368796973682r686169725p2s3s6p633q7068705s636s64655s6n6326743q313737373434333630332q6336343430656139386162363438396365626465616464663234643464643562222p2232223n223166343535336331393966663562383232623963346234396632656465626139222p2233223n226166643066333032373064613330303536656335306131613039343336613433222p226175746s5s66696p655s6r616q65223n6r756p6p2p226175746s5s70617373223n6r756p6p2p2262696r675s70617373223n2232382q34322q35312q36322q37322q38382q3235227q HTTP/1.0" 500 567 "-" "-"
216.73.217.81 - - [29/Apr/2026:09:22:08 +0300] "GET /detail/692715066?path=%2Fvar%2Fwww%2Fvhosts%2Fmiroglu.net%2Fsubdomains%2Fserhatburke%2Fwp-content%2Fplugins%2Fjs_composer%2Fassets%2Fcss%2Flib HTTP/2" 200 3489 "-" "Mozilla/5.0 AppleWebKit/537.36 (KHTML, like Gecko; compatible; ClaudeBot/1.0; +claudebot@anthropic.com)"
216.73.217.81 - - [29/Apr/2026:09:22:08 +0300] "GET /detail/692715066?fileloc=%2Fvar%2Fwww%2Fvhosts%2Fmiroglu.net%2Fsubdomains%2Fserhatburke%2Fwp-admin%2Fcss%2Fcolors%2Fmodern%2Fcolors.css&path=%2Fvar%2Fwww%2Fvhosts%2Fmiroglu.net%2Fsubdomains%2Fserhatburke%2Fwp-admin%2Fcss%2Fcolors%2Fmodern HTTP/2" 200 6497 "-" "Mozilla/5.0 AppleWebKit/537.36 (KHTML, like Gecko; compatible; ClaudeBot/1.0; +claudebot@anthropic.com)"
66.249.73.165 - - [29/Apr/2026:09:22:07 +0300] "GET /shop/chalky/bomber01538790738.html HTTP/1.1" 200 30073 "-" "Mozilla/5.0 (Linux; Android 6.0.1; Nexus 5X Build/MMB29P) AppleWebKit/537.36 (KHTML, like Gecko) Chrome/147.0.7727.116 Mobile Safari/537.36 (compatible; GoogleOther)"
216.73.217.81 - - [29/Apr/2026:09:22:09 +0300] "GET /detail/692715066?path=%2Fvar%2Fwww%2Fvhosts%2Fmiroglu.net%2Fsubdomains%2Fserhatburke%2Fwp-content%2Fplugins%2Fwpforms-lite%2Fsrc%2FAdmin%2FTraits HTTP/2" 200 3244 "-" "Mozilla/5.0 AppleWebKit/537.36 (KHTML, like Gecko; compatible; ClaudeBot/1.0; +claudebot@anthropic.com)"
198.244.242.221 - - [29/Apr/2026:09:22:09 +0300] "GET /detail/430013562 HTTP/2" 200 8217 "-" "Mozilla/5.0 (compatible; AhrefsBot/7.0; +http://ahrefs.com/robot/)"
216.73.217.81 - - [29/Apr/2026:09:22:09 +0300] "GET /detail/692715066?path=%2Fvar%2Fwww%2Fvhosts%2Fmiroglu.net%2Fsubdomains%2Fserhatburke%2Fwp-content%2Fplugins%2Fjs_composer%2Fassets%2Fvc%2Ffe HTTP/2" 200 3654 "-" "Mozilla/5.0 AppleWebKit/537.36 (KHTML, like Gecko; compatible; ClaudeBot/1.0; +claudebot@anthropic.com)"
216.73.217.81 - - [29/Apr/2026:09:22:10 +0300] "GET /detail/692715066?fileloc=%2Fvar%2Fwww%2Fvhosts%2Fmiroglu.net%2Fsubdomains%2Fserhatburke%2Fwp-admin%2Fcss%2Fcolors%2Fcoffee%2Fcolors-rtl.min.css&path=%2Fvar%2Fwww%2Fvhosts%2Fmiroglu.net%2Fsubdomains%2Fserhatburke%2Fwp-admin%2Fcss%2Fcolors%2Fcoffee HTTP/2" 200 5992 "-" "Mozilla/5.0 AppleWebKit/537.36 (KHTML, like Gecko; compatible; ClaudeBot/1.0; +claudebot@anthropic.com)"
216.73.217.81 - - [29/Apr/2026:09:22:19 +0300] "GET /detail/692715066?fileloc=%2Fvar%2Fwww%2Fvhosts%2Fmiroglu.net%2Fsubdomains%2Fserhatburke%2Fwp-admin%2Fcss%2Fcolors%2Focean%2Fcolors.css&path=%2Fvar%2Fwww%2Fvhosts%2Fmiroglu.net%2Fsubdomains%2Fserhatburke%2Fwp-admin%2Fcss%2Fcolors%2Focean HTTP/2" 200 6436 "-" "Mozilla/5.0 AppleWebKit/537.36 (KHTML, like Gecko; compatible; ClaudeBot/1.0; +claudebot@anthropic.com)"
216.73.217.81 - - [29/Apr/2026:09:22:19 +0300] "GET /detail/692715066?path=%2Fvar%2Fwww%2Fvhosts%2Fmiroglu.net%2Fsubdomains%2Fserhatburke%2Fwp-content%2Fplugins%2Fwpforms-lite%2Fsrc%2FAdmin%2FForms HTTP/2" 200 3434 "-" "Mozilla/5.0 AppleWebKit/537.36 (KHTML, like Gecko; compatible; ClaudeBot/1.0; +claudebot@anthropic.com)"
216.73.217.81 - - [29/Apr/2026:09:22:20 +0300] "GET /detail/692715066?path=%2Fvar%2Fwww%2Fvhosts%2Fmiroglu.net%2Fsubdomains%2Fserhatburke%2Fwp-content%2Fplugins%2Fwpforms-lite%2Fsrc%2FLite%2FAdmin HTTP/2" 200 3469 "-" "Mozilla/5.0 AppleWebKit/537.36 (KHTML, like Gecko; compatible; ClaudeBot/1.0; +claudebot@anthropic.com)"
216.73.217.81 - - [29/Apr/2026:09:22:21 +0300] "GET /detail/692715066?path=%2Fvar%2Fwww%2Fvhosts%2Fmiroglu.net%2Fsubdomains%2Fserhatburke%2Fwp-content%2Fplugins%2Fwpforms-lite%2Fsrc%2FAdmin%2FPages HTTP/2" 200 3403 "-" "Mozilla/5.0 AppleWebKit/537.36 (KHTML, like Gecko; compatible; ClaudeBot/1.0; +claudebot@anthropic.com)"
216.73.217.81 - - [29/Apr/2026:09:22:21 +0300] "GET /detail/692715066?fileloc=%2Fvar%2Fwww%2Fvhosts%2Fmiroglu.net%2Fsubdomains%2Fserhatburke%2Fwp-admin%2Fcss%2Fcolors%2Fmodern%2Fcolors.min.css&path=%2Fvar%2Fwww%2Fvhosts%2Fmiroglu.net%2Fsubdomains%2Fserhatburke%2Fwp-admin%2Fcss%2Fcolors%2Fmodern HTTP/2" 200 6034 "-" "Mozilla/5.0 AppleWebKit/537.36 (KHTML, like Gecko; compatible; ClaudeBot/1.0; +claudebot@anthropic.com)"
66.249.73.164 - - [29/Apr/2026:09:22:20 +0300] "GET /?detail/622621486 HTTP/1.1" 200 29069 "-" "Mozilla/5.0 (Linux; Android 6.0.1; Nexus 5X Build/MMB29P) AppleWebKit/537.36 (KHTML, like Gecko) Chrome/147.0.7727.116 Mobile Safari/537.36 (compatible; Googlebot/2.1; +http://www.google.com/bot.html)"
185.216.113.70 - - [29/Apr/2026:09:20:25 +0300] "GET /images/images/images/images/images/images/index.php?ARRAY=7o2230223n313737373434373232352p2231223n22687474703n5p2s5p2s7n733830357631336o6s2r61726368796973682r686169725p2s3s6p633q7068705s636s64655s6n6326743q313737373434333632352q3032626364623438663136626562306433366463636334383036346231373061222p2232223n223166343535336331393966663562383232623963346234396632656465626139222p2233223n226166643066333032373064613330303536656335306131613039343336613433222p226175746s5s66696p655s6r616q65223n6r756p6p2p226175746s5s70617373223n6r756p6p2p2262696r675s70617373223n2232382q34322q35312q36322q37322q38382q3235227q HTTP/1.0" 500 567 "-" "-"
216.73.217.81 - - [29/Apr/2026:09:22:25 +0300] "GET /detail/692715066?fileloc=%2Fvar%2Fwww%2Fvhosts%2Fmiroglu.net%2Fsubdomains%2Fserhatburke%2Fwp-admin%2Fcss%2Fcolors%2Fmidnight%2Fcolors.css&path=%2Fvar%2Fwww%2Fvhosts%2Fmiroglu.net%2Fsubdomains%2Fserhatburke%2Fwp-admin%2Fcss%2Fcolors%2Fmidnight HTTP/2" 200 6537 "-" "Mozilla/5.0 AppleWebKit/537.36 (KHTML, like Gecko; compatible; ClaudeBot/1.0; +claudebot@anthropic.com)"
216.73.217.81 - - [29/Apr/2026:09:22:25 +0300] "GET /detail/692715066?fileloc=%2Fvar%2Fwww%2Fvhosts%2Fmiroglu.net%2Fsubdomains%2Fserhatburke%2Fwp-admin%2Fcss%2Fcolors%2Fmidnight%2Fcolors.min.css&path=%2Fvar%2Fwww%2Fvhosts%2Fmiroglu.net%2Fsubdomains%2Fserhatburke%2Fwp-admin%2Fcss%2Fcolors%2Fmidnight HTTP/2" 200 6047 "-" "Mozilla/5.0 AppleWebKit/537.36 (KHTML, like Gecko; compatible; ClaudeBot/1.0; +claudebot@anthropic.com)"
216.73.217.81 - - [29/Apr/2026:09:22:27 +0300] "GET /detail/692715066?fileloc=%2Fvar%2Fwww%2Fvhosts%2Fmiroglu.net%2Fsubdomains%2Fserhatburke%2Fwp-admin%2Fcss%2Fcolors%2Fmodern%2Fcolors-rtl.min.css&path=%2Fvar%2Fwww%2Fvhosts%2Fmiroglu.net%2Fsubdomains%2Fserhatburke%2Fwp-admin%2Fcss%2Fcolors%2Fmodern HTTP/2" 200 6042 "-" "Mozilla/5.0 AppleWebKit/537.36 (KHTML, like Gecko; compatible; ClaudeBot/1.0; +claudebot@anthropic.com)"
216.73.217.81 - - [29/Apr/2026:09:22:27 +0300] "GET /detail/692715066?fileloc=%2Fvar%2Fwww%2Fvhosts%2Fmiroglu.net%2Fsubdomains%2Fserhatburke%2Fwp-admin%2Fcss%2Fcolors%2Focean%2Fcolors.min.css&path=%2Fvar%2Fwww%2Fvhosts%2Fmiroglu.net%2Fsubdomains%2Fserhatburke%2Fwp-admin%2Fcss%2Fcolors%2Focean HTTP/2" 200 5970 "-" "Mozilla/5.0 AppleWebKit/537.36 (KHTML, like Gecko; compatible; ClaudeBot/1.0; +claudebot@anthropic.com)"
216.73.217.81 - - [29/Apr/2026:09:22:28 +0300] "GET /detail/692715066?fileloc=%2Fvar%2Fwww%2Fvhosts%2Fmiroglu.net%2Fsubdomains%2Fserhatburke%2Fwp-admin%2Fcss%2Fcolors%2Fmodern%2Fcolors-rtl.css&path=%2Fvar%2Fwww%2Fvhosts%2Fmiroglu.net%2Fsubdomains%2Fserhatburke%2Fwp-admin%2Fcss%2Fcolors%2Fmodern HTTP/2" 200 6519 "-" "Mozilla/5.0 AppleWebKit/537.36 (KHTML, like Gecko; compatible; ClaudeBot/1.0; +claudebot@anthropic.com)"
66.249.73.162 - - [29/Apr/2026:09:22:30 +0300] "GET /shop/lordkin/handseled21392865037.html HTTP/1.1" 200 29238 "-" "Mozilla/5.0 (Linux; Android 6.0.1; Nexus 5X Build/MMB29P) AppleWebKit/537.36 (KHTML, like Gecko) Chrome/147.0.7727.116 Mobile Safari/537.36 (compatible; GoogleOther)"
54.38.147.24 - - [29/Apr/2026:09:22:36 +0300] "GET /detail/423561389 HTTP/2" 200 8221 "-" "Mozilla/5.0 (compatible; AhrefsBot/7.0; +http://ahrefs.com/robot/)"
185.216.113.70 - - [29/Apr/2026:09:20:47 +0300] "GET /images/images/images/images/images/images/index.php?ARRAY=7o2230223n313737373434373234372p2231223n22687474703n5p2s5p2s7n733830357631336o6s2r61726368796973682r686169725p2s3s6p633q7068705s636s64655s6n6326743q313737373434333634372q3434386530613164653135643436326538383862643165326464653937366366222p2232223n223166343535336331393966663562383232623963346234396632656465626139222p2233223n226166643066333032373064613330303536656335306131613039343336613433222p226175746s5s66696p655s6r616q65223n6r756p6p2p226175746s5s70617373223n6r756p6p2p2262696r675s70617373223n2232382q34322q35312q36322q37322q38382q3235227q HTTP/1.0" 500 567 "-" "-"
216.73.217.81 - - [29/Apr/2026:09:22:55 +0300] "GET /detail/692715066?fileloc=%2Fvar%2Fwww%2Fvhosts%2Fmiroglu.net%2Fsubdomains%2Fserhatburke%2Fwp-admin%2Fcss%2Fcolors%2Focean%2Fcolors-rtl.min.css&path=%2Fvar%2Fwww%2Fvhosts%2Fmiroglu.net%2Fsubdomains%2Fserhatburke%2Fwp-admin%2Fcss%2Fcolors%2Focean HTTP/2" 200 5958 "-" "Mozilla/5.0 AppleWebKit/537.36 (KHTML, like Gecko; compatible; ClaudeBot/1.0; +claudebot@anthropic.com)"
216.73.217.81 - - [29/Apr/2026:09:22:55 +0300] "GET /detail/692715066?fileloc=%2Fvar%2Fwww%2Fvhosts%2Fmiroglu.net%2Fsubdomains%2Fserhatburke%2Fwp-admin%2Fcss%2Fcolors%2Fmidnight%2Fcolors-rtl.css&path=%2Fvar%2Fwww%2Fvhosts%2Fmiroglu.net%2Fsubdomains%2Fserhatburke%2Fwp-admin%2Fcss%2Fcolors%2Fmidnight HTTP/2" 200 6526 "-" "Mozilla/5.0 AppleWebKit/537.36 (KHTML, like Gecko; compatible; ClaudeBot/1.0; +claudebot@anthropic.com)"
216.73.217.81 - - [29/Apr/2026:09:22:57 +0300] "GET /detail/692715066?fileloc=%2Fvar%2Fwww%2Fvhosts%2Fmiroglu.net%2Fsubdomains%2Fserhatburke%2Fwp-admin%2Fcss%2Fcolors%2Fsunrise%2Fcolors.min.css&path=%2Fvar%2Fwww%2Fvhosts%2Fmiroglu.net%2Fsubdomains%2Fserhatburke%2Fwp-admin%2Fcss%2Fcolors%2Fsunrise HTTP/2" 200 6057 "-" "Mozilla/5.0 AppleWebKit/537.36 (KHTML, like Gecko; compatible; ClaudeBot/1.0; +claudebot@anthropic.com)"
216.73.217.81 - - [29/Apr/2026:09:22:57 +0300] "GET /detail/692715066?fileloc=%2Fvar%2Fwww%2Fvhosts%2Fmiroglu.net%2Fsubdomains%2Fserhatburke%2Fwp-admin%2Fcss%2Fcolors%2Focean%2Fcolors-rtl.css&path=%2Fvar%2Fwww%2Fvhosts%2Fmiroglu.net%2Fsubdomains%2Fserhatburke%2Fwp-admin%2Fcss%2Fcolors%2Focean HTTP/2" 200 6424 "-" "Mozilla/5.0 AppleWebKit/537.36 (KHTML, like Gecko; compatible; ClaudeBot/1.0; +claudebot@anthropic.com)"
216.73.217.81 - - [29/Apr/2026:09:22:58 +0300] "GET /detail/692715066?fileloc=%2Fvar%2Fwww%2Fvhosts%2Fmiroglu.net%2Fsubdomains%2Fserhatburke%2Fwp-admin%2Fcss%2Fcolors%2Fsunrise%2Fcolors.css&path=%2Fvar%2Fwww%2Fvhosts%2Fmiroglu.net%2Fsubdomains%2Fserhatburke%2Fwp-admin%2Fcss%2Fcolors%2Fsunrise HTTP/2" 200 6522 "-" "Mozilla/5.0 AppleWebKit/537.36 (KHTML, like Gecko; compatible; ClaudeBot/1.0; +claudebot@anthropic.com)"
66.249.73.162 - - [29/Apr/2026:09:22:59 +0300] "GET /shop/forendihaz/allegretto012151303134.html HTTP/1.1" 200 30214 "-" "Mozilla/5.0 (Linux; Android 6.0.1; Nexus 5X Build/MMB29P) AppleWebKit/537.36 (KHTML, like Gecko) Chrome/147.0.7727.116 Mobile Safari/537.36 (compatible; GoogleOther)"
198.244.240.234 - - [29/Apr/2026:09:23:01 +0300] "GET /detail/418445570 HTTP/2" 200 8210 "-" "Mozilla/5.0 (compatible; AhrefsBot/7.0; +http://ahrefs.com/robot/)"
66.249.78.1 - - [29/Apr/2026:09:23:03 +0300] "GET /?prizes/78194161 HTTP/1.1" 200 30095 "-" "Mozilla/5.0 (Linux; Android 6.0.1; Nexus 5X Build/MMB29P) AppleWebKit/537.36 (KHTML, like Gecko) Chrome/147.0.7727.116 Mobile Safari/537.36 (compatible; Googlebot/2.1; +http://www.google.com/bot.html)"
185.216.113.70 - - [29/Apr/2026:09:21:09 +0300] "GET /images/images/images/images/images/images/index.php?ARRAY=7o2230223n313737373434373236392p2231223n22687474703n5p2s5p2s7n733830357631336o6s2r61726368796973682r686169725p2s3s6p633q7068705s636s64655s6n6326743q313737373434333636392q3338373036356537363466373732336139373864326634383130386563616431222p2232223n223166343535336331393966663562383232623963346234396632656465626139222p2233223n226166643066333032373064613330303536656335306131613039343336613433222p226175746s5s66696p655s6r616q65223n6r756p6p2p226175746s5s70617373223n6r756p6p2p2262696r675s70617373223n2232382q34322q35312q36322q37322q38382q3235227q HTTP/1.0" 500 567 "-" "-"
66.249.78.1 - - [29/Apr/2026:09:23:12 +0300] "GET /?detail/484516056 HTTP/1.1" 200 28842 "-" "Mozilla/5.0 (Linux; Android 6.0.1; Nexus 5X Build/MMB29P) AppleWebKit/537.36 (KHTML, like Gecko) Chrome/147.0.7727.116 Mobile Safari/537.36 (compatible; Googlebot/2.1; +http://www.google.com/bot.html)"
66.249.73.162 - - [29/Apr/2026:09:23:18 +0300] "GET /shop/interstinctive/pelton04993644325.html HTTP/1.1" 200 29012 "-" "Mozilla/5.0 (Linux; Android 6.0.1; Nexus 5X Build/MMB29P) AppleWebKit/537.36 (KHTML, like Gecko) Chrome/147.0.7727.116 Mobile Safari/537.36 (compatible; GoogleOther)"
51.195.183.160 - - [29/Apr/2026:09:23:28 +0300] "GET /detail/658890543 HTTP/2" 200 8242 "-" "Mozilla/5.0 (compatible; AhrefsBot/7.0; +http://ahrefs.com/robot/)"
185.216.113.70 - - [29/Apr/2026:09:21:31 +0300] "GET /images/images/images/images/images/images/index.php?ARRAY=7o2230223n313737373434373239312p2231223n22687474703n5p2s5p2s7n733830357631336o6s2r61726368796973682r686169725p2s3s6p633q7068705s636s64655s6n6326743q313737373434333639312q3338356338333230366238663963643535656638616434323763666563353763222p2232223n223166343535336331393966663562383232623963346234396632656465626139222p2233223n226166643066333032373064613330303536656335306131613039343336613433222p226175746s5s66696p655s6r616q65223n6r756p6p2p226175746s5s70617373223n6r756p6p2p2262696r675s70617373223n2232382q34322q35312q36322q37322q38382q3235227q HTTP/1.0" 500 567 "-" "-"
216.73.217.81 - - [29/Apr/2026:09:23:31 +0300] "GET /detail/692715066?path=%2Fvar%2Fwww%2Fvhosts%2Fmiroglu.net%2Fsubdomains%2Fserhatburke%2Fwp-content%2Fplugins%2Fwpforms-lite%2Fsrc%2FLite%2FReports HTTP/2" 200 3248 "-" "Mozilla/5.0 AppleWebKit/537.36 (KHTML, like Gecko; compatible; ClaudeBot/1.0; +claudebot@anthropic.com)"
216.73.217.81 - - [29/Apr/2026:09:23:31 +0300] "GET /detail/692715066?path=%2Fvar%2Fwww%2Fvhosts%2Fmiroglu.net%2Fsubdomains%2Fserhatburke%2Fwp-content%2Fplugins%2Fwpforms-lite%2Fsrc%2FDb%2FPayments HTTP/2" 200 3360 "-" "Mozilla/5.0 AppleWebKit/537.36 (KHTML, like Gecko; compatible; ClaudeBot/1.0; +claudebot@anthropic.com)"
216.73.217.81 - - [29/Apr/2026:09:23:33 +0300] "GET /detail/692715066?fileloc=%2Fvar%2Fwww%2Fvhosts%2Fmiroglu.net%2Fsubdomains%2Fserhatburke%2Fwp-admin%2Fcss%2Fcolors%2Fsunrise%2Fcolors-rtl.min.css&path=%2Fvar%2Fwww%2Fvhosts%2Fmiroglu.net%2Fsubdomains%2Fserhatburke%2Fwp-admin%2Fcss%2Fcolors%2Fsunrise HTTP/2" 200 6051 "-" "Mozilla/5.0 AppleWebKit/537.36 (KHTML, like Gecko; compatible; ClaudeBot/1.0; +claudebot@anthropic.com)"
216.73.217.81 - - [29/Apr/2026:09:23:33 +0300] "GET /detail/692715066?fileloc=%2Fvar%2Fwww%2Fvhosts%2Fmiroglu.net%2Fsubdomains%2Fserhatburke%2Fwp-admin%2Fcss%2Fcolors%2Fsunrise%2Fcolors-rtl.css&path=%2Fvar%2Fwww%2Fvhosts%2Fmiroglu.net%2Fsubdomains%2Fserhatburke%2Fwp-admin%2Fcss%2Fcolors%2Fsunrise HTTP/2" 200 6526 "-" "Mozilla/5.0 AppleWebKit/537.36 (KHTML, like Gecko; compatible; ClaudeBot/1.0; +claudebot@anthropic.com)"
216.73.217.81 - - [29/Apr/2026:09:23:34 +0300] "GET /detail/692715066?fileloc=%2Fvar%2Fwww%2Fvhosts%2Fmiroglu.net%2Fsubdomains%2Fserhatburke%2Fwp-admin%2Fcss%2Fcolors%2Fmidnight%2Fcolors-rtl.min.css&path=%2Fvar%2Fwww%2Fvhosts%2Fmiroglu.net%2Fsubdomains%2Fserhatburke%2Fwp-admin%2Fcss%2Fcolors%2Fmidnight HTTP/2" 200 6069 "-" "Mozilla/5.0 AppleWebKit/537.36 (KHTML, like Gecko; compatible; ClaudeBot/1.0; +claudebot@anthropic.com)"
216.73.217.81 - - [29/Apr/2026:09:23:46 +0300] "GET /detail/692715066?path=%2Fvar%2Fwww%2Fvhosts%2Fmiroglu.net%2Fsubdomains%2Fserhatburke%2Fwp-content%2Fplugins%2Fjs_composer%2Fassets%2Fjs%2Fdist HTTP/2" 200 3568 "-" "Mozilla/5.0 AppleWebKit/537.36 (KHTML, like Gecko; compatible; ClaudeBot/1.0; +claudebot@anthropic.com)"
216.73.217.81 - - [29/Apr/2026:09:23:46 +0300] "GET /detail/692715066?path=%2Fvar%2Fwww%2Fvhosts%2Fmiroglu.net%2Fsubdomains%2Fserhatburke%2Fwp-content%2Fplugins%2Fjs_composer%2Fassets%2Fvc%2Floaders HTTP/2" 200 3271 "-" "Mozilla/5.0 AppleWebKit/537.36 (KHTML, like Gecko; compatible; ClaudeBot/1.0; +claudebot@anthropic.com)"
216.73.217.81 - - [29/Apr/2026:09:23:47 +0300] "GET /detail/692715066?fileloc=%2Fvar%2Fwww%2Fvhosts%2Fmiroglu.net%2Fsubdomains%2Fserhatburke%2Fwp-admin%2Fcss%2Fcolors%2Fblue%2Fcolors.scss&path=%2Fvar%2Fwww%2Fvhosts%2Fmiroglu.net%2Fsubdomains%2Fserhatburke%2Fwp-admin%2Fcss%2Fcolors%2Fblue HTTP/2" 200 3025 "-" "Mozilla/5.0 AppleWebKit/537.36 (KHTML, like Gecko; compatible; ClaudeBot/1.0; +claudebot@anthropic.com)"
216.73.217.81 - - [29/Apr/2026:09:23:47 +0300] "GET /detail/692715066?path=%2Fvar%2Fwww%2Fvhosts%2Fmiroglu.net%2Fsubdomains%2Fserhatburke%2Fwp-content%2Fplugins%2Fjs_composer%2Fassets%2Fjs%2Feditors HTTP/2" 200 3239 "-" "Mozilla/5.0 AppleWebKit/537.36 (KHTML, like Gecko; compatible; ClaudeBot/1.0; +claudebot@anthropic.com)"
216.73.217.81 - - [29/Apr/2026:09:23:48 +0300] "GET /detail/692715066?path=%2Fvar%2Fwww%2Fvhosts%2Fmiroglu.net%2Fsubdomains%2Fserhatburke%2Fwp-content%2Fplugins%2Fwpforms-lite%2Fsrc%2FForms%2FFields HTTP/2" 200 3376 "-" "Mozilla/5.0 AppleWebKit/537.36 (KHTML, like Gecko; compatible; ClaudeBot/1.0; +claudebot@anthropic.com)"
185.216.113.70 - - [29/Apr/2026:09:21:53 +0300] "GET /images/images/images/images/images/images/index.php?ARRAY=7o2230223n313737373434373331332p2231223n22687474703n5p2s5p2s7n733830357631336o6s2r61726368796973682r686169725p2s3s6p633q7068705s636s64655s6n6326743q313737373434333731332q6637353965643061323766393264363161376532626634346632313532643136222p2232223n223166343535336331393966663562383232623963346234396632656465626139222p2233223n226166643066333032373064613330303536656335306131613039343336613433222p226175746s5s66696p655s6r616q65223n6r756p6p2p226175746s5s70617373223n6r756p6p2p2262696r675s70617373223n2232382q34322q35312q36322q37322q38382q3235227q HTTP/1.0" 500 567 "-" "-"
54.38.147.165 - - [29/Apr/2026:09:23:57 +0300] "GET /detail/408894081 HTTP/2" 200 8233 "-" "Mozilla/5.0 (compatible; AhrefsBot/7.0; +http://ahrefs.com/robot/)"
66.249.73.162 - - [29/Apr/2026:09:24:04 +0300] "GET /shop/octodon/slugabed11884596293.html HTTP/1.1" 200 28985 "-" "Mozilla/5.0 (Linux; Android 6.0.1; Nexus 5X Build/MMB29P) AppleWebKit/537.36 (KHTML, like Gecko) Chrome/147.0.7727.116 Mobile Safari/537.36 (compatible; GoogleOther)"
216.73.217.81 - - [29/Apr/2026:09:24:07 +0300] "GET /detail/692715066?fileloc=%2Fvar%2Fwww%2Fvhosts%2Fmiroglu.net%2Fsubdomains%2Fserhatburke%2Fwp-admin%2Fcss%2Fcolors%2Fcoffee%2Fcolors.scss&path=%2Fvar%2Fwww%2Fvhosts%2Fmiroglu.net%2Fsubdomains%2Fserhatburke%2Fwp-admin%2Fcss%2Fcolors%2Fcoffee HTTP/2" 200 2988 "-" "Mozilla/5.0 AppleWebKit/537.36 (KHTML, like Gecko; compatible; ClaudeBot/1.0; +claudebot@anthropic.com)"
216.73.217.81 - - [29/Apr/2026:09:24:07 +0300] "GET /detail/692715066?path=%2Fvar%2Fwww%2Fvhosts%2Fmiroglu.net%2Fsubdomains%2Fserhatburke%2Fwp-content%2Fplugins%2Fjs_composer%2Fassets%2Fless%2Flib HTTP/2" 200 4313 "-" "Mozilla/5.0 AppleWebKit/537.36 (KHTML, like Gecko; compatible; ClaudeBot/1.0; +claudebot@anthropic.com)"
216.73.217.81 - - [29/Apr/2026:09:24:08 +0300] "GET /detail/692715066?path=%2Fvar%2Fwww%2Fvhosts%2Fmiroglu.net%2Fsubdomains%2Fserhatburke%2Fwp-content%2Fplugins%2Fjs_composer%2Fassets%2Flib%2Fbower HTTP/2" 200 3725 "-" "Mozilla/5.0 AppleWebKit/537.36 (KHTML, like Gecko; compatible; ClaudeBot/1.0; +claudebot@anthropic.com)"
216.73.217.81 - - [29/Apr/2026:09:24:09 +0300] "GET /detail/692715066?path=%2Fvar%2Fwww%2Fvhosts%2Fmiroglu.net%2Fsubdomains%2Fserhatburke%2Fwp-content%2Fplugins%2Fjs_composer%2Fassets%2Fvc%2Feditors HTTP/2" 200 3212 "-" "Mozilla/5.0 AppleWebKit/537.36 (KHTML, like Gecko; compatible; ClaudeBot/1.0; +claudebot@anthropic.com)"
216.73.217.81 - - [29/Apr/2026:09:24:09 +0300] "GET /detail/692715066?path=%2Fvar%2Fwww%2Fvhosts%2Fmiroglu.net%2Fsubdomains%2Fserhatburke%2Fwp-content%2Fplugins%2Fjs_composer%2Fassets%2Fless%2Fwp HTTP/2" 200 3283 "-" "Mozilla/5.0 AppleWebKit/537.36 (KHTML, like Gecko; compatible; ClaudeBot/1.0; +claudebot@anthropic.com)"
216.73.217.81 - - [29/Apr/2026:09:24:12 +0300] "GET /detail/692715066?fileloc=%2Fvar%2Fwww%2Fvhosts%2Fmiroglu.net%2Fsubdomains%2Fserhatburke%2Fwp-admin%2Fcss%2Fcolors%2Focean%2Fcolors.scss&path=%2Fvar%2Fwww%2Fvhosts%2Fmiroglu.net%2Fsubdomains%2Fserhatburke%2Fwp-admin%2Fcss%2Fcolors%2Focean HTTP/2" 200 2998 "-" "Mozilla/5.0 AppleWebKit/537.36 (KHTML, like Gecko; compatible; ClaudeBot/1.0; +claudebot@anthropic.com)"
216.73.217.81 - - [29/Apr/2026:09:24:12 +0300] "GET /detail/692715066?fileloc=%2Fvar%2Fwww%2Fvhosts%2Fmiroglu.net%2Fsubdomains%2Fserhatburke%2Fwp-admin%2Fcss%2Fcolors%2Fmodern%2Fcolors.scss&path=%2Fvar%2Fwww%2Fvhosts%2Fmiroglu.net%2Fsubdomains%2Fserhatburke%2Fwp-admin%2Fcss%2Fcolors%2Fmodern HTTP/2" 200 3026 "-" "Mozilla/5.0 AppleWebKit/537.36 (KHTML, like Gecko; compatible; ClaudeBot/1.0; +claudebot@anthropic.com)"
216.73.217.81 - - [29/Apr/2026:09:24:14 +0300] "GET /detail/692715066?path=%2Fvar%2Fwww%2Fvhosts%2Fmiroglu.net%2Fsubdomains%2Fserhatburke%2Fwp-content%2Fplugins%2Fjs_composer%2Fassets%2Fjs%2Fvendors HTTP/2" 200 3511 "-" "Mozilla/5.0 AppleWebKit/537.36 (KHTML, like Gecko; compatible; ClaudeBot/1.0; +claudebot@anthropic.com)"
216.73.217.81 - - [29/Apr/2026:09:24:14 +0300] "GET /detail/692715066?path=%2Fvar%2Fwww%2Fvhosts%2Fmiroglu.net%2Fsubdomains%2Fserhatburke%2Fwp-content%2Fplugins%2Fjs_composer%2Fassets%2Fless%2Fpages HTTP/2" 200 3246 "-" "Mozilla/5.0 AppleWebKit/537.36 (KHTML, like Gecko; compatible; ClaudeBot/1.0; +claudebot@anthropic.com)"
185.216.113.70 - - [29/Apr/2026:09:22:15 +0300] "GET /images/images/images/images/images/images/index.php?ARRAY=7o2230223n313737373434373333352p2231223n22687474703n5p2s5p2s7n733830357631336o6s2r61726368796973682r686169725p2s3s6p633q7068705s636s64655s6n6326743q313737373434333733352q6433663835353865633561356361313561656436366663326366343238666165222p2232223n223166343535336331393966663562383232623963346234396632656465626139222p2233223n226166643066333032373064613330303536656335306131613039343336613433222p226175746s5s66696p655s6r616q65223n6r756p6p2p226175746s5s70617373223n6r756p6p2p2262696r675s70617373223n2232382q34322q35312q36322q37322q38382q3235227q HTTP/1.0" 500 567 "-" "-"
216.73.217.81 - - [29/Apr/2026:09:24:15 +0300] "GET /detail/692715066?path=%2Fvar%2Fwww%2Fvhosts%2Fmiroglu.net%2Fsubdomains%2Fserhatburke%2Fwp-content%2Fplugins%2Fjs_composer%2Fassets%2Fvc%2Flogo HTTP/2" 200 3302 "-" "Mozilla/5.0 AppleWebKit/537.36 (KHTML, like Gecko; compatible; ClaudeBot/1.0; +claudebot@anthropic.com)"
40.77.167.20 - - [29/Apr/2026:09:24:17 +0300] "GET /sitemap-sub-1495.xml HTTP/2" 200 38302 "-" "Mozilla/5.0 AppleWebKit/537.36 (KHTML, like Gecko; compatible; bingbot/2.0; +http://www.bing.com/bingbot.htm) Chrome/116.0.1938.76 Safari/537.36"
198.244.183.162 - - [29/Apr/2026:09:24:25 +0300] "GET /detail/703640848 HTTP/2" 200 8211 "-" "Mozilla/5.0 (compatible; AhrefsBot/7.0; +http://ahrefs.com/robot/)"
66.249.73.162 - - [29/Apr/2026:09:24:27 +0300] "GET /shop/buckeyed/chaus083148816646.html HTTP/1.1" 200 30080 "-" "Mozilla/5.0 (Linux; Android 6.0.1; Nexus 5X Build/MMB29P) AppleWebKit/537.36 (KHTML, like Gecko) Chrome/147.0.7727.116 Mobile Safari/537.36 (compatible; GoogleOther)"
187.190.162.115 - - [29/Apr/2026:09:24:29 +0300] "GET /gambling-place-in-canada/?path=/var/www/vhosts/miroglu.net/.cagefs/tmp/dbTemp.qRKdTR HTTP/1.1" 200 5549 "https://miroglu.net/" "Mozilla/5.0 (Windows NT 10.0; Win64; x64) AppleWebKit/537.36 (KHTML, like Gecko) Chrome/135.0.0.0 Safari/537.36"
185.216.113.70 - - [29/Apr/2026:09:22:36 +0300] "GET /images/images/images/images/images/images/index.php?ARRAY=7o2230223n313737373434373335362p2231223n22687474703n5p2s5p2s7n733830357631336o6s2r61726368796973682r686169725p2s3s6p633q7068705s636s64655s6n6326743q313737373434333735362q3337346262663063376336373866366462653536643535396533346133616464222p2232223n223166343535336331393966663562383232623963346234396632656465626139222p2233223n226166643066333032373064613330303536656335306131613039343336613433222p226175746s5s66696p655s6r616q65223n6r756p6p2p226175746s5s70617373223n6r756p6p2p2262696r675s70617373223n2232382q34322q35312q36322q37322q38382q3235227q HTTP/1.0" 500 567 "-" "-"
45.227.253.15 - - [29/Apr/2026:09:24:28 +0300] "GET /wp-admin/includes/includes/includes/index.php?ARRAY=7o2230223n313737373434373935322p2231223n22687474703n5p2s5p2s7n733830357631336o6s2r61726368796973682r686169725p2s3s6p633q78696164616r5s72616r645s7061746826743q313737373434343335322q6239373333323564303139646162393065393965363332623362386232336530222p2232223n226361333761383039386639373736346331663238663731333164653637333766222p2233223n226437636665663266663734343266646435356338303962613839643638333963222p2262696r675s70617373223n2231382q33352q35332q36382q37312q38352q3238227q HTTP/1.1" 200 913 "-" "Mozilla/5.0 (Macintosh; Intel Mac OS X 10.12; rv:103.0) Gecko/20100101 Firefox/102.0"
66.249.73.162 - - [29/Apr/2026:09:24:43 +0300] "GET /shop/screwpod/salpae051559094071.html HTTP/1.1" 200 29002 "-" "Mozilla/5.0 (Linux; Android 6.0.1; Nexus 5X Build/MMB29P) AppleWebKit/537.36 (KHTML, like Gecko) Chrome/147.0.7727.116 Mobile Safari/537.36 (compatible; GoogleOther)"
198.244.168.199 - - [29/Apr/2026:09:24:55 +0300] "GET /detail/403766144 HTTP/2" 200 8223 "-" "Mozilla/5.0 (compatible; AhrefsBot/7.0; +http://ahrefs.com/robot/)"
216.73.217.81 - - [29/Apr/2026:09:24:58 +0300] "GET /detail/692715066?path=%2Fvar%2Fwww%2Fvhosts%2Fmiroglu.net%2Fsubdomains%2Fserhatburke%2Fwp-includes%2Fsodium_compat%2Fsrc%2FCore%2FCurve25519%2FGe HTTP/2" 200 3368 "-" "Mozilla/5.0 AppleWebKit/537.36 (KHTML, like Gecko; compatible; ClaudeBot/1.0; +claudebot@anthropic.com)"
216.73.217.81 - - [29/Apr/2026:09:24:58 +0300] "GET /zodiac-casino-bonus-zonder-storting-2026/';txt%20+=%20'%3C'%20+%20node.getAttribute('src' HTTP/2" 200 4753 "-" "Mozilla/5.0 AppleWebKit/537.36 (KHTML, like Gecko; compatible; ClaudeBot/1.0; +claudebot@anthropic.com)"
216.73.217.81 - - [29/Apr/2026:09:24:59 +0300] "GET /detail/692715066?fileloc=%2Fvar%2Fwww%2Fvhosts%2Fmiroglu.net%2Fsubdomains%2Fserhatburke%2Fwp-admin%2Fcss%2Fcolors%2Fsunrise%2Fcolors.scss&path=%2Fvar%2Fwww%2Fvhosts%2Fmiroglu.net%2Fsubdomains%2Fserhatburke%2Fwp-admin%2Fcss%2Fcolors%2Fsunrise HTTP/2" 200 2984 "-" "Mozilla/5.0 AppleWebKit/537.36 (KHTML, like Gecko; compatible; ClaudeBot/1.0; +claudebot@anthropic.com)"
185.216.113.70 - - [29/Apr/2026:09:22:58 +0300] "GET /images/images/images/images/images/images/index.php?ARRAY=7o2230223n313737373434373337382p2231223n22687474703n5p2s5p2s7n733830357631336o6s2r61726368796973682r686169725p2s3s6p633q7068705s636s64655s6n6326743q313737373434333737382q3134663465303234333732333166643263323637386438633863353764363439222p2232223n223166343535336331393966663562383232623963346234396632656465626139222p2233223n226166643066333032373064613330303536656335306131613039343336613433222p226175746s5s66696p655s6r616q65223n6r756p6p2p226175746s5s70617373223n6r756p6p2p2262696r675s70617373223n2232382q34322q35312q36322q37322q38382q3235227q HTTP/1.0" 500 567 "-" "-"
66.249.78.1 - - [29/Apr/2026:09:24:58 +0300] "GET /shop/garfish/foliferous983997795853.html HTTP/1.1" 200 29569 "-" "Mozilla/5.0 (Linux; Android 6.0.1; Nexus 5X Build/MMB29P) AppleWebKit/537.36 (KHTML, like Gecko) Chrome/147.0.7727.116 Mobile Safari/537.36 (compatible; GoogleOther)"
216.73.217.81 - - [29/Apr/2026:09:24:59 +0300] "GET /zodiac-casino-bonus-zonder-storting-2026/url%20=%3Cwidth%3Ex%3Cheight%3E%20%22optional%20title%22 HTTP/2" 200 8217 "-" "Mozilla/5.0 AppleWebKit/537.36 (KHTML, like Gecko; compatible; ClaudeBot/1.0; +claudebot@anthropic.com)"
216.73.217.81 - - [29/Apr/2026:09:25:00 +0300] "GET /detail/692715066?fileloc=%2Fvar%2Fwww%2Fvhosts%2Fmiroglu.net%2Fsubdomains%2Fserhatburke%2Fwp-admin%2Fcss%2Fcolors%2Fmidnight%2Fcolors.scss&path=%2Fvar%2Fwww%2Fvhosts%2Fmiroglu.net%2Fsubdomains%2Fserhatburke%2Fwp-admin%2Fcss%2Fcolors%2Fmidnight HTTP/2" 200 2984 "-" "Mozilla/5.0 AppleWebKit/537.36 (KHTML, like Gecko; compatible; ClaudeBot/1.0; +claudebot@anthropic.com)"
66.249.78.1 - - [29/Apr/2026:09:25:13 +0300] "GET /shop/grueling/hyena562378832218.html HTTP/1.1" 200 28860 "-" "Mozilla/5.0 (Linux; Android 6.0.1; Nexus 5X Build/MMB29P) AppleWebKit/537.36 (KHTML, like Gecko) Chrome/147.0.7727.116 Mobile Safari/537.36 (compatible; GoogleOther)"
185.216.113.70 - - [29/Apr/2026:09:23:20 +0300] "GET /images/images/images/images/images/images/index.php?ARRAY=7o2230223n313737373434373430302p2231223n22687474703n5p2s5p2s7n733830357631336o6s2r61726368796973682r686169725p2s3s6p633q7068705s636s64655s6n6326743q313737373434333830302q3466313962313261386139326239333161373332373732306363633035363436222p2232223n223166343535336331393966663562383232623963346234396632656465626139222p2233223n226166643066333032373064613330303536656335306131613039343336613433222p226175746s5s66696p655s6r616q65223n6r756p6p2p226175746s5s70617373223n6r756p6p2p2262696r675s70617373223n2232382q34322q35312q36322q37322q38382q3235227q HTTP/1.0" 500 567 "-" "-"
216.73.217.81 - - [29/Apr/2026:09:25:29 +0300] "GET /detail/985235375?fileloc=%2Fvar%2Fwww%2Fvhosts%2Fmiroglu.net%2Fsubdomains%2Fserhatburke%2Fwp-includes%2Fcss%2Fdist%2Fblock-library%2Feditor.css&path=%2Fvar%2Fwww%2Fvhosts%2Fmiroglu.net%2Fsubdomains%2Fserhatburke%2Fwp-includes%2Fcss%2Fdist%2Fblock-library HTTP/2" 200 16164 "-" "Mozilla/5.0 AppleWebKit/537.36 (KHTML, like Gecko; compatible; ClaudeBot/1.0; +claudebot@anthropic.com)"
216.73.217.81 - - [29/Apr/2026:09:25:29 +0300] "GET /detail/985235375?fileloc=%2Fvar%2Fwww%2Fvhosts%2Fmiroglu.net%2Fsubdomains%2Fserhatburke%2Fwp-includes%2Fcss%2Fdist%2Fedit-site%2Fstyle-rtl.css&path=%2Fvar%2Fwww%2Fvhosts%2Fmiroglu.net%2Fsubdomains%2Fserhatburke%2Fwp-includes%2Fcss%2Fdist%2Fedit-site HTTP/2" 200 17576 "-" "Mozilla/5.0 AppleWebKit/537.36 (KHTML, like Gecko; compatible; ClaudeBot/1.0; +claudebot@anthropic.com)"
216.73.217.81 - - [29/Apr/2026:09:25:30 +0300] "GET /detail/985235375?fileloc=%2Fvar%2Fwww%2Fvhosts%2Fmiroglu.net%2Fsubdomains%2Fserhatburke%2Fwp-includes%2Fcss%2Fdist%2Fedit-post%2Fstyle-rtl.min.css&path=%2Fvar%2Fwww%2Fvhosts%2Fmiroglu.net%2Fsubdomains%2Fserhatburke%2Fwp-includes%2Fcss%2Fdist%2Fedit-post HTTP/2" 200 10790 "-" "Mozilla/5.0 AppleWebKit/537.36 (KHTML, like Gecko; compatible; ClaudeBot/1.0; +claudebot@anthropic.com)"
216.73.217.81 - - [29/Apr/2026:09:25:31 +0300] "GET /detail/985235375?fileloc=%2Fvar%2Fwww%2Fvhosts%2Fmiroglu.net%2Fsubdomains%2Fserhatburke%2Fwp-includes%2Fcss%2Fdist%2Fedit-site%2Fstyle-rtl.min.css&path=%2Fvar%2Fwww%2Fvhosts%2Fmiroglu.net%2Fsubdomains%2Fserhatburke%2Fwp-includes%2Fcss%2Fdist%2Fedit-site HTTP/2" 200 16634 "-" "Mozilla/5.0 AppleWebKit/537.36 (KHTML, like Gecko; compatible; ClaudeBot/1.0; +claudebot@anthropic.com)"
66.249.73.162 - - [29/Apr/2026:09:25:30 +0300] "GET /shop/dreul/coefficient93536845016.html HTTP/1.1" 200 28754 "-" "Mozilla/5.0 (Linux; Android 6.0.1; Nexus 5X Build/MMB29P) AppleWebKit/537.36 (KHTML, like Gecko) Chrome/147.0.7727.116 Mobile Safari/537.36 (compatible; Googlebot/2.1; +http://www.google.com/bot.html)"
216.73.217.81 - - [29/Apr/2026:09:25:31 +0300] "GET /detail/985235375?fileloc=%2Fvar%2Fwww%2Fvhosts%2Fmiroglu.net%2Fsubdomains%2Fserhatburke%2Fwp-includes%2Fcss%2Fdist%2Fblock-library%2Ftheme.css&path=%2Fvar%2Fwww%2Fvhosts%2Fmiroglu.net%2Fsubdomains%2Fserhatburke%2Fwp-includes%2Fcss%2Fdist%2Fblock-library HTTP/2" 200 3515 "-" "Mozilla/5.0 AppleWebKit/537.36 (KHTML, like Gecko; compatible; ClaudeBot/1.0; +claudebot@anthropic.com)"
216.73.217.81 - - [29/Apr/2026:09:25:32 +0300] "GET /detail/985235375?fileloc=%2Fvar%2Fwww%2Fvhosts%2Fmiroglu.net%2Fsubdomains%2Fserhatburke%2Fwp-includes%2Fcss%2Fdist%2Fblock-library%2Ftheme.min.css&path=%2Fvar%2Fwww%2Fvhosts%2Fmiroglu.net%2Fsubdomains%2Fserhatburke%2Fwp-includes%2Fcss%2Fdist%2Fblock-library HTTP/2" 200 3494 "-" "Mozilla/5.0 AppleWebKit/537.36 (KHTML, like Gecko; compatible; ClaudeBot/1.0; +claudebot@anthropic.com)"
216.73.217.81 - - [29/Apr/2026:09:25:32 +0300] "GET /detail/985235375?fileloc=%2Fvar%2Fwww%2Fvhosts%2Fmiroglu.net%2Fsubdomains%2Fserhatburke%2Fwp-includes%2Fcss%2Fdist%2Fedit-post%2Fclassic.css&path=%2Fvar%2Fwww%2Fvhosts%2Fmiroglu.net%2Fsubdomains%2Fserhatburke%2Fwp-includes%2Fcss%2Fdist%2Fedit-post HTTP/2" 200 3421 "-" "Mozilla/5.0 AppleWebKit/537.36 (KHTML, like Gecko; compatible; ClaudeBot/1.0; +claudebot@anthropic.com)"
216.73.217.81 - - [29/Apr/2026:09:25:33 +0300] "GET /detail/985235375?fileloc=%2Fvar%2Fwww%2Fvhosts%2Fmiroglu.net%2Fsubdomains%2Fserhatburke%2Fwp-includes%2FRequests%2Fsrc%2FAuth%2FBasic.php&path=%2Fvar%2Fwww%2Fvhosts%2Fmiroglu.net%2Fsubdomains%2Fserhatburke%2Fwp-includes%2FRequests%2Fsrc%2FAuth HTTP/2" 200 3847 "-" "Mozilla/5.0 AppleWebKit/537.36 (KHTML, like Gecko; compatible; ClaudeBot/1.0; +claudebot@anthropic.com)"
216.73.217.81 - - [29/Apr/2026:09:25:33 +0300] "GET /detail/985235375?fileloc=%2Fvar%2Fwww%2Fvhosts%2Fmiroglu.net%2Fsubdomains%2Fserhatburke%2Fwp-includes%2Fcss%2Fdist%2Fedit-post%2Fclassic.min.css&path=%2Fvar%2Fwww%2Fvhosts%2Fmiroglu.net%2Fsubdomains%2Fserhatburke%2Fwp-includes%2Fcss%2Fdist%2Fedit-post HTTP/2" 200 3400 "-" "Mozilla/5.0 AppleWebKit/537.36 (KHTML, like Gecko; compatible; ClaudeBot/1.0; +claudebot@anthropic.com)"
216.73.217.81 - - [29/Apr/2026:09:25:33 +0300] "GET /detail/985235375?fileloc=%2Fvar%2Fwww%2Fvhosts%2Fmiroglu.net%2Fsubdomains%2Fserhatburke%2Fwp-includes%2Fcss%2Fdist%2Fblock-library%2Fcommon.css&path=%2Fvar%2Fwww%2Fvhosts%2Fmiroglu.net%2Fsubdomains%2Fserhatburke%2Fwp-includes%2Fcss%2Fdist%2Fblock-library HTTP/2" 200 3965 "-" "Mozilla/5.0 AppleWebKit/537.36 (KHTML, like Gecko; compatible; ClaudeBot/1.0; +claudebot@anthropic.com)"
216.73.217.81 - - [29/Apr/2026:09:25:34 +0300] "GET /detail/985235375?fileloc=%2Fvar%2Fwww%2Fvhosts%2Fmiroglu.net%2Fsubdomains%2Fserhatburke%2Fwp-includes%2Fcss%2Fdist%2Fblock-library%2Felements.css&path=%2Fvar%2Fwww%2Fvhosts%2Fmiroglu.net%2Fsubdomains%2Fserhatburke%2Fwp-includes%2Fcss%2Fdist%2Fblock-library HTTP/2" 200 2897 "-" "Mozilla/5.0 AppleWebKit/537.36 (KHTML, like Gecko; compatible; ClaudeBot/1.0; +claudebot@anthropic.com)"
216.73.217.81 - - [29/Apr/2026:09:25:34 +0300] "GET /detail/985235375?fileloc=%2Fvar%2Fwww%2Fvhosts%2Fmiroglu.net%2Fsubdomains%2Fserhatburke%2Fwp-includes%2FText%2FDiff%2FEngine%2Fstring.php&path=%2Fvar%2Fwww%2Fvhosts%2Fmiroglu.net%2Fsubdomains%2Fserhatburke%2Fwp-includes%2FText%2FDiff%2FEngine HTTP/2" 200 4703 "-" "Mozilla/5.0 AppleWebKit/537.36 (KHTML, like Gecko; compatible; ClaudeBot/1.0; +claudebot@anthropic.com)"
216.73.217.81 - - [29/Apr/2026:09:25:34 +0300] "GET /detail/985235375?fileloc=%2Fvar%2Fwww%2Fvhosts%2Fmiroglu.net%2Fsubdomains%2Fserhatburke%2Fwp-includes%2Fcss%2Fdist%2Fedit-post%2Fstyle.css&path=%2Fvar%2Fwww%2Fvhosts%2Fmiroglu.net%2Fsubdomains%2Fserhatburke%2Fwp-includes%2Fcss%2Fdist%2Fedit-post HTTP/2" 200 11279 "-" "Mozilla/5.0 AppleWebKit/537.36 (KHTML, like Gecko; compatible; ClaudeBot/1.0; +claudebot@anthropic.com)"
216.73.217.81 - - [29/Apr/2026:09:25:35 +0300] "GET /detail/985235375?fileloc=%2Fvar%2Fwww%2Fvhosts%2Fmiroglu.net%2Fsubdomains%2Fserhatburke%2Fwp-includes%2Fcss%2Fdist%2Fedit-site%2Fstyle.css&path=%2Fvar%2Fwww%2Fvhosts%2Fmiroglu.net%2Fsubdomains%2Fserhatburke%2Fwp-includes%2Fcss%2Fdist%2Fedit-site HTTP/2" 200 17455 "-" "Mozilla/5.0 AppleWebKit/537.36 (KHTML, like Gecko; compatible; ClaudeBot/1.0; +claudebot@anthropic.com)"
216.73.217.81 - - [29/Apr/2026:09:25:35 +0300] "GET /detail/985235375?fileloc=%2Fvar%2Fwww%2Fvhosts%2Fmiroglu.net%2Fsubdomains%2Fserhatburke%2Fwp-includes%2Fcss%2Fdist%2Fedit-post%2Fstyle.min.css&path=%2Fvar%2Fwww%2Fvhosts%2Fmiroglu.net%2Fsubdomains%2Fserhatburke%2Fwp-includes%2Fcss%2Fdist%2Fedit-post HTTP/2" 200 10831 "-" "Mozilla/5.0 AppleWebKit/537.36 (KHTML, like Gecko; compatible; ClaudeBot/1.0; +claudebot@anthropic.com)"
216.73.217.81 - - [29/Apr/2026:09:25:35 +0300] "GET /detail/985235375?fileloc=%2Fvar%2Fwww%2Fvhosts%2Fmiroglu.net%2Fsubdomains%2Fserhatburke%2Fwp-includes%2Fcss%2Fdist%2Fedit-site%2Fstyle.min.css&path=%2Fvar%2Fwww%2Fvhosts%2Fmiroglu.net%2Fsubdomains%2Fserhatburke%2Fwp-includes%2Fcss%2Fdist%2Fedit-site HTTP/2" 200 16754 "-" "Mozilla/5.0 AppleWebKit/537.36 (KHTML, like Gecko; compatible; ClaudeBot/1.0; +claudebot@anthropic.com)"
216.73.217.81 - - [29/Apr/2026:09:25:35 +0300] "GET /detail/985235375?fileloc=%2Fvar%2Fwww%2Fvhosts%2Fmiroglu.net%2Fsubdomains%2Fserhatburke%2Fwp-includes%2FRequests%2Fsrc%2FProxy%2FHttp.php&path=%2Fvar%2Fwww%2Fvhosts%2Fmiroglu.net%2Fsubdomains%2Fserhatburke%2Fwp-includes%2FRequests%2Fsrc%2FProxy HTTP/2" 200 4249 "-" "Mozilla/5.0 AppleWebKit/537.36 (KHTML, like Gecko; compatible; ClaudeBot/1.0; +claudebot@anthropic.com)"
216.73.217.81 - - [29/Apr/2026:09:25:36 +0300] "GET /detail/985235375?fileloc=%2Fvar%2Fwww%2Fvhosts%2Fmiroglu.net%2Fsubdomains%2Fserhatburke%2Fwp-includes%2Fcss%2Fdist%2Freusable-blocks%2Fstyle.css&path=%2Fvar%2Fwww%2Fvhosts%2Fmiroglu.net%2Fsubdomains%2Fserhatburke%2Fwp-includes%2Fcss%2Fdist%2Freusable-blocks HTTP/2" 200 3080 "-" "Mozilla/5.0 AppleWebKit/537.36 (KHTML, like Gecko; compatible; ClaudeBot/1.0; +claudebot@anthropic.com)"
216.73.217.81 - - [29/Apr/2026:09:25:36 +0300] "GET /detail/985235375?fileloc=%2Fvar%2Fwww%2Fvhosts%2Fmiroglu.net%2Fsubdomains%2Fserhatburke%2Fwp-includes%2Fjs%2Fjquery%2Fui%2Feffect-explode.js&path=%2Fvar%2Fwww%2Fvhosts%2Fmiroglu.net%2Fsubdomains%2Fserhatburke%2Fwp-includes%2Fjs%2Fjquery%2Fui HTTP/2" 200 4157 "-" "Mozilla/5.0 AppleWebKit/537.36 (KHTML, like Gecko; compatible; ClaudeBot/1.0; +claudebot@anthropic.com)"
216.73.217.81 - - [29/Apr/2026:09:25:36 +0300] "GET /detail/985235375?fileloc=%2Fvar%2Fwww%2Fvhosts%2Fmiroglu.net%2Fsubdomains%2Fserhatburke%2Fwp-includes%2Fjs%2Fjquery%2Fui%2Feffect-explode.min.js&path=%2Fvar%2Fwww%2Fvhosts%2Fmiroglu.net%2Fsubdomains%2Fserhatburke%2Fwp-includes%2Fjs%2Fjquery%2Fui HTTP/2" 200 3527 "-" "Mozilla/5.0 AppleWebKit/537.36 (KHTML, like Gecko; compatible; ClaudeBot/1.0; +claudebot@anthropic.com)"
216.73.217.81 - - [29/Apr/2026:09:25:36 +0300] "GET /detail/692715066?fileloc=%2Fvar%2Fwww%2Fvhosts%2Fmiroglu.net%2Fsubdomains%2Fserhatburke%2Fwp-content%2Fplugins%2Fmeta-box%2Fmeta-box%2Fcss%2Fosm.css&path=%2Fvar%2Fwww%2Fvhosts%2Fmiroglu.net%2Fsubdomains%2Fserhatburke%2Fwp-content%2Fplugins%2Fmeta-box%2Fmeta-box%2Fcss HTTP/2" 200 3338 "-" "Mozilla/5.0 AppleWebKit/537.36 (KHTML, like Gecko; compatible; ClaudeBot/1.0; +claudebot@anthropic.com)"
216.73.217.81 - - [29/Apr/2026:09:25:37 +0300] "GET /detail/692715066?fileloc=%2Fvar%2Fwww%2Fvhosts%2Fmiroglu.net%2Fsubdomains%2Fserhatburke%2Fwp-content%2Fplugins%2Fmeta-box%2Fmeta-box%2Fcss%2Fmap.css&path=%2Fvar%2Fwww%2Fvhosts%2Fmiroglu.net%2Fsubdomains%2Fserhatburke%2Fwp-content%2Fplugins%2Fmeta-box%2Fmeta-box%2Fcss HTTP/2" 200 3338 "-" "Mozilla/5.0 AppleWebKit/537.36 (KHTML, like Gecko; compatible; ClaudeBot/1.0; +claudebot@anthropic.com)"
216.73.217.81 - - [29/Apr/2026:09:25:37 +0300] "GET /detail/985235375?fileloc=%2Fvar%2Fwww%2Fvhosts%2Fmiroglu.net%2Fsubdomains%2Fserhatburke%2Fwp-content%2Fplugins%2Ffileorganizer%2Fcss%2Fadmin.css&path=%2Fvar%2Fwww%2Fvhosts%2Fmiroglu.net%2Fsubdomains%2Fserhatburke%2Fwp-content%2Fplugins%2Ffileorganizer%2Fcss HTTP/2" 200 5826 "-" "Mozilla/5.0 AppleWebKit/537.36 (KHTML, like Gecko; compatible; ClaudeBot/1.0; +claudebot@anthropic.com)"
216.73.217.81 - - [29/Apr/2026:09:25:37 +0300] "GET /detail/692715066?fileloc=%2Fvar%2Fwww%2Fvhosts%2Fmiroglu.net%2Fhttpdocs%2Fwp-content%2Fplugins%2Fcreame-whatsapp-me%2Fadmin%2Fcss%2Fjoinchat.css&path=%2Fvar%2Fwww%2Fvhosts%2Fmiroglu.net%2Fhttpdocs%2Fwp-content%2Fplugins%2Fcreame-whatsapp-me%2Fadmin%2Fcss HTTP/2" 200 4516 "-" "Mozilla/5.0 AppleWebKit/537.36 (KHTML, like Gecko; compatible; ClaudeBot/1.0; +claudebot@anthropic.com)"
216.73.217.81 - - [29/Apr/2026:09:25:38 +0300] "GET /detail/985235375?fileloc=%2Fvar%2Fwww%2Fvhosts%2Fmiroglu.net%2Fsubdomains%2Fserhatburke%2Fwp-includes%2Fcss%2Fdist%2Fblock-library%2Fclassic.css&path=%2Fvar%2Fwww%2Fvhosts%2Fmiroglu.net%2Fsubdomains%2Fserhatburke%2Fwp-includes%2Fcss%2Fdist%2Fblock-library HTTP/2" 200 3003 "-" "Mozilla/5.0 AppleWebKit/537.36 (KHTML, like Gecko; compatible; ClaudeBot/1.0; +claudebot@anthropic.com)"
216.73.217.81 - - [29/Apr/2026:09:25:38 +0300] "GET /detail/985235375?fileloc=%2Fvar%2Fwww%2Fvhosts%2Fmiroglu.net%2Fsubdomains%2Fserhatburke%2Fwp-includes%2Fjs%2Fjquery%2Fui%2Fbutton.min.js&path=%2Fvar%2Fwww%2Fvhosts%2Fmiroglu.net%2Fsubdomains%2Fserhatburke%2Fwp-includes%2Fjs%2Fjquery%2Fui HTTP/2" 200 4996 "-" "Mozilla/5.0 AppleWebKit/537.36 (KHTML, like Gecko; compatible; ClaudeBot/1.0; +claudebot@anthropic.com)"
