62.12.118.37 - - [28/Apr/2026:10:09:06 +0300] "GET /greatest-casinos-on-the-internet-2026-best-5-real-cash-sites-assessed/ HTTP/1.1" 200 80539 "-" "Mozilla/5.0 (Windows NT 10.0; Win64; x64; rv:124.0) Gecko/20100101 Firefox/124.0"
40.77.167.156 - - [28/Apr/2026:10:09:10 +0300] "GET /h1-tronscan-the-all-in-one-tool-for-crypto-experts-h1/ HTTP/2" 200 18080 "-" "Mozilla/5.0 AppleWebKit/537.36 (KHTML, like Gecko; compatible; bingbot/2.0; +http://www.bing.com/bingbot.htm) Chrome/116.0.1938.76 Safari/537.36"
185.99.255.75 - - [28/Apr/2026:10:09:30 +0300] "GET /zotabet-casino-bonus-premier-depot-2026/ HTTP/1.1" 200 19124 "-" "Mozilla/5.0 (compatible; Googlebot/2.1; +http://www.google.com/bot.html)"
40.77.167.4 - - [28/Apr/2026:10:09:53 +0300] "GET /bitcoin-incentives-are-those-bonuses-while-offering-available-to-your-making-percentage-playing-with-cryptocurrency/ HTTP/2" 200 17694 "-" "Mozilla/5.0 AppleWebKit/537.36 (KHTML, like Gecko; compatible; bingbot/2.0; +http://www.bing.com/bingbot.htm) Chrome/116.0.1938.76 Safari/537.36"
185.216.113.70 - - [28/Apr/2026:10:10:54 +0300] "POST /wp-cron.php?doing_wp_cron=1777360254.1158599853515625000000 HTTP/1.1" 200 448 "-" "WordPress/6.3.8; https://serhatburke.miroglu.net"
62.12.118.37 - - [28/Apr/2026:10:10:38 +0300] "POST /xmlrpc.php HTTP/1.1" 200 630 "-" "Mozilla/5.0 (Windows NT 10.0; Win64; x64) AppleWebKit/537.36 (KHTML, like Gecko) Chrome/114.0.0.0 Safari/537.36"
40.77.167.158 - - [28/Apr/2026:10:10:45 +0300] "GET /kraken-vash-putevoditel-po-darknetu-2026-goda/ HTTP/2" 200 18488 "-" "Mozilla/5.0 AppleWebKit/537.36 (KHTML, like Gecko; compatible; bingbot/2.0; +http://www.bing.com/bingbot.htm) Chrome/116.0.1938.76 Safari/537.36"
62.12.118.37 - - [28/Apr/2026:10:11:00 +0300] "POST /xmlrpc.php HTTP/1.1" 200 16241 "-" "Mozilla/5.0 (Windows NT 10.0; Win64; x64) AppleWebKit/537.36 (KHTML, like Gecko) Chrome/114.0.0.0 Safari/537.36"
212.115.49.112 - - [28/Apr/2026:10:11:00 +0300] "GET /zotabet-casino-bonus-premier-depot-2026/ HTTP/1.1" 200 19124 "-" "Mozilla/5.0 (X11; Fedora; Linux x86_64; rv:114.0) Gecko/20100101 Firefox/114.0"
62.12.118.37 - - [28/Apr/2026:10:11:18 +0300] "GET /colorado-teas-casino-slot-games-100-percent-free-play-in-the-demonstration-from-the-igt/ HTTP/1.1" 200 80691 "-" "Mozilla/5.0 (Windows NT 10.0; rv:125.0) Gecko/20100101 Firefox/125.0"
185.216.113.70 - - [28/Apr/2026:10:12:29 +0300] "POST /wp-cron.php?doing_wp_cron=1777360349.5670449733734130859375 HTTP/1.1" 200 448 "-" "WordPress/6.3.8; https://serhatburke.miroglu.net"
40.77.167.4 - - [28/Apr/2026:10:12:13 +0300] "GET /your-guide-to-tronscan-mastering-tron-blockchain-insights/ HTTP/2" 200 17649 "-" "Mozilla/5.0 AppleWebKit/537.36 (KHTML, like Gecko; compatible; bingbot/2.0; +http://www.bing.com/bingbot.htm) Chrome/116.0.1938.76 Safari/537.36"
40.77.167.158 - - [28/Apr/2026:10:12:18 +0300] "GET /20-000-jogos-puerilidade-casino-acostumado-2026-sem-colecao/ HTTP/2" 200 20036 "-" "Mozilla/5.0 AppleWebKit/537.36 (KHTML, like Gecko; compatible; bingbot/2.0; +http://www.bing.com/bingbot.htm) Chrome/116.0.1938.76 Safari/537.36"
40.77.167.156 - - [28/Apr/2026:10:12:23 +0300] "GET /cuanto-es-posible-conseguir-en-un-bingo/ HTTP/2" 200 20030 "-" "Mozilla/5.0 AppleWebKit/537.36 (KHTML, like Gecko; compatible; bingbot/2.0; +http://www.bing.com/bingbot.htm) Chrome/116.0.1938.76 Safari/537.36"
62.12.118.37 - - [28/Apr/2026:10:12:52 +0300] "POST /xmlrpc.php HTTP/1.1" 200 630 "-" "Mozilla/5.0 (Windows NT 10.0; Win64; x64) AppleWebKit/537.36 (KHTML, like Gecko) Chrome/114.0.0.0 Safari/537.36"
40.77.167.156 - - [28/Apr/2026:10:12:58 +0300] "GET /le-merkur-23c-fire-joker-casino-mon-rasoir-pour-long-maladroit-courant-eternel/ HTTP/2" 200 18847 "-" "Mozilla/5.0 AppleWebKit/537.36 (KHTML, like Gecko; compatible; bingbot/2.0; +http://www.bing.com/bingbot.htm) Chrome/116.0.1938.76 Safari/537.36"
185.216.113.70 - - [28/Apr/2026:10:13:24 +0300] "POST /wp-cron.php?doing_wp_cron=1777360404.0131840705871582031250 HTTP/1.1" 200 448 "-" "WordPress/6.3.8; https://serhatburke.miroglu.net"
103.219.169.195 - - [28/Apr/2026:10:13:10 +0300] "POST /xmlrpc.php HTTP/1.1" 200 630 "-" "Mozilla/5.0 (Windows NT 10.0; Win64; x64) AppleWebKit/537.36 (KHTML, like Gecko) Chrome/114.0.0.0 Safari/537.36"
62.12.118.37 - - [28/Apr/2026:10:13:14 +0300] "POST /xmlrpc.php HTTP/1.1" 200 16303 "-" "Mozilla/5.0 (Windows NT 10.0; Win64; x64) AppleWebKit/537.36 (KHTML, like Gecko) Chrome/114.0.0.0 Safari/537.36"
40.77.167.156 - - [28/Apr/2026:10:13:30 +0300] "GET /access-it-through-the-%EF%BF%BDcontact-us%EF%BF%BD-web-page-regarding-software/ HTTP/2" 200 16970 "-" "Mozilla/5.0 AppleWebKit/537.36 (KHTML, like Gecko; compatible; bingbot/2.0; +http://www.bing.com/bingbot.htm) Chrome/116.0.1938.76 Safari/537.36"
103.219.169.195 - - [28/Apr/2026:10:13:32 +0300] "POST /xmlrpc.php HTTP/1.1" 200 16255 "-" "Mozilla/5.0 (Windows NT 10.0; Win64; x64) AppleWebKit/537.36 (KHTML, like Gecko) Chrome/114.0.0.0 Safari/537.36"
62.12.118.37 - - [28/Apr/2026:10:13:30 +0300] "GET /finest-lowest-put-gambling-enterprises-to-possess-2026-step-1-5-10-options/ HTTP/1.1" 200 80475 "-" "Mozilla/5.0 (Windows NT 10.0; rv:109.0) Gecko/20100101 Firefox/115.0"
103.219.169.195 - - [28/Apr/2026:10:13:56 +0300] "GET /12-000-casino-spiele-gratis-auffuhren-exklusive-registration/ HTTP/1.1" 200 80662 "-" "Mozilla/5.0 (Windows NT 10.0; rv:109.0) Gecko/20100101 Firefox/115.0"
196.240.38.70 - - [28/Apr/2026:10:14:13 +0300] "GET /beste-casino-site-belgie-hoge-inzet/ HTTP/1.1" 200 19265 "-" "Mozilla/5.0 (X11; Fedora; Linux x86_64; rv:114.0) Gecko/20100101 Firefox/114.0"
40.77.167.158 - - [28/Apr/2026:10:14:20 +0300] "GET /winomania-affects-so-it-equilibrium-well-giving-a-worthwhile-payout-but-with-obtainable-fine-print/ HTTP/2" 200 17702 "-" "Mozilla/5.0 AppleWebKit/537.36 (KHTML, like Gecko; compatible; bingbot/2.0; +http://www.bing.com/bingbot.htm) Chrome/116.0.1938.76 Safari/537.36"
40.77.167.4 - - [28/Apr/2026:10:14:24 +0300] "GET /en-bloc-spielsaal-lastschrift-2026-existireren-sera-casino-goodwin-iwinfortune-mobile-app-download-sepa-einzahlungen-zudem/ HTTP/2" 200 20116 "-" "Mozilla/5.0 AppleWebKit/537.36 (KHTML, like Gecko; compatible; bingbot/2.0; +http://www.bing.com/bingbot.htm) Chrome/116.0.1938.76 Safari/537.36"
185.216.113.70 - - [28/Apr/2026:10:14:54 +0300] "POST /wp-cron.php?doing_wp_cron=1777360494.6775970458984375000000 HTTP/1.1" 200 448 "-" "WordPress/6.3.8; https://serhatburke.miroglu.net"
40.77.167.156 - - [28/Apr/2026:10:14:42 +0300] "GET /experience-seamless-crypto-transactions-with-ledger-live-3/ HTTP/2" 200 17639 "-" "Mozilla/5.0 AppleWebKit/537.36 (KHTML, like Gecko; compatible; bingbot/2.0; +http://www.bing.com/bingbot.htm) Chrome/116.0.1938.76 Safari/537.36"
40.77.167.158 - - [28/Apr/2026:10:14:48 +0300] "GET /kraken-bezopasnye-ssylki-i-dostup-v-darknet-2026-3/ HTTP/2" 200 18869 "-" "Mozilla/5.0 AppleWebKit/537.36 (KHTML, like Gecko; compatible; bingbot/2.0; +http://www.bing.com/bingbot.htm) Chrome/116.0.1938.76 Safari/537.36"
62.12.118.37 - - [28/Apr/2026:10:14:53 +0300] "POST /xmlrpc.php HTTP/1.1" 200 630 "-" "Mozilla/5.0 (Windows NT 10.0; Win64; x64) AppleWebKit/537.36 (KHTML, like Gecko) Chrome/114.0.0.0 Safari/537.36"
85.208.96.212 - - [28/Apr/2026:10:14:55 +0300] "GET /finest-casino-bonuses-within-the-2026-finest-discount-coupons-casino-jungle-jackpots-free-revolves/ HTTP/1.1" 200 22682 "-" "Mozilla/5.0 (compatible; SemrushBot/7~bl; +http://www.semrush.com/bot.html)"
185.216.113.70 - - [28/Apr/2026:10:15:36 +0300] "POST /wp-cron.php?doing_wp_cron=1777360536.4502799510955810546875 HTTP/1.1" 200 448 "-" "WordPress/6.3.8; https://serhatburke.miroglu.net"
62.12.118.37 - - [28/Apr/2026:10:15:23 +0300] "POST /xmlrpc.php HTTP/1.1" 200 17142 "-" "Mozilla/5.0 (Windows NT 10.0; Win64; x64) AppleWebKit/537.36 (KHTML, like Gecko) Chrome/114.0.0.0 Safari/537.36"
62.12.118.37 - - [28/Apr/2026:10:15:38 +0300] "GET /progressive-jackpot-harbors-with-million-money-honors-inside-the-2026/ HTTP/1.1" 200 81017 "-" "Mozilla/5.0 (Windows NT 10.0; Win64; x64) AppleWebKit/537.36 (KHTML, like Gecko) Chrome/123.0.0.0 Safari/537.36"
194.99.26.67 - - [28/Apr/2026:10:15:51 +0300] "POST /xmlrpc.php HTTP/2" 200 141 "-" "WordPress/XMLRPC Client"
185.216.113.70 - - [28/Apr/2026:10:16:16 +0300] "POST /wp-cron.php?doing_wp_cron=1777360576.8044779300689697265625 HTTP/1.1" 200 448 "-" "WordPress/6.3.8; https://serhatburke.miroglu.net"
194.99.26.67 - - [28/Apr/2026:10:16:04 +0300] "GET /?p=141953 HTTP/2" 301 0 "-" "Mozilla/5.0 (Windows NT 10.0; Win64; x64) AppleWebKit/537.36 (KHTML, like Gecko) Chrome/120.0.0.0 Safari/537.36"
40.77.167.4 - - [28/Apr/2026:10:16:05 +0300] "GET /popes-fitness-improving-slowly-when-he-recovers-in-the-casa-santa-marta/ HTTP/2" 200 16881 "-" "Mozilla/5.0 AppleWebKit/537.36 (KHTML, like Gecko; compatible; bingbot/2.0; +http://www.bing.com/bingbot.htm) Chrome/116.0.1938.76 Safari/537.36"
40.77.167.77 - - [28/Apr/2026:10:16:23 +0300] "GET /introduction-as-to-the-reasons-that-it-things-for-you-the-fresh-knowledgeable-player/ HTTP/2" 200 19032 "-" "Mozilla/5.0 AppleWebKit/537.36 (KHTML, like Gecko; compatible; bingbot/2.0; +http://www.bing.com/bingbot.htm) Chrome/116.0.1938.76 Safari/537.36"
185.216.113.70 - - [28/Apr/2026:10:16:48 +0300] "POST /wp-cron.php?doing_wp_cron=1777360608.1688089370727539062500 HTTP/1.1" 200 448 "-" "WordPress/6.3.8; https://serhatburke.miroglu.net"
40.77.167.4 - - [28/Apr/2026:10:16:35 +0300] "GET /discovering-the-best-features-of-dexscreener-for-traders/ HTTP/2" 200 17986 "-" "Mozilla/5.0 AppleWebKit/537.36 (KHTML, like Gecko; compatible; bingbot/2.0; +http://www.bing.com/bingbot.htm) Chrome/116.0.1938.76 Safari/537.36"
62.12.118.37 - - [28/Apr/2026:10:17:02 +0300] "POST /xmlrpc.php HTTP/1.1" 200 630 "-" "Mozilla/5.0 (Windows NT 10.0; Win64; x64) AppleWebKit/537.36 (KHTML, like Gecko) Chrome/114.0.0.0 Safari/537.36"
185.216.113.70 - - [28/Apr/2026:10:17:34 +0300] "POST /wp-cron.php?doing_wp_cron=1777360654.0706720352172851562500 HTTP/1.1" 200 448 "-" "WordPress/6.3.8; https://serhatburke.miroglu.net"
62.12.118.37 - - [28/Apr/2026:10:17:21 +0300] "POST /xmlrpc.php HTTP/1.1" 200 16656 "-" "Mozilla/5.0 (Windows NT 10.0; Win64; x64) AppleWebKit/537.36 (KHTML, like Gecko) Chrome/114.0.0.0 Safari/537.36"
62.12.118.37 - - [28/Apr/2026:10:17:35 +0300] "GET /find-finest-international-casinos-on-the-internet-australias-best-web-based-casinos-2026-play-gambling-games/ HTTP/1.1" 200 81719 "-" "Mozilla/5.0 (Windows NT 10.0; Win64; x64; rv:125.0) Gecko/20100101 Firefox/125.0"
103.219.169.195 - - [28/Apr/2026:10:17:50 +0300] "POST /xmlrpc.php HTTP/1.1" 200 630 "-" "Mozilla/5.0 (Windows NT 10.0; Win64; x64) AppleWebKit/537.36 (KHTML, like Gecko) Chrome/114.0.0.0 Safari/537.36"
185.216.113.70 - - [28/Apr/2026:10:18:23 +0300] "POST /wp-cron.php?doing_wp_cron=1777360703.6995000839233398437500 HTTP/1.1" 200 448 "-" "WordPress/6.3.8; https://serhatburke.miroglu.net"
103.219.169.195 - - [28/Apr/2026:10:18:10 +0300] "POST /xmlrpc.php HTTP/1.1" 200 15698 "-" "Mozilla/5.0 (Windows NT 10.0; Win64; x64) AppleWebKit/537.36 (KHTML, like Gecko) Chrome/114.0.0.0 Safari/537.36"
103.219.169.195 - - [28/Apr/2026:10:18:25 +0300] "GET /anbietervergleich-das-traktandum-40/ HTTP/1.1" 200 78952 "-" "Mozilla/5.0 (Windows NT 10.0; Win64; x64) AppleWebKit/537.36 (KHTML, like Gecko) Chrome/109.0.0.0 Safari/537.36"
62.12.118.37 - - [28/Apr/2026:10:19:09 +0300] "POST /xmlrpc.php HTTP/1.1" 200 630 "-" "Mozilla/5.0 (Windows NT 10.0; Win64; x64) AppleWebKit/537.36 (KHTML, like Gecko) Chrome/114.0.0.0 Safari/537.36"
185.216.113.70 - - [28/Apr/2026:10:19:41 +0300] "POST /wp-cron.php?doing_wp_cron=1777360781.6662681102752685546875 HTTP/1.1" 200 448 "-" "WordPress/6.3.8; https://serhatburke.miroglu.net"
62.12.118.37 - - [28/Apr/2026:10:19:28 +0300] "POST /xmlrpc.php HTTP/1.1" 200 15937 "-" "Mozilla/5.0 (Windows NT 10.0; Win64; x64) AppleWebKit/537.36 (KHTML, like Gecko) Chrome/114.0.0.0 Safari/537.36"
62.12.118.37 - - [28/Apr/2026:10:19:43 +0300] "GET /public-casinos-united-states-of-america-2026-120-list-of-public-casinos/ HTTP/1.1" 200 80193 "-" "Mozilla/5.0 (Windows NT 10.0; Win64; x64) AppleWebKit/537.36 (KHTML, like Gecko) Chrome/124.0.0.0 Safari/537.36"
185.216.113.70 - - [28/Apr/2026:10:21:21 +0300] "POST /wp-cron.php?doing_wp_cron=1777360881.9268429279327392578125 HTTP/1.1" 200 448 "-" "WordPress/6.3.8; https://serhatburke.miroglu.net"
62.12.118.37 - - [28/Apr/2026:10:21:08 +0300] "POST /xmlrpc.php HTTP/1.1" 200 630 "-" "Mozilla/5.0 (Windows NT 10.0; Win64; x64) AppleWebKit/537.36 (KHTML, like Gecko) Chrome/114.0.0.0 Safari/537.36"
187.4.9.71 - - [28/Apr/2026:10:21:24 +0300] "GET /automaty-hazard-online HTTP/1.1" 200 0 "https://serhatburke.miroglu.net/" "Mozilla/5.0 (Windows NT 10.0; Win64; x64) AppleWebKit/537.36 (KHTML, like Gecko) Chrome/130.0.6723.70 Safari/537.36"
62.12.118.37 - - [28/Apr/2026:10:21:28 +0300] "POST /xmlrpc.php HTTP/1.1" 200 16508 "-" "Mozilla/5.0 (Windows NT 10.0; Win64; x64) AppleWebKit/537.36 (KHTML, like Gecko) Chrome/114.0.0.0 Safari/537.36"
62.12.118.37 - - [28/Apr/2026:10:22:11 +0300] "GET /southern-park-reel-a-mess-harbors/ HTTP/1.1" 200 79496 "-" "Mozilla/5.0 (Windows NT 10.0; Win64; x64) AppleWebKit/537.36 (KHTML, like Gecko) Chrome/109.0.0.0 Safari/537.36"
185.216.113.70 - - [28/Apr/2026:10:22:39 +0300] "POST /wp-cron.php?doing_wp_cron=1777360959.7826650142669677734375 HTTP/1.1" 200 448 "-" "WordPress/6.3.8; https://serhatburke.miroglu.net"
103.219.169.195 - - [28/Apr/2026:10:22:27 +0300] "POST /xmlrpc.php HTTP/1.1" 200 630 "-" "Mozilla/5.0 (Windows NT 10.0; Win64; x64) AppleWebKit/537.36 (KHTML, like Gecko) Chrome/114.0.0.0 Safari/537.36"
103.219.169.195 - - [28/Apr/2026:10:22:46 +0300] "POST /xmlrpc.php HTTP/1.1" 200 15416 "-" "Mozilla/5.0 (Windows NT 10.0; Win64; x64) AppleWebKit/537.36 (KHTML, like Gecko) Chrome/114.0.0.0 Safari/537.36"
62.12.118.37 - - [28/Apr/2026:10:23:09 +0300] "POST /xmlrpc.php HTTP/1.1" 200 630 "-" "Mozilla/5.0 (Windows NT 10.0; Win64; x64) AppleWebKit/537.36 (KHTML, like Gecko) Chrome/114.0.0.0 Safari/537.36"
103.219.169.195 - - [28/Apr/2026:10:23:14 +0300] "GET /bet-spielsaal-online-auffuhren-pramie-1500-mrbet-casino/ HTTP/1.1" 200 79463 "-" "Mozilla/5.0 (Windows NT 10.0; Win64; x64) AppleWebKit/537.36 (KHTML, like Gecko) Chrome/122.0.0.0 Safari/537.36"
62.12.118.37 - - [28/Apr/2026:10:23:34 +0300] "POST /xmlrpc.php HTTP/1.1" 200 17596 "-" "Mozilla/5.0 (Windows NT 10.0; Win64; x64) AppleWebKit/537.36 (KHTML, like Gecko) Chrome/114.0.0.0 Safari/537.36"
62.12.118.37 - - [28/Apr/2026:10:23:55 +0300] "GET /all-sphinx-riddles-and-you-can-riddle-choices-inside-dragons-dogma-2/ HTTP/1.1" 200 81452 "-" "Mozilla/5.0 (Windows NT 10.0; Win64; x64) AppleWebKit/537.36 (KHTML, like Gecko) Chrome/123.0.0.0 Safari/537.36 OPR/109.0.0.0"
40.77.167.241 - - [28/Apr/2026:10:24:02 +0300] "GET /post-sitemap.xml HTTP/2" 200 104137 "-" "Mozilla/5.0 AppleWebKit/537.36 (KHTML, like Gecko; compatible; bingbot/2.0; +http://www.bing.com/bingbot.htm) Chrome/116.0.1938.76 Safari/537.36"
185.216.113.70 - - [28/Apr/2026:10:25:24 +0300] "POST /wp-cron.php?doing_wp_cron=1777361123.9406809806823730468750 HTTP/1.1" 200 448 "-" "WordPress/6.3.8; https://serhatburke.miroglu.net"
62.12.118.37 - - [28/Apr/2026:10:25:10 +0300] "POST /xmlrpc.php HTTP/1.1" 200 630 "-" "Mozilla/5.0 (Windows NT 10.0; Win64; x64) AppleWebKit/537.36 (KHTML, like Gecko) Chrome/114.0.0.0 Safari/537.36"
62.12.118.37 - - [28/Apr/2026:10:25:30 +0300] "POST /xmlrpc.php HTTP/1.1" 200 17833 "-" "Mozilla/5.0 (Windows NT 10.0; Win64; x64) AppleWebKit/537.36 (KHTML, like Gecko) Chrome/114.0.0.0 Safari/537.36"
62.12.118.37 - - [28/Apr/2026:10:25:45 +0300] "GET /franchise-spider-boy/ HTTP/1.1" 200 80476 "-" "Mozilla/5.0 (Windows NT 10.0; Win64; x64; rv:125.0) Gecko/20100101 Firefox/125.0"
134.255.243.78 - - [28/Apr/2026:10:26:21 +0300] "GET /88701-2/ HTTP/1.1" 200 18389 "-" "Mozilla/5.0 (compatible; Googlebot/2.1; +http://www.google.com/bot.html)"
185.216.113.70 - - [28/Apr/2026:10:27:07 +0300] "POST /wp-cron.php?doing_wp_cron=1777361227.4527969360351562500000 HTTP/1.1" 200 448 "-" "WordPress/6.3.8; https://serhatburke.miroglu.net"
103.219.169.195 - - [28/Apr/2026:10:26:53 +0300] "POST /xmlrpc.php HTTP/1.1" 200 630 "-" "Mozilla/5.0 (Windows NT 10.0; Win64; x64) AppleWebKit/537.36 (KHTML, like Gecko) Chrome/114.0.0.0 Safari/537.36"
62.12.118.37 - - [28/Apr/2026:10:27:03 +0300] "POST /xmlrpc.php HTTP/1.1" 200 630 "-" "Mozilla/5.0 (Windows NT 10.0; Win64; x64) AppleWebKit/537.36 (KHTML, like Gecko) Chrome/114.0.0.0 Safari/537.36"
103.219.169.195 - - [28/Apr/2026:10:27:14 +0300] "POST /xmlrpc.php HTTP/1.1" 200 16178 "-" "Mozilla/5.0 (Windows NT 10.0; Win64; x64) AppleWebKit/537.36 (KHTML, like Gecko) Chrome/114.0.0.0 Safari/537.36"
185.216.113.70 - - [28/Apr/2026:10:27:40 +0300] "POST /wp-cron.php?doing_wp_cron=1777361260.5158610343933105468750 HTTP/1.1" 200 448 "-" "WordPress/6.3.8; https://serhatburke.miroglu.net"
62.12.118.37 - - [28/Apr/2026:10:27:22 +0300] "POST /xmlrpc.php HTTP/1.1" 200 17468 "-" "Mozilla/5.0 (Windows NT 10.0; Win64; x64) AppleWebKit/537.36 (KHTML, like Gecko) Chrome/114.0.0.0 Safari/537.36"
103.219.169.195 - - [28/Apr/2026:10:27:28 +0300] "GET /bet3000-bonus-150-einzeln-guthaben-fur-eure-einzahlung/ HTTP/1.1" 200 80295 "-" "Mozilla/5.0 (Windows NT 10.0; Win64; x64) AppleWebKit/537.36 (KHTML, like Gecko) Chrome/109.0.0.0 Safari/537.36"
62.12.118.37 - - [28/Apr/2026:10:27:42 +0300] "GET /roblox-games-codes-list-to-have-march-2026/ HTTP/1.1" 200 80827 "-" "Mozilla/5.0 (Windows NT 10.0; Win64; x64) AppleWebKit/537.36 (KHTML, like Gecko) Chrome/124.0.0.0 Safari/537.36"
185.216.113.70 - - [28/Apr/2026:10:28:55 +0300] "POST /wp-cron.php?doing_wp_cron=1777361335.5557320117950439453125 HTTP/1.1" 200 448 "-" "WordPress/6.3.8; https://serhatburke.miroglu.net"
62.12.118.37 - - [28/Apr/2026:10:28:43 +0300] "POST /xmlrpc.php HTTP/1.1" 200 630 "-" "Mozilla/5.0 (Windows NT 10.0; Win64; x64) AppleWebKit/537.36 (KHTML, like Gecko) Chrome/114.0.0.0 Safari/537.36"
62.12.118.37 - - [28/Apr/2026:10:29:02 +0300] "POST /xmlrpc.php HTTP/1.1" 200 16528 "-" "Mozilla/5.0 (Windows NT 10.0; Win64; x64) AppleWebKit/537.36 (KHTML, like Gecko) Chrome/114.0.0.0 Safari/537.36"
84.54.72.30 - - [28/Apr/2026:10:29:03 +0300] "POST /xmlrpc.php HTTP/2" 200 141 "-" "WordPress/XMLRPC Client"
160.155.57.80 - - [28/Apr/2026:10:29:12 +0300] "POST /xmlrpc.php HTTP/1.1" 200 216401 "-" "Mozilla/5.0 (Windows NT 10.0; Win64; x64) AppleWebKit/537.36 (KHTML, like Gecko) Chrome/114.0.0.0 Safari/537.36 Vivaldi/5.3.2679.68"
84.54.72.30 - - [28/Apr/2026:10:29:21 +0300] "GET /?p=141975 HTTP/2" 301 0 "-" "Mozilla/5.0 (Windows NT 10.0; Win64; x64) AppleWebKit/537.36 (KHTML, like Gecko) Chrome/120.0.0.0 Safari/537.36"
62.12.118.37 - - [28/Apr/2026:10:29:22 +0300] "GET /the-amazing-spider-son-position-comprehend-an-entire-on-the-internet-opinion/ HTTP/1.1" 200 80474 "-" "Mozilla/5.0 (Windows NT 10.0; Win64; x64) AppleWebKit/537.36 (KHTML, like Gecko) Chrome/109.0.0.0 Safari/537.36"
185.216.113.70 - - [28/Apr/2026:10:29:48 +0300] "POST /wp-cron.php?doing_wp_cron=1777361388.5557899475097656250000 HTTP/1.1" 200 448 "-" "WordPress/6.3.8; https://serhatburke.miroglu.net"
193.25.7.140 - - [28/Apr/2026:10:29:36 +0300] "POST /xmlrpc.php HTTP/1.1" 200 667 "-" "Mozilla/5.0 (Windows NT 10.0; Win64; x64) AppleWebKit/537.36 (KHTML, like Gecko) Chrome/114.0.0.0 Safari/537.36 Vivaldi/5.3.2679.68"
178.186.114.17 - - [28/Apr/2026:10:29:51 +0300] "POST /xmlrpc.php HTTP/1.1" 200 5917 "-" "Mozilla/5.0 (Windows NT 10.0; Win64; x64) AppleWebKit/537.36 (KHTML, like Gecko) Chrome/114.0.0.0 Safari/537.36 Vivaldi/5.3.2679.68"
185.216.113.70 - - [28/Apr/2026:10:30:44 +0300] "POST /wp-cron.php?doing_wp_cron=1777361444.6743619441986083984375 HTTP/1.1" 200 448 "-" "WordPress/6.3.8; https://serhatburke.miroglu.net"
62.12.118.37 - - [28/Apr/2026:10:30:31 +0300] "POST /xmlrpc.php HTTP/1.1" 200 630 "-" "Mozilla/5.0 (Windows NT 10.0; Win64; x64) AppleWebKit/537.36 (KHTML, like Gecko) Chrome/114.0.0.0 Safari/537.36"
62.12.118.37 - - [28/Apr/2026:10:30:51 +0300] "POST /xmlrpc.php HTTP/1.1" 200 16058 "-" "Mozilla/5.0 (Windows NT 10.0; Win64; x64) AppleWebKit/537.36 (KHTML, like Gecko) Chrome/114.0.0.0 Safari/537.36"
62.12.118.37 - - [28/Apr/2026:10:31:06 +0300] "GET /star-trip-sega-totally-free-borrow-online-streaming-web-sites-archive/ HTTP/1.1" 200 80244 "-" "Mozilla/5.0 (Windows NT 10.0; Win64; x64) AppleWebKit/537.36 (KHTML, like Gecko) Chrome/123.0.0.0 Safari/537.36 OPR/109.0.0.0"
103.219.169.195 - - [28/Apr/2026:10:31:18 +0300] "POST /xmlrpc.php HTTP/1.1" 200 630 "-" "Mozilla/5.0 (Windows NT 10.0; Win64; x64) AppleWebKit/537.36 (KHTML, like Gecko) Chrome/114.0.0.0 Safari/537.36"
185.216.113.70 - - [28/Apr/2026:10:31:51 +0300] "POST /wp-cron.php?doing_wp_cron=1777361511.6210520267486572265625 HTTP/1.1" 200 448 "-" "WordPress/6.3.8; https://serhatburke.miroglu.net"
103.219.169.195 - - [28/Apr/2026:10:31:38 +0300] "POST /xmlrpc.php HTTP/1.1" 200 15624 "-" "Mozilla/5.0 (Windows NT 10.0; Win64; x64) AppleWebKit/537.36 (KHTML, like Gecko) Chrome/114.0.0.0 Safari/537.36"
107.172.53.116 - - [28/Apr/2026:10:31:53 +0300] "GET /beste-casino-site-belgie-hoge-inzet/ HTTP/1.1" 200 19265 "-" "Mozilla/5.0 (X11; Fedora; Linux x86_64; rv:114.0) Gecko/20100101 Firefox/114.0"
103.219.169.195 - - [28/Apr/2026:10:31:53 +0300] "GET /gebuhrenfrei-poker-spielen-inside-betfair-und-50-startguthaben-einbehalten/ HTTP/1.1" 200 79908 "-" "Mozilla/5.0 (Windows NT 10.0; Win64; x64) AppleWebKit/537.36 (KHTML, like Gecko) Chrome/123.0.0.0 Safari/537.36 OPR/109.0.0.0"
62.12.118.37 - - [28/Apr/2026:10:32:18 +0300] "POST /xmlrpc.php HTTP/1.1" 200 630 "-" "Mozilla/5.0 (Windows NT 10.0; Win64; x64) AppleWebKit/537.36 (KHTML, like Gecko) Chrome/114.0.0.0 Safari/537.36"
185.216.113.70 - - [28/Apr/2026:10:32:50 +0300] "POST /wp-cron.php?doing_wp_cron=1777361569.9813349246978759765625 HTTP/1.1" 200 448 "-" "WordPress/6.3.8; https://serhatburke.miroglu.net"
62.12.118.37 - - [28/Apr/2026:10:32:38 +0300] "POST /xmlrpc.php HTTP/1.1" 200 16577 "-" "Mozilla/5.0 (Windows NT 10.0; Win64; x64) AppleWebKit/537.36 (KHTML, like Gecko) Chrome/114.0.0.0 Safari/537.36"
62.12.118.37 - - [28/Apr/2026:10:32:51 +0300] "GET /totally-free-spins-no-deposit-needed/ HTTP/1.1" 200 79699 "-" "Mozilla/5.0 (Windows NT 10.0; Win64; x64) AppleWebKit/537.36 (KHTML, like Gecko) Chrome/123.0.0.0 Safari/537.36 OPR/109.0.0.0"
66.249.73.14 - - [28/Apr/2026:10:34:13 +0300] "GET /admiral-shark-casino-uk-review-dive-into-exciting-online-gaming/ HTTP/1.1" 200 0 "https://vayglj.orbitflux-games.digital/" "Mozilla/5.0 (Linux; Android 6.0.1; Nexus 5X Build/MMB29P) AppleWebKit/537.36 (KHTML, like Gecko) Chrome/147.0.7727.116 Mobile Safari/537.36 (compatible; Googlebot/2.1; +http://www.google.com/bot.html)"
185.216.113.70 - - [28/Apr/2026:10:34:28 +0300] "POST /wp-cron.php?doing_wp_cron=1777361668.7659881114959716796875 HTTP/1.1" 200 448 "-" "WordPress/6.3.8; https://serhatburke.miroglu.net"
62.12.118.37 - - [28/Apr/2026:10:34:15 +0300] "POST /xmlrpc.php HTTP/1.1" 200 630 "-" "Mozilla/5.0 (Windows NT 10.0; Win64; x64) AppleWebKit/537.36 (KHTML, like Gecko) Chrome/114.0.0.0 Safari/537.36"
62.12.118.37 - - [28/Apr/2026:10:34:35 +0300] "POST /xmlrpc.php HTTP/1.1" 200 16606 "-" "Mozilla/5.0 (Windows NT 10.0; Win64; x64) AppleWebKit/537.36 (KHTML, like Gecko) Chrome/114.0.0.0 Safari/537.36"
62.12.118.37 - - [28/Apr/2026:10:34:49 +0300] "GET /celebs-out-this-evening-brightest-star-from-the-sky-app-to-see-celebs/ HTTP/1.1" 200 80703 "-" "Mozilla/5.0 (Windows NT 10.0; Win64; x64) AppleWebKit/537.36 (KHTML, like Gecko) Chrome/124.0.0.0 Safari/537.36 Edg/124.0.0.0"
91.236.142.3 - - [28/Apr/2026:10:35:02 +0300] "GET /88701-2/ HTTP/1.1" 200 18401 "https://serhatburke.miroglu.net/" "Mozilla/5.0 (Windows NT 10.0; Win64; x64) AppleWebKit/537.36 (KHTML, like Gecko) Chrome/114.0.0.0 YaBrowser/22.7.0 Yowser/2.5 Safari/537.36"
91.236.142.3 - - [28/Apr/2026:10:35:21 +0300] "GET /88701-2/ HTTP/1.1" 200 18389 "https://serhatburke.miroglu.net/88701-2/" "Mozilla/5.0 (Windows NT 6.3; Win64; x64) AppleWebKit/537.36 (KHTML, like Gecko) Chrome/103.0.0.0 Safari/537.36"
91.236.142.3 - - [28/Apr/2026:10:35:35 +0300] "GET /wp-includes/css/dist/block-library/style.min.css?ver=6.3.8 HTTP/1.1" 200 13578 "https://serhatburke.miroglu.net/88701-2/" "Mozilla/5.0 (Windows NT 10.0; Win64; x64) AppleWebKit/537.36 (KHTML, like Gecko) Chrome/143.0.0.0 Safari/537.36"
91.236.142.3 - - [28/Apr/2026:10:35:35 +0300] "GET /wp-content/plugins/contact-form-7/includes/css/styles.css?ver=5.8 HTTP/1.1" 200 1490 "https://serhatburke.miroglu.net/88701-2/" "Mozilla/5.0 (Windows NT 10.0; Win64; x64) AppleWebKit/537.36 (KHTML, like Gecko) Chrome/143.0.0.0 Safari/537.36"
91.236.142.3 - - [28/Apr/2026:10:35:35 +0300] "GET /wp-content/themes/toppic/css/fontello.css?ver=4.2 HTTP/1.1" 200 1802 "https://serhatburke.miroglu.net/88701-2/" "Mozilla/5.0 (Windows NT 10.0; Win64; x64) AppleWebKit/537.36 (KHTML, like Gecko) Chrome/143.0.0.0 Safari/537.36"
91.236.142.3 - - [28/Apr/2026:10:35:36 +0300] "GET /wp-content/themes/toppic/css/reset.css?ver=4.2 HTTP/1.1" 200 1178 "https://serhatburke.miroglu.net/88701-2/" "Mozilla/5.0 (Windows NT 10.0; Win64; x64) AppleWebKit/537.36 (KHTML, like Gecko) Chrome/143.0.0.0 Safari/537.36"
91.236.142.3 - - [28/Apr/2026:10:35:36 +0300] "GET /wp-content/themes/toppic/css/default.css?ver=4.2 HTTP/1.1" 200 1811 "https://serhatburke.miroglu.net/88701-2/" "Mozilla/5.0 (Windows NT 10.0; Win64; x64) AppleWebKit/537.36 (KHTML, like Gecko) Chrome/143.0.0.0 Safari/537.36"
91.236.142.3 - - [28/Apr/2026:10:35:37 +0300] "GET /wp-content/themes/toppic/style.css?ver=4.2 HTTP/1.1" 200 23398 "https://serhatburke.miroglu.net/88701-2/" "Mozilla/5.0 (Windows NT 10.0; Win64; x64) AppleWebKit/537.36 (KHTML, like Gecko) Chrome/143.0.0.0 Safari/537.36"
91.236.142.3 - - [28/Apr/2026:10:35:37 +0300] "GET /wp-content/themes/toppic/css/royalslider.css?ver=4.2 HTTP/1.1" 200 1887 "https://serhatburke.miroglu.net/88701-2/" "Mozilla/5.0 (Windows NT 10.0; Win64; x64) AppleWebKit/537.36 (KHTML, like Gecko) Chrome/143.0.0.0 Safari/537.36"
91.236.142.3 - - [28/Apr/2026:10:35:37 +0300] "GET /wp-content/themes/toppic/css/rs-default.css?ver=4.2 HTTP/1.1" 200 2625 "https://serhatburke.miroglu.net/88701-2/" "Mozilla/5.0 (Windows NT 10.0; Win64; x64) AppleWebKit/537.36 (KHTML, like Gecko) Chrome/143.0.0.0 Safari/537.36"
91.236.142.3 - - [28/Apr/2026:10:35:38 +0300] "GET /wp-content/themes/toppic/css/lightbox.css?ver=4.2 HTTP/1.1" 200 2956 "https://serhatburke.miroglu.net/88701-2/" "Mozilla/5.0 (Windows NT 10.0; Win64; x64) AppleWebKit/537.36 (KHTML, like Gecko) Chrome/143.0.0.0 Safari/537.36"
91.236.142.3 - - [28/Apr/2026:10:35:38 +0300] "GET /wp-content/themes/toppic/css/woocommerce.css?ver=4.2 HTTP/1.1" 200 2848 "https://serhatburke.miroglu.net/88701-2/" "Mozilla/5.0 (Windows NT 10.0; Win64; x64) AppleWebKit/537.36 (KHTML, like Gecko) Chrome/143.0.0.0 Safari/537.36"
91.236.142.3 - - [28/Apr/2026:10:35:38 +0300] "GET /wp-content/themes/toppic/css/responsive.css?ver=4.2 HTTP/1.1" 200 2796 "https://serhatburke.miroglu.net/88701-2/" "Mozilla/5.0 (Windows NT 10.0; Win64; x64) AppleWebKit/537.36 (KHTML, like Gecko) Chrome/143.0.0.0 Safari/537.36"
185.216.113.70 - - [28/Apr/2026:10:35:54 +0300] "POST /wp-cron.php?doing_wp_cron=1777361754.5641500949859619140625 HTTP/1.1" 200 448 "-" "WordPress/6.3.8; https://serhatburke.miroglu.net"
91.236.142.3 - - [28/Apr/2026:10:35:39 +0300] "POST /wp-comments-post.php HTTP/1.1" 302 1055 "https://serhatburke.miroglu.net/88701-2/" "Mozilla/5.0 (Windows NT 6.3; Win64; x64) AppleWebKit/537.36 (KHTML, like Gecko) Chrome/103.0.0.0 Safari/537.36"
80.90.183.146 - - [28/Apr/2026:10:35:47 +0300] "GET /88701-2/ HTTP/1.1" 200 18389 "-" "Mozilla/5.0 (compatible; Googlebot/2.1; +http://www.google.com/bot.html)"
57.128.22.95 - - [28/Apr/2026:10:35:44 +0300] "GET /novoline-casino-codice-bonus-registrazione/ HTTP/1.1" 200 17782 "-" "Mozilla/5.0 (compatible; Googlebot/2.1; +http://www.google.com/bot.html)"
91.236.142.3 - - [28/Apr/2026:10:35:54 +0300] "GET /88701-2/?unapproved=804&moderation-hash=b8bf3b8d582d7c282fd28d29c1f42526 HTTP/1.1" 200 18866 "https://serhatburke.miroglu.net/wp-comments-post.php" "Mozilla/5.0 (Windows NT 6.3; Win64; x64) AppleWebKit/537.36 (KHTML, like Gecko) Chrome/103.0.0.0 Safari/537.36"
62.12.118.37 - - [28/Apr/2026:10:36:09 +0300] "POST /xmlrpc.php HTTP/1.1" 200 630 "-" "Mozilla/5.0 (Windows NT 10.0; Win64; x64) AppleWebKit/537.36 (KHTML, like Gecko) Chrome/114.0.0.0 Safari/537.36"
91.236.142.3 - - [28/Apr/2026:10:36:18 +0300] "GET /88701-2/ HTTP/1.1" 200 18389 "-" "Mozilla/5.0 (Windows NT 6.3; Win64; x64) AppleWebKit/537.36 (KHTML, like Gecko) Chrome/103.0.0.0 Safari/537.36"
185.216.113.70 - - [28/Apr/2026:10:36:44 +0300] "POST /wp-cron.php?doing_wp_cron=1777361804.0618629455566406250000 HTTP/1.1" 200 448 "-" "WordPress/6.3.8; https://serhatburke.miroglu.net"
62.12.118.37 - - [28/Apr/2026:10:36:31 +0300] "POST /xmlrpc.php HTTP/1.1" 200 17215 "-" "Mozilla/5.0 (Windows NT 10.0; Win64; x64) AppleWebKit/537.36 (KHTML, like Gecko) Chrome/114.0.0.0 Safari/537.36"
62.12.118.37 - - [28/Apr/2026:10:36:45 +0300] "GET /gday77-pokies-starburst-thunder-300-pokies-hunter/ HTTP/1.1" 200 80524 "-" "Mozilla/5.0 (Windows NT 10.0; rv:109.0) Gecko/20100101 Firefox/115.0"
185.216.113.70 - - [28/Apr/2026:10:38:18 +0300] "POST /wp-cron.php?doing_wp_cron=1777361898.3316938877105712890625 HTTP/1.1" 200 448 "-" "WordPress/6.3.8; https://serhatburke.miroglu.net"
91.236.142.3 - - [28/Apr/2026:10:38:04 +0300] "GET /88701-2/ HTTP/1.1" 200 18389 "-" "Mozilla/5.0 (X11; Fedora; Linux x86_64; rv:114.0) Gecko/20100101 Firefox/114.0"
45.138.50.213 - - [28/Apr/2026:10:38:05 +0300] "GET /wp-login.php HTTP/2" 200 3092 "-" "Mozilla/5.0 (Windows NT 10.0; Win64; x64; rv:127.0) Gecko/20100101 Firefox/127.0"
45.138.50.213 - - [28/Apr/2026:10:38:20 +0300] "GET /wp-login.php?wp_lang=en_US HTTP/2" 200 2421 "-" "Mozilla/5.0 (Windows NT 10.0; Win64; x64) AppleWebKit/537.36 (KHTML, like Gecko) Chrome/124.0.6367.207 Safari/537.36"
185.216.113.70 - - [28/Apr/2026:10:38:45 +0300] "POST /wp-cron.php?doing_wp_cron=1777361925.8166880607604980468750 HTTP/1.1" 200 448 "-" "WordPress/6.3.8; https://serhatburke.miroglu.net"
45.138.50.213 - - [28/Apr/2026:10:38:33 +0300] "POST /wp-login.php?wp_lang=en_US HTTP/2" 302 0 "https://serhatburke.miroglu.net/wp-login.php?wp_lang=en_US" "Mozilla/5.0 (Windows NT 10.0; Win64; x64) AppleWebKit/537.36 (KHTML, like Gecko) Chrome/124.0.6367.207 Safari/537.36"
45.138.50.213 - - [28/Apr/2026:10:38:46 +0300] "GET /wp-admin/ HTTP/2" 200 215185 "https://serhatburke.miroglu.net/wp-login.php?wp_lang=en_US" "Mozilla/5.0 (Windows NT 10.0; Win64; x64) AppleWebKit/537.36 (KHTML, like Gecko) Chrome/124.0.6367.207 Safari/537.36"
45.138.50.213 - - [28/Apr/2026:10:39:01 +0300] "GET /wp-admin/plugins.php HTTP/2" 200 125822 "-" "Mozilla/5.0 (Windows NT 10.0; Win64; x64) AppleWebKit/537.36 (KHTML, like Gecko) Chrome/124.0.6367.207 Safari/537.36"
45.138.50.213 - - [28/Apr/2026:10:39:17 +0300] "GET /wp-admin/plugins.php HTTP/2" 200 125822 "-" "Mozilla/5.0 (Windows NT 10.0; Win64; x64) AppleWebKit/537.36 (KHTML, like Gecko) Chrome/124.0.6367.207 Safari/537.36"
45.138.50.213 - - [28/Apr/2026:10:39:31 +0300] "GET /wp-admin/plugin-install.php HTTP/2" 403 26 "-" "Mozilla/5.0 (Windows NT 10.0; Win64; x64) AppleWebKit/537.36 (KHTML, like Gecko) Chrome/124.0.6367.207 Safari/537.36"
45.138.50.213 - - [28/Apr/2026:10:39:31 +0300] "GET /wp-admin/plugin-install.php HTTP/2" 403 26 "-" "Mozilla/5.0 (Windows NT 10.0; Win64; x64) AppleWebKit/537.36 (KHTML, like Gecko) Chrome/124.0.6367.207 Safari/537.36"
45.138.50.213 - - [28/Apr/2026:10:39:31 +0300] "GET /wp-admin/plugin-install.php HTTP/2" 403 26 "-" "Mozilla/5.0 (Windows NT 10.0; Win64; x64) AppleWebKit/537.36 (KHTML, like Gecko) Chrome/124.0.6367.207 Safari/537.36"
45.138.50.213 - - [28/Apr/2026:10:39:31 +0300] "GET /wp-admin/plugin-install.php HTTP/2" 403 26 "-" "Mozilla/5.0 (Windows NT 10.0; Win64; x64) AppleWebKit/537.36 (KHTML, like Gecko) Chrome/124.0.6367.207 Safari/537.36"
45.138.50.213 - - [28/Apr/2026:10:39:31 +0300] "GET /wp-admin/plugin-install.php HTTP/2" 403 26 "-" "Mozilla/5.0 (Windows NT 10.0; Win64; x64) AppleWebKit/537.36 (KHTML, like Gecko) Chrome/124.0.6367.207 Safari/537.36"
185.216.113.70 - - [28/Apr/2026:10:42:08 +0300] "POST /wp-cron.php?doing_wp_cron=1777362127.9955260753631591796875 HTTP/1.1" 200 448 "-" "WordPress/6.3.8; https://serhatburke.miroglu.net"
82.25.62.125 - - [28/Apr/2026:10:41:53 +0300] "GET /beste-casino-site-belgie-hoge-inzet/ HTTP/1.1" 200 19241 "-" "Mozilla/5.0 (compatible; Googlebot/2.1; +http://www.google.com/bot.html)"
185.216.113.70 - - [28/Apr/2026:10:45:05 +0300] "POST /wp-cron.php?doing_wp_cron=1777362305.5301039218902587890625 HTTP/1.1" 200 448 "-" "WordPress/6.3.8; https://serhatburke.miroglu.net"
40.77.167.40 - - [28/Apr/2026:10:44:51 +0300] "GET /strax-kynningarkodi-a-spilaviti-goldbet-a-netinu-i-riviera-maya/ HTTP/2" 200 18377 "-" "Mozilla/5.0 AppleWebKit/537.36 (KHTML, like Gecko; compatible; bingbot/2.0; +http://www.bing.com/bingbot.htm) Chrome/116.0.1938.76 Safari/537.36"
52.167.144.216 - - [28/Apr/2026:10:45:01 +0300] "GET /eignen-eurobon-zahlencode-gutschriften-inoffizieller-mitarbeiter-spielbank-unter-zuhilfenahme-von-kosten-zusammen/ HTTP/2" 200 18498 "-" "Mozilla/5.0 AppleWebKit/537.36 (KHTML, like Gecko; compatible; bingbot/2.0; +http://www.bing.com/bingbot.htm) Chrome/116.0.1938.76 Safari/537.36"
103.219.169.195 - - [28/Apr/2026:10:45:11 +0300] "POST /xmlrpc.php HTTP/1.1" 200 630 "-" "Mozilla/5.0 (Windows NT 10.0; Win64; x64) AppleWebKit/537.36 (KHTML, like Gecko) Chrome/114.0.0.0 Safari/537.36"
185.216.113.70 - - [28/Apr/2026:10:45:50 +0300] "POST /wp-cron.php?doing_wp_cron=1777362350.2299211025238037109375 HTTP/1.1" 200 448 "-" "WordPress/6.3.8; https://serhatburke.miroglu.net"
178.159.37.142 - - [28/Apr/2026:10:45:31 +0300] "POST /xmlrpc.php HTTP/1.1" 200 216401 "-" "Mozilla/5.0 (Windows NT 10.0; Win64; x64) AppleWebKit/537.36 (KHTML, like Gecko) Chrome/140.0.0.0 Safari/537.36"
103.219.169.195 - - [28/Apr/2026:10:45:31 +0300] "POST /xmlrpc.php HTTP/1.1" 200 16451 "-" "Mozilla/5.0 (Windows NT 10.0; Win64; x64) AppleWebKit/537.36 (KHTML, like Gecko) Chrome/114.0.0.0 Safari/537.36"
52.167.144.216 - - [28/Apr/2026:10:45:32 +0300] "GET /how-does-texas-holdem-poker-differ-from-other-sorts-of-casino-poker/ HTTP/2" 200 17597 "-" "Mozilla/5.0 AppleWebKit/537.36 (KHTML, like Gecko; compatible; bingbot/2.0; +http://www.bing.com/bingbot.htm) Chrome/116.0.1938.76 Safari/537.36"
178.159.37.142 - - [28/Apr/2026:10:45:52 +0300] "POST /xmlrpc.php HTTP/1.1" 200 664 "-" "Mozilla/5.0 (Windows NT 10.0; Win64; x64) AppleWebKit/537.36 (KHTML, like Gecko) Chrome/140.0.0.0 Safari/537.36"
103.219.169.195 - - [28/Apr/2026:10:45:52 +0300] "GET /el-chavo-del-8-los-toreros-youtube-attl-belgium/ HTTP/1.1" 200 80236 "-" "Mozilla/5.0 (Windows NT 10.0; Win64; x64) AppleWebKit/537.36 (KHTML, like Gecko) Chrome/123.0.0.0 Safari/537.36 OPR/109.0.0.0"
178.159.37.142 - - [28/Apr/2026:10:46:13 +0300] "POST /xmlrpc.php HTTP/1.1" 200 884 "-" "Mozilla/5.0 (Windows NT 10.0; Win64; x64) AppleWebKit/537.36 (KHTML, like Gecko) Chrome/140.0.0.0 Safari/537.36"
40.77.167.2 - - [28/Apr/2026:10:46:04 +0300] "GET /post-sitemap5.xml HTTP/2" 200 93632 "-" "Mozilla/5.0 AppleWebKit/537.36 (KHTML, like Gecko; compatible; bingbot/2.0; +http://www.bing.com/bingbot.htm) Chrome/116.0.1938.76 Safari/537.36"
185.216.113.70 - - [28/Apr/2026:10:46:46 +0300] "POST /wp-cron.php?doing_wp_cron=1777362406.2778339385986328125000 HTTP/1.1" 200 448 "-" "WordPress/6.3.8; https://serhatburke.miroglu.net"
107.173.92.35 - - [28/Apr/2026:10:46:33 +0300] "GET /beste-casino-site-belgie-hoge-inzet/ HTTP/1.1" 200 19265 "-" "Mozilla/5.0 (X11; Fedora; Linux x86_64; rv:114.0) Gecko/20100101 Firefox/114.0"
40.77.167.40 - - [28/Apr/2026:10:46:53 +0300] "GET /individualki-dlja-jekstravagantnyh-klientov-v/ HTTP/2" 200 21376 "-" "Mozilla/5.0 AppleWebKit/537.36 (KHTML, like Gecko; compatible; bingbot/2.0; +http://www.bing.com/bingbot.htm) Chrome/116.0.1938.76 Safari/537.36"
40.77.167.40 - - [28/Apr/2026:10:46:56 +0300] "GET /25-freispiele-abzuglich-einzahlung-2026-spielen-sie-milk-the-cash-cow-slot-online-1-sizzling-hot-brd-nachfolgende-besten-versorger-and-boni-2026/ HTTP/2" 200 19637 "-" "Mozilla/5.0 AppleWebKit/537.36 (KHTML, like Gecko; compatible; bingbot/2.0; +http://www.bing.com/bingbot.htm) Chrome/116.0.1938.76 Safari/537.36"
185.191.171.10 - - [28/Apr/2026:10:47:12 +0300] "GET /robots.txt HTTP/1.1" 200 605 "-" "Mozilla/5.0 (compatible; SemrushBot/7~bl; +http://www.semrush.com/bot.html)"
85.208.96.209 - - [28/Apr/2026:10:47:24 +0300] "GET /roulette-bonuses-canada-legal-everything-you-need-to-know/ HTTP/1.1" 200 20860 "-" "Mozilla/5.0 (compatible; SemrushBot/7~bl; +http://www.semrush.com/bot.html)"
185.216.113.70 - - [28/Apr/2026:10:47:48 +0300] "POST /wp-cron.php?doing_wp_cron=1777362468.6585769653320312500000 HTTP/1.1" 200 448 "-" "WordPress/6.3.8; https://serhatburke.miroglu.net"
40.77.167.40 - - [28/Apr/2026:10:47:36 +0300] "GET /play-baccarat-pro-series-high-limit-online-legal-jungle-jim-el-dorado-ports-game-free-spins-no-deposit/ HTTP/2" 200 18508 "-" "Mozilla/5.0 AppleWebKit/537.36 (KHTML, like Gecko; compatible; bingbot/2.0; +http://www.bing.com/bingbot.htm) Chrome/116.0.1938.76 Safari/537.36"
185.216.113.70 - - [28/Apr/2026:10:50:13 +0300] "POST /wp-cron.php?doing_wp_cron=1777362613.5908720493316650390625 HTTP/1.1" 200 448 "-" "WordPress/6.3.8; https://serhatburke.miroglu.net"
65.111.24.32 - - [28/Apr/2026:10:49:58 +0300] "HEAD / HTTP/1.1" 200 670 "-" "curl/7.88.1"
216.26.230.177 - - [28/Apr/2026:10:50:08 +0300] "GET /wp-login.php HTTP/1.1" 200 4158 "-" "Wget/1.21.4"
216.26.230.177 - - [28/Apr/2026:10:50:23 +0300] "POST /wp-login.php HTTP/1.1" 302 1332 "https://serhatburke.miroglu.net/wp-login.php" "Wget/1.21.4"
185.216.113.70 - - [28/Apr/2026:10:50:42 +0300] "POST /wp-cron.php?doing_wp_cron=1777362641.9497950077056884765625 HTTP/1.1" 200 448 "-" "WordPress/6.3.8; https://serhatburke.miroglu.net"
216.73.217.81 - - [28/Apr/2026:10:50:29 +0300] "GET /robots.txt HTTP/2" 200 110 "-" "Mozilla/5.0 AppleWebKit/537.36 (KHTML, like Gecko; compatible; ClaudeBot/1.0; +claudebot@anthropic.com)"
216.73.217.81 - - [28/Apr/2026:10:50:42 +0300] "GET /sitemap.rss HTTP/2" 200 0 "-" "Mozilla/5.0 AppleWebKit/537.36 (KHTML, like Gecko; compatible; ClaudeBot/1.0; +claudebot@anthropic.com)"
216.26.230.177 - - [28/Apr/2026:10:50:37 +0300] "GET /wp-admin/ HTTP/1.1" 200 149823 "https://serhatburke.miroglu.net/wp-login.php" "Wget/1.21.4"
216.26.230.177 - - [28/Apr/2026:10:50:57 +0300] "GET /wp-admin/plugins.php HTTP/1.1" 200 119753 "-" "curl/7.88.1"
62.12.118.37 - - [28/Apr/2026:10:51:16 +0300] "POST /xmlrpc.php HTTP/1.1" 200 630 "-" "Mozilla/5.0 (Windows NT 10.0; Win64; x64) AppleWebKit/537.36 (KHTML, like Gecko) Chrome/114.0.0.0 Safari/537.36"
185.216.113.70 - - [28/Apr/2026:10:51:53 +0300] "POST /wp-cron.php?doing_wp_cron=1777362713.8134601116180419921875 HTTP/1.1" 200 448 "-" "WordPress/6.3.8; https://serhatburke.miroglu.net"
62.12.118.37 - - [28/Apr/2026:10:51:35 +0300] "POST /xmlrpc.php HTTP/1.1" 200 16668 "-" "Mozilla/5.0 (Windows NT 10.0; Win64; x64) AppleWebKit/537.36 (KHTML, like Gecko) Chrome/114.0.0.0 Safari/537.36"
185.216.113.70 - - [28/Apr/2026:10:51:54 +0300] "POST /wp-cron.php?doing_wp_cron=1777362714.2944691181182861328125 HTTP/1.1" 200 448 "-" "WordPress/6.3.8; https://serhatburke.miroglu.net"
40.77.167.2 - - [28/Apr/2026:10:51:36 +0300] "GET /poker-el-esparcimiento-de-mayor-pronto-la-forma-demo-con-una-resena/ HTTP/2" 200 18554 "-" "Mozilla/5.0 AppleWebKit/537.36 (KHTML, like Gecko; compatible; bingbot/2.0; +http://www.bing.com/bingbot.htm) Chrome/116.0.1938.76 Safari/537.36"
185.216.113.70 - - [28/Apr/2026:10:52:01 +0300] "POST /wp-cron.php?doing_wp_cron=1777362721.5395390987396240234375 HTTP/1.1" 200 448 "-" "WordPress/6.3.8; https://serhatburke.miroglu.net"
40.77.167.2 - - [28/Apr/2026:10:51:40 +0300] "GET /ranking-kasyn-przez-internet-w-naszym-betfred-kasyno-paypal-kraju-2025/ HTTP/2" 200 19998 "-" "Mozilla/5.0 AppleWebKit/537.36 (KHTML, like Gecko; compatible; bingbot/2.0; +http://www.bing.com/bingbot.htm) Chrome/116.0.1938.76 Safari/537.36"
62.12.118.37 - - [28/Apr/2026:10:51:55 +0300] "GET /thunderstruck-how-to-optimize-wagers-and-you-can-earn-the-fresh-jackpot/ HTTP/1.1" 200 80876 "-" "Mozilla/5.0 (Windows NT 10.0; Win64; x64) AppleWebKit/537.36 (KHTML, like Gecko) Chrome/109.0.0.0 Safari/537.36"
103.219.169.195 - - [28/Apr/2026:10:52:23 +0300] "POST /xmlrpc.php HTTP/1.1" 200 630 "-" "Mozilla/5.0 (Windows NT 10.0; Win64; x64) AppleWebKit/537.36 (KHTML, like Gecko) Chrome/114.0.0.0 Safari/537.36"
185.216.113.70 - - [28/Apr/2026:10:52:49 +0300] "POST /wp-cron.php?doing_wp_cron=1777362769.0197250843048095703125 HTTP/1.1" 200 448 "-" "WordPress/6.3.8; https://serhatburke.miroglu.net"
40.77.167.2 - - [28/Apr/2026:10:52:37 +0300] "GET /kraken-vse-o-bezopastnosti-dostupa-v-darknet-2026/ HTTP/2" 200 18682 "-" "Mozilla/5.0 AppleWebKit/537.36 (KHTML, like Gecko; compatible; bingbot/2.0; +http://www.bing.com/bingbot.htm) Chrome/116.0.1938.76 Safari/537.36"
103.219.169.195 - - [28/Apr/2026:10:52:43 +0300] "POST /xmlrpc.php HTTP/1.1" 200 15324 "-" "Mozilla/5.0 (Windows NT 10.0; Win64; x64) AppleWebKit/537.36 (KHTML, like Gecko) Chrome/114.0.0.0 Safari/537.36"
40.77.167.40 - - [28/Apr/2026:10:52:54 +0300] "GET /golden-goddess-slot-play-this-igt-game-queen-ori-the-nile-rotiri-gratuite-autoritat-free/ HTTP/2" 200 21020 "-" "Mozilla/5.0 AppleWebKit/537.36 (KHTML, like Gecko; compatible; bingbot/2.0; +http://www.bing.com/bingbot.htm) Chrome/116.0.1938.76 Safari/537.36"
103.219.169.195 - - [28/Apr/2026:10:52:58 +0300] "GET /casino-abzuglich-deutsche-erlaubnisschein-erfahrungen-weshalb-welches-wahre-aussicht-keineswegs-inoffizieller-mitarbeiter-provision-steckt/ HTTP/1.1" 200 81674 "-" "Mozilla/5.0 (Windows NT 10.0; Win64; x64; rv:125.0) Gecko/20100101 Firefox/125.0"
185.216.113.70 - - [28/Apr/2026:10:53:53 +0300] "POST /wp-cron.php?doing_wp_cron=1777362833.3918550014495849609375 HTTP/1.1" 200 448 "-" "WordPress/6.3.8; https://serhatburke.miroglu.net"
62.12.118.37 - - [28/Apr/2026:10:53:41 +0300] "POST /xmlrpc.php HTTP/1.1" 200 630 "-" "Mozilla/5.0 (Windows NT 10.0; Win64; x64) AppleWebKit/537.36 (KHTML, like Gecko) Chrome/114.0.0.0 Safari/537.36"
62.12.118.37 - - [28/Apr/2026:10:54:00 +0300] "POST /xmlrpc.php HTTP/1.1" 200 16031 "-" "Mozilla/5.0 (Windows NT 10.0; Win64; x64) AppleWebKit/537.36 (KHTML, like Gecko) Chrome/114.0.0.0 Safari/537.36"
62.12.118.37 - - [28/Apr/2026:10:54:14 +0300] "GET /mix-teas-purchase-reduce-leaf-beverage-online-premium-tea-store/ HTTP/1.1" 200 79860 "-" "Mozilla/5.0 (Windows NT 10.0; Win64; x64) AppleWebKit/537.36 (KHTML, like Gecko) Chrome/123.0.0.0 Safari/537.36 OPR/109.0.0.0"
185.216.113.70 - - [28/Apr/2026:10:54:44 +0300] "POST /wp-cron.php?doing_wp_cron=1777362884.2397649288177490234375 HTTP/1.1" 200 448 "-" "WordPress/6.3.8; https://serhatburke.miroglu.net"
40.77.167.51 - - [28/Apr/2026:10:54:29 +0300] "GET /post-sitemap67.xml HTTP/2" 200 45651 "-" "Mozilla/5.0 AppleWebKit/537.36 (KHTML, like Gecko; compatible; bingbot/2.0; +http://www.bing.com/bingbot.htm) Chrome/116.0.1938.76 Safari/537.36"
40.77.167.51 - - [28/Apr/2026:10:54:55 +0300] "GET /safari-sam-dos-kannanotto-mielipide-nauti-100-prosenttisesti-ilmaisesta-uudet-kasinot-verkossa-demosta-2026-malesia-singapore-thaimaa/ HTTP/2" 200 18477 "-" "Mozilla/5.0 AppleWebKit/537.36 (KHTML, like Gecko; compatible; bingbot/2.0; +http://www.bing.com/bingbot.htm) Chrome/116.0.1938.76 Safari/537.36"
50.116.87.75 - - [28/Apr/2026:10:54:58 +0300] "GET /wp-login.php HTTP/2" 200 3092 "-" "Mozilla/4.0 (compatible; MSIE 7.0; Windows NT 10.0; WOW64; Trident/7.0; .NET4.0C; .NET4.0E; .NET CLR 2.0.50727; .NET CLR 3.0.30729; .NET CLR 3.5.30729; Tablet PC 2.0)"
40.77.167.51 - - [28/Apr/2026:10:55:05 +0300] "GET /akykolvek-druh-100-percentne-bezplatneho-kasinoveho-softveru-ktory-platite-skutocnymi-peniazmi/ HTTP/2" 200 19135 "-" "Mozilla/5.0 AppleWebKit/537.36 (KHTML, like Gecko; compatible; bingbot/2.0; +http://www.bing.com/bingbot.htm) Chrome/116.0.1938.76 Safari/537.36"
185.216.113.70 - - [28/Apr/2026:10:55:39 +0300] "POST /wp-cron.php?doing_wp_cron=1777362939.5416519641876220703125 HTTP/1.1" 200 448 "-" "WordPress/6.3.8; https://serhatburke.miroglu.net"
40.77.167.51 - - [28/Apr/2026:10:55:14 +0300] "GET /zodiac-gambling-establishment-offers-people-availing-which-bring-80-revolves-or-possibility-into-the-a-specific-games/ HTTP/2" 200 17873 "-" "Mozilla/5.0 AppleWebKit/537.36 (KHTML, like Gecko; compatible; bingbot/2.0; +http://www.bing.com/bingbot.htm) Chrome/116.0.1938.76 Safari/537.36"
40.77.167.51 - - [28/Apr/2026:10:55:22 +0300] "GET /only-at-xtra-spin-i-have-more-6000-titles-regarding-more-60-top-builders/ HTTP/2" 200 17935 "-" "Mozilla/5.0 AppleWebKit/537.36 (KHTML, like Gecko; compatible; bingbot/2.0; +http://www.bing.com/bingbot.htm) Chrome/116.0.1938.76 Safari/537.36"
37.27.132.190 - - [28/Apr/2026:10:55:26 +0300] "GET / HTTP/1.1" 200 19234 "-" "Mozilla/5.0 (X11; Linux x86_64; rv:109.0) Gecko/20100101 Firefox/119.0"
37.27.132.190 - - [28/Apr/2026:10:55:49 +0300] "POST /xmlrpc.php HTTP/1.1" 200 735 "https://serhatburke.miroglu.net" "Mozilla/5.0 (X11; Linux x86_64; rv:109.0) Gecko/20100101 Firefox/119.0"
40.77.167.51 - - [28/Apr/2026:10:55:51 +0300] "GET /discover-the-power-of-bscscan-for-binance-smart-chain/ HTTP/2" 200 17865 "-" "Mozilla/5.0 AppleWebKit/537.36 (KHTML, like Gecko; compatible; bingbot/2.0; +http://www.bing.com/bingbot.htm) Chrome/116.0.1938.76 Safari/537.36"
62.12.118.37 - - [28/Apr/2026:10:56:06 +0300] "POST /xmlrpc.php HTTP/1.1" 200 630 "-" "Mozilla/5.0 (Windows NT 10.0; Win64; x64) AppleWebKit/537.36 (KHTML, like Gecko) Chrome/114.0.0.0 Safari/537.36"
185.216.113.70 - - [28/Apr/2026:10:56:43 +0300] "POST /wp-cron.php?doing_wp_cron=1777363003.3398671150207519531250 HTTP/1.1" 200 448 "-" "WordPress/6.3.8; https://serhatburke.miroglu.net"
62.12.118.37 - - [28/Apr/2026:10:56:29 +0300] "POST /xmlrpc.php HTTP/1.1" 200 16378 "-" "Mozilla/5.0 (Windows NT 10.0; Win64; x64) AppleWebKit/537.36 (KHTML, like Gecko) Chrome/114.0.0.0 Safari/537.36"
62.12.118.37 - - [28/Apr/2026:10:56:45 +0300] "GET /pub-bar-hugo-local-casino-black-sheep-position-review/ HTTP/1.1" 200 79832 "-" "Mozilla/5.0 (Windows NT 10.0; Win64; x64; rv:125.0) Gecko/20100101 Firefox/125.0"
5.45.84.175 - - [28/Apr/2026:10:57:11 +0300] "GET / HTTP/2" 200 0 "-" "Mozilla/5.0"
185.216.113.70 - - [28/Apr/2026:10:57:49 +0300] "POST /wp-cron.php?doing_wp_cron=1777363069.0737500190734863281250 HTTP/1.1" 200 448 "-" "WordPress/6.3.8; https://serhatburke.miroglu.net"
103.219.169.195 - - [28/Apr/2026:10:57:37 +0300] "POST /xmlrpc.php HTTP/1.1" 200 630 "-" "Mozilla/5.0 (Windows NT 10.0; Win64; x64) AppleWebKit/537.36 (KHTML, like Gecko) Chrome/114.0.0.0 Safari/537.36"
103.219.169.195 - - [28/Apr/2026:10:57:56 +0300] "POST /xmlrpc.php HTTP/1.1" 200 16000 "-" "Mozilla/5.0 (Windows NT 10.0; Win64; x64) AppleWebKit/537.36 (KHTML, like Gecko) Chrome/114.0.0.0 Safari/537.36"
103.219.169.195 - - [28/Apr/2026:10:58:11 +0300] "GET /auffuhren-eltern-erreichbar-kostenlos-blackjack-muhelos-gleichwohl-zum-spass/ HTTP/1.1" 200 80574 "-" "Mozilla/5.0 (Windows NT 10.0; rv:125.0) Gecko/20100101 Firefox/125.0"
185.216.113.70 - - [28/Apr/2026:10:58:43 +0300] "POST /wp-cron.php?doing_wp_cron=1777363123.7053329944610595703125 HTTP/1.1" 200 448 "-" "WordPress/6.3.8; https://serhatburke.miroglu.net"
62.12.118.37 - - [28/Apr/2026:10:58:31 +0300] "POST /xmlrpc.php HTTP/1.1" 200 630 "-" "Mozilla/5.0 (Windows NT 10.0; Win64; x64) AppleWebKit/537.36 (KHTML, like Gecko) Chrome/114.0.0.0 Safari/537.36"
62.12.118.37 - - [28/Apr/2026:10:58:50 +0300] "POST /xmlrpc.php HTTP/1.1" 200 17016 "-" "Mozilla/5.0 (Windows NT 10.0; Win64; x64) AppleWebKit/537.36 (KHTML, like Gecko) Chrome/114.0.0.0 Safari/537.36"
62.12.118.37 - - [28/Apr/2026:10:59:05 +0300] "GET /greatest-online-casino-games-for-real-profit-the-new-you-s-march-2026/ HTTP/1.1" 200 80914 "-" "Mozilla/5.0 (Windows NT 10.0; Win64; x64) AppleWebKit/537.36 (KHTML, like Gecko) Chrome/123.0.0.0 Safari/537.36"
52.167.144.191 - - [28/Apr/2026:10:59:08 +0300] "GET /dies-konnte-auf-keinen-fall-durchgehen-so-gauner-irgendetwas-hinzufugen-welches-denn-kein-stuck-hingehort/ HTTP/2" 200 18339 "-" "Mozilla/5.0 AppleWebKit/537.36 (KHTML, like Gecko; compatible; bingbot/2.0; +http://www.bing.com/bingbot.htm) Chrome/116.0.1938.76 Safari/537.36"
40.77.167.51 - - [28/Apr/2026:10:59:11 +0300] "GET /o-que-e-omegle-os-perigos-as-proibicoes-e-os-novos-45/ HTTP/2" 200 20706 "-" "Mozilla/5.0 AppleWebKit/537.36 (KHTML, like Gecko; compatible; bingbot/2.0; +http://www.bing.com/bingbot.htm) Chrome/116.0.1938.76 Safari/537.36"
52.167.144.191 - - [28/Apr/2026:10:59:12 +0300] "GET /just-workers-one-meet-tight-standards-to-possess-defense-fairness-and-functionality-are-included-in-our-very-own-better-pa-sportsbook-scores/ HTTP/2" 200 18001 "-" "Mozilla/5.0 AppleWebKit/537.36 (KHTML, like Gecko; compatible; bingbot/2.0; +http://www.bing.com/bingbot.htm) Chrome/116.0.1938.76 Safari/537.36"
185.216.113.70 - - [28/Apr/2026:11:00:02 +0300] "POST /wp-cron.php?doing_wp_cron=1777363202.6851398944854736328125 HTTP/1.1" 200 448 "-" "WordPress/6.3.8; https://serhatburke.miroglu.net"
52.167.144.191 - - [28/Apr/2026:10:59:49 +0300] "GET /sul-nostro-messo-gamblizard-potrai-rivelare-presumibilmente-tutte-le-informazioni-che-tipo-di-ti-servono/ HTTP/2" 200 17756 "-" "Mozilla/5.0 AppleWebKit/537.36 (KHTML, like Gecko; compatible; bingbot/2.0; +http://www.bing.com/bingbot.htm) Chrome/116.0.1938.76 Safari/537.36"
83.142.53.125 - - [28/Apr/2026:11:00:11 +0300] "POST /xmlrpc.php HTTP/2" 200 141 "-" "WordPress/XMLRPC Client"
