57.128.22.95 - - [28/Apr/2026:22:26:01 +0300] "GET /zotabet-casino-bonus-premier-depot-2026/ HTTP/1.1" 200 19124 "-" "Mozilla/5.0 (compatible; Googlebot/2.1; +http://www.google.com/bot.html)"
40.77.179.228 - - [28/Apr/2026:22:26:23 +0300] "GET /pharaoh-fortune-casino-minimum-deposit-5-free-slot-gamble-demo-%E1%90%88-rtp-94-07 HTTP/2" 301 0 "-" "Mozilla/5.0 AppleWebKit/537.36 (KHTML, like Gecko; compatible; bingbot/2.0; +http://www.bing.com/bingbot.htm) Chrome/100.0.4896.127 Safari/537.36"
185.216.113.70 - - [28/Apr/2026:22:27:37 +0300] "POST /wp-cron.php?doing_wp_cron=1777404457.0354030132293701171875 HTTP/1.1" 200 448 "-" "WordPress/6.3.8; https://serhatburke.miroglu.net"
128.14.102.152 - - [28/Apr/2026:22:27:24 +0300] "POST /xmlrpc.php HTTP/1.1" 200 630 "-" "Mozilla/5.0 (Windows NT 10.0; Win64; x64) AppleWebKit/537.36 (KHTML, like Gecko) Chrome/114.0.0.0 Safari/537.36"
128.14.102.152 - - [28/Apr/2026:22:27:44 +0300] "POST /xmlrpc.php HTTP/1.1" 200 15248 "-" "Mozilla/5.0 (Windows NT 10.0; Win64; x64) AppleWebKit/537.36 (KHTML, like Gecko) Chrome/114.0.0.0 Safari/537.36"
128.14.102.152 - - [28/Apr/2026:22:27:57 +0300] "GET /hydrargyrum-slot-eye-of-horus-gratis-ohne-registrierung-vortragen/ HTTP/1.1" 200 79650 "-" "Mozilla/5.0 (Windows NT 10.0; Win64; x64; rv:124.0) Gecko/20100101 Firefox/124.0"
185.244.180.165 - - [28/Apr/2026:22:30:02 +0300] "POST /xmlrpc.php HTTP/1.1" 200 225684 "-" "Mozilla/5.0 (Windows NT 10.0; WOW64) AppleWebKit/537.36 (KHTML, like Gecko) Chrome/80.0.3987.132 Safari/537.36"
185.244.180.165 - - [28/Apr/2026:22:30:22 +0300] "POST /xmlrpc.php HTTP/1.1" 200 725 "-" "Mozilla/5.0 (Windows NT 10.0; WOW64) AppleWebKit/537.36 (KHTML, like Gecko) Chrome/80.0.3987.132 Safari/537.36"
185.216.113.70 - - [28/Apr/2026:22:31:41 +0300] "POST /wp-cron.php?doing_wp_cron=1777404701.0298500061035156250000 HTTP/1.1" 200 448 "-" "WordPress/6.3.8; https://serhatburke.miroglu.net"
52.167.144.167 - - [28/Apr/2026:22:31:28 +0300] "GET /discover-the-power-of-bscscan-for-crypto-analysis-3/ HTTP/2" 200 17687 "-" "Mozilla/5.0 AppleWebKit/537.36 (KHTML, like Gecko; compatible; bingbot/2.0; +http://www.bing.com/bingbot.htm) Chrome/116.0.1938.76 Safari/537.36"
185.244.180.165 - - [28/Apr/2026:22:31:11 +0300] "POST /xmlrpc.php HTTP/1.1" 200 667 "-" "Mozilla/5.0 (Windows NT 10.0; WOW64) AppleWebKit/537.36 (KHTML, like Gecko) Chrome/80.0.3987.132 Safari/537.36"
190.1.224.126 - - [28/Apr/2026:22:31:50 +0300] "POST /xmlrpc.php HTTP/2" 200 204 "-" "XML-RPC for PHP 4.11.1"
185.216.113.70 - - [28/Apr/2026:22:32:27 +0300] "POST /wp-cron.php?doing_wp_cron=1777404747.7174499034881591796875 HTTP/1.1" 200 448 "-" "WordPress/6.3.8; https://serhatburke.miroglu.net"
172.86.76.182 - - [28/Apr/2026:22:32:09 +0300] "GET /beste-casino-site-belgie-hoge-inzet/ HTTP/1.1" 200 19281 "https://serhatburke.miroglu.net/" "Mozilla/5.0 (Macintosh; Intel Mac OS X 12.5; rv:114.0) Gecko/20100101 Firefox/114.0"
172.86.76.182 - - [28/Apr/2026:22:32:31 +0300] "GET /wp-includes/css/dist/block-library/style.min.css?ver=6.3.8 HTTP/1.1" 200 13578 "https://serhatburke.miroglu.net/beste-casino-site-belgie-hoge-inzet/" "Mozilla/5.0 (Windows NT 10.0; Win64; x64) AppleWebKit/537.36 (KHTML, like Gecko) Chrome/143.0.0.0 Safari/537.36"
172.86.76.182 - - [28/Apr/2026:22:32:32 +0300] "GET /wp-content/plugins/contact-form-7/includes/css/styles.css?ver=5.8 HTTP/1.1" 200 1490 "https://serhatburke.miroglu.net/beste-casino-site-belgie-hoge-inzet/" "Mozilla/5.0 (Windows NT 10.0; Win64; x64) AppleWebKit/537.36 (KHTML, like Gecko) Chrome/143.0.0.0 Safari/537.36"
172.86.76.182 - - [28/Apr/2026:22:32:33 +0300] "GET /wp-content/themes/toppic/css/fontello.css?ver=4.2 HTTP/1.1" 200 1802 "https://serhatburke.miroglu.net/beste-casino-site-belgie-hoge-inzet/" "Mozilla/5.0 (Windows NT 10.0; Win64; x64) AppleWebKit/537.36 (KHTML, like Gecko) Chrome/143.0.0.0 Safari/537.36"
185.244.180.165 - - [28/Apr/2026:22:32:11 +0300] "POST /xmlrpc.php HTTP/1.1" 200 706 "-" "Mozilla/5.0 (Windows NT 10.0; WOW64) AppleWebKit/537.36 (KHTML, like Gecko) Chrome/80.0.3987.132 Safari/537.36"
128.14.102.152 - - [28/Apr/2026:22:32:14 +0300] "POST /xmlrpc.php HTTP/1.1" 200 630 "-" "Mozilla/5.0 (Windows NT 10.0; Win64; x64) AppleWebKit/537.36 (KHTML, like Gecko) Chrome/114.0.0.0 Safari/537.36"
172.86.76.182 - - [28/Apr/2026:22:32:34 +0300] "GET /wp-content/themes/toppic/css/reset.css?ver=4.2 HTTP/1.1" 200 1178 "https://serhatburke.miroglu.net/beste-casino-site-belgie-hoge-inzet/" "Mozilla/5.0 (Windows NT 10.0; Win64; x64) AppleWebKit/537.36 (KHTML, like Gecko) Chrome/143.0.0.0 Safari/537.36"
172.86.76.182 - - [28/Apr/2026:22:32:35 +0300] "GET /wp-content/themes/toppic/css/default.css?ver=4.2 HTTP/1.1" 200 1811 "https://serhatburke.miroglu.net/beste-casino-site-belgie-hoge-inzet/" "Mozilla/5.0 (Windows NT 10.0; Win64; x64) AppleWebKit/537.36 (KHTML, like Gecko) Chrome/143.0.0.0 Safari/537.36"
172.86.76.182 - - [28/Apr/2026:22:32:36 +0300] "GET /wp-content/themes/toppic/style.css?ver=4.2 HTTP/1.1" 200 23398 "https://serhatburke.miroglu.net/beste-casino-site-belgie-hoge-inzet/" "Mozilla/5.0 (Windows NT 10.0; Win64; x64) AppleWebKit/537.36 (KHTML, like Gecko) Chrome/143.0.0.0 Safari/537.36"
172.86.76.182 - - [28/Apr/2026:22:32:37 +0300] "GET /wp-content/themes/toppic/css/royalslider.css?ver=4.2 HTTP/1.1" 200 1887 "https://serhatburke.miroglu.net/beste-casino-site-belgie-hoge-inzet/" "Mozilla/5.0 (Windows NT 10.0; Win64; x64) AppleWebKit/537.36 (KHTML, like Gecko) Chrome/143.0.0.0 Safari/537.36"
172.86.76.182 - - [28/Apr/2026:22:32:38 +0300] "GET /wp-content/themes/toppic/css/rs-default.css?ver=4.2 HTTP/1.1" 200 2625 "https://serhatburke.miroglu.net/beste-casino-site-belgie-hoge-inzet/" "Mozilla/5.0 (Windows NT 10.0; Win64; x64) AppleWebKit/537.36 (KHTML, like Gecko) Chrome/143.0.0.0 Safari/537.36"
172.86.76.182 - - [28/Apr/2026:22:32:38 +0300] "GET /wp-content/themes/toppic/css/lightbox.css?ver=4.2 HTTP/1.1" 200 2956 "https://serhatburke.miroglu.net/beste-casino-site-belgie-hoge-inzet/" "Mozilla/5.0 (Windows NT 10.0; Win64; x64) AppleWebKit/537.36 (KHTML, like Gecko) Chrome/143.0.0.0 Safari/537.36"
172.86.76.182 - - [28/Apr/2026:22:32:39 +0300] "GET /wp-content/themes/toppic/css/woocommerce.css?ver=4.2 HTTP/1.1" 200 2848 "https://serhatburke.miroglu.net/beste-casino-site-belgie-hoge-inzet/" "Mozilla/5.0 (Windows NT 10.0; Win64; x64) AppleWebKit/537.36 (KHTML, like Gecko) Chrome/143.0.0.0 Safari/537.36"
172.86.76.182 - - [28/Apr/2026:22:32:40 +0300] "GET /wp-content/themes/toppic/css/responsive.css?ver=4.2 HTTP/1.1" 200 2796 "https://serhatburke.miroglu.net/beste-casino-site-belgie-hoge-inzet/" "Mozilla/5.0 (Windows NT 10.0; Win64; x64) AppleWebKit/537.36 (KHTML, like Gecko) Chrome/143.0.0.0 Safari/537.36"
128.14.102.152 - - [28/Apr/2026:22:32:41 +0300] "POST /xmlrpc.php HTTP/1.1" 200 16998 "-" "Mozilla/5.0 (Windows NT 10.0; Win64; x64) AppleWebKit/537.36 (KHTML, like Gecko) Chrome/114.0.0.0 Safari/537.36"
172.86.76.182 - - [28/Apr/2026:22:32:42 +0300] "POST /wp-comments-post.php HTTP/1.1" 302 1083 "https://serhatburke.miroglu.net/beste-casino-site-belgie-hoge-inzet/" "Mozilla/5.0 (Macintosh; Intel Mac OS X 12.5; rv:114.0) Gecko/20100101 Firefox/114.0"
172.86.76.182 - - [28/Apr/2026:22:32:55 +0300] "GET /beste-casino-site-belgie-hoge-inzet/?unapproved=841&moderation-hash=f5e3171ce45f02f7e1c55310d1931a9d HTTP/1.1" 200 19712 "https://serhatburke.miroglu.net/wp-comments-post.php" "Mozilla/5.0 (Macintosh; Intel Mac OS X 12.5; rv:114.0) Gecko/20100101 Firefox/114.0"
128.14.102.152 - - [28/Apr/2026:22:32:55 +0300] "GET /spielsaal-20-euroletten-provision-abzuglich-einzahlung-angebote-2026/ HTTP/1.1" 200 81277 "-" "Mozilla/5.0 (Windows NT 10.0; rv:125.0) Gecko/20100101 Firefox/125.0"
172.86.76.182 - - [28/Apr/2026:22:33:09 +0300] "GET /beste-casino-site-belgie-hoge-inzet/ HTTP/1.1" 200 19265 "-" "Mozilla/5.0 (Macintosh; Intel Mac OS X 12.5; rv:114.0) Gecko/20100101 Firefox/114.0"
40.77.167.16 - - [28/Apr/2026:22:33:24 +0300] "GET /secret-of-your-own-slot-games-lucky-little-gods-nile-position-opinion-gamble-on-line-for-free-now/ HTTP/2" 200 19447 "-" "Mozilla/5.0 AppleWebKit/537.36 (KHTML, like Gecko; compatible; bingbot/2.0; +http://www.bing.com/bingbot.htm) Chrome/116.0.1938.76 Safari/537.36"
185.216.113.70 - - [28/Apr/2026:22:34:18 +0300] "POST /wp-cron.php?doing_wp_cron=1777404858.6539700031280517578125 HTTP/1.1" 200 448 "-" "WordPress/6.3.8; https://serhatburke.miroglu.net"
165.140.199.23 - - [28/Apr/2026:22:34:06 +0300] "GET /beste-casino-site-belgie-hoge-inzet/ HTTP/1.1" 200 19265 "-" "Mozilla/5.0 (X11; Fedora; Linux x86_64; rv:114.0) Gecko/20100101 Firefox/114.0"
185.216.113.70 - - [28/Apr/2026:22:34:38 +0300] "POST /wp-cron.php?doing_wp_cron=1777404878.2678809165954589843750 HTTP/1.1" 200 448 "-" "WordPress/6.3.8; https://serhatburke.miroglu.net"
104.166.164.35 - - [28/Apr/2026:22:34:14 +0300] "POST /xmlrpc.php HTTP/1.1" 200 630 "-" "Mozilla/5.0 (Windows NT 10.0; Win64; x64) AppleWebKit/537.36 (KHTML, like Gecko) Chrome/114.0.0.0 Safari/537.36"
104.166.164.35 - - [28/Apr/2026:22:34:45 +0300] "POST /xmlrpc.php HTTP/1.1" 200 11198 "-" "Mozilla/5.0 (Windows NT 10.0; Win64; x64) AppleWebKit/537.36 (KHTML, like Gecko) Chrome/114.0.0.0 Safari/537.36"
172.86.76.182 - - [28/Apr/2026:22:34:56 +0300] "GET /beste-casino-site-belgie-hoge-inzet/ HTTP/1.1" 200 19265 "-" "Mozilla/5.0 (X11; Fedora; Linux x86_64; rv:114.0) Gecko/20100101 Firefox/114.0"
104.166.164.35 - - [28/Apr/2026:22:35:00 +0300] "GET /rotiri-gratuite-rotiri-gratuite-golden-ticket-insa-sedimen-ci-plata-2025-lista-bonusuri-de-5-000-rotiri/ HTTP/1.1" 200 76461 "-" "Mozilla/5.0 (Windows NT 10.0; Win64; x64) AppleWebKit/537.36 (KHTML, like Gecko) Chrome/123.0.0.0 Safari/537.36"
185.216.113.70 - - [28/Apr/2026:22:37:12 +0300] "POST /wp-cron.php?doing_wp_cron=1777405032.0628089904785156250000 HTTP/1.1" 200 448 "-" "WordPress/6.3.8; https://serhatburke.miroglu.net"
128.14.102.152 - - [28/Apr/2026:22:36:58 +0300] "POST /xmlrpc.php HTTP/1.1" 200 630 "-" "Mozilla/5.0 (Windows NT 10.0; Win64; x64) AppleWebKit/537.36 (KHTML, like Gecko) Chrome/114.0.0.0 Safari/537.36"
128.14.102.152 - - [28/Apr/2026:22:37:19 +0300] "POST /xmlrpc.php HTTP/1.1" 200 17503 "-" "Mozilla/5.0 (Windows NT 10.0; Win64; x64) AppleWebKit/537.36 (KHTML, like Gecko) Chrome/114.0.0.0 Safari/537.36"
185.216.113.70 - - [28/Apr/2026:22:37:47 +0300] "POST /wp-cron.php?doing_wp_cron=1777405067.0493779182434082031250 HTTP/1.1" 200 448 "-" "WordPress/6.3.8; https://serhatburke.miroglu.net"
128.14.102.152 - - [28/Apr/2026:22:37:33 +0300] "GET /eye-of-horus-quest-for-aurum-spielautomat-kostenfrei-gehaben-and-echtgeld-gebrauchen-zeichen-met-poznan-%E5%A4%AA%E7%94%B0%E9%9B%BB%E5%AD%90-%E6%96%B0%E3%81%97%E3%81%84%E3%83%A2%E3%83%8E%E4%BD%9C/ HTTP/1.1" 200 84962 "-" "Mozilla/5.0 (Windows NT 10.0; Win64; x64) AppleWebKit/537.36 (KHTML, like Gecko) Chrome/122.0.0.0 Safari/537.36"
185.216.113.70 - - [28/Apr/2026:22:41:46 +0300] "POST /wp-cron.php?doing_wp_cron=1777405306.3078720569610595703125 HTTP/1.1" 200 448 "-" "WordPress/6.3.8; https://serhatburke.miroglu.net"
128.14.102.152 - - [28/Apr/2026:22:41:31 +0300] "POST /xmlrpc.php HTTP/1.1" 200 630 "-" "Mozilla/5.0 (Windows NT 10.0; Win64; x64) AppleWebKit/537.36 (KHTML, like Gecko) Chrome/114.0.0.0 Safari/537.36"
57.128.22.95 - - [28/Apr/2026:22:41:34 +0300] "GET /zotabet-casino-bonus-premier-depot-2026/ HTTP/1.1" 200 19124 "-" "Mozilla/5.0 (compatible; Googlebot/2.1; +http://www.google.com/bot.html)"
128.14.102.152 - - [28/Apr/2026:22:41:53 +0300] "POST /xmlrpc.php HTTP/1.1" 200 15959 "-" "Mozilla/5.0 (Windows NT 10.0; Win64; x64) AppleWebKit/537.36 (KHTML, like Gecko) Chrome/114.0.0.0 Safari/537.36"
128.14.102.152 - - [28/Apr/2026:22:42:07 +0300] "GET /eye-of-horus-gratis-auffuhren-ohne-eintragung/ HTTP/1.1" 200 79554 "-" "Mozilla/5.0 (Windows NT 10.0; rv:109.0) Gecko/20100101 Firefox/115.0"
185.216.113.70 - - [28/Apr/2026:22:43:25 +0300] "POST /wp-cron.php?doing_wp_cron=1777405405.0710990428924560546875 HTTP/1.1" 200 448 "-" "WordPress/6.3.8; https://serhatburke.miroglu.net"
40.77.179.115 - - [28/Apr/2026:22:43:07 +0300] "GET /pharaoh-fortune-casino-minimum-deposit-5-free-slot-gamble-demo-%E1%90%88-rtp-94-07/undefined?ts=1777405385 HTTP/2" 404 58797 "-" "Mozilla/5.0 AppleWebKit/537.36 (KHTML, like Gecko; compatible; bingbot/2.0; +http://www.bing.com/bingbot.htm) Chrome/100.0.4896.127 Safari/537.36"
40.77.179.106 - - [28/Apr/2026:22:43:10 +0300] "GET /pharaoh-fortune-casino-minimum-deposit-5-free-slot-gamble-demo-%E1%90%88-rtp-94-07/undefined?ts=1777405388 HTTP/2" 404 58798 "-" "Mozilla/5.0 AppleWebKit/537.36 (KHTML, like Gecko; compatible; bingbot/2.0; +http://www.bing.com/bingbot.htm) Chrome/100.0.4896.127 Safari/537.36"
40.77.178.35 - - [28/Apr/2026:22:43:14 +0300] "GET /pharaoh-fortune-casino-minimum-deposit-5-free-slot-gamble-demo-%E1%90%88-rtp-94-07/undefined?ts=1777405391 HTTP/2" 200 0 "-" "Mozilla/5.0 AppleWebKit/537.36 (KHTML, like Gecko; compatible; bingbot/2.0; +http://www.bing.com/bingbot.htm) Chrome/100.0.4896.127 Safari/537.36"
40.77.179.39 - - [28/Apr/2026:22:43:16 +0300] "GET /pharaoh-fortune-casino-minimum-deposit-5-free-slot-gamble-demo-%E1%90%88-rtp-94-07/undefined?ts=1777405394 HTTP/2" 200 0 "-" "Mozilla/5.0 AppleWebKit/537.36 (KHTML, like Gecko; compatible; bingbot/2.0; +http://www.bing.com/bingbot.htm) Chrome/100.0.4896.127 Safari/537.36"
40.77.179.166 - - [28/Apr/2026:22:43:19 +0300] "GET /pharaoh-fortune-casino-minimum-deposit-5-free-slot-gamble-demo-%E1%90%88-rtp-94-07/undefined?ts=1777405397 HTTP/2" 200 0 "-" "Mozilla/5.0 AppleWebKit/537.36 (KHTML, like Gecko; compatible; bingbot/2.0; +http://www.bing.com/bingbot.htm) Chrome/100.0.4896.127 Safari/537.36"
40.77.179.30 - - [28/Apr/2026:22:43:22 +0300] "GET /pharaoh-fortune-casino-minimum-deposit-5-free-slot-gamble-demo-%E1%90%88-rtp-94-07/undefined?ts=1777405400 HTTP/2" 200 0 "-" "Mozilla/5.0 AppleWebKit/537.36 (KHTML, like Gecko; compatible; bingbot/2.0; +http://www.bing.com/bingbot.htm) Chrome/100.0.4896.127 Safari/537.36"
65.55.210.42 - - [28/Apr/2026:22:43:24 +0300] "GET /pharaoh-fortune-casino-minimum-deposit-5-free-slot-gamble-demo-%E1%90%88-rtp-94-07/undefined?ts=1777405403 HTTP/2" 200 0 "-" "Mozilla/5.0 AppleWebKit/537.36 (KHTML, like Gecko; compatible; bingbot/2.0; +http://www.bing.com/bingbot.htm) Chrome/100.0.4896.127 Safari/537.36"
209.50.177.209 - - [28/Apr/2026:22:43:29 +0300] "GET /35849-2/ HTTP/1.1" 200 18386 "-" "Mozilla/5.0 (compatible; Googlebot/2.1; +http://www.google.com/bot.html)"
185.216.113.70 - - [28/Apr/2026:22:46:31 +0300] "POST /wp-cron.php?doing_wp_cron=1777405591.6611099243164062500000 HTTP/1.1" 200 448 "-" "WordPress/6.3.8; https://serhatburke.miroglu.net"
128.14.102.152 - - [28/Apr/2026:22:46:18 +0300] "POST /xmlrpc.php HTTP/1.1" 200 630 "-" "Mozilla/5.0 (Windows NT 10.0; Win64; x64) AppleWebKit/537.36 (KHTML, like Gecko) Chrome/114.0.0.0 Safari/537.36"
128.14.102.152 - - [28/Apr/2026:22:46:38 +0300] "POST /xmlrpc.php HTTP/1.1" 200 15734 "-" "Mozilla/5.0 (Windows NT 10.0; Win64; x64) AppleWebKit/537.36 (KHTML, like Gecko) Chrome/114.0.0.0 Safari/537.36"
128.14.102.152 - - [28/Apr/2026:22:46:53 +0300] "GET /blackjack-21-angeschlossen-kasino-apps-on-search-engine-play/ HTTP/1.1" 200 80209 "-" "Mozilla/5.0 (Windows NT 10.0; Win64; x64) AppleWebKit/537.36 (KHTML, like Gecko) Chrome/122.0.0.0 Safari/537.36"
77.232.38.47 - - [28/Apr/2026:22:47:05 +0300] "POST /xmlrpc.php HTTP/1.1" 200 225684 "-" "Mozilla/5.0 (Windows NT 10.0; Win64; x64) AppleWebKit/537.36 (KHTML, like Gecko) Chrome/116.0.0.0 Safari/537.36"
77.232.38.47 - - [28/Apr/2026:22:47:24 +0300] "POST /xmlrpc.php HTTP/1.1" 200 725 "-" "Mozilla/5.0 (Windows NT 10.0; Win64; x64) AppleWebKit/537.36 (KHTML, like Gecko) Chrome/116.0.0.0 Safari/537.36"
185.216.113.70 - - [28/Apr/2026:22:47:52 +0300] "POST /wp-cron.php?doing_wp_cron=1777405672.7864739894866943359375 HTTP/1.1" 200 448 "-" "WordPress/6.3.8; https://serhatburke.miroglu.net"
77.232.38.47 - - [28/Apr/2026:22:47:37 +0300] "POST /xmlrpc.php HTTP/1.1" 200 489 "-" "Mozilla/5.0 (Windows NT 10.0; Win64; x64) AppleWebKit/537.36 (KHTML, like Gecko) Chrome/116.0.0.0 Safari/537.36"
77.232.38.47 - - [28/Apr/2026:22:47:53 +0300] "POST /xmlrpc.php HTTP/1.1" 200 327043 "-" "Mozilla/5.0 (Windows NT 10.0; Win64; x64) AppleWebKit/537.36 (KHTML, like Gecko) Chrome/116.0.0.0 Safari/537.36"
128.14.102.152 - - [28/Apr/2026:22:50:45 +0300] "POST /xmlrpc.php HTTP/1.1" 200 630 "-" "Mozilla/5.0 (Windows NT 10.0; Win64; x64) AppleWebKit/537.36 (KHTML, like Gecko) Chrome/114.0.0.0 Safari/537.36"
128.14.102.152 - - [28/Apr/2026:22:51:17 +0300] "POST /xmlrpc.php HTTP/1.1" 200 14378 "-" "Mozilla/5.0 (Windows NT 10.0; Win64; x64) AppleWebKit/537.36 (KHTML, like Gecko) Chrome/114.0.0.0 Safari/537.36"
128.14.102.152 - - [28/Apr/2026:22:51:32 +0300] "GET /eye-of-horus-gebuhrenfrei-and-qua-echtgeld-gerieren/ HTTP/1.1" 200 78442 "-" "Mozilla/5.0 (Windows NT 10.0; Win64; x64) AppleWebKit/537.36 (KHTML, like Gecko) Chrome/124.0.0.0 Safari/537.36"
57.128.22.95 - - [28/Apr/2026:22:52:16 +0300] "GET /zotabet-casino-bonus-premier-depot-2026/ HTTP/1.1" 200 19282 "-" "Mozilla/5.0 (compatible; Googlebot/2.1; +http://www.google.com/bot.html)"
185.216.113.70 - - [28/Apr/2026:22:53:49 +0300] "POST /wp-cron.php?doing_wp_cron=1777406029.6981580257415771484375 HTTP/1.1" 200 448 "-" "WordPress/6.3.8; https://serhatburke.miroglu.net"
80.90.183.146 - - [28/Apr/2026:22:53:37 +0300] "GET /88701-2/ HTTP/1.1" 200 18389 "-" "Mozilla/5.0 (compatible; Googlebot/2.1; +http://www.google.com/bot.html)"
185.216.113.70 - - [28/Apr/2026:22:56:04 +0300] "POST /wp-cron.php?doing_wp_cron=1777406164.2864480018615722656250 HTTP/1.1" 200 448 "-" "WordPress/6.3.8; https://serhatburke.miroglu.net"
91.242.215.67 - - [28/Apr/2026:22:55:50 +0300] "POST /xmlrpc.php HTTP/1.1" 200 630 "-" "Mozilla/5.0 (Windows NT 10.0; Win64; x64) AppleWebKit/537.36 (KHTML, like Gecko) Chrome/114.0.0.0 Safari/537.36"
185.216.113.70 - - [28/Apr/2026:22:56:18 +0300] "POST /wp-cron.php?doing_wp_cron=1777406178.0460360050201416015625 HTTP/1.1" 200 448 "-" "WordPress/6.3.8; https://serhatburke.miroglu.net"
185.244.180.165 - - [28/Apr/2026:22:56:04 +0300] "POST /xmlrpc.php HTTP/1.1" 200 225684 "-" "Mozilla/5.0 (Windows NT 10.0; Win64; x64) AppleWebKit/537.36 (KHTML, like Gecko) Chrome/79.0.3945.130 Safari/537.36"
91.242.215.67 - - [28/Apr/2026:22:56:11 +0300] "POST /xmlrpc.php HTTP/1.1" 200 13474 "-" "Mozilla/5.0 (Windows NT 10.0; Win64; x64) AppleWebKit/537.36 (KHTML, like Gecko) Chrome/114.0.0.0 Safari/537.36"
91.242.215.67 - - [28/Apr/2026:22:56:27 +0300] "GET /entdecke-weshalb-drip-casino-dasjenige-ultimative-zweck-fur-alle-ist-nachfolgende-extravagante-gangbar-unterhaltung-suchen/ HTTP/1.1" 200 69667 "-" "Mozilla/5.0 (Windows NT 10.0; Win64; x64; rv:125.0) Gecko/20100101 Firefox/125.0"
185.244.180.165 - - [28/Apr/2026:22:56:25 +0300] "POST /xmlrpc.php HTTP/1.1" 200 725 "-" "Mozilla/5.0 (Windows NT 10.0; Win64; x64) AppleWebKit/537.36 (KHTML, like Gecko) Chrome/79.0.3945.130 Safari/537.36"
185.244.180.165 - - [28/Apr/2026:22:57:10 +0300] "POST /xmlrpc.php HTTP/1.1" 200 667 "-" "Mozilla/5.0 (Windows NT 10.0; Win64; x64) AppleWebKit/537.36 (KHTML, like Gecko) Chrome/79.0.3945.130 Safari/537.36"
185.216.113.70 - - [28/Apr/2026:22:57:38 +0300] "POST /wp-cron.php?doing_wp_cron=1777406258.5076420307159423828125 HTTP/1.1" 200 448 "-" "WordPress/6.3.8; https://serhatburke.miroglu.net"
185.244.180.165 - - [28/Apr/2026:22:57:26 +0300] "POST /xmlrpc.php HTTP/1.1" 200 706 "-" "Mozilla/5.0 (Windows NT 10.0; Win64; x64) AppleWebKit/537.36 (KHTML, like Gecko) Chrome/79.0.3945.130 Safari/537.36"
185.216.113.70 - - [28/Apr/2026:22:59:04 +0300] "POST /wp-cron.php?doing_wp_cron=1777406343.9960091114044189453125 HTTP/1.1" 200 448 "-" "WordPress/6.3.8; https://serhatburke.miroglu.net"
103.167.233.30 - - [28/Apr/2026:22:58:50 +0300] "POST /xmlrpc.php HTTP/2" 200 141 "-" "WordPress/XMLRPC Client"
103.167.233.30 - - [28/Apr/2026:22:59:04 +0300] "GET /?p=142686 HTTP/2" 301 0 "-" "Mozilla/5.0 (Windows NT 10.0; Win64; x64) AppleWebKit/537.36 (KHTML, like Gecko) Chrome/120.0.0.0 Safari/537.36"
185.216.113.70 - - [28/Apr/2026:22:59:40 +0300] "POST /wp-cron.php?doing_wp_cron=1777406379.9845969676971435546875 HTTP/1.1" 200 448 "-" "WordPress/6.3.8; https://serhatburke.miroglu.net"
91.108.80.31 - - [28/Apr/2026:22:59:17 +0300] "GET /88701-2/ HTTP/1.1" 200 15427 "-" "Mozilla/5.0 (compatible; Googlebot/2.1; +http://www.google.com/bot.html)"
157.55.39.223 - - [28/Apr/2026:23:00:30 +0300] "GET /robots.txt HTTP/2" 200 0 "-" "Mozilla/5.0 AppleWebKit/537.36 (KHTML, like Gecko; compatible; bingbot/2.0; +http://www.bing.com/bingbot.htm) Chrome/116.0.1938.76 Safari/537.36"
185.216.113.70 - - [28/Apr/2026:23:00:43 +0300] "POST /wp-cron.php?doing_wp_cron=1777406443.2650918960571289062500 HTTP/1.1" 200 448 "-" "WordPress/6.3.8; https://serhatburke.miroglu.net"
40.77.167.144 - - [28/Apr/2026:23:00:31 +0300] "GET /navigate-your-crypto-assets-with-atomic-wallet/ HTTP/2" 200 17760 "-" "Mozilla/5.0 AppleWebKit/537.36 (KHTML, like Gecko; compatible; bingbot/2.0; +http://www.bing.com/bingbot.htm) Chrome/116.0.1938.76 Safari/537.36"
52.167.144.172 - - [28/Apr/2026:23:00:47 +0300] "GET /talking-about-special-perks-provided-to-playojo-members-that-end-in-much-more-fun-and-you-can-perks/ HTTP/2" 200 17640 "-" "Mozilla/5.0 AppleWebKit/537.36 (KHTML, like Gecko; compatible; bingbot/2.0; +http://www.bing.com/bingbot.htm) Chrome/116.0.1938.76 Safari/537.36"
40.77.167.144 - - [28/Apr/2026:23:00:52 +0300] "GET /essential-steps-to-download-and-use-atomic-wallet/ HTTP/2" 200 17935 "-" "Mozilla/5.0 AppleWebKit/537.36 (KHTML, like Gecko; compatible; bingbot/2.0; +http://www.bing.com/bingbot.htm) Chrome/116.0.1938.76 Safari/537.36"
52.167.144.172 - - [28/Apr/2026:23:01:17 +0300] "GET /kraken-bezopasnyi-dostup-k-darknetu-i-onion-resursam-2026/ HTTP/2" 200 15567 "-" "Mozilla/5.0 AppleWebKit/537.36 (KHTML, like Gecko; compatible; bingbot/2.0; +http://www.bing.com/bingbot.htm) Chrome/116.0.1938.76 Safari/537.36"
185.216.113.70 - - [28/Apr/2026:23:02:11 +0300] "POST /wp-cron.php?doing_wp_cron=1777406531.1470611095428466796875 HTTP/1.1" 200 448 "-" "WordPress/6.3.8; https://serhatburke.miroglu.net"
52.167.144.172 - - [28/Apr/2026:23:01:58 +0300] "GET /essential-guide-to-dexscreener-and-its-features-for-traders/ HTTP/2" 200 17688 "-" "Mozilla/5.0 AppleWebKit/537.36 (KHTML, like Gecko; compatible; bingbot/2.0; +http://www.bing.com/bingbot.htm) Chrome/116.0.1938.76 Safari/537.36"
107.158.95.43 - - [28/Apr/2026:23:02:08 +0300] "GET /beste-casino-site-belgie-hoge-inzet/ HTTP/1.1" 200 19359 "-" "Mozilla/5.0 (X11; Fedora; Linux x86_64; rv:114.0) Gecko/20100101 Firefox/114.0"
52.167.144.179 - - [28/Apr/2026:23:02:10 +0300] "GET /golden-gorgon-demo-joik-gratis-spilleautomat-hos-great-dataport/ HTTP/2" 200 20882 "-" "Mozilla/5.0 AppleWebKit/537.36 (KHTML, like Gecko; compatible; bingbot/2.0; +http://www.bing.com/bingbot.htm) Chrome/116.0.1938.76 Safari/537.36"
40.77.167.144 - - [28/Apr/2026:23:02:15 +0300] "GET /toothed-wheel-gehort-dahinter-den-beliebtesten-spielen-unter-das-vollen-blauer-planet/ HTTP/2" 200 20010 "-" "Mozilla/5.0 AppleWebKit/537.36 (KHTML, like Gecko; compatible; bingbot/2.0; +http://www.bing.com/bingbot.htm) Chrome/116.0.1938.76 Safari/537.36"
185.216.113.70 - - [28/Apr/2026:23:04:11 +0300] "POST /wp-cron.php?doing_wp_cron=1777406651.2512669563293457031250 HTTP/1.1" 200 448 "-" "WordPress/6.3.8; https://serhatburke.miroglu.net"
40.77.167.144 - - [28/Apr/2026:23:03:57 +0300] "GET /book-of-dead-verbunden-2026-santas-wild-ride-1-kaution-kostenlos-uber-echtgeld/ HTTP/2" 200 19500 "-" "Mozilla/5.0 AppleWebKit/537.36 (KHTML, like Gecko; compatible; bingbot/2.0; +http://www.bing.com/bingbot.htm) Chrome/116.0.1938.76 Safari/537.36"
52.167.144.172 - - [28/Apr/2026:23:04:11 +0300] "GET /household-from-fun-gambling-enterprise-2026-review-up-to-150-extra/ HTTP/2" 200 19776 "-" "Mozilla/5.0 AppleWebKit/537.36 (KHTML, like Gecko; compatible; bingbot/2.0; +http://www.bing.com/bingbot.htm) Chrome/116.0.1938.76 Safari/537.36"
212.34.148.156 - - [28/Apr/2026:23:04:12 +0300] "GET /beste-casino-site-belgie-hoge-inzet/ HTTP/1.1" 200 19265 "-" "Mozilla/5.0 (compatible; Googlebot/2.1; +http://www.google.com/bot.html)"
52.167.144.179 - - [28/Apr/2026:23:04:22 +0300] "GET /discovering-sushiswap-the-future-of-decentralized-trading-2/ HTTP/2" 200 17923 "-" "Mozilla/5.0 AppleWebKit/537.36 (KHTML, like Gecko; compatible; bingbot/2.0; +http://www.bing.com/bingbot.htm) Chrome/116.0.1938.76 Safari/537.36"
185.216.113.70 - - [28/Apr/2026:23:04:52 +0300] "POST /wp-cron.php?doing_wp_cron=1777406692.2238569259643554687500 HTTP/1.1" 200 448 "-" "WordPress/6.3.8; https://serhatburke.miroglu.net"
52.167.144.179 - - [28/Apr/2026:23:04:40 +0300] "GET /burning-slot-big-ben-attention/ HTTP/2" 200 19369 "-" "Mozilla/5.0 AppleWebKit/537.36 (KHTML, like Gecko; compatible; bingbot/2.0; +http://www.bing.com/bingbot.htm) Chrome/116.0.1938.76 Safari/537.36"
128.14.102.152 - - [28/Apr/2026:23:05:01 +0300] "POST /xmlrpc.php HTTP/1.1" 200 630 "-" "Mozilla/5.0 (Windows NT 10.0; Win64; x64) AppleWebKit/537.36 (KHTML, like Gecko) Chrome/114.0.0.0 Safari/537.36"
185.216.113.70 - - [28/Apr/2026:23:05:34 +0300] "POST /wp-cron.php?doing_wp_cron=1777406734.7165009975433349609375 HTTP/1.1" 200 448 "-" "WordPress/6.3.8; https://serhatburke.miroglu.net"
128.14.102.152 - - [28/Apr/2026:23:05:20 +0300] "POST /xmlrpc.php HTTP/1.1" 200 17303 "-" "Mozilla/5.0 (Windows NT 10.0; Win64; x64) AppleWebKit/537.36 (KHTML, like Gecko) Chrome/114.0.0.0 Safari/537.36"
128.14.102.152 - - [28/Apr/2026:23:05:36 +0300] "GET /eye-of-horus-slot-erreichbar-vortragen-gebuhrenfrei-echtgeld/ HTTP/1.1" 200 81186 "-" "Mozilla/5.0 (Windows NT 10.0; Win64; x64) AppleWebKit/537.36 (KHTML, like Gecko) Chrome/124.0.0.0 Safari/537.36"
216.73.217.81 - - [28/Apr/2026:23:07:42 +0300] "GET /sitemap.rss HTTP/2" 200 0 "-" "Mozilla/5.0 AppleWebKit/537.36 (KHTML, like Gecko; compatible; ClaudeBot/1.0; +claudebot@anthropic.com)"
185.216.113.70 - - [28/Apr/2026:23:08:27 +0300] "POST /wp-cron.php?doing_wp_cron=1777406907.6782660484313964843750 HTTP/1.1" 200 448 "-" "WordPress/6.3.8; https://serhatburke.miroglu.net"
57.128.22.95 - - [28/Apr/2026:23:08:14 +0300] "GET /88701-2/ HTTP/1.1" 200 18393 "https://serhatburke.miroglu.net/" "Mozilla/5.0 (Windows NT 10.0; Win64; x64) AppleWebKit/537.36 (KHTML, like Gecko) Chrome/144.0.0.0 Safari/537.36 OPR/128.0.0.0"
104.168.112.71 - - [28/Apr/2026:23:08:30 +0300] "GET /wp-includes/css/dist/block-library/style.min.css?ver=6.3.8 HTTP/1.1" 200 13578 "https://serhatburke.miroglu.net/88701-2/" "Mozilla/5.0 (Windows NT 10.0; Win64; x64) AppleWebKit/537.36 (KHTML, like Gecko) Chrome/145.0.0.0 Safari/537.36"
104.168.112.71 - - [28/Apr/2026:23:08:32 +0300] "GET /wp-content/plugins/contact-form-7/includes/css/styles.css?ver=5.8 HTTP/1.1" 200 1490 "https://serhatburke.miroglu.net/88701-2/" "Mozilla/5.0 (Windows NT 10.0; Win64; x64) AppleWebKit/537.36 (KHTML, like Gecko) Chrome/145.0.0.0 Safari/537.36"
104.168.112.71 - - [28/Apr/2026:23:08:33 +0300] "GET /wp-content/themes/toppic/css/fontello.css?ver=4.2 HTTP/1.1" 200 1802 "https://serhatburke.miroglu.net/88701-2/" "Mozilla/5.0 (Windows NT 10.0; Win64; x64) AppleWebKit/537.36 (KHTML, like Gecko) Chrome/145.0.0.0 Safari/537.36"
104.168.112.71 - - [28/Apr/2026:23:08:34 +0300] "GET /wp-content/themes/toppic/css/reset.css?ver=4.2 HTTP/1.1" 200 1178 "https://serhatburke.miroglu.net/88701-2/" "Mozilla/5.0 (Windows NT 10.0; Win64; x64) AppleWebKit/537.36 (KHTML, like Gecko) Chrome/145.0.0.0 Safari/537.36"
104.168.112.71 - - [28/Apr/2026:23:08:35 +0300] "GET /wp-content/themes/toppic/css/default.css?ver=4.2 HTTP/1.1" 200 1811 "https://serhatburke.miroglu.net/88701-2/" "Mozilla/5.0 (Windows NT 10.0; Win64; x64) AppleWebKit/537.36 (KHTML, like Gecko) Chrome/145.0.0.0 Safari/537.36"
104.168.112.71 - - [28/Apr/2026:23:08:36 +0300] "GET /wp-content/themes/toppic/style.css?ver=4.2 HTTP/1.1" 200 23398 "https://serhatburke.miroglu.net/88701-2/" "Mozilla/5.0 (Windows NT 10.0; Win64; x64) AppleWebKit/537.36 (KHTML, like Gecko) Chrome/145.0.0.0 Safari/537.36"
104.168.112.71 - - [28/Apr/2026:23:08:38 +0300] "GET /wp-content/themes/toppic/css/royalslider.css?ver=4.2 HTTP/1.1" 200 1887 "https://serhatburke.miroglu.net/88701-2/" "Mozilla/5.0 (Windows NT 10.0; Win64; x64) AppleWebKit/537.36 (KHTML, like Gecko) Chrome/145.0.0.0 Safari/537.36"
104.168.112.71 - - [28/Apr/2026:23:08:39 +0300] "GET /wp-content/themes/toppic/css/rs-default.css?ver=4.2 HTTP/1.1" 200 2625 "https://serhatburke.miroglu.net/88701-2/" "Mozilla/5.0 (Windows NT 10.0; Win64; x64) AppleWebKit/537.36 (KHTML, like Gecko) Chrome/145.0.0.0 Safari/537.36"
104.168.112.71 - - [28/Apr/2026:23:08:40 +0300] "GET /wp-content/themes/toppic/css/lightbox.css?ver=4.2 HTTP/1.1" 200 2956 "https://serhatburke.miroglu.net/88701-2/" "Mozilla/5.0 (Windows NT 10.0; Win64; x64) AppleWebKit/537.36 (KHTML, like Gecko) Chrome/145.0.0.0 Safari/537.36"
104.168.112.71 - - [28/Apr/2026:23:08:41 +0300] "GET /wp-content/themes/toppic/css/woocommerce.css?ver=4.2 HTTP/1.1" 200 2848 "https://serhatburke.miroglu.net/88701-2/" "Mozilla/5.0 (Windows NT 10.0; Win64; x64) AppleWebKit/537.36 (KHTML, like Gecko) Chrome/145.0.0.0 Safari/537.36"
104.168.112.71 - - [28/Apr/2026:23:08:42 +0300] "GET /wp-content/themes/toppic/css/responsive.css?ver=4.2 HTTP/1.1" 200 2796 "https://serhatburke.miroglu.net/88701-2/" "Mozilla/5.0 (Windows NT 10.0; Win64; x64) AppleWebKit/537.36 (KHTML, like Gecko) Chrome/145.0.0.0 Safari/537.36"
104.168.112.71 - - [28/Apr/2026:23:08:43 +0300] "POST /wp-comments-post.php HTTP/1.1" 302 1055 "https://serhatburke.miroglu.net/88701-2/" "Mozilla/5.0 (Windows NT 10.0; Win64; x64) AppleWebKit/537.36 (KHTML, like Gecko) Chrome/144.0.0.0 Safari/537.36 OPR/128.0.0.0"
104.168.112.71 - - [28/Apr/2026:23:08:57 +0300] "GET /88701-2/?unapproved=842&moderation-hash=7383bb66a64a1d99de04329e9261f94a HTTP/1.1" 200 18796 "https://serhatburke.miroglu.net/wp-comments-post.php" "Mozilla/5.0 (Windows NT 10.0; Win64; x64) AppleWebKit/537.36 (KHTML, like Gecko) Chrome/144.0.0.0 Safari/537.36 OPR/128.0.0.0"
57.128.22.95 - - [28/Apr/2026:23:09:13 +0300] "GET /88701-2/ HTTP/1.1" 200 18389 "-" "Mozilla/5.0 (compatible; Googlebot/2.1; +http://www.google.com/bot.html)"
185.216.113.70 - - [28/Apr/2026:23:11:15 +0300] "POST /wp-cron.php?doing_wp_cron=1777407075.4956490993499755859375 HTTP/1.1" 200 448 "-" "WordPress/6.3.8; https://serhatburke.miroglu.net"
40.77.167.41 - - [28/Apr/2026:23:11:02 +0300] "GET /discover-the-benefits-of-using-ledger-live-for-crypto-15/ HTTP/2" 200 18079 "-" "Mozilla/5.0 AppleWebKit/537.36 (KHTML, like Gecko; compatible; bingbot/2.0; +http://www.bing.com/bingbot.htm) Chrome/116.0.1938.76 Safari/537.36"
52.167.144.179 - - [28/Apr/2026:23:11:08 +0300] "GET /discover-the-versatility-of-solscan-for-crypto-analysis/ HTTP/2" 200 17979 "-" "Mozilla/5.0 AppleWebKit/537.36 (KHTML, like Gecko; compatible; bingbot/2.0; +http://www.bing.com/bingbot.htm) Chrome/116.0.1938.76 Safari/537.36"
40.77.167.41 - - [28/Apr/2026:23:11:22 +0300] "GET /neue-erreichbar-casinos-2026-nachfolgende-10-newcomer-persuadieren/ HTTP/2" 200 18948 "-" "Mozilla/5.0 AppleWebKit/537.36 (KHTML, like Gecko; compatible; bingbot/2.0; +http://www.bing.com/bingbot.htm) Chrome/116.0.1938.76 Safari/537.36"
52.167.144.179 - - [28/Apr/2026:23:11:26 +0300] "GET /play-32178-free-position-demonstrations-zero-install/ HTTP/2" 200 18694 "-" "Mozilla/5.0 AppleWebKit/537.36 (KHTML, like Gecko; compatible; bingbot/2.0; +http://www.bing.com/bingbot.htm) Chrome/116.0.1938.76 Safari/537.36"
185.216.113.70 - - [28/Apr/2026:23:11:45 +0300] "POST /wp-cron.php?doing_wp_cron=1777407105.5316059589385986328125 HTTP/1.1" 200 448 "-" "WordPress/6.3.8; https://serhatburke.miroglu.net"
57.128.22.95 - - [28/Apr/2026:23:11:30 +0300] "GET /88701-2/ HTTP/1.1" 200 18389 "-" "Mozilla/5.0 (compatible; Googlebot/2.1; +http://www.google.com/bot.html)"
52.167.144.179 - - [28/Apr/2026:23:11:51 +0300] "GET /die-besten-lastschrift-cygnus-keine-kostenlosen-einzahlungspins-verbinden-casinos-isis-spielautomat-2026/ HTTP/2" 200 19771 "-" "Mozilla/5.0 AppleWebKit/537.36 (KHTML, like Gecko; compatible; bingbot/2.0; +http://www.bing.com/bingbot.htm) Chrome/116.0.1938.76 Safari/537.36"
40.77.167.41 - - [28/Apr/2026:23:11:53 +0300] "GET /harnessing-bscscan-for-effective-crypto-tracking-4/ HTTP/2" 200 17968 "-" "Mozilla/5.0 AppleWebKit/537.36 (KHTML, like Gecko; compatible; bingbot/2.0; +http://www.bing.com/bingbot.htm) Chrome/116.0.1938.76 Safari/537.36"
185.216.113.70 - - [28/Apr/2026:23:12:39 +0300] "POST /wp-cron.php?doing_wp_cron=1777407159.8244719505310058593750 HTTP/1.1" 200 448 "-" "WordPress/6.3.8; https://serhatburke.miroglu.net"
128.14.102.152 - - [28/Apr/2026:23:12:19 +0300] "POST /xmlrpc.php HTTP/1.1" 200 630 "-" "Mozilla/5.0 (Windows NT 10.0; Win64; x64) AppleWebKit/537.36 (KHTML, like Gecko) Chrome/114.0.0.0 Safari/537.36"
128.14.102.152 - - [28/Apr/2026:23:12:46 +0300] "POST /xmlrpc.php HTTP/1.1" 200 13498 "-" "Mozilla/5.0 (Windows NT 10.0; Win64; x64) AppleWebKit/537.36 (KHTML, like Gecko) Chrome/114.0.0.0 Safari/537.36"
128.14.102.152 - - [28/Apr/2026:23:13:00 +0300] "GET /eye-of-horus-slot-inside-rtg-and-die-lucky-grace-charm-slot-roboter-blueprint-gaming-horus-wilds-unter-glatten-2-4-weiten-symbole-in-12-freispielen-upgraden-9631percent-rtp-10-000x-max-triumph/ HTTP/1.1" 200 81062 "-" "Mozilla/5.0 (Windows NT 10.0; Win64; x64) AppleWebKit/537.36 (KHTML, like Gecko) Chrome/123.0.0.0 Safari/537.36"
185.216.113.70 - - [28/Apr/2026:23:15:29 +0300] "POST /wp-cron.php?doing_wp_cron=1777407329.8758230209350585937500 HTTP/1.1" 200 448 "-" "WordPress/6.3.8; https://serhatburke.miroglu.net"
40.77.167.41 - - [28/Apr/2026:23:15:11 +0300] "GET /chiropractic-procedures-wait-for-gonzos-journey-slot-healthcare-in-the-united-kingdom/ HTTP/2" 200 19010 "-" "Mozilla/5.0 AppleWebKit/537.36 (KHTML, like Gecko; compatible; bingbot/2.0; +http://www.bing.com/bingbot.htm) Chrome/116.0.1938.76 Safari/537.36"
194.106.27.3 - - [28/Apr/2026:23:15:14 +0300] "GET /decatex-pharmaceutical-en-el-culturismo-potenciando-el-rendimiento-deportivo/ HTTP/1.1" 200 71425 "-" "GuzzleHttp/7"
40.77.167.0 - - [28/Apr/2026:23:15:16 +0300] "GET /herna-kitty-i24slot-innskraning-cat-spilakassinn-athugasemdir-og-100-okeypis-prufuaskrift/ HTTP/2" 200 18589 "-" "Mozilla/5.0 AppleWebKit/537.36 (KHTML, like Gecko; compatible; bingbot/2.0; +http://www.bing.com/bingbot.htm) Chrome/116.0.1938.76 Safari/537.36"
40.77.167.41 - - [28/Apr/2026:23:15:42 +0300] "GET /discover-the-convenience-of-safepal-wallet-for-crypto-2/ HTTP/2" 200 18224 "-" "Mozilla/5.0 AppleWebKit/537.36 (KHTML, like Gecko; compatible; bingbot/2.0; +http://www.bing.com/bingbot.htm) Chrome/116.0.1938.76 Safari/537.36"
185.216.113.70 - - [28/Apr/2026:23:18:04 +0300] "POST /wp-cron.php?doing_wp_cron=1777407484.0864648818969726562500 HTTP/1.1" 200 448 "-" "WordPress/6.3.8; https://serhatburke.miroglu.net"
128.14.102.152 - - [28/Apr/2026:23:17:48 +0300] "POST /xmlrpc.php HTTP/1.1" 200 630 "-" "Mozilla/5.0 (Windows NT 10.0; Win64; x64) AppleWebKit/537.36 (KHTML, like Gecko) Chrome/114.0.0.0 Safari/537.36"
128.14.102.152 - - [28/Apr/2026:23:18:11 +0300] "POST /xmlrpc.php HTTP/1.1" 200 15452 "-" "Mozilla/5.0 (Windows NT 10.0; Win64; x64) AppleWebKit/537.36 (KHTML, like Gecko) Chrome/114.0.0.0 Safari/537.36"
128.14.102.152 - - [28/Apr/2026:23:18:26 +0300] "GET /1-euro-zocken-traktandum-wettanbieter-qua-1-ecu-einzahlung-2026/ HTTP/1.1" 200 79533 "-" "Mozilla/5.0 (Windows NT 10.0; Win64; x64) AppleWebKit/537.36 (KHTML, like Gecko) Chrome/122.0.0.0 Safari/537.36"
185.216.113.70 - - [28/Apr/2026:23:19:22 +0300] "POST /wp-cron.php?doing_wp_cron=1777407562.5922369956970214843750 HTTP/1.1" 200 448 "-" "WordPress/6.3.8; https://serhatburke.miroglu.net"
212.34.148.156 - - [28/Apr/2026:23:19:10 +0300] "GET /zotabet-casino-bonus-premier-depot-2026/ HTTP/1.1" 200 19099 "-" "Mozilla/5.0 (compatible; Googlebot/2.1; +http://www.google.com/bot.html)"
185.216.113.70 - - [28/Apr/2026:23:19:56 +0300] "POST /wp-cron.php?doing_wp_cron=1777407596.0949790477752685546875 HTTP/1.1" 200 448 "-" "WordPress/6.3.8; https://serhatburke.miroglu.net"
40.77.167.16 - - [28/Apr/2026:23:19:43 +0300] "GET /si-quelques-avatars-prevalent-attenants-des-usagers-coherence-dargent-coupee-constitue-tout-approprie-stupefiante/ HTTP/2" 200 18357 "-" "Mozilla/5.0 AppleWebKit/537.36 (KHTML, like Gecko; compatible; bingbot/2.0; +http://www.bing.com/bingbot.htm) Chrome/116.0.1938.76 Safari/537.36"
52.167.144.158 - - [28/Apr/2026:23:19:49 +0300] "GET /discover-the-ease-of-managing-crypto-with-ledger-live/ HTTP/2" 200 17704 "-" "Mozilla/5.0 AppleWebKit/537.36 (KHTML, like Gecko; compatible; bingbot/2.0; +http://www.bing.com/bingbot.htm) Chrome/116.0.1938.76 Safari/537.36"
52.167.144.158 - - [28/Apr/2026:23:20:17 +0300] "GET /overview-of-fat-santa-push-playing-position-game-demonstration-gamble-totally-free-mode/ HTTP/2" 200 18779 "-" "Mozilla/5.0 AppleWebKit/537.36 (KHTML, like Gecko; compatible; bingbot/2.0; +http://www.bing.com/bingbot.htm) Chrome/116.0.1938.76 Safari/537.36"
185.216.113.70 - - [28/Apr/2026:23:22:10 +0300] "POST /wp-cron.php?doing_wp_cron=1777407730.0819950103759765625000 HTTP/1.1" 200 448 "-" "WordPress/6.3.8; https://serhatburke.miroglu.net"
212.34.148.156 - - [28/Apr/2026:23:21:56 +0300] "GET /zotabet-casino-bonus-premier-depot-2026/ HTTP/1.1" 200 19124 "-" "Mozilla/5.0 (compatible; Googlebot/2.1; +http://www.google.com/bot.html)"
185.216.113.70 - - [28/Apr/2026:23:22:47 +0300] "POST /wp-cron.php?doing_wp_cron=1777407767.1890079975128173828125 HTTP/1.1" 200 448 "-" "WordPress/6.3.8; https://serhatburke.miroglu.net"
216.73.217.81 - - [28/Apr/2026:23:22:35 +0300] "GET /robots.txt HTTP/2" 200 110 "-" "Mozilla/5.0 AppleWebKit/537.36 (KHTML, like Gecko; compatible; ClaudeBot/1.0; +claudebot@anthropic.com)"
216.73.217.81 - - [28/Apr/2026:23:22:48 +0300] "GET /sitemap.xml HTTP/2" 200 0 "-" "Mozilla/5.0 AppleWebKit/537.36 (KHTML, like Gecko; compatible; ClaudeBot/1.0; +claudebot@anthropic.com)"
185.216.113.70 - - [28/Apr/2026:23:23:50 +0300] "POST /wp-cron.php?doing_wp_cron=1777407830.7440490722656250000000 HTTP/1.1" 200 448 "-" "WordPress/6.3.8; https://serhatburke.miroglu.net"
128.14.102.152 - - [28/Apr/2026:23:23:39 +0300] "POST /xmlrpc.php HTTP/1.1" 200 630 "-" "Mozilla/5.0 (Windows NT 10.0; Win64; x64) AppleWebKit/537.36 (KHTML, like Gecko) Chrome/114.0.0.0 Safari/537.36"
128.14.102.152 - - [28/Apr/2026:23:23:57 +0300] "POST /xmlrpc.php HTTP/1.1" 200 16113 "-" "Mozilla/5.0 (Windows NT 10.0; Win64; x64) AppleWebKit/537.36 (KHTML, like Gecko) Chrome/114.0.0.0 Safari/537.36"
128.14.102.152 - - [28/Apr/2026:23:24:12 +0300] "GET /diese-besonderheiten-kein-einzahlungsbonus-deal-or-no-handel-hat-die-eye-of-religious-in-betracht-kommen-horus-app-akkommodation-fachsprachlich-costa-rica-costa-rica/ HTTP/1.1" 200 83106 "-" "Mozilla/5.0 (Windows NT 10.0; Win64; x64) AppleWebKit/537.36 (KHTML, like Gecko) Chrome/109.0.0.0 Safari/537.36"
52.167.144.21 - - [28/Apr/2026:23:24:27 +0300] "GET /finest-activities-gambling-internet-sites-sportsbooks-united-states-2026-updated/ HTTP/2" 200 19015 "-" "Mozilla/5.0 AppleWebKit/537.36 (KHTML, like Gecko; compatible; bingbot/2.0; +http://www.bing.com/bingbot.htm) Chrome/116.0.1938.76 Safari/537.36"
185.216.113.70 - - [28/Apr/2026:23:27:32 +0300] "POST /wp-cron.php?doing_wp_cron=1777408052.2245249748229980468750 HTTP/1.1" 200 448 "-" "WordPress/6.3.8; https://serhatburke.miroglu.net"
91.242.215.67 - - [28/Apr/2026:23:27:16 +0300] "POST /xmlrpc.php HTTP/1.1" 200 630 "-" "Mozilla/5.0 (Windows NT 10.0; Win64; x64) AppleWebKit/537.36 (KHTML, like Gecko) Chrome/114.0.0.0 Safari/537.36"
91.242.215.67 - - [28/Apr/2026:23:27:39 +0300] "POST /xmlrpc.php HTTP/1.1" 200 12598 "-" "Mozilla/5.0 (Windows NT 10.0; Win64; x64) AppleWebKit/537.36 (KHTML, like Gecko) Chrome/114.0.0.0 Safari/537.36"
91.242.215.67 - - [28/Apr/2026:23:27:53 +0300] "GET /ebendiese-kyc-kontrolle-ist-innerhalb-durch-twenty-two%EF%BF%BD36-stunden-uff-hinzufugen-das-erforderlichen-dokumente-berechtigung-adressnachweis-zahlungsverifizierung-unter-dach-und-fach/ HTTP/1.1" 200 80493 "-" "Mozilla/5.0 (Windows NT 10.0; Win64; x64; rv:125.0) Gecko/20100101 Firefox/125.0"
185.216.113.70 - - [28/Apr/2026:23:29:27 +0300] "POST /wp-cron.php?doing_wp_cron=1777408167.6113560199737548828125 HTTP/1.1" 200 448 "-" "WordPress/6.3.8; https://serhatburke.miroglu.net"
128.14.102.152 - - [28/Apr/2026:23:29:15 +0300] "POST /xmlrpc.php HTTP/1.1" 200 630 "-" "Mozilla/5.0 (Windows NT 10.0; Win64; x64) AppleWebKit/537.36 (KHTML, like Gecko) Chrome/114.0.0.0 Safari/537.36"
192.241.72.222 - - [28/Apr/2026:23:29:16 +0300] "GET /beste-casino-site-belgie-hoge-inzet/ HTTP/1.1" 200 19265 "-" "Mozilla/5.0 (X11; Fedora; Linux x86_64; rv:114.0) Gecko/20100101 Firefox/114.0"
128.14.102.152 - - [28/Apr/2026:23:29:34 +0300] "POST /xmlrpc.php HTTP/1.1" 200 15809 "-" "Mozilla/5.0 (Windows NT 10.0; Win64; x64) AppleWebKit/537.36 (KHTML, like Gecko) Chrome/114.0.0.0 Safari/537.36"
91.242.215.67 - - [28/Apr/2026:23:29:49 +0300] "POST /xmlrpc.php HTTP/1.1" 200 630 "-" "Mozilla/5.0 (Windows NT 10.0; Win64; x64) AppleWebKit/537.36 (KHTML, like Gecko) Chrome/114.0.0.0 Safari/537.36"
128.14.102.152 - - [28/Apr/2026:23:29:48 +0300] "GET /eye-of-horus-fur-nusse-jetzt-online-auffuhren-qua-pramie/ HTTP/1.1" 200 79772 "-" "Mozilla/5.0 (Windows NT 10.0; Win64; x64; rv:125.0) Gecko/20100101 Firefox/125.0"
185.216.113.70 - - [28/Apr/2026:23:30:35 +0300] "POST /wp-cron.php?doing_wp_cron=1777408235.6072809696197509765625 HTTP/1.1" 200 448 "-" "WordPress/6.3.8; https://serhatburke.miroglu.net"
91.242.215.67 - - [28/Apr/2026:23:30:19 +0300] "POST /xmlrpc.php HTTP/1.1" 200 11188 "-" "Mozilla/5.0 (Windows NT 10.0; Win64; x64) AppleWebKit/537.36 (KHTML, like Gecko) Chrome/114.0.0.0 Safari/537.36"
91.242.215.67 - - [28/Apr/2026:23:30:38 +0300] "GET /ebendiese-deutsches-gaming-portal-besitzt-qua-gunstgewerblerin-benutzerfreundliche-oberflache-und-ihr-kundenbetreuung-reagiert-durch-die-bank-schlichtweg/ HTTP/1.1" 200 78214 "-" "Mozilla/5.0 (Windows NT 10.0; rv:109.0) Gecko/20100101 Firefox/115.0"
57.128.22.95 - - [28/Apr/2026:23:31:10 +0300] "GET /35849-2/ HTTP/1.1" 200 18388 "https://serhatburke.miroglu.net/" "Mozilla/5.0 (Macintosh; Intel Mac OS X 10_15_7) AppleWebKit/605.1.15 (KHTML, like Gecko) Version/26.3 Safari/605.1.15"
185.216.113.70 - - [28/Apr/2026:23:31:42 +0300] "POST /wp-cron.php?doing_wp_cron=1777408302.2756090164184570312500 HTTP/1.1" 200 448 "-" "WordPress/6.3.8; https://serhatburke.miroglu.net"
172.98.171.184 - - [28/Apr/2026:23:31:30 +0300] "POST /wp-comments-post.php HTTP/1.1" 302 1055 "https://serhatburke.miroglu.net/35849-2/" "Mozilla/5.0 (Macintosh; Intel Mac OS X 10_15_7) AppleWebKit/605.1.15 (KHTML, like Gecko) Version/26.3 Safari/605.1.15"
172.98.171.184 - - [28/Apr/2026:23:31:43 +0300] "GET /35849-2/?unapproved=843&moderation-hash=f3026826d75f96bed740092d95fd67c2 HTTP/1.1" 200 18735 "https://serhatburke.miroglu.net/wp-comments-post.php" "Mozilla/5.0 (Macintosh; Intel Mac OS X 10_15_7) AppleWebKit/605.1.15 (KHTML, like Gecko) Version/26.3 Safari/605.1.15"
57.128.22.95 - - [28/Apr/2026:23:31:57 +0300] "GET /35849-2/ HTTP/1.1" 200 18361 "-" "Mozilla/5.0 (compatible; Googlebot/2.1; +http://www.google.com/bot.html)"
181.42.128.27 - - [28/Apr/2026:23:32:12 +0300] "POST /xmlrpc.php HTTP/2" 200 141 "-" "WordPress/XMLRPC Client"
185.216.113.70 - - [28/Apr/2026:23:32:38 +0300] "POST /wp-cron.php?doing_wp_cron=1777408358.3557229042053222656250 HTTP/1.1" 200 448 "-" "WordPress/6.3.8; https://serhatburke.miroglu.net"
181.42.128.27 - - [28/Apr/2026:23:32:26 +0300] "GET /?p=142702 HTTP/2" 301 0 "-" "Mozilla/5.0 (Windows NT 10.0; Win64; x64) AppleWebKit/537.36 (KHTML, like Gecko) Chrome/120.0.0.0 Safari/537.36"
91.242.215.67 - - [28/Apr/2026:23:32:45 +0300] "POST /xmlrpc.php HTTP/1.1" 200 630 "-" "Mozilla/5.0 (Windows NT 10.0; Win64; x64) AppleWebKit/537.36 (KHTML, like Gecko) Chrome/114.0.0.0 Safari/537.36"
91.242.215.67 - - [28/Apr/2026:23:33:07 +0300] "POST /xmlrpc.php HTTP/1.1" 200 13524 "-" "Mozilla/5.0 (Windows NT 10.0; Win64; x64) AppleWebKit/537.36 (KHTML, like Gecko) Chrome/114.0.0.0 Safari/537.36"
82.25.62.125 - - [28/Apr/2026:23:33:20 +0300] "GET /88701-2/ HTTP/1.1" 200 18389 "-" "Mozilla/5.0 (compatible; Googlebot/2.1; +http://www.google.com/bot.html)"
91.242.215.67 - - [28/Apr/2026:23:33:24 +0300] "GET /bei-ubereinkommen-anbietern-seien-nebensachlich-spielsaal-einzahlungen-uber-telefonrechnung-leistungen/ HTTP/1.1" 200 79266 "-" "Mozilla/5.0 (Windows NT 10.0; Win64; x64) AppleWebKit/537.36 (KHTML, like Gecko) Chrome/123.0.0.0 Safari/537.36"
185.216.113.70 - - [28/Apr/2026:23:34:21 +0300] "POST /wp-cron.php?doing_wp_cron=1777408461.7377810478210449218750 HTTP/1.1" 200 448 "-" "WordPress/6.3.8; https://serhatburke.miroglu.net"
185.244.180.165 - - [28/Apr/2026:23:34:09 +0300] "POST /xmlrpc.php HTTP/1.1" 200 225684 "-" "Mozilla/5.0 (Windows NT 10.0; WOW64; x64) AppleWebKit/537.36 (KHTML, like Gecko) Chrome/114.0.0.0 Safari/537.36 OPR/89.0.4447.51"
57.128.22.95 - - [28/Apr/2026:23:34:22 +0300] "GET /35849-2/ HTTP/1.1" 200 18386 "-" "Mozilla/5.0 (compatible; Googlebot/2.1; +http://www.google.com/bot.html)"
128.14.102.152 - - [28/Apr/2026:23:34:23 +0300] "POST /xmlrpc.php HTTP/1.1" 200 630 "-" "Mozilla/5.0 (Windows NT 10.0; Win64; x64) AppleWebKit/537.36 (KHTML, like Gecko) Chrome/114.0.0.0 Safari/537.36"
185.244.180.165 - - [28/Apr/2026:23:34:38 +0300] "POST /xmlrpc.php HTTP/1.1" 200 903 "-" "Mozilla/5.0 (Windows NT 10.0; WOW64; x64) AppleWebKit/537.36 (KHTML, like Gecko) Chrome/114.0.0.0 Safari/537.36 OPR/89.0.4447.51"
185.216.113.70 - - [28/Apr/2026:23:35:00 +0300] "POST /wp-cron.php?doing_wp_cron=1777408500.4290690422058105468750 HTTP/1.1" 200 448 "-" "WordPress/6.3.8; https://serhatburke.miroglu.net"
128.14.102.152 - - [28/Apr/2026:23:34:48 +0300] "POST /xmlrpc.php HTTP/1.1" 200 15960 "-" "Mozilla/5.0 (Windows NT 10.0; Win64; x64) AppleWebKit/537.36 (KHTML, like Gecko) Chrome/114.0.0.0 Safari/537.36"
57.128.22.95 - - [28/Apr/2026:23:35:02 +0300] "GET /zotabet-casino-bonus-premier-depot-2026/ HTTP/1.1" 200 19099 "-" "Mozilla/5.0 (compatible; Googlebot/2.1; +http://www.google.com/bot.html)"
128.14.102.152 - - [28/Apr/2026:23:35:02 +0300] "GET /entdecke-dahinter-dieser-s-steuern-eye-of-horus-kostenfrei-ohne-anmeldung-so-spielst-respons-nur-opportunitat-%E8%A5%BF%E6%BE%A4%E6%A0%AA%E5%BC%8F%E4%BC%9A%E7%A4%BE/ HTTP/1.1" 200 82554 "-" "Mozilla/5.0 (Windows NT 10.0; Win64; x64) AppleWebKit/537.36 (KHTML, like Gecko) Chrome/124.0.0.0 Safari/537.36 Edg/124.0.0.0"
185.244.180.165 - - [28/Apr/2026:23:35:14 +0300] "POST /xmlrpc.php HTTP/1.1" 200 667 "-" "Mozilla/5.0 (Windows NT 10.0; WOW64; x64) AppleWebKit/537.36 (KHTML, like Gecko) Chrome/114.0.0.0 Safari/537.36 OPR/89.0.4447.51"
91.242.215.67 - - [28/Apr/2026:23:35:26 +0300] "POST /xmlrpc.php HTTP/1.1" 200 630 "-" "Mozilla/5.0 (Windows NT 10.0; Win64; x64) AppleWebKit/537.36 (KHTML, like Gecko) Chrome/114.0.0.0 Safari/537.36"
185.216.113.70 - - [28/Apr/2026:23:35:49 +0300] "POST /wp-cron.php?doing_wp_cron=1777408549.7339620590209960937500 HTTP/1.1" 200 448 "-" "WordPress/6.3.8; https://serhatburke.miroglu.net"
185.244.180.165 - - [28/Apr/2026:23:35:36 +0300] "POST /xmlrpc.php HTTP/1.1" 200 706 "-" "Mozilla/5.0 (Windows NT 10.0; WOW64; x64) AppleWebKit/537.36 (KHTML, like Gecko) Chrome/114.0.0.0 Safari/537.36 OPR/89.0.4447.51"
91.242.215.67 - - [28/Apr/2026:23:35:48 +0300] "POST /xmlrpc.php HTTP/1.1" 200 13530 "-" "Mozilla/5.0 (Windows NT 10.0; Win64; x64) AppleWebKit/537.36 (KHTML, like Gecko) Chrome/114.0.0.0 Safari/537.36"
91.242.215.67 - - [28/Apr/2026:23:36:06 +0300] "GET /die-prozedere-die-leser-kuren-oder-ihr-kontostatus-erwahlen-selbige-angemessen-sein-und-limits/ HTTP/1.1" 200 78788 "-" "Mozilla/5.0 (Windows NT 10.0; Win64; x64) AppleWebKit/537.36 (KHTML, like Gecko) Chrome/122.0.0.0 Safari/537.36"
185.216.113.70 - - [28/Apr/2026:23:36:55 +0300] "POST /wp-cron.php?doing_wp_cron=1777408615.0685260295867919921875 HTTP/1.1" 200 448 "-" "WordPress/6.3.8; https://serhatburke.miroglu.net"
57.128.22.95 - - [28/Apr/2026:23:36:42 +0300] "GET /zotabet-casino-bonus-premier-depot-2026/ HTTP/1.1" 200 19217 "-" "Mozilla/5.0 (compatible; Googlebot/2.1; +http://www.google.com/bot.html)"
185.216.113.70 - - [28/Apr/2026:23:38:01 +0300] "POST /wp-cron.php?doing_wp_cron=1777408681.6808850765228271484375 HTTP/1.1" 200 448 "-" "WordPress/6.3.8; https://serhatburke.miroglu.net"
91.242.215.67 - - [28/Apr/2026:23:37:49 +0300] "POST /xmlrpc.php HTTP/1.1" 200 630 "-" "Mozilla/5.0 (Windows NT 10.0; Win64; x64) AppleWebKit/537.36 (KHTML, like Gecko) Chrome/114.0.0.0 Safari/537.36"
91.242.215.67 - - [28/Apr/2026:23:38:17 +0300] "POST /xmlrpc.php HTTP/1.1" 200 12606 "-" "Mozilla/5.0 (Windows NT 10.0; Win64; x64) AppleWebKit/537.36 (KHTML, like Gecko) Chrome/114.0.0.0 Safari/537.36"
185.216.113.70 - - [28/Apr/2026:23:38:49 +0300] "POST /wp-cron.php?doing_wp_cron=1777408729.3339118957519531250000 HTTP/1.1" 200 448 "-" "WordPress/6.3.8; https://serhatburke.miroglu.net"
91.242.215.67 - - [28/Apr/2026:23:38:38 +0300] "GET /hier-der-deutsches-casino-verbunden-kryptowahrungen-akzeptiert-kontakt-haben-diese-so-sehr-eres-einander-um-die-zuverlassige-spielumgebung-handelt/ HTTP/1.1" 200 79404 "-" "Mozilla/5.0 (Windows NT 10.0; Win64; x64) AppleWebKit/537.36 (KHTML, like Gecko) Chrome/123.0.0.0 Safari/537.36 OPR/109.0.0.0"
128.14.102.152 - - [28/Apr/2026:23:39:23 +0300] "POST /xmlrpc.php HTTP/1.1" 200 630 "-" "Mozilla/5.0 (Windows NT 10.0; Win64; x64) AppleWebKit/537.36 (KHTML, like Gecko) Chrome/114.0.0.0 Safari/537.36"
185.216.113.70 - - [28/Apr/2026:23:39:53 +0300] "POST /wp-cron.php?doing_wp_cron=1777408792.8989980220794677734375 HTTP/1.1" 200 448 "-" "WordPress/6.3.8; https://serhatburke.miroglu.net"
