165.231.101.129 - - [28/Apr/2026:12:18:06 +0300] "GET /wp-login.php HTTP/1.1" 200 3750 "https://serhatburke.miroglu.net/7k-casino-%d1%81%d0%b0%d0%b9%d1%82-%d0%bb%d1%83%d1%87%d1%88%d0%b8%d0%b5-%d0%b8%d0%b3%d1%80%d1%8b-%d0%b1%d0%be%d0%bd%d1%83%d1%81%d1%8b-%d0%b8-%d1%83%d0%b4%d0%be%d0%b1%d0%bd%d1%8b%d0%b5/" "Mozilla/5.0 (Windows NT 6.3; Win64; x64) AppleWebKit/537.36 (KHTML, like Gecko) Chrome/103.0.0.0 Safari/537.36"
62.12.118.37 - - [28/Apr/2026:12:18:17 +0300] "GET /best-the-newest-you-s-online-casinos-to-own-2026-current-real-money-choices/ HTTP/1.1" 200 80378 "-" "Mozilla/5.0 (Windows NT 10.0; Win64; x64) AppleWebKit/537.36 (KHTML, like Gecko) Chrome/109.0.0.0 Safari/537.36"
165.231.101.129 - - [28/Apr/2026:12:18:21 +0300] "GET /wp-login.php HTTP/1.1" 200 3750 "https://serhatburke.miroglu.net/wp-login.php" "Mozilla/5.0 (Windows NT 6.3; Win64; x64) AppleWebKit/537.36 (KHTML, like Gecko) Chrome/103.0.0.0 Safari/537.36"
185.216.113.70 - - [28/Apr/2026:12:18:47 +0300] "POST /wp-cron.php?doing_wp_cron=1777367927.2527379989624023437500 HTTP/1.1" 200 448 "-" "WordPress/6.3.8; https://serhatburke.miroglu.net"
165.231.101.129 - - [28/Apr/2026:12:18:34 +0300] "POST /wp-login.php HTTP/1.1" 302 1537 "https://serhatburke.miroglu.net/wp-login.php" "Mozilla/5.0 (Windows NT 6.3; Win64; x64) AppleWebKit/537.36 (KHTML, like Gecko) Chrome/103.0.0.0 Safari/537.36"
165.231.101.129 - - [28/Apr/2026:12:18:47 +0300] "GET /wp-admin/ HTTP/1.1" 200 216962 "https://serhatburke.miroglu.net/wp-login.php" "Mozilla/5.0 (Windows NT 6.3; Win64; x64) AppleWebKit/537.36 (KHTML, like Gecko) Chrome/103.0.0.0 Safari/537.36"
52.167.144.159 - - [28/Apr/2026:12:18:50 +0300] "GET /atomic-wallet-your-path-to-simplified-crypto-management/ HTTP/2" 200 17681 "-" "Mozilla/5.0 AppleWebKit/537.36 (KHTML, like Gecko; compatible; bingbot/2.0; +http://www.bing.com/bingbot.htm) Chrome/116.0.1938.76 Safari/537.36"
165.231.101.129 - - [28/Apr/2026:12:19:08 +0300] "GET /xmlrpc.php HTTP/1.1" 405 606 "https://serhatburke.miroglu.net/wp-admin/" "Mozilla/5.0 (Windows NT 6.3; Win64; x64) AppleWebKit/537.36 (KHTML, like Gecko) Chrome/103.0.0.0 Safari/537.36"
185.216.113.70 - - [28/Apr/2026:12:19:34 +0300] "POST /wp-cron.php?doing_wp_cron=1777367973.9720509052276611328125 HTTP/1.1" 200 448 "-" "WordPress/6.3.8; https://serhatburke.miroglu.net"
165.231.101.129 - - [28/Apr/2026:12:19:21 +0300] "POST /xmlrpc.php HTTP/1.1" 200 631 "https://serhatburke.miroglu.net/xmlrpc.php" "Mozilla/5.0 (Windows NT 6.3; Win64; x64) AppleWebKit/537.36 (KHTML, like Gecko) Chrome/103.0.0.0 Safari/537.36"
62.12.118.37 - - [28/Apr/2026:12:19:23 +0300] "POST /xmlrpc.php HTTP/1.1" 200 630 "-" "Mozilla/5.0 (Windows NT 10.0; Win64; x64) AppleWebKit/537.36 (KHTML, like Gecko) Chrome/114.0.0.0 Safari/537.36"
165.231.101.129 - - [28/Apr/2026:12:19:34 +0300] "POST /xmlrpc.php HTTP/1.1" 200 640 "https://serhatburke.miroglu.net/xmlrpc.php" "Mozilla/5.0 (Windows NT 6.3; Win64; x64) AppleWebKit/537.36 (KHTML, like Gecko) Chrome/103.0.0.0 Safari/537.36"
62.12.118.37 - - [28/Apr/2026:12:19:43 +0300] "POST /xmlrpc.php HTTP/1.1" 200 16838 "-" "Mozilla/5.0 (Windows NT 10.0; Win64; x64) AppleWebKit/537.36 (KHTML, like Gecko) Chrome/114.0.0.0 Safari/537.36"
64.137.73.94 - - [28/Apr/2026:12:19:45 +0300] "POST /xmlrpc.php HTTP/1.1" 200 730 "-" "axios/1.11.0"
185.216.113.70 - - [28/Apr/2026:12:20:17 +0300] "POST /wp-cron.php?doing_wp_cron=1777368016.9670329093933105468750 HTTP/1.1" 200 448 "-" "WordPress/6.3.8; https://serhatburke.miroglu.net"
165.231.101.129 - - [28/Apr/2026:12:19:51 +0300] "GET /?p=142131 HTTP/1.1" 301 712 "https://serhatburke.miroglu.net/xmlrpc.php" "Mozilla/5.0 (Windows NT 6.3; Win64; x64) AppleWebKit/537.36 (KHTML, like Gecko) Chrome/103.0.0.0 Safari/537.36"
209.242.201.8 - - [28/Apr/2026:12:19:55 +0300] "POST /xmlrpc.php HTTP/1.1" 200 730 "-" "axios/1.11.0"
67.227.113.214 - - [28/Apr/2026:12:20:06 +0300] "POST /xmlrpc.php HTTP/1.1" 200 730 "-" "axios/1.11.0"
62.12.118.37 - - [28/Apr/2026:12:20:09 +0300] "GET /triple-twice-diamond-slots-apps-on-the-internet-enjoy/ HTTP/1.1" 200 80326 "-" "Mozilla/5.0 (Windows NT 10.0; rv:125.0) Gecko/20100101 Firefox/125.0"
165.231.101.129 - - [28/Apr/2026:12:20:19 +0300] "GET /7k-casino-%d1%81%d0%b0%d0%b9%d1%82-for-beginners-and-everyone-else/ HTTP/1.1" 200 117147 "https://serhatburke.miroglu.net/?p=142131" "Mozilla/5.0 (Windows NT 6.3; Win64; x64) AppleWebKit/537.36 (KHTML, like Gecko) Chrome/103.0.0.0 Safari/537.36"
62.12.118.37 - - [28/Apr/2026:12:20:57 +0300] "POST /xmlrpc.php HTTP/1.1" 200 630 "-" "Mozilla/5.0 (Windows NT 10.0; Win64; x64) AppleWebKit/537.36 (KHTML, like Gecko) Chrome/114.0.0.0 Safari/537.36"
185.216.113.70 - - [28/Apr/2026:12:21:29 +0300] "POST /wp-cron.php?doing_wp_cron=1777368089.2997369766235351562500 HTTP/1.1" 200 448 "-" "WordPress/6.3.8; https://serhatburke.miroglu.net"
62.12.118.37 - - [28/Apr/2026:12:21:17 +0300] "POST /xmlrpc.php HTTP/1.1" 200 16900 "-" "Mozilla/5.0 (Windows NT 10.0; Win64; x64) AppleWebKit/537.36 (KHTML, like Gecko) Chrome/114.0.0.0 Safari/537.36"
62.12.118.37 - - [28/Apr/2026:12:21:30 +0300] "GET /totally-free-ports-totally-free-casino-games-on-the-internet/ HTTP/1.1" 200 80372 "-" "Mozilla/5.0 (Windows NT 10.0; Win64; x64) AppleWebKit/537.36 (KHTML, like Gecko) Chrome/124.0.0.0 Safari/537.36"
57.128.22.95 - - [28/Apr/2026:12:21:55 +0300] "GET /zotabet-casino-bonus-premier-depot-2026/ HTTP/1.1" 200 19124 "-" "Mozilla/5.0 (compatible; Googlebot/2.1; +http://www.google.com/bot.html)"
185.216.113.70 - - [28/Apr/2026:12:22:43 +0300] "POST /wp-cron.php?doing_wp_cron=1777368163.2848999500274658203125 HTTP/1.1" 200 448 "-" "WordPress/6.3.8; https://serhatburke.miroglu.net"
62.12.118.37 - - [28/Apr/2026:12:22:30 +0300] "POST /xmlrpc.php HTTP/1.1" 200 630 "-" "Mozilla/5.0 (Windows NT 10.0; Win64; x64) AppleWebKit/537.36 (KHTML, like Gecko) Chrome/114.0.0.0 Safari/537.36"
62.12.118.37 - - [28/Apr/2026:12:22:50 +0300] "POST /xmlrpc.php HTTP/1.1" 200 15784 "-" "Mozilla/5.0 (Windows NT 10.0; Win64; x64) AppleWebKit/537.36 (KHTML, like Gecko) Chrome/114.0.0.0 Safari/537.36"
62.12.118.37 - - [28/Apr/2026:12:23:04 +0300] "GET /financing-page-link-creating-really-the-only-direct-you-you-need/ HTTP/1.1" 200 79689 "-" "Mozilla/5.0 (Windows NT 10.0; Win64; x64) AppleWebKit/537.36 (KHTML, like Gecko) Chrome/109.0.0.0 Safari/537.36"
50.70.204.253 - - [28/Apr/2026:12:23:11 +0300] "POST /xmlrpc.php HTTP/2" 200 141 "-" "Mozilla/5.0"
191.102.167.107 - - [28/Apr/2026:12:23:14 +0300] "GET /7k-casino-%d1%81%d0%b0%d0%b9%d1%82-for-beginners-and-everyone-else/ HTTP/1.1" 200 24193 "-" "Mozilla/5.0 (compatible; Googlebot/2.1; +http://www.google.com/bot.html)"
185.216.113.70 - - [28/Apr/2026:12:23:39 +0300] "POST /wp-cron.php?doing_wp_cron=1777368219.0599920749664306640625 HTTP/1.1" 200 448 "-" "WordPress/6.3.8; https://serhatburke.miroglu.net"
50.70.204.253 - - [28/Apr/2026:12:23:26 +0300] "GET /?p=142137 HTTP/2" 301 0 "-" "Mozilla/5.0 (Windows NT 10.0; Win64; x64) AppleWebKit/537.36 (KHTML, like Gecko) Chrome/120.0.0.0 Safari/537.36"
191.102.167.107 - - [28/Apr/2026:12:23:35 +0300] "GET /unanswered-questions-into-7%d0%ba-%d0%ba%d0%b0%d0%b7%d0%b8%d0%bd%d0%be-%d0%b2%d1%85%d0%be%d0%b4-revealed/ HTTP/1.1" 200 23141 "-" "Mozilla/5.0 (compatible; Googlebot/2.1; +http://www.google.com/bot.html)"
50.70.204.253 - - [28/Apr/2026:12:23:46 +0300] "POST /xmlrpc.php HTTP/2" 200 141 "-" "Mozilla/5.0"
62.12.118.37 - - [28/Apr/2026:12:23:51 +0300] "POST /xmlrpc.php HTTP/1.1" 200 630 "-" "Mozilla/5.0 (Windows NT 10.0; Win64; x64) AppleWebKit/537.36 (KHTML, like Gecko) Chrome/114.0.0.0 Safari/537.36"
50.70.204.253 - - [28/Apr/2026:12:24:02 +0300] "POST /xmlrpc.php HTTP/2" 200 136 "-" "Mozilla/5.0"
62.12.118.37 - - [28/Apr/2026:12:24:12 +0300] "POST /xmlrpc.php HTTP/1.1" 200 17033 "-" "Mozilla/5.0 (Windows NT 10.0; Win64; x64) AppleWebKit/537.36 (KHTML, like Gecko) Chrome/114.0.0.0 Safari/537.36"
185.216.113.70 - - [28/Apr/2026:12:24:30 +0300] "POST /wp-cron.php?doing_wp_cron=1777368270.3006210327148437500000 HTTP/1.1" 200 448 "-" "WordPress/6.3.8; https://serhatburke.miroglu.net"
50.70.204.253 - - [28/Apr/2026:12:24:17 +0300] "GET /?p=142139 HTTP/2" 301 0 "-" "Mozilla/5.0 (Windows NT 10.0; Win64; x64) AppleWebKit/537.36 (KHTML, like Gecko) Chrome/120.0.0.0 Safari/537.36"
62.12.118.37 - - [28/Apr/2026:12:24:27 +0300] "GET /finest-best-btc-crypto-gambling-enterprises/ HTTP/1.1" 200 80457 "-" "Mozilla/5.0 (Windows NT 10.0; Win64; x64) AppleWebKit/537.36 (KHTML, like Gecko) Chrome/124.0.0.0 Safari/537.36 Edg/124.0.0.0"
177.12.17.63 - - [28/Apr/2026:12:24:37 +0300] "POST /xmlrpc.php HTTP/2" 200 141 "-" "Mozilla/5.0"
177.12.17.63 - - [28/Apr/2026:12:24:52 +0300] "GET /?p=142144 HTTP/2" 301 0 "-" "Mozilla/5.0 (Windows NT 10.0; Win64; x64) AppleWebKit/537.36 (KHTML, like Gecko) Chrome/120.0.0.0 Safari/537.36"
62.12.118.37 - - [28/Apr/2026:12:25:10 +0300] "POST /xmlrpc.php HTTP/1.1" 200 630 "-" "Mozilla/5.0 (Windows NT 10.0; Win64; x64) AppleWebKit/537.36 (KHTML, like Gecko) Chrome/114.0.0.0 Safari/537.36"
177.12.17.63 - - [28/Apr/2026:12:25:16 +0300] "POST /xmlrpc.php HTTP/2" 200 141 "-" "Mozilla/5.0"
185.216.113.70 - - [28/Apr/2026:12:25:45 +0300] "POST /wp-cron.php?doing_wp_cron=1777368345.2660000324249267578125 HTTP/1.1" 200 448 "-" "WordPress/6.3.8; https://serhatburke.miroglu.net"
62.12.118.37 - - [28/Apr/2026:12:25:30 +0300] "POST /xmlrpc.php HTTP/1.1" 200 16521 "-" "Mozilla/5.0 (Windows NT 10.0; Win64; x64) AppleWebKit/537.36 (KHTML, like Gecko) Chrome/114.0.0.0 Safari/537.36"
177.12.17.63 - - [28/Apr/2026:12:25:31 +0300] "POST /xmlrpc.php HTTP/2" 200 136 "-" "Mozilla/5.0"
62.12.118.37 - - [28/Apr/2026:12:25:47 +0300] "GET /100-percent-free-ports-enjoy-more-3000-position-video-game-on-the-internet-at-no-cost/ HTTP/1.1" 200 80610 "-" "Mozilla/5.0 (Windows NT 10.0; rv:109.0) Gecko/20100101 Firefox/115.0"
177.12.17.63 - - [28/Apr/2026:12:25:49 +0300] "GET /?p=142148 HTTP/2" 301 0 "-" "Mozilla/5.0 (Windows NT 10.0; Win64; x64) AppleWebKit/537.36 (KHTML, like Gecko) Chrome/120.0.0.0 Safari/537.36"
62.12.118.37 - - [28/Apr/2026:12:26:15 +0300] "POST /xmlrpc.php HTTP/1.1" 200 630 "-" "Mozilla/5.0 (Windows NT 10.0; Win64; x64) AppleWebKit/537.36 (KHTML, like Gecko) Chrome/114.0.0.0 Safari/537.36"
190.8.175.113 - - [28/Apr/2026:12:26:14 +0300] "POST /xmlrpc.php HTTP/2" 200 141 "-" "Mozilla/5.0"
185.216.113.70 - - [28/Apr/2026:12:26:42 +0300] "POST /wp-cron.php?doing_wp_cron=1777368402.8043320178985595703125 HTTP/1.1" 200 448 "-" "WordPress/6.3.8; https://serhatburke.miroglu.net"
62.12.118.37 - - [28/Apr/2026:12:26:35 +0300] "POST /xmlrpc.php HTTP/1.1" 200 15882 "-" "Mozilla/5.0 (Windows NT 10.0; Win64; x64) AppleWebKit/537.36 (KHTML, like Gecko) Chrome/114.0.0.0 Safari/537.36"
190.8.175.113 - - [28/Apr/2026:12:26:29 +0300] "GET /?p=142153 HTTP/2" 301 0 "-" "Mozilla/5.0 (Windows NT 10.0; Win64; x64) AppleWebKit/537.36 (KHTML, like Gecko) Chrome/120.0.0.0 Safari/537.36"
190.8.175.113 - - [28/Apr/2026:12:26:50 +0300] "POST /xmlrpc.php HTTP/2" 200 141 "-" "Mozilla/5.0"
62.12.118.37 - - [28/Apr/2026:12:26:49 +0300] "GET /make-your-individual-gambling-enterprise-application/ HTTP/1.1" 200 79471 "-" "Mozilla/5.0 (Windows NT 10.0; Win64; x64; rv:125.0) Gecko/20100101 Firefox/125.0"
190.8.175.113 - - [28/Apr/2026:12:27:07 +0300] "POST /xmlrpc.php HTTP/2" 200 136 "-" "Mozilla/5.0"
185.216.113.70 - - [28/Apr/2026:12:27:42 +0300] "POST /wp-cron.php?doing_wp_cron=1777368462.2491989135742187500000 HTTP/1.1" 200 448 "-" "WordPress/6.3.8; https://serhatburke.miroglu.net"
52.167.144.158 - - [28/Apr/2026:12:27:13 +0300] "GET /kraken-aktual-nye-ssylki-i-bezopasnyi-dostup-2026-8/ HTTP/2" 200 18549 "-" "Mozilla/5.0 AppleWebKit/537.36 (KHTML, like Gecko; compatible; bingbot/2.0; +http://www.bing.com/bingbot.htm) Chrome/116.0.1938.76 Safari/537.36"
52.167.144.157 - - [28/Apr/2026:12:27:15 +0300] "GET /discover-tronscan-your-ultimate-resource-for-tron-tracking/ HTTP/2" 200 17992 "-" "Mozilla/5.0 AppleWebKit/537.36 (KHTML, like Gecko; compatible; bingbot/2.0; +http://www.bing.com/bingbot.htm) Chrome/116.0.1938.76 Safari/537.36"
155.94.150.97 - - [28/Apr/2026:12:27:26 +0300] "GET /zotabet-casino-bonus-premier-depot-2026/ HTTP/1.1" 200 0 "-" "Mozilla/5.0 (compatible; Googlebot/2.1; +http://www.google.com/bot.html)"
190.8.175.113 - - [28/Apr/2026:12:27:31 +0300] "GET /?p=142155 HTTP/2" 301 0 "-" "Mozilla/5.0 (Windows NT 10.0; Win64; x64) AppleWebKit/537.36 (KHTML, like Gecko) Chrome/120.0.0.0 Safari/537.36"
62.12.118.37 - - [28/Apr/2026:12:27:37 +0300] "POST /xmlrpc.php HTTP/1.1" 200 630 "-" "Mozilla/5.0 (Windows NT 10.0; Win64; x64) AppleWebKit/537.36 (KHTML, like Gecko) Chrome/114.0.0.0 Safari/537.36"
52.167.144.158 - - [28/Apr/2026:12:27:51 +0300] "GET /recenzia-kasina-playamo-2026-ziskajte-vulkan-vegas-stavka-uvitaci-bonus-300-dolarov/ HTTP/2" 200 18701 "-" "Mozilla/5.0 AppleWebKit/537.36 (KHTML, like Gecko; compatible; bingbot/2.0; +http://www.bing.com/bingbot.htm) Chrome/116.0.1938.76 Safari/537.36"
40.77.167.78 - - [28/Apr/2026:12:28:00 +0300] "GET /bonos-de-jimi-hendrix-maquina-tragamonedas-giros-de-balde-sobre-mexico-relacion-sobre-casinos-2026/ HTTP/2" 200 20491 "-" "Mozilla/5.0 AppleWebKit/537.36 (KHTML, like Gecko; compatible; bingbot/2.0; +http://www.bing.com/bingbot.htm) Chrome/116.0.1938.76 Safari/537.36"
192.3.241.98 - - [28/Apr/2026:12:28:04 +0300] "GET /beste-casino-site-belgie-hoge-inzet/ HTTP/1.1" 200 19265 "-" "Mozilla/5.0 (X11; Fedora; Linux x86_64; rv:114.0) Gecko/20100101 Firefox/114.0"
83.142.54.100 - - [28/Apr/2026:12:28:06 +0300] "GET / HTTP/2" 200 20865 "-" "Mozilla/5.0 (Macintosh; Intel Mac OS X 10_15_7) AppleWebKit/537.36 (KHTML, like Gecko) Chrome/120.0.0.0 Safari/537.36"
62.12.118.37 - - [28/Apr/2026:12:28:13 +0300] "POST /xmlrpc.php HTTP/1.1" 200 17173 "-" "Mozilla/5.0 (Windows NT 10.0; Win64; x64) AppleWebKit/537.36 (KHTML, like Gecko) Chrome/114.0.0.0 Safari/537.36"
185.216.113.70 - - [28/Apr/2026:12:28:51 +0300] "POST /wp-cron.php?doing_wp_cron=1777368531.5096409320831298828125 HTTP/1.1" 200 448 "-" "WordPress/6.3.8; https://serhatburke.miroglu.net"
62.12.118.37 - - [28/Apr/2026:12:28:36 +0300] "GET /bitcoin-gambling-enterprises-growth-inside-the-nevada-how-crypto-is-framing-court-playing/ HTTP/1.1" 200 81644 "-" "Mozilla/5.0 (Windows NT 10.0; Win64; x64) AppleWebKit/537.36 (KHTML, like Gecko) Chrome/123.0.0.0 Safari/537.36 OPR/109.0.0.0"
62.12.118.37 - - [28/Apr/2026:12:28:41 +0300] "POST /xmlrpc.php HTTP/1.1" 200 630 "-" "Mozilla/5.0 (Windows NT 10.0; Win64; x64) AppleWebKit/537.36 (KHTML, like Gecko) Chrome/114.0.0.0 Safari/537.36"
62.12.118.37 - - [28/Apr/2026:12:29:02 +0300] "POST /xmlrpc.php HTTP/1.1" 200 16091 "-" "Mozilla/5.0 (Windows NT 10.0; Win64; x64) AppleWebKit/537.36 (KHTML, like Gecko) Chrome/114.0.0.0 Safari/537.36"
62.12.118.37 - - [28/Apr/2026:12:29:19 +0300] "GET /the-best-10-deposit-gambling-establishment-extra-also-offers-in-the-uk-to-own-2026/ HTTP/1.1" 200 80454 "-" "Mozilla/5.0 (Windows NT 10.0; Win64; x64) AppleWebKit/537.36 (KHTML, like Gecko) Chrome/124.0.0.0 Safari/537.36"
185.216.113.70 - - [28/Apr/2026:12:29:54 +0300] "POST /wp-cron.php?doing_wp_cron=1777368594.6469759941101074218750 HTTP/1.1" 200 448 "-" "WordPress/6.3.8; https://serhatburke.miroglu.net"
62.12.118.37 - - [28/Apr/2026:12:29:42 +0300] "POST /xmlrpc.php HTTP/1.1" 200 630 "-" "Mozilla/5.0 (Windows NT 10.0; Win64; x64) AppleWebKit/537.36 (KHTML, like Gecko) Chrome/114.0.0.0 Safari/537.36"
196.196.160.188 - - [28/Apr/2026:12:29:55 +0300] "GET /7k-casino-%d1%81%d0%b0%d0%b9%d1%82-%d0%bb%d1%83%d1%87%d1%88%d0%b8%d0%b5-%d0%b8%d0%b3%d1%80%d1%8b-%d0%b1%d0%be%d0%bd%d1%83%d1%81%d1%8b-%d0%b8-%d1%83%d0%b4%d0%be%d0%b1%d0%bd%d1%8b%d0%b5/ HTTP/1.1" 200 25205 "https://serhatburke.miroglu.net/" "Mozilla/5.0 (X11; Linux x86_64; rv:109.0) Gecko/20100101 Firefox/119.0"
62.12.118.37 - - [28/Apr/2026:12:30:01 +0300] "POST /xmlrpc.php HTTP/1.1" 200 16733 "-" "Mozilla/5.0 (Windows NT 10.0; Win64; x64) AppleWebKit/537.36 (KHTML, like Gecko) Chrome/114.0.0.0 Safari/537.36"
196.196.160.110 - - [28/Apr/2026:12:29:59 +0300] "GET /cat-casino-for-dollars-seminar/ HTTP/1.1" 200 23002 "https://serhatburke.miroglu.net/" "Mozilla/5.0 (X11; Linux x86_64; rv:109.0) Gecko/20100101 Firefox/119.0"
196.196.160.188 - - [28/Apr/2026:12:30:20 +0300] "GET /wp-login.php HTTP/1.1" 200 3750 "https://serhatburke.miroglu.net/7k-casino-%d1%81%d0%b0%d0%b9%d1%82-%d0%bb%d1%83%d1%87%d1%88%d0%b8%d0%b5-%d0%b8%d0%b3%d1%80%d1%8b-%d0%b1%d0%be%d0%bd%d1%83%d1%81%d1%8b-%d0%b8-%d1%83%d0%b4%d0%be%d0%b1%d0%bd%d1%8b%d0%b5/" "Mozilla/5.0 (Windows NT 6.3; Win64; x64) AppleWebKit/537.36 (KHTML, like Gecko) Chrome/103.0.0.0 Safari/537.36"
185.216.113.70 - - [28/Apr/2026:12:30:42 +0300] "POST /wp-cron.php?doing_wp_cron=1777368642.0477299690246582031250 HTTP/1.1" 200 448 "-" "WordPress/6.3.8; https://serhatburke.miroglu.net"
62.12.118.37 - - [28/Apr/2026:12:30:25 +0300] "GET /in-love-orient-condition-klaver-safe-internet-casino-consider-the-whole-roadmap-on-the-game-%E5%85%83%E5%BC%81%E8%AD%B7%E5%A3%AB%E3%83%BB%E6%B3%95%E5%BE%8B%E3%83%A9%E3%82%A4%E3%82%BF%E3%83%BC/ HTTP/1.1" 200 84046 "-" "Mozilla/5.0 (Windows NT 10.0; Win64; x64) AppleWebKit/537.36 (KHTML, like Gecko) Chrome/123.0.0.0 Safari/537.36"
196.196.160.110 - - [28/Apr/2026:12:30:25 +0300] "GET /wp-login.php HTTP/1.1" 200 3750 "https://serhatburke.miroglu.net/cat-casino-for-dollars-seminar/" "Mozilla/5.0 (Windows NT 6.3; Win64; x64) AppleWebKit/537.36 (KHTML, like Gecko) Chrome/103.0.0.0 Safari/537.36"
196.196.160.188 - - [28/Apr/2026:12:30:39 +0300] "GET /wp-login.php HTTP/1.1" 200 3750 "https://serhatburke.miroglu.net/wp-login.php" "Mozilla/5.0 (Windows NT 6.3; Win64; x64) AppleWebKit/537.36 (KHTML, like Gecko) Chrome/103.0.0.0 Safari/537.36"
196.196.160.110 - - [28/Apr/2026:12:30:44 +0300] "GET /wp-login.php HTTP/1.1" 200 3750 "https://serhatburke.miroglu.net/wp-login.php" "Mozilla/5.0 (Windows NT 6.3; Win64; x64) AppleWebKit/537.36 (KHTML, like Gecko) Chrome/103.0.0.0 Safari/537.36"
62.12.118.37 - - [28/Apr/2026:12:30:56 +0300] "POST /xmlrpc.php HTTP/1.1" 200 630 "-" "Mozilla/5.0 (Windows NT 10.0; Win64; x64) AppleWebKit/537.36 (KHTML, like Gecko) Chrome/114.0.0.0 Safari/537.36"
196.196.160.188 - - [28/Apr/2026:12:30:58 +0300] "POST /wp-login.php HTTP/1.1" 302 1537 "https://serhatburke.miroglu.net/wp-login.php" "Mozilla/5.0 (Windows NT 6.3; Win64; x64) AppleWebKit/537.36 (KHTML, like Gecko) Chrome/103.0.0.0 Safari/537.36"
196.196.160.110 - - [28/Apr/2026:12:31:05 +0300] "POST /wp-login.php HTTP/1.1" 302 1537 "https://serhatburke.miroglu.net/wp-login.php" "Mozilla/5.0 (Windows NT 6.3; Win64; x64) AppleWebKit/537.36 (KHTML, like Gecko) Chrome/103.0.0.0 Safari/537.36"
57.128.22.95 - - [28/Apr/2026:12:31:01 +0300] "GET /zotabet-casino-bonus-premier-depot-2026/ HTTP/1.1" 200 19311 "https://serhatburke.miroglu.net/" "Mozilla/5.0 (Macintosh; Intel Mac OS X 10_15_7) AppleWebKit/537.36 (KHTML, like Gecko) Chrome/143.0.0.0 Safari/537.36"
167.160.180.96 - - [28/Apr/2026:12:31:29 +0300] "GET /wp-includes/css/dist/block-library/style.min.css?ver=6.3.8 HTTP/1.1" 200 13578 "https://serhatburke.miroglu.net/zotabet-casino-bonus-premier-depot-2026/" "Mozilla/5.0 (Windows NT 10.0; Win64; x64) AppleWebKit/537.36 (KHTML, like Gecko) Chrome/145.0.0.0 Safari/537.36"
167.160.180.96 - - [28/Apr/2026:12:31:31 +0300] "GET /wp-content/plugins/contact-form-7/includes/css/styles.css?ver=5.8 HTTP/1.1" 200 1490 "https://serhatburke.miroglu.net/zotabet-casino-bonus-premier-depot-2026/" "Mozilla/5.0 (Windows NT 10.0; Win64; x64) AppleWebKit/537.36 (KHTML, like Gecko) Chrome/145.0.0.0 Safari/537.36"
167.160.180.96 - - [28/Apr/2026:12:31:33 +0300] "GET /wp-content/themes/toppic/css/fontello.css?ver=4.2 HTTP/1.1" 200 1802 "https://serhatburke.miroglu.net/zotabet-casino-bonus-premier-depot-2026/" "Mozilla/5.0 (Windows NT 10.0; Win64; x64) AppleWebKit/537.36 (KHTML, like Gecko) Chrome/145.0.0.0 Safari/537.36"
167.160.180.96 - - [28/Apr/2026:12:31:34 +0300] "GET /wp-content/themes/toppic/css/reset.css?ver=4.2 HTTP/1.1" 200 1178 "https://serhatburke.miroglu.net/zotabet-casino-bonus-premier-depot-2026/" "Mozilla/5.0 (Windows NT 10.0; Win64; x64) AppleWebKit/537.36 (KHTML, like Gecko) Chrome/145.0.0.0 Safari/537.36"
167.160.180.96 - - [28/Apr/2026:12:31:35 +0300] "GET /wp-content/themes/toppic/css/default.css?ver=4.2 HTTP/1.1" 200 1811 "https://serhatburke.miroglu.net/zotabet-casino-bonus-premier-depot-2026/" "Mozilla/5.0 (Windows NT 10.0; Win64; x64) AppleWebKit/537.36 (KHTML, like Gecko) Chrome/145.0.0.0 Safari/537.36"
167.160.180.96 - - [28/Apr/2026:12:31:37 +0300] "GET /wp-content/themes/toppic/style.css?ver=4.2 HTTP/1.1" 200 23398 "https://serhatburke.miroglu.net/zotabet-casino-bonus-premier-depot-2026/" "Mozilla/5.0 (Windows NT 10.0; Win64; x64) AppleWebKit/537.36 (KHTML, like Gecko) Chrome/145.0.0.0 Safari/537.36"
167.160.180.96 - - [28/Apr/2026:12:31:38 +0300] "GET /wp-content/themes/toppic/css/royalslider.css?ver=4.2 HTTP/1.1" 200 1887 "https://serhatburke.miroglu.net/zotabet-casino-bonus-premier-depot-2026/" "Mozilla/5.0 (Windows NT 10.0; Win64; x64) AppleWebKit/537.36 (KHTML, like Gecko) Chrome/145.0.0.0 Safari/537.36"
167.160.180.96 - - [28/Apr/2026:12:31:39 +0300] "GET /wp-content/themes/toppic/css/rs-default.css?ver=4.2 HTTP/1.1" 200 2625 "https://serhatburke.miroglu.net/zotabet-casino-bonus-premier-depot-2026/" "Mozilla/5.0 (Windows NT 10.0; Win64; x64) AppleWebKit/537.36 (KHTML, like Gecko) Chrome/145.0.0.0 Safari/537.36"
167.160.180.96 - - [28/Apr/2026:12:31:41 +0300] "GET /wp-content/themes/toppic/css/lightbox.css?ver=4.2 HTTP/1.1" 200 2956 "https://serhatburke.miroglu.net/zotabet-casino-bonus-premier-depot-2026/" "Mozilla/5.0 (Windows NT 10.0; Win64; x64) AppleWebKit/537.36 (KHTML, like Gecko) Chrome/145.0.0.0 Safari/537.36"
167.160.180.96 - - [28/Apr/2026:12:31:42 +0300] "GET /wp-content/themes/toppic/css/woocommerce.css?ver=4.2 HTTP/1.1" 200 2848 "https://serhatburke.miroglu.net/zotabet-casino-bonus-premier-depot-2026/" "Mozilla/5.0 (Windows NT 10.0; Win64; x64) AppleWebKit/537.36 (KHTML, like Gecko) Chrome/145.0.0.0 Safari/537.36"
167.160.180.96 - - [28/Apr/2026:12:31:43 +0300] "GET /wp-content/themes/toppic/css/responsive.css?ver=4.2 HTTP/1.1" 200 2796 "https://serhatburke.miroglu.net/zotabet-casino-bonus-premier-depot-2026/" "Mozilla/5.0 (Windows NT 10.0; Win64; x64) AppleWebKit/537.36 (KHTML, like Gecko) Chrome/145.0.0.0 Safari/537.36"
185.216.113.70 - - [28/Apr/2026:12:31:44 +0300] "POST /wp-cron.php?doing_wp_cron=1777368704.5623459815979003906250 HTTP/1.1" 200 448 "-" "WordPress/6.3.8; https://serhatburke.miroglu.net"
196.196.160.188 - - [28/Apr/2026:12:31:22 +0300] "GET /wp-admin/ HTTP/1.1" 200 216676 "https://serhatburke.miroglu.net/wp-login.php" "Mozilla/5.0 (Windows NT 6.3; Win64; x64) AppleWebKit/537.36 (KHTML, like Gecko) Chrome/103.0.0.0 Safari/537.36"
62.12.118.37 - - [28/Apr/2026:12:31:27 +0300] "POST /xmlrpc.php HTTP/1.1" 200 17317 "-" "Mozilla/5.0 (Windows NT 10.0; Win64; x64) AppleWebKit/537.36 (KHTML, like Gecko) Chrome/114.0.0.0 Safari/537.36"
52.167.144.169 - - [28/Apr/2026:12:31:23 +0300] "GET /post-sitemap8.xml HTTP/2" 200 102822 "-" "Mozilla/5.0 AppleWebKit/537.36 (KHTML, like Gecko; compatible; bingbot/2.0; +http://www.bing.com/bingbot.htm) Chrome/116.0.1938.76 Safari/537.36"
196.196.160.110 - - [28/Apr/2026:12:31:28 +0300] "GET /wp-admin/ HTTP/1.1" 200 216545 "https://serhatburke.miroglu.net/wp-login.php" "Mozilla/5.0 (Windows NT 6.3; Win64; x64) AppleWebKit/537.36 (KHTML, like Gecko) Chrome/103.0.0.0 Safari/537.36"
103.98.152.4 - - [28/Apr/2026:12:32:07 +0300] "GET /wp-login.php HTTP/2" 200 0 "-" "Mozilla/5.0 (Macintosh; Intel Mac OS X 10.11; rv:60.0) Gecko/20100101 Firefox/60.0"
167.160.180.96 - - [28/Apr/2026:12:31:45 +0300] "POST /wp-comments-post.php HTTP/1.1" 302 1087 "https://serhatburke.miroglu.net/zotabet-casino-bonus-premier-depot-2026/" "Mozilla/5.0 (Macintosh; Intel Mac OS X 10_15_7) AppleWebKit/537.36 (KHTML, like Gecko) Chrome/143.0.0.0 Safari/537.36"
196.196.160.188 - - [28/Apr/2026:12:31:48 +0300] "GET /xmlrpc.php HTTP/1.1" 405 606 "https://serhatburke.miroglu.net/wp-admin/" "Mozilla/5.0 (Windows NT 6.3; Win64; x64) AppleWebKit/537.36 (KHTML, like Gecko) Chrome/103.0.0.0 Safari/537.36"
196.196.160.110 - - [28/Apr/2026:12:31:56 +0300] "GET /xmlrpc.php HTTP/1.1" 405 606 "https://serhatburke.miroglu.net/wp-admin/" "Mozilla/5.0 (Windows NT 6.3; Win64; x64) AppleWebKit/537.36 (KHTML, like Gecko) Chrome/103.0.0.0 Safari/537.36"
62.12.118.37 - - [28/Apr/2026:12:31:55 +0300] "GET /panda-signs-%E0%B8%85%D5%9E-%EF%BB%8C-%D5%9E%E0%B8%85-backup-paste/ HTTP/1.1" 200 81039 "-" "Mozilla/5.0 (Windows NT 10.0; Win64; x64) AppleWebKit/537.36 (KHTML, like Gecko) Chrome/124.0.0.0 Safari/537.36 Edg/124.0.0.0"
185.216.113.70 - - [28/Apr/2026:12:31:54 +0300] "POST /wp-admin/admin-ajax.php?action=as_async_request_queue_runner&nonce=a0e1ebaee7 HTTP/1.1" 200 1039 "-" "WordPress/6.3.8; https://serhatburke.miroglu.net"
185.216.113.70 - - [28/Apr/2026:12:32:45 +0300] "POST /wp-cron.php?doing_wp_cron=1777368765.5770940780639648437500 HTTP/1.1" 200 448 "-" "WordPress/6.3.8; https://serhatburke.miroglu.net"
209.50.163.125 - - [28/Apr/2026:12:32:02 +0300] "GET /35849-2/ HTTP/1.1" 200 18388 "https://serhatburke.miroglu.net/" "Mozilla/5.0 (Windows NT 10.0; Win64; x64) AppleWebKit/537.36 (KHTML, like Gecko) Chrome/142.0.0.0 YaBrowser/25.12.0.0 Safari/537.36"
209.50.163.125 - - [28/Apr/2026:12:32:48 +0300] "GET /wp-includes/css/dist/block-library/style.min.css?ver=6.3.8 HTTP/1.1" 200 13578 "https://serhatburke.miroglu.net/35849-2/" "Mozilla/5.0 (Windows NT 10.0; Win64; x64) AppleWebKit/537.36 (KHTML, like Gecko) Chrome/145.0.0.0 Safari/537.36"
209.50.163.125 - - [28/Apr/2026:12:32:50 +0300] "GET /wp-content/plugins/contact-form-7/includes/css/styles.css?ver=5.8 HTTP/1.1" 200 1490 "https://serhatburke.miroglu.net/35849-2/" "Mozilla/5.0 (Windows NT 10.0; Win64; x64) AppleWebKit/537.36 (KHTML, like Gecko) Chrome/145.0.0.0 Safari/537.36"
209.50.163.125 - - [28/Apr/2026:12:32:51 +0300] "GET /wp-content/themes/toppic/css/fontello.css?ver=4.2 HTTP/1.1" 200 1802 "https://serhatburke.miroglu.net/35849-2/" "Mozilla/5.0 (Windows NT 10.0; Win64; x64) AppleWebKit/537.36 (KHTML, like Gecko) Chrome/145.0.0.0 Safari/537.36"
185.216.113.70 - - [28/Apr/2026:12:32:51 +0300] "POST /wp-cron.php?doing_wp_cron=1777368771.4409370422363281250000 HTTP/1.1" 200 448 "-" "WordPress/6.3.8; https://serhatburke.miroglu.net"
62.12.118.37 - - [28/Apr/2026:12:32:11 +0300] "POST /xmlrpc.php HTTP/1.1" 200 630 "-" "Mozilla/5.0 (Windows NT 10.0; Win64; x64) AppleWebKit/537.36 (KHTML, like Gecko) Chrome/114.0.0.0 Safari/537.36"
209.50.163.125 - - [28/Apr/2026:12:32:52 +0300] "GET /wp-content/themes/toppic/css/reset.css?ver=4.2 HTTP/1.1" 200 1178 "https://serhatburke.miroglu.net/35849-2/" "Mozilla/5.0 (Windows NT 10.0; Win64; x64) AppleWebKit/537.36 (KHTML, like Gecko) Chrome/145.0.0.0 Safari/537.36"
209.50.163.125 - - [28/Apr/2026:12:32:53 +0300] "GET /wp-content/themes/toppic/css/default.css?ver=4.2 HTTP/1.1" 200 1811 "https://serhatburke.miroglu.net/35849-2/" "Mozilla/5.0 (Windows NT 10.0; Win64; x64) AppleWebKit/537.36 (KHTML, like Gecko) Chrome/145.0.0.0 Safari/537.36"
209.50.163.125 - - [28/Apr/2026:12:32:54 +0300] "GET /wp-content/themes/toppic/style.css?ver=4.2 HTTP/1.1" 200 23398 "https://serhatburke.miroglu.net/35849-2/" "Mozilla/5.0 (Windows NT 10.0; Win64; x64) AppleWebKit/537.36 (KHTML, like Gecko) Chrome/145.0.0.0 Safari/537.36"
209.50.163.125 - - [28/Apr/2026:12:32:55 +0300] "GET /wp-content/themes/toppic/css/royalslider.css?ver=4.2 HTTP/1.1" 200 1887 "https://serhatburke.miroglu.net/35849-2/" "Mozilla/5.0 (Windows NT 10.0; Win64; x64) AppleWebKit/537.36 (KHTML, like Gecko) Chrome/145.0.0.0 Safari/537.36"
209.50.163.125 - - [28/Apr/2026:12:32:56 +0300] "GET /wp-content/themes/toppic/css/rs-default.css?ver=4.2 HTTP/1.1" 200 2625 "https://serhatburke.miroglu.net/35849-2/" "Mozilla/5.0 (Windows NT 10.0; Win64; x64) AppleWebKit/537.36 (KHTML, like Gecko) Chrome/145.0.0.0 Safari/537.36"
209.50.163.125 - - [28/Apr/2026:12:32:57 +0300] "GET /wp-content/themes/toppic/css/lightbox.css?ver=4.2 HTTP/1.1" 200 2956 "https://serhatburke.miroglu.net/35849-2/" "Mozilla/5.0 (Windows NT 10.0; Win64; x64) AppleWebKit/537.36 (KHTML, like Gecko) Chrome/145.0.0.0 Safari/537.36"
173.252.95.2 - - [28/Apr/2026:12:32:49 +0300] "GET /robots.txt HTTP/2" 200 0 "-" "facebookexternalhit/1.1 (+http://www.facebook.com/externalhit_uatext.php)"
209.50.163.125 - - [28/Apr/2026:12:32:58 +0300] "GET /wp-content/themes/toppic/css/woocommerce.css?ver=4.2 HTTP/1.1" 200 2848 "https://serhatburke.miroglu.net/35849-2/" "Mozilla/5.0 (Windows NT 10.0; Win64; x64) AppleWebKit/537.36 (KHTML, like Gecko) Chrome/145.0.0.0 Safari/537.36"
209.50.163.125 - - [28/Apr/2026:12:33:00 +0300] "GET /wp-content/themes/toppic/css/responsive.css?ver=4.2 HTTP/1.1" 200 2796 "https://serhatburke.miroglu.net/35849-2/" "Mozilla/5.0 (Windows NT 10.0; Win64; x64) AppleWebKit/537.36 (KHTML, like Gecko) Chrome/145.0.0.0 Safari/537.36"
167.160.180.96 - - [28/Apr/2026:12:32:26 +0300] "GET /zotabet-casino-bonus-premier-depot-2026/?unapproved=808&moderation-hash=b6fc8117fb0f6fb192078d5e5ee253be HTTP/1.1" 200 0 "https://serhatburke.miroglu.net/wp-comments-post.php" "Mozilla/5.0 (Macintosh; Intel Mac OS X 10_15_7) AppleWebKit/537.36 (KHTML, like Gecko) Chrome/143.0.0.0 Safari/537.36"
185.216.113.70 - - [28/Apr/2026:12:33:05 +0300] "POST /wp-cron.php?doing_wp_cron=1777368785.3536469936370849609375 HTTP/1.1" 200 448 "-" "WordPress/6.3.8; https://serhatburke.miroglu.net"
185.216.113.70 - - [28/Apr/2026:12:33:13 +0300] "POST /wp-cron.php?doing_wp_cron=1777368793.1377129554748535156250 HTTP/1.1" 200 448 "-" "WordPress/6.3.8; https://serhatburke.miroglu.net"
196.196.160.188 - - [28/Apr/2026:12:32:33 +0300] "POST /xmlrpc.php HTTP/1.1" 200 631 "https://serhatburke.miroglu.net/xmlrpc.php" "Mozilla/5.0 (Windows NT 6.3; Win64; x64) AppleWebKit/537.36 (KHTML, like Gecko) Chrome/103.0.0.0 Safari/537.36"
185.216.113.70 - - [28/Apr/2026:12:33:28 +0300] "POST /wp-cron.php?doing_wp_cron=1777368808.0412158966064453125000 HTTP/1.1" 200 448 "-" "WordPress/6.3.8; https://serhatburke.miroglu.net"
196.196.160.110 - - [28/Apr/2026:12:32:42 +0300] "POST /xmlrpc.php HTTP/1.1" 200 628 "https://serhatburke.miroglu.net/xmlrpc.php" "Mozilla/5.0 (Windows NT 6.3; Win64; x64) AppleWebKit/537.36 (KHTML, like Gecko) Chrome/103.0.0.0 Safari/537.36"
62.12.118.37 - - [28/Apr/2026:12:32:58 +0300] "POST /xmlrpc.php HTTP/1.1" 200 16190 "-" "Mozilla/5.0 (Windows NT 10.0; Win64; x64) AppleWebKit/537.36 (KHTML, like Gecko) Chrome/114.0.0.0 Safari/537.36"
209.50.163.125 - - [28/Apr/2026:12:33:01 +0300] "POST /wp-comments-post.php HTTP/1.1" 302 1055 "https://serhatburke.miroglu.net/35849-2/" "Mozilla/5.0 (Windows NT 10.0; Win64; x64) AppleWebKit/537.36 (KHTML, like Gecko) Chrome/142.0.0.0 YaBrowser/25.12.0.0 Safari/537.36"
57.128.22.95 - - [28/Apr/2026:12:33:02 +0300] "GET /zotabet-casino-bonus-premier-depot-2026/ HTTP/1.1" 200 19124 "-" "Mozilla/5.0 (compatible; Googlebot/2.1; +http://www.google.com/bot.html)"
209.50.163.125 - - [28/Apr/2026:12:33:47 +0300] "POST /wp-comments-post.php HTTP/1.1" 200 0 "https://serhatburke.miroglu.net/35849-2/" "Mozilla/5.0 (Windows NT 10.0; Win64; x64) AppleWebKit/537.36 (KHTML, like Gecko) Chrome/142.0.0.0 YaBrowser/25.12.0.0 Safari/537.36"
185.216.113.70 - - [28/Apr/2026:12:34:32 +0300] "POST /wp-cron.php?doing_wp_cron=1777368872.2367589473724365234375 HTTP/1.1" 200 448 "-" "WordPress/6.3.8; https://serhatburke.miroglu.net"
196.196.160.188 - - [28/Apr/2026:12:33:15 +0300] "POST /xmlrpc.php HTTP/1.1" 200 639 "https://serhatburke.miroglu.net/xmlrpc.php" "Mozilla/5.0 (Windows NT 6.3; Win64; x64) AppleWebKit/537.36 (KHTML, like Gecko) Chrome/103.0.0.0 Safari/537.36"
62.12.118.37 - - [28/Apr/2026:12:33:26 +0300] "POST /xmlrpc.php HTTP/1.1" 200 630 "-" "Mozilla/5.0 (Windows NT 10.0; Win64; x64) AppleWebKit/537.36 (KHTML, like Gecko) Chrome/114.0.0.0 Safari/537.36"
185.216.113.70 - - [28/Apr/2026:12:34:50 +0300] "POST /wp-cron.php?doing_wp_cron=1777368890.2457060813903808593750 HTTP/1.1" 200 448 "-" "WordPress/6.3.8; https://serhatburke.miroglu.net"
196.196.160.110 - - [28/Apr/2026:12:33:29 +0300] "POST /xmlrpc.php HTTP/1.1" 200 641 "https://serhatburke.miroglu.net/xmlrpc.php" "Mozilla/5.0 (Windows NT 6.3; Win64; x64) AppleWebKit/537.36 (KHTML, like Gecko) Chrome/103.0.0.0 Safari/537.36"
185.216.113.70 - - [28/Apr/2026:12:35:01 +0300] "POST /wp-cron.php?doing_wp_cron=1777368901.7646279335021972656250 HTTP/1.1" 200 448 "-" "WordPress/6.3.8; https://serhatburke.miroglu.net"
185.216.113.70 - - [28/Apr/2026:12:35:06 +0300] "POST /wp-cron.php?doing_wp_cron=1777368906.8478798866271972656250 HTTP/1.1" 200 448 "-" "WordPress/6.3.8; https://serhatburke.miroglu.net"
209.251.19.244 - - [28/Apr/2026:12:33:53 +0300] "GET /automaty-hazard-online/ HTTP/1.1" 200 18372 "https://serhatburke.miroglu.net/" "Mozilla/5.0 (Windows NT 10.0; WOW64) AppleWebKit/537.36 (KHTML, like Gecko) Chrome/114.0.0.0 Safari/537.36"
185.216.113.70 - - [28/Apr/2026:12:35:21 +0300] "POST /wp-cron.php?doing_wp_cron=1777368921.0866398811340332031250 HTTP/1.1" 200 448 "-" "WordPress/6.3.8; https://serhatburke.miroglu.net"
62.12.118.37 - - [28/Apr/2026:12:34:04 +0300] "GET /free-gambling-games-one-shell-out-real-cash-without-deposit/ HTTP/1.1" 200 79915 "-" "Mozilla/5.0 (Windows NT 10.0; Win64; x64) AppleWebKit/537.36 (KHTML, like Gecko) Chrome/123.0.0.0 Safari/537.36"
185.216.113.70 - - [28/Apr/2026:12:35:32 +0300] "POST /wp-cron.php?doing_wp_cron=1777368931.9637050628662109375000 HTTP/1.1" 200 448 "-" "WordPress/6.3.8; https://serhatburke.miroglu.net"
138.229.106.219 - - [28/Apr/2026:12:34:16 +0300] "GET /automaty-hazard-online/ HTTP/1.1" 200 18372 "https://serhatburke.miroglu.net/" "Mozilla/5.0 (Windows NT 10.0; WOW64) AppleWebKit/537.36 (KHTML, like Gecko) Chrome/114.0.0.0 Safari/537.36"
185.216.113.70 - - [28/Apr/2026:12:35:45 +0300] "POST /wp-cron.php?doing_wp_cron=1777368945.1578359603881835937500 HTTP/1.1" 200 448 "-" "WordPress/6.3.8; https://serhatburke.miroglu.net"
62.12.118.37 - - [28/Apr/2026:12:34:34 +0300] "POST /xmlrpc.php HTTP/1.1" 200 630 "-" "Mozilla/5.0 (Windows NT 10.0; Win64; x64) AppleWebKit/537.36 (KHTML, like Gecko) Chrome/114.0.0.0 Safari/537.36"
185.216.113.70 - - [28/Apr/2026:12:35:58 +0300] "POST /wp-cron.php?doing_wp_cron=1777368958.3740870952606201171875 HTTP/1.1" 200 448 "-" "WordPress/6.3.8; https://serhatburke.miroglu.net"
196.196.160.188 - - [28/Apr/2026:12:34:34 +0300] "GET /?p=142168 HTTP/1.1" 301 827 "https://serhatburke.miroglu.net/xmlrpc.php" "Mozilla/5.0 (Windows NT 6.3; Win64; x64) AppleWebKit/537.36 (KHTML, like Gecko) Chrome/103.0.0.0 Safari/537.36"
185.216.113.70 - - [28/Apr/2026:12:36:00 +0300] "POST /wp-cron.php?doing_wp_cron=1777368960.6901280879974365234375 HTTP/1.1" 200 448 "-" "WordPress/6.3.8; https://serhatburke.miroglu.net"
209.50.163.125 - - [28/Apr/2026:12:34:32 +0300] "POST /wp-comments-post.php HTTP/1.1" 409 1626 "https://serhatburke.miroglu.net/35849-2/" "Mozilla/5.0 (Windows NT 10.0; Win64; x64) AppleWebKit/537.36 (KHTML, like Gecko) Chrome/142.0.0.0 YaBrowser/25.12.0.0 Safari/537.36"
172.93.212.221 - - [28/Apr/2026:12:35:40 +0300] "GET /zotabet-casino-bonus-premier-depot-2026/ HTTP/1.1" 200 0 "-" "Mozilla/5.0 (compatible; Googlebot/2.1; +http://www.google.com/bot.html)"
185.216.113.70 - - [28/Apr/2026:12:36:12 +0300] "POST /wp-cron.php?doing_wp_cron=1777368972.3525359630584716796875 HTTP/1.1" 200 448 "-" "WordPress/6.3.8; https://serhatburke.miroglu.net"
139.60.101.211 - - [28/Apr/2026:12:34:53 +0300] "GET /automaty-hazard-online/ HTTP/1.1" 200 18473 "https://serhatburke.miroglu.net/" "Mozilla/5.0 (Windows NT 10.0; WOW64) AppleWebKit/537.36 (KHTML, like Gecko) Chrome/114.0.0.0 Safari/537.36"
185.216.113.70 - - [28/Apr/2026:12:36:20 +0300] "POST /wp-cron.php?doing_wp_cron=1777368980.6525609493255615234375 HTTP/1.1" 200 448 "-" "WordPress/6.3.8; https://serhatburke.miroglu.net"
196.196.160.110 - - [28/Apr/2026:12:34:52 +0300] "GET /?p=142172 HTTP/1.1" 301 787 "https://serhatburke.miroglu.net/xmlrpc.php" "Mozilla/5.0 (Windows NT 6.3; Win64; x64) AppleWebKit/537.36 (KHTML, like Gecko) Chrome/103.0.0.0 Safari/537.36"
185.216.113.70 - - [28/Apr/2026:12:36:33 +0300] "POST /wp-cron.php?doing_wp_cron=1777368992.8688800334930419921875 HTTP/1.1" 200 448 "-" "WordPress/6.3.8; https://serhatburke.miroglu.net"
62.12.118.37 - - [28/Apr/2026:12:34:54 +0300] "POST /xmlrpc.php HTTP/1.1" 200 16210 "-" "Mozilla/5.0 (Windows NT 10.0; Win64; x64) AppleWebKit/537.36 (KHTML, like Gecko) Chrome/114.0.0.0 Safari/537.36"
185.216.113.70 - - [28/Apr/2026:12:36:52 +0300] "POST /wp-cron.php?doing_wp_cron=1777369012.1566839218139648437500 HTTP/1.1" 200 448 "-" "WordPress/6.3.8; https://serhatburke.miroglu.net"
209.50.163.125 - - [28/Apr/2026:12:35:18 +0300] "POST /wp-comments-post.php HTTP/1.1" 409 1626 "https://serhatburke.miroglu.net/35849-2/" "Mozilla/5.0 (Windows NT 10.0; Win64; x64) AppleWebKit/537.36 (KHTML, like Gecko) Chrome/142.0.0.0 YaBrowser/25.12.0.0 Safari/537.36"
52.167.144.191 - - [28/Apr/2026:12:36:24 +0300] "GET /post-sitemap6.xml HTTP/2" 200 0 "-" "Mozilla/5.0 AppleWebKit/537.36 (KHTML, like Gecko; compatible; bingbot/2.0; +http://www.bing.com/bingbot.htm) Chrome/116.0.1938.76 Safari/537.36"
196.196.160.188 - - [28/Apr/2026:12:36:01 +0300] "GET /%d0%be%d0%bd%d0%bb%d0%b0%d0%b9%d0%bd-%d0%ba%d0%b0%d0%b7%d0%b8%d0%bd%d0%be-%d0%bb%d0%b0%d0%ba%d0%b8-%d0%b2%d0%be%d1%80%d0%bb%d0%b4-is-certain-to-make-an-affect-in-your-small-business/ HTTP/1.1" 200 0 "https://serhatburke.miroglu.net/?p=142168" "Mozilla/5.0 (Windows NT 6.3; Win64; x64) AppleWebKit/537.36 (KHTML, like Gecko) Chrome/103.0.0.0 Safari/537.36"
185.216.113.70 - - [28/Apr/2026:12:37:32 +0300] "POST /wp-cron.php?doing_wp_cron=1777369052.5773060321807861328125 HTTP/1.1" 200 448 "-" "WordPress/6.3.8; https://serhatburke.miroglu.net"
62.12.118.37 - - [28/Apr/2026:12:35:53 +0300] "POST /xmlrpc.php HTTP/1.1" 200 16803 "-" "Mozilla/5.0 (Windows NT 10.0; Win64; x64) AppleWebKit/537.36 (KHTML, like Gecko) Chrome/114.0.0.0 Safari/537.36"
185.216.113.70 - - [28/Apr/2026:12:37:38 +0300] "POST /wp-cron.php?doing_wp_cron=1777369058.7516949176788330078125 HTTP/1.1" 200 448 "-" "WordPress/6.3.8; https://serhatburke.miroglu.net"
62.12.118.37 - - [28/Apr/2026:12:35:41 +0300] "POST /xmlrpc.php HTTP/1.1" 200 630 "-" "Mozilla/5.0 (Windows NT 10.0; Win64; x64) AppleWebKit/537.36 (KHTML, like Gecko) Chrome/114.0.0.0 Safari/537.36"
185.216.113.70 - - [28/Apr/2026:12:37:51 +0300] "POST /wp-cron.php?doing_wp_cron=1777369071.6407859325408935546875 HTTP/1.1" 200 448 "-" "WordPress/6.3.8; https://serhatburke.miroglu.net"
216.26.246.119 - - [28/Apr/2026:12:36:03 +0300] "GET /35849-2/ HTTP/1.1" 200 18386 "-" "Mozilla/5.0 (compatible; Googlebot/2.1; +http://www.google.com/bot.html)"
185.216.113.70 - - [28/Apr/2026:12:38:01 +0300] "POST /wp-cron.php?doing_wp_cron=1777369081.7850708961486816406250 HTTP/1.1" 200 448 "-" "WordPress/6.3.8; https://serhatburke.miroglu.net"
196.196.160.110 - - [28/Apr/2026:12:36:24 +0300] "GET /?p=142172 HTTP/1.1" 301 787 "https://serhatburke.miroglu.net/xmlrpc.php" "Mozilla/5.0 (Windows NT 6.3; Win64; x64) AppleWebKit/537.36 (KHTML, like Gecko) Chrome/103.0.0.0 Safari/537.36"
185.216.113.70 - - [28/Apr/2026:12:38:02 +0300] "POST /wp-cron.php?doing_wp_cron=1777369082.6718840599060058593750 HTTP/1.1" 200 448 "-" "WordPress/6.3.8; https://serhatburke.miroglu.net"
185.216.113.70 - - [28/Apr/2026:12:38:16 +0300] "POST /wp-cron.php?doing_wp_cron=1777369096.8012158870697021484375 HTTP/1.1" 200 448 "-" "WordPress/6.3.8; https://serhatburke.miroglu.net"
62.12.118.37 - - [28/Apr/2026:12:36:39 +0300] "POST /xmlrpc.php HTTP/1.1" 200 16210 "-" "Mozilla/5.0 (Windows NT 10.0; Win64; x64) AppleWebKit/537.36 (KHTML, like Gecko) Chrome/114.0.0.0 Safari/537.36"
185.216.113.70 - - [28/Apr/2026:12:38:39 +0300] "POST /wp-cron.php?doing_wp_cron=1777369119.4446229934692382812500 HTTP/1.1" 200 448 "-" "WordPress/6.3.8; https://serhatburke.miroglu.net"
62.12.118.37 - - [28/Apr/2026:12:36:59 +0300] "POST /xmlrpc.php HTTP/1.1" 200 630 "-" "Mozilla/5.0 (Windows NT 10.0; Win64; x64) AppleWebKit/537.36 (KHTML, like Gecko) Chrome/114.0.0.0 Safari/537.36"
196.196.160.188 - - [28/Apr/2026:12:37:31 +0300] "GET /%d0%be%d0%bd%d0%bb%d0%b0%d0%b9%d0%bd-%d0%ba%d0%b0%d0%b7%d0%b8%d0%bd%d0%be-%d0%bb%d0%b0%d0%ba%d0%b8-%d0%b2%d0%be%d1%80%d0%bb%d0%b4-is-certain-to-make-an-affect-in-your-small-business/ HTTP/1.1" 200 0 "-" "Mozilla/5.0 (compatible; Googlebot/2.1; +http://www.google.com/bot.html)"
185.216.113.70 - - [28/Apr/2026:12:39:09 +0300] "POST /wp-cron.php?doing_wp_cron=1777369148.9485120773315429687500 HTTP/1.1" 200 448 "-" "WordPress/6.3.8; https://serhatburke.miroglu.net"
62.12.118.37 - - [28/Apr/2026:12:37:21 +0300] "POST /xmlrpc.php HTTP/1.1" 500 1102 "-" "Mozilla/5.0 (Windows NT 10.0; Win64; x64) AppleWebKit/537.36 (KHTML, like Gecko) Chrome/114.0.0.0 Safari/537.36"
185.216.113.70 - - [28/Apr/2026:12:39:09 +0300] "POST /wp-cron.php?doing_wp_cron=1777369149.5655360221862792968750 HTTP/1.1" 200 448 "-" "WordPress/6.3.8; https://serhatburke.miroglu.net"
62.12.118.37 - - [28/Apr/2026:12:37:38 +0300] "POST /xmlrpc.php HTTP/1.1" 200 16803 "-" "Mozilla/5.0 (Windows NT 10.0; Win64; x64) AppleWebKit/537.36 (KHTML, like Gecko) Chrome/114.0.0.0 Safari/537.36"
185.216.113.70 - - [28/Apr/2026:12:39:20 +0300] "POST /wp-cron.php?doing_wp_cron=1777369160.4737460613250732421875 HTTP/1.1" 200 448 "-" "WordPress/6.3.8; https://serhatburke.miroglu.net"
185.122.170.173 - - [28/Apr/2026:12:37:54 +0300] "GET /?p=142172 HTTP/1.1" 301 768 "-" "Mozilla/5.0 (compatible; Googlebot/2.1; +http://www.google.com/bot.html)"
185.216.113.70 - - [28/Apr/2026:12:39:42 +0300] "POST /wp-cron.php?doing_wp_cron=1777369181.9588999748229980468750 HTTP/1.1" 200 448 "-" "WordPress/6.3.8; https://serhatburke.miroglu.net"
62.12.118.37 - - [28/Apr/2026:12:38:18 +0300] "GET /hot-gorgeous-fresh-fruit-winning-strategy-earn-larger-inside-the-2024-which-have-betway-free-spins/ HTTP/1.1" 200 80817 "-" "Mozilla/5.0 (Windows NT 10.0; rv:109.0) Gecko/20100101 Firefox/115.0"
185.216.113.70 - - [28/Apr/2026:12:40:01 +0300] "POST /wp-cron.php?doing_wp_cron=1777369201.2387249469757080078125 HTTP/1.1" 200 448 "-" "WordPress/6.3.8; https://serhatburke.miroglu.net"
62.12.118.37 - - [28/Apr/2026:12:38:39 +0300] "POST /xmlrpc.php HTTP/1.1" 500 1102 "-" "Mozilla/5.0 (Windows NT 10.0; Win64; x64) AppleWebKit/537.36 (KHTML, like Gecko) Chrome/114.0.0.0 Safari/537.36"
185.216.113.70 - - [28/Apr/2026:12:40:20 +0300] "POST /wp-cron.php?doing_wp_cron=1777369220.4513230323791503906250 HTTP/1.1" 200 448 "-" "WordPress/6.3.8; https://serhatburke.miroglu.net"
62.12.118.37 - - [28/Apr/2026:12:39:06 +0300] "POST /xmlrpc.php HTTP/1.1" 200 16254 "-" "Mozilla/5.0 (Windows NT 10.0; Win64; x64) AppleWebKit/537.36 (KHTML, like Gecko) Chrome/114.0.0.0 Safari/537.36"
185.216.113.70 - - [28/Apr/2026:12:40:21 +0300] "POST /wp-cron.php?doing_wp_cron=1777369221.5386469364166259765625 HTTP/1.1" 200 448 "-" "WordPress/6.3.8; https://serhatburke.miroglu.net"
62.12.118.37 - - [28/Apr/2026:12:39:11 +0300] "GET /review-the-newest-genius-away-from-ounce-from-the-las-vegas-areas/ HTTP/1.1" 200 80662 "-" "Mozilla/5.0 (Windows NT 10.0; Win64; x64) AppleWebKit/537.36 (KHTML, like Gecko) Chrome/124.0.0.0 Safari/537.36 Edg/124.0.0.0"
185.216.113.70 - - [28/Apr/2026:12:40:30 +0300] "POST /wp-cron.php?doing_wp_cron=1777369230.3444519042968750000000 HTTP/1.1" 200 448 "-" "WordPress/6.3.8; https://serhatburke.miroglu.net"
185.122.170.173 - - [28/Apr/2026:12:39:21 +0300] "GET /8-ways-to-improve-%d0%bb%d0%b0%d0%ba%d0%b8-%d0%b2%d0%be%d1%80%d0%bb%d0%b4-%d0%ba%d0%b0%d0%b7%d0%b8%d0%bd%d0%be-%d1%81%d0%bb%d0%be%d1%82%d1%8b/ HTTP/1.1" 200 24036 "https://serhatburke.miroglu.net/?p=142172" "Mozilla/5.0 (compatible; Googlebot/2.1; +http://www.google.com/bot.html)"
115.134.149.205 - - [28/Apr/2026:12:39:30 +0300] "POST /xmlrpc.php HTTP/1.1" 200 0 "-" "Mozilla/5.0 (Windows NT 6.1; Win64; x64) AppleWebKit/537.36 (KHTML, like Gecko) Chrome/80.0.3987.149 Safari/537.36"
57.128.22.95 - - [28/Apr/2026:12:39:59 +0300] "GET /zotabet-casino-bonus-premier-depot-2026/ HTTP/1.1" 200 0 "-" "Mozilla/5.0 (compatible; Googlebot/2.1; +http://www.google.com/bot.html)"
185.216.113.70 - - [28/Apr/2026:12:41:14 +0300] "POST /wp-cron.php?doing_wp_cron=1777369274.3019750118255615234375 HTTP/1.1" 200 448 "-" "WordPress/6.3.8; https://serhatburke.miroglu.net"
82.25.62.125 - - [28/Apr/2026:12:39:50 +0300] "GET /beste-casino-site-belgie-hoge-inzet/ HTTP/1.1" 200 19265 "-" "Mozilla/5.0 (compatible; Googlebot/2.1; +http://www.google.com/bot.html)"
185.216.113.70 - - [28/Apr/2026:12:41:17 +0300] "POST /wp-cron.php?doing_wp_cron=1777369277.7849140167236328125000 HTTP/1.1" 200 448 "-" "WordPress/6.3.8; https://serhatburke.miroglu.net"
62.12.118.37 - - [28/Apr/2026:12:40:07 +0300] "POST /xmlrpc.php HTTP/1.1" 200 15333 "-" "Mozilla/5.0 (Windows NT 10.0; Win64; x64) AppleWebKit/537.36 (KHTML, like Gecko) Chrome/114.0.0.0 Safari/537.36"
185.216.113.70 - - [28/Apr/2026:12:41:32 +0300] "POST /wp-cron.php?doing_wp_cron=1777369291.9486250877380371093750 HTTP/1.1" 200 448 "-" "WordPress/6.3.8; https://serhatburke.miroglu.net"
62.12.118.37 - - [28/Apr/2026:12:40:22 +0300] "GET /marc-jacobs-wizard-away-from-ounce-shoulder-handbag-artwork-print-black-colored-multicolor-girls/ HTTP/1.1" 200 81844 "-" "Mozilla/5.0 (Windows NT 10.0; Win64; x64; rv:125.0) Gecko/20100101 Firefox/125.0"
116.109.125.215 - - [28/Apr/2026:12:40:34 +0300] "POST /xmlrpc.php HTTP/1.1" 200 0 "-" "Mozilla/5.0 (Windows NT 6.1; Win64; x64) AppleWebKit/537.36 (KHTML, like Gecko) Chrome/80.0.3987.149 Safari/537.36"
185.216.113.70 - - [28/Apr/2026:12:41:45 +0300] "POST /wp-cron.php?doing_wp_cron=1777369305.6998519897460937500000 HTTP/1.1" 200 448 "-" "WordPress/6.3.8; https://serhatburke.miroglu.net"
185.122.170.173 - - [28/Apr/2026:12:40:32 +0300] "GET /8-ways-to-improve-%d0%bb%d0%b0%d0%ba%d0%b8-%d0%b2%d0%be%d1%80%d0%bb%d0%b4-%d0%ba%d0%b0%d0%b7%d0%b8%d0%bd%d0%be-%d1%81%d0%bb%d0%be%d1%82%d1%8b/ HTTP/1.1" 200 24045 "-" "Mozilla/5.0 (compatible; Googlebot/2.1; +http://www.google.com/bot.html)"
52.167.144.191 - - [28/Apr/2026:12:41:26 +0300] "GET /jak-funguje-vyherni-automat/ HTTP/2" 200 0 "-" "Mozilla/5.0 AppleWebKit/537.36 (KHTML, like Gecko; compatible; bingbot/2.0; +http://www.bing.com/bingbot.htm) Chrome/116.0.1938.76 Safari/537.36"
185.216.113.70 - - [28/Apr/2026:12:42:19 +0300] "POST /wp-cron.php?doing_wp_cron=1777369338.9639658927917480468750 HTTP/1.1" 200 448 "-" "WordPress/6.3.8; https://serhatburke.miroglu.net"
45.3.42.194 - - [28/Apr/2026:12:41:33 +0300] "GET /35849-2/ HTTP/1.1" 200 0 "-" "Mozilla/5.0 (compatible; Googlebot/2.1; +http://www.google.com/bot.html)"
62.12.118.37 - - [28/Apr/2026:12:41:19 +0300] "GET /wolf-work-on-megajackpots-slot-liberated-to-gamble-trial-type/ HTTP/1.1" 200 79609 "-" "Mozilla/5.0 (Windows NT 10.0; Win64; x64) AppleWebKit/537.36 (KHTML, like Gecko) Chrome/124.0.0.0 Safari/537.36"
185.216.113.70 - - [28/Apr/2026:12:42:20 +0300] "POST /wp-cron.php?doing_wp_cron=1777369340.5652890205383300781250 HTTP/1.1" 200 448 "-" "WordPress/6.3.8; https://serhatburke.miroglu.net"
212.32.192.46 - - [28/Apr/2026:12:41:37 +0300] "POST /xmlrpc.php HTTP/1.1" 200 667 "-" "Mozilla/5.0 (Windows NT 6.1; Win64; x64) AppleWebKit/537.36 (KHTML, like Gecko) Chrome/80.0.3987.149 Safari/537.36"
212.32.192.46 - - [28/Apr/2026:12:42:26 +0300] "POST /xmlrpc.php HTTP/1.1" 200 6188 "-" "Mozilla/5.0 (Windows NT 6.1; Win64; x64) AppleWebKit/537.36 (KHTML, like Gecko) Chrome/80.0.3987.149 Safari/537.36"
185.216.113.70 - - [28/Apr/2026:12:46:17 +0300] "POST /wp-cron.php?doing_wp_cron=1777369577.0578091144561767578125 HTTP/1.1" 200 448 "-" "WordPress/6.3.8; https://serhatburke.miroglu.net"
52.167.144.21 - - [28/Apr/2026:12:46:01 +0300] "GET /book-of-ra-magic-gratis-zum-sindbad-1-einzahlung-2026-besten-geben/ HTTP/2" 200 19945 "-" "Mozilla/5.0 AppleWebKit/537.36 (KHTML, like Gecko; compatible; bingbot/2.0; +http://www.bing.com/bingbot.htm) Chrome/116.0.1938.76 Safari/537.36"
185.216.113.70 - - [28/Apr/2026:12:48:27 +0300] "POST /wp-cron.php?doing_wp_cron=1777369707.8740580081939697265625 HTTP/1.1" 200 448 "-" "WordPress/6.3.8; https://serhatburke.miroglu.net"
196.196.160.188 - - [28/Apr/2026:12:48:10 +0300] "GET /6-days-to-improving-the-best-way-you-1xbet-%d0%b7%d0%b5%d1%80%d0%ba%d0%b0%d0%bb%d0%be/ HTTP/1.1" 200 25098 "https://serhatburke.miroglu.net/" "Mozilla/5.0 (X11; Linux x86_64; rv:109.0) Gecko/20100101 Firefox/119.0"
52.167.144.21 - - [28/Apr/2026:12:48:24 +0300] "GET /a-lesto-conoscerete-una-selezione-dei-migliori-siti-scommesse-mediante-paypal/ HTTP/2" 200 19000 "-" "Mozilla/5.0 AppleWebKit/537.36 (KHTML, like Gecko; compatible; bingbot/2.0; +http://www.bing.com/bingbot.htm) Chrome/116.0.1938.76 Safari/537.36"
40.77.167.76 - - [28/Apr/2026:12:48:29 +0300] "GET /discovering-the-unique-aspects-of-sushiswap-dex/ HTTP/2" 200 18007 "-" "Mozilla/5.0 AppleWebKit/537.36 (KHTML, like Gecko; compatible; bingbot/2.0; +http://www.bing.com/bingbot.htm) Chrome/116.0.1938.76 Safari/537.36"
196.196.160.188 - - [28/Apr/2026:12:48:29 +0300] "GET /wp-login.php HTTP/1.1" 200 3750 "https://serhatburke.miroglu.net/6-days-to-improving-the-best-way-you-1xbet-%d0%b7%d0%b5%d1%80%d0%ba%d0%b0%d0%bb%d0%be/" "Mozilla/5.0 (Windows NT 6.3; Win64; x64) AppleWebKit/537.36 (KHTML, like Gecko) Chrome/103.0.0.0 Safari/537.36"
107.175.86.23 - - [28/Apr/2026:12:48:43 +0300] "GET /beste-casino-site-belgie-hoge-inzet/ HTTP/1.1" 200 19265 "-" "Mozilla/5.0 (X11; Fedora; Linux x86_64; rv:114.0) Gecko/20100101 Firefox/114.0"
196.196.160.188 - - [28/Apr/2026:12:49:12 +0300] "GET /wp-login.php HTTP/1.1" 200 3750 "https://serhatburke.miroglu.net/wp-login.php" "Mozilla/5.0 (Windows NT 6.3; Win64; x64) AppleWebKit/537.36 (KHTML, like Gecko) Chrome/103.0.0.0 Safari/537.36"
