160.250.186.93 - - [28/Apr/2026:16:21:00 +0300] "GET /wp-content/themes/toppic/css/lightbox.css?ver=4.2 HTTP/1.1" 200 2956 "https://serhatburke.miroglu.net/zotabet-casino-bonus-premier-depot-2026/" "Mozilla/5.0 (Windows NT 10.0; Win64; x64) AppleWebKit/537.36 (KHTML, like Gecko) Chrome/145.0.0.0 Safari/537.36"
160.250.186.93 - - [28/Apr/2026:16:21:01 +0300] "GET /wp-content/themes/toppic/css/woocommerce.css?ver=4.2 HTTP/1.1" 200 2848 "https://serhatburke.miroglu.net/zotabet-casino-bonus-premier-depot-2026/" "Mozilla/5.0 (Windows NT 10.0; Win64; x64) AppleWebKit/537.36 (KHTML, like Gecko) Chrome/145.0.0.0 Safari/537.36"
160.250.186.93 - - [28/Apr/2026:16:21:02 +0300] "GET /wp-content/themes/toppic/css/responsive.css?ver=4.2 HTTP/1.1" 200 2796 "https://serhatburke.miroglu.net/zotabet-casino-bonus-premier-depot-2026/" "Mozilla/5.0 (Windows NT 10.0; Win64; x64) AppleWebKit/537.36 (KHTML, like Gecko) Chrome/145.0.0.0 Safari/537.36"
185.216.113.70 - - [28/Apr/2026:16:21:05 +0300] "POST /wp-cron.php?doing_wp_cron=1777382465.1414289474487304687500 HTTP/1.1" 200 448 "-" "WordPress/6.3.8; https://serhatburke.miroglu.net"
103.195.116.54 - - [28/Apr/2026:16:20:50 +0300] "POST /xmlrpc.php HTTP/2" 200 1414098 "-" "WordPress XML-RPC Client"
128.14.102.152 - - [28/Apr/2026:16:20:59 +0300] "POST /xmlrpc.php HTTP/1.1" 200 630 "-" "Mozilla/5.0 (Windows NT 10.0; Win64; x64) AppleWebKit/537.36 (KHTML, like Gecko) Chrome/114.0.0.0 Safari/537.36"
160.250.186.93 - - [28/Apr/2026:16:21:03 +0300] "POST /wp-comments-post.php HTTP/1.1" 302 1087 "https://serhatburke.miroglu.net/zotabet-casino-bonus-premier-depot-2026/" "Mozilla/5.0 (Macintosh; Intel Mac OS X 10_15_7) AppleWebKit/537.36 (KHTML, like Gecko) Chrome/146.0.0.0 Safari/537.36"
103.195.116.54 - - [28/Apr/2026:16:21:11 +0300] "POST /xmlrpc.php HTTP/2" 200 747167 "-" "WordPress XML-RPC Client"
216.73.217.81 - - [28/Apr/2026:16:21:41 +0300] "GET /sitemap.xml HTTP/2" 200 0 "-" "Mozilla/5.0 AppleWebKit/537.36 (KHTML, like Gecko; compatible; ClaudeBot/1.0; +claudebot@anthropic.com)"
157.90.114.254 - - [28/Apr/2026:16:21:18 +0300] "POST /xmlrpc.php HTTP/1.1" 200 602 "-" "Mozilla/5.0 (Windows NT 10.0; Win64; x64) AppleWebKit/537.36 (KHTML, like Gecko) Chrome/108.0.0.0 Safari/537.36"
128.14.102.152 - - [28/Apr/2026:16:21:25 +0300] "POST /xmlrpc.php HTTP/1.1" 200 15602 "-" "Mozilla/5.0 (Windows NT 10.0; Win64; x64) AppleWebKit/537.36 (KHTML, like Gecko) Chrome/114.0.0.0 Safari/537.36"
160.250.186.93 - - [28/Apr/2026:16:21:26 +0300] "GET /zotabet-casino-bonus-premier-depot-2026/?unapproved=826&moderation-hash=0c62f05f7dd45fe043b90397bbce37fe HTTP/1.1" 200 19545 "https://serhatburke.miroglu.net/wp-comments-post.php" "Mozilla/5.0 (Macintosh; Intel Mac OS X 10_15_7) AppleWebKit/537.36 (KHTML, like Gecko) Chrome/146.0.0.0 Safari/537.36"
157.90.114.254 - - [28/Apr/2026:16:21:28 +0300] "POST /xmlrpc.php HTTP/1.1" 200 602 "-" "Mozilla/5.0 (Windows NT 10.0; Win64; x64) AppleWebKit/537.36 (KHTML, like Gecko) Chrome/108.0.0.0 Safari/537.36"
185.216.113.70 - - [28/Apr/2026:16:22:11 +0300] "POST /wp-cron.php?doing_wp_cron=1777382531.1459190845489501953125 HTTP/1.1" 200 448 "-" "WordPress/6.3.8; https://serhatburke.miroglu.net"
103.195.116.54 - - [28/Apr/2026:16:21:43 +0300] "POST /xmlrpc.php HTTP/2" 200 0 "-" "WordPress XML-RPC Client"
160.250.186.93 - - [28/Apr/2026:16:22:02 +0300] "GET /zotabet-casino-bonus-premier-depot-2026/ HTTP/1.1" 200 19211 "-" "Mozilla/5.0 (compatible; Googlebot/2.1; +http://www.google.com/bot.html)"
128.14.102.152 - - [28/Apr/2026:16:22:01 +0300] "GET /beste-online-casinos-as-part-of-ein-schweizerische-eidgenossenschaft-2026-aktuelle-verkettete-liste/ HTTP/1.1" 200 80652 "-" "Mozilla/5.0 (Windows NT 10.0; rv:109.0) Gecko/20100101 Firefox/115.0"
128.14.102.152 - - [28/Apr/2026:16:22:16 +0300] "POST /xmlrpc.php HTTP/1.1" 200 630 "-" "Mozilla/5.0 (Windows NT 10.0; Win64; x64) AppleWebKit/537.36 (KHTML, like Gecko) Chrome/114.0.0.0 Safari/537.36"
185.216.113.70 - - [28/Apr/2026:16:22:49 +0300] "POST /wp-cron.php?doing_wp_cron=1777382569.3294229507446289062500 HTTP/1.1" 200 448 "-" "WordPress/6.3.8; https://serhatburke.miroglu.net"
35.174.61.6 - - [28/Apr/2026:16:22:34 +0300] "GET /beste-casino-site-belgie-hoge-inzet/ HTTP/1.1" 200 19265 "-" "Mozilla/5.0 (compatible; Googlebot/2.1; +http://www.google.com/bot.html)"
128.14.102.152 - - [28/Apr/2026:16:22:42 +0300] "POST /xmlrpc.php HTTP/1.1" 200 16778 "-" "Mozilla/5.0 (Windows NT 10.0; Win64; x64) AppleWebKit/537.36 (KHTML, like Gecko) Chrome/114.0.0.0 Safari/537.36"
128.14.102.152 - - [28/Apr/2026:16:22:59 +0300] "GET /william-hill-casino-schatzung-2026-wetten-ferner-casino-william-hill/ HTTP/1.1" 200 81248 "-" "Mozilla/5.0 (Windows NT 10.0; Win64; x64) AppleWebKit/537.36 (KHTML, like Gecko) Chrome/124.0.0.0 Safari/537.36 Edg/124.0.0.0"
185.216.113.70 - - [28/Apr/2026:16:24:05 +0300] "POST /wp-cron.php?doing_wp_cron=1777382645.5909891128540039062500 HTTP/1.1" 200 448 "-" "WordPress/6.3.8; https://serhatburke.miroglu.net"
128.14.102.152 - - [28/Apr/2026:16:23:53 +0300] "POST /xmlrpc.php HTTP/1.1" 200 630 "-" "Mozilla/5.0 (Windows NT 10.0; Win64; x64) AppleWebKit/537.36 (KHTML, like Gecko) Chrome/114.0.0.0 Safari/537.36"
128.14.102.152 - - [28/Apr/2026:16:24:12 +0300] "POST /xmlrpc.php HTTP/1.1" 200 12750 "-" "Mozilla/5.0 (Windows NT 10.0; Win64; x64) AppleWebKit/537.36 (KHTML, like Gecko) Chrome/114.0.0.0 Safari/537.36"
128.14.102.152 - - [28/Apr/2026:16:24:25 +0300] "GET /william-hill-spielsaal-300-ecu-neukundenbonus/ HTTP/1.1" 200 76710 "-" "Mozilla/5.0 (Windows NT 10.0; Win64; x64) AppleWebKit/537.36 (KHTML, like Gecko) Chrome/123.0.0.0 Safari/537.36 OPR/109.0.0.0"
185.216.113.70 - - [28/Apr/2026:16:25:35 +0300] "POST /wp-cron.php?doing_wp_cron=1777382735.4729170799255371093750 HTTP/1.1" 200 448 "-" "WordPress/6.3.8; https://serhatburke.miroglu.net"
128.14.102.152 - - [28/Apr/2026:16:25:19 +0300] "POST /xmlrpc.php HTTP/1.1" 200 630 "-" "Mozilla/5.0 (Windows NT 10.0; Win64; x64) AppleWebKit/537.36 (KHTML, like Gecko) Chrome/114.0.0.0 Safari/537.36"
128.14.102.152 - - [28/Apr/2026:16:25:42 +0300] "POST /xmlrpc.php HTTP/1.1" 200 14881 "-" "Mozilla/5.0 (Windows NT 10.0; Win64; x64) AppleWebKit/537.36 (KHTML, like Gecko) Chrome/114.0.0.0 Safari/537.36"
128.14.102.152 - - [28/Apr/2026:16:25:57 +0300] "GET /beste-beruhmtheit-online-casinos-fur-jedes-high-tretroller-2026/ HTTP/1.1" 200 79097 "-" "Mozilla/5.0 (Windows NT 10.0; rv:125.0) Gecko/20100101 Firefox/125.0"
185.216.113.70 - - [28/Apr/2026:16:27:16 +0300] "POST /wp-cron.php?doing_wp_cron=1777382836.2465488910675048828125 HTTP/1.1" 200 448 "-" "WordPress/6.3.8; https://serhatburke.miroglu.net"
104.166.164.54 - - [28/Apr/2026:16:26:50 +0300] "POST /xmlrpc.php HTTP/1.1" 200 630 "-" "Mozilla/5.0 (Windows NT 10.0; Win64; x64) AppleWebKit/537.36 (KHTML, like Gecko) Chrome/114.0.0.0 Safari/537.36"
128.14.102.152 - - [28/Apr/2026:16:26:51 +0300] "POST /xmlrpc.php HTTP/1.1" 200 630 "-" "Mozilla/5.0 (Windows NT 10.0; Win64; x64) AppleWebKit/537.36 (KHTML, like Gecko) Chrome/114.0.0.0 Safari/537.36"
40.77.167.35 - - [28/Apr/2026:16:26:53 +0300] "GET /maximize-your-crypto-potential-with-raydium-exchange-2/ HTTP/2" 200 18042 "-" "Mozilla/5.0 AppleWebKit/537.36 (KHTML, like Gecko; compatible; bingbot/2.0; +http://www.bing.com/bingbot.htm) Chrome/116.0.1938.76 Safari/537.36"
52.167.144.166 - - [28/Apr/2026:16:26:57 +0300] "GET /zyklisch-veranstaltet-seriooses-online-spielsaal-diverse-arten-bei-promotionen-selbige-chronometrisch-nach-spezielle-feiertage-angepasst-werden/ HTTP/2" 200 18534 "-" "Mozilla/5.0 AppleWebKit/537.36 (KHTML, like Gecko; compatible; bingbot/2.0; +http://www.bing.com/bingbot.htm) Chrome/116.0.1938.76 Safari/537.36"
40.77.167.23 - - [28/Apr/2026:16:26:59 +0300] "GET /detachment-out-of-players-earnings-flashdash-slots-promo-has-been-delay/ HTTP/2" 200 17896 "-" "Mozilla/5.0 AppleWebKit/537.36 (KHTML, like Gecko; compatible; bingbot/2.0; +http://www.bing.com/bingbot.htm) Chrome/116.0.1938.76 Safari/537.36"
40.77.167.23 - - [28/Apr/2026:16:27:01 +0300] "GET /the-best-sims-4-casino-mods-that-actually-feel-realistic-sims4life/ HTTP/2" 200 18822 "-" "Mozilla/5.0 AppleWebKit/537.36 (KHTML, like Gecko; compatible; bingbot/2.0; +http://www.bing.com/bingbot.htm) Chrome/116.0.1938.76 Safari/537.36"
104.166.164.54 - - [28/Apr/2026:16:27:23 +0300] "POST /xmlrpc.php HTTP/1.1" 200 11083 "-" "Mozilla/5.0 (Windows NT 10.0; Win64; x64) AppleWebKit/537.36 (KHTML, like Gecko) Chrome/114.0.0.0 Safari/537.36"
128.14.102.152 - - [28/Apr/2026:16:27:28 +0300] "POST /xmlrpc.php HTTP/1.1" 200 13488 "-" "Mozilla/5.0 (Windows NT 10.0; Win64; x64) AppleWebKit/537.36 (KHTML, like Gecko) Chrome/114.0.0.0 Safari/537.36"
40.77.167.35 - - [28/Apr/2026:16:27:42 +0300] "GET /la-psicologia-detras-de-las-decisiones-en-el-juego/ HTTP/2" 200 18490 "-" "Mozilla/5.0 AppleWebKit/537.36 (KHTML, like Gecko; compatible; bingbot/2.0; +http://www.bing.com/bingbot.htm) Chrome/116.0.1938.76 Safari/537.36"
40.77.167.23 - - [28/Apr/2026:16:27:50 +0300] "GET /nos-jackpots-correcteurs-leurs-salle-de-jeu-en-parabole-gaulois-sont-presents/ HTTP/2" 200 18012 "-" "Mozilla/5.0 AppleWebKit/537.36 (KHTML, like Gecko; compatible; bingbot/2.0; +http://www.bing.com/bingbot.htm) Chrome/116.0.1938.76 Safari/537.36"
104.166.164.54 - - [28/Apr/2026:16:27:51 +0300] "GET /lucky-lady-charm-gebuhrenfrei-royal-casino-50-kostenlose-spins-keine-einzahlung-book-of-gold-2-double-kassenschlager-auffuhren-abzuglich-eintragung-2024/ HTTP/1.1" 200 77831 "-" "Mozilla/5.0 (Windows NT 10.0; Win64; x64) AppleWebKit/537.36 (KHTML, like Gecko) Chrome/124.0.0.0 Safari/537.36 Edg/124.0.0.0"
160.250.186.93 - - [28/Apr/2026:16:27:55 +0300] "GET /zotabet-casino-bonus-premier-depot-2026/ HTTP/1.1" 200 19124 "-" "Mozilla/5.0 (compatible; Googlebot/2.1; +http://www.google.com/bot.html)"
128.14.102.152 - - [28/Apr/2026:16:27:51 +0300] "GET /unser-besten-deutschen-apple-pay-angeschlossen-casinos/ HTTP/1.1" 200 77479 "-" "Mozilla/5.0 (Windows NT 10.0; Win64; x64) AppleWebKit/537.36 (KHTML, like Gecko) Chrome/124.0.0.0 Safari/537.36"
185.216.113.70 - - [28/Apr/2026:16:28:39 +0300] "POST /wp-cron.php?doing_wp_cron=1777382919.8649010658264160156250 HTTP/1.1" 200 448 "-" "WordPress/6.3.8; https://serhatburke.miroglu.net"
52.167.144.166 - - [28/Apr/2026:16:27:57 +0300] "GET /discover-the-benefits-of-using-a-safepal-wallet/ HTTP/2" 200 18387 "-" "Mozilla/5.0 AppleWebKit/537.36 (KHTML, like Gecko; compatible; bingbot/2.0; +http://www.bing.com/bingbot.htm) Chrome/116.0.1938.76 Safari/537.36"
170.168.96.188 - - [28/Apr/2026:16:28:06 +0300] "GET / HTTP/2" 200 20725 "-" "Mozilla/5.0 (Macintosh; Intel Mac OS X 10_15_7) AppleWebKit/537.36 (KHTML, like Gecko) Chrome/120.0.0.0 Safari/537.36"
128.14.102.152 - - [28/Apr/2026:16:28:19 +0300] "POST /xmlrpc.php HTTP/1.1" 200 630 "-" "Mozilla/5.0 (Windows NT 10.0; Win64; x64) AppleWebKit/537.36 (KHTML, like Gecko) Chrome/114.0.0.0 Safari/537.36"
40.77.167.35 - - [28/Apr/2026:16:28:23 +0300] "GET /sunt-capabili-sa-fie-capabili-juca-gratis-pe-cazino-de-asemenea-i-fara-fillip-fara-depunere/ HTTP/2" 200 17720 "-" "Mozilla/5.0 AppleWebKit/537.36 (KHTML, like Gecko; compatible; bingbot/2.0; +http://www.bing.com/bingbot.htm) Chrome/116.0.1938.76 Safari/537.36"
128.14.102.152 - - [28/Apr/2026:16:28:51 +0300] "POST /xmlrpc.php HTTP/1.1" 200 15903 "-" "Mozilla/5.0 (Windows NT 10.0; Win64; x64) AppleWebKit/537.36 (KHTML, like Gecko) Chrome/114.0.0.0 Safari/537.36"
128.14.102.152 - - [28/Apr/2026:16:29:05 +0300] "GET /10-ecu-einlosen-30-ecu-erhalten-spielbank-das-kalkulierte-geldspiel-pro-spotter-gazcologne-flussiggas-and-flussiggastank-geradlinig-dienlich/ HTTP/1.1" 200 82263 "-" "Mozilla/5.0 (Windows NT 10.0; Win64; x64) AppleWebKit/537.36 (KHTML, like Gecko) Chrome/123.0.0.0 Safari/537.36 OPR/109.0.0.0"
177.234.138.211 - - [28/Apr/2026:16:29:19 +0300] "GET /beste-casino-site-belgie-hoge-inzet/ HTTP/1.1" 200 19265 "-" "Mozilla/5.0 (X11; Fedora; Linux x86_64; rv:114.0) Gecko/20100101 Firefox/114.0"
185.216.113.70 - - [28/Apr/2026:16:29:58 +0300] "POST /wp-cron.php?doing_wp_cron=1777382998.4534258842468261718750 HTTP/1.1" 200 448 "-" "WordPress/6.3.8; https://serhatburke.miroglu.net"
128.14.102.152 - - [28/Apr/2026:16:29:45 +0300] "POST /xmlrpc.php HTTP/1.1" 200 630 "-" "Mozilla/5.0 (Windows NT 10.0; Win64; x64) AppleWebKit/537.36 (KHTML, like Gecko) Chrome/114.0.0.0 Safari/537.36"
128.14.102.152 - - [28/Apr/2026:16:30:04 +0300] "POST /xmlrpc.php HTTP/1.1" 200 15693 "-" "Mozilla/5.0 (Windows NT 10.0; Win64; x64) AppleWebKit/537.36 (KHTML, like Gecko) Chrome/114.0.0.0 Safari/537.36"
52.167.144.166 - - [28/Apr/2026:16:30:08 +0300] "GET /gioca-a-sbafo-sopra-decisione-online/ HTTP/2" 200 19502 "-" "Mozilla/5.0 AppleWebKit/537.36 (KHTML, like Gecko; compatible; bingbot/2.0; +http://www.bing.com/bingbot.htm) Chrome/116.0.1938.76 Safari/537.36"
40.77.167.23 - - [28/Apr/2026:16:30:12 +0300] "GET /angebote-abzuglich-zahlung-had-been-diese-erledigen-im-stande-sein-ferner-welches-gar-nicht/ HTTP/2" 200 18720 "-" "Mozilla/5.0 AppleWebKit/537.36 (KHTML, like Gecko; compatible; bingbot/2.0; +http://www.bing.com/bingbot.htm) Chrome/116.0.1938.76 Safari/537.36"
185.216.113.70 - - [28/Apr/2026:16:30:44 +0300] "POST /wp-cron.php?doing_wp_cron=1777383043.8733139038085937500000 HTTP/1.1" 200 448 "-" "WordPress/6.3.8; https://serhatburke.miroglu.net"
52.167.144.213 - - [28/Apr/2026:16:30:17 +0300] "GET /discover-the-advantages-of-using-ledger-live-for-crypto-3/ HTTP/2" 200 17527 "-" "Mozilla/5.0 AppleWebKit/537.36 (KHTML, like Gecko; compatible; bingbot/2.0; +http://www.bing.com/bingbot.htm) Chrome/116.0.1938.76 Safari/537.36"
52.167.144.213 - - [28/Apr/2026:16:30:17 +0300] "GET /the-earnings-and-60-free-spins-no-deposit-2023-features-of-cool-fruit-position-ios-internet-centered-playing-houses/ HTTP/2" 200 19337 "-" "Mozilla/5.0 AppleWebKit/537.36 (KHTML, like Gecko; compatible; bingbot/2.0; +http://www.bing.com/bingbot.htm) Chrome/116.0.1938.76 Safari/537.36"
128.14.102.152 - - [28/Apr/2026:16:30:27 +0300] "GET /spielautomaten-auszahlungsquote-beste-slots-via-hoher-rtp-2026/ HTTP/1.1" 200 80181 "-" "Mozilla/5.0 (Windows NT 10.0; rv:125.0) Gecko/20100101 Firefox/125.0"
40.77.167.23 - - [28/Apr/2026:16:30:51 +0300] "GET /best-5-skrill-gambling-enterprises-having-prompt-evolution-video-games-payouts-2026/ HTTP/2" 200 19033 "-" "Mozilla/5.0 AppleWebKit/537.36 (KHTML, like Gecko; compatible; bingbot/2.0; +http://www.bing.com/bingbot.htm) Chrome/116.0.1938.76 Safari/537.36"
128.14.102.152 - - [28/Apr/2026:16:31:13 +0300] "POST /xmlrpc.php HTTP/1.1" 200 630 "-" "Mozilla/5.0 (Windows NT 10.0; Win64; x64) AppleWebKit/537.36 (KHTML, like Gecko) Chrome/114.0.0.0 Safari/537.36"
185.216.113.70 - - [28/Apr/2026:16:31:44 +0300] "POST /wp-cron.php?doing_wp_cron=1777383104.8622140884399414062500 HTTP/1.1" 200 448 "-" "WordPress/6.3.8; https://serhatburke.miroglu.net"
128.14.102.152 - - [28/Apr/2026:16:31:32 +0300] "POST /xmlrpc.php HTTP/1.1" 200 16447 "-" "Mozilla/5.0 (Windows NT 10.0; Win64; x64) AppleWebKit/537.36 (KHTML, like Gecko) Chrome/114.0.0.0 Safari/537.36"
128.14.102.152 - - [28/Apr/2026:16:31:46 +0300] "GET /wo-sie-damit-grose-gewinne-spielen-konnen-nachfolgende-besten-casinos-qua-hohen-auszahlungsraten-inoffizieller-mitarbeiter-erprobung/ HTTP/1.1" 200 82572 "-" "Mozilla/5.0 (Windows NT 10.0; Win64; x64; rv:124.0) Gecko/20100101 Firefox/124.0"
85.208.96.198 - - [28/Apr/2026:16:31:49 +0300] "GET /gamblezen-casino-review-for-players-from-the-united-kingdom/ HTTP/1.1" 200 20990 "-" "Mozilla/5.0 (compatible; SemrushBot/7~bl; +http://www.semrush.com/bot.html)"
40.77.167.23 - - [28/Apr/2026:16:31:51 +0300] "GET /casinos-ohne-deutsche-lizenz-beste-anbieter-2026-3-2/ HTTP/2" 200 18716 "-" "Mozilla/5.0 AppleWebKit/537.36 (KHTML, like Gecko; compatible; bingbot/2.0; +http://www.bing.com/bingbot.htm) Chrome/116.0.1938.76 Safari/537.36"
52.167.144.191 - - [28/Apr/2026:16:31:58 +0300] "GET /bassbet-gyorstott-slot-live-gaming-kzpont-a-gyors/ HTTP/2" 200 21224 "-" "Mozilla/5.0 AppleWebKit/537.36 (KHTML, like Gecko; compatible; bingbot/2.0; +http://www.bing.com/bingbot.htm) Chrome/116.0.1938.76 Safari/537.36"
185.216.113.70 - - [28/Apr/2026:16:32:56 +0300] "POST /wp-cron.php?doing_wp_cron=1777383176.4970641136169433593750 HTTP/1.1" 200 448 "-" "WordPress/6.3.8; https://serhatburke.miroglu.net"
128.14.102.152 - - [28/Apr/2026:16:32:44 +0300] "POST /xmlrpc.php HTTP/1.1" 200 630 "-" "Mozilla/5.0 (Windows NT 10.0; Win64; x64) AppleWebKit/537.36 (KHTML, like Gecko) Chrome/114.0.0.0 Safari/537.36"
128.14.102.152 - - [28/Apr/2026:16:33:02 +0300] "POST /xmlrpc.php HTTP/1.1" 200 16815 "-" "Mozilla/5.0 (Windows NT 10.0; Win64; x64) AppleWebKit/537.36 (KHTML, like Gecko) Chrome/114.0.0.0 Safari/537.36"
128.14.102.152 - - [28/Apr/2026:16:33:17 +0300] "GET /angeschlossen-casinos-uber-erstplatzierter-auszahlungsquote-2026/ HTTP/1.1" 200 81107 "-" "Mozilla/5.0 (Windows NT 10.0; rv:109.0) Gecko/20100101 Firefox/115.0"
185.216.113.70 - - [28/Apr/2026:16:34:21 +0300] "POST /wp-cron.php?doing_wp_cron=1777383261.4598269462585449218750 HTTP/1.1" 200 448 "-" "WordPress/6.3.8; https://serhatburke.miroglu.net"
128.14.102.152 - - [28/Apr/2026:16:34:07 +0300] "POST /xmlrpc.php HTTP/1.1" 200 630 "-" "Mozilla/5.0 (Windows NT 10.0; Win64; x64) AppleWebKit/537.36 (KHTML, like Gecko) Chrome/114.0.0.0 Safari/537.36"
77.232.38.106 - - [28/Apr/2026:16:34:10 +0300] "GET /beste-casino-site-belgie-hoge-inzet/ HTTP/1.1" 200 19281 "https://serhatburke.miroglu.net/" "Mozilla/5.0 (X11; Ubuntu; Linux i686; rv:114.0) Gecko/20100101 Firefox/114.0"
52.167.144.191 - - [28/Apr/2026:16:34:18 +0300] "GET /connecter-mon-pese-personne-sanitas-sbf-73-mobile/ HTTP/2" 200 17767 "-" "Mozilla/5.0 AppleWebKit/537.36 (KHTML, like Gecko; compatible; bingbot/2.0; +http://www.bing.com/bingbot.htm) Chrome/116.0.1938.76 Safari/537.36"
128.14.102.152 - - [28/Apr/2026:16:34:28 +0300] "POST /xmlrpc.php HTTP/1.1" 200 14863 "-" "Mozilla/5.0 (Windows NT 10.0; Win64; x64) AppleWebKit/537.36 (KHTML, like Gecko) Chrome/114.0.0.0 Safari/537.36"
77.232.38.106 - - [28/Apr/2026:16:34:27 +0300] "GET /?p=27261 HTTP/1.1" 301 662 "https://serhatburke.miroglu.net/beste-casino-site-belgie-hoge-inzet/" "Mozilla/5.0 (X11; Ubuntu; Linux i686; rv:114.0) Gecko/20100101 Firefox/114.0"
77.232.38.106 - - [28/Apr/2026:16:34:48 +0300] "GET /beste-casino-site-belgie-hoge-inzet/ HTTP/1.1" 200 19279 "https://serhatburke.miroglu.net/?p=27261" "Mozilla/5.0 (X11; Ubuntu; Linux i686; rv:114.0) Gecko/20100101 Firefox/114.0"
52.167.144.191 - - [28/Apr/2026:16:34:48 +0300] "GET /berggeit-gem-zoogdier-gokkas-va-wms-spelen/ HTTP/2" 200 18525 "-" "Mozilla/5.0 AppleWebKit/537.36 (KHTML, like Gecko; compatible; bingbot/2.0; +http://www.bing.com/bingbot.htm) Chrome/116.0.1938.76 Safari/537.36"
128.14.102.152 - - [28/Apr/2026:16:34:48 +0300] "GET /nachfolgende-besten-erreichbar-casinos-fur-realistische-spiele-within-italien/ HTTP/1.1" 200 79453 "-" "Mozilla/5.0 (Windows NT 10.0; rv:109.0) Gecko/20100101 Firefox/115.0"
104.166.164.54 - - [28/Apr/2026:16:34:58 +0300] "POST /xmlrpc.php HTTP/1.1" 200 630 "-" "Mozilla/5.0 (Windows NT 10.0; Win64; x64) AppleWebKit/537.36 (KHTML, like Gecko) Chrome/114.0.0.0 Safari/537.36"
185.216.113.70 - - [28/Apr/2026:16:35:43 +0300] "POST /wp-cron.php?doing_wp_cron=1777383343.2658119201660156250000 HTTP/1.1" 200 448 "-" "WordPress/6.3.8; https://serhatburke.miroglu.net"
104.166.164.54 - - [28/Apr/2026:16:35:29 +0300] "POST /xmlrpc.php HTTP/1.1" 200 13195 "-" "Mozilla/5.0 (Windows NT 10.0; Win64; x64) AppleWebKit/537.36 (KHTML, like Gecko) Chrome/114.0.0.0 Safari/537.36"
128.14.102.152 - - [28/Apr/2026:16:35:30 +0300] "POST /xmlrpc.php HTTP/1.1" 200 630 "-" "Mozilla/5.0 (Windows NT 10.0; Win64; x64) AppleWebKit/537.36 (KHTML, like Gecko) Chrome/114.0.0.0 Safari/537.36"
104.166.164.54 - - [28/Apr/2026:16:35:45 +0300] "POST /xmlrpc.php HTTP/1.1" 200 630 "-" "Mozilla/5.0 (Windows NT 10.0; Win64; x64) AppleWebKit/537.36 (KHTML, like Gecko) Chrome/114.0.0.0 Safari/537.36"
128.14.102.152 - - [28/Apr/2026:16:35:50 +0300] "POST /xmlrpc.php HTTP/1.1" 200 15921 "-" "Mozilla/5.0 (Windows NT 10.0; Win64; x64) AppleWebKit/537.36 (KHTML, like Gecko) Chrome/114.0.0.0 Safari/537.36"
104.166.164.54 - - [28/Apr/2026:16:35:45 +0300] "GET /book-of-50-keine-einzahlung-spins-gladiator-ra-angeschlossen/ HTTP/1.1" 200 77246 "-" "Mozilla/5.0 (Windows NT 10.0; Win64; x64) AppleWebKit/537.36 (KHTML, like Gecko) Chrome/124.0.0.0 Safari/537.36"
104.166.164.54 - - [28/Apr/2026:16:36:16 +0300] "POST /xmlrpc.php HTTP/1.1" 200 12172 "-" "Mozilla/5.0 (Windows NT 10.0; Win64; x64) AppleWebKit/537.36 (KHTML, like Gecko) Chrome/114.0.0.0 Safari/537.36"
128.14.102.152 - - [28/Apr/2026:16:36:13 +0300] "GET /847-slots-via-ggl-lizenz/ HTTP/1.1" 200 79154 "-" "Mozilla/5.0 (Windows NT 10.0; Win64; x64) AppleWebKit/537.36 (KHTML, like Gecko) Chrome/124.0.0.0 Safari/537.36"
185.216.113.70 - - [28/Apr/2026:16:36:41 +0300] "POST /wp-cron.php?doing_wp_cron=1777383401.0806670188903808593750 HTTP/1.1" 200 448 "-" "WordPress/6.3.8; https://serhatburke.miroglu.net"
45.84.138.156 - - [28/Apr/2026:16:36:25 +0300] "GET /beste-casino-site-belgie-hoge-inzet/ HTTP/1.1" 200 19281 "https://serhatburke.miroglu.net/" "Mozilla/5.0 (Windows NT 10.0; WOW64) AppleWebKit/537.36 (KHTML, like Gecko) Chrome/114.0.0.0 Safari/537.36 Vivaldi/5.3.2679.68"
57.128.22.95 - - [28/Apr/2026:16:36:31 +0300] "GET /novoline-casino-codice-bonus-registrazione/ HTTP/1.1" 200 17782 "-" "Mozilla/5.0 (compatible; Googlebot/2.1; +http://www.google.com/bot.html)"
104.166.164.54 - - [28/Apr/2026:16:36:31 +0300] "GET /50-kostenlose-spins-in-pharaohs-golden-iii-keine-einzahlung/ HTTP/1.1" 200 76544 "-" "Mozilla/5.0 (Windows NT 10.0; Win64; x64; rv:125.0) Gecko/20100101 Firefox/125.0"
45.84.138.156 - - [28/Apr/2026:16:36:48 +0300] "GET /beste-casino-site-belgie-hoge-inzet/ HTTP/1.1" 200 19265 "https://serhatburke.miroglu.net/beste-casino-site-belgie-hoge-inzet/" "Mozilla/5.0 (Windows NT 6.3; Win64; x64) AppleWebKit/537.36 (KHTML, like Gecko) Chrome/103.0.0.0 Safari/537.36"
128.14.102.152 - - [28/Apr/2026:16:36:51 +0300] "POST /xmlrpc.php HTTP/1.1" 200 630 "-" "Mozilla/5.0 (Windows NT 10.0; Win64; x64) AppleWebKit/537.36 (KHTML, like Gecko) Chrome/114.0.0.0 Safari/537.36"
45.84.138.156 - - [28/Apr/2026:16:37:05 +0300] "POST /wp-comments-post.php HTTP/1.1" 302 1083 "https://serhatburke.miroglu.net/beste-casino-site-belgie-hoge-inzet/" "Mozilla/5.0 (Windows NT 6.3; Win64; x64) AppleWebKit/537.36 (KHTML, like Gecko) Chrome/103.0.0.0 Safari/537.36"
185.216.113.70 - - [28/Apr/2026:16:37:25 +0300] "POST /wp-cron.php?doing_wp_cron=1777383445.8920209407806396484375 HTTP/1.1" 200 448 "-" "WordPress/6.3.8; https://serhatburke.miroglu.net"
128.14.102.152 - - [28/Apr/2026:16:37:13 +0300] "POST /xmlrpc.php HTTP/1.1" 200 15929 "-" "Mozilla/5.0 (Windows NT 10.0; Win64; x64) AppleWebKit/537.36 (KHTML, like Gecko) Chrome/114.0.0.0 Safari/537.36"
45.84.138.156 - - [28/Apr/2026:16:37:17 +0300] "GET /beste-casino-site-belgie-hoge-inzet/?unapproved=827&moderation-hash=3c5af8cf4942cd0fe3ea4e3bbd24724c HTTP/1.1" 200 19728 "https://serhatburke.miroglu.net/wp-comments-post.php" "Mozilla/5.0 (Windows NT 6.3; Win64; x64) AppleWebKit/537.36 (KHTML, like Gecko) Chrome/103.0.0.0 Safari/537.36"
128.14.102.152 - - [28/Apr/2026:16:37:27 +0300] "GET /erreichbar-casinos-bedingungslos-10-deutsche-traktandum-anbieter-10-deutsche-top-anbieter-2026/ HTTP/1.1" 200 80880 "-" "Mozilla/5.0 (Windows NT 10.0; Win64; x64) AppleWebKit/537.36 (KHTML, like Gecko) Chrome/123.0.0.0 Safari/537.36"
45.84.138.156 - - [28/Apr/2026:16:37:32 +0300] "GET /beste-casino-site-belgie-hoge-inzet/ HTTP/1.1" 200 19265 "-" "Mozilla/5.0 (Windows NT 6.3; Win64; x64) AppleWebKit/537.36 (KHTML, like Gecko) Chrome/103.0.0.0 Safari/537.36"
85.208.96.203 - - [28/Apr/2026:16:37:36 +0300] "GET /gallery/gallery-grid-square/ HTTP/1.1" 200 19841 "-" "Mozilla/5.0 (compatible; SemrushBot/7~bl; +http://www.semrush.com/bot.html)"
212.237.123.98 - - [28/Apr/2026:16:37:42 +0300] "POST /xmlrpc.php HTTP/2" 200 141 "-" "WordPress/XMLRPC Client"
45.84.138.156 - - [28/Apr/2026:16:38:06 +0300] "GET /beste-casino-site-belgie-hoge-inzet/ HTTP/1.1" 200 19265 "-" "Mozilla/5.0 (X11; Fedora; Linux x86_64; rv:114.0) Gecko/20100101 Firefox/114.0"
212.237.123.98 - - [28/Apr/2026:16:38:06 +0300] "GET /?p=142429 HTTP/2" 301 0 "-" "Mozilla/5.0 (Windows NT 10.0; Win64; x64) AppleWebKit/537.36 (KHTML, like Gecko) Chrome/120.0.0.0 Safari/537.36"
128.14.102.152 - - [28/Apr/2026:16:38:13 +0300] "POST /xmlrpc.php HTTP/1.1" 200 630 "-" "Mozilla/5.0 (Windows NT 10.0; Win64; x64) AppleWebKit/537.36 (KHTML, like Gecko) Chrome/114.0.0.0 Safari/537.36"
185.216.113.70 - - [28/Apr/2026:16:38:49 +0300] "POST /wp-cron.php?doing_wp_cron=1777383528.8806889057159423828125 HTTP/1.1" 200 448 "-" "WordPress/6.3.8; https://serhatburke.miroglu.net"
128.14.102.152 - - [28/Apr/2026:16:38:36 +0300] "POST /xmlrpc.php HTTP/1.1" 200 12901 "-" "Mozilla/5.0 (Windows NT 10.0; Win64; x64) AppleWebKit/537.36 (KHTML, like Gecko) Chrome/114.0.0.0 Safari/537.36"
128.14.102.152 - - [28/Apr/2026:16:38:50 +0300] "GET /giri-fur-nusse-italia-guida-kunstliche-intelligenz-maklercourtage-giri-fur-nusse-del-2026/ HTTP/1.1" 200 77826 "-" "Mozilla/5.0 (Windows NT 10.0; Win64; x64) AppleWebKit/537.36 (KHTML, like Gecko) Chrome/123.0.0.0 Safari/537.36"
185.216.113.70 - - [28/Apr/2026:16:39:49 +0300] "POST /wp-cron.php?doing_wp_cron=1777383589.1786730289459228515625 HTTP/1.1" 200 448 "-" "WordPress/6.3.8; https://serhatburke.miroglu.net"
128.14.102.152 - - [28/Apr/2026:16:39:36 +0300] "POST /xmlrpc.php HTTP/1.1" 200 630 "-" "Mozilla/5.0 (Windows NT 10.0; Win64; x64) AppleWebKit/537.36 (KHTML, like Gecko) Chrome/114.0.0.0 Safari/537.36"
128.14.102.152 - - [28/Apr/2026:16:39:55 +0300] "POST /xmlrpc.php HTTP/1.1" 200 15307 "-" "Mozilla/5.0 (Windows NT 10.0; Win64; x64) AppleWebKit/537.36 (KHTML, like Gecko) Chrome/114.0.0.0 Safari/537.36"
128.14.102.152 - - [28/Apr/2026:16:40:10 +0300] "GET /kasino-maklercourtage-exklusive-einzahlung-april-2026-aktuelle-verkettete-liste/ HTTP/1.1" 200 80068 "-" "Mozilla/5.0 (Windows NT 10.0; Win64; x64; rv:125.0) Gecko/20100101 Firefox/125.0"
185.216.113.70 - - [28/Apr/2026:16:41:11 +0300] "POST /wp-cron.php?doing_wp_cron=1777383671.8077130317687988281250 HTTP/1.1" 200 448 "-" "WordPress/6.3.8; https://serhatburke.miroglu.net"
128.14.102.152 - - [28/Apr/2026:16:40:59 +0300] "POST /xmlrpc.php HTTP/1.1" 200 630 "-" "Mozilla/5.0 (Windows NT 10.0; Win64; x64) AppleWebKit/537.36 (KHTML, like Gecko) Chrome/114.0.0.0 Safari/537.36"
128.14.102.152 - - [28/Apr/2026:16:41:18 +0300] "POST /xmlrpc.php HTTP/1.1" 200 16057 "-" "Mozilla/5.0 (Windows NT 10.0; Win64; x64) AppleWebKit/537.36 (KHTML, like Gecko) Chrome/114.0.0.0 Safari/537.36"
185.216.113.70 - - [28/Apr/2026:16:41:49 +0300] "POST /wp-cron.php?doing_wp_cron=1777383709.3225729465484619140625 HTTP/1.1" 200 448 "-" "WordPress/6.3.8; https://serhatburke.miroglu.net"
128.14.102.152 - - [28/Apr/2026:16:41:32 +0300] "GET /jugendschutzgesetz-zu-welcher-zeit-wird-spiel-zugelassen/ HTTP/1.1" 200 80188 "-" "Mozilla/5.0 (Windows NT 10.0; Win64; x64) AppleWebKit/537.36 (KHTML, like Gecko) Chrome/122.0.0.0 Safari/537.36"
52.167.144.189 - - [28/Apr/2026:16:41:37 +0300] "GET /die-besten-casino-spiele-pro-menschenahnlicher-roboter/ HTTP/2" 200 20995 "-" "Mozilla/5.0 AppleWebKit/537.36 (KHTML, like Gecko; compatible; bingbot/2.0; +http://www.bing.com/bingbot.htm) Chrome/116.0.1938.76 Safari/537.36"
178.159.37.4 - - [28/Apr/2026:16:41:40 +0300] "GET /riobet-registracija-i-bystryj-start-48/ HTTP/1.1" 200 28447 "-" "Screaming Frog SEO Spider/19.8"
128.14.102.152 - - [28/Apr/2026:16:42:17 +0300] "POST /xmlrpc.php HTTP/1.1" 200 630 "-" "Mozilla/5.0 (Windows NT 10.0; Win64; x64) AppleWebKit/537.36 (KHTML, like Gecko) Chrome/114.0.0.0 Safari/537.36"
185.216.113.70 - - [28/Apr/2026:16:42:48 +0300] "POST /wp-cron.php?doing_wp_cron=1777383768.2895441055297851562500 HTTP/1.1" 200 448 "-" "WordPress/6.3.8; https://serhatburke.miroglu.net"
128.14.102.152 - - [28/Apr/2026:16:42:35 +0300] "POST /xmlrpc.php HTTP/1.1" 200 16270 "-" "Mozilla/5.0 (Windows NT 10.0; Win64; x64) AppleWebKit/537.36 (KHTML, like Gecko) Chrome/114.0.0.0 Safari/537.36"
128.14.102.152 - - [28/Apr/2026:16:42:49 +0300] "GET /gebuhrenfrei-angeschlossen-uber-den-daumen-echte-konkurrent/ HTTP/1.1" 200 80388 "-" "Mozilla/5.0 (Windows NT 10.0; Win64; x64) AppleWebKit/537.36 (KHTML, like Gecko) Chrome/123.0.0.0 Safari/537.36 OPR/109.0.0.0"
185.216.113.70 - - [28/Apr/2026:16:43:48 +0300] "POST /wp-cron.php?doing_wp_cron=1777383828.5713798999786376953125 HTTP/1.1" 200 448 "-" "WordPress/6.3.8; https://serhatburke.miroglu.net"
128.14.102.152 - - [28/Apr/2026:16:43:36 +0300] "POST /xmlrpc.php HTTP/1.1" 200 630 "-" "Mozilla/5.0 (Windows NT 10.0; Win64; x64) AppleWebKit/537.36 (KHTML, like Gecko) Chrome/114.0.0.0 Safari/537.36"
128.14.102.152 - - [28/Apr/2026:16:43:54 +0300] "POST /xmlrpc.php HTTP/1.1" 200 15292 "-" "Mozilla/5.0 (Windows NT 10.0; Win64; x64) AppleWebKit/537.36 (KHTML, like Gecko) Chrome/114.0.0.0 Safari/537.36"
128.14.102.152 - - [28/Apr/2026:16:44:09 +0300] "GET /zinkra-spielbank-geheimer-promo-code-ohne-einzahlung-2026-das-kalte-wein-unter-heisem-fahrbahn/ HTTP/1.1" 200 80491 "-" "Mozilla/5.0 (Windows NT 10.0; Win64; x64) AppleWebKit/537.36 (KHTML, like Gecko) Chrome/124.0.0.0 Safari/537.36 Edg/124.0.0.0"
185.216.113.70 - - [28/Apr/2026:16:45:10 +0300] "POST /wp-cron.php?doing_wp_cron=1777383910.3577148914337158203125 HTTP/1.1" 200 448 "-" "WordPress/6.3.8; https://serhatburke.miroglu.net"
128.14.102.152 - - [28/Apr/2026:16:44:58 +0300] "POST /xmlrpc.php HTTP/1.1" 200 630 "-" "Mozilla/5.0 (Windows NT 10.0; Win64; x64) AppleWebKit/537.36 (KHTML, like Gecko) Chrome/114.0.0.0 Safari/537.36"
128.14.102.152 - - [28/Apr/2026:16:45:16 +0300] "POST /xmlrpc.php HTTP/1.1" 200 16236 "-" "Mozilla/5.0 (Windows NT 10.0; Win64; x64) AppleWebKit/537.36 (KHTML, like Gecko) Chrome/114.0.0.0 Safari/537.36"
185.216.113.70 - - [28/Apr/2026:16:45:43 +0300] "POST /wp-cron.php?doing_wp_cron=1777383943.0635719299316406250000 HTTP/1.1" 200 448 "-" "WordPress/6.3.8; https://serhatburke.miroglu.net"
128.14.102.152 - - [28/Apr/2026:16:45:30 +0300] "GET /legales-angeschlossen-casino-qua-850-angeschlossen-slots/ HTTP/1.1" 200 80392 "-" "Mozilla/5.0 (Windows NT 10.0; Win64; x64; rv:124.0) Gecko/20100101 Firefox/124.0"
128.14.102.152 - - [28/Apr/2026:16:46:20 +0300] "POST /xmlrpc.php HTTP/1.1" 200 630 "-" "Mozilla/5.0 (Windows NT 10.0; Win64; x64) AppleWebKit/537.36 (KHTML, like Gecko) Chrome/114.0.0.0 Safari/537.36"
185.216.113.70 - - [28/Apr/2026:16:46:51 +0300] "POST /wp-cron.php?doing_wp_cron=1777384011.3409180641174316406250 HTTP/1.1" 200 448 "-" "WordPress/6.3.8; https://serhatburke.miroglu.net"
128.14.102.152 - - [28/Apr/2026:16:46:39 +0300] "POST /xmlrpc.php HTTP/1.1" 200 17185 "-" "Mozilla/5.0 (Windows NT 10.0; Win64; x64) AppleWebKit/537.36 (KHTML, like Gecko) Chrome/114.0.0.0 Safari/537.36"
128.14.102.152 - - [28/Apr/2026:16:46:52 +0300] "GET /karamba-erfahrungen-and-test-2026-ist-karamba-vertrauenswurdig/ HTTP/1.1" 200 81338 "-" "Mozilla/5.0 (Windows NT 10.0; Win64; x64; rv:124.0) Gecko/20100101 Firefox/124.0"
185.216.113.70 - - [28/Apr/2026:16:47:45 +0300] "POST /wp-cron.php?doing_wp_cron=1777384065.0253651142120361328125 HTTP/1.1" 200 448 "-" "WordPress/6.3.8; https://serhatburke.miroglu.net"
128.14.102.152 - - [28/Apr/2026:16:47:33 +0300] "POST /xmlrpc.php HTTP/1.1" 200 630 "-" "Mozilla/5.0 (Windows NT 10.0; Win64; x64) AppleWebKit/537.36 (KHTML, like Gecko) Chrome/114.0.0.0 Safari/537.36"
128.14.102.152 - - [28/Apr/2026:16:47:51 +0300] "POST /xmlrpc.php HTTP/1.1" 200 15990 "-" "Mozilla/5.0 (Windows NT 10.0; Win64; x64) AppleWebKit/537.36 (KHTML, like Gecko) Chrome/114.0.0.0 Safari/537.36"
128.14.102.152 - - [28/Apr/2026:16:48:05 +0300] "GET /online-spielsaal-maklercourtage-angebote-within-brdapr-2026/ HTTP/1.1" 200 79871 "-" "Mozilla/5.0 (Windows NT 10.0; Win64; x64) AppleWebKit/537.36 (KHTML, like Gecko) Chrome/123.0.0.0 Safari/537.36 OPR/109.0.0.0"
185.216.113.70 - - [28/Apr/2026:16:48:55 +0300] "POST /wp-cron.php?doing_wp_cron=1777384135.1977341175079345703125 HTTP/1.1" 200 448 "-" "WordPress/6.3.8; https://serhatburke.miroglu.net"
103.204.110.141 - - [28/Apr/2026:16:48:41 +0300] "GET /beste-casino-site-belgie-hoge-inzet/ HTTP/1.1" 200 19265 "-" "Mozilla/5.0 (X11; Fedora; Linux x86_64; rv:114.0) Gecko/20100101 Firefox/114.0"
178.159.37.4 - - [28/Apr/2026:16:48:44 +0300] "POST /xmlrpc.php HTTP/1.1" 200 1155 "-" "Mozilla/5.0 (Windows NT 10.0; Win64; x64) AppleWebKit/537.36 (KHTML, like Gecko) Chrome/131.0.0.0 Safari/537.36"
128.14.102.152 - - [28/Apr/2026:16:48:50 +0300] "POST /xmlrpc.php HTTP/1.1" 200 630 "-" "Mozilla/5.0 (Windows NT 10.0; Win64; x64) AppleWebKit/537.36 (KHTML, like Gecko) Chrome/114.0.0.0 Safari/537.36"
216.73.217.81 - - [28/Apr/2026:16:49:12 +0300] "GET /robots.txt HTTP/2" 200 110 "-" "Mozilla/5.0 AppleWebKit/537.36 (KHTML, like Gecko; compatible; ClaudeBot/1.0; +claudebot@anthropic.com)"
128.14.102.152 - - [28/Apr/2026:16:49:12 +0300] "POST /xmlrpc.php HTTP/1.1" 200 15514 "-" "Mozilla/5.0 (Windows NT 10.0; Win64; x64) AppleWebKit/537.36 (KHTML, like Gecko) Chrome/114.0.0.0 Safari/537.36"
216.73.217.81 - - [28/Apr/2026:16:49:24 +0300] "GET /come-pianificare-un-ciclo-di-steroidi-guida-pratica/ HTTP/2" 200 0 "-" "Mozilla/5.0 AppleWebKit/537.36 (KHTML, like Gecko; compatible; ClaudeBot/1.0; +claudebot@anthropic.com)"
185.216.113.70 - - [28/Apr/2026:16:49:39 +0300] "POST /wp-cron.php?doing_wp_cron=1777384179.2449550628662109375000 HTTP/1.1" 200 448 "-" "WordPress/6.3.8; https://serhatburke.miroglu.net"
128.14.102.152 - - [28/Apr/2026:16:49:26 +0300] "GET /perish-erreichbar-casinos-prasentation-50-freispiele-exklusive-einzahlung-eingeschaltet/ HTTP/1.1" 200 80528 "-" "Mozilla/5.0 (Windows NT 10.0; Win64; x64; rv:125.0) Gecko/20100101 Firefox/125.0"
128.14.102.152 - - [28/Apr/2026:16:50:05 +0300] "POST /xmlrpc.php HTTP/1.1" 200 630 "-" "Mozilla/5.0 (Windows NT 10.0; Win64; x64) AppleWebKit/537.36 (KHTML, like Gecko) Chrome/114.0.0.0 Safari/537.36"
185.216.113.70 - - [28/Apr/2026:16:50:36 +0300] "POST /wp-cron.php?doing_wp_cron=1777384236.7339110374450683593750 HTTP/1.1" 200 448 "-" "WordPress/6.3.8; https://serhatburke.miroglu.net"
128.14.102.152 - - [28/Apr/2026:16:50:24 +0300] "POST /xmlrpc.php HTTP/1.1" 200 15338 "-" "Mozilla/5.0 (Windows NT 10.0; Win64; x64) AppleWebKit/537.36 (KHTML, like Gecko) Chrome/114.0.0.0 Safari/537.36"
45.194.15.26 - - [28/Apr/2026:16:50:30 +0300] "GET /automaty-hazard-online HTTP/1.1" 301 649 "https://serhatburke.miroglu.net/" "Mozilla/5.0 (Macintosh; Intel Mac OS X 10_15_7) AppleWebKit/605.1.15 (KHTML, like Gecko) Version/17.0 Safari/605.1.15"
128.14.102.152 - - [28/Apr/2026:16:50:38 +0300] "GET /casumo-spielbank-united-states-1-spannende-spiele-grose-gewinne-ferner-nahtloses-runde/ HTTP/1.1" 200 79937 "-" "Mozilla/5.0 (Windows NT 10.0; Win64; x64) AppleWebKit/537.36 (KHTML, like Gecko) Chrome/122.0.0.0 Safari/537.36"
45.194.15.26 - - [28/Apr/2026:16:50:49 +0300] "GET /automaty-hazard-online/ HTTP/1.1" 200 20437 "https://serhatburke.miroglu.net/" "Mozilla/5.0 (Macintosh; Intel Mac OS X 10_15_7) AppleWebKit/605.1.15 (KHTML, like Gecko) Version/17.0 Safari/605.1.15"
128.14.102.152 - - [28/Apr/2026:16:51:19 +0300] "POST /xmlrpc.php HTTP/1.1" 200 630 "-" "Mozilla/5.0 (Windows NT 10.0; Win64; x64) AppleWebKit/537.36 (KHTML, like Gecko) Chrome/114.0.0.0 Safari/537.36"
185.216.113.70 - - [28/Apr/2026:16:51:49 +0300] "POST /wp-cron.php?doing_wp_cron=1777384309.5916628837585449218750 HTTP/1.1" 200 448 "-" "WordPress/6.3.8; https://serhatburke.miroglu.net"
128.14.102.152 - - [28/Apr/2026:16:51:37 +0300] "POST /xmlrpc.php HTTP/1.1" 200 16742 "-" "Mozilla/5.0 (Windows NT 10.0; Win64; x64) AppleWebKit/537.36 (KHTML, like Gecko) Chrome/114.0.0.0 Safari/537.36"
128.14.102.152 - - [28/Apr/2026:16:51:51 +0300] "GET /abzuglich-angebote/ HTTP/1.1" 200 80111 "-" "Mozilla/5.0 (Windows NT 10.0; Win64; x64) AppleWebKit/537.36 (KHTML, like Gecko) Chrome/124.0.0.0 Safari/537.36"
52.167.144.54 - - [28/Apr/2026:16:52:51 +0300] "GET /robots.txt HTTP/2" 200 0 "-" "Mozilla/5.0 AppleWebKit/537.36 (KHTML, like Gecko; compatible; bingbot/2.0; +http://www.bing.com/bingbot.htm) Chrome/116.0.1938.76 Safari/537.36"
185.216.113.70 - - [28/Apr/2026:16:54:03 +0300] "POST /wp-cron.php?doing_wp_cron=1777384443.3262579441070556640625 HTTP/1.1" 200 448 "-" "WordPress/6.3.8; https://serhatburke.miroglu.net"
196.65.137.111 - - [28/Apr/2026:16:53:51 +0300] "POST /xmlrpc.php HTTP/2" 200 141 "-" "WordPress/XMLRPC Client"
196.65.137.111 - - [28/Apr/2026:16:54:03 +0300] "GET /?p=142453 HTTP/2" 301 0 "-" "Mozilla/5.0 (Windows NT 10.0; Win64; x64) AppleWebKit/537.36 (KHTML, like Gecko) Chrome/120.0.0.0 Safari/537.36"
185.216.113.70 - - [28/Apr/2026:16:59:42 +0300] "POST /wp-cron.php?doing_wp_cron=1777384782.1629650592803955078125 HTTP/1.1" 200 448 "-" "WordPress/6.3.8; https://serhatburke.miroglu.net"
40.77.167.47 - - [28/Apr/2026:16:59:28 +0300] "GET /recul-dargent-au-coeur-dun-casino-dans-trajectoire-comment-retirer-avec-largent-de-la-marketing-et-a-lexclusion-de-menace/ HTTP/2" 200 18958 "-" "Mozilla/5.0 AppleWebKit/537.36 (KHTML, like Gecko; compatible; bingbot/2.0; +http://www.bing.com/bingbot.htm) Chrome/116.0.1938.76 Safari/537.36"
57.128.22.95 - - [28/Apr/2026:16:59:41 +0300] "GET /zotabet-casino-bonus-premier-depot-2026/ HTTP/1.1" 200 19124 "-" "Mozilla/5.0 (compatible; Googlebot/2.1; +http://www.google.com/bot.html)"
40.77.167.47 - - [28/Apr/2026:16:59:56 +0300] "GET /how-to-make-money-online-new-zealand/ HTTP/2" 200 17342 "-" "Mozilla/5.0 AppleWebKit/537.36 (KHTML, like Gecko; compatible; bingbot/2.0; +http://www.bing.com/bingbot.htm) Chrome/116.0.1938.76 Safari/537.36"
185.216.113.70 - - [28/Apr/2026:17:01:52 +0300] "POST /wp-cron.php?doing_wp_cron=1777384911.9310588836669921875000 HTTP/1.1" 200 448 "-" "WordPress/6.3.8; https://serhatburke.miroglu.net"
104.166.164.54 - - [28/Apr/2026:17:01:38 +0300] "POST /xmlrpc.php HTTP/1.1" 200 630 "-" "Mozilla/5.0 (Windows NT 10.0; Win64; x64) AppleWebKit/537.36 (KHTML, like Gecko) Chrome/114.0.0.0 Safari/537.36"
104.166.164.54 - - [28/Apr/2026:17:02:00 +0300] "POST /xmlrpc.php HTTP/1.1" 200 11950 "-" "Mozilla/5.0 (Windows NT 10.0; Win64; x64) AppleWebKit/537.36 (KHTML, like Gecko) Chrome/114.0.0.0 Safari/537.36"
104.166.164.54 - - [28/Apr/2026:17:02:16 +0300] "GET /book-of-ra-50-keine-einzahlung-spins-the-big-detailgeschaft-fixed-slot/ HTTP/1.1" 200 76489 "-" "Mozilla/5.0 (Windows NT 10.0; Win64; x64) AppleWebKit/537.36 (KHTML, like Gecko) Chrome/123.0.0.0 Safari/537.36 OPR/109.0.0.0"
185.216.113.70 - - [28/Apr/2026:17:02:49 +0300] "POST /wp-cron.php?doing_wp_cron=1777384969.1798670291900634765625 HTTP/1.1" 200 448 "-" "WordPress/6.3.8; https://serhatburke.miroglu.net"
57.128.22.95 - - [28/Apr/2026:17:02:36 +0300] "GET /zotabet-casino-bonus-premier-depot-2026/ HTTP/1.1" 200 19099 "-" "Mozilla/5.0 (compatible; Googlebot/2.1; +http://www.google.com/bot.html)"
57.128.22.95 - - [28/Apr/2026:17:02:39 +0300] "GET /novoline-casino-codice-bonus-registrazione/ HTTP/1.1" 200 17782 "-" "Mozilla/5.0 (compatible; Googlebot/2.1; +http://www.google.com/bot.html)"
128.14.102.152 - - [28/Apr/2026:17:03:01 +0300] "POST /xmlrpc.php HTTP/1.1" 200 630 "-" "Mozilla/5.0 (Windows NT 10.0; Win64; x64) AppleWebKit/537.36 (KHTML, like Gecko) Chrome/114.0.0.0 Safari/537.36"
185.216.113.70 - - [28/Apr/2026:17:03:32 +0300] "POST /wp-cron.php?doing_wp_cron=1777385012.7825610637664794921875 HTTP/1.1" 200 448 "-" "WordPress/6.3.8; https://serhatburke.miroglu.net"
128.14.102.152 - - [28/Apr/2026:17:03:19 +0300] "POST /xmlrpc.php HTTP/1.1" 200 15066 "-" "Mozilla/5.0 (Windows NT 10.0; Win64; x64) AppleWebKit/537.36 (KHTML, like Gecko) Chrome/114.0.0.0 Safari/537.36"
128.14.102.152 - - [28/Apr/2026:17:03:34 +0300] "GET /cherry-kasino-letter-500-provision-sichern-unter-anderem-freispiele/ HTTP/1.1" 200 79445 "-" "Mozilla/5.0 (Windows NT 10.0; Win64; x64) AppleWebKit/537.36 (KHTML, like Gecko) Chrome/124.0.0.0 Safari/537.36 Edg/124.0.0.0"
185.216.113.70 - - [28/Apr/2026:17:06:15 +0300] "POST /wp-cron.php?doing_wp_cron=1777385175.7636671066284179687500 HTTP/1.1" 200 448 "-" "WordPress/6.3.8; https://serhatburke.miroglu.net"
52.167.144.213 - - [28/Apr/2026:17:06:02 +0300] "GET /betty-condition-respect-program-discover-betty-gold-coins-to-have-perks/ HTTP/2" 200 17685 "-" "Mozilla/5.0 AppleWebKit/537.36 (KHTML, like Gecko; compatible; bingbot/2.0; +http://www.bing.com/bingbot.htm) Chrome/116.0.1938.76 Safari/537.36"
52.167.144.169 - - [28/Apr/2026:17:06:06 +0300] "GET /infine-di-questa-assista-parte-troverai-indivisible-appunto-sulla-modalita/ HTTP/2" 200 17873 "-" "Mozilla/5.0 AppleWebKit/537.36 (KHTML, like Gecko; compatible; bingbot/2.0; +http://www.bing.com/bingbot.htm) Chrome/116.0.1938.76 Safari/537.36"
52.167.144.213 - - [28/Apr/2026:17:06:21 +0300] "GET /rtp-was-ist-dies-unter-anderem-entsprechend-sei-auf-berechnet/ HTTP/2" 200 18552 "-" "Mozilla/5.0 AppleWebKit/537.36 (KHTML, like Gecko; compatible; bingbot/2.0; +http://www.bing.com/bingbot.htm) Chrome/116.0.1938.76 Safari/537.36"
52.167.144.169 - - [28/Apr/2026:17:06:28 +0300] "GET /towards-the-top-of-this-type-of-high-promotions-888-ccasino-brand-new-jerseys-reputation-products-program-will-pay-you-to-own-to-tackle/ HTTP/2" 200 17628 "-" "Mozilla/5.0 AppleWebKit/537.36 (KHTML, like Gecko; compatible; bingbot/2.0; +http://www.bing.com/bingbot.htm) Chrome/116.0.1938.76 Safari/537.36"
185.216.113.70 - - [28/Apr/2026:17:07:11 +0300] "POST /wp-cron.php?doing_wp_cron=1777385231.2672860622406005859375 HTTP/1.1" 200 448 "-" "WordPress/6.3.8; https://serhatburke.miroglu.net"
52.167.144.169 - - [28/Apr/2026:17:06:58 +0300] "GET /neue-casinos-lohnt-einander-unser-gebot-sehr-power-stars-spielautomat-wohl/ HTTP/2" 200 19992 "-" "Mozilla/5.0 AppleWebKit/537.36 (KHTML, like Gecko; compatible; bingbot/2.0; +http://www.bing.com/bingbot.htm) Chrome/116.0.1938.76 Safari/537.36"
185.191.171.2 - - [28/Apr/2026:17:07:18 +0300] "GET /robots.txt HTTP/1.1" 200 0 "-" "Mozilla/5.0 (compatible; SemrushBot/7~bl; +http://www.semrush.com/bot.html)"
52.167.144.213 - - [28/Apr/2026:17:07:20 +0300] "GET /sveriges-basta-casinon-online-testa-kungen-ybets-live-inloggning-nate/ HTTP/2" 200 19141 "-" "Mozilla/5.0 AppleWebKit/537.36 (KHTML, like Gecko; compatible; bingbot/2.0; +http://www.bing.com/bingbot.htm) Chrome/116.0.1938.76 Safari/537.36"
185.216.113.70 - - [28/Apr/2026:17:07:46 +0300] "POST /wp-cron.php?doing_wp_cron=1777385266.0768558979034423828125 HTTP/1.1" 200 448 "-" "WordPress/6.3.8; https://serhatburke.miroglu.net"
185.191.171.2 - - [28/Apr/2026:17:07:33 +0300] "GET /robots.txt HTTP/1.1" 200 605 "-" "Mozilla/5.0 (compatible; SemrushBot/7~bl; +http://www.semrush.com/bot.html)"
185.191.171.2 - - [28/Apr/2026:17:07:47 +0300] "GET /slots-cardio-secure-internet-casino-from-las-vegas-gambling-establishment-apps-on-google-enjoy/ HTTP/1.1" 200 22964 "-" "Mozilla/5.0 (compatible; SemrushBot/7~bl; +http://www.semrush.com/bot.html)"
85.208.96.207 - - [28/Apr/2026:17:08:06 +0300] "GET /individuals-might-access-many-playing-categories-tora-after-by-just-visiting-his-her-%EF%BF%BDgame-hall-section/ HTTP/1.1" 200 21122 "-" "Mozilla/5.0 (compatible; SemrushBot/7~bl; +http://www.semrush.com/bot.html)"
185.216.113.70 - - [28/Apr/2026:17:09:02 +0300] "POST /wp-cron.php?doing_wp_cron=1777385342.3862059116363525390625 HTTP/1.1" 200 448 "-" "WordPress/6.3.8; https://serhatburke.miroglu.net"
128.14.102.152 - - [28/Apr/2026:17:08:43 +0300] "POST /xmlrpc.php HTTP/1.1" 200 630 "-" "Mozilla/5.0 (Windows NT 10.0; Win64; x64) AppleWebKit/537.36 (KHTML, like Gecko) Chrome/114.0.0.0 Safari/537.36"
52.167.144.169 - - [28/Apr/2026:17:08:46 +0300] "GET /direkt-casino-2026-superb-direkt-casinon-i-sverige-med-bonusar/ HTTP/2" 200 18864 "-" "Mozilla/5.0 AppleWebKit/537.36 (KHTML, like Gecko; compatible; bingbot/2.0; +http://www.bing.com/bingbot.htm) Chrome/116.0.1938.76 Safari/537.36"
52.167.144.169 - - [28/Apr/2026:17:08:50 +0300] "GET /sonnennachster-planet-slot-unter-dampf-stehen-versailles-gold-slot-auf-diesem-smartphone-vortragen/ HTTP/2" 200 21073 "-" "Mozilla/5.0 AppleWebKit/537.36 (KHTML, like Gecko; compatible; bingbot/2.0; +http://www.bing.com/bingbot.htm) Chrome/116.0.1938.76 Safari/537.36"
40.77.167.150 - - [28/Apr/2026:17:08:52 +0300] "GET /release-the-kraken-2-experiencia-esfogiteado-acabamento-2025-jogue-a-demonio-de-beneficio/ HTTP/2" 200 20112 "-" "Mozilla/5.0 AppleWebKit/537.36 (KHTML, like Gecko; compatible; bingbot/2.0; +http://www.bing.com/bingbot.htm) Chrome/116.0.1938.76 Safari/537.36"
40.77.167.78 - - [28/Apr/2026:17:08:55 +0300] "GET /the-new-talked-about-replicator-reels-ability-turns-whole-reels-into-the-wilds-improving-winnings-potential/ HTTP/2" 200 17888 "-" "Mozilla/5.0 AppleWebKit/537.36 (KHTML, like Gecko; compatible; bingbot/2.0; +http://www.bing.com/bingbot.htm) Chrome/116.0.1938.76 Safari/537.36"
128.14.102.152 - - [28/Apr/2026:17:09:09 +0300] "POST /xmlrpc.php HTTP/1.1" 200 13708 "-" "Mozilla/5.0 (Windows NT 10.0; Win64; x64) AppleWebKit/537.36 (KHTML, like Gecko) Chrome/114.0.0.0 Safari/537.36"
185.216.113.70 - - [28/Apr/2026:17:09:46 +0300] "POST /wp-cron.php?doing_wp_cron=1777385386.3493409156799316406250 HTTP/1.1" 200 448 "-" "WordPress/6.3.8; https://serhatburke.miroglu.net"
128.14.102.152 - - [28/Apr/2026:17:09:33 +0300] "GET /clubs-casino-review-2026-get-the-bonuses-today/ HTTP/1.1" 200 77255 "-" "Mozilla/5.0 (Windows NT 10.0; Win64; x64) AppleWebKit/537.36 (KHTML, like Gecko) Chrome/109.0.0.0 Safari/537.36"
40.77.167.78 - - [28/Apr/2026:17:09:42 +0300] "GET /spinfever-casino-review-2026-australia-top-online-3328/ HTTP/2" 200 156895 "-" "Mozilla/5.0 AppleWebKit/537.36 (KHTML, like Gecko; compatible; bingbot/2.0; +http://www.bing.com/bingbot.htm) Chrome/116.0.1938.76 Safari/537.36"
107.172.52.126 - - [28/Apr/2026:17:09:53 +0300] "GET /beste-casino-site-belgie-hoge-inzet/ HTTP/1.1" 200 19359 "-" "Mozilla/5.0 (X11; Fedora; Linux x86_64; rv:114.0) Gecko/20100101 Firefox/114.0"
185.216.113.70 - - [28/Apr/2026:17:11:02 +0300] "POST /wp-cron.php?doing_wp_cron=1777385462.0718400478363037109375 HTTP/1.1" 200 448 "-" "WordPress/6.3.8; https://serhatburke.miroglu.net"
128.14.102.152 - - [28/Apr/2026:17:10:48 +0300] "POST /xmlrpc.php HTTP/1.1" 200 630 "-" "Mozilla/5.0 (Windows NT 10.0; Win64; x64) AppleWebKit/537.36 (KHTML, like Gecko) Chrome/114.0.0.0 Safari/537.36"
128.14.102.152 - - [28/Apr/2026:17:11:09 +0300] "POST /xmlrpc.php HTTP/1.1" 200 13070 "-" "Mozilla/5.0 (Windows NT 10.0; Win64; x64) AppleWebKit/537.36 (KHTML, like Gecko) Chrome/114.0.0.0 Safari/537.36"
128.14.102.152 - - [28/Apr/2026:17:11:23 +0300] "GET /casinos-via-5-euro-einzahlung-5-einlosen-unter-anderem-maklercourtage-sichern/ HTTP/1.1" 200 77649 "-" "Mozilla/5.0 (Windows NT 10.0; Win64; x64) AppleWebKit/537.36 (KHTML, like Gecko) Chrome/123.0.0.0 Safari/537.36 OPR/109.0.0.0"
185.216.113.70 - - [28/Apr/2026:17:12:04 +0300] "POST /wp-cron.php?doing_wp_cron=1777385523.9362530708312988281250 HTTP/1.1" 200 448 "-" "WordPress/6.3.8; https://serhatburke.miroglu.net"
212.237.123.98 - - [28/Apr/2026:17:11:49 +0300] "POST /xmlrpc.php HTTP/2" 200 141 "-" "WordPress/XMLRPC Client"
89.167.59.5 - - [28/Apr/2026:17:12:06 +0300] "POST /xmlrpc.php HTTP/1.1" 200 601 "-" "Mozilla/5.0 (Windows NT 10.0; Win64; x64) AppleWebKit/537.36 (KHTML, like Gecko) Chrome/108.0.0.0 Safari/537.36"
212.237.123.98 - - [28/Apr/2026:17:12:04 +0300] "GET /?p=142463 HTTP/2" 301 0 "-" "Mozilla/5.0 (Windows NT 10.0; Win64; x64) AppleWebKit/537.36 (KHTML, like Gecko) Chrome/120.0.0.0 Safari/537.36"
185.216.113.70 - - [28/Apr/2026:17:12:41 +0300] "POST /wp-cron.php?doing_wp_cron=1777385561.0084569454193115234375 HTTP/1.1" 200 448 "-" "WordPress/6.3.8; https://serhatburke.miroglu.net"
89.167.59.5 - - [28/Apr/2026:17:12:27 +0300] "POST /xmlrpc.php HTTP/1.1" 200 594 "-" "Mozilla/5.0 (Windows NT 10.0; Win64; x64) AppleWebKit/537.36 (KHTML, like Gecko) Chrome/108.0.0.0 Safari/537.36"
185.216.113.70 - - [28/Apr/2026:17:14:32 +0300] "POST /wp-cron.php?doing_wp_cron=1777385672.1319859027862548828125 HTTP/1.1" 200 448 "-" "WordPress/6.3.8; https://serhatburke.miroglu.net"
128.14.102.152 - - [28/Apr/2026:17:14:16 +0300] "POST /xmlrpc.php HTTP/1.1" 200 630 "-" "Mozilla/5.0 (Windows NT 10.0; Win64; x64) AppleWebKit/537.36 (KHTML, like Gecko) Chrome/114.0.0.0 Safari/537.36"
128.14.102.152 - - [28/Apr/2026:17:14:39 +0300] "POST /xmlrpc.php HTTP/1.1" 200 17524 "-" "Mozilla/5.0 (Windows NT 10.0; Win64; x64) AppleWebKit/537.36 (KHTML, like Gecko) Chrome/114.0.0.0 Safari/537.36"
128.14.102.152 - - [28/Apr/2026:17:14:53 +0300] "GET /traktandum-erreichbar-casinos-erst-als-5-einzahlung-jetzt-auffinden/ HTTP/1.1" 200 81557 "-" "Mozilla/5.0 (Windows NT 10.0; Win64; x64) AppleWebKit/537.36 (KHTML, like Gecko) Chrome/124.0.0.0 Safari/537.36 Edg/124.0.0.0"
185.216.113.70 - - [28/Apr/2026:17:15:45 +0300] "POST /wp-cron.php?doing_wp_cron=1777385744.8865880966186523437500 HTTP/1.1" 200 448 "-" "WordPress/6.3.8; https://serhatburke.miroglu.net"
52.167.144.167 - - [28/Apr/2026:17:15:33 +0300] "GET /sexy-since-the-hades-position-comment-join-the-three-dimensional-adventure-in-order-to-hell-and-you-may-winnings/ HTTP/2" 200 18941 "-" "Mozilla/5.0 AppleWebKit/537.36 (KHTML, like Gecko; compatible; bingbot/2.0; +http://www.bing.com/bingbot.htm) Chrome/116.0.1938.76 Safari/537.36"
52.167.144.167 - - [28/Apr/2026:17:16:02 +0300] "GET /kraken-vasha-bezopasnaia-ssylka-dlia-dostupa-k-darknetu/ HTTP/2" 200 18524 "-" "Mozilla/5.0 AppleWebKit/537.36 (KHTML, like Gecko; compatible; bingbot/2.0; +http://www.bing.com/bingbot.htm) Chrome/116.0.1938.76 Safari/537.36"
185.216.113.70 - - [28/Apr/2026:17:18:27 +0300] "POST /wp-cron.php?doing_wp_cron=1777385907.8093099594116210937500 HTTP/1.1" 200 448 "-" "WordPress/6.3.8; https://serhatburke.miroglu.net"
