103.219.169.195 - - [28/Apr/2026:09:21:57 +0300] "POST /xmlrpc.php HTTP/1.1" 200 630 "-" "Mozilla/5.0 (Windows NT 10.0; Win64; x64) AppleWebKit/537.36 (KHTML, like Gecko) Chrome/114.0.0.0 Safari/537.36"
185.216.113.70 - - [28/Apr/2026:09:22:31 +0300] "POST /wp-cron.php?doing_wp_cron=1777357349.7474000453948974609375 HTTP/1.1" 200 448 "-" "WordPress/6.3.8; https://serhatburke.miroglu.net"
103.219.169.195 - - [28/Apr/2026:09:22:15 +0300] "POST /xmlrpc.php HTTP/1.1" 200 16405 "-" "Mozilla/5.0 (Windows NT 10.0; Win64; x64) AppleWebKit/537.36 (KHTML, like Gecko) Chrome/114.0.0.0 Safari/537.36"
103.219.169.195 - - [28/Apr/2026:09:22:33 +0300] "GET /bitcoin-spielsaal-kollationieren-beste-btc-casinos-2026/ HTTP/1.1" 200 80362 "-" "Mozilla/5.0 (Windows NT 10.0; Win64; x64; rv:124.0) Gecko/20100101 Firefox/124.0"
62.12.118.37 - - [28/Apr/2026:09:22:54 +0300] "POST /xmlrpc.php HTTP/1.1" 200 630 "-" "Mozilla/5.0 (Windows NT 10.0; Win64; x64) AppleWebKit/537.36 (KHTML, like Gecko) Chrome/114.0.0.0 Safari/537.36"
52.167.144.236 - - [28/Apr/2026:09:22:56 +0300] "GET /eye-of-horus-50-freispiele-werfen-sie-einen-blick-auf-den-hyperlink-ohne-einzahlung-neu/ HTTP/2" 200 19712 "-" "Mozilla/5.0 AppleWebKit/537.36 (KHTML, like Gecko; compatible; bingbot/2.0; +http://www.bing.com/bingbot.htm) Chrome/116.0.1938.76 Safari/537.36"
185.216.113.70 - - [28/Apr/2026:09:23:26 +0300] "POST /wp-cron.php?doing_wp_cron=1777357406.3046250343322753906250 HTTP/1.1" 200 448 "-" "WordPress/6.3.8; https://serhatburke.miroglu.net"
62.12.118.37 - - [28/Apr/2026:09:23:13 +0300] "POST /xmlrpc.php HTTP/1.1" 200 17055 "-" "Mozilla/5.0 (Windows NT 10.0; Win64; x64) AppleWebKit/537.36 (KHTML, like Gecko) Chrome/114.0.0.0 Safari/537.36"
62.12.118.37 - - [28/Apr/2026:09:23:27 +0300] "GET /bar-investment-web-site-club-black-sheep-video-slot-play-on-line-99pandit/ HTTP/1.1" 200 80737 "-" "Mozilla/5.0 (Windows NT 10.0; rv:125.0) Gecko/20100101 Firefox/125.0"
185.216.113.70 - - [28/Apr/2026:09:25:02 +0300] "POST /wp-cron.php?doing_wp_cron=1777357502.0711240768432617187500 HTTP/1.1" 200 448 "-" "WordPress/6.3.8; https://serhatburke.miroglu.net"
62.12.118.37 - - [28/Apr/2026:09:24:49 +0300] "POST /xmlrpc.php HTTP/1.1" 200 630 "-" "Mozilla/5.0 (Windows NT 10.0; Win64; x64) AppleWebKit/537.36 (KHTML, like Gecko) Chrome/114.0.0.0 Safari/537.36"
198.23.171.91 - - [28/Apr/2026:09:25:00 +0300] "GET /zotabet-casino-bonus-premier-depot-2026/ HTTP/1.1" 200 19133 "https://serhatburke.miroglu.net/" "Mozilla/5.0 (Windows NT 10.0; WOW64) AppleWebKit/537.36 (KHTML, like Gecko) Chrome/114.0.0.0 Safari/537.36 Vivaldi/5.3.2679.68"
62.12.118.37 - - [28/Apr/2026:09:25:08 +0300] "POST /xmlrpc.php HTTP/1.1" 200 16342 "-" "Mozilla/5.0 (Windows NT 10.0; Win64; x64) AppleWebKit/537.36 (KHTML, like Gecko) Chrome/114.0.0.0 Safari/537.36"
185.216.113.70 - - [28/Apr/2026:09:25:39 +0300] "POST /wp-cron.php?doing_wp_cron=1777357539.2622079849243164062500 HTTP/1.1" 200 448 "-" "WordPress/6.3.8; https://serhatburke.miroglu.net"
62.12.118.37 - - [28/Apr/2026:09:25:26 +0300] "GET /gamble-swimsuit-party-casino-slot-games-for-free-2026/ HTTP/1.1" 200 79734 "-" "Mozilla/5.0 (Windows NT 10.0; Win64; x64) AppleWebKit/537.36 (KHTML, like Gecko) Chrome/123.0.0.0 Safari/537.36 OPR/109.0.0.0"
198.23.171.91 - - [28/Apr/2026:09:25:31 +0300] "GET /zotabet-casino-bonus-premier-depot-2026/ HTTP/1.1" 200 19124 "https://serhatburke.miroglu.net/zotabet-casino-bonus-premier-depot-2026/" "Mozilla/5.0 (Windows NT 6.3; Win64; x64) AppleWebKit/537.36 (KHTML, like Gecko) Chrome/103.0.0.0 Safari/537.36"
198.23.171.91 - - [28/Apr/2026:09:25:45 +0300] "POST /wp-comments-post.php HTTP/1.1" 302 1087 "https://serhatburke.miroglu.net/zotabet-casino-bonus-premier-depot-2026/" "Mozilla/5.0 (Windows NT 6.3; Win64; x64) AppleWebKit/537.36 (KHTML, like Gecko) Chrome/103.0.0.0 Safari/537.36"
198.23.171.91 - - [28/Apr/2026:09:25:58 +0300] "GET /zotabet-casino-bonus-premier-depot-2026/?unapproved=800&moderation-hash=ea4c536182771db346af33445470a2a7 HTTP/1.1" 200 19682 "https://serhatburke.miroglu.net/wp-comments-post.php" "Mozilla/5.0 (Windows NT 6.3; Win64; x64) AppleWebKit/537.36 (KHTML, like Gecko) Chrome/103.0.0.0 Safari/537.36"
198.23.171.91 - - [28/Apr/2026:09:26:12 +0300] "GET /zotabet-casino-bonus-premier-depot-2026/ HTTP/1.1" 200 19124 "-" "Mozilla/5.0 (Windows NT 6.3; Win64; x64) AppleWebKit/537.36 (KHTML, like Gecko) Chrome/103.0.0.0 Safari/537.36"
185.216.113.70 - - [28/Apr/2026:09:26:42 +0300] "POST /wp-cron.php?doing_wp_cron=1777357602.8505411148071289062500 HTTP/1.1" 200 448 "-" "WordPress/6.3.8; https://serhatburke.miroglu.net"
103.219.169.195 - - [28/Apr/2026:09:26:27 +0300] "POST /xmlrpc.php HTTP/1.1" 200 630 "-" "Mozilla/5.0 (Windows NT 10.0; Win64; x64) AppleWebKit/537.36 (KHTML, like Gecko) Chrome/114.0.0.0 Safari/537.36"
180.75.241.239 - - [28/Apr/2026:09:26:24 +0300] "POST /xmlrpc.php HTTP/2" 200 141 "-" "WordPress/XMLRPC Client"
178.159.37.156 - - [28/Apr/2026:09:26:33 +0300] "POST /xmlrpc.php HTTP/1.1" 200 1155 "-" "Mozilla/5.0 (Windows NT 10.0; Win64; x64) AppleWebKit/537.36 (KHTML, like Gecko) Chrome/80.0.3987.132 Safari/537.36"
180.75.241.239 - - [28/Apr/2026:09:26:45 +0300] "GET /?p=141886 HTTP/2" 200 0 "-" "Mozilla/5.0 (Windows NT 10.0; Win64; x64) AppleWebKit/537.36 (KHTML, like Gecko) Chrome/120.0.0.0 Safari/537.36"
103.219.169.195 - - [28/Apr/2026:09:26:49 +0300] "POST /xmlrpc.php HTTP/1.1" 200 16419 "-" "Mozilla/5.0 (Windows NT 10.0; Win64; x64) AppleWebKit/537.36 (KHTML, like Gecko) Chrome/114.0.0.0 Safari/537.36"
62.12.118.37 - - [28/Apr/2026:09:26:51 +0300] "POST /xmlrpc.php HTTP/1.1" 200 630 "-" "Mozilla/5.0 (Windows NT 10.0; Win64; x64) AppleWebKit/537.36 (KHTML, like Gecko) Chrome/114.0.0.0 Safari/537.36"
185.191.171.12 - - [28/Apr/2026:09:26:53 +0300] "GET /i-sa-tez-najbardziej-typowe-blednosc-w-korzystaniu-ktorzy-maja-kodow-promocyjnych/ HTTP/1.1" 200 21467 "-" "Mozilla/5.0 (compatible; SemrushBot/7~bl; +http://www.semrush.com/bot.html)"
198.23.171.91 - - [28/Apr/2026:09:27:16 +0300] "GET /zotabet-casino-bonus-premier-depot-2026/ HTTP/1.1" 200 0 "-" "Mozilla/5.0 (Windows NT 10.0; WOW64; x64) AppleWebKit/537.36 (KHTML, like Gecko) Chrome/114.0.0.0 Safari/537.36 OPR/89.0.4447.51"
185.216.113.70 - - [28/Apr/2026:09:28:03 +0300] "POST /wp-cron.php?doing_wp_cron=1777357683.6757659912109375000000 HTTP/1.1" 200 448 "-" "WordPress/6.3.8; https://serhatburke.miroglu.net"
40.77.167.74 - - [28/Apr/2026:09:27:23 +0300] "GET /australian-taydellinen-kolikkopelijulkaisu/ HTTP/2" 200 0 "-" "Mozilla/5.0 AppleWebKit/537.36 (KHTML, like Gecko; compatible; bingbot/2.0; +http://www.bing.com/bingbot.htm) Chrome/116.0.1938.76 Safari/537.36"
40.77.167.74 - - [28/Apr/2026:09:27:27 +0300] "GET /discover-finest-local-incidents-quasar-gaming-real-money-casino-activities-to-do/ HTTP/2" 200 0 "-" "Mozilla/5.0 AppleWebKit/537.36 (KHTML, like Gecko; compatible; bingbot/2.0; +http://www.bing.com/bingbot.htm) Chrome/116.0.1938.76 Safari/537.36"
52.167.144.23 - - [28/Apr/2026:09:27:34 +0300] "GET /effekt-postroenija-soderzhanija-na-vosprijatie/ HTTP/2" 200 0 "-" "Mozilla/5.0 AppleWebKit/537.36 (KHTML, like Gecko; compatible; bingbot/2.0; +http://www.bing.com/bingbot.htm) Chrome/116.0.1938.76 Safari/537.36"
103.219.169.195 - - [28/Apr/2026:09:27:27 +0300] "GET /casino-pramie-blos-einzahlung-neu-neue-no-abschlagzahlung-pramie-codes/ HTTP/1.1" 200 80684 "-" "Mozilla/5.0 (Windows NT 10.0; Win64; x64) AppleWebKit/537.36 (KHTML, like Gecko) Chrome/124.0.0.0 Safari/537.36 Edg/124.0.0.0"
178.159.37.49 - - [28/Apr/2026:09:27:34 +0300] "POST /xmlrpc.php HTTP/1.1" 200 0 "-" "Mozilla/5.0 (Windows NT 10.0; Win64; x64) AppleWebKit/537.36 (KHTML, like Gecko) Chrome/114.0.0.0 Safari/537.36 Edg/114.0.1264.71"
62.12.118.37 - - [28/Apr/2026:09:27:33 +0300] "POST /xmlrpc.php HTTP/1.1" 200 16703 "-" "Mozilla/5.0 (Windows NT 10.0; Win64; x64) AppleWebKit/537.36 (KHTML, like Gecko) Chrome/114.0.0.0 Safari/537.36"
181.136.149.226 - - [28/Apr/2026:09:27:56 +0300] "POST /xmlrpc.php HTTP/2" 200 0 "-" "Mozilla/5.0"
52.167.144.23 - - [28/Apr/2026:09:28:16 +0300] "GET /verificati-starea-platilor-efectuati-modificari-la-setarile-de-securitate-sau-confirmati-pasii-de-verificare-din-centrul-de-ajutor-al-aplicatiei/ HTTP/2" 200 0 "-" "Mozilla/5.0 AppleWebKit/537.36 (KHTML, like Gecko; compatible; bingbot/2.0; +http://www.bing.com/bingbot.htm) Chrome/116.0.1938.76 Safari/537.36"
52.167.144.142 - - [28/Apr/2026:09:28:21 +0300] "GET /kak-polzovatelskie-interfejsy-pomogajut-uderzhivat-vnimanie/ HTTP/2" 200 0 "-" "Mozilla/5.0 AppleWebKit/537.36 (KHTML, like Gecko; compatible; bingbot/2.0; +http://www.bing.com/bingbot.htm) Chrome/116.0.1938.76 Safari/537.36"
185.216.113.70 - - [28/Apr/2026:09:29:12 +0300] "POST /wp-cron.php?doing_wp_cron=1777357752.5760519504547119140625 HTTP/1.1" 200 448 "-" "WordPress/6.3.8; https://serhatburke.miroglu.net"
40.77.167.74 - - [28/Apr/2026:09:28:26 +0300] "GET /burglar-dragons-dogma-2-book/ HTTP/2" 200 0 "-" "Mozilla/5.0 AppleWebKit/537.36 (KHTML, like Gecko; compatible; bingbot/2.0; +http://www.bing.com/bingbot.htm) Chrome/116.0.1938.76 Safari/537.36"
185.216.113.70 - - [28/Apr/2026:09:29:25 +0300] "POST /wp-cron.php?doing_wp_cron=1777357765.7003879547119140625000 HTTP/1.1" 200 448 "-" "WordPress/6.3.8; https://serhatburke.miroglu.net"
185.216.113.70 - - [28/Apr/2026:09:29:25 +0300] "POST /wp-cron.php?doing_wp_cron=1777357765.8594830036163330078125 HTTP/1.1" 200 448 "-" "WordPress/6.3.8; https://serhatburke.miroglu.net"
62.12.118.37 - - [28/Apr/2026:09:28:44 +0300] "POST /xmlrpc.php HTTP/1.1" 200 630 "-" "Mozilla/5.0 (Windows NT 10.0; Win64; x64) AppleWebKit/537.36 (KHTML, like Gecko) Chrome/114.0.0.0 Safari/537.36"
185.216.113.70 - - [28/Apr/2026:09:29:31 +0300] "POST /wp-cron.php?doing_wp_cron=1777357771.0704169273376464843750 HTTP/1.1" 200 448 "-" "WordPress/6.3.8; https://serhatburke.miroglu.net"
179.108.245.210 - - [28/Apr/2026:09:28:56 +0300] "POST /xmlrpc.php HTTP/2" 200 141 "-" "Mozilla/5.0"
62.12.118.37 - - [28/Apr/2026:09:28:47 +0300] "GET /cool-good-fresh-fruit-position-opinion-200-deposit-extra-gambling-enterprise-2026/ HTTP/1.1" 200 80679 "-" "Mozilla/5.0 (Windows NT 10.0; Win64; x64) AppleWebKit/537.36 (KHTML, like Gecko) Chrome/109.0.0.0 Safari/537.36"
185.216.113.70 - - [28/Apr/2026:09:30:03 +0300] "POST /wp-cron.php?doing_wp_cron=1777357803.3700139522552490234375 HTTP/1.1" 200 448 "-" "WordPress/6.3.8; https://serhatburke.miroglu.net"
52.167.144.142 - - [28/Apr/2026:09:29:23 +0300] "GET /gamble-immortal-romance-on-line-select-free-otherwise-a-real-income/ HTTP/2" 200 18606 "-" "Mozilla/5.0 AppleWebKit/537.36 (KHTML, like Gecko; compatible; bingbot/2.0; +http://www.bing.com/bingbot.htm) Chrome/116.0.1938.76 Safari/537.36"
62.12.118.37 - - [28/Apr/2026:09:29:34 +0300] "POST /xmlrpc.php HTTP/1.1" 200 16675 "-" "Mozilla/5.0 (Windows NT 10.0; Win64; x64) AppleWebKit/537.36 (KHTML, like Gecko) Chrome/114.0.0.0 Safari/537.36"
179.108.245.210 - - [28/Apr/2026:09:29:34 +0300] "GET /?p=141892 HTTP/2" 301 0 "-" "Mozilla/5.0 (Windows NT 10.0; Win64; x64) AppleWebKit/537.36 (KHTML, like Gecko) Chrome/120.0.0.0 Safari/537.36"
62.12.118.37 - - [28/Apr/2026:09:30:14 +0300] "GET /gamble-mystery-art-gallery-position-96-58-rtp-real-cash-game/ HTTP/1.1" 200 80104 "-" "Mozilla/5.0 (Windows NT 10.0; Win64; x64; rv:125.0) Gecko/20100101 Firefox/125.0"
200.222.84.21 - - [28/Apr/2026:09:30:20 +0300] "POST /xmlrpc.php HTTP/2" 200 140 "-" "Mozilla/5.0"
52.167.144.142 - - [28/Apr/2026:09:30:23 +0300] "GET /erzielbar-bimbes-kasino-bet-365-anmelden-gewinnen-beste-erreichbar-spiele-zum-casino-grand-galore-piepen-gewinnen-2026-costa-rica/ HTTP/2" 200 19429 "-" "Mozilla/5.0 AppleWebKit/537.36 (KHTML, like Gecko; compatible; bingbot/2.0; +http://www.bing.com/bingbot.htm) Chrome/116.0.1938.76 Safari/537.36"
185.216.113.70 - - [28/Apr/2026:09:30:49 +0300] "POST /wp-cron.php?doing_wp_cron=1777357849.1102900505065917968750 HTTP/1.1" 200 448 "-" "WordPress/6.3.8; https://serhatburke.miroglu.net"
200.222.84.21 - - [28/Apr/2026:09:30:35 +0300] "GET /?p=141894 HTTP/2" 301 0 "-" "Mozilla/5.0 (Windows NT 10.0; Win64; x64) AppleWebKit/537.36 (KHTML, like Gecko) Chrome/120.0.0.0 Safari/537.36"
62.12.118.37 - - [28/Apr/2026:09:30:42 +0300] "POST /xmlrpc.php HTTP/1.1" 200 630 "-" "Mozilla/5.0 (Windows NT 10.0; Win64; x64) AppleWebKit/537.36 (KHTML, like Gecko) Chrome/114.0.0.0 Safari/537.36"
103.219.169.195 - - [28/Apr/2026:09:30:49 +0300] "POST /xmlrpc.php HTTP/1.1" 200 630 "-" "Mozilla/5.0 (Windows NT 10.0; Win64; x64) AppleWebKit/537.36 (KHTML, like Gecko) Chrome/114.0.0.0 Safari/537.36"
200.222.84.21 - - [28/Apr/2026:09:30:57 +0300] "POST /xmlrpc.php HTTP/2" 200 141 "-" "Mozilla/5.0"
62.12.118.37 - - [28/Apr/2026:09:31:03 +0300] "POST /xmlrpc.php HTTP/1.1" 200 16541 "-" "Mozilla/5.0 (Windows NT 10.0; Win64; x64) AppleWebKit/537.36 (KHTML, like Gecko) Chrome/114.0.0.0 Safari/537.36"
200.222.84.21 - - [28/Apr/2026:09:31:15 +0300] "POST /xmlrpc.php HTTP/2" 200 136 "-" "Mozilla/5.0"
103.219.169.195 - - [28/Apr/2026:09:31:16 +0300] "POST /xmlrpc.php HTTP/1.1" 200 19285 "-" "Mozilla/5.0 (Windows NT 10.0; Win64; x64) AppleWebKit/537.36 (KHTML, like Gecko) Chrome/114.0.0.0 Safari/537.36"
62.12.118.37 - - [28/Apr/2026:09:31:20 +0300] "GET /free-ports-totally-free-gambling-games-on-the-web/ HTTP/1.1" 200 79780 "-" "Mozilla/5.0 (Windows NT 10.0; rv:125.0) Gecko/20100101 Firefox/125.0"
185.216.113.70 - - [28/Apr/2026:09:31:48 +0300] "POST /wp-cron.php?doing_wp_cron=1777357908.5264410972595214843750 HTTP/1.1" 200 448 "-" "WordPress/6.3.8; https://serhatburke.miroglu.net"
200.222.84.21 - - [28/Apr/2026:09:31:35 +0300] "GET /?p=141900 HTTP/2" 301 0 "-" "Mozilla/5.0 (Windows NT 10.0; Win64; x64) AppleWebKit/537.36 (KHTML, like Gecko) Chrome/120.0.0.0 Safari/537.36"
103.219.169.195 - - [28/Apr/2026:09:31:35 +0300] "GET /which-singles-schattenreich-couples-are-unhorbar-together-where-the-cast-was-now/ HTTP/1.1" 200 84056 "-" "Mozilla/5.0 (Windows NT 10.0; Win64; x64; rv:125.0) Gecko/20100101 Firefox/125.0"
188.129.81.162 - - [28/Apr/2026:09:31:54 +0300] "POST /xmlrpc.php HTTP/2" 200 141 "-" "Mozilla/5.0"
188.129.81.162 - - [28/Apr/2026:09:32:07 +0300] "GET /?p=141903 HTTP/2" 301 0 "-" "Mozilla/5.0 (Windows NT 10.0; Win64; x64) AppleWebKit/537.36 (KHTML, like Gecko) Chrome/120.0.0.0 Safari/537.36"
188.129.81.162 - - [28/Apr/2026:09:32:24 +0300] "GET /los-10-mejores-casinos-online-de-argentina4045-2-4/ HTTP/2" 200 17827 "-" "Mozilla/5.0 (Windows NT 10.0; Win64; x64) AppleWebKit/537.36 (KHTML, like Gecko) Chrome/120.0.0.0 Safari/537.36"
185.216.113.70 - - [28/Apr/2026:09:32:51 +0300] "POST /wp-cron.php?doing_wp_cron=1777357970.9084410667419433593750 HTTP/1.1" 200 448 "-" "WordPress/6.3.8; https://serhatburke.miroglu.net"
62.12.118.37 - - [28/Apr/2026:09:32:38 +0300] "POST /xmlrpc.php HTTP/1.1" 200 630 "-" "Mozilla/5.0 (Windows NT 10.0; Win64; x64) AppleWebKit/537.36 (KHTML, like Gecko) Chrome/114.0.0.0 Safari/537.36"
62.12.118.37 - - [28/Apr/2026:09:32:57 +0300] "POST /xmlrpc.php HTTP/1.1" 200 16429 "-" "Mozilla/5.0 (Windows NT 10.0; Win64; x64) AppleWebKit/537.36 (KHTML, like Gecko) Chrome/114.0.0.0 Safari/537.36"
62.12.118.37 - - [28/Apr/2026:09:33:15 +0300] "GET /play-free-escape-ports-demo-games-on-line/ HTTP/1.1" 200 79526 "-" "Mozilla/5.0 (Windows NT 10.0; Win64; x64) AppleWebKit/537.36 (KHTML, like Gecko) Chrome/124.0.0.0 Safari/537.36 Edg/124.0.0.0"
185.216.113.70 - - [28/Apr/2026:09:33:43 +0300] "POST /wp-cron.php?doing_wp_cron=1777358023.7330420017242431640625 HTTP/1.1" 200 448 "-" "WordPress/6.3.8; https://serhatburke.miroglu.net"
178.159.37.5 - 9betink [28/Apr/2026:09:33:26 +0300] "POST /xmlrpc.php HTTP/1.1" 200 1155 "-" "Mozilla/5.0 (Windows NT 10.0; Win64; x64) AppleWebKit/537.36 (KHTML, like Gecko) Chrome/76.0.3809.100 Safari/537.36"
57.128.22.95 - - [28/Apr/2026:09:33:31 +0300] "GET /novoline-casino-codice-bonus-registrazione/ HTTP/1.1" 200 17873 "-" "Mozilla/5.0 (compatible; Googlebot/2.1; +http://www.google.com/bot.html)"
216.73.217.81 - - [28/Apr/2026:09:34:14 +0300] "GET /robots.txt HTTP/2" 200 110 "-" "Mozilla/5.0 AppleWebKit/537.36 (KHTML, like Gecko; compatible; ClaudeBot/1.0; +claudebot@anthropic.com)"
52.167.144.142 - - [28/Apr/2026:09:34:12 +0300] "GET /henen-nesu-bee-crazy-hd-1-deposit-walkthrough-students-of-the-odds-of-winning-aloha-group-will-pay-very-own-nile-paradise/ HTTP/2" 200 19795 "-" "Mozilla/5.0 AppleWebKit/537.36 (KHTML, like Gecko; compatible; bingbot/2.0; +http://www.bing.com/bingbot.htm) Chrome/116.0.1938.76 Safari/537.36"
185.216.113.70 - - [28/Apr/2026:09:34:44 +0300] "POST /wp-cron.php?doing_wp_cron=1777358084.2775509357452392578125 HTTP/1.1" 200 448 "-" "WordPress/6.3.8; https://serhatburke.miroglu.net"
62.12.118.37 - - [28/Apr/2026:09:34:32 +0300] "POST /xmlrpc.php HTTP/1.1" 200 630 "-" "Mozilla/5.0 (Windows NT 10.0; Win64; x64) AppleWebKit/537.36 (KHTML, like Gecko) Chrome/114.0.0.0 Safari/537.36"
62.12.118.37 - - [28/Apr/2026:09:34:50 +0300] "POST /xmlrpc.php HTTP/1.1" 200 16496 "-" "Mozilla/5.0 (Windows NT 10.0; Win64; x64) AppleWebKit/537.36 (KHTML, like Gecko) Chrome/114.0.0.0 Safari/537.36"
62.12.118.37 - - [28/Apr/2026:09:35:04 +0300] "GET /find-the-magic-away-from-miss-kitty-slot-machine-game-aristocrats-feline-thrill/ HTTP/1.1" 200 80754 "-" "Mozilla/5.0 (Windows NT 10.0; Win64; x64; rv:125.0) Gecko/20100101 Firefox/125.0"
185.216.113.70 - - [28/Apr/2026:09:35:39 +0300] "POST /wp-cron.php?doing_wp_cron=1777358139.3171329498291015625000 HTTP/1.1" 200 448 "-" "WordPress/6.3.8; https://serhatburke.miroglu.net"
23.83.90.91 - - [28/Apr/2026:09:35:27 +0300] "GET /beste-casino-site-belgie-hoge-inzet/ HTTP/1.1" 200 19265 "-" "Mozilla/5.0 (X11; Fedora; Linux x86_64; rv:114.0) Gecko/20100101 Firefox/114.0"
185.216.113.70 - - [28/Apr/2026:09:36:41 +0300] "POST /wp-cron.php?doing_wp_cron=1777358201.8225159645080566406250 HTTP/1.1" 200 448 "-" "WordPress/6.3.8; https://serhatburke.miroglu.net"
62.12.118.37 - - [28/Apr/2026:09:36:29 +0300] "POST /xmlrpc.php HTTP/1.1" 200 630 "-" "Mozilla/5.0 (Windows NT 10.0; Win64; x64) AppleWebKit/537.36 (KHTML, like Gecko) Chrome/114.0.0.0 Safari/537.36"
62.12.118.37 - - [28/Apr/2026:09:36:48 +0300] "POST /xmlrpc.php HTTP/1.1" 200 15616 "-" "Mozilla/5.0 (Windows NT 10.0; Win64; x64) AppleWebKit/537.36 (KHTML, like Gecko) Chrome/114.0.0.0 Safari/537.36"
62.12.118.37 - - [28/Apr/2026:09:37:02 +0300] "GET /play-quickspin-powered-position-goldilocks-plus-the-insane-carries/ HTTP/1.1" 200 79573 "-" "Mozilla/5.0 (Windows NT 10.0; Win64; x64; rv:124.0) Gecko/20100101 Firefox/124.0"
185.216.113.70 - - [28/Apr/2026:09:38:34 +0300] "POST /wp-cron.php?doing_wp_cron=1777358314.6649160385131835937500 HTTP/1.1" 200 448 "-" "WordPress/6.3.8; https://serhatburke.miroglu.net"
57.128.22.95 - - [28/Apr/2026:09:38:22 +0300] "GET /zotabet-casino-bonus-premier-depot-2026/ HTTP/1.1" 200 19124 "-" "Mozilla/5.0 (compatible; Googlebot/2.1; +http://www.google.com/bot.html)"
185.216.113.70 - - [28/Apr/2026:09:39:44 +0300] "POST /wp-cron.php?doing_wp_cron=1777358384.6204059123992919921875 HTTP/1.1" 200 448 "-" "WordPress/6.3.8; https://serhatburke.miroglu.net"
168.228.189.49 - - [28/Apr/2026:09:39:30 +0300] "POST /xmlrpc.php HTTP/2" 200 140 "-" "WordPress/XMLRPC Client"
168.228.189.49 - - [28/Apr/2026:09:39:45 +0300] "GET /?p=141911 HTTP/2" 301 0 "-" "Mozilla/5.0 (Windows NT 10.0; Win64; x64) AppleWebKit/537.36 (KHTML, like Gecko) Chrome/120.0.0.0 Safari/537.36"
216.73.217.81 - - [28/Apr/2026:09:40:12 +0300] "GET /sitemap.xml HTTP/2" 200 0 "-" "Mozilla/5.0 AppleWebKit/537.36 (KHTML, like Gecko; compatible; ClaudeBot/1.0; +claudebot@anthropic.com)"
185.216.113.70 - - [28/Apr/2026:09:42:02 +0300] "POST /wp-cron.php?doing_wp_cron=1777358522.1676490306854248046875 HTTP/1.1" 200 448 "-" "WordPress/6.3.8; https://serhatburke.miroglu.net"
57.128.22.95 - - [28/Apr/2026:09:41:48 +0300] "GET /zotabet-casino-bonus-premier-depot-2026/ HTTP/1.1" 200 19133 "https://serhatburke.miroglu.net/" "Mozilla/5.0 (Macintosh; Intel Mac OS X 10_15_7) AppleWebKit/537.36 (KHTML, like Gecko) Chrome/146.0.0.0 Safari/537.36 Edg/146.0.0.0"
23.94.6.131 - - [28/Apr/2026:09:42:04 +0300] "GET /wp-includes/css/dist/block-library/style.min.css?ver=6.3.8 HTTP/1.1" 200 13578 "https://serhatburke.miroglu.net/zotabet-casino-bonus-premier-depot-2026/" "Mozilla/5.0 (Windows NT 10.0; Win64; x64) AppleWebKit/537.36 (KHTML, like Gecko) Chrome/145.0.0.0 Safari/537.36"
23.94.6.131 - - [28/Apr/2026:09:42:05 +0300] "GET /wp-content/plugins/contact-form-7/includes/css/styles.css?ver=5.8 HTTP/1.1" 200 1490 "https://serhatburke.miroglu.net/zotabet-casino-bonus-premier-depot-2026/" "Mozilla/5.0 (Windows NT 10.0; Win64; x64) AppleWebKit/537.36 (KHTML, like Gecko) Chrome/145.0.0.0 Safari/537.36"
23.94.6.131 - - [28/Apr/2026:09:42:06 +0300] "GET /wp-content/themes/toppic/css/fontello.css?ver=4.2 HTTP/1.1" 200 1802 "https://serhatburke.miroglu.net/zotabet-casino-bonus-premier-depot-2026/" "Mozilla/5.0 (Windows NT 10.0; Win64; x64) AppleWebKit/537.36 (KHTML, like Gecko) Chrome/145.0.0.0 Safari/537.36"
66.249.73.14 - - [28/Apr/2026:09:41:53 +0300] "GET /robots.txt HTTP/1.1" 200 719 "-" "Mozilla/5.0 (compatible; Googlebot/2.1; +http://www.google.com/bot.html)"
23.94.6.131 - - [28/Apr/2026:09:42:07 +0300] "GET /wp-content/themes/toppic/css/reset.css?ver=4.2 HTTP/1.1" 200 1178 "https://serhatburke.miroglu.net/zotabet-casino-bonus-premier-depot-2026/" "Mozilla/5.0 (Windows NT 10.0; Win64; x64) AppleWebKit/537.36 (KHTML, like Gecko) Chrome/145.0.0.0 Safari/537.36"
23.94.6.131 - - [28/Apr/2026:09:42:08 +0300] "GET /wp-content/themes/toppic/css/default.css?ver=4.2 HTTP/1.1" 200 1811 "https://serhatburke.miroglu.net/zotabet-casino-bonus-premier-depot-2026/" "Mozilla/5.0 (Windows NT 10.0; Win64; x64) AppleWebKit/537.36 (KHTML, like Gecko) Chrome/145.0.0.0 Safari/537.36"
23.94.6.131 - - [28/Apr/2026:09:42:09 +0300] "GET /wp-content/themes/toppic/style.css?ver=4.2 HTTP/1.1" 200 23398 "https://serhatburke.miroglu.net/zotabet-casino-bonus-premier-depot-2026/" "Mozilla/5.0 (Windows NT 10.0; Win64; x64) AppleWebKit/537.36 (KHTML, like Gecko) Chrome/145.0.0.0 Safari/537.36"
66.249.76.78 - - [28/Apr/2026:09:42:10 +0300] "GET /wp-content/themes/toppic/css/rs-default.css?ver=4.2 HTTP/1.1" 200 2625 "https://serhatburke.miroglu.net/superspinscasino-uk-free-games-a-review-for-british-players/" "Mozilla/5.0 (Linux; Android 6.0.1; Nexus 5X Build/MMB29P) AppleWebKit/537.36 (KHTML, like Gecko) Chrome/147.0.7727.116 Mobile Safari/537.36 (compatible; Googlebot/2.1; +http://www.google.com/bot.html)"
198.12.122.109 - - [28/Apr/2026:09:42:41 +0300] "GET /wp-content/themes/toppic/css/rs-default.css?ver=4.2 HTTP/1.1" 200 2625 "https://serhatburke.miroglu.net/zotabet-casino-bonus-premier-depot-2026/" "Mozilla/5.0 (Windows NT 10.0; Win64; x64) AppleWebKit/537.36 (KHTML, like Gecko) Chrome/145.0.0.0 Safari/537.36"
198.12.122.109 - - [28/Apr/2026:09:42:43 +0300] "GET /wp-content/themes/toppic/css/lightbox.css?ver=4.2 HTTP/1.1" 200 2956 "https://serhatburke.miroglu.net/zotabet-casino-bonus-premier-depot-2026/" "Mozilla/5.0 (Windows NT 10.0; Win64; x64) AppleWebKit/537.36 (KHTML, like Gecko) Chrome/145.0.0.0 Safari/537.36"
198.12.122.109 - - [28/Apr/2026:09:42:44 +0300] "GET /wp-content/themes/toppic/css/woocommerce.css?ver=4.2 HTTP/1.1" 200 2848 "https://serhatburke.miroglu.net/zotabet-casino-bonus-premier-depot-2026/" "Mozilla/5.0 (Windows NT 10.0; Win64; x64) AppleWebKit/537.36 (KHTML, like Gecko) Chrome/145.0.0.0 Safari/537.36"
198.12.122.109 - - [28/Apr/2026:09:42:46 +0300] "GET /wp-content/themes/toppic/css/responsive.css?ver=4.2 HTTP/1.1" 200 2796 "https://serhatburke.miroglu.net/zotabet-casino-bonus-premier-depot-2026/" "Mozilla/5.0 (Windows NT 10.0; Win64; x64) AppleWebKit/537.36 (KHTML, like Gecko) Chrome/145.0.0.0 Safari/537.36"
66.249.76.77 - - [28/Apr/2026:09:42:49 +0300] "GET /superspinscasino-uk-free-games-a-review-for-british-players/undefined?ts=1775520000 HTTP/1.1" 200 0 "https://serhatburke.miroglu.net/superspinscasino-uk-free-games-a-review-for-british-players/" "Mozilla/5.0 (Linux; Android 6.0.1; Nexus 5X Build/MMB29P) AppleWebKit/537.36 (KHTML, like Gecko) Chrome/147.0.7727.116 Mobile Safari/537.36 (compatible; Googlebot/2.1; +http://www.google.com/bot.html)"
185.216.113.70 - - [28/Apr/2026:09:43:01 +0300] "POST /wp-cron.php?doing_wp_cron=1777358581.8068809509277343750000 HTTP/1.1" 200 448 "-" "WordPress/6.3.8; https://serhatburke.miroglu.net"
198.12.122.109 - - [28/Apr/2026:09:42:48 +0300] "POST /wp-comments-post.php HTTP/1.1" 302 1087 "https://serhatburke.miroglu.net/zotabet-casino-bonus-premier-depot-2026/" "Mozilla/5.0 (Macintosh; Intel Mac OS X 10_15_7) AppleWebKit/537.36 (KHTML, like Gecko) Chrome/146.0.0.0 Safari/537.36 Edg/146.0.0.0"
198.12.122.109 - - [28/Apr/2026:09:43:03 +0300] "GET /zotabet-casino-bonus-premier-depot-2026/?unapproved=801&moderation-hash=6f8b124c3b4eda378272ee11dca05f63 HTTP/1.1" 200 19580 "https://serhatburke.miroglu.net/wp-comments-post.php" "Mozilla/5.0 (Macintosh; Intel Mac OS X 10_15_7) AppleWebKit/537.36 (KHTML, like Gecko) Chrome/146.0.0.0 Safari/537.36 Edg/146.0.0.0"
57.128.22.95 - - [28/Apr/2026:09:43:17 +0300] "GET /zotabet-casino-bonus-premier-depot-2026/ HTTP/1.1" 200 19124 "-" "Mozilla/5.0 (compatible; Googlebot/2.1; +http://www.google.com/bot.html)"
185.216.113.70 - - [28/Apr/2026:09:45:14 +0300] "POST /wp-cron.php?doing_wp_cron=1777358714.3181760311126708984375 HTTP/1.1" 200 448 "-" "WordPress/6.3.8; https://serhatburke.miroglu.net"
57.128.22.95 - - [28/Apr/2026:09:45:00 +0300] "GET /novoline-casino-codice-bonus-registrazione/ HTTP/1.1" 200 17770 "https://serhatburke.miroglu.net/" "Mozilla/5.0 (X11; Ubuntu; Linux x86_64; rv:148.0) Gecko/20100101 Firefox/148.0"
198.12.122.109 - - [28/Apr/2026:09:45:17 +0300] "GET /wp-content/themes/toppic/css/royalslider.css?ver=4.2 HTTP/1.1" 200 1887 "https://serhatburke.miroglu.net/novoline-casino-codice-bonus-registrazione/" "Mozilla/5.0 (Windows NT 10.0; Win64; x64) AppleWebKit/537.36 (KHTML, like Gecko) Chrome/145.0.0.0 Safari/537.36"
103.219.169.195 - - [28/Apr/2026:09:45:19 +0300] "POST /xmlrpc.php HTTP/1.1" 200 630 "-" "Mozilla/5.0 (Windows NT 10.0; Win64; x64) AppleWebKit/537.36 (KHTML, like Gecko) Chrome/114.0.0.0 Safari/537.36"
198.12.122.109 - - [28/Apr/2026:09:45:19 +0300] "POST /wp-comments-post.php HTTP/1.1" 302 1090 "https://serhatburke.miroglu.net/novoline-casino-codice-bonus-registrazione/" "Mozilla/5.0 (X11; Ubuntu; Linux x86_64; rv:148.0) Gecko/20100101 Firefox/148.0"
185.216.113.70 - - [28/Apr/2026:09:45:50 +0300] "POST /wp-cron.php?doing_wp_cron=1777358750.8800330162048339843750 HTTP/1.1" 200 448 "-" "WordPress/6.3.8; https://serhatburke.miroglu.net"
198.12.122.109 - - [28/Apr/2026:09:45:38 +0300] "GET /novoline-casino-codice-bonus-registrazione/?unapproved=802&moderation-hash=f33b78151af0c48081b4c4f4ada1b9d9 HTTP/1.1" 200 18229 "https://serhatburke.miroglu.net/wp-comments-post.php" "Mozilla/5.0 (X11; Ubuntu; Linux x86_64; rv:148.0) Gecko/20100101 Firefox/148.0"
103.219.169.195 - - [28/Apr/2026:09:45:42 +0300] "POST /xmlrpc.php HTTP/1.1" 200 15200 "-" "Mozilla/5.0 (Windows NT 10.0; Win64; x64) AppleWebKit/537.36 (KHTML, like Gecko) Chrome/114.0.0.0 Safari/537.36"
57.128.22.95 - - [28/Apr/2026:09:45:51 +0300] "GET /novoline-casino-codice-bonus-registrazione/ HTTP/1.1" 200 17782 "-" "Mozilla/5.0 (compatible; Googlebot/2.1; +http://www.google.com/bot.html)"
103.219.169.195 - - [28/Apr/2026:09:45:59 +0300] "GET /cabaret-verein-spielsaal-no-anzahlung-bonus-angebote-pro-neue-kunden-wettanbieter-kollation/ HTTP/1.1" 200 80167 "-" "Mozilla/5.0 (Windows NT 10.0; rv:125.0) Gecko/20100101 Firefox/125.0"
85.208.96.200 - - [28/Apr/2026:09:46:01 +0300] "GET /try-luckyme-harbors-local-casino-a-secure-and-authorized-platform/ HTTP/1.1" 200 21236 "-" "Mozilla/5.0 (compatible; SemrushBot/7~bl; +http://www.semrush.com/bot.html)"
40.77.167.2 - - [28/Apr/2026:09:46:21 +0300] "GET /category-sitemap.xml HTTP/2" 200 3328 "-" "Mozilla/5.0 AppleWebKit/537.36 (KHTML, like Gecko; compatible; bingbot/2.0; +http://www.bing.com/bingbot.htm) Chrome/116.0.1938.76 Safari/537.36"
40.77.167.56 - - [28/Apr/2026:09:46:28 +0300] "GET /post-sitemap.xml HTTP/2" 200 103850 "-" "Mozilla/5.0 AppleWebKit/537.36 (KHTML, like Gecko; compatible; bingbot/2.0; +http://www.bing.com/bingbot.htm) Chrome/116.0.1938.76 Safari/537.36"
185.216.113.70 - - [28/Apr/2026:09:46:52 +0300] "POST /wp-cron.php?doing_wp_cron=1777358812.8247098922729492187500 HTTP/1.1" 200 448 "-" "WordPress/6.3.8; https://serhatburke.miroglu.net"
85.208.96.200 - - [28/Apr/2026:09:46:40 +0300] "GET /greatest-united-states-gambling-establishment-incentives-2026-verified-sign-up-wild-spirit-paypal-bonuses/ HTTP/1.1" 200 22888 "-" "Mozilla/5.0 (compatible; SemrushBot/7~bl; +http://www.semrush.com/bot.html)"
85.208.96.193 - - [28/Apr/2026:09:46:55 +0300] "GET /casino-glory-payment-time-what-uk-players-should-expect/ HTTP/1.1" 200 21002 "-" "Mozilla/5.0 (compatible; SemrushBot/7~bl; +http://www.semrush.com/bot.html)"
185.216.113.70 - - [28/Apr/2026:09:47:42 +0300] "POST /wp-cron.php?doing_wp_cron=1777358862.4674930572509765625000 HTTP/1.1" 200 448 "-" "WordPress/6.3.8; https://serhatburke.miroglu.net"
57.128.22.95 - - [28/Apr/2026:09:47:30 +0300] "GET /novoline-casino-codice-bonus-registrazione/ HTTP/1.1" 200 17782 "-" "Mozilla/5.0 (compatible; Googlebot/2.1; +http://www.google.com/bot.html)"
185.216.113.70 - - [28/Apr/2026:09:48:39 +0300] "POST /wp-cron.php?doing_wp_cron=1777358919.4030780792236328125000 HTTP/1.1" 200 448 "-" "WordPress/6.3.8; https://serhatburke.miroglu.net"
57.128.22.95 - - [28/Apr/2026:09:48:23 +0300] "GET /zotabet-casino-bonus-premier-depot-2026/ HTTP/1.1" 200 19124 "-" "Mozilla/5.0 (compatible; Googlebot/2.1; +http://www.google.com/bot.html)"
57.131.32.139 - - [28/Apr/2026:09:48:23 +0300] "GET /35849-2/ HTTP/1.1" 200 18388 "https://serhatburke.miroglu.net/" "Mozilla/5.0 (Windows NT 10.0; WOW64) AppleWebKit/537.36 (KHTML, like Gecko) Chrome/114.0.0.0 Safari/537.36 Vivaldi/5.3.2679.68"
57.131.32.139 - - [28/Apr/2026:09:48:33 +0300] "GET /35849-2/ HTTP/1.1" 200 18388 "https://serhatburke.miroglu.net/" "Mozilla/5.0 (Windows NT 10.0; WOW64) AppleWebKit/537.36 (KHTML, like Gecko) Chrome/114.0.0.0 Safari/537.36 Vivaldi/5.3.2679.68"
57.131.32.139 - - [28/Apr/2026:09:48:43 +0300] "GET /35849-2/ HTTP/1.1" 200 18388 "https://serhatburke.miroglu.net/" "Mozilla/5.0 (Windows NT 10.0; WOW64) AppleWebKit/537.36 (KHTML, like Gecko) Chrome/114.0.0.0 Safari/537.36 Vivaldi/5.3.2679.68"
158.69.22.136 - - [28/Apr/2026:09:48:51 +0300] "GET /zotabet-casino-bonus-premier-depot-2026/ HTTP/1.1" 200 19124 "-" "Mozilla/5.0 (compatible; Googlebot/2.1; +http://www.google.com/bot.html)"
185.216.113.70 - - [28/Apr/2026:09:49:44 +0300] "POST /wp-cron.php?doing_wp_cron=1777358983.9238328933715820312500 HTTP/1.1" 200 448 "-" "WordPress/6.3.8; https://serhatburke.miroglu.net"
177.220.172.123 - - [28/Apr/2026:09:49:30 +0300] "POST /xmlrpc.php HTTP/2" 200 140 "-" "WordPress/XMLRPC Client"
144.79.133.31 - - [28/Apr/2026:09:49:30 +0300] "GET /novoline-casino-codice-bonus-registrazione/ HTTP/1.1" 200 20041 "-" "Mozilla/5.0 (X11; Ubuntu; Linux x86_64; rv:102.0) Gecko/20100101 Firefox/102.0"
177.220.172.123 - - [28/Apr/2026:09:49:45 +0300] "GET /?p=141915 HTTP/2" 301 0 "-" "Mozilla/5.0 (Windows NT 10.0; Win64; x64) AppleWebKit/537.36 (KHTML, like Gecko) Chrome/120.0.0.0 Safari/537.36"
185.216.113.70 - - [28/Apr/2026:09:51:06 +0300] "POST /wp-cron.php?doing_wp_cron=1777359065.9380929470062255859375 HTTP/1.1" 200 448 "-" "WordPress/6.3.8; https://serhatburke.miroglu.net"
62.12.118.37 - - [28/Apr/2026:09:50:52 +0300] "POST /xmlrpc.php HTTP/1.1" 200 630 "-" "Mozilla/5.0 (Windows NT 10.0; Win64; x64) AppleWebKit/537.36 (KHTML, like Gecko) Chrome/114.0.0.0 Safari/537.36"
62.12.118.37 - - [28/Apr/2026:09:51:12 +0300] "POST /xmlrpc.php HTTP/1.1" 200 16255 "-" "Mozilla/5.0 (Windows NT 10.0; Win64; x64) AppleWebKit/537.36 (KHTML, like Gecko) Chrome/114.0.0.0 Safari/537.36"
62.12.118.37 - - [28/Apr/2026:09:51:28 +0300] "GET /happy-holidays-position-opinion-the-best-places-to-gamble-on-the-internet-microgaming/ HTTP/1.1" 200 80555 "-" "Mozilla/5.0 (Windows NT 10.0; Win64; x64; rv:124.0) Gecko/20100101 Firefox/124.0"
185.216.113.70 - - [28/Apr/2026:09:52:36 +0300] "POST /wp-cron.php?doing_wp_cron=1777359156.6763980388641357421875 HTTP/1.1" 200 448 "-" "WordPress/6.3.8; https://serhatburke.miroglu.net"
103.219.169.195 - - [28/Apr/2026:09:52:23 +0300] "POST /xmlrpc.php HTTP/1.1" 200 630 "-" "Mozilla/5.0 (Windows NT 10.0; Win64; x64) AppleWebKit/537.36 (KHTML, like Gecko) Chrome/114.0.0.0 Safari/537.36"
103.219.169.195 - - [28/Apr/2026:09:52:43 +0300] "POST /xmlrpc.php HTTP/1.1" 200 17565 "-" "Mozilla/5.0 (Windows NT 10.0; Win64; x64) AppleWebKit/537.36 (KHTML, like Gecko) Chrome/114.0.0.0 Safari/537.36"
144.79.133.31 - - [28/Apr/2026:09:52:47 +0300] "GET /novoline-casino-codice-bonus-registrazione/ HTTP/1.1" 200 20041 "-" "Mozilla/5.0 (X11; Ubuntu; Linux x86_64; rv:102.0) Gecko/20100101 Firefox/102.0"
144.79.133.31 - - [28/Apr/2026:09:52:47 +0300] "GET /zotabet-casino-bonus-premier-depot-2026/ HTTP/1.1" 200 21529 "-" "Mozilla/5.0 (X11; Ubuntu; Linux x86_64; rv:102.0) Gecko/20100101 Firefox/102.0"
144.79.133.31 - - [28/Apr/2026:09:52:52 +0300] "GET /novoline-casino-codice-bonus-registrazione/ HTTP/1.1" 200 20041 "-" "Mozilla/5.0 (X11; Ubuntu; Linux x86_64; rv:102.0) Gecko/20100101 Firefox/102.0"
103.219.169.195 - - [28/Apr/2026:09:53:06 +0300] "GET /cashmio-spielbank-testbericht-2026/ HTTP/1.1" 200 80936 "-" "Mozilla/5.0 (Windows NT 10.0; Win64; x64) AppleWebKit/537.36 (KHTML, like Gecko) Chrome/123.0.0.0 Safari/537.36 OPR/109.0.0.0"
62.12.118.37 - - [28/Apr/2026:09:53:14 +0300] "POST /xmlrpc.php HTTP/1.1" 200 630 "-" "Mozilla/5.0 (Windows NT 10.0; Win64; x64) AppleWebKit/537.36 (KHTML, like Gecko) Chrome/114.0.0.0 Safari/537.36"
185.216.113.70 - - [28/Apr/2026:09:53:56 +0300] "POST /wp-cron.php?doing_wp_cron=1777359236.5977048873901367187500 HTTP/1.1" 200 448 "-" "WordPress/6.3.8; https://serhatburke.miroglu.net"
165.231.101.198 - - [28/Apr/2026:09:53:34 +0300] "GET /beste-casino-site-belgie-hoge-inzet/ HTTP/1.1" 200 19265 "-" "Mozilla/5.0 (X11; Fedora; Linux x86_64; rv:114.0) Gecko/20100101 Firefox/114.0"
62.12.118.37 - - [28/Apr/2026:09:53:34 +0300] "POST /xmlrpc.php HTTP/1.1" 200 16601 "-" "Mozilla/5.0 (Windows NT 10.0; Win64; x64) AppleWebKit/537.36 (KHTML, like Gecko) Chrome/114.0.0.0 Safari/537.36"
57.128.22.95 - - [28/Apr/2026:09:53:38 +0300] "GET /beste-casino-site-belgie-hoge-inzet/ HTTP/1.1" 200 19265 "-" "Mozilla/5.0 (compatible; Googlebot/2.1; +http://www.google.com/bot.html)"
62.12.118.37 - - [28/Apr/2026:09:54:00 +0300] "GET /not-so-long-ago-slot-betsoft-2025/ HTTP/1.1" 200 79290 "-" "Mozilla/5.0 (Windows NT 10.0; Win64; x64) AppleWebKit/537.36 (KHTML, like Gecko) Chrome/122.0.0.0 Safari/537.36"
185.216.113.70 - - [28/Apr/2026:09:55:30 +0300] "POST /wp-cron.php?doing_wp_cron=1777359330.0457000732421875000000 HTTP/1.1" 200 448 "-" "WordPress/6.3.8; https://serhatburke.miroglu.net"
67.226.219.226 - - [28/Apr/2026:09:55:17 +0300] "GET /automaty-hazard-online/ HTTP/1.1" 200 18372 "https://serhatburke.miroglu.net/" "Mozilla/5.0 (Windows NT 10.0; WOW64) AppleWebKit/537.36 (KHTML, like Gecko) Chrome/114.0.0.0 Safari/537.36 Vivaldi/5.3.2679.68"
67.226.219.226 - - [28/Apr/2026:09:55:43 +0300] "POST /wp-comments-post.php HTTP/1.1" 302 1033 "https://serhatburke.miroglu.net/automaty-hazard-online/" "Mozilla/5.0 (Windows NT 10.0; WOW64) AppleWebKit/537.36 (KHTML, like Gecko) Chrome/114.0.0.0 Safari/537.36 Vivaldi/5.3.2679.68"
62.12.118.37 - - [28/Apr/2026:09:55:50 +0300] "POST /xmlrpc.php HTTP/1.1" 200 630 "-" "Mozilla/5.0 (Windows NT 10.0; Win64; x64) AppleWebKit/537.36 (KHTML, like Gecko) Chrome/114.0.0.0 Safari/537.36"
67.226.219.226 - - [28/Apr/2026:09:55:58 +0300] "GET /automaty-hazard-online/?unapproved=803&moderation-hash=dc50d6be7e16c3bdff168b6bfcdcc38a HTTP/1.1" 200 18826 "https://serhatburke.miroglu.net/wp-comments-post.php" "Mozilla/5.0 (Windows NT 10.0; WOW64) AppleWebKit/537.36 (KHTML, like Gecko) Chrome/114.0.0.0 Safari/537.36 Vivaldi/5.3.2679.68"
185.216.113.70 - - [28/Apr/2026:09:56:23 +0300] "POST /wp-cron.php?doing_wp_cron=1777359383.7907280921936035156250 HTTP/1.1" 200 448 "-" "WordPress/6.3.8; https://serhatburke.miroglu.net"
62.12.118.37 - - [28/Apr/2026:09:56:11 +0300] "POST /xmlrpc.php HTTP/1.1" 200 16350 "-" "Mozilla/5.0 (Windows NT 10.0; Win64; x64) AppleWebKit/537.36 (KHTML, like Gecko) Chrome/114.0.0.0 Safari/537.36"
67.226.219.226 - - [28/Apr/2026:09:56:18 +0300] "GET /automaty-hazard-online/ HTTP/1.1" 200 18362 "-" "Mozilla/5.0 (Windows NT 10.0; WOW64) AppleWebKit/537.36 (KHTML, like Gecko) Chrome/114.0.0.0 Safari/537.36 Vivaldi/5.3.2679.68"
62.12.118.37 - - [28/Apr/2026:09:56:25 +0300] "GET /king-of-the-nile-dos-ports-totally-free-no-install-gamblearistocrat-supplier/ HTTP/1.1" 200 80204 "-" "Mozilla/5.0 (Windows NT 10.0; Win64; x64) AppleWebKit/537.36 (KHTML, like Gecko) Chrome/124.0.0.0 Safari/537.36"
107.152.46.202 - - [28/Apr/2026:09:57:16 +0300] "GET /beste-casino-site-belgie-hoge-inzet/ HTTP/1.1" 200 19265 "-" "Mozilla/5.0 (Windows NT 10.0; WOW64; x64) AppleWebKit/537.36 (KHTML, like Gecko) Chrome/114.0.0.0 Safari/537.36 OPR/89.0.4447.51"
185.216.113.70 - - [28/Apr/2026:09:57:47 +0300] "POST /wp-cron.php?doing_wp_cron=1777359466.9481930732727050781250 HTTP/1.1" 200 448 "-" "WordPress/6.3.8; https://serhatburke.miroglu.net"
62.197.159.35 - - [28/Apr/2026:09:57:34 +0300] "POST /xmlrpc.php HTTP/1.1" 200 215676 "-" "Mozilla/5.0 (Windows NT 10.0; Win64; x64) AppleWebKit/537.36 (KHTML, like Gecko) Chrome/80.0.3987.122 Safari/537.36 Edg/80.0.361.62"
62.197.159.35 - - [28/Apr/2026:09:57:48 +0300] "POST /xmlrpc.php HTTP/1.1" 200 664 "-" "Mozilla/5.0 (Windows NT 10.0; Win64; x64) AppleWebKit/537.36 (KHTML, like Gecko) Chrome/80.0.3987.122 Safari/537.36 Edg/80.0.361.62"
62.197.159.35 - - [28/Apr/2026:09:58:01 +0300] "POST /xmlrpc.php HTTP/1.1" 200 667 "-" "Mozilla/5.0 (Windows NT 10.0; Win64; x64) AppleWebKit/537.36 (KHTML, like Gecko) Chrome/80.0.3987.122 Safari/537.36 Edg/80.0.361.62"
103.219.169.195 - - [28/Apr/2026:09:58:04 +0300] "POST /xmlrpc.php HTTP/1.1" 200 630 "-" "Mozilla/5.0 (Windows NT 10.0; Win64; x64) AppleWebKit/537.36 (KHTML, like Gecko) Chrome/114.0.0.0 Safari/537.36"
185.216.113.70 - - [28/Apr/2026:09:58:28 +0300] "POST /wp-cron.php?doing_wp_cron=1777359508.6405050754547119140625 HTTP/1.1" 200 448 "-" "WordPress/6.3.8; https://serhatburke.miroglu.net"
62.197.159.35 - - [28/Apr/2026:09:58:16 +0300] "POST /xmlrpc.php HTTP/1.1" 200 7916 "-" "Mozilla/5.0 (Windows NT 10.0; Win64; x64) AppleWebKit/537.36 (KHTML, like Gecko) Chrome/80.0.3987.122 Safari/537.36 Edg/80.0.361.62"
103.219.169.195 - - [28/Apr/2026:09:58:24 +0300] "POST /xmlrpc.php HTTP/1.1" 200 15802 "-" "Mozilla/5.0 (Windows NT 10.0; Win64; x64) AppleWebKit/537.36 (KHTML, like Gecko) Chrome/114.0.0.0 Safari/537.36"
62.12.118.37 - - [28/Apr/2026:09:58:29 +0300] "POST /xmlrpc.php HTTP/1.1" 200 630 "-" "Mozilla/5.0 (Windows NT 10.0; Win64; x64) AppleWebKit/537.36 (KHTML, like Gecko) Chrome/114.0.0.0 Safari/537.36"
40.77.167.74 - - [28/Apr/2026:09:58:41 +0300] "GET /betchain-gambling-establishment-casino-sieger-100-no-deposit-bonus-comment-added-bonus-2026-advantages-and-disadvantages/ HTTP/2" 200 19763 "-" "Mozilla/5.0 AppleWebKit/537.36 (KHTML, like Gecko; compatible; bingbot/2.0; +http://www.bing.com/bingbot.htm) Chrome/116.0.1938.76 Safari/537.36"
103.219.169.195 - - [28/Apr/2026:09:58:43 +0300] "GET /beste-casinos-unter-einsatz-von-5-ecu-einzahlung-2026-5-bonus/ HTTP/1.1" 200 79722 "-" "Mozilla/5.0 (Windows NT 10.0; rv:109.0) Gecko/20100101 Firefox/115.0"
40.77.167.48 - - [28/Apr/2026:09:58:45 +0300] "GET /just-what-canadian-participants-can-expect-out-of-a-full-featured-on-the-web-program/ HTTP/2" 200 17987 "-" "Mozilla/5.0 AppleWebKit/537.36 (KHTML, like Gecko; compatible; bingbot/2.0; +http://www.bing.com/bingbot.htm) Chrome/116.0.1938.76 Safari/537.36"
40.77.167.57 - - [28/Apr/2026:09:58:46 +0300] "GET /oczywiscie-jesli-transmisji-w-twitchu-czy-czy-nie-youtube-sportowcy-staja-sie-dostawa-do-kodow-specjalnych/ HTTP/2" 200 18222 "-" "Mozilla/5.0 AppleWebKit/537.36 (KHTML, like Gecko; compatible; bingbot/2.0; +http://www.bing.com/bingbot.htm) Chrome/116.0.1938.76 Safari/537.36"
62.12.118.37 - - [28/Apr/2026:09:58:57 +0300] "POST /xmlrpc.php HTTP/1.1" 200 16686 "-" "Mozilla/5.0 (Windows NT 10.0; Win64; x64) AppleWebKit/537.36 (KHTML, like Gecko) Chrome/114.0.0.0 Safari/537.36"
62.12.118.37 - - [28/Apr/2026:09:59:20 +0300] "GET /score-a-hundred-k-free-coins/ HTTP/1.1" 200 79446 "-" "Mozilla/5.0 (Windows NT 10.0; Win64; x64) AppleWebKit/537.36 (KHTML, like Gecko) Chrome/123.0.0.0 Safari/537.36"
185.216.113.70 - - [28/Apr/2026:10:01:06 +0300] "POST /wp-cron.php?doing_wp_cron=1777359666.4133920669555664062500 HTTP/1.1" 200 448 "-" "WordPress/6.3.8; https://serhatburke.miroglu.net"
67.226.219.226 - - [28/Apr/2026:10:00:40 +0300] "GET /automaty-hazard-online/ HTTP/1.1" 200 18362 "-" "Mozilla/5.0 (X11; Fedora; Linux x86_64; rv:114.0) Gecko/20100101 Firefox/114.0"
62.12.118.37 - - [28/Apr/2026:10:01:00 +0300] "POST /xmlrpc.php HTTP/1.1" 200 630 "-" "Mozilla/5.0 (Windows NT 10.0; Win64; x64) AppleWebKit/537.36 (KHTML, like Gecko) Chrome/114.0.0.0 Safari/537.36"
57.128.22.95 - - [28/Apr/2026:10:01:18 +0300] "GET /novoline-casino-codice-bonus-registrazione/ HTTP/1.1" 200 17757 "-" "Mozilla/5.0 (compatible; Googlebot/2.1; +http://www.google.com/bot.html)"
62.12.118.37 - - [28/Apr/2026:10:01:34 +0300] "POST /xmlrpc.php HTTP/1.1" 200 17082 "-" "Mozilla/5.0 (Windows NT 10.0; Win64; x64) AppleWebKit/537.36 (KHTML, like Gecko) Chrome/114.0.0.0 Safari/537.36"
185.216.113.70 - - [28/Apr/2026:10:02:03 +0300] "POST /wp-cron.php?doing_wp_cron=1777359723.8696269989013671875000 HTTP/1.1" 200 448 "-" "WordPress/6.3.8; https://serhatburke.miroglu.net"
62.12.118.37 - - [28/Apr/2026:10:01:52 +0300] "GET /higher-rtp-harbors-where-you-can-gamble-on-the-internet-from-the-you-s/ HTTP/1.1" 200 80892 "-" "Mozilla/5.0 (Windows NT 10.0; Win64; x64) AppleWebKit/537.36 (KHTML, like Gecko) Chrome/124.0.0.0 Safari/537.36 Edg/124.0.0.0"
185.216.113.70 - - [28/Apr/2026:10:02:47 +0300] "POST /wp-cron.php?doing_wp_cron=1777359767.1013150215148925781250 HTTP/1.1" 200 448 "-" "WordPress/6.3.8; https://serhatburke.miroglu.net"
169.224.68.160 - - [28/Apr/2026:10:02:34 +0300] "GET /automaty-hazard-online HTTP/1.1" 301 649 "https://serhatburke.miroglu.net/" "Mozilla/5.0 (Macintosh; Intel Mac OS X 10_15_7) AppleWebKit/605.1.15 (KHTML, like Gecko) Version/17.0 Safari/605.1.15"
169.224.68.160 - - [28/Apr/2026:10:02:48 +0300] "GET /automaty-hazard-online/ HTTP/1.1" 200 20437 "https://serhatburke.miroglu.net/" "Mozilla/5.0 (Macintosh; Intel Mac OS X 10_15_7) AppleWebKit/605.1.15 (KHTML, like Gecko) Version/17.0 Safari/605.1.15"
185.216.113.70 - - [28/Apr/2026:10:03:41 +0300] "POST /wp-cron.php?doing_wp_cron=1777359821.5308229923248291015625 HTTP/1.1" 200 448 "-" "WordPress/6.3.8; https://serhatburke.miroglu.net"
103.219.169.195 - - [28/Apr/2026:10:03:20 +0300] "POST /xmlrpc.php HTTP/1.1" 200 630 "-" "Mozilla/5.0 (Windows NT 10.0; Win64; x64) AppleWebKit/537.36 (KHTML, like Gecko) Chrome/114.0.0.0 Safari/537.36"
40.77.167.48 - - [28/Apr/2026:10:03:20 +0300] "GET /kraken-bezopasnoe-ispol-zovanie-darkneta-v-2026-11/ HTTP/2" 200 18986 "-" "Mozilla/5.0 AppleWebKit/537.36 (KHTML, like Gecko; compatible; bingbot/2.0; +http://www.bing.com/bingbot.htm) Chrome/116.0.1938.76 Safari/537.36"
62.12.118.37 - - [28/Apr/2026:10:03:28 +0300] "POST /xmlrpc.php HTTP/1.1" 200 630 "-" "Mozilla/5.0 (Windows NT 10.0; Win64; x64) AppleWebKit/537.36 (KHTML, like Gecko) Chrome/114.0.0.0 Safari/537.36"
40.77.167.48 - - [28/Apr/2026:10:03:24 +0300] "GET /starmania-real-time-statistics-rtp-srp/ HTTP/2" 200 20614 "-" "Mozilla/5.0 AppleWebKit/537.36 (KHTML, like Gecko; compatible; bingbot/2.0; +http://www.bing.com/bingbot.htm) Chrome/116.0.1938.76 Safari/537.36"
103.219.169.195 - - [28/Apr/2026:10:03:49 +0300] "POST /xmlrpc.php HTTP/1.1" 200 14651 "-" "Mozilla/5.0 (Windows NT 10.0; Win64; x64) AppleWebKit/537.36 (KHTML, like Gecko) Chrome/114.0.0.0 Safari/537.36"
62.12.118.37 - - [28/Apr/2026:10:03:56 +0300] "POST /xmlrpc.php HTTP/1.1" 200 17160 "-" "Mozilla/5.0 (Windows NT 10.0; Win64; x64) AppleWebKit/537.36 (KHTML, like Gecko) Chrome/114.0.0.0 Safari/537.36"
103.219.169.195 - - [28/Apr/2026:10:04:05 +0300] "GET /77jackpot-spielbank-bewertung-an-dieser-stelle-wartet-ihr-funfstufiger-casino-pramie/ HTTP/1.1" 200 79420 "-" "Mozilla/5.0 (Windows NT 10.0; Win64; x64; rv:125.0) Gecko/20100101 Firefox/125.0"
185.216.113.70 - - [28/Apr/2026:10:04:42 +0300] "POST /wp-cron.php?doing_wp_cron=1777359881.8567941188812255859375 HTTP/1.1" 200 448 "-" "WordPress/6.3.8; https://serhatburke.miroglu.net"
62.12.118.37 - - [28/Apr/2026:10:04:14 +0300] "GET /slots-lv-totally-free-revolves-fifty-totally-free-revolves-to-the-see-ports-mention-great/ HTTP/1.1" 200 81474 "-" "Mozilla/5.0 (Windows NT 10.0; Win64; x64) AppleWebKit/537.36 (KHTML, like Gecko) Chrome/124.0.0.0 Safari/537.36"
40.77.167.57 - - [28/Apr/2026:10:04:18 +0300] "GET /insattningsbonus-otippad-etta-februari-2026/ HTTP/2" 200 18986 "-" "Mozilla/5.0 AppleWebKit/537.36 (KHTML, like Gecko; compatible; bingbot/2.0; +http://www.bing.com/bingbot.htm) Chrome/116.0.1938.76 Safari/537.36"
191.119.103.59 - - [28/Apr/2026:10:04:24 +0300] "POST /xmlrpc.php HTTP/2" 200 141 "-" "WordPress/XMLRPC Client"
40.77.167.48 - - [28/Apr/2026:10:04:23 +0300] "GET /tronscan-the-best-resource-for-tron-transaction-insights/ HTTP/2" 200 17955 "-" "Mozilla/5.0 AppleWebKit/537.36 (KHTML, like Gecko; compatible; bingbot/2.0; +http://www.bing.com/bingbot.htm) Chrome/116.0.1938.76 Safari/537.36"
191.119.103.59 - - [28/Apr/2026:10:04:47 +0300] "GET /?p=141937 HTTP/2" 301 0 "-" "Mozilla/5.0 (Windows NT 10.0; Win64; x64) AppleWebKit/537.36 (KHTML, like Gecko) Chrome/120.0.0.0 Safari/537.36"
185.216.113.70 - - [28/Apr/2026:10:05:43 +0300] "POST /wp-cron.php?doing_wp_cron=1777359943.7416028976440429687500 HTTP/1.1" 200 448 "-" "WordPress/6.3.8; https://serhatburke.miroglu.net"
40.77.167.48 - - [28/Apr/2026:10:05:31 +0300] "GET /discover-the-unique-benefits-of-sushiswap-dex-trading/ HTTP/2" 200 18444 "-" "Mozilla/5.0 AppleWebKit/537.36 (KHTML, like Gecko; compatible; bingbot/2.0; +http://www.bing.com/bingbot.htm) Chrome/116.0.1938.76 Safari/537.36"
66.249.76.64 - - [28/Apr/2026:10:05:42 +0300] "GET /chumba-casino-uk-review-your-gateway-to-exciting-online-gaming/ HTTP/1.1" 200 0 "https://xjprydk.driftengine-games.info/" "Mozilla/5.0 (Linux; Android 6.0.1; Nexus 5X Build/MMB29P) AppleWebKit/537.36 (KHTML, like Gecko) Chrome/147.0.7727.116 Mobile Safari/537.36 (compatible; Googlebot/2.1; +http://www.google.com/bot.html)"
62.12.118.37 - - [28/Apr/2026:10:05:56 +0300] "POST /xmlrpc.php HTTP/1.1" 200 630 "-" "Mozilla/5.0 (Windows NT 10.0; Win64; x64) AppleWebKit/537.36 (KHTML, like Gecko) Chrome/114.0.0.0 Safari/537.36"
185.216.113.70 - - [28/Apr/2026:10:06:37 +0300] "POST /wp-cron.php?doing_wp_cron=1777359996.9587190151214599609375 HTTP/1.1" 200 448 "-" "WordPress/6.3.8; https://serhatburke.miroglu.net"
62.12.118.37 - - [28/Apr/2026:10:06:22 +0300] "POST /xmlrpc.php HTTP/1.1" 200 16120 "-" "Mozilla/5.0 (Windows NT 10.0; Win64; x64) AppleWebKit/537.36 (KHTML, like Gecko) Chrome/114.0.0.0 Safari/537.36"
62.12.118.37 - - [28/Apr/2026:10:06:38 +0300] "GET /appreciate-delight-in-finest-video-game-on-the-slot-machine-unbelievable-hulk-the-net/ HTTP/1.1" 200 80518 "-" "Mozilla/5.0 (Windows NT 10.0; rv:125.0) Gecko/20100101 Firefox/125.0"
185.216.113.70 - - [28/Apr/2026:10:08:33 +0300] "POST /wp-cron.php?doing_wp_cron=1777360113.3227419853210449218750 HTTP/1.1" 200 448 "-" "WordPress/6.3.8; https://serhatburke.miroglu.net"
103.219.169.195 - - [28/Apr/2026:10:08:17 +0300] "POST /xmlrpc.php HTTP/1.1" 200 630 "-" "Mozilla/5.0 (Windows NT 10.0; Win64; x64) AppleWebKit/537.36 (KHTML, like Gecko) Chrome/114.0.0.0 Safari/537.36"
62.12.118.37 - - [28/Apr/2026:10:08:19 +0300] "POST /xmlrpc.php HTTP/1.1" 200 630 "-" "Mozilla/5.0 (Windows NT 10.0; Win64; x64) AppleWebKit/537.36 (KHTML, like Gecko) Chrome/114.0.0.0 Safari/537.36"
103.219.169.195 - - [28/Apr/2026:10:08:41 +0300] "POST /xmlrpc.php HTTP/1.1" 200 17525 "-" "Mozilla/5.0 (Windows NT 10.0; Win64; x64) AppleWebKit/537.36 (KHTML, like Gecko) Chrome/114.0.0.0 Safari/537.36"
62.12.118.37 - - [28/Apr/2026:10:08:41 +0300] "POST /xmlrpc.php HTTP/1.1" 200 16619 "-" "Mozilla/5.0 (Windows NT 10.0; Win64; x64) AppleWebKit/537.36 (KHTML, like Gecko) Chrome/114.0.0.0 Safari/537.36"
85.208.96.210 - - [28/Apr/2026:10:08:52 +0300] "GET /learning-best-free-casino-games-mobile-gambling-enterprise-gamble-a-novices-self-help-guide-to-crossplatform-brilliance/ HTTP/1.1" 200 22685 "-" "Mozilla/5.0 (compatible; SemrushBot/7~bl; +http://www.semrush.com/bot.html)"
40.77.167.158 - - [28/Apr/2026:10:08:58 +0300] "GET /most-useful-casinos-on-the-internet-in-the-usa-2026-side-by-top-evaluation/ HTTP/2" 200 18416 "-" "Mozilla/5.0 AppleWebKit/537.36 (KHTML, like Gecko; compatible; bingbot/2.0; +http://www.bing.com/bingbot.htm) Chrome/116.0.1938.76 Safari/537.36"
185.216.113.70 - - [28/Apr/2026:10:09:44 +0300] "POST /wp-cron.php?doing_wp_cron=1777360184.7773139476776123046875 HTTP/1.1" 200 448 "-" "WordPress/6.3.8; https://serhatburke.miroglu.net"
40.77.167.74 - - [28/Apr/2026:10:09:05 +0300] "GET /ninja-magic-ninja-forsaken-ragnarok-forums/ HTTP/2" 200 21306 "-" "Mozilla/5.0 AppleWebKit/537.36 (KHTML, like Gecko; compatible; bingbot/2.0; +http://www.bing.com/bingbot.htm) Chrome/116.0.1938.76 Safari/537.36"
103.219.169.195 - - [28/Apr/2026:10:09:05 +0300] "GET /kasino-bonus-abzuglich-einzahlung-2023-sofort-neue-aktuelle/ HTTP/1.1" 200 82146 "-" "Mozilla/5.0 (Windows NT 10.0; Win64; x64) AppleWebKit/537.36 (KHTML, like Gecko) Chrome/123.0.0.0 Safari/537.36 OPR/109.0.0.0"
