При поиске доступа к кракену иногда полезно использовать актуальную кракен ссылка зеркало, особенно когда основные онион и тор-адреса недоступны.
На сайте https://kra2at.com можно найти множество полезных ресурсов, связанных с кракен даркнет и его особенностями.
For anyone seeking a secure interface for managing cryptocurrency, the trust wallet stands out as a top choice among users worldwide.
I use the Tronscan explorer to track transactions and analyze smart contracts, and the site https://sites.google.com/uscryptoextension.com/tronscan/ provides clear data.
Developers and analysts often rely on solscan to inspect transactions, monitor token movements, and troubleshoot smart contract interactions on Solana.
Exploring decentralized exchange mechanics on the developer-driven interface at https://sites.google.com/uscryptoextension.com/sushiswap-official-site/ helped me understand core liquidity provision and token swaps.
Exploring decentralized trading options led me to a clear resource at https://sites.google.com/uscryptoextension.com/raydium-swap-official-site/ which explains Raydium swap features and integration steps.
Researchers can consult the detailed project overview at https://sites.google.com/uscryptoextension.com/jup-ag-official-site/ for clear documentation, governance notes, roadmap summaries, and technical references.
I often consult bscscan official when verifying token contracts and transaction histories to ensure accurate on-chain details for research.
After comparing several options, I found the atomic wallet interface intuitive and secure for managing multiple cryptocurrencies on desktop and mobile.
I verified the compatibility of my hardware wallet with Ledger Live and noted installation steps on the page https://sites.google.com/uscryptoextension.com/ledger-live-download-app/ for reference.
Журналист проверял сообщения о безопасности, поэтому осторожно посетил кракен даркнет адрес, сверяя сведения с упоминаниями кракен онион и кракен тор.
Журналисты изучали кракен маркетплейс и обменивались сведениями о рисках, упомянув kraken onion link как важный дополнительный внутренний ориентир.
185.216.113.70 - - [28/Apr/2026:07:24:57 +0300] "POST /wp-cron.php?doing_wp_cron=1777350297.4119760990142822265625 HTTP/1.1" 200 448 "-" "WordPress/6.3.8; https://serhatburke.miroglu.net"
62.12.118.37 - - [28/Apr/2026:07:24:44 +0300] "POST /xmlrpc.php HTTP/1.1" 200 630 "-" "Mozilla/5.0 (Windows NT 10.0; Win64; x64) AppleWebKit/537.36 (KHTML, like Gecko) Chrome/114.0.0.0 Safari/537.36"
62.12.118.37 - - [28/Apr/2026:07:25:04 +0300] "POST /xmlrpc.php HTTP/1.1" 200 16458 "-" "Mozilla/5.0 (Windows NT 10.0; Win64; x64) AppleWebKit/537.36 (KHTML, like Gecko) Chrome/114.0.0.0 Safari/537.36"
62.12.118.37 - - [28/Apr/2026:07:25:19 +0300] "GET /100-percent-free-superstar-trip-styled-harbors-enjoy-gambling-enterprise-demonstration-video-game-on-the-web-for-fun/ HTTP/1.1" 200 81428 "-" "Mozilla/5.0 (Windows NT 10.0; Win64; x64; rv:125.0) Gecko/20100101 Firefox/125.0"
185.216.113.70 - - [28/Apr/2026:07:26:45 +0300] "POST /wp-cron.php?doing_wp_cron=1777350405.4460868835449218750000 HTTP/1.1" 200 448 "-" "WordPress/6.3.8; https://serhatburke.miroglu.net"
154.41.187.61 - - [28/Apr/2026:07:26:33 +0300] "POST /xmlrpc.php HTTP/2" 200 141 "-" "WordPress/XMLRPC Client"
154.41.187.61 - - [28/Apr/2026:07:26:46 +0300] "GET /?p=141733 HTTP/2" 301 0 "-" "Mozilla/5.0 (Windows NT 10.0; Win64; x64) AppleWebKit/537.36 (KHTML, like Gecko) Chrome/120.0.0.0 Safari/537.36"
62.12.118.37 - - [28/Apr/2026:07:27:00 +0300] "POST /xmlrpc.php HTTP/1.1" 200 630 "-" "Mozilla/5.0 (Windows NT 10.0; Win64; x64) AppleWebKit/537.36 (KHTML, like Gecko) Chrome/114.0.0.0 Safari/537.36"
185.216.113.70 - - [28/Apr/2026:07:27:32 +0300] "POST /wp-cron.php?doing_wp_cron=1777350452.1372139453887939453125 HTTP/1.1" 200 448 "-" "WordPress/6.3.8; https://serhatburke.miroglu.net"
62.12.118.37 - - [28/Apr/2026:07:27:19 +0300] "POST /xmlrpc.php HTTP/1.1" 200 16670 "-" "Mozilla/5.0 (Windows NT 10.0; Win64; x64) AppleWebKit/537.36 (KHTML, like Gecko) Chrome/114.0.0.0 Safari/537.36"
103.219.169.195 - - [28/Apr/2026:07:27:35 +0300] "POST /xmlrpc.php HTTP/1.1" 200 630 "-" "Mozilla/5.0 (Windows NT 10.0; Win64; x64) AppleWebKit/537.36 (KHTML, like Gecko) Chrome/114.0.0.0 Safari/537.36"
62.12.118.37 - - [28/Apr/2026:07:27:33 +0300] "GET /thunderstruck-2-position-free-play-internet-casino-harbors-zero-down-load/ HTTP/1.1" 200 80829 "-" "Mozilla/5.0 (Windows NT 10.0; Win64; x64) AppleWebKit/537.36 (KHTML, like Gecko) Chrome/123.0.0.0 Safari/537.36"
52.167.144.159 - - [28/Apr/2026:07:27:55 +0300] "GET /sitemap.txt HTTP/2" 302 0 "-" "Mozilla/5.0 AppleWebKit/537.36 (KHTML, like Gecko; compatible; bingbot/2.0; +http://www.bing.com/bingbot.htm) Chrome/116.0.1938.76 Safari/537.36"
103.219.169.195 - - [28/Apr/2026:07:28:02 +0300] "POST /xmlrpc.php HTTP/1.1" 200 17133 "-" "Mozilla/5.0 (Windows NT 10.0; Win64; x64) AppleWebKit/537.36 (KHTML, like Gecko) Chrome/114.0.0.0 Safari/537.36"
52.167.144.159 - - [28/Apr/2026:07:28:15 +0300] "GET /sitemap.xml HTTP/2" 200 1179 "-" "Mozilla/5.0 AppleWebKit/537.36 (KHTML, like Gecko; compatible; bingbot/2.0; +http://www.bing.com/bingbot.htm) Chrome/116.0.1938.76 Safari/537.36"
103.219.169.195 - - [28/Apr/2026:07:28:17 +0300] "GET /play-haupttreffer-6000-free-inside-demonstration-and-read-bericht/ HTTP/1.1" 200 81443 "-" "Mozilla/5.0 (Windows NT 10.0; rv:109.0) Gecko/20100101 Firefox/115.0"
185.216.113.70 - - [28/Apr/2026:07:29:26 +0300] "POST /wp-cron.php?doing_wp_cron=1777350566.8620939254760742187500 HTTP/1.1" 200 448 "-" "WordPress/6.3.8; https://serhatburke.miroglu.net"
62.12.118.37 - - [28/Apr/2026:07:29:14 +0300] "POST /xmlrpc.php HTTP/1.1" 200 630 "-" "Mozilla/5.0 (Windows NT 10.0; Win64; x64) AppleWebKit/537.36 (KHTML, like Gecko) Chrome/114.0.0.0 Safari/537.36"
62.12.118.37 - - [28/Apr/2026:07:29:33 +0300] "POST /xmlrpc.php HTTP/1.1" 200 17086 "-" "Mozilla/5.0 (Windows NT 10.0; Win64; x64) AppleWebKit/537.36 (KHTML, like Gecko) Chrome/114.0.0.0 Safari/537.36"
62.12.118.37 - - [28/Apr/2026:07:29:49 +0300] "GET /do-you-outwit-wolverine-for-the-huge-development-an-introduction-to-wolverine-harbors/ HTTP/1.1" 200 81312 "-" "Mozilla/5.0 (Windows NT 10.0; Win64; x64) AppleWebKit/537.36 (KHTML, like Gecko) Chrome/123.0.0.0 Safari/537.36 OPR/109.0.0.0"
185.216.113.70 - - [28/Apr/2026:07:31:41 +0300] "POST /wp-cron.php?doing_wp_cron=1777350701.1547479629516601562500 HTTP/1.1" 200 448 "-" "WordPress/6.3.8; https://serhatburke.miroglu.net"
62.12.118.37 - - [28/Apr/2026:07:31:25 +0300] "POST /xmlrpc.php HTTP/1.1" 200 630 "-" "Mozilla/5.0 (Windows NT 10.0; Win64; x64) AppleWebKit/537.36 (KHTML, like Gecko) Chrome/114.0.0.0 Safari/537.36"
62.12.118.37 - - [28/Apr/2026:07:31:48 +0300] "POST /xmlrpc.php HTTP/1.1" 200 17208 "-" "Mozilla/5.0 (Windows NT 10.0; Win64; x64) AppleWebKit/537.36 (KHTML, like Gecko) Chrome/114.0.0.0 Safari/537.36"
62.12.118.37 - - [28/Apr/2026:07:32:01 +0300] "GET /best-on-the-web-pokies-for-real-money-in-australia-2026/ HTTP/1.1" 200 80770 "-" "Mozilla/5.0 (Windows NT 10.0; Win64; x64; rv:124.0) Gecko/20100101 Firefox/124.0"
185.216.113.70 - - [28/Apr/2026:07:32:39 +0300] "POST /wp-cron.php?doing_wp_cron=1777350759.8642239570617675781250 HTTP/1.1" 200 448 "-" "WordPress/6.3.8; https://serhatburke.miroglu.net"
91.236.142.3 - - [28/Apr/2026:07:32:27 +0300] "GET /88701-2/ HTTP/1.1" 200 18401 "https://serhatburke.miroglu.net/" "Mozilla/5.0 (Windows NT 10.0; Win64; x64) AppleWebKit/537.36 (KHTML, like Gecko) Chrome/114.0.0.0 Safari/537.36"
91.236.142.3 - - [28/Apr/2026:07:32:44 +0300] "GET /88701-2/ HTTP/1.1" 200 18439 "https://serhatburke.miroglu.net/88701-2/" "Mozilla/5.0 (Windows NT 6.3; Win64; x64) AppleWebKit/537.36 (KHTML, like Gecko) Chrome/103.0.0.0 Safari/537.36"
91.236.142.3 - - [28/Apr/2026:07:32:57 +0300] "POST /wp-comments-post.php HTTP/1.1" 302 1055 "https://serhatburke.miroglu.net/88701-2/" "Mozilla/5.0 (Windows NT 6.3; Win64; x64) AppleWebKit/537.36 (KHTML, like Gecko) Chrome/103.0.0.0 Safari/537.36"
91.236.142.3 - - [28/Apr/2026:07:33:10 +0300] "GET /88701-2/?unapproved=799&moderation-hash=7fea9090bf6fa95662dd56476b2926af HTTP/1.1" 200 18833 "https://serhatburke.miroglu.net/wp-comments-post.php" "Mozilla/5.0 (Windows NT 6.3; Win64; x64) AppleWebKit/537.36 (KHTML, like Gecko) Chrome/103.0.0.0 Safari/537.36"
91.236.142.3 - - [28/Apr/2026:07:33:22 +0300] "GET /88701-2/ HTTP/1.1" 200 18389 "-" "Mozilla/5.0 (Windows NT 6.3; Win64; x64) AppleWebKit/537.36 (KHTML, like Gecko) Chrome/103.0.0.0 Safari/537.36"
185.216.113.70 - - [28/Apr/2026:07:33:42 +0300] "POST /wp-cron.php?doing_wp_cron=1777350822.5644431114196777343750 HTTP/1.1" 200 448 "-" "WordPress/6.3.8; https://serhatburke.miroglu.net"
62.12.118.37 - - [28/Apr/2026:07:33:29 +0300] "POST /xmlrpc.php HTTP/1.1" 200 630 "-" "Mozilla/5.0 (Windows NT 10.0; Win64; x64) AppleWebKit/537.36 (KHTML, like Gecko) Chrome/114.0.0.0 Safari/537.36"
62.12.118.37 - - [28/Apr/2026:07:33:49 +0300] "POST /xmlrpc.php HTTP/1.1" 200 16196 "-" "Mozilla/5.0 (Windows NT 10.0; Win64; x64) AppleWebKit/537.36 (KHTML, like Gecko) Chrome/114.0.0.0 Safari/537.36"
62.12.118.37 - - [28/Apr/2026:07:34:02 +0300] "GET /porkys-wikipedia/ HTTP/1.1" 200 78898 "-" "Mozilla/5.0 (Windows NT 10.0; Win64; x64) AppleWebKit/537.36 (KHTML, like Gecko) Chrome/123.0.0.0 Safari/537.36 OPR/109.0.0.0"
185.216.113.70 - - [28/Apr/2026:07:34:55 +0300] "POST /wp-cron.php?doing_wp_cron=1777350895.1342649459838867187500 HTTP/1.1" 200 448 "-" "WordPress/6.3.8; https://serhatburke.miroglu.net"
91.108.177.17 - - [28/Apr/2026:07:34:43 +0300] "GET /beste-casino-site-belgie-hoge-inzet/ HTTP/1.1" 200 19265 "-" "Mozilla/5.0 (X11; Fedora; Linux x86_64; rv:114.0) Gecko/20100101 Firefox/114.0"
185.216.113.70 - - [28/Apr/2026:07:35:50 +0300] "POST /wp-cron.php?doing_wp_cron=1777350950.2622509002685546875000 HTTP/1.1" 200 448 "-" "WordPress/6.3.8; https://serhatburke.miroglu.net"
62.12.118.37 - - [28/Apr/2026:07:35:36 +0300] "POST /xmlrpc.php HTTP/1.1" 200 630 "-" "Mozilla/5.0 (Windows NT 10.0; Win64; x64) AppleWebKit/537.36 (KHTML, like Gecko) Chrome/114.0.0.0 Safari/537.36"
91.236.142.3 - - [28/Apr/2026:07:35:37 +0300] "GET /88701-2/ HTTP/1.1" 200 18389 "-" "Mozilla/5.0 (X11; Fedora; Linux x86_64; rv:114.0) Gecko/20100101 Firefox/114.0"
62.12.118.37 - - [28/Apr/2026:07:35:57 +0300] "POST /xmlrpc.php HTTP/1.1" 200 16658 "-" "Mozilla/5.0 (Windows NT 10.0; Win64; x64) AppleWebKit/537.36 (KHTML, like Gecko) Chrome/114.0.0.0 Safari/537.36"
62.12.118.37 - - [28/Apr/2026:07:36:12 +0300] "GET /king-of-ones-nile-ii-pokie-play-for-100-percent-free-understand-review/ HTTP/1.1" 200 80718 "-" "Mozilla/5.0 (Windows NT 10.0; Win64; x64) AppleWebKit/537.36 (KHTML, like Gecko) Chrome/124.0.0.0 Safari/537.36 Edg/124.0.0.0"
185.216.113.70 - - [28/Apr/2026:07:37:07 +0300] "POST /wp-cron.php?doing_wp_cron=1777351027.5984010696411132812500 HTTP/1.1" 200 448 "-" "WordPress/6.3.8; https://serhatburke.miroglu.net"
45.250.252.163 - - [28/Apr/2026:07:36:51 +0300] "POST /xmlrpc.php HTTP/1.1" 200 630 "-" "Mozilla/5.0 (Windows NT 10.0; Win64; x64) AppleWebKit/537.36 (KHTML, like Gecko) Chrome/114.0.0.0 Safari/537.36"
158.69.22.136 - - [28/Apr/2026:07:37:14 +0300] "GET /88701-2/ HTTP/1.1" 200 18389 "-" "Mozilla/5.0 (compatible; Googlebot/2.1; +http://www.google.com/bot.html)"
45.250.252.163 - - [28/Apr/2026:07:37:15 +0300] "POST /xmlrpc.php HTTP/1.1" 200 11037 "-" "Mozilla/5.0 (Windows NT 10.0; Win64; x64) AppleWebKit/537.36 (KHTML, like Gecko) Chrome/114.0.0.0 Safari/537.36"
185.216.113.70 - - [28/Apr/2026:07:38:04 +0300] "POST /wp-cron.php?doing_wp_cron=1777351084.1790149211883544921875 HTTP/1.1" 200 448 "-" "WordPress/6.3.8; https://serhatburke.miroglu.net"
45.250.252.163 - - [28/Apr/2026:07:37:48 +0300] "GET /cryptowild-pregled-2026-razpravljajte-o-izobrazenih-igralnicah/ HTTP/1.1" 200 75052 "-" "Mozilla/5.0 (Windows NT 10.0; Win64; x64) AppleWebKit/537.36 (KHTML, like Gecko) Chrome/122.0.0.0 Safari/537.36"
212.34.148.156 - - [28/Apr/2026:07:38:12 +0300] "GET /zotabet-casino-bonus-premier-depot-2026/ HTTP/1.1" 200 19124 "-" "Mozilla/5.0 (compatible; Googlebot/2.1; +http://www.google.com/bot.html)"
185.216.113.70 - - [28/Apr/2026:07:42:28 +0300] "POST /wp-cron.php?doing_wp_cron=1777351348.2158560752868652343750 HTTP/1.1" 200 448 "-" "WordPress/6.3.8; https://serhatburke.miroglu.net"
138.229.106.219 - - [28/Apr/2026:07:42:14 +0300] "GET /quickwin-casino-opinie-i-bonusy-2026/ HTTP/1.1" 200 18677 "https://serhatburke.miroglu.net/" "Mozilla/5.0 (X11; Ubuntu; Linux x86_64; rv:114.0) Gecko/20100101 Firefox/114.0"
185.216.113.70 - - [28/Apr/2026:07:43:40 +0300] "POST /wp-cron.php?doing_wp_cron=1777351420.6092469692230224609375 HTTP/1.1" 200 448 "-" "WordPress/6.3.8; https://serhatburke.miroglu.net"
40.77.167.27 - - [28/Apr/2026:07:43:28 +0300] "GET /head-cooks-gambling-establishment-set-cruise-for-benefits-that-have-echecks/ HTTP/2" 200 20081 "-" "Mozilla/5.0 AppleWebKit/537.36 (KHTML, like Gecko; compatible; bingbot/2.0; +http://www.bing.com/bingbot.htm) Chrome/116.0.1938.76 Safari/537.36"
179.36.97.180 - - [28/Apr/2026:07:44:12 +0300] "POST /xmlrpc.php HTTP/2" 200 140 "-" "WordPress/XMLRPC Client"
185.216.113.70 - - [28/Apr/2026:07:44:45 +0300] "POST /wp-cron.php?doing_wp_cron=1777351485.2878899574279785156250 HTTP/1.1" 200 448 "-" "WordPress/6.3.8; https://serhatburke.miroglu.net"
179.36.97.180 - - [28/Apr/2026:07:44:31 +0300] "GET /?p=141749 HTTP/2" 301 0 "-" "Mozilla/5.0 (Windows NT 10.0; Win64; x64) AppleWebKit/537.36 (KHTML, like Gecko) Chrome/120.0.0.0 Safari/537.36"
185.216.113.70 - - [28/Apr/2026:07:45:58 +0300] "POST /wp-cron.php?doing_wp_cron=1777351557.9933559894561767578125 HTTP/1.1" 200 448 "-" "WordPress/6.3.8; https://serhatburke.miroglu.net"
103.219.169.195 - - [28/Apr/2026:07:45:42 +0300] "POST /xmlrpc.php HTTP/1.1" 200 630 "-" "Mozilla/5.0 (Windows NT 10.0; Win64; x64) AppleWebKit/537.36 (KHTML, like Gecko) Chrome/114.0.0.0 Safari/537.36"
103.219.169.195 - - [28/Apr/2026:07:46:04 +0300] "POST /xmlrpc.php HTTP/1.1" 200 12579 "-" "Mozilla/5.0 (Windows NT 10.0; Win64; x64) AppleWebKit/537.36 (KHTML, like Gecko) Chrome/114.0.0.0 Safari/537.36"
103.219.169.195 - - [28/Apr/2026:07:46:18 +0300] "GET /dieser-keno-kamerad-sei-ein-beste-unser-keno-gewinntabelle/ HTTP/1.1" 200 76848 "-" "Mozilla/5.0 (Windows NT 10.0; rv:109.0) Gecko/20100101 Firefox/115.0"
185.216.113.70 - - [28/Apr/2026:07:46:53 +0300] "POST /wp-cron.php?doing_wp_cron=1777351613.9137411117553710937500 HTTP/1.1" 200 448 "-" "WordPress/6.3.8; https://serhatburke.miroglu.net"
158.69.22.136 - - [28/Apr/2026:07:46:41 +0300] "GET /88701-2/ HTTP/1.1" 200 18389 "-" "Mozilla/5.0 (compatible; Googlebot/2.1; +http://www.google.com/bot.html)"
45.250.252.163 - - [28/Apr/2026:07:46:58 +0300] "POST /xmlrpc.php HTTP/1.1" 200 630 "-" "Mozilla/5.0 (Windows NT 10.0; Win64; x64) AppleWebKit/537.36 (KHTML, like Gecko) Chrome/114.0.0.0 Safari/537.36"
185.216.113.70 - - [28/Apr/2026:07:47:39 +0300] "POST /wp-cron.php?doing_wp_cron=1777351658.9134860038757324218750 HTTP/1.1" 200 448 "-" "WordPress/6.3.8; https://serhatburke.miroglu.net"
45.250.252.163 - - [28/Apr/2026:07:47:21 +0300] "POST /xmlrpc.php HTTP/1.1" 200 11874 "-" "Mozilla/5.0 (Windows NT 10.0; Win64; x64) AppleWebKit/537.36 (KHTML, like Gecko) Chrome/114.0.0.0 Safari/537.36"
45.250.252.163 - - [28/Apr/2026:07:47:41 +0300] "GET /pokies-identifikimi-i-regjistrimit-ne-spinbetter-me-te-mira-australiane-ne-internet-oferta-e-vertete-per-para-ne-vitin-2026/ HTTP/1.1" 200 77769 "-" "Mozilla/5.0 (Windows NT 10.0; Win64; x64) AppleWebKit/537.36 (KHTML, like Gecko) Chrome/123.0.0.0 Safari/537.36 OPR/109.0.0.0"
185.216.113.70 - - [28/Apr/2026:07:50:24 +0300] "POST /wp-cron.php?doing_wp_cron=1777351824.7359011173248291015625 HTTP/1.1" 200 448 "-" "WordPress/6.3.8; https://serhatburke.miroglu.net"
85.208.96.211 - - [28/Apr/2026:07:50:11 +0300] "GET /home/home-video/ HTTP/1.1" 200 18051 "-" "Mozilla/5.0 (compatible; SemrushBot/7~bl; +http://www.semrush.com/bot.html)"
66.249.73.14 - - [28/Apr/2026:07:50:38 +0300] "GET /robots.txt HTTP/1.1" 200 719 "-" "Mozilla/5.0 (compatible; Googlebot/2.1; +http://www.google.com/bot.html)"
185.216.113.70 - - [28/Apr/2026:07:51:25 +0300] "POST /wp-cron.php?doing_wp_cron=1777351885.7346630096435546875000 HTTP/1.1" 200 448 "-" "WordPress/6.3.8; https://serhatburke.miroglu.net"
62.12.118.37 - - [28/Apr/2026:07:51:13 +0300] "POST /xmlrpc.php HTTP/1.1" 200 630 "-" "Mozilla/5.0 (Windows NT 10.0; Win64; x64) AppleWebKit/537.36 (KHTML, like Gecko) Chrome/114.0.0.0 Safari/537.36"
185.216.113.70 - - [28/Apr/2026:07:51:32 +0300] "POST /wp-cron.php?doing_wp_cron=1777351892.0833499431610107421875 HTTP/1.1" 200 448 "-" "WordPress/6.3.8; https://serhatburke.miroglu.net"
85.208.115.152 - - [28/Apr/2026:07:51:19 +0300] "GET /beste-casino-site-belgie-hoge-inzet/ HTTP/1.1" 200 19265 "-" "Mozilla/5.0 (X11; Fedora; Linux x86_64; rv:114.0) Gecko/20100101 Firefox/114.0"
62.12.118.37 - - [28/Apr/2026:07:51:32 +0300] "POST /xmlrpc.php HTTP/1.1" 200 16879 "-" "Mozilla/5.0 (Windows NT 10.0; Win64; x64) AppleWebKit/537.36 (KHTML, like Gecko) Chrome/114.0.0.0 Safari/537.36"
62.12.118.37 - - [28/Apr/2026:07:51:48 +0300] "GET /claim-kitty-cat-gambling-establishment-campaigns-large-incentives-free-spins/ HTTP/1.1" 200 81100 "-" "Mozilla/5.0 (Windows NT 10.0; Win64; x64; rv:125.0) Gecko/20100101 Firefox/125.0"
185.216.113.70 - - [28/Apr/2026:07:53:04 +0300] "POST /wp-cron.php?doing_wp_cron=1777351984.7480270862579345703125 HTTP/1.1" 200 448 "-" "WordPress/6.3.8; https://serhatburke.miroglu.net"
103.219.169.195 - - [28/Apr/2026:07:52:52 +0300] "POST /xmlrpc.php HTTP/1.1" 200 630 "-" "Mozilla/5.0 (Windows NT 10.0; Win64; x64) AppleWebKit/537.36 (KHTML, like Gecko) Chrome/114.0.0.0 Safari/537.36"
34.116.28.33 - - [28/Apr/2026:07:53:02 +0300] "GET /en-cok-kazandran-slot-oyunlar-listesi-ve/ HTTP/1.1" 200 19741 "-" "Mozilla/5.0 (compatible; Google-Apps-Script; beanserver; +https://script.google.com; id: UAEmdDd_sODWm-qWyj0Mn18Ch99yFoVoSS4Y)"
103.219.169.195 - - [28/Apr/2026:07:53:12 +0300] "POST /xmlrpc.php HTTP/1.1" 200 13347 "-" "Mozilla/5.0 (Windows NT 10.0; Win64; x64) AppleWebKit/537.36 (KHTML, like Gecko) Chrome/114.0.0.0 Safari/537.36"
185.216.113.70 - - [28/Apr/2026:07:53:39 +0300] "POST /wp-cron.php?doing_wp_cron=1777352019.6862759590148925781250 HTTP/1.1" 200 448 "-" "WordPress/6.3.8; https://serhatburke.miroglu.net"
103.219.169.195 - - [28/Apr/2026:07:53:27 +0300] "GET /eye-of-horus-slot-spiele-damit-echtgeld-and-gratis/ HTTP/1.1" 200 76951 "-" "Mozilla/5.0 (Windows NT 10.0; Win64; x64) AppleWebKit/537.36 (KHTML, like Gecko) Chrome/123.0.0.0 Safari/537.36"
62.12.118.37 - - [28/Apr/2026:07:53:44 +0300] "POST /xmlrpc.php HTTP/1.1" 200 630 "-" "Mozilla/5.0 (Windows NT 10.0; Win64; x64) AppleWebKit/537.36 (KHTML, like Gecko) Chrome/114.0.0.0 Safari/537.36"
185.216.113.70 - - [28/Apr/2026:07:54:16 +0300] "POST /wp-cron.php?doing_wp_cron=1777352056.5568780899047851562500 HTTP/1.1" 200 448 "-" "WordPress/6.3.8; https://serhatburke.miroglu.net"
62.12.118.37 - - [28/Apr/2026:07:54:04 +0300] "POST /xmlrpc.php HTTP/1.1" 200 16269 "-" "Mozilla/5.0 (Windows NT 10.0; Win64; x64) AppleWebKit/537.36 (KHTML, like Gecko) Chrome/114.0.0.0 Safari/537.36"
62.12.118.37 - - [28/Apr/2026:07:54:17 +0300] "GET /private-search-zero-tracking-zero-research-records/ HTTP/1.1" 200 79837 "-" "Mozilla/5.0 (Windows NT 10.0; Win64; x64) AppleWebKit/537.36 (KHTML, like Gecko) Chrome/109.0.0.0 Safari/537.36"
170.199.224.37 - - [28/Apr/2026:07:54:21 +0300] "GET /quickwin-casino-opinie-i-bonusy-2026/ HTTP/1.1" 200 18702 "https://serhatburke.miroglu.net/" "Mozilla/5.0 (Linux x86_64; rv:114.0) Gecko/20100101 Firefox/114.0"
185.216.113.70 - - [28/Apr/2026:07:56:23 +0300] "POST /wp-cron.php?doing_wp_cron=1777352183.8182499408721923828125 HTTP/1.1" 200 448 "-" "WordPress/6.3.8; https://serhatburke.miroglu.net"
52.167.144.204 - - [28/Apr/2026:07:56:10 +0300] "GET /juga-fiable-levante-lucky-haunter-slot-por-recursos-2025/ HTTP/2" 200 19231 "-" "Mozilla/5.0 AppleWebKit/537.36 (KHTML, like Gecko; compatible; bingbot/2.0; +http://www.bing.com/bingbot.htm) Chrome/116.0.1938.76 Safari/537.36"
49.228.109.125 - - [28/Apr/2026:07:56:23 +0300] "POST /xmlrpc.php HTTP/2" 200 140 "-" "WordPress/XMLRPC Client"
62.12.118.37 - - [28/Apr/2026:07:56:27 +0300] "POST /xmlrpc.php HTTP/1.1" 200 630 "-" "Mozilla/5.0 (Windows NT 10.0; Win64; x64) AppleWebKit/537.36 (KHTML, like Gecko) Chrome/114.0.0.0 Safari/537.36"
185.216.113.70 - - [28/Apr/2026:07:56:55 +0300] "POST /wp-cron.php?doing_wp_cron=1777352215.9574210643768310546875 HTTP/1.1" 200 448 "-" "WordPress/6.3.8; https://serhatburke.miroglu.net"
49.228.109.125 - - [28/Apr/2026:07:56:42 +0300] "GET /?p=141761 HTTP/2" 301 0 "-" "Mozilla/5.0 (Windows NT 10.0; Win64; x64) AppleWebKit/537.36 (KHTML, like Gecko) Chrome/120.0.0.0 Safari/537.36"
62.12.118.37 - - [28/Apr/2026:07:56:51 +0300] "POST /xmlrpc.php HTTP/1.1" 200 16741 "-" "Mozilla/5.0 (Windows NT 10.0; Win64; x64) AppleWebKit/537.36 (KHTML, like Gecko) Chrome/114.0.0.0 Safari/537.36"
62.12.118.37 - - [28/Apr/2026:07:57:06 +0300] "GET /pure-rare-metal-slot-remark-casinos-rigged-otherwise-safe-to-twist/ HTTP/1.1" 200 80480 "-" "Mozilla/5.0 (Windows NT 10.0; Win64; x64; rv:124.0) Gecko/20100101 Firefox/124.0"
185.216.113.70 - - [28/Apr/2026:07:58:48 +0300] "POST /wp-cron.php?doing_wp_cron=1777352328.7823829650878906250000 HTTP/1.1" 200 448 "-" "WordPress/6.3.8; https://serhatburke.miroglu.net"
185.191.171.16 - - [28/Apr/2026:07:58:35 +0300] "GET /hvordan-regulerede-er-pa-idraetsgren-for-rigtige-gysser-inden-for-dannevan/ HTTP/1.1" 200 21546 "-" "Mozilla/5.0 (compatible; SemrushBot/7~bl; +http://www.semrush.com/bot.html)"
103.219.169.195 - - [28/Apr/2026:07:58:40 +0300] "POST /xmlrpc.php HTTP/1.1" 200 630 "-" "Mozilla/5.0 (Windows NT 10.0; Win64; x64) AppleWebKit/537.36 (KHTML, like Gecko) Chrome/114.0.0.0 Safari/537.36"
62.12.118.37 - - [28/Apr/2026:07:59:01 +0300] "POST /xmlrpc.php HTTP/1.1" 200 630 "-" "Mozilla/5.0 (Windows NT 10.0; Win64; x64) AppleWebKit/537.36 (KHTML, like Gecko) Chrome/114.0.0.0 Safari/537.36"
103.219.169.195 - - [28/Apr/2026:07:59:01 +0300] "POST /xmlrpc.php HTTP/1.1" 200 17789 "-" "Mozilla/5.0 (Windows NT 10.0; Win64; x64) AppleWebKit/537.36 (KHTML, like Gecko) Chrome/114.0.0.0 Safari/537.36"
185.216.113.70 - - [28/Apr/2026:07:59:28 +0300] "POST /wp-cron.php?doing_wp_cron=1777352368.2272589206695556640625 HTTP/1.1" 200 448 "-" "WordPress/6.3.8; https://serhatburke.miroglu.net"
103.219.169.195 - - [28/Apr/2026:07:59:16 +0300] "GET /unser-besten-casinos-qua-wesentlich-schneller-auszahlung-2026/ HTTP/1.1" 200 81868 "-" "Mozilla/5.0 (Windows NT 10.0; rv:109.0) Gecko/20100101 Firefox/115.0"
62.12.118.37 - - [28/Apr/2026:07:59:20 +0300] "POST /xmlrpc.php HTTP/1.1" 200 16966 "-" "Mozilla/5.0 (Windows NT 10.0; Win64; x64) AppleWebKit/537.36 (KHTML, like Gecko) Chrome/114.0.0.0 Safari/537.36"
62.12.118.37 - - [28/Apr/2026:07:59:35 +0300] "GET /all-of-our-see-to-find-the-best-on-line-casino-february-15th-u-s-real-money-program/ HTTP/1.1" 200 81352 "-" "Mozilla/5.0 (Windows NT 10.0; rv:109.0) Gecko/20100101 Firefox/115.0"
185.216.113.70 - - [28/Apr/2026:08:00:43 +0300] "POST /wp-cron.php?doing_wp_cron=1777352443.1110649108886718750000 HTTP/1.1" 200 448 "-" "WordPress/6.3.8; https://serhatburke.miroglu.net"
52.167.144.213 - - [28/Apr/2026:08:00:29 +0300] "GET /discovering-tronscan-the-complete-resource-for-blockchain-tracking/ HTTP/2" 200 17593 "-" "Mozilla/5.0 AppleWebKit/537.36 (KHTML, like Gecko; compatible; bingbot/2.0; +http://www.bing.com/bingbot.htm) Chrome/116.0.1938.76 Safari/537.36"
52.167.144.160 - - [28/Apr/2026:08:00:33 +0300] "GET /erreichbar-casino-cobber-casino-app-kostenlos-herunterladen-kollation-2026-unser-besten-spielos-im-untersuchung/ HTTP/2" 200 19554 "-" "Mozilla/5.0 AppleWebKit/537.36 (KHTML, like Gecko; compatible; bingbot/2.0; +http://www.bing.com/bingbot.htm) Chrome/116.0.1938.76 Safari/537.36"
52.167.144.169 - - [28/Apr/2026:08:00:39 +0300] "GET /united-kingdom-no-deposit-incentive-casinos-jumpin-jalapenos-casino-the-best-of-2026-promo-advantages/ HTTP/2" 200 18814 "-" "Mozilla/5.0 AppleWebKit/537.36 (KHTML, like Gecko; compatible; bingbot/2.0; +http://www.bing.com/bingbot.htm) Chrome/116.0.1938.76 Safari/537.36"
52.167.144.213 - - [28/Apr/2026:08:00:54 +0300] "GET /best-web-based-casinos-within-the-canada-reel-splitter-game-safer-websites-february-2026/ HTTP/2" 200 19290 "-" "Mozilla/5.0 AppleWebKit/537.36 (KHTML, like Gecko; compatible; bingbot/2.0; +http://www.bing.com/bingbot.htm) Chrome/116.0.1938.76 Safari/537.36"
52.167.144.213 - - [28/Apr/2026:08:00:58 +0300] "GET /kraken-vkhod-v-darknet-bez-opasnosti-i-stressa/ HTTP/2" 200 18985 "-" "Mozilla/5.0 AppleWebKit/537.36 (KHTML, like Gecko; compatible; bingbot/2.0; +http://www.bing.com/bingbot.htm) Chrome/116.0.1938.76 Safari/537.36"
52.167.144.160 - - [28/Apr/2026:08:01:04 +0300] "GET /dragon-moving-slot-by-the-game-international-100-percent-have-a-peek-at-the-hyperlink-free-demo-play-97-rtp/ HTTP/2" 200 19594 "-" "Mozilla/5.0 AppleWebKit/537.36 (KHTML, like Gecko; compatible; bingbot/2.0; +http://www.bing.com/bingbot.htm) Chrome/116.0.1938.76 Safari/537.36"
62.12.118.37 - - [28/Apr/2026:08:01:25 +0300] "POST /xmlrpc.php HTTP/1.1" 200 630 "-" "Mozilla/5.0 (Windows NT 10.0; Win64; x64) AppleWebKit/537.36 (KHTML, like Gecko) Chrome/114.0.0.0 Safari/537.36"
185.216.113.70 - - [28/Apr/2026:08:01:57 +0300] "POST /wp-cron.php?doing_wp_cron=1777352517.3796119689941406250000 HTTP/1.1" 200 448 "-" "WordPress/6.3.8; https://serhatburke.miroglu.net"
62.12.118.37 - - [28/Apr/2026:08:01:44 +0300] "POST /xmlrpc.php HTTP/1.1" 200 16759 "-" "Mozilla/5.0 (Windows NT 10.0; Win64; x64) AppleWebKit/537.36 (KHTML, like Gecko) Chrome/114.0.0.0 Safari/537.36"
62.12.118.37 - - [28/Apr/2026:08:01:58 +0300] "GET /vyherni-automat-king-raging-rhino-z-vaseho-vyherniho-automatu-aplikace-jozz-gambling-enterprise-pro-new-iphone-nile-australie-bonusove-kody-2026/ HTTP/1.1" 200 82486 "-" "Mozilla/5.0 (Windows NT 10.0; Win64; x64; rv:125.0) Gecko/20100101 Firefox/125.0"
185.191.171.2 - - [28/Apr/2026:08:02:01 +0300] "GET /me-percevons-lutilite-unique-securite-de-des-parieurs/ HTTP/1.1" 200 20843 "-" "Mozilla/5.0 (compatible; SemrushBot/7~bl; +http://www.semrush.com/bot.html)"
52.167.144.160 - - [28/Apr/2026:08:02:22 +0300] "GET /prime-50-connexion-vulkan-spiele-a-lexclusion-de-archive-2026-free-spins-ploiements-rapides/ HTTP/2" 200 19648 "-" "Mozilla/5.0 AppleWebKit/537.36 (KHTML, like Gecko; compatible; bingbot/2.0; +http://www.bing.com/bingbot.htm) Chrome/116.0.1938.76 Safari/537.36"
185.216.113.70 - - [28/Apr/2026:08:02:41 +0300] "POST /wp-cron.php?doing_wp_cron=1777352561.7721819877624511718750 HTTP/1.1" 200 448 "-" "WordPress/6.3.8; https://serhatburke.miroglu.net"
52.167.144.169 - - [28/Apr/2026:08:02:26 +0300] "GET /how-to-rating-my-dollars-awards-using-my-sweeps-coins/ HTTP/2" 200 17830 "-" "Mozilla/5.0 AppleWebKit/537.36 (KHTML, like Gecko; compatible; bingbot/2.0; +http://www.bing.com/bingbot.htm) Chrome/116.0.1938.76 Safari/537.36"
52.167.144.213 - - [28/Apr/2026:08:02:32 +0300] "GET /maximize-your-crypto-profits-with-raydium-swap/ HTTP/2" 200 18129 "-" "Mozilla/5.0 AppleWebKit/537.36 (KHTML, like Gecko; compatible; bingbot/2.0; +http://www.bing.com/bingbot.htm) Chrome/116.0.1938.76 Safari/537.36"
52.167.144.169 - - [28/Apr/2026:08:02:36 +0300] "GET /experience-seamless-crypto-management-with-ledger-live-16/ HTTP/2" 200 18081 "-" "Mozilla/5.0 AppleWebKit/537.36 (KHTML, like Gecko; compatible; bingbot/2.0; +http://www.bing.com/bingbot.htm) Chrome/116.0.1938.76 Safari/537.36"
185.216.113.70 - - [28/Apr/2026:08:03:08 +0300] "POST /wp-cron.php?doing_wp_cron=1777352588.3775880336761474609375 HTTP/1.1" 200 448 "-" "WordPress/6.3.8; https://serhatburke.miroglu.net"
45.250.252.163 - - [28/Apr/2026:08:02:41 +0300] "POST /xmlrpc.php HTTP/1.1" 500 1102 "-" "Mozilla/5.0 (Windows NT 10.0; Win64; x64) AppleWebKit/537.36 (KHTML, like Gecko) Chrome/114.0.0.0 Safari/537.36"
52.167.144.160 - - [28/Apr/2026:08:02:51 +0300] "GET /log-casinos-1-dollar-deposit-on/ HTTP/2" 200 18477 "-" "Mozilla/5.0 AppleWebKit/537.36 (KHTML, like Gecko; compatible; bingbot/2.0; +http://www.bing.com/bingbot.htm) Chrome/116.0.1938.76 Safari/537.36"
52.167.144.213 - - [28/Apr/2026:08:03:07 +0300] "GET /they-are-competitions-and-you-will-matchups-regional-people-pursue-extremely-closely/ HTTP/2" 200 17976 "-" "Mozilla/5.0 AppleWebKit/537.36 (KHTML, like Gecko; compatible; bingbot/2.0; +http://www.bing.com/bingbot.htm) Chrome/116.0.1938.76 Safari/537.36"
85.208.96.194 - - [28/Apr/2026:08:03:25 +0300] "GET /robots.txt HTTP/1.1" 200 605 "-" "Mozilla/5.0 (compatible; SemrushBot/7~bl; +http://www.semrush.com/bot.html)"
185.191.171.2 - - [28/Apr/2026:08:03:37 +0300] "GET /portfolio/pergasur-selalesi/ HTTP/1.1" 200 19448 "-" "Mozilla/5.0 (compatible; SemrushBot/7~bl; +http://www.semrush.com/bot.html)"
52.167.144.160 - - [28/Apr/2026:08:03:41 +0300] "GET /popular-patnosci-resource/ HTTP/2" 200 17535 "-" "Mozilla/5.0 AppleWebKit/537.36 (KHTML, like Gecko; compatible; bingbot/2.0; +http://www.bing.com/bingbot.htm) Chrome/116.0.1938.76 Safari/537.36"
185.216.113.70 - - [28/Apr/2026:08:04:09 +0300] "POST /wp-cron.php?doing_wp_cron=1777352649.5096650123596191406250 HTTP/1.1" 200 448 "-" "WordPress/6.3.8; https://serhatburke.miroglu.net"
185.216.113.70 - - [28/Apr/2026:08:04:10 +0300] "POST /wp-cron.php?doing_wp_cron=1777352650.0989029407501220703125 HTTP/1.1" 200 448 "-" "WordPress/6.3.8; https://serhatburke.miroglu.net"
62.12.118.37 - - [28/Apr/2026:08:03:48 +0300] "POST /xmlrpc.php HTTP/1.1" 200 630 "-" "Mozilla/5.0 (Windows NT 10.0; Win64; x64) AppleWebKit/537.36 (KHTML, like Gecko) Chrome/114.0.0.0 Safari/537.36"
40.77.167.6 - - [28/Apr/2026:08:03:47 +0300] "GET /how-bscscan-revolutionizes-blockchain-transparency/ HTTP/2" 200 17985 "-" "Mozilla/5.0 AppleWebKit/537.36 (KHTML, like Gecko; compatible; bingbot/2.0; +http://www.bing.com/bingbot.htm) Chrome/116.0.1938.76 Safari/537.36"
185.216.113.70 - - [28/Apr/2026:08:04:34 +0300] "POST /wp-cron.php?doing_wp_cron=1777352674.1566169261932373046875 HTTP/1.1" 200 448 "-" "WordPress/6.3.8; https://serhatburke.miroglu.net"
52.167.144.169 - - [28/Apr/2026:08:04:05 +0300] "GET /kraken-vkhod-v-darknet-i-aktual-nye-ssylki-2026-3/ HTTP/2" 200 18834 "-" "Mozilla/5.0 AppleWebKit/537.36 (KHTML, like Gecko; compatible; bingbot/2.0; +http://www.bing.com/bingbot.htm) Chrome/116.0.1938.76 Safari/537.36"
103.219.169.195 - - [28/Apr/2026:08:04:16 +0300] "POST /xmlrpc.php HTTP/1.1" 200 630 "-" "Mozilla/5.0 (Windows NT 10.0; Win64; x64) AppleWebKit/537.36 (KHTML, like Gecko) Chrome/114.0.0.0 Safari/537.36"
62.12.118.37 - - [28/Apr/2026:08:04:17 +0300] "POST /xmlrpc.php HTTP/1.1" 200 16663 "-" "Mozilla/5.0 (Windows NT 10.0; Win64; x64) AppleWebKit/537.36 (KHTML, like Gecko) Chrome/114.0.0.0 Safari/537.36"
40.77.167.6 - - [28/Apr/2026:08:04:18 +0300] "GET /kraken-bezopasnyi-dostup-k-onion-ssylkam-2026-11/ HTTP/2" 200 19221 "-" "Mozilla/5.0 AppleWebKit/537.36 (KHTML, like Gecko; compatible; bingbot/2.0; +http://www.bing.com/bingbot.htm) Chrome/116.0.1938.76 Safari/537.36"
43.229.135.118 - - [28/Apr/2026:08:04:44 +0300] "GET /88701-2/ HTTP/1.1" 200 18380 "-" "Mozilla/5.0 (compatible; Googlebot/2.1; +http://www.google.com/bot.html)"
103.219.169.195 - - [28/Apr/2026:08:04:57 +0300] "POST /xmlrpc.php HTTP/1.1" 200 16652 "-" "Mozilla/5.0 (Windows NT 10.0; Win64; x64) AppleWebKit/537.36 (KHTML, like Gecko) Chrome/114.0.0.0 Safari/537.36"
62.12.118.37 - - [28/Apr/2026:08:04:54 +0300] "GET /queen-of-the-nile-2-position-comprehend-our-very-own-slot-machine-remark/ HTTP/1.1" 200 80335 "-" "Mozilla/5.0 (Windows NT 10.0; Win64; x64) AppleWebKit/537.36 (KHTML, like Gecko) Chrome/123.0.0.0 Safari/537.36"
103.219.169.195 - - [28/Apr/2026:08:05:17 +0300] "GET /bet365-angeschlossen-spielsaal-testbericht-maklercourtage-bis-100-erhalten/ HTTP/1.1" 200 81205 "-" "Mozilla/5.0 (Windows NT 10.0; rv:109.0) Gecko/20100101 Firefox/115.0"
216.73.217.81 - - [28/Apr/2026:08:05:22 +0300] "GET /robots.txt HTTP/2" 200 110 "-" "Mozilla/5.0 AppleWebKit/537.36 (KHTML, like Gecko; compatible; ClaudeBot/1.0; +claudebot@anthropic.com)"
216.73.217.81 - - [28/Apr/2026:08:05:36 +0300] "GET /sitemap.xml HTTP/2" 200 0 "-" "Mozilla/5.0 AppleWebKit/537.36 (KHTML, like Gecko; compatible; ClaudeBot/1.0; +claudebot@anthropic.com)"
185.216.113.70 - - [28/Apr/2026:08:05:48 +0300] "POST /wp-cron.php?doing_wp_cron=1777352748.2272338867187500000000 HTTP/1.1" 200 448 "-" "WordPress/6.3.8; https://serhatburke.miroglu.net"
107.172.170.179 - - [28/Apr/2026:08:06:00 +0300] "GET /beste-casino-site-belgie-hoge-inzet/ HTTP/1.1" 200 19265 "-" "Mozilla/5.0 (X11; Fedora; Linux x86_64; rv:114.0) Gecko/20100101 Firefox/114.0"
62.12.118.37 - - [28/Apr/2026:08:06:12 +0300] "POST /xmlrpc.php HTTP/1.1" 200 630 "-" "Mozilla/5.0 (Windows NT 10.0; Win64; x64) AppleWebKit/537.36 (KHTML, like Gecko) Chrome/114.0.0.0 Safari/537.36"
185.216.113.70 - - [28/Apr/2026:08:06:44 +0300] "POST /wp-cron.php?doing_wp_cron=1777352804.8183240890502929687500 HTTP/1.1" 200 448 "-" "WordPress/6.3.8; https://serhatburke.miroglu.net"
62.12.118.37 - - [28/Apr/2026:08:06:32 +0300] "POST /xmlrpc.php HTTP/1.1" 200 16759 "-" "Mozilla/5.0 (Windows NT 10.0; Win64; x64) AppleWebKit/537.36 (KHTML, like Gecko) Chrome/114.0.0.0 Safari/537.36"
62.12.118.37 - - [28/Apr/2026:08:06:46 +0300] "GET /queen-of-ones-nile-pokie-choice-100-percent-free-and-comprehend-remark/ HTTP/1.1" 200 80556 "-" "Mozilla/5.0 (Windows NT 10.0; Win64; x64) AppleWebKit/537.36 (KHTML, like Gecko) Chrome/123.0.0.0 Safari/537.36 OPR/109.0.0.0"
185.216.113.70 - - [28/Apr/2026:08:08:45 +0300] "POST /wp-cron.php?doing_wp_cron=1777352925.7816059589385986328125 HTTP/1.1" 200 448 "-" "WordPress/6.3.8; https://serhatburke.miroglu.net"
62.12.118.37 - - [28/Apr/2026:08:08:31 +0300] "POST /xmlrpc.php HTTP/1.1" 200 630 "-" "Mozilla/5.0 (Windows NT 10.0; Win64; x64) AppleWebKit/537.36 (KHTML, like Gecko) Chrome/114.0.0.0 Safari/537.36"
62.12.118.37 - - [28/Apr/2026:08:08:52 +0300] "POST /xmlrpc.php HTTP/1.1" 200 16687 "-" "Mozilla/5.0 (Windows NT 10.0; Win64; x64) AppleWebKit/537.36 (KHTML, like Gecko) Chrome/114.0.0.0 Safari/537.36"
62.12.118.37 - - [28/Apr/2026:08:09:08 +0300] "GET /finest-on-the-web-pokies-australian-continent-2026-real-money-internet-sites/ HTTP/1.1" 200 80683 "-" "Mozilla/5.0 (Windows NT 10.0; rv:125.0) Gecko/20100101 Firefox/125.0"
103.219.169.195 - - [28/Apr/2026:08:09:22 +0300] "POST /xmlrpc.php HTTP/1.1" 200 630 "-" "Mozilla/5.0 (Windows NT 10.0; Win64; x64) AppleWebKit/537.36 (KHTML, like Gecko) Chrome/114.0.0.0 Safari/537.36"
185.216.113.70 - - [28/Apr/2026:08:09:59 +0300] "POST /wp-cron.php?doing_wp_cron=1777352999.3986339569091796875000 HTTP/1.1" 200 448 "-" "WordPress/6.3.8; https://serhatburke.miroglu.net"
103.219.169.195 - - [28/Apr/2026:08:09:44 +0300] "POST /xmlrpc.php HTTP/1.1" 200 13376 "-" "Mozilla/5.0 (Windows NT 10.0; Win64; x64) AppleWebKit/537.36 (KHTML, like Gecko) Chrome/114.0.0.0 Safari/537.36"
103.219.169.195 - - [28/Apr/2026:08:10:01 +0300] "GET /bet3000-sportwetten-untersuchung-2026-150-pramie-tippen/ HTTP/1.1" 200 77367 "-" "Mozilla/5.0 (Windows NT 10.0; Win64; x64) AppleWebKit/537.36 (KHTML, like Gecko) Chrome/123.0.0.0 Safari/537.36 OPR/109.0.0.0"
185.216.113.70 - - [28/Apr/2026:08:10:56 +0300] "POST /wp-cron.php?doing_wp_cron=1777353056.2625010013580322265625 HTTP/1.1" 200 448 "-" "WordPress/6.3.8; https://serhatburke.miroglu.net"
62.12.118.37 - - [28/Apr/2026:08:10:43 +0300] "POST /xmlrpc.php HTTP/1.1" 200 630 "-" "Mozilla/5.0 (Windows NT 10.0; Win64; x64) AppleWebKit/537.36 (KHTML, like Gecko) Chrome/114.0.0.0 Safari/537.36"
185.191.171.15 - - [28/Apr/2026:08:10:52 +0300] "GET /navigate-the-future-of-crypto-with-atomic-wallet/ HTTP/1.1" 200 20854 "-" "Mozilla/5.0 (compatible; SemrushBot/7~bl; +http://www.semrush.com/bot.html)"
62.12.118.37 - - [28/Apr/2026:08:11:03 +0300] "POST /xmlrpc.php HTTP/1.1" 200 16732 "-" "Mozilla/5.0 (Windows NT 10.0; Win64; x64) AppleWebKit/537.36 (KHTML, like Gecko) Chrome/114.0.0.0 Safari/537.36"
203.190.14.145 - - [28/Apr/2026:08:11:14 +0300] "GET /automaty-hazard-online HTTP/1.1" 301 649 "https://serhatburke.miroglu.net/" "Mozilla/5.0 (Macintosh; Intel Mac OS X 10_15_7) AppleWebKit/605.1.15 (KHTML, like Gecko) Version/17.0 Safari/605.1.15"
62.12.118.37 - - [28/Apr/2026:08:11:18 +0300] "GET /quickspin-play-100-percent-free-pokies-opinion-2026/ HTTP/1.1" 200 79916 "-" "Mozilla/5.0 (Windows NT 10.0; rv:125.0) Gecko/20100101 Firefox/125.0"
185.216.113.70 - - [28/Apr/2026:08:11:46 +0300] "POST /wp-cron.php?doing_wp_cron=1777353105.9704859256744384765625 HTTP/1.1" 200 448 "-" "WordPress/6.3.8; https://serhatburke.miroglu.net"
203.190.14.145 - - [28/Apr/2026:08:11:34 +0300] "GET /automaty-hazard-online/ HTTP/1.1" 200 20437 "https://serhatburke.miroglu.net/" "Mozilla/5.0 (Macintosh; Intel Mac OS X 10_15_7) AppleWebKit/605.1.15 (KHTML, like Gecko) Version/17.0 Safari/605.1.15"
85.208.96.204 - - [28/Apr/2026:08:11:32 +0300] "GET /10-freispiele-slot-gopher-gold-blos-einzahlung-top-casinos-2023/ HTTP/1.1" 200 22678 "-" "Mozilla/5.0 (compatible; SemrushBot/7~bl; +http://www.semrush.com/bot.html)"
170.168.242.223 - - [28/Apr/2026:08:11:52 +0300] "GET / HTTP/1.1" 200 21628 "-" "Mozilla/5.0 (Windows NT 10.0; Win64; x64) AppleWebKit/537.36 (KHTML, like Gecko) Chrome/120.0.0.0 Safari/537.36"
185.216.113.70 - - [28/Apr/2026:08:13:07 +0300] "POST /wp-cron.php?doing_wp_cron=1777353187.2826540470123291015625 HTTP/1.1" 200 448 "-" "WordPress/6.3.8; https://serhatburke.miroglu.net"
62.12.118.37 - - [28/Apr/2026:08:12:54 +0300] "POST /xmlrpc.php HTTP/1.1" 200 630 "-" "Mozilla/5.0 (Windows NT 10.0; Win64; x64) AppleWebKit/537.36 (KHTML, like Gecko) Chrome/114.0.0.0 Safari/537.36"
62.12.118.37 - - [28/Apr/2026:08:13:13 +0300] "POST /xmlrpc.php HTTP/1.1" 200 16585 "-" "Mozilla/5.0 (Windows NT 10.0; Win64; x64) AppleWebKit/537.36 (KHTML, like Gecko) Chrome/114.0.0.0 Safari/537.36"
185.216.113.70 - - [28/Apr/2026:08:13:40 +0300] "POST /wp-cron.php?doing_wp_cron=1777353220.3393270969390869140625 HTTP/1.1" 200 448 "-" "WordPress/6.3.8; https://serhatburke.miroglu.net"
40.77.167.6 - - [28/Apr/2026:08:13:24 +0300] "GET /vos-methodes-de-divertir-i%EF%BF%BD-tous-les-jeu-pour-salle-de-jeu-progressives/ HTTP/2" 200 18635 "-" "Mozilla/5.0 AppleWebKit/537.36 (KHTML, like Gecko; compatible; bingbot/2.0; +http://www.bing.com/bingbot.htm) Chrome/116.0.1938.76 Safari/537.36"
62.12.118.37 - - [28/Apr/2026:08:13:27 +0300] "GET /better-a-real-income-casinos-on-the-internet-usa-2025/ HTTP/1.1" 200 79998 "-" "Mozilla/5.0 (Windows NT 10.0; Win64; x64) AppleWebKit/537.36 (KHTML, like Gecko) Chrome/109.0.0.0 Safari/537.36"
103.219.169.195 - - [28/Apr/2026:08:14:13 +0300] "POST /xmlrpc.php HTTP/1.1" 200 630 "-" "Mozilla/5.0 (Windows NT 10.0; Win64; x64) AppleWebKit/537.36 (KHTML, like Gecko) Chrome/114.0.0.0 Safari/537.36"
185.216.113.70 - - [28/Apr/2026:08:14:44 +0300] "POST /wp-cron.php?doing_wp_cron=1777353284.7044088840484619140625 HTTP/1.1" 200 448 "-" "WordPress/6.3.8; https://serhatburke.miroglu.net"
103.219.169.195 - - [28/Apr/2026:08:14:32 +0300] "POST /xmlrpc.php HTTP/1.1" 200 15019 "-" "Mozilla/5.0 (Windows NT 10.0; Win64; x64) AppleWebKit/537.36 (KHTML, like Gecko) Chrome/114.0.0.0 Safari/537.36"
103.219.169.195 - - [28/Apr/2026:08:14:46 +0300] "GET /betfair-casino-erfahrungen-100-einlosen-uber-300-zum-besten-geben/ HTTP/1.1" 200 79239 "-" "Mozilla/5.0 (Windows NT 10.0; Win64; x64) AppleWebKit/537.36 (KHTML, like Gecko) Chrome/109.0.0.0 Safari/537.36"
62.12.118.37 - - [28/Apr/2026:08:15:04 +0300] "POST /xmlrpc.php HTTP/1.1" 200 630 "-" "Mozilla/5.0 (Windows NT 10.0; Win64; x64) AppleWebKit/537.36 (KHTML, like Gecko) Chrome/114.0.0.0 Safari/537.36"
185.216.113.70 - - [28/Apr/2026:08:15:35 +0300] "POST /wp-cron.php?doing_wp_cron=1777353335.4666941165924072265625 HTTP/1.1" 200 448 "-" "WordPress/6.3.8; https://serhatburke.miroglu.net"
62.12.118.37 - - [28/Apr/2026:08:15:23 +0300] "POST /xmlrpc.php HTTP/1.1" 200 16804 "-" "Mozilla/5.0 (Windows NT 10.0; Win64; x64) AppleWebKit/537.36 (KHTML, like Gecko) Chrome/114.0.0.0 Safari/537.36"
62.12.118.37 - - [28/Apr/2026:08:15:36 +0300] "GET /ramses-2025-we-f-r-we-montbrial-thierry-de-craigs-list-com-au-books/ HTTP/1.1" 200 80647 "-" "Mozilla/5.0 (Windows NT 10.0; Win64; x64) AppleWebKit/537.36 (KHTML, like Gecko) Chrome/122.0.0.0 Safari/537.36"
57.128.22.95 - - [28/Apr/2026:08:15:59 +0300] "GET /automaty-hazard-online/ HTTP/1.1" 200 18399 "-" "Mozilla/5.0 (compatible; Googlebot/2.1; +http://www.google.com/bot.html)"
185.216.113.70 - - [28/Apr/2026:08:16:48 +0300] "POST /wp-cron.php?doing_wp_cron=1777353408.6475160121917724609375 HTTP/1.1" 200 448 "-" "WordPress/6.3.8; https://serhatburke.miroglu.net"
27.147.237.62 - - [28/Apr/2026:08:16:36 +0300] "POST /xmlrpc.php HTTP/2" 200 140 "-" "WordPress/XMLRPC Client"
27.147.237.62 - - [28/Apr/2026:08:16:49 +0300] "GET /?p=141790 HTTP/2" 301 0 "-" "Mozilla/5.0 (Windows NT 10.0; Win64; x64) AppleWebKit/537.36 (KHTML, like Gecko) Chrome/120.0.0.0 Safari/537.36"
40.77.167.132 - - [28/Apr/2026:08:16:54 +0300] "GET /competizione-slot-premi-astuto-prelievo-beonbet-verso-1000/ HTTP/2" 200 19945 "-" "Mozilla/5.0 AppleWebKit/537.36 (KHTML, like Gecko; compatible; bingbot/2.0; +http://www.bing.com/bingbot.htm) Chrome/116.0.1938.76 Safari/537.36"
62.12.118.37 - - [28/Apr/2026:08:17:10 +0300] "POST /xmlrpc.php HTTP/1.1" 200 630 "-" "Mozilla/5.0 (Windows NT 10.0; Win64; x64) AppleWebKit/537.36 (KHTML, like Gecko) Chrome/114.0.0.0 Safari/537.36"
185.216.113.70 - - [28/Apr/2026:08:17:42 +0300] "POST /wp-cron.php?doing_wp_cron=1777353462.4937379360198974609375 HTTP/1.1" 200 448 "-" "WordPress/6.3.8; https://serhatburke.miroglu.net"
62.12.118.37 - - [28/Apr/2026:08:17:29 +0300] "POST /xmlrpc.php HTTP/1.1" 200 16488 "-" "Mozilla/5.0 (Windows NT 10.0; Win64; x64) AppleWebKit/537.36 (KHTML, like Gecko) Chrome/114.0.0.0 Safari/537.36"
62.12.118.37 - - [28/Apr/2026:08:17:44 +0300] "GET /gambling-enterprise-online-game-one-to-will-pay-real-cash/ HTTP/1.1" 200 80098 "-" "Mozilla/5.0 (Windows NT 10.0; rv:125.0) Gecko/20100101 Firefox/125.0"
216.73.217.81 - - [28/Apr/2026:08:19:11 +0300] "GET /sitemap.rss HTTP/2" 200 0 "-" "Mozilla/5.0 AppleWebKit/537.36 (KHTML, like Gecko; compatible; ClaudeBot/1.0; +claudebot@anthropic.com)"
185.216.113.70 - - [28/Apr/2026:08:19:22 +0300] "POST /wp-cron.php?doing_wp_cron=1777353562.4836819171905517578125 HTTP/1.1" 200 448 "-" "WordPress/6.3.8; https://serhatburke.miroglu.net"
103.219.169.195 - - [28/Apr/2026:08:18:58 +0300] "POST /xmlrpc.php HTTP/1.1" 200 630 "-" "Mozilla/5.0 (Windows NT 10.0; Win64; x64) AppleWebKit/537.36 (KHTML, like Gecko) Chrome/114.0.0.0 Safari/537.36"
113.183.222.44 - - [28/Apr/2026:08:19:13 +0300] "GET /automaty-hazard-online HTTP/1.1" 200 0 "https://serhatburke.miroglu.net/" "Mozilla/5.0 (Windows NT 10.0; Win64; x64) AppleWebKit/537.36 (KHTML, like Gecko) Chrome/123.0.6312.122 Safari/537.36"
62.12.118.37 - - [28/Apr/2026:08:19:09 +0300] "POST /xmlrpc.php HTTP/1.1" 200 630 "-" "Mozilla/5.0 (Windows NT 10.0; Win64; x64) AppleWebKit/537.36 (KHTML, like Gecko) Chrome/114.0.0.0 Safari/537.36"
103.219.169.195 - - [28/Apr/2026:08:19:30 +0300] "POST /xmlrpc.php HTTP/1.1" 200 16017 "-" "Mozilla/5.0 (Windows NT 10.0; Win64; x64) AppleWebKit/537.36 (KHTML, like Gecko) Chrome/114.0.0.0 Safari/537.36"
62.12.118.37 - - [28/Apr/2026:08:19:47 +0300] "POST /xmlrpc.php HTTP/1.1" 200 16341 "-" "Mozilla/5.0 (Windows NT 10.0; Win64; x64) AppleWebKit/537.36 (KHTML, like Gecko) Chrome/114.0.0.0 Safari/537.36"
103.219.169.195 - - [28/Apr/2026:08:20:00 +0300] "GET /betway-66-com-reputation-check-and-risikosignale-zuversicht-47-100/ HTTP/1.1" 200 80417 "-" "Mozilla/5.0 (Windows NT 10.0; Win64; x64) AppleWebKit/537.36 (KHTML, like Gecko) Chrome/123.0.0.0 Safari/537.36"
62.12.118.37 - - [28/Apr/2026:08:20:09 +0300] "GET /finest-on-the-web-pokies-around-australia-2026-discover-better-aussie-harbors/ HTTP/1.1" 200 80389 "-" "Mozilla/5.0 (Windows NT 10.0; Win64; x64) AppleWebKit/537.36 (KHTML, like Gecko) Chrome/122.0.0.0 Safari/537.36"
185.216.113.70 - - [28/Apr/2026:08:20:40 +0300] "POST /wp-cron.php?doing_wp_cron=1777353640.0258519649505615234375 HTTP/1.1" 200 448 "-" "WordPress/6.3.8; https://serhatburke.miroglu.net"
192.227.253.198 - - [28/Apr/2026:08:20:28 +0300] "GET /beste-casino-site-belgie-hoge-inzet/ HTTP/1.1" 200 19265 "-" "Mozilla/5.0 (X11; Fedora; Linux x86_64; rv:114.0) Gecko/20100101 Firefox/114.0"
185.191.171.2 - - [28/Apr/2026:08:21:11 +0300] "GET /superspinscasino-uk-free-games-a-review-for-british-players/ HTTP/1.1" 200 21173 "-" "Mozilla/5.0 (compatible; SemrushBot/7~bl; +http://www.semrush.com/bot.html)"
185.216.113.70 - - [28/Apr/2026:08:21:39 +0300] "POST /wp-cron.php?doing_wp_cron=1777353699.3452599048614501953125 HTTP/1.1" 200 448 "-" "WordPress/6.3.8; https://serhatburke.miroglu.net"
57.128.22.95 - - [28/Apr/2026:08:21:14 +0300] "GET /zotabet-casino-bonus-premier-depot-2026/ HTTP/1.1" 200 19124 "-" "Mozilla/5.0 (compatible; Googlebot/2.1; +http://www.google.com/bot.html)"
62.12.118.37 - - [28/Apr/2026:08:21:17 +0300] "POST /xmlrpc.php HTTP/1.1" 200 630 "-" "Mozilla/5.0 (Windows NT 10.0; Win64; x64) AppleWebKit/537.36 (KHTML, like Gecko) Chrome/114.0.0.0 Safari/537.36"
40.77.167.132 - - [28/Apr/2026:08:21:24 +0300] "GET /atrium-buffet-perth-s-finest-buffet-284/ HTTP/2" 200 270492 "-" "Mozilla/5.0 AppleWebKit/537.36 (KHTML, like Gecko; compatible; bingbot/2.0; +http://www.bing.com/bingbot.htm) Chrome/116.0.1938.76 Safari/537.36"
62.12.118.37 - - [28/Apr/2026:08:21:48 +0300] "POST /xmlrpc.php HTTP/1.1" 200 16924 "-" "Mozilla/5.0 (Windows NT 10.0; Win64; x64) AppleWebKit/537.36 (KHTML, like Gecko) Chrome/114.0.0.0 Safari/537.36"
62.12.118.37 - - [28/Apr/2026:08:22:03 +0300] "GET /finest-local-casino-apps-in-the-us-2026-actual-cellular-gambling-enterprise-web-sites/ HTTP/1.1" 200 81460 "-" "Mozilla/5.0 (Windows NT 10.0; Win64; x64; rv:125.0) Gecko/20100101 Firefox/125.0"
87.221.228.51 - - [28/Apr/2026:08:22:23 +0300] "POST /xmlrpc.php HTTP/2" 200 204 "-" "XML-RPC for PHP 4.11.1"
185.216.113.70 - - [28/Apr/2026:08:22:44 +0300] "POST /wp-cron.php?doing_wp_cron=1777353764.2658779621124267578125 HTTP/1.1" 200 448 "-" "WordPress/6.3.8; https://serhatburke.miroglu.net"
52.167.144.169 - - [28/Apr/2026:08:22:31 +0300] "GET /post-sitemap4.xml HTTP/2" 200 101039 "-" "Mozilla/5.0 AppleWebKit/537.36 (KHTML, like Gecko; compatible; bingbot/2.0; +http://www.bing.com/bingbot.htm) Chrome/116.0.1938.76 Safari/537.36"
185.216.113.70 - - [28/Apr/2026:08:23:54 +0300] "POST /wp-cron.php?doing_wp_cron=1777353834.1922760009765625000000 HTTP/1.1" 200 448 "-" "WordPress/6.3.8; https://serhatburke.miroglu.net"
103.219.169.195 - - [28/Apr/2026:08:23:25 +0300] "POST /xmlrpc.php HTTP/1.1" 200 630 "-" "Mozilla/5.0 (Windows NT 10.0; Win64; x64) AppleWebKit/537.36 (KHTML, like Gecko) Chrome/114.0.0.0 Safari/537.36"
62.12.118.37 - - [28/Apr/2026:08:23:25 +0300] "POST /xmlrpc.php HTTP/1.1" 200 630 "-" "Mozilla/5.0 (Windows NT 10.0; Win64; x64) AppleWebKit/537.36 (KHTML, like Gecko) Chrome/114.0.0.0 Safari/537.36"
62.12.118.37 - - [28/Apr/2026:08:24:01 +0300] "POST /xmlrpc.php HTTP/1.1" 200 15807 "-" "Mozilla/5.0 (Windows NT 10.0; Win64; x64) AppleWebKit/537.36 (KHTML, like Gecko) Chrome/114.0.0.0 Safari/537.36"
103.219.169.195 - - [28/Apr/2026:08:24:01 +0300] "POST /xmlrpc.php HTTP/1.1" 200 16097 "-" "Mozilla/5.0 (Windows NT 10.0; Win64; x64) AppleWebKit/537.36 (KHTML, like Gecko) Chrome/114.0.0.0 Safari/537.36"
107.152.46.202 - - [28/Apr/2026:08:24:16 +0300] "GET /beste-casino-site-belgie-hoge-inzet/ HTTP/1.1" 200 19265 "-" "Mozilla/5.0 (Windows NT 10.0; WOW64; x64) AppleWebKit/537.36 (KHTML, like Gecko) Chrome/114.0.0.0 Safari/537.36 OPR/89.0.4447.51"
185.216.113.70 - - [28/Apr/2026:08:24:41 +0300] "POST /wp-cron.php?doing_wp_cron=1777353881.4784200191497802734375 HTTP/1.1" 200 448 "-" "WordPress/6.3.8; https://serhatburke.miroglu.net"
62.12.118.37 - - [28/Apr/2026:08:24:26 +0300] "GET /greatest-real-cash-casinos-on-the-internet-in-the-us-february-2026/ HTTP/1.1" 200 80026 "-" "Mozilla/5.0 (Windows NT 10.0; Win64; x64) AppleWebKit/537.36 (KHTML, like Gecko) Chrome/122.0.0.0 Safari/537.36"
103.219.169.195 - - [28/Apr/2026:08:24:27 +0300] "GET /kinderspielhaus-din-en-1176-spielhaus-spielplatz/ HTTP/1.1" 200 80112 "-" "Mozilla/5.0 (Windows NT 10.0; Win64; x64) AppleWebKit/537.36 (KHTML, like Gecko) Chrome/123.0.0.0 Safari/537.36"
62.12.118.37 - - [28/Apr/2026:08:25:21 +0300] "POST /xmlrpc.php HTTP/1.1" 200 630 "-" "Mozilla/5.0 (Windows NT 10.0; Win64; x64) AppleWebKit/537.36 (KHTML, like Gecko) Chrome/114.0.0.0 Safari/537.36"
185.216.113.70 - - [28/Apr/2026:08:25:51 +0300] "POST /wp-cron.php?doing_wp_cron=1777353951.8972630500793457031250 HTTP/1.1" 200 448 "-" "WordPress/6.3.8; https://serhatburke.miroglu.net"
62.12.118.37 - - [28/Apr/2026:08:25:39 +0300] "POST /xmlrpc.php HTTP/1.1" 200 16407 "-" "Mozilla/5.0 (Windows NT 10.0; Win64; x64) AppleWebKit/537.36 (KHTML, like Gecko) Chrome/114.0.0.0 Safari/537.36"
62.12.118.37 - - [28/Apr/2026:08:25:53 +0300] "GET /better-us-new-iphone-casino-games-a-real-income-gaming-apps-2026/ HTTP/1.1" 200 80112 "-" "Mozilla/5.0 (Windows NT 10.0; Win64; x64) AppleWebKit/537.36 (KHTML, like Gecko) Chrome/124.0.0.0 Safari/537.36"
185.216.113.70 - - [28/Apr/2026:08:27:38 +0300] "POST /wp-cron.php?doing_wp_cron=1777354058.2391018867492675781250 HTTP/1.1" 200 448 "-" "WordPress/6.3.8; https://serhatburke.miroglu.net"
62.12.118.37 - - [28/Apr/2026:08:27:25 +0300] "POST /xmlrpc.php HTTP/1.1" 200 630 "-" "Mozilla/5.0 (Windows NT 10.0; Win64; x64) AppleWebKit/537.36 (KHTML, like Gecko) Chrome/114.0.0.0 Safari/537.36"
62.12.118.37 - - [28/Apr/2026:08:27:44 +0300] "POST /xmlrpc.php HTTP/1.1" 200 16257 "-" "Mozilla/5.0 (Windows NT 10.0; Win64; x64) AppleWebKit/537.36 (KHTML, like Gecko) Chrome/114.0.0.0 Safari/537.36"
