66.249.73.15 - - [28/Apr/2026:13:48:00 +0300] "GET /melbet-rabochee-zerkalo-segodnja-oficialnyj-sajt-41/undefined?ts=1775520000 HTTP/1.1" 200 0 "https://serhatburke.miroglu.net/melbet-rabochee-zerkalo-segodnja-oficialnyj-sajt-41/" "Mozilla/5.0 (Linux; Android 6.0.1; Nexus 5X Build/MMB29P) AppleWebKit/537.36 (KHTML, like Gecko) Chrome/147.0.7727.116 Mobile Safari/537.36 (compatible; Googlebot/2.1; +http://www.google.com/bot.html)"
185.216.113.70 - - [28/Apr/2026:13:48:17 +0300] "POST /wp-cron.php?doing_wp_cron=1777373297.4211220741271972656250 HTTP/1.1" 200 448 "-" "WordPress/6.3.8; https://serhatburke.miroglu.net"
5.61.54.19 - - [28/Apr/2026:13:48:04 +0300] "HEAD / HTTP/1.1" 200 670 "-" "Wget/1.21.4"
80.90.183.146 - - [28/Apr/2026:13:48:11 +0300] "GET /88701-2/ HTTP/1.1" 200 18389 "-" "Mozilla/5.0 (compatible; Googlebot/2.1; +http://www.google.com/bot.html)"
216.73.217.81 - - [28/Apr/2026:13:48:52 +0300] "GET /sitemap.xml HTTP/2" 200 0 "-" "Mozilla/5.0 AppleWebKit/537.36 (KHTML, like Gecko; compatible; ClaudeBot/1.0; +claudebot@anthropic.com)"
185.216.113.70 - - [28/Apr/2026:13:49:13 +0300] "POST /wp-cron.php?doing_wp_cron=1777373352.9024250507354736328125 HTTP/1.1" 200 448 "-" "WordPress/6.3.8; https://serhatburke.miroglu.net"
107.174.232.139 - - [28/Apr/2026:13:49:00 +0300] "GET /zotabet-casino-bonus-premier-depot-2026/ HTTP/1.1" 200 19133 "https://serhatburke.miroglu.net/" "Mozilla/5.0 (Windows NT 10.0; Win64; x64) AppleWebKit/537.36 (KHTML, like Gecko) Chrome/146.0.0.0 Safari/537.36 Edg/146.0.0.0"
185.216.113.70 - - [28/Apr/2026:13:49:43 +0300] "POST /wp-cron.php?doing_wp_cron=1777373382.8838438987731933593750 HTTP/1.1" 200 448 "-" "WordPress/6.3.8; https://serhatburke.miroglu.net"
107.174.232.139 - - [28/Apr/2026:13:49:30 +0300] "GET /zotabet-casino-bonus-premier-depot-2026/ HTTP/1.1" 200 19124 "https://serhatburke.miroglu.net/zotabet-casino-bonus-premier-depot-2026/" "Mozilla/5.0 (Windows NT 6.3; Win64; x64) AppleWebKit/537.36 (KHTML, like Gecko) Chrome/103.0.0.0 Safari/537.36"
107.174.232.139 - - [28/Apr/2026:13:49:45 +0300] "GET /wp-includes/css/dist/block-library/style.min.css?ver=6.3.8 HTTP/1.1" 200 13578 "https://serhatburke.miroglu.net/zotabet-casino-bonus-premier-depot-2026/" "Mozilla/5.0 (Windows NT 10.0; Win64; x64) AppleWebKit/537.36 (KHTML, like Gecko) Chrome/145.0.0.0 Safari/537.36"
5.157.5.182 - - [28/Apr/2026:13:49:34 +0300] "GET /zotabet-casino-bonus-premier-depot-2026/ HTTP/1.1" 200 19124 "-" "Mozilla/5.0 (X11; Fedora; Linux x86_64; rv:114.0) Gecko/20100101 Firefox/114.0"
85.208.96.211 - - [28/Apr/2026:13:49:50 +0300] "GET /casino4fun-100-percent-free-harbors-bingo-live-casino-games-reel-rush-jackpot-slot-which-have-free2play-enjoyable-by-the-hurry-games/ HTTP/1.1" 200 22512 "-" "Mozilla/5.0 (compatible; SemrushBot/7~bl; +http://www.semrush.com/bot.html)"
107.174.232.139 - - [28/Apr/2026:13:50:16 +0300] "GET /wp-content/plugins/contact-form-7/includes/css/styles.css?ver=5.8 HTTP/1.1" 200 1490 "https://serhatburke.miroglu.net/zotabet-casino-bonus-premier-depot-2026/" "Mozilla/5.0 (Windows NT 10.0; Win64; x64) AppleWebKit/537.36 (KHTML, like Gecko) Chrome/145.0.0.0 Safari/537.36"
107.174.232.139 - - [28/Apr/2026:13:50:17 +0300] "GET /wp-content/themes/toppic/css/fontello.css?ver=4.2 HTTP/1.1" 200 1802 "https://serhatburke.miroglu.net/zotabet-casino-bonus-premier-depot-2026/" "Mozilla/5.0 (Windows NT 10.0; Win64; x64) AppleWebKit/537.36 (KHTML, like Gecko) Chrome/145.0.0.0 Safari/537.36"
107.174.232.139 - - [28/Apr/2026:13:50:18 +0300] "GET /wp-content/themes/toppic/css/reset.css?ver=4.2 HTTP/1.1" 200 1178 "https://serhatburke.miroglu.net/zotabet-casino-bonus-premier-depot-2026/" "Mozilla/5.0 (Windows NT 10.0; Win64; x64) AppleWebKit/537.36 (KHTML, like Gecko) Chrome/145.0.0.0 Safari/537.36"
107.174.232.139 - - [28/Apr/2026:13:50:19 +0300] "GET /wp-content/themes/toppic/css/default.css?ver=4.2 HTTP/1.1" 200 1811 "https://serhatburke.miroglu.net/zotabet-casino-bonus-premier-depot-2026/" "Mozilla/5.0 (Windows NT 10.0; Win64; x64) AppleWebKit/537.36 (KHTML, like Gecko) Chrome/145.0.0.0 Safari/537.36"
107.174.232.139 - - [28/Apr/2026:13:50:20 +0300] "GET /wp-content/themes/toppic/style.css?ver=4.2 HTTP/1.1" 200 23398 "https://serhatburke.miroglu.net/zotabet-casino-bonus-premier-depot-2026/" "Mozilla/5.0 (Windows NT 10.0; Win64; x64) AppleWebKit/537.36 (KHTML, like Gecko) Chrome/145.0.0.0 Safari/537.36"
107.174.232.139 - - [28/Apr/2026:13:50:21 +0300] "GET /wp-content/themes/toppic/css/royalslider.css?ver=4.2 HTTP/1.1" 200 1887 "https://serhatburke.miroglu.net/zotabet-casino-bonus-premier-depot-2026/" "Mozilla/5.0 (Windows NT 10.0; Win64; x64) AppleWebKit/537.36 (KHTML, like Gecko) Chrome/145.0.0.0 Safari/537.36"
107.174.232.139 - - [28/Apr/2026:13:50:22 +0300] "GET /wp-content/themes/toppic/css/rs-default.css?ver=4.2 HTTP/1.1" 200 2625 "https://serhatburke.miroglu.net/zotabet-casino-bonus-premier-depot-2026/" "Mozilla/5.0 (Windows NT 10.0; Win64; x64) AppleWebKit/537.36 (KHTML, like Gecko) Chrome/145.0.0.0 Safari/537.36"
107.174.232.139 - - [28/Apr/2026:13:50:23 +0300] "GET /wp-content/themes/toppic/css/lightbox.css?ver=4.2 HTTP/1.1" 200 2956 "https://serhatburke.miroglu.net/zotabet-casino-bonus-premier-depot-2026/" "Mozilla/5.0 (Windows NT 10.0; Win64; x64) AppleWebKit/537.36 (KHTML, like Gecko) Chrome/145.0.0.0 Safari/537.36"
107.174.232.139 - - [28/Apr/2026:13:50:24 +0300] "GET /wp-content/themes/toppic/css/woocommerce.css?ver=4.2 HTTP/1.1" 200 2848 "https://serhatburke.miroglu.net/zotabet-casino-bonus-premier-depot-2026/" "Mozilla/5.0 (Windows NT 10.0; Win64; x64) AppleWebKit/537.36 (KHTML, like Gecko) Chrome/145.0.0.0 Safari/537.36"
107.174.232.139 - - [28/Apr/2026:13:50:25 +0300] "GET /wp-content/themes/toppic/css/responsive.css?ver=4.2 HTTP/1.1" 200 2796 "https://serhatburke.miroglu.net/zotabet-casino-bonus-premier-depot-2026/" "Mozilla/5.0 (Windows NT 10.0; Win64; x64) AppleWebKit/537.36 (KHTML, like Gecko) Chrome/145.0.0.0 Safari/537.36"
185.216.113.70 - - [28/Apr/2026:13:50:38 +0300] "POST /wp-cron.php?doing_wp_cron=1777373438.6174449920654296875000 HTTP/1.1" 200 448 "-" "WordPress/6.3.8; https://serhatburke.miroglu.net"
107.174.232.139 - - [28/Apr/2026:13:50:26 +0300] "POST /wp-comments-post.php HTTP/1.1" 302 1087 "https://serhatburke.miroglu.net/zotabet-casino-bonus-premier-depot-2026/" "Mozilla/5.0 (Windows NT 6.3; Win64; x64) AppleWebKit/537.36 (KHTML, like Gecko) Chrome/103.0.0.0 Safari/537.36"
62.12.118.37 - - [28/Apr/2026:13:50:32 +0300] "POST /xmlrpc.php HTTP/1.1" 200 630 "-" "Mozilla/5.0 (Windows NT 10.0; Win64; x64) AppleWebKit/537.36 (KHTML, like Gecko) Chrome/114.0.0.0 Safari/537.36"
107.174.232.139 - - [28/Apr/2026:13:50:39 +0300] "GET /zotabet-casino-bonus-premier-depot-2026/?unapproved=813&moderation-hash=5319fca131e5204de2f1cefbbab29cef HTTP/1.1" 200 19612 "https://serhatburke.miroglu.net/wp-comments-post.php" "Mozilla/5.0 (Windows NT 6.3; Win64; x64) AppleWebKit/537.36 (KHTML, like Gecko) Chrome/103.0.0.0 Safari/537.36"
62.12.118.37 - - [28/Apr/2026:13:50:56 +0300] "POST /xmlrpc.php HTTP/1.1" 200 16630 "-" "Mozilla/5.0 (Windows NT 10.0; Win64; x64) AppleWebKit/537.36 (KHTML, like Gecko) Chrome/114.0.0.0 Safari/537.36"
66.179.255.119 - - [28/Apr/2026:13:51:00 +0300] "GET /zotabet-casino-bonus-premier-depot-2026/ HTTP/1.1" 200 19124 "-" "Mozilla/5.0 (compatible; Googlebot/2.1; +http://www.google.com/bot.html)"
146.70.111.136 - - [28/Apr/2026:13:51:10 +0300] "POST /xmlrpc.php HTTP/1.1" 200 1155 "-" "Mozilla/5.0 (Windows NT 10.0; Win64; x64) AppleWebKit/537.36 (KHTML, like Gecko) Chrome/112.0.0.0 Safari/537.36"
107.175.86.19 - - [28/Apr/2026:13:51:10 +0300] "GET /beste-casino-site-belgie-hoge-inzet/ HTTP/1.1" 200 19265 "-" "Mozilla/5.0 (X11; Fedora; Linux x86_64; rv:114.0) Gecko/20100101 Firefox/114.0"
62.12.118.37 - - [28/Apr/2026:13:51:15 +0300] "GET /pokerstars-local-casino/ HTTP/1.1" 200 79286 "-" "Mozilla/5.0 (Windows NT 10.0; Win64; x64) AppleWebKit/537.36 (KHTML, like Gecko) Chrome/122.0.0.0 Safari/537.36"
185.216.113.70 - - [28/Apr/2026:13:51:51 +0300] "POST /wp-cron.php?doing_wp_cron=1777373511.8077940940856933593750 HTTP/1.1" 200 448 "-" "WordPress/6.3.8; https://serhatburke.miroglu.net"
1.179.199.2 - - [28/Apr/2026:13:51:39 +0300] "GET /beste-casino-site-belgie-hoge-inzet/ HTTP/1.1" 200 19281 "https://serhatburke.miroglu.net/" "Mozilla/5.0 (Windows NT 10.0) AppleWebKit/537.36 (KHTML, like Gecko) Chrome/114.0.0.0 Safari/537.36"
1.179.199.2 - - [28/Apr/2026:13:51:53 +0300] "GET /wp-includes/css/dist/block-library/style.min.css?ver=6.3.8 HTTP/1.1" 200 13578 "https://serhatburke.miroglu.net/beste-casino-site-belgie-hoge-inzet/" "Mozilla/5.0 (Windows NT 10.0; Win64; x64) AppleWebKit/537.36 (KHTML, like Gecko) Chrome/143.0.0.0 Safari/537.36"
1.179.199.2 - - [28/Apr/2026:13:51:54 +0300] "GET /wp-content/plugins/contact-form-7/includes/css/styles.css?ver=5.8 HTTP/1.1" 200 1490 "https://serhatburke.miroglu.net/beste-casino-site-belgie-hoge-inzet/" "Mozilla/5.0 (Windows NT 10.0; Win64; x64) AppleWebKit/537.36 (KHTML, like Gecko) Chrome/143.0.0.0 Safari/537.36"
1.179.199.2 - - [28/Apr/2026:13:51:55 +0300] "GET /wp-content/themes/toppic/css/fontello.css?ver=4.2 HTTP/1.1" 200 1802 "https://serhatburke.miroglu.net/beste-casino-site-belgie-hoge-inzet/" "Mozilla/5.0 (Windows NT 10.0; Win64; x64) AppleWebKit/537.36 (KHTML, like Gecko) Chrome/143.0.0.0 Safari/537.36"
1.179.199.2 - - [28/Apr/2026:13:51:56 +0300] "GET /wp-content/themes/toppic/css/reset.css?ver=4.2 HTTP/1.1" 200 1178 "https://serhatburke.miroglu.net/beste-casino-site-belgie-hoge-inzet/" "Mozilla/5.0 (Windows NT 10.0; Win64; x64) AppleWebKit/537.36 (KHTML, like Gecko) Chrome/143.0.0.0 Safari/537.36"
1.179.199.2 - - [28/Apr/2026:13:51:58 +0300] "GET /wp-content/themes/toppic/css/default.css?ver=4.2 HTTP/1.1" 200 1811 "https://serhatburke.miroglu.net/beste-casino-site-belgie-hoge-inzet/" "Mozilla/5.0 (Windows NT 10.0; Win64; x64) AppleWebKit/537.36 (KHTML, like Gecko) Chrome/143.0.0.0 Safari/537.36"
1.179.199.2 - - [28/Apr/2026:13:51:59 +0300] "GET /wp-content/themes/toppic/style.css?ver=4.2 HTTP/1.1" 200 23398 "https://serhatburke.miroglu.net/beste-casino-site-belgie-hoge-inzet/" "Mozilla/5.0 (Windows NT 10.0; Win64; x64) AppleWebKit/537.36 (KHTML, like Gecko) Chrome/143.0.0.0 Safari/537.36"
1.179.199.2 - - [28/Apr/2026:13:52:00 +0300] "GET /wp-content/themes/toppic/css/royalslider.css?ver=4.2 HTTP/1.1" 200 1887 "https://serhatburke.miroglu.net/beste-casino-site-belgie-hoge-inzet/" "Mozilla/5.0 (Windows NT 10.0; Win64; x64) AppleWebKit/537.36 (KHTML, like Gecko) Chrome/143.0.0.0 Safari/537.36"
1.179.199.2 - - [28/Apr/2026:13:52:01 +0300] "GET /wp-content/themes/toppic/css/rs-default.css?ver=4.2 HTTP/1.1" 200 2625 "https://serhatburke.miroglu.net/beste-casino-site-belgie-hoge-inzet/" "Mozilla/5.0 (Windows NT 10.0; Win64; x64) AppleWebKit/537.36 (KHTML, like Gecko) Chrome/143.0.0.0 Safari/537.36"
1.179.199.2 - - [28/Apr/2026:13:52:02 +0300] "GET /wp-content/themes/toppic/css/lightbox.css?ver=4.2 HTTP/1.1" 200 2956 "https://serhatburke.miroglu.net/beste-casino-site-belgie-hoge-inzet/" "Mozilla/5.0 (Windows NT 10.0; Win64; x64) AppleWebKit/537.36 (KHTML, like Gecko) Chrome/143.0.0.0 Safari/537.36"
1.179.199.2 - - [28/Apr/2026:13:52:03 +0300] "GET /wp-content/themes/toppic/css/woocommerce.css?ver=4.2 HTTP/1.1" 200 2848 "https://serhatburke.miroglu.net/beste-casino-site-belgie-hoge-inzet/" "Mozilla/5.0 (Windows NT 10.0; Win64; x64) AppleWebKit/537.36 (KHTML, like Gecko) Chrome/143.0.0.0 Safari/537.36"
1.179.199.2 - - [28/Apr/2026:13:52:04 +0300] "GET /wp-content/themes/toppic/css/responsive.css?ver=4.2 HTTP/1.1" 200 2796 "https://serhatburke.miroglu.net/beste-casino-site-belgie-hoge-inzet/" "Mozilla/5.0 (Windows NT 10.0; Win64; x64) AppleWebKit/537.36 (KHTML, like Gecko) Chrome/143.0.0.0 Safari/537.36"
1.179.199.2 - - [28/Apr/2026:13:52:06 +0300] "POST /wp-comments-post.php HTTP/1.1" 302 1083 "https://serhatburke.miroglu.net/beste-casino-site-belgie-hoge-inzet/" "Mozilla/5.0 (Windows NT 10.0) AppleWebKit/537.36 (KHTML, like Gecko) Chrome/114.0.0.0 Safari/537.36"
162.254.36.150 - - [28/Apr/2026:13:52:07 +0300] "GET /wp-login.php HTTP/2" 200 3092 "-" "Mozilla/5.0 (X11; Ubuntu; Linux x86_64; rv:61.0) Gecko/20100101 Firefox/61.0"
1.179.199.2 - - [28/Apr/2026:13:52:20 +0300] "GET /beste-casino-site-belgie-hoge-inzet/?unapproved=814&moderation-hash=b3e7b9b8e7f5973d32e32683227f73ae HTTP/1.1" 200 19705 "https://serhatburke.miroglu.net/wp-comments-post.php" "Mozilla/5.0 (Windows NT 10.0) AppleWebKit/537.36 (KHTML, like Gecko) Chrome/114.0.0.0 Safari/537.36"
162.254.36.150 - - [28/Apr/2026:13:52:21 +0300] "POST /wp-login.php HTTP/2" 200 3253 "https://serhatburke.miroglu.net/wp-login.php" "Mozilla/5.0 (X11; Ubuntu; Linux x86_64; rv:61.0) Gecko/20100101 Firefox/61.0"
185.216.113.70 - - [28/Apr/2026:13:52:45 +0300] "POST /wp-cron.php?doing_wp_cron=1777373565.6306419372558593750000 HTTP/1.1" 200 448 "-" "WordPress/6.3.8; https://serhatburke.miroglu.net"
1.179.199.2 - - [28/Apr/2026:13:52:34 +0300] "GET /beste-casino-site-belgie-hoge-inzet/ HTTP/1.1" 200 19265 "-" "Mozilla/5.0 (Windows NT 10.0) AppleWebKit/537.36 (KHTML, like Gecko) Chrome/114.0.0.0 Safari/537.36"
62.12.118.37 - - [28/Apr/2026:13:52:50 +0300] "POST /xmlrpc.php HTTP/1.1" 200 630 "-" "Mozilla/5.0 (Windows NT 10.0; Win64; x64) AppleWebKit/537.36 (KHTML, like Gecko) Chrome/114.0.0.0 Safari/537.36"
185.216.113.70 - - [28/Apr/2026:13:53:22 +0300] "POST /wp-cron.php?doing_wp_cron=1777373601.9717869758605957031250 HTTP/1.1" 200 448 "-" "WordPress/6.3.8; https://serhatburke.miroglu.net"
62.12.118.37 - - [28/Apr/2026:13:53:09 +0300] "POST /xmlrpc.php HTTP/1.1" 200 16045 "-" "Mozilla/5.0 (Windows NT 10.0; Win64; x64) AppleWebKit/537.36 (KHTML, like Gecko) Chrome/114.0.0.0 Safari/537.36"
66.179.255.119 - - [28/Apr/2026:13:53:12 +0300] "GET /zotabet-casino-bonus-premier-depot-2026/ HTTP/1.1" 200 19124 "-" "Mozilla/5.0 (compatible; Googlebot/2.1; +http://www.google.com/bot.html)"
62.12.118.37 - - [28/Apr/2026:13:53:23 +0300] "GET /fifty-free-revolves-no-deposit-casinos-2026/ HTTP/1.1" 200 79426 "-" "Mozilla/5.0 (Windows NT 10.0; Win64; x64) AppleWebKit/537.36 (KHTML, like Gecko) Chrome/122.0.0.0 Safari/537.36"
185.216.113.70 - - [28/Apr/2026:13:54:08 +0300] "POST /wp-cron.php?doing_wp_cron=1777373648.6685819625854492187500 HTTP/1.1" 200 448 "-" "WordPress/6.3.8; https://serhatburke.miroglu.net"
1.179.199.2 - - [28/Apr/2026:13:53:56 +0300] "GET /beste-casino-site-belgie-hoge-inzet/ HTTP/1.1" 200 19265 "-" "Mozilla/5.0 (X11; Fedora; Linux x86_64; rv:114.0) Gecko/20100101 Firefox/114.0"
185.216.113.70 - - [28/Apr/2026:13:55:32 +0300] "POST /wp-cron.php?doing_wp_cron=1777373731.9917109012603759765625 HTTP/1.1" 200 448 "-" "WordPress/6.3.8; https://serhatburke.miroglu.net"
66.249.73.14 - - [28/Apr/2026:13:55:18 +0300] "GET /bandar-judi-bola-terpercaya-pilihan-utama-taruhan-8/ HTTP/1.1" 200 402416 "-" "Mozilla/5.0 (Linux; Android 6.0.1; Nexus 5X Build/MMB29P) AppleWebKit/537.36 (KHTML, like Gecko) Chrome/147.0.7727.116 Mobile Safari/537.36 (compatible; Googlebot/2.1; +http://www.google.com/bot.html)"
62.12.118.37 - - [28/Apr/2026:13:55:21 +0300] "POST /xmlrpc.php HTTP/1.1" 200 630 "-" "Mozilla/5.0 (Windows NT 10.0; Win64; x64) AppleWebKit/537.36 (KHTML, like Gecko) Chrome/114.0.0.0 Safari/537.36"
66.249.73.14 - - [28/Apr/2026:13:55:36 +0300] "GET /wp-content/themes/toppic/js/jquery.magnific-popup.min.js?ver=4.2 HTTP/1.1" 200 7728 "https://serhatburke.miroglu.net/bandar-judi-bola-terpercaya-pilihan-utama-taruhan-8/" "Mozilla/5.0 (Linux; Android 6.0.1; Nexus 5X Build/MMB29P) AppleWebKit/537.36 (KHTML, like Gecko) Chrome/147.0.7727.116 Mobile Safari/537.36 (compatible; Googlebot/2.1; +http://www.google.com/bot.html)"
66.249.73.14 - - [28/Apr/2026:13:55:36 +0300] "GET /wp-includes/js/comment-reply.min.js?ver=6.3.8 HTTP/1.1" 200 1677 "https://serhatburke.miroglu.net/bandar-judi-bola-terpercaya-pilihan-utama-taruhan-8/" "Mozilla/5.0 (Linux; Android 6.0.1; Nexus 5X Build/MMB29P) AppleWebKit/537.36 (KHTML, like Gecko) Chrome/147.0.7727.116 Mobile Safari/537.36 (compatible; Googlebot/2.1; +http://www.google.com/bot.html)"
165.140.118.5 - - [28/Apr/2026:13:55:30 +0300] "GET /zotabet-casino-bonus-premier-depot-2026/ HTTP/1.1" 200 19124 "-" "Mozilla/5.0 (X11; Fedora; Linux x86_64; rv:114.0) Gecko/20100101 Firefox/114.0"
66.249.76.77 - - [28/Apr/2026:13:55:48 +0300] "GET /bandar-judi-bola-terpercaya-pilihan-utama-taruhan-8/undefined?ts=1775520000 HTTP/1.1" 200 0 "https://serhatburke.miroglu.net/bandar-judi-bola-terpercaya-pilihan-utama-taruhan-8/" "Mozilla/5.0 (Linux; Android 6.0.1; Nexus 5X Build/MMB29P) AppleWebKit/537.36 (KHTML, like Gecko) Chrome/147.0.7727.116 Mobile Safari/537.36 (compatible; Googlebot/2.1; +http://www.google.com/bot.html)"
66.249.76.77 - - [28/Apr/2026:13:55:57 +0300] "GET /bandar-judi-bola-terpercaya-pilihan-utama-taruhan-8/undefined?ts=1775520000 HTTP/1.1" 200 0 "https://serhatburke.miroglu.net/bandar-judi-bola-terpercaya-pilihan-utama-taruhan-8/" "Mozilla/5.0 (Linux; Android 6.0.1; Nexus 5X Build/MMB29P) AppleWebKit/537.36 (KHTML, like Gecko) Chrome/147.0.7727.116 Mobile Safari/537.36 (compatible; Googlebot/2.1; +http://www.google.com/bot.html)"
118.189.242.201 - - [28/Apr/2026:13:55:39 +0300] "GET /zotabet-casino-bonus-premier-depot-2026/ HTTP/1.1" 200 0 "https://serhatburke.miroglu.net/" "Mozilla/5.0 (Windows NT 10.0; Win64; x64) AppleWebKit/537.36 (KHTML, like Gecko) Chrome/114.0.0.0 Safari/537.36"
158.69.22.136 - - [28/Apr/2026:13:55:41 +0300] "GET /88701-2/ HTTP/1.1" 200 0 "-" "Mozilla/5.0 (compatible; Googlebot/2.1; +http://www.google.com/bot.html)"
62.12.118.37 - - [28/Apr/2026:13:55:42 +0300] "POST /xmlrpc.php HTTP/1.1" 200 16807 "-" "Mozilla/5.0 (Windows NT 10.0; Win64; x64) AppleWebKit/537.36 (KHTML, like Gecko) Chrome/114.0.0.0 Safari/537.36"
85.208.96.210 - - [28/Apr/2026:13:55:45 +0300] "GET /chumba-casino-uk-review-your-gateway-to-exciting-online-gaming/ HTTP/1.1" 200 21158 "-" "Mozilla/5.0 (compatible; SemrushBot/7~bl; +http://www.semrush.com/bot.html)"
118.189.242.201 - - [28/Apr/2026:13:56:09 +0300] "GET /zotabet-casino-bonus-premier-depot-2026/ HTTP/1.1" 200 19133 "https://serhatburke.miroglu.net/" "Mozilla/5.0 (Windows NT 10.0; Win64; x64) AppleWebKit/537.36 (KHTML, like Gecko) Chrome/114.0.0.0 Safari/537.36"
118.189.242.201 - - [28/Apr/2026:13:56:29 +0300] "GET /wp-includes/css/dist/block-library/style.min.css?ver=6.3.8 HTTP/1.1" 200 13578 "https://serhatburke.miroglu.net/zotabet-casino-bonus-premier-depot-2026/" "Mozilla/5.0 (Windows NT 10.0; Win64; x64) AppleWebKit/537.36 (KHTML, like Gecko) Chrome/143.0.0.0 Safari/537.36"
118.189.242.201 - - [28/Apr/2026:13:56:30 +0300] "GET /wp-content/plugins/contact-form-7/includes/css/styles.css?ver=5.8 HTTP/1.1" 200 1490 "https://serhatburke.miroglu.net/zotabet-casino-bonus-premier-depot-2026/" "Mozilla/5.0 (Windows NT 10.0; Win64; x64) AppleWebKit/537.36 (KHTML, like Gecko) Chrome/143.0.0.0 Safari/537.36"
118.189.242.201 - - [28/Apr/2026:13:56:31 +0300] "GET /wp-content/themes/toppic/css/fontello.css?ver=4.2 HTTP/1.1" 200 1802 "https://serhatburke.miroglu.net/zotabet-casino-bonus-premier-depot-2026/" "Mozilla/5.0 (Windows NT 10.0; Win64; x64) AppleWebKit/537.36 (KHTML, like Gecko) Chrome/143.0.0.0 Safari/537.36"
118.189.242.201 - - [28/Apr/2026:13:56:31 +0300] "GET /wp-content/themes/toppic/css/reset.css?ver=4.2 HTTP/1.1" 200 1178 "https://serhatburke.miroglu.net/zotabet-casino-bonus-premier-depot-2026/" "Mozilla/5.0 (Windows NT 10.0; Win64; x64) AppleWebKit/537.36 (KHTML, like Gecko) Chrome/143.0.0.0 Safari/537.36"
118.189.242.201 - - [28/Apr/2026:13:56:32 +0300] "GET /wp-content/themes/toppic/css/default.css?ver=4.2 HTTP/1.1" 200 1811 "https://serhatburke.miroglu.net/zotabet-casino-bonus-premier-depot-2026/" "Mozilla/5.0 (Windows NT 10.0; Win64; x64) AppleWebKit/537.36 (KHTML, like Gecko) Chrome/143.0.0.0 Safari/537.36"
118.189.242.201 - - [28/Apr/2026:13:56:33 +0300] "GET /wp-content/themes/toppic/style.css?ver=4.2 HTTP/1.1" 200 23398 "https://serhatburke.miroglu.net/zotabet-casino-bonus-premier-depot-2026/" "Mozilla/5.0 (Windows NT 10.0; Win64; x64) AppleWebKit/537.36 (KHTML, like Gecko) Chrome/143.0.0.0 Safari/537.36"
62.12.118.37 - - [28/Apr/2026:13:56:18 +0300] "GET /sizzling-hot-luxury-position-play-on-line-free-of-charge-and-you-may-victory-real-money/ HTTP/1.1" 200 81127 "-" "Mozilla/5.0 (Windows NT 10.0; Win64; x64) AppleWebKit/537.36 (KHTML, like Gecko) Chrome/124.0.0.0 Safari/537.36 Edg/124.0.0.0"
118.189.242.201 - - [28/Apr/2026:13:56:34 +0300] "GET /wp-content/themes/toppic/css/royalslider.css?ver=4.2 HTTP/1.1" 200 1887 "https://serhatburke.miroglu.net/zotabet-casino-bonus-premier-depot-2026/" "Mozilla/5.0 (Windows NT 10.0; Win64; x64) AppleWebKit/537.36 (KHTML, like Gecko) Chrome/143.0.0.0 Safari/537.36"
118.189.242.201 - - [28/Apr/2026:13:56:35 +0300] "GET /wp-content/themes/toppic/css/rs-default.css?ver=4.2 HTTP/1.1" 200 2625 "https://serhatburke.miroglu.net/zotabet-casino-bonus-premier-depot-2026/" "Mozilla/5.0 (Windows NT 10.0; Win64; x64) AppleWebKit/537.36 (KHTML, like Gecko) Chrome/143.0.0.0 Safari/537.36"
118.189.242.201 - - [28/Apr/2026:13:56:36 +0300] "GET /wp-content/themes/toppic/css/lightbox.css?ver=4.2 HTTP/1.1" 200 2956 "https://serhatburke.miroglu.net/zotabet-casino-bonus-premier-depot-2026/" "Mozilla/5.0 (Windows NT 10.0; Win64; x64) AppleWebKit/537.36 (KHTML, like Gecko) Chrome/143.0.0.0 Safari/537.36"
118.189.242.201 - - [28/Apr/2026:13:56:36 +0300] "GET /wp-content/themes/toppic/css/woocommerce.css?ver=4.2 HTTP/1.1" 200 2848 "https://serhatburke.miroglu.net/zotabet-casino-bonus-premier-depot-2026/" "Mozilla/5.0 (Windows NT 10.0; Win64; x64) AppleWebKit/537.36 (KHTML, like Gecko) Chrome/143.0.0.0 Safari/537.36"
118.189.242.201 - - [28/Apr/2026:13:56:37 +0300] "GET /wp-content/themes/toppic/css/responsive.css?ver=4.2 HTTP/1.1" 200 2796 "https://serhatburke.miroglu.net/zotabet-casino-bonus-premier-depot-2026/" "Mozilla/5.0 (Windows NT 10.0; Win64; x64) AppleWebKit/537.36 (KHTML, like Gecko) Chrome/143.0.0.0 Safari/537.36"
185.216.113.70 - - [28/Apr/2026:13:56:47 +0300] "POST /wp-cron.php?doing_wp_cron=1777373807.1182680130004882812500 HTTP/1.1" 200 448 "-" "WordPress/6.3.8; https://serhatburke.miroglu.net"
102.165.54.5 - - [28/Apr/2026:13:56:35 +0300] "GET /zotabet-casino-bonus-premier-depot-2026/ HTTP/1.1" 200 19124 "-" "Mozilla/5.0 (compatible; Googlebot/2.1; +http://www.google.com/bot.html)"
118.189.242.201 - - [28/Apr/2026:13:56:38 +0300] "POST /wp-comments-post.php HTTP/1.1" 302 1087 "https://serhatburke.miroglu.net/zotabet-casino-bonus-premier-depot-2026/" "Mozilla/5.0 (Windows NT 10.0; Win64; x64) AppleWebKit/537.36 (KHTML, like Gecko) Chrome/114.0.0.0 Safari/537.36"
118.189.242.201 - - [28/Apr/2026:13:56:52 +0300] "GET /zotabet-casino-bonus-premier-depot-2026/?unapproved=815&moderation-hash=ee8d63061f53109e803b95582921bb7b HTTP/1.1" 200 19539 "https://serhatburke.miroglu.net/wp-comments-post.php" "Mozilla/5.0 (Windows NT 10.0; Win64; x64) AppleWebKit/537.36 (KHTML, like Gecko) Chrome/114.0.0.0 Safari/537.36"
185.216.113.70 - - [28/Apr/2026:13:57:15 +0300] "POST /wp-cron.php?doing_wp_cron=1777373835.0747509002685546875000 HTTP/1.1" 200 448 "-" "WordPress/6.3.8; https://serhatburke.miroglu.net"
102.165.54.5 - - [28/Apr/2026:13:57:02 +0300] "GET /zotabet-casino-bonus-premier-depot-2026/ HTTP/1.1" 200 19124 "-" "Mozilla/5.0 (compatible; Googlebot/2.1; +http://www.google.com/bot.html)"
118.189.242.201 - - [28/Apr/2026:13:57:06 +0300] "GET /zotabet-casino-bonus-premier-depot-2026/ HTTP/1.1" 200 19124 "-" "Mozilla/5.0 (compatible; Googlebot/2.1; +http://www.google.com/bot.html)"
185.216.113.70 - - [28/Apr/2026:13:57:54 +0300] "POST /wp-cron.php?doing_wp_cron=1777373874.3555350303649902343750 HTTP/1.1" 200 448 "-" "WordPress/6.3.8; https://serhatburke.miroglu.net"
62.12.118.37 - - [28/Apr/2026:13:57:41 +0300] "POST /xmlrpc.php HTTP/1.1" 200 630 "-" "Mozilla/5.0 (Windows NT 10.0; Win64; x64) AppleWebKit/537.36 (KHTML, like Gecko) Chrome/114.0.0.0 Safari/537.36"
62.12.118.37 - - [28/Apr/2026:13:58:01 +0300] "POST /xmlrpc.php HTTP/1.1" 200 16977 "-" "Mozilla/5.0 (Windows NT 10.0; Win64; x64) AppleWebKit/537.36 (KHTML, like Gecko) Chrome/114.0.0.0 Safari/537.36"
57.128.22.95 - - [28/Apr/2026:13:58:09 +0300] "GET /35849-2/ HTTP/1.1" 200 18388 "https://serhatburke.miroglu.net/" "Mozilla/5.0 (X11; Linux x86_64; rv:148.0) Gecko/20100101 Firefox/148.0"
167.160.180.125 - - [28/Apr/2026:13:58:28 +0300] "GET /wp-includes/css/dist/block-library/style.min.css?ver=6.3.8 HTTP/1.1" 200 13578 "https://serhatburke.miroglu.net/35849-2/" "Mozilla/5.0 (Windows NT 10.0; Win64; x64) AppleWebKit/537.36 (KHTML, like Gecko) Chrome/145.0.0.0 Safari/537.36"
185.232.21.250 - - [28/Apr/2026:13:58:14 +0300] "GET /wp-login.php HTTP/2" 200 3092 "https://serhatburke.miroglu.net/" "Mozilla/5.0 (Windows NT 10.0; Win64; x64) AppleWebKit/537.36 (KHTML, like Gecko) Chrome/146.0.0.0 Safari/537.36"
185.232.21.250 - - [28/Apr/2026:13:58:31 +0300] "GET /wp-includes/css/dashicons.min.css?ver=6.3.8 HTTP/2" 200 35110 "https://serhatburke.miroglu.net/wp-login.php" "Mozilla/5.0 (Windows NT 10.0; Win64; x64) AppleWebKit/537.36 (KHTML, like Gecko) Chrome/146.0.0.0 Safari/537.36"
185.232.21.250 - - [28/Apr/2026:13:58:31 +0300] "GET /wp-includes/css/buttons.min.css?ver=6.3.8 HTTP/2" 200 1255 "https://serhatburke.miroglu.net/wp-login.php" "Mozilla/5.0 (Windows NT 10.0; Win64; x64) AppleWebKit/537.36 (KHTML, like Gecko) Chrome/146.0.0.0 Safari/537.36"
185.232.21.250 - - [28/Apr/2026:13:58:31 +0300] "GET /wp-admin/css/forms.min.css?ver=6.3.8 HTTP/2" 200 6209 "https://serhatburke.miroglu.net/wp-login.php" "Mozilla/5.0 (Windows NT 10.0; Win64; x64) AppleWebKit/537.36 (KHTML, like Gecko) Chrome/146.0.0.0 Safari/537.36"
185.232.21.250 - - [28/Apr/2026:13:58:31 +0300] "GET /wp-admin/css/l10n.min.css?ver=6.3.8 HTTP/2" 200 596 "https://serhatburke.miroglu.net/wp-login.php" "Mozilla/5.0 (Windows NT 10.0; Win64; x64) AppleWebKit/537.36 (KHTML, like Gecko) Chrome/146.0.0.0 Safari/537.36"
185.232.21.250 - - [28/Apr/2026:13:58:31 +0300] "GET /wp-admin/css/login.min.css?ver=6.3.8 HTTP/2" 200 1948 "https://serhatburke.miroglu.net/wp-login.php" "Mozilla/5.0 (Windows NT 10.0; Win64; x64) AppleWebKit/537.36 (KHTML, like Gecko) Chrome/146.0.0.0 Safari/537.36"
185.232.21.250 - - [28/Apr/2026:13:58:31 +0300] "GET /wp-includes/js/jquery/jquery.min.js?ver=3.7.0 HTTP/2" 200 29712 "https://serhatburke.miroglu.net/wp-login.php" "Mozilla/5.0 (Windows NT 10.0; Win64; x64) AppleWebKit/537.36 (KHTML, like Gecko) Chrome/146.0.0.0 Safari/537.36"
185.232.21.250 - - [28/Apr/2026:13:58:31 +0300] "GET /wp-includes/js/jquery/jquery-migrate.min.js?ver=3.4.1 HTTP/2" 200 4678 "https://serhatburke.miroglu.net/wp-login.php" "Mozilla/5.0 (Windows NT 10.0; Win64; x64) AppleWebKit/537.36 (KHTML, like Gecko) Chrome/146.0.0.0 Safari/537.36"
185.232.21.250 - - [28/Apr/2026:13:58:31 +0300] "GET /wp-includes/js/zxcvbn-async.min.js?ver=1.0 HTTP/2" 200 187 "https://serhatburke.miroglu.net/wp-login.php" "Mozilla/5.0 (Windows NT 10.0; Win64; x64) AppleWebKit/537.36 (KHTML, like Gecko) Chrome/146.0.0.0 Safari/537.36"
185.232.21.250 - - [28/Apr/2026:13:58:31 +0300] "GET /wp-includes/js/dist/vendor/wp-polyfill-inert.min.js?ver=3.1.2 HTTP/2" 200 2320 "https://serhatburke.miroglu.net/wp-login.php" "Mozilla/5.0 (Windows NT 10.0; Win64; x64) AppleWebKit/537.36 (KHTML, like Gecko) Chrome/146.0.0.0 Safari/537.36"
185.232.21.250 - - [28/Apr/2026:13:58:31 +0300] "GET /wp-includes/js/dist/vendor/regenerator-runtime.min.js?ver=0.13.11 HTTP/2" 200 2398 "https://serhatburke.miroglu.net/wp-login.php" "Mozilla/5.0 (Windows NT 10.0; Win64; x64) AppleWebKit/537.36 (KHTML, like Gecko) Chrome/146.0.0.0 Safari/537.36"
185.232.21.250 - - [28/Apr/2026:13:58:31 +0300] "GET /wp-includes/js/dist/hooks.min.js?ver=c6aec9a8d4e5a5d543a1 HTTP/2" 200 1486 "https://serhatburke.miroglu.net/wp-login.php" "Mozilla/5.0 (Windows NT 10.0; Win64; x64) AppleWebKit/537.36 (KHTML, like Gecko) Chrome/146.0.0.0 Safari/537.36"
185.232.21.250 - - [28/Apr/2026:13:58:31 +0300] "GET /wp-includes/js/dist/vendor/wp-polyfill.min.js?ver=3.15.0 HTTP/2" 200 5718 "https://serhatburke.miroglu.net/wp-login.php" "Mozilla/5.0 (Windows NT 10.0; Win64; x64) AppleWebKit/537.36 (KHTML, like Gecko) Chrome/146.0.0.0 Safari/537.36"
185.232.21.250 - - [28/Apr/2026:13:58:31 +0300] "GET /wp-includes/js/dist/i18n.min.js?ver=7701b0c3857f914212ef HTTP/2" 200 3568 "https://serhatburke.miroglu.net/wp-login.php" "Mozilla/5.0 (Windows NT 10.0; Win64; x64) AppleWebKit/537.36 (KHTML, like Gecko) Chrome/146.0.0.0 Safari/537.36"
185.232.21.250 - - [28/Apr/2026:13:58:31 +0300] "GET /wp-includes/js/underscore.min.js?ver=1.13.4 HTTP/2" 200 7179 "https://serhatburke.miroglu.net/wp-login.php" "Mozilla/5.0 (Windows NT 10.0; Win64; x64) AppleWebKit/537.36 (KHTML, like Gecko) Chrome/146.0.0.0 Safari/537.36"
185.232.21.250 - - [28/Apr/2026:13:58:31 +0300] "GET /wp-includes/js/wp-util.min.js?ver=6.3.8 HTTP/2" 200 693 "https://serhatburke.miroglu.net/wp-login.php" "Mozilla/5.0 (Windows NT 10.0; Win64; x64) AppleWebKit/537.36 (KHTML, like Gecko) Chrome/146.0.0.0 Safari/537.36"
185.232.21.250 - - [28/Apr/2026:13:58:31 +0300] "GET /wp-admin/js/password-strength-meter.min.js?ver=6.3.8 HTTP/2" 200 558 "https://serhatburke.miroglu.net/wp-login.php" "Mozilla/5.0 (Windows NT 10.0; Win64; x64) AppleWebKit/537.36 (KHTML, like Gecko) Chrome/146.0.0.0 Safari/537.36"
185.232.21.250 - - [28/Apr/2026:13:58:31 +0300] "GET /wp-admin/js/user-profile.min.js?ver=6.3.8 HTTP/2" 200 2150 "https://serhatburke.miroglu.net/wp-login.php" "Mozilla/5.0 (Windows NT 10.0; Win64; x64) AppleWebKit/537.36 (KHTML, like Gecko) Chrome/146.0.0.0 Safari/537.36"
185.232.21.250 - - [28/Apr/2026:13:58:31 +0300] "GET /wp-admin/images/wordpress-logo.svg?ver=20131107 HTTP/2" 200 759 "https://serhatburke.miroglu.net/wp-admin/css/login.min.css?ver=6.3.8" "Mozilla/5.0 (Windows NT 10.0; Win64; x64) AppleWebKit/537.36 (KHTML, like Gecko) Chrome/146.0.0.0 Safari/537.36"
185.232.21.250 - - [28/Apr/2026:13:58:31 +0300] "GET /wp-content/uploads/2023/08/favicon-16x16-3.png HTTP/2" 200 529 "https://serhatburke.miroglu.net/wp-login.php" "Mozilla/5.0 (Windows NT 10.0; Win64; x64) AppleWebKit/537.36 (KHTML, like Gecko) Chrome/146.0.0.0 Safari/537.36"
185.232.21.250 - - [28/Apr/2026:13:58:31 +0300] "GET /wp-includes/js/zxcvbn.min.js HTTP/2" 200 389493 "https://serhatburke.miroglu.net/wp-login.php" "Mozilla/5.0 (Windows NT 10.0; Win64; x64) AppleWebKit/537.36 (KHTML, like Gecko) Chrome/146.0.0.0 Safari/537.36"
62.12.118.37 - - [28/Apr/2026:13:58:14 +0300] "GET /kloosterzuster-deposito-toeslag-zonder-storting-kom-meer-te-weten-gratis-verzekeringspremie-plu-revolves-2026/ HTTP/1.1" 200 81985 "-" "Mozilla/5.0 (Windows NT 10.0; Win64; x64) AppleWebKit/537.36 (KHTML, like Gecko) Chrome/122.0.0.0 Safari/537.36"
185.216.113.70 - - [28/Apr/2026:13:58:42 +0300] "POST /wp-cron.php?doing_wp_cron=1777373921.9502270221710205078125 HTTP/1.1" 200 448 "-" "WordPress/6.3.8; https://serhatburke.miroglu.net"
167.160.180.125 - - [28/Apr/2026:13:58:29 +0300] "POST /wp-comments-post.php HTTP/1.1" 302 1055 "https://serhatburke.miroglu.net/35849-2/" "Mozilla/5.0 (X11; Linux x86_64; rv:148.0) Gecko/20100101 Firefox/148.0"
185.232.21.250 - - [28/Apr/2026:13:58:35 +0300] "POST /wp-login.php HTTP/2" 302 0 "https://serhatburke.miroglu.net/wp-login.php" "Mozilla/5.0 (Windows NT 10.0; Win64; x64) AppleWebKit/537.36 (KHTML, like Gecko) Chrome/146.0.0.0 Safari/537.36"
167.160.180.125 - - [28/Apr/2026:13:58:43 +0300] "GET /35849-2/?unapproved=816&moderation-hash=302e14cc684cc7b8ea8bf7d54b1ece47 HTTP/1.1" 200 18867 "https://serhatburke.miroglu.net/wp-comments-post.php" "Mozilla/5.0 (X11; Linux x86_64; rv:148.0) Gecko/20100101 Firefox/148.0"
185.232.21.250 - - [28/Apr/2026:13:58:50 +0300] "GET /wp-admin/ HTTP/2" 200 215369 "https://serhatburke.miroglu.net/wp-login.php" "Mozilla/5.0 (Windows NT 10.0; Win64; x64) AppleWebKit/537.36 (KHTML, like Gecko) Chrome/146.0.0.0 Safari/537.36"
185.232.21.250 - - [28/Apr/2026:13:59:09 +0300] "GET /wp-content/plugins/all-in-one-seo-pack/dist/Lite/assets/js/_plugin-vue_export-helper.b97bdf23.js HTTP/2" 200 212 "https://serhatburke.miroglu.net/wp-admin/" "Mozilla/5.0 (Windows NT 10.0; Win64; x64) AppleWebKit/537.36 (KHTML, like Gecko) Chrome/146.0.0.0 Safari/537.36"
185.232.21.250 - - [28/Apr/2026:13:59:09 +0300] "GET /wp-content/plugins/all-in-one-seo-pack/dist/Lite/assets/js/vue.runtime.esm-bundler.b39e1078.js HTTP/2" 200 39772 "https://serhatburke.miroglu.net/wp-admin/" "Mozilla/5.0 (Windows NT 10.0; Win64; x64) AppleWebKit/537.36 (KHTML, like Gecko) Chrome/146.0.0.0 Safari/537.36"
185.232.21.250 - - [28/Apr/2026:13:59:09 +0300] "GET /wp-content/plugins/all-in-one-seo-pack/dist/Lite/assets/js/links.23796d97.js HTTP/2" 200 46535 "https://serhatburke.miroglu.net/wp-admin/" "Mozilla/5.0 (Windows NT 10.0; Win64; x64) AppleWebKit/537.36 (KHTML, like Gecko) Chrome/146.0.0.0 Safari/537.36"
185.232.21.250 - - [28/Apr/2026:13:59:09 +0300] "GET /wp-content/plugins/all-in-one-seo-pack/dist/Lite/assets/js/translations.6e7b2383.js HTTP/2" 200 339 "https://serhatburke.miroglu.net/wp-admin/" "Mozilla/5.0 (Windows NT 10.0; Win64; x64) AppleWebKit/537.36 (KHTML, like Gecko) Chrome/146.0.0.0 Safari/537.36"
185.232.21.250 - - [28/Apr/2026:13:59:09 +0300] "GET /wp-content/plugins/all-in-one-seo-pack/dist/Lite/assets/js/default-i18n.3881921e.js HTTP/2" 200 4578 "https://serhatburke.miroglu.net/wp-admin/" "Mozilla/5.0 (Windows NT 10.0; Win64; x64) AppleWebKit/537.36 (KHTML, like Gecko) Chrome/146.0.0.0 Safari/537.36"
185.232.21.250 - - [28/Apr/2026:13:59:09 +0300] "GET /wp-includes/js/thickbox/thickbox.css?ver=6.3.8 HTTP/2" 200 824 "https://serhatburke.miroglu.net/wp-admin/" "Mozilla/5.0 (Windows NT 10.0; Win64; x64) AppleWebKit/537.36 (KHTML, like Gecko) Chrome/146.0.0.0 Safari/537.36"
185.232.21.250 - - [28/Apr/2026:13:59:09 +0300] "GET /wp-content/plugins/all-in-one-seo-pack/dist/Lite/assets/css/main.2ac0cc67.css?ver=4.4.4 HTTP/2" 200 271 "https://serhatburke.miroglu.net/wp-admin/" "Mozilla/5.0 (Windows NT 10.0; Win64; x64) AppleWebKit/537.36 (KHTML, like Gecko) Chrome/146.0.0.0 Safari/537.36"
185.232.21.250 - - [28/Apr/2026:13:59:09 +0300] "GET /wp-content/plugins/all-in-one-seo-pack/dist/Lite/assets/css/main.0ab815b6.css?ver=4.4.4 HTTP/2" 200 5345 "https://serhatburke.miroglu.net/wp-admin/" "Mozilla/5.0 (Windows NT 10.0; Win64; x64) AppleWebKit/537.36 (KHTML, like Gecko) Chrome/146.0.0.0 Safari/537.36"
185.232.21.250 - - [28/Apr/2026:13:59:09 +0300] "GET /wp-content/plugins/all-in-one-seo-pack/dist/Lite/assets/js/isArrayLikeObject.22a096cb.js HTTP/2" 200 14929 "https://serhatburke.miroglu.net/wp-admin/" "Mozilla/5.0 (Windows NT 10.0; Win64; x64) AppleWebKit/537.36 (KHTML, like Gecko) Chrome/146.0.0.0 Safari/537.36"
185.232.21.250 - - [28/Apr/2026:13:59:09 +0300] "GET /wp-content/plugins/wp-file-manager/css/fm_common.css?ver=6.3.8 HTTP/2" 200 153 "https://serhatburke.miroglu.net/wp-admin/" "Mozilla/5.0 (Windows NT 10.0; Win64; x64) AppleWebKit/537.36 (KHTML, like Gecko) Chrome/146.0.0.0 Safari/537.36"
185.232.21.250 - - [28/Apr/2026:13:59:09 +0300] "GET /wp-content/plugins/google-analytics-for-wordpress/assets/css/admin-common.min.css?ver=10.1.3 HTTP/2" 200 409 "https://serhatburke.miroglu.net/wp-admin/" "Mozilla/5.0 (Windows NT 10.0; Win64; x64) AppleWebKit/537.36 (KHTML, like Gecko) Chrome/146.0.0.0 Safari/537.36"
185.232.21.250 - - [28/Apr/2026:13:59:09 +0300] "GET /wp-content/plugins/google-analytics-for-wordpress/lite/assets/vue/css/admin.css?ver=10.1.3 HTTP/2" 200 362 "https://serhatburke.miroglu.net/wp-admin/" "Mozilla/5.0 (Windows NT 10.0; Win64; x64) AppleWebKit/537.36 (KHTML, like Gecko) Chrome/146.0.0.0 Safari/537.36"
185.232.21.250 - - [28/Apr/2026:13:59:09 +0300] "GET /wp-content/plugins/google-analytics-for-wordpress/assets/css/admin-metabox-sitenotes.css?ver=10.1.3 HTTP/2" 200 176 "https://serhatburke.miroglu.net/wp-admin/" "Mozilla/5.0 (Windows NT 10.0; Win64; x64) AppleWebKit/537.36 (KHTML, like Gecko) Chrome/146.0.0.0 Safari/537.36"
185.232.21.250 - - [28/Apr/2026:13:59:09 +0300] "GET /wp-content/plugins/wpforms-lite/assets/lib/jquery.confirm/jquery-confirm.min.css?ver=3.3.4 HTTP/2" 200 3146 "https://serhatburke.miroglu.net/wp-admin/" "Mozilla/5.0 (Windows NT 10.0; Win64; x64) AppleWebKit/537.36 (KHTML, like Gecko) Chrome/146.0.0.0 Safari/537.36"
185.232.21.250 - - [28/Apr/2026:13:59:09 +0300] "GET /wp-content/plugins/wpforms-lite/assets/lib/font-awesome/font-awesome.min.css?ver=4.7.0 HTTP/2" 200 6701 "https://serhatburke.miroglu.net/wp-admin/" "Mozilla/5.0 (Windows NT 10.0; Win64; x64) AppleWebKit/537.36 (KHTML, like Gecko) Chrome/146.0.0.0 Safari/537.36"
185.232.21.250 - - [28/Apr/2026:13:59:09 +0300] "GET /wp-content/plugins/wpforms-lite/assets/lite/css/dashboard-education.min.css?ver=1.8.3.1 HTTP/2" 200 3237 "https://serhatburke.miroglu.net/wp-admin/" "Mozilla/5.0 (Windows NT 10.0; Win64; x64) AppleWebKit/537.36 (KHTML, like Gecko) Chrome/146.0.0.0 Safari/537.36"
185.232.21.250 - - [28/Apr/2026:13:59:09 +0300] "GET /wp-content/themes/toppic/css/meta-style.css?ver=4.2 HTTP/2" 200 979 "https://serhatburke.miroglu.net/wp-admin/" "Mozilla/5.0 (Windows NT 10.0; Win64; x64) AppleWebKit/537.36 (KHTML, like Gecko) Chrome/146.0.0.0 Safari/537.36"
185.232.21.250 - - [28/Apr/2026:13:59:09 +0300] "GET /wp-content/plugins/google-analytics-for-wordpress/lite/assets/vue/css/widget.css?ver=10.1.3 HTTP/2" 200 31545 "https://serhatburke.miroglu.net/wp-admin/" "Mozilla/5.0 (Windows NT 10.0; Win64; x64) AppleWebKit/537.36 (KHTML, like Gecko) Chrome/146.0.0.0 Safari/537.36"
185.232.21.250 - - [28/Apr/2026:13:59:09 +0300] "GET /wp-content/plugins/google-analytics-for-wordpress/lite/assets/vue/css/vendor.css?ver=10.1.3 HTTP/2" 200 688 "https://serhatburke.miroglu.net/wp-admin/" "Mozilla/5.0 (Windows NT 10.0; Win64; x64) AppleWebKit/537.36 (KHTML, like Gecko) Chrome/146.0.0.0 Safari/537.36"
185.232.21.250 - - [28/Apr/2026:13:59:09 +0300] "GET /wp-content/plugins/wpforms-lite/assets/css/admin-bar.min.css?ver=1.8.3.1 HTTP/2" 200 397 "https://serhatburke.miroglu.net/wp-admin/" "Mozilla/5.0 (Windows NT 10.0; Win64; x64) AppleWebKit/537.36 (KHTML, like Gecko) Chrome/146.0.0.0 Safari/537.36"
185.232.21.250 - - [28/Apr/2026:13:59:09 +0300] "GET /wp-content/plugins/google-analytics-for-wordpress/lite/assets/admin-bar/insights.css?ver=2285a9c504aa37d29a57 HTTP/2" 200 1347 "https://serhatburke.miroglu.net/wp-admin/" "Mozilla/5.0 (Windows NT 10.0; Win64; x64) AppleWebKit/537.36 (KHTML, like Gecko) Chrome/146.0.0.0 Safari/537.36"
185.232.21.250 - - [28/Apr/2026:13:59:09 +0300] "GET /wp-content/plugins/wpforms-lite/assets/css/dashboard-widget.min.css?ver=1.8.3.1 HTTP/2" 200 2203 "https://serhatburke.miroglu.net/wp-admin/" "Mozilla/5.0 (Windows NT 10.0; Win64; x64) AppleWebKit/537.36 (KHTML, like Gecko) Chrome/146.0.0.0 Safari/537.36"
185.232.21.250 - - [28/Apr/2026:13:59:09 +0300] "GET /wp-content/plugins/google-analytics-for-wordpress/assets/js/admin-metabox-sitenotes.js?ver=10.1.3 HTTP/2" 200 277 "https://serhatburke.miroglu.net/wp-admin/" "Mozilla/5.0 (Windows NT 10.0; Win64; x64) AppleWebKit/537.36 (KHTML, like Gecko) Chrome/146.0.0.0 Safari/537.36"
185.232.21.250 - - [28/Apr/2026:13:59:09 +0300] "GET /wp-admin/load-scripts.php?c=1&load%5Bchunk_0%5D=jquery-core,jquery-migrate,utils&ver=6.3.8 HTTP/2" 200 36096 "https://serhatburke.miroglu.net/wp-admin/" "Mozilla/5.0 (Windows NT 10.0; Win64; x64) AppleWebKit/537.36 (KHTML, like Gecko) Chrome/146.0.0.0 Safari/537.36"
185.232.21.250 - - [28/Apr/2026:13:59:09 +0300] "GET /wp-admin/load-styles.php?c=1&dir=ltr&load%5Bchunk_0%5D=dashicons,admin-bar,site-health,common,forms,admin-menu,dashboard,list-tables,edit,revisions,media,themes,about,nav-menus,wp-poi&load%5Bchunk_1%5D=nter,widgets,site-icon,l10n,buttons,wp-auth-check,wp-components&ver=6.3.8 HTTP/2" 200 115140 "https://serhatburke.miroglu.net/wp-admin/" "Mozilla/5.0 (Windows NT 10.0; Win64; x64) AppleWebKit/537.36 (KHTML, like Gecko) Chrome/146.0.0.0 Safari/537.36"
185.232.21.250 - - [28/Apr/2026:13:59:09 +0300] "GET /wp-includes/css/editor.min.css?ver=6.3.8 HTTP/2" 200 5626 "https://serhatburke.miroglu.net/wp-admin/" "Mozilla/5.0 (Windows NT 10.0; Win64; x64) AppleWebKit/537.36 (KHTML, like Gecko) Chrome/146.0.0.0 Safari/537.36"
185.232.21.250 - - [28/Apr/2026:13:59:09 +0300] "GET /wp-content/plugins/all-in-one-seo-pack/dist/Lite/assets/css/index.f13cbef6.css?ver=4.4.4 HTTP/2" 200 3697 "https://serhatburke.miroglu.net/wp-admin/" "Mozilla/5.0 (Windows NT 10.0; Win64; x64) AppleWebKit/537.36 (KHTML, like Gecko) Chrome/146.0.0.0 Safari/537.36"
185.232.21.250 - - [28/Apr/2026:13:59:09 +0300] "GET /wp-content/plugins/all-in-one-seo-pack/dist/Lite/assets/css/SeoSetup.aa37a8dd.css?ver=4.4.4 HTTP/2" 200 466 "https://serhatburke.miroglu.net/wp-admin/" "Mozilla/5.0 (Windows NT 10.0; Win64; x64) AppleWebKit/537.36 (KHTML, like Gecko) Chrome/146.0.0.0 Safari/537.36"
185.232.21.250 - - [28/Apr/2026:13:59:09 +0300] "GET /wp-content/plugins/all-in-one-seo-pack/dist/Lite/assets/css/Overview.f1ef313f.css?ver=4.4.4 HTTP/2" 200 442 "https://serhatburke.miroglu.net/wp-admin/" "Mozilla/5.0 (Windows NT 10.0; Win64; x64) AppleWebKit/537.36 (KHTML, like Gecko) Chrome/146.0.0.0 Safari/537.36"
185.232.21.250 - - [28/Apr/2026:13:59:09 +0300] "GET /wp-content/plugins/all-in-one-seo-pack/dist/Lite/assets/css/Caret.82e4ef18.css?ver=4.4.4 HTTP/2" 200 957 "https://serhatburke.miroglu.net/wp-admin/" "Mozilla/5.0 (Windows NT 10.0; Win64; x64) AppleWebKit/537.36 (KHTML, like Gecko) Chrome/146.0.0.0 Safari/537.36"
185.232.21.250 - - [28/Apr/2026:13:59:09 +0300] "GET /wp-content/plugins/all-in-one-seo-pack/dist/Lite/assets/css/DonutChartWithLegend.86f54c65.css?ver=4.4.4 HTTP/2" 200 635 "https://serhatburke.miroglu.net/wp-admin/" "Mozilla/5.0 (Windows NT 10.0; Win64; x64) AppleWebKit/537.36 (KHTML, like Gecko) Chrome/146.0.0.0 Safari/537.36"
185.232.21.250 - - [28/Apr/2026:13:59:09 +0300] "GET /wp-admin/js/common.min.js?ver=6.3.8 HTTP/2" 200 6355 "https://serhatburke.miroglu.net/wp-admin/" "Mozilla/5.0 (Windows NT 10.0; Win64; x64) AppleWebKit/537.36 (KHTML, like Gecko) Chrome/146.0.0.0 Safari/537.36"
185.232.21.250 - - [28/Apr/2026:13:59:09 +0300] "GET /wp-includes/js/hoverintent-js.min.js?ver=2.2.1 HTTP/2" 200 665 "https://serhatburke.miroglu.net/wp-admin/" "Mozilla/5.0 (Windows NT 10.0; Win64; x64) AppleWebKit/537.36 (KHTML, like Gecko) Chrome/146.0.0.0 Safari/537.36"
185.232.21.250 - - [28/Apr/2026:13:59:09 +0300] "GET /wp-includes/js/admin-bar.min.js?ver=6.3.8 HTTP/2" 200 1264 "https://serhatburke.miroglu.net/wp-admin/" "Mozilla/5.0 (Windows NT 10.0; Win64; x64) AppleWebKit/537.36 (KHTML, like Gecko) Chrome/146.0.0.0 Safari/537.36"
185.232.21.250 - - [28/Apr/2026:13:59:09 +0300] "GET /wp-includes/js/clipboard.min.js?ver=2.0.11 HTTP/2" 200 2989 "https://serhatburke.miroglu.net/wp-admin/" "Mozilla/5.0 (Windows NT 10.0; Win64; x64) AppleWebKit/537.36 (KHTML, like Gecko) Chrome/146.0.0.0 Safari/537.36"
185.232.21.250 - - [28/Apr/2026:13:59:09 +0300] "GET /wp-includes/js/dist/dom-ready.min.js?ver=392bdd43726760d1f3ca HTTP/2" 200 281 "https://serhatburke.miroglu.net/wp-admin/" "Mozilla/5.0 (Windows NT 10.0; Win64; x64) AppleWebKit/537.36 (KHTML, like Gecko) Chrome/146.0.0.0 Safari/537.36"
185.232.21.250 - - [28/Apr/2026:13:59:09 +0300] "GET /wp-includes/js/dist/a11y.min.js?ver=7032343a947cfccf5608 HTTP/2" 200 834 "https://serhatburke.miroglu.net/wp-admin/" "Mozilla/5.0 (Windows NT 10.0; Win64; x64) AppleWebKit/537.36 (KHTML, like Gecko) Chrome/146.0.0.0 Safari/537.36"
185.232.21.250 - - [28/Apr/2026:13:59:09 +0300] "GET /wp-includes/js/api-request.min.js?ver=6.3.8 HTTP/2" 200 530 "https://serhatburke.miroglu.net/wp-admin/" "Mozilla/5.0 (Windows NT 10.0; Win64; x64) AppleWebKit/537.36 (KHTML, like Gecko) Chrome/146.0.0.0 Safari/537.36"
185.232.21.250 - - [28/Apr/2026:13:59:09 +0300] "GET /wp-includes/js/dist/url.min.js?ver=8814d23f2d64864d280d HTTP/2" 200 3390 "https://serhatburke.miroglu.net/wp-admin/" "Mozilla/5.0 (Windows NT 10.0; Win64; x64) AppleWebKit/537.36 (KHTML, like Gecko) Chrome/146.0.0.0 Safari/537.36"
185.232.21.250 - - [28/Apr/2026:13:59:09 +0300] "GET /wp-admin/js/site-health.min.js?ver=6.3.8 HTTP/2" 200 1981 "https://serhatburke.miroglu.net/wp-admin/" "Mozilla/5.0 (Windows NT 10.0; Win64; x64) AppleWebKit/537.36 (KHTML, like Gecko) Chrome/146.0.0.0 Safari/537.36"
185.232.21.250 - - [28/Apr/2026:13:59:09 +0300] "GET /wp-includes/js/wp-ajax-response.min.js?ver=6.3.8 HTTP/2" 200 972 "https://serhatburke.miroglu.net/wp-admin/" "Mozilla/5.0 (Windows NT 10.0; Win64; x64) AppleWebKit/537.36 (KHTML, like Gecko) Chrome/146.0.0.0 Safari/537.36"
185.232.21.250 - - [28/Apr/2026:13:59:09 +0300] "GET /wp-includes/js/jquery/jquery.color.min.js?ver=2.2.0 HTTP/2" 200 2800 "https://serhatburke.miroglu.net/wp-admin/" "Mozilla/5.0 (Windows NT 10.0; Win64; x64) AppleWebKit/537.36 (KHTML, like Gecko) Chrome/146.0.0.0 Safari/537.36"
185.232.21.250 - - [28/Apr/2026:13:59:09 +0300] "GET /wp-includes/js/quicktags.min.js?ver=6.3.8 HTTP/2" 200 3331 "https://serhatburke.miroglu.net/wp-admin/" "Mozilla/5.0 (Windows NT 10.0; Win64; x64) AppleWebKit/537.36 (KHTML, like Gecko) Chrome/146.0.0.0 Safari/537.36"
185.232.21.250 - - [28/Apr/2026:13:59:09 +0300] "GET /wp-includes/js/wp-lists.min.js?ver=6.3.8 HTTP/2" 200 2359 "https://serhatburke.miroglu.net/wp-admin/" "Mozilla/5.0 (Windows NT 10.0; Win64; x64) AppleWebKit/537.36 (KHTML, like Gecko) Chrome/146.0.0.0 Safari/537.36"
185.232.21.250 - - [28/Apr/2026:13:59:09 +0300] "GET /wp-includes/js/jquery/jquery.query.js?ver=2.2.3 HTTP/2" 200 1534 "https://serhatburke.miroglu.net/wp-admin/" "Mozilla/5.0 (Windows NT 10.0; Win64; x64) AppleWebKit/537.36 (KHTML, like Gecko) Chrome/146.0.0.0 Safari/537.36"
185.232.21.250 - - [28/Apr/2026:13:59:09 +0300] "GET /wp-admin/js/edit-comments.min.js?ver=6.3.8 HTTP/2" 200 4867 "https://serhatburke.miroglu.net/wp-admin/" "Mozilla/5.0 (Windows NT 10.0; Win64; x64) AppleWebKit/537.36 (KHTML, like Gecko) Chrome/146.0.0.0 Safari/537.36"
185.232.21.250 - - [28/Apr/2026:13:59:09 +0300] "GET /wp-includes/js/jquery/ui/core.min.js?ver=1.13.2 HTTP/2" 200 6801 "https://serhatburke.miroglu.net/wp-admin/" "Mozilla/5.0 (Windows NT 10.0; Win64; x64) AppleWebKit/537.36 (KHTML, like Gecko) Chrome/146.0.0.0 Safari/537.36"
185.232.21.250 - - [28/Apr/2026:13:59:09 +0300] "GET /wp-admin/load-scripts.php?c=1&load%5Bchunk_0%5D=hoverIntent,wp-polyfill-inert,regenerator-runtime,wp-polyfill,wp-hooks&ver=6.3.8 HTTP/2" 200 12563 "https://serhatburke.miroglu.net/wp-admin/" "Mozilla/5.0 (Windows NT 10.0; Win64; x64) AppleWebKit/537.36 (KHTML, like Gecko) Chrome/146.0.0.0 Safari/537.36"
185.232.21.250 - - [28/Apr/2026:13:59:09 +0300] "GET /wp-includes/js/jquery/ui/mouse.min.js?ver=1.13.2 HTTP/2" 200 1001 "https://serhatburke.miroglu.net/wp-admin/" "Mozilla/5.0 (Windows NT 10.0; Win64; x64) AppleWebKit/537.36 (KHTML, like Gecko) Chrome/146.0.0.0 Safari/537.36"
185.232.21.250 - - [28/Apr/2026:13:59:09 +0300] "GET /wp-includes/js/jquery/ui/sortable.min.js?ver=1.13.2 HTTP/2" 200 6333 "https://serhatburke.miroglu.net/wp-admin/" "Mozilla/5.0 (Windows NT 10.0; Win64; x64) AppleWebKit/537.36 (KHTML, like Gecko) Chrome/146.0.0.0 Safari/537.36"
185.232.21.250 - - [28/Apr/2026:13:59:09 +0300] "GET /wp-admin/js/postbox.min.js?ver=6.3.8 HTTP/2" 200 2053 "https://serhatburke.miroglu.net/wp-admin/" "Mozilla/5.0 (Windows NT 10.0; Win64; x64) AppleWebKit/537.36 (KHTML, like Gecko) Chrome/146.0.0.0 Safari/537.36"
185.232.21.250 - - [28/Apr/2026:13:59:09 +0300] "GET /wp-includes/js/dist/deprecated.min.js?ver=73ad3591e7bc95f4777a HTTP/2" 200 416 "https://serhatburke.miroglu.net/wp-admin/" "Mozilla/5.0 (Windows NT 10.0; Win64; x64) AppleWebKit/537.36 (KHTML, like Gecko) Chrome/146.0.0.0 Safari/537.36"
185.232.21.250 - - [28/Apr/2026:13:59:09 +0300] "GET /wp-admin/js/dashboard.min.js?ver=6.3.8 HTTP/2" 200 2835 "https://serhatburke.miroglu.net/wp-admin/" "Mozilla/5.0 (Windows NT 10.0; Win64; x64) AppleWebKit/537.36 (KHTML, like Gecko) Chrome/146.0.0.0 Safari/537.36"
185.232.21.250 - - [28/Apr/2026:13:59:09 +0300] "GET /wp-includes/js/thickbox/thickbox.js?ver=3.1-20121105 HTTP/2" 200 3991 "https://serhatburke.miroglu.net/wp-admin/" "Mozilla/5.0 (Windows NT 10.0; Win64; x64) AppleWebKit/537.36 (KHTML, like Gecko) Chrome/146.0.0.0 Safari/537.36"
185.232.21.250 - - [28/Apr/2026:13:59:09 +0300] "GET /wp-admin/js/plugin-install.min.js?ver=6.3.8 HTTP/2" 200 903 "https://serhatburke.miroglu.net/wp-admin/" "Mozilla/5.0 (Windows NT 10.0; Win64; x64) AppleWebKit/537.36 (KHTML, like Gecko) Chrome/146.0.0.0 Safari/537.36"
185.232.21.250 - - [28/Apr/2026:13:59:09 +0300] "GET /wp-includes/js/wp-sanitize.min.js?ver=6.3.8 HTTP/2" 200 236 "https://serhatburke.miroglu.net/wp-admin/" "Mozilla/5.0 (Windows NT 10.0; Win64; x64) AppleWebKit/537.36 (KHTML, like Gecko) Chrome/146.0.0.0 Safari/537.36"
185.232.21.250 - - [28/Apr/2026:13:59:09 +0300] "GET /wp-admin/js/updates.min.js?ver=6.3.8 HTTP/2" 200 8760 "https://serhatburke.miroglu.net/wp-admin/" "Mozilla/5.0 (Windows NT 10.0; Win64; x64) AppleWebKit/537.36 (KHTML, like Gecko) Chrome/146.0.0.0 Safari/537.36"
185.232.21.250 - - [28/Apr/2026:13:59:09 +0300] "GET /wp-includes/js/shortcode.min.js?ver=6.3.8 HTTP/2" 200 1078 "https://serhatburke.miroglu.net/wp-admin/" "Mozilla/5.0 (Windows NT 10.0; Win64; x64) AppleWebKit/537.36 (KHTML, like Gecko) Chrome/146.0.0.0 Safari/537.36"
185.232.21.250 - - [28/Apr/2026:13:59:09 +0300] "GET /wp-admin/js/svg-painter.js?ver=6.3.8 HTTP/2" 200 1971 "https://serhatburke.miroglu.net/wp-admin/" "Mozilla/5.0 (Windows NT 10.0; Win64; x64) AppleWebKit/537.36 (KHTML, like Gecko) Chrome/146.0.0.0 Safari/537.36"
