52.167.144.167 - - [28/Apr/2026:17:18:12 +0300] "GET /atomic-wallet-the-future-of-your-crypto-management/ HTTP/2" 200 17784 "-" "Mozilla/5.0 AppleWebKit/537.36 (KHTML, like Gecko; compatible; bingbot/2.0; +http://www.bing.com/bingbot.htm) Chrome/116.0.1938.76 Safari/537.36"
52.167.144.159 - - [28/Apr/2026:17:18:19 +0300] "GET /lapalingo-bonus-vulkanbet-kontakt-in-schweiz-abzuglich-einzahlung-2026/ HTTP/2" 200 19275 "-" "Mozilla/5.0 AppleWebKit/537.36 (KHTML, like Gecko; compatible; bingbot/2.0; +http://www.bing.com/bingbot.htm) Chrome/116.0.1938.76 Safari/537.36"
128.14.102.152 - - [28/Apr/2026:17:18:25 +0300] "POST /xmlrpc.php HTTP/1.1" 200 630 "-" "Mozilla/5.0 (Windows NT 10.0; Win64; x64) AppleWebKit/537.36 (KHTML, like Gecko) Chrome/114.0.0.0 Safari/537.36"
52.167.144.167 - - [28/Apr/2026:17:18:43 +0300] "GET /increase-of-olympus-1000-acquire-likes-regarding-olympian-gods-to-earn-doing-60000x-payouts/ HTTP/2" 200 17583 "-" "Mozilla/5.0 AppleWebKit/537.36 (KHTML, like Gecko; compatible; bingbot/2.0; +http://www.bing.com/bingbot.htm) Chrome/116.0.1938.76 Safari/537.36"
128.14.102.152 - - [28/Apr/2026:17:18:48 +0300] "POST /xmlrpc.php HTTP/1.1" 200 15701 "-" "Mozilla/5.0 (Windows NT 10.0; Win64; x64) AppleWebKit/537.36 (KHTML, like Gecko) Chrome/114.0.0.0 Safari/537.36"
128.14.102.152 - - [28/Apr/2026:17:19:02 +0300] "GET /online-casinos-5-ecu-einzahlung-inside-ostmark-2026/ HTTP/1.1" 200 79420 "-" "Mozilla/5.0 (Windows NT 10.0; Win64; x64) AppleWebKit/537.36 (KHTML, like Gecko) Chrome/123.0.0.0 Safari/537.36 OPR/109.0.0.0"
185.216.113.70 - - [28/Apr/2026:17:19:36 +0300] "POST /wp-cron.php?doing_wp_cron=1777385976.1607251167297363281250 HTTP/1.1" 200 448 "-" "WordPress/6.3.8; https://serhatburke.miroglu.net"
52.167.144.167 - - [28/Apr/2026:17:19:22 +0300] "GET /elevate-your-trades-with-raydium-swap-efficiency/ HTTP/2" 200 18457 "-" "Mozilla/5.0 AppleWebKit/537.36 (KHTML, like Gecko; compatible; bingbot/2.0; +http://www.bing.com/bingbot.htm) Chrome/116.0.1938.76 Safari/537.36"
40.77.167.79 - - [28/Apr/2026:17:19:36 +0300] "GET /entendiendo-las-fundamentos-rodillos-lineas-sobre-paga-y-apuestas/ HTTP/2" 200 18776 "-" "Mozilla/5.0 AppleWebKit/537.36 (KHTML, like Gecko; compatible; bingbot/2.0; +http://www.bing.com/bingbot.htm) Chrome/116.0.1938.76 Safari/537.36"
52.167.144.159 - - [28/Apr/2026:17:19:40 +0300] "GET /goscie-naprawde-partner-gier-hazardowych-posiada-tak-upatrzone-zostalem-i-bedziesz-ducky-tytuly/ HTTP/2" 200 18258 "-" "Mozilla/5.0 AppleWebKit/537.36 (KHTML, like Gecko; compatible; bingbot/2.0; +http://www.bing.com/bingbot.htm) Chrome/116.0.1938.76 Safari/537.36"
91.236.142.3 - - [28/Apr/2026:17:19:43 +0300] "GET /88701-2/ HTTP/1.1" 200 18389 "-" "Mozilla/5.0 (X11; Fedora; Linux x86_64; rv:114.0) Gecko/20100101 Firefox/114.0"
57.128.22.95 - - [28/Apr/2026:17:20:01 +0300] "GET /88701-2/ HTTP/1.1" 200 18401 "https://serhatburke.miroglu.net/" "Mozilla/5.0 (Macintosh; Intel Mac OS X 10_15_7) AppleWebKit/537.36 (KHTML, like Gecko) Chrome/132.0.0.0 Safari/537.36; Manus-User/1.0"
89.93.23.250 - - [28/Apr/2026:17:20:18 +0300] "GET /wp-content/plugins/contact-form-7/includes/css/styles.css?ver=5.8 HTTP/1.1" 200 1490 "https://serhatburke.miroglu.net/88701-2/" "Mozilla/5.0 (Windows NT 10.0; Win64; x64) AppleWebKit/537.36 (KHTML, like Gecko) Chrome/145.0.0.0 Safari/537.36"
86.234.92.87 - - [28/Apr/2026:17:20:19 +0300] "GET /wp-content/themes/toppic/css/fontello.css?ver=4.2 HTTP/1.1" 200 1802 "https://serhatburke.miroglu.net/88701-2/" "Mozilla/5.0 (Windows NT 10.0; Win64; x64) AppleWebKit/537.36 (KHTML, like Gecko) Chrome/145.0.0.0 Safari/537.36"
92.150.57.103 - - [28/Apr/2026:17:20:20 +0300] "GET /wp-content/themes/toppic/css/reset.css?ver=4.2 HTTP/1.1" 200 1178 "https://serhatburke.miroglu.net/88701-2/" "Mozilla/5.0 (Windows NT 10.0; Win64; x64) AppleWebKit/537.36 (KHTML, like Gecko) Chrome/145.0.0.0 Safari/537.36"
88.174.134.202 - - [28/Apr/2026:17:20:21 +0300] "GET /wp-content/themes/toppic/css/default.css?ver=4.2 HTTP/1.1" 200 1811 "https://serhatburke.miroglu.net/88701-2/" "Mozilla/5.0 (Windows NT 10.0; Win64; x64) AppleWebKit/537.36 (KHTML, like Gecko) Chrome/145.0.0.0 Safari/537.36"
82.224.177.148 - - [28/Apr/2026:17:20:22 +0300] "GET /wp-content/themes/toppic/style.css?ver=4.2 HTTP/1.1" 200 23398 "https://serhatburke.miroglu.net/88701-2/" "Mozilla/5.0 (Windows NT 10.0; Win64; x64) AppleWebKit/537.36 (KHTML, like Gecko) Chrome/145.0.0.0 Safari/537.36"
88.138.77.58 - - [28/Apr/2026:17:20:23 +0300] "GET /wp-content/themes/toppic/css/royalslider.css?ver=4.2 HTTP/1.1" 200 1887 "https://serhatburke.miroglu.net/88701-2/" "Mozilla/5.0 (Windows NT 10.0; Win64; x64) AppleWebKit/537.36 (KHTML, like Gecko) Chrome/145.0.0.0 Safari/537.36"
88.163.232.4 - - [28/Apr/2026:17:20:24 +0300] "GET /wp-content/themes/toppic/css/rs-default.css?ver=4.2 HTTP/1.1" 200 2625 "https://serhatburke.miroglu.net/88701-2/" "Mozilla/5.0 (Windows NT 10.0; Win64; x64) AppleWebKit/537.36 (KHTML, like Gecko) Chrome/145.0.0.0 Safari/537.36"
37.65.11.31 - - [28/Apr/2026:17:20:25 +0300] "GET /wp-content/themes/toppic/css/lightbox.css?ver=4.2 HTTP/1.1" 200 2956 "https://serhatburke.miroglu.net/88701-2/" "Mozilla/5.0 (Windows NT 10.0; Win64; x64) AppleWebKit/537.36 (KHTML, like Gecko) Chrome/145.0.0.0 Safari/537.36"
92.141.39.237 - - [28/Apr/2026:17:20:26 +0300] "GET /wp-content/themes/toppic/css/woocommerce.css?ver=4.2 HTTP/1.1" 200 2848 "https://serhatburke.miroglu.net/88701-2/" "Mozilla/5.0 (Windows NT 10.0; Win64; x64) AppleWebKit/537.36 (KHTML, like Gecko) Chrome/145.0.0.0 Safari/537.36"
5.49.15.220 - - [28/Apr/2026:17:20:27 +0300] "GET /wp-content/themes/toppic/css/responsive.css?ver=4.2 HTTP/1.1" 200 2796 "https://serhatburke.miroglu.net/88701-2/" "Mozilla/5.0 (Windows NT 10.0; Win64; x64) AppleWebKit/537.36 (KHTML, like Gecko) Chrome/145.0.0.0 Safari/537.36"
40.77.167.79 - - [28/Apr/2026:17:20:15 +0300] "GET /3-grenz-dice-spielsalon-via-mageschneiderten-vermittlungsprovision-angeboten/ HTTP/2" 200 18364 "-" "Mozilla/5.0 AppleWebKit/537.36 (KHTML, like Gecko; compatible; bingbot/2.0; +http://www.bing.com/bingbot.htm) Chrome/116.0.1938.76 Safari/537.36"
185.216.113.70 - - [28/Apr/2026:17:20:40 +0300] "POST /wp-cron.php?doing_wp_cron=1777386040.5135960578918457031250 HTTP/1.1" 200 448 "-" "WordPress/6.3.8; https://serhatburke.miroglu.net"
88.189.71.220 - - [28/Apr/2026:17:20:28 +0300] "POST /wp-comments-post.php HTTP/1.1" 200 1582 "https://serhatburke.miroglu.net/88701-2/" "Mozilla/5.0 (Macintosh; Intel Mac OS X 10_15_7) AppleWebKit/537.36 (KHTML, like Gecko) Chrome/132.0.0.0 Safari/537.36; Manus-User/1.0"
57.128.22.95 - - [28/Apr/2026:17:20:40 +0300] "GET /88701-2/ HTTP/1.1" 200 18389 "-" "Mozilla/5.0 (compatible; Googlebot/2.1; +http://www.google.com/bot.html)"
185.216.113.70 - - [28/Apr/2026:17:22:48 +0300] "POST /wp-cron.php?doing_wp_cron=1777386168.2550709247589111328125 HTTP/1.1" 200 448 "-" "WordPress/6.3.8; https://serhatburke.miroglu.net"
128.14.102.152 - - [28/Apr/2026:17:22:34 +0300] "POST /xmlrpc.php HTTP/1.1" 200 630 "-" "Mozilla/5.0 (Windows NT 10.0; Win64; x64) AppleWebKit/537.36 (KHTML, like Gecko) Chrome/114.0.0.0 Safari/537.36"
178.159.37.156 - - [28/Apr/2026:17:22:49 +0300] "POST /xmlrpc.php HTTP/1.1" 200 219247 "-" "Mozilla/5.0 (Macintosh; Intel Mac OS X 10_15_7) AppleWebKit/537.36 (KHTML, like Gecko) Chrome/127.0.0 Safari/537.36"
128.14.102.152 - - [28/Apr/2026:17:22:55 +0300] "POST /xmlrpc.php HTTP/1.1" 200 13093 "-" "Mozilla/5.0 (Windows NT 10.0; Win64; x64) AppleWebKit/537.36 (KHTML, like Gecko) Chrome/114.0.0.0 Safari/537.36"
128.14.102.152 - - [28/Apr/2026:17:23:12 +0300] "GET /neue-spielautomaten-bei-microgaming-locker-buck-unter-anderem-extrem-money-multiplier/ HTTP/1.1" 200 77738 "-" "Mozilla/5.0 (Windows NT 10.0; Win64; x64; rv:125.0) Gecko/20100101 Firefox/125.0"
185.216.113.70 - - [28/Apr/2026:17:23:46 +0300] "POST /wp-cron.php?doing_wp_cron=1777386226.1416680812835693359375 HTTP/1.1" 200 448 "-" "WordPress/6.3.8; https://serhatburke.miroglu.net"
40.77.167.79 - - [28/Apr/2026:17:23:33 +0300] "GET /una-confianza-seri%EF%BF%BDa-el-obelisco-de-nuestra-talento-en-usted/ HTTP/2" 200 18026 "-" "Mozilla/5.0 AppleWebKit/537.36 (KHTML, like Gecko; compatible; bingbot/2.0; +http://www.bing.com/bingbot.htm) Chrome/116.0.1938.76 Safari/537.36"
178.159.37.156 - - [28/Apr/2026:17:23:39 +0300] "POST /xmlrpc.php HTTP/1.1" 200 664 "-" "Mozilla/5.0 (Macintosh; Intel Mac OS X 10_15_7) AppleWebKit/537.36 (KHTML, like Gecko) Chrome/127.0.0 Safari/537.36"
178.159.37.156 - - [28/Apr/2026:17:23:56 +0300] "POST /xmlrpc.php HTTP/1.1" 200 664 "-" "Mozilla/5.0 (Macintosh; Intel Mac OS X 10_15_7) AppleWebKit/537.36 (KHTML, like Gecko) Chrome/127.0.0 Safari/537.36"
40.77.167.79 - - [28/Apr/2026:17:24:03 +0300] "GET /seit-dieser-zeit-das-glucksspiellregulierung-jahr-2021-eignen-gangbar-bezuge-unter-zuhilfenahme-von-paypal-hinein-echtgeld-casinos-zum-wiederholten-mal-denkbar/ HTTP/2" 200 20479 "-" "Mozilla/5.0 AppleWebKit/537.36 (KHTML, like Gecko; compatible; bingbot/2.0; +http://www.bing.com/bingbot.htm) Chrome/116.0.1938.76 Safari/537.36"
185.216.113.70 - - [28/Apr/2026:17:24:40 +0300] "POST /wp-cron.php?doing_wp_cron=1777386280.1156570911407470703125 HTTP/1.1" 200 448 "-" "WordPress/6.3.8; https://serhatburke.miroglu.net"
178.159.37.156 - - [28/Apr/2026:17:24:28 +0300] "POST /xmlrpc.php HTTP/1.1" 200 667 "-" "Mozilla/5.0 (Macintosh; Intel Mac OS X 10_15_7) AppleWebKit/537.36 (KHTML, like Gecko) Chrome/127.0.0 Safari/537.36"
178.159.37.156 - - [28/Apr/2026:17:25:06 +0300] "POST /xmlrpc.php HTTP/1.1" 200 19461 "-" "Mozilla/5.0 (Macintosh; Intel Mac OS X 10_15_7) AppleWebKit/537.36 (KHTML, like Gecko) Chrome/127.0.0 Safari/537.36"
104.166.164.54 - - [28/Apr/2026:17:25:20 +0300] "POST /xmlrpc.php HTTP/1.1" 200 630 "-" "Mozilla/5.0 (Windows NT 10.0; Win64; x64) AppleWebKit/537.36 (KHTML, like Gecko) Chrome/114.0.0.0 Safari/537.36"
40.77.179.184 - - [28/Apr/2026:17:25:20 +0300] "GET /revolutionizing-crypto-trading-with-dexscreener-tools HTTP/2" 301 0 "-" "Mozilla/5.0 AppleWebKit/537.36 (KHTML, like Gecko; compatible; bingbot/2.0; +http://www.bing.com/bingbot.htm) Chrome/136.0.0.0 Safari/537.36"
185.216.113.70 - - [28/Apr/2026:17:25:54 +0300] "POST /wp-cron.php?doing_wp_cron=1777386354.4511320590972900390625 HTTP/1.1" 200 448 "-" "WordPress/6.3.8; https://serhatburke.miroglu.net"
104.166.164.54 - - [28/Apr/2026:17:25:40 +0300] "POST /xmlrpc.php HTTP/1.1" 200 15992 "-" "Mozilla/5.0 (Windows NT 10.0; Win64; x64) AppleWebKit/537.36 (KHTML, like Gecko) Chrome/114.0.0.0 Safari/537.36"
104.166.164.54 - - [28/Apr/2026:17:25:56 +0300] "GET /%CE%B4%CF%89%CF%81%CE%B5%CE%AC%CE%BD-%CF%80%CF%8C%CE%BA%CE%B5%CF%81-%CE%BC%CE%AD%CF%83%CF%89-%CE%B4%CE%B9%CE%B1%CE%B4%CE%B9%CE%BA%CF%84%CF%8D%CE%BF%CF%85/ HTTP/1.1" 200 86438 "-" "Mozilla/5.0 (Windows NT 10.0; Win64; x64; rv:124.0) Gecko/20100101 Firefox/124.0"
185.216.113.70 - - [28/Apr/2026:17:26:56 +0300] "POST /wp-cron.php?doing_wp_cron=1777386415.9259920120239257812500 HTTP/1.1" 200 448 "-" "WordPress/6.3.8; https://serhatburke.miroglu.net"
128.14.102.152 - - [28/Apr/2026:17:26:41 +0300] "POST /xmlrpc.php HTTP/1.1" 200 630 "-" "Mozilla/5.0 (Windows NT 10.0; Win64; x64) AppleWebKit/537.36 (KHTML, like Gecko) Chrome/114.0.0.0 Safari/537.36"
185.216.113.70 - - [28/Apr/2026:17:27:02 +0300] "POST /wp-cron.php?doing_wp_cron=1777386422.3221249580383300781250 HTTP/1.1" 200 448 "-" "WordPress/6.3.8; https://serhatburke.miroglu.net"
57.128.22.95 - - [28/Apr/2026:17:26:48 +0300] "GET /88701-2/ HTTP/1.1" 200 18380 "-" "Mozilla/5.0 (compatible; Googlebot/2.1; +http://www.google.com/bot.html)"
128.14.102.152 - - [28/Apr/2026:17:27:02 +0300] "POST /xmlrpc.php HTTP/1.1" 200 15390 "-" "Mozilla/5.0 (Windows NT 10.0; Win64; x64) AppleWebKit/537.36 (KHTML, like Gecko) Chrome/114.0.0.0 Safari/537.36"
128.14.102.152 - - [28/Apr/2026:17:27:20 +0300] "GET /angeschlossen-casinos-unter-einsatz-von-echtgeld-2026-top-10-versorger-im-untersuchung/ HTTP/1.1" 200 80333 "-" "Mozilla/5.0 (Windows NT 10.0; Win64; x64; rv:124.0) Gecko/20100101 Firefox/124.0"
185.216.113.70 - - [28/Apr/2026:17:28:45 +0300] "POST /wp-cron.php?doing_wp_cron=1777386524.9107890129089355468750 HTTP/1.1" 200 448 "-" "WordPress/6.3.8; https://serhatburke.miroglu.net"
202.14.4.178 - - [28/Apr/2026:17:28:32 +0300] "GET /beste-casino-site-belgie-hoge-inzet/ HTTP/1.1" 200 19265 "-" "Mozilla/5.0 (X11; Fedora; Linux x86_64; rv:114.0) Gecko/20100101 Firefox/114.0"
185.187.78.193 - - [28/Apr/2026:17:28:50 +0300] "POST /xmlrpc.php HTTP/2" 200 141 "-" "WordPress/XMLRPC Client"
185.216.113.70 - - [28/Apr/2026:17:29:17 +0300] "POST /wp-cron.php?doing_wp_cron=1777386557.5024659633636474609375 HTTP/1.1" 200 448 "-" "WordPress/6.3.8; https://serhatburke.miroglu.net"
185.187.78.193 - - [28/Apr/2026:17:29:04 +0300] "GET /?p=142479 HTTP/2" 301 0 "-" "Mozilla/5.0 (Windows NT 10.0; Win64; x64) AppleWebKit/537.36 (KHTML, like Gecko) Chrome/120.0.0.0 Safari/537.36"
185.216.113.70 - - [28/Apr/2026:17:30:48 +0300] "POST /wp-cron.php?doing_wp_cron=1777386648.4862680435180664062500 HTTP/1.1" 200 448 "-" "WordPress/6.3.8; https://serhatburke.miroglu.net"
128.14.102.152 - - [28/Apr/2026:17:30:36 +0300] "POST /xmlrpc.php HTTP/1.1" 200 630 "-" "Mozilla/5.0 (Windows NT 10.0; Win64; x64) AppleWebKit/537.36 (KHTML, like Gecko) Chrome/114.0.0.0 Safari/537.36"
128.14.102.152 - - [28/Apr/2026:17:30:55 +0300] "POST /xmlrpc.php HTTP/1.1" 200 15721 "-" "Mozilla/5.0 (Windows NT 10.0; Win64; x64) AppleWebKit/537.36 (KHTML, like Gecko) Chrome/114.0.0.0 Safari/537.36"
128.14.102.152 - - [28/Apr/2026:17:31:09 +0300] "GET /offizielle-blog-as-part-of-at/ HTTP/1.1" 200 79246 "-" "Mozilla/5.0 (Windows NT 10.0; rv:125.0) Gecko/20100101 Firefox/125.0"
185.216.113.70 - - [28/Apr/2026:17:33:28 +0300] "POST /wp-cron.php?doing_wp_cron=1777386807.9335780143737792968750 HTTP/1.1" 200 448 "-" "WordPress/6.3.8; https://serhatburke.miroglu.net"
40.77.167.241 - - [28/Apr/2026:17:33:12 +0300] "GET /dexscreener-deep-dive-smart-dex-scanner-guide-2026/ HTTP/2" 200 20041 "-" "Mozilla/5.0 AppleWebKit/537.36 (KHTML, like Gecko; compatible; bingbot/2.0; +http://www.bing.com/bingbot.htm) Chrome/116.0.1938.76 Safari/537.36"
128.14.102.152 - - [28/Apr/2026:17:34:20 +0300] "POST /xmlrpc.php HTTP/1.1" 200 630 "-" "Mozilla/5.0 (Windows NT 10.0; Win64; x64) AppleWebKit/537.36 (KHTML, like Gecko) Chrome/114.0.0.0 Safari/537.36"
185.216.113.70 - - [28/Apr/2026:17:34:52 +0300] "POST /wp-cron.php?doing_wp_cron=1777386891.9683799743652343750000 HTTP/1.1" 200 448 "-" "WordPress/6.3.8; https://serhatburke.miroglu.net"
128.14.102.152 - - [28/Apr/2026:17:34:39 +0300] "POST /xmlrpc.php HTTP/1.1" 200 17151 "-" "Mozilla/5.0 (Windows NT 10.0; Win64; x64) AppleWebKit/537.36 (KHTML, like Gecko) Chrome/114.0.0.0 Safari/537.36"
128.14.102.152 - - [28/Apr/2026:17:34:53 +0300] "GET /spielbank-cruise-maklercourtage-groseren-bonus-alleinig-free-spins/ HTTP/1.1" 200 81351 "-" "Mozilla/5.0 (Windows NT 10.0; Win64; x64; rv:124.0) Gecko/20100101 Firefox/124.0"
185.216.113.70 - - [28/Apr/2026:17:36:09 +0300] "POST /wp-cron.php?doing_wp_cron=1777386969.8866009712219238281250 HTTP/1.1" 200 448 "-" "WordPress/6.3.8; https://serhatburke.miroglu.net"
104.166.164.54 - - [28/Apr/2026:17:35:57 +0300] "POST /xmlrpc.php HTTP/1.1" 200 630 "-" "Mozilla/5.0 (Windows NT 10.0; Win64; x64) AppleWebKit/537.36 (KHTML, like Gecko) Chrome/114.0.0.0 Safari/537.36"
104.166.164.54 - - [28/Apr/2026:17:36:17 +0300] "POST /xmlrpc.php HTTP/1.1" 200 15821 "-" "Mozilla/5.0 (Windows NT 10.0; Win64; x64) AppleWebKit/537.36 (KHTML, like Gecko) Chrome/114.0.0.0 Safari/537.36"
185.216.113.70 - - [28/Apr/2026:17:36:45 +0300] "POST /wp-cron.php?doing_wp_cron=1777387005.2878448963165283203125 HTTP/1.1" 200 448 "-" "WordPress/6.3.8; https://serhatburke.miroglu.net"
104.166.164.54 - - [28/Apr/2026:17:36:32 +0300] "GET /%CE%B1%CF%80%CE%BF%CE%BB%CE%B1%CF%8D%CF%83%CF%84%CE%B5-%CF%84%CE%BF-position-jurassic-park-%CE%B1%CF%80%CF%8C-%CF%84%CE%B7%CE%BD-microgaming/ HTTP/1.1" 200 85704 "-" "Mozilla/5.0 (Windows NT 10.0; rv:109.0) Gecko/20100101 Firefox/115.0"
143.105.152.202 - - [28/Apr/2026:17:37:19 +0300] "GET /zotabet-Casino-bonus-premier-depot-2026/ HTTP/1.1" 200 19133 "https://serhatburke.miroglu.net/" "Mozilla/5.0 (Windows NT 10.0; Win64; x64; rv:143.0) Gecko/20100101 Firefox/143.0"
185.216.113.70 - - [28/Apr/2026:17:38:02 +0300] "POST /wp-cron.php?doing_wp_cron=1777387082.1639220714569091796875 HTTP/1.1" 200 448 "-" "WordPress/6.3.8; https://serhatburke.miroglu.net"
143.105.152.202 - - [28/Apr/2026:17:37:49 +0300] "GET /zotabet-Casino-bonus-premier-depot-2026/ HTTP/1.1" 200 19133 "https://serhatburke.miroglu.net/" "Mozilla/5.0 (Windows NT 10.0; Win64; x64; rv:143.0) Gecko/20100101 Firefox/143.0"
128.14.102.152 - - [28/Apr/2026:17:37:52 +0300] "POST /xmlrpc.php HTTP/1.1" 200 630 "-" "Mozilla/5.0 (Windows NT 10.0; Win64; x64) AppleWebKit/537.36 (KHTML, like Gecko) Chrome/114.0.0.0 Safari/537.36"
128.14.102.152 - - [28/Apr/2026:17:38:12 +0300] "POST /xmlrpc.php HTTP/1.1" 200 18025 "-" "Mozilla/5.0 (Windows NT 10.0; Win64; x64) AppleWebKit/537.36 (KHTML, like Gecko) Chrome/114.0.0.0 Safari/537.36"
143.105.152.202 - - [28/Apr/2026:17:38:20 +0300] "GET /zotabet-Casino-bonus-premier-depot-2026/ HTTP/1.1" 200 19235 "https://serhatburke.miroglu.net/" "Mozilla/5.0 (Windows NT 10.0; Win64; x64; rv:143.0) Gecko/20100101 Firefox/143.0"
185.216.113.70 - - [28/Apr/2026:17:38:40 +0300] "POST /wp-cron.php?doing_wp_cron=1777387120.4917020797729492187500 HTTP/1.1" 200 448 "-" "WordPress/6.3.8; https://serhatburke.miroglu.net"
128.14.102.152 - - [28/Apr/2026:17:38:27 +0300] "GET /kostenlose-bilden-and-spins-within-coin-master-erhalten-tap-doan-chung-spielautomaten-daring-dave-and-the-eye-of-ra-verbunden-nhan-quoc-te-origo-group/ HTTP/1.1" 200 84814 "-" "Mozilla/5.0 (Windows NT 10.0; Win64; x64) AppleWebKit/537.36 (KHTML, like Gecko) Chrome/124.0.0.0 Safari/537.36"
185.216.113.70 - - [28/Apr/2026:17:40:52 +0300] "POST /wp-cron.php?doing_wp_cron=1777387251.8945550918579101562500 HTTP/1.1" 200 448 "-" "WordPress/6.3.8; https://serhatburke.miroglu.net"
212.34.148.156 - - [28/Apr/2026:17:40:38 +0300] "GET /zotabet-casino-bonus-premier-depot-2026/ HTTP/1.1" 200 19124 "-" "Mozilla/5.0 (compatible; Googlebot/2.1; +http://www.google.com/bot.html)"
85.208.96.204 - - [28/Apr/2026:17:41:06 +0300] "GET /35849-2/ HTTP/1.1" 200 20585 "-" "Mozilla/5.0 (compatible; SemrushBot/7~bl; +http://www.semrush.com/bot.html)"
185.216.113.70 - - [28/Apr/2026:17:41:54 +0300] "POST /wp-cron.php?doing_wp_cron=1777387314.8624370098114013671875 HTTP/1.1" 200 448 "-" "WordPress/6.3.8; https://serhatburke.miroglu.net"
128.14.102.152 - - [28/Apr/2026:17:41:39 +0300] "POST /xmlrpc.php HTTP/1.1" 200 630 "-" "Mozilla/5.0 (Windows NT 10.0; Win64; x64) AppleWebKit/537.36 (KHTML, like Gecko) Chrome/114.0.0.0 Safari/537.36"
128.14.102.152 - - [28/Apr/2026:17:42:01 +0300] "POST /xmlrpc.php HTTP/1.1" 200 15249 "-" "Mozilla/5.0 (Windows NT 10.0; Win64; x64) AppleWebKit/537.36 (KHTML, like Gecko) Chrome/114.0.0.0 Safari/537.36"
128.14.102.152 - - [28/Apr/2026:17:42:19 +0300] "GET /gratis-spielen-im-browser/ HTTP/1.1" 200 78420 "-" "Mozilla/5.0 (Windows NT 10.0; Win64; x64) AppleWebKit/537.36 (KHTML, like Gecko) Chrome/122.0.0.0 Safari/537.36"
185.216.113.70 - - [28/Apr/2026:17:43:28 +0300] "POST /wp-cron.php?doing_wp_cron=1777387408.7055571079254150390625 HTTP/1.1" 200 448 "-" "WordPress/6.3.8; https://serhatburke.miroglu.net"
91.236.142.3 - - [28/Apr/2026:17:43:15 +0300] "GET /88701-2/ HTTP/1.1" 200 18439 "-" "Mozilla/5.0 (X11; Fedora; Linux x86_64; rv:114.0) Gecko/20100101 Firefox/114.0"
218.237.185.232 - - [28/Apr/2026:17:44:04 +0300] "GET /beste-casino-site-belgie-hoge-inzet/ HTTP/1.1" 200 19281 "https://serhatburke.miroglu.net/" "Mozilla/5.0 (Windows NT 10.0; Win64; x64) AppleWebKit/537.36 (KHTML, like Gecko) Chrome/137.0.0.0 Safari/537.36"
185.216.113.70 - - [28/Apr/2026:17:44:40 +0300] "POST /wp-cron.php?doing_wp_cron=1777387480.5924890041351318359375 HTTP/1.1" 200 448 "-" "WordPress/6.3.8; https://serhatburke.miroglu.net"
218.237.185.232 - - [28/Apr/2026:17:44:27 +0300] "GET /?p=27261 HTTP/1.1" 301 662 "https://serhatburke.miroglu.net/beste-casino-site-belgie-hoge-inzet/" "Mozilla/5.0 (Windows NT 10.0; Win64; x64) AppleWebKit/537.36 (KHTML, like Gecko) Chrome/137.0.0.0 Safari/537.36"
52.167.144.204 - - [28/Apr/2026:17:44:34 +0300] "GET /finest-bookies-and-you-will-gaming-websites-within-the-india-to-own-february-2026/ HTTP/2" 200 20359 "-" "Mozilla/5.0 AppleWebKit/537.36 (KHTML, like Gecko; compatible; bingbot/2.0; +http://www.bing.com/bingbot.htm) Chrome/116.0.1938.76 Safari/537.36"
40.77.167.18 - - [28/Apr/2026:17:44:38 +0300] "GET /kraken-aktual-nye-ssylki-i-bezopasnyi-dostup-2026/ HTTP/2" 200 18626 "-" "Mozilla/5.0 AppleWebKit/537.36 (KHTML, like Gecko; compatible; bingbot/2.0; +http://www.bing.com/bingbot.htm) Chrome/116.0.1938.76 Safari/537.36"
40.77.167.8 - - [28/Apr/2026:17:44:43 +0300] "GET /exploring-the-key-differences-between-online-and/ HTTP/2" 200 18135 "-" "Mozilla/5.0 AppleWebKit/537.36 (KHTML, like Gecko; compatible; bingbot/2.0; +http://www.bing.com/bingbot.htm) Chrome/116.0.1938.76 Safari/537.36"
218.237.185.232 - - [28/Apr/2026:17:44:47 +0300] "GET /beste-casino-site-belgie-hoge-inzet/ HTTP/1.1" 200 19279 "https://serhatburke.miroglu.net/?p=27261" "Mozilla/5.0 (Windows NT 10.0; Win64; x64) AppleWebKit/537.36 (KHTML, like Gecko) Chrome/137.0.0.0 Safari/537.36"
52.167.144.204 - - [28/Apr/2026:17:45:05 +0300] "GET /mata-ultimata-svenska-spraket-casinon-hitnspin-slots-kampanjkoder-2026/ HTTP/2" 200 18988 "-" "Mozilla/5.0 AppleWebKit/537.36 (KHTML, like Gecko; compatible; bingbot/2.0; +http://www.bing.com/bingbot.htm) Chrome/116.0.1938.76 Safari/537.36"
40.77.167.18 - - [28/Apr/2026:17:45:15 +0300] "GET /the-brand-new-draftkings-promo-password-current-two-hundred-extra-bet-and-you-can-5m-render-to-have-eagles-compared-to-chiefs/ HTTP/2" 200 18906 "-" "Mozilla/5.0 AppleWebKit/537.36 (KHTML, like Gecko; compatible; bingbot/2.0; +http://www.bing.com/bingbot.htm) Chrome/116.0.1938.76 Safari/537.36"
185.216.113.70 - - [28/Apr/2026:17:45:51 +0300] "POST /wp-cron.php?doing_wp_cron=1777387551.2370359897613525390625 HTTP/1.1" 200 448 "-" "WordPress/6.3.8; https://serhatburke.miroglu.net"
185.191.171.13 - - [28/Apr/2026:17:45:39 +0300] "GET /gallery/gallery-grid-random/ HTTP/1.1" 200 21307 "-" "Mozilla/5.0 (compatible; SemrushBot/7~bl; +http://www.semrush.com/bot.html)"
128.14.102.152 - - [28/Apr/2026:17:45:56 +0300] "POST /xmlrpc.php HTTP/1.1" 200 630 "-" "Mozilla/5.0 (Windows NT 10.0; Win64; x64) AppleWebKit/537.36 (KHTML, like Gecko) Chrome/114.0.0.0 Safari/537.36"
185.216.113.70 - - [28/Apr/2026:17:46:30 +0300] "POST /wp-cron.php?doing_wp_cron=1777387590.2620530128479003906250 HTTP/1.1" 200 448 "-" "WordPress/6.3.8; https://serhatburke.miroglu.net"
128.14.102.152 - - [28/Apr/2026:17:46:16 +0300] "POST /xmlrpc.php HTTP/1.1" 200 16219 "-" "Mozilla/5.0 (Windows NT 10.0; Win64; x64) AppleWebKit/537.36 (KHTML, like Gecko) Chrome/114.0.0.0 Safari/537.36"
128.14.102.152 - - [28/Apr/2026:17:46:31 +0300] "GET /spielsaal-promo-sourcecode-blos-einzahlung-bestandskunden-2026/ HTTP/1.1" 200 80399 "-" "Mozilla/5.0 (Windows NT 10.0; Win64; x64; rv:125.0) Gecko/20100101 Firefox/125.0"
185.216.113.70 - - [28/Apr/2026:17:50:05 +0300] "POST /wp-cron.php?doing_wp_cron=1777387804.9594950675964355468750 HTTP/1.1" 200 448 "-" "WordPress/6.3.8; https://serhatburke.miroglu.net"
128.14.102.152 - - [28/Apr/2026:17:49:51 +0300] "POST /xmlrpc.php HTTP/1.1" 200 630 "-" "Mozilla/5.0 (Windows NT 10.0; Win64; x64) AppleWebKit/537.36 (KHTML, like Gecko) Chrome/114.0.0.0 Safari/537.36"
128.14.102.152 - - [28/Apr/2026:17:50:12 +0300] "POST /xmlrpc.php HTTP/1.1" 200 16916 "-" "Mozilla/5.0 (Windows NT 10.0; Win64; x64) AppleWebKit/537.36 (KHTML, like Gecko) Chrome/114.0.0.0 Safari/537.36"
185.216.113.70 - - [28/Apr/2026:17:50:38 +0300] "POST /wp-cron.php?doing_wp_cron=1777387837.9397599697113037109375 HTTP/1.1" 200 448 "-" "WordPress/6.3.8; https://serhatburke.miroglu.net"
128.14.102.152 - - [28/Apr/2026:17:50:26 +0300] "GET /diamonds-of-erfolg-slot-online-auffuhren-untersuchung-bonus-and-video/ HTTP/1.1" 200 81097 "-" "Mozilla/5.0 (Windows NT 10.0; Win64; x64) AppleWebKit/537.36 (KHTML, like Gecko) Chrome/123.0.0.0 Safari/537.36"
40.77.167.150 - - [28/Apr/2026:17:51:06 +0300] "GET /the-brand-new-subscription-techniques-are-simple-and-quick-and-you-will-deposit-fund-has-worked-without-any-problems/ HTTP/2" 200 17595 "-" "Mozilla/5.0 AppleWebKit/537.36 (KHTML, like Gecko; compatible; bingbot/2.0; +http://www.bing.com/bingbot.htm) Chrome/116.0.1938.76 Safari/537.36"
40.77.167.150 - - [28/Apr/2026:17:51:25 +0300] "GET /index-de-porcentagens-dos-slots-amerio-bet-login-da-versao-antiga-da-pragmatic-play/ HTTP/2" 200 19664 "-" "Mozilla/5.0 AppleWebKit/537.36 (KHTML, like Gecko; compatible; bingbot/2.0; +http://www.bing.com/bingbot.htm) Chrome/116.0.1938.76 Safari/537.36"
185.216.113.70 - - [28/Apr/2026:17:52:00 +0300] "POST /wp-cron.php?doing_wp_cron=1777387920.3171880245208740234375 HTTP/1.1" 200 448 "-" "WordPress/6.3.8; https://serhatburke.miroglu.net"
40.77.167.150 - - [28/Apr/2026:17:51:46 +0300] "GET /dunder-tests/ HTTP/2" 200 17929 "-" "Mozilla/5.0 AppleWebKit/537.36 (KHTML, like Gecko; compatible; bingbot/2.0; +http://www.bing.com/bingbot.htm) Chrome/116.0.1938.76 Safari/537.36"
185.216.113.70 - - [28/Apr/2026:17:52:02 +0300] "POST /wp-cron.php?doing_wp_cron=1777387922.0791079998016357421875 HTTP/1.1" 200 448 "-" "WordPress/6.3.8; https://serhatburke.miroglu.net"
196.242.114.233 - - [28/Apr/2026:17:51:47 +0300] "GET /beste-casino-site-belgie-hoge-inzet/ HTTP/1.1" 200 19265 "-" "Mozilla/5.0 (X11; Fedora; Linux x86_64; rv:114.0) Gecko/20100101 Firefox/114.0"
40.77.167.150 - - [28/Apr/2026:17:52:04 +0300] "GET /you-could-find-complete-analysis-of-the-finest-gambling-enterprise-application-company-to-your-newcasinouk/ HTTP/2" 200 17768 "-" "Mozilla/5.0 AppleWebKit/537.36 (KHTML, like Gecko; compatible; bingbot/2.0; +http://www.bing.com/bingbot.htm) Chrome/116.0.1938.76 Safari/537.36"
185.216.113.70 - - [28/Apr/2026:17:54:10 +0300] "POST /wp-cron.php?doing_wp_cron=1777388050.0779640674591064453125 HTTP/1.1" 200 448 "-" "WordPress/6.3.8; https://serhatburke.miroglu.net"
40.77.167.150 - - [28/Apr/2026:17:53:55 +0300] "GET /showboat-branson-belle-2026-schedule-tickets/ HTTP/2" 200 18410 "-" "Mozilla/5.0 AppleWebKit/537.36 (KHTML, like Gecko; compatible; bingbot/2.0; +http://www.bing.com/bingbot.htm) Chrome/116.0.1938.76 Safari/537.36"
185.216.113.70 - - [28/Apr/2026:17:54:53 +0300] "POST /wp-cron.php?doing_wp_cron=1777388092.8775780200958251953125 HTTP/1.1" 200 448 "-" "WordPress/6.3.8; https://serhatburke.miroglu.net"
196.240.254.252 - - [28/Apr/2026:17:54:40 +0300] "GET /novoline-casino-codice-bonus-registrazione/ HTTP/1.1" 200 17770 "https://serhatburke.miroglu.net/" "Mozilla/5.0 (Macintosh; Intel Mac OS X 10_15_7) AppleWebKit/537.36 (KHTML, like Gecko) Chrome/146.0.0.0 Safari/537.36 Edg/146.0.0.0"
196.240.254.252 - - [28/Apr/2026:17:55:02 +0300] "GET /novoline-casino-codice-bonus-registrazione/ HTTP/1.1" 200 17782 "https://serhatburke.miroglu.net/novoline-casino-codice-bonus-registrazione/" "Mozilla/5.0 (Windows NT 6.3; Win64; x64) AppleWebKit/537.36 (KHTML, like Gecko) Chrome/103.0.0.0 Safari/537.36"
196.240.254.252 - - [28/Apr/2026:17:55:16 +0300] "GET /wp-includes/css/dist/block-library/style.min.css?ver=6.3.8 HTTP/1.1" 200 13578 "https://serhatburke.miroglu.net/novoline-casino-codice-bonus-registrazione/" "Mozilla/5.0 (Windows NT 10.0; Win64; x64) AppleWebKit/537.36 (KHTML, like Gecko) Chrome/145.0.0.0 Safari/537.36"
196.240.254.252 - - [28/Apr/2026:17:55:16 +0300] "GET /wp-content/plugins/contact-form-7/includes/css/styles.css?ver=5.8 HTTP/1.1" 200 1490 "https://serhatburke.miroglu.net/novoline-casino-codice-bonus-registrazione/" "Mozilla/5.0 (Windows NT 10.0; Win64; x64) AppleWebKit/537.36 (KHTML, like Gecko) Chrome/145.0.0.0 Safari/537.36"
196.240.254.252 - - [28/Apr/2026:17:55:17 +0300] "GET /wp-content/themes/toppic/css/fontello.css?ver=4.2 HTTP/1.1" 200 1802 "https://serhatburke.miroglu.net/novoline-casino-codice-bonus-registrazione/" "Mozilla/5.0 (Windows NT 10.0; Win64; x64) AppleWebKit/537.36 (KHTML, like Gecko) Chrome/145.0.0.0 Safari/537.36"
196.240.254.252 - - [28/Apr/2026:17:55:17 +0300] "GET /wp-content/themes/toppic/css/reset.css?ver=4.2 HTTP/1.1" 200 1178 "https://serhatburke.miroglu.net/novoline-casino-codice-bonus-registrazione/" "Mozilla/5.0 (Windows NT 10.0; Win64; x64) AppleWebKit/537.36 (KHTML, like Gecko) Chrome/145.0.0.0 Safari/537.36"
196.240.254.252 - - [28/Apr/2026:17:55:17 +0300] "GET /wp-content/themes/toppic/css/default.css?ver=4.2 HTTP/1.1" 200 1811 "https://serhatburke.miroglu.net/novoline-casino-codice-bonus-registrazione/" "Mozilla/5.0 (Windows NT 10.0; Win64; x64) AppleWebKit/537.36 (KHTML, like Gecko) Chrome/145.0.0.0 Safari/537.36"
196.240.254.252 - - [28/Apr/2026:17:55:18 +0300] "GET /wp-content/themes/toppic/style.css?ver=4.2 HTTP/1.1" 200 23398 "https://serhatburke.miroglu.net/novoline-casino-codice-bonus-registrazione/" "Mozilla/5.0 (Windows NT 10.0; Win64; x64) AppleWebKit/537.36 (KHTML, like Gecko) Chrome/145.0.0.0 Safari/537.36"
196.240.254.252 - - [28/Apr/2026:17:55:18 +0300] "GET /wp-content/themes/toppic/css/royalslider.css?ver=4.2 HTTP/1.1" 200 1887 "https://serhatburke.miroglu.net/novoline-casino-codice-bonus-registrazione/" "Mozilla/5.0 (Windows NT 10.0; Win64; x64) AppleWebKit/537.36 (KHTML, like Gecko) Chrome/145.0.0.0 Safari/537.36"
196.240.254.252 - - [28/Apr/2026:17:55:18 +0300] "GET /wp-content/themes/toppic/css/rs-default.css?ver=4.2 HTTP/1.1" 200 2625 "https://serhatburke.miroglu.net/novoline-casino-codice-bonus-registrazione/" "Mozilla/5.0 (Windows NT 10.0; Win64; x64) AppleWebKit/537.36 (KHTML, like Gecko) Chrome/145.0.0.0 Safari/537.36"
196.240.254.252 - - [28/Apr/2026:17:55:19 +0300] "GET /wp-content/themes/toppic/css/lightbox.css?ver=4.2 HTTP/1.1" 200 2956 "https://serhatburke.miroglu.net/novoline-casino-codice-bonus-registrazione/" "Mozilla/5.0 (Windows NT 10.0; Win64; x64) AppleWebKit/537.36 (KHTML, like Gecko) Chrome/145.0.0.0 Safari/537.36"
196.240.254.252 - - [28/Apr/2026:17:55:19 +0300] "GET /wp-content/themes/toppic/css/woocommerce.css?ver=4.2 HTTP/1.1" 200 2848 "https://serhatburke.miroglu.net/novoline-casino-codice-bonus-registrazione/" "Mozilla/5.0 (Windows NT 10.0; Win64; x64) AppleWebKit/537.36 (KHTML, like Gecko) Chrome/145.0.0.0 Safari/537.36"
196.240.254.252 - - [28/Apr/2026:17:55:19 +0300] "GET /wp-content/themes/toppic/css/responsive.css?ver=4.2 HTTP/1.1" 200 2796 "https://serhatburke.miroglu.net/novoline-casino-codice-bonus-registrazione/" "Mozilla/5.0 (Windows NT 10.0; Win64; x64) AppleWebKit/537.36 (KHTML, like Gecko) Chrome/145.0.0.0 Safari/537.36"
196.240.254.252 - - [28/Apr/2026:17:55:20 +0300] "POST /wp-comments-post.php HTTP/1.1" 302 1090 "https://serhatburke.miroglu.net/novoline-casino-codice-bonus-registrazione/" "Mozilla/5.0 (Windows NT 6.3; Win64; x64) AppleWebKit/537.36 (KHTML, like Gecko) Chrome/103.0.0.0 Safari/537.36"
185.216.113.70 - - [28/Apr/2026:17:55:45 +0300] "POST /wp-cron.php?doing_wp_cron=1777388145.3637430667877197265625 HTTP/1.1" 200 448 "-" "WordPress/6.3.8; https://serhatburke.miroglu.net"
196.240.254.252 - - [28/Apr/2026:17:55:32 +0300] "GET /novoline-casino-codice-bonus-registrazione/?unapproved=828&moderation-hash=12166d2e57488178dea4e75becd46a13 HTTP/1.1" 200 18199 "https://serhatburke.miroglu.net/wp-comments-post.php" "Mozilla/5.0 (Windows NT 6.3; Win64; x64) AppleWebKit/537.36 (KHTML, like Gecko) Chrome/103.0.0.0 Safari/537.36"
196.240.254.252 - - [28/Apr/2026:17:55:46 +0300] "GET /novoline-casino-codice-bonus-registrazione/ HTTP/1.1" 200 17757 "-" "Mozilla/5.0 (compatible; Googlebot/2.1; +http://www.google.com/bot.html)"
40.77.167.150 - - [28/Apr/2026:17:56:16 +0300] "GET /finest-payout-harbors-for-original-source-site-the-red-coral-2026/ HTTP/2" 200 19507 "-" "Mozilla/5.0 AppleWebKit/537.36 (KHTML, like Gecko; compatible; bingbot/2.0; +http://www.bing.com/bingbot.htm) Chrome/116.0.1938.76 Safari/537.36"
185.216.113.70 - - [28/Apr/2026:17:57:16 +0300] "POST /wp-cron.php?doing_wp_cron=1777388236.5871798992156982421875 HTTP/1.1" 200 448 "-" "WordPress/6.3.8; https://serhatburke.miroglu.net"
107.152.46.252 - - [28/Apr/2026:17:57:03 +0300] "GET /zotabet-casino-bonus-premier-depot-2026/ HTTP/1.1" 200 19124 "-" "Mozilla/5.0 (X11; Fedora; Linux x86_64; rv:114.0) Gecko/20100101 Firefox/114.0"
185.216.113.70 - - [28/Apr/2026:17:59:57 +0300] "POST /wp-cron.php?doing_wp_cron=1777388397.3006520271301269531250 HTTP/1.1" 200 448 "-" "WordPress/6.3.8; https://serhatburke.miroglu.net"
104.166.164.54 - - [28/Apr/2026:17:59:43 +0300] "POST /xmlrpc.php HTTP/1.1" 200 630 "-" "Mozilla/5.0 (Windows NT 10.0; Win64; x64) AppleWebKit/537.36 (KHTML, like Gecko) Chrome/114.0.0.0 Safari/537.36"
40.77.167.158 - - [28/Apr/2026:17:59:52 +0300] "GET /bedingungen-konditionen-an-irgendeinem-ort-oder-fur-jedes-wen-existieren-diesseitigen-futuriti-spielsaal-with-no-anzahlung-bonus/ HTTP/2" 200 18579 "-" "Mozilla/5.0 AppleWebKit/537.36 (KHTML, like Gecko; compatible; bingbot/2.0; +http://www.bing.com/bingbot.htm) Chrome/116.0.1938.76 Safari/537.36"
40.77.167.61 - - [28/Apr/2026:17:59:56 +0300] "GET /revolutionize-your-trading-approach-with-jupiter-swap-5/ HTTP/2" 200 18005 "-" "Mozilla/5.0 AppleWebKit/537.36 (KHTML, like Gecko; compatible; bingbot/2.0; +http://www.bing.com/bingbot.htm) Chrome/116.0.1938.76 Safari/537.36"
104.166.164.54 - - [28/Apr/2026:18:00:04 +0300] "POST /xmlrpc.php HTTP/1.1" 200 9466 "-" "Mozilla/5.0 (Windows NT 10.0; Win64; x64) AppleWebKit/537.36 (KHTML, like Gecko) Chrome/114.0.0.0 Safari/537.36"
104.166.164.54 - - [28/Apr/2026:18:00:24 +0300] "GET /cryptowild-casino-review-2026-blockspins-casino-crypto-casino-bonus-150-up-to-1-btc-150-100-percent-free-spins/ HTTP/1.1" 200 74645 "-" "Mozilla/5.0 (Windows NT 10.0; Win64; x64; rv:124.0) Gecko/20100101 Firefox/124.0"
185.216.113.70 - - [28/Apr/2026:18:02:57 +0300] "POST /wp-cron.php?doing_wp_cron=1777388577.1811780929565429687500 HTTP/1.1" 200 448 "-" "WordPress/6.3.8; https://serhatburke.miroglu.net"
23.81.230.235 - - [28/Apr/2026:18:02:43 +0300] "GET /novoline-casino-codice-bonus-registrazione/ HTTP/1.1" 200 17782 "-" "Mozilla/5.0 (compatible; Googlebot/2.1; +http://www.google.com/bot.html)"
185.216.113.70 - - [28/Apr/2026:18:04:02 +0300] "POST /wp-cron.php?doing_wp_cron=1777388642.5859189033508300781250 HTTP/1.1" 200 448 "-" "WordPress/6.3.8; https://serhatburke.miroglu.net"
128.14.102.152 - - [28/Apr/2026:18:03:50 +0300] "POST /xmlrpc.php HTTP/1.1" 200 630 "-" "Mozilla/5.0 (Windows NT 10.0; Win64; x64) AppleWebKit/537.36 (KHTML, like Gecko) Chrome/114.0.0.0 Safari/537.36"
128.14.102.152 - - [28/Apr/2026:18:04:09 +0300] "POST /xmlrpc.php HTTP/1.1" 200 14780 "-" "Mozilla/5.0 (Windows NT 10.0; Win64; x64) AppleWebKit/537.36 (KHTML, like Gecko) Chrome/114.0.0.0 Safari/537.36"
128.14.102.152 - - [28/Apr/2026:18:04:22 +0300] "GET /beste-casinos-via-5-ecu-mindesteinzahlung-pramie-verfugbar/ HTTP/1.1" 200 78931 "-" "Mozilla/5.0 (Windows NT 10.0; Win64; x64) AppleWebKit/537.36 (KHTML, like Gecko) Chrome/109.0.0.0 Safari/537.36"
185.216.113.70 - - [28/Apr/2026:18:06:37 +0300] "POST /wp-cron.php?doing_wp_cron=1777388797.4803249835968017578125 HTTP/1.1" 200 448 "-" "WordPress/6.3.8; https://serhatburke.miroglu.net"
158.69.22.136 - - [28/Apr/2026:18:06:23 +0300] "GET /88701-2/ HTTP/1.1" 200 18389 "-" "Mozilla/5.0 (compatible; Googlebot/2.1; +http://www.google.com/bot.html)"
45.39.4.233 - - [28/Apr/2026:18:07:05 +0300] "POST /wp-login.php HTTP/2" 302 0 "-" "Mozilla/5.0 (Windows NT 10.0; Win64; x64; rv:135.0) Gecko/20100101 Firefox/135.0"
45.39.4.233 - - [28/Apr/2026:18:07:19 +0300] "GET /wp-admin HTTP/2" 301 795 "https://serhatburke.miroglu.net/wp-login.php" "Mozilla/5.0 (Windows NT 10.0; Win64; x64; rv:135.0) Gecko/20100101 Firefox/135.0"
162.252.53.48 - - [28/Apr/2026:18:07:08 +0300] "POST /wp-login.php HTTP/2" 302 0 "-" "Mozilla/5.0 (Windows NT 10.0; Win64; x64; rv:135.0) Gecko/20100101 Firefox/135.0"
162.252.53.48 - - [28/Apr/2026:18:07:21 +0300] "GET /wp-admin HTTP/2" 301 795 "https://serhatburke.miroglu.net/wp-login.php" "Mozilla/5.0 (Windows NT 10.0; Win64; x64; rv:135.0) Gecko/20100101 Firefox/135.0"
45.39.4.233 - - [28/Apr/2026:18:07:20 +0300] "GET /wp-admin/ HTTP/2" 200 0 "https://serhatburke.miroglu.net/wp-admin" "Mozilla/5.0 (Windows NT 10.0; Win64; x64; rv:135.0) Gecko/20100101 Firefox/135.0"
162.252.53.48 - - [28/Apr/2026:18:07:22 +0300] "GET /wp-admin/ HTTP/2" 200 0 "https://serhatburke.miroglu.net/wp-admin" "Mozilla/5.0 (Windows NT 10.0; Win64; x64; rv:135.0) Gecko/20100101 Firefox/135.0"
185.216.113.70 - - [28/Apr/2026:18:07:52 +0300] "POST /wp-cron.php?doing_wp_cron=1777388872.3782329559326171875000 HTTP/1.1" 200 448 "-" "WordPress/6.3.8; https://serhatburke.miroglu.net"
162.252.53.154 - - [28/Apr/2026:18:07:34 +0300] "POST /wp-login.php HTTP/2" 302 0 "-" "Mozilla/5.0 (Windows NT 10.0; Win64; x64; rv:135.0) Gecko/20100101 Firefox/135.0"
162.252.53.154 - - [28/Apr/2026:18:07:53 +0300] "GET /wp-admin HTTP/2" 301 795 "https://serhatburke.miroglu.net/wp-login.php" "Mozilla/5.0 (Windows NT 10.0; Win64; x64; rv:135.0) Gecko/20100101 Firefox/135.0"
84.140.79.158 - - [28/Apr/2026:18:07:34 +0300] "POST /wp-login.php HTTP/2" 302 0 "-" "Mozilla/5.0 (Windows NT 10.0; Win64; x64; rv:135.0) Gecko/20100101 Firefox/135.0"
84.140.79.158 - - [28/Apr/2026:18:07:54 +0300] "GET /wp-admin HTTP/2" 301 795 "https://serhatburke.miroglu.net/wp-login.php" "Mozilla/5.0 (Windows NT 10.0; Win64; x64; rv:135.0) Gecko/20100101 Firefox/135.0"
172.121.39.153 - - [28/Apr/2026:18:07:38 +0300] "POST /wp-login.php HTTP/2" 302 0 "-" "Mozilla/5.0 (Windows NT 10.0; Win64; x64; rv:135.0) Gecko/20100101 Firefox/135.0"
172.121.39.153 - - [28/Apr/2026:18:07:58 +0300] "GET /wp-admin HTTP/2" 301 795 "https://serhatburke.miroglu.net/wp-login.php" "Mozilla/5.0 (Windows NT 10.0; Win64; x64; rv:135.0) Gecko/20100101 Firefox/135.0"
162.252.53.154 - - [28/Apr/2026:18:07:53 +0300] "GET /wp-admin/ HTTP/2" 200 0 "https://serhatburke.miroglu.net/wp-admin" "Mozilla/5.0 (Windows NT 10.0; Win64; x64; rv:135.0) Gecko/20100101 Firefox/135.0"
84.140.79.158 - - [28/Apr/2026:18:07:54 +0300] "GET /wp-admin/ HTTP/2" 200 0 "https://serhatburke.miroglu.net/wp-admin" "Mozilla/5.0 (Windows NT 10.0; Win64; x64; rv:135.0) Gecko/20100101 Firefox/135.0"
172.121.39.153 - - [28/Apr/2026:18:07:58 +0300] "GET /wp-admin/ HTTP/2" 200 0 "https://serhatburke.miroglu.net/wp-admin" "Mozilla/5.0 (Windows NT 10.0; Win64; x64; rv:135.0) Gecko/20100101 Firefox/135.0"
162.252.53.175 - - [28/Apr/2026:18:08:04 +0300] "POST /wp-login.php HTTP/2" 200 0 "-" "Mozilla/5.0 (Windows NT 10.0; Win64; x64; rv:135.0) Gecko/20100101 Firefox/135.0"
103.60.149.174 - - [28/Apr/2026:18:08:05 +0300] "POST /wp-login.php HTTP/2" 200 0 "-" "Mozilla/5.0 (Windows NT 10.0; Win64; x64; rv:135.0) Gecko/20100101 Firefox/135.0"
216.73.217.81 - - [28/Apr/2026:18:07:58 +0300] "GET /robots.txt HTTP/2" 200 110 "-" "Mozilla/5.0 AppleWebKit/537.36 (KHTML, like Gecko; compatible; ClaudeBot/1.0; +claudebot@anthropic.com)"
3.131.128.104 - - [28/Apr/2026:18:08:08 +0300] "POST /wp-login.php HTTP/2" 200 0 "-" "Mozilla/5.0 (Windows NT 10.0; Win64; x64; rv:135.0) Gecko/20100101 Firefox/135.0"
185.216.113.70 - - [28/Apr/2026:18:08:46 +0300] "POST /wp-cron.php?doing_wp_cron=1777388926.8690168857574462890625 HTTP/1.1" 200 448 "-" "WordPress/6.3.8; https://serhatburke.miroglu.net"
216.128.153.25 - - [28/Apr/2026:18:08:34 +0300] "POST /wp-login.php HTTP/2" 302 0 "-" "Mozilla/5.0 (Windows NT 10.0; Win64; x64; rv:135.0) Gecko/20100101 Firefox/135.0"
216.128.153.25 - - [28/Apr/2026:18:08:47 +0300] "GET /wp-admin HTTP/2" 301 795 "https://serhatburke.miroglu.net/wp-login.php" "Mozilla/5.0 (Windows NT 10.0; Win64; x64; rv:135.0) Gecko/20100101 Firefox/135.0"
45.3.35.138 - - [28/Apr/2026:18:08:39 +0300] "GET /wp-login.php HTTP/1.1" 200 4161 "-" "Wget/1.21.4"
216.128.153.25 - - [28/Apr/2026:18:08:48 +0300] "GET /wp-admin/ HTTP/2" 200 0 "https://serhatburke.miroglu.net/wp-admin" "Mozilla/5.0 (Windows NT 10.0; Win64; x64; rv:135.0) Gecko/20100101 Firefox/135.0"
45.3.35.138 - - [28/Apr/2026:18:09:08 +0300] "GET /wp-admin/ HTTP/1.1" 302 837 "-" "curl/7.88.1"
45.3.35.138 - - [28/Apr/2026:18:09:22 +0300] "GET /wp-login.php?redirect_to=https%3A%2F%2Fserhatburke.miroglu.net%2Fwp-admin%2F&reauth=1 HTTP/1.1" 200 6364 "https://serhatburke.miroglu.net/wp-admin/" "curl/7.88.1"
185.216.113.70 - - [28/Apr/2026:18:09:48 +0300] "POST /wp-cron.php?doing_wp_cron=1777388988.0721509456634521484375 HTTP/1.1" 200 448 "-" "WordPress/6.3.8; https://serhatburke.miroglu.net"
45.3.35.138 - - [28/Apr/2026:18:09:36 +0300] "POST /wp-login.php HTTP/1.1" 302 1332 "https://serhatburke.miroglu.net/wp-login.php?redirect_to=https%3A%2F%2Fserhatburke.miroglu.net%2Fwp-admin%2F&reauth=1" "Wget/1.21.4"
45.3.35.138 - - [28/Apr/2026:18:09:52 +0300] "GET /wp-admin/ HTTP/1.1" 200 244267 "https://serhatburke.miroglu.net/wp-login.php?redirect_to=https%3A%2F%2Fserhatburke.miroglu.net%2Fwp-admin%2F&reauth=1" "Wget/1.21.4"
185.216.113.70 - - [28/Apr/2026:18:10:05 +0300] "POST /wp-admin/admin-ajax.php?action=as_async_request_queue_runner&nonce=64dd753286 HTTP/1.1" 200 924 "-" "WordPress/6.3.8; https://serhatburke.miroglu.net"
45.3.35.138 - - [28/Apr/2026:18:10:19 +0300] "GET /wp-admin/admin.php?page=wc-orders HTTP/1.1" 403 1697 "-" "curl/8.6.0"
45.3.35.138 - - [28/Apr/2026:18:10:19 +0300] "GET /wp-admin/admin.php?page=wc-reports HTTP/1.1" 403 1697 "-" "curl/8.6.0"
185.216.113.70 - - [28/Apr/2026:18:10:57 +0300] "POST /wp-cron.php?doing_wp_cron=1777389057.4815580844879150390625 HTTP/1.1" 200 448 "-" "WordPress/6.3.8; https://serhatburke.miroglu.net"
45.3.35.138 - - [28/Apr/2026:18:10:38 +0300] "GET /wp-admin/edit.php?post_type=shop_order HTTP/1.1" 500 1996 "-" "curl/8.6.0"
128.14.102.152 - - [28/Apr/2026:18:10:39 +0300] "POST /xmlrpc.php HTTP/1.1" 200 630 "-" "Mozilla/5.0 (Windows NT 10.0; Win64; x64) AppleWebKit/537.36 (KHTML, like Gecko) Chrome/114.0.0.0 Safari/537.36"
45.3.35.138 - - [28/Apr/2026:18:10:39 +0300] "GET /wp-admin/post-new.php HTTP/1.1" 200 355555 "-" "curl/8.6.0"
40.77.167.1 - - [28/Apr/2026:18:11:03 +0300] "GET /her-er-noen-ikke-i-bruk-disse-mest-kjente-navnene-der-har-utlost-disse-storste-pottene-opp-gjennom-tidene-hvilken-pa-ways-beite-win-automatene-gjelder-det-bekk-na-hav-like-symboler-igang-3-dekknavn-n/ HTTP/2" 200 17961 "-" "Mozilla/5.0 AppleWebKit/537.36 (KHTML, like Gecko; compatible; bingbot/2.0; +http://www.bing.com/bingbot.htm) Chrome/116.0.1938.76 Safari/537.36"
128.14.102.152 - - [28/Apr/2026:18:11:05 +0300] "POST /xmlrpc.php HTTP/1.1" 200 15512 "-" "Mozilla/5.0 (Windows NT 10.0; Win64; x64) AppleWebKit/537.36 (KHTML, like Gecko) Chrome/114.0.0.0 Safari/537.36"
40.77.167.121 - - [28/Apr/2026:18:11:07 +0300] "GET /tragamonedas-john-wayne-resena-rtg-juegos-giros-sin-cargo-este-hipervinculo-carente-tanque-fa-fa-twins-donde-colaborar/ HTTP/2" 200 21544 "-" "Mozilla/5.0 AppleWebKit/537.36 (KHTML, like Gecko; compatible; bingbot/2.0; +http://www.bing.com/bingbot.htm) Chrome/116.0.1938.76 Safari/537.36"
185.216.113.70 - - [28/Apr/2026:18:11:44 +0300] "POST /wp-cron.php?doing_wp_cron=1777389104.7587130069732666015625 HTTP/1.1" 200 448 "-" "WordPress/6.3.8; https://serhatburke.miroglu.net"
128.14.102.152 - - [28/Apr/2026:18:11:32 +0300] "GET /druckgluck-erfahrungen-unser-verbunden-spielhalle-inoffizieller-mitarbeiter-probe-2026/ HTTP/1.1" 200 80511 "-" "Mozilla/5.0 (Windows NT 10.0; Win64; x64) AppleWebKit/537.36 (KHTML, like Gecko) Chrome/123.0.0.0 Safari/537.36"
185.216.113.70 - - [28/Apr/2026:18:12:44 +0300] "POST /wp-cron.php?doing_wp_cron=1777389164.7300910949707031250000 HTTP/1.1" 200 448 "-" "WordPress/6.3.8; https://serhatburke.miroglu.net"
43.225.191.89 - - [28/Apr/2026:18:12:23 +0300] "GET /beste-casino-site-belgie-hoge-inzet/ HTTP/1.1" 200 19265 "-" "Mozilla/5.0 (X11; Fedora; Linux x86_64; rv:114.0) Gecko/20100101 Firefox/114.0"
185.216.113.70 - - [28/Apr/2026:18:14:50 +0300] "POST /wp-cron.php?doing_wp_cron=1777389290.3410580158233642578125 HTTP/1.1" 200 448 "-" "WordPress/6.3.8; https://serhatburke.miroglu.net"
40.77.167.121 - - [28/Apr/2026:18:14:36 +0300] "GET /nadprogram-z-brakiem-depozytu-ewidencja-kasyn-wraz-z-bonusami-wyjawszy-wplaty-naszej/ HTTP/2" 200 20081 "-" "Mozilla/5.0 AppleWebKit/537.36 (KHTML, like Gecko; compatible; bingbot/2.0; +http://www.bing.com/bingbot.htm) Chrome/116.0.1938.76 Safari/537.36"
104.166.164.54 - - [28/Apr/2026:18:14:52 +0300] "POST /xmlrpc.php HTTP/1.1" 200 630 "-" "Mozilla/5.0 (Windows NT 10.0; Win64; x64) AppleWebKit/537.36 (KHTML, like Gecko) Chrome/114.0.0.0 Safari/537.36"
185.216.113.70 - - [28/Apr/2026:18:15:26 +0300] "POST /wp-cron.php?doing_wp_cron=1777389326.1387898921966552734375 HTTP/1.1" 200 448 "-" "WordPress/6.3.8; https://serhatburke.miroglu.net"
104.166.164.54 - - [28/Apr/2026:18:15:13 +0300] "POST /xmlrpc.php HTTP/1.1" 200 9278 "-" "Mozilla/5.0 (Windows NT 10.0; Win64; x64) AppleWebKit/537.36 (KHTML, like Gecko) Chrome/114.0.0.0 Safari/537.36"
104.166.164.54 - - [28/Apr/2026:18:15:28 +0300] "GET /better-betting-yeet-dinner-luxury-stays-in-traverse-urban-area-mi/ HTTP/1.1" 200 73455 "-" "Mozilla/5.0 (Windows NT 10.0; rv:109.0) Gecko/20100101 Firefox/115.0"
128.14.102.152 - - [28/Apr/2026:18:15:52 +0300] "POST /xmlrpc.php HTTP/1.1" 200 630 "-" "Mozilla/5.0 (Windows NT 10.0; Win64; x64) AppleWebKit/537.36 (KHTML, like Gecko) Chrome/114.0.0.0 Safari/537.36"
185.216.113.70 - - [28/Apr/2026:18:16:24 +0300] "POST /wp-cron.php?doing_wp_cron=1777389384.0799930095672607421875 HTTP/1.1" 200 448 "-" "WordPress/6.3.8; https://serhatburke.miroglu.net"
128.14.102.152 - - [28/Apr/2026:18:16:11 +0300] "POST /xmlrpc.php HTTP/1.1" 200 16055 "-" "Mozilla/5.0 (Windows NT 10.0; Win64; x64) AppleWebKit/537.36 (KHTML, like Gecko) Chrome/114.0.0.0 Safari/537.36"
128.14.102.152 - - [28/Apr/2026:18:16:26 +0300] "GET /verbunden-spielsaal-land-der-dichter-und-denker-traktandum-anbieter-2026-im-test/ HTTP/1.1" 200 80801 "-" "Mozilla/5.0 (Windows NT 10.0; Win64; x64; rv:125.0) Gecko/20100101 Firefox/125.0"
185.216.113.70 - - [28/Apr/2026:18:17:28 +0300] "POST /wp-cron.php?doing_wp_cron=1777389448.2106919288635253906250 HTTP/1.1" 200 448 "-" "WordPress/6.3.8; https://serhatburke.miroglu.net"
57.128.22.95 - - [28/Apr/2026:18:17:16 +0300] "GET /automaty-hazard-online/ HTTP/1.1" 200 18399 "-" "Mozilla/5.0 (compatible; Googlebot/2.1; +http://www.google.com/bot.html)"
185.216.113.70 - - [28/Apr/2026:18:19:02 +0300] "POST /wp-cron.php?doing_wp_cron=1777389542.4456720352172851562500 HTTP/1.1" 200 448 "-" "WordPress/6.3.8; https://serhatburke.miroglu.net"
113.211.215.120 - - [28/Apr/2026:18:18:49 +0300] "GET /88701-2/ HTTP/1.1" 200 18393 "https://serhatburke.miroglu.net/" "Mozilla/5.0 (X11; CrOS x86_64 14541.0.0) AppleWebKit/537.36 (KHTML, like Gecko) Chrome/144.0.0.0 Safari/537.36"
113.211.215.120 - - [28/Apr/2026:18:19:03 +0300] "GET /wp-includes/css/dist/block-library/style.min.css?ver=6.3.8 HTTP/1.1" 200 13578 "https://serhatburke.miroglu.net/88701-2/" "Mozilla/5.0 (Windows NT 10.0; Win64; x64) AppleWebKit/537.36 (KHTML, like Gecko) Chrome/145.0.0.0 Safari/537.36"
113.211.215.120 - - [28/Apr/2026:18:19:04 +0300] "GET /wp-content/plugins/contact-form-7/includes/css/styles.css?ver=5.8 HTTP/1.1" 200 1490 "https://serhatburke.miroglu.net/88701-2/" "Mozilla/5.0 (Windows NT 10.0; Win64; x64) AppleWebKit/537.36 (KHTML, like Gecko) Chrome/145.0.0.0 Safari/537.36"
113.211.215.120 - - [28/Apr/2026:18:19:05 +0300] "GET /wp-content/themes/toppic/css/fontello.css?ver=4.2 HTTP/1.1" 200 1802 "https://serhatburke.miroglu.net/88701-2/" "Mozilla/5.0 (Windows NT 10.0; Win64; x64) AppleWebKit/537.36 (KHTML, like Gecko) Chrome/145.0.0.0 Safari/537.36"
113.211.215.120 - - [28/Apr/2026:18:19:06 +0300] "GET /wp-content/themes/toppic/css/reset.css?ver=4.2 HTTP/1.1" 200 1178 "https://serhatburke.miroglu.net/88701-2/" "Mozilla/5.0 (Windows NT 10.0; Win64; x64) AppleWebKit/537.36 (KHTML, like Gecko) Chrome/145.0.0.0 Safari/537.36"
113.211.215.120 - - [28/Apr/2026:18:19:09 +0300] "GET /wp-content/themes/toppic/css/default.css?ver=4.2 HTTP/1.1" 200 1811 "https://serhatburke.miroglu.net/88701-2/" "Mozilla/5.0 (Windows NT 10.0; Win64; x64) AppleWebKit/537.36 (KHTML, like Gecko) Chrome/145.0.0.0 Safari/537.36"
113.211.215.120 - - [28/Apr/2026:18:19:10 +0300] "GET /wp-content/themes/toppic/style.css?ver=4.2 HTTP/1.1" 200 23398 "https://serhatburke.miroglu.net/88701-2/" "Mozilla/5.0 (Windows NT 10.0; Win64; x64) AppleWebKit/537.36 (KHTML, like Gecko) Chrome/145.0.0.0 Safari/537.36"
113.211.215.120 - - [28/Apr/2026:18:19:11 +0300] "GET /wp-content/themes/toppic/css/royalslider.css?ver=4.2 HTTP/1.1" 200 1887 "https://serhatburke.miroglu.net/88701-2/" "Mozilla/5.0 (Windows NT 10.0; Win64; x64) AppleWebKit/537.36 (KHTML, like Gecko) Chrome/145.0.0.0 Safari/537.36"
113.211.215.120 - - [28/Apr/2026:18:19:12 +0300] "GET /wp-content/themes/toppic/css/rs-default.css?ver=4.2 HTTP/1.1" 200 2625 "https://serhatburke.miroglu.net/88701-2/" "Mozilla/5.0 (Windows NT 10.0; Win64; x64) AppleWebKit/537.36 (KHTML, like Gecko) Chrome/145.0.0.0 Safari/537.36"
113.211.215.120 - - [28/Apr/2026:18:19:12 +0300] "GET /wp-content/themes/toppic/css/lightbox.css?ver=4.2 HTTP/1.1" 200 2956 "https://serhatburke.miroglu.net/88701-2/" "Mozilla/5.0 (Windows NT 10.0; Win64; x64) AppleWebKit/537.36 (KHTML, like Gecko) Chrome/145.0.0.0 Safari/537.36"
113.211.215.120 - - [28/Apr/2026:18:19:13 +0300] "GET /wp-content/themes/toppic/css/woocommerce.css?ver=4.2 HTTP/1.1" 200 2848 "https://serhatburke.miroglu.net/88701-2/" "Mozilla/5.0 (Windows NT 10.0; Win64; x64) AppleWebKit/537.36 (KHTML, like Gecko) Chrome/145.0.0.0 Safari/537.36"
