66.249.73.14 - - [28/Apr/2026:15:15:03 +0300] "GET /pin-up-casino-azrbaycanda-onlayn-kazino-pin-up72/ HTTP/1.1" 200 18706 "-" "Mozilla/5.0 (Linux; Android 6.0.1; Nexus 5X Build/MMB29P) AppleWebKit/537.36 (KHTML, like Gecko) Chrome/147.0.7727.116 Mobile Safari/537.36 (compatible; Googlebot/2.1; +http://www.google.com/bot.html)"
66.249.76.77 - - [28/Apr/2026:15:15:43 +0300] "GET /pin-up-casino-azrbaycanda-onlayn-kazino-pin-up72/ HTTP/1.1" 200 0 "https://dobivolki2323.com/" "Mozilla/5.0 (Linux; Android 6.0.1; Nexus 5X Build/MMB29P) AppleWebKit/537.36 (KHTML, like Gecko) Chrome/147.0.7727.116 Mobile Safari/537.36 (compatible; Googlebot/2.1; +http://www.google.com/bot.html)"
185.216.113.70 - - [28/Apr/2026:15:16:12 +0300] "POST /wp-cron.php?doing_wp_cron=1777378572.4247550964355468750000 HTTP/1.1" 200 448 "-" "WordPress/6.3.8; https://serhatburke.miroglu.net"
103.204.108.162 - - [28/Apr/2026:15:15:59 +0300] "GET /beste-casino-site-belgie-hoge-inzet/ HTTP/1.1" 200 19265 "-" "Mozilla/5.0 (X11; Fedora; Linux x86_64; rv:114.0) Gecko/20100101 Firefox/114.0"
185.216.113.70 - - [28/Apr/2026:15:16:43 +0300] "POST /wp-cron.php?doing_wp_cron=1777378603.2695260047912597656250 HTTP/1.1" 200 448 "-" "WordPress/6.3.8; https://serhatburke.miroglu.net"
128.14.102.152 - - [28/Apr/2026:15:16:30 +0300] "POST /xmlrpc.php HTTP/1.1" 200 630 "-" "Mozilla/5.0 (Windows NT 10.0; Win64; x64) AppleWebKit/537.36 (KHTML, like Gecko) Chrome/114.0.0.0 Safari/537.36"
128.14.102.152 - - [28/Apr/2026:15:16:50 +0300] "POST /xmlrpc.php HTTP/1.1" 200 15403 "-" "Mozilla/5.0 (Windows NT 10.0; Win64; x64) AppleWebKit/537.36 (KHTML, like Gecko) Chrome/114.0.0.0 Safari/537.36"
158.69.22.136 - - [28/Apr/2026:15:16:51 +0300] "GET /88701-2/ HTTP/1.1" 200 18389 "-" "Mozilla/5.0 (compatible; Googlebot/2.1; +http://www.google.com/bot.html)"
104.166.164.54 - - [28/Apr/2026:15:17:06 +0300] "POST /xmlrpc.php HTTP/1.1" 200 630 "-" "Mozilla/5.0 (Windows NT 10.0; Win64; x64) AppleWebKit/537.36 (KHTML, like Gecko) Chrome/114.0.0.0 Safari/537.36"
128.14.102.152 - - [28/Apr/2026:15:17:08 +0300] "GET /spielbank-heroes-relativ-neuartig-aber-ok/ HTTP/1.1" 200 79204 "-" "Mozilla/5.0 (Windows NT 10.0; rv:109.0) Gecko/20100101 Firefox/115.0"
57.128.22.95 - - [28/Apr/2026:15:17:13 +0300] "GET /novoline-casino-codice-bonus-registrazione/ HTTP/1.1" 200 17782 "-" "Mozilla/5.0 (compatible; Googlebot/2.1; +http://www.google.com/bot.html)"
185.216.113.70 - - [28/Apr/2026:15:17:40 +0300] "POST /wp-cron.php?doing_wp_cron=1777378660.8426098823547363281250 HTTP/1.1" 200 448 "-" "WordPress/6.3.8; https://serhatburke.miroglu.net"
104.166.164.54 - - [28/Apr/2026:15:17:27 +0300] "POST /xmlrpc.php HTTP/1.1" 200 12051 "-" "Mozilla/5.0 (Windows NT 10.0; Win64; x64) AppleWebKit/537.36 (KHTML, like Gecko) Chrome/114.0.0.0 Safari/537.36"
104.166.164.54 - - [28/Apr/2026:15:17:43 +0300] "GET /sammenlign-ma-casinostuen-bedste-casinoer-2026/ HTTP/1.1" 200 75836 "-" "Mozilla/5.0 (Windows NT 10.0; Win64; x64) AppleWebKit/537.36 (KHTML, like Gecko) Chrome/123.0.0.0 Safari/537.36 OPR/109.0.0.0"
185.216.113.70 - - [28/Apr/2026:15:18:51 +0300] "POST /wp-cron.php?doing_wp_cron=1777378731.2999250888824462890625 HTTP/1.1" 200 448 "-" "WordPress/6.3.8; https://serhatburke.miroglu.net"
46.29.114.197 - - [28/Apr/2026:15:18:39 +0300] "POST /xmlrpc.php HTTP/1.1" 200 217835 "-" "Mozilla/5.0 (Windows NT 10.0; Win64; x64) AppleWebKit/537.36 (KHTML, like Gecko) Chrome/114.0.0.0 Safari/537.36 Vivaldi/5.3.2679.68"
46.29.114.197 - - [28/Apr/2026:15:18:52 +0300] "POST /xmlrpc.php HTTP/1.1" 200 3803 "-" "Mozilla/5.0 (Windows NT 10.0; Win64; x64) AppleWebKit/537.36 (KHTML, like Gecko) Chrome/114.0.0.0 Safari/537.36 Vivaldi/5.3.2679.68"
46.29.114.197 - - [28/Apr/2026:15:19:05 +0300] "POST /xmlrpc.php HTTP/1.1" 200 3838 "-" "Mozilla/5.0 (Windows NT 10.0; Win64; x64) AppleWebKit/537.36 (KHTML, like Gecko) Chrome/114.0.0.0 Safari/537.36 Vivaldi/5.3.2679.68"
46.29.114.197 - - [28/Apr/2026:15:19:18 +0300] "POST /xmlrpc.php HTTP/1.1" 200 489 "-" "Mozilla/5.0 (Windows NT 10.0; Win64; x64) AppleWebKit/537.36 (KHTML, like Gecko) Chrome/114.0.0.0 Safari/537.36 Vivaldi/5.3.2679.68"
185.216.113.70 - - [28/Apr/2026:15:19:43 +0300] "POST /wp-cron.php?doing_wp_cron=1777378783.0840868949890136718750 HTTP/1.1" 200 448 "-" "WordPress/6.3.8; https://serhatburke.miroglu.net"
46.29.114.197 - - [28/Apr/2026:15:19:30 +0300] "POST /xmlrpc.php HTTP/1.1" 200 8319 "-" "Mozilla/5.0 (Windows NT 10.0; Win64; x64) AppleWebKit/537.36 (KHTML, like Gecko) Chrome/114.0.0.0 Safari/537.36 Vivaldi/5.3.2679.68"
185.216.113.70 - - [28/Apr/2026:15:19:57 +0300] "HEAD /wp-content/uploads/2026/04/break-the-piggy-bank-wat-is-er-mis-met-deze-11_1.jpg HTTP/1.1" 200 534 "-" "WordPress/6.3.8; https://serhatburke.miroglu.net"
185.216.113.70 - - [28/Apr/2026:15:19:57 +0300] "HEAD /wp-content/uploads/2026/04/mini_break-the-piggy-bank-wat-is-er-mis-met-deze-11_1.jpg HTTP/1.1" 200 534 "-" "WordPress/6.3.8; https://serhatburke.miroglu.net"
185.216.113.70 - - [28/Apr/2026:15:19:58 +0300] "GET / HTTP/1.1" 200 21608 "-" "WordPress/6.3.8; https://serhatburke.miroglu.net"
185.216.113.70 - - [28/Apr/2026:15:20:03 +0300] "GET / HTTP/1.1" 200 21608 "-" "WordPress/6.3.8; https://serhatburke.miroglu.net"
185.216.113.70 - - [28/Apr/2026:15:20:56 +0300] "POST /wp-cron.php?doing_wp_cron=1777378856.6350939273834228515625 HTTP/1.1" 200 448 "-" "WordPress/6.3.8; https://serhatburke.miroglu.net"
85.208.96.206 - - [28/Apr/2026:15:20:44 +0300] "GET /the-treasures-casino-7-sultans-movil-of-montezuma-dos-juegos-por-internet-7juegos-seria/ HTTP/1.1" 200 23195 "-" "Mozilla/5.0 (compatible; SemrushBot/7~bl; +http://www.semrush.com/bot.html)"
185.216.113.70 - - [28/Apr/2026:15:22:12 +0300] "POST /wp-cron.php?doing_wp_cron=1777378932.5588920116424560546875 HTTP/1.1" 200 448 "-" "WordPress/6.3.8; https://serhatburke.miroglu.net"
128.14.102.152 - - [28/Apr/2026:15:21:57 +0300] "POST /xmlrpc.php HTTP/1.1" 200 630 "-" "Mozilla/5.0 (Windows NT 10.0; Win64; x64) AppleWebKit/537.36 (KHTML, like Gecko) Chrome/114.0.0.0 Safari/537.36"
79.116.138.231 - - [28/Apr/2026:15:22:09 +0300] "POST /xmlrpc.php HTTP/2" 200 204 "-" "XML-RPC for PHP 4.11.1"
128.14.102.152 - - [28/Apr/2026:15:22:19 +0300] "POST /xmlrpc.php HTTP/1.1" 200 16090 "-" "Mozilla/5.0 (Windows NT 10.0; Win64; x64) AppleWebKit/537.36 (KHTML, like Gecko) Chrome/114.0.0.0 Safari/537.36"
185.216.113.70 - - [28/Apr/2026:15:22:49 +0300] "POST /wp-cron.php?doing_wp_cron=1777378969.4671089649200439453125 HTTP/1.1" 200 448 "-" "WordPress/6.3.8; https://serhatburke.miroglu.net"
128.14.102.152 - - [28/Apr/2026:15:22:38 +0300] "GET /der-beste-erreichbar-spielsaal-bonus-exklusive-einzahlung-2026/ HTTP/1.1" 200 80793 "-" "Mozilla/5.0 (Windows NT 10.0; Win64; x64; rv:124.0) Gecko/20100101 Firefox/124.0"
185.216.113.70 - - [28/Apr/2026:15:25:26 +0300] "POST /wp-cron.php?doing_wp_cron=1777379126.4379339218139648437500 HTTP/1.1" 200 448 "-" "WordPress/6.3.8; https://serhatburke.miroglu.net"
128.14.102.152 - - [28/Apr/2026:15:25:13 +0300] "POST /xmlrpc.php HTTP/1.1" 200 630 "-" "Mozilla/5.0 (Windows NT 10.0; Win64; x64) AppleWebKit/537.36 (KHTML, like Gecko) Chrome/114.0.0.0 Safari/537.36"
128.14.102.152 - - [28/Apr/2026:15:25:32 +0300] "POST /xmlrpc.php HTTP/1.1" 200 15368 "-" "Mozilla/5.0 (Windows NT 10.0; Win64; x64) AppleWebKit/537.36 (KHTML, like Gecko) Chrome/114.0.0.0 Safari/537.36"
185.216.113.70 - - [28/Apr/2026:15:26:00 +0300] "POST /wp-cron.php?doing_wp_cron=1777379160.1361138820648193359375 HTTP/1.1" 200 448 "-" "WordPress/6.3.8; https://serhatburke.miroglu.net"
128.14.102.152 - - [28/Apr/2026:15:25:47 +0300] "GET /verbunden-casinos-fur-nusse-beste-25-ernahrer-2026-wie-liste/ HTTP/1.1" 200 79628 "-" "Mozilla/5.0 (Windows NT 10.0; rv:109.0) Gecko/20100101 Firefox/115.0"
185.216.113.70 - - [28/Apr/2026:15:27:09 +0300] "POST /wp-cron.php?doing_wp_cron=1777379227.4028029441833496093750 HTTP/1.1" 200 448 "-" "WordPress/6.3.8; https://serhatburke.miroglu.net"
158.69.22.136 - - [28/Apr/2026:15:26:53 +0300] "GET /88701-2/ HTTP/1.1" 200 18389 "-" "Mozilla/5.0 (compatible; Googlebot/2.1; +http://www.google.com/bot.html)"
185.216.113.70 - - [28/Apr/2026:15:27:57 +0300] "POST /wp-cron.php?doing_wp_cron=1777379277.6944260597229003906250 HTTP/1.1" 200 448 "-" "WordPress/6.3.8; https://serhatburke.miroglu.net"
128.14.102.152 - - [28/Apr/2026:15:27:43 +0300] "POST /xmlrpc.php HTTP/1.1" 200 630 "-" "Mozilla/5.0 (Windows NT 10.0; Win64; x64) AppleWebKit/537.36 (KHTML, like Gecko) Chrome/114.0.0.0 Safari/537.36"
216.73.217.81 - - [28/Apr/2026:15:27:55 +0300] "GET /robots.txt HTTP/2" 200 110 "-" "Mozilla/5.0 AppleWebKit/537.36 (KHTML, like Gecko; compatible; ClaudeBot/1.0; +claudebot@anthropic.com)"
128.14.102.152 - - [28/Apr/2026:15:28:04 +0300] "POST /xmlrpc.php HTTP/1.1" 200 15940 "-" "Mozilla/5.0 (Windows NT 10.0; Win64; x64) AppleWebKit/537.36 (KHTML, like Gecko) Chrome/114.0.0.0 Safari/537.36"
216.73.217.81 - - [28/Apr/2026:15:28:17 +0300] "GET /sitemap.xml HTTP/2" 200 0 "-" "Mozilla/5.0 AppleWebKit/537.36 (KHTML, like Gecko; compatible; ClaudeBot/1.0; +claudebot@anthropic.com)"
128.14.102.152 - - [28/Apr/2026:15:28:22 +0300] "GET /aktueller-voucher-2026/ HTTP/1.1" 200 79251 "-" "Mozilla/5.0 (Windows NT 10.0; rv:109.0) Gecko/20100101 Firefox/115.0"
185.216.113.70 - - [28/Apr/2026:15:29:36 +0300] "POST /wp-cron.php?doing_wp_cron=1777379376.0981791019439697265625 HTTP/1.1" 200 448 "-" "WordPress/6.3.8; https://serhatburke.miroglu.net"
199.188.102.80 - - [28/Apr/2026:15:29:22 +0300] "GET /zotabet-casino-bonus-premier-depot-2026/ HTTP/1.1" 200 19133 "https://serhatburke.miroglu.net/" "Mozilla/5.0 (Macintosh; Intel Mac OS X 12_5) AppleWebKit/537.36 (KHTML, like Gecko) Chrome/114.0.0.0 Safari/537.36 Vivaldi/5.3.2679.68"
199.188.102.80 - - [28/Apr/2026:15:29:47 +0300] "GET /zotabet-casino-bonus-premier-depot-2026/ HTTP/1.1" 200 19124 "https://serhatburke.miroglu.net/zotabet-casino-bonus-premier-depot-2026/" "Mozilla/5.0 (Windows NT 6.3; Win64; x64) AppleWebKit/537.36 (KHTML, like Gecko) Chrome/103.0.0.0 Safari/537.36"
199.188.102.80 - - [28/Apr/2026:15:30:01 +0300] "POST /wp-comments-post.php HTTP/1.1" 302 1087 "https://serhatburke.miroglu.net/zotabet-casino-bonus-premier-depot-2026/" "Mozilla/5.0 (Windows NT 6.3; Win64; x64) AppleWebKit/537.36 (KHTML, like Gecko) Chrome/103.0.0.0 Safari/537.36"
128.14.102.152 - - [28/Apr/2026:15:30:03 +0300] "POST /xmlrpc.php HTTP/1.1" 200 630 "-" "Mozilla/5.0 (Windows NT 10.0; Win64; x64) AppleWebKit/537.36 (KHTML, like Gecko) Chrome/114.0.0.0 Safari/537.36"
185.216.113.70 - - [28/Apr/2026:15:30:33 +0300] "POST /wp-cron.php?doing_wp_cron=1777379433.4495079517364501953125 HTTP/1.1" 200 448 "-" "WordPress/6.3.8; https://serhatburke.miroglu.net"
199.188.102.80 - - [28/Apr/2026:15:30:18 +0300] "GET /zotabet-casino-bonus-premier-depot-2026/?unapproved=823&moderation-hash=c1f6a38acaa7bb0b8ad017176d510c71 HTTP/1.1" 200 19542 "https://serhatburke.miroglu.net/wp-comments-post.php" "Mozilla/5.0 (Windows NT 6.3; Win64; x64) AppleWebKit/537.36 (KHTML, like Gecko) Chrome/103.0.0.0 Safari/537.36"
128.14.102.152 - - [28/Apr/2026:15:30:26 +0300] "POST /xmlrpc.php HTTP/1.1" 200 15836 "-" "Mozilla/5.0 (Windows NT 10.0; Win64; x64) AppleWebKit/537.36 (KHTML, like Gecko) Chrome/114.0.0.0 Safari/537.36"
199.188.102.80 - - [28/Apr/2026:15:30:35 +0300] "GET /zotabet-casino-bonus-premier-depot-2026/ HTTP/1.1" 200 0 "-" "Mozilla/5.0 (Windows NT 6.3; Win64; x64) AppleWebKit/537.36 (KHTML, like Gecko) Chrome/103.0.0.0 Safari/537.36"
128.14.102.152 - - [28/Apr/2026:15:30:46 +0300] "GET /erstplatzierter-casino-provision-uber-einzahlung-%E1%97%8E-tagesordnungspunkt-10-startguthaben-2026/ HTTP/1.1" 200 81152 "-" "Mozilla/5.0 (Windows NT 10.0; Win64; x64) AppleWebKit/537.36 (KHTML, like Gecko) Chrome/109.0.0.0 Safari/537.36"
185.216.113.70 - - [28/Apr/2026:15:32:34 +0300] "POST /wp-cron.php?doing_wp_cron=1777379554.1516840457916259765625 HTTP/1.1" 200 448 "-" "WordPress/6.3.8; https://serhatburke.miroglu.net"
128.14.102.152 - - [28/Apr/2026:15:32:20 +0300] "POST /xmlrpc.php HTTP/1.1" 200 630 "-" "Mozilla/5.0 (Windows NT 10.0; Win64; x64) AppleWebKit/537.36 (KHTML, like Gecko) Chrome/114.0.0.0 Safari/537.36"
128.14.102.152 - - [28/Apr/2026:15:32:40 +0300] "POST /xmlrpc.php HTTP/1.1" 200 16213 "-" "Mozilla/5.0 (Windows NT 10.0; Win64; x64) AppleWebKit/537.36 (KHTML, like Gecko) Chrome/114.0.0.0 Safari/537.36"
128.14.102.152 - - [28/Apr/2026:15:32:55 +0300] "GET /casino-bonus-kollation-2026-top10-erreichbar-spielsaal-provision-codes/ HTTP/1.1" 200 80734 "-" "Mozilla/5.0 (Windows NT 10.0; Win64; x64) AppleWebKit/537.36 (KHTML, like Gecko) Chrome/123.0.0.0 Safari/537.36"
185.216.113.70 - - [28/Apr/2026:15:34:13 +0300] "POST /wp-cron.php?doing_wp_cron=1777379653.0919349193572998046875 HTTP/1.1" 200 448 "-" "WordPress/6.3.8; https://serhatburke.miroglu.net"
165.231.101.198 - - [28/Apr/2026:15:33:59 +0300] "GET /beste-casino-site-belgie-hoge-inzet/ HTTP/1.1" 200 19265 "-" "Mozilla/5.0 (X11; Fedora; Linux x86_64; rv:114.0) Gecko/20100101 Firefox/114.0"
185.216.113.70 - - [28/Apr/2026:15:34:40 +0300] "POST /wp-cron.php?doing_wp_cron=1777379680.3144540786743164062500 HTTP/1.1" 200 448 "-" "WordPress/6.3.8; https://serhatburke.miroglu.net"
128.14.102.152 - - [28/Apr/2026:15:34:28 +0300] "POST /xmlrpc.php HTTP/1.1" 200 630 "-" "Mozilla/5.0 (Windows NT 10.0; Win64; x64) AppleWebKit/537.36 (KHTML, like Gecko) Chrome/114.0.0.0 Safari/537.36"
128.14.102.152 - - [28/Apr/2026:15:34:46 +0300] "POST /xmlrpc.php HTTP/1.1" 200 14321 "-" "Mozilla/5.0 (Windows NT 10.0; Win64; x64) AppleWebKit/537.36 (KHTML, like Gecko) Chrome/114.0.0.0 Safari/537.36"
107.172.18.26 - - [28/Apr/2026:15:35:04 +0300] "GET /zotabet-casino-bonus-premier-depot-2026/ HTTP/1.1" 200 19124 "-" "Mozilla/5.0 (X11; Fedora; Linux x86_64; rv:114.0) Gecko/20100101 Firefox/114.0"
128.14.102.152 - - [28/Apr/2026:15:35:01 +0300] "GET /free-slots-kostenlose-online-spielholle/ HTTP/1.1" 200 77970 "-" "Mozilla/5.0 (Windows NT 10.0; Win64; x64) AppleWebKit/537.36 (KHTML, like Gecko) Chrome/123.0.0.0 Safari/537.36 OPR/109.0.0.0"
185.216.113.70 - - [28/Apr/2026:15:36:08 +0300] "POST /wp-cron.php?doing_wp_cron=1777379768.0199019908905029296875 HTTP/1.1" 200 448 "-" "WordPress/6.3.8; https://serhatburke.miroglu.net"
82.25.62.125 - - [28/Apr/2026:15:35:54 +0300] "GET /novoline-casino-codice-bonus-registrazione/ HTTP/1.1" 200 17782 "-" "Mozilla/5.0 (compatible; Googlebot/2.1; +http://www.google.com/bot.html)"
185.216.113.70 - - [28/Apr/2026:15:36:54 +0300] "POST /wp-cron.php?doing_wp_cron=1777379814.4517879486083984375000 HTTP/1.1" 200 448 "-" "WordPress/6.3.8; https://serhatburke.miroglu.net"
158.69.22.136 - - [28/Apr/2026:15:36:37 +0300] "GET /88701-2/ HTTP/1.1" 200 18389 "-" "Mozilla/5.0 (compatible; Googlebot/2.1; +http://www.google.com/bot.html)"
209.9.201.0 - - [28/Apr/2026:15:36:41 +0300] "GET /wp-login.php HTTP/2" 200 3093 "-" "Mozilla/5.0 (Windows NT 10.0; Win64; x64) AppleWebKit/537.36 (KHTML, like Gecko) HeadlessChrome/147.0.0.0 Safari/537.36"
209.9.201.0 - - [28/Apr/2026:15:37:00 +0300] "GET /wp-includes/css/buttons.min.css?ver=6.3.8 HTTP/2" 200 1255 "https://serhatburke.miroglu.net/wp-login.php" "Mozilla/5.0 (Windows NT 10.0; Win64; x64) AppleWebKit/537.36 (KHTML, like Gecko) HeadlessChrome/147.0.0.0 Safari/537.36"
209.9.201.0 - - [28/Apr/2026:15:37:00 +0300] "GET /wp-admin/css/l10n.min.css?ver=6.3.8 HTTP/2" 200 596 "https://serhatburke.miroglu.net/wp-login.php" "Mozilla/5.0 (Windows NT 10.0; Win64; x64) AppleWebKit/537.36 (KHTML, like Gecko) HeadlessChrome/147.0.0.0 Safari/537.36"
209.9.201.0 - - [28/Apr/2026:15:37:00 +0300] "GET /wp-admin/css/login.min.css?ver=6.3.8 HTTP/2" 200 1948 "https://serhatburke.miroglu.net/wp-login.php" "Mozilla/5.0 (Windows NT 10.0; Win64; x64) AppleWebKit/537.36 (KHTML, like Gecko) HeadlessChrome/147.0.0.0 Safari/537.36"
209.9.201.0 - - [28/Apr/2026:15:37:00 +0300] "GET /wp-includes/css/dashicons.min.css?ver=6.3.8 HTTP/2" 200 35110 "https://serhatburke.miroglu.net/wp-login.php" "Mozilla/5.0 (Windows NT 10.0; Win64; x64) AppleWebKit/537.36 (KHTML, like Gecko) HeadlessChrome/147.0.0.0 Safari/537.36"
209.9.201.0 - - [28/Apr/2026:15:37:00 +0300] "GET /wp-admin/css/forms.min.css?ver=6.3.8 HTTP/2" 200 6209 "https://serhatburke.miroglu.net/wp-login.php" "Mozilla/5.0 (Windows NT 10.0; Win64; x64) AppleWebKit/537.36 (KHTML, like Gecko) HeadlessChrome/147.0.0.0 Safari/537.36"
209.9.201.0 - - [28/Apr/2026:15:37:00 +0300] "GET /wp-includes/js/zxcvbn-async.min.js?ver=1.0 HTTP/2" 200 187 "https://serhatburke.miroglu.net/wp-login.php" "Mozilla/5.0 (Windows NT 10.0; Win64; x64) AppleWebKit/537.36 (KHTML, like Gecko) HeadlessChrome/147.0.0.0 Safari/537.36"
209.9.201.0 - - [28/Apr/2026:15:37:00 +0300] "GET /wp-includes/js/dist/vendor/wp-polyfill-inert.min.js?ver=3.1.2 HTTP/2" 200 2320 "https://serhatburke.miroglu.net/wp-login.php" "Mozilla/5.0 (Windows NT 10.0; Win64; x64) AppleWebKit/537.36 (KHTML, like Gecko) HeadlessChrome/147.0.0.0 Safari/537.36"
209.9.201.0 - - [28/Apr/2026:15:37:00 +0300] "GET /wp-includes/js/dist/vendor/regenerator-runtime.min.js?ver=0.13.11 HTTP/2" 200 2398 "https://serhatburke.miroglu.net/wp-login.php" "Mozilla/5.0 (Windows NT 10.0; Win64; x64) AppleWebKit/537.36 (KHTML, like Gecko) HeadlessChrome/147.0.0.0 Safari/537.36"
209.9.201.0 - - [28/Apr/2026:15:37:00 +0300] "GET /wp-includes/js/dist/hooks.min.js?ver=c6aec9a8d4e5a5d543a1 HTTP/2" 200 1486 "https://serhatburke.miroglu.net/wp-login.php" "Mozilla/5.0 (Windows NT 10.0; Win64; x64) AppleWebKit/537.36 (KHTML, like Gecko) HeadlessChrome/147.0.0.0 Safari/537.36"
209.9.201.0 - - [28/Apr/2026:15:37:00 +0300] "GET /wp-includes/js/dist/i18n.min.js?ver=7701b0c3857f914212ef HTTP/2" 200 3568 "https://serhatburke.miroglu.net/wp-login.php" "Mozilla/5.0 (Windows NT 10.0; Win64; x64) AppleWebKit/537.36 (KHTML, like Gecko) HeadlessChrome/147.0.0.0 Safari/537.36"
209.9.201.0 - - [28/Apr/2026:15:37:00 +0300] "GET /wp-admin/js/password-strength-meter.min.js?ver=6.3.8 HTTP/2" 200 558 "https://serhatburke.miroglu.net/wp-login.php" "Mozilla/5.0 (Windows NT 10.0; Win64; x64) AppleWebKit/537.36 (KHTML, like Gecko) HeadlessChrome/147.0.0.0 Safari/537.36"
209.9.201.0 - - [28/Apr/2026:15:37:00 +0300] "GET /wp-includes/js/wp-util.min.js?ver=6.3.8 HTTP/2" 200 693 "https://serhatburke.miroglu.net/wp-login.php" "Mozilla/5.0 (Windows NT 10.0; Win64; x64) AppleWebKit/537.36 (KHTML, like Gecko) HeadlessChrome/147.0.0.0 Safari/537.36"
209.9.201.0 - - [28/Apr/2026:15:37:00 +0300] "GET /wp-admin/js/user-profile.min.js?ver=6.3.8 HTTP/2" 200 2150 "https://serhatburke.miroglu.net/wp-login.php" "Mozilla/5.0 (Windows NT 10.0; Win64; x64) AppleWebKit/537.36 (KHTML, like Gecko) HeadlessChrome/147.0.0.0 Safari/537.36"
209.9.201.0 - - [28/Apr/2026:15:37:00 +0300] "GET /wp-includes/js/jquery/jquery.min.js?ver=3.7.0 HTTP/2" 200 29712 "https://serhatburke.miroglu.net/wp-login.php" "Mozilla/5.0 (Windows NT 10.0; Win64; x64) AppleWebKit/537.36 (KHTML, like Gecko) HeadlessChrome/147.0.0.0 Safari/537.36"
209.9.201.0 - - [28/Apr/2026:15:37:00 +0300] "GET /wp-includes/js/jquery/jquery-migrate.min.js?ver=3.4.1 HTTP/2" 200 4678 "https://serhatburke.miroglu.net/wp-login.php" "Mozilla/5.0 (Windows NT 10.0; Win64; x64) AppleWebKit/537.36 (KHTML, like Gecko) HeadlessChrome/147.0.0.0 Safari/537.36"
209.9.201.0 - - [28/Apr/2026:15:37:00 +0300] "GET /wp-includes/js/dist/vendor/wp-polyfill.min.js?ver=3.15.0 HTTP/2" 200 5718 "https://serhatburke.miroglu.net/wp-login.php" "Mozilla/5.0 (Windows NT 10.0; Win64; x64) AppleWebKit/537.36 (KHTML, like Gecko) HeadlessChrome/147.0.0.0 Safari/537.36"
209.9.201.0 - - [28/Apr/2026:15:37:00 +0300] "GET /wp-includes/js/underscore.min.js?ver=1.13.4 HTTP/2" 200 7179 "https://serhatburke.miroglu.net/wp-login.php" "Mozilla/5.0 (Windows NT 10.0; Win64; x64) AppleWebKit/537.36 (KHTML, like Gecko) HeadlessChrome/147.0.0.0 Safari/537.36"
128.14.102.152 - - [28/Apr/2026:15:36:43 +0300] "POST /xmlrpc.php HTTP/1.1" 200 630 "-" "Mozilla/5.0 (Windows NT 10.0; Win64; x64) AppleWebKit/537.36 (KHTML, like Gecko) Chrome/114.0.0.0 Safari/537.36"
209.9.201.0 - - [28/Apr/2026:15:37:05 +0300] "GET /wp-content/uploads/2023/08/favicon-16x16-3-150x150.png HTTP/2" 200 6235 "https://serhatburke.miroglu.net/wp-login.php" "Mozilla/5.0 (Windows NT 10.0; Win64; x64) AppleWebKit/537.36 (KHTML, like Gecko) HeadlessChrome/147.0.0.0 Safari/537.36"
209.9.201.0 - - [28/Apr/2026:15:37:05 +0300] "GET /wp-includes/js/zxcvbn.min.js HTTP/2" 200 389493 "https://serhatburke.miroglu.net/wp-login.php" "Mozilla/5.0 (Windows NT 10.0; Win64; x64) AppleWebKit/537.36 (KHTML, like Gecko) HeadlessChrome/147.0.0.0 Safari/537.36"
209.9.201.0 - - [28/Apr/2026:15:37:05 +0300] "POST /wp-login.php HTTP/2" 302 0 "https://serhatburke.miroglu.net/wp-login.php" "Mozilla/5.0 (Windows NT 10.0; Win64; x64) AppleWebKit/537.36 (KHTML, like Gecko) HeadlessChrome/147.0.0.0 Safari/537.36"
128.14.102.152 - - [28/Apr/2026:15:37:07 +0300] "POST /xmlrpc.php HTTP/1.1" 200 15501 "-" "Mozilla/5.0 (Windows NT 10.0; Win64; x64) AppleWebKit/537.36 (KHTML, like Gecko) Chrome/114.0.0.0 Safari/537.36"
209.9.201.0 - - [28/Apr/2026:15:37:20 +0300] "GET /wp-admin/ HTTP/2" 200 214668 "https://serhatburke.miroglu.net/wp-login.php" "Mozilla/5.0 (Windows NT 10.0; Win64; x64) AppleWebKit/537.36 (KHTML, like Gecko) HeadlessChrome/147.0.0.0 Safari/537.36"
209.9.201.0 - - [28/Apr/2026:15:37:36 +0300] "GET /wp-includes/js/thickbox/thickbox.css?ver=6.3.8 HTTP/2" 200 824 "https://serhatburke.miroglu.net/wp-admin/" "Mozilla/5.0 (Windows NT 10.0; Win64; x64) AppleWebKit/537.36 (KHTML, like Gecko) HeadlessChrome/147.0.0.0 Safari/537.36"
209.9.201.0 - - [28/Apr/2026:15:37:36 +0300] "GET /wp-content/plugins/all-in-one-seo-pack/dist/Lite/assets/css/main.2ac0cc67.css?ver=4.4.4 HTTP/2" 200 271 "https://serhatburke.miroglu.net/wp-admin/" "Mozilla/5.0 (Windows NT 10.0; Win64; x64) AppleWebKit/537.36 (KHTML, like Gecko) HeadlessChrome/147.0.0.0 Safari/537.36"
209.9.201.0 - - [28/Apr/2026:15:37:36 +0300] "GET /wp-content/plugins/wp-file-manager/css/fm_common.css?ver=6.3.8 HTTP/2" 200 153 "https://serhatburke.miroglu.net/wp-admin/" "Mozilla/5.0 (Windows NT 10.0; Win64; x64) AppleWebKit/537.36 (KHTML, like Gecko) HeadlessChrome/147.0.0.0 Safari/537.36"
209.9.201.0 - - [28/Apr/2026:15:37:36 +0300] "GET /wp-content/plugins/google-analytics-for-wordpress/assets/css/admin-common.min.css?ver=10.1.3 HTTP/2" 200 409 "https://serhatburke.miroglu.net/wp-admin/" "Mozilla/5.0 (Windows NT 10.0; Win64; x64) AppleWebKit/537.36 (KHTML, like Gecko) HeadlessChrome/147.0.0.0 Safari/537.36"
209.9.201.0 - - [28/Apr/2026:15:37:36 +0300] "GET /wp-content/plugins/google-analytics-for-wordpress/lite/assets/vue/css/admin.css?ver=10.1.3 HTTP/2" 200 362 "https://serhatburke.miroglu.net/wp-admin/" "Mozilla/5.0 (Windows NT 10.0; Win64; x64) AppleWebKit/537.36 (KHTML, like Gecko) HeadlessChrome/147.0.0.0 Safari/537.36"
209.9.201.0 - - [28/Apr/2026:15:37:36 +0300] "GET /wp-content/plugins/google-analytics-for-wordpress/assets/css/admin-metabox-sitenotes.css?ver=10.1.3 HTTP/2" 200 176 "https://serhatburke.miroglu.net/wp-admin/" "Mozilla/5.0 (Windows NT 10.0; Win64; x64) AppleWebKit/537.36 (KHTML, like Gecko) HeadlessChrome/147.0.0.0 Safari/537.36"
209.9.201.0 - - [28/Apr/2026:15:37:36 +0300] "GET /wp-content/plugins/wpforms-lite/assets/lib/jquery.confirm/jquery-confirm.min.css?ver=3.3.4 HTTP/2" 200 3146 "https://serhatburke.miroglu.net/wp-admin/" "Mozilla/5.0 (Windows NT 10.0; Win64; x64) AppleWebKit/537.36 (KHTML, like Gecko) HeadlessChrome/147.0.0.0 Safari/537.36"
209.9.201.0 - - [28/Apr/2026:15:37:36 +0300] "GET /wp-content/plugins/wpforms-lite/assets/lite/css/dashboard-education.min.css?ver=1.8.3.1 HTTP/2" 200 3237 "https://serhatburke.miroglu.net/wp-admin/" "Mozilla/5.0 (Windows NT 10.0; Win64; x64) AppleWebKit/537.36 (KHTML, like Gecko) HeadlessChrome/147.0.0.0 Safari/537.36"
209.9.201.0 - - [28/Apr/2026:15:37:36 +0300] "GET /wp-content/themes/toppic/css/meta-style.css?ver=4.2 HTTP/2" 200 979 "https://serhatburke.miroglu.net/wp-admin/" "Mozilla/5.0 (Windows NT 10.0; Win64; x64) AppleWebKit/537.36 (KHTML, like Gecko) HeadlessChrome/147.0.0.0 Safari/537.36"
209.9.201.0 - - [28/Apr/2026:15:37:36 +0300] "GET /wp-content/plugins/google-analytics-for-wordpress/lite/assets/vue/css/vendor.css?ver=10.1.3 HTTP/2" 200 688 "https://serhatburke.miroglu.net/wp-admin/" "Mozilla/5.0 (Windows NT 10.0; Win64; x64) AppleWebKit/537.36 (KHTML, like Gecko) HeadlessChrome/147.0.0.0 Safari/537.36"
209.9.201.0 - - [28/Apr/2026:15:37:36 +0300] "GET /wp-content/plugins/wpforms-lite/assets/css/admin-bar.min.css?ver=1.8.3.1 HTTP/2" 200 397 "https://serhatburke.miroglu.net/wp-admin/" "Mozilla/5.0 (Windows NT 10.0; Win64; x64) AppleWebKit/537.36 (KHTML, like Gecko) HeadlessChrome/147.0.0.0 Safari/537.36"
209.9.201.0 - - [28/Apr/2026:15:37:36 +0300] "GET /wp-content/plugins/wpforms-lite/assets/css/dashboard-widget.min.css?ver=1.8.3.1 HTTP/2" 200 2203 "https://serhatburke.miroglu.net/wp-admin/" "Mozilla/5.0 (Windows NT 10.0; Win64; x64) AppleWebKit/537.36 (KHTML, like Gecko) HeadlessChrome/147.0.0.0 Safari/537.36"
209.9.201.0 - - [28/Apr/2026:15:37:36 +0300] "GET /wp-content/plugins/google-analytics-for-wordpress/lite/assets/admin-bar/insights.css?ver=2285a9c504aa37d29a57 HTTP/2" 200 1347 "https://serhatburke.miroglu.net/wp-admin/" "Mozilla/5.0 (Windows NT 10.0; Win64; x64) AppleWebKit/537.36 (KHTML, like Gecko) HeadlessChrome/147.0.0.0 Safari/537.36"
209.9.201.0 - - [28/Apr/2026:15:37:35 +0300] "GET /wp-content/plugins/google-analytics-for-wordpress/assets/js/admin-metabox-sitenotes.js?ver=10.1.3 HTTP/2" 200 277 "https://serhatburke.miroglu.net/wp-admin/" "Mozilla/5.0 (Windows NT 10.0; Win64; x64) AppleWebKit/537.36 (KHTML, like Gecko) HeadlessChrome/147.0.0.0 Safari/537.36"
209.9.201.0 - - [28/Apr/2026:15:37:36 +0300] "GET /wp-content/plugins/all-in-one-seo-pack/dist/Lite/assets/js/_plugin-vue_export-helper.b97bdf23.js HTTP/2" 200 212 "https://serhatburke.miroglu.net/wp-admin/" "Mozilla/5.0 (Windows NT 10.0; Win64; x64) AppleWebKit/537.36 (KHTML, like Gecko) HeadlessChrome/147.0.0.0 Safari/537.36"
209.9.201.0 - - [28/Apr/2026:15:37:36 +0300] "GET /wp-content/plugins/all-in-one-seo-pack/dist/Lite/assets/js/translations.6e7b2383.js HTTP/2" 200 339 "https://serhatburke.miroglu.net/wp-admin/" "Mozilla/5.0 (Windows NT 10.0; Win64; x64) AppleWebKit/537.36 (KHTML, like Gecko) HeadlessChrome/147.0.0.0 Safari/537.36"
209.9.201.0 - - [28/Apr/2026:15:37:35 +0300] "GET /wp-admin/load-scripts.php?c=1&load%5Bchunk_0%5D=jquery-core,jquery-migrate,utils&ver=6.3.8 HTTP/2" 200 36096 "https://serhatburke.miroglu.net/wp-admin/" "Mozilla/5.0 (Windows NT 10.0; Win64; x64) AppleWebKit/537.36 (KHTML, like Gecko) HeadlessChrome/147.0.0.0 Safari/537.36"
209.9.201.0 - - [28/Apr/2026:15:37:36 +0300] "GET /wp-content/plugins/google-analytics-for-wordpress/lite/assets/vue/css/widget.css?ver=10.1.3 HTTP/2" 200 31545 "https://serhatburke.miroglu.net/wp-admin/" "Mozilla/5.0 (Windows NT 10.0; Win64; x64) AppleWebKit/537.36 (KHTML, like Gecko) HeadlessChrome/147.0.0.0 Safari/537.36"
209.9.201.0 - - [28/Apr/2026:15:37:36 +0300] "GET /wp-content/plugins/all-in-one-seo-pack/dist/Lite/assets/css/main.0ab815b6.css?ver=4.4.4 HTTP/2" 200 5345 "https://serhatburke.miroglu.net/wp-admin/" "Mozilla/5.0 (Windows NT 10.0; Win64; x64) AppleWebKit/537.36 (KHTML, like Gecko) HeadlessChrome/147.0.0.0 Safari/537.36"
209.9.201.0 - - [28/Apr/2026:15:37:36 +0300] "GET /wp-content/plugins/wpforms-lite/assets/lib/font-awesome/font-awesome.min.css?ver=4.7.0 HTTP/2" 200 6701 "https://serhatburke.miroglu.net/wp-admin/" "Mozilla/5.0 (Windows NT 10.0; Win64; x64) AppleWebKit/537.36 (KHTML, like Gecko) HeadlessChrome/147.0.0.0 Safari/537.36"
209.9.201.0 - - [28/Apr/2026:15:37:36 +0300] "GET /wp-admin/load-styles.php?c=1&dir=ltr&load%5Bchunk_0%5D=dashicons,admin-bar,site-health,common,forms,admin-menu,dashboard,list-tables,edit,revisions,media,themes,about,nav-menus,wp-poi&load%5Bchunk_1%5D=nter,widgets,site-icon,l10n,buttons,wp-auth-check,wp-components&ver=6.3.8 HTTP/2" 200 115140 "https://serhatburke.miroglu.net/wp-admin/" "Mozilla/5.0 (Windows NT 10.0; Win64; x64) AppleWebKit/537.36 (KHTML, like Gecko) HeadlessChrome/147.0.0.0 Safari/537.36"
209.9.201.0 - - [28/Apr/2026:15:37:36 +0300] "GET /wp-content/plugins/all-in-one-seo-pack/dist/Lite/assets/notifications.e3899576.js?ver=4.4.4 HTTP/2" 200 688 "https://serhatburke.miroglu.net/wp-admin/" "Mozilla/5.0 (Windows NT 10.0; Win64; x64) AppleWebKit/537.36 (KHTML, like Gecko) HeadlessChrome/147.0.0.0 Safari/537.36"
209.9.201.0 - - [28/Apr/2026:15:37:36 +0300] "GET /wp-content/plugins/all-in-one-seo-pack/dist/Lite/assets/js/vue.runtime.esm-bundler.b39e1078.js HTTP/2" 200 39772 "https://serhatburke.miroglu.net/wp-admin/" "Mozilla/5.0 (Windows NT 10.0; Win64; x64) AppleWebKit/537.36 (KHTML, like Gecko) HeadlessChrome/147.0.0.0 Safari/537.36"
209.9.201.0 - - [28/Apr/2026:15:37:36 +0300] "GET /wp-content/plugins/all-in-one-seo-pack/dist/Lite/assets/js/default-i18n.3881921e.js HTTP/2" 200 4578 "https://serhatburke.miroglu.net/wp-admin/" "Mozilla/5.0 (Windows NT 10.0; Win64; x64) AppleWebKit/537.36 (KHTML, like Gecko) HeadlessChrome/147.0.0.0 Safari/537.36"
209.9.201.0 - - [28/Apr/2026:15:37:36 +0300] "GET /wp-content/plugins/all-in-one-seo-pack/dist/Lite/assets/js/isArrayLikeObject.22a096cb.js HTTP/2" 200 14929 "https://serhatburke.miroglu.net/wp-admin/" "Mozilla/5.0 (Windows NT 10.0; Win64; x64) AppleWebKit/537.36 (KHTML, like Gecko) HeadlessChrome/147.0.0.0 Safari/537.36"
209.9.201.0 - - [28/Apr/2026:15:37:40 +0300] "GET /wp-content/plugins/all-in-one-seo-pack/dist/Lite/assets/app.7d8c6b04.js?ver=4.4.4 HTTP/2" 200 456 "https://serhatburke.miroglu.net/wp-admin/" "Mozilla/5.0 (Windows NT 10.0; Win64; x64) AppleWebKit/537.36 (KHTML, like Gecko) HeadlessChrome/147.0.0.0 Safari/537.36"
209.9.201.0 - - [28/Apr/2026:15:37:36 +0300] "GET /wp-content/plugins/all-in-one-seo-pack/dist/Lite/assets/js/links.23796d97.js HTTP/2" 200 46535 "https://serhatburke.miroglu.net/wp-admin/" "Mozilla/5.0 (Windows NT 10.0; Win64; x64) AppleWebKit/537.36 (KHTML, like Gecko) HeadlessChrome/147.0.0.0 Safari/537.36"
209.9.201.0 - - [28/Apr/2026:15:37:36 +0300] "GET /wp-content/plugins/all-in-one-seo-pack/dist/Lite/assets/css/index.f13cbef6.css?ver=4.4.4 HTTP/2" 200 3697 "https://serhatburke.miroglu.net/wp-admin/" "Mozilla/5.0 (Windows NT 10.0; Win64; x64) AppleWebKit/537.36 (KHTML, like Gecko) HeadlessChrome/147.0.0.0 Safari/537.36"
209.9.201.0 - - [28/Apr/2026:15:37:36 +0300] "GET /wp-includes/css/editor.min.css?ver=6.3.8 HTTP/2" 200 5626 "https://serhatburke.miroglu.net/wp-admin/" "Mozilla/5.0 (Windows NT 10.0; Win64; x64) AppleWebKit/537.36 (KHTML, like Gecko) HeadlessChrome/147.0.0.0 Safari/537.36"
209.9.201.0 - - [28/Apr/2026:15:37:40 +0300] "GET /wp-content/plugins/google-analytics-for-wordpress/lite/assets/vue/js/widget.min.js?ver=10.1.3 HTTP/2" 200 45549 "https://serhatburke.miroglu.net/wp-admin/" "Mozilla/5.0 (Windows NT 10.0; Win64; x64) AppleWebKit/537.36 (KHTML, like Gecko) HeadlessChrome/147.0.0.0 Safari/537.36"
209.9.201.0 - - [28/Apr/2026:15:37:40 +0300] "GET /wp-content/plugins/all-in-one-seo-pack/dist/Lite/assets/dashboard-widgets.93960a37.js?ver=4.4.4 HTTP/2" 200 3449 "https://serhatburke.miroglu.net/wp-admin/" "Mozilla/5.0 (Windows NT 10.0; Win64; x64) AppleWebKit/537.36 (KHTML, like Gecko) HeadlessChrome/147.0.0.0 Safari/537.36"
128.14.102.152 - - [28/Apr/2026:15:37:22 +0300] "GET /150-freispiele-exklusive-einzahlung-auf-anhieb-verfugbar-2026-automatenspielex/ HTTP/1.1" 200 80112 "-" "Mozilla/5.0 (Windows NT 10.0; rv:125.0) Gecko/20100101 Firefox/125.0"
209.9.201.0 - - [28/Apr/2026:15:37:43 +0300] "GET /wp-content/plugins/all-in-one-seo-pack/dist/Lite/assets/css/SeoSetup.aa37a8dd.css?ver=4.4.4 HTTP/2" 200 466 "https://serhatburke.miroglu.net/wp-admin/" "Mozilla/5.0 (Windows NT 10.0; Win64; x64) AppleWebKit/537.36 (KHTML, like Gecko) HeadlessChrome/147.0.0.0 Safari/537.36"
209.9.201.0 - - [28/Apr/2026:15:37:43 +0300] "GET /wp-content/plugins/all-in-one-seo-pack/dist/Lite/assets/css/Overview.f1ef313f.css?ver=4.4.4 HTTP/2" 200 442 "https://serhatburke.miroglu.net/wp-admin/" "Mozilla/5.0 (Windows NT 10.0; Win64; x64) AppleWebKit/537.36 (KHTML, like Gecko) HeadlessChrome/147.0.0.0 Safari/537.36"
209.9.201.0 - - [28/Apr/2026:15:37:43 +0300] "GET /wp-content/plugins/all-in-one-seo-pack/dist/Lite/assets/css/Caret.82e4ef18.css?ver=4.4.4 HTTP/2" 200 957 "https://serhatburke.miroglu.net/wp-admin/" "Mozilla/5.0 (Windows NT 10.0; Win64; x64) AppleWebKit/537.36 (KHTML, like Gecko) HeadlessChrome/147.0.0.0 Safari/537.36"
209.9.201.0 - - [28/Apr/2026:15:37:43 +0300] "GET /wp-content/plugins/all-in-one-seo-pack/dist/Lite/assets/css/DonutChartWithLegend.86f54c65.css?ver=4.4.4 HTTP/2" 200 635 "https://serhatburke.miroglu.net/wp-admin/" "Mozilla/5.0 (Windows NT 10.0; Win64; x64) AppleWebKit/537.36 (KHTML, like Gecko) HeadlessChrome/147.0.0.0 Safari/537.36"
209.9.201.0 - - [28/Apr/2026:15:37:43 +0300] "GET /wp-includes/js/hoverintent-js.min.js?ver=2.2.1 HTTP/2" 200 665 "https://serhatburke.miroglu.net/wp-admin/" "Mozilla/5.0 (Windows NT 10.0; Win64; x64) AppleWebKit/537.36 (KHTML, like Gecko) HeadlessChrome/147.0.0.0 Safari/537.36"
209.9.201.0 - - [28/Apr/2026:15:37:43 +0300] "GET /wp-includes/js/admin-bar.min.js?ver=6.3.8 HTTP/2" 200 1264 "https://serhatburke.miroglu.net/wp-admin/" "Mozilla/5.0 (Windows NT 10.0; Win64; x64) AppleWebKit/537.36 (KHTML, like Gecko) HeadlessChrome/147.0.0.0 Safari/537.36"
209.9.201.0 - - [28/Apr/2026:15:37:43 +0300] "GET /wp-includes/js/clipboard.min.js?ver=2.0.11 HTTP/2" 200 2989 "https://serhatburke.miroglu.net/wp-admin/" "Mozilla/5.0 (Windows NT 10.0; Win64; x64) AppleWebKit/537.36 (KHTML, like Gecko) HeadlessChrome/147.0.0.0 Safari/537.36"
209.9.201.0 - - [28/Apr/2026:15:37:43 +0300] "GET /wp-includes/js/dist/dom-ready.min.js?ver=392bdd43726760d1f3ca HTTP/2" 200 281 "https://serhatburke.miroglu.net/wp-admin/" "Mozilla/5.0 (Windows NT 10.0; Win64; x64) AppleWebKit/537.36 (KHTML, like Gecko) HeadlessChrome/147.0.0.0 Safari/537.36"
209.9.201.0 - - [28/Apr/2026:15:37:43 +0300] "GET /wp-includes/js/dist/a11y.min.js?ver=7032343a947cfccf5608 HTTP/2" 200 834 "https://serhatburke.miroglu.net/wp-admin/" "Mozilla/5.0 (Windows NT 10.0; Win64; x64) AppleWebKit/537.36 (KHTML, like Gecko) HeadlessChrome/147.0.0.0 Safari/537.36"
209.9.201.0 - - [28/Apr/2026:15:37:43 +0300] "GET /wp-includes/js/api-request.min.js?ver=6.3.8 HTTP/2" 200 530 "https://serhatburke.miroglu.net/wp-admin/" "Mozilla/5.0 (Windows NT 10.0; Win64; x64) AppleWebKit/537.36 (KHTML, like Gecko) HeadlessChrome/147.0.0.0 Safari/537.36"
209.9.201.0 - - [28/Apr/2026:15:37:43 +0300] "GET /wp-includes/js/dist/url.min.js?ver=8814d23f2d64864d280d HTTP/2" 200 3390 "https://serhatburke.miroglu.net/wp-admin/" "Mozilla/5.0 (Windows NT 10.0; Win64; x64) AppleWebKit/537.36 (KHTML, like Gecko) HeadlessChrome/147.0.0.0 Safari/537.36"
209.9.201.0 - - [28/Apr/2026:15:37:43 +0300] "GET /wp-admin/js/site-health.min.js?ver=6.3.8 HTTP/2" 200 1981 "https://serhatburke.miroglu.net/wp-admin/" "Mozilla/5.0 (Windows NT 10.0; Win64; x64) AppleWebKit/537.36 (KHTML, like Gecko) HeadlessChrome/147.0.0.0 Safari/537.36"
209.9.201.0 - - [28/Apr/2026:15:37:43 +0300] "GET /wp-includes/js/wp-ajax-response.min.js?ver=6.3.8 HTTP/2" 200 972 "https://serhatburke.miroglu.net/wp-admin/" "Mozilla/5.0 (Windows NT 10.0; Win64; x64) AppleWebKit/537.36 (KHTML, like Gecko) HeadlessChrome/147.0.0.0 Safari/537.36"
209.9.201.0 - - [28/Apr/2026:15:37:43 +0300] "GET /wp-admin/load-scripts.php?c=1&load%5Bchunk_0%5D=hoverIntent,wp-polyfill-inert,regenerator-runtime,wp-polyfill,wp-hooks&ver=6.3.8 HTTP/2" 200 12561 "https://serhatburke.miroglu.net/wp-admin/" "Mozilla/5.0 (Windows NT 10.0; Win64; x64) AppleWebKit/537.36 (KHTML, like Gecko) HeadlessChrome/147.0.0.0 Safari/537.36"
209.9.201.0 - - [28/Apr/2026:15:37:43 +0300] "GET /wp-admin/js/common.min.js?ver=6.3.8 HTTP/2" 200 6355 "https://serhatburke.miroglu.net/wp-admin/" "Mozilla/5.0 (Windows NT 10.0; Win64; x64) AppleWebKit/537.36 (KHTML, like Gecko) HeadlessChrome/147.0.0.0 Safari/537.36"
209.9.201.0 - - [28/Apr/2026:15:37:43 +0300] "GET /wp-includes/js/jquery/jquery.color.min.js?ver=2.2.0 HTTP/2" 200 2800 "https://serhatburke.miroglu.net/wp-admin/" "Mozilla/5.0 (Windows NT 10.0; Win64; x64) AppleWebKit/537.36 (KHTML, like Gecko) HeadlessChrome/147.0.0.0 Safari/537.36"
209.9.201.0 - - [28/Apr/2026:15:37:43 +0300] "GET /wp-includes/js/wp-lists.min.js?ver=6.3.8 HTTP/2" 200 2359 "https://serhatburke.miroglu.net/wp-admin/" "Mozilla/5.0 (Windows NT 10.0; Win64; x64) AppleWebKit/537.36 (KHTML, like Gecko) HeadlessChrome/147.0.0.0 Safari/537.36"
209.9.201.0 - - [28/Apr/2026:15:37:43 +0300] "GET /wp-includes/js/quicktags.min.js?ver=6.3.8 HTTP/2" 200 3331 "https://serhatburke.miroglu.net/wp-admin/" "Mozilla/5.0 (Windows NT 10.0; Win64; x64) AppleWebKit/537.36 (KHTML, like Gecko) HeadlessChrome/147.0.0.0 Safari/537.36"
209.9.201.0 - - [28/Apr/2026:15:37:43 +0300] "GET /wp-includes/js/jquery/jquery.query.js?ver=2.2.3 HTTP/2" 200 1534 "https://serhatburke.miroglu.net/wp-admin/" "Mozilla/5.0 (Windows NT 10.0; Win64; x64) AppleWebKit/537.36 (KHTML, like Gecko) HeadlessChrome/147.0.0.0 Safari/537.36"
209.9.201.0 - - [28/Apr/2026:15:37:43 +0300] "GET /wp-includes/js/jquery/ui/mouse.min.js?ver=1.13.2 HTTP/2" 200 1001 "https://serhatburke.miroglu.net/wp-admin/" "Mozilla/5.0 (Windows NT 10.0; Win64; x64) AppleWebKit/537.36 (KHTML, like Gecko) HeadlessChrome/147.0.0.0 Safari/537.36"
209.9.201.0 - - [28/Apr/2026:15:37:43 +0300] "GET /wp-admin/js/postbox.min.js?ver=6.3.8 HTTP/2" 200 2053 "https://serhatburke.miroglu.net/wp-admin/" "Mozilla/5.0 (Windows NT 10.0; Win64; x64) AppleWebKit/537.36 (KHTML, like Gecko) HeadlessChrome/147.0.0.0 Safari/537.36"
209.9.201.0 - - [28/Apr/2026:15:37:43 +0300] "GET /wp-includes/js/dist/deprecated.min.js?ver=73ad3591e7bc95f4777a HTTP/2" 200 416 "https://serhatburke.miroglu.net/wp-admin/" "Mozilla/5.0 (Windows NT 10.0; Win64; x64) AppleWebKit/537.36 (KHTML, like Gecko) HeadlessChrome/147.0.0.0 Safari/537.36"
209.9.201.0 - - [28/Apr/2026:15:37:43 +0300] "GET /wp-admin/js/dashboard.min.js?ver=6.3.8 HTTP/2" 200 2835 "https://serhatburke.miroglu.net/wp-admin/" "Mozilla/5.0 (Windows NT 10.0; Win64; x64) AppleWebKit/537.36 (KHTML, like Gecko) HeadlessChrome/147.0.0.0 Safari/537.36"
209.9.201.0 - - [28/Apr/2026:15:37:43 +0300] "GET /wp-includes/js/thickbox/thickbox.js?ver=3.1-20121105 HTTP/2" 200 3991 "https://serhatburke.miroglu.net/wp-admin/" "Mozilla/5.0 (Windows NT 10.0; Win64; x64) AppleWebKit/537.36 (KHTML, like Gecko) HeadlessChrome/147.0.0.0 Safari/537.36"
209.9.201.0 - - [28/Apr/2026:15:37:43 +0300] "GET /wp-admin/js/plugin-install.min.js?ver=6.3.8 HTTP/2" 200 903 "https://serhatburke.miroglu.net/wp-admin/" "Mozilla/5.0 (Windows NT 10.0; Win64; x64) AppleWebKit/537.36 (KHTML, like Gecko) HeadlessChrome/147.0.0.0 Safari/537.36"
209.9.201.0 - - [28/Apr/2026:15:37:43 +0300] "GET /wp-includes/js/wp-sanitize.min.js?ver=6.3.8 HTTP/2" 200 236 "https://serhatburke.miroglu.net/wp-admin/" "Mozilla/5.0 (Windows NT 10.0; Win64; x64) AppleWebKit/537.36 (KHTML, like Gecko) HeadlessChrome/147.0.0.0 Safari/537.36"
209.9.201.0 - - [28/Apr/2026:15:37:43 +0300] "GET /wp-includes/js/shortcode.min.js?ver=6.3.8 HTTP/2" 200 1078 "https://serhatburke.miroglu.net/wp-admin/" "Mozilla/5.0 (Windows NT 10.0; Win64; x64) AppleWebKit/537.36 (KHTML, like Gecko) HeadlessChrome/147.0.0.0 Safari/537.36"
209.9.201.0 - - [28/Apr/2026:15:37:43 +0300] "GET /wp-admin/js/media-upload.min.js?ver=6.3.8 HTTP/2" 200 540 "https://serhatburke.miroglu.net/wp-admin/" "Mozilla/5.0 (Windows NT 10.0; Win64; x64) AppleWebKit/537.36 (KHTML, like Gecko) HeadlessChrome/147.0.0.0 Safari/537.36"
209.9.201.0 - - [28/Apr/2026:15:37:43 +0300] "GET /wp-admin/js/svg-painter.js?ver=6.3.8 HTTP/2" 200 1971 "https://serhatburke.miroglu.net/wp-admin/" "Mozilla/5.0 (Windows NT 10.0; Win64; x64) AppleWebKit/537.36 (KHTML, like Gecko) HeadlessChrome/147.0.0.0 Safari/537.36"
209.9.201.0 - - [28/Apr/2026:15:37:43 +0300] "GET /wp-includes/js/heartbeat.min.js?ver=6.3.8 HTTP/2" 200 1925 "https://serhatburke.miroglu.net/wp-admin/" "Mozilla/5.0 (Windows NT 10.0; Win64; x64) AppleWebKit/537.36 (KHTML, like Gecko) HeadlessChrome/147.0.0.0 Safari/537.36"
209.9.201.0 - - [28/Apr/2026:15:37:43 +0300] "GET /wp-includes/js/wp-auth-check.min.js?ver=6.3.8 HTTP/2" 200 691 "https://serhatburke.miroglu.net/wp-admin/" "Mozilla/5.0 (Windows NT 10.0; Win64; x64) AppleWebKit/537.36 (KHTML, like Gecko) HeadlessChrome/147.0.0.0 Safari/537.36"
209.9.201.0 - - [28/Apr/2026:15:37:43 +0300] "GET /wp-content/plugins/google-analytics-for-wordpress/assets/js/admin-common.min.js?ver=10.1.3 HTTP/2" 200 513 "https://serhatburke.miroglu.net/wp-admin/" "Mozilla/5.0 (Windows NT 10.0; Win64; x64) AppleWebKit/537.36 (KHTML, like Gecko) HeadlessChrome/147.0.0.0 Safari/537.36"
209.9.201.0 - - [28/Apr/2026:15:37:43 +0300] "GET /wp-content/plugins/google-analytics-for-wordpress/assets/js/admin-setup-wizard.js?ver=10.1.3 HTTP/2" 200 738 "https://serhatburke.miroglu.net/wp-admin/" "Mozilla/5.0 (Windows NT 10.0; Win64; x64) AppleWebKit/537.36 (KHTML, like Gecko) HeadlessChrome/147.0.0.0 Safari/537.36"
209.9.201.0 - - [28/Apr/2026:15:37:43 +0300] "GET /wp-content/plugins/wpforms-lite/assets/lite/js/admin/education/lite-connect.min.js?ver=1.8.3.1 HTTP/2" 200 1480 "https://serhatburke.miroglu.net/wp-admin/" "Mozilla/5.0 (Windows NT 10.0; Win64; x64) AppleWebKit/537.36 (KHTML, like Gecko) HeadlessChrome/147.0.0.0 Safari/537.36"
209.9.201.0 - - [28/Apr/2026:15:37:43 +0300] "GET /wp-content/plugins/wpforms-lite/assets/lite/js/admin/dashboard-widget.min.js?ver=1.8.3.1 HTTP/2" 200 1181 "https://serhatburke.miroglu.net/wp-admin/" "Mozilla/5.0 (Windows NT 10.0; Win64; x64) AppleWebKit/537.36 (KHTML, like Gecko) HeadlessChrome/147.0.0.0 Safari/537.36"
209.9.201.0 - - [28/Apr/2026:15:37:43 +0300] "GET /wp-includes/js/jquery/ui/menu.min.js?ver=1.13.2 HTTP/2" 200 2883 "https://serhatburke.miroglu.net/wp-admin/" "Mozilla/5.0 (Windows NT 10.0; Win64; x64) AppleWebKit/537.36 (KHTML, like Gecko) HeadlessChrome/147.0.0.0 Safari/537.36"
209.9.201.0 - - [28/Apr/2026:15:37:43 +0300] "GET /wp-includes/js/jquery/ui/autocomplete.min.js?ver=1.13.2 HTTP/2" 200 2677 "https://serhatburke.miroglu.net/wp-admin/" "Mozilla/5.0 (Windows NT 10.0; Win64; x64) AppleWebKit/537.36 (KHTML, like Gecko) HeadlessChrome/147.0.0.0 Safari/537.36"
209.9.201.0 - - [28/Apr/2026:15:37:43 +0300] "GET /wp-admin/js/edit-comments.min.js?ver=6.3.8 HTTP/2" 200 4867 "https://serhatburke.miroglu.net/wp-admin/" "Mozilla/5.0 (Windows NT 10.0; Win64; x64) AppleWebKit/537.36 (KHTML, like Gecko) HeadlessChrome/147.0.0.0 Safari/537.36"
209.9.201.0 - - [28/Apr/2026:15:37:43 +0300] "GET /wp-includes/js/jquery/ui/core.min.js?ver=1.13.2 HTTP/2" 200 6801 "https://serhatburke.miroglu.net/wp-admin/" "Mozilla/5.0 (Windows NT 10.0; Win64; x64) AppleWebKit/537.36 (KHTML, like Gecko) HeadlessChrome/147.0.0.0 Safari/537.36"
209.9.201.0 - - [28/Apr/2026:15:37:43 +0300] "GET /wp-includes/js/jquery/ui/sortable.min.js?ver=1.13.2 HTTP/2" 200 6333 "https://serhatburke.miroglu.net/wp-admin/" "Mozilla/5.0 (Windows NT 10.0; Win64; x64) AppleWebKit/537.36 (KHTML, like Gecko) HeadlessChrome/147.0.0.0 Safari/537.36"
209.9.201.0 - - [28/Apr/2026:15:37:43 +0300] "GET /wp-admin/js/updates.min.js?ver=6.3.8 HTTP/2" 200 8760 "https://serhatburke.miroglu.net/wp-admin/" "Mozilla/5.0 (Windows NT 10.0; Win64; x64) AppleWebKit/537.36 (KHTML, like Gecko) HeadlessChrome/147.0.0.0 Safari/537.36"
209.9.201.0 - - [28/Apr/2026:15:37:43 +0300] "GET /wp-content/plugins/wpforms-lite/assets/lib/jquery.confirm/jquery-confirm.min.js?ver=3.3.4 HTTP/2" 200 6935 "https://serhatburke.miroglu.net/wp-admin/" "Mozilla/5.0 (Windows NT 10.0; Win64; x64) AppleWebKit/537.36 (KHTML, like Gecko) HeadlessChrome/147.0.0.0 Safari/537.36"
209.9.201.0 - - [28/Apr/2026:15:37:43 +0300] "GET /wp-content/plugins/all-in-one-seo-pack/dist/Lite/assets//link-format/link-format-classic.js?ver=4.4.4 HTTP/2" 200 4340 "https://serhatburke.miroglu.net/wp-admin/" "Mozilla/5.0 (Windows NT 10.0; Win64; x64) AppleWebKit/537.36 (KHTML, like Gecko) HeadlessChrome/147.0.0.0 Safari/537.36"
209.9.201.0 - - [28/Apr/2026:15:37:43 +0300] "GET /wp-includes/js/dist/vendor/moment.min.js?ver=2.29.4 HTTP/2" 200 18186 "https://serhatburke.miroglu.net/wp-admin/" "Mozilla/5.0 (Windows NT 10.0; Win64; x64) AppleWebKit/537.36 (KHTML, like Gecko) HeadlessChrome/147.0.0.0 Safari/537.36"
209.9.201.0 - - [28/Apr/2026:15:37:43 +0300] "GET /wp-includes/js/dist/date.min.js?ver=3d34bfc9ee4ff8794fdc HTTP/2" 200 36700 "https://serhatburke.miroglu.net/wp-admin/" "Mozilla/5.0 (Windows NT 10.0; Win64; x64) AppleWebKit/537.36 (KHTML, like Gecko) HeadlessChrome/147.0.0.0 Safari/537.36"
209.9.201.0 - - [28/Apr/2026:15:37:43 +0300] "GET /wp-content/plugins/wpforms-lite/assets/lib/chart.min.js?ver=2.7.2 HTTP/2" 200 45228 "https://serhatburke.miroglu.net/wp-admin/" "Mozilla/5.0 (Windows NT 10.0; Win64; x64) AppleWebKit/537.36 (KHTML, like Gecko) HeadlessChrome/147.0.0.0 Safari/537.36"
185.216.113.70 - - [28/Apr/2026:15:37:47 +0300] "POST /wp-cron.php?doing_wp_cron=1777379867.1267070770263671875000 HTTP/1.1" 200 448 "-" "WordPress/6.3.8; https://serhatburke.miroglu.net"
209.9.201.0 - - [28/Apr/2026:15:37:51 +0300] "GET /wp-content/plugins/google-analytics-for-wordpress/lite/assets/vue/js/chunks/report-table-helper-ef7686bc.min.js HTTP/2" 200 6926 "https://serhatburke.miroglu.net/wp-content/plugins/google-analytics-for-wordpress/lite/assets/vue/js/widget.min.js?ver=10.1.3" "Mozilla/5.0 (Windows NT 10.0; Win64; x64) AppleWebKit/537.36 (KHTML, like Gecko) HeadlessChrome/147.0.0.0 Safari/537.36"
209.9.201.0 - - [28/Apr/2026:15:37:51 +0300] "GET /wp-content/plugins/all-in-one-seo-pack/dist/Lite/assets/js/Overview.2607427a.js HTTP/2" 200 1605 "https://serhatburke.miroglu.net/wp-content/plugins/all-in-one-seo-pack/dist/Lite/assets/dashboard-widgets.93960a37.js?ver=4.4.4" "Mozilla/5.0 (Windows NT 10.0; Win64; x64) AppleWebKit/537.36 (KHTML, like Gecko) HeadlessChrome/147.0.0.0 Safari/537.36"
209.9.201.0 - - [28/Apr/2026:15:37:51 +0300] "GET /wp-content/plugins/all-in-one-seo-pack/dist/Lite/assets/js/elemLoaded.9a6eb745.js HTTP/2" 200 149 "https://serhatburke.miroglu.net/wp-content/plugins/all-in-one-seo-pack/dist/Lite/assets/dashboard-widgets.93960a37.js?ver=4.4.4" "Mozilla/5.0 (Windows NT 10.0; Win64; x64) AppleWebKit/537.36 (KHTML, like Gecko) HeadlessChrome/147.0.0.0 Safari/537.36"
209.9.201.0 - - [28/Apr/2026:15:37:51 +0300] "GET /wp-content/plugins/all-in-one-seo-pack/dist/Lite/assets/js/Caret.164d8058.js HTTP/2" 200 1705 "https://serhatburke.miroglu.net/wp-content/plugins/all-in-one-seo-pack/dist/Lite/assets/dashboard-widgets.93960a37.js?ver=4.4.4" "Mozilla/5.0 (Windows NT 10.0; Win64; x64) AppleWebKit/537.36 (KHTML, like Gecko) HeadlessChrome/147.0.0.0 Safari/537.36"
209.9.201.0 - - [28/Apr/2026:15:37:51 +0300] "GET /wp-content/plugins/all-in-one-seo-pack/dist/Lite/assets/js/Rocket.b410855c.js HTTP/2" 200 812 "https://serhatburke.miroglu.net/wp-content/plugins/all-in-one-seo-pack/dist/Lite/assets/dashboard-widgets.93960a37.js?ver=4.4.4" "Mozilla/5.0 (Windows NT 10.0; Win64; x64) AppleWebKit/537.36 (KHTML, like Gecko) HeadlessChrome/147.0.0.0 Safari/537.36"
209.9.201.0 - - [28/Apr/2026:15:37:51 +0300] "GET /wp-content/plugins/all-in-one-seo-pack/dist/Lite/assets/js/DonutChartWithLegend.75733bae.js HTTP/2" 200 1730 "https://serhatburke.miroglu.net/wp-content/plugins/all-in-one-seo-pack/dist/Lite/assets/dashboard-widgets.93960a37.js?ver=4.4.4" "Mozilla/5.0 (Windows NT 10.0; Win64; x64) AppleWebKit/537.36 (KHTML, like Gecko) HeadlessChrome/147.0.0.0 Safari/537.36"
209.9.201.0 - - [28/Apr/2026:15:37:51 +0300] "GET /wp-content/plugins/all-in-one-seo-pack/dist/Lite/assets/js/AnimatedNumber.b765a5ab.js HTTP/2" 200 381 "https://serhatburke.miroglu.net/wp-content/plugins/all-in-one-seo-pack/dist/Lite/assets/dashboard-widgets.93960a37.js?ver=4.4.4" "Mozilla/5.0 (Windows NT 10.0; Win64; x64) AppleWebKit/537.36 (KHTML, like Gecko) HeadlessChrome/147.0.0.0 Safari/537.36"
209.9.201.0 - - [28/Apr/2026:15:37:51 +0300] "GET /wp-content/plugins/all-in-one-seo-pack/dist/Lite/assets/js/numbers.c7cb4085.js HTTP/2" 200 1397 "https://serhatburke.miroglu.net/wp-content/plugins/all-in-one-seo-pack/dist/Lite/assets/dashboard-widgets.93960a37.js?ver=4.4.4" "Mozilla/5.0 (Windows NT 10.0; Win64; x64) AppleWebKit/537.36 (KHTML, like Gecko) HeadlessChrome/147.0.0.0 Safari/537.36"
209.9.201.0 - - [28/Apr/2026:15:37:51 +0300] "GET /wp-content/plugins/google-analytics-for-wordpress/lite/assets/vue/js/chunks/monsterinsights-helper-plugin-4cb4e554.min.js HTTP/2" 200 39877 "https://serhatburke.miroglu.net/wp-content/plugins/google-analytics-for-wordpress/lite/assets/vue/js/widget.min.js?ver=10.1.3" "Mozilla/5.0 (Windows NT 10.0; Win64; x64) AppleWebKit/537.36 (KHTML, like Gecko) HeadlessChrome/147.0.0.0 Safari/537.36"
209.9.201.0 - - [28/Apr/2026:15:37:51 +0300] "GET /wp-content/plugins/all-in-one-seo-pack/dist/Lite/assets/js/index.cfe09a50.js HTTP/2" 200 7079 "https://serhatburke.miroglu.net/wp-content/plugins/all-in-one-seo-pack/dist/Lite/assets/dashboard-widgets.93960a37.js?ver=4.4.4" "Mozilla/5.0 (Windows NT 10.0; Win64; x64) AppleWebKit/537.36 (KHTML, like Gecko) HeadlessChrome/147.0.0.0 Safari/537.36"
185.216.113.70 - - [28/Apr/2026:15:37:35 +0300] "POST /wp-admin/admin-ajax.php?action=as_async_request_queue_runner&nonce=a2c6583915 HTTP/1.1" 200 1039 "-" "WordPress/6.3.8; https://serhatburke.miroglu.net"
209.9.201.0 - - [28/Apr/2026:15:37:51 +0300] "GET /wp-content/plugins/all-in-one-seo-pack/dist/Lite/assets/js/index.0eabb636.js HTTP/2" 200 19431 "https://serhatburke.miroglu.net/wp-content/plugins/all-in-one-seo-pack/dist/Lite/assets/dashboard-widgets.93960a37.js?ver=4.4.4" "Mozilla/5.0 (Windows NT 10.0; Win64; x64) AppleWebKit/537.36 (KHTML, like Gecko) HeadlessChrome/147.0.0.0 Safari/537.36"
