212.34.148.156 - - [28/Apr/2026:13:11:29 +0300] "GET /wp-content/themes/toppic/css/rs-default.css?ver=4.2 HTTP/1.1" 200 2625 "https://serhatburke.miroglu.net/zotabet-casino-bonus-premier-depot-2026/" "Mozilla/5.0 (Windows NT 10.0; Win64; x64) AppleWebKit/537.36 (KHTML, like Gecko) Chrome/145.0.0.0 Safari/537.36"
212.34.148.156 - - [28/Apr/2026:13:11:30 +0300] "GET /wp-content/themes/toppic/css/lightbox.css?ver=4.2 HTTP/1.1" 200 2956 "https://serhatburke.miroglu.net/zotabet-casino-bonus-premier-depot-2026/" "Mozilla/5.0 (Windows NT 10.0; Win64; x64) AppleWebKit/537.36 (KHTML, like Gecko) Chrome/145.0.0.0 Safari/537.36"
212.34.148.156 - - [28/Apr/2026:13:11:30 +0300] "GET /wp-content/themes/toppic/css/woocommerce.css?ver=4.2 HTTP/1.1" 200 2848 "https://serhatburke.miroglu.net/zotabet-casino-bonus-premier-depot-2026/" "Mozilla/5.0 (Windows NT 10.0; Win64; x64) AppleWebKit/537.36 (KHTML, like Gecko) Chrome/145.0.0.0 Safari/537.36"
212.34.148.156 - - [28/Apr/2026:13:11:30 +0300] "GET /wp-content/themes/toppic/css/responsive.css?ver=4.2 HTTP/1.1" 200 2796 "https://serhatburke.miroglu.net/zotabet-casino-bonus-premier-depot-2026/" "Mozilla/5.0 (Windows NT 10.0; Win64; x64) AppleWebKit/537.36 (KHTML, like Gecko) Chrome/145.0.0.0 Safari/537.36"
185.216.113.70 - - [28/Apr/2026:13:11:39 +0300] "POST /wp-cron.php?doing_wp_cron=1777371099.2933990955352783203125 HTTP/1.1" 200 448 "-" "WordPress/6.3.8; https://serhatburke.miroglu.net"
62.12.118.37 - - [28/Apr/2026:13:11:21 +0300] "POST /xmlrpc.php HTTP/1.1" 200 16043 "-" "Mozilla/5.0 (Windows NT 10.0; Win64; x64) AppleWebKit/537.36 (KHTML, like Gecko) Chrome/114.0.0.0 Safari/537.36"
212.34.148.156 - - [28/Apr/2026:13:11:31 +0300] "POST /wp-comments-post.php HTTP/1.1" 302 1087 "https://serhatburke.miroglu.net/zotabet-casino-bonus-premier-depot-2026/" "Mozilla/5.0 (X11; Linux x86_64) AppleWebKit/537.36 (KHTML, like Gecko) Chrome/144.0.0.0 Safari/537.36"
40.77.167.132 - - [28/Apr/2026:13:11:27 +0300] "GET /post-sitemap.xml HTTP/2" 200 98570 "-" "Mozilla/5.0 AppleWebKit/537.36 (KHTML, like Gecko; compatible; bingbot/2.0; +http://www.bing.com/bingbot.htm) Chrome/116.0.1938.76 Safari/537.36"
62.12.118.37 - - [28/Apr/2026:13:11:41 +0300] "GET /gamble-100-percent-free-3d-ports-with-no-install-and-no-membership/ HTTP/1.1" 200 79963 "-" "Mozilla/5.0 (Windows NT 10.0; Win64; x64) AppleWebKit/537.36 (KHTML, like Gecko) Chrome/124.0.0.0 Safari/537.36"
212.34.148.156 - - [28/Apr/2026:13:11:52 +0300] "GET /zotabet-casino-bonus-premier-depot-2026/?unapproved=810&moderation-hash=9e85b5f1aeddd1db51dd696bc7d4a629 HTTP/1.1" 200 19596 "https://serhatburke.miroglu.net/wp-comments-post.php" "Mozilla/5.0 (X11; Linux x86_64) AppleWebKit/537.36 (KHTML, like Gecko) Chrome/144.0.0.0 Safari/537.36"
62.12.118.37 - - [28/Apr/2026:13:12:06 +0300] "POST /xmlrpc.php HTTP/1.1" 200 630 "-" "Mozilla/5.0 (Windows NT 10.0; Win64; x64) AppleWebKit/537.36 (KHTML, like Gecko) Chrome/114.0.0.0 Safari/537.36"
212.34.148.156 - - [28/Apr/2026:13:12:09 +0300] "GET /zotabet-casino-bonus-premier-depot-2026/ HTTP/1.1" 200 19217 "-" "Mozilla/5.0 (compatible; Googlebot/2.1; +http://www.google.com/bot.html)"
185.216.113.70 - - [28/Apr/2026:13:12:40 +0300] "POST /wp-cron.php?doing_wp_cron=1777371160.1800010204315185546875 HTTP/1.1" 200 448 "-" "WordPress/6.3.8; https://serhatburke.miroglu.net"
62.12.118.37 - - [28/Apr/2026:13:12:28 +0300] "POST /xmlrpc.php HTTP/1.1" 200 16123 "-" "Mozilla/5.0 (Windows NT 10.0; Win64; x64) AppleWebKit/537.36 (KHTML, like Gecko) Chrome/114.0.0.0 Safari/537.36"
62.12.118.37 - - [28/Apr/2026:13:12:41 +0300] "GET /better-web-based-casinos-for-real-money-2026-2/ HTTP/1.1" 200 79354 "-" "Mozilla/5.0 (Windows NT 10.0; Win64; x64) AppleWebKit/537.36 (KHTML, like Gecko) Chrome/123.0.0.0 Safari/537.36 OPR/109.0.0.0"
151.244.111.202 - - [28/Apr/2026:13:13:23 +0300] "GET /en-kaliteli-ve-guvenli-cevrimici-porno-izleme-6/ HTTP/1.1" 200 207494 "-" "Screaming Frog SEO Spider/16.7"
62.12.118.37 - - [28/Apr/2026:13:13:27 +0300] "POST /xmlrpc.php HTTP/1.1" 200 630 "-" "Mozilla/5.0 (Windows NT 10.0; Win64; x64) AppleWebKit/537.36 (KHTML, like Gecko) Chrome/114.0.0.0 Safari/537.36"
62.12.118.37 - - [28/Apr/2026:13:13:52 +0300] "POST /xmlrpc.php HTTP/1.1" 200 16648 "-" "Mozilla/5.0 (Windows NT 10.0; Win64; x64) AppleWebKit/537.36 (KHTML, like Gecko) Chrome/114.0.0.0 Safari/537.36"
62.12.118.37 - - [28/Apr/2026:13:14:06 +0300] "GET /5-minimal-deposit-gambling-enterprises-british-2026-5-pound-casino-websites/ HTTP/1.1" 200 80710 "-" "Mozilla/5.0 (Windows NT 10.0; Win64; x64) AppleWebKit/537.36 (KHTML, like Gecko) Chrome/109.0.0.0 Safari/537.36"
185.216.113.70 - - [28/Apr/2026:13:14:58 +0300] "POST /wp-cron.php?doing_wp_cron=1777371298.0629529953002929687500 HTTP/1.1" 200 448 "-" "WordPress/6.3.8; https://serhatburke.miroglu.net"
62.12.118.37 - - [28/Apr/2026:13:14:45 +0300] "POST /xmlrpc.php HTTP/1.1" 200 630 "-" "Mozilla/5.0 (Windows NT 10.0; Win64; x64) AppleWebKit/537.36 (KHTML, like Gecko) Chrome/114.0.0.0 Safari/537.36"
62.12.118.37 - - [28/Apr/2026:13:15:04 +0300] "POST /xmlrpc.php HTTP/1.1" 200 16550 "-" "Mozilla/5.0 (Windows NT 10.0; Win64; x64) AppleWebKit/537.36 (KHTML, like Gecko) Chrome/114.0.0.0 Safari/537.36"
185.191.171.10 - - [28/Apr/2026:13:15:18 +0300] "GET /robots.txt HTTP/1.1" 200 0 "-" "Mozilla/5.0 (compatible; SemrushBot/7~bl; +http://www.semrush.com/bot.html)"
185.191.171.10 - - [28/Apr/2026:13:15:33 +0300] "GET /robots.txt HTTP/1.1" 200 0 "-" "Mozilla/5.0 (compatible; SemrushBot/7~bl; +http://www.semrush.com/bot.html)"
185.216.113.70 - - [28/Apr/2026:13:15:49 +0300] "POST /wp-cron.php?doing_wp_cron=1777371349.4432370662689208984375 HTTP/1.1" 200 448 "-" "WordPress/6.3.8; https://serhatburke.miroglu.net"
62.12.118.37 - - [28/Apr/2026:13:15:25 +0300] "GET /better-10-money-put-gambling-establishment-sites-inside-the-2026/ HTTP/1.1" 200 80484 "-" "Mozilla/5.0 (Windows NT 10.0; Win64; x64) AppleWebKit/537.36 (KHTML, like Gecko) Chrome/123.0.0.0 Safari/537.36"
185.216.113.70 - - [28/Apr/2026:13:16:04 +0300] "POST /wp-cron.php?doing_wp_cron=1777371364.1910109519958496093750 HTTP/1.1" 200 448 "-" "WordPress/6.3.8; https://serhatburke.miroglu.net"
185.191.171.12 - - [28/Apr/2026:13:15:48 +0300] "GET /donbet-casino-review-for-uk-players/ HTTP/1.1" 200 21671 "-" "Mozilla/5.0 (compatible; SemrushBot/7~bl; +http://www.semrush.com/bot.html)"
38.250.158.3 - - [28/Apr/2026:13:15:23 +0300] "POST /xmlrpc.php HTTP/1.1" 200 217130 "-" "Mozilla/5.0 (Macintosh; Intel Mac OS X 10_15_1) AppleWebKit/537.36 (KHTML, like Gecko) Chrome/80.0.3987.132 Safari/537.36"
62.12.118.37 - - [28/Apr/2026:13:16:05 +0300] "POST /xmlrpc.php HTTP/1.1" 200 630 "-" "Mozilla/5.0 (Windows NT 10.0; Win64; x64) AppleWebKit/537.36 (KHTML, like Gecko) Chrome/114.0.0.0 Safari/537.36"
177.37.236.245 - - [28/Apr/2026:13:16:09 +0300] "POST /xmlrpc.php HTTP/1.1" 200 667 "-" "Mozilla/5.0 (Macintosh; Intel Mac OS X 10_15_1) AppleWebKit/537.36 (KHTML, like Gecko) Chrome/80.0.3987.132 Safari/537.36"
73.148.199.143 - - [28/Apr/2026:13:16:27 +0300] "POST /xmlrpc.php HTTP/1.1" 200 6533 "-" "Mozilla/5.0 (Macintosh; Intel Mac OS X 10_15_1) AppleWebKit/537.36 (KHTML, like Gecko) Chrome/80.0.3987.132 Safari/537.36"
62.12.118.37 - - [28/Apr/2026:13:16:28 +0300] "POST /xmlrpc.php HTTP/1.1" 200 16336 "-" "Mozilla/5.0 (Windows NT 10.0; Win64; x64) AppleWebKit/537.36 (KHTML, like Gecko) Chrome/114.0.0.0 Safari/537.36"
212.34.148.156 - - [28/Apr/2026:13:16:42 +0300] "GET /zotabet-casino-bonus-premier-depot-2026/ HTTP/1.1" 200 19124 "-" "Mozilla/5.0 (compatible; Googlebot/2.1; +http://www.google.com/bot.html)"
62.12.118.37 - - [28/Apr/2026:13:16:44 +0300] "GET /ten-lowest-put-gambling-establishment-united-kingdom-2026-deposit-ten-pounds-score-incentive/ HTTP/1.1" 200 80888 "-" "Mozilla/5.0 (Windows NT 10.0; Win64; x64) AppleWebKit/537.36 (KHTML, like Gecko) Chrome/109.0.0.0 Safari/537.36"
185.216.113.70 - - [28/Apr/2026:13:17:35 +0300] "POST /wp-cron.php?doing_wp_cron=1777371455.6551311016082763671875 HTTP/1.1" 200 448 "-" "WordPress/6.3.8; https://serhatburke.miroglu.net"
62.12.118.37 - - [28/Apr/2026:13:17:23 +0300] "POST /xmlrpc.php HTTP/1.1" 200 630 "-" "Mozilla/5.0 (Windows NT 10.0; Win64; x64) AppleWebKit/537.36 (KHTML, like Gecko) Chrome/114.0.0.0 Safari/537.36"
62.12.118.37 - - [28/Apr/2026:13:17:42 +0300] "POST /xmlrpc.php HTTP/1.1" 200 16133 "-" "Mozilla/5.0 (Windows NT 10.0; Win64; x64) AppleWebKit/537.36 (KHTML, like Gecko) Chrome/114.0.0.0 Safari/537.36"
62.12.118.37 - - [28/Apr/2026:13:17:57 +0300] "GET /100-percent-free-revolves-no-deposit-gambling-establishment-now-offers-for-february-2026/ HTTP/1.1" 200 80578 "-" "Mozilla/5.0 (Windows NT 10.0; rv:109.0) Gecko/20100101 Firefox/115.0"
185.216.113.70 - - [28/Apr/2026:13:18:49 +0300] "POST /wp-cron.php?doing_wp_cron=1777371528.7280800342559814453125 HTTP/1.1" 200 448 "-" "WordPress/6.3.8; https://serhatburke.miroglu.net"
62.12.118.37 - - [28/Apr/2026:13:18:37 +0300] "POST /xmlrpc.php HTTP/1.1" 200 630 "-" "Mozilla/5.0 (Windows NT 10.0; Win64; x64) AppleWebKit/537.36 (KHTML, like Gecko) Chrome/114.0.0.0 Safari/537.36"
62.12.118.37 - - [28/Apr/2026:13:18:55 +0300] "POST /xmlrpc.php HTTP/1.1" 200 16493 "-" "Mozilla/5.0 (Windows NT 10.0; Win64; x64) AppleWebKit/537.36 (KHTML, like Gecko) Chrome/114.0.0.0 Safari/537.36"
62.12.118.37 - - [28/Apr/2026:13:19:11 +0300] "GET /gambling-enterprise-london-decades-restriction/ HTTP/1.1" 200 79618 "-" "Mozilla/5.0 (Windows NT 10.0; Win64; x64) AppleWebKit/537.36 (KHTML, like Gecko) Chrome/124.0.0.0 Safari/537.36 Edg/124.0.0.0"
185.216.113.70 - - [28/Apr/2026:13:20:04 +0300] "POST /wp-cron.php?doing_wp_cron=1777371604.5969729423522949218750 HTTP/1.1" 200 448 "-" "WordPress/6.3.8; https://serhatburke.miroglu.net"
62.12.118.37 - - [28/Apr/2026:13:19:50 +0300] "POST /xmlrpc.php HTTP/1.1" 200 630 "-" "Mozilla/5.0 (Windows NT 10.0; Win64; x64) AppleWebKit/537.36 (KHTML, like Gecko) Chrome/114.0.0.0 Safari/537.36"
62.12.118.37 - - [28/Apr/2026:13:20:12 +0300] "POST /xmlrpc.php HTTP/1.1" 200 17729 "-" "Mozilla/5.0 (Windows NT 10.0; Win64; x64) AppleWebKit/537.36 (KHTML, like Gecko) Chrome/114.0.0.0 Safari/537.36"
185.216.113.70 - - [28/Apr/2026:13:20:43 +0300] "POST /wp-cron.php?doing_wp_cron=1777371643.1287510395050048828125 HTTP/1.1" 200 448 "-" "WordPress/6.3.8; https://serhatburke.miroglu.net"
62.12.118.37 - - [28/Apr/2026:13:20:28 +0300] "GET /the-new-legend-out-of-zelda-air-of-your-nuts-wikipedia/ HTTP/1.1" 200 81288 "-" "Mozilla/5.0 (Windows NT 10.0; rv:125.0) Gecko/20100101 Firefox/125.0"
62.12.118.37 - - [28/Apr/2026:13:21:01 +0300] "POST /xmlrpc.php HTTP/1.1" 200 630 "-" "Mozilla/5.0 (Windows NT 10.0; Win64; x64) AppleWebKit/537.36 (KHTML, like Gecko) Chrome/114.0.0.0 Safari/537.36"
185.216.113.70 - - [28/Apr/2026:13:21:37 +0300] "POST /wp-cron.php?doing_wp_cron=1777371697.3109240531921386718750 HTTP/1.1" 200 448 "-" "WordPress/6.3.8; https://serhatburke.miroglu.net"
62.12.118.37 - - [28/Apr/2026:13:21:22 +0300] "POST /xmlrpc.php HTTP/1.1" 200 16832 "-" "Mozilla/5.0 (Windows NT 10.0; Win64; x64) AppleWebKit/537.36 (KHTML, like Gecko) Chrome/114.0.0.0 Safari/537.36"
62.12.118.37 - - [28/Apr/2026:13:21:39 +0300] "GET /lord-of-your-own-water-play-totally-free-position-spins-within-the-demonstration-form/ HTTP/1.1" 200 81193 "-" "Mozilla/5.0 (Windows NT 10.0; Win64; x64) AppleWebKit/537.36 (KHTML, like Gecko) Chrome/122.0.0.0 Safari/537.36"
212.34.148.156 - - [28/Apr/2026:13:21:46 +0300] "GET /zotabet-casino-bonus-premier-depot-2026/ HTTP/1.1" 200 19124 "-" "Mozilla/5.0 (compatible; Googlebot/2.1; +http://www.google.com/bot.html)"
62.12.118.37 - - [28/Apr/2026:13:22:13 +0300] "POST /xmlrpc.php HTTP/1.1" 200 630 "-" "Mozilla/5.0 (Windows NT 10.0; Win64; x64) AppleWebKit/537.36 (KHTML, like Gecko) Chrome/114.0.0.0 Safari/537.36"
185.216.113.70 - - [28/Apr/2026:13:23:17 +0300] "POST /wp-cron.php?doing_wp_cron=1777371797.0726690292358398437500 HTTP/1.1" 200 448 "-" "WordPress/6.3.8; https://serhatburke.miroglu.net"
62.12.118.37 - - [28/Apr/2026:13:22:42 +0300] "POST /xmlrpc.php HTTP/1.1" 200 16382 "-" "Mozilla/5.0 (Windows NT 10.0; Win64; x64) AppleWebKit/537.36 (KHTML, like Gecko) Chrome/114.0.0.0 Safari/537.36"
62.12.118.37 - - [28/Apr/2026:13:23:18 +0300] "GET /better-29-free-revolves-no-deposit-gambling-enterprises-united-states-of-america/ HTTP/1.1" 200 80592 "-" "Mozilla/5.0 (Windows NT 10.0; Win64; x64; rv:125.0) Gecko/20100101 Firefox/125.0"
62.12.118.37 - - [28/Apr/2026:13:23:26 +0300] "POST /xmlrpc.php HTTP/1.1" 200 630 "-" "Mozilla/5.0 (Windows NT 10.0; Win64; x64) AppleWebKit/537.36 (KHTML, like Gecko) Chrome/114.0.0.0 Safari/537.36"
62.12.118.37 - - [28/Apr/2026:13:24:04 +0300] "POST /xmlrpc.php HTTP/1.1" 200 16949 "-" "Mozilla/5.0 (Windows NT 10.0; Win64; x64) AppleWebKit/537.36 (KHTML, like Gecko) Chrome/114.0.0.0 Safari/537.36"
185.216.113.70 - - [28/Apr/2026:13:24:43 +0300] "POST /wp-cron.php?doing_wp_cron=1777371882.8549959659576416015625 HTTP/1.1" 200 448 "-" "WordPress/6.3.8; https://serhatburke.miroglu.net"
62.12.118.37 - - [28/Apr/2026:13:24:18 +0300] "GET /50-dragons-slot-machine-game/ HTTP/1.1" 200 79258 "-" "Mozilla/5.0 (Windows NT 10.0; Win64; x64) AppleWebKit/537.36 (KHTML, like Gecko) Chrome/123.0.0.0 Safari/537.36"
66.249.73.15 - - [28/Apr/2026:13:24:21 +0300] "GET /robots.txt HTTP/1.1" 200 719 "-" "Mozilla/5.0 (compatible; Googlebot/2.1; +http://www.google.com/bot.html)"
66.249.76.77 - - [28/Apr/2026:13:24:21 +0300] "GET /atletiko-barselona-prognoz-kjef-2-09-i-sostavy-57/ HTTP/1.1" 200 363012 "-" "Mozilla/5.0 (Linux; Android 6.0.1; Nexus 5X Build/MMB29P) AppleWebKit/537.36 (KHTML, like Gecko) Chrome/147.0.7727.116 Mobile Safari/537.36 (compatible; Googlebot/2.1; +http://www.google.com/bot.html)"
66.249.73.14 - - [28/Apr/2026:13:25:04 +0300] "GET /wp-content/themes/toppic/css/default.css?ver=4.2 HTTP/1.1" 200 1811 "https://serhatburke.miroglu.net/atletiko-barselona-prognoz-kjef-2-09-i-sostavy-57/" "Mozilla/5.0 (Linux; Android 6.0.1; Nexus 5X Build/MMB29P) AppleWebKit/537.36 (KHTML, like Gecko) Chrome/147.0.7727.116 Mobile Safari/537.36 (compatible; Googlebot/2.1; +http://www.google.com/bot.html)"
66.249.73.14 - - [28/Apr/2026:13:25:04 +0300] "GET /wp-includes/js/comment-reply.min.js?ver=6.3.8 HTTP/1.1" 200 1677 "https://serhatburke.miroglu.net/atletiko-barselona-prognoz-kjef-2-09-i-sostavy-57/" "Mozilla/5.0 (Linux; Android 6.0.1; Nexus 5X Build/MMB29P) AppleWebKit/537.36 (KHTML, like Gecko) Chrome/147.0.7727.116 Mobile Safari/537.36 (compatible; Googlebot/2.1; +http://www.google.com/bot.html)"
66.249.76.78 - - [28/Apr/2026:13:25:05 +0300] "GET /wp-content/themes/toppic/js/jquery.touchswipe.js?ver=4.2 HTTP/1.1" 200 5362 "https://serhatburke.miroglu.net/atletiko-barselona-prognoz-kjef-2-09-i-sostavy-57/" "Mozilla/5.0 (Linux; Android 6.0.1; Nexus 5X Build/MMB29P) AppleWebKit/537.36 (KHTML, like Gecko) Chrome/147.0.7727.116 Mobile Safari/537.36 (compatible; Googlebot/2.1; +http://www.google.com/bot.html)"
37.139.53.240 - - [28/Apr/2026:13:24:32 +0300] "POST / HTTP/2" 200 0 "-" "Mozilla/5.0 (Macintosh; Intel Mac OS X 10.15; rv:135.0) Gecko/20100101 Firefox/135.0"
62.12.118.37 - - [28/Apr/2026:13:24:37 +0300] "POST /xmlrpc.php HTTP/1.1" 200 630 "-" "Mozilla/5.0 (Windows NT 10.0; Win64; x64) AppleWebKit/537.36 (KHTML, like Gecko) Chrome/114.0.0.0 Safari/537.36"
66.249.73.15 - - [28/Apr/2026:13:24:39 +0300] "GET /1xbet-1hbet-bonus-pri-registracii-400-obzor-i-114/ HTTP/1.1" 200 392160 "-" "Mozilla/5.0 (Linux; Android 6.0.1; Nexus 5X Build/MMB29P) AppleWebKit/537.36 (KHTML, like Gecko) Chrome/147.0.7727.116 Mobile Safari/537.36 (compatible; Googlebot/2.1; +http://www.google.com/bot.html)"
62.12.118.37 - - [28/Apr/2026:13:25:21 +0300] "POST /xmlrpc.php HTTP/1.1" 200 16999 "-" "Mozilla/5.0 (Windows NT 10.0; Win64; x64) AppleWebKit/537.36 (KHTML, like Gecko) Chrome/114.0.0.0 Safari/537.36"
37.139.53.240 - - [28/Apr/2026:13:25:07 +0300] "POST / HTTP/2" 200 18471 "-" "Mozilla/5.0 (Macintosh; Intel Mac OS X 10_15_7) AppleWebKit/537.36 (KHTML, like Gecko) Chrome/131.0.0.0 Safari/537.36"
66.249.73.15 - - [28/Apr/2026:13:25:39 +0300] "GET /1xbet-1hbet-bonus-pri-registracii-400-obzor-i-114/undefined?ts=1775520000 HTTP/1.1" 200 0 "https://serhatburke.miroglu.net/1xbet-1hbet-bonus-pri-registracii-400-obzor-i-114/" "Mozilla/5.0 (Linux; Android 6.0.1; Nexus 5X Build/MMB29P) AppleWebKit/537.36 (KHTML, like Gecko) Chrome/147.0.7727.116 Mobile Safari/537.36 (compatible; Googlebot/2.1; +http://www.google.com/bot.html)"
185.216.113.70 - - [28/Apr/2026:13:25:51 +0300] "POST /wp-cron.php?doing_wp_cron=1777371950.9418230056762695312500 HTTP/1.1" 200 448 "-" "WordPress/6.3.8; https://serhatburke.miroglu.net"
62.12.118.37 - - [28/Apr/2026:13:25:36 +0300] "GET /greatest-7-fast-payment-casinos-to-possess-quick-withdrawals-in-the-2026/ HTTP/1.1" 200 80853 "-" "Mozilla/5.0 (Windows NT 10.0; Win64; x64) AppleWebKit/537.36 (KHTML, like Gecko) Chrome/123.0.0.0 Safari/537.36"
66.249.76.77 - - [28/Apr/2026:13:25:47 +0300] "GET /atletiko-barselona-prognoz-kjef-2-09-i-sostavy-57/undefined?ts=1775520000 HTTP/1.1" 200 0 "https://serhatburke.miroglu.net/atletiko-barselona-prognoz-kjef-2-09-i-sostavy-57/" "Mozilla/5.0 (Linux; Android 6.0.1; Nexus 5X Build/MMB29P) AppleWebKit/537.36 (KHTML, like Gecko) Chrome/147.0.7727.116 Mobile Safari/537.36 (compatible; Googlebot/2.1; +http://www.google.com/bot.html)"
62.12.118.37 - - [28/Apr/2026:13:25:46 +0300] "POST /xmlrpc.php HTTP/1.1" 200 630 "-" "Mozilla/5.0 (Windows NT 10.0; Win64; x64) AppleWebKit/537.36 (KHTML, like Gecko) Chrome/114.0.0.0 Safari/537.36"
66.249.73.14 - - [28/Apr/2026:13:26:00 +0300] "GET /1xbet-obzor-stavki-na-sport-onlajn-oficialnyj-sajt-96/ HTTP/1.1" 200 390906 "-" "Mozilla/5.0 (Linux; Android 6.0.1; Nexus 5X Build/MMB29P) AppleWebKit/537.36 (KHTML, like Gecko) Chrome/147.0.7727.116 Mobile Safari/537.36 (compatible; Googlebot/2.1; +http://www.google.com/bot.html)"
216.73.217.81 - - [28/Apr/2026:13:26:10 +0300] "GET /robots.txt HTTP/2" 200 110 "-" "Mozilla/5.0 AppleWebKit/537.36 (KHTML, like Gecko; compatible; ClaudeBot/1.0; +claudebot@anthropic.com)"
62.12.118.37 - - [28/Apr/2026:13:26:15 +0300] "POST /xmlrpc.php HTTP/1.1" 200 16133 "-" "Mozilla/5.0 (Windows NT 10.0; Win64; x64) AppleWebKit/537.36 (KHTML, like Gecko) Chrome/114.0.0.0 Safari/537.36"
38.154.117.40 - - [28/Apr/2026:13:26:14 +0300] "GET /88701-2/ HTTP/1.1" 200 18389 "-" "Mozilla/5.0 (compatible; Googlebot/2.1; +http://www.google.com/bot.html)"
216.73.217.81 - - [28/Apr/2026:13:26:29 +0300] "GET /sitemap.rss HTTP/2" 200 0 "-" "Mozilla/5.0 AppleWebKit/537.36 (KHTML, like Gecko; compatible; ClaudeBot/1.0; +claudebot@anthropic.com)"
185.216.113.70 - - [28/Apr/2026:13:26:45 +0300] "POST /wp-cron.php?doing_wp_cron=1777372005.5616309642791748046875 HTTP/1.1" 200 448 "-" "WordPress/6.3.8; https://serhatburke.miroglu.net"
62.12.118.37 - - [28/Apr/2026:13:26:37 +0300] "GET /risk-high-voltage-on-the-web-position-play-for-totally-free/ HTTP/1.1" 200 79585 "-" "Mozilla/5.0 (Windows NT 10.0; Win64; x64; rv:124.0) Gecko/20100101 Firefox/124.0"
66.249.73.14 - - [28/Apr/2026:13:26:54 +0300] "GET /robots.txt HTTP/1.1" 200 719 "-" "Mozilla/5.0 (compatible; Googlebot/2.1; +http://www.google.com/bot.html)"
62.12.118.37 - - [28/Apr/2026:13:26:56 +0300] "POST /xmlrpc.php HTTP/1.1" 200 630 "-" "Mozilla/5.0 (Windows NT 10.0; Win64; x64) AppleWebKit/537.36 (KHTML, like Gecko) Chrome/114.0.0.0 Safari/537.36"
66.249.73.14 - - [28/Apr/2026:13:27:08 +0300] "GET /1xbet-obzor-stavki-na-sport-onlajn-oficialnyj-sajt-96/undefined?ts=1775520000 HTTP/1.1" 200 0 "https://serhatburke.miroglu.net/1xbet-obzor-stavki-na-sport-onlajn-oficialnyj-sajt-96/" "Mozilla/5.0 (Linux; Android 6.0.1; Nexus 5X Build/MMB29P) AppleWebKit/537.36 (KHTML, like Gecko) Chrome/147.0.7727.116 Mobile Safari/537.36 (compatible; Googlebot/2.1; +http://www.google.com/bot.html)"
185.216.113.70 - - [28/Apr/2026:13:27:30 +0300] "POST /wp-cron.php?doing_wp_cron=1777372049.9958829879760742187500 HTTP/1.1" 200 448 "-" "WordPress/6.3.8; https://serhatburke.miroglu.net"
62.12.118.37 - - [28/Apr/2026:13:27:17 +0300] "POST /xmlrpc.php HTTP/1.1" 200 16404 "-" "Mozilla/5.0 (Windows NT 10.0; Win64; x64) AppleWebKit/537.36 (KHTML, like Gecko) Chrome/114.0.0.0 Safari/537.36"
62.12.118.37 - - [28/Apr/2026:13:27:31 +0300] "GET /50-100-percent-free-revolves-no-deposit-discover-the-better-sales-in-the-industry/ HTTP/1.1" 200 80473 "-" "Mozilla/5.0 (Windows NT 10.0; Win64; x64) AppleWebKit/537.36 (KHTML, like Gecko) Chrome/109.0.0.0 Safari/537.36"
62.12.118.37 - - [28/Apr/2026:13:28:03 +0300] "POST /xmlrpc.php HTTP/1.1" 200 630 "-" "Mozilla/5.0 (Windows NT 10.0; Win64; x64) AppleWebKit/537.36 (KHTML, like Gecko) Chrome/114.0.0.0 Safari/537.36"
185.216.113.70 - - [28/Apr/2026:13:28:34 +0300] "POST /wp-cron.php?doing_wp_cron=1777372114.5297958850860595703125 HTTP/1.1" 200 448 "-" "WordPress/6.3.8; https://serhatburke.miroglu.net"
62.12.118.37 - - [28/Apr/2026:13:28:21 +0300] "POST /xmlrpc.php HTTP/1.1" 200 16653 "-" "Mozilla/5.0 (Windows NT 10.0; Win64; x64) AppleWebKit/537.36 (KHTML, like Gecko) Chrome/114.0.0.0 Safari/537.36"
62.12.118.37 - - [28/Apr/2026:13:28:36 +0300] "GET /spin-it-safe-verified-totally-free-spins-bonuses-to-possess-march-2026/ HTTP/1.1" 200 80301 "-" "Mozilla/5.0 (Windows NT 10.0; Win64; x64) AppleWebKit/537.36 (KHTML, like Gecko) Chrome/123.0.0.0 Safari/537.36 OPR/109.0.0.0"
62.12.118.37 - - [28/Apr/2026:13:29:16 +0300] "POST /xmlrpc.php HTTP/1.1" 200 630 "-" "Mozilla/5.0 (Windows NT 10.0; Win64; x64) AppleWebKit/537.36 (KHTML, like Gecko) Chrome/114.0.0.0 Safari/537.36"
185.216.113.70 - - [28/Apr/2026:13:29:48 +0300] "POST /wp-cron.php?doing_wp_cron=1777372188.0586109161376953125000 HTTP/1.1" 200 448 "-" "WordPress/6.3.8; https://serhatburke.miroglu.net"
62.12.118.37 - - [28/Apr/2026:13:29:35 +0300] "POST /xmlrpc.php HTTP/1.1" 200 16628 "-" "Mozilla/5.0 (Windows NT 10.0; Win64; x64) AppleWebKit/537.36 (KHTML, like Gecko) Chrome/114.0.0.0 Safari/537.36"
62.12.118.37 - - [28/Apr/2026:13:29:49 +0300] "GET /super-link-position-cam/ HTTP/1.1" 200 79081 "-" "Mozilla/5.0 (Windows NT 10.0; Win64; x64) AppleWebKit/537.36 (KHTML, like Gecko) Chrome/123.0.0.0 Safari/537.36"
185.216.113.70 - - [28/Apr/2026:13:30:48 +0300] "POST /wp-cron.php?doing_wp_cron=1777372248.6820359230041503906250 HTTP/1.1" 200 448 "-" "WordPress/6.3.8; https://serhatburke.miroglu.net"
62.12.118.37 - - [28/Apr/2026:13:30:36 +0300] "POST /xmlrpc.php HTTP/1.1" 200 630 "-" "Mozilla/5.0 (Windows NT 10.0; Win64; x64) AppleWebKit/537.36 (KHTML, like Gecko) Chrome/114.0.0.0 Safari/537.36"
85.208.115.72 - - [28/Apr/2026:13:30:36 +0300] "GET /beste-casino-site-belgie-hoge-inzet/ HTTP/1.1" 200 19265 "-" "Mozilla/5.0 (X11; Fedora; Linux x86_64; rv:114.0) Gecko/20100101 Firefox/114.0"
62.12.118.37 - - [28/Apr/2026:13:30:55 +0300] "POST /xmlrpc.php HTTP/1.1" 200 16147 "-" "Mozilla/5.0 (Windows NT 10.0; Win64; x64) AppleWebKit/537.36 (KHTML, like Gecko) Chrome/114.0.0.0 Safari/537.36"
52.167.144.157 - - [28/Apr/2026:13:31:01 +0300] "GET /harnessing-solscan-a-must-have-tool-for-crypto-investors/ HTTP/2" 200 18222 "-" "Mozilla/5.0 AppleWebKit/537.36 (KHTML, like Gecko; compatible; bingbot/2.0; +http://www.bing.com/bingbot.htm) Chrome/116.0.1938.76 Safari/537.36"
40.77.167.78 - - [28/Apr/2026:13:31:07 +0300] "GET /lowest-put-and-quickest-withdrawal-playing-internet-sites-within-turn-your-fortune-rtp-play-slot-the-asia/ HTTP/2" 200 18294 "-" "Mozilla/5.0 AppleWebKit/537.36 (KHTML, like Gecko; compatible; bingbot/2.0; +http://www.bing.com/bingbot.htm) Chrome/116.0.1938.76 Safari/537.36"
62.12.118.37 - - [28/Apr/2026:13:31:10 +0300] "GET /appeal-clovers-on-line-reputation-away-from-betsoft-fifty-100-percent-free-revolves-no-deposit-expected/ HTTP/1.1" 200 80843 "-" "Mozilla/5.0 (Windows NT 10.0; Win64; x64; rv:124.0) Gecko/20100101 Firefox/124.0"
185.216.113.70 - - [28/Apr/2026:13:31:42 +0300] "POST /wp-cron.php?doing_wp_cron=1777372302.4266140460968017578125 HTTP/1.1" 200 448 "-" "WordPress/6.3.8; https://serhatburke.miroglu.net"
52.167.144.157 - - [28/Apr/2026:13:31:31 +0300] "GET /wasteland-jungle-wild-5-deposit-value-slot-comment-running-on-bgaming/ HTTP/2" 200 19316 "-" "Mozilla/5.0 AppleWebKit/537.36 (KHTML, like Gecko; compatible; bingbot/2.0; +http://www.bing.com/bingbot.htm) Chrome/116.0.1938.76 Safari/537.36"
62.12.118.37 - - [28/Apr/2026:13:31:53 +0300] "POST /xmlrpc.php HTTP/1.1" 200 630 "-" "Mozilla/5.0 (Windows NT 10.0; Win64; x64) AppleWebKit/537.36 (KHTML, like Gecko) Chrome/114.0.0.0 Safari/537.36"
185.216.113.70 - - [28/Apr/2026:13:32:26 +0300] "POST /wp-cron.php?doing_wp_cron=1777372345.8801798820495605468750 HTTP/1.1" 200 448 "-" "WordPress/6.3.8; https://serhatburke.miroglu.net"
62.12.118.37 - - [28/Apr/2026:13:32:12 +0300] "POST /xmlrpc.php HTTP/1.1" 200 15631 "-" "Mozilla/5.0 (Windows NT 10.0; Win64; x64) AppleWebKit/537.36 (KHTML, like Gecko) Chrome/114.0.0.0 Safari/537.36"
82.25.62.125 - - [28/Apr/2026:13:32:18 +0300] "GET /88701-2/ HTTP/1.1" 200 18389 "-" "Mozilla/5.0 (compatible; Googlebot/2.1; +http://www.google.com/bot.html)"
62.12.118.37 - - [28/Apr/2026:13:32:27 +0300] "GET /fifty-free-revolves-gambling-enterprises-no-deposit-no-bet/ HTTP/1.1" 200 79433 "-" "Mozilla/5.0 (Windows NT 10.0; Win64; x64; rv:124.0) Gecko/20100101 Firefox/124.0"
57.128.22.95 - - [28/Apr/2026:13:32:39 +0300] "GET /zotabet-casino-bonus-premier-depot-2026/ HTTP/1.1" 200 19124 "-" "Mozilla/5.0 (compatible; Googlebot/2.1; +http://www.google.com/bot.html)"
62.12.118.37 - - [28/Apr/2026:13:33:13 +0300] "POST /xmlrpc.php HTTP/1.1" 200 630 "-" "Mozilla/5.0 (Windows NT 10.0; Win64; x64) AppleWebKit/537.36 (KHTML, like Gecko) Chrome/114.0.0.0 Safari/537.36"
185.216.113.70 - - [28/Apr/2026:13:33:45 +0300] "POST /wp-cron.php?doing_wp_cron=1777372424.8815770149230957031250 HTTP/1.1" 200 448 "-" "WordPress/6.3.8; https://serhatburke.miroglu.net"
62.12.118.37 - - [28/Apr/2026:13:33:32 +0300] "POST /xmlrpc.php HTTP/1.1" 200 16513 "-" "Mozilla/5.0 (Windows NT 10.0; Win64; x64) AppleWebKit/537.36 (KHTML, like Gecko) Chrome/114.0.0.0 Safari/537.36"
62.12.118.37 - - [28/Apr/2026:13:33:46 +0300] "GET /better-sweepstakes-gambling-enterprises-listing-of-250-all-of-us-sweeps-gambling-enterprises-inside-2026/ HTTP/1.1" 200 81294 "-" "Mozilla/5.0 (Windows NT 10.0; Win64; x64) AppleWebKit/537.36 (KHTML, like Gecko) Chrome/124.0.0.0 Safari/537.36"
198.23.149.194 - - [28/Apr/2026:13:34:22 +0300] "GET /zotabet-casino-bonus-premier-depot-2026/ HTTP/1.1" 200 0 "https://serhatburke.miroglu.net/" "Mozilla/5.0 (Windows NT 10.0; Win64; x64) AppleWebKit/537.36 (KHTML, like Gecko) Chrome/114.0.0.0 Safari/537.36 OPR/89.0.4447.51"
185.216.113.70 - - [28/Apr/2026:13:34:44 +0300] "POST /wp-cron.php?doing_wp_cron=1777372484.5774900913238525390625 HTTP/1.1" 200 448 "-" "WordPress/6.3.8; https://serhatburke.miroglu.net"
62.12.118.37 - - [28/Apr/2026:13:34:32 +0300] "POST /xmlrpc.php HTTP/1.1" 200 630 "-" "Mozilla/5.0 (Windows NT 10.0; Win64; x64) AppleWebKit/537.36 (KHTML, like Gecko) Chrome/114.0.0.0 Safari/537.36"
62.12.118.37 - - [28/Apr/2026:13:34:51 +0300] "POST /xmlrpc.php HTTP/1.1" 200 16055 "-" "Mozilla/5.0 (Windows NT 10.0; Win64; x64) AppleWebKit/537.36 (KHTML, like Gecko) Chrome/114.0.0.0 Safari/537.36"
77.232.38.47 - - [28/Apr/2026:13:34:53 +0300] "POST /xmlrpc.php HTTP/1.1" 200 217130 "-" "Mozilla/5.0 (Windows NT 10.0; Win64; x64) AppleWebKit/537.36 (KHTML, like Gecko) Chrome/114.0.0.0 Safari/537.36 Edg/114.0.1264.71"
57.128.22.95 - - [28/Apr/2026:13:35:10 +0300] "GET /zotabet-casino-bonus-premier-depot-2026/ HTTP/1.1" 200 19124 "-" "Mozilla/5.0 (compatible; Googlebot/2.1; +http://www.google.com/bot.html)"
77.232.38.47 - - [28/Apr/2026:13:35:10 +0300] "POST /xmlrpc.php HTTP/1.1" 200 725 "-" "Mozilla/5.0 (Windows NT 10.0; Win64; x64) AppleWebKit/537.36 (KHTML, like Gecko) Chrome/114.0.0.0 Safari/537.36 Edg/114.0.1264.71"
62.12.118.37 - - [28/Apr/2026:13:35:07 +0300] "GET /50-totally-free-spins-no-deposit-best-2026-registration-also-offers/ HTTP/1.1" 200 79925 "-" "Mozilla/5.0 (Windows NT 10.0; rv:125.0) Gecko/20100101 Firefox/125.0"
185.216.113.70 - - [28/Apr/2026:13:35:45 +0300] "POST /wp-cron.php?doing_wp_cron=1777372545.5582818984985351562500 HTTP/1.1" 200 448 "-" "WordPress/6.3.8; https://serhatburke.miroglu.net"
52.167.144.157 - - [28/Apr/2026:13:35:32 +0300] "GET /thunderstruck-2/ HTTP/2" 200 20077 "-" "Mozilla/5.0 AppleWebKit/537.36 (KHTML, like Gecko; compatible; bingbot/2.0; +http://www.bing.com/bingbot.htm) Chrome/116.0.1938.76 Safari/537.36"
52.167.144.156 - - [28/Apr/2026:13:35:37 +0300] "GET /the-video-game-also-offers-total-support-having-intricate-terms-of-service-and-you-may-privacy-on-the-fresh-huuuge-online-game-site-the-fresh-softwares-user-interface-is-made-with-easy-to-u/ HTTP/2" 200 19182 "-" "Mozilla/5.0 AppleWebKit/537.36 (KHTML, like Gecko; compatible; bingbot/2.0; +http://www.bing.com/bingbot.htm) Chrome/116.0.1938.76 Safari/537.36"
40.77.167.41 - - [28/Apr/2026:13:35:41 +0300] "GET /nuestro-deposito-minusculo-para-todas-estas-opciones-seri%EF%BF%BDa-de-12-eurillos/ HTTP/2" 200 17922 "-" "Mozilla/5.0 AppleWebKit/537.36 (KHTML, like Gecko; compatible; bingbot/2.0; +http://www.bing.com/bingbot.htm) Chrome/116.0.1938.76 Safari/537.36"
77.232.38.47 - - [28/Apr/2026:13:35:48 +0300] "POST /xmlrpc.php HTTP/1.1" 200 667 "-" "Mozilla/5.0 (Windows NT 10.0; Win64; x64) AppleWebKit/537.36 (KHTML, like Gecko) Chrome/114.0.0.0 Safari/537.36 Edg/114.0.1264.71"
62.12.118.37 - - [28/Apr/2026:13:35:50 +0300] "POST /xmlrpc.php HTTP/1.1" 200 630 "-" "Mozilla/5.0 (Windows NT 10.0; Win64; x64) AppleWebKit/537.36 (KHTML, like Gecko) Chrome/114.0.0.0 Safari/537.36"
185.216.113.70 - - [28/Apr/2026:13:36:28 +0300] "POST /wp-cron.php?doing_wp_cron=1777372587.9043951034545898437500 HTTP/1.1" 200 448 "-" "WordPress/6.3.8; https://serhatburke.miroglu.net"
77.232.38.47 - - [28/Apr/2026:13:36:14 +0300] "POST /xmlrpc.php HTTP/1.1" 200 706 "-" "Mozilla/5.0 (Windows NT 10.0; Win64; x64) AppleWebKit/537.36 (KHTML, like Gecko) Chrome/114.0.0.0 Safari/537.36 Edg/114.0.1264.71"
62.12.118.37 - - [28/Apr/2026:13:36:18 +0300] "POST /xmlrpc.php HTTP/1.1" 200 16444 "-" "Mozilla/5.0 (Windows NT 10.0; Win64; x64) AppleWebKit/537.36 (KHTML, like Gecko) Chrome/114.0.0.0 Safari/537.36"
62.12.118.37 - - [28/Apr/2026:13:36:33 +0300] "GET /noahs-no-deposit-fifty-totally-free-revolves-ark-position-costa-rica/ HTTP/1.1" 200 80238 "-" "Mozilla/5.0 (Windows NT 10.0; Win64; x64) AppleWebKit/537.36 (KHTML, like Gecko) Chrome/123.0.0.0 Safari/537.36 OPR/109.0.0.0"
62.12.118.37 - - [28/Apr/2026:13:37:08 +0300] "POST /xmlrpc.php HTTP/1.1" 200 630 "-" "Mozilla/5.0 (Windows NT 10.0; Win64; x64) AppleWebKit/537.36 (KHTML, like Gecko) Chrome/114.0.0.0 Safari/537.36"
185.216.113.70 - - [28/Apr/2026:13:37:56 +0300] "POST /wp-cron.php?doing_wp_cron=1777372676.0751268863677978515625 HTTP/1.1" 200 448 "-" "WordPress/6.3.8; https://serhatburke.miroglu.net"
62.12.118.37 - - [28/Apr/2026:13:37:43 +0300] "POST /xmlrpc.php HTTP/1.1" 200 17254 "-" "Mozilla/5.0 (Windows NT 10.0; Win64; x64) AppleWebKit/537.36 (KHTML, like Gecko) Chrome/114.0.0.0 Safari/537.36"
181.215.16.212 - - [28/Apr/2026:13:37:54 +0300] "GET /zotabet-casino-bonus-premier-depot-2026/ HTTP/1.1" 200 19133 "https://serhatburke.miroglu.net/" "Mozilla/5.0 (Windows NT 10.0; WOW64; x64) AppleWebKit/537.36 (KHTML, like Gecko) Chrome/114.0.0.0 Safari/537.36 OPR/89.0.4447.51"
62.12.118.37 - - [28/Apr/2026:13:37:58 +0300] "GET /the-present-money-master-totally-free-spins-coins-links-february-2026/ HTTP/1.1" 200 81047 "-" "Mozilla/5.0 (Windows NT 10.0; Win64; x64; rv:124.0) Gecko/20100101 Firefox/124.0"
181.215.16.212 - - [28/Apr/2026:13:38:17 +0300] "POST /wp-comments-post.php HTTP/1.1" 302 1087 "https://serhatburke.miroglu.net/zotabet-casino-bonus-premier-depot-2026/" "Mozilla/5.0 (Windows NT 10.0; WOW64; x64) AppleWebKit/537.36 (KHTML, like Gecko) Chrome/114.0.0.0 Safari/537.36 OPR/89.0.4447.51"
185.216.113.70 - - [28/Apr/2026:13:38:42 +0300] "POST /wp-cron.php?doing_wp_cron=1777372722.8007841110229492187500 HTTP/1.1" 200 448 "-" "WordPress/6.3.8; https://serhatburke.miroglu.net"
181.215.16.212 - - [28/Apr/2026:13:38:29 +0300] "GET /zotabet-casino-bonus-premier-depot-2026/?unapproved=811&moderation-hash=815094f3d4f58b8b0a4c38dd7c590bd9 HTTP/1.1" 200 19549 "https://serhatburke.miroglu.net/wp-comments-post.php" "Mozilla/5.0 (Windows NT 10.0; WOW64; x64) AppleWebKit/537.36 (KHTML, like Gecko) Chrome/114.0.0.0 Safari/537.36 OPR/89.0.4447.51"
40.77.167.6 - - [28/Apr/2026:13:38:37 +0300] "GET /best-5-deposit-casinos-uk-get-two-hundred-500-bonuses-in-the-2026/ HTTP/2" 200 20072 "-" "Mozilla/5.0 AppleWebKit/537.36 (KHTML, like Gecko; compatible; bingbot/2.0; +http://www.bing.com/bingbot.htm) Chrome/116.0.1938.76 Safari/537.36"
181.215.16.212 - - [28/Apr/2026:13:38:44 +0300] "GET /zotabet-casino-bonus-premier-depot-2026/ HTTP/1.1" 200 19124 "-" "Mozilla/5.0 (Windows NT 10.0; WOW64; x64) AppleWebKit/537.36 (KHTML, like Gecko) Chrome/114.0.0.0 Safari/537.36 OPR/89.0.4447.51"
82.25.62.125 - - [28/Apr/2026:13:38:58 +0300] "GET /88701-2/ HTTP/1.1" 200 18389 "-" "Mozilla/5.0 (compatible; Googlebot/2.1; +http://www.google.com/bot.html)"
185.216.113.70 - - [28/Apr/2026:13:40:21 +0300] "POST /wp-cron.php?doing_wp_cron=1777372821.2449100017547607421875 HTTP/1.1" 200 448 "-" "WordPress/6.3.8; https://serhatburke.miroglu.net"
143.105.152.123 - - [28/Apr/2026:13:40:08 +0300] "GET /beste-casino-site-belgie-hoge-inzet/ HTTP/1.1" 200 19281 "https://serhatburke.miroglu.net/" "Mozilla/5.0 (Macintosh; Intel Mac OS X 10_15_7) AppleWebKit/605.1.15 (KHTML, like Gecko) Version/26.3.1 Safari/605.1.15"
57.128.22.95 - - [28/Apr/2026:13:40:16 +0300] "GET /beste-casino-site-belgie-hoge-inzet/ HTTP/1.1" 200 19281 "https://serhatburke.miroglu.net/" "Mozilla/5.0 (Macintosh; Intel Mac OS X 10_15_7) AppleWebKit/537.36 (KHTML, like Gecko) Chrome/146.0.0.0 Safari/537.36"
196.51.133.70 - - [28/Apr/2026:13:40:33 +0300] "GET /wp-content/plugins/contact-form-7/includes/css/styles.css?ver=5.8 HTTP/1.1" 200 1490 "https://serhatburke.miroglu.net/beste-casino-site-belgie-hoge-inzet/" "Mozilla/5.0 (Windows NT 10.0; Win64; x64) AppleWebKit/537.36 (KHTML, like Gecko) Chrome/145.0.0.0 Safari/537.36"
196.51.133.70 - - [28/Apr/2026:13:40:36 +0300] "GET /wp-content/themes/toppic/css/fontello.css?ver=4.2 HTTP/1.1" 200 1802 "https://serhatburke.miroglu.net/beste-casino-site-belgie-hoge-inzet/" "Mozilla/5.0 (Windows NT 10.0; Win64; x64) AppleWebKit/537.36 (KHTML, like Gecko) Chrome/145.0.0.0 Safari/537.36"
196.51.133.70 - - [28/Apr/2026:13:40:37 +0300] "GET /wp-content/themes/toppic/css/reset.css?ver=4.2 HTTP/1.1" 200 1178 "https://serhatburke.miroglu.net/beste-casino-site-belgie-hoge-inzet/" "Mozilla/5.0 (Windows NT 10.0; Win64; x64) AppleWebKit/537.36 (KHTML, like Gecko) Chrome/145.0.0.0 Safari/537.36"
196.51.133.70 - - [28/Apr/2026:13:40:39 +0300] "GET /wp-content/themes/toppic/css/default.css?ver=4.2 HTTP/1.1" 200 1811 "https://serhatburke.miroglu.net/beste-casino-site-belgie-hoge-inzet/" "Mozilla/5.0 (Windows NT 10.0; Win64; x64) AppleWebKit/537.36 (KHTML, like Gecko) Chrome/145.0.0.0 Safari/537.36"
196.51.133.70 - - [28/Apr/2026:13:40:40 +0300] "GET /wp-content/themes/toppic/style.css?ver=4.2 HTTP/1.1" 200 23398 "https://serhatburke.miroglu.net/beste-casino-site-belgie-hoge-inzet/" "Mozilla/5.0 (Windows NT 10.0; Win64; x64) AppleWebKit/537.36 (KHTML, like Gecko) Chrome/145.0.0.0 Safari/537.36"
196.51.133.70 - - [28/Apr/2026:13:40:42 +0300] "GET /wp-content/themes/toppic/css/royalslider.css?ver=4.2 HTTP/1.1" 200 1887 "https://serhatburke.miroglu.net/beste-casino-site-belgie-hoge-inzet/" "Mozilla/5.0 (Windows NT 10.0; Win64; x64) AppleWebKit/537.36 (KHTML, like Gecko) Chrome/145.0.0.0 Safari/537.36"
196.51.133.70 - - [28/Apr/2026:13:40:43 +0300] "GET /wp-content/themes/toppic/css/rs-default.css?ver=4.2 HTTP/1.1" 200 2625 "https://serhatburke.miroglu.net/beste-casino-site-belgie-hoge-inzet/" "Mozilla/5.0 (Windows NT 10.0; Win64; x64) AppleWebKit/537.36 (KHTML, like Gecko) Chrome/145.0.0.0 Safari/537.36"
196.51.133.70 - - [28/Apr/2026:13:40:45 +0300] "GET /wp-content/themes/toppic/css/lightbox.css?ver=4.2 HTTP/1.1" 200 2956 "https://serhatburke.miroglu.net/beste-casino-site-belgie-hoge-inzet/" "Mozilla/5.0 (Windows NT 10.0; Win64; x64) AppleWebKit/537.36 (KHTML, like Gecko) Chrome/145.0.0.0 Safari/537.36"
196.51.133.70 - - [28/Apr/2026:13:40:47 +0300] "GET /wp-content/themes/toppic/css/woocommerce.css?ver=4.2 HTTP/1.1" 200 2848 "https://serhatburke.miroglu.net/beste-casino-site-belgie-hoge-inzet/" "Mozilla/5.0 (Windows NT 10.0; Win64; x64) AppleWebKit/537.36 (KHTML, like Gecko) Chrome/145.0.0.0 Safari/537.36"
196.51.133.70 - - [28/Apr/2026:13:40:48 +0300] "GET /wp-content/themes/toppic/css/responsive.css?ver=4.2 HTTP/1.1" 200 2796 "https://serhatburke.miroglu.net/beste-casino-site-belgie-hoge-inzet/" "Mozilla/5.0 (Windows NT 10.0; Win64; x64) AppleWebKit/537.36 (KHTML, like Gecko) Chrome/145.0.0.0 Safari/537.36"
185.216.113.70 - - [28/Apr/2026:13:40:51 +0300] "POST /wp-cron.php?doing_wp_cron=1777372851.4706640243530273437500 HTTP/1.1" 200 448 "-" "WordPress/6.3.8; https://serhatburke.miroglu.net"
143.105.152.123 - - [28/Apr/2026:13:40:38 +0300] "GET /beste-casino-site-belgie-hoge-inzet/ HTTP/1.1" 200 19281 "https://serhatburke.miroglu.net/" "Mozilla/5.0 (Macintosh; Intel Mac OS X 10_15_7) AppleWebKit/605.1.15 (KHTML, like Gecko) Version/26.3.1 Safari/605.1.15"
196.51.133.70 - - [28/Apr/2026:13:40:50 +0300] "POST /wp-comments-post.php HTTP/1.1" 302 1083 "https://serhatburke.miroglu.net/beste-casino-site-belgie-hoge-inzet/" "Mozilla/5.0 (Macintosh; Intel Mac OS X 10_15_7) AppleWebKit/537.36 (KHTML, like Gecko) Chrome/146.0.0.0 Safari/537.36"
40.77.167.6 - - [28/Apr/2026:13:40:59 +0300] "GET /discover-tronscan-your-essential-guide-to-tron-insights/ HTTP/2" 200 17952 "-" "Mozilla/5.0 AppleWebKit/537.36 (KHTML, like Gecko; compatible; bingbot/2.0; +http://www.bing.com/bingbot.htm) Chrome/116.0.1938.76 Safari/537.36"
52.167.144.17 - - [28/Apr/2026:13:41:04 +0300] "GET /zu-handen-lovers-von-sportwetten-gibt-die-leitung-ne-sie-moglichkeit/ HTTP/2" 200 18732 "-" "Mozilla/5.0 AppleWebKit/537.36 (KHTML, like Gecko; compatible; bingbot/2.0; +http://www.bing.com/bingbot.htm) Chrome/116.0.1938.76 Safari/537.36"
196.51.133.70 - - [28/Apr/2026:13:41:05 +0300] "GET /beste-casino-site-belgie-hoge-inzet/?unapproved=812&moderation-hash=bc33f812f29ef424a7918dc5056977cb HTTP/1.1" 200 19732 "https://serhatburke.miroglu.net/wp-comments-post.php" "Mozilla/5.0 (Macintosh; Intel Mac OS X 10_15_7) AppleWebKit/537.36 (KHTML, like Gecko) Chrome/146.0.0.0 Safari/537.36"
143.105.152.123 - - [28/Apr/2026:13:41:09 +0300] "GET /beste-casino-site-belgie-hoge-inzet/ HTTP/1.1" 200 19281 "https://serhatburke.miroglu.net/" "Mozilla/5.0 (Macintosh; Intel Mac OS X 10_15_7) AppleWebKit/605.1.15 (KHTML, like Gecko) Version/26.3.1 Safari/605.1.15"
185.216.113.70 - - [28/Apr/2026:13:41:41 +0300] "POST /wp-cron.php?doing_wp_cron=1777372901.3660919666290283203125 HTTP/1.1" 200 448 "-" "WordPress/6.3.8; https://serhatburke.miroglu.net"
40.77.167.6 - - [28/Apr/2026:13:41:21 +0300] "GET /tabelle-das-besten-seriosen-moglich-casinos-2026-fur-jedes-bundesrepublik-deutschland/ HTTP/2" 200 18485 "-" "Mozilla/5.0 AppleWebKit/537.36 (KHTML, like Gecko; compatible; bingbot/2.0; +http://www.bing.com/bingbot.htm) Chrome/116.0.1938.76 Safari/537.36"
57.128.22.95 - - [28/Apr/2026:13:41:34 +0300] "GET /beste-casino-site-belgie-hoge-inzet/ HTTP/1.1" 200 19265 "-" "Mozilla/5.0 (compatible; Googlebot/2.1; +http://www.google.com/bot.html)"
185.191.171.12 - - [28/Apr/2026:13:42:17 +0300] "GET /unveiling-fortunecasinouk-promotions-at-drake-casino-a-comprehensive-review-for-uk-players/ HTTP/1.1" 200 22500 "-" "Mozilla/5.0 (compatible; SemrushBot/7~bl; +http://www.semrush.com/bot.html)"
185.216.113.70 - - [28/Apr/2026:13:42:41 +0300] "POST /wp-cron.php?doing_wp_cron=1777372961.1145730018615722656250 HTTP/1.1" 200 448 "-" "WordPress/6.3.8; https://serhatburke.miroglu.net"
181.215.16.212 - - [28/Apr/2026:13:42:27 +0300] "GET /zotabet-casino-bonus-premier-depot-2026/ HTTP/1.1" 200 19124 "-" "Mozilla/5.0 (X11; Fedora; Linux x86_64; rv:114.0) Gecko/20100101 Firefox/114.0"
57.128.22.95 - - [28/Apr/2026:13:42:37 +0300] "GET /beste-casino-site-belgie-hoge-inzet/ HTTP/1.1" 200 19265 "-" "Mozilla/5.0 (compatible; Googlebot/2.1; +http://www.google.com/bot.html)"
40.77.167.41 - - [28/Apr/2026:13:42:58 +0300] "GET /discover-the-power-of-safepal-wallet-for-crypto-security/ HTTP/2" 200 17788 "-" "Mozilla/5.0 AppleWebKit/537.36 (KHTML, like Gecko; compatible; bingbot/2.0; +http://www.bing.com/bingbot.htm) Chrome/116.0.1938.76 Safari/537.36"
40.77.167.41 - - [28/Apr/2026:13:43:00 +0300] "GET /betting-inte-med-svensk-person-koncessio-15-spelsidor-and-odds-inte-me-spelpaus/ HTTP/2" 200 18886 "-" "Mozilla/5.0 AppleWebKit/537.36 (KHTML, like Gecko; compatible; bingbot/2.0; +http://www.bing.com/bingbot.htm) Chrome/116.0.1938.76 Safari/537.36"
52.167.144.17 - - [28/Apr/2026:13:43:02 +0300] "GET /wskazuje-posiadanie-wspieraniu-przypadku-problemow-z-bonusami/ HTTP/2" 200 18061 "-" "Mozilla/5.0 AppleWebKit/537.36 (KHTML, like Gecko; compatible; bingbot/2.0; +http://www.bing.com/bingbot.htm) Chrome/116.0.1938.76 Safari/537.36"
40.77.167.6 - - [28/Apr/2026:13:43:03 +0300] "GET /kraken-aktual-naia-informatsiia-i-resursy-2026/ HTTP/2" 200 19269 "-" "Mozilla/5.0 AppleWebKit/537.36 (KHTML, like Gecko; compatible; bingbot/2.0; +http://www.bing.com/bingbot.htm) Chrome/116.0.1938.76 Safari/537.36"
52.167.144.17 - - [28/Apr/2026:13:43:13 +0300] "GET /20-beste-echtgeld-angeschlossen-casinos-2026-aktuelle-verzeichnis/ HTTP/2" 200 20475 "-" "Mozilla/5.0 AppleWebKit/537.36 (KHTML, like Gecko; compatible; bingbot/2.0; +http://www.bing.com/bingbot.htm) Chrome/116.0.1938.76 Safari/537.36"
185.216.113.70 - - [28/Apr/2026:13:43:51 +0300] "POST /wp-cron.php?doing_wp_cron=1777373030.9717149734497070312500 HTTP/1.1" 200 448 "-" "WordPress/6.3.8; https://serhatburke.miroglu.net"
40.77.167.41 - - [28/Apr/2026:13:43:38 +0300] "GET /pochemu-cheloveku-vazhno-chuvstvovat-individualnoe-uchastie/ HTTP/2" 200 21931 "-" "Mozilla/5.0 AppleWebKit/537.36 (KHTML, like Gecko; compatible; bingbot/2.0; +http://www.bing.com/bingbot.htm) Chrome/116.0.1938.76 Safari/537.36"
40.77.167.6 - - [28/Apr/2026:13:43:42 +0300] "GET /kraken-bezopasnyi-dostup-k-onion-ssylkam-2026-6/ HTTP/2" 200 18586 "-" "Mozilla/5.0 AppleWebKit/537.36 (KHTML, like Gecko; compatible; bingbot/2.0; +http://www.bing.com/bingbot.htm) Chrome/116.0.1938.76 Safari/537.36"
40.77.167.41 - - [28/Apr/2026:13:43:58 +0300] "GET /there-are-even-numerous-market-activities-available-and-additionally-scanning-table-tennis-trotting-handball-and-you-may-volleyball/ HTTP/2" 200 17710 "-" "Mozilla/5.0 AppleWebKit/537.36 (KHTML, like Gecko; compatible; bingbot/2.0; +http://www.bing.com/bingbot.htm) Chrome/116.0.1938.76 Safari/537.36"
40.77.167.6 - - [28/Apr/2026:13:44:07 +0300] "GET /kraken-vkhod-v-mir-darkneta-i-aktual-nye-ssylki/ HTTP/2" 200 18376 "-" "Mozilla/5.0 AppleWebKit/537.36 (KHTML, like Gecko; compatible; bingbot/2.0; +http://www.bing.com/bingbot.htm) Chrome/116.0.1938.76 Safari/537.36"
66.249.73.1 - - [28/Apr/2026:13:44:08 +0300] "GET /melbet-bukmekerskaja-kontora-oficialnyj-sajt-vhod-56/ HTTP/1.1" 200 529238 "-" "Mozilla/5.0 (Linux; Android 6.0.1; Nexus 5X Build/MMB29P) AppleWebKit/537.36 (KHTML, like Gecko) Chrome/147.0.7727.116 Mobile Safari/537.36 (compatible; Googlebot/2.1; +http://www.google.com/bot.html)"
40.77.167.41 - - [28/Apr/2026:13:44:18 +0300] "GET /how-technology-shapes-the-future-of-gaming-in-ice/ HTTP/2" 200 18067 "-" "Mozilla/5.0 AppleWebKit/537.36 (KHTML, like Gecko; compatible; bingbot/2.0; +http://www.bing.com/bingbot.htm) Chrome/116.0.1938.76 Safari/537.36"
185.216.113.70 - - [28/Apr/2026:13:44:51 +0300] "POST /wp-cron.php?doing_wp_cron=1777373091.6216919422149658203125 HTTP/1.1" 200 448 "-" "WordPress/6.3.8; https://serhatburke.miroglu.net"
40.77.167.6 - - [28/Apr/2026:13:44:37 +0300] "GET /jocuri-de-masa-reguli-primul-joc-cu-un-ritm-constant-2/ HTTP/2" 200 18033 "-" "Mozilla/5.0 AppleWebKit/537.36 (KHTML, like Gecko; compatible; bingbot/2.0; +http://www.bing.com/bingbot.htm) Chrome/116.0.1938.76 Safari/537.36"
66.249.73.1 - - [28/Apr/2026:13:44:58 +0300] "GET /melbet-bukmekerskaja-kontora-oficialnyj-sajt-vhod-56/undefined?ts=1775520000 HTTP/1.1" 200 0 "https://serhatburke.miroglu.net/melbet-bukmekerskaja-kontora-oficialnyj-sajt-vhod-56/" "Mozilla/5.0 (Linux; Android 6.0.1; Nexus 5X Build/MMB29P) AppleWebKit/537.36 (KHTML, like Gecko) Chrome/147.0.7727.116 Mobile Safari/537.36 (compatible; Googlebot/2.1; +http://www.google.com/bot.html)"
185.216.113.70 - - [28/Apr/2026:13:45:50 +0300] "POST /wp-cron.php?doing_wp_cron=1777373150.2652080059051513671875 HTTP/1.1" 200 448 "-" "WordPress/6.3.8; https://serhatburke.miroglu.net"
66.249.73.14 - - [28/Apr/2026:13:45:38 +0300] "GET /melbet-apk-skachat-prilozhenie-melbet-dlja-47/ HTTP/1.1" 200 635624 "-" "Mozilla/5.0 (Linux; Android 6.0.1; Nexus 5X Build/MMB29P) AppleWebKit/537.36 (KHTML, like Gecko) Chrome/147.0.7727.116 Mobile Safari/537.36 (compatible; Googlebot/2.1; +http://www.google.com/bot.html)"
66.249.73.14 - - [28/Apr/2026:13:45:48 +0300] "GET /najlepsze-kasyna-online-w-polsce-w-20264955/ HTTP/1.1" 200 19333 "-" "Mozilla/5.0 (Linux; Android 6.0.1; Nexus 5X Build/MMB29P) AppleWebKit/537.36 (KHTML, like Gecko) Chrome/147.0.7727.116 Mobile Safari/537.36 (compatible; Googlebot/2.1; +http://www.google.com/bot.html)"
66.249.73.14 - - [28/Apr/2026:13:46:06 +0300] "GET /wp-content/themes/toppic/js/scrollMonitor.js?ver=4.2 HTTP/1.1" 200 2988 "https://serhatburke.miroglu.net/melbet-apk-skachat-prilozhenie-melbet-dlja-47/" "Mozilla/5.0 (Linux; Android 6.0.1; Nexus 5X Build/MMB29P) AppleWebKit/537.36 (KHTML, like Gecko) Chrome/147.0.7727.116 Mobile Safari/537.36 (compatible; Googlebot/2.1; +http://www.google.com/bot.html)"
66.249.73.14 - - [28/Apr/2026:13:46:16 +0300] "GET /bukmekerskaja-kontora-melbet-obzor-355-otzyvov-31/ HTTP/1.1" 200 241818 "-" "Mozilla/5.0 (Linux; Android 6.0.1; Nexus 5X Build/MMB29P) AppleWebKit/537.36 (KHTML, like Gecko) Chrome/147.0.7727.116 Mobile Safari/537.36 (compatible; Googlebot/2.1; +http://www.google.com/bot.html)"
185.216.113.70 - - [28/Apr/2026:13:46:40 +0300] "POST /wp-cron.php?doing_wp_cron=1777373200.5116930007934570312500 HTTP/1.1" 200 448 "-" "WordPress/6.3.8; https://serhatburke.miroglu.net"
52.167.144.236 - - [28/Apr/2026:13:46:20 +0300] "GET /bettys-model-offers-predictable-winnings-clear-promotion-laws-and-constant-gaming-lessons/ HTTP/2" 200 17887 "-" "Mozilla/5.0 AppleWebKit/537.36 (KHTML, like Gecko; compatible; bingbot/2.0; +http://www.bing.com/bingbot.htm) Chrome/116.0.1938.76 Safari/537.36"
52.167.144.236 - - [28/Apr/2026:13:46:20 +0300] "GET /dix-gaming-un-peu-gratis-pour-encaisser-pour-largent-profond-sans-nul-archive/ HTTP/2" 200 19151 "-" "Mozilla/5.0 AppleWebKit/537.36 (KHTML, like Gecko; compatible; bingbot/2.0; +http://www.bing.com/bingbot.htm) Chrome/116.0.1938.76 Safari/537.36"
66.249.73.14 - - [28/Apr/2026:13:46:48 +0300] "GET /wp-content/themes/toppic/css/responsive.css?ver=4.2 HTTP/1.1" 200 2796 "https://serhatburke.miroglu.net/bukmekerskaja-kontora-melbet-obzor-355-otzyvov-31/" "Mozilla/5.0 (Linux; Android 6.0.1; Nexus 5X Build/MMB29P) AppleWebKit/537.36 (KHTML, like Gecko) Chrome/147.0.7727.116 Mobile Safari/537.36 (compatible; Googlebot/2.1; +http://www.google.com/bot.html)"
40.77.167.6 - - [28/Apr/2026:13:46:24 +0300] "GET /a-spinrise-vulkan-vegas-ugynok-alkalmazas-letoltese-legjobb-szerencsejatekai/ HTTP/2" 200 18596 "-" "Mozilla/5.0 AppleWebKit/537.36 (KHTML, like Gecko; compatible; bingbot/2.0; +http://www.bing.com/bingbot.htm) Chrome/116.0.1938.76 Safari/537.36"
66.249.76.77 - - [28/Apr/2026:13:46:50 +0300] "GET /wp-content/themes/toppic/style.css?ver=4.2 HTTP/1.1" 200 23398 "https://serhatburke.miroglu.net/bukmekerskaja-kontora-melbet-obzor-355-otzyvov-31/" "Mozilla/5.0 (Linux; Android 6.0.1; Nexus 5X Build/MMB29P) AppleWebKit/537.36 (KHTML, like Gecko) Chrome/147.0.7727.116 Mobile Safari/537.36 (compatible; Googlebot/2.1; +http://www.google.com/bot.html)"
52.167.144.236 - - [28/Apr/2026:13:46:48 +0300] "GET /beiderartig-wege-wild-stars-slot-ohne-einzahlungsbonus-erlangen-2025/ HTTP/2" 200 19092 "-" "Mozilla/5.0 AppleWebKit/537.36 (KHTML, like Gecko; compatible; bingbot/2.0; +http://www.bing.com/bingbot.htm) Chrome/116.0.1938.76 Safari/537.36"
66.249.76.77 - - [28/Apr/2026:13:46:58 +0300] "GET /bukmekerskaja-kontora-melbet-obzor-355-otzyvov-31/undefined?ts=1775520000 HTTP/1.1" 200 0 "https://serhatburke.miroglu.net/bukmekerskaja-kontora-melbet-obzor-355-otzyvov-31/" "Mozilla/5.0 (Linux; Android 6.0.1; Nexus 5X Build/MMB29P) AppleWebKit/537.36 (KHTML, like Gecko) Chrome/147.0.7727.116 Mobile Safari/537.36 (compatible; Googlebot/2.1; +http://www.google.com/bot.html)"
40.77.167.6 - - [28/Apr/2026:13:46:58 +0300] "GET /bisca-non-aams-come-miscredente-senza-indugio-sopra-italia-2025-trattato-ai-applicativo-i24slot-siti-sicuri/ HTTP/2" 200 20079 "-" "Mozilla/5.0 AppleWebKit/537.36 (KHTML, like Gecko; compatible; bingbot/2.0; +http://www.bing.com/bingbot.htm) Chrome/116.0.1938.76 Safari/537.36"
66.249.73.1 - - [28/Apr/2026:13:47:06 +0300] "GET /melbet-rabochee-zerkalo-segodnja-oficialnyj-sajt-41/ HTTP/1.1" 200 305295 "-" "Mozilla/5.0 (Linux; Android 6.0.1; Nexus 5X Build/MMB29P) AppleWebKit/537.36 (KHTML, like Gecko) Chrome/147.0.7727.116 Mobile Safari/537.36 (compatible; Googlebot/2.1; +http://www.google.com/bot.html)"
