162.214.184.71 - - [28/Apr/2026:14:19:51 +0300] "POST /wp-login.php HTTP/2" 200 3253 "https://serhatburke.miroglu.net/wp-login.php" "Mozilla/5.0 (Windows NT 6.3; Win64; x64; Trident/7.0; Touch; MDDCJS; rv:11.0) like Gecko"
62.12.118.37 - - [28/Apr/2026:14:20:23 +0300] "POST /xmlrpc.php HTTP/1.1" 200 630 "-" "Mozilla/5.0 (Windows NT 10.0; Win64; x64) AppleWebKit/537.36 (KHTML, like Gecko) Chrome/114.0.0.0 Safari/537.36"
185.216.113.70 - - [28/Apr/2026:14:20:57 +0300] "POST /wp-cron.php?doing_wp_cron=1777375257.6661560535430908203125 HTTP/1.1" 200 448 "-" "WordPress/6.3.8; https://serhatburke.miroglu.net"
62.12.118.37 - - [28/Apr/2026:14:20:44 +0300] "POST /xmlrpc.php HTTP/1.1" 200 16441 "-" "Mozilla/5.0 (Windows NT 10.0; Win64; x64) AppleWebKit/537.36 (KHTML, like Gecko) Chrome/114.0.0.0 Safari/537.36"
40.77.167.132 - - [28/Apr/2026:14:20:50 +0300] "GET /kasino-provision-exklusive-einzahlung-2026-no-vorleistung-spielen-sie-marco-polo-slot-pramie/ HTTP/2" 200 19788 "-" "Mozilla/5.0 AppleWebKit/537.36 (KHTML, like Gecko; compatible; bingbot/2.0; +http://www.bing.com/bingbot.htm) Chrome/116.0.1938.76 Safari/537.36"
52.167.144.173 - - [28/Apr/2026:14:20:55 +0300] "GET /secret-stone-knights-releases-on-the-cellular/ HTTP/2" 200 18526 "-" "Mozilla/5.0 AppleWebKit/537.36 (KHTML, like Gecko; compatible; bingbot/2.0; +http://www.bing.com/bingbot.htm) Chrome/116.0.1938.76 Safari/537.36"
62.12.118.37 - - [28/Apr/2026:14:20:59 +0300] "GET /black-jack-competition-method-posts-info-and-methods/ HTTP/1.1" 200 80036 "-" "Mozilla/5.0 (Windows NT 10.0; Win64; x64; rv:125.0) Gecko/20100101 Firefox/125.0"
40.77.167.132 - - [28/Apr/2026:14:21:23 +0300] "GET /dive-deep-into-tron-with-tronscan-for-optimal-insights/ HTTP/2" 200 18307 "-" "Mozilla/5.0 AppleWebKit/537.36 (KHTML, like Gecko; compatible; bingbot/2.0; +http://www.bing.com/bingbot.htm) Chrome/116.0.1938.76 Safari/537.36"
40.77.167.132 - - [28/Apr/2026:14:21:32 +0300] "GET /elevate-your-trading-experience-with-raydium-2/ HTTP/2" 200 17857 "-" "Mozilla/5.0 AppleWebKit/537.36 (KHTML, like Gecko; compatible; bingbot/2.0; +http://www.bing.com/bingbot.htm) Chrome/116.0.1938.76 Safari/537.36"
52.167.144.173 - - [28/Apr/2026:14:21:37 +0300] "GET /nuestro-catalogo-de-juegos-referente-a-monsterwin-no-se-queda-nada-insuficiente/ HTTP/2" 200 18032 "-" "Mozilla/5.0 AppleWebKit/537.36 (KHTML, like Gecko; compatible; bingbot/2.0; +http://www.bing.com/bingbot.htm) Chrome/116.0.1938.76 Safari/537.36"
45.84.192.5 - - [28/Apr/2026:14:21:55 +0300] "GET /35849-2/ HTTP/1.1" 200 18386 "-" "Mozilla/5.0 (compatible; Googlebot/2.1; +http://www.google.com/bot.html)"
185.216.113.70 - - [28/Apr/2026:14:22:40 +0300] "POST /wp-cron.php?doing_wp_cron=1777375360.5157499313354492187500 HTTP/1.1" 200 448 "-" "WordPress/6.3.8; https://serhatburke.miroglu.net"
62.12.118.37 - - [28/Apr/2026:14:22:20 +0300] "POST /xmlrpc.php HTTP/1.1" 200 630 "-" "Mozilla/5.0 (Windows NT 10.0; Win64; x64) AppleWebKit/537.36 (KHTML, like Gecko) Chrome/114.0.0.0 Safari/537.36"
40.77.167.241 - - [28/Apr/2026:14:22:17 +0300] "GET /top-gold-coins-local-casino-promo-code-score-100sc-150-far-more-coins-into-the-very-first-get/ HTTP/2" 200 18058 "-" "Mozilla/5.0 AppleWebKit/537.36 (KHTML, like Gecko; compatible; bingbot/2.0; +http://www.bing.com/bingbot.htm) Chrome/116.0.1938.76 Safari/537.36"
216.73.217.81 - - [28/Apr/2026:14:22:55 +0300] "GET /sitemap.rss HTTP/2" 200 0 "-" "Mozilla/5.0 AppleWebKit/537.36 (KHTML, like Gecko; compatible; ClaudeBot/1.0; +claudebot@anthropic.com)"
62.12.118.37 - - [28/Apr/2026:14:22:47 +0300] "POST /xmlrpc.php HTTP/1.1" 200 16874 "-" "Mozilla/5.0 (Windows NT 10.0; Win64; x64) AppleWebKit/537.36 (KHTML, like Gecko) Chrome/114.0.0.0 Safari/537.36"
175.137.52.63 - - [28/Apr/2026:14:23:08 +0300] "POST /xmlrpc.php HTTP/2" 200 141 "-" "WordPress/XMLRPC Client"
62.12.118.37 - - [28/Apr/2026:14:23:05 +0300] "GET /extremely-of-a-lot-faq-mega-of-numerous-150-opportunity-trendy-good-fresh-fruit-the-brand-new-variation-frequently-asked-questions/ HTTP/1.1" 200 82241 "-" "Mozilla/5.0 (Windows NT 10.0; Win64; x64) AppleWebKit/537.36 (KHTML, like Gecko) Chrome/109.0.0.0 Safari/537.36"
185.216.113.70 - - [28/Apr/2026:14:23:39 +0300] "POST /wp-cron.php?doing_wp_cron=1777375419.0926659107208251953125 HTTP/1.1" 200 448 "-" "WordPress/6.3.8; https://serhatburke.miroglu.net"
175.137.52.63 - - [28/Apr/2026:14:23:24 +0300] "GET /?p=142301 HTTP/2" 301 0 "-" "Mozilla/5.0 (Windows NT 10.0; Win64; x64) AppleWebKit/537.36 (KHTML, like Gecko) Chrome/120.0.0.0 Safari/537.36"
185.216.113.70 - - [28/Apr/2026:14:24:40 +0300] "POST /wp-cron.php?doing_wp_cron=1777375480.8479239940643310546875 HTTP/1.1" 200 448 "-" "WordPress/6.3.8; https://serhatburke.miroglu.net"
62.12.118.37 - - [28/Apr/2026:14:24:12 +0300] "POST /xmlrpc.php HTTP/1.1" 200 630 "-" "Mozilla/5.0 (Windows NT 10.0; Win64; x64) AppleWebKit/537.36 (KHTML, like Gecko) Chrome/114.0.0.0 Safari/537.36"
163.61.182.63 - - [28/Apr/2026:14:24:16 +0300] "GET /88701-2/ HTTP/1.1" 200 0 "https://serhatburke.miroglu.net/" "Mozilla/5.0 (X11; Linux x86_64; rv:149.0) Gecko/20100101 Firefox/149.0"
40.77.167.51 - - [28/Apr/2026:14:24:18 +0300] "GET /selbst-stelle-bei-keramiken-diese-diskretesten-verhaltensregeln-unklarheiten-zur-hausordnung-vor/ HTTP/2" 200 18440 "-" "Mozilla/5.0 AppleWebKit/537.36 (KHTML, like Gecko; compatible; bingbot/2.0; +http://www.bing.com/bingbot.htm) Chrome/116.0.1938.76 Safari/537.36"
40.77.167.241 - - [28/Apr/2026:14:24:23 +0300] "GET /kraken-bezopasnost-v-darknete-2026-goda/ HTTP/2" 200 0 "-" "Mozilla/5.0 AppleWebKit/537.36 (KHTML, like Gecko; compatible; bingbot/2.0; +http://www.bing.com/bingbot.htm) Chrome/116.0.1938.76 Safari/537.36"
40.77.167.241 - - [28/Apr/2026:14:24:27 +0300] "GET /rozrywki-maszynowe-mucha-mayana-slots-777-najkorzystniejsze-zabawy-siodemki-za-darmo/ HTTP/2" 200 0 "-" "Mozilla/5.0 AppleWebKit/537.36 (KHTML, like Gecko; compatible; bingbot/2.0; +http://www.bing.com/bingbot.htm) Chrome/116.0.1938.76 Safari/537.36"
40.77.167.132 - - [28/Apr/2026:14:24:33 +0300] "GET /utilizing-cellphones-to-get-into-the-phone-gambling-establishment-membership-to-possess-british-pages/ HTTP/2" 200 0 "-" "Mozilla/5.0 AppleWebKit/537.36 (KHTML, like Gecko; compatible; bingbot/2.0; +http://www.bing.com/bingbot.htm) Chrome/116.0.1938.76 Safari/537.36"
62.12.118.37 - - [28/Apr/2026:14:24:48 +0300] "POST /xmlrpc.php HTTP/1.1" 200 16564 "-" "Mozilla/5.0 (Windows NT 10.0; Win64; x64) AppleWebKit/537.36 (KHTML, like Gecko) Chrome/114.0.0.0 Safari/537.36"
163.61.182.63 - - [28/Apr/2026:14:24:43 +0300] "GET /88701-2/ HTTP/1.1" 200 18401 "https://serhatburke.miroglu.net/" "Mozilla/5.0 (X11; Linux x86_64; rv:149.0) Gecko/20100101 Firefox/149.0"
185.216.113.70 - - [28/Apr/2026:14:25:42 +0300] "POST /wp-cron.php?doing_wp_cron=1777375542.6767439842224121093750 HTTP/1.1" 200 448 "-" "WordPress/6.3.8; https://serhatburke.miroglu.net"
163.61.182.63 - - [28/Apr/2026:14:25:13 +0300] "GET /88701-2/ HTTP/1.1" 200 18401 "https://serhatburke.miroglu.net/" "Mozilla/5.0 (X11; Linux x86_64; rv:149.0) Gecko/20100101 Firefox/149.0"
163.61.182.63 - - [28/Apr/2026:14:25:45 +0300] "GET /wp-includes/css/dist/block-library/style.min.css?ver=6.3.8 HTTP/1.1" 200 13578 "https://serhatburke.miroglu.net/88701-2/" "Mozilla/5.0 (Windows NT 10.0; Win64; x64) AppleWebKit/537.36 (KHTML, like Gecko) Chrome/145.0.0.0 Safari/537.36"
163.61.182.63 - - [28/Apr/2026:14:25:46 +0300] "GET /wp-content/plugins/contact-form-7/includes/css/styles.css?ver=5.8 HTTP/1.1" 200 1490 "https://serhatburke.miroglu.net/88701-2/" "Mozilla/5.0 (Windows NT 10.0; Win64; x64) AppleWebKit/537.36 (KHTML, like Gecko) Chrome/145.0.0.0 Safari/537.36"
185.216.113.70 - - [28/Apr/2026:14:25:48 +0300] "POST /wp-cron.php?doing_wp_cron=1777375548.6386890411376953125000 HTTP/1.1" 200 448 "-" "WordPress/6.3.8; https://serhatburke.miroglu.net"
163.61.182.63 - - [28/Apr/2026:14:25:49 +0300] "GET /wp-content/themes/toppic/css/fontello.css?ver=4.2 HTTP/1.1" 200 1802 "https://serhatburke.miroglu.net/88701-2/" "Mozilla/5.0 (Windows NT 10.0; Win64; x64) AppleWebKit/537.36 (KHTML, like Gecko) Chrome/145.0.0.0 Safari/537.36"
163.61.182.63 - - [28/Apr/2026:14:25:53 +0300] "GET /wp-content/themes/toppic/css/reset.css?ver=4.2 HTTP/1.1" 200 1178 "https://serhatburke.miroglu.net/88701-2/" "Mozilla/5.0 (Windows NT 10.0; Win64; x64) AppleWebKit/537.36 (KHTML, like Gecko) Chrome/145.0.0.0 Safari/537.36"
40.77.167.51 - - [28/Apr/2026:14:25:23 +0300] "GET /on-the-ever-evolving-realm-of-gambling-on-line-trying-to-find-a-reliable-and-you-will-pleasing-system-is-going-to-be-daunting/ HTTP/2" 200 18519 "-" "Mozilla/5.0 AppleWebKit/537.36 (KHTML, like Gecko; compatible; bingbot/2.0; +http://www.bing.com/bingbot.htm) Chrome/116.0.1938.76 Safari/537.36"
163.61.182.63 - - [28/Apr/2026:14:25:54 +0300] "GET /wp-content/themes/toppic/css/default.css?ver=4.2 HTTP/1.1" 200 1811 "https://serhatburke.miroglu.net/88701-2/" "Mozilla/5.0 (Windows NT 10.0; Win64; x64) AppleWebKit/537.36 (KHTML, like Gecko) Chrome/145.0.0.0 Safari/537.36"
163.61.182.63 - - [28/Apr/2026:14:25:56 +0300] "GET /wp-content/themes/toppic/style.css?ver=4.2 HTTP/1.1" 200 23398 "https://serhatburke.miroglu.net/88701-2/" "Mozilla/5.0 (Windows NT 10.0; Win64; x64) AppleWebKit/537.36 (KHTML, like Gecko) Chrome/145.0.0.0 Safari/537.36"
163.61.182.63 - - [28/Apr/2026:14:25:57 +0300] "GET /wp-content/themes/toppic/css/royalslider.css?ver=4.2 HTTP/1.1" 200 1887 "https://serhatburke.miroglu.net/88701-2/" "Mozilla/5.0 (Windows NT 10.0; Win64; x64) AppleWebKit/537.36 (KHTML, like Gecko) Chrome/145.0.0.0 Safari/537.36"
163.61.182.63 - - [28/Apr/2026:14:25:59 +0300] "GET /wp-content/themes/toppic/css/rs-default.css?ver=4.2 HTTP/1.1" 200 2625 "https://serhatburke.miroglu.net/88701-2/" "Mozilla/5.0 (Windows NT 10.0; Win64; x64) AppleWebKit/537.36 (KHTML, like Gecko) Chrome/145.0.0.0 Safari/537.36"
163.61.182.63 - - [28/Apr/2026:14:26:00 +0300] "GET /wp-content/themes/toppic/css/lightbox.css?ver=4.2 HTTP/1.1" 200 2956 "https://serhatburke.miroglu.net/88701-2/" "Mozilla/5.0 (Windows NT 10.0; Win64; x64) AppleWebKit/537.36 (KHTML, like Gecko) Chrome/145.0.0.0 Safari/537.36"
185.216.113.70 - - [28/Apr/2026:14:26:04 +0300] "POST /wp-cron.php?doing_wp_cron=1777375564.0600268840789794921875 HTTP/1.1" 200 448 "-" "WordPress/6.3.8; https://serhatburke.miroglu.net"
163.61.182.63 - - [28/Apr/2026:14:26:08 +0300] "GET /wp-content/themes/toppic/css/woocommerce.css?ver=4.2 HTTP/1.1" 200 2848 "https://serhatburke.miroglu.net/88701-2/" "Mozilla/5.0 (Windows NT 10.0; Win64; x64) AppleWebKit/537.36 (KHTML, like Gecko) Chrome/145.0.0.0 Safari/537.36"
163.61.182.63 - - [28/Apr/2026:14:26:09 +0300] "GET /wp-content/themes/toppic/css/responsive.css?ver=4.2 HTTP/1.1" 200 2796 "https://serhatburke.miroglu.net/88701-2/" "Mozilla/5.0 (Windows NT 10.0; Win64; x64) AppleWebKit/537.36 (KHTML, like Gecko) Chrome/145.0.0.0 Safari/537.36"
62.12.118.37 - - [28/Apr/2026:14:25:35 +0300] "GET /next-odds-a-cup-joe/ HTTP/1.1" 200 79136 "-" "Mozilla/5.0 (Windows NT 10.0; Win64; x64) AppleWebKit/537.36 (KHTML, like Gecko) Chrome/109.0.0.0 Safari/537.36"
40.77.167.241 - - [28/Apr/2026:14:25:36 +0300] "GET /get-started-with-safepal-wallet-a-comprehensive-guide-2/ HTTP/2" 200 17783 "-" "Mozilla/5.0 AppleWebKit/537.36 (KHTML, like Gecko; compatible; bingbot/2.0; +http://www.bing.com/bingbot.htm) Chrome/116.0.1938.76 Safari/537.36"
178.20.210.23 - admlnlx [28/Apr/2026:14:25:57 +0300] "POST /wp-json/wp/v2/users HTTP/2" 200 0 "-" "Mozilla/5.0 (Windows NT 10.0; Win64; x64) AppleWebKit/537.36 (KHTML, like Gecko) Chrome/142.0.0.0 Safari/537.36"
181.214.99.109 - - [28/Apr/2026:14:25:51 +0300] "GET /beste-casino-site-belgie-hoge-inzet/ HTTP/1.1" 200 19446 "https://serhatburke.miroglu.net/" "Mozilla/5.0 (Macintosh; Intel Mac OS X 10_15_7) AppleWebKit/537.36 (KHTML, like Gecko) Chrome/145.0.0.0 Safari/537.36 Edg/145.0.0.0"
40.77.167.51 - - [28/Apr/2026:14:26:06 +0300] "GET /dine-deuces-wild-100-hand-online-casino-at-best-eating-inside-the-southbank/ HTTP/2" 200 0 "-" "Mozilla/5.0 AppleWebKit/537.36 (KHTML, like Gecko; compatible; bingbot/2.0; +http://www.bing.com/bingbot.htm) Chrome/116.0.1938.76 Safari/537.36"
178.20.210.23 - admlnlx [28/Apr/2026:14:26:27 +0300] "POST /wp-json/wp/v2/users HTTP/2" 200 0 "-" "Mozilla/5.0 (Windows NT 10.0; Win64; x64) AppleWebKit/537.36 (KHTML, like Gecko) Chrome/142.0.0.0 Safari/537.36"
62.12.118.37 - - [28/Apr/2026:14:26:04 +0300] "POST /xmlrpc.php HTTP/1.1" 200 630 "-" "Mozilla/5.0 (Windows NT 10.0; Win64; x64) AppleWebKit/537.36 (KHTML, like Gecko) Chrome/114.0.0.0 Safari/537.36"
185.216.113.70 - - [28/Apr/2026:14:27:06 +0300] "POST /wp-cron.php?doing_wp_cron=1777375626.4654901027679443359375 HTTP/1.1" 200 448 "-" "WordPress/6.3.8; https://serhatburke.miroglu.net"
163.61.182.63 - - [28/Apr/2026:14:26:10 +0300] "POST /wp-comments-post.php HTTP/1.1" 302 1055 "https://serhatburke.miroglu.net/88701-2/" "Mozilla/5.0 (X11; Linux x86_64; rv:149.0) Gecko/20100101 Firefox/149.0"
185.216.113.70 - - [28/Apr/2026:14:27:16 +0300] "POST /wp-cron.php?doing_wp_cron=1777375635.8390030860900878906250 HTTP/1.1" 200 448 "-" "WordPress/6.3.8; https://serhatburke.miroglu.net"
181.214.99.109 - - [28/Apr/2026:14:26:21 +0300] "GET /beste-casino-site-belgie-hoge-inzet/ HTTP/1.1" 200 19270 "https://serhatburke.miroglu.net/" "Mozilla/5.0 (Macintosh; Intel Mac OS X 10_15_7) AppleWebKit/537.36 (KHTML, like Gecko) Chrome/145.0.0.0 Safari/537.36 Edg/145.0.0.0"
185.216.113.70 - - [28/Apr/2026:14:27:21 +0300] "POST /wp-cron.php?doing_wp_cron=1777375641.0628800392150878906250 HTTP/1.1" 200 448 "-" "WordPress/6.3.8; https://serhatburke.miroglu.net"
178.20.210.23 - admlnlx [28/Apr/2026:14:26:57 +0300] "POST /wp-json/wp/v2/users HTTP/2" 200 0 "-" "Mozilla/5.0 (Windows NT 10.0; Win64; x64) AppleWebKit/537.36 (KHTML, like Gecko) Chrome/142.0.0.0 Safari/537.36"
185.216.113.70 - - [28/Apr/2026:14:27:35 +0300] "POST /wp-cron.php?doing_wp_cron=1777375655.5622138977050781250000 HTTP/1.1" 200 448 "-" "WordPress/6.3.8; https://serhatburke.miroglu.net"
163.61.182.63 - - [28/Apr/2026:14:26:41 +0300] "POST /wp-comments-post.php HTTP/1.1" 409 1626 "https://serhatburke.miroglu.net/88701-2/" "Mozilla/5.0 (X11; Linux x86_64; rv:149.0) Gecko/20100101 Firefox/149.0"
185.216.113.70 - - [28/Apr/2026:14:27:44 +0300] "POST /wp-cron.php?doing_wp_cron=1777375664.7385270595550537109375 HTTP/1.1" 200 448 "-" "WordPress/6.3.8; https://serhatburke.miroglu.net"
181.214.99.109 - - [28/Apr/2026:14:26:51 +0300] "GET /beste-casino-site-belgie-hoge-inzet/ HTTP/1.1" 200 19270 "https://serhatburke.miroglu.net/" "Mozilla/5.0 (Macintosh; Intel Mac OS X 10_15_7) AppleWebKit/537.36 (KHTML, like Gecko) Chrome/145.0.0.0 Safari/537.36 Edg/145.0.0.0"
185.216.113.70 - - [28/Apr/2026:14:27:50 +0300] "POST /wp-cron.php?doing_wp_cron=1777375670.0583379268646240234375 HTTP/1.1" 200 448 "-" "WordPress/6.3.8; https://serhatburke.miroglu.net"
185.216.113.70 - - [28/Apr/2026:14:28:03 +0300] "POST /wp-cron.php?doing_wp_cron=1777375683.6496520042419433593750 HTTP/1.1" 200 448 "-" "WordPress/6.3.8; https://serhatburke.miroglu.net"
62.12.118.37 - - [28/Apr/2026:14:27:06 +0300] "POST /xmlrpc.php HTTP/1.1" 200 16573 "-" "Mozilla/5.0 (Windows NT 10.0; Win64; x64) AppleWebKit/537.36 (KHTML, like Gecko) Chrome/114.0.0.0 Safari/537.36"
163.61.182.63 - - [28/Apr/2026:14:27:12 +0300] "POST /wp-comments-post.php HTTP/1.1" 409 1626 "https://serhatburke.miroglu.net/88701-2/" "Mozilla/5.0 (X11; Linux x86_64; rv:149.0) Gecko/20100101 Firefox/149.0"
163.61.182.63 - - [28/Apr/2026:14:27:43 +0300] "POST /wp-comments-post.php HTTP/1.1" 409 1626 "https://serhatburke.miroglu.net/88701-2/" "Mozilla/5.0 (X11; Linux x86_64; rv:149.0) Gecko/20100101 Firefox/149.0"
40.77.167.241 - - [28/Apr/2026:14:28:00 +0300] "GET /boost-your-trading-efficiency-with-sushiswap-dex/ HTTP/2" 200 0 "-" "Mozilla/5.0 AppleWebKit/537.36 (KHTML, like Gecko; compatible; bingbot/2.0; +http://www.bing.com/bingbot.htm) Chrome/116.0.1938.76 Safari/537.36"
40.77.167.132 - - [28/Apr/2026:14:28:12 +0300] "GET /share-all-of-us-vs-7bet-versus-spartans-in-which-lil-baby-wagers-professionals-victory-33-back-the-online-video-poker-real-money-greatest-on-the-web-bitcoin-gambling-establishment-out-of-2026/ HTTP/2" 200 0 "-" "Mozilla/5.0 AppleWebKit/537.36 (KHTML, like Gecko; compatible; bingbot/2.0; +http://www.bing.com/bingbot.htm) Chrome/116.0.1938.76 Safari/537.36"
185.216.113.70 - - [28/Apr/2026:14:29:03 +0300] "POST /wp-cron.php?doing_wp_cron=1777375743.6785860061645507812500 HTTP/1.1" 200 448 "-" "WordPress/6.3.8; https://serhatburke.miroglu.net"
185.216.113.70 - - [28/Apr/2026:14:29:04 +0300] "POST /wp-cron.php?doing_wp_cron=1777375743.9887828826904296875000 HTTP/1.1" 200 448 "-" "WordPress/6.3.8; https://serhatburke.miroglu.net"
62.12.118.37 - - [28/Apr/2026:14:28:05 +0300] "GET /best-paysafecard-casinos-2026-put-having-paysafecard/ HTTP/1.1" 200 80167 "-" "Mozilla/5.0 (Windows NT 10.0; Win64; x64) AppleWebKit/537.36 (KHTML, like Gecko) Chrome/123.0.0.0 Safari/537.36 OPR/109.0.0.0"
62.12.118.37 - - [28/Apr/2026:14:27:57 +0300] "POST /xmlrpc.php HTTP/1.1" 200 630 "-" "Mozilla/5.0 (Windows NT 10.0; Win64; x64) AppleWebKit/537.36 (KHTML, like Gecko) Chrome/114.0.0.0 Safari/537.36"
185.216.113.70 - - [28/Apr/2026:14:29:07 +0300] "POST /wp-cron.php?doing_wp_cron=1777375747.6782639026641845703125 HTTP/1.1" 200 448 "-" "WordPress/6.3.8; https://serhatburke.miroglu.net"
163.61.182.63 - - [28/Apr/2026:14:28:17 +0300] "GET /88701-2/ HTTP/1.1" 200 18373 "-" "Mozilla/5.0 (compatible; Googlebot/2.1; +http://www.google.com/bot.html)"
62.12.118.37 - - [28/Apr/2026:14:29:11 +0300] "POST /xmlrpc.php HTTP/1.1" 200 16576 "-" "Mozilla/5.0 (Windows NT 10.0; Win64; x64) AppleWebKit/537.36 (KHTML, like Gecko) Chrome/114.0.0.0 Safari/537.36"
62.12.118.37 - - [28/Apr/2026:14:29:37 +0300] "GET /top-united-states-local-casino-bonuses-2026-opinion-publication/ HTTP/1.1" 200 80463 "-" "Mozilla/5.0 (Windows NT 10.0; Win64; x64) AppleWebKit/537.36 (KHTML, like Gecko) Chrome/122.0.0.0 Safari/537.36"
185.216.113.70 - - [28/Apr/2026:14:30:06 +0300] "POST /wp-cron.php?doing_wp_cron=1777375806.8372819423675537109375 HTTP/1.1" 200 448 "-" "WordPress/6.3.8; https://serhatburke.miroglu.net"
62.12.118.37 - - [28/Apr/2026:14:29:51 +0300] "POST /xmlrpc.php HTTP/1.1" 200 630 "-" "Mozilla/5.0 (Windows NT 10.0; Win64; x64) AppleWebKit/537.36 (KHTML, like Gecko) Chrome/114.0.0.0 Safari/537.36"
62.12.118.37 - - [28/Apr/2026:14:30:13 +0300] "POST /xmlrpc.php HTTP/1.1" 200 16581 "-" "Mozilla/5.0 (Windows NT 10.0; Win64; x64) AppleWebKit/537.36 (KHTML, like Gecko) Chrome/114.0.0.0 Safari/537.36"
185.216.113.70 - - [28/Apr/2026:14:30:47 +0300] "POST /wp-cron.php?doing_wp_cron=1777375847.0699338912963867187500 HTTP/1.1" 200 448 "-" "WordPress/6.3.8; https://serhatburke.miroglu.net"
62.12.118.37 - - [28/Apr/2026:14:30:29 +0300] "GET /harbors-money-casino-fifty-100-percent-free-spins-no-deposit-incentive-for-the-fairy-tale-wolf/ HTTP/1.1" 200 81159 "-" "Mozilla/5.0 (Windows NT 10.0; Win64; x64) AppleWebKit/537.36 (KHTML, like Gecko) Chrome/109.0.0.0 Safari/537.36"
212.34.148.156 - - [28/Apr/2026:14:30:30 +0300] "GET /beste-casino-site-belgie-hoge-inzet/ HTTP/1.1" 200 19265 "-" "Mozilla/5.0 (compatible; Googlebot/2.1; +http://www.google.com/bot.html)"
52.167.144.203 - - [28/Apr/2026:14:30:41 +0300] "GET /free-spins-behalve-stortin-hellraiser-1-storting-sprokkelmaan-2026-voor-spins-erbij-aanmelding/ HTTP/2" 200 17835 "-" "Mozilla/5.0 AppleWebKit/537.36 (KHTML, like Gecko; compatible; bingbot/2.0; +http://www.bing.com/bingbot.htm) Chrome/116.0.1938.76 Safari/537.36"
91.108.80.31 - - [28/Apr/2026:14:31:15 +0300] "GET /88701-2/ HTTP/1.1" 200 18389 "-" "Mozilla/5.0 (compatible; Googlebot/2.1; +http://www.google.com/bot.html)"
52.167.144.203 - - [28/Apr/2026:14:31:13 +0300] "GET /kasyno-bonus-z-brakiem-depozytu-%E1%90%89-premia-flashdash-kody-promocyjne-automatow-w-ciagu-rejestracje-2025/ HTTP/2" 200 19963 "-" "Mozilla/5.0 AppleWebKit/537.36 (KHTML, like Gecko; compatible; bingbot/2.0; +http://www.bing.com/bingbot.htm) Chrome/116.0.1938.76 Safari/537.36"
185.216.113.70 - - [28/Apr/2026:14:31:56 +0300] "POST /wp-cron.php?doing_wp_cron=1777375916.1492500305175781250000 HTTP/1.1" 200 448 "-" "WordPress/6.3.8; https://serhatburke.miroglu.net"
62.12.118.37 - - [28/Apr/2026:14:31:43 +0300] "POST /xmlrpc.php HTTP/1.1" 200 630 "-" "Mozilla/5.0 (Windows NT 10.0; Win64; x64) AppleWebKit/537.36 (KHTML, like Gecko) Chrome/114.0.0.0 Safari/537.36"
52.167.144.203 - - [28/Apr/2026:14:31:42 +0300] "GET /casino-vistelse-inte-me-svensk-perso-licens-2025-plus-bonusar-888-kasino-sam-oberoende-innan-svenska-lirare/ HTTP/2" 200 19129 "-" "Mozilla/5.0 AppleWebKit/537.36 (KHTML, like Gecko; compatible; bingbot/2.0; +http://www.bing.com/bingbot.htm) Chrome/116.0.1938.76 Safari/537.36"
62.12.118.37 - - [28/Apr/2026:14:32:02 +0300] "POST /xmlrpc.php HTTP/1.1" 200 16285 "-" "Mozilla/5.0 (Windows NT 10.0; Win64; x64) AppleWebKit/537.36 (KHTML, like Gecko) Chrome/114.0.0.0 Safari/537.36"
163.61.182.63 - - [28/Apr/2026:14:32:06 +0300] "GET /88701-2/ HTTP/1.1" 200 18389 "-" "Mozilla/5.0 (compatible; Googlebot/2.1; +http://www.google.com/bot.html)"
23.108.47.8 - - [28/Apr/2026:14:32:10 +0300] "GET /beste-casino-site-belgie-hoge-inzet/ HTTP/1.1" 200 19265 "-" "Mozilla/5.0 (X11; Fedora; Linux x86_64; rv:114.0) Gecko/20100101 Firefox/114.0"
185.216.113.70 - - [28/Apr/2026:14:32:41 +0300] "POST /wp-cron.php?doing_wp_cron=1777375961.3470180034637451171875 HTTP/1.1" 200 448 "-" "WordPress/6.3.8; https://serhatburke.miroglu.net"
212.237.123.98 - - [28/Apr/2026:14:32:18 +0300] "POST /xmlrpc.php HTTP/2" 200 141 "-" "WordPress/XMLRPC Client"
62.12.118.37 - - [28/Apr/2026:14:32:24 +0300] "GET /must-build-a-be-licensed-deposit-of-at-least-ten-having-fun-with-password-ugvip/ HTTP/1.1" 200 80411 "-" "Mozilla/5.0 (Windows NT 10.0; Win64; x64) AppleWebKit/537.36 (KHTML, like Gecko) Chrome/123.0.0.0 Safari/537.36"
172.216.247.52 - - [28/Apr/2026:14:32:31 +0300] "POST /xmlrpc.php HTTP/1.1" 200 217130 "-" "Mozilla/5.0 (Windows NT 10.0; Win64; x64) AppleWebKit/537.36 (KHTML, like Gecko) Chrome/114.0.0.0 Safari/537.36 Edg/114.0.1264.71"
212.237.123.98 - - [28/Apr/2026:14:32:41 +0300] "GET /?p=142313 HTTP/2" 200 0 "-" "Mozilla/5.0 (Windows NT 10.0; Win64; x64) AppleWebKit/537.36 (KHTML, like Gecko) Chrome/120.0.0.0 Safari/537.36"
172.216.247.52 - - [28/Apr/2026:14:32:55 +0300] "POST /xmlrpc.php HTTP/1.1" 200 664 "-" "Mozilla/5.0 (Windows NT 10.0; Win64; x64) AppleWebKit/537.36 (KHTML, like Gecko) Chrome/114.0.0.0 Safari/537.36 Edg/114.0.1264.71"
57.128.22.95 - - [28/Apr/2026:14:32:46 +0300] "GET /zotabet-casino-bonus-premier-depot-2026/ HTTP/1.1" 200 19124 "-" "Mozilla/5.0 (compatible; Googlebot/2.1; +http://www.google.com/bot.html)"
172.216.247.52 - - [28/Apr/2026:14:33:14 +0300] "POST /xmlrpc.php HTTP/1.1" 200 667 "-" "Mozilla/5.0 (Windows NT 10.0; Win64; x64) AppleWebKit/537.36 (KHTML, like Gecko) Chrome/114.0.0.0 Safari/537.36 Edg/114.0.1264.71"
185.216.113.70 - - [28/Apr/2026:14:33:41 +0300] "POST /wp-cron.php?doing_wp_cron=1777376021.4976019859313964843750 HTTP/1.1" 200 448 "-" "WordPress/6.3.8; https://serhatburke.miroglu.net"
172.216.247.52 - - [28/Apr/2026:14:33:28 +0300] "POST /xmlrpc.php HTTP/1.1" 200 12094 "-" "Mozilla/5.0 (Windows NT 10.0; Win64; x64) AppleWebKit/537.36 (KHTML, like Gecko) Chrome/114.0.0.0 Safari/537.36 Edg/114.0.1264.71"
62.12.118.37 - - [28/Apr/2026:14:33:29 +0300] "POST /xmlrpc.php HTTP/1.1" 200 630 "-" "Mozilla/5.0 (Windows NT 10.0; Win64; x64) AppleWebKit/537.36 (KHTML, like Gecko) Chrome/114.0.0.0 Safari/537.36"
62.12.118.37 - - [28/Apr/2026:14:33:49 +0300] "POST /xmlrpc.php HTTP/1.1" 200 16876 "-" "Mozilla/5.0 (Windows NT 10.0; Win64; x64) AppleWebKit/537.36 (KHTML, like Gecko) Chrome/114.0.0.0 Safari/537.36"
62.12.118.37 - - [28/Apr/2026:14:34:10 +0300] "GET /finest-100-gambling-enterprise-betat-no-deposit-extra-2023-per-cent-free-revolves-as-opposed-to-lay-zero-alternatives-2026/ HTTP/1.1" 200 82156 "-" "Mozilla/5.0 (Windows NT 10.0; Win64; x64) AppleWebKit/537.36 (KHTML, like Gecko) Chrome/123.0.0.0 Safari/537.36 OPR/109.0.0.0"
185.216.113.70 - - [28/Apr/2026:14:35:34 +0300] "POST /wp-cron.php?doing_wp_cron=1777376134.1201329231262207031250 HTTP/1.1" 200 448 "-" "WordPress/6.3.8; https://serhatburke.miroglu.net"
62.12.118.37 - - [28/Apr/2026:14:35:20 +0300] "POST /xmlrpc.php HTTP/1.1" 200 630 "-" "Mozilla/5.0 (Windows NT 10.0; Win64; x64) AppleWebKit/537.36 (KHTML, like Gecko) Chrome/114.0.0.0 Safari/537.36"
62.12.118.37 - - [28/Apr/2026:14:35:40 +0300] "POST /xmlrpc.php HTTP/1.1" 200 16750 "-" "Mozilla/5.0 (Windows NT 10.0; Win64; x64) AppleWebKit/537.36 (KHTML, like Gecko) Chrome/114.0.0.0 Safari/537.36"
62.12.118.37 - - [28/Apr/2026:14:36:00 +0300] "GET /stone-home-based-bonanza-slot-machine-huff-letter-a-great-deal-far-more-cigarette-smoking-copycat/ HTTP/1.1" 200 81317 "-" "Mozilla/5.0 (Windows NT 10.0; Win64; x64) AppleWebKit/537.36 (KHTML, like Gecko) Chrome/123.0.0.0 Safari/537.36"
77.232.38.47 - - [28/Apr/2026:14:36:14 +0300] "POST /xmlrpc.php HTTP/1.1" 200 217835 "-" "Mozilla/5.0 (Windows NT 6.1) AppleWebKit/537.36 (KHTML, like Gecko) Chrome/80.0.3987.132 Safari/537.36"
185.216.113.70 - - [28/Apr/2026:14:36:41 +0300] "POST /wp-cron.php?doing_wp_cron=1777376200.9817800521850585937500 HTTP/1.1" 200 448 "-" "WordPress/6.3.8; https://serhatburke.miroglu.net"
77.232.38.47 - - [28/Apr/2026:14:36:27 +0300] "POST /xmlrpc.php HTTP/1.1" 200 725 "-" "Mozilla/5.0 (Windows NT 6.1) AppleWebKit/537.36 (KHTML, like Gecko) Chrome/80.0.3987.132 Safari/537.36"
77.232.38.47 - - [28/Apr/2026:14:36:43 +0300] "POST /xmlrpc.php HTTP/1.1" 200 489 "-" "Mozilla/5.0 (Windows NT 6.1) AppleWebKit/537.36 (KHTML, like Gecko) Chrome/80.0.3987.132 Safari/537.36"
185.216.113.70 - - [28/Apr/2026:14:37:17 +0300] "POST /wp-cron.php?doing_wp_cron=1777376237.2445919513702392578125 HTTP/1.1" 200 448 "-" "WordPress/6.3.8; https://serhatburke.miroglu.net"
77.232.38.47 - - [28/Apr/2026:14:37:03 +0300] "POST /xmlrpc.php HTTP/1.1" 200 627693 "-" "Mozilla/5.0 (Windows NT 6.1) AppleWebKit/537.36 (KHTML, like Gecko) Chrome/80.0.3987.132 Safari/537.36"
62.12.118.37 - - [28/Apr/2026:14:37:11 +0300] "POST /xmlrpc.php HTTP/1.1" 200 630 "-" "Mozilla/5.0 (Windows NT 10.0; Win64; x64) AppleWebKit/537.36 (KHTML, like Gecko) Chrome/114.0.0.0 Safari/537.36"
62.12.118.37 - - [28/Apr/2026:14:37:32 +0300] "POST /xmlrpc.php HTTP/1.1" 200 16434 "-" "Mozilla/5.0 (Windows NT 10.0; Win64; x64) AppleWebKit/537.36 (KHTML, like Gecko) Chrome/114.0.0.0 Safari/537.36"
185.216.113.70 - - [28/Apr/2026:14:37:59 +0300] "POST /wp-cron.php?doing_wp_cron=1777376279.0001540184020996093750 HTTP/1.1" 200 448 "-" "WordPress/6.3.8; https://serhatburke.miroglu.net"
85.208.96.210 - - [28/Apr/2026:14:37:46 +0300] "GET /robots.txt HTTP/1.1" 200 605 "-" "Mozilla/5.0 (compatible; SemrushBot/7~bl; +http://www.semrush.com/bot.html)"
62.12.118.37 - - [28/Apr/2026:14:37:47 +0300] "GET /claim-their-2100-added-three-hundred-free-revolves-no-deposit-2026-bonus/ HTTP/1.1" 200 80254 "-" "Mozilla/5.0 (Windows NT 10.0; Win64; x64) AppleWebKit/537.36 (KHTML, like Gecko) Chrome/123.0.0.0 Safari/537.36"
185.191.171.10 - - [28/Apr/2026:14:38:00 +0300] "GET /its-constantly-best-to-remark-the-video-game-legislation-before-you-begin-a-good-the-fresh-position-game-to-help-you-win-the-fresh-maximum-count-its-far-better-use-maximum/ HTTP/1.1" 200 24947 "-" "Mozilla/5.0 (compatible; SemrushBot/7~bl; +http://www.semrush.com/bot.html)"
185.216.113.70 - - [28/Apr/2026:14:39:31 +0300] "POST /wp-cron.php?doing_wp_cron=1777376371.3910250663757324218750 HTTP/1.1" 200 448 "-" "WordPress/6.3.8; https://serhatburke.miroglu.net"
130.51.20.151 - - [28/Apr/2026:14:39:18 +0300] "GET /beste-casino-site-belgie-hoge-inzet/ HTTP/1.1" 200 19265 "-" "Mozilla/5.0 (compatible; Googlebot/2.1; +http://www.google.com/bot.html)"
185.216.113.70 - - [28/Apr/2026:14:43:47 +0300] "POST /wp-cron.php?doing_wp_cron=1777376627.2083339691162109375000 HTTP/1.1" 200 448 "-" "WordPress/6.3.8; https://serhatburke.miroglu.net"
157.22.46.209 - - [28/Apr/2026:14:43:31 +0300] "HEAD / HTTP/1.1" 200 670 "-" "Wget/1.21.4"
45.66.211.233 - - [28/Apr/2026:14:43:45 +0300] "POST /xmlrpc.php HTTP/1.1" 200 781 "-" "curl/7.88.1"
45.66.211.233 - - [28/Apr/2026:14:44:00 +0300] "POST /xmlrpc.php HTTP/1.1" 200 730 "-" "curl/8.6.0"
45.66.211.233 - - [28/Apr/2026:14:44:15 +0300] "GET /wp-login.php HTTP/1.1" 200 4158 "-" "curl/7.88.1"
84.247.181.69 - - [28/Apr/2026:14:44:24 +0300] "GET /zotabet-casino-bonus-premier-depot-2026/ HTTP/1.1" 200 19124 "-" "Mozilla/5.0 (X11; Fedora; Linux x86_64; rv:114.0) Gecko/20100101 Firefox/114.0"
185.216.113.70 - - [28/Apr/2026:14:44:43 +0300] "POST /wp-cron.php?doing_wp_cron=1777376683.1155540943145751953125 HTTP/1.1" 200 448 "-" "WordPress/6.3.8; https://serhatburke.miroglu.net"
45.66.211.233 - - [28/Apr/2026:14:44:29 +0300] "POST /wp-login.php HTTP/1.1" 302 1332 "https://serhatburke.miroglu.net/wp-login.php" "Wget/1.21.4"
45.66.211.233 - - [28/Apr/2026:14:44:44 +0300] "GET /wp-admin/ HTTP/1.1" 200 29101 "https://serhatburke.miroglu.net/wp-login.php" "Wget/1.21.4"
45.66.211.233 - - [28/Apr/2026:14:44:59 +0300] "GET /wp-login.php HTTP/1.1" 200 4158 "-" "curl/8.6.0"
45.66.211.233 - - [28/Apr/2026:14:45:13 +0300] "POST /wp-login.php HTTP/1.1" 302 1332 "https://serhatburke.miroglu.net/wp-login.php" "curl/8.6.0"
185.216.113.70 - - [28/Apr/2026:14:45:41 +0300] "POST /wp-cron.php?doing_wp_cron=1777376741.6723659038543701171875 HTTP/1.1" 200 448 "-" "WordPress/6.3.8; https://serhatburke.miroglu.net"
45.66.211.233 - - [28/Apr/2026:14:45:28 +0300] "GET /wp-admin/ HTTP/1.1" 200 122825 "https://serhatburke.miroglu.net/wp-login.php" "curl/8.6.0"
177.200.113.14 - - [28/Apr/2026:14:45:49 +0300] "GET /wp-login.php HTTP/2" 200 0 "-" "Mozilla/5.0 (Windows NT 10.0; Win64; x64) AppleWebKit/537.36 (KHTML, like Gecko) Chrome/142.0.0.0 Safari/537.36"
45.66.211.233 - - [28/Apr/2026:14:45:43 +0300] "POST /xmlrpc.php HTTP/1.1" 200 638 "-" "curl/8.6.0"
117.219.243.117 - - [28/Apr/2026:14:45:57 +0300] "GET /wp-login.php HTTP/2" 200 0 "-" "Mozilla/5.0 (Windows NT 10.0; Win64; x64) AppleWebKit/537.36 (KHTML, like Gecko) Chrome/142.0.0.0 Safari/537.36"
45.66.211.233 - - [28/Apr/2026:14:45:59 +0300] "GET /wp-login.php HTTP/1.1" 200 4158 "-" "Wget/1.21.4"
49.15.244.21 - - [28/Apr/2026:14:46:09 +0300] "POST /xmlrpc.php HTTP/2" 200 0 "-" "WP-XMLRPC/1.0"
102.130.192.147 - - [28/Apr/2026:14:46:17 +0300] "POST /xmlrpc.php HTTP/2" 200 0 "-" "WP-XMLRPC/1.0"
45.66.211.233 - - [28/Apr/2026:14:46:12 +0300] "POST /wp-login.php HTTP/1.1" 302 1332 "https://serhatburke.miroglu.net/wp-login.php" "Wget/1.21.4"
60.53.33.153 - - [28/Apr/2026:14:46:21 +0300] "GET /wp-login.php HTTP/2" 200 0 "-" "Mozilla/5.0 (Macintosh; Intel Mac OS X 10_15_7) AppleWebKit/605.1.15 (KHTML, like Gecko) Version/26.0 Safari/605.1.15"
27.61.138.195 - - [28/Apr/2026:14:46:35 +0300] "GET /wp-login.php HTTP/2" 200 0 "-" "Mozilla/5.0 (Macintosh; Intel Mac OS X 10_15_7) AppleWebKit/605.1.15 (KHTML, like Gecko) Version/26.0 Safari/605.1.15"
185.216.113.70 - - [28/Apr/2026:14:46:46 +0300] "POST /wp-cron.php?doing_wp_cron=1777376806.7079370021820068359375 HTTP/1.1" 200 448 "-" "WordPress/6.3.8; https://serhatburke.miroglu.net"
45.66.211.233 - - [28/Apr/2026:14:46:27 +0300] "GET /wp-admin/ HTTP/1.1" 200 122832 "https://serhatburke.miroglu.net/wp-login.php" "Wget/1.21.4"
73.47.200.103 - - [28/Apr/2026:14:46:27 +0300] "POST /xmlrpc.php HTTP/1.1" 200 217835 "-" "Mozilla/5.0 (Windows NT 10.0; Win64; x64) AppleWebKit/537.36 (KHTML, like Gecko) Chrome/140.0.0.0 Safari/537.36"
78.173.66.200 - - [28/Apr/2026:14:46:46 +0300] "POST /xmlrpc.php HTTP/2" 200 0 "-" "WP-XMLRPC/1.0"
49.36.216.243 - - [28/Apr/2026:14:46:54 +0300] "POST /xmlrpc.php HTTP/2" 200 0 "-" "WP-XMLRPC/1.0"
99.237.0.132 - - [28/Apr/2026:14:46:51 +0300] "POST /xmlrpc.php HTTP/1.1" 200 667 "-" "Mozilla/5.0 (Windows NT 10.0; Win64; x64) AppleWebKit/537.36 (KHTML, like Gecko) Chrome/140.0.0.0 Safari/537.36"
185.216.113.70 - - [28/Apr/2026:14:47:29 +0300] "POST /wp-cron.php?doing_wp_cron=1777376849.0828731060028076171875 HTTP/1.1" 200 448 "-" "WordPress/6.3.8; https://serhatburke.miroglu.net"
190.46.15.171 - - [28/Apr/2026:14:47:16 +0300] "POST /xmlrpc.php HTTP/1.1" 200 6309 "-" "Mozilla/5.0 (Windows NT 10.0; Win64; x64) AppleWebKit/537.36 (KHTML, like Gecko) Chrome/140.0.0.0 Safari/537.36"
172.93.212.221 - - [28/Apr/2026:14:48:01 +0300] "GET /zotabet-casino-bonus-premier-depot-2026/ HTTP/1.1" 200 19124 "-" "Mozilla/5.0 (compatible; Googlebot/2.1; +http://www.google.com/bot.html)"
185.216.113.70 - - [28/Apr/2026:14:53:57 +0300] "POST /wp-cron.php?doing_wp_cron=1777377237.8384530544281005859375 HTTP/1.1" 200 448 "-" "WordPress/6.3.8; https://serhatburke.miroglu.net"
165.140.199.101 - - [28/Apr/2026:14:53:44 +0300] "GET /beste-casino-site-belgie-hoge-inzet/ HTTP/1.1" 200 19265 "-" "Mozilla/5.0 (X11; Fedora; Linux x86_64; rv:114.0) Gecko/20100101 Firefox/114.0"
185.216.113.70 - - [28/Apr/2026:14:55:36 +0300] "POST /wp-cron.php?doing_wp_cron=1777377335.9901840686798095703125 HTTP/1.1" 200 448 "-" "WordPress/6.3.8; https://serhatburke.miroglu.net"
121.146.218.75 - - [28/Apr/2026:14:55:23 +0300] "GET /zotabet-casino-bonus-premier-depot-2026/ HTTP/1.1" 200 19133 "https://serhatburke.miroglu.net/" "Mozilla/5.0 (Macintosh; Intel Mac OS X 10.15; rv:148.0) Gecko/20100101 Firefox/148.0"
121.146.218.75 - - [28/Apr/2026:14:55:39 +0300] "GET /?p=91226 HTTP/1.1" 301 666 "https://serhatburke.miroglu.net/zotabet-casino-bonus-premier-depot-2026/" "Mozilla/5.0 (Macintosh; Intel Mac OS X 10.15; rv:148.0) Gecko/20100101 Firefox/148.0"
121.146.218.75 - - [28/Apr/2026:14:55:54 +0300] "GET /zotabet-casino-bonus-premier-depot-2026/ HTTP/1.1" 200 19131 "https://serhatburke.miroglu.net/?p=91226" "Mozilla/5.0 (Macintosh; Intel Mac OS X 10.15; rv:148.0) Gecko/20100101 Firefox/148.0"
185.216.113.70 - - [28/Apr/2026:14:57:43 +0300] "POST /wp-cron.php?doing_wp_cron=1777377463.5966320037841796875000 HTTP/1.1" 200 448 "-" "WordPress/6.3.8; https://serhatburke.miroglu.net"
57.128.22.95 - - [28/Apr/2026:14:57:26 +0300] "GET /zotabet-casino-bonus-premier-depot-2026/ HTTP/1.1" 200 19124 "-" "Mozilla/5.0 (compatible; Googlebot/2.1; +http://www.google.com/bot.html)"
52.167.144.238 - - [28/Apr/2026:14:57:24 +0300] "GET /to-horn-gaming-slot-danger-high-voltage-computerprogrammas-provider/ HTTP/2" 200 18301 "-" "Mozilla/5.0 AppleWebKit/537.36 (KHTML, like Gecko; compatible; bingbot/2.0; +http://www.bing.com/bingbot.htm) Chrome/116.0.1938.76 Safari/537.36"
40.77.167.1 - - [28/Apr/2026:14:57:28 +0300] "GET /the-thing-that-makes-tennis-called-golf-examining-the-resource-of-ones-label/ HTTP/2" 200 20764 "-" "Mozilla/5.0 AppleWebKit/537.36 (KHTML, like Gecko; compatible; bingbot/2.0; +http://www.bing.com/bingbot.htm) Chrome/116.0.1938.76 Safari/537.36"
185.216.113.70 - - [28/Apr/2026:14:59:23 +0300] "POST /wp-cron.php?doing_wp_cron=1777377563.7965478897094726562500 HTTP/1.1" 200 448 "-" "WordPress/6.3.8; https://serhatburke.miroglu.net"
104.166.164.54 - - [28/Apr/2026:14:59:08 +0300] "POST /xmlrpc.php HTTP/1.1" 200 630 "-" "Mozilla/5.0 (Windows NT 10.0; Win64; x64) AppleWebKit/537.36 (KHTML, like Gecko) Chrome/114.0.0.0 Safari/537.36"
40.77.167.1 - - [28/Apr/2026:14:59:18 +0300] "GET /casinolicenser-i-europa-baksida-av-underben-du-behover-klara-av/ HTTP/2" 200 18846 "-" "Mozilla/5.0 AppleWebKit/537.36 (KHTML, like Gecko; compatible; bingbot/2.0; +http://www.bing.com/bingbot.htm) Chrome/116.0.1938.76 Safari/537.36"
40.77.167.1 - - [28/Apr/2026:14:59:22 +0300] "GET /las-diez-mejores-juegos-sobre-tragamonedas-en-envite-completo/ HTTP/2" 200 18511 "-" "Mozilla/5.0 AppleWebKit/537.36 (KHTML, like Gecko; compatible; bingbot/2.0; +http://www.bing.com/bingbot.htm) Chrome/116.0.1938.76 Safari/537.36"
104.166.164.54 - - [28/Apr/2026:14:59:30 +0300] "POST /xmlrpc.php HTTP/1.1" 200 10376 "-" "Mozilla/5.0 (Windows NT 10.0; Win64; x64) AppleWebKit/537.36 (KHTML, like Gecko) Chrome/114.0.0.0 Safari/537.36"
57.128.22.95 - - [28/Apr/2026:14:59:42 +0300] "GET /novoline-casino-codice-bonus-registrazione/ HTTP/1.1" 200 17782 "-" "Mozilla/5.0 (compatible; Googlebot/2.1; +http://www.google.com/bot.html)"
104.166.164.54 - - [28/Apr/2026:14:59:53 +0300] "GET /internetove-kasino-bonusy-lepsi-svenbet-bonusove-webove-stranky-unor-2026/ HTTP/1.1" 200 75442 "-" "Mozilla/5.0 (Windows NT 10.0; rv:109.0) Gecko/20100101 Firefox/115.0"
185.216.113.70 - - [28/Apr/2026:15:00:55 +0300] "POST /wp-cron.php?doing_wp_cron=1777377655.1891410350799560546875 HTTP/1.1" 200 448 "-" "WordPress/6.3.8; https://serhatburke.miroglu.net"
66.249.73.15 - - [28/Apr/2026:15:00:43 +0300] "GET /robots.txt HTTP/1.1" 200 719 "-" "Mozilla/5.0 (compatible; Googlebot/2.1; +http://www.google.com/bot.html)"
185.216.113.70 - - [28/Apr/2026:15:01:54 +0300] "POST /wp-cron.php?doing_wp_cron=1777377714.4875130653381347656250 HTTP/1.1" 200 448 "-" "WordPress/6.3.8; https://serhatburke.miroglu.net"
40.77.167.1 - - [28/Apr/2026:15:01:28 +0300] "GET /co-to-jest-marvel-casino-i-jak-ekstaza-chopine/ HTTP/2" 200 19484 "-" "Mozilla/5.0 AppleWebKit/537.36 (KHTML, like Gecko; compatible; bingbot/2.0; +http://www.bing.com/bingbot.htm) Chrome/116.0.1938.76 Safari/537.36"
40.77.167.144 - - [28/Apr/2026:15:01:32 +0300] "GET /mobilni-aplikace-spinx-xtras-budou-mit-operacni-systemy-apple-ios-a-android/ HTTP/2" 200 19219 "-" "Mozilla/5.0 AppleWebKit/537.36 (KHTML, like Gecko; compatible; bingbot/2.0; +http://www.bing.com/bingbot.htm) Chrome/116.0.1938.76 Safari/537.36"
40.77.167.77 - - [28/Apr/2026:15:01:37 +0300] "GET /kraken-bezopasnye-sposoby-dostupa-i-aktual-nye-ssylki-2026-2/ HTTP/2" 200 18487 "-" "Mozilla/5.0 AppleWebKit/537.36 (KHTML, like Gecko; compatible; bingbot/2.0; +http://www.bing.com/bingbot.htm) Chrome/116.0.1938.76 Safari/537.36"
40.77.167.77 - - [28/Apr/2026:15:01:42 +0300] "GET /top-skrill-casino-slots-10-highest-rated-casinos/ HTTP/2" 200 17599 "-" "Mozilla/5.0 AppleWebKit/537.36 (KHTML, like Gecko; compatible; bingbot/2.0; +http://www.bing.com/bingbot.htm) Chrome/116.0.1938.76 Safari/537.36"
40.77.167.1 - - [28/Apr/2026:15:01:58 +0300] "GET /kraken-bezopasnyi-dostup-k-onion-ssylkam-2026-32/ HTTP/2" 200 18592 "-" "Mozilla/5.0 AppleWebKit/537.36 (KHTML, like Gecko; compatible; bingbot/2.0; +http://www.bing.com/bingbot.htm) Chrome/116.0.1938.76 Safari/537.36"
40.77.167.1 - - [28/Apr/2026:15:02:03 +0300] "GET /tilslutte-casinoer-ved-hjaelp-af-rigtige-knap-inden-for-danmark-2026/ HTTP/2" 200 20023 "-" "Mozilla/5.0 AppleWebKit/537.36 (KHTML, like Gecko; compatible; bingbot/2.0; +http://www.bing.com/bingbot.htm) Chrome/116.0.1938.76 Safari/537.36"
40.77.167.144 - - [28/Apr/2026:15:02:11 +0300] "GET /twenty-three-murphy-harrahs-cherokee-valley-river-local-casino-hotel/ HTTP/2" 200 17749 "-" "Mozilla/5.0 AppleWebKit/537.36 (KHTML, like Gecko; compatible; bingbot/2.0; +http://www.bing.com/bingbot.htm) Chrome/116.0.1938.76 Safari/537.36"
40.77.167.77 - - [28/Apr/2026:15:02:26 +0300] "GET /verso-guidarvi-sopra-la-selezione-abbiamo-maturato-un-modo-di-analisi-esplorato/ HTTP/2" 200 17965 "-" "Mozilla/5.0 AppleWebKit/537.36 (KHTML, like Gecko; compatible; bingbot/2.0; +http://www.bing.com/bingbot.htm) Chrome/116.0.1938.76 Safari/537.36"
185.216.113.70 - - [28/Apr/2026:15:02:52 +0300] "POST /wp-cron.php?doing_wp_cron=1777377772.1022861003875732421875 HTTP/1.1" 200 448 "-" "WordPress/6.3.8; https://serhatburke.miroglu.net"
158.69.22.136 - - [28/Apr/2026:15:02:39 +0300] "GET /88701-2/ HTTP/1.1" 200 18389 "-" "Mozilla/5.0 (compatible; Googlebot/2.1; +http://www.google.com/bot.html)"
40.77.167.77 - - [28/Apr/2026:15:03:06 +0300] "GET /jedoch-konnten-mich-unser-agenten-mit-leutseligkeit-ferner-fachkenntnissen-ein-agenten-uberzeugen/ HTTP/2" 200 18261 "-" "Mozilla/5.0 AppleWebKit/537.36 (KHTML, like Gecko; compatible; bingbot/2.0; +http://www.bing.com/bingbot.htm) Chrome/116.0.1938.76 Safari/537.36"
52.167.144.177 - - [28/Apr/2026:15:03:11 +0300] "GET /es-algun-clasico-algun-entretenimiento-resistentes-asi%EF%BF%BD-como-muy-querido-para-las-jugadores/ HTTP/2" 200 18583 "-" "Mozilla/5.0 AppleWebKit/537.36 (KHTML, like Gecko; compatible; bingbot/2.0; +http://www.bing.com/bingbot.htm) Chrome/116.0.1938.76 Safari/537.36"
185.216.113.70 - - [28/Apr/2026:15:04:00 +0300] "POST /wp-cron.php?doing_wp_cron=1777377840.4789910316467285156250 HTTP/1.1" 200 448 "-" "WordPress/6.3.8; https://serhatburke.miroglu.net"
40.77.167.77 - - [28/Apr/2026:15:03:35 +0300] "GET /skuespil-vederlagsfri-online-safari-heat-paypal-hasard-pro-2025-udforsk-alle-varianter-risikofrit-comunica-ma/ HTTP/2" 200 15440 "-" "Mozilla/5.0 AppleWebKit/537.36 (KHTML, like Gecko; compatible; bingbot/2.0; +http://www.bing.com/bingbot.htm) Chrome/116.0.1938.76 Safari/537.36"
185.216.113.70 - - [28/Apr/2026:15:04:53 +0300] "POST /wp-cron.php?doing_wp_cron=1777377893.3218450546264648437500 HTTP/1.1" 200 448 "-" "WordPress/6.3.8; https://serhatburke.miroglu.net"
52.167.144.177 - - [28/Apr/2026:15:04:40 +0300] "GET /thunderstruck-position-gamble-free-and-read-comment/ HTTP/2" 200 18613 "-" "Mozilla/5.0 AppleWebKit/537.36 (KHTML, like Gecko; compatible; bingbot/2.0; +http://www.bing.com/bingbot.htm) Chrome/116.0.1938.76 Safari/537.36"
40.77.167.144 - - [28/Apr/2026:15:04:45 +0300] "GET /kraken-vash-putevoditel-po-darknetu-2026-5/ HTTP/2" 200 19295 "-" "Mozilla/5.0 AppleWebKit/537.36 (KHTML, like Gecko; compatible; bingbot/2.0; +http://www.bing.com/bingbot.htm) Chrome/116.0.1938.76 Safari/537.36"
40.77.167.77 - - [28/Apr/2026:15:04:58 +0300] "GET /tournette-en-ligne-sans-cout-sauf-que-tournette-en-brique-incontestable/ HTTP/2" 200 17789 "-" "Mozilla/5.0 AppleWebKit/537.36 (KHTML, like Gecko; compatible; bingbot/2.0; +http://www.bing.com/bingbot.htm) Chrome/116.0.1938.76 Safari/537.36"
128.14.102.152 - - [28/Apr/2026:15:05:08 +0300] "POST /xmlrpc.php HTTP/1.1" 200 630 "-" "Mozilla/5.0 (Windows NT 10.0; Win64; x64) AppleWebKit/537.36 (KHTML, like Gecko) Chrome/114.0.0.0 Safari/537.36"
52.167.144.177 - - [28/Apr/2026:15:05:02 +0300] "GET /unser-besten-book-of-dead-spielautomat-casinos-uber-wesentlich-schneller-ausschuttung-2026/ HTTP/2" 200 20394 "-" "Mozilla/5.0 AppleWebKit/537.36 (KHTML, like Gecko; compatible; bingbot/2.0; +http://www.bing.com/bingbot.htm) Chrome/116.0.1938.76 Safari/537.36"
185.216.113.70 - - [28/Apr/2026:15:05:46 +0300] "POST /wp-cron.php?doing_wp_cron=1777377946.2830419540405273437500 HTTP/1.1" 200 448 "-" "WordPress/6.3.8; https://serhatburke.miroglu.net"
128.14.102.152 - - [28/Apr/2026:15:05:30 +0300] "POST /xmlrpc.php HTTP/1.1" 200 18667 "-" "Mozilla/5.0 (Windows NT 10.0; Win64; x64) AppleWebKit/537.36 (KHTML, like Gecko) Chrome/114.0.0.0 Safari/537.36"
52.167.144.177 - - [28/Apr/2026:15:05:30 +0300] "GET /duzo-gry-oni-grane-na-prawdziwe-pieniadze-lub-po-prostu-po-prostu-za-darmo/ HTTP/2" 200 18080 "-" "Mozilla/5.0 AppleWebKit/537.36 (KHTML, like Gecko; compatible; bingbot/2.0; +http://www.bing.com/bingbot.htm) Chrome/116.0.1938.76 Safari/537.36"
128.14.102.152 - - [28/Apr/2026:15:05:47 +0300] "GET /grand-ivy-kasino-nachprufung-2026/ HTTP/1.1" 200 81928 "-" "Mozilla/5.0 (Windows NT 10.0; Win64; x64) AppleWebKit/537.36 (KHTML, like Gecko) Chrome/124.0.0.0 Safari/537.36"
185.216.113.70 - - [28/Apr/2026:15:08:14 +0300] "POST /wp-cron.php?doing_wp_cron=1777378094.6634109020233154296875 HTTP/1.1" 200 448 "-" "WordPress/6.3.8; https://serhatburke.miroglu.net"
45.66.211.233 - - [28/Apr/2026:15:08:00 +0300] "GET /wp-login.php HTTP/1.1" 200 4161 "-" "curl/8.6.0"
45.66.211.233 - - [28/Apr/2026:15:08:15 +0300] "POST /wp-login.php HTTP/1.1" 302 1332 "https://serhatburke.miroglu.net/wp-login.php" "Wget/1.21.4"
78.71.235.68 - - [28/Apr/2026:15:08:22 +0300] "GET / HTTP/1.1" 200 19234 "-" "Mozilla/5.0 (X11; Linux x86_64; rv:109.0) Gecko/20100101 Firefox/119.0"
185.216.113.70 - - [28/Apr/2026:15:08:49 +0300] "POST /wp-cron.php?doing_wp_cron=1777378128.9902839660644531250000 HTTP/1.1" 200 448 "-" "WordPress/6.3.8; https://serhatburke.miroglu.net"
45.66.211.233 - - [28/Apr/2026:15:08:34 +0300] "GET /wp-admin/ HTTP/1.1" 200 29100 "https://serhatburke.miroglu.net/wp-login.php" "Wget/1.21.4"
78.71.235.68 - - [28/Apr/2026:15:08:43 +0300] "POST /xmlrpc.php HTTP/1.1" 200 735 "https://serhatburke.miroglu.net" "Mozilla/5.0 (X11; Linux x86_64; rv:109.0) Gecko/20100101 Firefox/119.0"
185.216.113.70 - - [28/Apr/2026:15:09:23 +0300] "POST /wp-cron.php?doing_wp_cron=1777378163.5968379974365234375000 HTTP/1.1" 200 448 "-" "WordPress/6.3.8; https://serhatburke.miroglu.net"
5.181.169.55 - - [28/Apr/2026:15:08:45 +0300] "GET /wp-login.php HTTP/1.1" 200 4161 "-" "Wget/1.21.4"
142.147.108.176 - - [28/Apr/2026:15:09:09 +0300] "GET /automaty-hazard-online/ HTTP/1.1" 200 18372 "https://serhatburke.miroglu.net/" "Mozilla/5.0 (Windows NT 10.0; Win64; x64) AppleWebKit/537.36 (KHTML, like Gecko) Chrome/114.0.0.0 Safari/537.36 Edg/114.0.1264.71"
142.147.108.176 - - [28/Apr/2026:15:09:39 +0300] "POST /wp-comments-post.php HTTP/1.1" 302 1033 "https://serhatburke.miroglu.net/automaty-hazard-online/" "Mozilla/5.0 (Windows NT 10.0; Win64; x64) AppleWebKit/537.36 (KHTML, like Gecko) Chrome/114.0.0.0 Safari/537.36 Edg/114.0.1264.71"
142.147.108.176 - - [28/Apr/2026:15:09:55 +0300] "GET /automaty-hazard-online/?unapproved=822&moderation-hash=486b68bd3851d719e3c2ec4a475931fc HTTP/1.1" 200 18823 "https://serhatburke.miroglu.net/wp-comments-post.php" "Mozilla/5.0 (Windows NT 10.0; Win64; x64) AppleWebKit/537.36 (KHTML, like Gecko) Chrome/114.0.0.0 Safari/537.36 Edg/114.0.1264.71"
185.216.113.70 - - [28/Apr/2026:15:10:30 +0300] "POST /wp-cron.php?doing_wp_cron=1777378229.9969370365142822265625 HTTP/1.1" 200 448 "-" "WordPress/6.3.8; https://serhatburke.miroglu.net"
142.147.108.176 - - [28/Apr/2026:15:10:12 +0300] "GET /automaty-hazard-online/ HTTP/1.1" 200 18362 "-" "Mozilla/5.0 (Windows NT 10.0; Win64; x64) AppleWebKit/537.36 (KHTML, like Gecko) Chrome/114.0.0.0 Safari/537.36 Edg/114.0.1264.71"
45.170.197.167 - - [28/Apr/2026:15:10:41 +0300] "POST /xmlrpc.php HTTP/2" 200 141 "-" "WordPress/XMLRPC Client"
185.216.113.70 - - [28/Apr/2026:15:11:19 +0300] "POST /wp-cron.php?doing_wp_cron=1777378278.9557330608367919921875 HTTP/1.1" 200 448 "-" "WordPress/6.3.8; https://serhatburke.miroglu.net"
40.77.167.77 - - [28/Apr/2026:15:10:55 +0300] "GET /harnessing-bscscan-a-comprehensive-guide-for-traders/ HTTP/2" 200 18126 "-" "Mozilla/5.0 AppleWebKit/537.36 (KHTML, like Gecko; compatible; bingbot/2.0; +http://www.bing.com/bingbot.htm) Chrome/116.0.1938.76 Safari/537.36"
45.170.197.167 - - [28/Apr/2026:15:10:56 +0300] "GET /?p=142331 HTTP/2" 301 0 "-" "Mozilla/5.0 (Windows NT 10.0; Win64; x64) AppleWebKit/537.36 (KHTML, like Gecko) Chrome/120.0.0.0 Safari/537.36"
52.167.144.177 - - [28/Apr/2026:15:11:00 +0300] "GET /eye-of-horus-kostenlos-vortragen-abzuglich-registration-2026/ HTTP/2" 200 18712 "-" "Mozilla/5.0 AppleWebKit/537.36 (KHTML, like Gecko; compatible; bingbot/2.0; +http://www.bing.com/bingbot.htm) Chrome/116.0.1938.76 Safari/537.36"
40.77.167.74 - - [28/Apr/2026:15:11:05 +0300] "GET /het-snelst-uitbetalende-casino-in-nederland-2026-4/ HTTP/2" 200 146583 "-" "Mozilla/5.0 AppleWebKit/537.36 (KHTML, like Gecko; compatible; bingbot/2.0; +http://www.bing.com/bingbot.htm) Chrome/116.0.1938.76 Safari/537.36"
185.216.113.70 - - [28/Apr/2026:15:11:47 +0300] "POST /wp-cron.php?doing_wp_cron=1777378307.4675080776214599609375 HTTP/1.1" 200 448 "-" "WordPress/6.3.8; https://serhatburke.miroglu.net"
40.77.167.77 - - [28/Apr/2026:15:11:35 +0300] "GET /discover-the-power-of-solscan-for-crypto-traders-5/ HTTP/2" 200 18049 "-" "Mozilla/5.0 AppleWebKit/537.36 (KHTML, like Gecko; compatible; bingbot/2.0; +http://www.bing.com/bingbot.htm) Chrome/116.0.1938.76 Safari/537.36"
147.53.114.228 - - [28/Apr/2026:15:11:56 +0300] "GET /automaty-hazard-online/ HTTP/1.1" 200 18362 "-" "Mozilla/5.0 (X11; Fedora; Linux x86_64; rv:114.0) Gecko/20100101 Firefox/114.0"
185.216.113.70 - - [28/Apr/2026:15:13:04 +0300] "POST /wp-cron.php?doing_wp_cron=1777378384.8979220390319824218750 HTTP/1.1" 200 448 "-" "WordPress/6.3.8; https://serhatburke.miroglu.net"
151.244.111.202 - - [28/Apr/2026:15:12:49 +0300] "GET /en-kaliteli-ve-guvenli-cevrimici-porno-izleme-6/ HTTP/1.1" 200 105253 "-" "Screaming Frog SEO Spider/16.7"
40.77.167.50 - - [28/Apr/2026:15:12:59 +0300] "GET /yukon-gold-casino-gift-ideas-a-diverse-game-collection-priing-a-prominent-software-vendor-in-the-market/ HTTP/2" 200 17809 "-" "Mozilla/5.0 AppleWebKit/537.36 (KHTML, like Gecko; compatible; bingbot/2.0; +http://www.bing.com/bingbot.htm) Chrome/116.0.1938.76 Safari/537.36"
52.167.144.177 - - [28/Apr/2026:15:13:03 +0300] "GET /kraken-bezopasnyi-dostup-k-platforme-v-2026/ HTTP/2" 200 18615 "-" "Mozilla/5.0 AppleWebKit/537.36 (KHTML, like Gecko; compatible; bingbot/2.0; +http://www.bing.com/bingbot.htm) Chrome/116.0.1938.76 Safari/537.36"
185.216.113.70 - - [28/Apr/2026:15:13:52 +0300] "POST /wp-cron.php?doing_wp_cron=1777378432.2923569679260253906250 HTTP/1.1" 200 448 "-" "WordPress/6.3.8; https://serhatburke.miroglu.net"
40.77.167.50 - - [28/Apr/2026:15:13:38 +0300] "GET /private-banking-and-netbanking-functions/ HTTP/2" 200 20436 "-" "Mozilla/5.0 AppleWebKit/537.36 (KHTML, like Gecko; compatible; bingbot/2.0; +http://www.bing.com/bingbot.htm) Chrome/116.0.1938.76 Safari/537.36"
57.128.22.95 - - [28/Apr/2026:15:13:41 +0300] "GET /35849-2/ HTTP/1.1" 200 18361 "-" "Mozilla/5.0 (compatible; Googlebot/2.1; +http://www.google.com/bot.html)"
40.77.167.50 - - [28/Apr/2026:15:14:06 +0300] "GET /de-ce-ar-trebui-sa-verific-termenii-i-condiiile-bonusurilor-de-au-ethereum/ HTTP/2" 200 17922 "-" "Mozilla/5.0 AppleWebKit/537.36 (KHTML, like Gecko; compatible; bingbot/2.0; +http://www.bing.com/bingbot.htm) Chrome/116.0.1938.76 Safari/537.36"
185.216.113.70 - - [28/Apr/2026:15:15:16 +0300] "POST /wp-cron.php?doing_wp_cron=1777378516.4747788906097412109375 HTTP/1.1" 200 448 "-" "WordPress/6.3.8; https://serhatburke.miroglu.net"
