43.229.135.118 - - [28/Apr/2026:19:23:24 +0300] "GET /35849-2/?unapproved=831&moderation-hash=a8940f58ffa89d08a842b86a95d2971d HTTP/1.1" 200 18759 "https://serhatburke.miroglu.net/wp-comments-post.php" "Mozilla/5.0 (Windows NT 10.0; Win64; x64) AppleWebKit/537.36 (KHTML, like Gecko) Chrome/114.0.0.0 Safari/537.36 Edg/114.0.1264.71"
43.229.135.118 - - [28/Apr/2026:19:23:38 +0300] "GET /35849-2/ HTTP/1.1" 200 18386 "-" "Mozilla/5.0 (compatible; Googlebot/2.1; +http://www.google.com/bot.html)"
185.216.113.70 - - [28/Apr/2026:19:24:02 +0300] "POST /wp-cron.php?doing_wp_cron=1777393442.4008951187133789062500 HTTP/1.1" 200 448 "-" "WordPress/6.3.8; https://serhatburke.miroglu.net"
52.167.144.161 - - [28/Apr/2026:19:23:49 +0300] "GET /best-charge-casino-wild-bells-casinos-of-2026-lowest-deposits-and-you-may-punctual-distributions/ HTTP/2" 200 18862 "-" "Mozilla/5.0 AppleWebKit/537.36 (KHTML, like Gecko; compatible; bingbot/2.0; +http://www.bing.com/bingbot.htm) Chrome/116.0.1938.76 Safari/537.36"
185.216.113.70 - - [28/Apr/2026:19:24:09 +0300] "POST /wp-cron.php?doing_wp_cron=1777393449.1451001167297363281250 HTTP/1.1" 200 448 "-" "WordPress/6.3.8; https://serhatburke.miroglu.net"
185.216.113.70 - - [28/Apr/2026:19:24:16 +0300] "POST /wp-cron.php?doing_wp_cron=1777393456.5577371120452880859375 HTTP/1.1" 200 448 "-" "WordPress/6.3.8; https://serhatburke.miroglu.net"
52.167.144.216 - - [28/Apr/2026:19:23:53 +0300] "GET /playtech-iron-man-dos-buy-html5-position/ HTTP/2" 200 19930 "-" "Mozilla/5.0 AppleWebKit/537.36 (KHTML, like Gecko; compatible; bingbot/2.0; +http://www.bing.com/bingbot.htm) Chrome/116.0.1938.76 Safari/537.36"
52.167.144.191 - - [28/Apr/2026:19:23:58 +0300] "GET /kraken-aktual-nye-ssylki-i-bezopasnyi-dostup-v-2026-3/ HTTP/2" 200 18666 "-" "Mozilla/5.0 AppleWebKit/537.36 (KHTML, like Gecko; compatible; bingbot/2.0; +http://www.bing.com/bingbot.htm) Chrome/116.0.1938.76 Safari/537.36"
185.216.113.70 - - [28/Apr/2026:19:24:49 +0300] "POST /wp-cron.php?doing_wp_cron=1777393489.8714210987091064453125 HTTP/1.1" 200 448 "-" "WordPress/6.3.8; https://serhatburke.miroglu.net"
43.229.135.118 - - [28/Apr/2026:19:24:38 +0300] "GET /35849-2/ HTTP/1.1" 200 18386 "-" "Mozilla/5.0 (compatible; Googlebot/2.1; +http://www.google.com/bot.html)"
185.216.113.70 - - [28/Apr/2026:19:26:21 +0300] "POST /wp-cron.php?doing_wp_cron=1777393581.1892120838165283203125 HTTP/1.1" 200 448 "-" "WordPress/6.3.8; https://serhatburke.miroglu.net"
37.139.53.240 - - [28/Apr/2026:19:25:53 +0300] "POST / HTTP/2" 200 18471 "-" "Mozilla/5.0 (Macintosh; Intel Mac OS X 10_15_7) AppleWebKit/537.36 (KHTML, like Gecko) Chrome/131.0.0.0 Safari/537.36"
128.14.102.152 - - [28/Apr/2026:19:26:20 +0300] "POST /xmlrpc.php HTTP/1.1" 200 630 "-" "Mozilla/5.0 (Windows NT 10.0; Win64; x64) AppleWebKit/537.36 (KHTML, like Gecko) Chrome/114.0.0.0 Safari/537.36"
185.216.113.70 - - [28/Apr/2026:19:26:52 +0300] "POST /wp-cron.php?doing_wp_cron=1777393612.0602700710296630859375 HTTP/1.1" 200 448 "-" "WordPress/6.3.8; https://serhatburke.miroglu.net"
128.14.102.152 - - [28/Apr/2026:19:26:40 +0300] "POST /xmlrpc.php HTTP/1.1" 200 14961 "-" "Mozilla/5.0 (Windows NT 10.0; Win64; x64) AppleWebKit/537.36 (KHTML, like Gecko) Chrome/114.0.0.0 Safari/537.36"
128.14.102.152 - - [28/Apr/2026:19:26:53 +0300] "GET /spielregeln/ HTTP/1.1" 200 77892 "-" "Mozilla/5.0 (Windows NT 10.0; rv:109.0) Gecko/20100101 Firefox/115.0"
185.216.113.70 - - [28/Apr/2026:19:27:45 +0300] "POST /wp-cron.php?doing_wp_cron=1777393665.7444429397583007812500 HTTP/1.1" 200 448 "-" "WordPress/6.3.8; https://serhatburke.miroglu.net"
40.77.167.76 - - [28/Apr/2026:19:27:29 +0300] "GET /raging-rhino-reputation-opinion-2026-enjoy-today-safe-real-cash-mercantile-place-of-work-options-ranura-gnome-pvt-ltd/ HTTP/2" 200 17722 "-" "Mozilla/5.0 AppleWebKit/537.36 (KHTML, like Gecko; compatible; bingbot/2.0; +http://www.bing.com/bingbot.htm) Chrome/116.0.1938.76 Safari/537.36"
52.167.144.187 - - [28/Apr/2026:19:27:39 +0300] "GET /50-kr-fri-casino-wild-water-1-innskudd-uten-bidrag-ett-fett-besokelsestid/ HTTP/2" 200 18372 "-" "Mozilla/5.0 AppleWebKit/537.36 (KHTML, like Gecko; compatible; bingbot/2.0; +http://www.bing.com/bingbot.htm) Chrome/116.0.1938.76 Safari/537.36"
52.167.144.191 - - [28/Apr/2026:19:27:35 +0300] "GET /erfolgreich-im-spielsalon-auf-diese-weise-gewinn-sie-die-gewinne-optimal/ HTTP/2" 200 15573 "-" "Mozilla/5.0 AppleWebKit/537.36 (KHTML, like Gecko; compatible; bingbot/2.0; +http://www.bing.com/bingbot.htm) Chrome/116.0.1938.76 Safari/537.36"
40.77.167.76 - - [28/Apr/2026:19:28:00 +0300] "GET /asa-se-intampla-on-cadrul-jocului-burning-hot-departe-de-egt/ HTTP/2" 200 17759 "-" "Mozilla/5.0 AppleWebKit/537.36 (KHTML, like Gecko; compatible; bingbot/2.0; +http://www.bing.com/bingbot.htm) Chrome/116.0.1938.76 Safari/537.36"
40.77.167.76 - - [28/Apr/2026:19:28:30 +0300] "GET /bonuses-loyalty-benefits-advertising-from-the-profit-heart-local-casino/ HTTP/2" 200 17716 "-" "Mozilla/5.0 AppleWebKit/537.36 (KHTML, like Gecko; compatible; bingbot/2.0; +http://www.bing.com/bingbot.htm) Chrome/116.0.1938.76 Safari/537.36"
40.77.167.76 - - [28/Apr/2026:19:28:49 +0300] "GET /une-des-raison-pour-laquelle-des-salle-de-jeu-un-brin-proposent-eux-un-atout-sans-avoir-i%EF%BF%BD-annales/ HTTP/2" 200 18092 "-" "Mozilla/5.0 AppleWebKit/537.36 (KHTML, like Gecko; compatible; bingbot/2.0; +http://www.bing.com/bingbot.htm) Chrome/116.0.1938.76 Safari/537.36"
185.216.113.70 - - [28/Apr/2026:19:30:31 +0300] "POST /wp-cron.php?doing_wp_cron=1777393831.5503509044647216796875 HTTP/1.1" 200 448 "-" "WordPress/6.3.8; https://serhatburke.miroglu.net"
40.77.167.76 - - [28/Apr/2026:19:30:14 +0300] "GET /discover-tronscan-your-go-to-tool-for-tron-analytics/ HTTP/2" 200 17727 "-" "Mozilla/5.0 AppleWebKit/537.36 (KHTML, like Gecko; compatible; bingbot/2.0; +http://www.bing.com/bingbot.htm) Chrome/116.0.1938.76 Safari/537.36"
185.216.113.70 - - [28/Apr/2026:19:30:36 +0300] "POST /wp-cron.php?doing_wp_cron=1777393836.8006401062011718750000 HTTP/1.1" 200 448 "-" "WordPress/6.3.8; https://serhatburke.miroglu.net"
185.216.113.70 - - [28/Apr/2026:19:30:41 +0300] "POST /wp-cron.php?doing_wp_cron=1777393841.1724441051483154296875 HTTP/1.1" 200 448 "-" "WordPress/6.3.8; https://serhatburke.miroglu.net"
52.167.144.179 - - [28/Apr/2026:19:30:16 +0300] "GET /monday-evening-funkin/ HTTP/2" 200 19294 "-" "Mozilla/5.0 AppleWebKit/537.36 (KHTML, like Gecko; compatible; bingbot/2.0; +http://www.bing.com/bingbot.htm) Chrome/116.0.1938.76 Safari/537.36"
52.167.144.187 - - [28/Apr/2026:19:30:18 +0300] "GET /discover-the-unique-features-of-sushiswap-dex-7/ HTTP/2" 200 18255 "-" "Mozilla/5.0 AppleWebKit/537.36 (KHTML, like Gecko; compatible; bingbot/2.0; +http://www.bing.com/bingbot.htm) Chrome/116.0.1938.76 Safari/537.36"
185.216.113.70 - - [28/Apr/2026:19:30:55 +0300] "POST /wp-cron.php?doing_wp_cron=1777393854.9647049903869628906250 HTTP/1.1" 200 448 "-" "WordPress/6.3.8; https://serhatburke.miroglu.net"
128.14.102.152 - - [28/Apr/2026:19:30:25 +0300] "POST /xmlrpc.php HTTP/1.1" 200 630 "-" "Mozilla/5.0 (Windows NT 10.0; Win64; x64) AppleWebKit/537.36 (KHTML, like Gecko) Chrome/114.0.0.0 Safari/537.36"
158.69.22.136 - - [28/Apr/2026:19:30:44 +0300] "GET /88701-2/ HTTP/1.1" 200 0 "-" "Mozilla/5.0 (compatible; Googlebot/2.1; +http://www.google.com/bot.html)"
57.128.22.95 - - [28/Apr/2026:19:30:33 +0300] "GET /35849-2/ HTTP/1.1" 200 18388 "https://serhatburke.miroglu.net/" "Mozilla/5.0 (Macintosh; Intel Mac OS X 10_15_7) AppleWebKit/537.36 (KHTML, like Gecko) Chrome/145.0.0.0 Safari/537.36 Edg/145.0.0.0"
167.160.171.95 - - [28/Apr/2026:19:31:23 +0300] "GET /wp-includes/css/dist/block-library/style.min.css?ver=6.3.8 HTTP/1.1" 200 13578 "https://serhatburke.miroglu.net/35849-2/" "Mozilla/5.0 (Windows NT 10.0; Win64; x64) AppleWebKit/537.36 (KHTML, like Gecko) Chrome/145.0.0.0 Safari/537.36"
167.160.171.95 - - [28/Apr/2026:19:31:25 +0300] "GET /wp-content/plugins/contact-form-7/includes/css/styles.css?ver=5.8 HTTP/1.1" 200 1490 "https://serhatburke.miroglu.net/35849-2/" "Mozilla/5.0 (Windows NT 10.0; Win64; x64) AppleWebKit/537.36 (KHTML, like Gecko) Chrome/145.0.0.0 Safari/537.36"
167.160.171.95 - - [28/Apr/2026:19:31:26 +0300] "GET /wp-content/themes/toppic/css/fontello.css?ver=4.2 HTTP/1.1" 200 1802 "https://serhatburke.miroglu.net/35849-2/" "Mozilla/5.0 (Windows NT 10.0; Win64; x64) AppleWebKit/537.36 (KHTML, like Gecko) Chrome/145.0.0.0 Safari/537.36"
167.160.171.95 - - [28/Apr/2026:19:31:27 +0300] "GET /wp-content/themes/toppic/css/reset.css?ver=4.2 HTTP/1.1" 200 1178 "https://serhatburke.miroglu.net/35849-2/" "Mozilla/5.0 (Windows NT 10.0; Win64; x64) AppleWebKit/537.36 (KHTML, like Gecko) Chrome/145.0.0.0 Safari/537.36"
167.160.171.95 - - [28/Apr/2026:19:31:28 +0300] "GET /wp-content/themes/toppic/css/default.css?ver=4.2 HTTP/1.1" 200 1811 "https://serhatburke.miroglu.net/35849-2/" "Mozilla/5.0 (Windows NT 10.0; Win64; x64) AppleWebKit/537.36 (KHTML, like Gecko) Chrome/145.0.0.0 Safari/537.36"
167.160.171.95 - - [28/Apr/2026:19:31:30 +0300] "GET /wp-content/themes/toppic/style.css?ver=4.2 HTTP/1.1" 200 23398 "https://serhatburke.miroglu.net/35849-2/" "Mozilla/5.0 (Windows NT 10.0; Win64; x64) AppleWebKit/537.36 (KHTML, like Gecko) Chrome/145.0.0.0 Safari/537.36"
128.14.102.152 - - [28/Apr/2026:19:31:02 +0300] "POST /xmlrpc.php HTTP/1.1" 200 14945 "-" "Mozilla/5.0 (Windows NT 10.0; Win64; x64) AppleWebKit/537.36 (KHTML, like Gecko) Chrome/114.0.0.0 Safari/537.36"
167.160.171.95 - - [28/Apr/2026:19:31:31 +0300] "GET /wp-content/themes/toppic/css/royalslider.css?ver=4.2 HTTP/1.1" 200 1887 "https://serhatburke.miroglu.net/35849-2/" "Mozilla/5.0 (Windows NT 10.0; Win64; x64) AppleWebKit/537.36 (KHTML, like Gecko) Chrome/145.0.0.0 Safari/537.36"
40.77.167.76 - - [28/Apr/2026:19:30:54 +0300] "GET /wunderino-100-freispiele-400-bonus-monat-des-fruhlingsbeginns-2026/ HTTP/2" 200 18901 "-" "Mozilla/5.0 AppleWebKit/537.36 (KHTML, like Gecko; compatible; bingbot/2.0; +http://www.bing.com/bingbot.htm) Chrome/116.0.1938.76 Safari/537.36"
23.83.90.56 - - [28/Apr/2026:19:31:18 +0300] "GET /beste-casino-site-belgie-hoge-inzet/ HTTP/1.1" 200 19265 "-" "Mozilla/5.0 (X11; Fedora; Linux x86_64; rv:114.0) Gecko/20100101 Firefox/114.0"
52.167.144.187 - - [28/Apr/2026:19:31:25 +0300] "GET /the-very-odju-zimpler-internet-casino-bonusar-casinos-in-the-2026-simple-mobile-flaming-reels-paypal-payments/ HTTP/2" 200 18948 "-" "Mozilla/5.0 AppleWebKit/537.36 (KHTML, like Gecko; compatible; bingbot/2.0; +http://www.bing.com/bingbot.htm) Chrome/116.0.1938.76 Safari/537.36"
185.216.113.70 - - [28/Apr/2026:19:31:47 +0300] "POST /wp-cron.php?doing_wp_cron=1777393906.9044780731201171875000 HTTP/1.1" 200 448 "-" "WordPress/6.3.8; https://serhatburke.miroglu.net"
128.14.102.152 - - [28/Apr/2026:19:31:32 +0300] "GET /600-einzahlungsbonus/ HTTP/1.1" 200 78427 "-" "Mozilla/5.0 (Windows NT 10.0; Win64; x64) AppleWebKit/537.36 (KHTML, like Gecko) Chrome/123.0.0.0 Safari/537.36"
40.77.167.76 - - [28/Apr/2026:19:31:40 +0300] "GET /wunderino-untersuchung-ganz-erfahrungen-zum-glucksspielanbieter/ HTTP/2" 200 18900 "-" "Mozilla/5.0 AppleWebKit/537.36 (KHTML, like Gecko; compatible; bingbot/2.0; +http://www.bing.com/bingbot.htm) Chrome/116.0.1938.76 Safari/537.36"
167.160.180.125 - - [28/Apr/2026:19:32:02 +0300] "GET /wp-content/themes/toppic/css/lightbox.css?ver=4.2 HTTP/1.1" 200 2956 "https://serhatburke.miroglu.net/35849-2/" "Mozilla/5.0 (Windows NT 10.0; Win64; x64) AppleWebKit/537.36 (KHTML, like Gecko) Chrome/145.0.0.0 Safari/537.36"
167.160.180.125 - - [28/Apr/2026:19:32:04 +0300] "GET /wp-content/themes/toppic/css/woocommerce.css?ver=4.2 HTTP/1.1" 200 2848 "https://serhatburke.miroglu.net/35849-2/" "Mozilla/5.0 (Windows NT 10.0; Win64; x64) AppleWebKit/537.36 (KHTML, like Gecko) Chrome/145.0.0.0 Safari/537.36"
167.160.180.125 - - [28/Apr/2026:19:32:05 +0300] "GET /wp-content/themes/toppic/css/responsive.css?ver=4.2 HTTP/1.1" 200 2796 "https://serhatburke.miroglu.net/35849-2/" "Mozilla/5.0 (Windows NT 10.0; Win64; x64) AppleWebKit/537.36 (KHTML, like Gecko) Chrome/145.0.0.0 Safari/537.36"
167.160.180.125 - - [28/Apr/2026:19:32:06 +0300] "POST /wp-comments-post.php HTTP/1.1" 302 1055 "https://serhatburke.miroglu.net/35849-2/" "Mozilla/5.0 (Macintosh; Intel Mac OS X 10_15_7) AppleWebKit/537.36 (KHTML, like Gecko) Chrome/145.0.0.0 Safari/537.36 Edg/145.0.0.0"
167.160.180.125 - - [28/Apr/2026:19:32:19 +0300] "GET /35849-2/?unapproved=832&moderation-hash=1d93085d57f35c2e265b93148d893850 HTTP/1.1" 200 18762 "https://serhatburke.miroglu.net/wp-comments-post.php" "Mozilla/5.0 (Macintosh; Intel Mac OS X 10_15_7) AppleWebKit/537.36 (KHTML, like Gecko) Chrome/145.0.0.0 Safari/537.36 Edg/145.0.0.0"
185.216.113.70 - - [28/Apr/2026:19:32:49 +0300] "POST /wp-cron.php?doing_wp_cron=1777393969.8332040309906005859375 HTTP/1.1" 200 448 "-" "WordPress/6.3.8; https://serhatburke.miroglu.net"
57.128.22.95 - - [28/Apr/2026:19:32:37 +0300] "GET /35849-2/ HTTP/1.1" 200 18386 "-" "Mozilla/5.0 (compatible; Googlebot/2.1; +http://www.google.com/bot.html)"
185.216.113.70 - - [28/Apr/2026:19:34:19 +0300] "POST /wp-cron.php?doing_wp_cron=1777394059.0736000537872314453125 HTTP/1.1" 200 448 "-" "WordPress/6.3.8; https://serhatburke.miroglu.net"
52.167.144.187 - - [28/Apr/2026:19:34:06 +0300] "GET /casino-med-free-spins-tillagg-2026-finna-200-freespins/ HTTP/2" 200 19024 "-" "Mozilla/5.0 AppleWebKit/537.36 (KHTML, like Gecko; compatible; bingbot/2.0; +http://www.bing.com/bingbot.htm) Chrome/116.0.1938.76 Safari/537.36"
52.167.144.179 - - [28/Apr/2026:19:34:10 +0300] "GET /tragamonedas-regalado-coyote-moon-1-deposito-falto-registrarse-ni-soltar-de-ultima-generacion-logia-obradoiro-80/ HTTP/2" 200 21431 "-" "Mozilla/5.0 AppleWebKit/537.36 (KHTML, like Gecko; compatible; bingbot/2.0; +http://www.bing.com/bingbot.htm) Chrome/116.0.1938.76 Safari/537.36"
40.77.167.76 - - [28/Apr/2026:19:34:16 +0300] "GET /better-have-a-glimpse-at-this-site-all-of-us-web-based-casinos-top-10-casinos-compared-2026/ HTTP/2" 200 19840 "-" "Mozilla/5.0 AppleWebKit/537.36 (KHTML, like Gecko; compatible; bingbot/2.0; +http://www.bing.com/bingbot.htm) Chrome/116.0.1938.76 Safari/537.36"
57.128.22.95 - - [28/Apr/2026:19:34:25 +0300] "GET /35849-2/ HTTP/1.1" 200 18386 "-" "Mozilla/5.0 (compatible; Googlebot/2.1; +http://www.google.com/bot.html)"
128.14.102.152 - - [28/Apr/2026:19:34:49 +0300] "POST /xmlrpc.php HTTP/1.1" 200 630 "-" "Mozilla/5.0 (Windows NT 10.0; Win64; x64) AppleWebKit/537.36 (KHTML, like Gecko) Chrome/114.0.0.0 Safari/537.36"
185.216.113.70 - - [28/Apr/2026:19:35:20 +0300] "POST /wp-cron.php?doing_wp_cron=1777394120.2305419445037841796875 HTTP/1.1" 200 448 "-" "WordPress/6.3.8; https://serhatburke.miroglu.net"
128.14.102.152 - - [28/Apr/2026:19:35:08 +0300] "POST /xmlrpc.php HTTP/1.1" 200 12566 "-" "Mozilla/5.0 (Windows NT 10.0; Win64; x64) AppleWebKit/537.36 (KHTML, like Gecko) Chrome/114.0.0.0 Safari/537.36"
128.14.102.152 - - [28/Apr/2026:19:35:21 +0300] "GET /europalace-kasino-app-in-brd-schnelle-anmeldung-ferner-reibungslose-auszahlungen/ HTTP/1.1" 200 77854 "-" "Mozilla/5.0 (Windows NT 10.0; Win64; x64) AppleWebKit/537.36 (KHTML, like Gecko) Chrome/122.0.0.0 Safari/537.36"
57.128.22.95 - - [28/Apr/2026:19:35:24 +0300] "GET /novoline-casino-codice-bonus-registrazione/ HTTP/1.1" 200 17782 "-" "Mozilla/5.0 (compatible; Googlebot/2.1; +http://www.google.com/bot.html)"
185.216.113.70 - - [28/Apr/2026:19:39:11 +0300] "POST /wp-cron.php?doing_wp_cron=1777394350.9967188835144042968750 HTTP/1.1" 200 448 "-" "WordPress/6.3.8; https://serhatburke.miroglu.net"
52.167.144.179 - - [28/Apr/2026:19:38:56 +0300] "GET /panda-bubble-shooter-gamble-on-the-internet-at-gambler-zone-ca-no-cost/ HTTP/2" 200 19304 "-" "Mozilla/5.0 AppleWebKit/537.36 (KHTML, like Gecko; compatible; bingbot/2.0; +http://www.bing.com/bingbot.htm) Chrome/116.0.1938.76 Safari/537.36"
40.77.167.27 - - [28/Apr/2026:19:39:00 +0300] "GET /the-newest-favourites-on-the-quick-hit-slot-2025-twenty-six-fa-mug-ranked/ HTTP/2" 200 20034 "-" "Mozilla/5.0 AppleWebKit/537.36 (KHTML, like Gecko; compatible; bingbot/2.0; +http://www.bing.com/bingbot.htm) Chrome/116.0.1938.76 Safari/537.36"
185.216.113.70 - - [28/Apr/2026:19:39:32 +0300] "POST /wp-cron.php?doing_wp_cron=1777394372.1795260906219482421875 HTTP/1.1" 200 448 "-" "WordPress/6.3.8; https://serhatburke.miroglu.net"
128.14.102.152 - - [28/Apr/2026:19:39:12 +0300] "POST /xmlrpc.php HTTP/1.1" 200 630 "-" "Mozilla/5.0 (Windows NT 10.0; Win64; x64) AppleWebKit/537.36 (KHTML, like Gecko) Chrome/114.0.0.0 Safari/537.36"
103.161.123.128 - - [28/Apr/2026:19:39:08 +0300] "GET /beste-casino-site-belgie-hoge-inzet/ HTTP/1.1" 200 19374 "https://serhatburke.miroglu.net/" "Mozilla/5.0 (Windows NT 10.0; WOW64; x64) AppleWebKit/537.36 (KHTML, like Gecko) Chrome/114.0.0.0 Safari/537.36 OPR/89.0.4447.51"
128.14.102.152 - - [28/Apr/2026:19:39:38 +0300] "POST /xmlrpc.php HTTP/1.1" 200 14428 "-" "Mozilla/5.0 (Windows NT 10.0; Win64; x64) AppleWebKit/537.36 (KHTML, like Gecko) Chrome/114.0.0.0 Safari/537.36"
128.14.102.152 - - [28/Apr/2026:19:40:02 +0300] "GET /kasino-maklercourtage-ohne-einzahlung-2026-tagesordnungspunkt-no-anzahlung-boni/ HTTP/1.1" 200 79224 "-" "Mozilla/5.0 (Windows NT 10.0; Win64; x64) AppleWebKit/537.36 (KHTML, like Gecko) Chrome/109.0.0.0 Safari/537.36"
158.69.22.136 - - [28/Apr/2026:19:40:59 +0300] "GET /88701-2/ HTTP/1.1" 200 18389 "-" "Mozilla/5.0 (compatible; Googlebot/2.1; +http://www.google.com/bot.html)"
128.14.102.152 - - [28/Apr/2026:19:43:43 +0300] "POST /xmlrpc.php HTTP/1.1" 200 630 "-" "Mozilla/5.0 (Windows NT 10.0; Win64; x64) AppleWebKit/537.36 (KHTML, like Gecko) Chrome/114.0.0.0 Safari/537.36"
128.14.102.152 - - [28/Apr/2026:19:44:17 +0300] "POST /xmlrpc.php HTTP/1.1" 200 15495 "-" "Mozilla/5.0 (Windows NT 10.0; Win64; x64) AppleWebKit/537.36 (KHTML, like Gecko) Chrome/114.0.0.0 Safari/537.36"
128.14.102.152 - - [28/Apr/2026:19:44:38 +0300] "GET /online-casinos-entsprechend-man-unser-geld-zuruckfordern-darf/ HTTP/1.1" 200 79912 "-" "Mozilla/5.0 (Windows NT 10.0; Win64; x64; rv:124.0) Gecko/20100101 Firefox/124.0"
185.216.113.70 - - [28/Apr/2026:19:47:32 +0300] "POST /wp-cron.php?doing_wp_cron=1777394852.0152161121368408203125 HTTP/1.1" 200 448 "-" "WordPress/6.3.8; https://serhatburke.miroglu.net"
104.166.164.54 - - [28/Apr/2026:19:47:18 +0300] "POST /xmlrpc.php HTTP/1.1" 200 630 "-" "Mozilla/5.0 (Windows NT 10.0; Win64; x64) AppleWebKit/537.36 (KHTML, like Gecko) Chrome/114.0.0.0 Safari/537.36"
104.166.164.54 - - [28/Apr/2026:19:47:39 +0300] "POST /xmlrpc.php HTTP/1.1" 200 18919 "-" "Mozilla/5.0 (Windows NT 10.0; Win64; x64) AppleWebKit/537.36 (KHTML, like Gecko) Chrome/114.0.0.0 Safari/537.36"
104.166.164.54 - - [28/Apr/2026:19:47:57 +0300] "GET /glass-slipper-maquina-greenluck-tragamonedas-gratuito-aproxima-sobre-camino-tratar-sobre-divertirte-playtech/ HTTP/1.1" 200 83829 "-" "Mozilla/5.0 (Windows NT 10.0; Win64; x64; rv:125.0) Gecko/20100101 Firefox/125.0"
128.14.102.152 - - [28/Apr/2026:19:48:06 +0300] "POST /xmlrpc.php HTTP/1.1" 200 630 "-" "Mozilla/5.0 (Windows NT 10.0; Win64; x64) AppleWebKit/537.36 (KHTML, like Gecko) Chrome/114.0.0.0 Safari/537.36"
185.216.113.70 - - [28/Apr/2026:19:48:44 +0300] "POST /wp-cron.php?doing_wp_cron=1777394924.1829259395599365234375 HTTP/1.1" 200 448 "-" "WordPress/6.3.8; https://serhatburke.miroglu.net"
128.14.102.152 - - [28/Apr/2026:19:48:25 +0300] "POST /xmlrpc.php HTTP/1.1" 200 14586 "-" "Mozilla/5.0 (Windows NT 10.0; Win64; x64) AppleWebKit/537.36 (KHTML, like Gecko) Chrome/114.0.0.0 Safari/537.36"
128.14.102.152 - - [28/Apr/2026:19:48:45 +0300] "GET /europaplay-spielsaal-provision-so-weit-wie-500-sichern-und-online-zum-besten-geben/ HTTP/1.1" 200 79545 "-" "Mozilla/5.0 (Windows NT 10.0; rv:109.0) Gecko/20100101 Firefox/115.0"
185.216.113.70 - - [28/Apr/2026:19:51:06 +0300] "POST /wp-cron.php?doing_wp_cron=1777395066.2140970230102539062500 HTTP/1.1" 200 448 "-" "WordPress/6.3.8; https://serhatburke.miroglu.net"
158.69.22.136 - - [28/Apr/2026:19:50:48 +0300] "GET /88701-2/ HTTP/1.1" 200 15427 "-" "Mozilla/5.0 (compatible; Googlebot/2.1; +http://www.google.com/bot.html)"
52.167.144.236 - - [28/Apr/2026:19:51:05 +0300] "GET /not-so-long-ago-position-been-and-you-can-get-involved-in-it-from-the-totally-free-enjoy-form/ HTTP/2" 200 20195 "-" "Mozilla/5.0 AppleWebKit/537.36 (KHTML, like Gecko; compatible; bingbot/2.0; +http://www.bing.com/bingbot.htm) Chrome/116.0.1938.76 Safari/537.36"
185.216.113.70 - - [28/Apr/2026:19:52:37 +0300] "POST /wp-cron.php?doing_wp_cron=1777395156.9351539611816406250000 HTTP/1.1" 200 448 "-" "WordPress/6.3.8; https://serhatburke.miroglu.net"
57.128.22.95 - - [28/Apr/2026:19:52:25 +0300] "GET /zotabet-casino-bonus-premier-depot-2026/ HTTP/1.1" 200 19124 "-" "Mozilla/5.0 (compatible; Googlebot/2.1; +http://www.google.com/bot.html)"
185.216.113.70 - - [28/Apr/2026:19:52:46 +0300] "POST /wp-cron.php?doing_wp_cron=1777395166.2652509212493896484375 HTTP/1.1" 200 448 "-" "WordPress/6.3.8; https://serhatburke.miroglu.net"
57.128.22.95 - - [28/Apr/2026:19:52:33 +0300] "GET /novoline-casino-codice-bonus-registrazione/ HTTP/1.1" 200 17782 "-" "Mozilla/5.0 (compatible; Googlebot/2.1; +http://www.google.com/bot.html)"
202.14.5.152 - - [28/Apr/2026:19:53:21 +0300] "GET /beste-casino-site-belgie-hoge-inzet/ HTTP/1.1" 200 19265 "-" "Mozilla/5.0 (X11; Fedora; Linux x86_64; rv:114.0) Gecko/20100101 Firefox/114.0"
185.216.113.70 - - [28/Apr/2026:19:57:21 +0300] "POST /wp-cron.php?doing_wp_cron=1777395441.4624300003051757812500 HTTP/1.1" 200 448 "-" "WordPress/6.3.8; https://serhatburke.miroglu.net"
57.128.22.95 - - [28/Apr/2026:19:57:07 +0300] "GET /beste-casino-site-belgie-hoge-inzet/ HTTP/1.1" 200 19265 "-" "Mozilla/5.0 (compatible; Googlebot/2.1; +http://www.google.com/bot.html)"
57.128.22.95 - - [28/Apr/2026:19:57:30 +0300] "GET /35849-2/ HTTP/1.1" 200 18388 "https://serhatburke.miroglu.net/" "Mozilla/5.0 (Windows NT 10.0; Win64; x64; rv:143.0) Gecko/20100101 Firefox/143.0"
167.160.171.31 - - [28/Apr/2026:19:57:47 +0300] "GET /wp-content/themes/toppic/css/rs-default.css?ver=4.2 HTTP/1.1" 200 2625 "https://serhatburke.miroglu.net/35849-2/" "Mozilla/5.0 (Windows NT 10.0; Win64; x64) AppleWebKit/537.36 (KHTML, like Gecko) Chrome/145.0.0.0 Safari/537.36"
185.216.113.70 - - [28/Apr/2026:19:58:00 +0300] "POST /wp-cron.php?doing_wp_cron=1777395480.0637180805206298828125 HTTP/1.1" 200 448 "-" "WordPress/6.3.8; https://serhatburke.miroglu.net"
167.160.171.31 - - [28/Apr/2026:19:57:48 +0300] "POST /wp-comments-post.php HTTP/1.1" 302 1055 "https://serhatburke.miroglu.net/35849-2/" "Mozilla/5.0 (Windows NT 10.0; Win64; x64; rv:143.0) Gecko/20100101 Firefox/143.0"
167.160.171.31 - - [28/Apr/2026:19:58:01 +0300] "GET /35849-2/?unapproved=833&moderation-hash=06a763f5acdd665eb56a74cd634867f0 HTTP/1.1" 200 18829 "https://serhatburke.miroglu.net/wp-comments-post.php" "Mozilla/5.0 (Windows NT 10.0; Win64; x64; rv:143.0) Gecko/20100101 Firefox/143.0"
57.128.22.95 - - [28/Apr/2026:19:58:15 +0300] "GET /35849-2/ HTTP/1.1" 200 18386 "-" "Mozilla/5.0 (compatible; Googlebot/2.1; +http://www.google.com/bot.html)"
185.216.113.70 - - [28/Apr/2026:20:00:43 +0300] "POST /wp-cron.php?doing_wp_cron=1777395643.5396029949188232421875 HTTP/1.1" 200 448 "-" "WordPress/6.3.8; https://serhatburke.miroglu.net"
40.77.167.70 - - [28/Apr/2026:20:00:28 +0300] "GET /beste-casino-finn-denne-informasjonen-her-arv-uten-almisse-2026-bred-bonuser/ HTTP/2" 200 18257 "-" "Mozilla/5.0 AppleWebKit/537.36 (KHTML, like Gecko; compatible; bingbot/2.0; +http://www.bing.com/bingbot.htm) Chrome/116.0.1938.76 Safari/537.36"
40.77.167.70 - - [28/Apr/2026:20:00:58 +0300] "GET /portugal-acao-dado-aquele-como-jogar-poquer-video-free-spins-sem-deposito-2026/ HTTP/2" 200 20266 "-" "Mozilla/5.0 AppleWebKit/537.36 (KHTML, like Gecko; compatible; bingbot/2.0; +http://www.bing.com/bingbot.htm) Chrome/116.0.1938.76 Safari/537.36"
185.216.113.70 - - [28/Apr/2026:20:02:28 +0300] "POST /wp-cron.php?doing_wp_cron=1777395747.9573659896850585937500 HTTP/1.1" 200 448 "-" "WordPress/6.3.8; https://serhatburke.miroglu.net"
107.152.46.202 - - [28/Apr/2026:20:02:15 +0300] "GET /beste-casino-site-belgie-hoge-inzet/ HTTP/1.1" 200 19265 "-" "Mozilla/5.0 (X11; Fedora; Linux x86_64; rv:114.0) Gecko/20100101 Firefox/114.0"
185.216.113.70 - - [28/Apr/2026:20:04:02 +0300] "POST /wp-cron.php?doing_wp_cron=1777395842.6681330204010009765625 HTTP/1.1" 200 448 "-" "WordPress/6.3.8; https://serhatburke.miroglu.net"
57.128.22.95 - - [28/Apr/2026:20:03:40 +0300] "GET /35849-2/ HTTP/1.1" 200 18389 "-" "Mozilla/5.0 (compatible; Googlebot/2.1; +http://www.google.com/bot.html)"
57.128.22.95 - - [28/Apr/2026:20:04:40 +0300] "GET /novoline-casino-codice-bonus-registrazione/ HTTP/1.1" 200 17782 "-" "Mozilla/5.0 (compatible; Googlebot/2.1; +http://www.google.com/bot.html)"
128.14.102.152 - - [28/Apr/2026:20:04:37 +0300] "POST /xmlrpc.php HTTP/1.1" 200 630 "-" "Mozilla/5.0 (Windows NT 10.0; Win64; x64) AppleWebKit/537.36 (KHTML, like Gecko) Chrome/114.0.0.0 Safari/537.36"
141.164.86.211 - - [28/Apr/2026:20:04:50 +0300] "GET /automaty-hazard-online/ HTTP/1.1" 200 18362 "-" "Mozilla/5.0 (X11; Fedora; Linux x86_64; rv:114.0) Gecko/20100101 Firefox/114.0"
128.14.102.152 - - [28/Apr/2026:20:05:03 +0300] "POST /xmlrpc.php HTTP/1.1" 200 15222 "-" "Mozilla/5.0 (Windows NT 10.0; Win64; x64) AppleWebKit/537.36 (KHTML, like Gecko) Chrome/114.0.0.0 Safari/537.36"
128.14.102.152 - - [28/Apr/2026:20:05:23 +0300] "GET /wann-soll-nachfolgende-mietkaution-gezahlt-man-sagt-sie-seien/ HTTP/1.1" 200 79674 "-" "Mozilla/5.0 (Windows NT 10.0; Win64; x64) AppleWebKit/537.36 (KHTML, like Gecko) Chrome/122.0.0.0 Safari/537.36"
40.77.167.75 - - [28/Apr/2026:20:08:04 +0300] "GET /the-newest-cutting-edge-ought-to-include-the-first-lodge-become-built-on-the-new-brighton-seminole-booking/ HTTP/2" 200 19184 "-" "Mozilla/5.0 AppleWebKit/537.36 (KHTML, like Gecko; compatible; bingbot/2.0; +http://www.bing.com/bingbot.htm) Chrome/116.0.1938.76 Safari/537.36"
40.77.167.75 - - [28/Apr/2026:20:08:43 +0300] "GET /nya-st-george-and-the-dragon-spelautomat-casinon-%EF%B8%8F-lokalisera-nya-svenska-sprake-natcasino-inom-var-lista/ HTTP/2" 200 18811 "-" "Mozilla/5.0 AppleWebKit/537.36 (KHTML, like Gecko; compatible; bingbot/2.0; +http://www.bing.com/bingbot.htm) Chrome/116.0.1938.76 Safari/537.36"
185.216.113.70 - - [28/Apr/2026:20:09:57 +0300] "POST /wp-cron.php?doing_wp_cron=1777396197.3824610710144042968750 HTTP/1.1" 200 448 "-" "WordPress/6.3.8; https://serhatburke.miroglu.net"
52.167.144.222 - - [28/Apr/2026:20:09:41 +0300] "GET /casino-bankid-utan-inregistrering-med-direktspel-rapp-uttag-sam-hoga-bonusmojligheter-innan-svenska-spraket-lirar-200-insattningsbonus-online/ HTTP/2" 200 19218 "-" "Mozilla/5.0 AppleWebKit/537.36 (KHTML, like Gecko; compatible; bingbot/2.0; +http://www.bing.com/bingbot.htm) Chrome/116.0.1938.76 Safari/537.36"
185.216.113.70 - - [28/Apr/2026:20:11:41 +0300] "POST /wp-cron.php?doing_wp_cron=1777396301.5130209922790527343750 HTTP/1.1" 200 448 "-" "WordPress/6.3.8; https://serhatburke.miroglu.net"
40.77.167.241 - - [28/Apr/2026:20:11:29 +0300] "GET /invartiri-suplimentare-leu-si-gratuite/ HTTP/2" 200 17833 "-" "Mozilla/5.0 AppleWebKit/537.36 (KHTML, like Gecko; compatible; bingbot/2.0; +http://www.bing.com/bingbot.htm) Chrome/116.0.1938.76 Safari/537.36"
185.216.113.70 - - [28/Apr/2026:20:11:59 +0300] "POST /wp-cron.php?doing_wp_cron=1777396319.1814980506896972656250 HTTP/1.1" 200 448 "-" "WordPress/6.3.8; https://serhatburke.miroglu.net"
128.14.102.152 - - [28/Apr/2026:20:11:37 +0300] "POST /xmlrpc.php HTTP/1.1" 200 630 "-" "Mozilla/5.0 (Windows NT 10.0; Win64; x64) AppleWebKit/537.36 (KHTML, like Gecko) Chrome/114.0.0.0 Safari/537.36"
128.14.102.152 - - [28/Apr/2026:20:12:06 +0300] "POST /xmlrpc.php HTTP/1.1" 200 16689 "-" "Mozilla/5.0 (Windows NT 10.0; Win64; x64) AppleWebKit/537.36 (KHTML, like Gecko) Chrome/114.0.0.0 Safari/537.36"
128.14.102.152 - - [28/Apr/2026:20:12:20 +0300] "GET /expekt-bericht-ratings-of-verbunden-bookmakers-gb-bookies-trick-usa-betting-sites-cryptocurrency-sportsbooks-esports-betting-sites-betting-exchanges-volte/ HTTP/1.1" 200 83412 "-" "Mozilla/5.0 (Windows NT 10.0; Win64; x64) AppleWebKit/537.36 (KHTML, like Gecko) Chrome/124.0.0.0 Safari/537.36 Edg/124.0.0.0"
185.99.255.75 - - [28/Apr/2026:20:12:32 +0300] "GET /zotabet-casino-bonus-premier-depot-2026/ HTTP/1.1" 200 19124 "-" "Mozilla/5.0 (compatible; Googlebot/2.1; +http://www.google.com/bot.html)"
185.216.113.70 - - [28/Apr/2026:20:13:26 +0300] "POST /wp-cron.php?doing_wp_cron=1777396406.1169519424438476562500 HTTP/1.1" 200 448 "-" "WordPress/6.3.8; https://serhatburke.miroglu.net"
52.167.144.225 - - [28/Apr/2026:20:13:09 +0300] "GET /boost-your-crypto-experience-with-ledger-live/ HTTP/2" 200 17780 "-" "Mozilla/5.0 AppleWebKit/537.36 (KHTML, like Gecko; compatible; bingbot/2.0; +http://www.bing.com/bingbot.htm) Chrome/116.0.1938.76 Safari/537.36"
52.167.144.222 - - [28/Apr/2026:20:13:13 +0300] "GET /beste-erreichbar-casinos-brd-dritter-monat-des-jahres-2026/ HTTP/2" 200 18907 "-" "Mozilla/5.0 AppleWebKit/537.36 (KHTML, like Gecko; compatible; bingbot/2.0; +http://www.bing.com/bingbot.htm) Chrome/116.0.1938.76 Safari/537.36"
52.167.144.222 - - [28/Apr/2026:20:13:44 +0300] "GET /sobre-como-entender-chances-casino-en-vivo-money-real-en-linea-referente-a-los-apuestas-13-consejos/ HTTP/2" 200 22542 "-" "Mozilla/5.0 AppleWebKit/537.36 (KHTML, like Gecko; compatible; bingbot/2.0; +http://www.bing.com/bingbot.htm) Chrome/116.0.1938.76 Safari/537.36"
185.216.113.70 - - [28/Apr/2026:20:16:30 +0300] "POST /wp-cron.php?doing_wp_cron=1777396589.9076840877532958984375 HTTP/1.1" 200 448 "-" "WordPress/6.3.8; https://serhatburke.miroglu.net"
82.25.62.125 - - [28/Apr/2026:20:16:07 +0300] "GET /novoline-casino-codice-bonus-registrazione/ HTTP/1.1" 200 14907 "https://serhatburke.miroglu.net/" "Mozilla/5.0 (Windows NT 10.0; Win64; x64) AppleWebKit/537.36 (KHTML, like Gecko) Chrome/142.0.0.0 YaBrowser/25.12.0.0 Safari/537.36"
82.25.62.125 - - [28/Apr/2026:20:16:36 +0300] "GET /wp-includes/css/dist/block-library/style.min.css?ver=6.3.8 HTTP/1.1" 200 13578 "https://serhatburke.miroglu.net/novoline-casino-codice-bonus-registrazione/" "Mozilla/5.0 (Windows NT 10.0; Win64; x64) AppleWebKit/537.36 (KHTML, like Gecko) Chrome/145.0.0.0 Safari/537.36"
82.25.62.125 - - [28/Apr/2026:20:16:37 +0300] "GET /wp-content/plugins/contact-form-7/includes/css/styles.css?ver=5.8 HTTP/1.1" 200 1490 "https://serhatburke.miroglu.net/novoline-casino-codice-bonus-registrazione/" "Mozilla/5.0 (Windows NT 10.0; Win64; x64) AppleWebKit/537.36 (KHTML, like Gecko) Chrome/145.0.0.0 Safari/537.36"
82.25.62.125 - - [28/Apr/2026:20:16:38 +0300] "GET /wp-content/themes/toppic/css/fontello.css?ver=4.2 HTTP/1.1" 200 1802 "https://serhatburke.miroglu.net/novoline-casino-codice-bonus-registrazione/" "Mozilla/5.0 (Windows NT 10.0; Win64; x64) AppleWebKit/537.36 (KHTML, like Gecko) Chrome/145.0.0.0 Safari/537.36"
82.25.62.125 - - [28/Apr/2026:20:16:39 +0300] "GET /wp-content/themes/toppic/css/reset.css?ver=4.2 HTTP/1.1" 200 1178 "https://serhatburke.miroglu.net/novoline-casino-codice-bonus-registrazione/" "Mozilla/5.0 (Windows NT 10.0; Win64; x64) AppleWebKit/537.36 (KHTML, like Gecko) Chrome/145.0.0.0 Safari/537.36"
82.25.62.125 - - [28/Apr/2026:20:16:40 +0300] "GET /wp-content/themes/toppic/css/default.css?ver=4.2 HTTP/1.1" 200 1811 "https://serhatburke.miroglu.net/novoline-casino-codice-bonus-registrazione/" "Mozilla/5.0 (Windows NT 10.0; Win64; x64) AppleWebKit/537.36 (KHTML, like Gecko) Chrome/145.0.0.0 Safari/537.36"
82.25.62.125 - - [28/Apr/2026:20:16:40 +0300] "GET /wp-content/themes/toppic/style.css?ver=4.2 HTTP/1.1" 200 23398 "https://serhatburke.miroglu.net/novoline-casino-codice-bonus-registrazione/" "Mozilla/5.0 (Windows NT 10.0; Win64; x64) AppleWebKit/537.36 (KHTML, like Gecko) Chrome/145.0.0.0 Safari/537.36"
82.25.62.125 - - [28/Apr/2026:20:16:42 +0300] "GET /wp-content/themes/toppic/css/royalslider.css?ver=4.2 HTTP/1.1" 200 1887 "https://serhatburke.miroglu.net/novoline-casino-codice-bonus-registrazione/" "Mozilla/5.0 (Windows NT 10.0; Win64; x64) AppleWebKit/537.36 (KHTML, like Gecko) Chrome/145.0.0.0 Safari/537.36"
82.25.62.125 - - [28/Apr/2026:20:16:42 +0300] "GET /wp-content/themes/toppic/css/rs-default.css?ver=4.2 HTTP/1.1" 200 2625 "https://serhatburke.miroglu.net/novoline-casino-codice-bonus-registrazione/" "Mozilla/5.0 (Windows NT 10.0; Win64; x64) AppleWebKit/537.36 (KHTML, like Gecko) Chrome/145.0.0.0 Safari/537.36"
82.25.62.125 - - [28/Apr/2026:20:16:43 +0300] "GET /wp-content/themes/toppic/css/lightbox.css?ver=4.2 HTTP/1.1" 200 2956 "https://serhatburke.miroglu.net/novoline-casino-codice-bonus-registrazione/" "Mozilla/5.0 (Windows NT 10.0; Win64; x64) AppleWebKit/537.36 (KHTML, like Gecko) Chrome/145.0.0.0 Safari/537.36"
82.25.62.125 - - [28/Apr/2026:20:16:44 +0300] "GET /wp-content/themes/toppic/css/woocommerce.css?ver=4.2 HTTP/1.1" 200 2848 "https://serhatburke.miroglu.net/novoline-casino-codice-bonus-registrazione/" "Mozilla/5.0 (Windows NT 10.0; Win64; x64) AppleWebKit/537.36 (KHTML, like Gecko) Chrome/145.0.0.0 Safari/537.36"
82.25.62.125 - - [28/Apr/2026:20:16:45 +0300] "GET /wp-content/themes/toppic/css/responsive.css?ver=4.2 HTTP/1.1" 200 2796 "https://serhatburke.miroglu.net/novoline-casino-codice-bonus-registrazione/" "Mozilla/5.0 (Windows NT 10.0; Win64; x64) AppleWebKit/537.36 (KHTML, like Gecko) Chrome/145.0.0.0 Safari/537.36"
52.167.144.225 - - [28/Apr/2026:20:16:29 +0300] "GET /waznym-elementem-oprogramowania-kasynowego-probuje-platforma-polityczna-stworzona-ktorzy-maja-planuja-grze-na-zywo/ HTTP/2" 200 18321 "-" "Mozilla/5.0 AppleWebKit/537.36 (KHTML, like Gecko; compatible; bingbot/2.0; +http://www.bing.com/bingbot.htm) Chrome/116.0.1938.76 Safari/537.36"
52.167.144.222 - - [28/Apr/2026:20:16:36 +0300] "GET /elevate-your-crypto-journey-with-raydium-exchange/ HTTP/2" 200 17868 "-" "Mozilla/5.0 AppleWebKit/537.36 (KHTML, like Gecko; compatible; bingbot/2.0; +http://www.bing.com/bingbot.htm) Chrome/116.0.1938.76 Safari/537.36"
52.167.144.158 - - [28/Apr/2026:20:16:41 +0300] "GET /the-new-software-range-between-advertisements-to-possess-tabtale-and-you-can-particular-third-parties-that-may-redirect-users-to-your-websites-programs-otherwise-3rd-group-internet-sites-you-could-l/ HTTP/2" 200 19300 "-" "Mozilla/5.0 AppleWebKit/537.36 (KHTML, like Gecko; compatible; bingbot/2.0; +http://www.bing.com/bingbot.htm) Chrome/116.0.1938.76 Safari/537.36"
82.25.62.125 - - [28/Apr/2026:20:16:45 +0300] "POST /wp-comments-post.php HTTP/1.1" 302 1090 "https://serhatburke.miroglu.net/novoline-casino-codice-bonus-registrazione/" "Mozilla/5.0 (Windows NT 10.0; Win64; x64) AppleWebKit/537.36 (KHTML, like Gecko) Chrome/142.0.0.0 YaBrowser/25.12.0.0 Safari/537.36"
128.14.102.152 - - [28/Apr/2026:20:16:58 +0300] "POST /xmlrpc.php HTTP/1.1" 200 630 "-" "Mozilla/5.0 (Windows NT 10.0; Win64; x64) AppleWebKit/537.36 (KHTML, like Gecko) Chrome/114.0.0.0 Safari/537.36"
52.167.144.225 - - [28/Apr/2026:20:16:59 +0300] "GET /okay-casino-review-for-2026-check-out-this-before-you-could-gamble-truth-be-told-lucky-7-slot-there/ HTTP/2" 200 19623 "-" "Mozilla/5.0 AppleWebKit/537.36 (KHTML, like Gecko; compatible; bingbot/2.0; +http://www.bing.com/bingbot.htm) Chrome/116.0.1938.76 Safari/537.36"
82.25.62.125 - - [28/Apr/2026:20:17:08 +0300] "GET /novoline-casino-codice-bonus-registrazione/?unapproved=834&moderation-hash=82eaa7e64277401633685741a2b7d2ab HTTP/1.1" 200 18205 "https://serhatburke.miroglu.net/wp-comments-post.php" "Mozilla/5.0 (Windows NT 10.0; Win64; x64) AppleWebKit/537.36 (KHTML, like Gecko) Chrome/142.0.0.0 YaBrowser/25.12.0.0 Safari/537.36"
185.216.113.70 - - [28/Apr/2026:20:17:43 +0300] "POST /wp-cron.php?doing_wp_cron=1777396663.3621790409088134765625 HTTP/1.1" 200 448 "-" "WordPress/6.3.8; https://serhatburke.miroglu.net"
49.244.25.210 - - [28/Apr/2026:20:17:22 +0300] "GET /wp-login.php HTTP/2" 200 3538 "-" "Mozilla/5.0 (Windows NT 10.0; Win64; x64) AppleWebKit/537.36"
128.14.102.152 - - [28/Apr/2026:20:17:19 +0300] "POST /xmlrpc.php HTTP/1.1" 200 16462 "-" "Mozilla/5.0 (Windows NT 10.0; Win64; x64) AppleWebKit/537.36 (KHTML, like Gecko) Chrome/114.0.0.0 Safari/537.36"
82.25.62.125 - - [28/Apr/2026:20:17:25 +0300] "GET /novoline-casino-codice-bonus-registrazione/ HTTP/1.1" 200 17782 "-" "Mozilla/5.0 (compatible; Googlebot/2.1; +http://www.google.com/bot.html)"
52.167.144.222 - - [28/Apr/2026:20:17:28 +0300] "GET /casino-akkvisisjon-uten-innskudd-2026-alfa-og-omega-du-trenger-elv-vite/ HTTP/2" 200 19992 "-" "Mozilla/5.0 AppleWebKit/537.36 (KHTML, like Gecko; compatible; bingbot/2.0; +http://www.bing.com/bingbot.htm) Chrome/116.0.1938.76 Safari/537.36"
52.167.144.225 - - [28/Apr/2026:20:17:32 +0300] "GET /essential-features-of-dexscreener-for-smart-trading-decisions-2/ HTTP/2" 200 17823 "-" "Mozilla/5.0 AppleWebKit/537.36 (KHTML, like Gecko; compatible; bingbot/2.0; +http://www.bing.com/bingbot.htm) Chrome/116.0.1938.76 Safari/537.36"
49.244.25.210 - - [28/Apr/2026:20:17:43 +0300] "POST /wp-login.php HTTP/2" 302 0 "https://serhatburke.miroglu.net/wp-login.php" "Mozilla/5.0 (Windows NT 10.0; Win64; x64) AppleWebKit/537.36"
128.14.102.152 - - [28/Apr/2026:20:17:50 +0300] "GET /verbunden-casino-echtgeld-pramie-2026-qua-and-abzuglich-einzahlung/ HTTP/1.1" 200 71214 "-" "Mozilla/5.0 (Windows NT 10.0; Win64; x64) AppleWebKit/537.36 (KHTML, like Gecko) Chrome/123.0.0.0 Safari/537.36 OPR/109.0.0.0"
52.167.144.225 - - [28/Apr/2026:20:18:10 +0300] "GET /d-lucky-comment-choisir-des-jeux-adaptes-sur-les/ HTTP/2" 200 17947 "-" "Mozilla/5.0 AppleWebKit/537.36 (KHTML, like Gecko; compatible; bingbot/2.0; +http://www.bing.com/bingbot.htm) Chrome/116.0.1938.76 Safari/537.36"
52.167.144.222 - - [28/Apr/2026:20:18:15 +0300] "GET /jack-gokautomaa-nouveau-riche-offlin-andy-thesis-beanstalk-gokkas-netent-ervoor-spelen-plu-review/ HTTP/2" 200 16945 "-" "Mozilla/5.0 AppleWebKit/537.36 (KHTML, like Gecko; compatible; bingbot/2.0; +http://www.bing.com/bingbot.htm) Chrome/116.0.1938.76 Safari/537.36"
185.216.113.70 - - [28/Apr/2026:20:18:57 +0300] "POST /wp-cron.php?doing_wp_cron=1777396736.9668750762939453125000 HTTP/1.1" 200 448 "-" "WordPress/6.3.8; https://serhatburke.miroglu.net"
52.167.144.225 - - [28/Apr/2026:20:18:40 +0300] "GET /experience-enhanced-security-with-ledger-live-wallet/ HTTP/2" 200 15058 "-" "Mozilla/5.0 AppleWebKit/537.36 (KHTML, like Gecko; compatible; bingbot/2.0; +http://www.bing.com/bingbot.htm) Chrome/116.0.1938.76 Safari/537.36"
185.216.113.70 - - [28/Apr/2026:20:20:12 +0300] "POST /wp-cron.php?doing_wp_cron=1777396811.9434540271759033203125 HTTP/1.1" 200 448 "-" "WordPress/6.3.8; https://serhatburke.miroglu.net"
192.241.72.72 - - [28/Apr/2026:20:19:58 +0300] "GET /beste-casino-site-belgie-hoge-inzet/ HTTP/1.1" 200 19265 "-" "Mozilla/5.0 (X11; Fedora; Linux x86_64; rv:114.0) Gecko/20100101 Firefox/114.0"
185.216.113.70 - - [28/Apr/2026:20:22:09 +0300] "POST /wp-cron.php?doing_wp_cron=1777396929.5063610076904296875000 HTTP/1.1" 200 448 "-" "WordPress/6.3.8; https://serhatburke.miroglu.net"
49.228.35.190 - - [28/Apr/2026:20:21:55 +0300] "GET /wp-login.php HTTP/2" 200 3504 "-" "Mozilla/5.0 (Windows NT 10.0; Win64; x64) AppleWebKit/537.36"
128.14.102.152 - - [28/Apr/2026:20:22:08 +0300] "POST /xmlrpc.php HTTP/1.1" 200 630 "-" "Mozilla/5.0 (Windows NT 10.0; Win64; x64) AppleWebKit/537.36 (KHTML, like Gecko) Chrome/114.0.0.0 Safari/537.36"
49.228.35.190 - - [28/Apr/2026:20:22:10 +0300] "POST /wp-login.php HTTP/2" 302 0 "https://serhatburke.miroglu.net/wp-login.php" "Mozilla/5.0 (Windows NT 10.0; Win64; x64) AppleWebKit/537.36"
185.216.113.70 - - [28/Apr/2026:20:22:43 +0300] "POST /wp-cron.php?doing_wp_cron=1777396962.8655400276184082031250 HTTP/1.1" 200 448 "-" "WordPress/6.3.8; https://serhatburke.miroglu.net"
82.25.62.125 - - [28/Apr/2026:20:22:29 +0300] "GET /novoline-casino-codice-bonus-registrazione/ HTTP/1.1" 200 17782 "-" "Mozilla/5.0 (compatible; Googlebot/2.1; +http://www.google.com/bot.html)"
128.14.102.152 - - [28/Apr/2026:20:22:33 +0300] "POST /xmlrpc.php HTTP/1.1" 200 15476 "-" "Mozilla/5.0 (Windows NT 10.0; Win64; x64) AppleWebKit/537.36 (KHTML, like Gecko) Chrome/114.0.0.0 Safari/537.36"
52.167.144.137 - - [28/Apr/2026:20:22:45 +0300] "GET /kraken-bezuprechnyi-dostup-k-darknetu-2026/ HTTP/2" 200 18363 "-" "Mozilla/5.0 AppleWebKit/537.36 (KHTML, like Gecko; compatible; bingbot/2.0; +http://www.bing.com/bingbot.htm) Chrome/116.0.1938.76 Safari/537.36"
128.14.102.152 - - [28/Apr/2026:20:22:58 +0300] "GET /einzeln-stars-slot-die-umfassende-berechnung/ HTTP/1.1" 200 79337 "-" "Mozilla/5.0 (Windows NT 10.0; rv:109.0) Gecko/20100101 Firefox/115.0"
185.216.113.70 - - [28/Apr/2026:20:23:24 +0300] "POST /wp-cron.php?doing_wp_cron=1777397004.3887300491333007812500 HTTP/1.1" 200 448 "-" "WordPress/6.3.8; https://serhatburke.miroglu.net"
40.77.167.1 - - [28/Apr/2026:20:22:40 +0300] "GET /%D0%B2%D1%81%D0%B5-%D0%BF%D1%80%D0%BE%D0%BC%D0%BE%D0%BA%D0%BE%D0%B4%D1%8B-%D0%B1%D0%B5%D0%B7-%D0%BE%D1%82%D1%8B%D0%B3%D1%80%D1%8B%D1%88%D0%B0-%D0%B2-%D0%BA%D0%B0%D0%B7%D0%B8%D0%BD%D0%BE-%D1%81-%D0%BF/ HTTP/2" 200 23684 "-" "Mozilla/5.0 AppleWebKit/537.36 (KHTML, like Gecko; compatible; bingbot/2.0; +http://www.bing.com/bingbot.htm) Chrome/116.0.1938.76 Safari/537.36"
40.77.167.1 - - [28/Apr/2026:20:23:41 +0300] "GET /estrategias-profissionais-hand-of-anubis-jogo-de-slot-para-aprestar-slots-online-uma-vez-que-acontecimento/ HTTP/2" 200 18688 "-" "Mozilla/5.0 AppleWebKit/537.36 (KHTML, like Gecko; compatible; bingbot/2.0; +http://www.bing.com/bingbot.htm) Chrome/116.0.1938.76 Safari/537.36"
185.216.113.70 - - [28/Apr/2026:20:25:22 +0300] "POST /wp-cron.php?doing_wp_cron=1777397122.0240020751953125000000 HTTP/1.1" 200 448 "-" "WordPress/6.3.8; https://serhatburke.miroglu.net"
40.77.167.1 - - [28/Apr/2026:20:25:08 +0300] "GET /no-deposit-free-free-davinci-diamonds-spins-nz-finest-2026-gambling-enterprise-incentive-sales/ HTTP/2" 200 19129 "-" "Mozilla/5.0 AppleWebKit/537.36 (KHTML, like Gecko; compatible; bingbot/2.0; +http://www.bing.com/bingbot.htm) Chrome/116.0.1938.76 Safari/537.36"
185.216.113.70 - - [28/Apr/2026:20:25:54 +0300] "POST /wp-cron.php?doing_wp_cron=1777397154.4804680347442626953125 HTTP/1.1" 200 448 "-" "WordPress/6.3.8; https://serhatburke.miroglu.net"
94.136.190.235 - - [28/Apr/2026:20:25:36 +0300] "POST /xmlrpc.php HTTP/2" 200 181 "-" "WpPublisher-Service/1.0"
94.136.190.235 - - [28/Apr/2026:20:25:55 +0300] "POST /xmlrpc.php HTTP/2" 200 8154 "-" "WpPublisher-Service/1.0"
185.216.113.70 - - [28/Apr/2026:20:27:28 +0300] "POST /wp-cron.php?doing_wp_cron=1777397248.8521320819854736328125 HTTP/1.1" 200 448 "-" "WordPress/6.3.8; https://serhatburke.miroglu.net"
128.14.102.152 - - [28/Apr/2026:20:27:12 +0300] "POST /xmlrpc.php HTTP/1.1" 200 630 "-" "Mozilla/5.0 (Windows NT 10.0; Win64; x64) AppleWebKit/537.36 (KHTML, like Gecko) Chrome/114.0.0.0 Safari/537.36"
128.14.102.152 - - [28/Apr/2026:20:27:35 +0300] "POST /xmlrpc.php HTTP/1.1" 200 16466 "-" "Mozilla/5.0 (Windows NT 10.0; Win64; x64) AppleWebKit/537.36 (KHTML, like Gecko) Chrome/114.0.0.0 Safari/537.36"
128.14.102.152 - - [28/Apr/2026:20:27:50 +0300] "GET /eye-patches-and-under-eye-skincare-kits-2/ HTTP/1.1" 200 79840 "-" "Mozilla/5.0 (Windows NT 10.0; Win64; x64) AppleWebKit/537.36 (KHTML, like Gecko) Chrome/123.0.0.0 Safari/537.36"
185.216.113.70 - - [28/Apr/2026:20:31:25 +0300] "POST /wp-cron.php?doing_wp_cron=1777397485.2523059844970703125000 HTTP/1.1" 200 448 "-" "WordPress/6.3.8; https://serhatburke.miroglu.net"
212.237.123.98 - - [28/Apr/2026:20:31:11 +0300] "POST /xmlrpc.php HTTP/2" 200 141 "-" "WordPress/XMLRPC Client"
185.216.113.70 - - [28/Apr/2026:20:31:39 +0300] "POST /wp-cron.php?doing_wp_cron=1777397499.4815099239349365234375 HTTP/1.1" 200 448 "-" "WordPress/6.3.8; https://serhatburke.miroglu.net"
104.166.164.119 - - [28/Apr/2026:20:31:14 +0300] "POST /xmlrpc.php HTTP/1.1" 200 630 "-" "Mozilla/5.0 (Windows NT 10.0; Win64; x64) AppleWebKit/537.36 (KHTML, like Gecko) Chrome/114.0.0.0 Safari/537.36"
104.166.164.119 - - [28/Apr/2026:20:31:47 +0300] "POST /xmlrpc.php HTTP/1.1" 200 11643 "-" "Mozilla/5.0 (Windows NT 10.0; Win64; x64) AppleWebKit/537.36 (KHTML, like Gecko) Chrome/114.0.0.0 Safari/537.36"
83.105.192.141 - - [28/Apr/2026:20:31:42 +0300] "POST /xmlrpc.php HTTP/2" 200 141 "-" "WordPress/XMLRPC Client"
83.105.192.141 - - [28/Apr/2026:20:32:01 +0300] "GET /?p=142584 HTTP/2" 301 0 "-" "Mozilla/5.0 (Windows NT 10.0; Win64; x64) AppleWebKit/537.36 (KHTML, like Gecko) Chrome/120.0.0.0 Safari/537.36"
104.166.164.119 - - [28/Apr/2026:20:32:04 +0300] "GET /pokerstars-casino-recensione-2026-gratifica-giocagile-it-app-in-pokerstars/ HTTP/1.1" 200 76081 "-" "Mozilla/5.0 (Windows NT 10.0; Win64; x64; rv:124.0) Gecko/20100101 Firefox/124.0"
52.167.144.230 - - [28/Apr/2026:20:32:09 +0300] "GET /discussions-no-statements-yet-incorporate-remark-customer-care-vip-system/ HTTP/2" 200 17721 "-" "Mozilla/5.0 AppleWebKit/537.36 (KHTML, like Gecko; compatible; bingbot/2.0; +http://www.bing.com/bingbot.htm) Chrome/116.0.1938.76 Safari/537.36"
128.14.102.152 - - [28/Apr/2026:20:32:14 +0300] "POST /xmlrpc.php HTTP/1.1" 200 630 "-" "Mozilla/5.0 (Windows NT 10.0; Win64; x64) AppleWebKit/537.36 (KHTML, like Gecko) Chrome/114.0.0.0 Safari/537.36"
149.62.41.142 - - [28/Apr/2026:20:32:18 +0300] "GET /88701-2/ HTTP/1.1" 200 18389 "-" "Mozilla/5.0 (compatible; Googlebot/2.1; +http://www.google.com/bot.html)"
185.216.113.70 - - [28/Apr/2026:20:32:51 +0300] "POST /wp-cron.php?doing_wp_cron=1777397571.2064340114593505859375 HTTP/1.1" 200 448 "-" "WordPress/6.3.8; https://serhatburke.miroglu.net"
128.14.102.152 - - [28/Apr/2026:20:32:39 +0300] "POST /xmlrpc.php HTTP/1.1" 200 15090 "-" "Mozilla/5.0 (Windows NT 10.0; Win64; x64) AppleWebKit/537.36 (KHTML, like Gecko) Chrome/114.0.0.0 Safari/537.36"
128.14.102.152 - - [28/Apr/2026:20:32:52 +0300] "GET /eye-of-horus-protestation-gebuhrenfrei-spielen-blos-eintragung/ HTTP/1.1" 200 79194 "-" "Mozilla/5.0 (Windows NT 10.0; Win64; x64) AppleWebKit/537.36 (KHTML, like Gecko) Chrome/109.0.0.0 Safari/537.36"
185.216.113.70 - - [28/Apr/2026:20:37:21 +0300] "POST /wp-cron.php?doing_wp_cron=1777397841.5109219551086425781250 HTTP/1.1" 200 448 "-" "WordPress/6.3.8; https://serhatburke.miroglu.net"
128.14.102.152 - - [28/Apr/2026:20:37:03 +0300] "POST /xmlrpc.php HTTP/1.1" 200 630 "-" "Mozilla/5.0 (Windows NT 10.0; Win64; x64) AppleWebKit/537.36 (KHTML, like Gecko) Chrome/114.0.0.0 Safari/537.36"
37.27.228.124 - - [28/Apr/2026:20:37:20 +0300] "GET /kazino-riobet-zerkalo-na-segodnja-vhod-bez-51/ HTTP/1.1" 200 27234 "-" "Screaming Frog SEO Spider/19.8"
128.14.102.152 - - [28/Apr/2026:20:37:28 +0300] "POST /xmlrpc.php HTTP/1.1" 200 15707 "-" "Mozilla/5.0 (Windows NT 10.0; Win64; x64) AppleWebKit/537.36 (KHTML, like Gecko) Chrome/114.0.0.0 Safari/537.36"
185.216.113.70 - - [28/Apr/2026:20:37:57 +0300] "POST /wp-cron.php?doing_wp_cron=1777397877.0644850730895996093750 HTTP/1.1" 200 448 "-" "WordPress/6.3.8; https://serhatburke.miroglu.net"
128.14.102.152 - - [28/Apr/2026:20:37:45 +0300] "GET /eye-of-horus-080-beste-low-stake-masterplan-and-echte-ergebnisse/ HTTP/1.1" 200 79703 "-" "Mozilla/5.0 (Windows NT 10.0; rv:125.0) Gecko/20100101 Firefox/125.0"
57.128.22.95 - - [28/Apr/2026:20:38:26 +0300] "GET /novoline-casino-codice-bonus-registrazione/ HTTP/1.1" 200 17936 "-" "Mozilla/5.0 (compatible; Googlebot/2.1; +http://www.google.com/bot.html)"
185.216.113.70 - - [28/Apr/2026:20:41:49 +0300] "POST /wp-cron.php?doing_wp_cron=1777398109.5645608901977539062500 HTTP/1.1" 200 448 "-" "WordPress/6.3.8; https://serhatburke.miroglu.net"
128.14.102.152 - - [28/Apr/2026:20:41:36 +0300] "POST /xmlrpc.php HTTP/1.1" 200 630 "-" "Mozilla/5.0 (Windows NT 10.0; Win64; x64) AppleWebKit/537.36 (KHTML, like Gecko) Chrome/114.0.0.0 Safari/537.36"
128.14.102.152 - - [28/Apr/2026:20:41:56 +0300] "POST /xmlrpc.php HTTP/1.1" 200 13615 "-" "Mozilla/5.0 (Windows NT 10.0; Win64; x64) AppleWebKit/537.36 (KHTML, like Gecko) Chrome/114.0.0.0 Safari/537.36"
80.90.183.146 - - [28/Apr/2026:20:41:47 +0300] "GET /88701-2/ HTTP/1.1" 200 15427 "-" "Mozilla/5.0 (compatible; Googlebot/2.1; +http://www.google.com/bot.html)"
128.14.102.152 - - [28/Apr/2026:20:42:12 +0300] "GET /eye-of-horus-fur-nusse-wiedergeben-nur-registrierung-2025/ HTTP/1.1" 200 77664 "-" "Mozilla/5.0 (Windows NT 10.0; Win64; x64) AppleWebKit/537.36 (KHTML, like Gecko) Chrome/109.0.0.0 Safari/537.36"
5.183.130.172 - - [28/Apr/2026:20:42:43 +0300] "GET /zotabet-casino-bonus-premier-depot-2026/ HTTP/1.1" 200 19133 "https://serhatburke.miroglu.net/" "Mozilla/5.0 (Windows NT 10.0; WOW64; x64) AppleWebKit/537.36 (KHTML, like Gecko) Chrome/114.0.0.0 Safari/537.36 OPR/89.0.4447.51"
185.216.113.70 - - [28/Apr/2026:20:43:23 +0300] "POST /wp-cron.php?doing_wp_cron=1777398203.2677080631256103515625 HTTP/1.1" 200 448 "-" "WordPress/6.3.8; https://serhatburke.miroglu.net"
5.183.130.172 - - [28/Apr/2026:20:43:11 +0300] "GET /zotabet-casino-bonus-premier-depot-2026/ HTTP/1.1" 200 19124 "https://serhatburke.miroglu.net/zotabet-casino-bonus-premier-depot-2026/" "Mozilla/5.0 (Windows NT 6.3; Win64; x64) AppleWebKit/537.36 (KHTML, like Gecko) Chrome/103.0.0.0 Safari/537.36"
5.183.130.172 - - [28/Apr/2026:20:43:24 +0300] "GET /wp-includes/css/dist/block-library/style.min.css?ver=6.3.8 HTTP/1.1" 200 13578 "https://serhatburke.miroglu.net/zotabet-casino-bonus-premier-depot-2026/" "Mozilla/5.0 (Windows NT 10.0; Win64; x64) AppleWebKit/537.36 (KHTML, like Gecko) Chrome/143.0.0.0 Safari/537.36"
