113.211.215.120 - - [28/Apr/2026:18:19:14 +0300] "GET /wp-content/themes/toppic/css/responsive.css?ver=4.2 HTTP/1.1" 200 2796 "https://serhatburke.miroglu.net/88701-2/" "Mozilla/5.0 (Windows NT 10.0; Win64; x64) AppleWebKit/537.36 (KHTML, like Gecko) Chrome/145.0.0.0 Safari/537.36"
104.166.164.54 - - [28/Apr/2026:18:19:04 +0300] "POST /xmlrpc.php HTTP/1.1" 200 630 "-" "Mozilla/5.0 (Windows NT 10.0; Win64; x64) AppleWebKit/537.36 (KHTML, like Gecko) Chrome/114.0.0.0 Safari/537.36"
113.211.215.120 - - [28/Apr/2026:18:19:15 +0300] "POST /wp-comments-post.php HTTP/1.1" 302 1055 "https://serhatburke.miroglu.net/88701-2/" "Mozilla/5.0 (X11; CrOS x86_64 14541.0.0) AppleWebKit/537.36 (KHTML, like Gecko) Chrome/144.0.0.0 Safari/537.36"
185.216.113.70 - - [28/Apr/2026:18:19:38 +0300] "POST /wp-cron.php?doing_wp_cron=1777389578.1015059947967529296875 HTTP/1.1" 200 448 "-" "WordPress/6.3.8; https://serhatburke.miroglu.net"
104.166.164.54 - - [28/Apr/2026:18:19:25 +0300] "POST /xmlrpc.php HTTP/1.1" 200 10258 "-" "Mozilla/5.0 (Windows NT 10.0; Win64; x64) AppleWebKit/537.36 (KHTML, like Gecko) Chrome/114.0.0.0 Safari/537.36"
113.211.215.120 - - [28/Apr/2026:18:19:29 +0300] "GET /88701-2/?unapproved=829&moderation-hash=77b1f3b821ec1fec829c17b32711cb4c HTTP/1.1" 200 18815 "https://serhatburke.miroglu.net/wp-comments-post.php" "Mozilla/5.0 (X11; CrOS x86_64 14541.0.0) AppleWebKit/537.36 (KHTML, like Gecko) Chrome/144.0.0.0 Safari/537.36"
104.166.164.54 - - [28/Apr/2026:18:19:40 +0300] "GET /700-gc-55-south-carolina-400-sky-vegas-casino-no-deposit-bonus-diamonds/ HTTP/1.1" 200 74312 "-" "Mozilla/5.0 (Windows NT 10.0; Win64; x64) AppleWebKit/537.36 (KHTML, like Gecko) Chrome/124.0.0.0 Safari/537.36"
113.211.215.120 - - [28/Apr/2026:18:19:43 +0300] "GET /88701-2/ HTTP/1.1" 200 18389 "-" "Mozilla/5.0 (compatible; Googlebot/2.1; +http://www.google.com/bot.html)"
185.216.113.70 - - [28/Apr/2026:18:20:50 +0300] "POST /wp-cron.php?doing_wp_cron=1777389650.0336189270019531250000 HTTP/1.1" 200 448 "-" "WordPress/6.3.8; https://serhatburke.miroglu.net"
128.14.102.152 - - [28/Apr/2026:18:20:38 +0300] "POST /xmlrpc.php HTTP/1.1" 200 630 "-" "Mozilla/5.0 (Windows NT 10.0; Win64; x64) AppleWebKit/537.36 (KHTML, like Gecko) Chrome/114.0.0.0 Safari/537.36"
113.211.215.120 - - [28/Apr/2026:18:20:52 +0300] "GET /88701-2/ HTTP/1.1" 200 18389 "-" "Mozilla/5.0 (compatible; Googlebot/2.1; +http://www.google.com/bot.html)"
128.14.102.152 - - [28/Apr/2026:18:20:56 +0300] "POST /xmlrpc.php HTTP/1.1" 200 16379 "-" "Mozilla/5.0 (Windows NT 10.0; Win64; x64) AppleWebKit/537.36 (KHTML, like Gecko) Chrome/114.0.0.0 Safari/537.36"
128.14.102.152 - - [28/Apr/2026:18:21:13 +0300] "GET /spielen-sie-letter-keno-angeschlossen-internet-de/ HTTP/1.1" 200 80081 "-" "Mozilla/5.0 (Windows NT 10.0; rv:125.0) Gecko/20100101 Firefox/125.0"
185.216.113.70 - - [28/Apr/2026:18:22:11 +0300] "POST /wp-cron.php?doing_wp_cron=1777389731.8706989288330078125000 HTTP/1.1" 200 448 "-" "WordPress/6.3.8; https://serhatburke.miroglu.net"
165.231.97.196 - - [28/Apr/2026:18:21:50 +0300] "GET /beste-casino-site-belgie-hoge-inzet/ HTTP/1.1" 200 19281 "https://serhatburke.miroglu.net/" "Mozilla/5.0 (Windows NT 10.0; Win64; x64; rv:149.0) Gecko/20100101 Firefox/149.0"
185.216.113.70 - - [28/Apr/2026:18:22:56 +0300] "POST /wp-cron.php?doing_wp_cron=1777389776.0833439826965332031250 HTTP/1.1" 200 448 "-" "WordPress/6.3.8; https://serhatburke.miroglu.net"
165.231.97.196 - - [28/Apr/2026:18:22:43 +0300] "GET /beste-casino-site-belgie-hoge-inzet/ HTTP/1.1" 200 19265 "https://serhatburke.miroglu.net/beste-casino-site-belgie-hoge-inzet/" "Mozilla/5.0 (Windows NT 6.3; Win64; x64) AppleWebKit/537.36 (KHTML, like Gecko) Chrome/103.0.0.0 Safari/537.36"
165.231.97.196 - - [28/Apr/2026:18:22:58 +0300] "GET /wp-includes/css/dist/block-library/style.min.css?ver=6.3.8 HTTP/1.1" 200 13578 "https://serhatburke.miroglu.net/beste-casino-site-belgie-hoge-inzet/" "Mozilla/5.0 (Windows NT 10.0; Win64; x64) AppleWebKit/537.36 (KHTML, like Gecko) Chrome/145.0.0.0 Safari/537.36"
165.231.97.196 - - [28/Apr/2026:18:23:00 +0300] "GET /wp-content/plugins/contact-form-7/includes/css/styles.css?ver=5.8 HTTP/1.1" 200 1490 "https://serhatburke.miroglu.net/beste-casino-site-belgie-hoge-inzet/" "Mozilla/5.0 (Windows NT 10.0; Win64; x64) AppleWebKit/537.36 (KHTML, like Gecko) Chrome/145.0.0.0 Safari/537.36"
165.231.97.196 - - [28/Apr/2026:18:23:01 +0300] "GET /wp-content/themes/toppic/css/fontello.css?ver=4.2 HTTP/1.1" 200 1802 "https://serhatburke.miroglu.net/beste-casino-site-belgie-hoge-inzet/" "Mozilla/5.0 (Windows NT 10.0; Win64; x64) AppleWebKit/537.36 (KHTML, like Gecko) Chrome/145.0.0.0 Safari/537.36"
165.231.97.196 - - [28/Apr/2026:18:23:03 +0300] "GET /wp-content/themes/toppic/css/reset.css?ver=4.2 HTTP/1.1" 200 1178 "https://serhatburke.miroglu.net/beste-casino-site-belgie-hoge-inzet/" "Mozilla/5.0 (Windows NT 10.0; Win64; x64) AppleWebKit/537.36 (KHTML, like Gecko) Chrome/145.0.0.0 Safari/537.36"
165.231.97.196 - - [28/Apr/2026:18:23:04 +0300] "GET /wp-content/themes/toppic/css/default.css?ver=4.2 HTTP/1.1" 200 1811 "https://serhatburke.miroglu.net/beste-casino-site-belgie-hoge-inzet/" "Mozilla/5.0 (Windows NT 10.0; Win64; x64) AppleWebKit/537.36 (KHTML, like Gecko) Chrome/145.0.0.0 Safari/537.36"
165.231.97.196 - - [28/Apr/2026:18:23:05 +0300] "GET /wp-content/themes/toppic/style.css?ver=4.2 HTTP/1.1" 200 23398 "https://serhatburke.miroglu.net/beste-casino-site-belgie-hoge-inzet/" "Mozilla/5.0 (Windows NT 10.0; Win64; x64) AppleWebKit/537.36 (KHTML, like Gecko) Chrome/145.0.0.0 Safari/537.36"
165.231.97.196 - - [28/Apr/2026:18:23:07 +0300] "GET /wp-content/themes/toppic/css/royalslider.css?ver=4.2 HTTP/1.1" 200 1887 "https://serhatburke.miroglu.net/beste-casino-site-belgie-hoge-inzet/" "Mozilla/5.0 (Windows NT 10.0; Win64; x64) AppleWebKit/537.36 (KHTML, like Gecko) Chrome/145.0.0.0 Safari/537.36"
165.231.97.196 - - [28/Apr/2026:18:23:09 +0300] "GET /wp-content/themes/toppic/css/rs-default.css?ver=4.2 HTTP/1.1" 200 2625 "https://serhatburke.miroglu.net/beste-casino-site-belgie-hoge-inzet/" "Mozilla/5.0 (Windows NT 10.0; Win64; x64) AppleWebKit/537.36 (KHTML, like Gecko) Chrome/145.0.0.0 Safari/537.36"
165.231.97.196 - - [28/Apr/2026:18:23:10 +0300] "GET /wp-content/themes/toppic/css/lightbox.css?ver=4.2 HTTP/1.1" 200 2956 "https://serhatburke.miroglu.net/beste-casino-site-belgie-hoge-inzet/" "Mozilla/5.0 (Windows NT 10.0; Win64; x64) AppleWebKit/537.36 (KHTML, like Gecko) Chrome/145.0.0.0 Safari/537.36"
165.231.97.196 - - [28/Apr/2026:18:23:12 +0300] "GET /wp-content/themes/toppic/css/woocommerce.css?ver=4.2 HTTP/1.1" 200 2848 "https://serhatburke.miroglu.net/beste-casino-site-belgie-hoge-inzet/" "Mozilla/5.0 (Windows NT 10.0; Win64; x64) AppleWebKit/537.36 (KHTML, like Gecko) Chrome/145.0.0.0 Safari/537.36"
165.231.97.196 - - [28/Apr/2026:18:23:13 +0300] "GET /wp-content/themes/toppic/css/responsive.css?ver=4.2 HTTP/1.1" 200 2796 "https://serhatburke.miroglu.net/beste-casino-site-belgie-hoge-inzet/" "Mozilla/5.0 (Windows NT 10.0; Win64; x64) AppleWebKit/537.36 (KHTML, like Gecko) Chrome/145.0.0.0 Safari/537.36"
104.166.164.54 - - [28/Apr/2026:18:23:08 +0300] "POST /xmlrpc.php HTTP/1.1" 200 630 "-" "Mozilla/5.0 (Windows NT 10.0; Win64; x64) AppleWebKit/537.36 (KHTML, like Gecko) Chrome/114.0.0.0 Safari/537.36"
165.231.97.196 - - [28/Apr/2026:18:23:14 +0300] "POST /wp-comments-post.php HTTP/1.1" 302 1083 "https://serhatburke.miroglu.net/beste-casino-site-belgie-hoge-inzet/" "Mozilla/5.0 (Windows NT 6.3; Win64; x64) AppleWebKit/537.36 (KHTML, like Gecko) Chrome/103.0.0.0 Safari/537.36"
185.216.113.70 - - [28/Apr/2026:18:23:41 +0300] "POST /wp-cron.php?doing_wp_cron=1777389821.5522909164428710937500 HTTP/1.1" 200 448 "-" "WordPress/6.3.8; https://serhatburke.miroglu.net"
104.166.164.54 - - [28/Apr/2026:18:23:28 +0300] "POST /xmlrpc.php HTTP/1.1" 200 9970 "-" "Mozilla/5.0 (Windows NT 10.0; Win64; x64) AppleWebKit/537.36 (KHTML, like Gecko) Chrome/114.0.0.0 Safari/537.36"
165.231.97.196 - - [28/Apr/2026:18:23:29 +0300] "GET /beste-casino-site-belgie-hoge-inzet/?unapproved=830&moderation-hash=4b247104f5a2e509c93d93cfcc4d9810 HTTP/1.1" 200 19698 "https://serhatburke.miroglu.net/wp-comments-post.php" "Mozilla/5.0 (Windows NT 6.3; Win64; x64) AppleWebKit/537.36 (KHTML, like Gecko) Chrome/103.0.0.0 Safari/537.36"
165.231.97.196 - - [28/Apr/2026:18:23:44 +0300] "GET /beste-casino-site-belgie-hoge-inzet/ HTTP/1.1" 200 19265 "-" "Mozilla/5.0 (compatible; Googlebot/2.1; +http://www.google.com/bot.html)"
104.166.164.54 - - [28/Apr/2026:18:23:43 +0300] "GET /paradise8-gambling-enterprise-signal-right-up-added-bonus-50-100-betista-percent-free-revolves-march-2026/ HTTP/1.1" 200 75024 "-" "Mozilla/5.0 (Windows NT 10.0; Win64; x64) AppleWebKit/537.36 (KHTML, like Gecko) Chrome/122.0.0.0 Safari/537.36"
185.216.113.70 - - [28/Apr/2026:18:24:55 +0300] "POST /wp-cron.php?doing_wp_cron=1777389895.6479489803314208984375 HTTP/1.1" 200 448 "-" "WordPress/6.3.8; https://serhatburke.miroglu.net"
165.231.97.196 - - [28/Apr/2026:18:24:43 +0300] "GET /beste-casino-site-belgie-hoge-inzet/ HTTP/1.1" 200 19265 "-" "Mozilla/5.0 (compatible; Googlebot/2.1; +http://www.google.com/bot.html)"
178.159.37.142 - - [28/Apr/2026:18:25:05 +0300] "POST /xmlrpc.php HTTP/1.1" 200 220675 "-" "Mozilla/5.0 (Windows NT 10.0; Win64; x64) AppleWebKit/537.36 (KHTML, like Gecko) Chrome/79.0.3945.130 Safari/537.36"
128.14.102.152 - - [28/Apr/2026:18:25:16 +0300] "POST /xmlrpc.php HTTP/1.1" 200 630 "-" "Mozilla/5.0 (Windows NT 10.0; Win64; x64) AppleWebKit/537.36 (KHTML, like Gecko) Chrome/114.0.0.0 Safari/537.36"
178.159.37.142 - - [28/Apr/2026:18:25:18 +0300] "POST /xmlrpc.php HTTP/1.1" 200 664 "-" "Mozilla/5.0 (Windows NT 10.0; Win64; x64) AppleWebKit/537.36 (KHTML, like Gecko) Chrome/79.0.3945.130 Safari/537.36"
185.216.113.70 - - [28/Apr/2026:18:25:44 +0300] "POST /wp-cron.php?doing_wp_cron=1777389944.5260589122772216796875 HTTP/1.1" 200 448 "-" "WordPress/6.3.8; https://serhatburke.miroglu.net"
178.159.37.142 - - [28/Apr/2026:18:25:31 +0300] "POST /xmlrpc.php HTTP/1.1" 200 884 "-" "Mozilla/5.0 (Windows NT 10.0; Win64; x64) AppleWebKit/537.36 (KHTML, like Gecko) Chrome/79.0.3945.130 Safari/537.36"
128.14.102.152 - - [28/Apr/2026:18:25:34 +0300] "POST /xmlrpc.php HTTP/1.1" 200 15277 "-" "Mozilla/5.0 (Windows NT 10.0; Win64; x64) AppleWebKit/537.36 (KHTML, like Gecko) Chrome/114.0.0.0 Safari/537.36"
128.14.102.152 - - [28/Apr/2026:18:25:51 +0300] "GET /durch-micro-stakes-fur-einsteiger-solange-bis-high-stakes-fur-profis-damit-respons-ohne-ausnahme-prazis-in-deinem-wohlfuhl-stufe-auffuhren-kannst-komplett-um-dein-moglichkeit-zu-sturzen-and-langer/ HTTP/1.1" 200 85780 "-" "Mozilla/5.0 (Windows NT 10.0; rv:125.0) Gecko/20100101 Firefox/125.0"
107.152.46.202 - - [28/Apr/2026:18:26:08 +0300] "GET /beste-casino-site-belgie-hoge-inzet/ HTTP/1.1" 200 19265 "-" "Mozilla/5.0 (X11; Fedora; Linux x86_64; rv:114.0) Gecko/20100101 Firefox/114.0"
216.73.217.81 - - [28/Apr/2026:18:26:44 +0300] "GET /sitemap.xml HTTP/2" 200 0 "-" "Mozilla/5.0 AppleWebKit/537.36 (KHTML, like Gecko; compatible; ClaudeBot/1.0; +claudebot@anthropic.com)"
185.216.113.70 - - [28/Apr/2026:18:27:29 +0300] "POST /wp-cron.php?doing_wp_cron=1777390049.8090920448303222656250 HTTP/1.1" 200 448 "-" "WordPress/6.3.8; https://serhatburke.miroglu.net"
23.236.167.80 - - [28/Apr/2026:18:27:17 +0300] "POST /xmlrpc.php HTTP/1.1" 200 1695 "-" "Mozilla/5.0 (Windows NT 10.0; Win64; x64) AppleWebKit/537.36 (KHTML, like Gecko) Chrome/124.0.0.0 Safari/537.36"
185.216.113.70 - - [28/Apr/2026:18:29:54 +0300] "POST /wp-cron.php?doing_wp_cron=1777390193.9690570831298828125000 HTTP/1.1" 200 448 "-" "WordPress/6.3.8; https://serhatburke.miroglu.net"
128.14.102.152 - - [28/Apr/2026:18:29:40 +0300] "POST /xmlrpc.php HTTP/1.1" 200 630 "-" "Mozilla/5.0 (Windows NT 10.0; Win64; x64) AppleWebKit/537.36 (KHTML, like Gecko) Chrome/114.0.0.0 Safari/537.36"
128.14.102.152 - - [28/Apr/2026:18:30:00 +0300] "POST /xmlrpc.php HTTP/1.1" 200 18646 "-" "Mozilla/5.0 (Windows NT 10.0; Win64; x64) AppleWebKit/537.36 (KHTML, like Gecko) Chrome/114.0.0.0 Safari/537.36"
128.14.102.152 - - [28/Apr/2026:18:30:16 +0300] "GET /sky-deutschland-das-phanomen-hinter-dem-sky-gewinn/ HTTP/1.1" 200 82550 "-" "Mozilla/5.0 (Windows NT 10.0; Win64; x64; rv:124.0) Gecko/20100101 Firefox/124.0"
185.216.113.70 - - [28/Apr/2026:18:33:01 +0300] "POST /wp-cron.php?doing_wp_cron=1777390380.8719251155853271484375 HTTP/1.1" 200 448 "-" "WordPress/6.3.8; https://serhatburke.miroglu.net"
23.108.254.197 - - [28/Apr/2026:18:32:46 +0300] "GET /beste-casino-site-belgie-hoge-inzet/ HTTP/1.1" 200 19265 "-" "Mozilla/5.0 (X11; Fedora; Linux x86_64; rv:114.0) Gecko/20100101 Firefox/114.0"
185.216.113.70 - - [28/Apr/2026:18:34:30 +0300] "POST /wp-cron.php?doing_wp_cron=1777390470.8073430061340332031250 HTTP/1.1" 200 448 "-" "WordPress/6.3.8; https://serhatburke.miroglu.net"
128.14.102.152 - - [28/Apr/2026:18:34:18 +0300] "POST /xmlrpc.php HTTP/1.1" 200 630 "-" "Mozilla/5.0 (Windows NT 10.0; Win64; x64) AppleWebKit/537.36 (KHTML, like Gecko) Chrome/114.0.0.0 Safari/537.36"
128.14.102.152 - - [28/Apr/2026:18:34:37 +0300] "POST /xmlrpc.php HTTP/1.1" 200 15557 "-" "Mozilla/5.0 (Windows NT 10.0; Win64; x64) AppleWebKit/537.36 (KHTML, like Gecko) Chrome/114.0.0.0 Safari/537.36"
128.14.102.152 - - [28/Apr/2026:18:34:54 +0300] "GET /epstein-akten-franzosischer-unangekundigte-klassenarbeit-minister-kick-wie-hohes-tier-bei-kulturinstitut-nach-hinten/ HTTP/1.1" 200 80993 "-" "Mozilla/5.0 (Windows NT 10.0; Win64; x64) AppleWebKit/537.36 (KHTML, like Gecko) Chrome/123.0.0.0 Safari/537.36 OPR/109.0.0.0"
185.216.113.70 - - [28/Apr/2026:18:38:38 +0300] "POST /wp-cron.php?doing_wp_cron=1777390717.9084320068359375000000 HTTP/1.1" 200 448 "-" "WordPress/6.3.8; https://serhatburke.miroglu.net"
128.14.102.152 - - [28/Apr/2026:18:38:24 +0300] "POST /xmlrpc.php HTTP/1.1" 200 630 "-" "Mozilla/5.0 (Windows NT 10.0; Win64; x64) AppleWebKit/537.36 (KHTML, like Gecko) Chrome/114.0.0.0 Safari/537.36"
128.14.102.152 - - [28/Apr/2026:18:38:44 +0300] "POST /xmlrpc.php HTTP/1.1" 200 15330 "-" "Mozilla/5.0 (Windows NT 10.0; Win64; x64) AppleWebKit/537.36 (KHTML, like Gecko) Chrome/114.0.0.0 Safari/537.36"
128.14.102.152 - - [28/Apr/2026:18:38:59 +0300] "GET /angeschlossen-spielbank-20-eur-pramie-ohne-einzahlung-ein-bittere-weinstock-im-vermarktung-gemisch/ HTTP/1.1" 200 80717 "-" "Mozilla/5.0 (Windows NT 10.0; Win64; x64) AppleWebKit/537.36 (KHTML, like Gecko) Chrome/124.0.0.0 Safari/537.36"
185.216.113.70 - - [28/Apr/2026:18:39:54 +0300] "POST /wp-cron.php?doing_wp_cron=1777390794.3211739063262939453125 HTTP/1.1" 200 448 "-" "WordPress/6.3.8; https://serhatburke.miroglu.net"
104.166.164.54 - - [28/Apr/2026:18:39:36 +0300] "POST /xmlrpc.php HTTP/1.1" 200 630 "-" "Mozilla/5.0 (Windows NT 10.0; Win64; x64) AppleWebKit/537.36 (KHTML, like Gecko) Chrome/114.0.0.0 Safari/537.36"
104.166.164.54 - - [28/Apr/2026:18:40:02 +0300] "POST /xmlrpc.php HTTP/1.1" 200 9664 "-" "Mozilla/5.0 (Windows NT 10.0; Win64; x64) AppleWebKit/537.36 (KHTML, like Gecko) Chrome/114.0.0.0 Safari/537.36"
104.166.164.54 - - [28/Apr/2026:18:40:16 +0300] "GET /greatest-boku-casinos-2026-finest-gambling-enterprise-websites-which-have-boku-costs/ HTTP/1.1" 200 74382 "-" "Mozilla/5.0 (Windows NT 10.0; Win64; x64; rv:124.0) Gecko/20100101 Firefox/124.0"
185.216.113.70 - - [28/Apr/2026:18:41:05 +0300] "POST /wp-cron.php?doing_wp_cron=1777390864.9705040454864501953125 HTTP/1.1" 200 448 "-" "WordPress/6.3.8; https://serhatburke.miroglu.net"
40.77.167.123 - - [28/Apr/2026:18:40:50 +0300] "GET /kakim-obrazom-vosprijatie-prijatnyh-oschuschenij-izmenjaetsja-so-vremenem/ HTTP/2" 200 22231 "-" "Mozilla/5.0 AppleWebKit/537.36 (KHTML, like Gecko; compatible; bingbot/2.0; +http://www.bing.com/bingbot.htm) Chrome/116.0.1938.76 Safari/537.36"
176.38.40.56 - - [28/Apr/2026:18:40:49 +0300] "GET /casino-en-ligne-belgique-dice-machines-a-sous-9/ HTTP/1.1" 200 637698 "-" "Mozilla/5.0 (Windows NT 10.0; Win64; x64; rv:128.0) Gecko/20100101 Firefox/128.0"
52.167.144.199 - - [28/Apr/2026:18:40:55 +0300] "GET /netent-technologia-informacyjna-szwedzki-dostawca-gier-hazardowych-bedacy-prawdziwym-pionierem-w-szerokim-swiecie-wirtualnej-hobby/ HTTP/2" 200 18213 "-" "Mozilla/5.0 AppleWebKit/537.36 (KHTML, like Gecko; compatible; bingbot/2.0; +http://www.bing.com/bingbot.htm) Chrome/116.0.1938.76 Safari/537.36"
40.77.167.123 - - [28/Apr/2026:18:41:19 +0300] "GET /with-a-little-means-and-you-will-training-we-can-turn-this-type-of-advertising-on-the-rewarding-advantages/ HTTP/2" 200 18399 "-" "Mozilla/5.0 AppleWebKit/537.36 (KHTML, like Gecko; compatible; bingbot/2.0; +http://www.bing.com/bingbot.htm) Chrome/116.0.1938.76 Safari/537.36"
185.216.113.70 - - [28/Apr/2026:18:42:05 +0300] "POST /wp-cron.php?doing_wp_cron=1777390925.4251461029052734375000 HTTP/1.1" 200 448 "-" "WordPress/6.3.8; https://serhatburke.miroglu.net"
128.14.102.152 - - [28/Apr/2026:18:41:53 +0300] "POST /xmlrpc.php HTTP/1.1" 200 630 "-" "Mozilla/5.0 (Windows NT 10.0; Win64; x64) AppleWebKit/537.36 (KHTML, like Gecko) Chrome/114.0.0.0 Safari/537.36"
45.135.139.75 - - [28/Apr/2026:18:42:02 +0300] "POST /xmlrpc.php HTTP/1.1" 200 730 "-" "axios/1.11.0"
80.96.70.25 - - [28/Apr/2026:18:41:51 +0300] "POST /xmlrpc.php HTTP/1.1" 200 730 "-" "axios/1.11.0"
128.14.102.152 - - [28/Apr/2026:18:42:12 +0300] "POST /xmlrpc.php HTTP/1.1" 200 16747 "-" "Mozilla/5.0 (Windows NT 10.0; Win64; x64) AppleWebKit/537.36 (KHTML, like Gecko) Chrome/114.0.0.0 Safari/537.36"
104.239.44.87 - - [28/Apr/2026:18:42:13 +0300] "POST /xmlrpc.php HTTP/1.1" 200 730 "-" "axios/1.11.0"
185.216.113.70 - - [28/Apr/2026:18:42:42 +0300] "POST /wp-cron.php?doing_wp_cron=1777390962.4846179485321044921875 HTTP/1.1" 200 448 "-" "WordPress/6.3.8; https://serhatburke.miroglu.net"
40.77.167.74 - - [28/Apr/2026:18:42:30 +0300] "GET /slavenibu-nozime-un-nozime/ HTTP/2" 200 19006 "-" "Mozilla/5.0 AppleWebKit/537.36 (KHTML, like Gecko; compatible; bingbot/2.0; +http://www.bing.com/bingbot.htm) Chrome/116.0.1938.76 Safari/537.36"
128.14.102.152 - - [28/Apr/2026:18:42:29 +0300] "GET /5-euro-kasino-beste-verbunden-casinos-nicht-eher-als-5-einzahlung/ HTTP/1.1" 200 80887 "-" "Mozilla/5.0 (Windows NT 10.0; rv:109.0) Gecko/20100101 Firefox/115.0"
40.77.167.132 - - [28/Apr/2026:18:42:39 +0300] "GET /allez-vers-carton-hammer-telechargement-de-lapplication-primebetz-2025-pour-netent-gratuite/ HTTP/2" 200 19530 "-" "Mozilla/5.0 AppleWebKit/537.36 (KHTML, like Gecko; compatible; bingbot/2.0; +http://www.bing.com/bingbot.htm) Chrome/116.0.1938.76 Safari/537.36"
40.77.167.74 - - [28/Apr/2026:18:42:58 +0300] "GET /stampin-casino-evolution-slot-marek-ghostbusters-triple-thin-position-opinion-95percent-rtp-igt-2026/ HTTP/2" 200 19210 "-" "Mozilla/5.0 AppleWebKit/537.36 (KHTML, like Gecko; compatible; bingbot/2.0; +http://www.bing.com/bingbot.htm) Chrome/116.0.1938.76 Safari/537.36"
185.216.113.70 - - [28/Apr/2026:18:44:31 +0300] "POST /wp-cron.php?doing_wp_cron=1777391071.6588881015777587890625 HTTP/1.1" 200 448 "-" "WordPress/6.3.8; https://serhatburke.miroglu.net"
40.77.167.132 - - [28/Apr/2026:18:44:19 +0300] "GET /avantages-des-solutions-anti-surchauffe-dans-le-milieu-sportif/ HTTP/2" 200 16635 "-" "Mozilla/5.0 AppleWebKit/537.36 (KHTML, like Gecko; compatible; bingbot/2.0; +http://www.bing.com/bingbot.htm) Chrome/116.0.1938.76 Safari/537.36"
40.77.167.132 - - [28/Apr/2026:18:44:22 +0300] "GET /wie-gleichfalls-erhalte-meine-wenigkeit-unser-gewinne-nachfolgende-mit-that-is-ich-zur-gesetz-gestellten-haben-erziele/ HTTP/2" 200 18444 "-" "Mozilla/5.0 AppleWebKit/537.36 (KHTML, like Gecko; compatible; bingbot/2.0; +http://www.bing.com/bingbot.htm) Chrome/116.0.1938.76 Safari/537.36"
176.38.40.56 - - [28/Apr/2026:18:45:35 +0300] "GET /juega-a-mas-de-23-000-juegos-de-casino-gratis-sin-117/ HTTP/1.1" 200 0 "-" "Mozilla/5.0 (Windows NT 10.0; Win64; x64; rv:128.0) Gecko/20100101 Firefox/128.0"
185.216.113.70 - - [28/Apr/2026:18:46:29 +0300] "POST /wp-cron.php?doing_wp_cron=1777391189.1301290988922119140625 HTTP/1.1" 200 448 "-" "WordPress/6.3.8; https://serhatburke.miroglu.net"
128.14.102.152 - - [28/Apr/2026:18:46:17 +0300] "POST /xmlrpc.php HTTP/1.1" 200 630 "-" "Mozilla/5.0 (Windows NT 10.0; Win64; x64) AppleWebKit/537.36 (KHTML, like Gecko) Chrome/114.0.0.0 Safari/537.36"
185.99.255.75 - - [28/Apr/2026:18:46:28 +0300] "GET /zotabet-casino-bonus-premier-depot-2026/ HTTP/1.1" 200 19217 "-" "Mozilla/5.0 (compatible; Googlebot/2.1; +http://www.google.com/bot.html)"
128.14.102.152 - - [28/Apr/2026:18:46:35 +0300] "POST /xmlrpc.php HTTP/1.1" 200 15849 "-" "Mozilla/5.0 (Windows NT 10.0; Win64; x64) AppleWebKit/537.36 (KHTML, like Gecko) Chrome/114.0.0.0 Safari/537.36"
62.201.239.161 - - [28/Apr/2026:18:46:48 +0300] "POST /xmlrpc.php HTTP/1.1" 200 674 "-" "Mozilla/5.0"
128.14.102.152 - - [28/Apr/2026:18:46:51 +0300] "GET /verbunden-kasino-provision-blos-einzahlung-2026-fortschrittlich-in-deutschland/ HTTP/1.1" 200 80681 "-" "Mozilla/5.0 (Windows NT 10.0; Win64; x64) AppleWebKit/537.36 (KHTML, like Gecko) Chrome/123.0.0.0 Safari/537.36"
185.216.113.70 - - [28/Apr/2026:18:47:20 +0300] "POST /wp-cron.php?doing_wp_cron=1777391240.6597490310668945312500 HTTP/1.1" 200 448 "-" "WordPress/6.3.8; https://serhatburke.miroglu.net"
190.114.41.165 - - [28/Apr/2026:18:47:03 +0300] "POST /xmlrpc.php HTTP/2" 200 141 "-" "WordPress/XMLRPC Client"
62.201.239.161 - - [28/Apr/2026:18:47:02 +0300] "GET /?p=142526 HTTP/1.1" 301 495 "-" "Mozilla/5.0 (Windows NT 10.0; Win64; x64) AppleWebKit/537.36 (KHTML, like Gecko) Chrome/120.0.0.0 Safari/537.36"
62.201.239.161 - - [28/Apr/2026:18:47:24 +0300] "GET /los-10-mejores-casinos-online-de-argentina4096/ HTTP/1.1" 200 18151 "-" "Mozilla/5.0 (Windows NT 10.0; Win64; x64) AppleWebKit/537.36 (KHTML, like Gecko) Chrome/120.0.0.0 Safari/537.36"
190.114.41.165 - - [28/Apr/2026:18:47:23 +0300] "GET /?p=142528 HTTP/2" 301 0 "-" "Mozilla/5.0 (Windows NT 10.0; Win64; x64) AppleWebKit/537.36 (KHTML, like Gecko) Chrome/120.0.0.0 Safari/537.36"
40.77.167.70 - - [28/Apr/2026:18:47:33 +0300] "GET /fortunate-english-meaning/ HTTP/2" 200 18697 "-" "Mozilla/5.0 AppleWebKit/537.36 (KHTML, like Gecko; compatible; bingbot/2.0; +http://www.bing.com/bingbot.htm) Chrome/116.0.1938.76 Safari/537.36"
40.77.167.132 - - [28/Apr/2026:18:47:37 +0300] "GET /discussions-zero-statements-but-really-include-comment-customer-care-vip-program/ HTTP/2" 200 17770 "-" "Mozilla/5.0 AppleWebKit/537.36 (KHTML, like Gecko; compatible; bingbot/2.0; +http://www.bing.com/bingbot.htm) Chrome/116.0.1938.76 Safari/537.36"
40.77.167.132 - - [28/Apr/2026:18:47:40 +0300] "GET /party-time-maquina-tragamonedas-gratuito-acerca-de-camino-hace-el-trabajo-con-el-resident-pague-de-ranura-fin-de-divertirte-amatic/ HTTP/2" 200 23112 "-" "Mozilla/5.0 AppleWebKit/537.36 (KHTML, like Gecko; compatible; bingbot/2.0; +http://www.bing.com/bingbot.htm) Chrome/116.0.1938.76 Safari/537.36"
40.77.167.132 - - [28/Apr/2026:18:47:41 +0300] "GET /beste-blackjack-strategien-inoffizieller-mitarbeiter-zusammenfassung-pass-away-passt-dahinter-dir/ HTTP/2" 200 19544 "-" "Mozilla/5.0 AppleWebKit/537.36 (KHTML, like Gecko; compatible; bingbot/2.0; +http://www.bing.com/bingbot.htm) Chrome/116.0.1938.76 Safari/537.36"
51.222.183.108 - - [28/Apr/2026:18:48:03 +0300] "GET /zotabet-casino-bonus-premier-depot-2026/ HTTP/1.1" 200 19099 "-" "Mozilla/5.0 (compatible; Googlebot/2.1; +http://www.google.com/bot.html)"
185.216.113.70 - - [28/Apr/2026:18:48:28 +0300] "POST /wp-cron.php?doing_wp_cron=1777391308.5102400779724121093750 HTTP/1.1" 200 448 "-" "WordPress/6.3.8; https://serhatburke.miroglu.net"
40.77.167.70 - - [28/Apr/2026:18:48:17 +0300] "GET /maximize-your-crypto-gains-with-raydium-swap/ HTTP/2" 200 17855 "-" "Mozilla/5.0 AppleWebKit/537.36 (KHTML, like Gecko; compatible; bingbot/2.0; +http://www.bing.com/bingbot.htm) Chrome/116.0.1938.76 Safari/537.36"
185.216.113.70 - - [28/Apr/2026:18:49:47 +0300] "POST /wp-cron.php?doing_wp_cron=1777391387.1733870506286621093750 HTTP/1.1" 200 448 "-" "WordPress/6.3.8; https://serhatburke.miroglu.net"
40.77.167.132 - - [28/Apr/2026:18:49:33 +0300] "GET /mythen-uber-casinos-was-wirklich-stimmt-und-was/ HTTP/2" 200 18431 "-" "Mozilla/5.0 AppleWebKit/537.36 (KHTML, like Gecko; compatible; bingbot/2.0; +http://www.bing.com/bingbot.htm) Chrome/116.0.1938.76 Safari/537.36"
40.77.167.70 - - [28/Apr/2026:18:49:37 +0300] "GET /the-whole-process-of-delivering-that-it-bonus-shall-be-apparently-quick-extra-expiration-2-weeks/ HTTP/2" 200 17905 "-" "Mozilla/5.0 AppleWebKit/537.36 (KHTML, like Gecko; compatible; bingbot/2.0; +http://www.bing.com/bingbot.htm) Chrome/116.0.1938.76 Safari/537.36"
40.77.167.70 - - [28/Apr/2026:18:49:41 +0300] "GET /bwin-gehort-via-seiner-langjahrigen-ubung-hinter-diesseitigen-beliebtesten-spielotheken-bei-deutschen-spielern/ HTTP/2" 200 17863 "-" "Mozilla/5.0 AppleWebKit/537.36 (KHTML, like Gecko; compatible; bingbot/2.0; +http://www.bing.com/bingbot.htm) Chrome/116.0.1938.76 Safari/537.36"
40.77.167.70 - - [28/Apr/2026:18:50:17 +0300] "GET /best-online-slots-games-to-experience-within-the-flashdash-contact-in-new-zealand-2026-the-best-guide-to-ports/ HTTP/2" 200 17903 "-" "Mozilla/5.0 AppleWebKit/537.36 (KHTML, like Gecko; compatible; bingbot/2.0; +http://www.bing.com/bingbot.htm) Chrome/116.0.1938.76 Safari/537.36"
128.14.102.152 - - [28/Apr/2026:18:50:44 +0300] "POST /xmlrpc.php HTTP/1.1" 200 630 "-" "Mozilla/5.0 (Windows NT 10.0; Win64; x64) AppleWebKit/537.36 (KHTML, like Gecko) Chrome/114.0.0.0 Safari/537.36"
128.14.102.152 - - [28/Apr/2026:18:51:04 +0300] "POST /xmlrpc.php HTTP/1.1" 200 15814 "-" "Mozilla/5.0 (Windows NT 10.0; Win64; x64) AppleWebKit/537.36 (KHTML, like Gecko) Chrome/114.0.0.0 Safari/537.36"
128.14.102.152 - - [28/Apr/2026:18:51:18 +0300] "GET /erreichbar-spielbank-willkommensbonus-via-einzahlung-2026-legal/ HTTP/1.1" 200 80324 "-" "Mozilla/5.0 (Windows NT 10.0; Win64; x64) AppleWebKit/537.36 (KHTML, like Gecko) Chrome/122.0.0.0 Safari/537.36"
40.77.167.74 - - [28/Apr/2026:18:51:21 +0300] "GET /explore-the-comprehensive-features-of-atomic-wallet/ HTTP/2" 200 18269 "-" "Mozilla/5.0 AppleWebKit/537.36 (KHTML, like Gecko; compatible; bingbot/2.0; +http://www.bing.com/bingbot.htm) Chrome/116.0.1938.76 Safari/537.36"
40.77.167.74 - - [28/Apr/2026:18:51:25 +0300] "GET /beste-echtgeld-verbunden-casinos-as-part-of-wie-gleichfalls-man-den-marilyn-monroe-1-kaution-hitnspin-bonus-abhebt-teutonia-2026/ HTTP/2" 200 19408 "-" "Mozilla/5.0 AppleWebKit/537.36 (KHTML, like Gecko; compatible; bingbot/2.0; +http://www.bing.com/bingbot.htm) Chrome/116.0.1938.76 Safari/537.36"
185.216.113.70 - - [28/Apr/2026:18:52:02 +0300] "POST /wp-cron.php?doing_wp_cron=1777391522.6109070777893066406250 HTTP/1.1" 200 448 "-" "WordPress/6.3.8; https://serhatburke.miroglu.net"
40.77.167.74 - - [28/Apr/2026:18:51:50 +0300] "GET /%EF%BF%BDcuando-poseia-que-desaprovechar-de-apostar-sentia-mucha-angustia%EF%BF%BD/ HTTP/2" 200 18050 "-" "Mozilla/5.0 AppleWebKit/537.36 (KHTML, like Gecko; compatible; bingbot/2.0; +http://www.bing.com/bingbot.htm) Chrome/116.0.1938.76 Safari/537.36"
185.216.113.70 - - [28/Apr/2026:18:52:17 +0300] "POST /wp-cron.php?doing_wp_cron=1777391537.4945058822631835937500 HTTP/1.1" 200 448 "-" "WordPress/6.3.8; https://serhatburke.miroglu.net"
40.77.167.74 - - [28/Apr/2026:18:51:55 +0300] "GET /cent-ports-%CF%83%CF%84%CE%BF-%CE%B4%CE%B9%CE%B1%CE%B4%CE%AF%CE%BA%CF%84%CF%85%CE%BF-%CE%B1%CF%80%CE%BF%CE%BB%CE%B1%CF%8D%CF%83%CF%84%CE%B5-%CF%87%CE%AF%CE%BB%CE%B9%CE%B1-100-%CE%B4%CF%89%CF%81%CE%B5/ HTTP/2" 200 20415 "-" "Mozilla/5.0 AppleWebKit/537.36 (KHTML, like Gecko; compatible; bingbot/2.0; +http://www.bing.com/bingbot.htm) Chrome/116.0.1938.76 Safari/537.36"
40.77.167.74 - - [28/Apr/2026:18:52:20 +0300] "GET /how-many-people-play-four-leaders-casino-and-you-can-ports/ HTTP/2" 200 17969 "-" "Mozilla/5.0 AppleWebKit/537.36 (KHTML, like Gecko; compatible; bingbot/2.0; +http://www.bing.com/bingbot.htm) Chrome/116.0.1938.76 Safari/537.36"
40.77.167.74 - - [28/Apr/2026:18:52:25 +0300] "GET /angeschlossen-spielsaal-zahlungsmethoden-beliebteste-sparta-1-kaution-zahlungsarten-2026/ HTTP/2" 200 20062 "-" "Mozilla/5.0 AppleWebKit/537.36 (KHTML, like Gecko; compatible; bingbot/2.0; +http://www.bing.com/bingbot.htm) Chrome/116.0.1938.76 Safari/537.36"
185.216.113.70 - - [28/Apr/2026:18:53:04 +0300] "POST /wp-cron.php?doing_wp_cron=1777391584.5952639579772949218750 HTTP/1.1" 200 448 "-" "WordPress/6.3.8; https://serhatburke.miroglu.net"
108.128.62.178 - - [28/Apr/2026:18:52:52 +0300] "GET /robots.txt HTTP/1.1" 200 605 "-" "Mozilla/5.0 (Macintosh; Intel Mac OS X 10_15_5) AppleWebKit/537.36 (KHTML, like Gecko) Chrome/83.0.4103.61 Safari/537.36"
108.128.62.178 - - [28/Apr/2026:18:53:02 +0300] "GET /robots.txt HTTP/1.1" 200 605 "-" "Mozilla/5.0 (Macintosh; Intel Mac OS X 10_15_5) AppleWebKit/537.36 (KHTML, like Gecko) Chrome/83.0.4103.61 Safari/537.36"
143.105.152.202 - - [28/Apr/2026:18:53:11 +0300] "GET /zotabet-Casino-bonus-premier-depot-2026/ HTTP/1.1" 200 19133 "https://serhatburke.miroglu.net/" "Mozilla/5.0 (Windows NT 10.0; Win64; x64) AppleWebKit/537.36 (KHTML, like Gecko) Chrome/147.0.0.0 Safari/537.36"
108.128.62.178 - - [28/Apr/2026:18:53:13 +0300] "GET /robots.txt HTTP/1.1" 200 605 "-" "Mozilla/5.0 (Macintosh; Intel Mac OS X 10_15_5) AppleWebKit/537.36 (KHTML, like Gecko) Chrome/83.0.4103.61 Safari/537.36"
185.216.113.70 - - [28/Apr/2026:18:53:41 +0300] "POST /wp-cron.php?doing_wp_cron=1777391621.8564620018005371093750 HTTP/1.1" 200 448 "-" "WordPress/6.3.8; https://serhatburke.miroglu.net"
108.128.62.178 - - [28/Apr/2026:18:53:23 +0300] "GET /robots.txt HTTP/1.1" 200 605 "-" "Mozilla/5.0 (Macintosh; Intel Mac OS X 10_15_5) AppleWebKit/537.36 (KHTML, like Gecko) Chrome/83.0.4103.61 Safari/537.36"
108.128.62.178 - - [28/Apr/2026:18:53:33 +0300] "GET /robots.txt HTTP/1.1" 200 605 "-" "Mozilla/5.0 (Macintosh; Intel Mac OS X 10_15_5) AppleWebKit/537.36 (KHTML, like Gecko) Chrome/83.0.4103.61 Safari/537.36"
143.105.152.202 - - [28/Apr/2026:18:53:41 +0300] "GET /zotabet-Casino-bonus-premier-depot-2026/ HTTP/1.1" 200 19133 "https://serhatburke.miroglu.net/" "Mozilla/5.0 (Windows NT 10.0; Win64; x64) AppleWebKit/537.36 (KHTML, like Gecko) Chrome/147.0.0.0 Safari/537.36"
185.216.113.70 - - [28/Apr/2026:18:54:03 +0300] "POST /wp-cron.php?doing_wp_cron=1777391643.3363389968872070312500 HTTP/1.1" 200 448 "-" "WordPress/6.3.8; https://serhatburke.miroglu.net"
108.128.62.178 - - [28/Apr/2026:18:53:38 +0300] "GET /beste-casino-site-belgie-hoge-inzet/ HTTP/1.1" 200 21623 "https://patribel.be/elit-mattis-platea-rhoncus/" "Mozilla/5.0 (Macintosh; Intel Mac OS X 10_15_5) AppleWebKit/537.36 (KHTML, like Gecko) Chrome/83.0.4103.61 Safari/537.36"
103.204.110.141 - - [28/Apr/2026:18:53:54 +0300] "GET /beste-casino-site-belgie-hoge-inzet/ HTTP/1.1" 200 19265 "-" "Mozilla/5.0 (X11; Fedora; Linux x86_64; rv:114.0) Gecko/20100101 Firefox/114.0"
143.105.152.202 - - [28/Apr/2026:18:54:12 +0300] "GET /zotabet-Casino-bonus-premier-depot-2026/ HTTP/1.1" 200 19133 "https://serhatburke.miroglu.net/" "Mozilla/5.0 (Windows NT 10.0; Win64; x64) AppleWebKit/537.36 (KHTML, like Gecko) Chrome/147.0.0.0 Safari/537.36"
40.77.167.70 - - [28/Apr/2026:18:54:22 +0300] "GET /kraken-vashi-dveri-v-darknet-2026-goda/ HTTP/2" 200 18559 "-" "Mozilla/5.0 AppleWebKit/537.36 (KHTML, like Gecko; compatible; bingbot/2.0; +http://www.bing.com/bingbot.htm) Chrome/116.0.1938.76 Safari/537.36"
40.77.167.70 - - [28/Apr/2026:18:54:41 +0300] "GET /je-me-collaboration-accompagnes-de-vos-dirigeant-comme-pragmatic-play-calmes-gaming-betsoft-yggdrasil-sauf-que-hacksaw-gaming/ HTTP/2" 200 18151 "-" "Mozilla/5.0 AppleWebKit/537.36 (KHTML, like Gecko; compatible; bingbot/2.0; +http://www.bing.com/bingbot.htm) Chrome/116.0.1938.76 Safari/537.36"
185.216.113.70 - - [28/Apr/2026:18:56:15 +0300] "POST /wp-cron.php?doing_wp_cron=1777391775.0383379459381103515625 HTTP/1.1" 200 448 "-" "WordPress/6.3.8; https://serhatburke.miroglu.net"
45.135.3.113 - - [28/Apr/2026:18:55:46 +0300] "POST /xmlrpc.php HTTP/2" 200 141 "-" "WordPress/XMLRPC Client"
45.135.3.113 - - [28/Apr/2026:18:56:15 +0300] "GET /?p=142532 HTTP/2" 301 0 "-" "Mozilla/5.0 (Windows NT 10.0; Win64; x64) AppleWebKit/537.36 (KHTML, like Gecko) Chrome/120.0.0.0 Safari/537.36"
104.166.164.54 - - [28/Apr/2026:18:56:23 +0300] "POST /xmlrpc.php HTTP/1.1" 200 630 "-" "Mozilla/5.0 (Windows NT 10.0; Win64; x64) AppleWebKit/537.36 (KHTML, like Gecko) Chrome/114.0.0.0 Safari/537.36"
185.216.113.70 - - [28/Apr/2026:18:56:57 +0300] "POST /wp-cron.php?doing_wp_cron=1777391817.6459650993347167968750 HTTP/1.1" 200 448 "-" "WordPress/6.3.8; https://serhatburke.miroglu.net"
104.166.164.54 - - [28/Apr/2026:18:56:45 +0300] "POST /xmlrpc.php HTTP/1.1" 200 8329 "-" "Mozilla/5.0 (Windows NT 10.0; Win64; x64) AppleWebKit/537.36 (KHTML, like Gecko) Chrome/114.0.0.0 Safari/537.36"
57.128.22.95 - - [28/Apr/2026:18:56:48 +0300] "GET /35849-2/ HTTP/1.1" 200 18386 "-" "Mozilla/5.0 (compatible; Googlebot/2.1; +http://www.google.com/bot.html)"
104.166.164.54 - - [28/Apr/2026:18:57:00 +0300] "GET /zeus-2-ports-online-slot-machines/ HTTP/1.1" 200 71402 "-" "Mozilla/5.0 (Windows NT 10.0; Win64; x64) AppleWebKit/537.36 (KHTML, like Gecko) Chrome/123.0.0.0 Safari/537.36 OPR/109.0.0.0"
185.216.113.70 - - [28/Apr/2026:18:59:17 +0300] "POST /wp-cron.php?doing_wp_cron=1777391957.1999471187591552734375 HTTP/1.1" 200 448 "-" "WordPress/6.3.8; https://serhatburke.miroglu.net"
37.27.228.124 - - [28/Apr/2026:18:59:02 +0300] "POST /xmlrpc.php HTTP/1.1" 200 221388 "-" "Mozilla/5.0 (Windows NT 10.0; Win64; x64) AppleWebKit/537.36 (KHTML, like Gecko) Chrome/139.0.0.0 Safari/537.36"
37.27.228.124 - - [28/Apr/2026:18:59:19 +0300] "POST /xmlrpc.php HTTP/1.1" 200 664 "-" "Mozilla/5.0 (Windows NT 10.0; Win64; x64) AppleWebKit/537.36 (KHTML, like Gecko) Chrome/139.0.0.0 Safari/537.36"
37.27.228.124 - - [28/Apr/2026:18:59:32 +0300] "POST /xmlrpc.php HTTP/1.1" 200 664 "-" "Mozilla/5.0 (Windows NT 10.0; Win64; x64) AppleWebKit/537.36 (KHTML, like Gecko) Chrome/139.0.0.0 Safari/537.36"
37.27.228.124 - - [28/Apr/2026:18:59:56 +0300] "POST /xmlrpc.php HTTP/1.1" 200 667 "-" "Mozilla/5.0 (Windows NT 10.0; Win64; x64) AppleWebKit/537.36 (KHTML, like Gecko) Chrome/139.0.0.0 Safari/537.36"
37.27.228.124 - - [28/Apr/2026:19:00:11 +0300] "POST /xmlrpc.php HTTP/1.1" 200 21867 "-" "Mozilla/5.0 (Windows NT 10.0; Win64; x64) AppleWebKit/537.36 (KHTML, like Gecko) Chrome/139.0.0.0 Safari/537.36"
185.216.113.70 - - [28/Apr/2026:19:03:33 +0300] "POST /wp-cron.php?doing_wp_cron=1777392213.6944279670715332031250 HTTP/1.1" 200 448 "-" "WordPress/6.3.8; https://serhatburke.miroglu.net"
80.90.183.146 - - [28/Apr/2026:19:03:20 +0300] "GET /88701-2/ HTTP/1.1" 200 18389 "-" "Mozilla/5.0 (compatible; Googlebot/2.1; +http://www.google.com/bot.html)"
144.124.199.186 - - [28/Apr/2026:19:03:49 +0300] "POST /xmlrpc.php HTTP/2" 200 141 "-" "WordPress/XMLRPC Client"
185.216.113.70 - - [28/Apr/2026:19:04:25 +0300] "POST /wp-cron.php?doing_wp_cron=1777392264.9535579681396484375000 HTTP/1.1" 200 448 "-" "WordPress/6.3.8; https://serhatburke.miroglu.net"
144.124.199.186 - - [28/Apr/2026:19:04:03 +0300] "GET /?p=142538 HTTP/2" 301 0 "-" "Mozilla/5.0 (Windows NT 10.0; Win64; x64) AppleWebKit/537.36 (KHTML, like Gecko) Chrome/120.0.0.0 Safari/537.36"
128.14.102.152 - - [28/Apr/2026:19:04:27 +0300] "POST /xmlrpc.php HTTP/1.1" 200 630 "-" "Mozilla/5.0 (Windows NT 10.0; Win64; x64) AppleWebKit/537.36 (KHTML, like Gecko) Chrome/114.0.0.0 Safari/537.36"
128.14.102.152 - - [28/Apr/2026:19:04:46 +0300] "POST /xmlrpc.php HTTP/1.1" 200 13761 "-" "Mozilla/5.0 (Windows NT 10.0; Win64; x64) AppleWebKit/537.36 (KHTML, like Gecko) Chrome/114.0.0.0 Safari/537.36"
185.216.113.70 - - [28/Apr/2026:19:05:12 +0300] "POST /wp-cron.php?doing_wp_cron=1777392312.5704300403594970703125 HTTP/1.1" 200 448 "-" "WordPress/6.3.8; https://serhatburke.miroglu.net"
128.14.102.152 - - [28/Apr/2026:19:04:59 +0300] "GET /kasino-abzuglich-einzahlung-2026-kostenloser-probe-im-voraus-die-leser-echtes-piepen-riskieren-carsons-journey/ HTTP/1.1" 200 79369 "-" "Mozilla/5.0 (Windows NT 10.0; rv:109.0) Gecko/20100101 Firefox/115.0"
57.128.22.95 - - [28/Apr/2026:19:04:59 +0300] "GET /zotabet-casino-bonus-premier-depot-2026/ HTTP/1.1" 200 16252 "-" "Mozilla/5.0 (compatible; Googlebot/2.1; +http://www.google.com/bot.html)"
185.216.113.70 - - [28/Apr/2026:19:06:15 +0300] "POST /wp-cron.php?doing_wp_cron=1777392375.5831339359283447265625 HTTP/1.1" 200 448 "-" "WordPress/6.3.8; https://serhatburke.miroglu.net"
146.70.111.153 - - [28/Apr/2026:19:05:58 +0300] "POST /xmlrpc.php HTTP/1.1" 200 222804 "-" "Mozilla/5.0 (Windows NT 6.1; Win64; x64) AppleWebKit/537.36 (KHTML, like Gecko) Chrome/99.0.4844.51 Safari/537.36"
146.70.111.153 - - [28/Apr/2026:19:06:17 +0300] "POST /xmlrpc.php HTTP/1.1" 200 664 "-" "Mozilla/5.0 (Windows NT 6.1; Win64; x64) AppleWebKit/537.36 (KHTML, like Gecko) Chrome/99.0.4844.51 Safari/537.36"
185.216.113.70 - - [28/Apr/2026:19:06:48 +0300] "POST /wp-cron.php?doing_wp_cron=1777392408.6588339805603027343750 HTTP/1.1" 200 448 "-" "WordPress/6.3.8; https://serhatburke.miroglu.net"
146.70.111.153 - - [28/Apr/2026:19:06:31 +0300] "POST /xmlrpc.php HTTP/1.1" 200 884 "-" "Mozilla/5.0 (Windows NT 6.1; Win64; x64) AppleWebKit/537.36 (KHTML, like Gecko) Chrome/99.0.4844.51 Safari/537.36"
146.70.111.153 - - [28/Apr/2026:19:06:50 +0300] "POST /xmlrpc.php HTTP/1.1" 200 884 "-" "Mozilla/5.0 (Windows NT 6.1; Win64; x64) AppleWebKit/537.36 (KHTML, like Gecko) Chrome/99.0.4844.51 Safari/537.36"
104.166.164.54 - - [28/Apr/2026:19:06:57 +0300] "POST /xmlrpc.php HTTP/1.1" 200 630 "-" "Mozilla/5.0 (Windows NT 10.0; Win64; x64) AppleWebKit/537.36 (KHTML, like Gecko) Chrome/114.0.0.0 Safari/537.36"
146.70.111.153 - - [28/Apr/2026:19:07:11 +0300] "POST /xmlrpc.php HTTP/1.1" 200 667 "-" "Mozilla/5.0 (Windows NT 6.1; Win64; x64) AppleWebKit/537.36 (KHTML, like Gecko) Chrome/99.0.4844.51 Safari/537.36"
185.216.113.70 - - [28/Apr/2026:19:07:40 +0300] "POST /wp-cron.php?doing_wp_cron=1777392459.8859260082244873046875 HTTP/1.1" 200 448 "-" "WordPress/6.3.8; https://serhatburke.miroglu.net"
104.166.164.54 - - [28/Apr/2026:19:07:23 +0300] "POST /xmlrpc.php HTTP/1.1" 200 9728 "-" "Mozilla/5.0 (Windows NT 10.0; Win64; x64) AppleWebKit/537.36 (KHTML, like Gecko) Chrome/114.0.0.0 Safari/537.36"
146.70.111.153 - - [28/Apr/2026:19:07:24 +0300] "POST /xmlrpc.php HTTP/1.1" 200 227137 "-" "Mozilla/5.0 (Windows NT 6.1; Win64; x64) AppleWebKit/537.36 (KHTML, like Gecko) Chrome/99.0.4844.51 Safari/537.36"
104.166.164.54 - - [28/Apr/2026:19:07:42 +0300] "GET /best-100-percent-free-spins-no-deposit-bonuses-for-2026-winnings-a-real-income/ HTTP/1.1" 200 73917 "-" "Mozilla/5.0 (Windows NT 10.0; Win64; x64) AppleWebKit/537.36 (KHTML, like Gecko) Chrome/122.0.0.0 Safari/537.36"
103.115.10.86 - - [28/Apr/2026:19:08:17 +0300] "GET /kredit-onlajn-24-7-cherez-bankid-bank-id-vzjat-na/ HTTP/1.1" 200 0 "-" "WordPress.com; https://salemfhd.com; verifying pingback from 185.216.113.71"
40.77.167.22 - - [28/Apr/2026:19:10:16 +0300] "GET /cel-mai-bun-3-motivele-pentru-care-este-de-fapt-populare-sloturile-care-au-clopoei/ HTTP/2" 200 17838 "-" "Mozilla/5.0 AppleWebKit/537.36 (KHTML, like Gecko; compatible; bingbot/2.0; +http://www.bing.com/bingbot.htm) Chrome/116.0.1938.76 Safari/537.36"
216.73.217.81 - - [28/Apr/2026:19:10:29 +0300] "GET /robots.txt HTTP/2" 200 110 "-" "Mozilla/5.0 AppleWebKit/537.36 (KHTML, like Gecko; compatible; ClaudeBot/1.0; +claudebot@anthropic.com)"
85.208.115.159 - - [28/Apr/2026:19:10:33 +0300] "GET /beste-casino-site-belgie-hoge-inzet/ HTTP/1.1" 200 19265 "-" "Mozilla/5.0 (X11; Fedora; Linux x86_64; rv:114.0) Gecko/20100101 Firefox/114.0"
216.73.217.81 - - [28/Apr/2026:19:10:45 +0300] "GET /sitemap.xml HTTP/2" 200 0 "-" "Mozilla/5.0 AppleWebKit/537.36 (KHTML, like Gecko; compatible; ClaudeBot/1.0; +claudebot@anthropic.com)"
185.216.113.70 - - [28/Apr/2026:19:11:45 +0300] "POST /wp-cron.php?doing_wp_cron=1777392705.2935030460357666015625 HTTP/1.1" 200 448 "-" "WordPress/6.3.8; https://serhatburke.miroglu.net"
128.14.102.152 - - [28/Apr/2026:19:11:30 +0300] "POST /xmlrpc.php HTTP/1.1" 200 630 "-" "Mozilla/5.0 (Windows NT 10.0; Win64; x64) AppleWebKit/537.36 (KHTML, like Gecko) Chrome/114.0.0.0 Safari/537.36"
128.14.102.152 - - [28/Apr/2026:19:11:52 +0300] "POST /xmlrpc.php HTTP/1.1" 200 16006 "-" "Mozilla/5.0 (Windows NT 10.0; Win64; x64) AppleWebKit/537.36 (KHTML, like Gecko) Chrome/114.0.0.0 Safari/537.36"
158.69.22.136 - - [28/Apr/2026:19:12:08 +0300] "GET /88701-2/ HTTP/1.1" 200 15427 "-" "Mozilla/5.0 (compatible; Googlebot/2.1; +http://www.google.com/bot.html)"
128.14.102.152 - - [28/Apr/2026:19:12:11 +0300] "GET /spiele-diesseitigen-smoking-hot-fruits-slot-in-energycasino/ HTTP/1.1" 200 80029 "-" "Mozilla/5.0 (Windows NT 10.0; Win64; x64) AppleWebKit/537.36 (KHTML, like Gecko) Chrome/123.0.0.0 Safari/537.36"
128.14.102.152 - - [28/Apr/2026:19:16:28 +0300] "POST /xmlrpc.php HTTP/1.1" 200 630 "-" "Mozilla/5.0 (Windows NT 10.0; Win64; x64) AppleWebKit/537.36 (KHTML, like Gecko) Chrome/114.0.0.0 Safari/537.36"
128.14.102.152 - - [28/Apr/2026:19:16:54 +0300] "POST /xmlrpc.php HTTP/1.1" 200 15562 "-" "Mozilla/5.0 (Windows NT 10.0; Win64; x64) AppleWebKit/537.36 (KHTML, like Gecko) Chrome/114.0.0.0 Safari/537.36"
128.14.102.152 - - [28/Apr/2026:19:17:08 +0300] "GET /diese-besten-live-casinos-im-kollation-traktandum-live-spiele-2026/ HTTP/1.1" 200 79934 "-" "Mozilla/5.0 (Windows NT 10.0; rv:125.0) Gecko/20100101 Firefox/125.0"
185.216.113.70 - - [28/Apr/2026:19:18:06 +0300] "POST /wp-cron.php?doing_wp_cron=1777393086.8195641040802001953125 HTTP/1.1" 200 448 "-" "WordPress/6.3.8; https://serhatburke.miroglu.net"
84.200.80.218 - - [28/Apr/2026:19:17:44 +0300] "POST /xmlrpc.php HTTP/1.1" 200 223509 "-" "Mozilla/5.0 (Windows NT 10.0; Win64; x64) AppleWebKit/537.36 (KHTML, like Gecko) Chrome/131.0.0.0 Safari/537.36"
84.200.80.218 - - [28/Apr/2026:19:18:07 +0300] "POST /xmlrpc.php HTTP/1.1" 200 486 "-" "Mozilla/5.0 (Windows NT 10.0; Win64; x64) AppleWebKit/537.36 (KHTML, like Gecko) Chrome/131.0.0.0 Safari/537.36"
84.200.80.218 - - [28/Apr/2026:19:18:20 +0300] "POST /xmlrpc.php HTTP/1.1" 200 0 "-" "Mozilla/5.0 (Windows NT 10.0; Win64; x64) AppleWebKit/537.36 (KHTML, like Gecko) Chrome/131.0.0.0 Safari/537.36"
185.216.113.70 - - [28/Apr/2026:19:19:18 +0300] "POST /wp-cron.php?doing_wp_cron=1777393158.7418739795684814453125 HTTP/1.1" 200 448 "-" "WordPress/6.3.8; https://serhatburke.miroglu.net"
84.200.80.218 - - [28/Apr/2026:19:19:01 +0300] "POST /xmlrpc.php HTTP/1.1" 200 667 "-" "Mozilla/5.0 (Windows NT 10.0; Win64; x64) AppleWebKit/537.36 (KHTML, like Gecko) Chrome/131.0.0.0 Safari/537.36"
185.216.113.70 - - [28/Apr/2026:19:19:31 +0300] "POST /wp-cron.php?doing_wp_cron=1777393171.7432439327239990234375 HTTP/1.1" 200 448 "-" "WordPress/6.3.8; https://serhatburke.miroglu.net"
84.200.80.218 - - [28/Apr/2026:19:19:19 +0300] "POST /xmlrpc.php HTTP/1.1" 200 221592 "-" "Mozilla/5.0 (Windows NT 10.0; Win64; x64) AppleWebKit/537.36 (KHTML, like Gecko) Chrome/131.0.0.0 Safari/537.36"
185.216.113.70 - - [28/Apr/2026:19:20:41 +0300] "POST /wp-cron.php?doing_wp_cron=1777393241.4534680843353271484375 HTTP/1.1" 200 448 "-" "WordPress/6.3.8; https://serhatburke.miroglu.net"
52.167.144.216 - - [28/Apr/2026:19:20:23 +0300] "GET /how-bscscan-simplifies-crypto-tracking-and-analysis/ HTTP/2" 200 17811 "-" "Mozilla/5.0 AppleWebKit/537.36 (KHTML, like Gecko; compatible; bingbot/2.0; +http://www.bing.com/bingbot.htm) Chrome/116.0.1938.76 Safari/537.36"
216.73.217.81 - - [28/Apr/2026:19:20:42 +0300] "GET /sitemap.rss HTTP/2" 200 0 "-" "Mozilla/5.0 AppleWebKit/537.36 (KHTML, like Gecko; compatible; ClaudeBot/1.0; +claudebot@anthropic.com)"
52.167.144.191 - - [28/Apr/2026:19:20:27 +0300] "GET /nemico-sul-mar-bruno-neteller-e-skrill-saranno-considerati-non-validi-per-imporre-indivisible-premio/ HTTP/2" 200 18016 "-" "Mozilla/5.0 AppleWebKit/537.36 (KHTML, like Gecko; compatible; bingbot/2.0; +http://www.bing.com/bingbot.htm) Chrome/116.0.1938.76 Safari/537.36"
52.167.144.216 - - [28/Apr/2026:19:20:24 +0300] "GET /video-game-inside-the-louisville-ky-derby-urban-area-playing/ HTTP/2" 200 20010 "-" "Mozilla/5.0 AppleWebKit/537.36 (KHTML, like Gecko; compatible; bingbot/2.0; +http://www.bing.com/bingbot.htm) Chrome/116.0.1938.76 Safari/537.36"
52.167.144.161 - - [28/Apr/2026:19:20:33 +0300] "GET /finding-success-in-crypto-trading-with-solscan/ HTTP/2" 200 18212 "-" "Mozilla/5.0 AppleWebKit/537.36 (KHTML, like Gecko; compatible; bingbot/2.0; +http://www.bing.com/bingbot.htm) Chrome/116.0.1938.76 Safari/537.36"
158.69.22.136 - - [28/Apr/2026:19:20:44 +0300] "GET /88701-2/ HTTP/1.1" 200 18389 "-" "Mozilla/5.0 (compatible; Googlebot/2.1; +http://www.google.com/bot.html)"
52.167.144.216 - - [28/Apr/2026:19:20:55 +0300] "GET /there-is-also-loads-of-games-and-therefore-interest-me/ HTTP/2" 200 17600 "-" "Mozilla/5.0 AppleWebKit/537.36 (KHTML, like Gecko; compatible; bingbot/2.0; +http://www.bing.com/bingbot.htm) Chrome/116.0.1938.76 Safari/537.36"
52.167.144.191 - - [28/Apr/2026:19:21:06 +0300] "GET /dirette-anche-casa-da-gioco-online-il-tocco-daffari-degli-streamer-del-incontro-dazzardo-clandestino/ HTTP/2" 200 19562 "-" "Mozilla/5.0 AppleWebKit/537.36 (KHTML, like Gecko; compatible; bingbot/2.0; +http://www.bing.com/bingbot.htm) Chrome/116.0.1938.76 Safari/537.36"
185.216.113.70 - - [28/Apr/2026:19:21:50 +0300] "POST /wp-cron.php?doing_wp_cron=1777393310.2738559246063232421875 HTTP/1.1" 200 448 "-" "WordPress/6.3.8; https://serhatburke.miroglu.net"
128.14.102.152 - - [28/Apr/2026:19:21:37 +0300] "POST /xmlrpc.php HTTP/1.1" 200 630 "-" "Mozilla/5.0 (Windows NT 10.0; Win64; x64) AppleWebKit/537.36 (KHTML, like Gecko) Chrome/114.0.0.0 Safari/537.36"
128.14.102.152 - - [28/Apr/2026:19:21:57 +0300] "POST /xmlrpc.php HTTP/1.1" 200 18035 "-" "Mozilla/5.0 (Windows NT 10.0; Win64; x64) AppleWebKit/537.36 (KHTML, like Gecko) Chrome/114.0.0.0 Safari/537.36"
128.14.102.152 - - [28/Apr/2026:19:22:10 +0300] "GET /offizielle-website-as-part-of-ch/ HTTP/1.1" 200 81496 "-" "Mozilla/5.0 (Windows NT 10.0; Win64; x64) AppleWebKit/537.36 (KHTML, like Gecko) Chrome/124.0.0.0 Safari/537.36 Edg/124.0.0.0"
43.229.135.118 - - [28/Apr/2026:19:22:36 +0300] "GET /35849-2/ HTTP/1.1" 200 18388 "https://serhatburke.miroglu.net/" "Mozilla/5.0 (Windows NT 10.0; Win64; x64) AppleWebKit/537.36 (KHTML, like Gecko) Chrome/114.0.0.0 Safari/537.36 Edg/114.0.1264.71"
43.229.135.118 - - [28/Apr/2026:19:23:02 +0300] "GET /wp-includes/css/dist/block-library/style.min.css?ver=6.3.8 HTTP/1.1" 200 13578 "https://serhatburke.miroglu.net/35849-2/" "Mozilla/5.0 (Windows NT 10.0; Win64; x64) AppleWebKit/537.36 (KHTML, like Gecko) Chrome/143.0.0.0 Safari/537.36"
43.229.135.118 - - [28/Apr/2026:19:23:03 +0300] "GET /wp-content/plugins/contact-form-7/includes/css/styles.css?ver=5.8 HTTP/1.1" 200 1490 "https://serhatburke.miroglu.net/35849-2/" "Mozilla/5.0 (Windows NT 10.0; Win64; x64) AppleWebKit/537.36 (KHTML, like Gecko) Chrome/143.0.0.0 Safari/537.36"
43.229.135.118 - - [28/Apr/2026:19:23:04 +0300] "GET /wp-content/themes/toppic/css/fontello.css?ver=4.2 HTTP/1.1" 200 1802 "https://serhatburke.miroglu.net/35849-2/" "Mozilla/5.0 (Windows NT 10.0; Win64; x64) AppleWebKit/537.36 (KHTML, like Gecko) Chrome/143.0.0.0 Safari/537.36"
43.229.135.118 - - [28/Apr/2026:19:23:05 +0300] "GET /wp-content/themes/toppic/css/reset.css?ver=4.2 HTTP/1.1" 200 1178 "https://serhatburke.miroglu.net/35849-2/" "Mozilla/5.0 (Windows NT 10.0; Win64; x64) AppleWebKit/537.36 (KHTML, like Gecko) Chrome/143.0.0.0 Safari/537.36"
43.229.135.118 - - [28/Apr/2026:19:23:06 +0300] "GET /wp-content/themes/toppic/css/default.css?ver=4.2 HTTP/1.1" 200 1811 "https://serhatburke.miroglu.net/35849-2/" "Mozilla/5.0 (Windows NT 10.0; Win64; x64) AppleWebKit/537.36 (KHTML, like Gecko) Chrome/143.0.0.0 Safari/537.36"
43.229.135.118 - - [28/Apr/2026:19:23:07 +0300] "GET /wp-content/themes/toppic/style.css?ver=4.2 HTTP/1.1" 200 23398 "https://serhatburke.miroglu.net/35849-2/" "Mozilla/5.0 (Windows NT 10.0; Win64; x64) AppleWebKit/537.36 (KHTML, like Gecko) Chrome/143.0.0.0 Safari/537.36"
43.229.135.118 - - [28/Apr/2026:19:23:08 +0300] "GET /wp-content/themes/toppic/css/royalslider.css?ver=4.2 HTTP/1.1" 200 1887 "https://serhatburke.miroglu.net/35849-2/" "Mozilla/5.0 (Windows NT 10.0; Win64; x64) AppleWebKit/537.36 (KHTML, like Gecko) Chrome/143.0.0.0 Safari/537.36"
43.229.135.118 - - [28/Apr/2026:19:23:09 +0300] "GET /wp-content/themes/toppic/css/rs-default.css?ver=4.2 HTTP/1.1" 200 2625 "https://serhatburke.miroglu.net/35849-2/" "Mozilla/5.0 (Windows NT 10.0; Win64; x64) AppleWebKit/537.36 (KHTML, like Gecko) Chrome/143.0.0.0 Safari/537.36"
43.229.135.118 - - [28/Apr/2026:19:23:09 +0300] "GET /wp-content/themes/toppic/css/lightbox.css?ver=4.2 HTTP/1.1" 200 2956 "https://serhatburke.miroglu.net/35849-2/" "Mozilla/5.0 (Windows NT 10.0; Win64; x64) AppleWebKit/537.36 (KHTML, like Gecko) Chrome/143.0.0.0 Safari/537.36"
43.229.135.118 - - [28/Apr/2026:19:23:10 +0300] "GET /wp-content/themes/toppic/css/woocommerce.css?ver=4.2 HTTP/1.1" 200 2848 "https://serhatburke.miroglu.net/35849-2/" "Mozilla/5.0 (Windows NT 10.0; Win64; x64) AppleWebKit/537.36 (KHTML, like Gecko) Chrome/143.0.0.0 Safari/537.36"
43.229.135.118 - - [28/Apr/2026:19:23:11 +0300] "GET /wp-content/themes/toppic/css/responsive.css?ver=4.2 HTTP/1.1" 200 2796 "https://serhatburke.miroglu.net/35849-2/" "Mozilla/5.0 (Windows NT 10.0; Win64; x64) AppleWebKit/537.36 (KHTML, like Gecko) Chrome/143.0.0.0 Safari/537.36"
43.229.135.118 - - [28/Apr/2026:19:23:12 +0300] "POST /wp-comments-post.php HTTP/1.1" 302 1055 "https://serhatburke.miroglu.net/35849-2/" "Mozilla/5.0 (Windows NT 10.0; Win64; x64) AppleWebKit/537.36 (KHTML, like Gecko) Chrome/114.0.0.0 Safari/537.36 Edg/114.0.1264.71"
