103.219.169.195 - - [28/Apr/2026:08:27:48 +0300] "POST /xmlrpc.php HTTP/1.1" 200 630 "-" "Mozilla/5.0 (Windows NT 10.0; Win64; x64) AppleWebKit/537.36 (KHTML, like Gecko) Chrome/114.0.0.0 Safari/537.36"
157.22.18.176 - - [28/Apr/2026:08:27:59 +0300] "GET / HTTP/2" 200 20673 "-" "Mozilla/5.0 (Macintosh; Intel Mac OS X 10_15_7) AppleWebKit/537.36 (KHTML, like Gecko) Chrome/120.0.0.0 Safari/537.36"
62.12.118.37 - - [28/Apr/2026:08:28:01 +0300] "GET /greatest-you-on-line-casino-bonuses-2026-contrast-best-added-bonus-offers/ HTTP/1.1" 200 80206 "-" "Mozilla/5.0 (Windows NT 10.0; Win64; x64; rv:125.0) Gecko/20100101 Firefox/125.0"
103.219.169.195 - - [28/Apr/2026:08:28:11 +0300] "POST /xmlrpc.php HTTP/1.1" 200 14530 "-" "Mozilla/5.0 (Windows NT 10.0; Win64; x64) AppleWebKit/537.36 (KHTML, like Gecko) Chrome/114.0.0.0 Safari/537.36"
103.219.169.195 - - [28/Apr/2026:08:28:25 +0300] "GET /online-bingo-spielen/ HTTP/1.1" 200 77716 "-" "Mozilla/5.0 (Windows NT 10.0; Win64; x64) AppleWebKit/537.36 (KHTML, like Gecko) Chrome/122.0.0.0 Safari/537.36"
185.216.113.70 - - [28/Apr/2026:08:29:23 +0300] "POST /wp-cron.php?doing_wp_cron=1777354163.2888081073760986328125 HTTP/1.1" 200 448 "-" "WordPress/6.3.8; https://serhatburke.miroglu.net"
45.250.252.163 - - [28/Apr/2026:08:29:06 +0300] "POST /xmlrpc.php HTTP/1.1" 200 630 "-" "Mozilla/5.0 (Windows NT 10.0; Win64; x64) AppleWebKit/537.36 (KHTML, like Gecko) Chrome/114.0.0.0 Safari/537.36"
62.12.118.37 - - [28/Apr/2026:08:29:23 +0300] "POST /xmlrpc.php HTTP/1.1" 200 630 "-" "Mozilla/5.0 (Windows NT 10.0; Win64; x64) AppleWebKit/537.36 (KHTML, like Gecko) Chrome/114.0.0.0 Safari/537.36"
45.250.252.163 - - [28/Apr/2026:08:29:32 +0300] "POST /xmlrpc.php HTTP/1.1" 200 19155 "-" "Mozilla/5.0 (Windows NT 10.0; Win64; x64) AppleWebKit/537.36 (KHTML, like Gecko) Chrome/114.0.0.0 Safari/537.36"
185.216.113.70 - - [28/Apr/2026:08:29:59 +0300] "POST /wp-cron.php?doing_wp_cron=1777354199.4683868885040283203125 HTTP/1.1" 200 448 "-" "WordPress/6.3.8; https://serhatburke.miroglu.net"
62.12.118.37 - - [28/Apr/2026:08:29:46 +0300] "POST /xmlrpc.php HTTP/1.1" 200 16736 "-" "Mozilla/5.0 (Windows NT 10.0; Win64; x64) AppleWebKit/537.36 (KHTML, like Gecko) Chrome/114.0.0.0 Safari/537.36"
45.250.252.163 - - [28/Apr/2026:08:29:57 +0300] "GET /%E0%B9%80%E0%B8%81%E0%B8%A1%E0%B8%AA%E0%B8%A5%E0%B9%87%E0%B8%AD%E0%B8%95%E0%B9%81%E0%B8%A5%E0%B8%B0%E0%B9%82%E0%B8%9A%E0%B8%99%E0%B8%B1%E0%B8%AA%E0%B8%97%E0%B8%B5%E0%B9%88%E0%B9%83%E0%B8%AB%E0%B9%89/ HTTP/1.1" 200 122607 "-" "Mozilla/5.0 (Windows NT 10.0; Win64; x64) AppleWebKit/537.36 (KHTML, like Gecko) Chrome/124.0.0.0 Safari/537.36 Edg/124.0.0.0"
62.12.118.37 - - [28/Apr/2026:08:30:01 +0300] "GET /ten-better-real-money-online-casinos-to-own-usa-people-within-the-2026/ HTTP/1.1" 200 81190 "-" "Mozilla/5.0 (Windows NT 10.0; Win64; x64) AppleWebKit/537.36 (KHTML, like Gecko) Chrome/123.0.0.0 Safari/537.36"
52.167.144.157 - - [28/Apr/2026:08:30:05 +0300] "GET /dexscreener-your-key-to-smarter-dex-trading-in-2026/ HTTP/2" 200 18443 "-" "Mozilla/5.0 AppleWebKit/537.36 (KHTML, like Gecko; compatible; bingbot/2.0; +http://www.bing.com/bingbot.htm) Chrome/116.0.1938.76 Safari/537.36"
185.216.113.70 - - [28/Apr/2026:08:30:51 +0300] "POST /wp-cron.php?doing_wp_cron=1777354250.9534590244293212890625 HTTP/1.1" 200 448 "-" "WordPress/6.3.8; https://serhatburke.miroglu.net"
52.167.144.202 - - [28/Apr/2026:08:30:34 +0300] "GET /better-commission-web-based-trinocasino-my-account-casinos-2026/ HTTP/2" 200 20321 "-" "Mozilla/5.0 AppleWebKit/537.36 (KHTML, like Gecko; compatible; bingbot/2.0; +http://www.bing.com/bingbot.htm) Chrome/116.0.1938.76 Safari/537.36"
52.167.144.23 - - [28/Apr/2026:08:30:39 +0300] "GET /free-ports-on-the-internet-enjoy-18000-trial-position-online-spicy-jackpots-uk-login-game/ HTTP/2" 200 17775 "-" "Mozilla/5.0 AppleWebKit/537.36 (KHTML, like Gecko; compatible; bingbot/2.0; +http://www.bing.com/bingbot.htm) Chrome/116.0.1938.76 Safari/537.36"
40.77.167.4 - - [28/Apr/2026:08:30:39 +0300] "GET /cellular-harbors-casinos-2026/ HTTP/2" 200 17626 "-" "Mozilla/5.0 AppleWebKit/537.36 (KHTML, like Gecko; compatible; bingbot/2.0; +http://www.bing.com/bingbot.htm) Chrome/116.0.1938.76 Safari/537.36"
45.250.252.163 - - [28/Apr/2026:08:31:10 +0300] "POST /xmlrpc.php HTTP/1.1" 200 630 "-" "Mozilla/5.0 (Windows NT 10.0; Win64; x64) AppleWebKit/537.36 (KHTML, like Gecko) Chrome/114.0.0.0 Safari/537.36"
62.12.118.37 - - [28/Apr/2026:08:31:23 +0300] "POST /xmlrpc.php HTTP/1.1" 200 630 "-" "Mozilla/5.0 (Windows NT 10.0; Win64; x64) AppleWebKit/537.36 (KHTML, like Gecko) Chrome/114.0.0.0 Safari/537.36"
185.216.113.70 - - [28/Apr/2026:08:31:52 +0300] "POST /wp-cron.php?doing_wp_cron=1777354312.4095129966735839843750 HTTP/1.1" 200 448 "-" "WordPress/6.3.8; https://serhatburke.miroglu.net"
45.250.252.163 - - [28/Apr/2026:08:31:35 +0300] "POST /xmlrpc.php HTTP/1.1" 200 10996 "-" "Mozilla/5.0 (Windows NT 10.0; Win64; x64) AppleWebKit/537.36 (KHTML, like Gecko) Chrome/114.0.0.0 Safari/537.36"
62.12.118.37 - - [28/Apr/2026:08:31:43 +0300] "POST /xmlrpc.php HTTP/1.1" 200 16235 "-" "Mozilla/5.0 (Windows NT 10.0; Win64; x64) AppleWebKit/537.36 (KHTML, like Gecko) Chrome/114.0.0.0 Safari/537.36"
62.12.118.37 - - [28/Apr/2026:08:31:58 +0300] "GET /better-online-casino-games-the-real-deal-money-in-the-usa-2026/ HTTP/1.1" 200 80293 "-" "Mozilla/5.0 (Windows NT 10.0; Win64; x64; rv:125.0) Gecko/20100101 Firefox/125.0"
45.250.252.163 - - [28/Apr/2026:08:31:54 +0300] "GET /bandari-mtandaoni-penalty-duel-spins-za-bure-slot-nafasi-za-kasino-za-kamari-kwa-ajili-ya-kujifurahisha/ HTTP/1.1" 200 75996 "-" "Mozilla/5.0 (Windows NT 10.0; Win64; x64) AppleWebKit/537.36 (KHTML, like Gecko) Chrome/123.0.0.0 Safari/537.36 OPR/109.0.0.0"
185.216.113.70 - - [28/Apr/2026:08:32:47 +0300] "POST /wp-cron.php?doing_wp_cron=1777354367.7288179397583007812500 HTTP/1.1" 200 448 "-" "WordPress/6.3.8; https://serhatburke.miroglu.net"
23.108.87.71 - - [28/Apr/2026:08:32:35 +0300] "GET /beste-casino-site-belgie-hoge-inzet/ HTTP/1.1" 200 19265 "-" "Mozilla/5.0 (X11; Fedora; Linux x86_64; rv:114.0) Gecko/20100101 Firefox/114.0"
62.12.118.37 - - [28/Apr/2026:08:33:24 +0300] "POST /xmlrpc.php HTTP/1.1" 200 630 "-" "Mozilla/5.0 (Windows NT 10.0; Win64; x64) AppleWebKit/537.36 (KHTML, like Gecko) Chrome/114.0.0.0 Safari/537.36"
185.216.113.70 - - [28/Apr/2026:08:33:57 +0300] "POST /wp-cron.php?doing_wp_cron=1777354437.9100461006164550781250 HTTP/1.1" 200 448 "-" "WordPress/6.3.8; https://serhatburke.miroglu.net"
62.12.118.37 - - [28/Apr/2026:08:33:43 +0300] "POST /xmlrpc.php HTTP/1.1" 200 16392 "-" "Mozilla/5.0 (Windows NT 10.0; Win64; x64) AppleWebKit/537.36 (KHTML, like Gecko) Chrome/114.0.0.0 Safari/537.36"
62.12.118.37 - - [28/Apr/2026:08:33:59 +0300] "GET /casino-ireland-participants-cards-2026/ HTTP/1.1" 200 79355 "-" "Mozilla/5.0 (Windows NT 10.0; Win64; x64) AppleWebKit/537.36 (KHTML, like Gecko) Chrome/124.0.0.0 Safari/537.36 Edg/124.0.0.0"
185.216.113.70 - - [28/Apr/2026:08:35:06 +0300] "POST /wp-cron.php?doing_wp_cron=1777354506.0728130340576171875000 HTTP/1.1" 200 448 "-" "WordPress/6.3.8; https://serhatburke.miroglu.net"
116.212.185.161 - - [28/Apr/2026:08:34:43 +0300] "GET /wp-login.php HTTP/2" 200 3092 "-" "Mozilla/5.0 (Windows NT 10.0; Win64; x64) AppleWebKit/537.36 (KHTML, like Gecko) Chrome/131.0.6778.86 Safari/537.36"
116.212.185.161 - - [28/Apr/2026:08:35:06 +0300] "POST /wp-login.php HTTP/2" 302 0 "-" "Mozilla/5.0 (Windows NT 10.0; Win64; x64) AppleWebKit/537.36 (KHTML, like Gecko) Chrome/131.0.6778.86 Safari/537.36"
62.12.118.37 - - [28/Apr/2026:08:35:22 +0300] "POST /xmlrpc.php HTTP/1.1" 200 630 "-" "Mozilla/5.0 (Windows NT 10.0; Win64; x64) AppleWebKit/537.36 (KHTML, like Gecko) Chrome/114.0.0.0 Safari/537.36"
185.216.113.70 - - [28/Apr/2026:08:35:41 +0300] "POST /wp-cron.php?doing_wp_cron=1777354541.1133770942687988281250 HTTP/1.1" 200 448 "-" "WordPress/6.3.8; https://serhatburke.miroglu.net"
116.212.185.161 - - [28/Apr/2026:08:35:27 +0300] "GET /wp-admin/ HTTP/2" 200 214905 "-" "Mozilla/5.0 (Windows NT 10.0; Win64; x64) AppleWebKit/537.36 (KHTML, like Gecko) Chrome/131.0.6778.86 Safari/537.36"
116.212.185.161 - - [28/Apr/2026:08:35:43 +0300] "GET /wp-admin/plugin-install.php?tab=upload HTTP/2" 403 26 "-" "Mozilla/5.0 (Windows NT 10.0; Win64; x64) AppleWebKit/537.36 (KHTML, like Gecko) Chrome/131.0.6778.86 Safari/537.36"
62.12.118.37 - - [28/Apr/2026:08:35:42 +0300] "POST /xmlrpc.php HTTP/1.1" 200 16989 "-" "Mozilla/5.0 (Windows NT 10.0; Win64; x64) AppleWebKit/537.36 (KHTML, like Gecko) Chrome/114.0.0.0 Safari/537.36"
62.12.118.37 - - [28/Apr/2026:08:35:58 +0300] "GET /queen-of-your-nile-wager-free-now-zero-down-load-necessary/ HTTP/1.1" 200 80405 "-" "Mozilla/5.0 (Windows NT 10.0; Win64; x64) AppleWebKit/537.36 (KHTML, like Gecko) Chrome/124.0.0.0 Safari/537.36"
185.216.113.70 - - [28/Apr/2026:08:39:11 +0300] "POST /wp-cron.php?doing_wp_cron=1777354751.3922319412231445312500 HTTP/1.1" 200 448 "-" "WordPress/6.3.8; https://serhatburke.miroglu.net"
158.69.22.136 - - [28/Apr/2026:08:38:56 +0300] "GET /88701-2/ HTTP/1.1" 200 18389 "-" "Mozilla/5.0 (compatible; Googlebot/2.1; +http://www.google.com/bot.html)"
185.216.113.70 - - [28/Apr/2026:08:40:14 +0300] "POST /wp-cron.php?doing_wp_cron=1777354814.4473230838775634765625 HTTP/1.1" 200 448 "-" "WordPress/6.3.8; https://serhatburke.miroglu.net"
40.77.167.4 - - [28/Apr/2026:08:39:58 +0300] "GET /blackjack-kalkul-21-tipps-tricks-fur-deinen-riesenerfolg/ HTTP/2" 200 19252 "-" "Mozilla/5.0 AppleWebKit/537.36 (KHTML, like Gecko; compatible; bingbot/2.0; +http://www.bing.com/bingbot.htm) Chrome/116.0.1938.76 Safari/537.36"
52.167.144.202 - - [28/Apr/2026:08:40:04 +0300] "GET /wunderino-abenteuer-ihr-weg-casino-netbet-mobile-zu-exklusiven-belohnungen/ HTTP/2" 200 20152 "-" "Mozilla/5.0 AppleWebKit/537.36 (KHTML, like Gecko; compatible; bingbot/2.0; +http://www.bing.com/bingbot.htm) Chrome/116.0.1938.76 Safari/537.36"
52.167.144.202 - - [28/Apr/2026:08:40:08 +0300] "GET /ardeurs-les-symboles-ou-spectacle-leurs-economies-en-compagnie-de-88-reussites/ HTTP/2" 200 17943 "-" "Mozilla/5.0 AppleWebKit/537.36 (KHTML, like Gecko; compatible; bingbot/2.0; +http://www.bing.com/bingbot.htm) Chrome/116.0.1938.76 Safari/537.36"
185.216.113.70 - - [28/Apr/2026:08:40:43 +0300] "POST /wp-cron.php?doing_wp_cron=1777354843.0689609050750732421875 HTTP/1.1" 200 448 "-" "WordPress/6.3.8; https://serhatburke.miroglu.net"
40.77.167.4 - - [28/Apr/2026:08:40:30 +0300] "GET /bezplatne-hazard-na-terytorium-polski-perfekcyjny-rozrywki-maszyny-za-darmo/ HTTP/2" 200 20040 "-" "Mozilla/5.0 AppleWebKit/537.36 (KHTML, like Gecko; compatible; bingbot/2.0; +http://www.bing.com/bingbot.htm) Chrome/116.0.1938.76 Safari/537.36"
52.167.144.171 - - [28/Apr/2026:08:41:12 +0300] "GET /this-page-contains-the-fundamental-promotion-offers-out-of-doubleu-gambling-enterprise/ HTTP/2" 200 17134 "-" "Mozilla/5.0 AppleWebKit/537.36 (KHTML, like Gecko; compatible; bingbot/2.0; +http://www.bing.com/bingbot.htm) Chrome/116.0.1938.76 Safari/537.36"
185.216.113.70 - - [28/Apr/2026:08:41:39 +0300] "POST /wp-cron.php?doing_wp_cron=1777354899.7898099422454833984375 HTTP/1.1" 200 448 "-" "WordPress/6.3.8; https://serhatburke.miroglu.net"
52.167.144.202 - - [28/Apr/2026:08:41:25 +0300] "GET /exploring-the-safepal-wallet-for-secure-crypto-management/ HTTP/2" 200 17821 "-" "Mozilla/5.0 AppleWebKit/537.36 (KHTML, like Gecko; compatible; bingbot/2.0; +http://www.bing.com/bingbot.htm) Chrome/116.0.1938.76 Safari/537.36"
40.77.167.4 - - [28/Apr/2026:08:41:30 +0300] "GET /mastering-the-art-of-swapping-on-raydium-exchange/ HTTP/2" 200 17533 "-" "Mozilla/5.0 AppleWebKit/537.36 (KHTML, like Gecko; compatible; bingbot/2.0; +http://www.bing.com/bingbot.htm) Chrome/116.0.1938.76 Safari/537.36"
185.99.255.75 - - [28/Apr/2026:08:41:35 +0300] "GET /zotabet-casino-bonus-premier-depot-2026/ HTTP/1.1" 200 19124 "-" "Mozilla/5.0 (compatible; Googlebot/2.1; +http://www.google.com/bot.html)"
185.216.113.70 - - [28/Apr/2026:08:43:16 +0300] "POST /wp-cron.php?doing_wp_cron=1777354996.1995549201965332031250 HTTP/1.1" 200 448 "-" "WordPress/6.3.8; https://serhatburke.miroglu.net"
83.142.53.250 - - [28/Apr/2026:08:43:04 +0300] "POST /xmlrpc.php HTTP/2" 200 141 "-" "WordPress/XMLRPC Client"
83.142.53.250 - - [28/Apr/2026:08:43:16 +0300] "GET /?p=141822 HTTP/2" 301 0 "-" "Mozilla/5.0 (Windows NT 10.0; Win64; x64) AppleWebKit/537.36 (KHTML, like Gecko) Chrome/120.0.0.0 Safari/537.36"
185.216.113.70 - - [28/Apr/2026:08:45:54 +0300] "POST /wp-cron.php?doing_wp_cron=1777355154.3917109966278076171875 HTTP/1.1" 200 448 "-" "WordPress/6.3.8; https://serhatburke.miroglu.net"
185.216.113.70 - - [28/Apr/2026:08:45:54 +0300] "POST /wp-cron.php?doing_wp_cron=1777355154.3844349384307861328125 HTTP/1.1" 200 448 "-" "WordPress/6.3.8; https://serhatburke.miroglu.net"
103.219.169.195 - - [28/Apr/2026:08:45:11 +0300] "POST /xmlrpc.php HTTP/1.1" 200 630 "-" "Mozilla/5.0 (Windows NT 10.0; Win64; x64) AppleWebKit/537.36 (KHTML, like Gecko) Chrome/114.0.0.0 Safari/537.36"
40.77.167.16 - - [28/Apr/2026:08:45:15 +0300] "GET /messages-de-vrais-competiteurs-miss-kitty-emplacement-en-ligne-dans-cette-outil-pour-dessous-starburst/ HTTP/2" 200 19112 "-" "Mozilla/5.0 AppleWebKit/537.36 (KHTML, like Gecko; compatible; bingbot/2.0; +http://www.bing.com/bingbot.htm) Chrome/116.0.1938.76 Safari/537.36"
40.77.167.4 - - [28/Apr/2026:08:45:20 +0300] "GET /fafafa-2-position-review-enjoy-fafafa-dos-position-on-golden-egypt-online-casino-the-internet/ HTTP/2" 200 18202 "-" "Mozilla/5.0 AppleWebKit/537.36 (KHTML, like Gecko; compatible; bingbot/2.0; +http://www.bing.com/bingbot.htm) Chrome/116.0.1938.76 Safari/537.36"
51.222.183.108 - - [28/Apr/2026:08:45:38 +0300] "GET /zotabet-casino-bonus-premier-depot-2026/ HTTP/1.1" 200 0 "-" "Mozilla/5.0 (compatible; Googlebot/2.1; +http://www.google.com/bot.html)"
85.208.96.201 - - [28/Apr/2026:08:45:30 +0300] "GET /gallery/gallery-grid-landscape/ HTTP/1.1" 200 21943 "-" "Mozilla/5.0 (compatible; SemrushBot/7~bl; +http://www.semrush.com/bot.html)"
103.219.169.195 - - [28/Apr/2026:08:46:01 +0300] "POST /xmlrpc.php HTTP/1.1" 200 12964 "-" "Mozilla/5.0 (Windows NT 10.0; Win64; x64) AppleWebKit/537.36 (KHTML, like Gecko) Chrome/114.0.0.0 Safari/537.36"
40.77.167.4 - - [28/Apr/2026:08:46:11 +0300] "GET /kraken-vash-gid-po-darknetu-i-onion-ssylkam-2026-4/ HTTP/2" 200 18308 "-" "Mozilla/5.0 AppleWebKit/537.36 (KHTML, like Gecko; compatible; bingbot/2.0; +http://www.bing.com/bingbot.htm) Chrome/116.0.1938.76 Safari/537.36"
40.77.167.4 - - [28/Apr/2026:08:46:15 +0300] "GET /discover-the-future-of-crypto-management-with-ledger-live-5/ HTTP/2" 200 18264 "-" "Mozilla/5.0 AppleWebKit/537.36 (KHTML, like Gecko; compatible; bingbot/2.0; +http://www.bing.com/bingbot.htm) Chrome/116.0.1938.76 Safari/537.36"
185.216.113.70 - - [28/Apr/2026:08:46:56 +0300] "POST /wp-cron.php?doing_wp_cron=1777355216.3597960472106933593750 HTTP/1.1" 200 448 "-" "WordPress/6.3.8; https://serhatburke.miroglu.net"
103.219.169.195 - - [28/Apr/2026:08:46:30 +0300] "GET /buy-bitcoin-with-credit-card-or-debit-card-instantly/ HTTP/1.1" 200 76835 "-" "Mozilla/5.0 (Windows NT 10.0; Win64; x64) AppleWebKit/537.36 (KHTML, like Gecko) Chrome/124.0.0.0 Safari/537.36 Edg/124.0.0.0"
185.191.171.2 - - [28/Apr/2026:08:46:33 +0300] "GET /casino-online-norske-casinoer-januar-2026/ HTTP/1.1" 200 23574 "-" "Mozilla/5.0 (compatible; SemrushBot/7~bl; +http://www.semrush.com/bot.html)"
40.77.167.16 - - [28/Apr/2026:08:46:33 +0300] "GET /post-sitemap5.xml HTTP/2" 200 91093 "-" "Mozilla/5.0 AppleWebKit/537.36 (KHTML, like Gecko; compatible; bingbot/2.0; +http://www.bing.com/bingbot.htm) Chrome/116.0.1938.76 Safari/537.36"
107.173.204.99 - - [28/Apr/2026:08:46:47 +0300] "GET /beste-casino-site-belgie-hoge-inzet/ HTTP/1.1" 200 19430 "-" "Mozilla/5.0 (X11; Fedora; Linux x86_64; rv:114.0) Gecko/20100101 Firefox/114.0"
40.77.167.4 - - [28/Apr/2026:08:47:01 +0300] "GET /bewertungen-hinter-fruit-cocktail-slot-neue-wettanbieter-decodieren-die-leser-kundenbewertungen-zu-neuewettanbieter-kohlenmonoxid/ HTTP/2" 200 20757 "-" "Mozilla/5.0 AppleWebKit/537.36 (KHTML, like Gecko; compatible; bingbot/2.0; +http://www.bing.com/bingbot.htm) Chrome/116.0.1938.76 Safari/537.36"
40.77.167.16 - - [28/Apr/2026:08:47:12 +0300] "GET /post-sitemap8.xml HTTP/2" 200 102601 "-" "Mozilla/5.0 AppleWebKit/537.36 (KHTML, like Gecko; compatible; bingbot/2.0; +http://www.bing.com/bingbot.htm) Chrome/116.0.1938.76 Safari/537.36"
185.191.171.11 - - [28/Apr/2026:08:47:15 +0300] "GET /najlepsze-kasyno-online-11752/ HTTP/1.1" 200 21327 "-" "Mozilla/5.0 (compatible; SemrushBot/7~bl; +http://www.semrush.com/bot.html)"
185.216.113.70 - - [28/Apr/2026:08:48:04 +0300] "POST /wp-cron.php?doing_wp_cron=1777355284.8663690090179443359375 HTTP/1.1" 200 448 "-" "WordPress/6.3.8; https://serhatburke.miroglu.net"
52.167.144.23 - - [28/Apr/2026:08:47:51 +0300] "GET /particular-video-game-is-actually-excluded-out-of-bonus-play-or-it-contribute-reduced-so-you-can-wagering/ HTTP/2" 200 17721 "-" "Mozilla/5.0 AppleWebKit/537.36 (KHTML, like Gecko; compatible; bingbot/2.0; +http://www.bing.com/bingbot.htm) Chrome/116.0.1938.76 Safari/537.36"
40.77.167.16 - - [28/Apr/2026:08:47:57 +0300] "GET /harnessing-the-full-potential-of-bscscan-for-traders-4/ HTTP/2" 200 18135 "-" "Mozilla/5.0 AppleWebKit/537.36 (KHTML, like Gecko; compatible; bingbot/2.0; +http://www.bing.com/bingbot.htm) Chrome/116.0.1938.76 Safari/537.36"
40.77.167.16 - - [28/Apr/2026:08:48:25 +0300] "GET /entretenimiento-de-mesa-sobre-monopolio-sobre-linea-referente-a-wild-wolf-sitios-de-ranura-multijugador/ HTTP/2" 200 19724 "-" "Mozilla/5.0 AppleWebKit/537.36 (KHTML, like Gecko; compatible; bingbot/2.0; +http://www.bing.com/bingbot.htm) Chrome/116.0.1938.76 Safari/537.36"
185.216.113.70 - - [28/Apr/2026:08:49:17 +0300] "POST /wp-cron.php?doing_wp_cron=1777355357.7238759994506835937500 HTTP/1.1" 200 448 "-" "WordPress/6.3.8; https://serhatburke.miroglu.net"
45.84.192.5 - - [28/Apr/2026:08:49:05 +0300] "GET /88701-2/ HTTP/1.1" 200 18439 "-" "Mozilla/5.0 (compatible; Googlebot/2.1; +http://www.google.com/bot.html)"
40.77.167.16 - - [28/Apr/2026:08:49:21 +0300] "GET /jocuri-ybets-bonus-de-inscriere-mahjong/ HTTP/2" 200 20310 "-" "Mozilla/5.0 AppleWebKit/537.36 (KHTML, like Gecko; compatible; bingbot/2.0; +http://www.bing.com/bingbot.htm) Chrome/116.0.1938.76 Safari/537.36"
52.167.144.23 - - [28/Apr/2026:08:49:25 +0300] "GET /hot-spot-znane-bezplatne-i-ekscytujace-sloty-plenty-of-fortune-automat-przy-2025-r/ HTTP/2" 200 19538 "-" "Mozilla/5.0 AppleWebKit/537.36 (KHTML, like Gecko; compatible; bingbot/2.0; +http://www.bing.com/bingbot.htm) Chrome/116.0.1938.76 Safari/537.36"
52.167.144.23 - - [28/Apr/2026:08:49:25 +0300] "GET /jogue-logo-galera-bet-aviador-revendedor-real-online-afinar-acabamento-pressuroso-tigre-oficial/ HTTP/2" 200 21907 "-" "Mozilla/5.0 AppleWebKit/537.36 (KHTML, like Gecko; compatible; bingbot/2.0; +http://www.bing.com/bingbot.htm) Chrome/116.0.1938.76 Safari/537.36"
52.167.144.171 - - [28/Apr/2026:08:49:34 +0300] "GET /casino-inte-med-svensk-person-koncessio-studera-skillnaderna-samt-hursa-flera-valjer-yoyospins-online-kampanjkod-det-harp-eagle-limited/ HTTP/2" 200 19154 "-" "Mozilla/5.0 AppleWebKit/537.36 (KHTML, like Gecko; compatible; bingbot/2.0; +http://www.bing.com/bingbot.htm) Chrome/116.0.1938.76 Safari/537.36"
52.167.144.171 - - [28/Apr/2026:08:49:39 +0300] "GET /la-lista-dei-migliori-casino-non-aams-in-italia/ HTTP/2" 200 17554 "-" "Mozilla/5.0 AppleWebKit/537.36 (KHTML, like Gecko; compatible; bingbot/2.0; +http://www.bing.com/bingbot.htm) Chrome/116.0.1938.76 Safari/537.36"
185.216.113.70 - - [28/Apr/2026:08:51:26 +0300] "POST /wp-cron.php?doing_wp_cron=1777355486.6354849338531494140625 HTTP/1.1" 200 448 "-" "WordPress/6.3.8; https://serhatburke.miroglu.net"
62.12.118.37 - - [28/Apr/2026:08:51:15 +0300] "POST /xmlrpc.php HTTP/1.1" 200 630 "-" "Mozilla/5.0 (Windows NT 10.0; Win64; x64) AppleWebKit/537.36 (KHTML, like Gecko) Chrome/114.0.0.0 Safari/537.36"
14.245.252.90 - - [28/Apr/2026:08:51:12 +0300] "GET /automaty-hazard-online HTTP/1.1" 301 649 "https://serhatburke.miroglu.net/" "Mozilla/5.0 (iPhone; CPU iPhone OS 17_0 like Mac OS X) AppleWebKit/605.1.15 (KHTML, like Gecko) Version/17.0 Mobile/15E148 Safari/604.1"
14.245.252.90 - - [28/Apr/2026:08:51:32 +0300] "GET /automaty-hazard-online/ HTTP/1.1" 200 0 "https://serhatburke.miroglu.net/" "Mozilla/5.0 (iPhone; CPU iPhone OS 17_0 like Mac OS X) AppleWebKit/605.1.15 (KHTML, like Gecko) Version/17.0 Mobile/15E148 Safari/604.1"
40.77.167.16 - - [28/Apr/2026:08:51:26 +0300] "GET /on-line-gaming-the-basics-of-an-informed-bookies/ HTTP/2" 200 18994 "-" "Mozilla/5.0 AppleWebKit/537.36 (KHTML, like Gecko; compatible; bingbot/2.0; +http://www.bing.com/bingbot.htm) Chrome/116.0.1938.76 Safari/537.36"
52.167.144.171 - - [28/Apr/2026:08:51:29 +0300] "GET /best-mobile-ports-greatest-15-position-software-for-real-currency/ HTTP/2" 200 0 "-" "Mozilla/5.0 AppleWebKit/537.36 (KHTML, like Gecko; compatible; bingbot/2.0; +http://www.bing.com/bingbot.htm) Chrome/116.0.1938.76 Safari/537.36"
119.160.69.84 - - [28/Apr/2026:08:51:58 +0300] "GET /automaty-hazard-online/ HTTP/1.1" 200 0 "https://serhatburke.miroglu.net/" "Mozilla/5.0 (iPhone; CPU iPhone OS 17_0 like Mac OS X) AppleWebKit/605.1.15 (KHTML, like Gecko) Version/17.0 Mobile/15E148 Safari/604.1"
85.208.96.202 - - [28/Apr/2026:08:51:34 +0300] "GET /jackpots-knacken-1000eur-bonus-und-exklusive-angebote-fur-dein/ HTTP/1.1" 200 0 "-" "Mozilla/5.0 (compatible; SemrushBot/7~bl; +http://www.semrush.com/bot.html)"
62.12.118.37 - - [28/Apr/2026:08:51:37 +0300] "POST /xmlrpc.php HTTP/1.1" 200 16751 "-" "Mozilla/5.0 (Windows NT 10.0; Win64; x64) AppleWebKit/537.36 (KHTML, like Gecko) Chrome/114.0.0.0 Safari/537.36"
52.167.144.23 - - [28/Apr/2026:08:51:35 +0300] "GET /exploring-your-safepal-wallet-features-and-benefits/ HTTP/2" 200 0 "-" "Mozilla/5.0 AppleWebKit/537.36 (KHTML, like Gecko; compatible; bingbot/2.0; +http://www.bing.com/bingbot.htm) Chrome/116.0.1938.76 Safari/537.36"
185.216.113.70 - - [28/Apr/2026:08:52:45 +0300] "POST /wp-cron.php?doing_wp_cron=1777355564.9776439666748046875000 HTTP/1.1" 200 448 "-" "WordPress/6.3.8; https://serhatburke.miroglu.net"
103.219.169.195 - - [28/Apr/2026:08:52:14 +0300] "POST /xmlrpc.php HTTP/1.1" 200 630 "-" "Mozilla/5.0 (Windows NT 10.0; Win64; x64) AppleWebKit/537.36 (KHTML, like Gecko) Chrome/114.0.0.0 Safari/537.36"
185.216.113.70 - - [28/Apr/2026:08:52:54 +0300] "POST /wp-cron.php?doing_wp_cron=1777355574.0655620098114013671875 HTTP/1.1" 200 448 "-" "WordPress/6.3.8; https://serhatburke.miroglu.net"
85.208.96.202 - - [28/Apr/2026:08:52:24 +0300] "GET /jackpots-knacken-1000eur-bonus-und-exklusive-angebote-fur-dein/ HTTP/1.1" 200 22419 "-" "Mozilla/5.0 (compatible; SemrushBot/7~bl; +http://www.semrush.com/bot.html)"
185.216.113.70 - - [28/Apr/2026:08:52:58 +0300] "POST /wp-cron.php?doing_wp_cron=1777355578.0513141155242919921875 HTTP/1.1" 200 448 "-" "WordPress/6.3.8; https://serhatburke.miroglu.net"
185.216.113.70 - - [28/Apr/2026:08:52:58 +0300] "POST /wp-cron.php?doing_wp_cron=1777355578.2506570816040039062500 HTTP/1.1" 200 448 "-" "WordPress/6.3.8; https://serhatburke.miroglu.net"
40.77.167.16 - - [28/Apr/2026:08:52:25 +0300] "GET /starcasino-recensione-50-free-spin-play-regal-e-sicuro-premio-spid-100-ancora-cashback-2050/ HTTP/2" 200 20126 "-" "Mozilla/5.0 AppleWebKit/537.36 (KHTML, like Gecko; compatible; bingbot/2.0; +http://www.bing.com/bingbot.htm) Chrome/116.0.1938.76 Safari/537.36"
62.12.118.37 - - [28/Apr/2026:08:52:26 +0300] "GET /top-casinos-on-the-internet-2026-7000-real-money-sites-checked-2/ HTTP/1.1" 200 80733 "-" "Mozilla/5.0 (Windows NT 10.0; Win64; x64; rv:124.0) Gecko/20100101 Firefox/124.0"
185.216.113.70 - - [28/Apr/2026:08:53:09 +0300] "POST /wp-cron.php?doing_wp_cron=1777355589.1631948947906494140625 HTTP/1.1" 200 448 "-" "WordPress/6.3.8; https://serhatburke.miroglu.net"
52.167.144.23 - - [28/Apr/2026:08:52:30 +0300] "GET /kraken-vash-gid-po-anonimnomu-serfingu-v-2026/ HTTP/2" 200 18575 "-" "Mozilla/5.0 AppleWebKit/537.36 (KHTML, like Gecko; compatible; bingbot/2.0; +http://www.bing.com/bingbot.htm) Chrome/116.0.1938.76 Safari/537.36"
138.59.244.206 - - [28/Apr/2026:08:52:54 +0300] "POST /xmlrpc.php HTTP/2" 200 0 "-" "WordPress/XMLRPC Client"
181.209.114.242 - - [28/Apr/2026:08:53:26 +0300] "POST /xmlrpc.php HTTP/2" 200 0 "-" "WordPress/XMLRPC Client"
185.216.113.70 - - [28/Apr/2026:08:54:00 +0300] "POST /wp-cron.php?doing_wp_cron=1777355640.4920220375061035156250 HTTP/1.1" 200 448 "-" "WordPress/6.3.8; https://serhatburke.miroglu.net"
103.219.169.195 - - [28/Apr/2026:08:52:52 +0300] "POST /xmlrpc.php HTTP/1.1" 200 16365 "-" "Mozilla/5.0 (Windows NT 10.0; Win64; x64) AppleWebKit/537.36 (KHTML, like Gecko) Chrome/114.0.0.0 Safari/537.36"
185.216.113.70 - - [28/Apr/2026:08:54:05 +0300] "POST /wp-cron.php?doing_wp_cron=1777355645.0503940582275390625000 HTTP/1.1" 200 448 "-" "WordPress/6.3.8; https://serhatburke.miroglu.net"
170.168.242.223 - - [28/Apr/2026:08:53:57 +0300] "POST /xmlrpc.php HTTP/2" 200 0 "-" "WordPress/XMLRPC Client"
185.216.113.70 - - [28/Apr/2026:08:54:33 +0300] "POST /wp-cron.php?doing_wp_cron=1777355672.8590829372406005859375 HTTP/1.1" 200 448 "-" "WordPress/6.3.8; https://serhatburke.miroglu.net"
185.216.113.70 - - [28/Apr/2026:08:54:37 +0300] "POST /wp-cron.php?doing_wp_cron=1777355677.6622400283813476562500 HTTP/1.1" 200 448 "-" "WordPress/6.3.8; https://serhatburke.miroglu.net"
62.12.118.37 - - [28/Apr/2026:08:53:36 +0300] "POST /xmlrpc.php HTTP/1.1" 200 630 "-" "Mozilla/5.0 (Windows NT 10.0; Win64; x64) AppleWebKit/537.36 (KHTML, like Gecko) Chrome/114.0.0.0 Safari/537.36"
185.216.113.70 - - [28/Apr/2026:08:54:48 +0300] "POST /wp-cron.php?doing_wp_cron=1777355688.3437631130218505859375 HTTP/1.1" 200 448 "-" "WordPress/6.3.8; https://serhatburke.miroglu.net"
103.219.169.195 - - [28/Apr/2026:08:54:03 +0300] "GET /united-states-open-preisgeld-deutsche-tennis-stars-zum-besten-geben-damit-millionen-euro/ HTTP/1.1" 200 81214 "-" "Mozilla/5.0 (Windows NT 10.0; Win64; x64) AppleWebKit/537.36 (KHTML, like Gecko) Chrome/122.0.0.0 Safari/537.36"
138.255.170.2 - - [28/Apr/2026:08:54:28 +0300] "POST /xmlrpc.php HTTP/2" 200 0 "-" "WordPress/XMLRPC Client"
185.216.113.70 - - [28/Apr/2026:08:55:09 +0300] "POST /wp-cron.php?doing_wp_cron=1777355709.2528839111328125000000 HTTP/1.1" 200 448 "-" "WordPress/6.3.8; https://serhatburke.miroglu.net"
62.12.118.37 - - [28/Apr/2026:08:54:45 +0300] "POST /xmlrpc.php HTTP/1.1" 200 16745 "-" "Mozilla/5.0 (Windows NT 10.0; Win64; x64) AppleWebKit/537.36 (KHTML, like Gecko) Chrome/114.0.0.0 Safari/537.36"
45.140.207.203 - - [28/Apr/2026:08:55:00 +0300] "POST /xmlrpc.php HTTP/2" 200 140 "-" "WordPress/XMLRPC Client"
62.12.118.37 - - [28/Apr/2026:08:55:22 +0300] "GET /better-no-deposit-incentives-and-you-may-totally-free-spins/ HTTP/1.1" 200 80279 "-" "Mozilla/5.0 (Windows NT 10.0; Win64; x64; rv:125.0) Gecko/20100101 Firefox/125.0"
45.140.207.203 - - [28/Apr/2026:08:55:28 +0300] "GET /?p=141840 HTTP/2" 301 0 "-" "Mozilla/5.0 (Windows NT 10.0; Win64; x64) AppleWebKit/537.36 (KHTML, like Gecko) Chrome/120.0.0.0 Safari/537.36"
34.116.28.38 - - [28/Apr/2026:08:55:53 +0300] "GET /2026-ylnda-doum-gunu-bonusu-ile-en-yi-cevrimici-2/ HTTP/1.1" 200 19005 "-" "Mozilla/5.0 (compatible; Google-Apps-Script; beanserver; +https://script.google.com; id: UAEmdDd_w0O9VrNXUtN3dpWLxGhCUbrq1cYg)"
57.128.22.95 - - [28/Apr/2026:08:56:13 +0300] "GET /35849-2/ HTTP/1.1" 200 18386 "-" "Mozilla/5.0 (compatible; Googlebot/2.1; +http://www.google.com/bot.html)"
62.12.118.37 - - [28/Apr/2026:08:56:19 +0300] "POST /xmlrpc.php HTTP/1.1" 200 630 "-" "Mozilla/5.0 (Windows NT 10.0; Win64; x64) AppleWebKit/537.36 (KHTML, like Gecko) Chrome/114.0.0.0 Safari/537.36"
185.216.113.70 - - [28/Apr/2026:08:56:50 +0300] "POST /wp-cron.php?doing_wp_cron=1777355810.5666229724884033203125 HTTP/1.1" 200 448 "-" "WordPress/6.3.8; https://serhatburke.miroglu.net"
62.12.118.37 - - [28/Apr/2026:08:56:38 +0300] "POST /xmlrpc.php HTTP/1.1" 200 15378 "-" "Mozilla/5.0 (Windows NT 10.0; Win64; x64) AppleWebKit/537.36 (KHTML, like Gecko) Chrome/114.0.0.0 Safari/537.36"
62.12.118.37 - - [28/Apr/2026:08:56:52 +0300] "GET /frabill-straight-line-reel/ HTTP/1.1" 200 78156 "-" "Mozilla/5.0 (Windows NT 10.0; rv:125.0) Gecko/20100101 Firefox/125.0"
185.216.113.70 - - [28/Apr/2026:08:57:46 +0300] "POST /wp-cron.php?doing_wp_cron=1777355866.3022060394287109375000 HTTP/1.1" 200 448 "-" "WordPress/6.3.8; https://serhatburke.miroglu.net"
103.219.169.195 - - [28/Apr/2026:08:57:34 +0300] "POST /xmlrpc.php HTTP/1.1" 200 630 "-" "Mozilla/5.0 (Windows NT 10.0; Win64; x64) AppleWebKit/537.36 (KHTML, like Gecko) Chrome/114.0.0.0 Safari/537.36"
185.191.171.14 - - [28/Apr/2026:08:57:48 +0300] "GET /odnies-sukces-sasiedztwo-posiadanie-55-000-darmowych-obrotow-ktorzy-maja-betonred/ HTTP/1.1" 200 20365 "-" "Mozilla/5.0 (compatible; SemrushBot/7~bl; +http://www.semrush.com/bot.html)"
103.219.169.195 - - [28/Apr/2026:08:57:53 +0300] "POST /xmlrpc.php HTTP/1.1" 200 13149 "-" "Mozilla/5.0 (Windows NT 10.0; Win64; x64) AppleWebKit/537.36 (KHTML, like Gecko) Chrome/114.0.0.0 Safari/537.36"
103.219.169.195 - - [28/Apr/2026:08:58:18 +0300] "GET /blue-heart-schwarmerei-trifft-auf-guthaben/ HTTP/1.1" 200 77137 "-" "Mozilla/5.0 (Windows NT 10.0; Win64; x64) AppleWebKit/537.36 (KHTML, like Gecko) Chrome/123.0.0.0 Safari/537.36 OPR/109.0.0.0"
185.216.113.70 - - [28/Apr/2026:08:59:09 +0300] "POST /wp-cron.php?doing_wp_cron=1777355948.9494550228118896484375 HTTP/1.1" 200 448 "-" "WordPress/6.3.8; https://serhatburke.miroglu.net"
62.12.118.37 - - [28/Apr/2026:08:58:56 +0300] "POST /xmlrpc.php HTTP/1.1" 200 630 "-" "Mozilla/5.0 (Windows NT 10.0; Win64; x64) AppleWebKit/537.36 (KHTML, like Gecko) Chrome/114.0.0.0 Safari/537.36"
62.12.118.37 - - [28/Apr/2026:08:59:15 +0300] "POST /xmlrpc.php HTTP/1.1" 200 16278 "-" "Mozilla/5.0 (Windows NT 10.0; Win64; x64) AppleWebKit/537.36 (KHTML, like Gecko) Chrome/114.0.0.0 Safari/537.36"
85.208.96.209 - - [28/Apr/2026:08:59:17 +0300] "GET /no-title/ HTTP/1.1" 200 21876 "-" "Mozilla/5.0 (compatible; SemrushBot/7~bl; +http://www.semrush.com/bot.html)"
185.216.113.70 - - [28/Apr/2026:08:59:44 +0300] "POST /wp-cron.php?doing_wp_cron=1777355984.2253799438476562500000 HTTP/1.1" 200 448 "-" "WordPress/6.3.8; https://serhatburke.miroglu.net"
62.12.118.37 - - [28/Apr/2026:08:59:32 +0300] "GET /best-united-states-of-america-casinos-2026-greatest-web-based-casinos-for-us-participants/ HTTP/1.1" 200 80862 "-" "Mozilla/5.0 (Windows NT 10.0; Win64; x64; rv:125.0) Gecko/20100101 Firefox/125.0"
57.128.22.95 - - [28/Apr/2026:08:59:52 +0300] "GET /zotabet-casino-bonus-premier-depot-2026/ HTTP/1.1" 200 19124 "-" "Mozilla/5.0 (compatible; Googlebot/2.1; +http://www.google.com/bot.html)"
80.90.183.146 - - [28/Apr/2026:09:00:01 +0300] "GET /88701-2/ HTTP/1.1" 200 18389 "-" "Mozilla/5.0 (compatible; Googlebot/2.1; +http://www.google.com/bot.html)"
107.172.170.179 - - [28/Apr/2026:09:00:11 +0300] "GET /beste-casino-site-belgie-hoge-inzet/ HTTP/1.1" 200 19265 "-" "Mozilla/5.0 (X11; Fedora; Linux x86_64; rv:114.0) Gecko/20100101 Firefox/114.0"
185.216.113.70 - - [28/Apr/2026:09:01:39 +0300] "POST /wp-cron.php?doing_wp_cron=1777356099.5265119075775146484375 HTTP/1.1" 200 448 "-" "WordPress/6.3.8; https://serhatburke.miroglu.net"
62.12.118.37 - - [28/Apr/2026:09:01:26 +0300] "POST /xmlrpc.php HTTP/1.1" 200 630 "-" "Mozilla/5.0 (Windows NT 10.0; Win64; x64) AppleWebKit/537.36 (KHTML, like Gecko) Chrome/114.0.0.0 Safari/537.36"
62.12.118.37 - - [28/Apr/2026:09:01:45 +0300] "POST /xmlrpc.php HTTP/1.1" 200 16609 "-" "Mozilla/5.0 (Windows NT 10.0; Win64; x64) AppleWebKit/537.36 (KHTML, like Gecko) Chrome/114.0.0.0 Safari/537.36"
62.12.118.37 - - [28/Apr/2026:09:02:00 +0300] "GET /best-on-line-pokies-australia-2024-play-real-cash-pokies-that-have-huge-profits/ HTTP/1.1" 200 80915 "-" "Mozilla/5.0 (Windows NT 10.0; Win64; x64; rv:125.0) Gecko/20100101 Firefox/125.0"
113.179.193.177 - - [28/Apr/2026:09:02:03 +0300] "GET /automaty-hazard-online HTTP/1.1" 301 649 "https://serhatburke.miroglu.net/" "Mozilla/5.0 (X11; Linux x86_64; rv:121.0) Gecko/20100101 Firefox/121.0"
113.179.193.177 - - [28/Apr/2026:09:02:17 +0300] "GET /automaty-hazard-online/ HTTP/1.1" 200 20437 "https://serhatburke.miroglu.net/" "Mozilla/5.0 (X11; Linux x86_64; rv:121.0) Gecko/20100101 Firefox/121.0"
185.216.113.70 - - [28/Apr/2026:09:03:02 +0300] "POST /wp-cron.php?doing_wp_cron=1777356182.7823219299316406250000 HTTP/1.1" 200 448 "-" "WordPress/6.3.8; https://serhatburke.miroglu.net"
103.219.169.195 - - [28/Apr/2026:09:02:49 +0300] "POST /xmlrpc.php HTTP/1.1" 200 630 "-" "Mozilla/5.0 (Windows NT 10.0; Win64; x64) AppleWebKit/537.36 (KHTML, like Gecko) Chrome/114.0.0.0 Safari/537.36"
103.219.169.195 - - [28/Apr/2026:09:03:09 +0300] "POST /xmlrpc.php HTTP/1.1" 200 16231 "-" "Mozilla/5.0 (Windows NT 10.0; Win64; x64) AppleWebKit/537.36 (KHTML, like Gecko) Chrome/114.0.0.0 Safari/537.36"
103.219.169.195 - - [28/Apr/2026:09:03:25 +0300] "GET /casino-einzeln-angeschlossen-spielbank-bericht-and-provision/ HTTP/1.1" 200 80340 "-" "Mozilla/5.0 (Windows NT 10.0; Win64; x64) AppleWebKit/537.36 (KHTML, like Gecko) Chrome/124.0.0.0 Safari/537.36 Edg/124.0.0.0"
185.216.113.70 - - [28/Apr/2026:09:03:59 +0300] "POST /wp-cron.php?doing_wp_cron=1777356239.1706790924072265625000 HTTP/1.1" 200 448 "-" "WordPress/6.3.8; https://serhatburke.miroglu.net"
62.12.118.37 - - [28/Apr/2026:09:03:47 +0300] "POST /xmlrpc.php HTTP/1.1" 200 630 "-" "Mozilla/5.0 (Windows NT 10.0; Win64; x64) AppleWebKit/537.36 (KHTML, like Gecko) Chrome/114.0.0.0 Safari/537.36"
62.12.118.37 - - [28/Apr/2026:09:04:05 +0300] "POST /xmlrpc.php HTTP/1.1" 200 16471 "-" "Mozilla/5.0 (Windows NT 10.0; Win64; x64) AppleWebKit/537.36 (KHTML, like Gecko) Chrome/114.0.0.0 Safari/537.36"
62.12.118.37 - - [28/Apr/2026:09:04:20 +0300] "GET /safe-casinos-on-the-internet-australian-continent-best-trusted-au-gambling-enterprises-to-own-2026/ HTTP/1.1" 200 81204 "-" "Mozilla/5.0 (Windows NT 10.0; Win64; x64; rv:124.0) Gecko/20100101 Firefox/124.0"
185.216.113.70 - - [28/Apr/2026:09:06:23 +0300] "POST /wp-cron.php?doing_wp_cron=1777356383.2956190109252929687500 HTTP/1.1" 200 448 "-" "WordPress/6.3.8; https://serhatburke.miroglu.net"
62.12.118.37 - - [28/Apr/2026:09:06:08 +0300] "POST /xmlrpc.php HTTP/1.1" 200 630 "-" "Mozilla/5.0 (Windows NT 10.0; Win64; x64) AppleWebKit/537.36 (KHTML, like Gecko) Chrome/114.0.0.0 Safari/537.36"
40.77.167.7 - - [28/Apr/2026:09:06:19 +0300] "GET /destroyed-vegas-demonstration-enjoy-totally-aladdins-wishes-symbols-free-slot-video-game/ HTTP/2" 200 19177 "-" "Mozilla/5.0 AppleWebKit/537.36 (KHTML, like Gecko; compatible; bingbot/2.0; +http://www.bing.com/bingbot.htm) Chrome/116.0.1938.76 Safari/537.36"
62.12.118.37 - - [28/Apr/2026:09:06:30 +0300] "POST /xmlrpc.php HTTP/1.1" 200 16252 "-" "Mozilla/5.0 (Windows NT 10.0; Win64; x64) AppleWebKit/537.36 (KHTML, like Gecko) Chrome/114.0.0.0 Safari/537.36"
185.216.113.70 - - [28/Apr/2026:09:06:57 +0300] "POST /wp-cron.php?doing_wp_cron=1777356417.3688530921936035156250 HTTP/1.1" 200 448 "-" "WordPress/6.3.8; https://serhatburke.miroglu.net"
62.12.118.37 - - [28/Apr/2026:09:06:45 +0300] "GET /realize-our-very-own-very-santas-ranch-1-deposit-very-own-opinion/ HTTP/1.1" 200 80046 "-" "Mozilla/5.0 (Windows NT 10.0; Win64; x64; rv:125.0) Gecko/20100101 Firefox/125.0"
185.216.113.70 - - [28/Apr/2026:09:07:53 +0300] "POST /wp-cron.php?doing_wp_cron=1777356473.0342199802398681640625 HTTP/1.1" 200 448 "-" "WordPress/6.3.8; https://serhatburke.miroglu.net"
103.219.169.195 - - [28/Apr/2026:09:07:40 +0300] "POST /xmlrpc.php HTTP/1.1" 200 630 "-" "Mozilla/5.0 (Windows NT 10.0; Win64; x64) AppleWebKit/537.36 (KHTML, like Gecko) Chrome/114.0.0.0 Safari/537.36"
103.219.169.195 - - [28/Apr/2026:09:08:00 +0300] "POST /xmlrpc.php HTTP/1.1" 200 16402 "-" "Mozilla/5.0 (Windows NT 10.0; Win64; x64) AppleWebKit/537.36 (KHTML, like Gecko) Chrome/114.0.0.0 Safari/537.36"
103.219.169.195 - - [28/Apr/2026:09:08:15 +0300] "GET /tagesordnungspunkt-eye-of-horus-casinos-uber-maklercourtage-and-echtgeld-spielen/ HTTP/1.1" 200 80909 "-" "Mozilla/5.0 (Windows NT 10.0; Win64; x64) AppleWebKit/537.36 (KHTML, like Gecko) Chrome/123.0.0.0 Safari/537.36 OPR/109.0.0.0"
185.216.113.70 - - [28/Apr/2026:09:08:40 +0300] "POST /wp-cron.php?doing_wp_cron=1777356520.3618741035461425781250 HTTP/1.1" 200 448 "-" "WordPress/6.3.8; https://serhatburke.miroglu.net"
62.12.118.37 - - [28/Apr/2026:09:08:21 +0300] "POST /xmlrpc.php HTTP/1.1" 200 630 "-" "Mozilla/5.0 (Windows NT 10.0; Win64; x64) AppleWebKit/537.36 (KHTML, like Gecko) Chrome/114.0.0.0 Safari/537.36"
62.12.118.37 - - [28/Apr/2026:09:08:47 +0300] "POST /xmlrpc.php HTTP/1.1" 200 16755 "-" "Mozilla/5.0 (Windows NT 10.0; Win64; x64) AppleWebKit/537.36 (KHTML, like Gecko) Chrome/114.0.0.0 Safari/537.36"
62.12.118.37 - - [28/Apr/2026:09:09:03 +0300] "GET /best-pa-internet-casino-no-deposit-incentive-rules-available-in-2026/ HTTP/1.1" 200 80757 "-" "Mozilla/5.0 (Windows NT 10.0; Win64; x64) AppleWebKit/537.36 (KHTML, like Gecko) Chrome/109.0.0.0 Safari/537.36"
185.216.113.70 - - [28/Apr/2026:09:10:52 +0300] "POST /wp-cron.php?doing_wp_cron=1777356651.9770290851593017578125 HTTP/1.1" 200 448 "-" "WordPress/6.3.8; https://serhatburke.miroglu.net"
62.12.118.37 - - [28/Apr/2026:09:10:37 +0300] "POST /xmlrpc.php HTTP/1.1" 200 630 "-" "Mozilla/5.0 (Windows NT 10.0; Win64; x64) AppleWebKit/537.36 (KHTML, like Gecko) Chrome/114.0.0.0 Safari/537.36"
62.12.118.37 - - [28/Apr/2026:09:10:58 +0300] "POST /xmlrpc.php HTTP/1.1" 200 16611 "-" "Mozilla/5.0 (Windows NT 10.0; Win64; x64) AppleWebKit/537.36 (KHTML, like Gecko) Chrome/114.0.0.0 Safari/537.36"
62.12.118.37 - - [28/Apr/2026:09:11:14 +0300] "GET /120-free-revolves-for-real-money-online-slots-games/ HTTP/1.1" 200 80150 "-" "Mozilla/5.0 (Windows NT 10.0; rv:109.0) Gecko/20100101 Firefox/115.0"
185.216.113.70 - - [28/Apr/2026:09:12:34 +0300] "POST /wp-cron.php?doing_wp_cron=1777356754.5570418834686279296875 HTTP/1.1" 200 448 "-" "WordPress/6.3.8; https://serhatburke.miroglu.net"
103.219.169.195 - - [28/Apr/2026:09:12:21 +0300] "POST /xmlrpc.php HTTP/1.1" 200 630 "-" "Mozilla/5.0 (Windows NT 10.0; Win64; x64) AppleWebKit/537.36 (KHTML, like Gecko) Chrome/114.0.0.0 Safari/537.36"
27.2.72.96 - - [28/Apr/2026:09:12:30 +0300] "POST /xmlrpc.php HTTP/2" 200 140 "-" "WordPress/XMLRPC Client"
103.219.169.195 - - [28/Apr/2026:09:12:42 +0300] "POST /xmlrpc.php HTTP/1.1" 200 14640 "-" "Mozilla/5.0 (Windows NT 10.0; Win64; x64) AppleWebKit/537.36 (KHTML, like Gecko) Chrome/114.0.0.0 Safari/537.36"
62.12.118.37 - - [28/Apr/2026:09:12:48 +0300] "POST /xmlrpc.php HTTP/1.1" 200 630 "-" "Mozilla/5.0 (Windows NT 10.0; Win64; x64) AppleWebKit/537.36 (KHTML, like Gecko) Chrome/114.0.0.0 Safari/537.36"
27.2.72.96 - - [28/Apr/2026:09:12:47 +0300] "GET /?p=141864 HTTP/2" 301 0 "-" "Mozilla/5.0 (Windows NT 10.0; Win64; x64) AppleWebKit/537.36 (KHTML, like Gecko) Chrome/120.0.0.0 Safari/537.36"
103.219.169.195 - - [28/Apr/2026:09:13:01 +0300] "GET /eurogrand-provision-kode-april-2026-kupon-codes/ HTTP/1.1" 200 78768 "-" "Mozilla/5.0 (Windows NT 10.0; Win64; x64) AppleWebKit/537.36 (KHTML, like Gecko) Chrome/123.0.0.0 Safari/537.36 OPR/109.0.0.0"
185.216.113.70 - - [28/Apr/2026:09:13:27 +0300] "POST /wp-cron.php?doing_wp_cron=1777356807.4282829761505126953125 HTTP/1.1" 200 448 "-" "WordPress/6.3.8; https://serhatburke.miroglu.net"
62.12.118.37 - - [28/Apr/2026:09:13:12 +0300] "POST /xmlrpc.php HTTP/1.1" 200 16281 "-" "Mozilla/5.0 (Windows NT 10.0; Win64; x64) AppleWebKit/537.36 (KHTML, like Gecko) Chrome/114.0.0.0 Safari/537.36"
62.12.118.37 - - [28/Apr/2026:09:13:28 +0300] "GET /gifts-out-of-xmas-slot-enjoy-100-percent-free-demo/ HTTP/1.1" 200 79650 "-" "Mozilla/5.0 (Windows NT 10.0; Win64; x64) AppleWebKit/537.36 (KHTML, like Gecko) Chrome/122.0.0.0 Safari/537.36"
52.167.144.169 - - [28/Apr/2026:09:13:38 +0300] "GET /s-post/ HTTP/2" 200 16090 "-" "Mozilla/5.0 AppleWebKit/537.36 (KHTML, like Gecko; compatible; bingbot/2.0; +http://www.bing.com/bingbot.htm) Chrome/116.0.1938.76 Safari/537.36"
52.167.144.183 - - [28/Apr/2026:09:13:42 +0300] "GET /your-es-as-the-aviator-super-money-and-you-may-rocketman-open-to-gamble/ HTTP/2" 200 17590 "-" "Mozilla/5.0 AppleWebKit/537.36 (KHTML, like Gecko; compatible; bingbot/2.0; +http://www.bing.com/bingbot.htm) Chrome/116.0.1938.76 Safari/537.36"
185.216.113.70 - - [28/Apr/2026:09:14:39 +0300] "POST /wp-cron.php?doing_wp_cron=1777356879.1972289085388183593750 HTTP/1.1" 200 448 "-" "WordPress/6.3.8; https://serhatburke.miroglu.net"
52.167.144.169 - - [28/Apr/2026:09:14:07 +0300] "GET /kraken-bezopasnyi-dostup-k-darknetu-i-aktual-nye-ssylki/ HTTP/2" 200 18469 "-" "Mozilla/5.0 AppleWebKit/537.36 (KHTML, like Gecko; compatible; bingbot/2.0; +http://www.bing.com/bingbot.htm) Chrome/116.0.1938.76 Safari/537.36"
185.216.113.70 - - [28/Apr/2026:09:14:43 +0300] "POST /wp-cron.php?doing_wp_cron=1777356883.4378108978271484375000 HTTP/1.1" 200 448 "-" "WordPress/6.3.8; https://serhatburke.miroglu.net"
159.26.103.186 - - [28/Apr/2026:09:14:08 +0300] "GET /automaty-hazard-online/ HTTP/1.1" 200 18409 "https://serhatburke.miroglu.net/" "Mozilla/5.0 (Windows NT 10.0; Win64; x64) AppleWebKit/537.36 (KHTML, like Gecko) Chrome/144.0.0.0 Safari/537.36"
185.216.113.70 - - [28/Apr/2026:09:14:49 +0300] "POST /wp-cron.php?doing_wp_cron=1777356889.5626358985900878906250 HTTP/1.1" 200 448 "-" "WordPress/6.3.8; https://serhatburke.miroglu.net"
185.216.113.70 - - [28/Apr/2026:09:14:50 +0300] "POST /wp-cron.php?doing_wp_cron=1777356890.7634971141815185546875 HTTP/1.1" 200 448 "-" "WordPress/6.3.8; https://serhatburke.miroglu.net"
52.167.144.183 - - [28/Apr/2026:09:14:12 +0300] "GET /thunderstruck-ii-slot-comment-2026-enjoy-on-the-web/ HTTP/2" 200 18908 "-" "Mozilla/5.0 AppleWebKit/537.36 (KHTML, like Gecko; compatible; bingbot/2.0; +http://www.bing.com/bingbot.htm) Chrome/116.0.1938.76 Safari/537.36"
52.167.144.169 - - [28/Apr/2026:09:14:12 +0300] "GET /nieuwste-online-casinos-2026-liefste-nieuwe-casinos-holland/ HTTP/2" 200 18961 "-" "Mozilla/5.0 AppleWebKit/537.36 (KHTML, like Gecko; compatible; bingbot/2.0; +http://www.bing.com/bingbot.htm) Chrome/116.0.1938.76 Safari/537.36"
185.216.113.70 - - [28/Apr/2026:09:15:09 +0300] "POST /wp-cron.php?doing_wp_cron=1777356909.6745879650115966796875 HTTP/1.1" 200 448 "-" "WordPress/6.3.8; https://serhatburke.miroglu.net"
52.167.144.183 - - [28/Apr/2026:09:14:22 +0300] "GET /baliza-melhores-slots-online-sobre-portugal-2026-joga-agora/ HTTP/2" 200 0 "-" "Mozilla/5.0 AppleWebKit/537.36 (KHTML, like Gecko; compatible; bingbot/2.0; +http://www.bing.com/bingbot.htm) Chrome/116.0.1938.76 Safari/537.36"
159.26.103.186 - - [28/Apr/2026:09:14:39 +0300] "GET /automaty-hazard-online/ HTTP/1.1" 200 18510 "https://serhatburke.miroglu.net/" "Mozilla/5.0 (Windows NT 10.0; Win64; x64) AppleWebKit/537.36 (KHTML, like Gecko) Chrome/144.0.0.0 Safari/537.36"
62.12.118.37 - - [28/Apr/2026:09:14:52 +0300] "POST /xmlrpc.php HTTP/1.1" 200 630 "-" "Mozilla/5.0 (Windows NT 10.0; Win64; x64) AppleWebKit/537.36 (KHTML, like Gecko) Chrome/114.0.0.0 Safari/537.36"
52.167.144.218 - - [28/Apr/2026:09:14:58 +0300] "GET /1-salle-de-jeu-commentaire-2026-bonus-jusqua-2-000-75-fs/ HTTP/2" 200 0 "-" "Mozilla/5.0 AppleWebKit/537.36 (KHTML, like Gecko; compatible; bingbot/2.0; +http://www.bing.com/bingbot.htm) Chrome/116.0.1938.76 Safari/537.36"
159.26.103.186 - - [28/Apr/2026:09:15:10 +0300] "GET /automaty-hazard-online/ HTTP/1.1" 200 18385 "https://serhatburke.miroglu.net/" "Mozilla/5.0 (Windows NT 10.0; Win64; x64) AppleWebKit/537.36 (KHTML, like Gecko) Chrome/144.0.0.0 Safari/537.36"
52.167.144.183 - - [28/Apr/2026:09:15:22 +0300] "GET /betting-casino-thrills-slots-apps-uk-finest-gaming-apps-2026/ HTTP/2" 200 19245 "-" "Mozilla/5.0 AppleWebKit/537.36 (KHTML, like Gecko; compatible; bingbot/2.0; +http://www.bing.com/bingbot.htm) Chrome/116.0.1938.76 Safari/537.36"
62.12.118.37 - - [28/Apr/2026:09:15:52 +0300] "POST /xmlrpc.php HTTP/1.1" 200 16255 "-" "Mozilla/5.0 (Windows NT 10.0; Win64; x64) AppleWebKit/537.36 (KHTML, like Gecko) Chrome/114.0.0.0 Safari/537.36"
62.12.118.37 - - [28/Apr/2026:09:16:07 +0300] "GET /senior-scrolls-on-the-web-necrom-all-of-the-demonstration-kits-the-way-to-get-him-or-her/ HTTP/1.1" 200 80530 "-" "Mozilla/5.0 (Windows NT 10.0; rv:109.0) Gecko/20100101 Firefox/115.0"
185.216.113.70 - - [28/Apr/2026:09:17:02 +0300] "POST /wp-cron.php?doing_wp_cron=1777357022.1061439514160156250000 HTTP/1.1" 200 448 "-" "WordPress/6.3.8; https://serhatburke.miroglu.net"
62.12.118.37 - - [28/Apr/2026:09:16:49 +0300] "POST /xmlrpc.php HTTP/1.1" 200 630 "-" "Mozilla/5.0 (Windows NT 10.0; Win64; x64) AppleWebKit/537.36 (KHTML, like Gecko) Chrome/114.0.0.0 Safari/537.36"
62.12.118.37 - - [28/Apr/2026:09:17:08 +0300] "POST /xmlrpc.php HTTP/1.1" 200 16552 "-" "Mozilla/5.0 (Windows NT 10.0; Win64; x64) AppleWebKit/537.36 (KHTML, like Gecko) Chrome/114.0.0.0 Safari/537.36"
103.219.169.195 - - [28/Apr/2026:09:17:13 +0300] "POST /xmlrpc.php HTTP/1.1" 200 630 "-" "Mozilla/5.0 (Windows NT 10.0; Win64; x64) AppleWebKit/537.36 (KHTML, like Gecko) Chrome/114.0.0.0 Safari/537.36"
62.12.118.37 - - [28/Apr/2026:09:17:23 +0300] "GET /better-internet-casino-incentives-in-the-usa-inside-march-2026/ HTTP/1.1" 200 80310 "-" "Mozilla/5.0 (Windows NT 10.0; Win64; x64; rv:124.0) Gecko/20100101 Firefox/124.0"
185.216.113.70 - - [28/Apr/2026:09:17:47 +0300] "POST /wp-cron.php?doing_wp_cron=1777357067.2772090435028076171875 HTTP/1.1" 200 448 "-" "WordPress/6.3.8; https://serhatburke.miroglu.net"
103.219.169.195 - - [28/Apr/2026:09:17:33 +0300] "POST /xmlrpc.php HTTP/1.1" 200 14952 "-" "Mozilla/5.0 (Windows NT 10.0; Win64; x64) AppleWebKit/537.36 (KHTML, like Gecko) Chrome/114.0.0.0 Safari/537.36"
23.83.89.5 - - [28/Apr/2026:09:17:38 +0300] "GET /beste-casino-site-belgie-hoge-inzet/ HTTP/1.1" 200 19265 "-" "Mozilla/5.0 (X11; Fedora; Linux x86_64; rv:114.0) Gecko/20100101 Firefox/114.0"
103.219.169.195 - - [28/Apr/2026:09:17:48 +0300] "GET /pirates-golden-eulersche-zahl-komplettl%EF%BF%BDsung/ HTTP/1.1" 200 78870 "-" "Mozilla/5.0 (Windows NT 10.0; rv:109.0) Gecko/20100101 Firefox/115.0"
85.208.96.206 - - [28/Apr/2026:09:18:24 +0300] "GET /robots.txt HTTP/1.1" 200 605 "-" "Mozilla/5.0 (compatible; SemrushBot/7~bl; +http://www.semrush.com/bot.html)"
185.216.113.70 - - [28/Apr/2026:09:18:48 +0300] "POST /wp-cron.php?doing_wp_cron=1777357128.8429369926452636718750 HTTP/1.1" 200 448 "-" "WordPress/6.3.8; https://serhatburke.miroglu.net"
185.191.171.12 - - [28/Apr/2026:09:18:36 +0300] "GET /about-me/ HTTP/1.1" 200 19145 "-" "Mozilla/5.0 (compatible; SemrushBot/7~bl; +http://www.semrush.com/bot.html)"
62.12.118.37 - - [28/Apr/2026:09:18:50 +0300] "POST /xmlrpc.php HTTP/1.1" 200 630 "-" "Mozilla/5.0 (Windows NT 10.0; Win64; x64) AppleWebKit/537.36 (KHTML, like Gecko) Chrome/114.0.0.0 Safari/537.36"
178.159.37.5 - 9betink [28/Apr/2026:09:18:51 +0300] "POST /xmlrpc.php HTTP/1.1" 200 1155 "-" "Mozilla/5.0 (Macintosh; Intel Mac OS X 10_15_1) AppleWebKit/537.36 (KHTML, like Gecko) Chrome/80.0.3987.132 Safari/537.36"
185.216.113.70 - - [28/Apr/2026:09:19:28 +0300] "POST /wp-cron.php?doing_wp_cron=1777357168.0910429954528808593750 HTTP/1.1" 200 448 "-" "WordPress/6.3.8; https://serhatburke.miroglu.net"
62.12.118.37 - - [28/Apr/2026:09:19:15 +0300] "POST /xmlrpc.php HTTP/1.1" 200 16500 "-" "Mozilla/5.0 (Windows NT 10.0; Win64; x64) AppleWebKit/537.36 (KHTML, like Gecko) Chrome/114.0.0.0 Safari/537.36"
62.12.118.37 - - [28/Apr/2026:09:19:29 +0300] "GET /online-slots-games-greatest-100-percent-free-trial-games-inside-2026/ HTTP/1.1" 200 80340 "-" "Mozilla/5.0 (Windows NT 10.0; rv:109.0) Gecko/20100101 Firefox/115.0"
185.216.113.70 - - [28/Apr/2026:09:20:59 +0300] "POST /wp-cron.php?doing_wp_cron=1777357259.8865160942077636718750 HTTP/1.1" 200 448 "-" "WordPress/6.3.8; https://serhatburke.miroglu.net"
168.100.149.56 - - [28/Apr/2026:09:20:47 +0300] "GET /robots.txt HTTP/2" 200 110 "-" "Mozilla/5.0 (compatible; AhrefsBot/7.0; +http://ahrefs.com/robot/)"
62.12.118.37 - - [28/Apr/2026:09:20:54 +0300] "POST /xmlrpc.php HTTP/1.1" 200 630 "-" "Mozilla/5.0 (Windows NT 10.0; Win64; x64) AppleWebKit/537.36 (KHTML, like Gecko) Chrome/114.0.0.0 Safari/537.36"
168.100.149.100 - - [28/Apr/2026:09:21:03 +0300] "GET /beste-casino-site-belgie-hoge-inzet/ HTTP/2" 200 18552 "-" "Mozilla/5.0 (compatible; AhrefsBot/7.0; +http://ahrefs.com/robot/)"
40.77.167.74 - - [28/Apr/2026:09:21:15 +0300] "GET /eye-king-ofs-touch-symbole-of-horus-gratis-vortragen-freispiel-entzuckung/ HTTP/2" 200 19984 "-" "Mozilla/5.0 AppleWebKit/537.36 (KHTML, like Gecko; compatible; bingbot/2.0; +http://www.bing.com/bingbot.htm) Chrome/116.0.1938.76 Safari/537.36"
62.12.118.37 - - [28/Apr/2026:09:21:17 +0300] "POST /xmlrpc.php HTTP/1.1" 200 16275 "-" "Mozilla/5.0 (Windows NT 10.0; Win64; x64) AppleWebKit/537.36 (KHTML, like Gecko) Chrome/114.0.0.0 Safari/537.36"
185.216.113.70 - - [28/Apr/2026:09:21:39 +0300] "POST /wp-cron.php?doing_wp_cron=1777357299.8128740787506103515625 HTTP/1.1" 200 448 "-" "WordPress/6.3.8; https://serhatburke.miroglu.net"
52.167.144.218 - - [28/Apr/2026:09:21:19 +0300] "GET /tronscan-the-complete-guide-to-crypto-tracking/ HTTP/2" 200 18342 "-" "Mozilla/5.0 AppleWebKit/537.36 (KHTML, like Gecko; compatible; bingbot/2.0; +http://www.bing.com/bingbot.htm) Chrome/116.0.1938.76 Safari/537.36"
62.12.118.37 - - [28/Apr/2026:09:21:38 +0300] "GET /finest-skrill-gambling-enterprise-websites/ HTTP/1.1" 200 79459 "-" "Mozilla/5.0 (Windows NT 10.0; Win64; x64; rv:125.0) Gecko/20100101 Firefox/125.0"
