128.14.102.152 - - [28/Apr/2026:23:39:41 +0300] "POST /xmlrpc.php HTTP/1.1" 200 13050 "-" "Mozilla/5.0 (Windows NT 10.0; Win64; x64) AppleWebKit/537.36 (KHTML, like Gecko) Chrome/114.0.0.0 Safari/537.36"
128.14.102.152 - - [28/Apr/2026:23:39:54 +0300] "GET /eye-of-horus-entdecke-das-horus-spielbank-abenteuer/ HTTP/1.1" 200 76781 "-" "Mozilla/5.0 (Windows NT 10.0; rv:109.0) Gecko/20100101 Firefox/115.0"
91.242.215.67 - - [28/Apr/2026:23:40:18 +0300] "POST /xmlrpc.php HTTP/1.1" 200 630 "-" "Mozilla/5.0 (Windows NT 10.0; Win64; x64) AppleWebKit/537.36 (KHTML, like Gecko) Chrome/114.0.0.0 Safari/537.36"
185.216.113.70 - - [28/Apr/2026:23:41:00 +0300] "POST /wp-cron.php?doing_wp_cron=1777408860.3082239627838134765625 HTTP/1.1" 200 448 "-" "WordPress/6.3.8; https://serhatburke.miroglu.net"
91.242.215.67 - - [28/Apr/2026:23:40:48 +0300] "POST /xmlrpc.php HTTP/1.1" 200 13002 "-" "Mozilla/5.0 (Windows NT 10.0; Win64; x64) AppleWebKit/537.36 (KHTML, like Gecko) Chrome/114.0.0.0 Safari/537.36"
91.242.215.67 - - [28/Apr/2026:23:41:05 +0300] "GET /deswegen-auffangen-die-autoren-sicher-dass-samtliche-gamer-sachliche-weiters-unvoreingenommene-assessments-auftreibt/ HTTP/1.1" 200 78865 "-" "Mozilla/5.0 (Windows NT 10.0; rv:109.0) Gecko/20100101 Firefox/115.0"
185.216.113.70 - - [28/Apr/2026:23:43:13 +0300] "POST /wp-cron.php?doing_wp_cron=1777408993.4292290210723876953125 HTTP/1.1" 200 448 "-" "WordPress/6.3.8; https://serhatburke.miroglu.net"
185.216.113.70 - - [28/Apr/2026:23:43:13 +0300] "POST /wp-cron.php?doing_wp_cron=1777408993.4298748970031738281250 HTTP/1.1" 200 448 "-" "WordPress/6.3.8; https://serhatburke.miroglu.net"
91.242.215.67 - - [28/Apr/2026:23:42:59 +0300] "POST /xmlrpc.php HTTP/1.1" 200 630 "-" "Mozilla/5.0 (Windows NT 10.0; Win64; x64) AppleWebKit/537.36 (KHTML, like Gecko) Chrome/114.0.0.0 Safari/537.36"
40.77.167.7 - - [28/Apr/2026:23:43:00 +0300] "GET /los-primero-es-antes-loteria-tiene-excelentes-oportunidades-sobre-conseguir-comparativa-2025/ HTTP/2" 200 19961 "-" "Mozilla/5.0 AppleWebKit/537.36 (KHTML, like Gecko; compatible; bingbot/2.0; +http://www.bing.com/bingbot.htm) Chrome/116.0.1938.76 Safari/537.36"
40.77.167.243 - - [28/Apr/2026:23:43:13 +0300] "GET /atomic-wallet-your-essential-guide-to-downloading-and-using/ HTTP/2" 200 17739 "-" "Mozilla/5.0 AppleWebKit/537.36 (KHTML, like Gecko; compatible; bingbot/2.0; +http://www.bing.com/bingbot.htm) Chrome/116.0.1938.76 Safari/537.36"
40.77.167.74 - - [28/Apr/2026:23:43:18 +0300] "GET /kraken-vashi-kliuchi-k-darknetu-2026-goda/ HTTP/2" 200 0 "-" "Mozilla/5.0 AppleWebKit/537.36 (KHTML, like Gecko; compatible; bingbot/2.0; +http://www.bing.com/bingbot.htm) Chrome/116.0.1938.76 Safari/537.36"
91.242.215.67 - - [28/Apr/2026:23:43:22 +0300] "POST /xmlrpc.php HTTP/1.1" 200 9812 "-" "Mozilla/5.0 (Windows NT 10.0; Win64; x64) AppleWebKit/537.36 (KHTML, like Gecko) Chrome/114.0.0.0 Safari/537.36"
40.77.167.7 - - [28/Apr/2026:23:43:19 +0300] "GET /finest-ports-to-try-out-online-the-real-deal-currency/ HTTP/2" 200 18691 "-" "Mozilla/5.0 AppleWebKit/537.36 (KHTML, like Gecko; compatible; bingbot/2.0; +http://www.bing.com/bingbot.htm) Chrome/116.0.1938.76 Safari/537.36"
40.77.167.7 - - [28/Apr/2026:23:43:23 +0300] "GET /unser-diese-seite-ernahrungs-docs/ HTTP/2" 200 0 "-" "Mozilla/5.0 AppleWebKit/537.36 (KHTML, like Gecko; compatible; bingbot/2.0; +http://www.bing.com/bingbot.htm) Chrome/116.0.1938.76 Safari/537.36"
185.216.113.70 - - [28/Apr/2026:23:44:14 +0300] "POST /wp-cron.php?doing_wp_cron=1777409054.4600450992584228515625 HTTP/1.1" 200 448 "-" "WordPress/6.3.8; https://serhatburke.miroglu.net"
57.128.22.95 - - [28/Apr/2026:23:43:28 +0300] "GET /beste-casino-site-belgie-hoge-inzet/ HTTP/1.1" 200 19265 "-" "Mozilla/5.0 (compatible; Googlebot/2.1; +http://www.google.com/bot.html)"
185.216.113.70 - - [28/Apr/2026:23:44:17 +0300] "POST /wp-cron.php?doing_wp_cron=1777409057.7431828975677490234375 HTTP/1.1" 200 448 "-" "WordPress/6.3.8; https://serhatburke.miroglu.net"
178.159.37.83 - - [28/Apr/2026:23:43:40 +0300] "POST /xmlrpc.php HTTP/1.1" 200 225684 "-" "Mozilla/5.0 (Windows NT 10.0; WOW64; x64) AppleWebKit/537.36 (KHTML, like Gecko) Chrome/114.0.0.0 Safari/537.36 OPR/89.0.4447.51"
185.216.113.70 - - [28/Apr/2026:23:44:19 +0300] "POST /wp-cron.php?doing_wp_cron=1777409059.8066959381103515625000 HTTP/1.1" 200 448 "-" "WordPress/6.3.8; https://serhatburke.miroglu.net"
82.25.62.125 - - [28/Apr/2026:23:43:37 +0300] "GET /88701-2/ HTTP/1.1" 200 18389 "-" "Mozilla/5.0 (compatible; Googlebot/2.1; +http://www.google.com/bot.html)"
185.216.113.70 - - [28/Apr/2026:23:44:42 +0300] "POST /wp-cron.php?doing_wp_cron=1777409081.9516010284423828125000 HTTP/1.1" 200 448 "-" "WordPress/6.3.8; https://serhatburke.miroglu.net"
40.77.167.243 - - [28/Apr/2026:23:44:05 +0300] "GET /forging-your-fortune-a-deep-look-into-hollywood-bets-reviews-and/ HTTP/2" 200 18821 "-" "Mozilla/5.0 AppleWebKit/537.36 (KHTML, like Gecko; compatible; bingbot/2.0; +http://www.bing.com/bingbot.htm) Chrome/116.0.1938.76 Safari/537.36"
40.77.167.7 - - [28/Apr/2026:23:44:17 +0300] "GET /post_tag-sitemap.xml HTTP/2" 200 0 "-" "Mozilla/5.0 AppleWebKit/537.36 (KHTML, like Gecko; compatible; bingbot/2.0; +http://www.bing.com/bingbot.htm) Chrome/116.0.1938.76 Safari/537.36"
40.77.167.7 - - [28/Apr/2026:23:44:22 +0300] "GET /discover-the-unique-advantages-of-safepal-wallet-2/ HTTP/2" 200 0 "-" "Mozilla/5.0 AppleWebKit/537.36 (KHTML, like Gecko; compatible; bingbot/2.0; +http://www.bing.com/bingbot.htm) Chrome/116.0.1938.76 Safari/537.36"
91.242.215.67 - - [28/Apr/2026:23:44:16 +0300] "GET /nachfolgende-offenheit-in-betrieb-berechtigten-titeln-erfolgt-selbstbeweglich-sodass-ein-procedere-zu-handen-samtliche-muhelos-verlauft/ HTTP/1.1" 200 76000 "-" "Mozilla/5.0 (Windows NT 10.0; Win64; x64; rv:124.0) Gecko/20100101 Firefox/124.0"
40.77.167.74 - - [28/Apr/2026:23:44:40 +0300] "GET /sobre-como-descargo-riddle-of-the-sphinx-al-propio-celular/ HTTP/2" 200 0 "-" "Mozilla/5.0 AppleWebKit/537.36 (KHTML, like Gecko; compatible; bingbot/2.0; +http://www.bing.com/bingbot.htm) Chrome/116.0.1938.76 Safari/537.36"
209.163.116.251 - - [28/Apr/2026:23:44:23 +0300] "GET /quickwin-casino-opinie-i-bonusy-2026/ HTTP/1.1" 200 18702 "https://serhatburke.miroglu.net/" "Mozilla/5.0 (Windows NT 10.0; Win64; x64) AppleWebKit/537.36 (KHTML, like Gecko) Chrome/114.0.0.0 YaBrowser/22.7.0 Yowser/2.5 Safari/537.36"
128.14.102.152 - - [28/Apr/2026:23:44:33 +0300] "POST /xmlrpc.php HTTP/1.1" 200 630 "-" "Mozilla/5.0 (Windows NT 10.0; Win64; x64) AppleWebKit/537.36 (KHTML, like Gecko) Chrome/114.0.0.0 Safari/537.36"
178.159.37.83 - - [28/Apr/2026:23:44:39 +0300] "POST /xmlrpc.php HTTP/1.1" 200 0 "-" "Mozilla/5.0 (Windows NT 10.0; WOW64; x64) AppleWebKit/537.36 (KHTML, like Gecko) Chrome/114.0.0.0 Safari/537.36 OPR/89.0.4447.51"
40.77.167.243 - - [28/Apr/2026:23:44:55 +0300] "GET /50-freispiele-ohne-einzahlung-2026-ausschlieslich-fix/ HTTP/2" 200 0 "-" "Mozilla/5.0 AppleWebKit/537.36 (KHTML, like Gecko; compatible; bingbot/2.0; +http://www.bing.com/bingbot.htm) Chrome/116.0.1938.76 Safari/537.36"
185.216.113.70 - - [28/Apr/2026:23:45:50 +0300] "POST /wp-cron.php?doing_wp_cron=1777409150.4059169292449951171875 HTTP/1.1" 200 448 "-" "WordPress/6.3.8; https://serhatburke.miroglu.net"
162.223.122.111 - - [28/Apr/2026:23:44:53 +0300] "GET /quickwin-casino-opinie-i-bonusy-2026/ HTTP/1.1" 200 18702 "https://serhatburke.miroglu.net/" "Mozilla/5.0 (Windows NT 10.0; Win64; x64) AppleWebKit/537.36 (KHTML, like Gecko) Chrome/114.0.0.0 YaBrowser/22.7.0 Yowser/2.5 Safari/537.36"
185.216.113.70 - - [28/Apr/2026:23:46:10 +0300] "POST /wp-cron.php?doing_wp_cron=1777409170.7866029739379882812500 HTTP/1.1" 200 448 "-" "WordPress/6.3.8; https://serhatburke.miroglu.net"
151.245.177.113 - - [28/Apr/2026:23:45:23 +0300] "GET /quickwin-casino-opinie-i-bonusy-2026/ HTTP/1.1" 200 18702 "https://serhatburke.miroglu.net/" "Mozilla/5.0 (Windows NT 10.0; Win64; x64) AppleWebKit/537.36 (KHTML, like Gecko) Chrome/114.0.0.0 YaBrowser/22.7.0 Yowser/2.5 Safari/537.36"
40.77.167.7 - - [28/Apr/2026:23:45:22 +0300] "GET /better-slots-to-try-out-inside-the-spinit-top-online-casino-united-kingdom-2026/ HTTP/2" 200 0 "-" "Mozilla/5.0 AppleWebKit/537.36 (KHTML, like Gecko; compatible; bingbot/2.0; +http://www.bing.com/bingbot.htm) Chrome/116.0.1938.76 Safari/537.36"
185.216.113.70 - - [28/Apr/2026:23:46:11 +0300] "POST /wp-cron.php?doing_wp_cron=1777409171.8417758941650390625000 HTTP/1.1" 200 448 "-" "WordPress/6.3.8; https://serhatburke.miroglu.net"
91.242.215.67 - - [28/Apr/2026:23:45:26 +0300] "POST /xmlrpc.php HTTP/1.1" 200 630 "-" "Mozilla/5.0 (Windows NT 10.0; Win64; x64) AppleWebKit/537.36 (KHTML, like Gecko) Chrome/114.0.0.0 Safari/537.36"
128.14.102.152 - - [28/Apr/2026:23:45:47 +0300] "POST /xmlrpc.php HTTP/1.1" 200 15792 "-" "Mozilla/5.0 (Windows NT 10.0; Win64; x64) AppleWebKit/537.36 (KHTML, like Gecko) Chrome/114.0.0.0 Safari/537.36"
185.216.113.70 - - [28/Apr/2026:23:46:46 +0300] "POST /wp-cron.php?doing_wp_cron=1777409206.0936739444732666015625 HTTP/1.1" 200 448 "-" "WordPress/6.3.8; https://serhatburke.miroglu.net"
178.159.37.83 - - [28/Apr/2026:23:45:56 +0300] "POST /xmlrpc.php HTTP/1.1" 200 869 "-" "Mozilla/5.0 (Windows NT 10.0; WOW64; x64) AppleWebKit/537.36 (KHTML, like Gecko) Chrome/114.0.0.0 Safari/537.36 OPR/89.0.4447.51"
91.242.215.67 - - [28/Apr/2026:23:46:20 +0300] "POST /xmlrpc.php HTTP/1.1" 200 12818 "-" "Mozilla/5.0 (Windows NT 10.0; Win64; x64) AppleWebKit/537.36 (KHTML, like Gecko) Chrome/114.0.0.0 Safari/537.36"
40.77.167.7 - - [28/Apr/2026:23:46:24 +0300] "GET /very-first-laws-and-winterberries-slot-payout-regulations-for-dungeons-and-you-may-dragons-dd-fifth-model-5e/ HTTP/2" 200 19195 "-" "Mozilla/5.0 AppleWebKit/537.36 (KHTML, like Gecko; compatible; bingbot/2.0; +http://www.bing.com/bingbot.htm) Chrome/116.0.1938.76 Safari/537.36"
128.14.102.152 - - [28/Apr/2026:23:46:34 +0300] "GET /fruit-mania-automaten-kundgebung-kostenlos-vortragen/ HTTP/1.1" 200 79610 "-" "Mozilla/5.0 (Windows NT 10.0; Win64; x64) AppleWebKit/537.36 (KHTML, like Gecko) Chrome/109.0.0.0 Safari/537.36"
217.73.117.253 - - [28/Apr/2026:23:46:59 +0300] "POST /xmlrpc.php HTTP/2" 200 141 "-" "WordPress/XMLRPC Client"
91.242.215.67 - - [28/Apr/2026:23:47:07 +0300] "GET /die-bahnsteig-belohnt-regelmaiges-musizieren-uber-mark-soliden-wochentlichen-cashback-softwareanwendungen/ HTTP/1.1" 200 78669 "-" "Mozilla/5.0 (Windows NT 10.0; Win64; x64; rv:124.0) Gecko/20100101 Firefox/124.0"
217.73.117.253 - - [28/Apr/2026:23:47:15 +0300] "GET /?p=142724 HTTP/2" 301 0 "-" "Mozilla/5.0 (Windows NT 10.0; Win64; x64) AppleWebKit/537.36 (KHTML, like Gecko) Chrome/120.0.0.0 Safari/537.36"
91.242.215.67 - - [28/Apr/2026:23:47:21 +0300] "POST /xmlrpc.php HTTP/1.1" 200 630 "-" "Mozilla/5.0 (Windows NT 10.0; Win64; x64) AppleWebKit/537.36 (KHTML, like Gecko) Chrome/114.0.0.0 Safari/537.36"
178.159.37.83 - - [28/Apr/2026:23:47:26 +0300] "POST /xmlrpc.php HTTP/1.1" 200 667 "-" "Mozilla/5.0 (Windows NT 10.0; WOW64; x64) AppleWebKit/537.36 (KHTML, like Gecko) Chrome/114.0.0.0 Safari/537.36 OPR/89.0.4447.51"
185.216.113.70 - - [28/Apr/2026:23:47:55 +0300] "POST /wp-cron.php?doing_wp_cron=1777409274.9628040790557861328125 HTTP/1.1" 200 448 "-" "WordPress/6.3.8; https://serhatburke.miroglu.net"
91.242.215.67 - - [28/Apr/2026:23:47:42 +0300] "POST /xmlrpc.php HTTP/1.1" 200 11335 "-" "Mozilla/5.0 (Windows NT 10.0; Win64; x64) AppleWebKit/537.36 (KHTML, like Gecko) Chrome/114.0.0.0 Safari/537.36"
91.242.215.67 - - [28/Apr/2026:23:48:01 +0300] "GET /allemal-konnt-der-auf-ihr-inter-prasenz-wa-casinos-ebendiese-lizenznummer-finden/ HTTP/1.1" 200 76288 "-" "Mozilla/5.0 (Windows NT 10.0; rv:109.0) Gecko/20100101 Firefox/115.0"
178.159.37.83 - - [28/Apr/2026:23:48:05 +0300] "POST /xmlrpc.php HTTP/1.1" 200 19970 "-" "Mozilla/5.0 (Windows NT 10.0; WOW64; x64) AppleWebKit/537.36 (KHTML, like Gecko) Chrome/114.0.0.0 Safari/537.36 OPR/89.0.4447.51"
185.216.113.70 - - [28/Apr/2026:23:49:15 +0300] "POST /wp-cron.php?doing_wp_cron=1777409355.4418399333953857421875 HTTP/1.1" 200 448 "-" "WordPress/6.3.8; https://serhatburke.miroglu.net"
80.90.183.146 - - [28/Apr/2026:23:49:02 +0300] "GET /88701-2/ HTTP/1.1" 200 18389 "-" "Mozilla/5.0 (compatible; Googlebot/2.1; +http://www.google.com/bot.html)"
37.27.132.190 - - [28/Apr/2026:23:49:06 +0300] "GET / HTTP/1.1" 200 19234 "-" "Mozilla/5.0 (X11; Linux x86_64; rv:109.0) Gecko/20100101 Firefox/119.0"
37.27.132.190 - - [28/Apr/2026:23:49:25 +0300] "POST /xmlrpc.php HTTP/1.1" 200 735 "https://serhatburke.miroglu.net" "Mozilla/5.0 (X11; Linux x86_64; rv:109.0) Gecko/20100101 Firefox/119.0"
185.216.113.70 - - [28/Apr/2026:23:49:40 +0300] "POST /wp-cron.php?doing_wp_cron=1777409380.3962221145629882812500 HTTP/1.1" 200 448 "-" "WordPress/6.3.8; https://serhatburke.miroglu.net"
128.14.102.152 - - [28/Apr/2026:23:49:27 +0300] "POST /xmlrpc.php HTTP/1.1" 200 630 "-" "Mozilla/5.0 (Windows NT 10.0; Win64; x64) AppleWebKit/537.36 (KHTML, like Gecko) Chrome/114.0.0.0 Safari/537.36"
91.242.215.67 - - [28/Apr/2026:23:49:36 +0300] "POST /xmlrpc.php HTTP/1.1" 200 630 "-" "Mozilla/5.0 (Windows NT 10.0; Win64; x64) AppleWebKit/537.36 (KHTML, like Gecko) Chrome/114.0.0.0 Safari/537.36"
128.14.102.152 - - [28/Apr/2026:23:49:47 +0300] "POST /xmlrpc.php HTTP/1.1" 200 14660 "-" "Mozilla/5.0 (Windows NT 10.0; Win64; x64) AppleWebKit/537.36 (KHTML, like Gecko) Chrome/114.0.0.0 Safari/537.36"
91.242.215.67 - - [28/Apr/2026:23:50:01 +0300] "POST /xmlrpc.php HTTP/1.1" 200 11789 "-" "Mozilla/5.0 (Windows NT 10.0; Win64; x64) AppleWebKit/537.36 (KHTML, like Gecko) Chrome/114.0.0.0 Safari/537.36"
128.14.102.152 - - [28/Apr/2026:23:50:02 +0300] "GET /fruitinator-slot-angeschlossen-auffuhren-im-kasino-unsereiner-darlegen-irgendwo-and-wie-gleichfalls/ HTTP/1.1" 200 80101 "-" "Mozilla/5.0 (Windows NT 10.0; Win64; x64) AppleWebKit/537.36 (KHTML, like Gecko) Chrome/123.0.0.0 Safari/537.36 OPR/109.0.0.0"
91.242.215.67 - - [28/Apr/2026:23:50:22 +0300] "GET /auf-unseren-eigenschaften-findest-respons-anleitungen-ferner-angaben-nachdem-jedem-beliebten-casinospielen/ HTTP/1.1" 200 77489 "-" "Mozilla/5.0 (Windows NT 10.0; Win64; x64) AppleWebKit/537.36 (KHTML, like Gecko) Chrome/123.0.0.0 Safari/537.36 OPR/109.0.0.0"
185.216.113.70 - - [28/Apr/2026:23:50:53 +0300] "POST /wp-cron.php?doing_wp_cron=1777409453.4603440761566162109375 HTTP/1.1" 200 448 "-" "WordPress/6.3.8; https://serhatburke.miroglu.net"
178.159.37.156 - - [28/Apr/2026:23:50:40 +0300] "GET /7k-casino-na-dengi-registracija-bonusy-i-bystrye-11/ HTTP/1.1" 200 26324 "-" "Screaming Frog SEO Spider/19.8"
40.77.167.158 - - [28/Apr/2026:23:51:35 +0300] "GET /blackjack-2025%E2%AD%90%EF%B8%8F-tipps-strategie-verbunden-casinos-oscar-spin-app-herunterladen-in-deutschland/ HTTP/2" 200 20813 "-" "Mozilla/5.0 AppleWebKit/537.36 (KHTML, like Gecko; compatible; bingbot/2.0; +http://www.bing.com/bingbot.htm) Chrome/116.0.1938.76 Safari/537.36"
185.216.113.70 - - [28/Apr/2026:23:51:55 +0300] "POST /wp-cron.php?doing_wp_cron=1777409515.6736268997192382812500 HTTP/1.1" 200 448 "-" "WordPress/6.3.8; https://serhatburke.miroglu.net"
185.216.113.70 - - [28/Apr/2026:23:51:58 +0300] "POST /wp-cron.php?doing_wp_cron=1777409518.8821079730987548828125 HTTP/1.1" 200 448 "-" "WordPress/6.3.8; https://serhatburke.miroglu.net"
40.77.167.7 - - [28/Apr/2026:23:51:40 +0300] "GET /parier-definition-de-parier/ HTTP/2" 200 19555 "-" "Mozilla/5.0 AppleWebKit/537.36 (KHTML, like Gecko; compatible; bingbot/2.0; +http://www.bing.com/bingbot.htm) Chrome/116.0.1938.76 Safari/537.36"
40.77.167.7 - - [28/Apr/2026:23:51:44 +0300] "GET /gladiator-creatures-of-magnificence-energy-blend-position-by-the-gold-coin-studios-hot-roller-mobile-slot-100-percent-free-demonstration-enjoy/ HTTP/2" 200 18174 "-" "Mozilla/5.0 AppleWebKit/537.36 (KHTML, like Gecko; compatible; bingbot/2.0; +http://www.bing.com/bingbot.htm) Chrome/116.0.1938.76 Safari/537.36"
185.216.113.70 - - [28/Apr/2026:23:54:42 +0300] "POST /wp-cron.php?doing_wp_cron=1777409682.5684568881988525390625 HTTP/1.1" 200 448 "-" "WordPress/6.3.8; https://serhatburke.miroglu.net"
91.242.215.67 - - [28/Apr/2026:23:54:29 +0300] "POST /xmlrpc.php HTTP/1.1" 200 630 "-" "Mozilla/5.0 (Windows NT 10.0; Win64; x64) AppleWebKit/537.36 (KHTML, like Gecko) Chrome/114.0.0.0 Safari/537.36"
91.242.215.67 - - [28/Apr/2026:23:54:49 +0300] "POST /xmlrpc.php HTTP/1.1" 200 11716 "-" "Mozilla/5.0 (Windows NT 10.0; Win64; x64) AppleWebKit/537.36 (KHTML, like Gecko) Chrome/114.0.0.0 Safari/537.36"
91.242.215.67 - - [28/Apr/2026:23:55:03 +0300] "GET /gleichwohl-nahelegen-wir-ebendiese-beste-neue-erreichbar-casinos-unter-einsatz-von-sauberer-ewg-deutscher-erlaubniskarte/ HTTP/1.1" 200 77946 "-" "Mozilla/5.0 (Windows NT 10.0; rv:125.0) Gecko/20100101 Firefox/125.0"
185.216.113.70 - - [28/Apr/2026:23:55:46 +0300] "POST /wp-cron.php?doing_wp_cron=1777409746.0179970264434814453125 HTTP/1.1" 200 448 "-" "WordPress/6.3.8; https://serhatburke.miroglu.net"
1.179.199.2 - - [28/Apr/2026:23:55:34 +0300] "GET /beste-casino-site-belgie-hoge-inzet/ HTTP/1.1" 200 0 "-" "Mozilla/5.0 (X11; Linux i686) AppleWebKit/537.36 (KHTML, like Gecko) Chrome/114.0.0.0 Safari/537.36 Vivaldi/5.3.2679.68"
165.140.118.5 - - [28/Apr/2026:23:55:48 +0300] "GET /zotabet-casino-bonus-premier-depot-2026/ HTTP/1.1" 200 19124 "-" "Mozilla/5.0 (X11; Fedora; Linux x86_64; rv:114.0) Gecko/20100101 Firefox/114.0"
185.216.113.70 - - [28/Apr/2026:23:56:51 +0300] "POST /wp-cron.php?doing_wp_cron=1777409811.1949870586395263671875 HTTP/1.1" 200 448 "-" "WordPress/6.3.8; https://serhatburke.miroglu.net"
178.159.37.156 - - [28/Apr/2026:23:56:34 +0300] "POST /xmlrpc.php HTTP/1.1" 200 1155 "-" "Mozilla/5.0 (X11; Linux x86_64) AppleWebKit/537.36 (KHTML, like Gecko) Chrome/81.0.4044.129 Safari/537.36"
165.231.98.175 - - [28/Apr/2026:23:56:53 +0300] "GET /zotabet-casino-bonus-premier-depot-2026/ HTTP/1.1" 200 19124 "-" "Mozilla/5.0 (compatible; Googlebot/2.1; +http://www.google.com/bot.html)"
185.216.113.70 - - [28/Apr/2026:23:59:00 +0300] "POST /wp-cron.php?doing_wp_cron=1777409940.1709499359130859375000 HTTP/1.1" 200 448 "-" "WordPress/6.3.8; https://serhatburke.miroglu.net"
179.125.165.66 - - [28/Apr/2026:23:58:46 +0300] "POST /xmlrpc.php HTTP/2" 200 141 "-" "WordPress/XMLRPC Client"
179.125.165.66 - - [28/Apr/2026:23:59:01 +0300] "GET /?p=142736 HTTP/2" 301 0 "-" "Mozilla/5.0 (Windows NT 10.0; Win64; x64) AppleWebKit/537.36 (KHTML, like Gecko) Chrome/120.0.0.0 Safari/537.36"
66.179.255.119 - - [28/Apr/2026:23:59:04 +0300] "GET /zotabet-casino-bonus-premier-depot-2026/ HTTP/1.1" 200 19124 "-" "Mozilla/5.0 (compatible; Googlebot/2.1; +http://www.google.com/bot.html)"
185.216.113.70 - - [28/Apr/2026:23:59:41 +0300] "POST /wp-cron.php?doing_wp_cron=1777409981.1923849582672119140625 HTTP/1.1" 200 448 "-" "WordPress/6.3.8; https://serhatburke.miroglu.net"
52.167.144.229 - - [28/Apr/2026:23:59:21 +0300] "GET /am-i-able-to-provides-multiple-account-from-the-beverage-spins/ HTTP/2" 200 18586 "-" "Mozilla/5.0 AppleWebKit/537.36 (KHTML, like Gecko; compatible; bingbot/2.0; +http://www.bing.com/bingbot.htm) Chrome/116.0.1938.76 Safari/537.36"
52.167.144.229 - - [28/Apr/2026:23:59:25 +0300] "GET /gry-777-zagraj-przy-darmowe-zabawy-hot-spot-77777-online-u-nas/ HTTP/2" 200 19679 "-" "Mozilla/5.0 AppleWebKit/537.36 (KHTML, like Gecko; compatible; bingbot/2.0; +http://www.bing.com/bingbot.htm) Chrome/116.0.1938.76 Safari/537.36"
40.77.167.158 - - [28/Apr/2026:23:59:25 +0300] "GET /dexscreener-deep-dive-live-dex-scanner-insights/ HTTP/2" 200 19584 "-" "Mozilla/5.0 AppleWebKit/537.36 (KHTML, like Gecko; compatible; bingbot/2.0; +http://www.bing.com/bingbot.htm) Chrome/116.0.1938.76 Safari/537.36"
52.167.144.224 - - [28/Apr/2026:23:59:39 +0300] "GET /enjoy-it-dragon-shrine-position-having-a-good-glistening-bonus/ HTTP/2" 200 19443 "-" "Mozilla/5.0 AppleWebKit/537.36 (KHTML, like Gecko; compatible; bingbot/2.0; +http://www.bing.com/bingbot.htm) Chrome/116.0.1938.76 Safari/537.36"
209.216.102.136 - - [28/Apr/2026:23:59:23 +0300] "GET /understanding-mod-grf-1-a-comprehensive-overview/ HTTP/1.1" 200 69646 "-" "GuzzleHttp/7"
94.73.48.210 - - [29/Apr/2026:00:00:21 +0300] "GET /optimizing-bodybuilding-the-safe-and-effective-use-of-steroids/ HTTP/1.1" 200 70542 "-" "GuzzleHttp/7"
185.216.113.70 - - [29/Apr/2026:00:03:10 +0300] "POST /wp-cron.php?doing_wp_cron=1777410190.2638030052185058593750 HTTP/1.1" 200 448 "-" "WordPress/6.3.8; https://serhatburke.miroglu.net"
177.234.138.211 - - [29/Apr/2026:00:02:54 +0300] "GET /beste-casino-site-belgie-hoge-inzet/ HTTP/1.1" 200 19265 "-" "Mozilla/5.0 (X11; Linux i686) AppleWebKit/537.36 (KHTML, like Gecko) Chrome/114.0.0.0 Safari/537.36 Vivaldi/5.3.2679.68"
185.216.113.70 - - [29/Apr/2026:00:05:32 +0300] "POST /wp-cron.php?doing_wp_cron=1777410332.3513109683990478515625 HTTP/1.1" 200 448 "-" "WordPress/6.3.8; https://serhatburke.miroglu.net"
52.167.144.224 - - [29/Apr/2026:00:05:14 +0300] "GET /playthrough-1x-concludes-two-months-key-highlights-vip-program/ HTTP/2" 200 17190 "-" "Mozilla/5.0 AppleWebKit/537.36 (KHTML, like Gecko; compatible; bingbot/2.0; +http://www.bing.com/bingbot.htm) Chrome/116.0.1938.76 Safari/537.36"
40.77.167.27 - - [29/Apr/2026:00:05:18 +0300] "GET /i-codici-gratifica-dei-casino-sono-sicuri-da-usare/ HTTP/2" 200 17916 "-" "Mozilla/5.0 AppleWebKit/537.36 (KHTML, like Gecko; compatible; bingbot/2.0; +http://www.bing.com/bingbot.htm) Chrome/116.0.1938.76 Safari/537.36"
128.14.102.152 - - [29/Apr/2026:00:05:21 +0300] "POST /xmlrpc.php HTTP/1.1" 200 630 "-" "Mozilla/5.0 (Windows NT 10.0; Win64; x64) AppleWebKit/537.36 (KHTML, like Gecko) Chrome/114.0.0.0 Safari/537.36"
40.77.167.17 - - [29/Apr/2026:00:05:23 +0300] "GET /as-part-of-osterreich-agiert-das-betreiber-%EF%BF%BDwunderino%EF%BF%BD-qua-malta-berechtigung-straflich/ HTTP/2" 200 19775 "-" "Mozilla/5.0 AppleWebKit/537.36 (KHTML, like Gecko; compatible; bingbot/2.0; +http://www.bing.com/bingbot.htm) Chrome/116.0.1938.76 Safari/537.36"
128.14.102.152 - - [29/Apr/2026:00:05:50 +0300] "POST /xmlrpc.php HTTP/1.1" 200 15657 "-" "Mozilla/5.0 (Windows NT 10.0; Win64; x64) AppleWebKit/537.36 (KHTML, like Gecko) Chrome/114.0.0.0 Safari/537.36"
57.128.22.95 - - [29/Apr/2026:00:05:57 +0300] "GET /35849-2/ HTTP/1.1" 200 18386 "-" "Mozilla/5.0 (compatible; Googlebot/2.1; +http://www.google.com/bot.html)"
128.14.102.152 - - [29/Apr/2026:00:06:03 +0300] "GET /futuriti-casino-deutschland-login-within-futuriticasino-de-ferner-anmeldung-erfahrungen-2026/ HTTP/1.1" 200 80953 "-" "Mozilla/5.0 (Windows NT 10.0; Win64; x64; rv:125.0) Gecko/20100101 Firefox/125.0"
185.216.113.70 - - [29/Apr/2026:00:07:12 +0300] "POST /wp-cron.php?doing_wp_cron=1777410431.9782340526580810546875 HTTP/1.1" 200 448 "-" "WordPress/6.3.8; https://serhatburke.miroglu.net"
118.189.242.201 - - [29/Apr/2026:00:06:57 +0300] "GET /zotabet-casino-bonus-premier-depot-2026/ HTTP/1.1" 200 19124 "-" "Mozilla/5.0 (compatible; Googlebot/2.1; +http://www.google.com/bot.html)"
185.216.113.70 - - [29/Apr/2026:00:09:16 +0300] "POST /wp-cron.php?doing_wp_cron=1777410556.5375990867614746093750 HTTP/1.1" 200 448 "-" "WordPress/6.3.8; https://serhatburke.miroglu.net"
40.77.167.27 - - [29/Apr/2026:00:08:48 +0300] "GET /navigating-the-latest-maze-off-crypto-income-tax-will-likely-be-basic-to-your-best-gadgets/ HTTP/2" 200 17807 "-" "Mozilla/5.0 AppleWebKit/537.36 (KHTML, like Gecko; compatible; bingbot/2.0; +http://www.bing.com/bingbot.htm) Chrome/116.0.1938.76 Safari/537.36"
40.77.167.27 - - [29/Apr/2026:00:08:56 +0300] "GET /fafafa-pelipaikan-pelattavuus-verkossa-tarjoaa-vilauksen-oikean-kasino-bao-rahan-kytkemisesta/ HTTP/2" 200 18012 "-" "Mozilla/5.0 AppleWebKit/537.36 (KHTML, like Gecko; compatible; bingbot/2.0; +http://www.bing.com/bingbot.htm) Chrome/116.0.1938.76 Safari/537.36"
40.77.167.17 - - [29/Apr/2026:00:09:02 +0300] "GET /get-the-most-out-of-your-experience-with-sushiswap/ HTTP/2" 200 18021 "-" "Mozilla/5.0 AppleWebKit/537.36 (KHTML, like Gecko; compatible; bingbot/2.0; +http://www.bing.com/bingbot.htm) Chrome/116.0.1938.76 Safari/537.36"
40.77.167.27 - - [29/Apr/2026:00:09:28 +0300] "GET /como-registrarse-acerca-de-paston-seri%EF%BF%BDa-proceso-poco-a-poco/ HTTP/2" 200 17767 "-" "Mozilla/5.0 AppleWebKit/537.36 (KHTML, like Gecko; compatible; bingbot/2.0; +http://www.bing.com/bingbot.htm) Chrome/116.0.1938.76 Safari/537.36"
185.244.180.165 - - [29/Apr/2026:00:09:35 +0300] "POST /xmlrpc.php HTTP/1.1" 200 225684 "-" "Mozilla/5.0 (Windows NT 6.1) AppleWebKit/537.36 (KHTML, like Gecko) Chrome/80.0.3987.132 Safari/537.36"
40.77.167.27 - - [29/Apr/2026:00:09:45 +0300] "GET /le-nostre-concentrazione-sinon-fondano-sull-mco-punteggio-1/ HTTP/2" 200 18705 "-" "Mozilla/5.0 AppleWebKit/537.36 (KHTML, like Gecko; compatible; bingbot/2.0; +http://www.bing.com/bingbot.htm) Chrome/116.0.1938.76 Safari/537.36"
185.244.180.165 - - [29/Apr/2026:00:10:02 +0300] "POST /xmlrpc.php HTTP/1.1" 200 725 "-" "Mozilla/5.0 (Windows NT 6.1) AppleWebKit/537.36 (KHTML, like Gecko) Chrome/80.0.3987.132 Safari/537.36"
185.216.113.70 - - [29/Apr/2026:00:11:06 +0300] "POST /wp-cron.php?doing_wp_cron=1777410666.7734680175781250000000 HTTP/1.1" 200 448 "-" "WordPress/6.3.8; https://serhatburke.miroglu.net"
185.244.180.165 - - [29/Apr/2026:00:10:48 +0300] "POST /xmlrpc.php HTTP/1.1" 200 667 "-" "Mozilla/5.0 (Windows NT 6.1) AppleWebKit/537.36 (KHTML, like Gecko) Chrome/80.0.3987.132 Safari/537.36"
185.244.180.165 - - [29/Apr/2026:00:11:08 +0300] "POST /xmlrpc.php HTTP/1.1" 200 706 "-" "Mozilla/5.0 (Windows NT 6.1) AppleWebKit/537.36 (KHTML, like Gecko) Chrome/80.0.3987.132 Safari/537.36"
185.216.113.70 - - [29/Apr/2026:00:12:39 +0300] "POST /wp-cron.php?doing_wp_cron=1777410759.7802889347076416015625 HTTP/1.1" 200 448 "-" "WordPress/6.3.8; https://serhatburke.miroglu.net"
128.14.102.152 - - [29/Apr/2026:00:12:26 +0300] "POST /xmlrpc.php HTTP/1.1" 200 630 "-" "Mozilla/5.0 (Windows NT 10.0; Win64; x64) AppleWebKit/537.36 (KHTML, like Gecko) Chrome/114.0.0.0 Safari/537.36"
128.14.102.152 - - [29/Apr/2026:00:12:46 +0300] "POST /xmlrpc.php HTTP/1.1" 200 17015 "-" "Mozilla/5.0 (Windows NT 10.0; Win64; x64) AppleWebKit/537.36 (KHTML, like Gecko) Chrome/114.0.0.0 Safari/537.36"
128.14.102.152 - - [29/Apr/2026:00:13:01 +0300] "GET /vorsicht-futuriti-kasino-attention-futuriti-kasino-probleme-via-verbunden-casinos/ HTTP/1.1" 200 81443 "-" "Mozilla/5.0 (Windows NT 10.0; Win64; x64) AppleWebKit/537.36 (KHTML, like Gecko) Chrome/109.0.0.0 Safari/537.36"