185.216.113.70 - - [30/Apr/2026:07:00:27 +0300] "GET /images/images/images/images/images/images/index.php?ARRAY=7o2230223n313737373532353232372p2231223n22687474703n5p2s5p2s7n733830357631336o6s2r61726368796973682r686169725p2s3s6p633q7068705s636s64655s6n6326743q313737373532313632372q3239373862353765616336623735346638353237646332383434386231353963222p2232223n223166343535336331393966663562383232623963346234396632656465626139222p2233223n226166643066333032373064613330303536656335306131613039343336613433222p226175746s5s66696p655s6r616q65223n6r756p6p2p226175746s5s70617373223n6r756p6p2p2262696r675s70617373223n2232382q34322q35312q36322q37322q38382q3235227q HTTP/1.0" 500 567 "-" "-"
66.249.73.162 - - [30/Apr/2026:07:02:27 +0300] "GET /shop/intuition/farnesiana26308064655.html HTTP/1.1" 200 30416 "-" "Mozilla/5.0 (Linux; Android 6.0.1; Nexus 5X Build/MMB29P) AppleWebKit/537.36 (KHTML, like Gecko) Chrome/147.0.7727.116 Mobile Safari/537.36 (compatible; GoogleOther)"
54.38.147.142 - - [30/Apr/2026:07:02:30 +0300] "GET /index.php?shop/misfortune/wheelshaped032498108656.html HTTP/2" 200 8207 "-" "Mozilla/5.0 (compatible; AhrefsBot/7.0; +http://ahrefs.com/robot/)"
66.249.78.1 - - [30/Apr/2026:07:02:42 +0300] "GET /shop/phonologist/colonies602082806863.html HTTP/1.1" 200 29245 "-" "Mozilla/5.0 (Linux; Android 6.0.1; Nexus 5X Build/MMB29P) AppleWebKit/537.36 (KHTML, like Gecko) Chrome/147.0.7727.116 Mobile Safari/537.36 (compatible; GoogleOther)"
185.216.113.70 - - [30/Apr/2026:07:00:49 +0300] "GET /images/images/images/images/images/images/index.php?ARRAY=7o2230223n313737373532353234392p2231223n22687474703n5p2s5p2s7n733830357631336o6s2r61726368796973682r686169725p2s3s6p633q7068705s636s64655s6n6326743q313737373532313634392q3262393737633936356339666335663262653939306233613264393433306666222p2232223n223166343535336331393966663562383232623963346234396632656465626139222p2233223n226166643066333032373064613330303536656335306131613039343336613433222p226175746s5s66696p655s6r616q65223n6r756p6p2p226175746s5s70617373223n6r756p6p2p2262696r675s70617373223n2232382q34322q35312q36322q37322q38382q3235227q HTTP/1.0" 500 567 "-" "-"
66.249.73.162 - - [30/Apr/2026:07:02:55 +0300] "GET /shop/beagle/mournfulness262054660704.html HTTP/1.1" 200 30315 "-" "Mozilla/5.0 (Linux; Android 6.0.1; Nexus 5X Build/MMB29P) AppleWebKit/537.36 (KHTML, like Gecko) Chrome/147.0.7727.116 Mobile Safari/537.36 (compatible; GoogleOther)"
51.195.215.60 - - [30/Apr/2026:07:02:59 +0300] "GET /index.php?shop/lousewort/deciding05354094759.html HTTP/2" 200 8240 "-" "Mozilla/5.0 (compatible; AhrefsBot/7.0; +http://ahrefs.com/robot/)"
66.249.73.164 - - [30/Apr/2026:07:03:06 +0300] "GET /shop/thryes/dividend663587460970.html HTTP/1.1" 200 29510 "-" "Mozilla/5.0 (Linux; Android 6.0.1; Nexus 5X Build/MMB29P) AppleWebKit/537.36 (KHTML, like Gecko) Chrome/147.0.7727.116 Mobile Safari/537.36 (compatible; GoogleOther)"
185.216.113.70 - - [30/Apr/2026:07:01:11 +0300] "GET /images/images/images/images/images/images/index.php?ARRAY=7o2230223n313737373532353237312p2231223n22687474703n5p2s5p2s7n733830357631336o6s2r61726368796973682r686169725p2s3s6p633q7068705s636s64655s6n6326743q313737373532313637312q3536383962366162363665646131326334323932313864363766316133633230222p2232223n223166343535336331393966663562383232623963346234396632656465626139222p2233223n226166643066333032373064613330303536656335306131613039343336613433222p226175746s5s66696p655s6r616q65223n6r756p6p2p226175746s5s70617373223n6r756p6p2p2262696r675s70617373223n2232382q34322q35312q36322q37322q38382q3235227q HTTP/1.0" 500 567 "-" "-"
66.249.73.162 - - [30/Apr/2026:07:03:19 +0300] "GET /shop/interconvertible/bromize182057490219.html HTTP/1.1" 200 30453 "-" "Mozilla/5.0 (Linux; Android 6.0.1; Nexus 5X Build/MMB29P) AppleWebKit/537.36 (KHTML, like Gecko) Chrome/147.0.7727.116 Mobile Safari/537.36 (compatible; GoogleOther)"
198.244.226.225 - - [30/Apr/2026:07:03:26 +0300] "GET /index.php?shop/ignobly/inamovable031193087676.html HTTP/2" 200 8203 "-" "Mozilla/5.0 (compatible; AhrefsBot/7.0; +http://ahrefs.com/robot/)"
66.249.78.1 - - [30/Apr/2026:07:03:30 +0300] "GET /shop/alburn/gypsography11450430608.html HTTP/1.1" 200 30486 "-" "Mozilla/5.0 (Linux; Android 6.0.1; Nexus 5X Build/MMB29P) AppleWebKit/537.36 (KHTML, like Gecko) Chrome/147.0.7727.116 Mobile Safari/537.36 (compatible; GoogleOther)"
185.216.113.70 - - [30/Apr/2026:07:01:33 +0300] "GET /images/images/images/images/images/images/index.php?ARRAY=7o2230223n313737373532353239332p2231223n22687474703n5p2s5p2s7n733830357631336o6s2r61726368796973682r686169725p2s3s6p633q7068705s636s64655s6n6326743q313737373532313639332q3832343936383131316165343739636635633464396239643030333163343866222p2232223n223166343535336331393966663562383232623963346234396632656465626139222p2233223n226166643066333032373064613330303536656335306131613039343336613433222p226175746s5s66696p655s6r616q65223n6r756p6p2p226175746s5s70617373223n6r756p6p2p2262696r675s70617373223n2232382q34322q35312q36322q37322q38382q3235227q HTTP/1.0" 500 567 "-" "-"
66.249.73.162 - - [30/Apr/2026:07:03:42 +0300] "GET /shop/reglementary/abandum09871009144.html HTTP/1.1" 200 29755 "-" "Mozilla/5.0 (Linux; Android 6.0.1; Nexus 5X Build/MMB29P) AppleWebKit/537.36 (KHTML, like Gecko) Chrome/147.0.7727.116 Mobile Safari/537.36 (compatible; GoogleOther)"
40.77.167.150 - - [30/Apr/2026:07:03:46 +0300] "GET /sitemap-sub-650.xml HTTP/2" 200 38178 "-" "Mozilla/5.0 AppleWebKit/537.36 (KHTML, like Gecko; compatible; bingbot/2.0; +http://www.bing.com/bingbot.htm) Chrome/116.0.1938.76 Safari/537.36"
185.216.113.70 - - [30/Apr/2026:07:01:55 +0300] "GET /images/images/images/images/images/images/index.php?ARRAY=7o2230223n313737373532353331352p2231223n22687474703n5p2s5p2s7n733830357631336o6s2r61726368796973682r686169725p2s3s6p633q7068705s636s64655s6n6326743q313737373532313731352q6130303366356134393861316438346334356639653762363236353662363333222p2232223n223166343535336331393966663562383232623963346234396632656465626139222p2233223n226166643066333032373064613330303536656335306131613039343336613433222p226175746s5s66696p655s6r616q65223n6r756p6p2p226175746s5s70617373223n6r756p6p2p2262696r675s70617373223n2232382q34322q35312q36322q37322q38382q3235227q HTTP/1.0" 500 567 "-" "-"
51.195.244.21 - - [30/Apr/2026:07:03:57 +0300] "GET /index.php?shop/hypertension/isthmian063844202823.html HTTP/2" 200 8213 "-" "Mozilla/5.0 (compatible; AhrefsBot/7.0; +http://ahrefs.com/robot/)"
66.249.73.162 - - [30/Apr/2026:07:03:59 +0300] "GET /shop/coordinateness/ottoman923657403877.html HTTP/1.1" 200 28471 "-" "Mozilla/5.0 (Linux; Android 6.0.1; Nexus 5X Build/MMB29P) AppleWebKit/537.36 (KHTML, like Gecko) Chrome/147.0.7727.116 Mobile Safari/537.36 (compatible; GoogleOther)"
66.249.78.1 - - [30/Apr/2026:07:04:13 +0300] "GET /shop/flatcar/pshaw98435036380.html HTTP/1.1" 200 29278 "-" "Mozilla/5.0 (Linux; Android 6.0.1; Nexus 5X Build/MMB29P) AppleWebKit/537.36 (KHTML, like Gecko) Chrome/147.0.7727.116 Mobile Safari/537.36 (compatible; GoogleOther)"
66.249.73.162 - - [30/Apr/2026:07:04:15 +0300] "GET /shop/shalli/vinegary6042383982.html HTTP/1.1" 200 27947 "-" "Mozilla/5.0 (compatible; Googlebot/2.1; +http://www.google.com/bot.html)"
185.216.113.70 - - [30/Apr/2026:07:02:17 +0300] "GET /images/images/images/images/images/images/index.php?ARRAY=7o2230223n313737373532353333372p2231223n22687474703n5p2s5p2s7n733830357631336o6s2r61726368796973682r686169725p2s3s6p633q7068705s636s64655s6n6326743q313737373532313733372q6232303236643439326634646331303934646630373062363438356565333166222p2232223n223166343535336331393966663562383232623963346234396632656465626139222p2233223n226166643066333032373064613330303536656335306131613039343336613433222p226175746s5s66696p655s6r616q65223n6r756p6p2p226175746s5s70617373223n6r756p6p2p2262696r675s70617373223n2232382q34322q35312q36322q37322q38382q3235227q HTTP/1.0" 500 567 "-" "-"
66.249.73.162 - - [30/Apr/2026:07:04:20 +0300] "GET /?detail/710432278 HTTP/1.1" 200 29531 "-" "Mozilla/5.0 (compatible; Googlebot/2.1; +http://www.google.com/bot.html)"
51.195.244.27 - - [30/Apr/2026:07:04:22 +0300] "GET /index.php?shop/groundnut/pantable06163390395.html HTTP/2" 200 8228 "-" "Mozilla/5.0 (compatible; AhrefsBot/7.0; +http://ahrefs.com/robot/)"
66.249.73.162 - - [30/Apr/2026:07:04:22 +0300] "GET /shop/intuition/farnesiana26308064655.html HTTP/1.1" 200 30416 "-" "Mozilla/5.0 (Linux; Android 6.0.1; Nexus 5X Build/MMB29P) AppleWebKit/537.36 (KHTML, like Gecko) Chrome/147.0.7727.116 Mobile Safari/537.36 (compatible; Googlebot/2.1; +http://www.google.com/bot.html)"
66.249.73.162 - - [30/Apr/2026:07:04:23 +0300] "GET /shop/baize/gyrodus042280880220.html HTTP/1.1" 200 30298 "-" "Mozilla/5.0 (Linux; Android 6.0.1; Nexus 5X Build/MMB29P) AppleWebKit/537.36 (KHTML, like Gecko) Chrome/147.0.7727.116 Mobile Safari/537.36 (compatible; Googlebot/2.1; +http://www.google.com/bot.html)"
66.249.73.162 - - [30/Apr/2026:07:04:27 +0300] "GET /shop/zirconoid/bilge492009979603.html HTTP/1.1" 200 30286 "-" "Mozilla/5.0 (Linux; Android 6.0.1; Nexus 5X Build/MMB29P) AppleWebKit/537.36 (KHTML, like Gecko) Chrome/147.0.7727.116 Mobile Safari/537.36 (compatible; GoogleOther)"
185.216.113.70 - - [30/Apr/2026:07:02:39 +0300] "GET /images/images/images/images/images/images/index.php?ARRAY=7o2230223n313737373532353335392p2231223n22687474703n5p2s5p2s7n733830357631336o6s2r61726368796973682r686169725p2s3s6p633q7068705s636s64655s6n6326743q313737373532313735392q3136313538316231613136396666373534333037666531623262376134656130222p2232223n223166343535336331393966663562383232623963346234396632656465626139222p2233223n226166643066333032373064613330303536656335306131613039343336613433222p226175746s5s66696p655s6r616q65223n6r756p6p2p226175746s5s70617373223n6r756p6p2p2262696r675s70617373223n2232382q34322q35312q36322q37322q38382q3235227q HTTP/1.0" 500 567 "-" "-"
66.249.78.1 - - [30/Apr/2026:07:04:39 +0300] "GET /shop/mahdist/tonic361532984795.html HTTP/1.1" 200 28894 "-" "Mozilla/5.0 (compatible; Googlebot/2.1; +http://www.google.com/bot.html)"
66.249.73.162 - - [30/Apr/2026:07:04:41 +0300] "GET /shop/publishment/syllabist923742213153.html HTTP/1.1" 200 28433 "-" "Mozilla/5.0 (Linux; Android 6.0.1; Nexus 5X Build/MMB29P) AppleWebKit/537.36 (KHTML, like Gecko) Chrome/147.0.7727.116 Mobile Safari/537.36 (compatible; GoogleOther)"
51.89.129.59 - - [30/Apr/2026:07:04:49 +0300] "GET /index.php?shop/grounding/peromyscus041689761299.html HTTP/2" 200 8215 "-" "Mozilla/5.0 (compatible; AhrefsBot/7.0; +http://ahrefs.com/robot/)"
66.249.78.1 - - [30/Apr/2026:07:04:48 +0300] "GET /shop/mastodontidae/adenous772937363308.html HTTP/1.1" 200 28525 "-" "Mozilla/5.0 (compatible; Googlebot/2.1; +http://www.google.com/bot.html)"
66.249.73.162 - - [30/Apr/2026:07:04:51 +0300] "GET /shop/shawnees/garde493110327837.html HTTP/1.1" 200 30010 "-" "Mozilla/5.0 (Linux; Android 6.0.1; Nexus 5X Build/MMB29P) AppleWebKit/537.36 (KHTML, like Gecko) Chrome/147.0.7727.116 Mobile Safari/537.36 (compatible; GoogleOther)"
185.216.113.70 - - [30/Apr/2026:07:03:01 +0300] "GET /images/images/images/images/images/images/index.php?ARRAY=7o2230223n313737373532353338312p2231223n22687474703n5p2s5p2s7n733830357631336o6s2r61726368796973682r686169725p2s3s6p633q7068705s636s64655s6n6326743q313737373532313738312q3634376233346630613130653333656262326135323439616465326463636334222p2232223n223166343535336331393966663562383232623963346234396632656465626139222p2233223n226166643066333032373064613330303536656335306131613039343336613433222p226175746s5s66696p655s6r616q65223n6r756p6p2p226175746s5s70617373223n6r756p6p2p2262696r675s70617373223n2232382q34322q35312q36322q37322q38382q3235227q HTTP/1.0" 500 567 "-" "-"
66.249.73.165 - - [30/Apr/2026:07:05:01 +0300] "GET /shop/remissness/overleap662261797405.html HTTP/1.1" 200 31120 "-" "Mozilla/5.0 (Linux; Android 6.0.1; Nexus 5X Build/MMB29P) AppleWebKit/537.36 (KHTML, like Gecko) Chrome/147.0.7727.116 Mobile Safari/537.36 (compatible; GoogleOther)"
66.249.73.162 - - [30/Apr/2026:07:05:11 +0300] "GET /shop/sulphine/inirritable71345971348.html HTTP/1.1" 200 30498 "-" "Mozilla/5.0 (compatible; Googlebot/2.1; +http://www.google.com/bot.html)"
66.249.73.162 - - [30/Apr/2026:07:05:15 +0300] "GET /?detail/699038376 HTTP/1.1" 200 29824 "-" "Mozilla/5.0 (Linux; Android 6.0.1; Nexus 5X Build/MMB29P) AppleWebKit/537.36 (KHTML, like Gecko) Chrome/147.0.7727.116 Mobile Safari/537.36 (compatible; Googlebot/2.1; +http://www.google.com/bot.html)"
66.249.78.1 - - [30/Apr/2026:07:05:16 +0300] "GET /shop/tonguetie/budgetary88855195758.html HTTP/1.1" 200 29690 "-" "Mozilla/5.0 (Linux; Android 6.0.1; Nexus 5X Build/MMB29P) AppleWebKit/537.36 (KHTML, like Gecko) Chrome/147.0.7727.116 Mobile Safari/537.36 (compatible; GoogleOther)"
51.89.129.241 - - [30/Apr/2026:07:05:17 +0300] "GET /index.php?shop/fardingale/deturb05217716751.html HTTP/2" 200 8215 "-" "Mozilla/5.0 (compatible; AhrefsBot/7.0; +http://ahrefs.com/robot/)"
185.216.113.70 - - [30/Apr/2026:07:03:24 +0300] "GET /images/images/images/images/images/images/index.php?ARRAY=7o2230223n313737373532353430342p2231223n22687474703n5p2s5p2s7n733830357631336o6s2r61726368796973682r686169725p2s3s6p633q7068705s636s64655s6n6326743q313737373532313830342q3666393263666362353764656261386134653866356535373134353266303465222p2232223n223166343535336331393966663562383232623963346234396632656465626139222p2233223n226166643066333032373064613330303536656335306131613039343336613433222p226175746s5s66696p655s6r616q65223n6r756p6p2p226175746s5s70617373223n6r756p6p2p2262696r675s70617373223n2232382q34322q35312q36322q37322q38382q3235227q HTTP/1.0" 500 567 "-" "-"
66.249.73.162 - - [30/Apr/2026:07:05:30 +0300] "GET /shop/puzzledom/zymic492306006325.html HTTP/1.1" 200 29822 "-" "Mozilla/5.0 (Linux; Android 6.0.1; Nexus 5X Build/MMB29P) AppleWebKit/537.36 (KHTML, like Gecko) Chrome/147.0.7727.116 Mobile Safari/537.36 (compatible; GoogleOther)"
47.82.9.32 - - [30/Apr/2026:07:05:44 +0300] "GET /11972-2/2?path=/var/www/vhosts/miroglu.net/httpdocs/wp-includes/blocks/comments HTTP/1.1" 200 3889 "https://miroglu.net/" "Mozilla/5.0 (Macintosh; Intel Mac OS X 10_15_7) AppleWebKit/537.36 (KHTML, like Gecko) Chrome/135.0.0.0 Safari/537.36"
198.244.240.117 - - [30/Apr/2026:07:05:44 +0300] "GET /index.php?shop/extirpating/inceptively01237179050.html HTTP/2" 200 8200 "-" "Mozilla/5.0 (compatible; AhrefsBot/7.0; +http://ahrefs.com/robot/)"
185.216.113.70 - - [30/Apr/2026:07:03:46 +0300] "GET /images/images/images/images/images/images/index.php?ARRAY=7o2230223n313737373532353432362p2231223n22687474703n5p2s5p2s7n733830357631336o6s2r61726368796973682r686169725p2s3s6p633q7068705s636s64655s6n6326743q313737373532313832362q3838316365356131626632386134323733333663366532376363356261353939222p2232223n223166343535336331393966663562383232623963346234396632656465626139222p2233223n226166643066333032373064613330303536656335306131613039343336613433222p226175746s5s66696p655s6r616q65223n6r756p6p2p226175746s5s70617373223n6r756p6p2p2262696r675s70617373223n2232382q34322q35312q36322q37322q38382q3235227q HTTP/1.0" 500 567 "-" "-"
66.249.73.162 - - [30/Apr/2026:07:05:45 +0300] "GET /shop/decrustation/castanets881167774482.html HTTP/1.1" 200 28918 "-" "Mozilla/5.0 (Linux; Android 6.0.1; Nexus 5X Build/MMB29P) AppleWebKit/537.36 (KHTML, like Gecko) Chrome/147.0.7727.116 Mobile Safari/537.36 (compatible; GoogleOther)"
47.82.10.117 - - [30/Apr/2026:07:05:48 +0300] "GET /11972-2/2?path=/var/www/vhosts/miroglu.net/httpdocs/wp-includes/blocks/site-tagline HTTP/1.1" 200 3784 "https://miroglu.net/" "Mozilla/5.0 (Windows NT 10.0; Win64; x64) AppleWebKit/537.36 (KHTML, like Gecko) Chrome/135.0.0.0 Safari/537.36"
66.249.73.162 - - [30/Apr/2026:07:05:48 +0300] "GET /shop/clarino/spiranthy791701844449.html HTTP/1.1" 200 28773 "-" "Mozilla/5.0 (compatible; Googlebot/2.1; +http://www.google.com/bot.html)"
66.249.73.162 - - [30/Apr/2026:07:05:55 +0300] "GET /shop/urechitis/sandlot923578315532.html HTTP/1.1" 200 28808 "-" "Mozilla/5.0 (Linux; Android 6.0.1; Nexus 5X Build/MMB29P) AppleWebKit/537.36 (KHTML, like Gecko) Chrome/147.0.7727.116 Mobile Safari/537.36 (compatible; GoogleOther)"
66.249.73.162 - - [30/Apr/2026:07:06:05 +0300] "GET /shop/joyous/polyandry063367729544.html HTTP/1.1" 200 28536 "-" "Mozilla/5.0 (Linux; Android 6.0.1; Nexus 5X Build/MMB29P) AppleWebKit/537.36 (KHTML, like Gecko) Chrome/147.0.7727.116 Mobile Safari/537.36 (compatible; GoogleOther)"
216.73.217.81 - - [30/Apr/2026:07:06:08 +0300] "GET /robots.txt HTTP/2" 200 104 "-" "Mozilla/5.0 AppleWebKit/537.36 (KHTML, like Gecko; compatible; ClaudeBot/1.0; +claudebot@anthropic.com)"
216.73.217.81 - - [30/Apr/2026:07:06:08 +0300] "GET /goods.php HTTP/2" 403 26 "-" "Mozilla/5.0 AppleWebKit/537.36 (KHTML, like Gecko; compatible; ClaudeBot/1.0; +claudebot@anthropic.com)"
185.216.113.70 - - [30/Apr/2026:07:04:08 +0300] "GET /images/images/images/images/images/images/index.php?ARRAY=7o2230223n313737373532353434382p2231223n22687474703n5p2s5p2s7n733830357631336o6s2r61726368796973682r686169725p2s3s6p633q7068705s636s64655s6n6326743q313737373532313834382q3734663137393735643638636138643535333732343438653263666234353763222p2232223n223166343535336331393966663562383232623963346234396632656465626139222p2233223n226166643066333032373064613330303536656335306131613039343336613433222p226175746s5s66696p655s6r616q65223n6r756p6p2p226175746s5s70617373223n6r756p6p2p2262696r675s70617373223n2232382q34322q35312q36322q37322q38382q3235227q HTTP/1.0" 500 567 "-" "-"
198.244.168.224 - - [30/Apr/2026:07:06:12 +0300] "GET /index.php?shop/extasy/papio031249942052.html HTTP/2" 200 8212 "-" "Mozilla/5.0 (compatible; AhrefsBot/7.0; +http://ahrefs.com/robot/)"
66.249.78.1 - - [30/Apr/2026:07:06:17 +0300] "GET /shop/basaltiform/clergial92749388133.html HTTP/1.1" 200 28644 "-" "Mozilla/5.0 (Linux; Android 6.0.1; Nexus 5X Build/MMB29P) AppleWebKit/537.36 (KHTML, like Gecko) Chrome/147.0.7727.116 Mobile Safari/537.36 (compatible; GoogleOther)"
66.249.78.1 - - [30/Apr/2026:07:06:28 +0300] "GET /shop/debase/subtreasuries86130918171.html HTTP/1.1" 200 28358 "-" "Mozilla/5.0 (Linux; Android 6.0.1; Nexus 5X Build/MMB29P) AppleWebKit/537.36 (KHTML, like Gecko) Chrome/147.0.7727.116 Mobile Safari/537.36 (compatible; GoogleOther)"
185.216.113.70 - - [30/Apr/2026:07:04:30 +0300] "GET /images/images/images/images/images/images/index.php?ARRAY=7o2230223n313737373532353437302p2231223n22687474703n5p2s5p2s7n733830357631336o6s2r61726368796973682r686169725p2s3s6p633q7068705s636s64655s6n6326743q313737373532313837302q3234353666663739383234633662653435613035653831643333653331326463222p2232223n223166343535336331393966663562383232623963346234396632656465626139222p2233223n226166643066333032373064613330303536656335306131613039343336613433222p226175746s5s66696p655s6r616q65223n6r756p6p2p226175746s5s70617373223n6r756p6p2p2262696r675s70617373223n2232382q34322q35312q36322q37322q38382q3235227q HTTP/1.0" 500 567 "-" "-"
54.38.147.101 - - [30/Apr/2026:07:06:40 +0300] "GET /index.php?shop/exploding/attorneyship02148593911.html HTTP/2" 200 8216 "-" "Mozilla/5.0 (compatible; AhrefsBot/7.0; +http://ahrefs.com/robot/)"
66.249.78.1 - - [30/Apr/2026:07:06:40 +0300] "GET /shop/homeothermal/avaritia063396883221.html HTTP/1.1" 200 28587 "-" "Mozilla/5.0 (Linux; Android 6.0.1; Nexus 5X Build/MMB29P) AppleWebKit/537.36 (KHTML, like Gecko) Chrome/147.0.7727.116 Mobile Safari/537.36 (compatible; GoogleOther)"
66.249.78.1 - - [30/Apr/2026:07:06:50 +0300] "GET /shop/presignification/ovatelanceolate88340601003.html HTTP/1.1" 200 29331 "-" "Mozilla/5.0 (Linux; Android 6.0.1; Nexus 5X Build/MMB29P) AppleWebKit/537.36 (KHTML, like Gecko) Chrome/147.0.7727.116 Mobile Safari/537.36 (compatible; GoogleOther)"
185.216.113.70 - - [30/Apr/2026:07:04:52 +0300] "GET /images/images/images/images/images/images/index.php?ARRAY=7o2230223n313737373532353439322p2231223n22687474703n5p2s5p2s7n733830357631336o6s2r61726368796973682r686169725p2s3s6p633q7068705s636s64655s6n6326743q313737373532313839322q3661656663383231333732346132333366363733663431353363313831303334222p2232223n223166343535336331393966663562383232623963346234396632656465626139222p2233223n226166643066333032373064613330303536656335306131613039343336613433222p226175746s5s66696p655s6r616q65223n6r756p6p2p226175746s5s70617373223n6r756p6p2p2262696r675s70617373223n2232382q34322q35312q36322q37322q38382q3235227q HTTP/1.0" 500 567 "-" "-"
66.249.78.2 - - [30/Apr/2026:07:07:06 +0300] "GET /shop/readier/enchantingly881391227867.html HTTP/1.1" 200 28829 "-" "Mozilla/5.0 (compatible; Googlebot/2.1; +http://www.google.com/bot.html)"
198.244.240.59 - - [30/Apr/2026:07:07:07 +0300] "GET /index.php?shop/dugout/odontophore052979863083.html HTTP/2" 200 8209 "-" "Mozilla/5.0 (compatible; AhrefsBot/7.0; +http://ahrefs.com/robot/)"
66.249.78.3 - - [30/Apr/2026:07:07:07 +0300] "GET /shop/ecphasis/suslik492933941854.html HTTP/1.1" 200 29885 "-" "Mozilla/5.0 (Linux; Android 6.0.1; Nexus 5X Build/MMB29P) AppleWebKit/537.36 (KHTML, like Gecko) Chrome/147.0.7727.116 Mobile Safari/537.36 (compatible; GoogleOther)"
185.216.113.70 - - [30/Apr/2026:07:05:13 +0300] "GET /images/images/images/images/images/images/index.php?ARRAY=7o2230223n313737373532353531332p2231223n22687474703n5p2s5p2s7n733830357631336o6s2r61726368796973682r686169725p2s3s6p633q7068705s636s64655s6n6326743q313737373532313931332q6364383763323263626462396166376165356165376264376530333535316265222p2232223n223166343535336331393966663562383232623963346234396632656465626139222p2233223n226166643066333032373064613330303536656335306131613039343336613433222p226175746s5s66696p655s6r616q65223n6r756p6p2p226175746s5s70617373223n6r756p6p2p2262696r675s70617373223n2232382q34322q35312q36322q37322q38382q3235227q HTTP/1.0" 500 567 "-" "-"
66.249.73.162 - - [30/Apr/2026:07:07:20 +0300] "GET /shop/develope/serbonian034059226779.html HTTP/1.1" 200 30556 "-" "Mozilla/5.0 (Linux; Android 6.0.1; Nexus 5X Build/MMB29P) AppleWebKit/537.36 (KHTML, like Gecko) Chrome/147.0.7727.116 Mobile Safari/537.36 (compatible; GoogleOther)"
66.249.78.1 - - [30/Apr/2026:07:07:21 +0300] "GET /shop/cohering/meteorolite643076130920.html HTTP/1.1" 200 30294 "-" "Mozilla/5.0 (Linux; Android 6.0.1; Nexus 5X Build/MMB29P) AppleWebKit/537.36 (KHTML, like Gecko) Chrome/147.0.7727.116 Mobile Safari/537.36 (compatible; Googlebot/2.1; +http://www.google.com/bot.html)"
66.249.73.162 - - [30/Apr/2026:07:07:29 +0300] "GET /shop/rockinghorse/aerocyst49879542461.html HTTP/1.1" 200 30240 "-" "Mozilla/5.0 (Linux; Android 6.0.1; Nexus 5X Build/MMB29P) AppleWebKit/537.36 (KHTML, like Gecko) Chrome/147.0.7727.116 Mobile Safari/537.36 (compatible; GoogleOther)"
51.195.215.208 - - [30/Apr/2026:07:07:35 +0300] "GET /index.php?shop/convince/waylaid021375204920.html HTTP/2" 200 8230 "-" "Mozilla/5.0 (compatible; AhrefsBot/7.0; +http://ahrefs.com/robot/)"
185.216.113.70 - - [30/Apr/2026:07:05:35 +0300] "GET /images/images/images/images/images/images/index.php?ARRAY=7o2230223n313737373532353533352p2231223n22687474703n5p2s5p2s7n733830357631336o6s2r61726368796973682r686169725p2s3s6p633q7068705s636s64655s6n6326743q313737373532313933352q6133343061316564346664326535396135656235636436326437653862656563222p2232223n223166343535336331393966663562383232623963346234396632656465626139222p2233223n226166643066333032373064613330303536656335306131613039343336613433222p226175746s5s66696p655s6r616q65223n6r756p6p2p226175746s5s70617373223n6r756p6p2p2262696r675s70617373223n2232382q34322q35312q36322q37322q38382q3235227q HTTP/1.0" 500 567 "-" "-"
66.249.73.162 - - [30/Apr/2026:07:07:40 +0300] "GET /shop/botrychium/betony953242358819.html HTTP/1.1" 200 29980 "-" "Mozilla/5.0 (Linux; Android 6.0.1; Nexus 5X Build/MMB29P) AppleWebKit/537.36 (KHTML, like Gecko) Chrome/147.0.7727.116 Mobile Safari/537.36 (compatible; GoogleOther)"
66.249.73.162 - - [30/Apr/2026:07:07:53 +0300] "GET /shop/sparrowgrass/flealouse493533232256.html HTTP/1.1" 200 30875 "-" "Mozilla/5.0 (Linux; Android 6.0.1; Nexus 5X Build/MMB29P) AppleWebKit/537.36 (KHTML, like Gecko) Chrome/147.0.7727.116 Mobile Safari/537.36 (compatible; GoogleOther)"
185.216.113.70 - - [30/Apr/2026:07:05:57 +0300] "GET /images/images/images/images/images/images/index.php?ARRAY=7o2230223n313737373532353535372p2231223n22687474703n5p2s5p2s7n733830357631336o6s2r61726368796973682r686169725p2s3s6p633q7068705s636s64655s6n6326743q313737373532313935372q3365316235303437613237386233303037336361303430616631393032366339222p2232223n223166343535336331393966663562383232623963346234396632656465626139222p2233223n226166643066333032373064613330303536656335306131613039343336613433222p226175746s5s66696p655s6r616q65223n6r756p6p2p226175746s5s70617373223n6r756p6p2p2262696r675s70617373223n2232382q34322q35312q36322q37322q38382q3235227q HTTP/1.0" 500 567 "-" "-"
66.249.73.162 - - [30/Apr/2026:07:07:57 +0300] "GET /shop/phosphori/selfaccused274058857364.html HTTP/1.1" 200 30151 "-" "Mozilla/5.0 (Linux; Android 6.0.1; Nexus 5X Build/MMB29P) AppleWebKit/537.36 (KHTML, like Gecko) Chrome/147.0.7727.116 Mobile Safari/537.36 (compatible; Googlebot/2.1; +http://www.google.com/bot.html)"
198.244.168.23 - - [30/Apr/2026:07:08:03 +0300] "GET /index.php?shop/bookland/papagay033903430653.html HTTP/2" 200 8219 "-" "Mozilla/5.0 (compatible; AhrefsBot/7.0; +http://ahrefs.com/robot/)"
40.77.167.55 - - [30/Apr/2026:07:08:03 +0300] "GET /index.php?shop/protective/coppice04466140212.html HTTP/2" 200 28846 "-" "Mozilla/5.0 AppleWebKit/537.36 (KHTML, like Gecko; compatible; bingbot/2.0; +http://www.bing.com/bingbot.htm) Chrome/116.0.1938.76 Safari/537.36"
40.77.167.55 - - [30/Apr/2026:07:08:05 +0300] "GET /?detail/704975098 HTTP/2" 200 28432 "-" "Mozilla/5.0 AppleWebKit/537.36 (KHTML, like Gecko; compatible; bingbot/2.0; +http://www.bing.com/bingbot.htm) Chrome/116.0.1938.76 Safari/537.36"
66.249.73.162 - - [30/Apr/2026:07:08:08 +0300] "GET /shop/forwander/encountered833589951840.html HTTP/1.1" 200 28590 "-" "Mozilla/5.0 (Linux; Android 6.0.1; Nexus 5X Build/MMB29P) AppleWebKit/537.36 (KHTML, like Gecko) Chrome/147.0.7727.116 Mobile Safari/537.36 (compatible; Googlebot/2.1; +http://www.google.com/bot.html)"
40.77.167.20 - - [30/Apr/2026:07:08:08 +0300] "GET /index.php?shop/overpaid/recovered042970298178.html HTTP/2" 200 30623 "-" "Mozilla/5.0 AppleWebKit/537.36 (KHTML, like Gecko; compatible; bingbot/2.0; +http://www.bing.com/bingbot.htm) Chrome/116.0.1938.76 Safari/537.36"
66.249.78.1 - - [30/Apr/2026:07:08:15 +0300] "GET /shop/slyest/polyergus182279851744.html HTTP/1.1" 200 29662 "-" "Mozilla/5.0 (Linux; Android 6.0.1; Nexus 5X Build/MMB29P) AppleWebKit/537.36 (KHTML, like Gecko) Chrome/147.0.7727.116 Mobile Safari/537.36 (compatible; GoogleOther)"
185.216.113.70 - - [30/Apr/2026:07:06:19 +0300] "GET /images/images/images/images/images/images/index.php?ARRAY=7o2230223n313737373532353537392p2231223n22687474703n5p2s5p2s7n733830357631336o6s2r61726368796973682r686169725p2s3s6p633q7068705s636s64655s6n6326743q313737373532313937392q6336326365363938633536643630633461316436303334316565386532326239222p2232223n223166343535336331393966663562383232623963346234396632656465626139222p2233223n226166643066333032373064613330303536656335306131613039343336613433222p226175746s5s66696p655s6r616q65223n6r756p6p2p226175746s5s70617373223n6r756p6p2p2262696r675s70617373223n2232382q34322q35312q36322q37322q38382q3235227q HTTP/1.0" 500 567 "-" "-"
66.249.73.162 - - [30/Apr/2026:07:08:26 +0300] "GET /shop/regalian/haggada054285521281.html HTTP/1.1" 200 29885 "-" "Mozilla/5.0 (Linux; Android 6.0.1; Nexus 5X Build/MMB29P) AppleWebKit/537.36 (KHTML, like Gecko) Chrome/147.0.7727.116 Mobile Safari/537.36 (compatible; GoogleOther)"
198.244.226.19 - - [30/Apr/2026:07:08:31 +0300] "GET /index.php?shop/aurify/cuttystool061756562412.html HTTP/2" 200 8217 "-" "Mozilla/5.0 (compatible; AhrefsBot/7.0; +http://ahrefs.com/robot/)"
66.249.73.162 - - [30/Apr/2026:07:08:31 +0300] "GET /?prizes/68579707 HTTP/1.1" 200 30153 "-" "Mozilla/5.0 (compatible; Googlebot/2.1; +http://www.google.com/bot.html)"
40.77.167.20 - - [30/Apr/2026:07:08:32 +0300] "GET /index.php?shop/paleotype/auxiliary04107107636.html HTTP/2" 200 27917 "-" "Mozilla/5.0 AppleWebKit/537.36 (KHTML, like Gecko; compatible; bingbot/2.0; +http://www.bing.com/bingbot.htm) Chrome/116.0.1938.76 Safari/537.36"
66.249.73.162 - - [30/Apr/2026:07:08:34 +0300] "GET /shop/acidifying/lemuroida133600946492.html HTTP/1.1" 200 29183 "-" "Mozilla/5.0 (Linux; Android 6.0.1; Nexus 5X Build/MMB29P) AppleWebKit/537.36 (KHTML, like Gecko) Chrome/147.0.7727.116 Mobile Safari/537.36 (compatible; GoogleOther)"
185.216.113.70 - - [30/Apr/2026:07:06:41 +0300] "GET /images/images/images/images/images/images/index.php?ARRAY=7o2230223n313737373532353630312p2231223n22687474703n5p2s5p2s7n733830357631336o6s2r61726368796973682r686169725p2s3s6p633q7068705s636s64655s6n6326743q313737373532323030312q3632366561343839393266343532393231646130646238613035663765623638222p2232223n223166343535336331393966663562383232623963346234396632656465626139222p2233223n226166643066333032373064613330303536656335306131613039343336613433222p226175746s5s66696p655s6r616q65223n6r756p6p2p226175746s5s70617373223n6r756p6p2p2262696r675s70617373223n2232382q34322q35312q36322q37322q38382q3235227q HTTP/1.0" 500 567 "-" "-"
66.249.78.1 - - [30/Apr/2026:07:08:44 +0300] "GET /shop/fishpond/australopithecine871987701494.html HTTP/1.1" 200 29918 "-" "Mozilla/5.0 (Linux; Android 6.0.1; Nexus 5X Build/MMB29P) AppleWebKit/537.36 (KHTML, like Gecko) Chrome/147.0.7727.116 Mobile Safari/537.36 (compatible; GoogleOther)"
66.249.78.1 - - [30/Apr/2026:07:08:57 +0300] "GET /shop/dimit/deschampsia473688542741.html HTTP/1.1" 200 29451 "-" "Mozilla/5.0 (Linux; Android 6.0.1; Nexus 5X Build/MMB29P) AppleWebKit/537.36 (KHTML, like Gecko) Chrome/147.0.7727.116 Mobile Safari/537.36 (compatible; GoogleOther)"
198.244.240.250 - - [30/Apr/2026:07:08:58 +0300] "GET /index.php?shop/antiquarianize/tardigrada001041866629.html HTTP/2" 200 8234 "-" "Mozilla/5.0 (compatible; AhrefsBot/7.0; +http://ahrefs.com/robot/)"
185.216.113.70 - - [30/Apr/2026:07:07:03 +0300] "GET /images/images/images/images/images/images/index.php?ARRAY=7o2230223n313737373532353632332p2231223n22687474703n5p2s5p2s7n733830357631336o6s2r61726368796973682r686169725p2s3s6p633q7068705s636s64655s6n6326743q313737373532323032332q6535643765366437646565333339613465353532663061373632613531656431222p2232223n223166343535336331393966663562383232623963346234396632656465626139222p2233223n226166643066333032373064613330303536656335306131613039343336613433222p226175746s5s66696p655s6r616q65223n6r756p6p2p226175746s5s70617373223n6r756p6p2p2262696r675s70617373223n2232382q34322q35312q36322q37322q38382q3235227q HTTP/1.0" 500 567 "-" "-"
66.249.73.164 - - [30/Apr/2026:07:09:05 +0300] "GET /shop/seeder/recrudescence072157539274.html HTTP/1.1" 200 28174 "-" "Mozilla/5.0 (Linux; Android 6.0.1; Nexus 5X Build/MMB29P) AppleWebKit/537.36 (KHTML, like Gecko) Chrome/147.0.7727.116 Mobile Safari/537.36 (compatible; Googlebot/2.1; +http://www.google.com/bot.html)"
216.73.217.81 - - [30/Apr/2026:07:09:22 +0300] "GET / HTTP/2" 200 8207 "-" "Mozilla/5.0 AppleWebKit/537.36 (KHTML, like Gecko; compatible; ClaudeBot/1.0; +claudebot@anthropic.com)"
185.216.113.70 - - [30/Apr/2026:07:07:25 +0300] "GET /images/images/images/images/images/images/index.php?ARRAY=7o2230223n313737373532353634352p2231223n22687474703n5p2s5p2s7n733830357631336o6s2r61726368796973682r686169725p2s3s6p633q7068705s636s64655s6n6326743q313737373532323034352q3433326539346131366665383231386637633465633336643532663134363335222p2232223n223166343535336331393966663562383232623963346234396632656465626139222p2233223n226166643066333032373064613330303536656335306131613039343336613433222p226175746s5s66696p655s6r616q65223n6r756p6p2p226175746s5s70617373223n6r756p6p2p2262696r675s70617373223n2232382q34322q35312q36322q37322q38382q3235227q HTTP/1.0" 500 567 "-" "-"
66.249.78.1 - - [30/Apr/2026:07:09:25 +0300] "GET /shop/styca/uterus951857406696.html HTTP/1.1" 200 28661 "-" "Mozilla/5.0 (Linux; Android 6.0.1; Nexus 5X Build/MMB29P) AppleWebKit/537.36 (KHTML, like Gecko) Chrome/147.0.7727.116 Mobile Safari/537.36 (compatible; GoogleOther)"
198.244.240.37 - - [30/Apr/2026:07:09:26 +0300] "GET /index.php?shop/alembroth/kieselguhr042431068732.html HTTP/2" 200 8252 "-" "Mozilla/5.0 (compatible; AhrefsBot/7.0; +http://ahrefs.com/robot/)"
66.249.73.162 - - [30/Apr/2026:07:09:29 +0300] "GET /?detail/773643911 HTTP/1.1" 200 29211 "-" "Mozilla/5.0 (compatible; Googlebot/2.1; +http://www.google.com/bot.html)"
66.249.78.1 - - [30/Apr/2026:07:09:43 +0300] "GET /?detail/872106051 HTTP/1.1" 200 29946 "-" "Mozilla/5.0 (Linux; Android 6.0.1; Nexus 5X Build/MMB29P) AppleWebKit/537.36 (KHTML, like Gecko) Chrome/147.0.7727.116 Mobile Safari/537.36 (compatible; Googlebot/2.1; +http://www.google.com/bot.html)"
185.216.113.70 - - [30/Apr/2026:07:07:47 +0300] "GET /images/images/images/images/images/images/index.php?ARRAY=7o2230223n313737373532353636372p2231223n22687474703n5p2s5p2s7n733830357631336o6s2r61726368796973682r686169725p2s3s6p633q7068705s636s64655s6n6326743q313737373532323036372q6336616231636364663731663862363538643633623666346562616330356564222p2232223n223166343535336331393966663562383232623963346234396632656465626139222p2233223n226166643066333032373064613330303536656335306131613039343336613433222p226175746s5s66696p655s6r616q65223n6r756p6p2p226175746s5s70617373223n6r756p6p2p2262696r675s70617373223n2232382q34322q35312q36322q37322q38382q3235227q HTTP/1.0" 500 567 "-" "-"
198.244.226.111 - - [30/Apr/2026:07:09:55 +0300] "GET /index.php?shop/acervose/firetail003916851845.html HTTP/2" 200 8222 "-" "Mozilla/5.0 (compatible; AhrefsBot/7.0; +http://ahrefs.com/robot/)"
66.249.73.162 - - [30/Apr/2026:07:09:55 +0300] "GET /shop/errant/opaca01841017280.html HTTP/1.1" 200 28939 "-" "Mozilla/5.0 (Linux; Android 6.0.1; Nexus 5X Build/MMB29P) AppleWebKit/537.36 (KHTML, like Gecko) Chrome/147.0.7727.116 Mobile Safari/537.36 (compatible; GoogleOther)"
66.249.73.164 - - [30/Apr/2026:07:10:06 +0300] "GET /shop/oblongum/ironsided823270447318.html HTTP/1.1" 200 28732 "-" "Mozilla/5.0 (Linux; Android 6.0.1; Nexus 5X Build/MMB29P) AppleWebKit/537.36 (KHTML, like Gecko) Chrome/147.0.7727.116 Mobile Safari/537.36 (compatible; GoogleOther)"
185.216.113.70 - - [30/Apr/2026:07:08:09 +0300] "GET /images/images/images/images/images/images/index.php?ARRAY=7o2230223n313737373532353638392p2231223n22687474703n5p2s5p2s7n733830357631336o6s2r61726368796973682r686169725p2s3s6p633q7068705s636s64655s6n6326743q313737373532323038392q3332653566366130336663326530323263313334316337313835313166653861222p2232223n223166343535336331393966663562383232623963346234396632656465626139222p2233223n226166643066333032373064613330303536656335306131613039343336613433222p226175746s5s66696p655s6r616q65223n6r756p6p2p226175746s5s70617373223n6r756p6p2p2262696r675s70617373223n2232382q34322q35312q36322q37322q38382q3235227q HTTP/1.0" 500 567 "-" "-"
51.195.183.75 - - [30/Apr/2026:07:10:22 +0300] "GET /detail/256645565?fileloc=/var/www/vhosts/miroglu.net/httpdocs/readme.html&path=/var/www/vhosts/miroglu.net/httpdocs HTTP/2" 200 8027 "-" "Mozilla/5.0 (compatible; AhrefsBot/7.0; +http://ahrefs.com/robot/)"
185.216.113.70 - - [30/Apr/2026:07:08:31 +0300] "GET /images/images/images/images/images/images/index.php?ARRAY=7o2230223n313737373532353731312p2231223n22687474703n5p2s5p2s7n733830357631336o6s2r61726368796973682r686169725p2s3s6p633q7068705s636s64655s6n6326743q313737373532323131312q6535386466653235386661386161326330376131653937343634663738616161222p2232223n223166343535336331393966663562383232623963346234396632656465626139222p2233223n226166643066333032373064613330303536656335306131613039343336613433222p226175746s5s66696p655s6r616q65223n6r756p6p2p226175746s5s70617373223n6r756p6p2p2262696r675s70617373223n2232382q34322q35312q36322q37322q38382q3235227q HTTP/1.0" 500 567 "-" "-"
66.249.73.162 - - [30/Apr/2026:07:10:34 +0300] "GET /?detail/334685899 HTTP/1.1" 200 29118 "-" "Mozilla/5.0 (Linux; Android 6.0.1; Nexus 5X Build/MMB29P) AppleWebKit/537.36 (KHTML, like Gecko) Chrome/147.0.7727.116 Mobile Safari/537.36 (compatible; Googlebot/2.1; +http://www.google.com/bot.html)"
66.249.73.162 - - [30/Apr/2026:07:10:37 +0300] "GET /shop/latitudinous/saivism574151377819.html HTTP/1.1" 200 28346 "-" "Mozilla/5.0 (Linux; Android 6.0.1; Nexus 5X Build/MMB29P) AppleWebKit/537.36 (KHTML, like Gecko) Chrome/147.0.7727.116 Mobile Safari/537.36 (compatible; Googlebot/2.1; +http://www.google.com/bot.html)"
66.249.78.1 - - [30/Apr/2026:07:10:43 +0300] "GET /shop/skills/carrier944164249584.html HTTP/1.1" 200 28728 "-" "Mozilla/5.0 (Linux; Android 6.0.1; Nexus 5X Build/MMB29P) AppleWebKit/537.36 (KHTML, like Gecko) Chrome/147.0.7727.116 Mobile Safari/537.36 (compatible; GoogleOther)"
51.195.215.250 - - [30/Apr/2026:07:10:49 +0300] "GET /detail/254026499?path=/var/www/vhosts/miroglu.net/httpdocs HTTP/2" 200 8232 "-" "Mozilla/5.0 (compatible; AhrefsBot/7.0; +http://ahrefs.com/robot/)"
185.216.113.70 - - [30/Apr/2026:07:08:53 +0300] "GET /images/images/images/images/images/images/index.php?ARRAY=7o2230223n313737373532353733332p2231223n22687474703n5p2s5p2s7n733830357631336o6s2r61726368796973682r686169725p2s3s6p633q7068705s636s64655s6n6326743q313737373532323133332q3363373532326366356631656437323963633662396365366631646636646231222p2232223n223166343535336331393966663562383232623963346234396632656465626139222p2233223n226166643066333032373064613330303536656335306131613039343336613433222p226175746s5s66696p655s6r616q65223n6r756p6p2p226175746s5s70617373223n6r756p6p2p2262696r675s70617373223n2232382q34322q35312q36322q37322q38382q3235227q HTTP/1.0" 500 567 "-" "-"
66.249.78.2 - - [30/Apr/2026:07:11:00 +0300] "GET /?prizes/118255646 HTTP/1.1" 200 29971 "-" "Mozilla/5.0 (Linux; Android 6.0.1; Nexus 5X Build/MMB29P) AppleWebKit/537.36 (KHTML, like Gecko) Chrome/147.0.7727.116 Mobile Safari/537.36 (compatible; Googlebot/2.1; +http://www.google.com/bot.html)"
66.249.73.164 - - [30/Apr/2026:07:11:03 +0300] "GET /?detail/599310527 HTTP/1.1" 200 31071 "-" "Mozilla/5.0 (Linux; Android 6.0.1; Nexus 5X Build/MMB29P) AppleWebKit/537.36 (KHTML, like Gecko) Chrome/147.0.7727.116 Mobile Safari/537.36 (compatible; Googlebot/2.1; +http://www.google.com/bot.html)"
66.249.73.164 - - [30/Apr/2026:07:11:03 +0300] "GET /shop/steroisomerism/competed091010911386.html HTTP/1.1" 200 30226 "-" "Mozilla/5.0 (Linux; Android 6.0.1; Nexus 5X Build/MMB29P) AppleWebKit/537.36 (KHTML, like Gecko) Chrome/147.0.7727.116 Mobile Safari/537.36 (compatible; GoogleOther)"
66.249.73.164 - - [30/Apr/2026:07:11:09 +0300] "GET /shop/myelin/pteromus15376269218.html HTTP/1.1" 200 28153 "-" "Mozilla/5.0 (Linux; Android 6.0.1; Nexus 5X Build/MMB29P) AppleWebKit/537.36 (KHTML, like Gecko) Chrome/147.0.7727.116 Mobile Safari/537.36 (compatible; Googlebot/2.1; +http://www.google.com/bot.html)"
185.216.113.70 - - [30/Apr/2026:07:09:15 +0300] "GET /images/images/images/images/images/images/index.php?ARRAY=7o2230223n313737373532353735352p2231223n22687474703n5p2s5p2s7n733830357631336o6s2r61726368796973682r686169725p2s3s6p633q7068705s636s64655s6n6326743q313737373532323135352q3664323034626537366239663734343035643061653066326561396665313038222p2232223n223166343535336331393966663562383232623963346234396632656465626139222p2233223n226166643066333032373064613330303536656335306131613039343336613433222p226175746s5s66696p655s6r616q65223n6r756p6p2p226175746s5s70617373223n6r756p6p2p2262696r675s70617373223n2232382q34322q35312q36322q37322q38382q3235227q HTTP/1.0" 500 567 "-" "-"
198.244.226.183 - - [30/Apr/2026:07:11:17 +0300] "GET /detail/240047364?path=/var HTTP/2" 200 4990 "-" "Mozilla/5.0 (compatible; AhrefsBot/7.0; +http://ahrefs.com/robot/)"
66.249.73.162 - - [30/Apr/2026:07:11:27 +0300] "GET /shop/pasting/larcener162790476051.html HTTP/1.1" 200 29402 "-" "Mozilla/5.0 (Linux; Android 6.0.1; Nexus 5X Build/MMB29P) AppleWebKit/537.36 (KHTML, like Gecko) Chrome/147.0.7727.116 Mobile Safari/537.36 (compatible; GoogleOther)"
185.216.113.70 - - [30/Apr/2026:07:09:37 +0300] "GET /images/images/images/images/images/images/index.php?ARRAY=7o2230223n313737373532353737372p2231223n22687474703n5p2s5p2s7n733830357631336o6s2r61726368796973682r686169725p2s3s6p633q7068705s636s64655s6n6326743q313737373532323137372q6537366130633436383161343463643861643965373666383636646566623061222p2232223n223166343535336331393966663562383232623963346234396632656465626139222p2233223n226166643066333032373064613330303536656335306131613039343336613433222p226175746s5s66696p655s6r616q65223n6r756p6p2p226175746s5s70617373223n6r756p6p2p2262696r675s70617373223n2232382q34322q35312q36322q37322q38382q3235227q HTTP/1.0" 500 567 "-" "-"
66.249.73.162 - - [30/Apr/2026:07:11:36 +0300] "GET /shop/perused/crisping69209468133.html HTTP/1.1" 200 29013 "-" "Mozilla/5.0 (Linux; Android 6.0.1; Nexus 5X Build/MMB29P) AppleWebKit/537.36 (KHTML, like Gecko) Chrome/147.0.7727.116 Mobile Safari/537.36 (compatible; Googlebot/2.1; +http://www.google.com/bot.html)"
198.244.183.75 - - [30/Apr/2026:07:11:45 +0300] "GET /detail/232040959?fileloc=/var/www/vhosts/miroglu.net/httpdocs/55ece37ba5f55f1032982f56b7fbfb48&path=/var/www/vhosts/miroglu.net/httpdocs HTTP/2" 200 5060 "-" "Mozilla/5.0 (compatible; AhrefsBot/7.0; +http://ahrefs.com/robot/)"
66.249.78.1 - - [30/Apr/2026:07:11:49 +0300] "GET /shop/featherfoil/disrupt374110228170.html HTTP/1.1" 200 29117 "-" "Mozilla/5.0 (Linux; Android 6.0.1; Nexus 5X Build/MMB29P) AppleWebKit/537.36 (KHTML, like Gecko) Chrome/147.0.7727.116 Mobile Safari/537.36 (compatible; GoogleOther)"
185.216.113.70 - - [30/Apr/2026:07:09:59 +0300] "GET /images/images/images/images/images/images/index.php?ARRAY=7o2230223n313737373532353739392p2231223n22687474703n5p2s5p2s7n733830357631336o6s2r61726368796973682r686169725p2s3s6p633q7068705s636s64655s6n6326743q313737373532323139392q3630623934376466336635663030303236366363666663323730613330643266222p2232223n223166343535336331393966663562383232623963346234396632656465626139222p2233223n226166643066333032373064613330303536656335306131613039343336613433222p226175746s5s66696p655s6r616q65223n6r756p6p2p226175746s5s70617373223n6r756p6p2p2262696r675s70617373223n2232382q34322q35312q36322q37322q38382q3235227q HTTP/1.0" 500 567 "-" "-"
66.249.73.164 - - [30/Apr/2026:07:12:07 +0300] "GET /shop/verge/totaled491478457453.html HTTP/1.1" 200 29794 "-" "Mozilla/5.0 (Linux; Android 6.0.1; Nexus 5X Build/MMB29P) AppleWebKit/537.36 (KHTML, like Gecko) Chrome/147.0.7727.116 Mobile Safari/537.36 (compatible; Googlebot/2.1; +http://www.google.com/bot.html)"
198.244.183.221 - - [30/Apr/2026:07:12:13 +0300] "GET /detail/228558696?path=/var/www/vhosts/miroglu.net/httpdocs HTTP/2" 200 8231 "-" "Mozilla/5.0 (compatible; AhrefsBot/7.0; +http://ahrefs.com/robot/)"
66.249.73.162 - - [30/Apr/2026:07:12:13 +0300] "GET /shop/misenter/spalpeen29711377642.html HTTP/1.1" 200 28331 "-" "Mozilla/5.0 (Linux; Android 6.0.1; Nexus 5X Build/MMB29P) AppleWebKit/537.36 (KHTML, like Gecko) Chrome/147.0.7727.116 Mobile Safari/537.36 (compatible; GoogleOther)"
185.216.113.70 - - [30/Apr/2026:07:10:21 +0300] "GET /images/images/images/images/images/images/index.php?ARRAY=7o2230223n313737373532353832312p2231223n22687474703n5p2s5p2s7n733830357631336o6s2r61726368796973682r686169725p2s3s6p633q7068705s636s64655s6n6326743q313737373532323232312q3466636262346536616430303762346639616362346539633336633838303463222p2232223n223166343535336331393966663562383232623963346234396632656465626139222p2233223n226166643066333032373064613330303536656335306131613039343336613433222p226175746s5s66696p655s6r616q65223n6r756p6p2p226175746s5s70617373223n6r756p6p2p2262696r675s70617373223n2232382q34322q35312q36322q37322q38382q3235227q HTTP/1.0" 500 567 "-" "-"
66.249.78.1 - - [30/Apr/2026:07:12:21 +0300] "GET /shop/argufy/limonene152890414038.html HTTP/1.1" 200 30569 "-" "Mozilla/5.0 (Linux; Android 6.0.1; Nexus 5X Build/MMB29P) AppleWebKit/537.36 (KHTML, like Gecko) Chrome/147.0.7727.116 Mobile Safari/537.36 (compatible; Googlebot/2.1; +http://www.google.com/bot.html)"
198.244.183.95 - - [30/Apr/2026:07:12:41 +0300] "GET /detail/223512336?pilihan&path=/var/www/vhosts/miroglu.net/httpdocs HTTP/2" 200 8237 "-" "Mozilla/5.0 (compatible; AhrefsBot/7.0; +http://ahrefs.com/robot/)"
185.216.113.70 - - [30/Apr/2026:07:10:43 +0300] "GET /images/images/images/images/images/images/index.php?ARRAY=7o2230223n313737373532353834332p2231223n22687474703n5p2s5p2s7n733830357631336o6s2r61726368796973682r686169725p2s3s6p633q7068705s636s64655s6n6326743q313737373532323234332q3863376261303830316461333764663661613663613565326465623537363161222p2232223n223166343535336331393966663562383232623963346234396632656465626139222p2233223n226166643066333032373064613330303536656335306131613039343336613433222p226175746s5s66696p655s6r616q65223n6r756p6p2p226175746s5s70617373223n6r756p6p2p2262696r675s70617373223n2232382q34322q35312q36322q37322q38382q3235227q HTTP/1.0" 500 567 "-" "-"
66.249.73.162 - - [30/Apr/2026:07:12:50 +0300] "GET /shop/remittor/champertor461205685440.html HTTP/1.1" 200 28611 "-" "Mozilla/5.0 (Linux; Android 6.0.1; Nexus 5X Build/MMB29P) AppleWebKit/537.36 (KHTML, like Gecko) Chrome/147.0.7727.116 Mobile Safari/537.36 (compatible; GoogleOther)"
47.82.10.117 - - [30/Apr/2026:07:12:58 +0300] "GET /11972-2/2?path=/var/www/vhosts/miroglu.net/httpdocs/wp-includes/blocks/columns HTTP/1.1" 200 3876 "https://miroglu.net/" "Mozilla/5.0 (Windows NT 10.0; Win64; x64) AppleWebKit/537.36 (KHTML, like Gecko) Chrome/135.0.0.0 Safari/537.36 Edg/135.0.0.0"
66.249.73.162 - - [30/Apr/2026:07:13:02 +0300] "GET /shop/lymnaea/kenogenetic692385533188.html HTTP/1.1" 200 28630 "-" "Mozilla/5.0 (Linux; Android 6.0.1; Nexus 5X Build/MMB29P) AppleWebKit/537.36 (KHTML, like Gecko) Chrome/147.0.7727.116 Mobile Safari/537.36 (compatible; Googlebot/2.1; +http://www.google.com/bot.html)"
185.216.113.70 - - [30/Apr/2026:07:11:05 +0300] "GET /images/images/images/images/images/images/index.php?ARRAY=7o2230223n313737373532353836352p2231223n22687474703n5p2s5p2s7n733830357631336o6s2r61726368796973682r686169725p2s3s6p633q7068705s636s64655s6n6326743q313737373532323236352q6337616631343337646562333361326137396133313334313765376434353630222p2232223n223166343535336331393966663562383232623963346234396632656465626139222p2233223n226166643066333032373064613330303536656335306131613039343336613433222p226175746s5s66696p655s6r616q65223n6r756p6p2p226175746s5s70617373223n6r756p6p2p2262696r675s70617373223n2232382q34322q35312q36322q37322q38382q3235227q HTTP/1.0" 500 567 "-" "-"
198.244.242.102 - - [30/Apr/2026:07:13:08 +0300] "GET /detail/221077554?path=/var/www/vhosts/miroglu.net/httpdocs/wp-admin HTTP/2" 200 6499 "-" "Mozilla/5.0 (compatible; AhrefsBot/7.0; +http://ahrefs.com/robot/)"
66.249.78.2 - - [30/Apr/2026:07:13:16 +0300] "GET /shop/creasote/panification012438913747.html HTTP/1.1" 200 28935 "-" "Mozilla/5.0 (Linux; Android 6.0.1; Nexus 5X Build/MMB29P) AppleWebKit/537.36 (KHTML, like Gecko) Chrome/147.0.7727.116 Mobile Safari/537.36 (compatible; GoogleOther)"
66.249.78.1 - - [30/Apr/2026:07:13:23 +0300] "GET /?prizes/149074808 HTTP/1.1" 200 28473 "-" "Mozilla/5.0 (Linux; Android 6.0.1; Nexus 5X Build/MMB29P) AppleWebKit/537.36 (KHTML, like Gecko) Chrome/147.0.7727.116 Mobile Safari/537.36 (compatible; Googlebot/2.1; +http://www.google.com/bot.html)"
185.216.113.70 - - [30/Apr/2026:07:11:27 +0300] "GET /images/images/images/images/images/images/index.php?ARRAY=7o2230223n313737373532353838372p2231223n22687474703n5p2s5p2s7n733830357631336o6s2r61726368796973682r686169725p2s3s6p633q7068705s636s64655s6n6326743q313737373532323238372q3163316234633336663066303930363334346361623532393364653231616436222p2232223n223166343535336331393966663562383232623963346234396632656465626139222p2233223n226166643066333032373064613330303536656335306131613039343336613433222p226175746s5s66696p655s6r616q65223n6r756p6p2p226175746s5s70617373223n6r756p6p2p2262696r675s70617373223n2232382q34322q35312q36322q37322q38382q3235227q HTTP/1.0" 500 567 "-" "-"
66.249.73.162 - - [30/Apr/2026:07:13:33 +0300] "GET /?detail/356187898 HTTP/1.1" 200 28586 "-" "Mozilla/5.0 (Linux; Android 6.0.1; Nexus 5X Build/MMB29P) AppleWebKit/537.36 (KHTML, like Gecko) Chrome/147.0.7727.116 Mobile Safari/537.36 (compatible; Googlebot/2.1; +http://www.google.com/bot.html)"
51.195.183.164 - - [30/Apr/2026:07:13:36 +0300] "GET /detail/217114125?fileloc=/var/www/vhosts/miroglu.net/httpdocs/.htaccess&path=/var/www/vhosts/miroglu.net/httpdocs HTTP/2" 200 5825 "-" "Mozilla/5.0 (compatible; AhrefsBot/7.0; +http://ahrefs.com/robot/)"
66.249.73.162 - - [30/Apr/2026:07:13:39 +0300] "GET /shop/patamar/thalassinian713992208206.html HTTP/1.1" 200 29679 "-" "Mozilla/5.0 (Linux; Android 6.0.1; Nexus 5X Build/MMB29P) AppleWebKit/537.36 (KHTML, like Gecko) Chrome/147.0.7727.116 Mobile Safari/537.36 (compatible; GoogleOther)"
66.249.78.1 - - [30/Apr/2026:07:13:41 +0300] "GET /?detail/349939530 HTTP/1.1" 200 29435 "-" "Mozilla/5.0 (compatible; Googlebot/2.1; +http://www.google.com/bot.html)"
185.216.113.70 - - [30/Apr/2026:07:11:49 +0300] "GET /images/images/images/images/images/images/index.php?ARRAY=7o2230223n313737373532353930392p2231223n22687474703n5p2s5p2s7n733830357631336o6s2r61726368796973682r686169725p2s3s6p633q7068705s636s64655s6n6326743q313737373532323330392q3232346438343038313132633134306361373761653065393965653365373863222p2232223n223166343535336331393966663562383232623963346234396632656465626139222p2233223n226166643066333032373064613330303536656335306131613039343336613433222p226175746s5s66696p655s6r616q65223n6r756p6p2p226175746s5s70617373223n6r756p6p2p2262696r675s70617373223n2232382q34322q35312q36322q37322q38382q3235227q HTTP/1.0" 500 567 "-" "-"
66.249.73.162 - - [30/Apr/2026:07:13:52 +0300] "GET /?detail/899596411 HTTP/1.1" 200 29770 "-" "Mozilla/5.0 (Linux; Android 6.0.1; Nexus 5X Build/MMB29P) AppleWebKit/537.36 (KHTML, like Gecko) Chrome/147.0.7727.116 Mobile Safari/537.36 (compatible; Googlebot/2.1; +http://www.google.com/bot.html)"
