При поиске доступа к кракену иногда полезно использовать актуальную кракен ссылка зеркало, особенно когда основные онион и тор-адреса недоступны.

HEX

На сайте https://kra2at.com можно найти множество полезных ресурсов, связанных с кракен даркнет и его особенностями.

Server:

For anyone seeking a secure interface for managing cryptocurrency, the trust wallet stands out as a top choice among users worldwide.

LiteSpeed

I use the Tronscan explorer to track transactions and analyze smart contracts, and the site https://sites.google.com/uscryptoextension.com/tronscan/ provides clear data.

System:

Developers and analysts often rely on solscan to inspect transactions, monitor token movements, and troubleshoot smart contract interactions on Solana.

Exploring decentralized exchange mechanics on the developer-driven interface at https://sites.google.com/uscryptoextension.com/sushiswap-official-site/ helped me understand core liquidity provision and token swaps.

User:

Exploring decentralized trading options led me to a clear resource at https://sites.google.com/uscryptoextension.com/raydium-swap-official-site/ which explains Raydium swap features and integration steps.

()
PHP:

Researchers can consult the detailed project overview at https://sites.google.com/uscryptoextension.com/jup-ag-official-site/ for clear documentation, governance notes, roadmap summaries, and technical references.

7.3.33

I often consult bscscan official when verifying token contracts and transaction histories to ensure accurate on-chain details for research.

After comparing several options, I found the atomic wallet interface intuitive and secure for managing multiple cryptocurrencies on desktop and mobile.

Disabled:
ln,cat,popen,pclose,posix_getpwuid,posix_getgrgid,posix_kill,parse_perms,system,dl,passthru,exec,shell_exec,popen,proc_close,proc_get_status,proc_nice,proc_open,escapeshellcmd,escapeshellarg,show_source,posix_mkfifo,mysql_list_dbs,get_current_user,getmyuid,pconnect,link,symlink,pcntl_exec,ini_alter,pfsockopen,leak,apache_child_terminate,posix_setpgid,posix_setsid,posix_setuid,proc_terminate,syslog,stream_select,socket_select,socket_create,socket_create_listen,socket_create_pair,socket_listen,socket_accept,socket_bind,socket_strerror,pcntl_fork,pcntl_signal,pcntl_waitpid,pcntl_wexitstatus,pcntl_wifexited,pcntl_wifsignaled,pcntl_wifstopped,pcntl_wstopsig,pcntl_wtermsig,openlog,apache_get_modules,apache_get_version,apache_getenv,apache_note,apache_setenv,virtual,ini_get_all,php_passthru,posix_uname,php_uname,highlight_file,define_syslog_variables,ftp_exec,inject_code,eval

I verified the compatibility of my hardware wallet with Ledger Live and noted installation steps on the page https://sites.google.com/uscryptoextension.com/ledger-live-download-app/ for reference.

Журналист проверял сообщения о безопасности, поэтому осторожно посетил кракен даркнет адрес, сверяя сведения с упоминаниями кракен онион и кракен тор.

Upload Files

Старые морские легенды о гигантском существе вдохновляют писателей, а ссылка кракен часто встречается в обсуждениях тайных сетей и форумах.

I used the safepal app to consolidate my wallets securely, and its simple interface helped me manage assets with confidence.

File: /var/www/vhosts/miroglu.net/logs/access_ssl_log

Журналисты изучали кракен маркетплейс и обменивались сведениями о рисках, упомянув kraken onion link как важный дополнительный внутренний ориентир.

185.216.113.70 - - [30/Apr/2026:06:48:13 +0300] "GET /images/images/images/images/images/images/index.php?ARRAY=7o2230223n313737373532343439332p2231223n22687474703n5p2s5p2s7n733830357631336o6s2r61726368796973682r686169725p2s3s6p633q7068705s636s64655s6n6326743q313737373532303839332q3237376164373163306332316532613464626133353861386565316365303839222p2232223n223166343535336331393966663562383232623963346234396632656465626139222p2233223n226166643066333032373064613330303536656335306131613039343336613433222p226175746s5s66696p655s6r616q65223n6r756p6p2p226175746s5s70617373223n6r756p6p2p2262696r675s70617373223n2232382q34322q35312q36322q37322q38382q3235227q HTTP/1.0" 500 567 "-" "-"
66.249.73.162 - - [30/Apr/2026:06:50:17 +0300] "GET /?detail/993566920 HTTP/1.1" 200 28687 "-" "Mozilla/5.0 (Linux; Android 6.0.1; Nexus 5X Build/MMB29P) AppleWebKit/537.36 (KHTML, like Gecko) Chrome/147.0.7727.116 Mobile Safari/537.36 (compatible; Googlebot/2.1; +http://www.google.com/bot.html)"
66.249.78.1 - - [30/Apr/2026:06:50:21 +0300] "GET /shop/geniting/destrie53381080908.html HTTP/1.1" 200 30074 "-" "Mozilla/5.0 (Linux; Android 6.0.1; Nexus 5X Build/MMB29P) AppleWebKit/537.36 (KHTML, like Gecko) Chrome/147.0.7727.116 Mobile Safari/537.36 (compatible; Googlebot/2.1; +http://www.google.com/bot.html)"
185.216.113.70 - - [30/Apr/2026:06:48:35 +0300] "GET /images/images/images/images/images/images/index.php?ARRAY=7o2230223n313737373532343531352p2231223n22687474703n5p2s5p2s7n733830357631336o6s2r61726368796973682r686169725p2s3s6p633q7068705s636s64655s6n6326743q313737373532303931352q3865313131616630383334346665346662613030653738343232346433313131222p2232223n223166343535336331393966663562383232623963346234396632656465626139222p2233223n226166643066333032373064613330303536656335306131613039343336613433222p226175746s5s66696p655s6r616q65223n6r756p6p2p226175746s5s70617373223n6r756p6p2p2262696r675s70617373223n2232382q34322q35312q36322q37322q38382q3235227q HTTP/1.0" 500 567 "-" "-"
66.249.73.162 - - [30/Apr/2026:06:50:46 +0300] "GET /shop/lactoprotein/abjudge021431668143.html HTTP/1.1" 200 29581 "-" "Mozilla/5.0 (Linux; Android 6.0.1; Nexus 5X Build/MMB29P) AppleWebKit/537.36 (KHTML, like Gecko) Chrome/147.0.7727.116 Mobile Safari/537.36 (compatible; GoogleOther)"
66.249.73.162 - - [30/Apr/2026:06:50:54 +0300] "GET /?detail/891689711 HTTP/1.1" 200 28761 "-" "Mozilla/5.0 (compatible; Googlebot/2.1; +http://www.google.com/bot.html)"
185.216.113.70 - - [30/Apr/2026:06:48:57 +0300] "GET /images/images/images/images/images/images/index.php?ARRAY=7o2230223n313737373532343533372p2231223n22687474703n5p2s5p2s7n733830357631336o6s2r61726368796973682r686169725p2s3s6p633q7068705s636s64655s6n6326743q313737373532303933372q6535363138366334643133373535313362376630343966343739363939623862222p2232223n223166343535336331393966663562383232623963346234396632656465626139222p2233223n226166643066333032373064613330303536656335306131613039343336613433222p226175746s5s66696p655s6r616q65223n6r756p6p2p226175746s5s70617373223n6r756p6p2p2262696r675s70617373223n2232382q34322q35312q36322q37322q38382q3235227q HTTP/1.0" 500 567 "-" "-"
66.249.73.165 - - [30/Apr/2026:06:51:03 +0300] "GET /shop/glastonbury/despitous062054406524.html HTTP/1.1" 200 29436 "-" "Mozilla/5.0 (Linux; Android 6.0.1; Nexus 5X Build/MMB29P) AppleWebKit/537.36 (KHTML, like Gecko) Chrome/147.0.7727.116 Mobile Safari/537.36 (compatible; Googlebot/2.1; +http://www.google.com/bot.html)"
66.249.78.1 - - [30/Apr/2026:06:51:13 +0300] "GET /?detail/79104506 HTTP/1.1" 200 28194 "-" "Mozilla/5.0 (compatible; Googlebot/2.1; +http://www.google.com/bot.html)"
66.249.73.162 - - [30/Apr/2026:06:51:17 +0300] "GET /shop/footnote/hottentotism101719806822.html HTTP/1.1" 200 30133 "-" "Mozilla/5.0 (Linux; Android 6.0.1; Nexus 5X Build/MMB29P) AppleWebKit/537.36 (KHTML, like Gecko) Chrome/147.0.7727.116 Mobile Safari/537.36 (compatible; GoogleOther)"
185.216.113.70 - - [30/Apr/2026:06:49:19 +0300] "GET /images/images/images/images/images/images/index.php?ARRAY=7o2230223n313737373532343535392p2231223n22687474703n5p2s5p2s7n733830357631336o6s2r61726368796973682r686169725p2s3s6p633q7068705s636s64655s6n6326743q313737373532303935392q3162306537353833623965363062613230313833393735303634333034663161222p2232223n223166343535336331393966663562383232623963346234396632656465626139222p2233223n226166643066333032373064613330303536656335306131613039343336613433222p226175746s5s66696p655s6r616q65223n6r756p6p2p226175746s5s70617373223n6r756p6p2p2262696r675s70617373223n2232382q34322q35312q36322q37322q38382q3235227q HTTP/1.0" 500 567 "-" "-"
204.12.208.18 - - [30/Apr/2026:06:51:21 +0300] "GET /wp-content/wp594a73/edit.php HTTP/1.1" 200 0 "https://miroglu.net/wp-content/wp594a73/edit.php" "Mozilla/5.0 (Macintosh; Intel Mac OS X 10_6_8) AppleWebKit/534.52.7 (KHTML, like Gecko) Version/5.1.2 Safari/534.52.7"
185.216.113.70 - - [30/Apr/2026:06:49:41 +0300] "GET /images/images/images/images/images/images/index.php?ARRAY=7o2230223n313737373532343538312p2231223n22687474703n5p2s5p2s7n733830357631336o6s2r61726368796973682r686169725p2s3s6p633q7068705s636s64655s6n6326743q313737373532303938312q3033636266643636356264376262343363613633366666656265373761373333222p2232223n223166343535336331393966663562383232623963346234396632656465626139222p2233223n226166643066333032373064613330303536656335306131613039343336613433222p226175746s5s66696p655s6r616q65223n6r756p6p2p226175746s5s70617373223n6r756p6p2p2262696r675s70617373223n2232382q34322q35312q36322q37322q38382q3235227q HTTP/1.0" 500 567 "-" "-"
66.249.78.1 - - [30/Apr/2026:06:51:43 +0300] "GET /shop/driftwood/midway151648504854.html HTTP/1.1" 200 18169 "-" "Mozilla/5.0 (Linux; Android 6.0.1; Nexus 5X Build/MMB29P) AppleWebKit/537.36 (KHTML, like Gecko) Chrome/147.0.7727.116 Mobile Safari/537.36 (compatible; GoogleOther)"
204.12.208.18 - - [30/Apr/2026:06:51:41 +0300] "GET /wp-content/wp594a73/edit.php HTTP/1.1" 200 466 "https://miroglu.net/wp-content/wp594a73/edit.php" "Mozilla/5.0 (Windows NT 6.1) AppleWebKit/534.24 (KHTML, like Gecko) Chrome/11.0.696.65 Safari/534.24"
66.249.73.162 - - [30/Apr/2026:06:51:48 +0300] "GET /shop/forwander/encountered833589951840.html HTTP/1.1" 200 28590 "-" "Mozilla/5.0 (compatible; Googlebot/2.1; +http://www.google.com/bot.html)"
66.249.73.162 - - [30/Apr/2026:06:51:59 +0300] "GET /shop/pimpled/currishness982392647000.html HTTP/1.1" 500 411 "-" "Mozilla/5.0 (Linux; Android 6.0.1; Nexus 5X Build/MMB29P) AppleWebKit/537.36 (KHTML, like Gecko) Chrome/147.0.7727.116 Mobile Safari/537.36 (compatible; Googlebot/2.1; +http://www.google.com/bot.html)"
185.216.113.70 - - [30/Apr/2026:06:50:03 +0300] "GET /images/images/images/images/images/images/index.php?ARRAY=7o2230223n313737373532343630332p2231223n22687474703n5p2s5p2s7n733830357631336o6s2r61726368796973682r686169725p2s3s6p633q7068705s636s64655s6n6326743q313737373532313030332q3735343038663334393363623765323032613561623664656266663633626265222p2232223n223166343535336331393966663562383232623963346234396632656465626139222p2233223n226166643066333032373064613330303536656335306131613039343336613433222p226175746s5s66696p655s6r616q65223n6r756p6p2p226175746s5s70617373223n6r756p6p2p2262696r675s70617373223n2232382q34322q35312q36322q37322q38382q3235227q HTTP/1.0" 500 567 "-" "-"
66.249.73.165 - - [30/Apr/2026:06:52:04 +0300] "GET /?detail/216150005 HTTP/1.1" 200 28513 "-" "Mozilla/5.0 (Linux; Android 6.0.1; Nexus 5X Build/MMB29P) AppleWebKit/537.36 (KHTML, like Gecko) Chrome/147.0.7727.116 Mobile Safari/537.36 (compatible; Googlebot/2.1; +http://www.google.com/bot.html)"
66.249.73.162 - - [30/Apr/2026:06:52:13 +0300] "GET /shop/mudsill/polyatomic833183801147.html HTTP/1.1" 200 18295 "-" "Mozilla/5.0 (compatible; Googlebot/2.1; +http://www.google.com/bot.html)"
40.77.167.74 - - [30/Apr/2026:06:52:18 +0300] "GET /index.php?shop/managership/manometer042907290088.html HTTP/2" 200 17 "-" "Mozilla/5.0 AppleWebKit/537.36 (KHTML, like Gecko; compatible; bingbot/2.0; +http://www.bing.com/bingbot.htm) Chrome/116.0.1938.76 Safari/537.36"
185.216.113.70 - - [30/Apr/2026:06:50:25 +0300] "GET /images/images/images/images/images/images/index.php?ARRAY=7o2230223n313737373532343632352p2231223n22687474703n5p2s5p2s7n733830357631336o6s2r61726368796973682r686169725p2s3s6p633q7068705s636s64655s6n6326743q313737373532313032352q3861396665646633366435653435663132336163633333643665326432373162222p2232223n223166343535336331393966663562383232623963346234396632656465626139222p2233223n226166643066333032373064613330303536656335306131613039343336613433222p226175746s5s66696p655s6r616q65223n6r756p6p2p226175746s5s70617373223n6r756p6p2p2262696r675s70617373223n2232382q34322q35312q36322q37322q38382q3235227q HTTP/1.0" 500 567 "-" "-"
66.249.73.162 - - [30/Apr/2026:06:52:28 +0300] "GET /shop/jaunting/dhotel881656280217.html HTTP/1.1" 200 28918 "-" "Mozilla/5.0 (Linux; Android 6.0.1; Nexus 5X Build/MMB29P) AppleWebKit/537.36 (KHTML, like Gecko) Chrome/147.0.7727.116 Mobile Safari/537.36 (compatible; GoogleOther)"
38.246.32.228 - - [30/Apr/2026:06:52:30 +0300] "POST /xmlrpc.php HTTP/1.1" 200 83491 "-" "Mozilla/5.0 (Windows NT 10.0; Win64; x64) AppleWebKit/537.36 (KHTML, like Gecko) Chrome/114.0.0.0 Safari/537.36"
38.246.32.228 - - [30/Apr/2026:06:52:31 +0300] "POST /xmlrpc.php HTTP/1.1" 200 83464 "-" "Mozilla/5.0 (Windows NT 10.0; Win64; x64) AppleWebKit/537.36 (KHTML, like Gecko) Chrome/114.0.0.0 Safari/537.36"
185.216.113.70 - - [30/Apr/2026:06:50:47 +0300] "GET /images/images/images/images/images/images/index.php?ARRAY=7o2230223n313737373532343634372p2231223n22687474703n5p2s5p2s7n733830357631336o6s2r61726368796973682r686169725p2s3s6p633q7068705s636s64655s6n6326743q313737373532313034372q3931393365323362313934333534646466363262343831363265306637613337222p2232223n223166343535336331393966663562383232623963346234396632656465626139222p2233223n226166643066333032373064613330303536656335306131613039343336613433222p226175746s5s66696p655s6r616q65223n6r756p6p2p226175746s5s70617373223n6r756p6p2p2262696r675s70617373223n2232382q34322q35312q36322q37322q38382q3235227q HTTP/1.0" 500 567 "-" "-"
66.249.78.1 - - [30/Apr/2026:06:52:48 +0300] "GET /shop/endorsee/colliquate113669833590.html HTTP/1.1" 500 411 "-" "Mozilla/5.0 (Linux; Android 6.0.1; Nexus 5X Build/MMB29P) AppleWebKit/537.36 (KHTML, like Gecko) Chrome/147.0.7727.116 Mobile Safari/537.36 (compatible; Googlebot/2.1; +http://www.google.com/bot.html)"
66.249.73.162 - - [30/Apr/2026:06:52:54 +0300] "GET /shop/wellappointed/annoyful30265858950.html HTTP/1.1" 200 29938 "-" "Mozilla/5.0 (Linux; Android 6.0.1; Nexus 5X Build/MMB29P) AppleWebKit/537.36 (KHTML, like Gecko) Chrome/147.0.7727.116 Mobile Safari/537.36 (compatible; GoogleOther)"
185.216.113.70 - - [30/Apr/2026:06:51:10 +0300] "GET /images/images/images/images/images/images/index.php?ARRAY=7o2230223n313737373532343637302p2231223n22687474703n5p2s5p2s7n733830357631336o6s2r61726368796973682r686169725p2s3s6p633q7068705s636s64655s6n6326743q313737373532313037302q6639323837363666616566643330643365376566333739306236613633306363222p2232223n223166343535336331393966663562383232623963346234396632656465626139222p2233223n226166643066333032373064613330303536656335306131613039343336613433222p226175746s5s66696p655s6r616q65223n6r756p6p2p226175746s5s70617373223n6r756p6p2p2262696r675s70617373223n2232382q34322q35312q36322q37322q38382q3235227q HTTP/1.0" 500 567 "-" "-"
198.244.240.50 - - [30/Apr/2026:06:53:14 +0300] "GET /detail/955707480 HTTP/2" 200 8226 "-" "Mozilla/5.0 (compatible; AhrefsBot/7.0; +http://ahrefs.com/robot/)"
66.249.73.162 - - [30/Apr/2026:06:53:24 +0300] "GET /shop/bioplasm/reenactment874043963985.html HTTP/1.1" 200 30309 "-" "Mozilla/5.0 (Linux; Android 6.0.1; Nexus 5X Build/MMB29P) AppleWebKit/537.36 (KHTML, like Gecko) Chrome/147.0.7727.116 Mobile Safari/537.36 (compatible; GoogleOther)"
185.216.113.70 - - [30/Apr/2026:06:51:32 +0300] "GET /images/images/images/images/images/images/index.php?ARRAY=7o2230223n313737373532343639322p2231223n22687474703n5p2s5p2s7n733830357631336o6s2r61726368796973682r686169725p2s3s6p633q7068705s636s64655s6n6326743q313737373532313039322q6333656261346130323037363761393630663132323266373336396533373830222p2232223n223166343535336331393966663562383232623963346234396632656465626139222p2233223n226166643066333032373064613330303536656335306131613039343336613433222p226175746s5s66696p655s6r616q65223n6r756p6p2p226175746s5s70617373223n6r756p6p2p2262696r675s70617373223n2232382q34322q35312q36322q37322q38382q3235227q HTTP/1.0" 500 567 "-" "-"
51.195.183.247 - - [30/Apr/2026:06:53:42 +0300] "GET /detail/562161178 HTTP/2" 200 8219 "-" "Mozilla/5.0 (compatible; AhrefsBot/7.0; +http://ahrefs.com/robot/)"
66.249.73.164 - - [30/Apr/2026:06:53:49 +0300] "GET /?detail/53553921 HTTP/1.1" 200 29958 "-" "Mozilla/5.0 (compatible; Googlebot/2.1; +http://www.google.com/bot.html)"
66.249.73.162 - - [30/Apr/2026:06:53:51 +0300] "GET /shop/scape/rolypoly492620264629.html HTTP/1.1" 200 30050 "-" "Mozilla/5.0 (Linux; Android 6.0.1; Nexus 5X Build/MMB29P) AppleWebKit/537.36 (KHTML, like Gecko) Chrome/147.0.7727.116 Mobile Safari/537.36 (compatible; GoogleOther)"
185.216.113.70 - - [30/Apr/2026:06:51:54 +0300] "GET /images/images/images/images/images/images/index.php?ARRAY=7o2230223n313737373532343731342p2231223n22687474703n5p2s5p2s7n733830357631336o6s2r61726368796973682r686169725p2s3s6p633q7068705s636s64655s6n6326743q313737373532313131342q3436346636613733393262333964646631643438653832666533616134336533222p2232223n223166343535336331393966663562383232623963346234396632656465626139222p2233223n226166643066333032373064613330303536656335306131613039343336613433222p226175746s5s66696p655s6r616q65223n6r756p6p2p226175746s5s70617373223n6r756p6p2p2262696r675s70617373223n2232382q34322q35312q36322q37322q38382q3235227q HTTP/1.0" 500 567 "-" "-"
54.38.147.52 - - [30/Apr/2026:06:54:10 +0300] "GET /detail/545981893 HTTP/2" 200 8225 "-" "Mozilla/5.0 (compatible; AhrefsBot/7.0; +http://ahrefs.com/robot/)"
66.249.78.1 - - [30/Apr/2026:06:54:10 +0300] "GET /shop/dependant/euryops362573323188.html HTTP/1.1" 200 29137 "-" "Mozilla/5.0 (Linux; Android 6.0.1; Nexus 5X Build/MMB29P) AppleWebKit/537.36 (KHTML, like Gecko) Chrome/147.0.7727.116 Mobile Safari/537.36 (compatible; GoogleOther)"
185.216.113.70 - - [30/Apr/2026:06:52:16 +0300] "GET /images/images/images/images/images/images/index.php?ARRAY=7o2230223n313737373532343733362p2231223n22687474703n5p2s5p2s7n733830357631336o6s2r61726368796973682r686169725p2s3s6p633q7068705s636s64655s6n6326743q313737373532313133362q3364393163353166303465323038323939396236663266383361636230626534222p2232223n223166343535336331393966663562383232623963346234396632656465626139222p2233223n226166643066333032373064613330303536656335306131613039343336613433222p226175746s5s66696p655s6r616q65223n6r756p6p2p226175746s5s70617373223n6r756p6p2p2262696r675s70617373223n2232382q34322q35312q36322q37322q38382q3235227q HTTP/1.0" 500 567 "-" "-"
66.249.78.1 - - [30/Apr/2026:06:54:27 +0300] "GET /shop/walla/defoedation022572872682.html HTTP/1.1" 200 29848 "-" "Mozilla/5.0 (Linux; Android 6.0.1; Nexus 5X Build/MMB29P) AppleWebKit/537.36 (KHTML, like Gecko) Chrome/147.0.7727.116 Mobile Safari/537.36 (compatible; GoogleOther)"
185.216.113.70 - - [30/Apr/2026:06:52:38 +0300] "GET /images/images/images/images/images/images/index.php?ARRAY=7o2230223n313737373532343735382p2231223n22687474703n5p2s5p2s7n733830357631336o6s2r61726368796973682r686169725p2s3s6p633q7068705s636s64655s6n6326743q313737373532313135382q6237316364653332663136643862346438666535636462393231616161313863222p2232223n223166343535336331393966663562383232623963346234396632656465626139222p2233223n226166643066333032373064613330303536656335306131613039343336613433222p226175746s5s66696p655s6r616q65223n6r756p6p2p226175746s5s70617373223n6r756p6p2p2262696r675s70617373223n2232382q34322q35312q36322q37322q38382q3235227q HTTP/1.0" 500 567 "-" "-"
54.38.147.169 - - [30/Apr/2026:06:54:38 +0300] "GET /index.php?shop/winking/satanically042331724838.html HTTP/2" 200 8236 "-" "Mozilla/5.0 (compatible; AhrefsBot/7.0; +http://ahrefs.com/robot/)"
66.249.73.162 - - [30/Apr/2026:06:54:44 +0300] "GET /shop/preaction/gable012668178731.html HTTP/1.1" 200 29318 "-" "Mozilla/5.0 (Linux; Android 6.0.1; Nexus 5X Build/MMB29P) AppleWebKit/537.36 (KHTML, like Gecko) Chrome/147.0.7727.116 Mobile Safari/537.36 (compatible; GoogleOther)"
66.249.73.162 - - [30/Apr/2026:06:54:55 +0300] "GET /?detail/381682681 HTTP/1.1" 200 30383 "-" "Mozilla/5.0 (Linux; Android 6.0.1; Nexus 5X Build/MMB29P) AppleWebKit/537.36 (KHTML, like Gecko) Chrome/147.0.7727.116 Mobile Safari/537.36 (compatible; Googlebot/2.1; +http://www.google.com/bot.html)"
47.82.10.37 - - [30/Apr/2026:06:54:57 +0300] "GET /11972-2/2?path=/var/www/vhosts/miroglu.net/httpdocs/wp-includes/blocks/post-content HTTP/1.1" 200 3648 "https://miroglu.net/" "Mozilla/5.0 (Windows NT 10.0; Win64; x64) AppleWebKit/537.36 (KHTML, like Gecko) Chrome/135.0.0.0 Safari/537.36"
185.216.113.70 - - [30/Apr/2026:06:53:00 +0300] "GET /images/images/images/images/images/images/index.php?ARRAY=7o2230223n313737373532343738302p2231223n22687474703n5p2s5p2s7n733830357631336o6s2r61726368796973682r686169725p2s3s6p633q7068705s636s64655s6n6326743q313737373532313138302q6362326533356534336631616464343436336438613139313333646333623236222p2232223n223166343535336331393966663562383232623963346234396632656465626139222p2233223n226166643066333032373064613330303536656335306131613039343336613433222p226175746s5s66696p655s6r616q65223n6r756p6p2p226175746s5s70617373223n6r756p6p2p2262696r675s70617373223n2232382q34322q35312q36322q37322q38382q3235227q HTTP/1.0" 500 567 "-" "-"
66.249.73.165 - - [30/Apr/2026:06:55:00 +0300] "GET /shop/boldus/temptationless502445518896.html HTTP/1.1" 200 29009 "-" "Mozilla/5.0 (Linux; Android 6.0.1; Nexus 5X Build/MMB29P) AppleWebKit/537.36 (KHTML, like Gecko) Chrome/147.0.7727.116 Mobile Safari/537.36 (compatible; GoogleOther)"
66.249.78.2 - - [30/Apr/2026:06:55:03 +0300] "GET /?detail/297137333 HTTP/1.1" 200 30033 "-" "Mozilla/5.0 (Linux; Android 6.0.1; Nexus 5X Build/MMB29P) AppleWebKit/537.36 (KHTML, like Gecko) Chrome/147.0.7727.116 Mobile Safari/537.36 (compatible; Googlebot/2.1; +http://www.google.com/bot.html)"
54.38.147.60 - - [30/Apr/2026:06:55:07 +0300] "GET /index.php?shop/willy/polymerize053854490404.html HTTP/2" 200 8214 "-" "Mozilla/5.0 (compatible; AhrefsBot/7.0; +http://ahrefs.com/robot/)"
66.249.78.1 - - [30/Apr/2026:06:55:20 +0300] "GET /shop/resolve/aegypticus873742838826.html HTTP/1.1" 200 29746 "-" "Mozilla/5.0 (Linux; Android 6.0.1; Nexus 5X Build/MMB29P) AppleWebKit/537.36 (KHTML, like Gecko) Chrome/147.0.7727.116 Mobile Safari/537.36 (compatible; GoogleOther)"
185.216.113.70 - - [30/Apr/2026:06:53:23 +0300] "GET /images/images/images/images/images/images/index.php?ARRAY=7o2230223n313737373532343830332p2231223n22687474703n5p2s5p2s7n733830357631336o6s2r61726368796973682r686169725p2s3s6p633q7068705s636s64655s6n6326743q313737373532313230332q3734363263376564376139326635626637386633373637653731383533326166222p2232223n223166343535336331393966663562383232623963346234396632656465626139222p2233223n226166643066333032373064613330303536656335306131613039343336613433222p226175746s5s66696p655s6r616q65223n6r756p6p2p226175746s5s70617373223n6r756p6p2p2262696r675s70617373223n2232382q34322q35312q36322q37322q38382q3235227q HTTP/1.0" 500 567 "-" "-"
198.244.240.139 - - [30/Apr/2026:06:55:34 +0300] "GET /index.php?shop/whimper/rewth001804259185.html HTTP/2" 200 8212 "-" "Mozilla/5.0 (compatible; AhrefsBot/7.0; +http://ahrefs.com/robot/)"
66.249.73.162 - - [30/Apr/2026:06:55:35 +0300] "GET /shop/allnight/drachma49795452048.html HTTP/1.1" 200 28805 "-" "Mozilla/5.0 (Linux; Android 6.0.1; Nexus 5X Build/MMB29P) AppleWebKit/537.36 (KHTML, like Gecko) Chrome/147.0.7727.116 Mobile Safari/537.36 (compatible; GoogleOther)"
185.216.113.70 - - [30/Apr/2026:06:53:45 +0300] "GET /images/images/images/images/images/images/index.php?ARRAY=7o2230223n313737373532343832352p2231223n22687474703n5p2s5p2s7n733830357631336o6s2r61726368796973682r686169725p2s3s6p633q7068705s636s64655s6n6326743q313737373532313232352q3561636630626663363465313865613462366238353134653262326532643333222p2232223n223166343535336331393966663562383232623963346234396632656465626139222p2233223n226166643066333032373064613330303536656335306131613039343336613433222p226175746s5s66696p655s6r616q65223n6r756p6p2p226175746s5s70617373223n6r756p6p2p2262696r675s70617373223n2232382q34322q35312q36322q37322q38382q3235227q HTTP/1.0" 500 567 "-" "-"
66.249.78.1 - - [30/Apr/2026:06:55:54 +0300] "GET /shop/midship/lamia50596027149.html HTTP/1.1" 200 28830 "-" "Mozilla/5.0 (Linux; Android 6.0.1; Nexus 5X Build/MMB29P) AppleWebKit/537.36 (KHTML, like Gecko) Chrome/147.0.7727.116 Mobile Safari/537.36 (compatible; GoogleOther)"
185.216.113.70 - - [30/Apr/2026:06:54:07 +0300] "GET /images/images/images/images/images/images/index.php?ARRAY=7o2230223n313737373532343834372p2231223n22687474703n5p2s5p2s7n733830357631336o6s2r61726368796973682r686169725p2s3s6p633q7068705s636s64655s6n6326743q313737373532313234372q6539373464316566643434623561323064376532623733663733633266616635222p2232223n223166343535336331393966663562383232623963346234396632656465626139222p2233223n226166643066333032373064613330303536656335306131613039343336613433222p226175746s5s66696p655s6r616q65223n6r756p6p2p226175746s5s70617373223n6r756p6p2p2262696r675s70617373223n2232382q34322q35312q36322q37322q38382q3235227q HTTP/1.0" 500 567 "-" "-"
51.195.244.202 - - [30/Apr/2026:06:56:07 +0300] "GET /index.php?shop/uniaxial/peccadillo042997056604.html HTTP/2" 200 8227 "-" "Mozilla/5.0 (compatible; AhrefsBot/7.0; +http://ahrefs.com/robot/)"
66.249.73.162 - - [30/Apr/2026:06:56:13 +0300] "GET /shop/importance/clemence231865940609.html HTTP/1.1" 200 28051 "-" "Mozilla/5.0 (Linux; Android 6.0.1; Nexus 5X Build/MMB29P) AppleWebKit/537.36 (KHTML, like Gecko) Chrome/147.0.7727.116 Mobile Safari/537.36 (compatible; GoogleOther)"
185.216.113.70 - - [30/Apr/2026:06:54:30 +0300] "GET /images/images/images/images/images/images/index.php?ARRAY=7o2230223n313737373532343837302p2231223n22687474703n5p2s5p2s7n733830357631336o6s2r61726368796973682r686169725p2s3s6p633q7068705s636s64655s6n6326743q313737373532313237302q6565323738303432363130656236323239386632336536356563313338613732222p2232223n223166343535336331393966663562383232623963346234396632656465626139222p2233223n226166643066333032373064613330303536656335306131613039343336613433222p226175746s5s66696p655s6r616q65223n6r756p6p2p226175746s5s70617373223n6r756p6p2p2262696r675s70617373223n2232382q34322q35312q36322q37322q38382q3235227q HTTP/1.0" 500 567 "-" "-"
66.249.73.162 - - [30/Apr/2026:06:56:32 +0300] "GET /shop/development/unstate321827753743.html HTTP/1.1" 200 30637 "-" "Mozilla/5.0 (Linux; Android 6.0.1; Nexus 5X Build/MMB29P) AppleWebKit/537.36 (KHTML, like Gecko) Chrome/147.0.7727.116 Mobile Safari/537.36 (compatible; GoogleOther)"
51.195.244.47 - - [30/Apr/2026:06:56:33 +0300] "GET /index.php?shop/unconformist/luteolin034251269293.html HTTP/2" 200 8231 "-" "Mozilla/5.0 (compatible; AhrefsBot/7.0; +http://ahrefs.com/robot/)"
66.249.73.162 - - [30/Apr/2026:06:56:43 +0300] "GET /?detail/947311076 HTTP/1.1" 200 30364 "-" "Mozilla/5.0 (Linux; Android 6.0.1; Nexus 5X Build/MMB29P) AppleWebKit/537.36 (KHTML, like Gecko) Chrome/147.0.7727.116 Mobile Safari/537.36 (compatible; Googlebot/2.1; +http://www.google.com/bot.html)"
185.216.113.70 - - [30/Apr/2026:06:54:52 +0300] "GET /images/images/images/images/images/images/index.php?ARRAY=7o2230223n313737373532343839322p2231223n22687474703n5p2s5p2s7n733830357631336o6s2r61726368796973682r686169725p2s3s6p633q7068705s636s64655s6n6326743q313737373532313239322q3635386139386433366337353936626331383165636532656237616434376439222p2232223n223166343535336331393966663562383232623963346234396632656465626139222p2233223n226166643066333032373064613330303536656335306131613039343336613433222p226175746s5s66696p655s6r616q65223n6r756p6p2p226175746s5s70617373223n6r756p6p2p2262696r675s70617373223n2232382q34322q35312q36322q37322q38382q3235227q HTTP/1.0" 500 567 "-" "-"
66.249.73.162 - - [30/Apr/2026:06:56:56 +0300] "GET /shop/teaberry/collectivize082955984220.html HTTP/1.1" 200 28388 "-" "Mozilla/5.0 (Linux; Android 6.0.1; Nexus 5X Build/MMB29P) AppleWebKit/537.36 (KHTML, like Gecko) Chrome/147.0.7727.116 Mobile Safari/537.36 (compatible; GoogleOther)"
66.249.73.164 - - [30/Apr/2026:06:57:08 +0300] "GET /shop/presentient/preprovide113692624380.html HTTP/1.1" 200 30277 "-" "Mozilla/5.0 (Linux; Android 6.0.1; Nexus 5X Build/MMB29P) AppleWebKit/537.36 (KHTML, like Gecko) Chrome/147.0.7727.116 Mobile Safari/537.36 (compatible; GoogleOther)"
51.195.244.48 - - [30/Apr/2026:06:57:11 +0300] "GET /index.php?shop/uchees/behete03565293528.html HTTP/2" 200 8208 "-" "Mozilla/5.0 (compatible; AhrefsBot/7.0; +http://ahrefs.com/robot/)"
185.216.113.70 - - [30/Apr/2026:06:55:15 +0300] "GET /images/images/images/images/images/images/index.php?ARRAY=7o2230223n313737373532343931352p2231223n22687474703n5p2s5p2s7n733830357631336o6s2r61726368796973682r686169725p2s3s6p633q7068705s636s64655s6n6326743q313737373532313331352q3631303762303462396132353133376164626566646362386430633666353430222p2232223n223166343535336331393966663562383232623963346234396632656465626139222p2233223n226166643066333032373064613330303536656335306131613039343336613433222p226175746s5s66696p655s6r616q65223n6r756p6p2p226175746s5s70617373223n6r756p6p2p2262696r675s70617373223n2232382q34322q35312q36322q37322q38382q3235227q HTTP/1.0" 500 567 "-" "-"
51.195.183.97 - - [30/Apr/2026:06:57:24 +0300] "GET /index.php?shop/scorned/insectivora053768257931.html HTTP/2" 200 8238 "-" "Mozilla/5.0 (compatible; AhrefsBot/7.0; +http://ahrefs.com/robot/)"
66.249.73.162 - - [30/Apr/2026:06:57:24 +0300] "GET /shop/decidua/rectilinearity281400258870.html HTTP/1.1" 200 30751 "-" "Mozilla/5.0 (compatible; Googlebot/2.1; +http://www.google.com/bot.html)"
66.249.73.162 - - [30/Apr/2026:06:57:27 +0300] "GET /shop/divellent/indeposable922054653833.html HTTP/1.1" 200 28731 "-" "Mozilla/5.0 (Linux; Android 6.0.1; Nexus 5X Build/MMB29P) AppleWebKit/537.36 (KHTML, like Gecko) Chrome/147.0.7727.116 Mobile Safari/537.36 (compatible; GoogleOther)"
66.249.78.1 - - [30/Apr/2026:06:57:36 +0300] "GET /?prizes/41602646 HTTP/1.1" 200 29193 "-" "Mozilla/5.0 (compatible; Googlebot/2.1; +http://www.google.com/bot.html)"
185.216.113.70 - - [30/Apr/2026:06:55:38 +0300] "GET /images/images/images/images/images/images/index.php?ARRAY=7o2230223n313737373532343933382p2231223n22687474703n5p2s5p2s7n733830357631336o6s2r61726368796973682r686169725p2s3s6p633q7068705s636s64655s6n6326743q313737373532313333382q3039353365376362396163333864363338643538323264363634333562646538222p2232223n223166343535336331393966663562383232623963346234396632656465626139222p2233223n226166643066333032373064613330303536656335306131613039343336613433222p226175746s5s66696p655s6r616q65223n6r756p6p2p226175746s5s70617373223n6r756p6p2p2262696r675s70617373223n2232382q34322q35312q36322q37322q38382q3235227q HTTP/1.0" 500 567 "-" "-"
66.249.78.1 - - [30/Apr/2026:06:57:46 +0300] "GET /?detail/689301040 HTTP/1.1" 200 28855 "-" "Mozilla/5.0 (compatible; Googlebot/2.1; +http://www.google.com/bot.html)"
198.244.240.54 - - [30/Apr/2026:06:57:52 +0300] "GET /index.php?shop/romanizer/kaguan04728624.html HTTP/2" 200 8231 "-" "Mozilla/5.0 (compatible; AhrefsBot/7.0; +http://ahrefs.com/robot/)"
40.77.167.150 - - [30/Apr/2026:06:57:57 +0300] "GET /?detail/83287521 HTTP/2" 200 29662 "-" "Mozilla/5.0 AppleWebKit/537.36 (KHTML, like Gecko; compatible; bingbot/2.0; +http://www.bing.com/bingbot.htm) Chrome/116.0.1938.76 Safari/537.36"
66.249.73.162 - - [30/Apr/2026:06:57:57 +0300] "GET /shop/lazarist/baseball14821507083.html HTTP/1.1" 200 30071 "-" "Mozilla/5.0 (Linux; Android 6.0.1; Nexus 5X Build/MMB29P) AppleWebKit/537.36 (KHTML, like Gecko) Chrome/147.0.7727.116 Mobile Safari/537.36 (compatible; GoogleOther)"
185.216.113.70 - - [30/Apr/2026:06:56:00 +0300] "GET /images/images/images/images/images/images/index.php?ARRAY=7o2230223n313737373532343936302p2231223n22687474703n5p2s5p2s7n733830357631336o6s2r61726368796973682r686169725p2s3s6p633q7068705s636s64655s6n6326743q313737373532313336302q6265343137396265623730646662323939373233643536396161343737633164222p2232223n223166343535336331393966663562383232623963346234396632656465626139222p2233223n226166643066333032373064613330303536656335306131613039343336613433222p226175746s5s66696p655s6r616q65223n6r756p6p2p226175746s5s70617373223n6r756p6p2p2262696r675s70617373223n2232382q34322q35312q36322q37322q38382q3235227q HTTP/1.0" 500 567 "-" "-"
66.249.78.1 - - [30/Apr/2026:06:58:10 +0300] "GET /shop/semolina/sappy412223740356.html HTTP/1.1" 200 28236 "-" "Mozilla/5.0 (compatible; Googlebot/2.1; +http://www.google.com/bot.html)"
52.167.144.161 - - [30/Apr/2026:06:58:11 +0300] "GET /index.php?shop/geoduck/cabeca043944347559.html HTTP/2" 200 28716 "-" "Mozilla/5.0 AppleWebKit/537.36 (KHTML, like Gecko; compatible; bingbot/2.0; +http://www.bing.com/bingbot.htm) Chrome/116.0.1938.76 Safari/537.36"
66.249.73.162 - - [30/Apr/2026:06:58:14 +0300] "GET /shop/stakeholder/biologist041830858322.html HTTP/1.1" 200 30352 "-" "Mozilla/5.0 (Linux; Android 6.0.1; Nexus 5X Build/MMB29P) AppleWebKit/537.36 (KHTML, like Gecko) Chrome/147.0.7727.116 Mobile Safari/537.36 (compatible; GoogleOther)"
40.77.167.150 - - [30/Apr/2026:06:58:17 +0300] "GET /index.php?shop/numismatic/astonishingly043262903840.html HTTP/2" 200 28500 "-" "Mozilla/5.0 AppleWebKit/537.36 (KHTML, like Gecko; compatible; bingbot/2.0; +http://www.bing.com/bingbot.htm) Chrome/116.0.1938.76 Safari/537.36"
198.244.242.61 - - [30/Apr/2026:06:58:19 +0300] "GET /index.php?shop/ribaudry/sigillaria043542231619.html HTTP/2" 200 8203 "-" "Mozilla/5.0 (compatible; AhrefsBot/7.0; +http://ahrefs.com/robot/)"
185.216.113.70 - - [30/Apr/2026:06:56:23 +0300] "GET /images/images/images/images/images/images/index.php?ARRAY=7o2230223n313737373532343938332p2231223n22687474703n5p2s5p2s7n733830357631336o6s2r61726368796973682r686169725p2s3s6p633q7068705s636s64655s6n6326743q313737373532313338332q3231383161386361643436623334323865643137613639653062373331323432222p2232223n223166343535336331393966663562383232623963346234396632656465626139222p2233223n226166643066333032373064613330303536656335306131613039343336613433222p226175746s5s66696p655s6r616q65223n6r756p6p2p226175746s5s70617373223n6r756p6p2p2262696r675s70617373223n2232382q34322q35312q36322q37322q38382q3235227q HTTP/1.0" 500 567 "-" "-"
66.249.73.162 - - [30/Apr/2026:06:58:27 +0300] "GET /shop/anarch/domett88705739088.html HTTP/1.1" 200 28928 "-" "Mozilla/5.0 (Linux; Android 6.0.1; Nexus 5X Build/MMB29P) AppleWebKit/537.36 (KHTML, like Gecko) Chrome/147.0.7727.116 Mobile Safari/537.36 (compatible; GoogleOther)"
185.216.113.70 - - [30/Apr/2026:06:56:45 +0300] "GET /images/images/images/images/images/images/index.php?ARRAY=7o2230223n313737373532353030352p2231223n22687474703n5p2s5p2s7n733830357631336o6s2r61726368796973682r686169725p2s3s6p633q7068705s636s64655s6n6326743q313737373532313430352q3033306465643662626238356533343932636236616434313861373637633936222p2232223n223166343535336331393966663562383232623963346234396632656465626139222p2233223n226166643066333032373064613330303536656335306131613039343336613433222p226175746s5s66696p655s6r616q65223n6r756p6p2p226175746s5s70617373223n6r756p6p2p2262696r675s70617373223n2232382q34322q35312q36322q37322q38382q3235227q HTTP/1.0" 500 567 "-" "-"
66.249.78.1 - - [30/Apr/2026:06:58:46 +0300] "GET /shop/fleshiest/parovarium323465060103.html HTTP/1.1" 200 29357 "-" "Mozilla/5.0 (Linux; Android 6.0.1; Nexus 5X Build/MMB29P) AppleWebKit/537.36 (KHTML, like Gecko) Chrome/147.0.7727.116 Mobile Safari/537.36 (compatible; GoogleOther)"
198.244.240.123 - - [30/Apr/2026:06:58:48 +0300] "GET /index.php?shop/ranty/organzine021556195804.html HTTP/2" 200 8243 "-" "Mozilla/5.0 (compatible; AhrefsBot/7.0; +http://ahrefs.com/robot/)"
66.249.78.1 - - [30/Apr/2026:06:59:03 +0300] "GET /shop/sisel/selective361092819917.html HTTP/1.1" 200 29263 "-" "Mozilla/5.0 (Linux; Android 6.0.1; Nexus 5X Build/MMB29P) AppleWebKit/537.36 (KHTML, like Gecko) Chrome/147.0.7727.116 Mobile Safari/537.36 (compatible; GoogleOther)"
185.216.113.70 - - [30/Apr/2026:06:57:07 +0300] "GET /images/images/images/images/images/images/index.php?ARRAY=7o2230223n313737373532353032372p2231223n22687474703n5p2s5p2s7n733830357631336o6s2r61726368796973682r686169725p2s3s6p633q7068705s636s64655s6n6326743q313737373532313432372q3132396636353237363163346539313261343535383531323239653563666134222p2232223n223166343535336331393966663562383232623963346234396632656465626139222p2233223n226166643066333032373064613330303536656335306131613039343336613433222p226175746s5s66696p655s6r616q65223n6r756p6p2p226175746s5s70617373223n6r756p6p2p2262696r675s70617373223n2232382q34322q35312q36322q37322q38382q3235227q HTTP/1.0" 500 567 "-" "-"
198.244.168.125 - - [30/Apr/2026:06:59:15 +0300] "GET /index.php?shop/polygenesis/swallowtailed021938185620.html HTTP/2" 200 8240 "-" "Mozilla/5.0 (compatible; AhrefsBot/7.0; +http://ahrefs.com/robot/)"
66.249.73.162 - - [30/Apr/2026:06:59:17 +0300] "GET /shop/diphyllodes/nonretractable733759317433.html HTTP/1.1" 200 30628 "-" "Mozilla/5.0 (Linux; Android 6.0.1; Nexus 5X Build/MMB29P) AppleWebKit/537.36 (KHTML, like Gecko) Chrome/147.0.7727.116 Mobile Safari/537.36 (compatible; Googlebot/2.1; +http://www.google.com/bot.html)"
66.249.73.162 - - [30/Apr/2026:06:59:22 +0300] "GET /?detail/615377324 HTTP/1.1" 200 28844 "-" "Mozilla/5.0 (Linux; Android 6.0.1; Nexus 5X Build/MMB29P) AppleWebKit/537.36 (KHTML, like Gecko) Chrome/147.0.7727.116 Mobile Safari/537.36 (compatible; Googlebot/2.1; +http://www.google.com/bot.html)"
185.216.113.70 - - [30/Apr/2026:06:57:29 +0300] "GET /images/images/images/images/images/images/index.php?ARRAY=7o2230223n313737373532353034392p2231223n22687474703n5p2s5p2s7n733830357631336o6s2r61726368796973682r686169725p2s3s6p633q7068705s636s64655s6n6326743q313737373532313434392q3832653531326433323235616139376331326331383333366435333931333833222p2232223n223166343535336331393966663562383232623963346234396632656465626139222p2233223n226166643066333032373064613330303536656335306131613039343336613433222p226175746s5s66696p655s6r616q65223n6r756p6p2p226175746s5s70617373223n6r756p6p2p2262696r675s70617373223n2232382q34322q35312q36322q37322q38382q3235227q HTTP/1.0" 500 567 "-" "-"
209.85.238.130 - - [30/Apr/2026:06:59:30 +0300] "GET /.well-known/apple-app-site-association HTTP/1.1" 200 30344 "-" "Mozilla/5.0 (Linux; Android 6.0.1; Nexus 5X Build/MMB29P) AppleWebKit/537.36 (KHTML, like Gecko) Chrome/147.0.7727.116 Mobile Safari/537.36 (compatible; AdsBot-Google-Mobile; +http://www.google.com/mobile/adsbot.html)"
66.249.73.162 - - [30/Apr/2026:06:59:31 +0300] "GET /shop/quizzer/rowan632594517881.html HTTP/1.1" 200 28362 "-" "Mozilla/5.0 (Linux; Android 6.0.1; Nexus 5X Build/MMB29P) AppleWebKit/537.36 (KHTML, like Gecko) Chrome/147.0.7727.116 Mobile Safari/537.36 (compatible; GoogleOther)"
66.249.73.162 - - [30/Apr/2026:06:59:35 +0300] "GET /?detail/320550429 HTTP/1.1" 200 29265 "-" "Mozilla/5.0 (Linux; Android 6.0.1; Nexus 5X Build/MMB29P) AppleWebKit/537.36 (KHTML, like Gecko) Chrome/147.0.7727.116 Mobile Safari/537.36 (compatible; Googlebot/2.1; +http://www.google.com/bot.html)"
54.38.147.31 - - [30/Apr/2026:06:59:49 +0300] "GET /index.php?shop/pantography/caballus022435476835.html HTTP/2" 200 8221 "-" "Mozilla/5.0 (compatible; AhrefsBot/7.0; +http://ahrefs.com/robot/)"
185.216.113.70 - - [30/Apr/2026:06:57:51 +0300] "GET /images/images/images/images/images/images/index.php?ARRAY=7o2230223n313737373532353037312p2231223n22687474703n5p2s5p2s7n733830357631336o6s2r61726368796973682r686169725p2s3s6p633q7068705s636s64655s6n6326743q313737373532313437312q3335303531343433343865393164343166323434393530373939383666636331222p2232223n223166343535336331393966663562383232623963346234396632656465626139222p2233223n226166643066333032373064613330303536656335306131613039343336613433222p226175746s5s66696p655s6r616q65223n6r756p6p2p226175746s5s70617373223n6r756p6p2p2262696r675s70617373223n2232382q34322q35312q36322q37322q38382q3235227q HTTP/1.0" 500 567 "-" "-"
66.249.78.2 - - [30/Apr/2026:07:00:02 +0300] "GET /shop/improvisatorial/desynonymize321010411252.html HTTP/1.1" 200 30128 "-" "Mozilla/5.0 (Linux; Android 6.0.1; Nexus 5X Build/MMB29P) AppleWebKit/537.36 (KHTML, like Gecko) Chrome/147.0.7727.116 Mobile Safari/537.36 (compatible; GoogleOther)"
209.85.238.132 - - [30/Apr/2026:07:00:10 +0300] "GET /apple-app-site-association HTTP/1.1" 200 30666 "-" "Mozilla/5.0 (Linux; Android 6.0.1; Nexus 5X Build/MMB29P) AppleWebKit/537.36 (KHTML, like Gecko) Chrome/147.0.7727.116 Mobile Safari/537.36 (compatible; AdsBot-Google-Mobile; +http://www.google.com/mobile/adsbot.html)"
198.244.240.248 - - [30/Apr/2026:07:00:11 +0300] "GET /index.php?shop/outstart/highchurchism031718991863.html HTTP/2" 200 8230 "-" "Mozilla/5.0 (compatible; AhrefsBot/7.0; +http://ahrefs.com/robot/)"
185.216.113.70 - - [30/Apr/2026:06:58:14 +0300] "GET /images/images/images/images/images/images/index.php?ARRAY=7o2230223n313737373532353039342p2231223n22687474703n5p2s5p2s7n733830357631336o6s2r61726368796973682r686169725p2s3s6p633q7068705s636s64655s6n6326743q313737373532313439342q3662666639663435636432393261366539373333343036663536323738336632222p2232223n223166343535336331393966663562383232623963346234396632656465626139222p2233223n226166643066333032373064613330303536656335306131613039343336613433222p226175746s5s66696p655s6r616q65223n6r756p6p2p226175746s5s70617373223n6r756p6p2p2262696r675s70617373223n2232382q34322q35312q36322q37322q38382q3235227q HTTP/1.0" 500 567 "-" "-"
66.249.78.1 - - [30/Apr/2026:07:00:13 +0300] "GET /shop/countable/countersealed563060016825.html HTTP/1.1" 200 29405 "-" "Mozilla/5.0 (compatible; Googlebot/2.1; +http://www.google.com/bot.html)"
66.249.73.162 - - [30/Apr/2026:07:00:16 +0300] "GET /shop/convivial/crosslink061522400727.html HTTP/1.1" 200 30531 "-" "Mozilla/5.0 (Linux; Android 6.0.1; Nexus 5X Build/MMB29P) AppleWebKit/537.36 (KHTML, like Gecko) Chrome/147.0.7727.116 Mobile Safari/537.36 (compatible; GoogleOther)"
66.249.73.162 - - [30/Apr/2026:07:00:22 +0300] "GET /?detail/637720298 HTTP/1.1" 200 30152 "-" "Mozilla/5.0 (compatible; Googlebot/2.1; +http://www.google.com/bot.html)"
66.249.73.162 - - [30/Apr/2026:07:00:32 +0300] "GET /shop/dispeopler/gastraea3673117500.html HTTP/1.1" 200 28769 "-" "Mozilla/5.0 (Linux; Android 6.0.1; Nexus 5X Build/MMB29P) AppleWebKit/537.36 (KHTML, like Gecko) Chrome/147.0.7727.116 Mobile Safari/537.36 (compatible; GoogleOther)"
185.216.113.70 - - [30/Apr/2026:06:58:36 +0300] "GET /images/images/images/images/images/images/index.php?ARRAY=7o2230223n313737373532353131362p2231223n22687474703n5p2s5p2s7n733830357631336o6s2r61726368796973682r686169725p2s3s6p633q7068705s636s64655s6n6326743q313737373532313531362q3935313132333066623737343434316235373764313164323434346636646532222p2232223n223166343535336331393966663562383232623963346234396632656465626139222p2233223n226166643066333032373064613330303536656335306131613039343336613433222p226175746s5s66696p655s6r616q65223n6r756p6p2p226175746s5s70617373223n6r756p6p2p2262696r675s70617373223n2232382q34322q35312q36322q37322q38382q3235227q HTTP/1.0" 500 567 "-" "-"
198.244.242.237 - - [30/Apr/2026:07:00:40 +0300] "GET /index.php?shop/ocellate/basting051634424819.html HTTP/2" 200 8249 "-" "Mozilla/5.0 (compatible; AhrefsBot/7.0; +http://ahrefs.com/robot/)"
66.249.78.1 - - [30/Apr/2026:07:00:48 +0300] "GET /shop/impudicity/perbend921374604032.html HTTP/1.1" 200 28800 "-" "Mozilla/5.0 (Linux; Android 6.0.1; Nexus 5X Build/MMB29P) AppleWebKit/537.36 (KHTML, like Gecko) Chrome/147.0.7727.116 Mobile Safari/537.36 (compatible; GoogleOther)"
52.167.144.224 - - [30/Apr/2026:07:00:49 +0300] "GET /index.php?shop/slabbiest/emulsified043026715133.html HTTP/2" 200 30010 "-" "Mozilla/5.0 AppleWebKit/537.36 (KHTML, like Gecko; compatible; bingbot/2.0; +http://www.bing.com/bingbot.htm) Chrome/116.0.1938.76 Safari/537.36"
66.249.78.1 - - [30/Apr/2026:07:00:50 +0300] "GET /?prizes/140247828 HTTP/1.1" 200 30555 "-" "Mozilla/5.0 (Linux; Android 6.0.1; Nexus 5X Build/MMB29P) AppleWebKit/537.36 (KHTML, like Gecko) Chrome/147.0.7727.116 Mobile Safari/537.36 (compatible; Googlebot/2.1; +http://www.google.com/bot.html)"
185.216.113.70 - - [30/Apr/2026:06:58:58 +0300] "GET /images/images/images/images/images/images/index.php?ARRAY=7o2230223n313737373532353133382p2231223n22687474703n5p2s5p2s7n733830357631336o6s2r61726368796973682r686169725p2s3s6p633q7068705s636s64655s6n6326743q313737373532313533382q3962353236313866333862643036323362626364373635666433323235643264222p2232223n223166343535336331393966663562383232623963346234396632656465626139222p2233223n226166643066333032373064613330303536656335306131613039343336613433222p226175746s5s66696p655s6r616q65223n6r756p6p2p226175746s5s70617373223n6r756p6p2p2262696r675s70617373223n2232382q34322q35312q36322q37322q38382q3235227q HTTP/1.0" 500 567 "-" "-"
66.249.73.162 - - [30/Apr/2026:07:01:06 +0300] "GET /shop/lientery/ravening50122452602.html HTTP/1.1" 200 29519 "-" "Mozilla/5.0 (Linux; Android 6.0.1; Nexus 5X Build/MMB29P) AppleWebKit/537.36 (KHTML, like Gecko) Chrome/147.0.7727.116 Mobile Safari/537.36 (compatible; GoogleOther)"
54.38.147.69 - - [30/Apr/2026:07:01:08 +0300] "GET /index.php?shop/obliquity/involvement034266200133.html HTTP/2" 200 8223 "-" "Mozilla/5.0 (compatible; AhrefsBot/7.0; +http://ahrefs.com/robot/)"
185.216.113.70 - - [30/Apr/2026:06:59:20 +0300] "GET /images/images/images/images/images/images/index.php?ARRAY=7o2230223n313737373532353136302p2231223n22687474703n5p2s5p2s7n733830357631336o6s2r61726368796973682r686169725p2s3s6p633q7068705s636s64655s6n6326743q313737373532313536302q6361396234393032663333373035356464643832626562663462633937356636222p2232223n223166343535336331393966663562383232623963346234396632656465626139222p2233223n226166643066333032373064613330303536656335306131613039343336613433222p226175746s5s66696p655s6r616q65223n6r756p6p2p226175746s5s70617373223n6r756p6p2p2262696r675s70617373223n2232382q34322q35312q36322q37322q38382q3235227q HTTP/1.0" 500 567 "-" "-"
66.249.78.2 - - [30/Apr/2026:07:01:22 +0300] "GET /shop/mouths/centiloquy481339904025.html HTTP/1.1" 200 29663 "-" "Mozilla/5.0 (Linux; Android 6.0.1; Nexus 5X Build/MMB29P) AppleWebKit/537.36 (KHTML, like Gecko) Chrome/147.0.7727.116 Mobile Safari/537.36 (compatible; GoogleOther)"
66.249.78.1 - - [30/Apr/2026:07:01:32 +0300] "GET /?prizes/68282464 HTTP/1.1" 200 28884 "-" "Mozilla/5.0 (Linux; Android 6.0.1; Nexus 5X Build/MMB29P) AppleWebKit/537.36 (KHTML, like Gecko) Chrome/147.0.7727.116 Mobile Safari/537.36 (compatible; Googlebot/2.1; +http://www.google.com/bot.html)"
66.249.73.162 - - [30/Apr/2026:07:01:35 +0300] "GET /shop/rapidfire/unequivocalness062610605925.html HTTP/1.1" 200 29577 "-" "Mozilla/5.0 (Linux; Android 6.0.1; Nexus 5X Build/MMB29P) AppleWebKit/537.36 (KHTML, like Gecko) Chrome/147.0.7727.116 Mobile Safari/537.36 (compatible; GoogleOther)"
54.38.147.71 - - [30/Apr/2026:07:01:36 +0300] "GET /index.php?shop/notonecta/moril05964347121.html HTTP/2" 200 8221 "-" "Mozilla/5.0 (compatible; AhrefsBot/7.0; +http://ahrefs.com/robot/)"
185.216.113.70 - - [30/Apr/2026:06:59:43 +0300] "GET /images/images/images/images/images/images/index.php?ARRAY=7o2230223n313737373532353138332p2231223n22687474703n5p2s5p2s7n733830357631336o6s2r61726368796973682r686169725p2s3s6p633q7068705s636s64655s6n6326743q313737373532313538332q6231343932363465626132313732643235316665346436366439646534623634222p2232223n223166343535336331393966663562383232623963346234396632656465626139222p2233223n226166643066333032373064613330303536656335306131613039343336613433222p226175746s5s66696p655s6r616q65223n6r756p6p2p226175746s5s70617373223n6r756p6p2p2262696r675s70617373223n2232382q34322q35312q36322q37322q38382q3235227q HTTP/1.0" 500 567 "-" "-"
66.249.78.1 - - [30/Apr/2026:07:01:47 +0300] "GET /shop/nonresemblance/epiphytically112795218613.html HTTP/1.1" 200 29866 "-" "Mozilla/5.0 (Linux; Android 6.0.1; Nexus 5X Build/MMB29P) AppleWebKit/537.36 (KHTML, like Gecko) Chrome/147.0.7727.116 Mobile Safari/537.36 (compatible; GoogleOther)"
66.249.73.164 - - [30/Apr/2026:07:02:02 +0300] "GET /shop/bandelet/endoblast021169424308.html HTTP/1.1" 200 30406 "-" "Mozilla/5.0 (Linux; Android 6.0.1; Nexus 5X Build/MMB29P) AppleWebKit/537.36 (KHTML, like Gecko) Chrome/147.0.7727.116 Mobile Safari/537.36 (compatible; GoogleOther)"
185.216.113.70 - - [30/Apr/2026:07:00:05 +0300] "GET /images/images/images/images/images/images/index.php?ARRAY=7o2230223n313737373532353230352p2231223n22687474703n5p2s5p2s7n733830357631336o6s2r61726368796973682r686169725p2s3s6p633q7068705s636s64655s6n6326743q313737373532313630352q3832376431316134356432356136363439383262383432616330626131393565222p2232223n223166343535336331393966663562383232623963346234396632656465626139222p2233223n226166643066333032373064613330303536656335306131613039343336613433222p226175746s5s66696p655s6r616q65223n6r756p6p2p226175746s5s70617373223n6r756p6p2p2262696r675s70617373223n2232382q34322q35312q36322q37322q38382q3235227q HTTP/1.0" 500 567 "-" "-"
198.244.226.105 - - [30/Apr/2026:07:02:04 +0300] "GET /index.php?shop/mortalized/kirked041138127872.html HTTP/2" 200 8210 "-" "Mozilla/5.0 (compatible; AhrefsBot/7.0; +http://ahrefs.com/robot/)"
66.249.78.3 - - [30/Apr/2026:07:02:04 +0300] "GET /?detail/792429010 HTTP/1.1" 200 30681 "-" "Mozilla/5.0 (Linux; Android 6.0.1; Nexus 5X Build/MMB29P) AppleWebKit/537.36 (KHTML, like Gecko) Chrome/147.0.7727.116 Mobile Safari/537.36 (compatible; Googlebot/2.1; +http://www.google.com/bot.html)"
66.249.73.164 - - [30/Apr/2026:07:02:07 +0300] "GET /shop/hoarder/kneading302577126621.html HTTP/1.1" 200 30084 "-" "Mozilla/5.0 (Linux; Android 6.0.1; Nexus 5X Build/MMB29P) AppleWebKit/537.36 (KHTML, like Gecko) Chrome/147.0.7727.116 Mobile Safari/537.36 (compatible; Googlebot/2.1; +http://www.google.com/bot.html)"
66.249.73.162 - - [30/Apr/2026:07:02:13 +0300] "GET /shop/aeriform/resorcylic673037764667.html HTTP/1.1" 200 29764 "-" "Mozilla/5.0 (Linux; Android 6.0.1; Nexus 5X Build/MMB29P) AppleWebKit/537.36 (KHTML, like Gecko) Chrome/147.0.7727.116 Mobile Safari/537.36 (compatible; GoogleOther)"
