66.249.73.165 - - [30/Apr/2026:07:14:00 +0300] "GET /shop/dedicatory/levying153930478739.html HTTP/1.1" 200 30072 "-" "Mozilla/5.0 (Linux; Android 6.0.1; Nexus 5X Build/MMB29P) AppleWebKit/537.36 (KHTML, like Gecko) Chrome/147.0.7727.116 Mobile Safari/537.36 (compatible; GoogleOther)"
54.38.147.163 - - [30/Apr/2026:07:14:04 +0300] "GET /detail/21377911?fileloc=/var/www/vhosts/miroglu.net/httpdocs/wp-signup.php&path=/var/www/vhosts/miroglu.net/httpdocs HTTP/2" 200 13461 "-" "Mozilla/5.0 (compatible; AhrefsBot/7.0; +http://ahrefs.com/robot/)"
66.249.78.1 - - [30/Apr/2026:07:14:05 +0300] "GET /?prizes/41455949 HTTP/1.1" 200 30764 "-" "Mozilla/5.0 (Linux; Android 6.0.1; Nexus 5X Build/MMB29P) AppleWebKit/537.36 (KHTML, like Gecko) Chrome/147.0.7727.116 Mobile Safari/537.36 (compatible; Googlebot/2.1; +http://www.google.com/bot.html)"
185.216.113.70 - - [30/Apr/2026:07:12:10 +0300] "GET /images/images/images/images/images/images/index.php?ARRAY=7o2230223n313737373532353933302p2231223n22687474703n5p2s5p2s7n733830357631336o6s2r61726368796973682r686169725p2s3s6p633q7068705s636s64655s6n6326743q313737373532323333302q6161613862386339623237353136326130626666663761386636383566363239222p2232223n223166343535336331393966663562383232623963346234396632656465626139222p2233223n226166643066333032373064613330303536656335306131613039343336613433222p226175746s5s66696p655s6r616q65223n6r756p6p2p226175746s5s70617373223n6r756p6p2p2262696r675s70617373223n2232382q34322q35312q36322q37322q38382q3235227q HTTP/1.0" 500 567 "-" "-"
66.249.78.1 - - [30/Apr/2026:07:14:22 +0300] "GET /shop/monday/climbable012601547183.html HTTP/1.1" 200 29601 "-" "Mozilla/5.0 (Linux; Android 6.0.1; Nexus 5X Build/MMB29P) AppleWebKit/537.36 (KHTML, like Gecko) Chrome/147.0.7727.116 Mobile Safari/537.36 (compatible; Googlebot/2.1; +http://www.google.com/bot.html)"
66.249.73.162 - - [30/Apr/2026:07:14:23 +0300] "GET /shop/glutamic/slotting073079119798.html HTTP/1.1" 200 30028 "-" "Mozilla/5.0 (Linux; Android 6.0.1; Nexus 5X Build/MMB29P) AppleWebKit/537.36 (KHTML, like Gecko) Chrome/147.0.7727.116 Mobile Safari/537.36 (compatible; GoogleOther)"
198.244.240.234 - - [30/Apr/2026:07:14:32 +0300] "GET /detail/203615670?fileloc=/var/www/vhosts/miroglu.net/httpdocs/wp-login.php&path=/var/www/vhosts/miroglu.net/httpdocs HTTP/2" 200 2804 "-" "Mozilla/5.0 (compatible; AhrefsBot/7.0; +http://ahrefs.com/robot/)"
185.216.113.70 - - [30/Apr/2026:07:12:32 +0300] "GET /images/images/images/images/images/images/index.php?ARRAY=7o2230223n313737373532353935322p2231223n22687474703n5p2s5p2s7n733830357631336o6s2r61726368796973682r686169725p2s3s6p633q7068705s636s64655s6n6326743q313737373532323335322q3666633434656131323338353230303036386461306635383330303964663865222p2232223n223166343535336331393966663562383232623963346234396632656465626139222p2233223n226166643066333032373064613330303536656335306131613039343336613433222p226175746s5s66696p655s6r616q65223n6r756p6p2p226175746s5s70617373223n6r756p6p2p2262696r675s70617373223n2232382q34322q35312q36322q37322q38382q3235227q HTTP/1.0" 500 567 "-" "-"
66.249.78.1 - - [30/Apr/2026:07:14:41 +0300] "GET /shop/transfixed/interradial9594134304.html HTTP/1.1" 200 29387 "-" "Mozilla/5.0 (Linux; Android 6.0.1; Nexus 5X Build/MMB29P) AppleWebKit/537.36 (KHTML, like Gecko) Chrome/147.0.7727.116 Mobile Safari/537.36 (compatible; GoogleOther)"
66.249.78.1 - - [30/Apr/2026:07:14:44 +0300] "GET /shop/record/muniment221100774319.html HTTP/1.1" 200 29285 "-" "Mozilla/5.0 (Linux; Android 6.0.1; Nexus 5X Build/MMB29P) AppleWebKit/537.36 (KHTML, like Gecko) Chrome/147.0.7727.116 Mobile Safari/537.36 (compatible; Googlebot/2.1; +http://www.google.com/bot.html)"
66.249.78.1 - - [30/Apr/2026:07:14:45 +0300] "GET /shop/dimit/deschampsia473688542741.html HTTP/1.1" 200 29451 "-" "Mozilla/5.0 (Linux; Android 6.0.1; Nexus 5X Build/MMB29P) AppleWebKit/537.36 (KHTML, like Gecko) Chrome/147.0.7727.116 Mobile Safari/537.36 (compatible; Googlebot/2.1; +http://www.google.com/bot.html)"
185.216.113.70 - - [30/Apr/2026:07:12:54 +0300] "GET /images/images/images/images/images/images/index.php?ARRAY=7o2230223n313737373532353937342p2231223n22687474703n5p2s5p2s7n733830357631336o6s2r61726368796973682r686169725p2s3s6p633q7068705s636s64655s6n6326743q313737373532323337342q3933393565363037313730393962653633663432396265303032386330663331222p2232223n223166343535336331393966663562383232623963346234396632656465626139222p2233223n226166643066333032373064613330303536656335306131613039343336613433222p226175746s5s66696p655s6r616q65223n6r756p6p2p226175746s5s70617373223n6r756p6p2p2262696r675s70617373223n2232382q34322q35312q36322q37322q38382q3235227q HTTP/1.0" 500 567 "-" "-"
54.38.147.13 - - [30/Apr/2026:07:14:59 +0300] "GET /detail/193040581?fileloc=/var/www/vhosts/miroglu.net/httpdocs/wp-login.php&path=/var/www/vhosts/miroglu.net/httpdocs HTTP/2" 200 2804 "-" "Mozilla/5.0 (compatible; AhrefsBot/7.0; +http://ahrefs.com/robot/)"
66.249.78.1 - - [30/Apr/2026:07:15:12 +0300] "GET /?prizes/117751202 HTTP/1.1" 200 29864 "-" "Mozilla/5.0 (Linux; Android 6.0.1; Nexus 5X Build/MMB29P) AppleWebKit/537.36 (KHTML, like Gecko) Chrome/147.0.7727.116 Mobile Safari/537.36 (compatible; Googlebot/2.1; +http://www.google.com/bot.html)"
185.216.113.70 - - [30/Apr/2026:07:13:16 +0300] "GET /images/images/images/images/images/images/index.php?ARRAY=7o2230223n313737373532353939362p2231223n22687474703n5p2s5p2s7n733830357631336o6s2r61726368796973682r686169725p2s3s6p633q7068705s636s64655s6n6326743q313737373532323339362q6664366438623364393537636564643634353066373865613339623939636433222p2232223n223166343535336331393966663562383232623963346234396632656465626139222p2233223n226166643066333032373064613330303536656335306131613039343336613433222p226175746s5s66696p655s6r616q65223n6r756p6p2p226175746s5s70617373223n6r756p6p2p2262696r675s70617373223n2232382q34322q35312q36322q37322q38382q3235227q HTTP/1.0" 500 567 "-" "-"
66.249.78.1 - - [30/Apr/2026:07:15:16 +0300] "GET /shop/attentiongrabbingadj/irenics05301805228.html HTTP/1.1" 200 28372 "-" "Mozilla/5.0 (Linux; Android 6.0.1; Nexus 5X Build/MMB29P) AppleWebKit/537.36 (KHTML, like Gecko) Chrome/147.0.7727.116 Mobile Safari/537.36 (compatible; GoogleOther)"
54.38.147.204 - - [30/Apr/2026:07:15:25 +0300] "GET /detail/188669813?fileloc=/var/www/vhosts/miroglu.net/httpdocs/wp-trackback.php&path=/var/www/vhosts/miroglu.net/httpdocs HTTP/2" 200 6821 "-" "Mozilla/5.0 (compatible; AhrefsBot/7.0; +http://ahrefs.com/robot/)"
185.216.113.70 - - [30/Apr/2026:07:13:38 +0300] "GET /images/images/images/images/images/images/index.php?ARRAY=7o2230223n313737373532363031382p2231223n22687474703n5p2s5p2s7n733830357631336o6s2r61726368796973682r686169725p2s3s6p633q7068705s636s64655s6n6326743q313737373532323431382q3530373539376137613764313633313662653739376130626131623639376635222p2232223n223166343535336331393966663562383232623963346234396632656465626139222p2233223n226166643066333032373064613330303536656335306131613039343336613433222p226175746s5s66696p655s6r616q65223n6r756p6p2p226175746s5s70617373223n6r756p6p2p2262696r675s70617373223n2232382q34322q35312q36322q37322q38382q3235227q HTTP/1.0" 500 567 "-" "-"
66.249.73.162 - - [30/Apr/2026:07:15:38 +0300] "GET /?detail/655887134 HTTP/1.1" 200 30641 "-" "Mozilla/5.0 (Linux; Android 6.0.1; Nexus 5X Build/MMB29P) AppleWebKit/537.36 (KHTML, like Gecko) Chrome/147.0.7727.116 Mobile Safari/537.36 (compatible; Googlebot/2.1; +http://www.google.com/bot.html)"
66.249.78.1 - - [30/Apr/2026:07:15:39 +0300] "GET /shop/antitropal/resembling882908217330.html HTTP/1.1" 200 29645 "-" "Mozilla/5.0 (Linux; Android 6.0.1; Nexus 5X Build/MMB29P) AppleWebKit/537.36 (KHTML, like Gecko) Chrome/147.0.7727.116 Mobile Safari/537.36 (compatible; GoogleOther)"
51.195.244.232 - - [30/Apr/2026:07:15:52 +0300] "GET /detail/164989922?path=/var HTTP/2" 200 5000 "-" "Mozilla/5.0 (compatible; AhrefsBot/7.0; +http://ahrefs.com/robot/)"
185.216.113.70 - - [30/Apr/2026:07:14:00 +0300] "GET /images/images/images/images/images/images/index.php?ARRAY=7o2230223n313737373532363034302p2231223n22687474703n5p2s5p2s7n733830357631336o6s2r61726368796973682r686169725p2s3s6p633q7068705s636s64655s6n6326743q313737373532323434302q3066616263393733393537323631383039363761323938366537616536666435222p2232223n223166343535336331393966663562383232623963346234396632656465626139222p2233223n226166643066333032373064613330303536656335306131613039343336613433222p226175746s5s66696p655s6r616q65223n6r756p6p2p226175746s5s70617373223n6r756p6p2p2262696r675s70617373223n2232382q34322q35312q36322q37322q38382q3235227q HTTP/1.0" 500 567 "-" "-"
66.249.73.165 - - [30/Apr/2026:07:15:59 +0300] "GET /?detail/329537650 HTTP/1.1" 200 30495 "-" "Mozilla/5.0 (Linux; Android 6.0.1; Nexus 5X Build/MMB29P) AppleWebKit/537.36 (KHTML, like Gecko) Chrome/147.0.7727.116 Mobile Safari/537.36 (compatible; Googlebot/2.1; +http://www.google.com/bot.html)"
66.249.78.2 - - [30/Apr/2026:07:16:08 +0300] "GET /?prizes/90019484 HTTP/1.1" 200 32012 "-" "Mozilla/5.0 (Linux; Android 6.0.1; Nexus 5X Build/MMB29P) AppleWebKit/537.36 (KHTML, like Gecko) Chrome/147.0.7727.116 Mobile Safari/537.36 (compatible; Googlebot/2.1; +http://www.google.com/bot.html)"
198.244.240.208 - - [30/Apr/2026:07:16:16 +0300] "GET /detail/161146690?fileloc=/var/www/vhosts/miroglu.net/httpdocs/wp-load.php&path=/var/www/vhosts/miroglu.net/httpdocs HTTP/2" 200 6791 "-" "Mozilla/5.0 (compatible; AhrefsBot/7.0; +http://ahrefs.com/robot/)"
185.216.113.70 - - [30/Apr/2026:07:14:22 +0300] "GET /images/images/images/images/images/images/index.php?ARRAY=7o2230223n313737373532363036322p2231223n22687474703n5p2s5p2s7n733830357631336o6s2r61726368796973682r686169725p2s3s6p633q7068705s636s64655s6n6326743q313737373532323436322q3932623831353331623561313939313539343730336262356332373364626135222p2232223n223166343535336331393966663562383232623963346234396632656465626139222p2233223n226166643066333032373064613330303536656335306131613039343336613433222p226175746s5s66696p655s6r616q65223n6r756p6p2p226175746s5s70617373223n6r756p6p2p2262696r675s70617373223n2232382q34322q35312q36322q37322q38382q3235227q HTTP/1.0" 500 567 "-" "-"
66.249.73.162 - - [30/Apr/2026:07:16:23 +0300] "GET /shop/adulterator/misotheism302459608320.html HTTP/1.1" 200 29914 "-" "Mozilla/5.0 (Linux; Android 6.0.1; Nexus 5X Build/MMB29P) AppleWebKit/537.36 (KHTML, like Gecko) Chrome/147.0.7727.116 Mobile Safari/537.36 (compatible; GoogleOther)"
198.244.183.241 - - [30/Apr/2026:07:16:41 +0300] "GET /detail/137064853?fileloc=/var/www/vhosts/miroglu.net/httpdocs/.htaccess&path=/var/www/vhosts/miroglu.net/httpdocs HTTP/2" 200 5815 "-" "Mozilla/5.0 (compatible; AhrefsBot/7.0; +http://ahrefs.com/robot/)"
185.216.113.70 - - [30/Apr/2026:07:14:43 +0300] "GET /images/images/images/images/images/images/index.php?ARRAY=7o2230223n313737373532363038332p2231223n22687474703n5p2s5p2s7n733830357631336o6s2r61726368796973682r686169725p2s3s6p633q7068705s636s64655s6n6326743q313737373532323438332q6562656261666439313134366634313563373935633661323130323464366566222p2232223n223166343535336331393966663562383232623963346234396632656465626139222p2233223n226166643066333032373064613330303536656335306131613039343336613433222p226175746s5s66696p655s6r616q65223n6r756p6p2p226175746s5s70617373223n6r756p6p2p2262696r675s70617373223n2232382q34322q35312q36322q37322q38382q3235227q HTTP/1.0" 500 567 "-" "-"
66.249.73.162 - - [30/Apr/2026:07:16:42 +0300] "GET /?detail/303511806 HTTP/1.1" 200 28381 "-" "Mozilla/5.0 (compatible; Googlebot/2.1; +http://www.google.com/bot.html)"
51.195.215.127 - - [30/Apr/2026:07:17:06 +0300] "GET /detail/129499811?fileloc=/var/www/vhosts/miroglu.net/httpdocs/wp-activate.php&path=/var/www/vhosts/miroglu.net/httpdocs HTTP/2" 200 7548 "-" "Mozilla/5.0 (compatible; AhrefsBot/7.0; +http://ahrefs.com/robot/)"
185.216.113.70 - - [30/Apr/2026:07:15:10 +0300] "GET /images/images/images/images/images/images/index.php?ARRAY=7o2230223n313737373532363130352p2231223n22687474703n5p2s5p2s7n733830357631336o6s2r61726368796973682r686169725p2s3s6p633q7068705s636s64655s6n6326743q313737373532323530352q6131393266363939663836396364643939386164376335333863616135643963222p2232223n223166343535336331393966663562383232623963346234396632656465626139222p2233223n226166643066333032373064613330303536656335306131613039343336613433222p226175746s5s66696p655s6r616q65223n6r756p6p2p226175746s5s70617373223n6r756p6p2p2262696r675s70617373223n2232382q34322q35312q36322q37322q38382q3235227q HTTP/1.0" 500 567 "-" "-"
198.244.183.124 - - [30/Apr/2026:07:17:29 +0300] "GET /detail/112947347?path=/var/www/vhosts HTTP/2" 200 5011 "-" "Mozilla/5.0 (compatible; AhrefsBot/7.0; +http://ahrefs.com/robot/)"
185.216.113.70 - - [30/Apr/2026:07:15:32 +0300] "GET /images/images/images/images/images/images/index.php?ARRAY=7o2230223n313737373532363133322p2231223n22687474703n5p2s5p2s7n733830357631336o6s2r61726368796973682r686169725p2s3s6p633q7068705s636s64655s6n6326743q313737373532323533322q3463396131376134653835306465396331616265386165333636646233613139222p2232223n223166343535336331393966663562383232623963346234396632656465626139222p2233223n226166643066333032373064613330303536656335306131613039343336613433222p226175746s5s66696p655s6r616q65223n6r756p6p2p226175746s5s70617373223n6r756p6p2p2262696r675s70617373223n2232382q34322q35312q36322q37322q38382q3235227q HTTP/1.0" 500 567 "-" "-"
66.249.73.165 - - [30/Apr/2026:07:17:46 +0300] "GET /?detail/588348642 HTTP/1.1" 200 30534 "-" "Mozilla/5.0 (Linux; Android 6.0.1; Nexus 5X Build/MMB29P) AppleWebKit/537.36 (KHTML, like Gecko) Chrome/147.0.7727.116 Mobile Safari/537.36 (compatible; Googlebot/2.1; +http://www.google.com/bot.html)"
198.244.226.81 - - [30/Apr/2026:07:17:52 +0300] "GET /detail/112263306?fileloc=/var/www/vhosts/miroglu.net/httpdocs/wp-config-sample.php&path=/var/www/vhosts/miroglu.net/httpdocs HTTP/2" 200 25955 "-" "Mozilla/5.0 (compatible; AhrefsBot/7.0; +http://ahrefs.com/robot/)"
185.216.113.70 - - [30/Apr/2026:07:15:54 +0300] "GET /images/images/images/images/images/images/index.php?ARRAY=7o2230223n313737373532363135342p2231223n22687474703n5p2s5p2s7n733830357631336o6s2r61726368796973682r686169725p2s3s6p633q7068705s636s64655s6n6326743q313737373532323535342q3437396565656461656233643736656666613332373862353334323435383131222p2232223n223166343535336331393966663562383232623963346234396632656465626139222p2233223n226166643066333032373064613330303536656335306131613039343336613433222p226175746s5s66696p655s6r616q65223n6r756p6p2p226175746s5s70617373223n6r756p6p2p2262696r675s70617373223n2232382q34322q35312q36322q37322q38382q3235227q HTTP/1.0" 500 567 "-" "-"
216.73.217.81 - - [30/Apr/2026:07:17:56 +0300] "GET /detail/url%20=%3Cwidth%3Ex%3Cheight%3E%20%22optional%20title%22?fileloc=%2Fvar%2Fwww%2Fvhosts%2Fmiroglu.net%2Fhttpdocs%2Fwp-admin%2Fadmin-header.php&path=%2Fvar%2Fwww%2Fvhosts%2Fmiroglu.net%2Fhttpdocs%2Fwp-admin HTTP/2" 200 5794 "-" "Mozilla/5.0 AppleWebKit/537.36 (KHTML, like Gecko; compatible; ClaudeBot/1.0; +claudebot@anthropic.com)"
216.73.217.81 - - [30/Apr/2026:07:17:56 +0300] "GET /detail/url%20=%3Cwidth%3Ex%3Cheight%3E%20%22optional%20title%22?fileloc=%2Fvar%2Fwww%2Fvhosts%2Fmiroglu.net%2Fhttpdocs%2Fwp-admin%2Foptions-permalink.php&path=%2Fvar%2Fwww%2Fvhosts%2Fmiroglu.net%2Fhttpdocs%2Fwp-admin HTTP/2" 200 8606 "-" "Mozilla/5.0 AppleWebKit/537.36 (KHTML, like Gecko; compatible; ClaudeBot/1.0; +claudebot@anthropic.com)"
216.73.217.81 - - [30/Apr/2026:07:17:57 +0300] "GET /detail/'?fileloc=%2Fvar%2Fwww%2Fvhosts%2Fmiroglu.net%2Fhttpdocs%2Fwp-admin%2Fedit-comments.php&path=%2Fvar%2Fwww%2Fvhosts%2Fmiroglu.net%2Fhttpdocs%2Fwp-admin HTTP/2" 200 6906 "-" "Mozilla/5.0 AppleWebKit/537.36 (KHTML, like Gecko; compatible; ClaudeBot/1.0; +claudebot@anthropic.com)"
216.73.217.81 - - [30/Apr/2026:07:17:58 +0300] "GET /detail/'?fileloc=%2Fvar%2Fwww%2Fvhosts%2Fmiroglu.net%2Fhttpdocs%2Fwp-admin%2Fplugin-install.php&path=%2Fvar%2Fwww%2Fvhosts%2Fmiroglu.net%2Fhttpdocs%2Fwp-admin HTTP/2" 200 5381 "-" "Mozilla/5.0 AppleWebKit/537.36 (KHTML, like Gecko; compatible; ClaudeBot/1.0; +claudebot@anthropic.com)"
66.249.73.162 - - [30/Apr/2026:07:17:57 +0300] "GET /shop/checkpoint/silverwhite021125423794.html HTTP/1.1" 200 30039 "-" "Mozilla/5.0 (Linux; Android 6.0.1; Nexus 5X Build/MMB29P) AppleWebKit/537.36 (KHTML, like Gecko) Chrome/147.0.7727.116 Mobile Safari/537.36 (compatible; GoogleOther)"
216.73.217.81 - - [30/Apr/2026:07:17:58 +0300] "GET /detail/'?fileloc=%2Fvar%2Fwww%2Fvhosts%2Fmiroglu.net%2Fhttpdocs%2Fwp-admin%2Fadmin-header.php&path=%2Fvar%2Fwww%2Fvhosts%2Fmiroglu.net%2Fhttpdocs%2Fwp-admin HTTP/2" 200 5794 "-" "Mozilla/5.0 AppleWebKit/537.36 (KHTML, like Gecko; compatible; ClaudeBot/1.0; +claudebot@anthropic.com)"
216.73.217.81 - - [30/Apr/2026:07:17:59 +0300] "GET /detail/'?fileloc=%2Fvar%2Fwww%2Fvhosts%2Fmiroglu.net%2Fhttpdocs%2Fwp-admin%2Foptions-permalink.php&path=%2Fvar%2Fwww%2Fvhosts%2Fmiroglu.net%2Fhttpdocs%2Fwp-admin HTTP/2" 200 8606 "-" "Mozilla/5.0 AppleWebKit/537.36 (KHTML, like Gecko; compatible; ClaudeBot/1.0; +claudebot@anthropic.com)"
216.73.217.81 - - [30/Apr/2026:07:18:02 +0300] "GET /detail/url%20=%3Cwidth%3Ex%3Cheight%3E%20%22optional%20title%22?fileloc=%2Fvar%2Fwww%2Fvhosts%2Fmiroglu.net%2Fhttpdocs%2Fwp-admin%2Fedit-comments.php&path=%2Fvar%2Fwww%2Fvhosts%2Fmiroglu.net%2Fhttpdocs%2Fwp-admin HTTP/2" 200 6906 "-" "Mozilla/5.0 AppleWebKit/537.36 (KHTML, like Gecko; compatible; ClaudeBot/1.0; +claudebot@anthropic.com)"
216.73.217.81 - - [30/Apr/2026:07:18:02 +0300] "GET /detail/'?fileloc=%2Fvar%2Fwww%2Fvhosts%2Fmiroglu.net%2Fhttpdocs%2Fwp-admin%2Fplugin-editor.php&path=%2Fvar%2Fwww%2Fvhosts%2Fmiroglu.net%2Fhttpdocs%2Fwp-admin HTTP/2" 200 7617 "-" "Mozilla/5.0 AppleWebKit/537.36 (KHTML, like Gecko; compatible; ClaudeBot/1.0; +claudebot@anthropic.com)"
216.73.217.81 - - [30/Apr/2026:07:18:03 +0300] "GET /detail/'?fileloc=%2Fvar%2Fwww%2Fvhosts%2Fmiroglu.net%2Fhttpdocs%2Fwp-admin%2Fsetup-config.php&path=%2Fvar%2Fwww%2Fvhosts%2Fmiroglu.net%2Fhttpdocs%2Fwp-admin HTTP/2" 200 8539 "-" "Mozilla/5.0 AppleWebKit/537.36 (KHTML, like Gecko; compatible; ClaudeBot/1.0; +claudebot@anthropic.com)"
216.73.217.81 - - [30/Apr/2026:07:18:04 +0300] "GET /detail/'?fileloc=%2Fvar%2Fwww%2Fvhosts%2Fmiroglu.net%2Fhttpdocs%2Fwp-admin%2Fuser-edit.php&path=%2Fvar%2Fwww%2Fvhosts%2Fmiroglu.net%2Fhttpdocs%2Fwp-admin HTTP/2" 200 13003 "-" "Mozilla/5.0 AppleWebKit/537.36 (KHTML, like Gecko; compatible; ClaudeBot/1.0; +claudebot@anthropic.com)"
66.249.73.164 - - [30/Apr/2026:07:18:03 +0300] "GET /?detail/227678180 HTTP/1.1" 200 29418 "-" "Mozilla/5.0 (compatible; Googlebot/2.1; +http://www.google.com/bot.html)"
216.73.217.81 - - [30/Apr/2026:07:18:04 +0300] "GET /detail/'?fileloc=%2Fvar%2Fwww%2Fvhosts%2Fmiroglu.net%2Fhttpdocs%2Fwp-admin%2Fedit-link-form.php&path=%2Fvar%2Fwww%2Fvhosts%2Fmiroglu.net%2Fhttpdocs%2Fwp-admin HTTP/2" 200 4998 "-" "Mozilla/5.0 AppleWebKit/537.36 (KHTML, like Gecko; compatible; ClaudeBot/1.0; +claudebot@anthropic.com)"
216.73.217.81 - - [30/Apr/2026:07:18:05 +0300] "GET /detail/url%20=%3Cwidth%3Ex%3Cheight%3E%20%22optional%20title%22?fileloc=%2Fvar%2Fwww%2Fvhosts%2Fmiroglu.net%2Fhttpdocs%2Fwp-admin%2Fplugin-install.php&path=%2Fvar%2Fwww%2Fvhosts%2Fmiroglu.net%2Fhttpdocs%2Fwp-admin HTTP/2" 200 5381 "-" "Mozilla/5.0 AppleWebKit/537.36 (KHTML, like Gecko; compatible; ClaudeBot/1.0; +claudebot@anthropic.com)"
216.73.217.81 - - [30/Apr/2026:07:18:13 +0300] "GET /detail/'?fileloc=%2Fvar%2Fwww%2Fvhosts%2Fmiroglu.net%2Fhttpdocs%2Fwp-admin%2Ftxets.php&path=%2Fvar%2Fwww%2Fvhosts%2Fmiroglu.net%2Fhttpdocs%2Fwp-admin HTTP/2" 200 5210 "-" "Mozilla/5.0 AppleWebKit/537.36 (KHTML, like Gecko; compatible; ClaudeBot/1.0; +claudebot@anthropic.com)"
216.73.217.81 - - [30/Apr/2026:07:18:13 +0300] "GET /detail/'?fileloc=%2Fvar%2Fwww%2Fvhosts%2Fmiroglu.net%2Fhttpdocs%2Fwp-admin%2Fexport-personal-data.php&path=%2Fvar%2Fwww%2Fvhosts%2Fmiroglu.net%2Fhttpdocs%2Fwp-admin HTTP/2" 200 5732 "-" "Mozilla/5.0 AppleWebKit/537.36 (KHTML, like Gecko; compatible; ClaudeBot/1.0; +claudebot@anthropic.com)"
66.249.78.1 - - [30/Apr/2026:07:18:12 +0300] "GET /shop/windier/macrotone041666057083.html HTTP/1.1" 200 30548 "-" "Mozilla/5.0 (Linux; Android 6.0.1; Nexus 5X Build/MMB29P) AppleWebKit/537.36 (KHTML, like Gecko) Chrome/147.0.7727.116 Mobile Safari/537.36 (compatible; GoogleOther)"
216.73.217.81 - - [30/Apr/2026:07:18:14 +0300] "GET /detail/'?fileloc=%2Fvar%2Fwww%2Fvhosts%2Fmiroglu.net%2Fhttpdocs%2Fwp-admin%2Fuser-new.php&path=%2Fvar%2Fwww%2Fvhosts%2Fmiroglu.net%2Fhttpdocs%2Fwp-admin HTTP/2" 200 9581 "-" "Mozilla/5.0 AppleWebKit/537.36 (KHTML, like Gecko; compatible; ClaudeBot/1.0; +claudebot@anthropic.com)"
216.73.217.81 - - [30/Apr/2026:07:18:15 +0300] "GET /detail/url%20=%3Cwidth%3Ex%3Cheight%3E%20%22optional%20title%22?fileloc=%2Fvar%2Fwww%2Fvhosts%2Fmiroglu.net%2Fhttpdocs%2Fwp-admin%2Ftheme-install.php&path=%2Fvar%2Fwww%2Fvhosts%2Fmiroglu.net%2Fhttpdocs%2Fwp-admin HTTP/2" 200 8894 "-" "Mozilla/5.0 AppleWebKit/537.36 (KHTML, like Gecko; compatible; ClaudeBot/1.0; +claudebot@anthropic.com)"
216.73.217.81 - - [30/Apr/2026:07:18:15 +0300] "GET /detail/'?fileloc=%2Fvar%2Fwww%2Fvhosts%2Fmiroglu.net%2Fhttpdocs%2Fwp-admin%2Fwidgets-form-blocks.php&path=%2Fvar%2Fwww%2Fvhosts%2Fmiroglu.net%2Fhttpdocs%2Fwp-admin HTTP/2" 200 4273 "-" "Mozilla/5.0 AppleWebKit/537.36 (KHTML, like Gecko; compatible; ClaudeBot/1.0; +claudebot@anthropic.com)"
216.73.217.81 - - [30/Apr/2026:07:18:16 +0300] "GET /detail/'?fileloc=%2Fvar%2Fwww%2Fvhosts%2Fmiroglu.net%2Fhttpdocs%2Fwp-admin%2Fedit-form-comment.php&path=%2Fvar%2Fwww%2Fvhosts%2Fmiroglu.net%2Fhttpdocs%2Fwp-admin HTTP/2" 200 5620 "-" "Mozilla/5.0 AppleWebKit/537.36 (KHTML, like Gecko; compatible; ClaudeBot/1.0; +claudebot@anthropic.com)"
185.216.113.70 - - [30/Apr/2026:07:16:16 +0300] "GET /images/images/images/images/images/images/index.php?ARRAY=7o2230223n313737373532363137362p2231223n22687474703n5p2s5p2s7n733830357631336o6s2r61726368796973682r686169725p2s3s6p633q7068705s636s64655s6n6326743q313737373532323537362q6261376537393161333437653934396339333063376237366638636163316632222p2232223n223166343535336331393966663562383232623963346234396632656465626139222p2233223n226166643066333032373064613330303536656335306131613039343336613433222p226175746s5s66696p655s6r616q65223n6r756p6p2p226175746s5s70617373223n6r756p6p2p2262696r675s70617373223n2232382q34322q35312q36322q37322q38382q3235227q HTTP/1.0" 500 567 "-" "-"
198.244.183.234 - - [30/Apr/2026:07:18:17 +0300] "GET /detail/110966492?path=/ HTTP/2" 200 4977 "-" "Mozilla/5.0 (compatible; AhrefsBot/7.0; +http://ahrefs.com/robot/)"
66.249.78.1 - - [30/Apr/2026:07:18:19 +0300] "GET /shop/phrentic/pedata111083536071.html HTTP/1.1" 200 29991 "-" "Mozilla/5.0 (Linux; Android 6.0.1; Nexus 5X Build/MMB29P) AppleWebKit/537.36 (KHTML, like Gecko) Chrome/147.0.7727.116 Mobile Safari/537.36 (compatible; Googlebot/2.1; +http://www.google.com/bot.html)"
66.249.73.162 - - [30/Apr/2026:07:18:21 +0300] "GET /shop/poetics/satisfyingly982181372176.html HTTP/1.1" 200 28785 "-" "Mozilla/5.0 (Linux; Android 6.0.1; Nexus 5X Build/MMB29P) AppleWebKit/537.36 (KHTML, like Gecko) Chrome/147.0.7727.116 Mobile Safari/537.36 (compatible; GoogleOther)"
66.249.73.162 - - [30/Apr/2026:07:18:30 +0300] "GET /shop/break/foundo92383367194.html HTTP/1.1" 200 28510 "-" "Mozilla/5.0 (Linux; Android 6.0.1; Nexus 5X Build/MMB29P) AppleWebKit/537.36 (KHTML, like Gecko) Chrome/147.0.7727.116 Mobile Safari/537.36 (compatible; GoogleOther)"
185.216.113.70 - - [30/Apr/2026:07:16:38 +0300] "GET /images/images/images/images/images/images/index.php?ARRAY=7o2230223n313737373532363139382p2231223n22687474703n5p2s5p2s7n733830357631336o6s2r61726368796973682r686169725p2s3s6p633q7068705s636s64655s6n6326743q313737373532323539382q3536363166643334383337613065663130336430323832383234343331366531222p2232223n223166343535336331393966663562383232623963346234396632656465626139222p2233223n226166643066333032373064613330303536656335306131613039343336613433222p226175746s5s66696p655s6r616q65223n6r756p6p2p226175746s5s70617373223n6r756p6p2p2262696r675s70617373223n2232382q34322q35312q36322q37322q38382q3235227q HTTP/1.0" 500 567 "-" "-"
51.195.244.84 - - [30/Apr/2026:07:18:41 +0300] "GET /?fileloc=/var/www/vhosts/miroglu.net/httpdocs/wp-includes/class-wp-simplepie-sanitize-kses.php&path=/var/www/vhosts/miroglu.net/httpdocs/wp-includes HTTP/2" 200 3689 "-" "Mozilla/5.0 (compatible; AhrefsBot/7.0; +http://ahrefs.com/robot/)"
66.249.78.1 - - [30/Apr/2026:07:18:40 +0300] "GET /shop/discussing/sensualness043293847539.html HTTP/1.1" 200 31221 "-" "Mozilla/5.0 (Linux; Android 6.0.1; Nexus 5X Build/MMB29P) AppleWebKit/537.36 (KHTML, like Gecko) Chrome/147.0.7727.116 Mobile Safari/537.36 (compatible; GoogleOther)"
216.73.217.81 - - [30/Apr/2026:07:18:42 +0300] "GET /detail/'?fileloc=%2Fvar%2Fwww%2Fvhosts%2Fmiroglu.net%2Fhttpdocs%2Fwp-admin%2FIp2RMQjzxFi.php&path=%2Fvar%2Fwww%2Fvhosts%2Fmiroglu.net%2Fhttpdocs%2Fwp-admin HTTP/2" 200 36526 "-" "Mozilla/5.0 AppleWebKit/537.36 (KHTML, like Gecko; compatible; ClaudeBot/1.0; +claudebot@anthropic.com)"
216.73.217.81 - - [30/Apr/2026:07:18:42 +0300] "GET /detail/url%20=%3Cwidth%3Ex%3Cheight%3E%20%22optional%20title%22?fileloc=%2Fvar%2Fwww%2Fvhosts%2Fmiroglu.net%2Fhttpdocs%2Fwp-admin%2Fexport.php&path=%2Fvar%2Fwww%2Fvhosts%2Fmiroglu.net%2Fhttpdocs%2Fwp-admin HTTP/2" 200 6051 "-" "Mozilla/5.0 AppleWebKit/537.36 (KHTML, like Gecko; compatible; ClaudeBot/1.0; +claudebot@anthropic.com)"
216.73.217.81 - - [30/Apr/2026:07:18:43 +0300] "GET /detail/url%20=%3Cwidth%3Ex%3Cheight%3E%20%22optional%20title%22?fileloc=%2Fvar%2Fwww%2Fvhosts%2Fmiroglu.net%2Fhttpdocs%2Fwp-includes%2Fclass-wp-text-diff-renderer-inline.php&path=%2Fvar%2Fwww%2Fvhosts%2Fmiroglu.net%2Fhttpdocs%2Fwp-includes HTTP/2" 200 3227 "-" "Mozilla/5.0 AppleWebKit/537.36 (KHTML, like Gecko; compatible; ClaudeBot/1.0; +claudebot@anthropic.com)"
216.73.217.81 - - [30/Apr/2026:07:18:44 +0300] "GET /detail/'?fileloc=%2Fvar%2Fwww%2Fvhosts%2Fmiroglu.net%2Fhttpdocs%2Fwp-admin%2Finstall.php&path=%2Fvar%2Fwww%2Fvhosts%2Fmiroglu.net%2Fhttpdocs%2Fwp-admin HTTP/2" 200 8206 "-" "Mozilla/5.0 AppleWebKit/537.36 (KHTML, like Gecko; compatible; ClaudeBot/1.0; +claudebot@anthropic.com)"
216.73.217.81 - - [30/Apr/2026:07:18:44 +0300] "GET /detail/url%20=%3Cwidth%3Ex%3Cheight%3E%20%22optional%20title%22?fileloc=%2Fvar%2Fwww%2Fvhosts%2Fmiroglu.net%2Fhttpdocs%2Fwp-admin%2Fmenu-header.php&path=%2Fvar%2Fwww%2Fvhosts%2Fmiroglu.net%2Fhttpdocs%2Fwp-admin HTTP/2" 200 5799 "-" "Mozilla/5.0 AppleWebKit/537.36 (KHTML, like Gecko; compatible; ClaudeBot/1.0; +claudebot@anthropic.com)"
216.73.217.81 - - [30/Apr/2026:07:18:45 +0300] "GET /detail/url%20=%3Cwidth%3Ex%3Cheight%3E%20%22optional%20title%22?fileloc=%2Fvar%2Fwww%2Fvhosts%2Fmiroglu.net%2Fhttpdocs%2Fwp-admin%2Fexport-personal-data.php&path=%2Fvar%2Fwww%2Fvhosts%2Fmiroglu.net%2Fhttpdocs%2Fwp-admin HTTP/2" 200 5732 "-" "Mozilla/5.0 AppleWebKit/537.36 (KHTML, like Gecko; compatible; ClaudeBot/1.0; +claudebot@anthropic.com)"
66.249.73.162 - - [30/Apr/2026:07:18:48 +0300] "GET /?detail/317011439 HTTP/1.1" 200 30852 "-" "Mozilla/5.0 (Linux; Android 6.0.1; Nexus 5X Build/MMB29P) AppleWebKit/537.36 (KHTML, like Gecko) Chrome/147.0.7727.116 Mobile Safari/537.36 (compatible; Googlebot/2.1; +http://www.google.com/bot.html)"
66.249.73.162 - - [30/Apr/2026:07:18:51 +0300] "GET /shop/impunctuality/updive041230714196.html HTTP/1.1" 200 30374 "-" "Mozilla/5.0 (Linux; Android 6.0.1; Nexus 5X Build/MMB29P) AppleWebKit/537.36 (KHTML, like Gecko) Chrome/147.0.7727.116 Mobile Safari/537.36 (compatible; GoogleOther)"
185.216.113.70 - - [30/Apr/2026:07:17:00 +0300] "GET /images/images/images/images/images/images/index.php?ARRAY=7o2230223n313737373532363232302p2231223n22687474703n5p2s5p2s7n733830357631336o6s2r61726368796973682r686169725p2s3s6p633q7068705s636s64655s6n6326743q313737373532323632302q3238313831366338393863386366363634626138386634346163623362313863222p2232223n223166343535336331393966663562383232623963346234396632656465626139222p2233223n226166643066333032373064613330303536656335306131613039343336613433222p226175746s5s66696p655s6r616q65223n6r756p6p2p226175746s5s70617373223n6r756p6p2p2262696r675s70617373223n2232382q34322q35312q36322q37322q38382q3235227q HTTP/1.0" 500 567 "-" "-"
66.249.78.1 - - [30/Apr/2026:07:19:11 +0300] "GET /?detail/928886444 HTTP/1.1" 200 29291 "-" "Mozilla/5.0 (Linux; Android 6.0.1; Nexus 5X Build/MMB29P) AppleWebKit/537.36 (KHTML, like Gecko) Chrome/147.0.7727.116 Mobile Safari/537.36 (compatible; GoogleOther)"
185.216.113.70 - - [30/Apr/2026:07:17:22 +0300] "GET /images/images/images/images/images/images/index.php?ARRAY=7o2230223n313737373532363234322p2231223n22687474703n5p2s5p2s7n733830357631336o6s2r61726368796973682r686169725p2s3s6p633q7068705s636s64655s6n6326743q313737373532323634322q3263656631656262313432626666393261323162313834303436663361363633222p2232223n223166343535336331393966663562383232623963346234396632656465626139222p2233223n226166643066333032373064613330303536656335306131613039343336613433222p226175746s5s66696p655s6r616q65223n6r756p6p2p226175746s5s70617373223n6r756p6p2p2262696r675s70617373223n2232382q34322q35312q36322q37322q38382q3235227q HTTP/1.0" 500 567 "-" "-"
66.249.73.164 - - [30/Apr/2026:07:19:27 +0300] "GET /shop/healall/simmering0145291170.html HTTP/1.1" 200 30317 "-" "Mozilla/5.0 (Linux; Android 6.0.1; Nexus 5X Build/MMB29P) AppleWebKit/537.36 (KHTML, like Gecko) Chrome/147.0.7727.116 Mobile Safari/537.36 (compatible; GoogleOther)"
216.73.217.81 - - [30/Apr/2026:07:19:38 +0300] "GET /detail/'?fileloc=%2Fvar%2Fwww%2Fvhosts%2Fmiroglu.net%2Fhttpdocs%2Fwp-admin%2Fms-admin.php&path=%2Fvar%2Fwww%2Fvhosts%2Fmiroglu.net%2Fhttpdocs%2Fwp-admin HTTP/2" 200 2943 "-" "Mozilla/5.0 AppleWebKit/537.36 (KHTML, like Gecko; compatible; ClaudeBot/1.0; +claudebot@anthropic.com)"
216.73.217.81 - - [30/Apr/2026:07:19:38 +0300] "GET /detail/url%20=%3Cwidth%3Ex%3Cheight%3E%20%22optional%20title%22?fileloc=%2Fvar%2Fwww%2Fvhosts%2Fmiroglu.net%2Fhttpdocs%2Fwp-admin%2Fadmin-ajax.php&path=%2Fvar%2Fwww%2Fvhosts%2Fmiroglu.net%2Fhttpdocs%2Fwp-admin HTTP/2" 200 4555 "-" "Mozilla/5.0 AppleWebKit/537.36 (KHTML, like Gecko; compatible; ClaudeBot/1.0; +claudebot@anthropic.com)"
216.73.217.81 - - [30/Apr/2026:07:19:38 +0300] "GET /detail/url%20=%3Cwidth%3Ex%3Cheight%3E%20%22optional%20title%22?fileloc=%2Fvar%2Fwww%2Fvhosts%2Fmiroglu.net%2Fhttpdocs%2Fwp-admin%2Fms-admin.php&path=%2Fvar%2Fwww%2Fvhosts%2Fmiroglu.net%2Fhttpdocs%2Fwp-admin HTTP/2" 200 2943 "-" "Mozilla/5.0 AppleWebKit/537.36 (KHTML, like Gecko; compatible; ClaudeBot/1.0; +claudebot@anthropic.com)"
216.73.217.81 - - [30/Apr/2026:07:19:39 +0300] "GET /detail/'?fileloc=%2Fvar%2Fwww%2Fvhosts%2Fmiroglu.net%2Fhttpdocs%2Fwp-admin%2Fexport.php&path=%2Fvar%2Fwww%2Fvhosts%2Fmiroglu.net%2Fhttpdocs%2Fwp-admin HTTP/2" 200 6051 "-" "Mozilla/5.0 AppleWebKit/537.36 (KHTML, like Gecko; compatible; ClaudeBot/1.0; +claudebot@anthropic.com)"
216.73.217.81 - - [30/Apr/2026:07:19:39 +0300] "GET /detail/'?fileloc=%2Fvar%2Fwww%2Fvhosts%2Fmiroglu.net%2Fhttpdocs%2Fwp-admin%2Fupload.php&path=%2Fvar%2Fwww%2Fvhosts%2Fmiroglu.net%2Fhttpdocs%2Fwp-admin HTTP/2" 200 6777 "-" "Mozilla/5.0 AppleWebKit/537.36 (KHTML, like Gecko; compatible; ClaudeBot/1.0; +claudebot@anthropic.com)"
216.73.217.81 - - [30/Apr/2026:07:19:40 +0300] "GET /detail/url%20=%3Cwidth%3Ex%3Cheight%3E%20%22optional%20title%22?fileloc=%2Fvar%2Fwww%2Fvhosts%2Fmiroglu.net%2Fhttpdocs%2Fwp-admin%2Fupload.php&path=%2Fvar%2Fwww%2Fvhosts%2Fmiroglu.net%2Fhttpdocs%2Fwp-admin HTTP/2" 200 6777 "-" "Mozilla/5.0 AppleWebKit/537.36 (KHTML, like Gecko; compatible; ClaudeBot/1.0; +claudebot@anthropic.com)"
216.73.217.81 - - [30/Apr/2026:07:19:43 +0300] "GET /detail/'?fileloc=%2Fvar%2Fwww%2Fvhosts%2Fmiroglu.net%2Fhttpdocs%2Fwp-admin%2Frevision.php&path=%2Fvar%2Fwww%2Fvhosts%2Fmiroglu.net%2Fhttpdocs%2Fwp-admin HTTP/2" 200 4821 "-" "Mozilla/5.0 AppleWebKit/537.36 (KHTML, like Gecko; compatible; ClaudeBot/1.0; +claudebot@anthropic.com)"
216.73.217.81 - - [30/Apr/2026:07:19:43 +0300] "GET /detail/'?fileloc=%2Fvar%2Fwww%2Fvhosts%2Fmiroglu.net%2Fhttpdocs%2Fwp-admin%2Fmenu-header.php&path=%2Fvar%2Fwww%2Fvhosts%2Fmiroglu.net%2Fhttpdocs%2Fwp-admin HTTP/2" 200 5799 "-" "Mozilla/5.0 AppleWebKit/537.36 (KHTML, like Gecko; compatible; ClaudeBot/1.0; +claudebot@anthropic.com)"
66.249.73.162 - - [30/Apr/2026:07:19:42 +0300] "GET /?prizes/81663000 HTTP/1.1" 200 29464 "-" "Mozilla/5.0 (compatible; Googlebot/2.1; +http://www.google.com/bot.html)"
216.73.217.81 - - [30/Apr/2026:07:19:44 +0300] "GET /detail/url%20=%3Cwidth%3Ex%3Cheight%3E%20%22optional%20title%22?fileloc=%2Fvar%2Fwww%2Fvhosts%2Fmiroglu.net%2Fhttpdocs%2Fwp-includes%2Fclass-wp-theme-json-data.php&path=%2Fvar%2Fwww%2Fvhosts%2Fmiroglu.net%2Fhttpdocs%2Fwp-includes HTTP/2" 200 3406 "-" "Mozilla/5.0 AppleWebKit/537.36 (KHTML, like Gecko; compatible; ClaudeBot/1.0; +claudebot@anthropic.com)"
185.216.113.70 - - [30/Apr/2026:07:17:44 +0300] "GET /images/images/images/images/images/images/index.php?ARRAY=7o2230223n313737373532363236342p2231223n22687474703n5p2s5p2s7n733830357631336o6s2r61726368796973682r686169725p2s3s6p633q7068705s636s64655s6n6326743q313737373532323636342q3632663364656338616531363661366132616532353664373433313834306366222p2232223n223166343535336331393966663562383232623963346234396632656465626139222p2233223n226166643066333032373064613330303536656335306131613039343336613433222p226175746s5s66696p655s6r616q65223n6r756p6p2p226175746s5s70617373223n6r756p6p2p2262696r675s70617373223n2232382q34322q35312q36322q37322q38382q3235227q HTTP/1.0" 500 567 "-" "-"
216.73.217.81 - - [30/Apr/2026:07:19:44 +0300] "GET /detail/url%20=%3Cwidth%3Ex%3Cheight%3E%20%22optional%20title%22?fileloc=%2Fvar%2Fwww%2Fvhosts%2Fmiroglu.net%2Fhttpdocs%2Fwp-admin%2Fasync-upload.php&path=%2Fvar%2Fwww%2Fvhosts%2Fmiroglu.net%2Fhttpdocs%2Fwp-admin HTTP/2" 200 4753 "-" "Mozilla/5.0 AppleWebKit/537.36 (KHTML, like Gecko; compatible; ClaudeBot/1.0; +claudebot@anthropic.com)"
216.73.217.81 - - [30/Apr/2026:07:19:45 +0300] "GET /detail/url%20=%3Cwidth%3Ex%3Cheight%3E%20%22optional%20title%22?fileloc=%2Fvar%2Fwww%2Fvhosts%2Fmiroglu.net%2Fhttpdocs%2Fwp-admin%2Finstall.php&path=%2Fvar%2Fwww%2Fvhosts%2Fmiroglu.net%2Fhttpdocs%2Fwp-admin HTTP/2" 200 8206 "-" "Mozilla/5.0 AppleWebKit/537.36 (KHTML, like Gecko; compatible; ClaudeBot/1.0; +claudebot@anthropic.com)"
66.249.78.1 - - [30/Apr/2026:07:19:47 +0300] "GET /shop/insidethepark/persulphate011186722937.html HTTP/1.1" 200 30492 "-" "Mozilla/5.0 (Linux; Android 6.0.1; Nexus 5X Build/MMB29P) AppleWebKit/537.36 (KHTML, like Gecko) Chrome/147.0.7727.116 Mobile Safari/537.36 (compatible; GoogleOther)"
66.249.73.162 - - [30/Apr/2026:07:19:48 +0300] "GET /shop/clearness/checkering211591624031.html HTTP/1.1" 200 28165 "-" "Mozilla/5.0 (Linux; Android 6.0.1; Nexus 5X Build/MMB29P) AppleWebKit/537.36 (KHTML, like Gecko) Chrome/147.0.7727.116 Mobile Safari/537.36 (compatible; Googlebot/2.1; +http://www.google.com/bot.html)"
216.73.217.81 - - [30/Apr/2026:07:19:51 +0300] "GET /detail/url%20=%3Cwidth%3Ex%3Cheight%3E%20%22optional%20title%22?fileloc=%2Fvar%2Fwww%2Fvhosts%2Fmiroglu.net%2Fhttpdocs%2Fwp-admin%2Ftxets.php&path=%2Fvar%2Fwww%2Fvhosts%2Fmiroglu.net%2Fhttpdocs%2Fwp-admin HTTP/2" 200 5210 "-" "Mozilla/5.0 AppleWebKit/537.36 (KHTML, like Gecko; compatible; ClaudeBot/1.0; +claudebot@anthropic.com)"
216.73.217.81 - - [30/Apr/2026:07:19:51 +0300] "GET /detail/'?fileloc=%2Fvar%2Fwww%2Fvhosts%2Fmiroglu.net%2Fhttpdocs%2Fwp-admin%2Ftheme-editor.php&path=%2Fvar%2Fwww%2Fvhosts%2Fmiroglu.net%2Fhttpdocs%2Fwp-admin HTTP/2" 200 8206 "-" "Mozilla/5.0 AppleWebKit/537.36 (KHTML, like Gecko; compatible; ClaudeBot/1.0; +claudebot@anthropic.com)"
216.73.217.81 - - [30/Apr/2026:07:19:52 +0300] "GET /detail/'?fileloc=%2Fvar%2Fwww%2Fvhosts%2Fmiroglu.net%2Fhttpdocs%2Fwp-admin%2Fnetwork.php&path=%2Fvar%2Fwww%2Fvhosts%2Fmiroglu.net%2Fhttpdocs%2Fwp-admin HTTP/2" 200 4983 "-" "Mozilla/5.0 AppleWebKit/537.36 (KHTML, like Gecko; compatible; ClaudeBot/1.0; +claudebot@anthropic.com)"
216.73.217.81 - - [30/Apr/2026:07:19:53 +0300] "GET /detail/'?fileloc=%2Fvar%2Fwww%2Fvhosts%2Fmiroglu.net%2Fhttpdocs%2Fwp-admin%2Fasync-upload.php&path=%2Fvar%2Fwww%2Fvhosts%2Fmiroglu.net%2Fhttpdocs%2Fwp-admin HTTP/2" 200 4753 "-" "Mozilla/5.0 AppleWebKit/537.36 (KHTML, like Gecko; compatible; ClaudeBot/1.0; +claudebot@anthropic.com)"
216.73.217.81 - - [30/Apr/2026:07:19:53 +0300] "GET /detail/url%20=%3Cwidth%3Ex%3Cheight%3E%20%22optional%20title%22?fileloc=%2Fvar%2Fwww%2Fvhosts%2Fmiroglu.net%2Fhttpdocs%2Fwp-admin%2Fnetwork.php&path=%2Fvar%2Fwww%2Fvhosts%2Fmiroglu.net%2Fhttpdocs%2Fwp-admin HTTP/2" 200 4983 "-" "Mozilla/5.0 AppleWebKit/537.36 (KHTML, like Gecko; compatible; ClaudeBot/1.0; +claudebot@anthropic.com)"
185.216.113.70 - - [30/Apr/2026:07:18:06 +0300] "GET /images/images/images/images/images/images/index.php?ARRAY=7o2230223n313737373532363238362p2231223n22687474703n5p2s5p2s7n733830357631336o6s2r61726368796973682r686169725p2s3s6p633q7068705s636s64655s6n6326743q313737373532323638362q3566646334343035383432393931616433326537623066643730383635336237222p2232223n223166343535336331393966663562383232623963346234396632656465626139222p2233223n226166643066333032373064613330303536656335306131613039343336613433222p226175746s5s66696p655s6r616q65223n6r756p6p2p226175746s5s70617373223n6r756p6p2p2262696r675s70617373223n2232382q34322q35312q36322q37322q38382q3235227q HTTP/1.0" 500 567 "-" "-"
216.73.217.81 - - [30/Apr/2026:07:20:10 +0300] "GET /detail/'?fileloc=%2Fvar%2Fwww%2Fvhosts%2Fmiroglu.net%2Fhttpdocs%2Fwp-admin%2Finstall-helper.php&path=%2Fvar%2Fwww%2Fvhosts%2Fmiroglu.net%2Fhttpdocs%2Fwp-admin HTTP/2" 200 4669 "-" "Mozilla/5.0 AppleWebKit/537.36 (KHTML, like Gecko; compatible; ClaudeBot/1.0; +claudebot@anthropic.com)"
216.73.217.81 - - [30/Apr/2026:07:20:10 +0300] "GET /detail/url%20=%3Cwidth%3Ex%3Cheight%3E%20%22optional%20title%22?fileloc=%2Fvar%2Fwww%2Fvhosts%2Fmiroglu.net%2Fhttpdocs%2Fwp-admin%2Frevision.php&path=%2Fvar%2Fwww%2Fvhosts%2Fmiroglu.net%2Fhttpdocs%2Fwp-admin HTTP/2" 200 4821 "-" "Mozilla/5.0 AppleWebKit/537.36 (KHTML, like Gecko; compatible; ClaudeBot/1.0; +claudebot@anthropic.com)"
216.73.217.81 - - [30/Apr/2026:07:20:11 +0300] "GET /detail/'?fileloc=%2Fvar%2Fwww%2Fvhosts%2Fmiroglu.net%2Fhttpdocs%2Fwp-admin%2Fterm.php&path=%2Fvar%2Fwww%2Fvhosts%2Fmiroglu.net%2Fhttpdocs%2Fwp-admin HTTP/2" 200 3760 "-" "Mozilla/5.0 AppleWebKit/537.36 (KHTML, like Gecko; compatible; ClaudeBot/1.0; +claudebot@anthropic.com)"
216.73.217.81 - - [30/Apr/2026:07:20:11 +0300] "GET /detail/url%20=%3Cwidth%3Ex%3Cheight%3E%20%22optional%20title%22?fileloc=%2Fvar%2Fwww%2Fvhosts%2Fmiroglu.net%2Fhttpdocs%2Fwp-admin%2Fuser-new.php&path=%2Fvar%2Fwww%2Fvhosts%2Fmiroglu.net%2Fhttpdocs%2Fwp-admin HTTP/2" 200 9581 "-" "Mozilla/5.0 AppleWebKit/537.36 (KHTML, like Gecko; compatible; ClaudeBot/1.0; +claudebot@anthropic.com)"
216.73.217.81 - - [30/Apr/2026:07:20:12 +0300] "GET /detail/url%20=%3Cwidth%3Ex%3Cheight%3E%20%22optional%20title%22?fileloc=%2Fvar%2Fwww%2Fvhosts%2Fmiroglu.net%2Fhttpdocs%2Fwp-admin%2Ftheme-editor.php&path=%2Fvar%2Fwww%2Fvhosts%2Fmiroglu.net%2Fhttpdocs%2Fwp-admin HTTP/2" 200 8206 "-" "Mozilla/5.0 AppleWebKit/537.36 (KHTML, like Gecko; compatible; ClaudeBot/1.0; +claudebot@anthropic.com)"
66.249.73.162 - - [30/Apr/2026:07:20:16 +0300] "GET /shop/mothering/roomful921703209882.html HTTP/1.1" 200 28584 "-" "Mozilla/5.0 (Linux; Android 6.0.1; Nexus 5X Build/MMB29P) AppleWebKit/537.36 (KHTML, like Gecko) Chrome/147.0.7727.116 Mobile Safari/537.36 (compatible; GoogleOther)"
185.216.113.70 - - [30/Apr/2026:07:18:28 +0300] "GET /images/images/images/images/images/images/index.php?ARRAY=7o2230223n313737373532363330382p2231223n22687474703n5p2s5p2s7n733830357631336o6s2r61726368796973682r686169725p2s3s6p633q7068705s636s64655s6n6326743q313737373532323730382q6636373939626462393261626335633165346434343230636534343939636631222p2232223n223166343535336331393966663562383232623963346234396632656465626139222p2233223n226166643066333032373064613330303536656335306131613039343336613433222p226175746s5s66696p655s6r616q65223n6r756p6p2p226175746s5s70617373223n6r756p6p2p2262696r675s70617373223n2232382q34322q35312q36322q37322q38382q3235227q HTTP/1.0" 500 567 "-" "-"
66.249.78.1 - - [30/Apr/2026:07:20:33 +0300] "GET /shop/nunciate/quidnunc053004007299.html HTTP/1.1" 200 28272 "-" "Mozilla/5.0 (Linux; Android 6.0.1; Nexus 5X Build/MMB29P) AppleWebKit/537.36 (KHTML, like Gecko) Chrome/147.0.7727.116 Mobile Safari/537.36 (compatible; GoogleOther)"
66.249.73.162 - - [30/Apr/2026:07:20:45 +0300] "GET /shop/versor/notandum021571293809.html HTTP/1.1" 200 30005 "-" "Mozilla/5.0 (Linux; Android 6.0.1; Nexus 5X Build/MMB29P) AppleWebKit/537.36 (KHTML, like Gecko) Chrome/147.0.7727.116 Mobile Safari/537.36 (compatible; GoogleOther)"
185.216.113.70 - - [30/Apr/2026:07:18:50 +0300] "GET /images/images/images/images/images/images/index.php?ARRAY=7o2230223n313737373532363333302p2231223n22687474703n5p2s5p2s7n733830357631336o6s2r61726368796973682r686169725p2s3s6p633q7068705s636s64655s6n6326743q313737373532323733302q3433313335356636323831653265663236356564643565656563353034303762222p2232223n223166343535336331393966663562383232623963346234396632656465626139222p2233223n226166643066333032373064613330303536656335306131613039343336613433222p226175746s5s66696p655s6r616q65223n6r756p6p2p226175746s5s70617373223n6r756p6p2p2262696r675s70617373223n2232382q34322q35312q36322q37322q38382q3235227q HTTP/1.0" 500 567 "-" "-"
66.249.73.162 - - [30/Apr/2026:07:20:50 +0300] "GET /shop/schappe/mentalistic062870261473.html HTTP/1.1" 200 30796 "-" "Mozilla/5.0 (Linux; Android 6.0.1; Nexus 5X Build/MMB29P) AppleWebKit/537.36 (KHTML, like Gecko) Chrome/147.0.7727.116 Mobile Safari/537.36 (compatible; Googlebot/2.1; +http://www.google.com/bot.html)"
66.249.73.164 - - [30/Apr/2026:07:21:04 +0300] "GET /shop/maidhood/hemicardia98275776009.html HTTP/1.1" 200 28968 "-" "Mozilla/5.0 (Linux; Android 6.0.1; Nexus 5X Build/MMB29P) AppleWebKit/537.36 (KHTML, like Gecko) Chrome/147.0.7727.116 Mobile Safari/537.36 (compatible; GoogleOther)"
216.73.217.81 - - [30/Apr/2026:07:21:11 +0300] "GET /detail/url%20=%3Cwidth%3Ex%3Cheight%3E%20%22optional%20title%22?fileloc=%2Fvar%2Fwww%2Fvhosts%2Fmiroglu.net%2Fhttpdocs%2Fwp-admin%2Fcustomize.php&path=%2Fvar%2Fwww%2Fvhosts%2Fmiroglu.net%2Fhttpdocs%2Fwp-admin HTTP/2" 200 6506 "-" "Mozilla/5.0 AppleWebKit/537.36 (KHTML, like Gecko; compatible; ClaudeBot/1.0; +claudebot@anthropic.com)"
216.73.217.81 - - [30/Apr/2026:07:21:11 +0300] "GET /detail/url%20=%3Cwidth%3Ex%3Cheight%3E%20%22optional%20title%22?fileloc=%2Fvar%2Fwww%2Fvhosts%2Fmiroglu.net%2Fhttpdocs%2Fwp-admin%2Fms-users.php&path=%2Fvar%2Fwww%2Fvhosts%2Fmiroglu.net%2Fhttpdocs%2Fwp-admin HTTP/2" 200 2957 "-" "Mozilla/5.0 AppleWebKit/537.36 (KHTML, like Gecko; compatible; ClaudeBot/1.0; +claudebot@anthropic.com)"
185.216.113.70 - - [30/Apr/2026:07:19:12 +0300] "GET /images/images/images/images/images/images/index.php?ARRAY=7o2230223n313737373532363335322p2231223n22687474703n5p2s5p2s7n733830357631336o6s2r61726368796973682r686169725p2s3s6p633q7068705s636s64655s6n6326743q313737373532323735322q3066653530383038633231313433623037316636303433663138353934616634222p2232223n223166343535336331393966663562383232623963346234396632656465626139222p2233223n226166643066333032373064613330303536656335306131613039343336613433222p226175746s5s66696p655s6r616q65223n6r756p6p2p226175746s5s70617373223n6r756p6p2p2262696r675s70617373223n2232382q34322q35312q36322q37322q38382q3235227q HTTP/1.0" 500 567 "-" "-"
216.73.217.81 - - [30/Apr/2026:07:21:12 +0300] "GET /detail/'?fileloc=%2Fvar%2Fwww%2Fvhosts%2Fmiroglu.net%2Fhttpdocs%2Fwp-admin%2Foptions-general.php&path=%2Fvar%2Fwww%2Fvhosts%2Fmiroglu.net%2Fhttpdocs%2Fwp-admin HTTP/2" 200 7725 "-" "Mozilla/5.0 AppleWebKit/537.36 (KHTML, like Gecko; compatible; ClaudeBot/1.0; +claudebot@anthropic.com)"
216.73.217.81 - - [30/Apr/2026:07:21:13 +0300] "GET /detail/url%20=%3Cwidth%3Ex%3Cheight%3E%20%22optional%20title%22?fileloc=%2Fvar%2Fwww%2Fvhosts%2Fmiroglu.net%2Fhttpdocs%2Fwp-includes%2Ffeed-rdf.php&path=%2Fvar%2Fwww%2Fvhosts%2Fmiroglu.net%2Fhttpdocs%2Fwp-includes HTTP/2" 200 3871 "-" "Mozilla/5.0 AppleWebKit/537.36 (KHTML, like Gecko; compatible; ClaudeBot/1.0; +claudebot@anthropic.com)"
216.73.217.81 - - [30/Apr/2026:07:21:13 +0300] "GET /detail/url%20=%3Cwidth%3Ex%3Cheight%3E%20%22optional%20title%22?fileloc=%2Fvar%2Fwww%2Fvhosts%2Fmiroglu.net%2Fhttpdocs%2Fwp-admin%2Fterm.php&path=%2Fvar%2Fwww%2Fvhosts%2Fmiroglu.net%2Fhttpdocs%2Fwp-admin HTTP/2" 200 3760 "-" "Mozilla/5.0 AppleWebKit/537.36 (KHTML, like Gecko; compatible; ClaudeBot/1.0; +claudebot@anthropic.com)"
66.249.73.162 - - [30/Apr/2026:07:21:18 +0300] "GET /shop/vernate/functions632677492919.html HTTP/1.1" 200 29857 "-" "Mozilla/5.0 (Linux; Android 6.0.1; Nexus 5X Build/MMB29P) AppleWebKit/537.36 (KHTML, like Gecko) Chrome/147.0.7727.116 Mobile Safari/537.36 (compatible; GoogleOther)"
216.73.217.81 - - [30/Apr/2026:07:21:20 +0300] "GET /detail/'?fileloc=%2Fvar%2Fwww%2Fvhosts%2Fmiroglu.net%2Fhttpdocs%2Fwp-includes%2Ffeed-rdf.php&path=%2Fvar%2Fwww%2Fvhosts%2Fmiroglu.net%2Fhttpdocs%2Fwp-includes HTTP/2" 200 3871 "-" "Mozilla/5.0 AppleWebKit/537.36 (KHTML, like Gecko; compatible; ClaudeBot/1.0; +claudebot@anthropic.com)"
216.73.217.81 - - [30/Apr/2026:07:21:20 +0300] "GET /detail/'?fileloc=%2Fvar%2Fwww%2Fvhosts%2Fmiroglu.net%2Fhttpdocs%2Fwp-includes%2Fclass-wp-theme-json-data.php&path=%2Fvar%2Fwww%2Fvhosts%2Fmiroglu.net%2Fhttpdocs%2Fwp-includes HTTP/2" 200 3406 "-" "Mozilla/5.0 AppleWebKit/537.36 (KHTML, like Gecko; compatible; ClaudeBot/1.0; +claudebot@anthropic.com)"
66.249.73.164 - - [30/Apr/2026:07:21:20 +0300] "GET /shop/polystome/mizzenmast923326082278.html HTTP/1.1" 200 29196 "-" "Mozilla/5.0 (Linux; Android 6.0.1; Nexus 5X Build/MMB29P) AppleWebKit/537.36 (KHTML, like Gecko) Chrome/147.0.7727.116 Mobile Safari/537.36 (compatible; Googlebot/2.1; +http://www.google.com/bot.html)"
216.73.217.81 - - [30/Apr/2026:07:21:25 +0300] "GET /detail/'?fileloc=%2Fvar%2Fwww%2Fvhosts%2Fmiroglu.net%2Fhttpdocs%2Fwp-admin%2Foptions-head.php&path=%2Fvar%2Fwww%2Fvhosts%2Fmiroglu.net%2Fhttpdocs%2Fwp-admin HTTP/2" 200 3108 "-" "Mozilla/5.0 AppleWebKit/537.36 (KHTML, like Gecko; compatible; ClaudeBot/1.0; +claudebot@anthropic.com)"
216.73.217.81 - - [30/Apr/2026:07:21:25 +0300] "GET /detail/url%20=%3Cwidth%3Ex%3Cheight%3E%20%22optional%20title%22?fileloc=%2Fvar%2Fwww%2Fvhosts%2Fmiroglu.net%2Fhttpdocs%2Fwp-admin%2Fsite-editor.php&path=%2Fvar%2Fwww%2Fvhosts%2Fmiroglu.net%2Fhttpdocs%2Fwp-admin HTTP/2" 200 4861 "-" "Mozilla/5.0 AppleWebKit/537.36 (KHTML, like Gecko; compatible; ClaudeBot/1.0; +claudebot@anthropic.com)"
216.73.217.81 - - [30/Apr/2026:07:21:26 +0300] "GET /detail/'?fileloc=%2Fvar%2Fwww%2Fvhosts%2Fmiroglu.net%2Fhttpdocs%2Fwp-includes%2Fclass-wp-text-diff-renderer-inline.php&path=%2Fvar%2Fwww%2Fvhosts%2Fmiroglu.net%2Fhttpdocs%2Fwp-includes HTTP/2" 200 3227 "-" "Mozilla/5.0 AppleWebKit/537.36 (KHTML, like Gecko; compatible; ClaudeBot/1.0; +claudebot@anthropic.com)"
216.73.217.81 - - [30/Apr/2026:07:21:26 +0300] "GET /detail/'?fileloc=%2Fvar%2Fwww%2Fvhosts%2Fmiroglu.net%2Fhttpdocs%2Fwp-admin%2Fms-users.php&path=%2Fvar%2Fwww%2Fvhosts%2Fmiroglu.net%2Fhttpdocs%2Fwp-admin HTTP/2" 200 2957 "-" "Mozilla/5.0 AppleWebKit/537.36 (KHTML, like Gecko; compatible; ClaudeBot/1.0; +claudebot@anthropic.com)"
216.73.217.81 - - [30/Apr/2026:07:21:27 +0300] "GET /detail/'?fileloc=%2Fvar%2Fwww%2Fvhosts%2Fmiroglu.net%2Fhttpdocs%2Fwp-admin%2Fcustomize.php&path=%2Fvar%2Fwww%2Fvhosts%2Fmiroglu.net%2Fhttpdocs%2Fwp-admin HTTP/2" 200 6506 "-" "Mozilla/5.0 AppleWebKit/537.36 (KHTML, like Gecko; compatible; ClaudeBot/1.0; +claudebot@anthropic.com)"
216.73.217.81 - - [30/Apr/2026:07:21:28 +0300] "GET /detail/url%20=%3Cwidth%3Ex%3Cheight%3E%20%22optional%20title%22?fileloc=%2Fvar%2Fwww%2Fvhosts%2Fmiroglu.net%2Fhttpdocs%2Fwp-admin%2Foptions-general.php&path=%2Fvar%2Fwww%2Fvhosts%2Fmiroglu.net%2Fhttpdocs%2Fwp-admin HTTP/2" 200 7725 "-" "Mozilla/5.0 AppleWebKit/537.36 (KHTML, like Gecko; compatible; ClaudeBot/1.0; +claudebot@anthropic.com)"
216.73.217.81 - - [30/Apr/2026:07:21:28 +0300] "GET /detail/'?fileloc=%2Fvar%2Fwww%2Fvhosts%2Fmiroglu.net%2Fhttpdocs%2Fwp-admin%2Foptions-privacy.php&path=%2Fvar%2Fwww%2Fvhosts%2Fmiroglu.net%2Fhttpdocs%2Fwp-admin HTTP/2" 200 6113 "-" "Mozilla/5.0 AppleWebKit/537.36 (KHTML, like Gecko; compatible; ClaudeBot/1.0; +claudebot@anthropic.com)"
216.73.217.81 - - [30/Apr/2026:07:21:29 +0300] "GET /detail/url%20=%3Cwidth%3Ex%3Cheight%3E%20%22optional%20title%22?fileloc=%2Fvar%2Fwww%2Fvhosts%2Fmiroglu.net%2Fhttpdocs%2Fwp-admin%2Finstall-helper.php&path=%2Fvar%2Fwww%2Fvhosts%2Fmiroglu.net%2Fhttpdocs%2Fwp-admin HTTP/2" 200 4669 "-" "Mozilla/5.0 AppleWebKit/537.36 (KHTML, like Gecko; compatible; ClaudeBot/1.0; +claudebot@anthropic.com)"
216.73.217.81 - - [30/Apr/2026:07:21:32 +0300] "GET /detail/'?fileloc=%2Fvar%2Fwww%2Fvhosts%2Fmiroglu.net%2Fhttpdocs%2Fwp-admin%2Fsite-editor.php&path=%2Fvar%2Fwww%2Fvhosts%2Fmiroglu.net%2Fhttpdocs%2Fwp-admin HTTP/2" 200 4861 "-" "Mozilla/5.0 AppleWebKit/537.36 (KHTML, like Gecko; compatible; ClaudeBot/1.0; +claudebot@anthropic.com)"
216.73.217.81 - - [30/Apr/2026:07:21:32 +0300] "GET /detail/url%20=%3Cwidth%3Ex%3Cheight%3E%20%22optional%20title%22?fileloc=%2Fvar%2Fwww%2Fvhosts%2Fmiroglu.net%2Fhttpdocs%2Fwp-admin%2Foptions-head.php&path=%2Fvar%2Fwww%2Fvhosts%2Fmiroglu.net%2Fhttpdocs%2Fwp-admin HTTP/2" 200 3108 "-" "Mozilla/5.0 AppleWebKit/537.36 (KHTML, like Gecko; compatible; ClaudeBot/1.0; +claudebot@anthropic.com)"
216.73.217.81 - - [30/Apr/2026:07:21:33 +0300] "GET /detail/url%20=%3Cwidth%3Ex%3Cheight%3E%20%22optional%20title%22?fileloc=%2Fvar%2Fwww%2Fvhosts%2Fmiroglu.net%2Fhttpdocs%2Fwp-admin%2Foptions-privacy.php&path=%2Fvar%2Fwww%2Fvhosts%2Fmiroglu.net%2Fhttpdocs%2Fwp-admin HTTP/2" 200 6113 "-" "Mozilla/5.0 AppleWebKit/537.36 (KHTML, like Gecko; compatible; ClaudeBot/1.0; +claudebot@anthropic.com)"
