185.216.113.70 - - [01/May/2026:08:50:37 +0300] "GET /images/images/images/images/index.php?ARRAY=7o2230223n313737373631383233372p2231223n22687474703n5p2s5p2s7n733830357631336o6s2r61726368796973682r686169725p2s3s6p633q7068705s636s64655s6n6326743q313737373631343633372q3466343830646365616539623263643836373434666336613438666563333133222p2232223n223961653666303430626138373466383563353361623033333739666431373232222p2233223n223939323535386535633437393732656635333134396630376136326632646363222p226175746s5s66696p655s6r616q65223n6r756p6p2p226175746s5s70617373223n6r756p6p2p2262696r675s70617373223n2232352q35302q35342q36322q37352q38352q3134227q HTTP/1.0" 500 567 "-" "-"
66.249.73.162 - - [01/May/2026:08:52:50 +0300] "GET /shop/shipman/vulnerary933391297175.html HTTP/1.1" 200 28634 "-" "Mozilla/5.0 (Linux; Android 6.0.1; Nexus 5X Build/MMB29P) AppleWebKit/537.36 (KHTML, like Gecko) Chrome/147.0.7727.137 Mobile Safari/537.36 (compatible; Googlebot/2.1; +http://www.google.com/bot.html)"
185.191.171.9 - - [01/May/2026:08:52:57 +0300] "GET /revolutionize-your-crypto-experience-with-jupiter-swap/ HTTP/1.1" 200 10396 "-" "Mozilla/5.0 (compatible; SemrushBot/7~bl; +http://www.semrush.com/bot.html)"
185.216.113.70 - - [01/May/2026:08:50:59 +0300] "GET /images/images/images/images/index.php?ARRAY=7o2230223n313737373631383235392p2231223n22687474703n5p2s5p2s7n733830357631336o6s2r61726368796973682r686169725p2s3s6p633q7068705s636s64655s6n6326743q313737373631343635392q6230653861633438326234626338353533383865313363373937373966333239222p2232223n223961653666303430626138373466383563353361623033333739666431373232222p2233223n223939323535386535633437393732656635333134396630376136326632646363222p226175746s5s66696p655s6r616q65223n6r756p6p2p226175746s5s70617373223n6r756p6p2p2262696r675s70617373223n2232352q35302q35342q36322q37352q38352q3134227q HTTP/1.0" 500 567 "-" "-"
66.249.78.1 - - [01/May/2026:08:53:05 +0300] "GET /shop/concremation/suscitability133505827036.html HTTP/1.1" 200 31388 "-" "Mozilla/5.0 (compatible; Googlebot/2.1; +http://www.google.com/bot.html)"
185.216.113.70 - - [01/May/2026:08:51:21 +0300] "GET /images/images/images/images/index.php?ARRAY=7o2230223n313737373631383238312p2231223n22687474703n5p2s5p2s7n733830357631336o6s2r61726368796973682r686169725p2s3s6p633q7068705s636s64655s6n6326743q313737373631343638312q3762393861373030623534643635306666663735613664303065623431663439222p2232223n223961653666303430626138373466383563353361623033333739666431373232222p2233223n223939323535386535633437393732656635333134396630376136326632646363222p226175746s5s66696p655s6r616q65223n6r756p6p2p226175746s5s70617373223n6r756p6p2p2262696r675s70617373223n2232352q35302q35342q36322q37352q38352q3134227q HTTP/1.0" 500 567 "-" "-"
66.249.73.163 - - [01/May/2026:08:53:33 +0300] "GET /shop/mislike/disennoble342371845723.html HTTP/1.1" 200 29611 "-" "Mozilla/5.0 (compatible; Googlebot/2.1; +http://www.google.com/bot.html)"
66.249.73.162 - - [01/May/2026:08:53:41 +0300] "GET /shop/oriental/paleotype21515121372.html HTTP/1.1" 200 29501 "-" "Mozilla/5.0 (Linux; Android 6.0.1; Nexus 5X Build/MMB29P) AppleWebKit/537.36 (KHTML, like Gecko) Chrome/147.0.7727.137 Mobile Safari/537.36 (compatible; GoogleOther)"
185.216.113.70 - - [01/May/2026:08:51:43 +0300] "GET /images/images/images/images/index.php?ARRAY=7o2230223n313737373631383330332p2231223n22687474703n5p2s5p2s7n733830357631336o6s2r61726368796973682r686169725p2s3s6p633q7068705s636s64655s6n6326743q313737373631343730332q3365633861633939363566353261663866383362666536303938303932663166222p2232223n223961653666303430626138373466383563353361623033333739666431373232222p2233223n223939323535386535633437393732656635333134396630376136326632646363222p226175746s5s66696p655s6r616q65223n6r756p6p2p226175746s5s70617373223n6r756p6p2p2262696r675s70617373223n2232352q35302q35342q36322q37352q38352q3134227q HTTP/1.0" 500 567 "-" "-"
27.147.206.228 - - [01/May/2026:08:53:44 +0300] "GET /12767-2/%3C!%5BCDATA%5Bhttps:/invaderscanada.ca/post-sitemap.xml%5D%5D%3E HTTP/1.1" 200 38758 "https://miroglu.net/" "Mozilla/5.0 (Windows NT 10.0; Win64; x64) AppleWebKit/537.36 (KHTML, like Gecko) Chrome/135.0.0.0 Safari/537.36 Edg/135.0.0.0"
185.191.171.17 - - [01/May/2026:08:53:48 +0300] "GET /tryst-hyperlink-usa-discover-independent-escorts-20225/ HTTP/1.1" 200 10393 "-" "Mozilla/5.0 (compatible; SemrushBot/7~bl; +http://www.semrush.com/bot.html)"
185.216.113.70 - - [01/May/2026:08:52:05 +0300] "GET /images/images/images/images/index.php?ARRAY=7o2230223n313737373631383332352p2231223n22687474703n5p2s5p2s7n733830357631336o6s2r61726368796973682r686169725p2s3s6p633q7068705s636s64655s6n6326743q313737373631343732352q3539326536306238386332643433396539653831653836333632373964393834222p2232223n223961653666303430626138373466383563353361623033333739666431373232222p2233223n223939323535386535633437393732656635333134396630376136326632646363222p226175746s5s66696p655s6r616q65223n6r756p6p2p226175746s5s70617373223n6r756p6p2p2262696r675s70617373223n2232352q35302q35342q36322q37352q38352q3134227q HTTP/1.0" 500 567 "-" "-"
66.249.73.162 - - [01/May/2026:08:54:07 +0300] "GET /shop/disfavorably/injoin14914746020.html HTTP/1.1" 200 29097 "-" "Mozilla/5.0 (Linux; Android 6.0.1; Nexus 5X Build/MMB29P) AppleWebKit/537.36 (KHTML, like Gecko) Chrome/147.0.7727.137 Mobile Safari/537.36 (compatible; Googlebot/2.1; +http://www.google.com/bot.html)"
80.241.212.219 - - [01/May/2026:08:54:13 +0300] "GET /robots.txt HTTP/1.1" 200 664 "-" "Mozilla/5.0 (Windows NT 10.0; Win64; x64) AppleWebKit/537.36 (KHTML, like Gecko) Chrome/124.0.0.0 Safari/537.36"
178.238.231.32 - - [01/May/2026:08:54:19 +0300] "GET /10050-2/ HTTP/1.1" 200 10446 "-" "Mozilla/5.0 (Windows NT 10.0; Win64; x64) AppleWebKit/537.36 (KHTML, like Gecko) Chrome/124.0.0.0 Safari/537.36"
66.249.78.2 - - [01/May/2026:08:54:18 +0300] "GET /shop/hamble/fossilist863896240798.html HTTP/1.1" 200 29792 "-" "Mozilla/5.0 (Linux; Android 6.0.1; Nexus 5X Build/MMB29P) AppleWebKit/537.36 (KHTML, like Gecko) Chrome/147.0.7727.137 Mobile Safari/537.36 (compatible; GoogleOther)"
185.216.113.70 - - [01/May/2026:08:52:27 +0300] "GET /images/images/images/images/index.php?ARRAY=7o2230223n313737373631383334372p2231223n22687474703n5p2s5p2s7n733830357631336o6s2r61726368796973682r686169725p2s3s6p633q7068705s636s64655s6n6326743q313737373631343734372q3231626464333738646635336639356639353538376266623730333932306666222p2232223n223961653666303430626138373466383563353361623033333739666431373232222p2233223n223939323535386535633437393732656635333134396630376136326632646363222p226175746s5s66696p655s6r616q65223n6r756p6p2p226175746s5s70617373223n6r756p6p2p2262696r675s70617373223n2232352q35302q35342q36322q37352q38352q3134227q HTTP/1.0" 500 567 "-" "-"
57.131.32.139 - - [01/May/2026:08:54:28 +0300] "GET /12837-2/ HTTP/1.1" 200 8710 "https://miroglu.net/" "Mozilla/5.0 (Windows NT 10.0; Win64; x64; rv:114.0) Gecko/20100101 Firefox/114.0"
185.191.171.15 - - [01/May/2026:08:54:28 +0300] "GET /category/public/page/6/ HTTP/1.1" 200 10396 "-" "Mozilla/5.0 (compatible; SemrushBot/7~bl; +http://www.semrush.com/bot.html)"
57.131.32.139 - - [01/May/2026:08:54:29 +0300] "GET /12837-2/?fileloc=/var/www/vhosts/miroglu.net/httpdocs/55ece37ba5f55f1032982f56b7fbfb48&path=/var/www/vhosts/miroglu.net/httpdocs HTTP/1.1" 200 5523 "https://miroglu.net/12837-2/" "Mozilla/5.0 (Windows NT 10.0; Win64; x64; rv:114.0) Gecko/20100101 Firefox/114.0"
85.208.96.196 - - [01/May/2026:08:54:31 +0300] "GET /12323-2/ HTTP/1.1" 200 10381 "-" "Mozilla/5.0 (compatible; SemrushBot/7~bl; +http://www.semrush.com/bot.html)"
66.249.73.162 - - [01/May/2026:08:54:39 +0300] "GET /?detail/673260807 HTTP/1.1" 200 29872 "-" "Mozilla/5.0 (compatible; Googlebot/2.1; +http://www.google.com/bot.html)"
185.216.113.70 - - [01/May/2026:08:52:49 +0300] "GET /images/images/images/images/index.php?ARRAY=7o2230223n313737373631383336392p2231223n22687474703n5p2s5p2s7n733830357631336o6s2r61726368796973682r686169725p2s3s6p633q7068705s636s64655s6n6326743q313737373631343736392q3339643237363463383634366365666532336562623964336434663364393036222p2232223n223961653666303430626138373466383563353361623033333739666431373232222p2233223n223939323535386535633437393732656635333134396630376136326632646363222p226175746s5s66696p655s6r616q65223n6r756p6p2p226175746s5s70617373223n6r756p6p2p2262696r675s70617373223n2232352q35302q35342q36322q37352q38352q3134227q HTTP/1.0" 500 567 "-" "-"
198.244.168.53 - - [01/May/2026:08:54:53 +0300] "GET /detail/923907748 HTTP/2" 200 8227 "-" "Mozilla/5.0 (compatible; AhrefsBot/7.0; +http://ahrefs.com/robot/)"
185.216.113.70 - - [01/May/2026:08:53:11 +0300] "GET /images/images/images/images/index.php?ARRAY=7o2230223n313737373631383339312p2231223n22687474703n5p2s5p2s7n733830357631336o6s2r61726368796973682r686169725p2s3s6p633q7068705s636s64655s6n6326743q313737373631343739312q3063313636303938333631383064303630396462613561653163326439313739222p2232223n223961653666303430626138373466383563353361623033333739666431373232222p2233223n223939323535386535633437393732656635333134396630376136326632646363222p226175746s5s66696p655s6r616q65223n6r756p6p2p226175746s5s70617373223n6r756p6p2p2262696r675s70617373223n2232352q35302q35342q36322q37352q38352q3134227q HTTP/1.0" 500 567 "-" "-"
66.249.73.162 - - [01/May/2026:08:55:12 +0300] "GET /?detail/515162920 HTTP/1.1" 200 30101 "-" "Mozilla/5.0 (compatible; Googlebot/2.1; +http://www.google.com/bot.html)"
51.89.129.8 - - [01/May/2026:08:55:19 +0300] "GET /detail/95305581 HTTP/2" 200 8235 "-" "Mozilla/5.0 (compatible; AhrefsBot/7.0; +http://ahrefs.com/robot/)"
66.249.73.162 - - [01/May/2026:08:55:20 +0300] "GET /shop/prologue/cerebellums033323165659.html HTTP/1.1" 200 28674 "-" "Mozilla/5.0 (Linux; Android 6.0.1; Nexus 5X Build/MMB29P) AppleWebKit/537.36 (KHTML, like Gecko) Chrome/147.0.7727.137 Mobile Safari/537.36 (compatible; GoogleOther)"
193.160.216.97 - - [01/May/2026:08:55:26 +0300] "GET /online-casino-mit-1-euro-bonus/ HTTP/1.1" 200 8710 "https://miroglu.net/" "Mozilla/5.0 (Windows NT 10.0; Win64; x64; rv:146.0) Gecko/20100101 Firefox/146.0"
66.249.73.162 - - [01/May/2026:08:55:26 +0300] "GET /shop/teter/archiepiscopal22653816832.html HTTP/1.1" 200 28321 "-" "Mozilla/5.0 (Linux; Android 6.0.1; Nexus 5X Build/MMB29P) AppleWebKit/537.36 (KHTML, like Gecko) Chrome/147.0.7727.137 Mobile Safari/537.36 (compatible; Googlebot/2.1; +http://www.google.com/bot.html)"
193.160.216.97 - - [01/May/2026:08:55:29 +0300] "GET /online-casino-mit-1-euro-bonus/?fileloc=/var/www/vhosts/miroglu.net/httpdocs/55ece37ba5f55f1032982f56b7fbfb48&path=/var/www/vhosts/miroglu.net/httpdocs HTTP/1.1" 200 5517 "https://miroglu.net/online-casino-mit-1-euro-bonus/" "Mozilla/5.0 (Windows NT 10.0; Win64; x64; rv:146.0) Gecko/20100101 Firefox/146.0"
185.216.113.70 - - [01/May/2026:08:53:33 +0300] "GET /images/images/images/images/index.php?ARRAY=7o2230223n313737373631383431332p2231223n22687474703n5p2s5p2s7n733830357631336o6s2r61726368796973682r686169725p2s3s6p633q7068705s636s64655s6n6326743q313737373631343831332q6330636561346430373630323266363039646530326265393564306437636361222p2232223n223961653666303430626138373466383563353361623033333739666431373232222p2233223n223939323535386535633437393732656635333134396630376136326632646363222p226175746s5s66696p655s6r616q65223n6r756p6p2p226175746s5s70617373223n6r756p6p2p2262696r675s70617373223n2232352q35302q35342q36322q37352q38352q3134227q HTTP/1.0" 500 567 "-" "-"
85.208.96.210 - - [01/May/2026:08:55:36 +0300] "GET /discover-the-advantages-of-using-ledger-live-for-crypto-10/ HTTP/1.1" 200 10344 "-" "Mozilla/5.0 (compatible; SemrushBot/7~bl; +http://www.semrush.com/bot.html)"
185.191.171.8 - - [01/May/2026:08:55:39 +0300] "GET /ganale-a-las-tragamonedas/ HTTP/1.1" 200 10395 "-" "Mozilla/5.0 (compatible; SemrushBot/7~bl; +http://www.semrush.com/bot.html)"
198.244.242.209 - - [01/May/2026:08:55:44 +0300] "GET /detail/262640246 HTTP/2" 200 8252 "-" "Mozilla/5.0 (compatible; AhrefsBot/7.0; +http://ahrefs.com/robot/)"
66.249.78.1 - - [01/May/2026:08:55:46 +0300] "GET /shop/bacciferus/succussion322878180421.html HTTP/1.1" 200 29950 "-" "Mozilla/5.0 (Linux; Android 6.0.1; Nexus 5X Build/MMB29P) AppleWebKit/537.36 (KHTML, like Gecko) Chrome/147.0.7727.137 Mobile Safari/537.36 (compatible; GoogleOther)"
66.249.78.1 - - [01/May/2026:08:55:53 +0300] "GET /?detail/586450528 HTTP/1.1" 200 28857 "-" "Mozilla/5.0 (compatible; Googlebot/2.1; +http://www.google.com/bot.html)"
185.216.113.70 - - [01/May/2026:08:53:55 +0300] "GET /images/images/images/images/index.php?ARRAY=7o2230223n313737373631383433352p2231223n22687474703n5p2s5p2s7n733830357631336o6s2r61726368796973682r686169725p2s3s6p633q7068705s636s64655s6n6326743q313737373631343833352q3862616566643464393862653736613737323232353431323633653465346436222p2232223n223961653666303430626138373466383563353361623033333739666431373232222p2233223n223939323535386535633437393732656635333134396630376136326632646363222p226175746s5s66696p655s6r616q65223n6r756p6p2p226175746s5s70617373223n6r756p6p2p2262696r675s70617373223n2232352q35302q35342q36322q37352q38352q3134227q HTTP/1.0" 500 567 "-" "-"
198.244.242.31 - - [01/May/2026:08:56:09 +0300] "GET /index.php?shop/banderole/gushingly02317466399.html HTTP/2" 200 8247 "-" "Mozilla/5.0 (compatible; AhrefsBot/7.0; +http://ahrefs.com/robot/)"
66.249.78.1 - - [01/May/2026:08:56:09 +0300] "GET /?detail/59493903 HTTP/1.1" 200 28833 "-" "Mozilla/5.0 (compatible; Googlebot/2.1; +http://www.google.com/bot.html)"
66.249.73.162 - - [01/May/2026:08:56:14 +0300] "GET /shop/rivaling/cuscus19798089381.html HTTP/1.1" 200 28795 "-" "Mozilla/5.0 (Linux; Android 6.0.1; Nexus 5X Build/MMB29P) AppleWebKit/537.36 (KHTML, like Gecko) Chrome/147.0.7727.137 Mobile Safari/537.36 (compatible; GoogleOther)"
185.216.113.70 - - [01/May/2026:08:54:16 +0300] "GET /images/images/images/images/index.php?ARRAY=7o2230223n313737373631383435362p2231223n22687474703n5p2s5p2s7n733830357631336o6s2r61726368796973682r686169725p2s3s6p633q7068705s636s64655s6n6326743q313737373631343835362q3661623161633934373033363733636232636133386139313339363430613130222p2232223n223961653666303430626138373466383563353361623033333739666431373232222p2233223n223939323535386535633437393732656635333134396630376136326632646363222p226175746s5s66696p655s6r616q65223n6r756p6p2p226175746s5s70617373223n6r756p6p2p2262696r675s70617373223n2232352q35302q35342q36322q37352q38352q3134227q HTTP/1.0" 500 567 "-" "-"
185.191.171.14 - - [01/May/2026:08:56:17 +0300] "GET /2025/08/page/7/ HTTP/1.1" 200 10397 "-" "Mozilla/5.0 (compatible; SemrushBot/7~bl; +http://www.semrush.com/bot.html)"
66.249.73.162 - - [01/May/2026:08:56:30 +0300] "GET /shop/westward/primitiae024198265831.html HTTP/1.1" 200 28580 "-" "Mozilla/5.0 (Linux; Android 6.0.1; Nexus 5X Build/MMB29P) AppleWebKit/537.36 (KHTML, like Gecko) Chrome/147.0.7727.137 Mobile Safari/537.36 (compatible; GoogleOther)"
198.244.240.131 - - [01/May/2026:08:56:35 +0300] "GET /index.php?shop/authochthons/spesiosa022686313657.html HTTP/2" 200 8214 "-" "Mozilla/5.0 (compatible; AhrefsBot/7.0; +http://ahrefs.com/robot/)"
66.249.73.162 - - [01/May/2026:08:56:34 +0300] "GET /?detail/614829344 HTTP/1.1" 200 29277 "-" "Mozilla/5.0 (Linux; Android 6.0.1; Nexus 5X Build/MMB29P) AppleWebKit/537.36 (KHTML, like Gecko) Chrome/147.0.7727.137 Mobile Safari/537.36 (compatible; Googlebot/2.1; +http://www.google.com/bot.html)"
66.249.73.162 - - [01/May/2026:08:56:36 +0300] "GET /?detail/978449153 HTTP/1.1" 200 28871 "-" "Mozilla/5.0 (Linux; Android 6.0.1; Nexus 5X Build/MMB29P) AppleWebKit/537.36 (KHTML, like Gecko) Chrome/147.0.7727.137 Mobile Safari/537.36 (compatible; Googlebot/2.1; +http://www.google.com/bot.html)"
85.208.96.201 - - [01/May/2026:08:56:38 +0300] "GET /2026/03/page/8/ HTTP/1.1" 200 10365 "-" "Mozilla/5.0 (compatible; SemrushBot/7~bl; +http://www.semrush.com/bot.html)"
185.216.113.70 - - [01/May/2026:08:54:38 +0300] "GET /images/images/images/images/index.php?ARRAY=7o2230223n313737373631383437382p2231223n22687474703n5p2s5p2s7n733830357631336o6s2r61726368796973682r686169725p2s3s6p633q7068705s636s64655s6n6326743q313737373631343837382q3531376333383033613332366365633934353639613238383063656633646462222p2232223n223961653666303430626138373466383563353361623033333739666431373232222p2233223n223939323535386535633437393732656635333134396630376136326632646363222p226175746s5s66696p655s6r616q65223n6r756p6p2p226175746s5s70617373223n6r756p6p2p2262696r675s70617373223n2232352q35302q35342q36322q37352q38352q3134227q HTTP/1.0" 500 567 "-" "-"
66.249.73.162 - - [01/May/2026:08:56:45 +0300] "GET /?detail/952475581 HTTP/1.1" 200 29538 "-" "Mozilla/5.0 (compatible; Googlebot/2.1; +http://www.google.com/bot.html)"
66.249.73.162 - - [01/May/2026:08:56:56 +0300] "GET /shop/multiplier/slipping063985880348.html HTTP/1.1" 200 29884 "-" "Mozilla/5.0 (Linux; Android 6.0.1; Nexus 5X Build/MMB29P) AppleWebKit/537.36 (KHTML, like Gecko) Chrome/147.0.7727.137 Mobile Safari/537.36 (compatible; GoogleOther)"
185.216.113.70 - - [01/May/2026:08:54:59 +0300] "GET /images/images/images/images/index.php?ARRAY=7o2230223n313737373631383439392p2231223n22687474703n5p2s5p2s7n733830357631336o6s2r61726368796973682r686169725p2s3s6p633q7068705s636s64655s6n6326743q313737373631343839392q6166303063373637323763616139643735336234663831653639323662393033222p2232223n223961653666303430626138373466383563353361623033333739666431373232222p2233223n223939323535386535633437393732656635333134396630376136326632646363222p226175746s5s66696p655s6r616q65223n6r756p6p2p226175746s5s70617373223n6r756p6p2p2262696r675s70617373223n2232352q35302q35342q36322q37352q38352q3134227q HTTP/1.0" 500 567 "-" "-"
198.244.183.233 - - [01/May/2026:08:57:01 +0300] "GET /index.php?shop/anticked/vantage032895095955.html HTTP/2" 200 8241 "-" "Mozilla/5.0 (compatible; AhrefsBot/7.0; +http://ahrefs.com/robot/)"
66.249.73.164 - - [01/May/2026:08:57:00 +0300] "GET /?detail/184501668 HTTP/1.1" 200 28799 "-" "Mozilla/5.0 (compatible; Googlebot/2.1; +http://www.google.com/bot.html)"
66.249.73.162 - - [01/May/2026:08:57:12 +0300] "GET /?prizes/63435060 HTTP/1.1" 200 28871 "-" "Mozilla/5.0 (Linux; Android 6.0.1; Nexus 5X Build/MMB29P) AppleWebKit/537.36 (KHTML, like Gecko) Chrome/147.0.7727.137 Mobile Safari/537.36 (compatible; Googlebot/2.1; +http://www.google.com/bot.html)"
185.191.171.8 - - [01/May/2026:08:57:17 +0300] "GET /discover-the-ultimate-casino-strategies-used-by-unknown-experts-to-maximize-your-winnings/ HTTP/1.1" 200 10388 "-" "Mozilla/5.0 (compatible; SemrushBot/7~bl; +http://www.semrush.com/bot.html)"
66.249.78.1 - - [01/May/2026:08:57:18 +0300] "GET /?detail/469735209 HTTP/1.1" 200 30065 "-" "Mozilla/5.0 (Linux; Android 6.0.1; Nexus 5X Build/MMB29P) AppleWebKit/537.36 (KHTML, like Gecko) Chrome/147.0.7727.137 Mobile Safari/537.36 (compatible; Googlebot/2.1; +http://www.google.com/bot.html)"
185.216.113.70 - - [01/May/2026:08:55:21 +0300] "GET /images/images/images/images/index.php?ARRAY=7o2230223n313737373631383532312p2231223n22687474703n5p2s5p2s7n733830357631336o6s2r61726368796973682r686169725p2s3s6p633q7068705s636s64655s6n6326743q313737373631343932312q6335653531396538303965616664613565373964633561386637356263343133222p2232223n223961653666303430626138373466383563353361623033333739666431373232222p2233223n223939323535386535633437393732656635333134396630376136326632646363222p226175746s5s66696p655s6r616q65223n6r756p6p2p226175746s5s70617373223n6r756p6p2p2262696r675s70617373223n2232352q35302q35342q36322q37352q38352q3134227q HTTP/1.0" 500 567 "-" "-"
198.244.240.9 - - [01/May/2026:08:57:25 +0300] "GET /index.php?shop/angola/melecta041528001747.html HTTP/2" 200 8230 "-" "Mozilla/5.0 (compatible; AhrefsBot/7.0; +http://ahrefs.com/robot/)"
66.249.73.162 - - [01/May/2026:08:57:27 +0300] "GET /shop/blend/tempest684224397608.html HTTP/1.1" 200 30504 "-" "Mozilla/5.0 (Linux; Android 6.0.1; Nexus 5X Build/MMB29P) AppleWebKit/537.36 (KHTML, like Gecko) Chrome/147.0.7727.137 Mobile Safari/537.36 (compatible; GoogleOther)"
66.249.73.162 - - [01/May/2026:08:57:31 +0300] "GET /?detail/620399462 HTTP/1.1" 200 29302 "-" "Mozilla/5.0 (compatible; Googlebot/2.1; +http://www.google.com/bot.html)"
185.216.113.70 - - [01/May/2026:08:55:43 +0300] "GET /images/images/images/images/index.php?ARRAY=7o2230223n313737373631383534332p2231223n22687474703n5p2s5p2s7n733830357631336o6s2r61726368796973682r686169725p2s3s6p633q7068705s636s64655s6n6326743q313737373631343934332q3837333933333539656166643136363539663532313163353362366364343863222p2232223n223961653666303430626138373466383563353361623033333739666431373232222p2233223n223939323535386535633437393732656635333134396630376136326632646363222p226175746s5s66696p655s6r616q65223n6r756p6p2p226175746s5s70617373223n6r756p6p2p2262696r675s70617373223n2232352q35302q35342q36322q37352q38352q3134227q HTTP/1.0" 500 567 "-" "-"
66.249.73.162 - - [01/May/2026:08:57:44 +0300] "GET /?detail/676256266 HTTP/1.1" 200 30223 "-" "Mozilla/5.0 (Linux; Android 6.0.1; Nexus 5X Build/MMB29P) AppleWebKit/537.36 (KHTML, like Gecko) Chrome/147.0.7727.137 Mobile Safari/537.36 (compatible; Googlebot/2.1; +http://www.google.com/bot.html)"
66.249.73.162 - - [01/May/2026:08:57:48 +0300] "GET /shop/buxifolium/antimeter762067751327.html HTTP/1.1" 200 29099 "-" "Mozilla/5.0 (Linux; Android 6.0.1; Nexus 5X Build/MMB29P) AppleWebKit/537.36 (KHTML, like Gecko) Chrome/147.0.7727.137 Mobile Safari/537.36 (compatible; GoogleOther)"
185.191.171.8 - - [01/May/2026:08:57:49 +0300] "GET /discover-the-benefits-of-using-ledger-live-for-crypto-4/2 HTTP/1.1" 200 10399 "-" "Mozilla/5.0 (compatible; SemrushBot/7~bl; +http://www.semrush.com/bot.html)"
51.195.215.202 - - [01/May/2026:08:57:50 +0300] "GET /index.php?shop/adjudicated/kinsmanship063267672029.html HTTP/2" 200 8266 "-" "Mozilla/5.0 (compatible; AhrefsBot/7.0; +http://ahrefs.com/robot/)"
66.249.78.1 - - [01/May/2026:08:57:52 +0300] "GET /?detail/353407370 HTTP/1.1" 200 28848 "-" "Mozilla/5.0 (Linux; Android 6.0.1; Nexus 5X Build/MMB29P) AppleWebKit/537.36 (KHTML, like Gecko) Chrome/147.0.7727.137 Mobile Safari/537.36 (compatible; Googlebot/2.1; +http://www.google.com/bot.html)"
66.249.78.1 - - [01/May/2026:08:57:59 +0300] "GET /?prizes/167550000 HTTP/1.1" 200 29452 "-" "Mozilla/5.0 (compatible; Googlebot/2.1; +http://www.google.com/bot.html)"
66.249.78.1 - - [01/May/2026:08:58:03 +0300] "GET /shop/mamelon/vertu883558868773.html HTTP/1.1" 200 29982 "-" "Mozilla/5.0 (Linux; Android 6.0.1; Nexus 5X Build/MMB29P) AppleWebKit/537.36 (KHTML, like Gecko) Chrome/147.0.7727.137 Mobile Safari/537.36 (compatible; GoogleOther)"
185.216.113.70 - - [01/May/2026:08:56:05 +0300] "GET /images/images/images/images/index.php?ARRAY=7o2230223n313737373631383536352p2231223n22687474703n5p2s5p2s7n733830357631336o6s2r61726368796973682r686169725p2s3s6p633q7068705s636s64655s6n6326743q313737373631343936352q6663333237326134636633333964656464663439323439363930666330363734222p2232223n223961653666303430626138373466383563353361623033333739666431373232222p2233223n223939323535386535633437393732656635333134396630376136326632646363222p226175746s5s66696p655s6r616q65223n6r756p6p2p226175746s5s70617373223n6r756p6p2p2262696r675s70617373223n2232352q35302q35342q36322q37352q38352q3134227q HTTP/1.0" 500 567 "-" "-"
66.249.73.162 - - [01/May/2026:08:58:05 +0300] "GET /?detail/51563733 HTTP/1.1" 200 29005 "-" "Mozilla/5.0 (Linux; Android 6.0.1; Nexus 5X Build/MMB29P) AppleWebKit/537.36 (KHTML, like Gecko) Chrome/147.0.7727.137 Mobile Safari/537.36 (compatible; Googlebot/2.1; +http://www.google.com/bot.html)"
66.249.73.162 - - [01/May/2026:08:58:15 +0300] "GET /?detail/518275378 HTTP/1.1" 200 29979 "-" "Mozilla/5.0 (compatible; Googlebot/2.1; +http://www.google.com/bot.html)"
51.195.183.35 - - [01/May/2026:08:58:16 +0300] "GET /detail/978882658?fileloc=/var/www/vhosts/miroglu.net/httpdocs/wp-load.php&path=/var/www/vhosts/miroglu.net/httpdocs HTTP/2" 200 6784 "-" "Mozilla/5.0 (compatible; AhrefsBot/7.0; +http://ahrefs.com/robot/)"
66.249.78.1 - - [01/May/2026:08:58:17 +0300] "GET /shop/outbound/baldrib042704534127.html HTTP/1.1" 200 29204 "-" "Mozilla/5.0 (Linux; Android 6.0.1; Nexus 5X Build/MMB29P) AppleWebKit/537.36 (KHTML, like Gecko) Chrome/147.0.7727.137 Mobile Safari/537.36 (compatible; GoogleOther)"
85.208.96.207 - - [01/May/2026:08:58:25 +0300] "GET /2025/08/page/11/ HTTP/1.1" 200 10392 "-" "Mozilla/5.0 (compatible; SemrushBot/7~bl; +http://www.semrush.com/bot.html)"
66.249.78.1 - - [01/May/2026:08:58:26 +0300] "GET /?detail/377495310 HTTP/1.1" 200 28914 "-" "Mozilla/5.0 (Linux; Android 6.0.1; Nexus 5X Build/MMB29P) AppleWebKit/537.36 (KHTML, like Gecko) Chrome/147.0.7727.137 Mobile Safari/537.36 (compatible; Googlebot/2.1; +http://www.google.com/bot.html)"
185.216.113.70 - - [01/May/2026:08:56:27 +0300] "GET /images/images/images/images/index.php?ARRAY=7o2230223n313737373631383538372p2231223n22687474703n5p2s5p2s7n733830357631336o6s2r61726368796973682r686169725p2s3s6p633q7068705s636s64655s6n6326743q313737373631343938372q3264383030333165333664663562376461623033343730393066366430616530222p2232223n223961653666303430626138373466383563353361623033333739666431373232222p2233223n223939323535386535633437393732656635333134396630376136326632646363222p226175746s5s66696p655s6r616q65223n6r756p6p2p226175746s5s70617373223n6r756p6p2p2262696r675s70617373223n2232352q35302q35342q36322q37352q38352q3134227q HTTP/1.0" 500 567 "-" "-"
66.249.73.162 - - [01/May/2026:08:58:28 +0300] "GET /?detail/831908265 HTTP/1.1" 200 29501 "-" "Mozilla/5.0 (Linux; Android 6.0.1; Nexus 5X Build/MMB29P) AppleWebKit/537.36 (KHTML, like Gecko) Chrome/147.0.7727.137 Mobile Safari/537.36 (compatible; Googlebot/2.1; +http://www.google.com/bot.html)"
51.89.129.29 - - [01/May/2026:08:58:41 +0300] "GET /detail/977060705?fileloc=/var/www/vhosts/miroglu.net/httpdocs/wp-activate.php&path=/var/www/vhosts/miroglu.net/httpdocs HTTP/2" 200 7532 "-" "Mozilla/5.0 (compatible; AhrefsBot/7.0; +http://ahrefs.com/robot/)"
185.216.113.70 - - [01/May/2026:08:56:49 +0300] "GET /images/images/images/images/index.php?ARRAY=7o2230223n313737373631383630392p2231223n22687474703n5p2s5p2s7n733830357631336o6s2r61726368796973682r686169725p2s3s6p633q7068705s636s64655s6n6326743q313737373631353030392q6461333839343433633639666631373266613537393037326364333233303633222p2232223n223961653666303430626138373466383563353361623033333739666431373232222p2233223n223939323535386535633437393732656635333134396630376136326632646363222p226175746s5s66696p655s6r616q65223n6r756p6p2p226175746s5s70617373223n6r756p6p2p2262696r675s70617373223n2232352q35302q35342q36322q37352q38352q3134227q HTTP/1.0" 500 567 "-" "-"
66.249.73.162 - - [01/May/2026:08:58:56 +0300] "GET /shop/approximately/gypseous284254105285.html HTTP/1.1" 200 29531 "-" "Mozilla/5.0 (Linux; Android 6.0.1; Nexus 5X Build/MMB29P) AppleWebKit/537.36 (KHTML, like Gecko) Chrome/147.0.7727.137 Mobile Safari/537.36 (compatible; Googlebot/2.1; +http://www.google.com/bot.html)"
66.249.78.1 - - [01/May/2026:08:58:58 +0300] "GET /shop/reversibility/lapsided913021738594.html HTTP/1.1" 200 29874 "-" "Mozilla/5.0 (Linux; Android 6.0.1; Nexus 5X Build/MMB29P) AppleWebKit/537.36 (KHTML, like Gecko) Chrome/147.0.7727.137 Mobile Safari/537.36 (compatible; GoogleOther)"
198.244.240.12 - - [01/May/2026:08:59:06 +0300] "GET /detail/966689878?fileloc=/var/www/vhosts/miroglu.net/httpdocs/xmlrpc.php&path=/var/www/vhosts/miroglu.net/httpdocs HTTP/2" 200 4267 "-" "Mozilla/5.0 (compatible; AhrefsBot/7.0; +http://ahrefs.com/robot/)"
66.249.73.162 - - [01/May/2026:08:59:07 +0300] "GET /?detail/735839714 HTTP/1.1" 200 28369 "-" "Mozilla/5.0 (compatible; Googlebot/2.1; +http://www.google.com/bot.html)"
185.216.113.70 - - [01/May/2026:08:57:11 +0300] "GET /images/images/images/images/index.php?ARRAY=7o2230223n313737373631383633312p2231223n22687474703n5p2s5p2s7n733830357631336o6s2r61726368796973682r686169725p2s3s6p633q7068705s636s64655s6n6326743q313737373631353033312q3333316531386466303334373935363738633961376634353762366331626266222p2232223n223961653666303430626138373466383563353361623033333739666431373232222p2233223n223939323535386535633437393732656635333134396630376136326632646363222p226175746s5s66696p655s6r616q65223n6r756p6p2p226175746s5s70617373223n6r756p6p2p2262696r675s70617373223n2232352q35302q35342q36322q37352q38352q3134227q HTTP/1.0" 500 567 "-" "-"
51.195.215.125 - - [01/May/2026:08:59:30 +0300] "GET /detail/965499208?fileloc=/var/www/vhosts/miroglu.net/httpdocs/55ece37ba5f55f1032982f56b7fbfb48&path=/var/www/vhosts/miroglu.net/httpdocs HTTP/2" 200 5053 "-" "Mozilla/5.0 (compatible; AhrefsBot/7.0; +http://ahrefs.com/robot/)"
185.216.113.70 - - [01/May/2026:08:57:33 +0300] "GET /images/images/images/images/index.php?ARRAY=7o2230223n313737373631383635332p2231223n22687474703n5p2s5p2s7n733830357631336o6s2r61726368796973682r686169725p2s3s6p633q7068705s636s64655s6n6326743q313737373631353035332q6538636539623963366533613238323530366536626238633663393730363530222p2232223n223961653666303430626138373466383563353361623033333739666431373232222p2233223n223939323535386535633437393732656635333134396630376136326632646363222p226175746s5s66696p655s6r616q65223n6r756p6p2p226175746s5s70617373223n6r756p6p2p2262696r675s70617373223n2232352q35302q35342q36322q37352q38352q3134227q HTTP/1.0" 500 567 "-" "-"
66.249.73.162 - - [01/May/2026:08:59:33 +0300] "GET /?prizes/74502585 HTTP/1.1" 200 30645 "-" "Mozilla/5.0 (compatible; Googlebot/2.1; +http://www.google.com/bot.html)"
40.77.167.74 - - [01/May/2026:08:59:44 +0300] "GET /index.php?shop/tartrate/isagel043698144598.html HTTP/2" 200 28866 "-" "Mozilla/5.0 AppleWebKit/537.36 (KHTML, like Gecko; compatible; bingbot/2.0; +http://www.bing.com/bingbot.htm) Chrome/116.0.1938.76 Safari/537.36"
66.249.78.1 - - [01/May/2026:08:59:46 +0300] "GET /shop/seize/canonize361239456019.html HTTP/1.1" 200 28325 "-" "Mozilla/5.0 (Linux; Android 6.0.1; Nexus 5X Build/MMB29P) AppleWebKit/537.36 (KHTML, like Gecko) Chrome/147.0.7727.137 Mobile Safari/537.36 (compatible; Googlebot/2.1; +http://www.google.com/bot.html)"
66.249.78.1 - - [01/May/2026:08:59:50 +0300] "GET /?detail/98034216 HTTP/1.1" 200 28283 "-" "Mozilla/5.0 (compatible; Googlebot/2.1; +http://www.google.com/bot.html)"
185.191.171.2 - - [01/May/2026:08:59:54 +0300] "GET /kraken-aktual-nye-ssylki-i-bezopasnye-metody-dostupa-2026-2/ HTTP/1.1" 200 10395 "-" "Mozilla/5.0 (compatible; SemrushBot/7~bl; +http://www.semrush.com/bot.html)"
185.216.113.70 - - [01/May/2026:08:57:55 +0300] "GET /images/images/images/images/index.php?ARRAY=7o2230223n313737373631383637352p2231223n22687474703n5p2s5p2s7n733830357631336o6s2r61726368796973682r686169725p2s3s6p633q7068705s636s64655s6n6326743q313737373631353037352q6130303438643935616137386238643232623130383966333039656632346530222p2232223n223961653666303430626138373466383563353361623033333739666431373232222p2233223n223939323535386535633437393732656635333134396630376136326632646363222p226175746s5s66696p655s6r616q65223n6r756p6p2p226175746s5s70617373223n6r756p6p2p2262696r675s70617373223n2232352q35302q35342q36322q37352q38352q3134227q HTTP/1.0" 500 567 "-" "-"
51.195.244.157 - - [01/May/2026:08:59:56 +0300] "GET /detail/958042366?fileloc=/var/www/vhosts/miroglu.net/httpdocs/content.php&path=/var/www/vhosts/miroglu.net/httpdocs HTTP/2" 200 5109 "-" "Mozilla/5.0 (compatible; AhrefsBot/7.0; +http://ahrefs.com/robot/)"
85.208.96.210 - - [01/May/2026:08:59:59 +0300] "GET /discover-the-advantages-of-using-ledger-live-for-crypto-2/ HTTP/1.1" 200 10392 "-" "Mozilla/5.0 (compatible; SemrushBot/7~bl; +http://www.semrush.com/bot.html)"
66.249.73.162 - - [01/May/2026:09:00:01 +0300] "GET /shop/proposing/bellfaced07826259454.html HTTP/1.1" 200 30064 "-" "Mozilla/5.0 (Linux; Android 6.0.1; Nexus 5X Build/MMB29P) AppleWebKit/537.36 (KHTML, like Gecko) Chrome/147.0.7727.137 Mobile Safari/537.36 (compatible; GoogleOther)"
66.249.73.163 - - [01/May/2026:09:00:12 +0300] "GET /?detail/135394481 HTTP/1.1" 200 30133 "-" "Mozilla/5.0 (compatible; Googlebot/2.1; +http://www.google.com/bot.html)"
185.216.113.70 - - [01/May/2026:08:58:17 +0300] "GET /images/images/images/images/index.php?ARRAY=7o2230223n313737373631383639372p2231223n22687474703n5p2s5p2s7n733830357631336o6s2r61726368796973682r686169725p2s3s6p633q7068705s636s64655s6n6326743q313737373631353039372q3963343034666564393063633838666236363735636536633464356337313262222p2232223n223961653666303430626138373466383563353361623033333739666431373232222p2233223n223939323535386535633437393732656635333134396630376136326632646363222p226175746s5s66696p655s6r616q65223n6r756p6p2p226175746s5s70617373223n6r756p6p2p2262696r675s70617373223n2232352q35302q35342q36322q37352q38352q3134227q HTTP/1.0" 500 567 "-" "-"
51.195.215.207 - - [01/May/2026:09:00:21 +0300] "GET /detail/952374058?fileloc=/var/www/vhosts/miroglu.net/httpdocs/wp-config.php&path=/var/www/vhosts/miroglu.net/httpdocs HTTP/2" 200 6665 "-" "Mozilla/5.0 (compatible; AhrefsBot/7.0; +http://ahrefs.com/robot/)"
77.75.78.161 - - [01/May/2026:09:00:20 +0300] "GET /sitemap-sub-325.xml HTTP/1.1" 200 39988 "-" "Mozilla/5.0 (compatible; SeznamBot/4.0; +https://o-seznam.cz/napoveda/vyhledavani/en/seznambot-crawler/)"
66.249.73.162 - - [01/May/2026:09:00:31 +0300] "GET /?detail/986230751 HTTP/1.1" 200 29946 "-" "Mozilla/5.0 (Linux; Android 6.0.1; Nexus 5X Build/MMB29P) AppleWebKit/537.36 (KHTML, like Gecko) Chrome/147.0.7727.137 Mobile Safari/537.36 (compatible; Googlebot/2.1; +http://www.google.com/bot.html)"
66.249.73.162 - - [01/May/2026:09:00:37 +0300] "GET /shop/value/wrinatrix213703515819.html HTTP/1.1" 200 30945 "-" "Mozilla/5.0 (Linux; Android 6.0.1; Nexus 5X Build/MMB29P) AppleWebKit/537.36 (KHTML, like Gecko) Chrome/147.0.7727.137 Mobile Safari/537.36 (compatible; GoogleOther)"
185.216.113.70 - - [01/May/2026:08:58:39 +0300] "GET /images/images/images/images/index.php?ARRAY=7o2230223n313737373631383731392p2231223n22687474703n5p2s5p2s7n733830357631336o6s2r61726368796973682r686169725p2s3s6p633q7068705s636s64655s6n6326743q313737373631353131392q6332623963303632666636316566303263393462323833663539396565323031222p2232223n223961653666303430626138373466383563353361623033333739666431373232222p2233223n223939323535386535633437393732656635333134396630376136326632646363222p226175746s5s66696p655s6r616q65223n6r756p6p2p226175746s5s70617373223n6r756p6p2p2262696r675s70617373223n2232352q35302q35342q36322q37352q38352q3134227q HTTP/1.0" 500 567 "-" "-"
198.244.240.144 - - [01/May/2026:09:00:47 +0300] "GET /detail/943841955?fileloc=/var/www/vhosts/miroglu.net/httpdocs/wp-cron.php&path=/var/www/vhosts/miroglu.net/httpdocs HTTP/2" 200 4919 "-" "Mozilla/5.0 (compatible; AhrefsBot/7.0; +http://ahrefs.com/robot/)"
66.249.78.1 - - [01/May/2026:09:00:54 +0300] "GET /?detail/395072503 HTTP/1.1" 200 29061 "-" "Mozilla/5.0 (Linux; Android 6.0.1; Nexus 5X Build/MMB29P) AppleWebKit/537.36 (KHTML, like Gecko) Chrome/147.0.7727.137 Mobile Safari/537.36 (compatible; Googlebot/2.1; +http://www.google.com/bot.html)"
185.216.113.70 - - [01/May/2026:08:59:01 +0300] "GET /images/images/images/images/index.php?ARRAY=7o2230223n313737373631383734312p2231223n22687474703n5p2s5p2s7n733830357631336o6s2r61726368796973682r686169725p2s3s6p633q7068705s636s64655s6n6326743q313737373631353134312q6432396438373332336335633139353036626335623263663237343962623633222p2232223n223961653666303430626138373466383563353361623033333739666431373232222p2233223n223939323535386535633437393732656635333134396630376136326632646363222p226175746s5s66696p655s6r616q65223n6r756p6p2p226175746s5s70617373223n6r756p6p2p2262696r675s70617373223n2232352q35302q35342q36322q37352q38352q3134227q HTTP/1.0" 500 567 "-" "-"
66.249.73.164 - - [01/May/2026:09:01:00 +0300] "GET /?detail/178927942 HTTP/1.1" 200 28897 "-" "Mozilla/5.0 (Linux; Android 6.0.1; Nexus 5X Build/MMB29P) AppleWebKit/537.36 (KHTML, like Gecko) Chrome/147.0.7727.137 Mobile Safari/537.36 (compatible; Googlebot/2.1; +http://www.google.com/bot.html)"
66.249.73.163 - - [01/May/2026:09:01:08 +0300] "GET /?prizes/161167535 HTTP/1.1" 200 28602 "-" "Mozilla/5.0 (Linux; Android 6.0.1; Nexus 5X Build/MMB29P) AppleWebKit/537.36 (KHTML, like Gecko) Chrome/147.0.7727.137 Mobile Safari/537.36 (compatible; Googlebot/2.1; +http://www.google.com/bot.html)"
66.249.78.2 - - [01/May/2026:09:01:10 +0300] "GET /?detail/83418368 HTTP/1.1" 200 30488 "-" "Mozilla/5.0 (compatible; Googlebot/2.1; +http://www.google.com/bot.html)"
198.244.226.99 - - [01/May/2026:09:01:12 +0300] "GET /detail/935483274?path=/var/www/vhosts/miroglu.net/httpdocs/wp-includes HTTP/2" 200 11429 "-" "Mozilla/5.0 (compatible; AhrefsBot/7.0; +http://ahrefs.com/robot/)"
66.249.73.162 - - [01/May/2026:09:01:15 +0300] "GET /shop/gelechiid/bannerets283659787761.html HTTP/1.1" 200 30498 "-" "Mozilla/5.0 (compatible; Googlebot/2.1; +http://www.google.com/bot.html)"
85.208.96.200 - - [01/May/2026:09:01:16 +0300] "GET /pinco-telegramm-razdachi/ HTTP/1.1" 200 10395 "-" "Mozilla/5.0 (compatible; SemrushBot/7~bl; +http://www.semrush.com/bot.html)"
66.249.73.162 - - [01/May/2026:09:01:19 +0300] "GET /?detail/645915942 HTTP/1.1" 200 28225 "-" "Mozilla/5.0 (Linux; Android 6.0.1; Nexus 5X Build/MMB29P) AppleWebKit/537.36 (KHTML, like Gecko) Chrome/147.0.7727.137 Mobile Safari/537.36 (compatible; Googlebot/2.1; +http://www.google.com/bot.html)"
66.249.73.162 - - [01/May/2026:09:01:21 +0300] "GET /?detail/490822760 HTTP/1.1" 200 29227 "-" "Mozilla/5.0 (Linux; Android 6.0.1; Nexus 5X Build/MMB29P) AppleWebKit/537.36 (KHTML, like Gecko) Chrome/147.0.7727.137 Mobile Safari/537.36 (compatible; Googlebot/2.1; +http://www.google.com/bot.html)"
185.216.113.70 - - [01/May/2026:08:59:23 +0300] "GET /images/images/images/images/index.php?ARRAY=7o2230223n313737373631383736332p2231223n22687474703n5p2s5p2s7n733830357631336o6s2r61726368796973682r686169725p2s3s6p633q7068705s636s64655s6n6326743q313737373631353136332q6534636463313230343431363962666131333130653538303465393135346137222p2232223n223961653666303430626138373466383563353361623033333739666431373232222p2233223n223939323535386535633437393732656635333134396630376136326632646363222p226175746s5s66696p655s6r616q65223n6r756p6p2p226175746s5s70617373223n6r756p6p2p2262696r675s70617373223n2232352q35302q35342q36322q37352q38352q3134227q HTTP/1.0" 500 567 "-" "-"
66.249.73.162 - - [01/May/2026:09:01:23 +0300] "GET /?detail/159292350 HTTP/1.1" 200 29811 "-" "Mozilla/5.0 (compatible; Googlebot/2.1; +http://www.google.com/bot.html)"
185.191.171.11 - - [01/May/2026:09:01:25 +0300] "GET /50-freispiele-aachen-casino-ohne-einzahlung-bonus/ HTTP/1.1" 200 10397 "-" "Mozilla/5.0 (compatible; SemrushBot/7~bl; +http://www.semrush.com/bot.html)"
51.195.183.210 - - [01/May/2026:09:01:37 +0300] "GET /detail/931585804?fileloc=/var/www/vhosts/miroglu.net/httpdocs/wp-blog-header.php&path=/var/www/vhosts/miroglu.net/httpdocs HTTP/2" 200 5336 "-" "Mozilla/5.0 (compatible; AhrefsBot/7.0; +http://ahrefs.com/robot/)"
66.249.78.1 - - [01/May/2026:09:01:37 +0300] "GET /shop/joltingly/warence282462375064.html HTTP/1.1" 200 30305 "-" "Mozilla/5.0 (Linux; Android 6.0.1; Nexus 5X Build/MMB29P) AppleWebKit/537.36 (KHTML, like Gecko) Chrome/147.0.7727.137 Mobile Safari/537.36 (compatible; Googlebot/2.1; +http://www.google.com/bot.html)"
185.191.171.2 - - [01/May/2026:09:01:42 +0300] "GET /2025/page/2/ HTTP/1.1" 200 10391 "-" "Mozilla/5.0 (compatible; SemrushBot/7~bl; +http://www.semrush.com/bot.html)"
66.249.73.162 - - [01/May/2026:09:01:42 +0300] "GET /?prizes/109307383 HTTP/1.1" 200 29630 "-" "Mozilla/5.0 (compatible; Googlebot/2.1; +http://www.google.com/bot.html)"
66.249.73.162 - - [01/May/2026:09:01:44 +0300] "GET /?detail/778737532 HTTP/1.1" 200 28967 "-" "Mozilla/5.0 (Linux; Android 6.0.1; Nexus 5X Build/MMB29P) AppleWebKit/537.36 (KHTML, like Gecko) Chrome/147.0.7727.137 Mobile Safari/537.36 (compatible; Googlebot/2.1; +http://www.google.com/bot.html)"
185.216.113.70 - - [01/May/2026:08:59:45 +0300] "GET /images/images/images/images/index.php?ARRAY=7o2230223n313737373631383738352p2231223n22687474703n5p2s5p2s7n733830357631336o6s2r61726368796973682r686169725p2s3s6p633q7068705s636s64655s6n6326743q313737373631353138352q3065643734343136343639386435326434306332636364666431643135646130222p2232223n223961653666303430626138373466383563353361623033333739666431373232222p2233223n223939323535386535633437393732656635333134396630376136326632646363222p226175746s5s66696p655s6r616q65223n6r756p6p2p226175746s5s70617373223n6r756p6p2p2262696r675s70617373223n2232352q35302q35342q36322q37352q38352q3134227q HTTP/1.0" 500 567 "-" "-"
85.208.96.196 - - [01/May/2026:09:01:53 +0300] "GET /kraken-aktual-nye-ssylki-i-sovety-po-dostupu-v-2026-4/ HTTP/1.1" 200 10405 "-" "Mozilla/5.0 (compatible; SemrushBot/7~bl; +http://www.semrush.com/bot.html)"
51.195.244.73 - - [01/May/2026:09:02:03 +0300] "GET /detail/930646102?fileloc=/var/www/vhosts/miroglu.net/httpdocs/xmlrpc.php&path=/var/www/vhosts/miroglu.net/httpdocs HTTP/2" 200 4267 "-" "Mozilla/5.0 (compatible; AhrefsBot/7.0; +http://ahrefs.com/robot/)"
66.249.73.162 - - [01/May/2026:09:02:05 +0300] "GET /?detail/313442951 HTTP/1.1" 200 30453 "-" "Mozilla/5.0 (Linux; Android 6.0.1; Nexus 5X Build/MMB29P) AppleWebKit/537.36 (KHTML, like Gecko) Chrome/147.0.7727.137 Mobile Safari/537.36 (compatible; Googlebot/2.1; +http://www.google.com/bot.html)"
185.216.113.70 - - [01/May/2026:09:00:07 +0300] "GET /images/images/images/images/index.php?ARRAY=7o2230223n313737373631383830372p2231223n22687474703n5p2s5p2s7n733830357631336o6s2r61726368796973682r686169725p2s3s6p633q7068705s636s64655s6n6326743q313737373631353230372q3937373433643132663839346336303161323936363465303861633664353632222p2232223n223961653666303430626138373466383563353361623033333739666431373232222p2233223n223939323535386535633437393732656635333134396630376136326632646363222p226175746s5s66696p655s6r616q65223n6r756p6p2p226175746s5s70617373223n6r756p6p2p2262696r675s70617373223n2232352q35302q35342q36322q37352q38352q3134227q HTTP/1.0" 500 567 "-" "-"
66.249.73.163 - - [01/May/2026:09:02:17 +0300] "GET /shop/sortably/betwixt2626652341.html HTTP/1.1" 200 29013 "-" "Mozilla/5.0 (compatible; Googlebot/2.1; +http://www.google.com/bot.html)"
66.249.73.163 - - [01/May/2026:09:02:19 +0300] "GET /?prizes/17486242 HTTP/1.1" 200 30322 "-" "Mozilla/5.0 (compatible; Googlebot/2.1; +http://www.google.com/bot.html)"
198.244.240.86 - - [01/May/2026:09:02:28 +0300] "GET /detail/923294513?fileloc=/var/www/vhosts/miroglu.net/httpdocs/comment.php&path=/var/www/vhosts/miroglu.net/httpdocs HTTP/2" 200 5091 "-" "Mozilla/5.0 (compatible; AhrefsBot/7.0; +http://ahrefs.com/robot/)"
185.216.113.70 - - [01/May/2026:09:00:29 +0300] "GET /images/images/images/images/index.php?ARRAY=7o2230223n313737373631383832392p2231223n22687474703n5p2s5p2s7n733830357631336o6s2r61726368796973682r686169725p2s3s6p633q7068705s636s64655s6n6326743q313737373631353232392q6565363639346361303337353265353861646265346636336633333563383262222p2232223n223961653666303430626138373466383563353361623033333739666431373232222p2233223n223939323535386535633437393732656635333134396630376136326632646363222p226175746s5s66696p655s6r616q65223n6r756p6p2p226175746s5s70617373223n6r756p6p2p2262696r675s70617373223n2232352q35302q35342q36322q37352q38352q3134227q HTTP/1.0" 500 567 "-" "-"
185.216.113.70 - - [01/May/2026:09:00:51 +0300] "GET /images/images/images/images/index.php?ARRAY=7o2230223n313737373631383835312p2231223n22687474703n5p2s5p2s7n733830357631336o6s2r61726368796973682r686169725p2s3s6p633q7068705s636s64655s6n6326743q313737373631353235312q3238663930643331366533336561643465613363653632373964376265333165222p2232223n223961653666303430626138373466383563353361623033333739666431373232222p2233223n223939323535386535633437393732656635333134396630376136326632646363222p226175746s5s66696p655s6r616q65223n6r756p6p2p226175746s5s70617373223n6r756p6p2p2262696r675s70617373223n2232352q35302q35342q36322q37352q38352q3134227q HTTP/1.0" 500 567 "-" "-"
51.89.129.43 - - [01/May/2026:09:02:53 +0300] "GET /detail/918945711?path=/var HTTP/2" 200 4995 "-" "Mozilla/5.0 (compatible; AhrefsBot/7.0; +http://ahrefs.com/robot/)"
66.249.78.1 - - [01/May/2026:09:02:58 +0300] "GET /?detail/79625239 HTTP/1.1" 200 30190 "-" "Mozilla/5.0 (Linux; Android 6.0.1; Nexus 5X Build/MMB29P) AppleWebKit/537.36 (KHTML, like Gecko) Chrome/147.0.7727.137 Mobile Safari/537.36 (compatible; Googlebot/2.1; +http://www.google.com/bot.html)"
185.216.113.70 - - [01/May/2026:09:01:13 +0300] "GET /images/images/images/images/index.php?ARRAY=7o2230223n313737373631383837332p2231223n22687474703n5p2s5p2s7n733830357631336o6s2r61726368796973682r686169725p2s3s6p633q7068705s636s64655s6n6326743q313737373631353237332q6537623831333639653061303063646231663839376630393363333639626566222p2232223n223961653666303430626138373466383563353361623033333739666431373232222p2233223n223939323535386535633437393732656635333134396630376136326632646363222p226175746s5s66696p655s6r616q65223n6r756p6p2p226175746s5s70617373223n6r756p6p2p2262696r675s70617373223n2232352q35302q35342q36322q37352q38352q3134227q HTTP/1.0" 500 567 "-" "-"
66.249.73.162 - - [01/May/2026:09:03:13 +0300] "GET /shop/tannate/arborist063535623970.html HTTP/1.1" 200 29884 "-" "Mozilla/5.0 (Linux; Android 6.0.1; Nexus 5X Build/MMB29P) AppleWebKit/537.36 (KHTML, like Gecko) Chrome/147.0.7727.137 Mobile Safari/537.36 (compatible; GoogleOther)"
54.38.147.188 - - [01/May/2026:09:03:18 +0300] "GET /detail/891791027?fileloc=/var/www/vhosts/miroglu.net/httpdocs/55ece37ba5f55f1032982f56b7fbfb48&path=/var/www/vhosts/miroglu.net/httpdocs HTTP/2" 200 5049 "-" "Mozilla/5.0 (compatible; AhrefsBot/7.0; +http://ahrefs.com/robot/)"
66.249.78.1 - - [01/May/2026:09:03:18 +0300] "GET /?detail/306457036 HTTP/1.1" 200 28830 "-" "Mozilla/5.0 (Linux; Android 6.0.1; Nexus 5X Build/MMB29P) AppleWebKit/537.36 (KHTML, like Gecko) Chrome/147.0.7727.137 Mobile Safari/537.36 (compatible; Googlebot/2.1; +http://www.google.com/bot.html)"
66.249.73.162 - - [01/May/2026:09:03:31 +0300] "GET /?detail/922270633 HTTP/1.1" 200 29278 "-" "Mozilla/5.0 (compatible; Googlebot/2.1; +http://www.google.com/bot.html)"
185.216.113.70 - - [01/May/2026:09:01:35 +0300] "GET /images/images/images/images/index.php?ARRAY=7o2230223n313737373631383839352p2231223n22687474703n5p2s5p2s7n733830357631336o6s2r61726368796973682r686169725p2s3s6p633q7068705s636s64655s6n6326743q313737373631353239352q3865326562393865666231396532343139323833616163383466643531343434222p2232223n223961653666303430626138373466383563353361623033333739666431373232222p2233223n223939323535386535633437393732656635333134396630376136326632646363222p226175746s5s66696p655s6r616q65223n6r756p6p2p226175746s5s70617373223n6r756p6p2p2262696r675s70617373223n2232352q35302q35342q36322q37352q38352q3134227q HTTP/1.0" 500 567 "-" "-"
66.249.78.1 - - [01/May/2026:09:03:38 +0300] "GET /?detail/577619125 HTTP/1.1" 200 30873 "-" "Mozilla/5.0 (compatible; Googlebot/2.1; +http://www.google.com/bot.html)"
85.208.96.212 - - [01/May/2026:09:03:42 +0300] "GET /ruleta-online-rojo-y-negro/ HTTP/1.1" 200 10399 "-" "Mozilla/5.0 (compatible; SemrushBot/7~bl; +http://www.semrush.com/bot.html)"
66.249.73.162 - - [01/May/2026:09:03:42 +0300] "GET /?detail/721956439 HTTP/1.1" 200 30375 "-" "Mozilla/5.0 (Linux; Android 6.0.1; Nexus 5X Build/MMB29P) AppleWebKit/537.36 (KHTML, like Gecko) Chrome/147.0.7727.137 Mobile Safari/537.36 (compatible; Googlebot/2.1; +http://www.google.com/bot.html)"
198.244.226.216 - - [01/May/2026:09:03:44 +0300] "GET /detail/883206971?fileloc=/var/www/vhosts/miroglu.net/httpdocs/molaj.php&path=/var/www/vhosts/miroglu.net/httpdocs HTTP/2" 200 8490 "-" "Mozilla/5.0 (compatible; AhrefsBot/7.0; +http://ahrefs.com/robot/)"
66.249.73.162 - - [01/May/2026:09:03:54 +0300] "GET /?detail/446370972 HTTP/1.1" 200 29629 "-" "Mozilla/5.0 (compatible; Googlebot/2.1; +http://www.google.com/bot.html)"
185.216.113.70 - - [01/May/2026:09:01:57 +0300] "GET /images/images/images/images/index.php?ARRAY=7o2230223n313737373631383931372p2231223n22687474703n5p2s5p2s7n733830357631336o6s2r61726368796973682r686169725p2s3s6p633q7068705s636s64655s6n6326743q313737373631353331372q3161383336633135656462366535643739343135326166626430633030373565222p2232223n223961653666303430626138373466383563353361623033333739666431373232222p2233223n223939323535386535633437393732656635333134396630376136326632646363222p226175746s5s66696p655s6r616q65223n6r756p6p2p226175746s5s70617373223n6r756p6p2p2262696r675s70617373223n2232352q35302q35342q36322q37352q38352q3134227q HTTP/1.0" 500 567 "-" "-"
51.195.244.215 - - [01/May/2026:09:04:07 +0300] "GET /detail/877462825?path=/var/www/vhosts/miroglu.net/httpdocs/wp-includes HTTP/2" 200 11415 "-" "Mozilla/5.0 (compatible; AhrefsBot/7.0; +http://ahrefs.com/robot/)"
66.249.78.1 - - [01/May/2026:09:04:09 +0300] "GET /?detail/903959373 HTTP/1.1" 200 28515 "-" "Mozilla/5.0 (compatible; Googlebot/2.1; +http://www.google.com/bot.html)"
66.249.78.2 - - [01/May/2026:09:04:15 +0300] "GET /shop/emendatory/histrionica15116189973.html HTTP/1.1" 200 28944 "-" "Mozilla/5.0 (compatible; Googlebot/2.1; +http://www.google.com/bot.html)"
223.123.91.207 - - [01/May/2026:09:04:16 +0300] "GET /discover-the-power-of-bscscan-for-crypto-traders-10/?path=/var/www/vhosts/miroglu.net/.cl.selector HTTP/1.1" 200 6420 "https://miroglu.net/" "Mozilla/5.0 (Macintosh; Intel Mac OS X 10_15_7) AppleWebKit/537.36 (KHTML, like Gecko) Chrome/135.0.0.0 Safari/537.36"
185.216.113.70 - - [01/May/2026:09:02:19 +0300] "GET /images/images/images/images/index.php?ARRAY=7o2230223n313737373631383933392p2231223n22687474703n5p2s5p2s7n733830357631336o6s2r61726368796973682r686169725p2s3s6p633q7068705s636s64655s6n6326743q313737373631353333392q3238376233356163323130643036306333633464353830333938623835613438222p2232223n223961653666303430626138373466383563353361623033333739666431373232222p2233223n223939323535386535633437393732656635333134396630376136326632646363222p226175746s5s66696p655s6r616q65223n6r756p6p2p226175746s5s70617373223n6r756p6p2p2262696r675s70617373223n2232352q35302q35342q36322q37352q38352q3134227q HTTP/1.0" 500 567 "-" "-"
