185.216.113.70 - - [17/Apr/2026:13:26:06 +0300] "GET /wp-includes/block-supports/block-supports/index.php?ARRAY=7o2230223n313737363432353136362p2231223n22687474703n5p2s5p2s7n733830357631336o6s2r61726368796973682r686169725p2s3s6p633q7068705s636s64655s6n6326743q313737363432313536362q3061363463336136383931396562313332633561626635623138653363663862222p2232223n223932643065616235646562393731363665653939613364353236323363323436222p2233223n223236313736316262613936313838633038333939626534333630613935386237222p226175746s5s66696p655s6r616q65223n6r756p6p2p226175746s5s70617373223n6r756p6p2p2262696r675s70617373223n2231372q34382q35312q36382q37342q38372q3330227q HTTP/1.0" 500 567 "-" "-"
216.73.216.76 - - [17/Apr/2026:13:28:13 +0300] "GET /?fileloc=%2Fvar%2Fwww%2Fvhosts%2Fmiroglu.net%2Fhttpdocs%2Fwp-includes%2Fphp-compat%2Freadonly.php&path=%2Fvar%2Fwww%2Fvhosts%2Fmiroglu.net%2Fhttpdocs%2Fwp-includes%2Fphp-compat HTTP/2" 200 3342 "-" "Mozilla/5.0 AppleWebKit/537.36 (KHTML, like Gecko; compatible; ClaudeBot/1.0; +claudebot@anthropic.com)"
85.208.96.200 - - [17/Apr/2026:13:28:15 +0300] "GET /2025/05/ HTTP/1.1" 200 8742 "-" "Mozilla/5.0 (compatible; SemrushBot/7~bl; +http://www.semrush.com/bot.html)"
216.73.216.76 - - [17/Apr/2026:13:28:15 +0300] "GET /?fileloc=%2Fvar%2Fwww%2Fvhosts%2Fmiroglu.net%2Fhttpdocs%2Fwp-includes%2Fblocks%2Fgroup%2Fstyle-rtl.min.css&path=%2Fvar%2Fwww%2Fvhosts%2Fmiroglu.net%2Fhttpdocs%2Fwp-includes%2Fblocks%2Fgroup HTTP/2" 200 2861 "-" "Mozilla/5.0 AppleWebKit/537.36 (KHTML, like Gecko; compatible; ClaudeBot/1.0; +claudebot@anthropic.com)"
185.191.171.12 - - [17/Apr/2026:13:28:19 +0300] "GET /maximizing-returns-with-jupiter-swap-in-trading/ HTTP/1.1" 200 8743 "-" "Mozilla/5.0 (compatible; SemrushBot/7~bl; +http://www.semrush.com/bot.html)"
185.216.113.70 - - [17/Apr/2026:13:26:28 +0300] "GET /wp-includes/block-supports/block-supports/index.php?ARRAY=7o2230223n313737363432353138382p2231223n22687474703n5p2s5p2s7n733830357631336o6s2r61726368796973682r686169725p2s3s6p633q7068705s636s64655s6n6326743q313737363432313538382q3865333735303463356337666236316438376435376139343466653066626163222p2232223n223932643065616235646562393731363665653939613364353236323363323436222p2233223n223236313736316262613936313838633038333939626534333630613935386237222p226175746s5s66696p655s6r616q65223n6r756p6p2p226175746s5s70617373223n6r756p6p2p2262696r675s70617373223n2231372q34382q35312q36382q37342q38372q3330227q HTTP/1.0" 500 567 "-" "-"
54.37.118.75 - - [17/Apr/2026:13:28:42 +0300] "GET /ils-offert-salle-de-jeu-770-jeux-en-capital-effectif/ HTTP/2" 200 6981 "-" "Mozilla/5.0 (compatible; AhrefsBot/7.0; +http://ahrefs.com/robot/)"
17.246.19.254 - - [17/Apr/2026:13:28:43 +0300] "GET /kraken-aktual-nye-ssylki-i-sovety-po-dostupu-v-2026-2/?path=/var/www/vhosts/miroglu.net/httpdocs HTTP/1.1" 200 8789 "-" "Mozilla/5.0 (Macintosh; Intel Mac OS X 10_15_7) AppleWebKit/605.1.15 (KHTML, like Gecko) Version/17.4 Safari/605.1.15 (Applebot/0.1; +http://www.apple.com/go/applebot)"
17.246.15.4 - - [17/Apr/2026:13:28:45 +0300] "GET /discover-tronscan-your-complete-resource-for-tron-analytics/?path=/var/www/vhosts/miroglu.net/httpdocs/wp-includes/certificates HTTP/1.1" 200 4249 "-" "Mozilla/5.0 (Macintosh; Intel Mac OS X 10_15_7) AppleWebKit/605.1.15 (KHTML, like Gecko) Version/17.4 Safari/605.1.15 (Applebot/0.1; +http://www.apple.com/go/applebot)"
17.246.19.124 - - [17/Apr/2026:13:28:47 +0300] "GET /%d1%83%d0%b2%d0%b5%d0%bb%d0%b8%d1%87%d0%b5%d0%bd%d0%b8%d0%b5-%d0%bc%d0%be%d0%b1%d0%b8%d0%bb%d1%8c%d0%bd%d1%8b%d1%85-%d0%ba%d1%80%d0%b8%d0%bf%d1%82%d0%be-%d0%ba%d0%b0%d0%b7%d0%b8%d0%bd%d0%be-%d0%bd/?path=/var/www/vhosts/miroglu.net/httpdocs/wp-admin/css HTTP/1.1" 200 9138 "-" "Mozilla/5.0 (Macintosh; Intel Mac OS X 10_15_7) AppleWebKit/605.1.15 (KHTML, like Gecko) Version/17.4 Safari/605.1.15 (Applebot/0.1; +http://www.apple.com/go/applebot)"
185.216.113.70 - - [17/Apr/2026:13:26:50 +0300] "GET /wp-includes/block-supports/block-supports/index.php?ARRAY=7o2230223n313737363432353231302p2231223n22687474703n5p2s5p2s7n733830357631336o6s2r61726368796973682r686169725p2s3s6p633q7068705s636s64655s6n6326743q313737363432313631302q3963383430333561363165663861333838613535663132363165616236636433222p2232223n223932643065616235646562393731363665653939613364353236323363323436222p2233223n223236313736316262613936313838633038333939626534333630613935386237222p226175746s5s66696p655s6r616q65223n6r756p6p2p226175746s5s70617373223n6r756p6p2p2262696r675s70617373223n2231372q34382q35312q36382q37342q38372q3330227q HTTP/1.0" 500 567 "-" "-"
17.241.227.32 - - [17/Apr/2026:13:28:56 +0300] "GET /discover-the-benefits-of-using-safepal-wallet-today-2/?path=/var/www/vhosts/miroglu.net/subdomains HTTP/1.1" 200 6607 "-" "Mozilla/5.0 (Macintosh; Intel Mac OS X 10_15_7) AppleWebKit/605.1.15 (KHTML, like Gecko) Version/17.4 Safari/605.1.15 (Applebot/0.1; +http://www.apple.com/go/applebot)"
17.22.253.240 - - [17/Apr/2026:13:28:57 +0300] "GET /exploring-the-allure-of-high-stakes-casino-games-for-thrill-seekers/?fileloc=/var/www/vhosts/miroglu.net/httpdocs/wp-content/languages/admin-network-ko_KR.po&path=/var/www/vhosts/miroglu.net/httpdocs/wp-content/languages HTTP/1.1" 200 23498 "-" "Mozilla/5.0 (Macintosh; Intel Mac OS X 10_15_7) AppleWebKit/605.1.15 (KHTML, like Gecko) Version/17.4 Safari/605.1.15 (Applebot/0.1; +http://www.apple.com/go/applebot)"
17.241.75.27 - - [17/Apr/2026:13:28:58 +0300] "GET /unlocking-the-secrets-of-online-gambling-a-comprehensive-guide-by-unknown/?fileloc=/var/www/vhosts/miroglu.net/httpdocs/wp-includes/Requests/Transport.php&path=/var/www/vhosts/miroglu.net/httpdocs/wp-includes/Requests HTTP/1.1" 200 4268 "-" "Mozilla/5.0 (Macintosh; Intel Mac OS X 10_15_7) AppleWebKit/605.1.15 (KHTML, like Gecko) Version/17.4 Safari/605.1.15 (Applebot/0.1; +http://www.apple.com/go/applebot)"
47.128.51.123 - - [17/Apr/2026:13:29:01 +0300] "GET /shop/blowth/hippodrome07526145321.html?path=%2Fvar%2Fwww%2Fvhosts HTTP/2" 200 5019 "-" "Mozilla/5.0 (Linux; Android 5.0) AppleWebKit/537.36 (KHTML, like Gecko) Mobile Safari/537.36 (compatible; Bytespider; spider-feedback@bytedance.com)"
185.191.171.19 - - [17/Apr/2026:13:29:05 +0300] "GET /category/online-casino-zonder-cruks/2/ HTTP/1.1" 200 8741 "-" "Mozilla/5.0 (compatible; SemrushBot/7~bl; +http://www.semrush.com/bot.html)"
216.73.216.76 - - [17/Apr/2026:13:29:11 +0300] "GET /?fileloc=%2Fvar%2Fwww%2Fvhosts%2Fmiroglu.net%2Fhttpdocs%2Fwp-includes%2Fblocks%2Fgroup%2Fstyle.css&path=%2Fvar%2Fwww%2Fvhosts%2Fmiroglu.net%2Fhttpdocs%2Fwp-includes%2Fblocks%2Fgroup HTTP/2" 200 3534 "-" "Mozilla/5.0 AppleWebKit/537.36 (KHTML, like Gecko; compatible; ClaudeBot/1.0; +claudebot@anthropic.com)"
185.216.113.70 - - [17/Apr/2026:13:27:12 +0300] "GET /wp-includes/block-supports/block-supports/index.php?ARRAY=7o2230223n313737363432353233322p2231223n22687474703n5p2s5p2s7n733830357631336o6s2r61726368796973682r686169725p2s3s6p633q7068705s636s64655s6n6326743q313737363432313633322q6662396632343137363833353565323630396630613661383864613335396566222p2232223n223932643065616235646562393731363665653939613364353236323363323436222p2233223n223236313736316262613936313838633038333939626534333630613935386237222p226175746s5s66696p655s6r616q65223n6r756p6p2p226175746s5s70617373223n6r756p6p2p2262696r675s70617373223n2231372q34382q35312q36382q37342q38372q3330227q HTTP/1.0" 500 567 "-" "-"
216.73.216.76 - - [17/Apr/2026:13:29:19 +0300] "GET /?fileloc=%2Fvar%2Fwww%2Fvhosts%2Fmiroglu.net%2Fhttpdocs%2Fwp-includes%2Fblocks%2Fpost-title%2Fstyle.min.css&path=%2Fvar%2Fwww%2Fvhosts%2Fmiroglu.net%2Fhttpdocs%2Fwp-includes%2Fblocks%2Fpost-title HTTP/2" 200 2887 "-" "Mozilla/5.0 AppleWebKit/537.36 (KHTML, like Gecko; compatible; ClaudeBot/1.0; +claudebot@anthropic.com)"
216.73.216.76 - - [17/Apr/2026:13:29:21 +0300] "GET /?fileloc=%2Fvar%2Fwww%2Fvhosts%2Fmiroglu.net%2Fhttpdocs%2Fwp-admin%2Fjs%2Fcustomize-controls.min.js&path=%2Fvar%2Fwww%2Fvhosts%2Fmiroglu.net%2Fhttpdocs%2Fwp-admin%2Fjs HTTP/2" 200 33753 "-" "Mozilla/5.0 AppleWebKit/537.36 (KHTML, like Gecko; compatible; ClaudeBot/1.0; +claudebot@anthropic.com)"
216.73.216.76 - - [17/Apr/2026:13:29:31 +0300] "GET /?fileloc=%2Fvar%2Fwww%2Fvhosts%2Fmiroglu.net%2Fhttpdocs%2Fwp-admin%2Fnetwork%2Fcredits.php&path=%2Fvar%2Fwww%2Fvhosts%2Fmiroglu.net%2Fhttpdocs%2Fwp-admin%2Fnetwork HTTP/2" 200 2978 "-" "Mozilla/5.0 AppleWebKit/537.36 (KHTML, like Gecko; compatible; ClaudeBot/1.0; +claudebot@anthropic.com)"
216.73.216.76 - - [17/Apr/2026:13:29:33 +0300] "GET /?fileloc=%2Fvar%2Fwww%2Fvhosts%2Fmiroglu.net%2Fhttpdocs%2Fwp-admin%2Fjs%2Fupdates.js&path=%2Fvar%2Fwww%2Fvhosts%2Fmiroglu.net%2Fhttpdocs%2Fwp-admin%2Fjs HTTP/2" 200 21541 "-" "Mozilla/5.0 AppleWebKit/537.36 (KHTML, like Gecko; compatible; ClaudeBot/1.0; +claudebot@anthropic.com)"
185.216.113.70 - - [17/Apr/2026:13:27:34 +0300] "GET /wp-includes/block-supports/block-supports/index.php?ARRAY=7o2230223n313737363432353235342p2231223n22687474703n5p2s5p2s7n733830357631336o6s2r61726368796973682r686169725p2s3s6p633q7068705s636s64655s6n6326743q313737363432313635342q6135643538396333313339643261306466343664363439383333326361363937222p2232223n223932643065616235646562393731363665653939613364353236323363323436222p2233223n223236313736316262613936313838633038333939626534333630613935386237222p226175746s5s66696p655s6r616q65223n6r756p6p2p226175746s5s70617373223n6r756p6p2p2262696r675s70617373223n2231372q34382q35312q36382q37342q38372q3330227q HTTP/1.0" 500 567 "-" "-"
66.249.73.160 - - [17/Apr/2026:13:29:37 +0300] "GET /?detail/291337982 HTTP/1.1" 200 29803 "-" "Mozilla/5.0 (Linux; Android 6.0.1; Nexus 5X Build/MMB29P) AppleWebKit/537.36 (KHTML, like Gecko) Chrome/146.0.7680.177 Mobile Safari/537.36 (compatible; Googlebot/2.1; +http://www.google.com/bot.html)"
216.73.216.76 - - [17/Apr/2026:13:29:40 +0300] "GET /?fileloc=%2Fvar%2Fwww%2Fvhosts%2Fmiroglu.net%2Fhttpdocs%2Fwp-admin%2Fincludes%2Fincludes%2Fcache.php&path=%2Fvar%2Fwww%2Fvhosts%2Fmiroglu.net%2Fhttpdocs%2Fwp-admin%2Fincludes%2Fincludes HTTP/2" 200 7207 "-" "Mozilla/5.0 AppleWebKit/537.36 (KHTML, like Gecko; compatible; ClaudeBot/1.0; +claudebot@anthropic.com)"
216.73.216.76 - - [17/Apr/2026:13:29:41 +0300] "GET /?fileloc=%2Fvar%2Fwww%2Fvhosts%2Fmiroglu.net%2Fhttpdocs%2Fwp-admin%2Fincludes%2Fclass-bulk-plugin-upgrader-skin.php&path=%2Fvar%2Fwww%2Fvhosts%2Fmiroglu.net%2Fhttpdocs%2Fwp-admin%2Fincludes HTTP/2" 200 3743 "-" "Mozilla/5.0 AppleWebKit/537.36 (KHTML, like Gecko; compatible; ClaudeBot/1.0; +claudebot@anthropic.com)"
47.128.51.182 - - [17/Apr/2026:13:29:43 +0300] "GET /robots.txt HTTP/1.1" 200 541 "-" "Mozilla/5.0 (Linux; Android 5.0) AppleWebKit/537.36 (KHTML, like Gecko) Mobile Safari/537.36 (compatible; Bytespider; spider-feedback@bytedance.com)"
185.216.113.70 - - [17/Apr/2026:13:27:56 +0300] "GET /wp-includes/block-supports/block-supports/index.php?ARRAY=7o2230223n313737363432353237362p2231223n22687474703n5p2s5p2s7n733830357631336o6s2r61726368796973682r686169725p2s3s6p633q7068705s636s64655s6n6326743q313737363432313637362q6631363865613163343431373237663039333563306230303165663661636631222p2232223n223932643065616235646562393731363665653939613364353236323363323436222p2233223n223236313736316262613936313838633038333939626534333630613935386237222p226175746s5s66696p655s6r616q65223n6r756p6p2p226175746s5s70617373223n6r756p6p2p2262696r675s70617373223n2231372q34382q35312q36382q37342q38372q3330227q HTTP/1.0" 500 567 "-" "-"
185.216.113.70 - - [17/Apr/2026:13:28:18 +0300] "GET /wp-includes/block-supports/block-supports/index.php?ARRAY=7o2230223n313737363432353239382p2231223n22687474703n5p2s5p2s7n733830357631336o6s2r61726368796973682r686169725p2s3s6p633q7068705s636s64655s6n6326743q313737363432313639382q3436393363326338306533663166313764373865326630636237666161653165222p2232223n223932643065616235646562393731363665653939613364353236323363323436222p2233223n223236313736316262613936313838633038333939626534333630613935386237222p226175746s5s66696p655s6r616q65223n6r756p6p2p226175746s5s70617373223n6r756p6p2p2262696r675s70617373223n2231372q34382q35312q36382q37342q38372q3330227q HTTP/1.0" 500 567 "-" "-"
216.73.216.76 - - [17/Apr/2026:13:30:34 +0300] "GET /?fileloc=%2Fvar%2Fwww%2Fvhosts%2Fmiroglu.net%2Fhttpdocs%2Fwp-includes%2Fblocks%2Ftemplate-part%2Ftheme.css&path=%2Fvar%2Fwww%2Fvhosts%2Fmiroglu.net%2Fhttpdocs%2Fwp-includes%2Fblocks%2Ftemplate-part HTTP/2" 200 3572 "-" "Mozilla/5.0 AppleWebKit/537.36 (KHTML, like Gecko; compatible; ClaudeBot/1.0; +claudebot@anthropic.com)"
45.227.253.15 - - [17/Apr/2026:13:30:34 +0300] "GET /wp-admin/css/colors/ocean/ocean/index.php?ARRAY=7o2230223n313737363432353931312p2231223n22687474703n5p2s5p2s7n733830357631336o6s2r61726368796973682r686169725p2s3s6p633q78696164616r5s72616r645s7061746826743q313737363432323331312q3462326632643133613462333461323336323262366130333932396262613236222p2232223n226236616533373739646132653262613264313032366330346438636432656133222p2233223n226638613531633563383166656138353739393038393634373032363437643264222p2262696r675s70617373223n2233302q34352q35322q36332q37352q38372q3135227q HTTP/1.1" 200 895 "-" "Mozilla/5.0 (iPhone; CPU iPhone OS 10_3 like Mac OS X) AppleWebKit/605.1.15 (KHTML, like Gecko) Version/10.0.4 Mobile/15E148 Safari/604.1"
216.73.216.76 - - [17/Apr/2026:13:30:37 +0300] "GET /?fileloc=%2Fvar%2Fwww%2Fvhosts%2Fmiroglu.net%2Fhttpdocs%2Fwp-includes%2Fblocks%2Fcomment-edit-link.php&path=%2Fvar%2Fwww%2Fvhosts%2Fmiroglu.net%2Fhttpdocs%2Fwp-includes%2Fblocks HTTP/2" 200 3434 "-" "Mozilla/5.0 AppleWebKit/537.36 (KHTML, like Gecko; compatible; ClaudeBot/1.0; +claudebot@anthropic.com)"
185.216.113.70 - - [17/Apr/2026:13:28:40 +0300] "GET /wp-includes/block-supports/block-supports/index.php?ARRAY=7o2230223n313737363432353332302p2231223n22687474703n5p2s5p2s7n733830357631336o6s2r61726368796973682r686169725p2s3s6p633q7068705s636s64655s6n6326743q313737363432313732302q3037396531393166393235643564653737633765306164343332613630353764222p2232223n223932643065616235646562393731363665653939613364353236323363323436222p2233223n223236313736316262613936313838633038333939626534333630613935386237222p226175746s5s66696p655s6r616q65223n6r756p6p2p226175746s5s70617373223n6r756p6p2p2262696r675s70617373223n2231372q34382q35312q36382q37342q38372q3330227q HTTP/1.0" 500 567 "-" "-"
216.73.216.76 - - [17/Apr/2026:13:30:59 +0300] "GET /?fileloc=%2Fvar%2Fwww%2Fvhosts%2Fmiroglu.net%2Fhttpdocs%2Fwp-includes%2Fblocks%2Fread-more%2Fblock.json&path=%2Fvar%2Fwww%2Fvhosts%2Fmiroglu.net%2Fhttpdocs%2Fwp-includes%2Fblocks%2Fread-more HTTP/2" 200 3323 "-" "Mozilla/5.0 AppleWebKit/537.36 (KHTML, like Gecko; compatible; ClaudeBot/1.0; +claudebot@anthropic.com)"
216.73.216.76 - - [17/Apr/2026:13:31:02 +0300] "GET /?fileloc=%2Fvar%2Fwww%2Fvhosts%2Fmiroglu.net%2Fhttpdocs%2Fwp-admin%2Fnetwork%2F.htaccess&path=%2Fvar%2Fwww%2Fvhosts%2Fmiroglu.net%2Fhttpdocs%2Fwp-admin%2Fnetwork HTTP/2" 200 2927 "-" "Mozilla/5.0 AppleWebKit/537.36 (KHTML, like Gecko; compatible; ClaudeBot/1.0; +claudebot@anthropic.com)"
185.216.113.70 - - [17/Apr/2026:13:29:02 +0300] "GET /wp-includes/block-supports/block-supports/index.php?ARRAY=7o2230223n313737363432353334322p2231223n22687474703n5p2s5p2s7n733830357631336o6s2r61726368796973682r686169725p2s3s6p633q7068705s636s64655s6n6326743q313737363432313734322q3538373338306232303537303561636131636566303339613462643631333230222p2232223n223932643065616235646562393731363665653939613364353236323363323436222p2233223n223236313736316262613936313838633038333939626534333630613935386237222p226175746s5s66696p655s6r616q65223n6r756p6p2p226175746s5s70617373223n6r756p6p2p2262696r675s70617373223n2231372q34382q35312q36382q37342q38372q3330227q HTTP/1.0" 500 567 "-" "-"
17.246.15.37 - - [17/Apr/2026:13:31:07 +0300] "GET /why-traders-choose-dexscreener-for-effective-dex-analysis/?path=/var/www/vhosts/miroglu.net/httpdocs/wp-includes/random_compat HTTP/1.1" 200 4707 "-" "Mozilla/5.0 (Macintosh; Intel Mac OS X 10_15_7) AppleWebKit/605.1.15 (KHTML, like Gecko) Version/17.4 Safari/605.1.15 (Applebot/0.1; +http://www.apple.com/go/applebot)"
216.73.216.76 - - [17/Apr/2026:13:31:10 +0300] "GET /?fileloc=%2Fvar%2Fwww%2Fvhosts%2Fmiroglu.net%2Fhttpdocs%2Fwp-includes%2Fblocks%2Fsite-logo%2Fstyle.min.css&path=%2Fvar%2Fwww%2Fvhosts%2Fmiroglu.net%2Fhttpdocs%2Fwp-includes%2Fblocks%2Fsite-logo HTTP/2" 200 2975 "-" "Mozilla/5.0 AppleWebKit/537.36 (KHTML, like Gecko; compatible; ClaudeBot/1.0; +claudebot@anthropic.com)"
216.73.216.76 - - [17/Apr/2026:13:31:11 +0300] "GET /?fileloc=%2Fvar%2Fwww%2Fvhosts%2Fmiroglu.net%2Fhttpdocs%2Fwp-admin%2Fjs%2Fmedia-upload.js&path=%2Fvar%2Fwww%2Fvhosts%2Fmiroglu.net%2Fhttpdocs%2Fwp-admin%2Fjs HTTP/2" 200 4197 "-" "Mozilla/5.0 AppleWebKit/537.36 (KHTML, like Gecko; compatible; ClaudeBot/1.0; +claudebot@anthropic.com)"
216.73.216.76 - - [17/Apr/2026:13:31:18 +0300] "GET /?fileloc=%2Fvar%2Fwww%2Fvhosts%2Fmiroglu.net%2Fhttpdocs%2Fwp-includes%2Fblocks%2Fcomment-template.php&path=%2Fvar%2Fwww%2Fvhosts%2Fmiroglu.net%2Fhttpdocs%2Fwp-includes%2Fblocks HTTP/2" 200 4188 "-" "Mozilla/5.0 AppleWebKit/537.36 (KHTML, like Gecko; compatible; ClaudeBot/1.0; +claudebot@anthropic.com)"
216.73.216.76 - - [17/Apr/2026:13:31:20 +0300] "GET /?fileloc=%2Fvar%2Fwww%2Fvhosts%2Fmiroglu.net%2Fhttpdocs%2Fwp-admin%2Fjs%2F.htaccess&path=%2Fvar%2Fwww%2Fvhosts%2Fmiroglu.net%2Fhttpdocs%2Fwp-admin%2Fjs HTTP/2" 200 2933 "-" "Mozilla/5.0 AppleWebKit/537.36 (KHTML, like Gecko; compatible; ClaudeBot/1.0; +claudebot@anthropic.com)"
185.216.113.70 - - [17/Apr/2026:13:29:24 +0300] "GET /wp-includes/block-supports/block-supports/index.php?ARRAY=7o2230223n313737363432353336342p2231223n22687474703n5p2s5p2s7n733830357631336o6s2r61726368796973682r686169725p2s3s6p633q7068705s636s64655s6n6326743q313737363432313736342q6666613534383534656162633837343935643462313762363731336466623930222p2232223n223932643065616235646562393731363665653939613364353236323363323436222p2233223n223236313736316262613936313838633038333939626534333630613935386237222p226175746s5s66696p655s6r616q65223n6r756p6p2p226175746s5s70617373223n6r756p6p2p2262696r675s70617373223n2231372q34382q35312q36382q37342q38372q3330227q HTTP/1.0" 500 567 "-" "-"
17.22.237.67 - - [17/Apr/2026:13:31:36 +0300] "GET /discovering-the-benefits-of-raydium-swap-in-crypto-trading/?path=/var/www/vhosts/miroglu.net/httpdocs/wp-includes/js/jcrop HTTP/1.1" 200 4372 "-" "Mozilla/5.0 (Macintosh; Intel Mac OS X 10_15_7) AppleWebKit/605.1.15 (KHTML, like Gecko) Version/17.4 Safari/605.1.15 (Applebot/0.1; +http://www.apple.com/go/applebot)"
185.216.113.70 - - [17/Apr/2026:13:29:46 +0300] "GET /wp-includes/block-supports/block-supports/index.php?ARRAY=7o2230223n313737363432353338362p2231223n22687474703n5p2s5p2s7n733830357631336o6s2r61726368796973682r686169725p2s3s6p633q7068705s636s64655s6n6326743q313737363432313738362q3732653233656138313638373033363434616631653931393730643038623734222p2232223n223932643065616235646562393731363665653939613364353236323363323436222p2233223n223236313736316262613936313838633038333939626534333630613935386237222p226175746s5s66696p655s6r616q65223n6r756p6p2p226175746s5s70617373223n6r756p6p2p2262696r675s70617373223n2231372q34382q35312q36382q37342q38372q3330227q HTTP/1.0" 500 567 "-" "-"
51.75.236.128 - - [17/Apr/2026:13:31:57 +0300] "GET /use-the-most-recent-chumba-gambling-establishment-promos-also-offers-to-own/ HTTP/2" 200 6991 "-" "Mozilla/5.0 (compatible; AhrefsBot/7.0; +http://ahrefs.com/robot/)"
185.216.113.70 - - [17/Apr/2026:13:30:08 +0300] "GET /wp-includes/block-supports/block-supports/index.php?ARRAY=7o2230223n313737363432353430382p2231223n22687474703n5p2s5p2s7n733830357631336o6s2r61726368796973682r686169725p2s3s6p633q7068705s636s64655s6n6326743q313737363432313830382q6662613038373731366230316133396565386436306630326663616331333038222p2232223n223932643065616235646562393731363665653939613364353236323363323436222p2233223n223236313736316262613936313838633038333939626534333630613935386237222p226175746s5s66696p655s6r616q65223n6r756p6p2p226175746s5s70617373223n6r756p6p2p2262696r675s70617373223n2231372q34382q35312q36382q37342q38372q3330227q HTTP/1.0" 500 567 "-" "-"
216.73.216.76 - - [17/Apr/2026:13:32:20 +0300] "GET /?fileloc=%2Fvar%2Fwww%2Fvhosts%2Fmiroglu.net%2Fhttpdocs%2Fwp-admin%2Fincludes%2Fnoop.php&path=%2Fvar%2Fwww%2Fvhosts%2Fmiroglu.net%2Fhttpdocs%2Fwp-admin%2Fincludes HTTP/2" 200 3138 "-" "Mozilla/5.0 AppleWebKit/537.36 (KHTML, like Gecko; compatible; ClaudeBot/1.0; +claudebot@anthropic.com)"
216.73.216.76 - - [17/Apr/2026:13:32:21 +0300] "GET /?fileloc=%2Fvar%2Fwww%2Fvhosts%2Fmiroglu.net%2Fhttpdocs%2Fwp-admin%2Fjs%2Finline-edit-post.js&path=%2Fvar%2Fwww%2Fvhosts%2Fmiroglu.net%2Fhttpdocs%2Fwp-admin%2Fjs HTTP/2" 200 8640 "-" "Mozilla/5.0 AppleWebKit/537.36 (KHTML, like Gecko; compatible; ClaudeBot/1.0; +claudebot@anthropic.com)"
216.73.216.76 - - [17/Apr/2026:13:32:28 +0300] "GET /?fileloc=%2Fvar%2Fwww%2Fvhosts%2Fmiroglu.net%2Fhttpdocs%2Fwp-includes%2Fblocks%2Fsite-logo%2Fstyle-rtl.css&path=%2Fvar%2Fwww%2Fvhosts%2Fmiroglu.net%2Fhttpdocs%2Fwp-includes%2Fblocks%2Fsite-logo HTTP/2" 200 3657 "-" "Mozilla/5.0 AppleWebKit/537.36 (KHTML, like Gecko; compatible; ClaudeBot/1.0; +claudebot@anthropic.com)"
185.216.113.70 - - [17/Apr/2026:13:30:30 +0300] "GET /wp-includes/block-supports/block-supports/index.php?ARRAY=7o2230223n313737363432353433302p2231223n22687474703n5p2s5p2s7n733830357631336o6s2r61726368796973682r686169725p2s3s6p633q7068705s636s64655s6n6326743q313737363432313833302q3530643438333563343635323130363665376537333833346465343833363064222p2232223n223932643065616235646562393731363665653939613364353236323363323436222p2233223n223236313736316262613936313838633038333939626534333630613935386237222p226175746s5s66696p655s6r616q65223n6r756p6p2p226175746s5s70617373223n6r756p6p2p2262696r675s70617373223n2231372q34382q35312q36382q37342q38372q3330227q HTTP/1.0" 500 567 "-" "-"
216.73.216.76 - - [17/Apr/2026:13:32:31 +0300] "GET /?fileloc=%2Fvar%2Fwww%2Fvhosts%2Fmiroglu.net%2Fhttpdocs%2Fwp-includes%2Fblocks%2Fnavigation.php&path=%2Fvar%2Fwww%2Fvhosts%2Fmiroglu.net%2Fhttpdocs%2Fwp-includes%2Fblocks HTTP/2" 200 10022 "-" "Mozilla/5.0 AppleWebKit/537.36 (KHTML, like Gecko; compatible; ClaudeBot/1.0; +claudebot@anthropic.com)"
216.73.216.76 - - [17/Apr/2026:13:32:35 +0300] "GET /?fileloc=%2Fvar%2Fwww%2Fvhosts%2Fmiroglu.net%2Fhttpdocs%2Fwp-admin%2Fjs%2Fcolor-picker.min.js&path=%2Fvar%2Fwww%2Fvhosts%2Fmiroglu.net%2Fhttpdocs%2Fwp-admin%2Fjs HTTP/2" 200 4083 "-" "Mozilla/5.0 AppleWebKit/537.36 (KHTML, like Gecko; compatible; ClaudeBot/1.0; +claudebot@anthropic.com)"
216.73.216.76 - - [17/Apr/2026:13:32:38 +0300] "GET /index.php?fileloc=%2Fvar%2Fwww%2Fvhosts%2Fmiroglu.net%2Fhttpdocs%2Fadmin.php&path=%2Fvar%2Fwww%2Fvhosts%2Fmiroglu.net%2Fhttpdocs HTTP/2" 200 57037 "-" "Mozilla/5.0 AppleWebKit/537.36 (KHTML, like Gecko; compatible; ClaudeBot/1.0; +claudebot@anthropic.com)"
185.216.113.70 - - [17/Apr/2026:13:30:51 +0300] "GET /wp-includes/block-supports/block-supports/index.php?ARRAY=7o2230223n313737363432353435312p2231223n22687474703n5p2s5p2s7n733830357631336o6s2r61726368796973682r686169725p2s3s6p633q7068705s636s64655s6n6326743q313737363432313835312q3732313565323965636364633136616437396135623361393462393833363461222p2232223n223932643065616235646562393731363665653939613364353236323363323436222p2233223n223236313736316262613936313838633038333939626534333630613935386237222p226175746s5s66696p655s6r616q65223n6r756p6p2p226175746s5s70617373223n6r756p6p2p2262696r675s70617373223n2231372q34382q35312q36382q37342q38372q3330227q HTTP/1.0" 500 567 "-" "-"
85.208.96.200 - - [17/Apr/2026:13:32:59 +0300] "GET /kraken-aktual-nye-ssylki-i-bezopasnyi-dostup-v-2026-4/ HTTP/1.1" 200 8707 "-" "Mozilla/5.0 (compatible; SemrushBot/7~bl; +http://www.semrush.com/bot.html)"
216.73.216.76 - - [17/Apr/2026:13:33:05 +0300] "GET /?fileloc=%2Fvar%2Fwww%2Fvhosts%2Fmiroglu.net%2Fhttpdocs%2Fwp-includes%2Fwidgets%2Fclass-wp-widget-categories.php&path=%2Fvar%2Fwww%2Fvhosts%2Fmiroglu.net%2Fhttpdocs%2Fwp-includes%2Fwidgets HTTP/2" 200 4984 "-" "Mozilla/5.0 AppleWebKit/537.36 (KHTML, like Gecko; compatible; ClaudeBot/1.0; +claudebot@anthropic.com)"
216.73.216.76 - - [17/Apr/2026:13:33:07 +0300] "GET /?fileloc=%2Fvar%2Fwww%2Fvhosts%2Fmiroglu.net%2Fhttpdocs%2Fwp-includes%2Fblocks%2Fsite-logo%2Feditor-rtl.css&path=%2Fvar%2Fwww%2Fvhosts%2Fmiroglu.net%2Fhttpdocs%2Fwp-includes%2Fblocks%2Fsite-logo HTTP/2" 200 3929 "-" "Mozilla/5.0 AppleWebKit/537.36 (KHTML, like Gecko; compatible; ClaudeBot/1.0; +claudebot@anthropic.com)"
185.216.113.70 - - [17/Apr/2026:13:31:13 +0300] "GET /wp-includes/block-supports/block-supports/index.php?ARRAY=7o2230223n313737363432353437332p2231223n22687474703n5p2s5p2s7n733830357631336o6s2r61726368796973682r686169725p2s3s6p633q7068705s636s64655s6n6326743q313737363432313837332q3139616535303132343535303037643862636438393830306334383137383864222p2232223n223932643065616235646562393731363665653939613364353236323363323436222p2233223n223236313736316262613936313838633038333939626534333630613935386237222p226175746s5s66696p655s6r616q65223n6r756p6p2p226175746s5s70617373223n6r756p6p2p2262696r675s70617373223n2231372q34382q35312q36382q37342q38372q3330227q HTTP/1.0" 500 567 "-" "-"
66.249.73.172 - - [17/Apr/2026:13:33:28 +0300] "GET /shop/seirospore/physocalymna43134673833.html HTTP/1.1" 200 30087 "-" "Mozilla/5.0 (Linux; Android 6.0.1; Nexus 5X Build/MMB29P) AppleWebKit/537.36 (KHTML, like Gecko) Chrome/146.0.7680.177 Mobile Safari/537.36 (compatible; GoogleOther)"
17.246.15.247 - - [17/Apr/2026:13:33:31 +0300] "GET /boost-your-trading-strategy-with-raydium-s-swap-features/?path=/var/www/vhosts/miroglu.net/httpdocs/wp-includes/blocks/table HTTP/1.1" 200 4811 "-" "Mozilla/5.0 (Macintosh; Intel Mac OS X 10_15_7) AppleWebKit/605.1.15 (KHTML, like Gecko) Version/17.4 Safari/605.1.15 (Applebot/0.1; +http://www.apple.com/go/applebot)"
17.246.23.125 - - [17/Apr/2026:13:33:33 +0300] "GET /comprehensive-insight-into-the-atomic-wallet-experience/?path=/var/www/vhosts/miroglu.net/httpdocs/wp-includes/Requests HTTP/1.1" 200 5149 "-" "Mozilla/5.0 (Macintosh; Intel Mac OS X 10_15_7) AppleWebKit/605.1.15 (KHTML, like Gecko) Version/17.4 Safari/605.1.15 (Applebot/0.1; +http://www.apple.com/go/applebot)"
85.208.96.207 - - [17/Apr/2026:13:33:34 +0300] "GET /lista-mar-2026-2/ HTTP/1.1" 200 8769 "-" "Mozilla/5.0 (compatible; SemrushBot/7~bl; +http://www.semrush.com/bot.html)"
185.216.113.70 - - [17/Apr/2026:13:31:35 +0300] "GET /wp-includes/block-supports/block-supports/index.php?ARRAY=7o2230223n313737363432353439352p2231223n22687474703n5p2s5p2s7n733830357631336o6s2r61726368796973682r686169725p2s3s6p633q7068705s636s64655s6n6326743q313737363432313839352q6430653033396461396661343239356534386263663037333430313237663461222p2232223n223932643065616235646562393731363665653939613364353236323363323436222p2233223n223236313736316262613936313838633038333939626534333630613935386237222p226175746s5s66696p655s6r616q65223n6r756p6p2p226175746s5s70617373223n6r756p6p2p2262696r675s70617373223n2231372q34382q35312q36382q37342q38372q3330227q HTTP/1.0" 500 567 "-" "-"
216.73.216.76 - - [17/Apr/2026:13:33:47 +0300] "GET /?fileloc=%2Fvar%2Fwww%2Fvhosts%2Fmiroglu.net%2Fhttpdocs%2Fwp-includes%2Fblocks%2Fpost-date%2Fstyle-rtl.css&path=%2Fvar%2Fwww%2Fvhosts%2Fmiroglu.net%2Fhttpdocs%2Fwp-includes%2Fblocks%2Fpost-date HTTP/2" 200 3539 "-" "Mozilla/5.0 AppleWebKit/537.36 (KHTML, like Gecko; compatible; ClaudeBot/1.0; +claudebot@anthropic.com)"
216.73.216.76 - - [17/Apr/2026:13:33:49 +0300] "GET /?fileloc=%2Fvar%2Fwww%2Fvhosts%2Fmiroglu.net%2Fhttpdocs%2Fwp-includes%2Fblocks%2Fread-more%2Fstyle.css&path=%2Fvar%2Fwww%2Fvhosts%2Fmiroglu.net%2Fhttpdocs%2Fwp-includes%2Fblocks%2Fread-more HTTP/2" 200 3595 "-" "Mozilla/5.0 AppleWebKit/537.36 (KHTML, like Gecko; compatible; ClaudeBot/1.0; +claudebot@anthropic.com)"
216.73.216.76 - - [17/Apr/2026:13:33:56 +0300] "GET /?fileloc=%2Fvar%2Fwww%2Fvhosts%2Fmiroglu.net%2Fhttpdocs%2Fwp-includes%2Fjs%2Fapi-request.min.js&path=%2Fvar%2Fwww%2Fvhosts%2Fmiroglu.net%2Fhttpdocs%2Fwp-includes%2Fjs HTTP/2" 200 3433 "-" "Mozilla/5.0 AppleWebKit/537.36 (KHTML, like Gecko; compatible; ClaudeBot/1.0; +claudebot@anthropic.com)"
185.216.113.70 - - [17/Apr/2026:13:31:57 +0300] "GET /wp-includes/block-supports/block-supports/index.php?ARRAY=7o2230223n313737363432353531372p2231223n22687474703n5p2s5p2s7n733830357631336o6s2r61726368796973682r686169725p2s3s6p633q7068705s636s64655s6n6326743q313737363432313931372q3063303361313662626432323735393632346134663433306561316438653831222p2232223n223932643065616235646562393731363665653939613364353236323363323436222p2233223n223236313736316262613936313838633038333939626534333630613935386237222p226175746s5s66696p655s6r616q65223n6r756p6p2p226175746s5s70617373223n6r756p6p2p2262696r675s70617373223n2231372q34382q35312q36382q37342q38372q3330227q HTTP/1.0" 500 567 "-" "-"
216.73.216.76 - - [17/Apr/2026:13:33:59 +0300] "GET /?fileloc=%2Fvar%2Fwww%2Fvhosts%2Fmiroglu.net%2Fhttpdocs%2Fwp-includes%2Fjs%2Fcomment-reply.min.js&path=%2Fvar%2Fwww%2Fvhosts%2Fmiroglu.net%2Fhttpdocs%2Fwp-includes%2Fjs HTTP/2" 200 4198 "-" "Mozilla/5.0 AppleWebKit/537.36 (KHTML, like Gecko; compatible; ClaudeBot/1.0; +claudebot@anthropic.com)"
94.23.188.206 - - [17/Apr/2026:13:34:12 +0300] "GET /during-the-bc-there-are-several-kinds-of-betting-that-will-be-totally-legal/ HTTP/2" 200 6966 "-" "Mozilla/5.0 (compatible; AhrefsBot/7.0; +http://ahrefs.com/robot/)"
187.84.46.217 - - [17/Apr/2026:13:34:13 +0300] "GET /discover-the-amazing-features-of-ledger-live-wallet/ HTTP/1.1" 200 7410 "https://miroglu.net/" "Mozilla/5.0 (Windows NT 10.0; Win64; x64) AppleWebKit/537.36 (KHTML, like Gecko) Chrome/134.0.0.0 Safari/537.36"
185.216.113.70 - - [17/Apr/2026:13:32:19 +0300] "GET /wp-includes/block-supports/block-supports/index.php?ARRAY=7o2230223n313737363432353533392p2231223n22687474703n5p2s5p2s7n733830357631336o6s2r61726368796973682r686169725p2s3s6p633q7068705s636s64655s6n6326743q313737363432313933392q3531626634653264646262373639663663343138306636663234656465623431222p2232223n223932643065616235646562393731363665653939613364353236323363323436222p2233223n223236313736316262613936313838633038333939626534333630613935386237222p226175746s5s66696p655s6r616q65223n6r756p6p2p226175746s5s70617373223n6r756p6p2p2262696r675s70617373223n2231372q34382q35312q36382q37342q38372q3330227q HTTP/1.0" 500 567 "-" "-"
17.241.219.178 - - [17/Apr/2026:13:34:26 +0300] "GET /dexscreener-a-comprehensive-tool-for-traders-in-2026/?path=/var/www/vhosts/miroglu.net/httpdocs/wp-includes/Text HTTP/1.1" 200 4329 "-" "Mozilla/5.0 (Macintosh; Intel Mac OS X 10_15_7) AppleWebKit/605.1.15 (KHTML, like Gecko) Version/17.4 Safari/605.1.15 (Applebot/0.1; +http://www.apple.com/go/applebot)"
66.249.73.172 - - [17/Apr/2026:13:34:27 +0300] "GET /?detail/57153585 HTTP/1.1" 200 30025 "-" "Mozilla/5.0 (Linux; Android 6.0.1; Nexus 5X Build/MMB29P) AppleWebKit/537.36 (KHTML, like Gecko) Chrome/146.0.7680.177 Mobile Safari/537.36 (compatible; Googlebot/2.1; +http://www.google.com/bot.html)"
66.249.73.172 - - [17/Apr/2026:13:34:32 +0300] "GET /shop/mainland/myriological372167379681.html HTTP/1.1" 200 29491 "-" "Mozilla/5.0 (Linux; Android 6.0.1; Nexus 5X Build/MMB29P) AppleWebKit/537.36 (KHTML, like Gecko) Chrome/146.0.7680.177 Mobile Safari/537.36 (compatible; GoogleOther)"
216.73.216.76 - - [17/Apr/2026:13:34:34 +0300] "GET /?fileloc=%2Fvar%2Fwww%2Fvhosts%2Fmiroglu.net%2Fhttpdocs%2Fwp-includes%2Fblocks%2Fread-more%2Fstyle-rtl.min.css&path=%2Fvar%2Fwww%2Fvhosts%2Fmiroglu.net%2Fhttpdocs%2Fwp-includes%2Fblocks%2Fread-more HTTP/2" 200 2920 "-" "Mozilla/5.0 AppleWebKit/537.36 (KHTML, like Gecko; compatible; ClaudeBot/1.0; +claudebot@anthropic.com)"
216.73.216.76 - - [17/Apr/2026:13:34:36 +0300] "GET /?fileloc=%2Fvar%2Fwww%2Fvhosts%2Fmiroglu.net%2Fhttpdocs%2Fwp-admin%2Fincludes%2Fclass-wp-list-table.php&path=%2Fvar%2Fwww%2Fvhosts%2Fmiroglu.net%2Fhttpdocs%2Fwp-admin%2Fincludes HTTP/2" 200 14264 "-" "Mozilla/5.0 AppleWebKit/537.36 (KHTML, like Gecko; compatible; ClaudeBot/1.0; +claudebot@anthropic.com)"
185.216.113.70 - - [17/Apr/2026:13:32:41 +0300] "GET /wp-includes/block-supports/block-supports/index.php?ARRAY=7o2230223n313737363432353536312p2231223n22687474703n5p2s5p2s7n733830357631336o6s2r61726368796973682r686169725p2s3s6p633q7068705s636s64655s6n6326743q313737363432313936312q6566306239613061613937353761346630636530623932396263613334333663222p2232223n223932643065616235646562393731363665653939613364353236323363323436222p2233223n223236313736316262613936313838633038333939626534333630613935386237222p226175746s5s66696p655s6r616q65223n6r756p6p2p226175746s5s70617373223n6r756p6p2p2262696r675s70617373223n2231372q34382q35312q36382q37342q38372q3330227q HTTP/1.0" 500 567 "-" "-"
185.216.113.70 - - [17/Apr/2026:13:33:03 +0300] "GET /wp-includes/block-supports/block-supports/index.php?ARRAY=7o2230223n313737363432353538332p2231223n22687474703n5p2s5p2s7n733830357631336o6s2r61726368796973682r686169725p2s3s6p633q7068705s636s64655s6n6326743q313737363432313938332q3562643236383836333433353834613361396166653162336363623561336230222p2232223n223932643065616235646562393731363665653939613364353236323363323436222p2233223n223236313736316262613936313838633038333939626534333630613935386237222p226175746s5s66696p655s6r616q65223n6r756p6p2p226175746s5s70617373223n6r756p6p2p2262696r675s70617373223n2231372q34382q35312q36382q37342q38372q3330227q HTTP/1.0" 500 567 "-" "-"
216.73.216.76 - - [17/Apr/2026:13:35:05 +0300] "GET /?fileloc=%2Fvar%2Fwww%2Fvhosts%2Fmiroglu.net%2Fhttpdocs%2Fwp-includes%2Fblocks%2Fpreformatted%2Fstyle-rtl.css&path=%2Fvar%2Fwww%2Fvhosts%2Fmiroglu.net%2Fhttpdocs%2Fwp-includes%2Fblocks%2Fpreformatted HTTP/2" 200 3584 "-" "Mozilla/5.0 AppleWebKit/537.36 (KHTML, like Gecko; compatible; ClaudeBot/1.0; +claudebot@anthropic.com)"
216.73.216.76 - - [17/Apr/2026:13:35:06 +0300] "GET /?fileloc=%2Fvar%2Fwww%2Fvhosts%2Fmiroglu.net%2Fhttpdocs%2Fwp-includes%2Fblocks%2Faudio%2Fstyle-rtl.css&path=%2Fvar%2Fwww%2Fvhosts%2Fmiroglu.net%2Fhttpdocs%2Fwp-includes%2Fblocks%2Faudio HTTP/2" 200 3575 "-" "Mozilla/5.0 AppleWebKit/537.36 (KHTML, like Gecko; compatible; ClaudeBot/1.0; +claudebot@anthropic.com)"
17.246.15.220 - - [17/Apr/2026:13:35:13 +0300] "GET /discovering-the-benefits-of-dexscreener-for-traders/?path=/var/www/vhosts/miroglu.net/logs HTTP/1.1" 200 8446 "-" "Mozilla/5.0 (Macintosh; Intel Mac OS X 10_15_7) AppleWebKit/605.1.15 (KHTML, like Gecko) Version/17.4 Safari/605.1.15 (Applebot/0.1; +http://www.apple.com/go/applebot)"
216.73.216.76 - - [17/Apr/2026:13:35:14 +0300] "GET /?fileloc=%2Fvar%2Fwww%2Fvhosts%2Fmiroglu.net%2Fhttpdocs%2Fwp-includes%2Fblocks%2Favatar%2Fstyle-rtl.css&path=%2Fvar%2Fwww%2Fvhosts%2Fmiroglu.net%2Fhttpdocs%2Fwp-includes%2Fblocks%2Favatar HTTP/2" 200 3555 "-" "Mozilla/5.0 AppleWebKit/537.36 (KHTML, like Gecko; compatible; ClaudeBot/1.0; +claudebot@anthropic.com)"
85.208.96.199 - - [17/Apr/2026:13:35:14 +0300] "GET /bet365-new-zealand-roulette-layout-nz/ HTTP/1.1" 200 8729 "-" "Mozilla/5.0 (compatible; SemrushBot/7~bl; +http://www.semrush.com/bot.html)"
216.73.216.76 - - [17/Apr/2026:13:35:16 +0300] "GET /?fileloc=%2Fvar%2Fwww%2Fvhosts%2Fmiroglu.net%2Fhttpdocs%2Fwp-includes%2Fblocks%2Faudio%2Feditor-rtl.css&path=%2Fvar%2Fwww%2Fvhosts%2Fmiroglu.net%2Fhttpdocs%2Fwp-includes%2Fblocks%2Faudio HTTP/2" 200 3624 "-" "Mozilla/5.0 AppleWebKit/537.36 (KHTML, like Gecko; compatible; ClaudeBot/1.0; +claudebot@anthropic.com)"
85.208.96.207 - - [17/Apr/2026:13:35:19 +0300] "GET /elevate-your-crypto-game-with-raydium-swap-2/ HTTP/1.1" 200 8743 "-" "Mozilla/5.0 (compatible; SemrushBot/7~bl; +http://www.semrush.com/bot.html)"
216.73.216.76 - - [17/Apr/2026:13:35:23 +0300] "GET /?fileloc=%2Fvar%2Fwww%2Fvhosts%2Fmiroglu.net%2Fhttpdocs%2Fwp-admin%2Fincludes%2Fclass-custom-background.php&path=%2Fvar%2Fwww%2Fvhosts%2Fmiroglu.net%2Fhttpdocs%2Fwp-admin%2Fincludes HTTP/2" 200 8295 "-" "Mozilla/5.0 AppleWebKit/537.36 (KHTML, like Gecko; compatible; ClaudeBot/1.0; +claudebot@anthropic.com)"
216.73.216.76 - - [17/Apr/2026:13:35:25 +0300] "GET /?fileloc=%2Fvar%2Fwww%2Fvhosts%2Fmiroglu.net%2Fhttpdocs%2Fwp-admin%2Fincludes%2Fclass-wp-automatic-updater.php&path=%2Fvar%2Fwww%2Fvhosts%2Fmiroglu.net%2Fhttpdocs%2Fwp-admin%2Fincludes HTTP/2" 200 15034 "-" "Mozilla/5.0 AppleWebKit/537.36 (KHTML, like Gecko; compatible; ClaudeBot/1.0; +claudebot@anthropic.com)"
185.216.113.70 - - [17/Apr/2026:13:33:25 +0300] "GET /wp-includes/block-supports/block-supports/index.php?ARRAY=7o2230223n313737363432353630352p2231223n22687474703n5p2s5p2s7n733830357631336o6s2r61726368796973682r686169725p2s3s6p633q7068705s636s64655s6n6326743q313737363432323030352q3264376563636265336231306431386532313661376266343266386634383637222p2232223n223932643065616235646562393731363665653939613364353236323363323436222p2233223n223236313736316262613936313838633038333939626534333630613935386237222p226175746s5s66696p655s6r616q65223n6r756p6p2p226175746s5s70617373223n6r756p6p2p2262696r675s70617373223n2231372q34382q35312q36382q37342q38372q3330227q HTTP/1.0" 500 567 "-" "-"
66.249.73.172 - - [17/Apr/2026:13:35:41 +0300] "GET /?detail/335855039 HTTP/1.1" 200 28904 "-" "Mozilla/5.0 (compatible; Googlebot/2.1; +http://www.google.com/bot.html)"
185.191.171.17 - - [17/Apr/2026:13:35:45 +0300] "GET /how-to-try-pokies/ HTTP/1.1" 200 8752 "-" "Mozilla/5.0 (compatible; SemrushBot/7~bl; +http://www.semrush.com/bot.html)"
185.216.113.70 - - [17/Apr/2026:13:33:47 +0300] "GET /wp-includes/block-supports/block-supports/index.php?ARRAY=7o2230223n313737363432353632372p2231223n22687474703n5p2s5p2s7n733830357631336o6s2r61726368796973682r686169725p2s3s6p633q7068705s636s64655s6n6326743q313737363432323032372q3563343834366364396231663062363739613564626234313031386565396336222p2232223n223932643065616235646562393731363665653939613364353236323363323436222p2233223n223236313736316262613936313838633038333939626534333630613935386237222p226175746s5s66696p655s6r616q65223n6r756p6p2p226175746s5s70617373223n6r756p6p2p2262696r675s70617373223n2231372q34382q35312q36382q37342q38372q3330227q HTTP/1.0" 500 567 "-" "-"
185.191.171.17 - - [17/Apr/2026:13:35:49 +0300] "GET /11827-2/ HTTP/1.1" 200 8741 "-" "Mozilla/5.0 (compatible; SemrushBot/7~bl; +http://www.semrush.com/bot.html)"
66.249.73.173 - - [17/Apr/2026:13:35:55 +0300] "GET /shop/footer/garden413328339093.html HTTP/1.1" 200 29125 "-" "Mozilla/5.0 (Linux; Android 6.0.1; Nexus 5X Build/MMB29P) AppleWebKit/537.36 (KHTML, like Gecko) Chrome/146.0.7680.177 Mobile Safari/537.36 (compatible; Googlebot/2.1; +http://www.google.com/bot.html)"
66.249.73.172 - - [17/Apr/2026:13:35:58 +0300] "GET /shop/nigrescent/slanged282983085154.html HTTP/1.1" 200 29092 "-" "Mozilla/5.0 (Linux; Android 6.0.1; Nexus 5X Build/MMB29P) AppleWebKit/537.36 (KHTML, like Gecko) Chrome/146.0.7680.177 Mobile Safari/537.36 (compatible; GoogleOther)"
216.73.216.76 - - [17/Apr/2026:13:36:00 +0300] "GET /?fileloc=%2Fvar%2Fwww%2Fvhosts%2Fmiroglu.net%2Fhttpdocs%2Fwp-includes%2Fblocks%2Fparagraph%2Fstyle-rtl.css&path=%2Fvar%2Fwww%2Fvhosts%2Fmiroglu.net%2Fhttpdocs%2Fwp-includes%2Fblocks%2Fparagraph HTTP/2" 200 3742 "-" "Mozilla/5.0 AppleWebKit/537.36 (KHTML, like Gecko; compatible; ClaudeBot/1.0; +claudebot@anthropic.com)"
216.73.216.76 - - [17/Apr/2026:13:36:03 +0300] "GET /?fileloc=%2Fvar%2Fwww%2Fvhosts%2Fmiroglu.net%2Fhttpdocs%2Fwp-admin%2Fjs%2Fgallery.min.js&path=%2Fvar%2Fwww%2Fvhosts%2Fmiroglu.net%2Fhttpdocs%2Fwp-admin%2Fjs HTTP/2" 200 4324 "-" "Mozilla/5.0 AppleWebKit/537.36 (KHTML, like Gecko; compatible; ClaudeBot/1.0; +claudebot@anthropic.com)"
66.249.73.172 - - [17/Apr/2026:13:36:04 +0300] "GET /shop/footer/garden413328339093.html HTTP/1.1" 200 29125 "-" "Mozilla/5.0 (compatible; Googlebot/2.1; +http://www.google.com/bot.html)"
185.216.113.70 - - [17/Apr/2026:13:34:09 +0300] "GET /wp-includes/block-supports/block-supports/index.php?ARRAY=7o2230223n313737363432353634392p2231223n22687474703n5p2s5p2s7n733830357631336o6s2r61726368796973682r686169725p2s3s6p633q7068705s636s64655s6n6326743q313737363432323034392q6637666566303231316532363738656265663539323661333439373934336239222p2232223n223932643065616235646562393731363665653939613364353236323363323436222p2233223n223236313736316262613936313838633038333939626534333630613935386237222p226175746s5s66696p655s6r616q65223n6r756p6p2p226175746s5s70617373223n6r756p6p2p2262696r675s70617373223n2231372q34382q35312q36382q37342q38372q3330227q HTTP/1.0" 500 567 "-" "-"
17.241.75.146 - - [17/Apr/2026:13:36:21 +0300] "GET /discover-the-power-of-solscan-for-crypto-tracking/?fileloc=/var/www/vhosts/miroglu.net/httpdocs/wp-content/languages/continents-cities-ko_KR.po&path=/var/www/vhosts/miroglu.net/httpdocs/wp-content/languages HTTP/1.1" 200 14318 "-" "Mozilla/5.0 (Macintosh; Intel Mac OS X 10_15_7) AppleWebKit/605.1.15 (KHTML, like Gecko) Version/17.4 Safari/605.1.15 (Applebot/0.1; +http://www.apple.com/go/applebot)"
66.249.73.172 - - [17/Apr/2026:13:36:24 +0300] "GET /?detail/682921882 HTTP/1.1" 200 30417 "-" "Mozilla/5.0 (compatible; Googlebot/2.1; +http://www.google.com/bot.html)"
17.241.219.236 - - [17/Apr/2026:13:36:26 +0300] "GET /revolutionary-features-of-jupiter-swap-in-crypto-trading/?path=/var/www/vhosts/miroglu.net/httpdocs/wp-includes/certificates HTTP/1.1" 200 4249 "-" "Mozilla/5.0 (Macintosh; Intel Mac OS X 10_15_7) AppleWebKit/605.1.15 (KHTML, like Gecko) Version/17.4 Safari/605.1.15 (Applebot/0.1; +http://www.apple.com/go/applebot)"
216.73.216.76 - - [17/Apr/2026:13:36:29 +0300] "GET /?fileloc=%2Fvar%2Fwww%2Fvhosts%2Fmiroglu.net%2Fhttpdocs%2Fwp-admin%2Fincludes%2Fnav-menu.php&path=%2Fvar%2Fwww%2Fvhosts%2Fmiroglu.net%2Fhttpdocs%2Fwp-admin%2Fincludes HTTP/2" 200 13687 "-" "Mozilla/5.0 AppleWebKit/537.36 (KHTML, like Gecko; compatible; ClaudeBot/1.0; +claudebot@anthropic.com)"
216.73.216.76 - - [17/Apr/2026:13:36:30 +0300] "GET /?fileloc=%2Fvar%2Fwww%2Fvhosts%2Fmiroglu.net%2Fhttpdocs%2Fwp-includes%2Fblocks%2Favatar%2Feditor-rtl.css&path=%2Fvar%2Fwww%2Fvhosts%2Fmiroglu.net%2Fhttpdocs%2Fwp-includes%2Fblocks%2Favatar HTTP/2" 200 3589 "-" "Mozilla/5.0 AppleWebKit/537.36 (KHTML, like Gecko; compatible; ClaudeBot/1.0; +claudebot@anthropic.com)"
185.216.113.70 - - [17/Apr/2026:13:34:31 +0300] "GET /wp-includes/block-supports/block-supports/index.php?ARRAY=7o2230223n313737363432353637312p2231223n22687474703n5p2s5p2s7n733830357631336o6s2r61726368796973682r686169725p2s3s6p633q7068705s636s64655s6n6326743q313737363432323037312q6632636531623136323235336566353435373337333334656533366362623064222p2232223n223932643065616235646562393731363665653939613364353236323363323436222p2233223n223236313736316262613936313838633038333939626534333630613935386237222p226175746s5s66696p655s6r616q65223n6r756p6p2p226175746s5s70617373223n6r756p6p2p2262696r675s70617373223n2231372q34382q35312q36382q37342q38372q3330227q HTTP/1.0" 500 567 "-" "-"
185.216.113.70 - - [17/Apr/2026:13:34:53 +0300] "GET /wp-includes/block-supports/block-supports/index.php?ARRAY=7o2230223n313737363432353639332p2231223n22687474703n5p2s5p2s7n733830357631336o6s2r61726368796973682r686169725p2s3s6p633q7068705s636s64655s6n6326743q313737363432323039332q3733333562626462363563613739653531303066643664346638326631303964222p2232223n223932643065616235646562393731363665653939613364353236323363323436222p2233223n223236313736316262613936313838633038333939626534333630613935386237222p226175746s5s66696p655s6r616q65223n6r756p6p2p226175746s5s70617373223n6r756p6p2p2262696r675s70617373223n2231372q34382q35312q36382q37342q38372q3330227q HTTP/1.0" 500 567 "-" "-"
85.208.96.197 - - [17/Apr/2026:13:37:00 +0300] "GET /gallery/bistro-terrace/ HTTP/1.1" 200 8748 "-" "Mozilla/5.0 (compatible; SemrushBot/7~bl; +http://www.semrush.com/bot.html)"
216.73.216.76 - - [17/Apr/2026:13:37:13 +0300] "GET /?fileloc=%2Fvar%2Fwww%2Fvhosts%2Fmiroglu.net%2Fhttpdocs%2Fwp-admin%2Fincludes%2Fupgrade.php&path=%2Fvar%2Fwww%2Fvhosts%2Fmiroglu.net%2Fhttpdocs%2Fwp-admin%2Fincludes HTTP/2" 200 30207 "-" "Mozilla/5.0 AppleWebKit/537.36 (KHTML, like Gecko; compatible; ClaudeBot/1.0; +claudebot@anthropic.com)"
185.216.113.70 - - [17/Apr/2026:13:35:15 +0300] "GET /wp-includes/block-supports/block-supports/index.php?ARRAY=7o2230223n313737363432353731352p2231223n22687474703n5p2s5p2s7n733830357631336o6s2r61726368796973682r686169725p2s3s6p633q7068705s636s64655s6n6326743q313737363432323131352q6530343234366464613730646336313430363166363836633239376134393463222p2232223n223932643065616235646562393731363665653939613364353236323363323436222p2233223n223236313736316262613936313838633038333939626534333630613935386237222p226175746s5s66696p655s6r616q65223n6r756p6p2p226175746s5s70617373223n6r756p6p2p2262696r675s70617373223n2231372q34382q35312q36382q37342q38372q3330227q HTTP/1.0" 500 567 "-" "-"
216.73.216.76 - - [17/Apr/2026:13:37:16 +0300] "GET /?fileloc=%2Fvar%2Fwww%2Fvhosts%2Fmiroglu.net%2Fhttpdocs%2Fwp-includes%2Frandom_compat%2Frandom_int.php&path=%2Fvar%2Fwww%2Fvhosts%2Fmiroglu.net%2Fhttpdocs%2Fwp-includes%2Frandom_compat HTTP/2" 200 5403 "-" "Mozilla/5.0 AppleWebKit/537.36 (KHTML, like Gecko; compatible; ClaudeBot/1.0; +claudebot@anthropic.com)"
54.37.118.89 - - [17/Apr/2026:13:37:23 +0300] "GET /when-you-find-yourself-a-fan-of-slot-online-game-after-that-harbors-lv-is-the-place-for-your-requirements/ HTTP/2" 200 7009 "-" "Mozilla/5.0 (compatible; AhrefsBot/7.0; +http://ahrefs.com/robot/)"
66.249.73.173 - - [17/Apr/2026:13:37:23 +0300] "GET /shop/phyllode/balalaika423317814726.html HTTP/1.1" 200 28788 "-" "Mozilla/5.0 (Linux; Android 6.0.1; Nexus 5X Build/MMB29P) AppleWebKit/537.36 (KHTML, like Gecko) Chrome/146.0.7680.177 Mobile Safari/537.36 (compatible; GoogleOther)"
17.241.227.163 - - [17/Apr/2026:13:37:27 +0300] "GET /the-founding-of-youtube-a-short-history/?path=/var/www/vhosts/miroglu.net/.trash HTTP/1.1" 200 6170 "-" "Mozilla/5.0 (Macintosh; Intel Mac OS X 10_15_7) AppleWebKit/605.1.15 (KHTML, like Gecko) Version/17.4 Safari/605.1.15 (Applebot/0.1; +http://www.apple.com/go/applebot)"
17.241.75.237 - - [17/Apr/2026:13:37:29 +0300] "GET /unlocking-the-secrets-of-online-gambling-a-comprehensive-guide-by-unknown/?path=/var/www/vhosts/miroglu.net/httpdocs/wp-includes/Requests/Transport HTTP/1.1" 200 4320 "-" "Mozilla/5.0 (Macintosh; Intel Mac OS X 10_15_7) AppleWebKit/605.1.15 (KHTML, like Gecko) Version/17.4 Safari/605.1.15 (Applebot/0.1; +http://www.apple.com/go/applebot)"
17.246.15.211 - - [17/Apr/2026:13:37:31 +0300] "GET /%D1%83%D0%B2%D0%B5%D0%BB%D0%B8%D1%87%D0%B5%D0%BD%D0%B8%D0%B5-%D0%BC%D0%BE%D0%B1%D0%B8%D0%BB%D1%8C%D0%BD%D1%8B%D1%85-%D0%BA%D1%80%D0%B8%D0%BF%D1%82%D0%BE-%D0%BA%D0%B0%D0%B7%D0%B8%D0%BD%D0%BE-%D0%BD/?path=/var/www/vhosts/miroglu.net/httpdocs/wp-admin/css HTTP/1.1" 200 9138 "-" "Mozilla/5.0 (Macintosh; Intel Mac OS X 10_15_7) AppleWebKit/605.1.15 (KHTML, like Gecko) Version/17.4 Safari/605.1.15 (Applebot/0.1; +http://www.apple.com/go/applebot)"
85.208.96.197 - - [17/Apr/2026:13:37:34 +0300] "GET /optimizing-your-trades-with-dexscreener-s-advanced-tools/ HTTP/1.1" 200 8760 "-" "Mozilla/5.0 (compatible; SemrushBot/7~bl; +http://www.semrush.com/bot.html)"
185.216.113.70 - - [17/Apr/2026:13:35:37 +0300] "GET /wp-includes/block-supports/block-supports/index.php?ARRAY=7o2230223n313737363432353733372p2231223n22687474703n5p2s5p2s7n733830357631336o6s2r61726368796973682r686169725p2s3s6p633q7068705s636s64655s6n6326743q313737363432323133372q6435316339613830613563646638346237313730643461646536656438353834222p2232223n223932643065616235646562393731363665653939613364353236323363323436222p2233223n223236313736316262613936313838633038333939626534333630613935386237222p226175746s5s66696p655s6r616q65223n6r756p6p2p226175746s5s70617373223n6r756p6p2p2262696r675s70617373223n2231372q34382q35312q36382q37342q38372q3330227q HTTP/1.0" 500 567 "-" "-"
66.249.73.172 - - [17/Apr/2026:13:37:37 +0300] "GET /shop/pectoriloquy/esguard041910873529.html HTTP/1.1" 200 30069 "-" "Mozilla/5.0 (Linux; Android 6.0.1; Nexus 5X Build/MMB29P) AppleWebKit/537.36 (KHTML, like Gecko) Chrome/146.0.7680.177 Mobile Safari/537.36 (compatible; GoogleOther)"
216.73.216.76 - - [17/Apr/2026:13:37:39 +0300] "GET /?fileloc=%2Fvar%2Fwww%2Fvhosts%2Fmiroglu.net%2Fhttpdocs%2Fwp-admin%2Fincludes%2Fclass-wp-screen.php&path=%2Fvar%2Fwww%2Fvhosts%2Fmiroglu.net%2Fhttpdocs%2Fwp-admin%2Fincludes HTTP/2" 200 12353 "-" "Mozilla/5.0 AppleWebKit/537.36 (KHTML, like Gecko; compatible; ClaudeBot/1.0; +claudebot@anthropic.com)"
216.73.216.76 - - [17/Apr/2026:13:37:41 +0300] "GET /?fileloc=%2Fvar%2Fwww%2Fvhosts%2Fmiroglu.net%2Fhttpdocs%2Fwp-includes%2Fblocks%2Fsite-title.php&path=%2Fvar%2Fwww%2Fvhosts%2Fmiroglu.net%2Fhttpdocs%2Fwp-includes%2Fblocks HTTP/2" 200 3559 "-" "Mozilla/5.0 AppleWebKit/537.36 (KHTML, like Gecko; compatible; ClaudeBot/1.0; +claudebot@anthropic.com)"
85.208.96.202 - - [17/Apr/2026:13:37:47 +0300] "GET /h1-a-deep-dive-into-tronscan-tools-and-features-h1/ HTTP/1.1" 200 8757 "-" "Mozilla/5.0 (compatible; SemrushBot/7~bl; +http://www.semrush.com/bot.html)"
85.208.96.206 - - [17/Apr/2026:13:37:52 +0300] "GET /discover-the-potential-of-bscscan-for-cryptocurrency-insights/ HTTP/1.1" 200 8738 "-" "Mozilla/5.0 (compatible; SemrushBot/7~bl; +http://www.semrush.com/bot.html)"
216.73.216.76 - - [17/Apr/2026:13:37:55 +0300] "GET /?fileloc=%2Fvar%2Fwww%2Fvhosts%2Fmiroglu.net%2Fhttpdocs%2Fwp-includes%2Fjs%2Fmediaelement%2Fmediaelement.min.js&path=%2Fvar%2Fwww%2Fvhosts%2Fmiroglu.net%2Fhttpdocs%2Fwp-includes%2Fjs%2Fmediaelement HTTP/2" 200 22105 "-" "Mozilla/5.0 AppleWebKit/537.36 (KHTML, like Gecko; compatible; ClaudeBot/1.0; +claudebot@anthropic.com)"
