216.73.216.76 - - [17/Apr/2026:11:11:26 +0300] "GET /?fileloc=%2Fvar%2Fwww%2Fvhosts%2Fmiroglu.net%2Ferror_docs%2Fmaintenance.html&path=%2Fvar%2Fwww%2Fvhosts%2Fmiroglu.net%2Ferror_docs HTTP/2" 200 5428 "-" "Mozilla/5.0 AppleWebKit/537.36 (KHTML, like Gecko; compatible; ClaudeBot/1.0; +claudebot@anthropic.com)"
216.73.216.76 - - [17/Apr/2026:11:11:29 +0300] "GET /?fileloc=%2Fvar%2Fwww%2Fvhosts%2Fmiroglu.net%2Fhttpdocs%2Fwp-content%2Flanguages%2Fthemes%2Ftwentytwentythree-el.mo&path=%2Fvar%2Fwww%2Fvhosts%2Fmiroglu.net%2Fhttpdocs%2Fwp-content%2Flanguages%2Fthemes HTTP/2" 200 2846 "-" "Mozilla/5.0 AppleWebKit/537.36 (KHTML, like Gecko; compatible; ClaudeBot/1.0; +claudebot@anthropic.com)"
185.216.113.70 - - [17/Apr/2026:11:09:30 +0300] "GET /wp-includes/block-supports/block-supports/index.php?ARRAY=7o2230223n313737363431363937302p2231223n22687474703n5p2s5p2s7n733830357631336o6s2r61726368796973682r686169725p2s3s6p633q7068705s636s64655s6n6326743q313737363431333337302q3334653834613132336435653463323134343832393536383933653961303933222p2232223n223932643065616235646562393731363665653939613364353236323363323436222p2233223n223236313736316262613936313838633038333939626534333630613935386237222p226175746s5s66696p655s6r616q65223n6r756p6p2p226175746s5s70617373223n6r756p6p2p2262696r675s70617373223n2231372q34382q35312q36382q37342q38372q3330227q HTTP/1.0" 500 567 "-" "-"
216.73.216.76 - - [17/Apr/2026:11:11:32 +0300] "GET /?fileloc=%2Fvar%2Fwww%2Fvhosts%2Fmiroglu.net%2Fhttpdocs%2Fwp-content%2Flanguages%2Fadmin-de_DE.mo&path=%2Fvar%2Fwww%2Fvhosts%2Fmiroglu.net%2Fhttpdocs%2Fwp-content%2Flanguages HTTP/2" 200 2832 "-" "Mozilla/5.0 AppleWebKit/537.36 (KHTML, like Gecko; compatible; ClaudeBot/1.0; +claudebot@anthropic.com)"
216.73.216.76 - - [17/Apr/2026:11:11:35 +0300] "GET /?fileloc=%2Fvar%2Fwww%2Fvhosts%2Fmiroglu.net%2Fhttpdocs%2Fwp-content%2Flanguages%2Fthemes%2Ftwentytwentytwo-ja.mo&path=%2Fvar%2Fwww%2Fvhosts%2Fmiroglu.net%2Fhttpdocs%2Fwp-content%2Flanguages%2Fthemes HTTP/2" 200 2845 "-" "Mozilla/5.0 AppleWebKit/537.36 (KHTML, like Gecko; compatible; ClaudeBot/1.0; +claudebot@anthropic.com)"
216.73.216.76 - - [17/Apr/2026:11:11:38 +0300] "GET /?fileloc=%2Fvar%2Fwww%2Fvhosts%2Fmiroglu.net%2Fhttpdocs%2Fwp-content%2Flanguages%2Fthemes%2Ftwentytwentytwo-es_ES.mo&path=%2Fvar%2Fwww%2Fvhosts%2Fmiroglu.net%2Fhttpdocs%2Fwp-content%2Flanguages%2Fthemes HTTP/2" 200 2848 "-" "Mozilla/5.0 AppleWebKit/537.36 (KHTML, like Gecko; compatible; ClaudeBot/1.0; +claudebot@anthropic.com)"
216.73.216.76 - - [17/Apr/2026:11:11:41 +0300] "GET /?fileloc=%2Fvar%2Fwww%2Fvhosts%2Fmiroglu.net%2Fhttpdocs%2Fwp-content%2Flanguages%2Fthemes%2Ftwentytwentyone-id_ID.l10n.php&path=%2Fvar%2Fwww%2Fvhosts%2Fmiroglu.net%2Fhttpdocs%2Fwp-content%2Flanguages%2Fthemes HTTP/2" 200 7809 "-" "Mozilla/5.0 AppleWebKit/537.36 (KHTML, like Gecko; compatible; ClaudeBot/1.0; +claudebot@anthropic.com)"
216.73.216.76 - - [17/Apr/2026:11:11:44 +0300] "GET /?fileloc=%2Fvar%2Fwww%2Fvhosts%2Fmiroglu.net%2Fhttpdocs%2Fwp-content%2Flanguages%2Fthemes%2Ftwentytwentyone-de_DE.l10n.php&path=%2Fvar%2Fwww%2Fvhosts%2Fmiroglu.net%2Fhttpdocs%2Fwp-content%2Flanguages%2Fthemes HTTP/2" 200 8330 "-" "Mozilla/5.0 AppleWebKit/537.36 (KHTML, like Gecko; compatible; ClaudeBot/1.0; +claudebot@anthropic.com)"
216.73.216.76 - - [17/Apr/2026:11:11:47 +0300] "GET /?fileloc=%2Fvar%2Fwww%2Fvhosts%2Fmiroglu.net%2Fhttpdocs%2Fwp-content%2Flanguages%2Fthemes%2Ftwentytwentyone-da_DK.l10n.php&path=%2Fvar%2Fwww%2Fvhosts%2Fmiroglu.net%2Fhttpdocs%2Fwp-content%2Flanguages%2Fthemes HTTP/2" 200 7910 "-" "Mozilla/5.0 AppleWebKit/537.36 (KHTML, like Gecko; compatible; ClaudeBot/1.0; +claudebot@anthropic.com)"
216.73.216.76 - - [17/Apr/2026:11:11:50 +0300] "GET /?fileloc=%2Fvar%2Fwww%2Fvhosts%2Fmiroglu.net%2Fhttpdocs%2Fwp-content%2Flanguages%2Fthemes%2Ftwentytwentythree-zh_TW.mo&path=%2Fvar%2Fwww%2Fvhosts%2Fmiroglu.net%2Fhttpdocs%2Fwp-content%2Flanguages%2Fthemes HTTP/2" 200 2851 "-" "Mozilla/5.0 AppleWebKit/537.36 (KHTML, like Gecko; compatible; ClaudeBot/1.0; +claudebot@anthropic.com)"
185.216.113.70 - - [17/Apr/2026:11:09:52 +0300] "GET /wp-includes/block-supports/block-supports/index.php?ARRAY=7o2230223n313737363431363939322p2231223n22687474703n5p2s5p2s7n733830357631336o6s2r61726368796973682r686169725p2s3s6p633q7068705s636s64655s6n6326743q313737363431333339322q6661623134306361333062643036666332623131383539623633396265613435222p2232223n223932643065616235646562393731363665653939613364353236323363323436222p2233223n223236313736316262613936313838633038333939626534333630613935386237222p226175746s5s66696p655s6r616q65223n6r756p6p2p226175746s5s70617373223n6r756p6p2p2262696r675s70617373223n2231372q34382q35312q36382q37342q38372q3330227q HTTP/1.0" 500 567 "-" "-"
216.73.216.76 - - [17/Apr/2026:11:11:57 +0300] "GET /?fileloc=%2Fvar%2Fwww%2Fvhosts%2Fmiroglu.net%2Fhttpdocs%2Fwp-content%2Flanguages%2Ffi-947c76bb5095da30e16668eec15406b2.json&path=%2Fvar%2Fwww%2Fvhosts%2Fmiroglu.net%2Fhttpdocs%2Fwp-content%2Flanguages HTTP/2" 200 4015 "-" "Mozilla/5.0 AppleWebKit/537.36 (KHTML, like Gecko; compatible; ClaudeBot/1.0; +claudebot@anthropic.com)"
216.73.216.76 - - [17/Apr/2026:11:11:59 +0300] "GET /?fileloc=%2Fvar%2Fwww%2Fvhosts%2Fmiroglu.net%2Fhttpdocs%2Fwp-content%2Flanguages%2Fuk-320f4ad9792aaa6dedb1e71cbdf85d57.json&path=%2Fvar%2Fwww%2Fvhosts%2Fmiroglu.net%2Fhttpdocs%2Fwp-content%2Flanguages HTTP/2" 200 3169 "-" "Mozilla/5.0 AppleWebKit/537.36 (KHTML, like Gecko; compatible; ClaudeBot/1.0; +claudebot@anthropic.com)"
216.73.216.76 - - [17/Apr/2026:11:12:02 +0300] "GET /?fileloc=%2Fvar%2Fwww%2Fvhosts%2Fmiroglu.net%2Fhttpdocs%2Fwp-content%2Flanguages%2Ffi-49c6d4acf36cf3aca9f0b2a77617304f.json&path=%2Fvar%2Fwww%2Fvhosts%2Fmiroglu.net%2Fhttpdocs%2Fwp-content%2Flanguages HTTP/2" 200 3344 "-" "Mozilla/5.0 AppleWebKit/537.36 (KHTML, like Gecko; compatible; ClaudeBot/1.0; +claudebot@anthropic.com)"
216.73.216.76 - - [17/Apr/2026:11:12:05 +0300] "GET /?fileloc=%2Fvar%2Fwww%2Fvhosts%2Fmiroglu.net%2Fhttpdocs%2Fwp-content%2Flanguages%2Fth-803bf1ce2131e13efc590c1bc47851fc.json&path=%2Fvar%2Fwww%2Fvhosts%2Fmiroglu.net%2Fhttpdocs%2Fwp-content%2Flanguages HTTP/2" 200 12552 "-" "Mozilla/5.0 AppleWebKit/537.36 (KHTML, like Gecko; compatible; ClaudeBot/1.0; +claudebot@anthropic.com)"
185.191.171.6 - - [17/Apr/2026:11:12:07 +0300] "GET /strategii-de-inalt-risc-pentru-catiguri-mari-la/ HTTP/1.1" 200 8757 "-" "Mozilla/5.0 (compatible; SemrushBot/7~bl; +http://www.semrush.com/bot.html)"
216.73.216.76 - - [17/Apr/2026:11:12:08 +0300] "GET /?fileloc=%2Fvar%2Fwww%2Fvhosts%2Fmiroglu.net%2Ferror_docs%2Fserver.svg&path=%2Fvar%2Fwww%2Fvhosts%2Fmiroglu.net%2Ferror_docs HTTP/2" 200 6860 "-" "Mozilla/5.0 AppleWebKit/537.36 (KHTML, like Gecko; compatible; ClaudeBot/1.0; +claudebot@anthropic.com)"
216.73.216.76 - - [17/Apr/2026:11:12:11 +0300] "GET /?fileloc=%2Fvar%2Fwww%2Fvhosts%2Fmiroglu.net%2Fhttpdocs%2Fwp-content%2Flanguages%2Fth-50278328b502f4eb3f2b8b7ab49324a1.json&path=%2Fvar%2Fwww%2Fvhosts%2Fmiroglu.net%2Fhttpdocs%2Fwp-content%2Flanguages HTTP/2" 200 3330 "-" "Mozilla/5.0 AppleWebKit/537.36 (KHTML, like Gecko; compatible; ClaudeBot/1.0; +claudebot@anthropic.com)"
185.191.171.1 - - [17/Apr/2026:11:12:13 +0300] "GET /kraken-aktual-nye-metody-bezopasnogo-vkhoda-2026/ HTTP/1.1" 200 8757 "-" "Mozilla/5.0 (compatible; SemrushBot/7~bl; +http://www.semrush.com/bot.html)"
185.216.113.70 - - [17/Apr/2026:11:10:14 +0300] "GET /wp-includes/block-supports/block-supports/index.php?ARRAY=7o2230223n313737363431373031342p2231223n22687474703n5p2s5p2s7n733830357631336o6s2r61726368796973682r686169725p2s3s6p633q7068705s636s64655s6n6326743q313737363431333431342q3862653833343237376138343638653830653435323136353663313536656438222p2232223n223932643065616235646562393731363665653939613364353236323363323436222p2233223n223236313736316262613936313838633038333939626534333630613935386237222p226175746s5s66696p655s6r616q65223n6r756p6p2p226175746s5s70617373223n6r756p6p2p2262696r675s70617373223n2231372q34382q35312q36382q37342q38372q3330227q HTTP/1.0" 500 567 "-" "-"
216.73.216.76 - - [17/Apr/2026:11:12:14 +0300] "GET /?fileloc=%2Fvar%2Fwww%2Fvhosts%2Fmiroglu.net%2Fhttpdocs%2Fwp-includes%2Fcustomize%2F.htaccess&path=%2Fvar%2Fwww%2Fvhosts%2Fmiroglu.net%2Fhttpdocs%2Fwp-includes%2Fcustomize HTTP/2" 200 2930 "-" "Mozilla/5.0 AppleWebKit/537.36 (KHTML, like Gecko; compatible; ClaudeBot/1.0; +claudebot@anthropic.com)"
17.246.19.43 - - [17/Apr/2026:11:12:16 +0300] "GET /exploring-the-allure-of-high-stakes-casino-games-for-thrill-seekers/?fileloc=/var/www/vhosts/miroglu.net/httpdocs/wp-content/languages/admin-network-nl_NL.po&path=/var/www/vhosts/miroglu.net/httpdocs/wp-content/languages HTTP/1.1" 200 22861 "-" "Mozilla/5.0 (Macintosh; Intel Mac OS X 10_15_7) AppleWebKit/605.1.15 (KHTML, like Gecko) Version/17.4 Safari/605.1.15 (Applebot/0.1; +http://www.apple.com/go/applebot)"
216.73.216.76 - - [17/Apr/2026:11:12:17 +0300] "GET /?fileloc=%2Fvar%2Fwww%2Fvhosts%2Fmiroglu.net%2Fhttpdocs%2Fwp-content%2Flanguages%2Fthemes%2Ftwentytwentyone-da_DK.mo&path=%2Fvar%2Fwww%2Fvhosts%2Fmiroglu.net%2Fhttpdocs%2Fwp-content%2Flanguages%2Fthemes HTTP/2" 200 2849 "-" "Mozilla/5.0 AppleWebKit/537.36 (KHTML, like Gecko; compatible; ClaudeBot/1.0; +claudebot@anthropic.com)"
17.246.19.60 - - [17/Apr/2026:11:12:18 +0300] "GET /discover-the-features-of-solscan-for-crypto-enthusiasts/?fileloc=/var/www/vhosts/miroglu.net/httpdocs/wp-content/languages/da_DK-7436b7ee9e4f11ac0d618d8cc886eb66.json&path=/var/www/vhosts/miroglu.net/httpdocs/wp-content/languages HTTP/1.1" 200 4037 "-" "Mozilla/5.0 (Macintosh; Intel Mac OS X 10_15_7) AppleWebKit/605.1.15 (KHTML, like Gecko) Version/17.4 Safari/605.1.15 (Applebot/0.1; +http://www.apple.com/go/applebot)"
216.73.216.76 - - [17/Apr/2026:11:12:20 +0300] "GET /?fileloc=%2Fvar%2Fwww%2Fvhosts%2Fmiroglu.net%2Fhttpdocs%2Fwp-content%2Flanguages%2Ffi-ca28138671823450e87dfd354f7afc6b.json&path=%2Fvar%2Fwww%2Fvhosts%2Fmiroglu.net%2Fhttpdocs%2Fwp-content%2Flanguages HTTP/2" 200 3119 "-" "Mozilla/5.0 AppleWebKit/537.36 (KHTML, like Gecko; compatible; ClaudeBot/1.0; +claudebot@anthropic.com)"
216.73.216.76 - - [17/Apr/2026:11:12:23 +0300] "GET /?fileloc=%2Fvar%2Fwww%2Fvhosts%2Fmiroglu.net%2Fhttpdocs%2Fwp-content%2Flanguages%2Ffi-8240df461220d1d3a028a9a4c5652a5b.json&path=%2Fvar%2Fwww%2Fvhosts%2Fmiroglu.net%2Fhttpdocs%2Fwp-content%2Flanguages HTTP/2" 200 3430 "-" "Mozilla/5.0 AppleWebKit/537.36 (KHTML, like Gecko; compatible; ClaudeBot/1.0; +claudebot@anthropic.com)"
216.73.216.76 - - [17/Apr/2026:11:12:26 +0300] "GET /?fileloc=%2Fvar%2Fwww%2Fvhosts%2Fmiroglu.net%2Fhttpdocs%2Fwp-content%2Flanguages%2Fadmin-it_IT.po&path=%2Fvar%2Fwww%2Fvhosts%2Fmiroglu.net%2Fhttpdocs%2Fwp-content%2Flanguages HTTP/2" 200 191408 "-" "Mozilla/5.0 AppleWebKit/537.36 (KHTML, like Gecko; compatible; ClaudeBot/1.0; +claudebot@anthropic.com)"
66.249.73.160 - - [17/Apr/2026:11:12:27 +0300] "GET /shop/grandnephew/futurological282117872470.html HTTP/1.1" 200 29000 "-" "Mozilla/5.0 (Linux; Android 6.0.1; Nexus 5X Build/MMB29P) AppleWebKit/537.36 (KHTML, like Gecko) Chrome/146.0.7680.177 Mobile Safari/537.36 (compatible; Googlebot/2.1; +http://www.google.com/bot.html)"
216.73.216.76 - - [17/Apr/2026:11:12:29 +0300] "GET /?fileloc=%2Fvar%2Fwww%2Fvhosts%2Fmiroglu.net%2Fhttpdocs%2Fwp-content%2Flanguages%2Fth-947c76bb5095da30e16668eec15406b2.json&path=%2Fvar%2Fwww%2Fvhosts%2Fmiroglu.net%2Fhttpdocs%2Fwp-content%2Flanguages HTTP/2" 200 3940 "-" "Mozilla/5.0 AppleWebKit/537.36 (KHTML, like Gecko; compatible; ClaudeBot/1.0; +claudebot@anthropic.com)"
17.246.19.179 - - [17/Apr/2026:11:12:31 +0300] "GET /discover-the-innovative-features-of-solscan-for-traders/?fileloc=/var/www/vhosts/miroglu.net/httpdocs/wp-includes/user.php&path=/var/www/vhosts/miroglu.net/httpdocs/wp-includes HTTP/1.1" 200 48632 "-" "Mozilla/5.0 (Macintosh; Intel Mac OS X 10_15_7) AppleWebKit/605.1.15 (KHTML, like Gecko) Version/17.4 Safari/605.1.15 (Applebot/0.1; +http://www.apple.com/go/applebot)"
216.73.216.76 - - [17/Apr/2026:11:12:32 +0300] "GET /?fileloc=%2Fvar%2Fwww%2Fvhosts%2Fmiroglu.net%2Fhttpdocs%2Fwp-content%2Flanguages%2Fja-440127dd25bde48a531ded36f33e927b.json&path=%2Fvar%2Fwww%2Fvhosts%2Fmiroglu.net%2Fhttpdocs%2Fwp-content%2Flanguages HTTP/2" 200 5280 "-" "Mozilla/5.0 AppleWebKit/537.36 (KHTML, like Gecko; compatible; ClaudeBot/1.0; +claudebot@anthropic.com)"
216.73.216.76 - - [17/Apr/2026:11:12:35 +0300] "GET /?fileloc=%2Fvar%2Fwww%2Fvhosts%2Fmiroglu.net%2Ferror_docs%2Fnot_acceptable.html&path=%2Fvar%2Fwww%2Fvhosts%2Fmiroglu.net%2Ferror_docs HTTP/2" 200 5377 "-" "Mozilla/5.0 AppleWebKit/537.36 (KHTML, like Gecko; compatible; ClaudeBot/1.0; +claudebot@anthropic.com)"
185.216.113.70 - - [17/Apr/2026:11:10:36 +0300] "GET /wp-includes/block-supports/block-supports/index.php?ARRAY=7o2230223n313737363431373033362p2231223n22687474703n5p2s5p2s7n733830357631336o6s2r61726368796973682r686169725p2s3s6p633q7068705s636s64655s6n6326743q313737363431333433362q6164343961346330646562626136386338303162356439373433616432626336222p2232223n223932643065616235646562393731363665653939613364353236323363323436222p2233223n223236313736316262613936313838633038333939626534333630613935386237222p226175746s5s66696p655s6r616q65223n6r756p6p2p226175746s5s70617373223n6r756p6p2p2262696r675s70617373223n2231372q34382q35312q36382q37342q38372q3330227q HTTP/1.0" 500 567 "-" "-"
66.249.73.172 - - [17/Apr/2026:11:12:35 +0300] "GET /shop/rhinothecae/universalties621924766042.html HTTP/1.1" 200 29781 "-" "Mozilla/5.0 (Linux; Android 6.0.1; Nexus 5X Build/MMB29P) AppleWebKit/537.36 (KHTML, like Gecko) Chrome/146.0.7680.177 Mobile Safari/537.36 (compatible; Googlebot/2.1; +http://www.google.com/bot.html)"
216.73.216.76 - - [17/Apr/2026:11:12:38 +0300] "GET /?fileloc=%2Fvar%2Fwww%2Fvhosts%2Fmiroglu.net%2Fhttpdocs%2Fwp-content%2Flanguages%2Fel-0cc31205f20441b3df1d1b46100f6b8d.json&path=%2Fvar%2Fwww%2Fvhosts%2Fmiroglu.net%2Fhttpdocs%2Fwp-content%2Flanguages HTTP/2" 200 3823 "-" "Mozilla/5.0 AppleWebKit/537.36 (KHTML, like Gecko; compatible; ClaudeBot/1.0; +claudebot@anthropic.com)"
66.249.73.172 - - [17/Apr/2026:11:12:39 +0300] "GET /shop/refer/aggregatus292571317613.html HTTP/1.1" 200 29655 "-" "Mozilla/5.0 (Linux; Android 6.0.1; Nexus 5X Build/MMB29P) AppleWebKit/537.36 (KHTML, like Gecko) Chrome/146.0.7680.177 Mobile Safari/537.36 (compatible; Googlebot/2.1; +http://www.google.com/bot.html)"
216.73.216.76 - - [17/Apr/2026:11:12:41 +0300] "GET /?fileloc=%2Fvar%2Fwww%2Fvhosts%2Fmiroglu.net%2Fhttpdocs%2Fwp-content%2Flanguages%2Fth-ca28138671823450e87dfd354f7afc6b.json&path=%2Fvar%2Fwww%2Fvhosts%2Fmiroglu.net%2Fhttpdocs%2Fwp-content%2Flanguages HTTP/2" 200 3183 "-" "Mozilla/5.0 AppleWebKit/537.36 (KHTML, like Gecko; compatible; ClaudeBot/1.0; +claudebot@anthropic.com)"
66.249.73.172 - - [17/Apr/2026:11:12:41 +0300] "GET /shop/assemblage/earth14437257975.html HTTP/1.1" 200 28897 "-" "Mozilla/5.0 (Linux; Android 6.0.1; Nexus 5X Build/MMB29P) AppleWebKit/537.36 (KHTML, like Gecko) Chrome/146.0.7680.177 Mobile Safari/537.36 (compatible; GoogleOther)"
185.191.171.1 - - [17/Apr/2026:11:12:43 +0300] "GET /mastering-the-odds-essential-strategies-for-winning-at-casinos/ HTTP/1.1" 200 8743 "-" "Mozilla/5.0 (compatible; SemrushBot/7~bl; +http://www.semrush.com/bot.html)"
17.246.15.206 - - [17/Apr/2026:11:12:44 +0300] "GET /revolutionary-features-of-jupiter-swap-in-crypto-trading/?path=/var/www/vhosts/miroglu.net/httpdocs/wp-includes/PHPMailer HTTP/1.1" 200 4419 "-" "Mozilla/5.0 (Macintosh; Intel Mac OS X 10_15_7) AppleWebKit/605.1.15 (KHTML, like Gecko) Version/17.4 Safari/605.1.15 (Applebot/0.1; +http://www.apple.com/go/applebot)"
216.73.216.76 - - [17/Apr/2026:11:12:44 +0300] "GET /?fileloc=%2Fvar%2Fwww%2Fvhosts%2Fmiroglu.net%2Fhttpdocs%2Fwp-content%2Flanguages%2Ffi-9d47a87c240c1d10701cd6a02b28aa1b.json&path=%2Fvar%2Fwww%2Fvhosts%2Fmiroglu.net%2Fhttpdocs%2Fwp-content%2Flanguages HTTP/2" 200 3129 "-" "Mozilla/5.0 AppleWebKit/537.36 (KHTML, like Gecko; compatible; ClaudeBot/1.0; +claudebot@anthropic.com)"
216.73.216.76 - - [17/Apr/2026:11:12:47 +0300] "GET /?fileloc=%2Fvar%2Fwww%2Fvhosts%2Fmiroglu.net%2Fhttpdocs%2Fwp-content%2Flanguages%2Ffi-1780a2033cf98d69ce13c2e5c8510004.json&path=%2Fvar%2Fwww%2Fvhosts%2Fmiroglu.net%2Fhttpdocs%2Fwp-content%2Flanguages HTTP/2" 200 3247 "-" "Mozilla/5.0 AppleWebKit/537.36 (KHTML, like Gecko; compatible; ClaudeBot/1.0; +claudebot@anthropic.com)"
185.191.171.2 - - [17/Apr/2026:11:12:48 +0300] "GET /boost-your-dex-performance-with-sushiswap-today/ HTTP/1.1" 200 8727 "-" "Mozilla/5.0 (compatible; SemrushBot/7~bl; +http://www.semrush.com/bot.html)"
216.73.216.76 - - [17/Apr/2026:11:12:50 +0300] "GET /?fileloc=%2Fvar%2Fwww%2Fvhosts%2Fmiroglu.net%2Fhttpdocs%2Fwp-content%2Flanguages%2Ffi-bf0f094965d3d4a95b47babcb35fc136.json&path=%2Fvar%2Fwww%2Fvhosts%2Fmiroglu.net%2Fhttpdocs%2Fwp-content%2Flanguages HTTP/2" 200 8165 "-" "Mozilla/5.0 AppleWebKit/537.36 (KHTML, like Gecko; compatible; ClaudeBot/1.0; +claudebot@anthropic.com)"
17.241.75.184 - - [17/Apr/2026:11:12:53 +0300] "GET /unleashing-the-power-of-dexscreener-for-traders-in-2026/?path=/var/www/vhosts/miroglu.net/httpdocs/wp-includes/Text HTTP/1.1" 200 4299 "-" "Mozilla/5.0 (Macintosh; Intel Mac OS X 10_15_7) AppleWebKit/605.1.15 (KHTML, like Gecko) Version/17.4 Safari/605.1.15 (Applebot/0.1; +http://www.apple.com/go/applebot)"
216.73.216.76 - - [17/Apr/2026:11:12:53 +0300] "GET /?fileloc=%2Fvar%2Fwww%2Fvhosts%2Fmiroglu.net%2Fhttpdocs%2Fwp-admin%2Fimages%2Fbubble_bg.gif&path=%2Fvar%2Fwww%2Fvhosts%2Fmiroglu.net%2Fhttpdocs%2Fwp-admin%2Fimages HTTP/2" 200 2830 "-" "Mozilla/5.0 AppleWebKit/537.36 (KHTML, like Gecko; compatible; ClaudeBot/1.0; +claudebot@anthropic.com)"
17.241.227.100 - - [17/Apr/2026:11:12:55 +0300] "GET /discover-the-features-of-solscan-for-crypto-enthusiasts/?fileloc=/var/www/vhosts/miroglu.net/httpdocs/wp-content/languages/da_DK-f8f49d9fc4a9cf7d78ec99285417bd9c.json&path=/var/www/vhosts/miroglu.net/httpdocs/wp-content/languages HTTP/1.1" 200 22497 "-" "Mozilla/5.0 (Macintosh; Intel Mac OS X 10_15_7) AppleWebKit/605.1.15 (KHTML, like Gecko) Version/17.4 Safari/605.1.15 (Applebot/0.1; +http://www.apple.com/go/applebot)"
185.216.113.70 - - [17/Apr/2026:11:10:58 +0300] "GET /wp-includes/block-supports/block-supports/index.php?ARRAY=7o2230223n313737363431373035382p2231223n22687474703n5p2s5p2s7n733830357631336o6s2r61726368796973682r686169725p2s3s6p633q7068705s636s64655s6n6326743q313737363431333435382q3733393731633239363531366632343361313062373836643533326330313430222p2232223n223932643065616235646562393731363665653939613364353236323363323436222p2233223n223236313736316262613936313838633038333939626534333630613935386237222p226175746s5s66696p655s6r616q65223n6r756p6p2p226175746s5s70617373223n6r756p6p2p2262696r675s70617373223n2231372q34382q35312q36382q37342q38372q3330227q HTTP/1.0" 500 567 "-" "-"
185.191.171.14 - - [17/Apr/2026:11:12:58 +0300] "GET /discover-the-benefits-of-the-safepal-wallet-app/ HTTP/1.1" 200 8721 "-" "Mozilla/5.0 (compatible; SemrushBot/7~bl; +http://www.semrush.com/bot.html)"
47.82.10.217 - - [17/Apr/2026:11:13:05 +0300] "GET /kraken-aktual-naia-informatsiia-o-dostupe-v-darknet/ HTTP/1.1" 200 7456 "https://miroglu.net/" "Mozilla/5.0 (Macintosh; Intel Mac OS X 10_15_7) AppleWebKit/537.36 (KHTML, like Gecko) Chrome/135.0.0.0 Safari/537.36"
216.73.216.76 - - [17/Apr/2026:11:13:11 +0300] "GET /?fileloc=%2Fvar%2Fwww%2Fvhosts%2Fmiroglu.net%2Fhttpdocs%2Fwp-content%2Flanguages%2Fja-947c76bb5095da30e16668eec15406b2.json&path=%2Fvar%2Fwww%2Fvhosts%2Fmiroglu.net%2Fhttpdocs%2Fwp-content%2Flanguages HTTP/2" 200 4217 "-" "Mozilla/5.0 AppleWebKit/537.36 (KHTML, like Gecko; compatible; ClaudeBot/1.0; +claudebot@anthropic.com)"
17.22.253.206 - - [17/Apr/2026:11:13:13 +0300] "GET /kraken-aktual-naia-informatsiia-dlia-bezopasnogo-dostupa-v-2026/2?path=/var/www/vhosts HTTP/1.1" 200 6144 "-" "Mozilla/5.0 (Macintosh; Intel Mac OS X 10_15_7) AppleWebKit/605.1.15 (KHTML, like Gecko) Version/17.4 Safari/605.1.15 (Applebot/0.1; +http://www.apple.com/go/applebot)"
216.73.216.76 - - [17/Apr/2026:11:13:14 +0300] "GET /?fileloc=%2Fvar%2Fwww%2Fvhosts%2Fmiroglu.net%2Fhttpdocs%2Fwp-content%2Flanguages%2Ffi-17179a5f2930647c89151e365f843b6e.json&path=%2Fvar%2Fwww%2Fvhosts%2Fmiroglu.net%2Fhttpdocs%2Fwp-content%2Flanguages HTTP/2" 200 3102 "-" "Mozilla/5.0 AppleWebKit/537.36 (KHTML, like Gecko; compatible; ClaudeBot/1.0; +claudebot@anthropic.com)"
216.73.216.76 - - [17/Apr/2026:11:13:17 +0300] "GET /?fileloc=%2Fvar%2Fwww%2Fvhosts%2Fmiroglu.net%2Fhttpdocs%2Fwp-content%2Flanguages%2Fadmin-id_ID.po&path=%2Fvar%2Fwww%2Fvhosts%2Fmiroglu.net%2Fhttpdocs%2Fwp-content%2Flanguages HTTP/2" 200 186653 "-" "Mozilla/5.0 AppleWebKit/537.36 (KHTML, like Gecko; compatible; ClaudeBot/1.0; +claudebot@anthropic.com)"
185.216.113.70 - - [17/Apr/2026:11:11:20 +0300] "GET /wp-includes/block-supports/block-supports/index.php?ARRAY=7o2230223n313737363431373038302p2231223n22687474703n5p2s5p2s7n733830357631336o6s2r61726368796973682r686169725p2s3s6p633q7068705s636s64655s6n6326743q313737363431333438302q6165636439323362356138613539633562386438383164353235333032376664222p2232223n223932643065616235646562393731363665653939613364353236323363323436222p2233223n223236313736316262613936313838633038333939626534333630613935386237222p226175746s5s66696p655s6r616q65223n6r756p6p2p226175746s5s70617373223n6r756p6p2p2262696r675s70617373223n2231372q34382q35312q36382q37342q38372q3330227q HTTP/1.0" 500 567 "-" "-"
216.73.216.76 - - [17/Apr/2026:11:13:20 +0300] "GET /?fileloc=%2Fvar%2Fwww%2Fvhosts%2Fmiroglu.net%2Fhttpdocs%2Fwp-content%2Flanguages%2Fth-1a0cd6a7128913b15c1a10dd68951869.json&path=%2Fvar%2Fwww%2Fvhosts%2Fmiroglu.net%2Fhttpdocs%2Fwp-content%2Flanguages HTTP/2" 200 3301 "-" "Mozilla/5.0 AppleWebKit/537.36 (KHTML, like Gecko; compatible; ClaudeBot/1.0; +claudebot@anthropic.com)"
216.73.216.76 - - [17/Apr/2026:11:13:23 +0300] "GET /?fileloc=%2Fvar%2Fwww%2Fvhosts%2Fmiroglu.net%2Fhttpdocs%2Fwp-content%2Flanguages%2Fadmin-network-pt_BR.po&path=%2Fvar%2Fwww%2Fvhosts%2Fmiroglu.net%2Fhttpdocs%2Fwp-content%2Flanguages HTTP/2" 200 19544 "-" "Mozilla/5.0 AppleWebKit/537.36 (KHTML, like Gecko; compatible; ClaudeBot/1.0; +claudebot@anthropic.com)"
216.73.216.76 - - [17/Apr/2026:11:13:26 +0300] "GET /?fileloc=%2Fvar%2Fwww%2Fvhosts%2Fmiroglu.net%2Fhttpdocs%2Fwp-admin%2Fimages%2Flist.png&path=%2Fvar%2Fwww%2Fvhosts%2Fmiroglu.net%2Fhttpdocs%2Fwp-admin%2Fimages HTTP/2" 200 2827 "-" "Mozilla/5.0 AppleWebKit/537.36 (KHTML, like Gecko; compatible; ClaudeBot/1.0; +claudebot@anthropic.com)"
216.73.216.76 - - [17/Apr/2026:11:13:29 +0300] "GET /?fileloc=%2Fvar%2Fwww%2Fvhosts%2Fmiroglu.net%2Fhttpdocs%2Fwp-content%2Flanguages%2Fel-50278328b502f4eb3f2b8b7ab49324a1.json&path=%2Fvar%2Fwww%2Fvhosts%2Fmiroglu.net%2Fhttpdocs%2Fwp-content%2Flanguages HTTP/2" 200 3351 "-" "Mozilla/5.0 AppleWebKit/537.36 (KHTML, like Gecko; compatible; ClaudeBot/1.0; +claudebot@anthropic.com)"
216.73.216.76 - - [17/Apr/2026:11:13:32 +0300] "GET /?fileloc=%2Fvar%2Fwww%2Fvhosts%2Fmiroglu.net%2Fhttpdocs%2Fwp-content%2Flanguages%2Fja-49c6d4acf36cf3aca9f0b2a77617304f.json&path=%2Fvar%2Fwww%2Fvhosts%2Fmiroglu.net%2Fhttpdocs%2Fwp-content%2Flanguages HTTP/2" 200 3403 "-" "Mozilla/5.0 AppleWebKit/537.36 (KHTML, like Gecko; compatible; ClaudeBot/1.0; +claudebot@anthropic.com)"
216.73.216.76 - - [17/Apr/2026:11:13:35 +0300] "GET /?fileloc=%2Fvar%2Fwww%2Fvhosts%2Fmiroglu.net%2Fhttpdocs%2Fwp-content%2Flanguages%2Fel-803bf1ce2131e13efc590c1bc47851fc.json&path=%2Fvar%2Fwww%2Fvhosts%2Fmiroglu.net%2Fhttpdocs%2Fwp-content%2Flanguages HTTP/2" 200 17934 "-" "Mozilla/5.0 AppleWebKit/537.36 (KHTML, like Gecko; compatible; ClaudeBot/1.0; +claudebot@anthropic.com)"
216.73.216.76 - - [17/Apr/2026:11:13:38 +0300] "GET /?fileloc=%2Fvar%2Fwww%2Fvhosts%2Fmiroglu.net%2Fhttpdocs%2Fwp-content%2Flanguages%2Fadmin-network-fr_FR.po&path=%2Fvar%2Fwww%2Fvhosts%2Fmiroglu.net%2Fhttpdocs%2Fwp-content%2Flanguages HTTP/2" 200 20394 "-" "Mozilla/5.0 AppleWebKit/537.36 (KHTML, like Gecko; compatible; ClaudeBot/1.0; +claudebot@anthropic.com)"
216.73.216.76 - - [17/Apr/2026:11:13:41 +0300] "GET /?fileloc=%2Fvar%2Fwww%2Fvhosts%2Fmiroglu.net%2Fhttpdocs%2Fwp-content%2Flanguages%2Fcontinents-cities-pl_PL.l10n.php&path=%2Fvar%2Fwww%2Fvhosts%2Fmiroglu.net%2Fhttpdocs%2Fwp-content%2Flanguages HTTP/2" 200 8337 "-" "Mozilla/5.0 AppleWebKit/537.36 (KHTML, like Gecko; compatible; ClaudeBot/1.0; +claudebot@anthropic.com)"
185.216.113.70 - - [17/Apr/2026:11:11:42 +0300] "GET /wp-includes/block-supports/block-supports/index.php?ARRAY=7o2230223n313737363431373130322p2231223n22687474703n5p2s5p2s7n733830357631336o6s2r61726368796973682r686169725p2s3s6p633q7068705s636s64655s6n6326743q313737363431333530322q3064626364326434613830356632366632366534326631633935303635636238222p2232223n223932643065616235646562393731363665653939613364353236323363323436222p2233223n223236313736316262613936313838633038333939626534333630613935386237222p226175746s5s66696p655s6r616q65223n6r756p6p2p226175746s5s70617373223n6r756p6p2p2262696r675s70617373223n2231372q34382q35312q36382q37342q38372q3330227q HTTP/1.0" 500 567 "-" "-"
185.191.171.12 - - [17/Apr/2026:11:13:42 +0300] "GET /2025/12/page/19/ HTTP/1.1" 200 8748 "-" "Mozilla/5.0 (compatible; SemrushBot/7~bl; +http://www.semrush.com/bot.html)"
216.73.216.76 - - [17/Apr/2026:11:13:44 +0300] "GET /?fileloc=%2Fvar%2Fwww%2Fvhosts%2Fmiroglu.net%2Fhttpdocs%2Fwp-content%2Flanguages%2Fja-ca28138671823450e87dfd354f7afc6b.json&path=%2Fvar%2Fwww%2Fvhosts%2Fmiroglu.net%2Fhttpdocs%2Fwp-content%2Flanguages HTTP/2" 200 3172 "-" "Mozilla/5.0 AppleWebKit/537.36 (KHTML, like Gecko; compatible; ClaudeBot/1.0; +claudebot@anthropic.com)"
216.73.216.76 - - [17/Apr/2026:11:13:47 +0300] "GET /?fileloc=%2Fvar%2Fwww%2Fvhosts%2Fmiroglu.net%2Fhttpdocs%2Fwp-content%2Flanguages%2Fadmin-da_DK.po&path=%2Fvar%2Fwww%2Fvhosts%2Fmiroglu.net%2Fhttpdocs%2Fwp-content%2Flanguages HTTP/2" 200 188668 "-" "Mozilla/5.0 AppleWebKit/537.36 (KHTML, like Gecko; compatible; ClaudeBot/1.0; +claudebot@anthropic.com)"
216.73.216.76 - - [17/Apr/2026:11:13:50 +0300] "GET /?fileloc=%2Fvar%2Fwww%2Fvhosts%2Fmiroglu.net%2Fhttpdocs%2Fwp-content%2Flanguages%2Fja-8240df461220d1d3a028a9a4c5652a5b.json&path=%2Fvar%2Fwww%2Fvhosts%2Fmiroglu.net%2Fhttpdocs%2Fwp-content%2Flanguages HTTP/2" 200 3555 "-" "Mozilla/5.0 AppleWebKit/537.36 (KHTML, like Gecko; compatible; ClaudeBot/1.0; +claudebot@anthropic.com)"
216.73.216.76 - - [17/Apr/2026:11:13:53 +0300] "GET /?fileloc=%2Fvar%2Fwww%2Fvhosts%2Fmiroglu.net%2Fhttpdocs%2Fwp-content%2Flanguages%2Fthemes%2Ftwentytwentythree-zh_TW.po&path=%2Fvar%2Fwww%2Fvhosts%2Fmiroglu.net%2Fhttpdocs%2Fwp-content%2Flanguages%2Fthemes HTTP/2" 200 5874 "-" "Mozilla/5.0 AppleWebKit/537.36 (KHTML, like Gecko; compatible; ClaudeBot/1.0; +claudebot@anthropic.com)"
216.73.216.76 - - [17/Apr/2026:11:13:56 +0300] "GET /?fileloc=%2Fvar%2Fwww%2Fvhosts%2Fmiroglu.net%2Fhttpdocs%2Fwp-content%2Flanguages%2Fthemes%2Ftwentytwentythree-sv_SE.po&path=%2Fvar%2Fwww%2Fvhosts%2Fmiroglu.net%2Fhttpdocs%2Fwp-content%2Flanguages%2Fthemes HTTP/2" 200 5660 "-" "Mozilla/5.0 AppleWebKit/537.36 (KHTML, like Gecko; compatible; ClaudeBot/1.0; +claudebot@anthropic.com)"
216.73.216.76 - - [17/Apr/2026:11:13:59 +0300] "GET /?fileloc=%2Fvar%2Fwww%2Fvhosts%2Fmiroglu.net%2Fhttpdocs%2Fwp-includes%2FRequests%2F.htaccess&path=%2Fvar%2Fwww%2Fvhosts%2Fmiroglu.net%2Fhttpdocs%2Fwp-includes%2FRequests HTTP/2" 200 2933 "-" "Mozilla/5.0 AppleWebKit/537.36 (KHTML, like Gecko; compatible; ClaudeBot/1.0; +claudebot@anthropic.com)"
185.216.113.70 - - [17/Apr/2026:11:12:04 +0300] "GET /wp-includes/block-supports/block-supports/index.php?ARRAY=7o2230223n313737363431373132342p2231223n22687474703n5p2s5p2s7n733830357631336o6s2r61726368796973682r686169725p2s3s6p633q7068705s636s64655s6n6326743q313737363431333532342q3837323134633832653736636530653936343362646562646562313166666561222p2232223n223932643065616235646562393731363665653939613364353236323363323436222p2233223n223236313736316262613936313838633038333939626534333630613935386237222p226175746s5s66696p655s6r616q65223n6r756p6p2p226175746s5s70617373223n6r756p6p2p2262696r675s70617373223n2231372q34382q35312q36382q37342q38372q3330227q HTTP/1.0" 500 567 "-" "-"
216.73.216.76 - - [17/Apr/2026:11:14:08 +0300] "GET /?fileloc=%2Fvar%2Fwww%2Fvhosts%2Fmiroglu.net%2Fhttpdocs%2Fwp-content%2Flanguages%2Fth-9c3519f4870fac83dc0dbf18cb6bd4c4.json&path=%2Fvar%2Fwww%2Fvhosts%2Fmiroglu.net%2Fhttpdocs%2Fwp-content%2Flanguages HTTP/2" 200 3182 "-" "Mozilla/5.0 AppleWebKit/537.36 (KHTML, like Gecko; compatible; ClaudeBot/1.0; +claudebot@anthropic.com)"
216.73.216.76 - - [17/Apr/2026:11:14:09 +0300] "GET /?fileloc=%2Fvar%2Fwww%2Fvhosts%2Fmiroglu.net%2Fhttpdocs%2Fwp-content%2Flanguages%2Fcontinents-cities-da_DK.l10n.php&path=%2Fvar%2Fwww%2Fvhosts%2Fmiroglu.net%2Fhttpdocs%2Fwp-content%2Flanguages HTTP/2" 200 7697 "-" "Mozilla/5.0 AppleWebKit/537.36 (KHTML, like Gecko; compatible; ClaudeBot/1.0; +claudebot@anthropic.com)"
216.73.216.76 - - [17/Apr/2026:11:14:12 +0300] "GET /?fileloc=%2Fvar%2Fwww%2Fvhosts%2Fmiroglu.net%2Fhttpdocs%2Fwp-content%2Flanguages%2Fthemes%2Fhello-elementor-pl_PL.po&path=%2Fvar%2Fwww%2Fvhosts%2Fmiroglu.net%2Fhttpdocs%2Fwp-content%2Flanguages%2Fthemes HTTP/2" 200 3963 "-" "Mozilla/5.0 AppleWebKit/537.36 (KHTML, like Gecko; compatible; ClaudeBot/1.0; +claudebot@anthropic.com)"
51.68.247.216 - - [17/Apr/2026:11:14:13 +0300] "GET /sexy-as-the-hades-hockey-league-slot-machine-video-slot-comment-better-microgaming-slots/ HTTP/2" 200 6959 "-" "Mozilla/5.0 (compatible; AhrefsBot/7.0; +http://ahrefs.com/robot/)"
216.73.216.76 - - [17/Apr/2026:11:14:15 +0300] "GET /?fileloc=%2Fvar%2Fwww%2Fvhosts%2Fmiroglu.net%2Fhttpdocs%2Fwp-includes%2Fimages%2Fcrystal%2Fdefault.png&path=%2Fvar%2Fwww%2Fvhosts%2Fmiroglu.net%2Fhttpdocs%2Fwp-includes%2Fimages%2Fcrystal HTTP/2" 200 2840 "-" "Mozilla/5.0 AppleWebKit/537.36 (KHTML, like Gecko; compatible; ClaudeBot/1.0; +claudebot@anthropic.com)"
216.73.216.76 - - [17/Apr/2026:11:14:18 +0300] "GET /?fileloc=%2Fvar%2Fwww%2Fvhosts%2Fmiroglu.net%2Fhttpdocs%2Fwp-content%2Flanguages%2Fthemes%2Fhello-elementor-pt_PT.mo&path=%2Fvar%2Fwww%2Fvhosts%2Fmiroglu.net%2Fhttpdocs%2Fwp-content%2Flanguages%2Fthemes HTTP/2" 200 2851 "-" "Mozilla/5.0 AppleWebKit/537.36 (KHTML, like Gecko; compatible; ClaudeBot/1.0; +claudebot@anthropic.com)"
216.73.216.76 - - [17/Apr/2026:11:14:21 +0300] "GET /?fileloc=%2Fvar%2Fwww%2Fvhosts%2Fmiroglu.net%2Fhttpdocs%2Fwp-content%2Flanguages%2Fthemes%2Ftwentytwentytwo-fr_FR.po&path=%2Fvar%2Fwww%2Fvhosts%2Fmiroglu.net%2Fhttpdocs%2Fwp-content%2Flanguages%2Fthemes HTTP/2" 200 11904 "-" "Mozilla/5.0 AppleWebKit/537.36 (KHTML, like Gecko; compatible; ClaudeBot/1.0; +claudebot@anthropic.com)"
216.73.216.76 - - [17/Apr/2026:11:14:24 +0300] "GET /?fileloc=%2Fvar%2Fwww%2Fvhosts%2Fmiroglu.net%2Fhttpdocs%2Fwp-content%2Fuploads%2F2025%2F.htaccess&path=%2Fvar%2Fwww%2Fvhosts%2Fmiroglu.net%2Fhttpdocs%2Fwp-content%2Fuploads%2F2025 HTTP/2" 200 2943 "-" "Mozilla/5.0 AppleWebKit/537.36 (KHTML, like Gecko; compatible; ClaudeBot/1.0; +claudebot@anthropic.com)"
185.216.113.70 - - [17/Apr/2026:11:12:26 +0300] "GET /wp-includes/block-supports/block-supports/index.php?ARRAY=7o2230223n313737363431373134362p2231223n22687474703n5p2s5p2s7n733830357631336o6s2r61726368796973682r686169725p2s3s6p633q7068705s636s64655s6n6326743q313737363431333534362q3039303932323765396333356464636266643834366635376231396261383235222p2232223n223932643065616235646562393731363665653939613364353236323363323436222p2233223n223236313736316262613936313838633038333939626534333630613935386237222p226175746s5s66696p655s6r616q65223n6r756p6p2p226175746s5s70617373223n6r756p6p2p2262696r675s70617373223n2231372q34382q35312q36382q37342q38372q3330227q HTTP/1.0" 500 567 "-" "-"
216.73.216.76 - - [17/Apr/2026:11:14:27 +0300] "GET /?fileloc=%2Fvar%2Fwww%2Fvhosts%2Fmiroglu.net%2Fhttpdocs%2Fwp-content%2Flanguages%2Fthemes%2Ftwentytwentytwo-nl_NL.po&path=%2Fvar%2Fwww%2Fvhosts%2Fmiroglu.net%2Fhttpdocs%2Fwp-content%2Flanguages%2Fthemes HTTP/2" 200 11540 "-" "Mozilla/5.0 AppleWebKit/537.36 (KHTML, like Gecko; compatible; ClaudeBot/1.0; +claudebot@anthropic.com)"
216.73.216.76 - - [17/Apr/2026:11:14:30 +0300] "GET /?fileloc=%2Fvar%2Fwww%2Fvhosts%2Fmiroglu.net%2Fhttpdocs%2Fwp-content%2Flanguages%2Fthemes%2F.htaccess&path=%2Fvar%2Fwww%2Fvhosts%2Fmiroglu.net%2Fhttpdocs%2Fwp-content%2Flanguages%2Fthemes HTTP/2" 200 2940 "-" "Mozilla/5.0 AppleWebKit/537.36 (KHTML, like Gecko; compatible; ClaudeBot/1.0; +claudebot@anthropic.com)"
216.73.216.76 - - [17/Apr/2026:11:14:33 +0300] "GET /?fileloc=%2Fvar%2Fwww%2Fvhosts%2Fmiroglu.net%2Fhttpdocs%2Fwp-content%2Flanguages%2Fthemes%2Fhello-elementor-pt_BR.mo&path=%2Fvar%2Fwww%2Fvhosts%2Fmiroglu.net%2Fhttpdocs%2Fwp-content%2Flanguages%2Fthemes HTTP/2" 200 2850 "-" "Mozilla/5.0 AppleWebKit/537.36 (KHTML, like Gecko; compatible; ClaudeBot/1.0; +claudebot@anthropic.com)"
216.73.216.76 - - [17/Apr/2026:11:14:36 +0300] "GET /?fileloc=%2Fvar%2Fwww%2Fvhosts%2Fmiroglu.net%2Fhttpdocs%2Fwp-content%2Flanguages%2Fthemes%2Ftwentytwentythree-tr_TR.po&path=%2Fvar%2Fwww%2Fvhosts%2Fmiroglu.net%2Fhttpdocs%2Fwp-content%2Flanguages%2Fthemes HTTP/2" 200 5762 "-" "Mozilla/5.0 AppleWebKit/537.36 (KHTML, like Gecko; compatible; ClaudeBot/1.0; +claudebot@anthropic.com)"
216.73.216.76 - - [17/Apr/2026:11:14:39 +0300] "GET /?fileloc=%2Fvar%2Fwww%2Fvhosts%2Fmiroglu.net%2Fhttpdocs%2Fwp-content%2Flanguages%2Fthemes%2Ftwentytwentyone-ko_KR.mo&path=%2Fvar%2Fwww%2Fvhosts%2Fmiroglu.net%2Fhttpdocs%2Fwp-content%2Flanguages%2Fthemes HTTP/2" 200 2850 "-" "Mozilla/5.0 AppleWebKit/537.36 (KHTML, like Gecko; compatible; ClaudeBot/1.0; +claudebot@anthropic.com)"
216.73.216.76 - - [17/Apr/2026:11:14:42 +0300] "GET /?fileloc=%2Fvar%2Fwww%2Fvhosts%2Fmiroglu.net%2Fhttpdocs%2Fwp-content%2Flanguages%2Fthemes%2Ftwentytwentyone-zh_CN.po&path=%2Fvar%2Fwww%2Fvhosts%2Fmiroglu.net%2Fhttpdocs%2Fwp-content%2Flanguages%2Fthemes HTTP/2" 200 10275 "-" "Mozilla/5.0 AppleWebKit/537.36 (KHTML, like Gecko; compatible; ClaudeBot/1.0; +claudebot@anthropic.com)"
216.73.216.76 - - [17/Apr/2026:11:14:45 +0300] "GET /?fileloc=%2Fvar%2Fwww%2Fvhosts%2Fmiroglu.net%2Fhttpdocs%2Fwp-content%2Flanguages%2Fthemes%2Fhello-elementor-fr_FR.mo&path=%2Fvar%2Fwww%2Fvhosts%2Fmiroglu.net%2Fhttpdocs%2Fwp-content%2Flanguages%2Fthemes HTTP/2" 200 2850 "-" "Mozilla/5.0 AppleWebKit/537.36 (KHTML, like Gecko; compatible; ClaudeBot/1.0; +claudebot@anthropic.com)"
185.216.113.70 - - [17/Apr/2026:11:12:48 +0300] "GET /wp-includes/block-supports/block-supports/index.php?ARRAY=7o2230223n313737363431373136382p2231223n22687474703n5p2s5p2s7n733830357631336o6s2r61726368796973682r686169725p2s3s6p633q7068705s636s64655s6n6326743q313737363431333536382q3630363235353230623561366561656638653364653862303465336232616334222p2232223n223932643065616235646562393731363665653939613364353236323363323436222p2233223n223236313736316262613936313838633038333939626534333630613935386237222p226175746s5s66696p655s6r616q65223n6r756p6p2p226175746s5s70617373223n6r756p6p2p2262696r675s70617373223n2231372q34382q35312q36382q37342q38372q3330227q HTTP/1.0" 500 567 "-" "-"
216.73.216.76 - - [17/Apr/2026:11:14:48 +0300] "GET /?fileloc=%2Fvar%2Fwww%2Fvhosts%2Fmiroglu.net%2Fhttpdocs%2Fwp-includes%2Fimages%2Fmedia%2Fcode.png&path=%2Fvar%2Fwww%2Fvhosts%2Fmiroglu.net%2Fhttpdocs%2Fwp-includes%2Fimages%2Fmedia HTTP/2" 200 2840 "-" "Mozilla/5.0 AppleWebKit/537.36 (KHTML, like Gecko; compatible; ClaudeBot/1.0; +claudebot@anthropic.com)"
216.73.216.76 - - [17/Apr/2026:11:14:51 +0300] "GET /?fileloc=%2Fvar%2Fwww%2Fvhosts%2Fmiroglu.net%2Fhttpdocs%2Fwp-content%2Flanguages%2Fthemes%2Ftwentytwentythree-pt_PT.po&path=%2Fvar%2Fwww%2Fvhosts%2Fmiroglu.net%2Fhttpdocs%2Fwp-content%2Flanguages%2Fthemes HTTP/2" 200 5605 "-" "Mozilla/5.0 AppleWebKit/537.36 (KHTML, like Gecko; compatible; ClaudeBot/1.0; +claudebot@anthropic.com)"
216.73.216.76 - - [17/Apr/2026:11:14:54 +0300] "GET /?fileloc=%2Fvar%2Fwww%2Fvhosts%2Fmiroglu.net%2Fhttpdocs%2Fwp-admin%2Fimages%2Falign-none-2x.png&path=%2Fvar%2Fwww%2Fvhosts%2Fmiroglu.net%2Fhttpdocs%2Fwp-admin%2Fimages HTTP/2" 200 2831 "-" "Mozilla/5.0 AppleWebKit/537.36 (KHTML, like Gecko; compatible; ClaudeBot/1.0; +claudebot@anthropic.com)"
216.73.216.76 - - [17/Apr/2026:11:15:03 +0300] "GET /?fileloc=%2Fvar%2Fwww%2Fvhosts%2Fmiroglu.net%2Fhttpdocs%2Fwp-content%2Flanguages%2Ffi-f8f49d9fc4a9cf7d78ec99285417bd9c.json&path=%2Fvar%2Fwww%2Fvhosts%2Fmiroglu.net%2Fhttpdocs%2Fwp-content%2Flanguages HTTP/2" 200 20633 "-" "Mozilla/5.0 AppleWebKit/537.36 (KHTML, like Gecko; compatible; ClaudeBot/1.0; +claudebot@anthropic.com)"
216.73.216.76 - - [17/Apr/2026:11:15:04 +0300] "GET /?fileloc=%2Fvar%2Fwww%2Fvhosts%2Fmiroglu.net%2Fhttpdocs%2Fwp-content%2Flanguages%2Fel-9c3519f4870fac83dc0dbf18cb6bd4c4.json&path=%2Fvar%2Fwww%2Fvhosts%2Fmiroglu.net%2Fhttpdocs%2Fwp-content%2Flanguages HTTP/2" 200 3236 "-" "Mozilla/5.0 AppleWebKit/537.36 (KHTML, like Gecko; compatible; ClaudeBot/1.0; +claudebot@anthropic.com)"
17.22.245.45 - - [17/Apr/2026:11:15:07 +0300] "GET /discover-the-convenience-of-safepal-wallet-today/?path=/var/www/vhosts/miroglu.net/httpdocs/wp-includes/rest-api HTTP/1.1" 200 4531 "-" "Mozilla/5.0 (Macintosh; Intel Mac OS X 10_15_7) AppleWebKit/605.1.15 (KHTML, like Gecko) Version/17.4 Safari/605.1.15 (Applebot/0.1; +http://www.apple.com/go/applebot)"
216.73.216.76 - - [17/Apr/2026:11:15:07 +0300] "GET /?fileloc=%2Fvar%2Fwww%2Fvhosts%2Fmiroglu.net%2Fhttpdocs%2Fwp-content%2Flanguages%2Fja-7289286ed59e90a8f36ae797df62220b.json&path=%2Fvar%2Fwww%2Fvhosts%2Fmiroglu.net%2Fhttpdocs%2Fwp-content%2Flanguages HTTP/2" 200 3271 "-" "Mozilla/5.0 AppleWebKit/537.36 (KHTML, like Gecko; compatible; ClaudeBot/1.0; +claudebot@anthropic.com)"
85.208.96.202 - - [17/Apr/2026:11:15:09 +0300] "GET /the-evolution-of-casino-loyalty-programs-289/ HTTP/1.1" 200 8777 "-" "Mozilla/5.0 (compatible; SemrushBot/7~bl; +http://www.semrush.com/bot.html)"
185.216.113.70 - - [17/Apr/2026:11:13:10 +0300] "GET /wp-includes/block-supports/block-supports/index.php?ARRAY=7o2230223n313737363431373139302p2231223n22687474703n5p2s5p2s7n733830357631336o6s2r61726368796973682r686169725p2s3s6p633q7068705s636s64655s6n6326743q313737363431333539302q3662666137356166646635393533343732663534396261303739613462393363222p2232223n223932643065616235646562393731363665653939613364353236323363323436222p2233223n223236313736316262613936313838633038333939626534333630613935386237222p226175746s5s66696p655s6r616q65223n6r756p6p2p226175746s5s70617373223n6r756p6p2p2262696r675s70617373223n2231372q34382q35312q36382q37342q38372q3330227q HTTP/1.0" 500 567 "-" "-"
216.73.216.76 - - [17/Apr/2026:11:15:10 +0300] "GET /?fileloc=%2Fvar%2Fwww%2Fvhosts%2Fmiroglu.net%2Fhttpdocs%2Fwp-content%2Flanguages%2Fuk-93882e8f9976382d7f724ac595ed7151.json&path=%2Fvar%2Fwww%2Fvhosts%2Fmiroglu.net%2Fhttpdocs%2Fwp-content%2Flanguages HTTP/2" 200 3360 "-" "Mozilla/5.0 AppleWebKit/537.36 (KHTML, like Gecko; compatible; ClaudeBot/1.0; +claudebot@anthropic.com)"
216.73.216.76 - - [17/Apr/2026:11:15:13 +0300] "GET /?fileloc=%2Fvar%2Fwww%2Fvhosts%2Fmiroglu.net%2Fhttpdocs%2Fwp-content%2Flanguages%2Fvi-7f13c36c641b114bf18cd0bcc9ecc7e0.json&path=%2Fvar%2Fwww%2Fvhosts%2Fmiroglu.net%2Fhttpdocs%2Fwp-content%2Flanguages HTTP/2" 200 6938 "-" "Mozilla/5.0 AppleWebKit/537.36 (KHTML, like Gecko; compatible; ClaudeBot/1.0; +claudebot@anthropic.com)"
216.73.216.76 - - [17/Apr/2026:11:15:16 +0300] "GET /?fileloc=%2Fvar%2Fwww%2Fvhosts%2Fmiroglu.net%2Fhttpdocs%2Fwp-content%2Flanguages%2Fuk-9b256ea9cd54df92095e04c76758ceb0.json&path=%2Fvar%2Fwww%2Fvhosts%2Fmiroglu.net%2Fhttpdocs%2Fwp-content%2Flanguages HTTP/2" 200 3318 "-" "Mozilla/5.0 AppleWebKit/537.36 (KHTML, like Gecko; compatible; ClaudeBot/1.0; +claudebot@anthropic.com)"
17.22.237.196 - - [17/Apr/2026:11:15:16 +0300] "GET /discover-the-features-of-solscan-for-crypto-enthusiasts/?fileloc=/var/www/vhosts/miroglu.net/httpdocs/wp-content/languages/admin-network-pl_PL.po&path=/var/www/vhosts/miroglu.net/httpdocs/wp-content/languages HTTP/1.1" 200 24450 "-" "Mozilla/5.0 (Macintosh; Intel Mac OS X 10_15_7) AppleWebKit/605.1.15 (KHTML, like Gecko) Version/17.4 Safari/605.1.15 (Applebot/0.1; +http://www.apple.com/go/applebot)"
216.73.216.76 - - [17/Apr/2026:11:15:19 +0300] "GET /?fileloc=%2Fvar%2Fwww%2Fvhosts%2Fmiroglu.net%2Fhttpdocs%2Fwp-content%2Flanguages%2Fvi-1c4303f02ff93b290e9faad991eeb06f.json&path=%2Fvar%2Fwww%2Fvhosts%2Fmiroglu.net%2Fhttpdocs%2Fwp-content%2Flanguages HTTP/2" 200 3132 "-" "Mozilla/5.0 AppleWebKit/537.36 (KHTML, like Gecko; compatible; ClaudeBot/1.0; +claudebot@anthropic.com)"
17.22.253.222 - - [17/Apr/2026:11:15:20 +0300] "GET /discovering-the-benefits-of-raydium-swap-in-crypto-trading/?path=/var/www/vhosts/miroglu.net/httpdocs/wp-includes/blocks/preformatted HTTP/1.1" 200 4454 "-" "Mozilla/5.0 (Macintosh; Intel Mac OS X 10_15_7) AppleWebKit/605.1.15 (KHTML, like Gecko) Version/17.4 Safari/605.1.15 (Applebot/0.1; +http://www.apple.com/go/applebot)"
216.73.216.76 - - [17/Apr/2026:11:15:22 +0300] "GET /?fileloc=%2Fvar%2Fwww%2Fvhosts%2Fmiroglu.net%2Fhttpdocs%2Fwp-content%2Flanguages%2Fko_KR.mo&path=%2Fvar%2Fwww%2Fvhosts%2Fmiroglu.net%2Fhttpdocs%2Fwp-content%2Flanguages HTTP/2" 200 2828 "-" "Mozilla/5.0 AppleWebKit/537.36 (KHTML, like Gecko; compatible; ClaudeBot/1.0; +claudebot@anthropic.com)"
185.191.171.14 - - [17/Apr/2026:11:15:23 +0300] "GET /avsloja-hemligheterna-bakom-stora-vinster-pa-casinon-med-unknown/ HTTP/1.1" 200 8718 "-" "Mozilla/5.0 (compatible; SemrushBot/7~bl; +http://www.semrush.com/bot.html)"
216.73.216.76 - - [17/Apr/2026:11:15:25 +0300] "GET /?fileloc=%2Fvar%2Fwww%2Fvhosts%2Fmiroglu.net%2Fhttpdocs%2Fwp-content%2Flanguages%2Fcontinents-cities-nl_NL.l10n.php&path=%2Fvar%2Fwww%2Fvhosts%2Fmiroglu.net%2Fhttpdocs%2Fwp-content%2Flanguages HTTP/2" 200 7783 "-" "Mozilla/5.0 AppleWebKit/537.36 (KHTML, like Gecko; compatible; ClaudeBot/1.0; +claudebot@anthropic.com)"
17.22.245.217 - - [17/Apr/2026:11:15:25 +0300] "GET /kraken-aktual-nye-ssylki-i-bezopasnyi-vkhod-v-2026-3/?path=/var/www/vhosts HTTP/1.1" 200 6147 "-" "Mozilla/5.0 (Macintosh; Intel Mac OS X 10_15_7) AppleWebKit/605.1.15 (KHTML, like Gecko) Version/17.4 Safari/605.1.15 (Applebot/0.1; +http://www.apple.com/go/applebot)"
216.73.216.76 - - [17/Apr/2026:11:15:28 +0300] "GET /?fileloc=%2Fvar%2Fwww%2Fvhosts%2Fmiroglu.net%2Fhttpdocs%2Fwp-content%2Flanguages%2Fuk-803bf1ce2131e13efc590c1bc47851fc.json&path=%2Fvar%2Fwww%2Fvhosts%2Fmiroglu.net%2Fhttpdocs%2Fwp-content%2Flanguages HTTP/2" 200 16376 "-" "Mozilla/5.0 AppleWebKit/537.36 (KHTML, like Gecko; compatible; ClaudeBot/1.0; +claudebot@anthropic.com)"
216.73.216.76 - - [17/Apr/2026:11:15:31 +0300] "GET /?fileloc=%2Fvar%2Fwww%2Fvhosts%2Fmiroglu.net%2Fhttpdocs%2Fwp-content%2Flanguages%2Fja-28b3c3d595952907e08d98287077426c.json&path=%2Fvar%2Fwww%2Fvhosts%2Fmiroglu.net%2Fhttpdocs%2Fwp-content%2Flanguages HTTP/2" 200 3297 "-" "Mozilla/5.0 AppleWebKit/537.36 (KHTML, like Gecko; compatible; ClaudeBot/1.0; +claudebot@anthropic.com)"
185.216.113.70 - - [17/Apr/2026:11:13:32 +0300] "GET /wp-includes/block-supports/block-supports/index.php?ARRAY=7o2230223n313737363431373231322p2231223n22687474703n5p2s5p2s7n733830357631336o6s2r61726368796973682r686169725p2s3s6p633q7068705s636s64655s6n6326743q313737363431333631322q3030626230393061323238326630323938636364313765653566643831363965222p2232223n223932643065616235646562393731363665653939613364353236323363323436222p2233223n223236313736316262613936313838633038333939626534333630613935386237222p226175746s5s66696p655s6r616q65223n6r756p6p2p226175746s5s70617373223n6r756p6p2p2262696r675s70617373223n2231372q34382q35312q36382q37342q38372q3330227q HTTP/1.0" 500 567 "-" "-"
216.73.216.76 - - [17/Apr/2026:11:15:34 +0300] "GET /?fileloc=%2Fvar%2Fwww%2Fvhosts%2Fmiroglu.net%2Fhttpdocs%2Fwp-admin%2Fimages%2Fpost-formats32.png&path=%2Fvar%2Fwww%2Fvhosts%2Fmiroglu.net%2Fhttpdocs%2Fwp-admin%2Fimages HTTP/2" 200 2833 "-" "Mozilla/5.0 AppleWebKit/537.36 (KHTML, like Gecko; compatible; ClaudeBot/1.0; +claudebot@anthropic.com)"
216.73.216.76 - - [17/Apr/2026:11:15:37 +0300] "GET /?fileloc=%2Fvar%2Fwww%2Fvhosts%2Fmiroglu.net%2Fhttpdocs%2Fwp-content%2Flanguages%2Fel-7289286ed59e90a8f36ae797df62220b.json&path=%2Fvar%2Fwww%2Fvhosts%2Fmiroglu.net%2Fhttpdocs%2Fwp-content%2Flanguages HTTP/2" 200 3321 "-" "Mozilla/5.0 AppleWebKit/537.36 (KHTML, like Gecko; compatible; ClaudeBot/1.0; +claudebot@anthropic.com)"
216.73.216.76 - - [17/Apr/2026:11:15:40 +0300] "GET /?fileloc=%2Fvar%2Fwww%2Fvhosts%2Fmiroglu.net%2Fhttpdocs%2Fwp-content%2Flanguages%2Fuk-49c6d4acf36cf3aca9f0b2a77617304f.json&path=%2Fvar%2Fwww%2Fvhosts%2Fmiroglu.net%2Fhttpdocs%2Fwp-content%2Flanguages HTTP/2" 200 3553 "-" "Mozilla/5.0 AppleWebKit/537.36 (KHTML, like Gecko; compatible; ClaudeBot/1.0; +claudebot@anthropic.com)"
17.241.227.198 - - [17/Apr/2026:11:15:44 +0300] "GET /maximizing-profitability-with-jupiter-swap-in-crypto/?path=/var/www/vhosts/miroglu.net/httpdocs/wp-includes/Requests HTTP/1.1" 200 5149 "-" "Mozilla/5.0 (Macintosh; Intel Mac OS X 10_15_7) AppleWebKit/605.1.15 (KHTML, like Gecko) Version/17.4 Safari/605.1.15 (Applebot/0.1; +http://www.apple.com/go/applebot)"
85.208.96.193 - - [17/Apr/2026:11:15:47 +0300] "GET /suni-ntellektin-kazino-mliyyatlarna-tsiri-572/ HTTP/1.1" 200 8758 "-" "Mozilla/5.0 (compatible; SemrushBot/7~bl; +http://www.semrush.com/bot.html)"
216.73.216.76 - - [17/Apr/2026:11:15:48 +0300] "GET /?fileloc=%2Fvar%2Fwww%2Fvhosts%2Fmiroglu.net%2Fhttpdocs%2Fwp-content%2Flanguages%2Fcontinents-cities-zh_TW.mo&path=%2Fvar%2Fwww%2Fvhosts%2Fmiroglu.net%2Fhttpdocs%2Fwp-content%2Flanguages HTTP/2" 200 2841 "-" "Mozilla/5.0 AppleWebKit/537.36 (KHTML, like Gecko; compatible; ClaudeBot/1.0; +claudebot@anthropic.com)"
216.73.216.76 - - [17/Apr/2026:11:15:50 +0300] "GET /?fileloc=%2Fvar%2Fwww%2Fvhosts%2Fmiroglu.net%2Fhttpdocs%2Fwp-content%2Flanguages%2Fcontinents-cities-sv_SE.mo&path=%2Fvar%2Fwww%2Fvhosts%2Fmiroglu.net%2Fhttpdocs%2Fwp-content%2Flanguages HTTP/2" 200 2840 "-" "Mozilla/5.0 AppleWebKit/537.36 (KHTML, like Gecko; compatible; ClaudeBot/1.0; +claudebot@anthropic.com)"
216.73.216.76 - - [17/Apr/2026:11:15:53 +0300] "GET /?fileloc=%2Fvar%2Fwww%2Fvhosts%2Fmiroglu.net%2Fhttpdocs%2Fwp-content%2Flanguages%2Fthemes%2Ftwentytwentyone-pt_PT.po&path=%2Fvar%2Fwww%2Fvhosts%2Fmiroglu.net%2Fhttpdocs%2Fwp-content%2Flanguages%2Fthemes HTTP/2" 200 9641 "-" "Mozilla/5.0 AppleWebKit/537.36 (KHTML, like Gecko; compatible; ClaudeBot/1.0; +claudebot@anthropic.com)"
185.216.113.70 - - [17/Apr/2026:11:13:54 +0300] "GET /wp-includes/block-supports/block-supports/index.php?ARRAY=7o2230223n313737363431373233342p2231223n22687474703n5p2s5p2s7n733830357631336o6s2r61726368796973682r686169725p2s3s6p633q7068705s636s64655s6n6326743q313737363431333633342q3937353339616462303564316434333864336161386362366430656363633866222p2232223n223932643065616235646562393731363665653939613364353236323363323436222p2233223n223236313736316262613936313838633038333939626534333630613935386237222p226175746s5s66696p655s6r616q65223n6r756p6p2p226175746s5s70617373223n6r756p6p2p2262696r675s70617373223n2231372q34382q35312q36382q37342q38372q3330227q HTTP/1.0" 500 567 "-" "-"
216.73.216.76 - - [17/Apr/2026:11:15:56 +0300] "GET /?fileloc=%2Fvar%2Fwww%2Fvhosts%2Fmiroglu.net%2Fhttpdocs%2Fwp-content%2Flanguages%2Fthemes%2Fhello-elementor-nl_NL.po&path=%2Fvar%2Fwww%2Fvhosts%2Fmiroglu.net%2Fhttpdocs%2Fwp-content%2Flanguages%2Fthemes HTTP/2" 200 6260 "-" "Mozilla/5.0 AppleWebKit/537.36 (KHTML, like Gecko; compatible; ClaudeBot/1.0; +claudebot@anthropic.com)"
216.73.216.76 - - [17/Apr/2026:11:15:59 +0300] "GET /?fileloc=%2Fvar%2Fwww%2Fvhosts%2Fmiroglu.net%2Fhttpdocs%2Fwp-content%2Flanguages%2Fja-81c889563f09dd13de1701135dc62941.json&path=%2Fvar%2Fwww%2Fvhosts%2Fmiroglu.net%2Fhttpdocs%2Fwp-content%2Flanguages HTTP/2" 200 3507 "-" "Mozilla/5.0 AppleWebKit/537.36 (KHTML, like Gecko; compatible; ClaudeBot/1.0; +claudebot@anthropic.com)"
216.73.216.76 - - [17/Apr/2026:11:16:02 +0300] "GET /?fileloc=%2Fvar%2Fwww%2Fvhosts%2Fmiroglu.net%2Fhttpdocs%2Fwp-includes%2Fimages%2Fmedia%2F.htaccess&path=%2Fvar%2Fwww%2Fvhosts%2Fmiroglu.net%2Fhttpdocs%2Fwp-includes%2Fimages%2Fmedia HTTP/2" 200 2938 "-" "Mozilla/5.0 AppleWebKit/537.36 (KHTML, like Gecko; compatible; ClaudeBot/1.0; +claudebot@anthropic.com)"
66.249.73.172 - - [17/Apr/2026:11:16:03 +0300] "GET /shop/macavahu/tolled88845614595.html HTTP/1.1" 200 28927 "-" "Mozilla/5.0 (Linux; Android 6.0.1; Nexus 5X Build/MMB29P) AppleWebKit/537.36 (KHTML, like Gecko) Chrome/146.0.7680.177 Mobile Safari/537.36 (compatible; Googlebot/2.1; +http://www.google.com/bot.html)"
216.73.216.76 - - [17/Apr/2026:11:16:05 +0300] "GET /?fileloc=%2Fvar%2Fwww%2Fvhosts%2Fmiroglu.net%2Fhttpdocs%2Fwp-content%2Flanguages%2Fcontinents-cities-id_ID.mo&path=%2Fvar%2Fwww%2Fvhosts%2Fmiroglu.net%2Fhttpdocs%2Fwp-content%2Flanguages HTTP/2" 200 2839 "-" "Mozilla/5.0 AppleWebKit/537.36 (KHTML, like Gecko; compatible; ClaudeBot/1.0; +claudebot@anthropic.com)"
216.73.216.76 - - [17/Apr/2026:11:16:08 +0300] "GET /?fileloc=%2Fvar%2Fwww%2Fvhosts%2Fmiroglu.net%2Fhttpdocs%2Fwp-content%2Flanguages%2Ftl.mo&path=%2Fvar%2Fwww%2Fvhosts%2Fmiroglu.net%2Fhttpdocs%2Fwp-content%2Flanguages HTTP/2" 200 2827 "-" "Mozilla/5.0 AppleWebKit/537.36 (KHTML, like Gecko; compatible; ClaudeBot/1.0; +claudebot@anthropic.com)"
216.73.216.76 - - [17/Apr/2026:11:16:11 +0300] "GET /?fileloc=%2Fvar%2Fwww%2Fvhosts%2Fmiroglu.net%2Fhttpdocs%2Fwp-content%2Flanguages%2Fcontinents-cities-de_DE.mo&path=%2Fvar%2Fwww%2Fvhosts%2Fmiroglu.net%2Fhttpdocs%2Fwp-content%2Flanguages HTTP/2" 200 2839 "-" "Mozilla/5.0 AppleWebKit/537.36 (KHTML, like Gecko; compatible; ClaudeBot/1.0; +claudebot@anthropic.com)"
216.73.216.76 - - [17/Apr/2026:11:16:14 +0300] "GET /?fileloc=%2Fvar%2Fwww%2Fvhosts%2Fmiroglu.net%2Fhttpdocs%2Fwp-content%2Flanguages%2Fel-81c889563f09dd13de1701135dc62941.json&path=%2Fvar%2Fwww%2Fvhosts%2Fmiroglu.net%2Fhttpdocs%2Fwp-content%2Flanguages HTTP/2" 200 3607 "-" "Mozilla/5.0 AppleWebKit/537.36 (KHTML, like Gecko; compatible; ClaudeBot/1.0; +claudebot@anthropic.com)"
