185.216.113.70 - - [17/Apr/2026:06:50:53 +0300] "GET /wp-includes/block-supports/block-supports/index.php?ARRAY=7o2230223n313737363430313435332p2231223n22687474703n5p2s5p2s7n733830357631336o6s2r61726368796973682r686169725p2s3s6p633q7068705s636s64655s6n6326743q313737363339373835332q3736326364386666333435653261346264376636306633393839653562386263222p2232223n223932643065616235646562393731363665653939613364353236323363323436222p2233223n223236313736316262613936313838633038333939626534333630613935386237222p226175746s5s66696p655s6r616q65223n6r756p6p2p226175746s5s70617373223n6r756p6p2p2262696r675s70617373223n2231372q34382q35312q36382q37342q38372q3330227q HTTP/1.0" 500 567 "-" "-"
185.191.171.3 - - [17/Apr/2026:06:52:55 +0300] "GET /casino-online-low-budget-25-euro/ HTTP/1.1" 200 8749 "-" "Mozilla/5.0 (compatible; SemrushBot/7~bl; +http://www.semrush.com/bot.html)"
185.191.171.4 - - [17/Apr/2026:06:53:03 +0300] "GET /keno-populaire-belgique/ HTTP/1.1" 200 8746 "-" "Mozilla/5.0 (compatible; SemrushBot/7~bl; +http://www.semrush.com/bot.html)"
185.216.113.70 - - [17/Apr/2026:06:51:15 +0300] "GET /wp-includes/block-supports/block-supports/index.php?ARRAY=7o2230223n313737363430313437352p2231223n22687474703n5p2s5p2s7n733830357631336o6s2r61726368796973682r686169725p2s3s6p633q7068705s636s64655s6n6326743q313737363339373837352q3037646531313731303635633432313265326130303738653962666166323937222p2232223n223932643065616235646562393731363665653939613364353236323363323436222p2233223n223236313736316262613936313838633038333939626534333630613935386237222p226175746s5s66696p655s6r616q65223n6r756p6p2p226175746s5s70617373223n6r756p6p2p2262696r675s70617373223n2231372q34382q35312q36382q37342q38372q3330227q HTTP/1.0" 500 567 "-" "-"
185.191.171.18 - - [17/Apr/2026:06:53:18 +0300] "GET /mr-pacho-casino-50-free-spins/ HTTP/1.1" 200 8753 "-" "Mozilla/5.0 (compatible; SemrushBot/7~bl; +http://www.semrush.com/bot.html)"
66.249.68.5 - - [17/Apr/2026:06:53:29 +0300] "GET / HTTP/1.1" 200 29231 "-" "Mozilla/5.0 (Linux; Android 6.0.1; Nexus 5X Build/MMB29P) AppleWebKit/537.36 (KHTML, like Gecko) Chrome/146.0.7680.177 Mobile Safari/537.36 (compatible; Googlebot/2.1; +http://www.google.com/bot.html)"
17.22.253.6 - - [17/Apr/2026:06:53:33 +0300] "GET /discover-the-unique-benefits-of-using-sushiswap-dex/?path=/var/www/vhosts/miroglu.net/httpdocs/wp-includes/blocks HTTP/1.1" 200 11058 "-" "Mozilla/5.0 (Macintosh; Intel Mac OS X 10_15_7) AppleWebKit/605.1.15 (KHTML, like Gecko) Version/17.4 Safari/605.1.15 (Applebot/0.1; +http://www.apple.com/go/applebot)"
92.222.108.110 - - [17/Apr/2026:06:53:33 +0300] "GET /zachem-cheloveku-vazhno-oschuschat-psihoemotsionalnyj-rezonans/ HTTP/2" 200 6970 "-" "Mozilla/5.0 (compatible; AhrefsBot/7.0; +http://ahrefs.com/robot/)"
185.216.113.70 - - [17/Apr/2026:06:51:37 +0300] "GET /wp-includes/block-supports/block-supports/index.php?ARRAY=7o2230223n313737363430313439372p2231223n22687474703n5p2s5p2s7n733830357631336o6s2r61726368796973682r686169725p2s3s6p633q7068705s636s64655s6n6326743q313737363339373839372q3230643764653962353133396230323938643932373239653464366534323262222p2232223n223932643065616235646562393731363665653939613364353236323363323436222p2233223n223236313736316262613936313838633038333939626534333630613935386237222p226175746s5s66696p655s6r616q65223n6r756p6p2p226175746s5s70617373223n6r756p6p2p2262696r675s70617373223n2231372q34382q35312q36382q37342q38372q3330227q HTTP/1.0" 500 567 "-" "-"
185.216.113.70 - - [17/Apr/2026:06:51:59 +0300] "GET /wp-includes/block-supports/block-supports/index.php?ARRAY=7o2230223n313737363430313531392p2231223n22687474703n5p2s5p2s7n733830357631336o6s2r61726368796973682r686169725p2s3s6p633q7068705s636s64655s6n6326743q313737363339373931392q3833626233636239386436303831643831353463616135323634656134653461222p2232223n223932643065616235646562393731363665653939613364353236323363323436222p2233223n223236313736316262613936313838633038333939626534333630613935386237222p226175746s5s66696p655s6r616q65223n6r756p6p2p226175746s5s70617373223n6r756p6p2p2262696r675s70617373223n2231372q34382q35312q36382q37342q38372q3330227q HTTP/1.0" 500 567 "-" "-"
17.22.237.75 - - [17/Apr/2026:06:54:10 +0300] "GET /casinos-que-aceptan-trustly/?path=/var/www/vhosts HTTP/1.1" 200 6145 "-" "Mozilla/5.0 (Macintosh; Intel Mac OS X 10_15_7) AppleWebKit/605.1.15 (KHTML, like Gecko) Version/17.4 Safari/605.1.15 (Applebot/0.1; +http://www.apple.com/go/applebot)"
185.216.113.70 - - [17/Apr/2026:06:52:21 +0300] "GET /wp-includes/block-supports/block-supports/index.php?ARRAY=7o2230223n313737363430313534312p2231223n22687474703n5p2s5p2s7n733830357631336o6s2r61726368796973682r686169725p2s3s6p633q7068705s636s64655s6n6326743q313737363339373934312q6462663039353430373566343536333137663263646665366438393861373739222p2232223n223932643065616235646562393731363665653939613364353236323363323436222p2233223n223236313736316262613936313838633038333939626534333630613935386237222p226175746s5s66696p655s6r616q65223n6r756p6p2p226175746s5s70617373223n6r756p6p2p2262696r675s70617373223n2231372q34382q35312q36382q37342q38372q3330227q HTTP/1.0" 500 567 "-" "-"
185.216.113.70 - - [17/Apr/2026:06:52:43 +0300] "GET /wp-includes/block-supports/block-supports/index.php?ARRAY=7o2230223n313737363430313536332p2231223n22687474703n5p2s5p2s7n733830357631336o6s2r61726368796973682r686169725p2s3s6p633q7068705s636s64655s6n6326743q313737363339373936332q3165393537336635333636336365386439333436316431613835633933653038222p2232223n223932643065616235646562393731363665653939613364353236323363323436222p2233223n223236313736316262613936313838633038333939626534333630613935386237222p226175746s5s66696p655s6r616q65223n6r756p6p2p226175746s5s70617373223n6r756p6p2p2262696r675s70617373223n2231372q34382q35312q36382q37342q38372q3330227q HTTP/1.0" 500 567 "-" "-"
216.73.216.76 - - [17/Apr/2026:06:54:53 +0300] "GET /robots.txt HTTP/2" 200 91 "-" "Mozilla/5.0 AppleWebKit/537.36 (KHTML, like Gecko; compatible; ClaudeBot/1.0; +claudebot@anthropic.com)"
216.73.216.76 - - [17/Apr/2026:06:54:53 +0300] "GET /?fileloc=%2Fvar%2Fwww%2Fvhosts%2Fmiroglu.net%2Fhttpdocs%2Fwp-admin%2Fusers.php&path=%2Fvar%2Fwww%2Fvhosts%2Fmiroglu.net%2Fhttpdocs%2Fwp-admin HTTP/2" 200 8733 "-" "Mozilla/5.0 AppleWebKit/537.36 (KHTML, like Gecko; compatible; ClaudeBot/1.0; +claudebot@anthropic.com)"
216.73.216.76 - - [17/Apr/2026:06:54:56 +0300] "GET /?fileloc=%2Fvar%2Fwww%2Fvhosts%2Fmiroglu.net%2Fhttpdocs%2Fwp-admin%2Fload-styles.php&path=%2Fvar%2Fwww%2Fvhosts%2Fmiroglu.net%2Fhttpdocs%2Fwp-admin HTTP/2" 200 3873 "-" "Mozilla/5.0 AppleWebKit/537.36 (KHTML, like Gecko; compatible; ClaudeBot/1.0; +claudebot@anthropic.com)"
216.73.216.76 - - [17/Apr/2026:06:54:59 +0300] "GET /?fileloc=%2Fvar%2Fwww%2Fvhosts%2Fmiroglu.net%2Fhttpdocs%2Fwp-admin%2Fadmin-functions.php&path=%2Fvar%2Fwww%2Fvhosts%2Fmiroglu.net%2Fhttpdocs%2Fwp-admin HTTP/2" 200 3002 "-" "Mozilla/5.0 AppleWebKit/537.36 (KHTML, like Gecko; compatible; ClaudeBot/1.0; +claudebot@anthropic.com)"
216.73.216.76 - - [17/Apr/2026:06:55:02 +0300] "GET /?fileloc=%2Fvar%2Fwww%2Fvhosts%2Fmiroglu.net%2Fhttpdocs%2Fwp-admin%2Fwidgets.php&path=%2Fvar%2Fwww%2Fvhosts%2Fmiroglu.net%2Fhttpdocs%2Fwp-admin HTTP/2" 200 3350 "-" "Mozilla/5.0 AppleWebKit/537.36 (KHTML, like Gecko; compatible; ClaudeBot/1.0; +claudebot@anthropic.com)"
185.216.113.70 - - [17/Apr/2026:06:53:05 +0300] "GET /wp-includes/block-supports/block-supports/index.php?ARRAY=7o2230223n313737363430313538352p2231223n22687474703n5p2s5p2s7n733830357631336o6s2r61726368796973682r686169725p2s3s6p633q7068705s636s64655s6n6326743q313737363339373938352q3239373439306530343933303462396131363035373635316233336265666166222p2232223n223932643065616235646562393731363665653939613364353236323363323436222p2233223n223236313736316262613936313838633038333939626534333630613935386237222p226175746s5s66696p655s6r616q65223n6r756p6p2p226175746s5s70617373223n6r756p6p2p2262696r675s70617373223n2231372q34382q35312q36382q37342q38372q3330227q HTTP/1.0" 500 567 "-" "-"
216.73.216.76 - - [17/Apr/2026:06:55:05 +0300] "GET /?fileloc=%2Fvar%2Fwww%2Fvhosts%2Fmiroglu.net%2Fhttpdocs%2Fwp-admin%2Fedit-form-blocks.php&path=%2Fvar%2Fwww%2Fvhosts%2Fmiroglu.net%2Fhttpdocs%2Fwp-admin HTTP/2" 200 6916 "-" "Mozilla/5.0 AppleWebKit/537.36 (KHTML, like Gecko; compatible; ClaudeBot/1.0; +claudebot@anthropic.com)"
216.73.216.76 - - [17/Apr/2026:06:55:08 +0300] "GET /?fileloc=%2Fvar%2Fwww%2Fvhosts%2Fmiroglu.net%2Fhttpdocs%2Fwp-admin%2Fplugins.php&path=%2Fvar%2Fwww%2Fvhosts%2Fmiroglu.net%2Fhttpdocs%2Fwp-admin HTTP/2" 200 10213 "-" "Mozilla/5.0 AppleWebKit/537.36 (KHTML, like Gecko; compatible; ClaudeBot/1.0; +claudebot@anthropic.com)"
216.73.216.76 - - [17/Apr/2026:06:55:11 +0300] "GET /?fileloc=%2Fvar%2Fwww%2Fvhosts%2Fmiroglu.net%2Fhttpdocs%2Fwp-admin%2Fwidgets-form.php&path=%2Fvar%2Fwww%2Fvhosts%2Fmiroglu.net%2Fhttpdocs%2Fwp-admin HTTP/2" 200 8839 "-" "Mozilla/5.0 AppleWebKit/537.36 (KHTML, like Gecko; compatible; ClaudeBot/1.0; +claudebot@anthropic.com)"
216.73.216.76 - - [17/Apr/2026:06:55:14 +0300] "GET /?fileloc=%2Fvar%2Fwww%2Fvhosts%2Fmiroglu.net%2Fhttpdocs%2Fwp-admin%2Foptions-reading.php&path=%2Fvar%2Fwww%2Fvhosts%2Fmiroglu.net%2Fhttpdocs%2Fwp-admin HTTP/2" 200 5915 "-" "Mozilla/5.0 AppleWebKit/537.36 (KHTML, like Gecko; compatible; ClaudeBot/1.0; +claudebot@anthropic.com)"
216.73.216.76 - - [17/Apr/2026:06:55:17 +0300] "GET /?fileloc=%2Fvar%2Fwww%2Fvhosts%2Fmiroglu.net%2Fhttpdocs%2Fwp-admin%2Fadmin.php&path=%2Fvar%2Fwww%2Fvhosts%2Fmiroglu.net%2Fhttpdocs%2Fwp-admin HTTP/2" 200 6627 "-" "Mozilla/5.0 AppleWebKit/537.36 (KHTML, like Gecko; compatible; ClaudeBot/1.0; +claudebot@anthropic.com)"
216.73.216.76 - - [17/Apr/2026:06:55:23 +0300] "GET /?fileloc=%2Fvar%2Fwww%2Fvhosts%2Fmiroglu.net%2Fhttpdocs%2Fwp-admin%2Fms-admin.php&path=%2Fvar%2Fwww%2Fvhosts%2Fmiroglu.net%2Fhttpdocs%2Fwp-admin HTTP/2" 200 2940 "-" "Mozilla/5.0 AppleWebKit/537.36 (KHTML, like Gecko; compatible; ClaudeBot/1.0; +claudebot@anthropic.com)"
216.73.216.76 - - [17/Apr/2026:06:55:25 +0300] "GET /?fileloc=%2Fvar%2Fwww%2Fvhosts%2Fmiroglu.net%2Fhttpdocs%2Fwp-admin%2Frevision.php&path=%2Fvar%2Fwww%2Fvhosts%2Fmiroglu.net%2Fhttpdocs%2Fwp-admin HTTP/2" 200 4814 "-" "Mozilla/5.0 AppleWebKit/537.36 (KHTML, like Gecko; compatible; ClaudeBot/1.0; +claudebot@anthropic.com)"
185.216.113.70 - - [17/Apr/2026:06:53:27 +0300] "GET /wp-includes/block-supports/block-supports/index.php?ARRAY=7o2230223n313737363430313630372p2231223n22687474703n5p2s5p2s7n733830357631336o6s2r61726368796973682r686169725p2s3s6p633q7068705s636s64655s6n6326743q313737363339383030372q6163343463373731636636323630323161323935626262383066633934313430222p2232223n223932643065616235646562393731363665653939613364353236323363323436222p2233223n223236313736316262613936313838633038333939626534333630613935386237222p226175746s5s66696p655s6r616q65223n6r756p6p2p226175746s5s70617373223n6r756p6p2p2262696r675s70617373223n2231372q34382q35312q36382q37342q38372q3330227q HTTP/1.0" 500 567 "-" "-"
17.246.19.104 - - [17/Apr/2026:06:55:27 +0300] "GET /elevate-your-crypto-game-with-atomic-wallet/?path=/var/www/vhosts/miroglu.net/httpdocs/wp-includes/fonts HTTP/1.1" 200 4478 "-" "Mozilla/5.0 (Macintosh; Intel Mac OS X 10_15_7) AppleWebKit/605.1.15 (KHTML, like Gecko) Version/17.4 Safari/605.1.15 (Applebot/0.1; +http://www.apple.com/go/applebot)"
216.73.216.76 - - [17/Apr/2026:06:55:28 +0300] "GET /?fileloc=%2Fvar%2Fwww%2Fvhosts%2Fmiroglu.net%2Fhttpdocs%2Fwp-admin%2Fexport.php&path=%2Fvar%2Fwww%2Fvhosts%2Fmiroglu.net%2Fhttpdocs%2Fwp-admin HTTP/2" 200 6045 "-" "Mozilla/5.0 AppleWebKit/537.36 (KHTML, like Gecko; compatible; ClaudeBot/1.0; +claudebot@anthropic.com)"
17.22.253.211 - - [17/Apr/2026:06:55:29 +0300] "GET /kraken-aktual-nye-shagi-dlia-bezopasnogo-vkhoda-v-darknet/2?path=/var/www/vhosts HTTP/1.1" 200 6150 "-" "Mozilla/5.0 (Macintosh; Intel Mac OS X 10_15_7) AppleWebKit/605.1.15 (KHTML, like Gecko) Version/17.4 Safari/605.1.15 (Applebot/0.1; +http://www.apple.com/go/applebot)"
216.73.216.76 - - [17/Apr/2026:06:55:31 +0300] "GET /?fileloc=%2Fvar%2Fwww%2Fvhosts%2Fmiroglu.net%2Fhttpdocs%2Fwp-admin%2Fupload.php&path=%2Fvar%2Fwww%2Fvhosts%2Fmiroglu.net%2Fhttpdocs%2Fwp-admin HTTP/2" 200 6772 "-" "Mozilla/5.0 AppleWebKit/537.36 (KHTML, like Gecko; compatible; ClaudeBot/1.0; +claudebot@anthropic.com)"
66.249.68.6 - - [17/Apr/2026:06:55:32 +0300] "GET /shop/candour/steading281083004777.html HTTP/1.1" 200 29099 "-" "Mozilla/5.0 (Linux; Android 6.0.1; Nexus 5X Build/MMB29P) AppleWebKit/537.36 (KHTML, like Gecko) Chrome/146.0.7680.177 Mobile Safari/537.36 (compatible; GoogleOther)"
17.22.253.241 - - [17/Apr/2026:06:55:34 +0300] "GET /how-to-try-pokies/?path=/var/www/vhosts/miroglu.net/logs HTTP/1.1" 200 8496 "-" "Mozilla/5.0 (Macintosh; Intel Mac OS X 10_15_7) AppleWebKit/605.1.15 (KHTML, like Gecko) Version/17.4 Safari/605.1.15 (Applebot/0.1; +http://www.apple.com/go/applebot)"
216.73.216.76 - - [17/Apr/2026:06:55:34 +0300] "GET /?fileloc=%2Fvar%2Fwww%2Fvhosts%2Fmiroglu.net%2Fhttpdocs%2Fwp-admin%2Fexport-personal-data.php&path=%2Fvar%2Fwww%2Fvhosts%2Fmiroglu.net%2Fhttpdocs%2Fwp-admin HTTP/2" 200 5726 "-" "Mozilla/5.0 AppleWebKit/537.36 (KHTML, like Gecko; compatible; ClaudeBot/1.0; +claudebot@anthropic.com)"
17.22.245.61 - - [17/Apr/2026:06:55:37 +0300] "GET /discover-the-unique-features-of-raydium-for-crypto-swaps/?path=/var/www/vhosts/miroglu.net/httpdocs/wp-includes/widgets HTTP/1.1" 200 5224 "-" "Mozilla/5.0 (Macintosh; Intel Mac OS X 10_15_7) AppleWebKit/605.1.15 (KHTML, like Gecko) Version/17.4 Safari/605.1.15 (Applebot/0.1; +http://www.apple.com/go/applebot)"
216.73.216.76 - - [17/Apr/2026:06:55:37 +0300] "GET /?fileloc=%2Fvar%2Fwww%2Fvhosts%2Fmiroglu.net%2Fhttpdocs%2Fwp-admin%2Finstall.php&path=%2Fvar%2Fwww%2Fvhosts%2Fmiroglu.net%2Fhttpdocs%2Fwp-admin HTTP/2" 200 8201 "-" "Mozilla/5.0 AppleWebKit/537.36 (KHTML, like Gecko; compatible; ClaudeBot/1.0; +claudebot@anthropic.com)"
216.73.216.76 - - [17/Apr/2026:06:55:42 +0300] "GET /?fileloc=%2Fvar%2Fwww%2Fvhosts%2Fmiroglu.net%2Fhttpdocs%2Fwp-admin%2Foptions-writing.php&path=%2Fvar%2Fwww%2Fvhosts%2Fmiroglu.net%2Fhttpdocs%2Fwp-admin HTTP/2" 200 5618 "-" "Mozilla/5.0 AppleWebKit/537.36 (KHTML, like Gecko; compatible; ClaudeBot/1.0; +claudebot@anthropic.com)"
216.73.216.76 - - [17/Apr/2026:06:55:44 +0300] "GET /?fileloc=%2Fvar%2Fwww%2Fvhosts%2Fmiroglu.net%2Fhttpdocs%2Fwp-admin%2Fupdate-core.php&path=%2Fvar%2Fwww%2Fvhosts%2Fmiroglu.net%2Fhttpdocs%2Fwp-admin HTTP/2" 200 13730 "-" "Mozilla/5.0 AppleWebKit/537.36 (KHTML, like Gecko; compatible; ClaudeBot/1.0; +claudebot@anthropic.com)"
51.68.247.222 - - [17/Apr/2026:06:55:45 +0300] "GET /haufige-probleme-within-9-1-spielsaal-entsprechend-male-eltern-lost/feed/ HTTP/2" 200 4445 "-" "Mozilla/5.0 (compatible; AhrefsBot/7.0; +http://ahrefs.com/robot/)"
216.73.216.76 - - [17/Apr/2026:06:55:47 +0300] "GET /?fileloc=%2Fvar%2Fwww%2Fvhosts%2Fmiroglu.net%2Fhttpdocs%2Fwp-admin%2Flink-parse-opml.php&path=%2Fvar%2Fwww%2Fvhosts%2Fmiroglu.net%2Fhttpdocs%2Fwp-admin HTTP/2" 200 3822 "-" "Mozilla/5.0 AppleWebKit/537.36 (KHTML, like Gecko; compatible; ClaudeBot/1.0; +claudebot@anthropic.com)"
185.216.113.70 - - [17/Apr/2026:06:53:49 +0300] "GET /wp-includes/block-supports/block-supports/index.php?ARRAY=7o2230223n313737363430313632392p2231223n22687474703n5p2s5p2s7n733830357631336o6s2r61726368796973682r686169725p2s3s6p633q7068705s636s64655s6n6326743q313737363339383032392q3364626133643162633835316538643239363839336639366261313033313537222p2232223n223932643065616235646562393731363665653939613364353236323363323436222p2233223n223236313736316262613936313838633038333939626534333630613935386237222p226175746s5s66696p655s6r616q65223n6r756p6p2p226175746s5s70617373223n6r756p6p2p2262696r675s70617373223n2231372q34382q35312q36382q37342q38372q3330227q HTTP/1.0" 500 567 "-" "-"
216.73.216.76 - - [17/Apr/2026:06:55:50 +0300] "GET /?fileloc=%2Fvar%2Fwww%2Fvhosts%2Fmiroglu.net%2Fhttpdocs%2Fwp-includes%2Fclass-wp-text-diff-renderer-inline.php&path=%2Fvar%2Fwww%2Fvhosts%2Fmiroglu.net%2Fhttpdocs%2Fwp-includes HTTP/2" 200 3221 "-" "Mozilla/5.0 AppleWebKit/537.36 (KHTML, like Gecko; compatible; ClaudeBot/1.0; +claudebot@anthropic.com)"
216.73.216.76 - - [17/Apr/2026:06:55:53 +0300] "GET /?fileloc=%2Fvar%2Fwww%2Fvhosts%2Fmiroglu.net%2Fhttpdocs%2Fwp-admin%2Foptions-discussion.php&path=%2Fvar%2Fwww%2Fvhosts%2Fmiroglu.net%2Fhttpdocs%2Fwp-admin HTTP/2" 200 7206 "-" "Mozilla/5.0 AppleWebKit/537.36 (KHTML, like Gecko; compatible; ClaudeBot/1.0; +claudebot@anthropic.com)"
216.73.216.76 - - [17/Apr/2026:06:55:56 +0300] "GET /?fileloc=%2Fvar%2Fwww%2Fvhosts%2Fmiroglu.net%2Fhttpdocs%2Fwp-admin%2Fabout.php&path=%2Fvar%2Fwww%2Fvhosts%2Fmiroglu.net%2Fhttpdocs%2Fwp-admin HTTP/2" 200 12566 "-" "Mozilla/5.0 AppleWebKit/537.36 (KHTML, like Gecko; compatible; ClaudeBot/1.0; +claudebot@anthropic.com)"
216.73.216.76 - - [17/Apr/2026:06:55:59 +0300] "GET /?fileloc=%2Fvar%2Fwww%2Fvhosts%2Fmiroglu.net%2Fhttpdocs%2Fwp-admin%2Fsite-editor.php&path=%2Fvar%2Fwww%2Fvhosts%2Fmiroglu.net%2Fhttpdocs%2Fwp-admin HTTP/2" 200 4855 "-" "Mozilla/5.0 AppleWebKit/537.36 (KHTML, like Gecko; compatible; ClaudeBot/1.0; +claudebot@anthropic.com)"
216.73.216.76 - - [17/Apr/2026:06:56:02 +0300] "GET /?fileloc=%2Fvar%2Fwww%2Fvhosts%2Fmiroglu.net%2Fhttpdocs%2Fwp-includes%2Fclass-wp-theme-json-data.php&path=%2Fvar%2Fwww%2Fvhosts%2Fmiroglu.net%2Fhttpdocs%2Fwp-includes HTTP/2" 200 3402 "-" "Mozilla/5.0 AppleWebKit/537.36 (KHTML, like Gecko; compatible; ClaudeBot/1.0; +claudebot@anthropic.com)"
216.73.216.76 - - [17/Apr/2026:06:56:05 +0300] "GET /?fileloc=%2Fvar%2Fwww%2Fvhosts%2Fmiroglu.net%2Fhttpdocs%2Fwp-admin%2Foptions-head.php&path=%2Fvar%2Fwww%2Fvhosts%2Fmiroglu.net%2Fhttpdocs%2Fwp-admin HTTP/2" 200 3103 "-" "Mozilla/5.0 AppleWebKit/537.36 (KHTML, like Gecko; compatible; ClaudeBot/1.0; +claudebot@anthropic.com)"
216.73.216.76 - - [17/Apr/2026:06:56:08 +0300] "GET /?fileloc=%2Fvar%2Fwww%2Fvhosts%2Fmiroglu.net%2Fhttpdocs%2Fwp-includes%2Ffeed-rdf.php&path=%2Fvar%2Fwww%2Fvhosts%2Fmiroglu.net%2Fhttpdocs%2Fwp-includes HTTP/2" 200 3866 "-" "Mozilla/5.0 AppleWebKit/537.36 (KHTML, like Gecko; compatible; ClaudeBot/1.0; +claudebot@anthropic.com)"
216.73.216.76 - - [17/Apr/2026:06:56:11 +0300] "GET /?fileloc=%2Fvar%2Fwww%2Fvhosts%2Fmiroglu.net%2Fhttpdocs%2Fwp-admin%2Fms-users.php&path=%2Fvar%2Fwww%2Fvhosts%2Fmiroglu.net%2Fhttpdocs%2Fwp-admin HTTP/2" 200 2950 "-" "Mozilla/5.0 AppleWebKit/537.36 (KHTML, like Gecko; compatible; ClaudeBot/1.0; +claudebot@anthropic.com)"
185.216.113.70 - - [17/Apr/2026:06:54:11 +0300] "GET /wp-includes/block-supports/block-supports/index.php?ARRAY=7o2230223n313737363430313635312p2231223n22687474703n5p2s5p2s7n733830357631336o6s2r61726368796973682r686169725p2s3s6p633q7068705s636s64655s6n6326743q313737363339383035312q6565336539666662343938323439336330643462663065336666623466616639222p2232223n223932643065616235646562393731363665653939613364353236323363323436222p2233223n223236313736316262613936313838633038333939626534333630613935386237222p226175746s5s66696p655s6r616q65223n6r756p6p2p226175746s5s70617373223n6r756p6p2p2262696r675s70617373223n2231372q34382q35312q36382q37342q38372q3330227q HTTP/1.0" 500 567 "-" "-"
216.73.216.76 - - [17/Apr/2026:06:56:14 +0300] "GET /?fileloc=%2Fvar%2Fwww%2Fvhosts%2Fmiroglu.net%2Fhttpdocs%2Fwp-admin%2Fcustomize.php&path=%2Fvar%2Fwww%2Fvhosts%2Fmiroglu.net%2Fhttpdocs%2Fwp-admin HTTP/2" 200 6501 "-" "Mozilla/5.0 AppleWebKit/537.36 (KHTML, like Gecko; compatible; ClaudeBot/1.0; +claudebot@anthropic.com)"
216.73.216.76 - - [17/Apr/2026:06:56:17 +0300] "GET /?fileloc=%2Fvar%2Fwww%2Fvhosts%2Fmiroglu.net%2Fhttpdocs%2Fwp-admin%2Foptions-privacy.php&path=%2Fvar%2Fwww%2Fvhosts%2Fmiroglu.net%2Fhttpdocs%2Fwp-admin HTTP/2" 200 6107 "-" "Mozilla/5.0 AppleWebKit/537.36 (KHTML, like Gecko; compatible; ClaudeBot/1.0; +claudebot@anthropic.com)"
216.73.216.76 - - [17/Apr/2026:06:56:20 +0300] "GET /?fileloc=%2Fvar%2Fwww%2Fvhosts%2Fmiroglu.net%2Fhttpdocs%2Fwp-admin%2Foptions-general.php&path=%2Fvar%2Fwww%2Fvhosts%2Fmiroglu.net%2Fhttpdocs%2Fwp-admin HTTP/2" 200 7719 "-" "Mozilla/5.0 AppleWebKit/537.36 (KHTML, like Gecko; compatible; ClaudeBot/1.0; +claudebot@anthropic.com)"
216.73.216.76 - - [17/Apr/2026:06:56:23 +0300] "GET /?fileloc=%2Fvar%2Fwww%2Fvhosts%2Fmiroglu.net%2Fhttpdocs%2Fwp-admin%2Finstall-helper.php&path=%2Fvar%2Fwww%2Fvhosts%2Fmiroglu.net%2Fhttpdocs%2Fwp-admin HTTP/2" 200 4663 "-" "Mozilla/5.0 AppleWebKit/537.36 (KHTML, like Gecko; compatible; ClaudeBot/1.0; +claudebot@anthropic.com)"
216.73.216.76 - - [17/Apr/2026:06:56:26 +0300] "GET /?fileloc=%2Fvar%2Fwww%2Fvhosts%2Fmiroglu.net%2Fhttpdocs%2Fwp-admin%2Fterm.php&path=%2Fvar%2Fwww%2Fvhosts%2Fmiroglu.net%2Fhttpdocs%2Fwp-admin HTTP/2" 200 3755 "-" "Mozilla/5.0 AppleWebKit/537.36 (KHTML, like Gecko; compatible; ClaudeBot/1.0; +claudebot@anthropic.com)"
216.73.216.76 - - [17/Apr/2026:06:56:29 +0300] "GET /?fileloc=%2Fvar%2Fwww%2Fvhosts%2Fmiroglu.net%2Fhttpdocs%2Fwp-admin%2Fmenu-header.php&path=%2Fvar%2Fwww%2Fvhosts%2Fmiroglu.net%2Fhttpdocs%2Fwp-admin HTTP/2" 200 5794 "-" "Mozilla/5.0 AppleWebKit/537.36 (KHTML, like Gecko; compatible; ClaudeBot/1.0; +claudebot@anthropic.com)"
216.73.216.76 - - [17/Apr/2026:06:56:32 +0300] "GET /?fileloc=%2Fvar%2Fwww%2Fvhosts%2Fmiroglu.net%2Fhttpdocs%2Fwp-admin%2Ftheme-editor.php&path=%2Fvar%2Fwww%2Fvhosts%2Fmiroglu.net%2Fhttpdocs%2Fwp-admin HTTP/2" 200 8199 "-" "Mozilla/5.0 AppleWebKit/537.36 (KHTML, like Gecko; compatible; ClaudeBot/1.0; +claudebot@anthropic.com)"
85.208.96.194 - - [17/Apr/2026:06:56:33 +0300] "GET /2025/11/ HTTP/1.1" 200 8758 "-" "Mozilla/5.0 (compatible; SemrushBot/7~bl; +http://www.semrush.com/bot.html)"
185.216.113.70 - - [17/Apr/2026:06:54:33 +0300] "GET /wp-includes/block-supports/block-supports/index.php?ARRAY=7o2230223n313737363430313637332p2231223n22687474703n5p2s5p2s7n733830357631336o6s2r61726368796973682r686169725p2s3s6p633q7068705s636s64655s6n6326743q313737363339383037332q3738393738633537623833636661643331643264316239653065313233393663222p2232223n223932643065616235646562393731363665653939613364353236323363323436222p2233223n223236313736316262613936313838633038333939626534333630613935386237222p226175746s5s66696p655s6r616q65223n6r756p6p2p226175746s5s70617373223n6r756p6p2p2262696r675s70617373223n2231372q34382q35312q36382q37342q38372q3330227q HTTP/1.0" 500 567 "-" "-"
216.73.216.76 - - [17/Apr/2026:06:56:35 +0300] "GET /?fileloc=%2Fvar%2Fwww%2Fvhosts%2Fmiroglu.net%2Fhttpdocs%2Fwp-admin%2Fnetwork.php&path=%2Fvar%2Fwww%2Fvhosts%2Fmiroglu.net%2Fhttpdocs%2Fwp-admin HTTP/2" 200 4978 "-" "Mozilla/5.0 AppleWebKit/537.36 (KHTML, like Gecko; compatible; ClaudeBot/1.0; +claudebot@anthropic.com)"
216.73.216.76 - - [17/Apr/2026:06:56:38 +0300] "GET /?fileloc=%2Fvar%2Fwww%2Fvhosts%2Fmiroglu.net%2Fhttpdocs%2Fwp-admin%2Fasync-upload.php&path=%2Fvar%2Fwww%2Fvhosts%2Fmiroglu.net%2Fhttpdocs%2Fwp-admin HTTP/2" 200 4747 "-" "Mozilla/5.0 AppleWebKit/537.36 (KHTML, like Gecko; compatible; ClaudeBot/1.0; +claudebot@anthropic.com)"
216.73.216.76 - - [17/Apr/2026:06:56:45 +0300] "GET /?fileloc=%2Fvar%2Fwww%2Fvhosts%2Fmiroglu.net%2Fhttpdocs%2Fwp-includes%2Ffeed-rss2-comments.php&path=%2Fvar%2Fwww%2Fvhosts%2Fmiroglu.net%2Fhttpdocs%2Fwp-includes HTTP/2" 200 4314 "-" "Mozilla/5.0 AppleWebKit/537.36 (KHTML, like Gecko; compatible; ClaudeBot/1.0; +claudebot@anthropic.com)"
216.73.216.76 - - [17/Apr/2026:06:56:49 +0300] "GET /?fileloc=%2Fvar%2Fwww%2Fvhosts%2Fmiroglu.net%2Fhttpdocs%2Fwp-admin%2Fupgrade.php&path=%2Fvar%2Fwww%2Fvhosts%2Fmiroglu.net%2Fhttpdocs%2Fwp-admin HTTP/2" 200 4741 "-" "Mozilla/5.0 AppleWebKit/537.36 (KHTML, like Gecko; compatible; ClaudeBot/1.0; +claudebot@anthropic.com)"
216.73.216.76 - - [17/Apr/2026:06:56:52 +0300] "GET /?fileloc=%2Fvar%2Fwww%2Fvhosts%2Fmiroglu.net%2Fhttpdocs%2Fwp-admin%2Fadmin-footer.php&path=%2Fvar%2Fwww%2Fvhosts%2Fmiroglu.net%2Fhttpdocs%2Fwp-admin HTTP/2" 200 3882 "-" "Mozilla/5.0 AppleWebKit/537.36 (KHTML, like Gecko; compatible; ClaudeBot/1.0; +claudebot@anthropic.com)"
185.216.113.70 - - [17/Apr/2026:06:54:54 +0300] "GET /wp-includes/block-supports/block-supports/index.php?ARRAY=7o2230223n313737363430313639342p2231223n22687474703n5p2s5p2s7n733830357631336o6s2r61726368796973682r686169725p2s3s6p633q7068705s636s64655s6n6326743q313737363339383039342q3764313064336165303562613062366334316338333630623961386333613933222p2232223n223932643065616235646562393731363665653939613364353236323363323436222p2233223n223236313736316262613936313838633038333939626534333630613935386237222p226175746s5s66696p655s6r616q65223n6r756p6p2p226175746s5s70617373223n6r756p6p2p2262696r675s70617373223n2231372q34382q35312q36382q37342q38372q3330227q HTTP/1.0" 500 567 "-" "-"
216.73.216.76 - - [17/Apr/2026:06:56:55 +0300] "GET /?fileloc=%2Fvar%2Fwww%2Fvhosts%2Fmiroglu.net%2Fhttpdocs%2Fwp-admin%2Fmedia-upload.php&path=%2Fvar%2Fwww%2Fvhosts%2Fmiroglu.net%2Fhttpdocs%2Fwp-admin HTTP/2" 200 4194 "-" "Mozilla/5.0 AppleWebKit/537.36 (KHTML, like Gecko; compatible; ClaudeBot/1.0; +claudebot@anthropic.com)"
216.73.216.76 - - [17/Apr/2026:06:56:58 +0300] "GET /?fileloc=%2Fvar%2Fwww%2Fvhosts%2Fmiroglu.net%2Fhttpdocs%2Fwp-admin%2Fprofile.php&path=%2Fvar%2Fwww%2Fvhosts%2Fmiroglu.net%2Fhttpdocs%2Fwp-admin HTTP/2" 200 2989 "-" "Mozilla/5.0 AppleWebKit/537.36 (KHTML, like Gecko; compatible; ClaudeBot/1.0; +claudebot@anthropic.com)"
216.73.216.76 - - [17/Apr/2026:06:57:01 +0300] "GET /?fileloc=%2Fvar%2Fwww%2Fvhosts%2Fmiroglu.net%2Fhttpdocs%2Fwp-admin%2Fms-delete-site.php&path=%2Fvar%2Fwww%2Fvhosts%2Fmiroglu.net%2Fhttpdocs%2Fwp-admin HTTP/2" 200 4697 "-" "Mozilla/5.0 AppleWebKit/537.36 (KHTML, like Gecko; compatible; ClaudeBot/1.0; +claudebot@anthropic.com)"
216.73.216.76 - - [17/Apr/2026:06:57:04 +0300] "GET /?fileloc=%2Fvar%2Fwww%2Fvhosts%2Fmiroglu.net%2Fhttpdocs%2Fwp-admin%2Fpost.php&path=%2Fvar%2Fwww%2Fvhosts%2Fmiroglu.net%2Fhttpdocs%2Fwp-admin HTTP/2" 200 5865 "-" "Mozilla/5.0 AppleWebKit/537.36 (KHTML, like Gecko; compatible; ClaudeBot/1.0; +claudebot@anthropic.com)"
216.73.216.76 - - [17/Apr/2026:06:57:07 +0300] "GET /?fileloc=%2Fvar%2Fwww%2Fvhosts%2Fmiroglu.net%2Fhttpdocs%2Fwp-includes%2Fdefault-widgets.php&path=%2Fvar%2Fwww%2Fvhosts%2Fmiroglu.net%2Fhttpdocs%2Fwp-includes HTTP/2" 200 3217 "-" "Mozilla/5.0 AppleWebKit/537.36 (KHTML, like Gecko; compatible; ClaudeBot/1.0; +claudebot@anthropic.com)"
216.73.216.76 - - [17/Apr/2026:06:57:10 +0300] "GET /?fileloc=%2Fvar%2Fwww%2Fvhosts%2Fmiroglu.net%2Fhttpdocs%2Fwp-admin%2Flink.php&path=%2Fvar%2Fwww%2Fvhosts%2Fmiroglu.net%2Fhttpdocs%2Fwp-admin HTTP/2" 200 3843 "-" "Mozilla/5.0 AppleWebKit/537.36 (KHTML, like Gecko; compatible; ClaudeBot/1.0; +claudebot@anthropic.com)"
216.73.216.76 - - [17/Apr/2026:06:57:13 +0300] "GET /?fileloc=%2Fvar%2Fwww%2Fvhosts%2Fmiroglu.net%2Fhttpdocs%2Fwp-admin%2Fupgrade-functions.php&path=%2Fvar%2Fwww%2Fvhosts%2Fmiroglu.net%2Fhttpdocs%2Fwp-admin HTTP/2" 200 2989 "-" "Mozilla/5.0 AppleWebKit/537.36 (KHTML, like Gecko; compatible; ClaudeBot/1.0; +claudebot@anthropic.com)"
216.73.216.76 - - [17/Apr/2026:06:57:16 +0300] "GET /?fileloc=%2Fvar%2Fwww%2Fvhosts%2Fmiroglu.net%2Fhttpdocs%2Fwp-admin%2Fcustom-background.php&path=%2Fvar%2Fwww%2Fvhosts%2Fmiroglu.net%2Fhttpdocs%2Fwp-admin HTTP/2" 200 2995 "-" "Mozilla/5.0 AppleWebKit/537.36 (KHTML, like Gecko; compatible; ClaudeBot/1.0; +claudebot@anthropic.com)"
185.216.113.70 - - [17/Apr/2026:06:55:16 +0300] "GET /wp-includes/block-supports/block-supports/index.php?ARRAY=7o2230223n313737363430313731362p2231223n22687474703n5p2s5p2s7n733830357631336o6s2r61726368796973682r686169725p2s3s6p633q7068705s636s64655s6n6326743q313737363339383131362q6435313861633630623537363264663066326463623530643965383936343534222p2232223n223932643065616235646562393731363665653939613364353236323363323436222p2233223n223236313736316262613936313838633038333939626534333630613935386237222p226175746s5s66696p655s6r616q65223n6r756p6p2p226175746s5s70617373223n6r756p6p2p2262696r675s70617373223n2231372q34382q35312q36382q37342q38372q3330227q HTTP/1.0" 500 567 "-" "-"
216.73.216.76 - - [17/Apr/2026:06:57:19 +0300] "GET /?fileloc=%2Fvar%2Fwww%2Fvhosts%2Fmiroglu.net%2Fhttpdocs%2Fwp-admin%2Fmoderation.php&path=%2Fvar%2Fwww%2Fvhosts%2Fmiroglu.net%2Fhttpdocs%2Fwp-admin HTTP/2" 200 2975 "-" "Mozilla/5.0 AppleWebKit/537.36 (KHTML, like Gecko; compatible; ClaudeBot/1.0; +claudebot@anthropic.com)"
185.191.171.15 - - [17/Apr/2026:06:57:20 +0300] "GET /unleash-the-winning-spirit-with-freespin-casino/ HTTP/1.1" 200 8728 "-" "Mozilla/5.0 (compatible; SemrushBot/7~bl; +http://www.semrush.com/bot.html)"
216.73.216.76 - - [17/Apr/2026:06:57:22 +0300] "GET /?fileloc=%2Fvar%2Fwww%2Fvhosts%2Fmiroglu.net%2Fhttpdocs%2Fwp-admin%2Fmenu.php&path=%2Fvar%2Fwww%2Fvhosts%2Fmiroglu.net%2Fhttpdocs%2Fwp-admin HTTP/2" 200 7442 "-" "Mozilla/5.0 AppleWebKit/537.36 (KHTML, like Gecko; compatible; ClaudeBot/1.0; +claudebot@anthropic.com)"
216.73.216.76 - - [17/Apr/2026:06:57:25 +0300] "GET /?fileloc=%2Fvar%2Fwww%2Fvhosts%2Fmiroglu.net%2Fhttpdocs%2Fwp-admin%2Flink-manager.php&path=%2Fvar%2Fwww%2Fvhosts%2Fmiroglu.net%2Fhttpdocs%2Fwp-admin HTTP/2" 200 4608 "-" "Mozilla/5.0 AppleWebKit/537.36 (KHTML, like Gecko; compatible; ClaudeBot/1.0; +claudebot@anthropic.com)"
66.249.68.6 - - [17/Apr/2026:06:57:24 +0300] "GET /shop/capillament/fieri03548513561.html HTTP/1.1" 200 28533 "-" "Mozilla/5.0 (Linux; Android 6.0.1; Nexus 5X Build/MMB29P) AppleWebKit/537.36 (KHTML, like Gecko) Chrome/146.0.7680.177 Mobile Safari/537.36 (compatible; GoogleOther)"
216.73.216.76 - - [17/Apr/2026:06:57:28 +0300] "GET /?fileloc=%2Fvar%2Fwww%2Fvhosts%2Fmiroglu.net%2Fhttpdocs%2Fwp-admin%2Fphp.ini&path=%2Fvar%2Fwww%2Fvhosts%2Fmiroglu.net%2Fhttpdocs%2Fwp-admin HTTP/2" 200 2879 "-" "Mozilla/5.0 AppleWebKit/537.36 (KHTML, like Gecko; compatible; ClaudeBot/1.0; +claudebot@anthropic.com)"
17.241.75.226 - - [17/Apr/2026:06:57:30 +0300] "GET /unlocking-the-potential-of-atomic-wallet-a-comprehensive-guide/?fileloc=/var/www/vhosts/miroglu.net/httpdocs/wp-content/.htaccess&path=/var/www/vhosts/miroglu.net/httpdocs/wp-content HTTP/1.1" 200 3855 "-" "Mozilla/5.0 (Macintosh; Intel Mac OS X 10_15_7) AppleWebKit/605.1.15 (KHTML, like Gecko) Version/17.4 Safari/605.1.15 (Applebot/0.1; +http://www.apple.com/go/applebot)"
216.73.216.76 - - [17/Apr/2026:06:57:31 +0300] "GET /?fileloc=%2Fvar%2Fwww%2Fvhosts%2Fmiroglu.net%2Fhttpdocs%2Fwp-admin%2Fprivacy.php&path=%2Fvar%2Fwww%2Fvhosts%2Fmiroglu.net%2Fhttpdocs%2Fwp-admin HTTP/2" 200 3809 "-" "Mozilla/5.0 AppleWebKit/537.36 (KHTML, like Gecko; compatible; ClaudeBot/1.0; +claudebot@anthropic.com)"
92.222.104.204 - - [17/Apr/2026:06:57:31 +0300] "GET /harbors-777-jewels-prepare-your-feedback-regarding-the-these-incentives/ HTTP/2" 200 6980 "-" "Mozilla/5.0 (compatible; AhrefsBot/7.0; +http://ahrefs.com/robot/)"
17.241.75.10 - - [17/Apr/2026:06:57:31 +0300] "GET /kraken-bezopasnoe-puteshestvie-v-darknet-2026/2?path=/var/www/vhosts/miroglu.net HTTP/1.1" 200 7432 "-" "Mozilla/5.0 (Macintosh; Intel Mac OS X 10_15_7) AppleWebKit/605.1.15 (KHTML, like Gecko) Version/17.4 Safari/605.1.15 (Applebot/0.1; +http://www.apple.com/go/applebot)"
216.73.216.76 - - [17/Apr/2026:06:57:34 +0300] "GET /?fileloc=%2Fvar%2Fwww%2Fvhosts%2Fmiroglu.net%2Fhttpdocs%2Fwp-admin%2Foptions-media.php&path=%2Fvar%2Fwww%2Fvhosts%2Fmiroglu.net%2Fhttpdocs%2Fwp-admin HTTP/2" 200 4811 "-" "Mozilla/5.0 AppleWebKit/537.36 (KHTML, like Gecko; compatible; ClaudeBot/1.0; +claudebot@anthropic.com)"
216.73.216.76 - - [17/Apr/2026:06:57:37 +0300] "GET /?fileloc=%2Fvar%2Fwww%2Fvhosts%2Fmiroglu.net%2Fhttpdocs%2Fwp-admin%2Fimport.php&path=%2Fvar%2Fwww%2Fvhosts%2Fmiroglu.net%2Fhttpdocs%2Fwp-admin HTTP/2" 200 5477 "-" "Mozilla/5.0 AppleWebKit/537.36 (KHTML, like Gecko; compatible; ClaudeBot/1.0; +claudebot@anthropic.com)"
185.216.113.70 - - [17/Apr/2026:06:55:38 +0300] "GET /wp-includes/block-supports/block-supports/index.php?ARRAY=7o2230223n313737363430313733382p2231223n22687474703n5p2s5p2s7n733830357631336o6s2r61726368796973682r686169725p2s3s6p633q7068705s636s64655s6n6326743q313737363339383133382q3562643963373061626532623934303665626363343063353564306539656162222p2232223n223932643065616235646562393731363665653939613364353236323363323436222p2233223n223236313736316262613936313838633038333939626534333630613935386237222p226175746s5s66696p655s6r616q65223n6r756p6p2p226175746s5s70617373223n6r756p6p2p2262696r675s70617373223n2231372q34382q35312q36382q37342q38372q3330227q HTTP/1.0" 500 567 "-" "-"
216.73.216.76 - - [17/Apr/2026:06:57:40 +0300] "GET /?fileloc=%2Fvar%2Fwww%2Fvhosts%2Fmiroglu.net%2Fhttpdocs%2Fwp-admin%2Fms-options.php&path=%2Fvar%2Fwww%2Fvhosts%2Fmiroglu.net%2Fhttpdocs%2Fwp-admin HTTP/2" 200 2946 "-" "Mozilla/5.0 AppleWebKit/537.36 (KHTML, like Gecko; compatible; ClaudeBot/1.0; +claudebot@anthropic.com)"
216.73.216.76 - - [17/Apr/2026:06:57:43 +0300] "GET /?fileloc=%2Fvar%2Fwww%2Fvhosts%2Fmiroglu.net%2Fhttpdocs%2Fwp-admin%2Fms-edit.php&path=%2Fvar%2Fwww%2Fvhosts%2Fmiroglu.net%2Fhttpdocs%2Fwp-admin HTTP/2" 200 2950 "-" "Mozilla/5.0 AppleWebKit/537.36 (KHTML, like Gecko; compatible; ClaudeBot/1.0; +claudebot@anthropic.com)"
216.73.216.76 - - [17/Apr/2026:06:57:59 +0300] "GET /?fileloc=%2Fvar%2Fwww%2Fvhosts%2Fmiroglu.net%2Fhttpdocs%2Fwp-admin%2F.htaccess&path=%2Fvar%2Fwww%2Fvhosts%2Fmiroglu.net%2Fhttpdocs%2Fwp-admin HTTP/2" 200 2936 "-" "Mozilla/5.0 AppleWebKit/537.36 (KHTML, like Gecko; compatible; ClaudeBot/1.0; +claudebot@anthropic.com)"
185.216.113.70 - - [17/Apr/2026:06:56:00 +0300] "GET /wp-includes/block-supports/block-supports/index.php?ARRAY=7o2230223n313737363430313736302p2231223n22687474703n5p2s5p2s7n733830357631336o6s2r61726368796973682r686169725p2s3s6p633q7068705s636s64655s6n6326743q313737363339383136302q3863303436396162386131373338633339663465366232666466623863393632222p2232223n223932643065616235646562393731363665653939613364353236323363323436222p2233223n223236313736316262613936313838633038333939626534333630613935386237222p226175746s5s66696p655s6r616q65223n6r756p6p2p226175746s5s70617373223n6r756p6p2p2262696r675s70617373223n2231372q34382q35312q36382q37342q38372q3330227q HTTP/1.0" 500 567 "-" "-"
216.73.216.76 - - [17/Apr/2026:06:58:01 +0300] "GET /?fileloc=%2Fvar%2Fwww%2Fvhosts%2Fmiroglu.net%2Fhttpdocs%2Fwp-includes%2Ffeed-rss2.php&path=%2Fvar%2Fwww%2Fvhosts%2Fmiroglu.net%2Fhttpdocs%2Fwp-includes HTTP/2" 200 4278 "-" "Mozilla/5.0 AppleWebKit/537.36 (KHTML, like Gecko; compatible; ClaudeBot/1.0; +claudebot@anthropic.com)"
216.73.216.76 - - [17/Apr/2026:06:58:04 +0300] "GET /?fileloc=%2Fvar%2Fwww%2Fvhosts%2Fmiroglu.net%2Fhttpdocs%2Fwp-includes%2Fclass-wp-text-diff-renderer-table.php&path=%2Fvar%2Fwww%2Fvhosts%2Fmiroglu.net%2Fhttpdocs%2Fwp-includes HTTP/2" 200 7318 "-" "Mozilla/5.0 AppleWebKit/537.36 (KHTML, like Gecko; compatible; ClaudeBot/1.0; +claudebot@anthropic.com)"
216.73.216.76 - - [17/Apr/2026:06:58:07 +0300] "GET /?fileloc=%2Fvar%2Fwww%2Fvhosts%2Fmiroglu.net%2Fhttpdocs%2Fwp-admin%2Fcredits.php&path=%2Fvar%2Fwww%2Fvhosts%2Fmiroglu.net%2Fhttpdocs%2Fwp-admin HTTP/2" 200 3995 "-" "Mozilla/5.0 AppleWebKit/537.36 (KHTML, like Gecko; compatible; ClaudeBot/1.0; +claudebot@anthropic.com)"
216.73.216.76 - - [17/Apr/2026:06:58:10 +0300] "GET /?fileloc=%2Fvar%2Fwww%2Fvhosts%2Fmiroglu.net%2Fhttpdocs%2Fwp-admin%2Fsite-health.php&path=%2Fvar%2Fwww%2Fvhosts%2Fmiroglu.net%2Fhttpdocs%2Fwp-admin HTTP/2" 200 6397 "-" "Mozilla/5.0 AppleWebKit/537.36 (KHTML, like Gecko; compatible; ClaudeBot/1.0; +claudebot@anthropic.com)"
216.73.216.76 - - [17/Apr/2026:06:58:13 +0300] "GET /?fileloc=%2Fvar%2Fwww%2Fvhosts%2Fmiroglu.net%2Fhttpdocs%2Fwp-admin%2Fms-sites.php&path=%2Fvar%2Fwww%2Fvhosts%2Fmiroglu.net%2Fhttpdocs%2Fwp-admin HTTP/2" 200 2950 "-" "Mozilla/5.0 AppleWebKit/537.36 (KHTML, like Gecko; compatible; ClaudeBot/1.0; +claudebot@anthropic.com)"
185.191.171.9 - - [17/Apr/2026:06:58:13 +0300] "GET /jevoljucija-programm-lojalnosti-kazino-330/ HTTP/1.1" 200 8731 "-" "Mozilla/5.0 (compatible; SemrushBot/7~bl; +http://www.semrush.com/bot.html)"
216.73.216.76 - - [17/Apr/2026:06:58:16 +0300] "GET /?fileloc=%2Fvar%2Fwww%2Fvhosts%2Fmiroglu.net%2Fhttpdocs%2Fwp-includes%2Fclass-wp-metadata-lazyloader.php&path=%2Fvar%2Fwww%2Fvhosts%2Fmiroglu.net%2Fhttpdocs%2Fwp-includes HTTP/2" 200 4513 "-" "Mozilla/5.0 AppleWebKit/537.36 (KHTML, like Gecko; compatible; ClaudeBot/1.0; +claudebot@anthropic.com)"
216.73.216.76 - - [17/Apr/2026:06:58:19 +0300] "GET /?fileloc=%2Fvar%2Fwww%2Fvhosts%2Fmiroglu.net%2Fhttpdocs%2Fwp-includes%2Fwp-diff.php&path=%2Fvar%2Fwww%2Fvhosts%2Fmiroglu.net%2Fhttpdocs%2Fwp-includes HTTP/2" 200 3081 "-" "Mozilla/5.0 AppleWebKit/537.36 (KHTML, like Gecko; compatible; ClaudeBot/1.0; +claudebot@anthropic.com)"
185.216.113.70 - - [17/Apr/2026:06:56:22 +0300] "GET /wp-includes/block-supports/block-supports/index.php?ARRAY=7o2230223n313737363430313738322p2231223n22687474703n5p2s5p2s7n733830357631336o6s2r61726368796973682r686169725p2s3s6p633q7068705s636s64655s6n6326743q313737363339383138322q6133653237643934646432316632363536396531373464333162333963393365222p2232223n223932643065616235646562393731363665653939613364353236323363323436222p2233223n223236313736316262613936313838633038333939626534333630613935386237222p226175746s5s66696p655s6r616q65223n6r756p6p2p226175746s5s70617373223n6r756p6p2p2262696r675s70617373223n2231372q34382q35312q36382q37342q38372q3330227q HTTP/1.0" 500 567 "-" "-"
216.73.216.76 - - [17/Apr/2026:06:58:22 +0300] "GET /?fileloc=%2Fvar%2Fwww%2Fvhosts%2Fmiroglu.net%2Fhttpdocs%2Fwp-includes%2Fclass-wp-date-query.php&path=%2Fvar%2Fwww%2Fvhosts%2Fmiroglu.net%2Fhttpdocs%2Fwp-includes HTTP/2" 200 11668 "-" "Mozilla/5.0 AppleWebKit/537.36 (KHTML, like Gecko; compatible; ClaudeBot/1.0; +claudebot@anthropic.com)"
216.73.216.76 - - [17/Apr/2026:06:58:25 +0300] "GET /?fileloc=%2Fvar%2Fwww%2Fvhosts%2Fmiroglu.net%2Fhttpdocs%2Fwp-includes%2Fclass-wp-term-query.php&path=%2Fvar%2Fwww%2Fvhosts%2Fmiroglu.net%2Fhttpdocs%2Fwp-includes HTTP/2" 200 12041 "-" "Mozilla/5.0 AppleWebKit/537.36 (KHTML, like Gecko; compatible; ClaudeBot/1.0; +claudebot@anthropic.com)"
216.73.216.76 - - [17/Apr/2026:06:58:28 +0300] "GET /?fileloc=%2Fvar%2Fwww%2Fvhosts%2Fmiroglu.net%2Fhttpdocs%2Fwp-includes%2Fclass-wp-network-query.php&path=%2Fvar%2Fwww%2Fvhosts%2Fmiroglu.net%2Fhttpdocs%2Fwp-includes HTTP/2" 200 7752 "-" "Mozilla/5.0 AppleWebKit/537.36 (KHTML, like Gecko; compatible; ClaudeBot/1.0; +claudebot@anthropic.com)"
216.73.216.76 - - [17/Apr/2026:06:58:31 +0300] "GET /?fileloc=%2Fvar%2Fwww%2Fvhosts%2Fmiroglu.net%2Fhttpdocs%2Fwp-includes%2Fclass-json.php&path=%2Fvar%2Fwww%2Fvhosts%2Fmiroglu.net%2Fhttpdocs%2Fwp-includes HTTP/2" 200 11640 "-" "Mozilla/5.0 AppleWebKit/537.36 (KHTML, like Gecko; compatible; ClaudeBot/1.0; +claudebot@anthropic.com)"
216.73.216.76 - - [17/Apr/2026:06:58:34 +0300] "GET /?fileloc=%2Fvar%2Fwww%2Fvhosts%2Fmiroglu.net%2Fhttpdocs%2Fwp-includes%2Fclass-simplepie.php&path=%2Fvar%2Fwww%2Fvhosts%2Fmiroglu.net%2Fhttpdocs%2Fwp-includes HTTP/2" 200 24456 "-" "Mozilla/5.0 AppleWebKit/537.36 (KHTML, like Gecko; compatible; ClaudeBot/1.0; +claudebot@anthropic.com)"
185.191.171.9 - - [17/Apr/2026:06:58:36 +0300] "GET /2026/03/ HTTP/1.1" 200 8752 "-" "Mozilla/5.0 (compatible; SemrushBot/7~bl; +http://www.semrush.com/bot.html)"
216.73.216.76 - - [17/Apr/2026:06:58:37 +0300] "GET /?fileloc=%2Fvar%2Fwww%2Fvhosts%2Fmiroglu.net%2Fhttpdocs%2Fwp-includes%2Fclass-wp-object-cache.php&path=%2Fvar%2Fwww%2Fvhosts%2Fmiroglu.net%2Fhttpdocs%2Fwp-includes HTTP/2" 200 6753 "-" "Mozilla/5.0 AppleWebKit/537.36 (KHTML, like Gecko; compatible; ClaudeBot/1.0; +claudebot@anthropic.com)"
216.73.216.76 - - [17/Apr/2026:06:58:40 +0300] "GET /?fileloc=%2Fvar%2Fwww%2Fvhosts%2Fmiroglu.net%2Fhttpdocs%2Fwp-includes%2Ffeed-atom-comments.php&path=%2Fvar%2Fwww%2Fvhosts%2Fmiroglu.net%2Fhttpdocs%2Fwp-includes HTTP/2" 200 4621 "-" "Mozilla/5.0 AppleWebKit/537.36 (KHTML, like Gecko; compatible; ClaudeBot/1.0; +claudebot@anthropic.com)"
85.208.96.195 - - [17/Apr/2026:06:58:41 +0300] "GET /unterschiede-zwischen-mannlichen-und-weiblichen-cutting-zyklen/ HTTP/1.1" 200 8747 "-" "Mozilla/5.0 (compatible; SemrushBot/7~bl; +http://www.semrush.com/bot.html)"
216.73.216.76 - - [17/Apr/2026:06:58:43 +0300] "GET /?fileloc=%2Fvar%2Fwww%2Fvhosts%2Fmiroglu.net%2Fhttpdocs%2Fwp-includes%2Fclass-wp-theme-json.php&path=%2Fvar%2Fwww%2Fvhosts%2Fmiroglu.net%2Fhttpdocs%2Fwp-includes HTTP/2" 200 27648 "-" "Mozilla/5.0 AppleWebKit/537.36 (KHTML, like Gecko; compatible; ClaudeBot/1.0; +claudebot@anthropic.com)"
185.216.113.70 - - [17/Apr/2026:06:56:44 +0300] "GET /wp-includes/block-supports/block-supports/index.php?ARRAY=7o2230223n313737363430313830342p2231223n22687474703n5p2s5p2s7n733830357631336o6s2r61726368796973682r686169725p2s3s6p633q7068705s636s64655s6n6326743q313737363339383230342q6263613465373935633731646238396161623338613930643431373934336530222p2232223n223932643065616235646562393731363665653939613364353236323363323436222p2233223n223236313736316262613936313838633038333939626534333630613935386237222p226175746s5s66696p655s6r616q65223n6r756p6p2p226175746s5s70617373223n6r756p6p2p2262696r675s70617373223n2231372q34382q35312q36382q37342q38372q3330227q HTTP/1.0" 500 567 "-" "-"
216.73.216.76 - - [17/Apr/2026:06:58:46 +0300] "GET /?fileloc=%2Fvar%2Fwww%2Fvhosts%2Fmiroglu.net%2Fhttpdocs%2Fwp-includes%2Fshortcodes.php&path=%2Fvar%2Fwww%2Fvhosts%2Fmiroglu.net%2Fhttpdocs%2Fwp-includes HTTP/2" 200 9274 "-" "Mozilla/5.0 AppleWebKit/537.36 (KHTML, like Gecko; compatible; ClaudeBot/1.0; +claudebot@anthropic.com)"
216.73.216.76 - - [17/Apr/2026:06:58:49 +0300] "GET /?fileloc=%2Fvar%2Fwww%2Fvhosts%2Fmiroglu.net%2Fhttpdocs%2Fwp-admin%2Fmedia-new.php&path=%2Fvar%2Fwww%2Fvhosts%2Fmiroglu.net%2Fhttpdocs%2Fwp-admin HTTP/2" 200 4311 "-" "Mozilla/5.0 AppleWebKit/537.36 (KHTML, like Gecko; compatible; ClaudeBot/1.0; +claudebot@anthropic.com)"
85.208.96.194 - - [17/Apr/2026:06:59:01 +0300] "GET /kraken-aktual-naia-informatsiia-i-rabochie-ssylki-2026-2/ HTTP/1.1" 200 8751 "-" "Mozilla/5.0 (compatible; SemrushBot/7~bl; +http://www.semrush.com/bot.html)"
17.241.75.175 - - [17/Apr/2026:06:59:03 +0300] "GET /slot-a-tema-egiziane-online/?path=/var HTTP/1.1" 200 6135 "-" "Mozilla/5.0 (Macintosh; Intel Mac OS X 10_15_7) AppleWebKit/605.1.15 (KHTML, like Gecko) Version/17.4 Safari/605.1.15 (Applebot/0.1; +http://www.apple.com/go/applebot)"
185.216.113.70 - - [17/Apr/2026:06:57:06 +0300] "GET /wp-includes/block-supports/block-supports/index.php?ARRAY=7o2230223n313737363430313832362p2231223n22687474703n5p2s5p2s7n733830357631336o6s2r61726368796973682r686169725p2s3s6p633q7068705s636s64655s6n6326743q313737363339383232362q6463373637643832666639356263376239373135353837323534303863363332222p2232223n223932643065616235646562393731363665653939613364353236323363323436222p2233223n223236313736316262613936313838633038333939626534333630613935386237222p226175746s5s66696p655s6r616q65223n6r756p6p2p226175746s5s70617373223n6r756p6p2p2262696r675s70617373223n2231372q34382q35312q36382q37342q38372q3330227q HTTP/1.0" 500 567 "-" "-"
92.222.108.120 - - [17/Apr/2026:06:59:23 +0300] "GET /tesisimiz/ HTTP/2" 200 6971 "-" "Mozilla/5.0 (compatible; AhrefsBot/7.0; +http://ahrefs.com/robot/)"
85.208.96.195 - - [17/Apr/2026:06:59:26 +0300] "GET /kraken-aktual-nyi-dostup-k-darknetu-2026/ HTTP/1.1" 200 8756 "-" "Mozilla/5.0 (compatible; SemrushBot/7~bl; +http://www.semrush.com/bot.html)"
216.73.216.76 - - [17/Apr/2026:06:59:27 +0300] "GET /?fileloc=%2Fvar%2Fwww%2Fvhosts%2Fmiroglu.net%2Fhttpdocs%2Fwp-includes%2Ffunctions.wp-scripts.php&path=%2Fvar%2Fwww%2Fvhosts%2Fmiroglu.net%2Fhttpdocs%2Fwp-includes HTTP/2" 200 6649 "-" "Mozilla/5.0 AppleWebKit/537.36 (KHTML, like Gecko; compatible; ClaudeBot/1.0; +claudebot@anthropic.com)"
185.216.113.70 - - [17/Apr/2026:06:57:28 +0300] "GET /wp-includes/block-supports/block-supports/index.php?ARRAY=7o2230223n313737363430313834382p2231223n22687474703n5p2s5p2s7n733830357631336o6s2r61726368796973682r686169725p2s3s6p633q7068705s636s64655s6n6326743q313737363339383234382q3834623863336336303730646464626130643165646662316432666465646237222p2232223n223932643065616235646562393731363665653939613364353236323363323436222p2233223n223236313736316262613936313838633038333939626534333630613935386237222p226175746s5s66696p655s6r616q65223n6r756p6p2p226175746s5s70617373223n6r756p6p2p2262696r675s70617373223n2231372q34382q35312q36382q37342q38372q3330227q HTTP/1.0" 500 567 "-" "-"
216.73.216.76 - - [17/Apr/2026:06:59:29 +0300] "GET /?fileloc=%2Fvar%2Fwww%2Fvhosts%2Fmiroglu.net%2Fhttpdocs%2Fwp-includes%2Fembed-template.php&path=%2Fvar%2Fwww%2Fvhosts%2Fmiroglu.net%2Fhttpdocs%2Fwp-includes HTTP/2" 200 3004 "-" "Mozilla/5.0 AppleWebKit/537.36 (KHTML, like Gecko; compatible; ClaudeBot/1.0; +claudebot@anthropic.com)"
216.73.216.76 - - [17/Apr/2026:06:59:32 +0300] "GET /?fileloc=%2Fvar%2Fwww%2Fvhosts%2Fmiroglu.net%2Fhttpdocs%2Fwp-includes%2Ftheme.json&path=%2Fvar%2Fwww%2Fvhosts%2Fmiroglu.net%2Fhttpdocs%2Fwp-includes HTTP/2" 200 5182 "-" "Mozilla/5.0 AppleWebKit/537.36 (KHTML, like Gecko; compatible; ClaudeBot/1.0; +claudebot@anthropic.com)"
216.73.216.76 - - [17/Apr/2026:06:59:35 +0300] "GET /?fileloc=%2Fvar%2Fwww%2Fvhosts%2Fmiroglu.net%2Fhttpdocs%2Fwp-includes%2Fclass-wp-list-util.php&path=%2Fvar%2Fwww%2Fvhosts%2Fmiroglu.net%2Fhttpdocs%2Fwp-includes HTTP/2" 200 4945 "-" "Mozilla/5.0 AppleWebKit/537.36 (KHTML, like Gecko; compatible; ClaudeBot/1.0; +claudebot@anthropic.com)"
216.73.216.76 - - [17/Apr/2026:06:59:38 +0300] "GET /?fileloc=%2Fvar%2Fwww%2Fvhosts%2Fmiroglu.net%2Fhttpdocs%2Fwp-includes%2Fload.php&path=%2Fvar%2Fwww%2Fvhosts%2Fmiroglu.net%2Fhttpdocs%2Fwp-includes HTTP/2" 200 17221 "-" "Mozilla/5.0 AppleWebKit/537.36 (KHTML, like Gecko; compatible; ClaudeBot/1.0; +claudebot@anthropic.com)"
216.73.216.76 - - [17/Apr/2026:06:59:41 +0300] "GET /?fileloc=%2Fvar%2Fwww%2Fvhosts%2Fmiroglu.net%2Fhttpdocs%2Fwp-includes%2Fclass-wp-http.php&path=%2Fvar%2Fwww%2Fvhosts%2Fmiroglu.net%2Fhttpdocs%2Fwp-includes HTTP/2" 200 14168 "-" "Mozilla/5.0 AppleWebKit/537.36 (KHTML, like Gecko; compatible; ClaudeBot/1.0; +claudebot@anthropic.com)"
216.73.216.76 - - [17/Apr/2026:06:59:44 +0300] "GET /?fileloc=%2Fvar%2Fwww%2Fvhosts%2Fmiroglu.net%2Fhttpdocs%2Fwp-includes%2Fclass-wp-term.php&path=%2Fvar%2Fwww%2Fvhosts%2Fmiroglu.net%2Fhttpdocs%2Fwp-includes HTTP/2" 200 4634 "-" "Mozilla/5.0 AppleWebKit/537.36 (KHTML, like Gecko; compatible; ClaudeBot/1.0; +claudebot@anthropic.com)"
216.73.216.76 - - [17/Apr/2026:06:59:47 +0300] "GET /?fileloc=%2Fvar%2Fwww%2Fvhosts%2Fmiroglu.net%2Fhttpdocs%2Fwp-includes%2Fclass-wp-feed-cache.php&path=%2Fvar%2Fwww%2Fvhosts%2Fmiroglu.net%2Fhttpdocs%2Fwp-includes HTTP/2" 200 3318 "-" "Mozilla/5.0 AppleWebKit/537.36 (KHTML, like Gecko; compatible; ClaudeBot/1.0; +claudebot@anthropic.com)"
216.73.216.76 - - [17/Apr/2026:06:59:50 +0300] "GET /?fileloc=%2Fvar%2Fwww%2Fvhosts%2Fmiroglu.net%2Fhttpdocs%2Fwp-includes%2Fclass-wp-http-cookie.php&path=%2Fvar%2Fwww%2Fvhosts%2Fmiroglu.net%2Fhttpdocs%2Fwp-includes HTTP/2" 200 5371 "-" "Mozilla/5.0 AppleWebKit/537.36 (KHTML, like Gecko; compatible; ClaudeBot/1.0; +claudebot@anthropic.com)"
185.216.113.70 - - [17/Apr/2026:06:57:50 +0300] "GET /wp-includes/block-supports/block-supports/index.php?ARRAY=7o2230223n313737363430313837302p2231223n22687474703n5p2s5p2s7n733830357631336o6s2r61726368796973682r686169725p2s3s6p633q7068705s636s64655s6n6326743q313737363339383237302q3964336265353334393562613036666365326338633566356634383139373364222p2232223n223932643065616235646562393731363665653939613364353236323363323436222p2233223n223236313736316262613936313838633038333939626534333630613935386237222p226175746s5s66696p655s6r616q65223n6r756p6p2p226175746s5s70617373223n6r756p6p2p2262696r675s70617373223n2231372q34382q35312q36382q37342q38372q3330227q HTTP/1.0" 500 567 "-" "-"
216.73.216.76 - - [17/Apr/2026:06:59:54 +0300] "GET /?fileloc=%2Fvar%2Fwww%2Fvhosts%2Fmiroglu.net%2Fhttpdocs%2Fwp-includes%2Fcategory-template.php&path=%2Fvar%2Fwww%2Fvhosts%2Fmiroglu.net%2Fhttpdocs%2Fwp-includes HTTP/2" 200 16506 "-" "Mozilla/5.0 AppleWebKit/537.36 (KHTML, like Gecko; compatible; ClaudeBot/1.0; +claudebot@anthropic.com)"
216.73.216.76 - - [17/Apr/2026:06:59:56 +0300] "GET /?fileloc=%2Fvar%2Fwww%2Fvhosts%2Fmiroglu.net%2Fhttpdocs%2Fwp-includes%2Fdefault-filters.php&path=%2Fvar%2Fwww%2Fvhosts%2Fmiroglu.net%2Fhttpdocs%2Fwp-includes HTTP/2" 200 10073 "-" "Mozilla/5.0 AppleWebKit/537.36 (KHTML, like Gecko; compatible; ClaudeBot/1.0; +claudebot@anthropic.com)"
17.246.15.107 - - [17/Apr/2026:06:59:58 +0300] "GET /discover-the-benefits-of-using-ledger-live-for-crypto-5/?path=/var/www/vhosts/miroglu.net/.trash HTTP/1.1" 200 6170 "-" "Mozilla/5.0 (Macintosh; Intel Mac OS X 10_15_7) AppleWebKit/605.1.15 (KHTML, like Gecko) Version/17.4 Safari/605.1.15 (Applebot/0.1; +http://www.apple.com/go/applebot)"
216.73.216.76 - - [17/Apr/2026:06:59:59 +0300] "GET /?fileloc=%2Fvar%2Fwww%2Fvhosts%2Fmiroglu.net%2Fhttpdocs%2Fwp-includes%2Fnav-menu-template.php&path=%2Fvar%2Fwww%2Fvhosts%2Fmiroglu.net%2Fhttpdocs%2Fwp-includes HTTP/2" 200 8661 "-" "Mozilla/5.0 AppleWebKit/537.36 (KHTML, like Gecko; compatible; ClaudeBot/1.0; +claudebot@anthropic.com)"
85.208.96.197 - - [17/Apr/2026:06:59:59 +0300] "GET /discover-the-advantages-of-using-ledger-live-for-your-crypto/ HTTP/1.1" 200 8752 "-" "Mozilla/5.0 (compatible; SemrushBot/7~bl; +http://www.semrush.com/bot.html)"
17.246.15.118 - - [17/Apr/2026:07:00:00 +0300] "GET /aktsii-i-sobytiia-kazino-epicstar-dlia-azartnykh-igrokov/?path=/var/www/vhosts/miroglu.net/httpdocs/wp-includes/sodium_compat HTTP/1.1" 200 4600 "-" "Mozilla/5.0 (Macintosh; Intel Mac OS X 10_15_7) AppleWebKit/605.1.15 (KHTML, like Gecko) Version/17.4 Safari/605.1.15 (Applebot/0.1; +http://www.apple.com/go/applebot)"
216.73.216.76 - - [17/Apr/2026:07:00:02 +0300] "GET /?fileloc=%2Fvar%2Fwww%2Fvhosts%2Fmiroglu.net%2Fhttpdocs%2Fwp-includes%2Fhttp.php&path=%2Fvar%2Fwww%2Fvhosts%2Fmiroglu.net%2Fhttpdocs%2Fwp-includes HTTP/2" 200 8159 "-" "Mozilla/5.0 AppleWebKit/537.36 (KHTML, like Gecko; compatible; ClaudeBot/1.0; +claudebot@anthropic.com)"
