1.179.199.2 - - [17/Apr/2026:21:25:57 +0300] "GET /casino-online-skrill-prelievo-veloce/ HTTP/1.1" 200 18142 "-" "Mozilla/5.0 (Windows NT 10.0; Win64; x64) AppleWebKit/537.36 (KHTML, like Gecko) Chrome/114.0.0.0 YaBrowser/22.7.0 Yowser/2.5 Safari/537.36"
165.73.240.147 - - [17/Apr/2026:21:26:12 +0300] "GET /wunderino-spielsaal-zum-besten-geben-diese-traktandum-spiele-qua-grosen-choy-sun-doa-spielautomat-boni/ HTTP/1.1" 200 78333 "-" "Mozilla/5.0 (Windows NT 10.0; Win64; x64; rv:125.0) Gecko/20100101 Firefox/125.0"
103.219.169.179 - - [17/Apr/2026:21:26:20 +0300] "POST /xmlrpc.php HTTP/1.1" 200 15280 "-" "Mozilla/5.0 (Windows NT 10.0; Win64; x64) AppleWebKit/537.36 (KHTML, like Gecko) Chrome/114.0.0.0 Safari/537.36"
185.216.113.70 - - [17/Apr/2026:21:26:46 +0300] "POST /wp-cron.php?doing_wp_cron=1776450406.2976660728454589843750 HTTP/1.1" 200 448 "-" "WordPress/6.3.8; https://serhatburke.miroglu.net"
103.219.169.179 - - [17/Apr/2026:21:26:34 +0300] "GET /casino-bono-desprovisto-sitio-lider-deposito/ HTTP/1.1" 200 75966 "-" "Mozilla/5.0 (Windows NT 10.0; Win64; x64) AppleWebKit/537.36 (KHTML, like Gecko) Chrome/124.0.0.0 Safari/537.36 Edg/124.0.0.0"
185.216.113.70 - - [17/Apr/2026:21:28:57 +0300] "POST /wp-cron.php?doing_wp_cron=1776450537.6364119052886962890625 HTTP/1.1" 200 448 "-" "WordPress/6.3.8; https://serhatburke.miroglu.net"
1.179.199.2 - - [17/Apr/2026:21:28:40 +0300] "GET /casino-online-skrill-prelievo-veloce/ HTTP/1.1" 200 18142 "-" "Mozilla/5.0 (Windows NT 10.0; Win64; x64) AppleWebKit/537.36 (KHTML, like Gecko) Chrome/114.0.0.0 Safari/537.36 OPR/89.0.4447.51"
165.73.240.147 - - [17/Apr/2026:21:29:00 +0300] "POST /xmlrpc.php HTTP/1.1" 200 630 "-" "Mozilla/5.0 (Windows NT 10.0; Win64; x64) AppleWebKit/537.36 (KHTML, like Gecko) Chrome/114.0.0.0 Safari/537.36"
45.3.43.19 - - [17/Apr/2026:21:29:11 +0300] "GET /wp-login.php HTTP/2" 200 3091 "-" "Mozilla/5.0 (Windows NT 10.0; Win64; x64; rv:127.0) Gecko/20100101 Firefox/127.0"
185.216.113.70 - - [17/Apr/2026:21:29:32 +0300] "POST /wp-cron.php?doing_wp_cron=1776450572.3053219318389892578125 HTTP/1.1" 200 448 "-" "WordPress/6.3.8; https://serhatburke.miroglu.net"
104.166.164.25 - - [17/Apr/2026:21:29:18 +0300] "POST /xmlrpc.php HTTP/1.1" 200 630 "-" "Mozilla/5.0 (Windows NT 10.0; Win64; x64) AppleWebKit/537.36 (KHTML, like Gecko) Chrome/114.0.0.0 Safari/537.36"
165.73.240.147 - - [17/Apr/2026:21:29:19 +0300] "POST /xmlrpc.php HTTP/1.1" 200 15089 "-" "Mozilla/5.0 (Windows NT 10.0; Win64; x64) AppleWebKit/537.36 (KHTML, like Gecko) Chrome/114.0.0.0 Safari/537.36"
165.73.240.147 - - [17/Apr/2026:21:29:39 +0300] "GET /20-freispiele-abzuglich-einzahlung-traktandum-freie-spins-auf-ultimate-hot-angebote-exklusiv/ HTTP/1.1" 200 77259 "-" "Mozilla/5.0 (Windows NT 10.0; Win64; x64) AppleWebKit/537.36 (KHTML, like Gecko) Chrome/124.0.0.0 Safari/537.36 Edg/124.0.0.0"
104.166.164.25 - - [17/Apr/2026:21:29:39 +0300] "POST /xmlrpc.php HTTP/1.1" 200 12651 "-" "Mozilla/5.0 (Windows NT 10.0; Win64; x64) AppleWebKit/537.36 (KHTML, like Gecko) Chrome/114.0.0.0 Safari/537.36"
209.50.181.242 - - [17/Apr/2026:21:29:40 +0300] "POST /xmlrpc.php HTTP/2" 200 109 "-" "Mozilla/5.0 (Macintosh; Intel Mac OS X 13_5) AppleWebKit/605.1.15 (KHTML, like Gecko) Version/17.5 Safari/605.1.15"
104.166.164.25 - - [17/Apr/2026:21:30:01 +0300] "GET /melbet-local-casino-no-deposit-incentive-casino-prospect-hall-casino-free-spins-advertisements/ HTTP/1.1" 200 74573 "-" "Mozilla/5.0 (Windows NT 10.0; Win64; x64) AppleWebKit/537.36 (KHTML, like Gecko) Chrome/124.0.0.0 Safari/537.36 Edg/124.0.0.0"
209.50.181.242 - - [17/Apr/2026:21:30:01 +0300] "POST /xmlrpc.php HTTP/2" 200 2643 "-" "Mozilla/5.0 (Windows NT 10.0; Win64; x64) AppleWebKit/537.36 (KHTML, like Gecko) Chrome/124.0.6367.207 Safari/537.36"
185.216.113.70 - - [17/Apr/2026:21:30:55 +0300] "POST /wp-cron.php?doing_wp_cron=1776450655.1543579101562500000000 HTTP/1.1" 200 448 "-" "WordPress/6.3.8; https://serhatburke.miroglu.net"
103.219.169.179 - - [17/Apr/2026:21:30:42 +0300] "POST /xmlrpc.php HTTP/1.1" 200 630 "-" "Mozilla/5.0 (Windows NT 10.0; Win64; x64) AppleWebKit/537.36 (KHTML, like Gecko) Chrome/114.0.0.0 Safari/537.36"
178.156.215.67 - - [17/Apr/2026:21:30:57 +0300] "POST /xmlrpc.php HTTP/1.1" 200 603 "-" "Mozilla/5.0 (Windows NT 10.0; Win64; x64) AppleWebKit/537.36 (KHTML, like Gecko) Chrome/108.0.0.0 Safari/537.36"
103.219.169.179 - - [17/Apr/2026:21:31:02 +0300] "POST /xmlrpc.php HTTP/1.1" 200 14222 "-" "Mozilla/5.0 (Windows NT 10.0; Win64; x64) AppleWebKit/537.36 (KHTML, like Gecko) Chrome/114.0.0.0 Safari/537.36"
178.156.215.67 - - [17/Apr/2026:21:31:13 +0300] "POST /xmlrpc.php HTTP/1.1" 200 594 "-" "Mozilla/5.0 (Windows NT 10.0; Win64; x64) AppleWebKit/537.36 (KHTML, like Gecko) Chrome/108.0.0.0 Safari/537.36"
103.219.169.179 - - [17/Apr/2026:21:31:18 +0300] "GET /giros-de-balde-desprovisto-tanque-los-superiores-free-bf-games-tragamonedas-de-juego-spins-2024/ HTTP/1.1" 200 76230 "-" "Mozilla/5.0 (Windows NT 10.0; Win64; x64) AppleWebKit/537.36 (KHTML, like Gecko) Chrome/109.0.0.0 Safari/537.36"
185.216.113.70 - - [17/Apr/2026:21:32:28 +0300] "POST /wp-cron.php?doing_wp_cron=1776450748.0128738880157470703125 HTTP/1.1" 200 448 "-" "WordPress/6.3.8; https://serhatburke.miroglu.net"
57.128.22.95 - - [17/Apr/2026:21:32:16 +0300] "GET /zotabet-casino-bonus-premier-depot-2026/ HTTP/1.1" 200 18537 "https://serhatburke.miroglu.net/" "Mozilla/5.0 (Macintosh; Intel Mac OS X 10.15; rv:147.0) Gecko/20100101 Firefox/147.0"
176.183.43.207 - - [17/Apr/2026:21:32:30 +0300] "GET /wp-includes/css/dist/block-library/style.min.css?ver=6.3.8 HTTP/1.1" 200 13578 "https://serhatburke.miroglu.net/zotabet-casino-bonus-premier-depot-2026/" "Mozilla/5.0 (Windows NT 10.0; Win64; x64) AppleWebKit/537.36 (KHTML, like Gecko) Chrome/145.0.0.0 Safari/537.36"
86.192.194.76 - - [17/Apr/2026:21:32:31 +0300] "GET /wp-content/plugins/contact-form-7/includes/css/styles.css?ver=5.8 HTTP/1.1" 200 1490 "https://serhatburke.miroglu.net/zotabet-casino-bonus-premier-depot-2026/" "Mozilla/5.0 (Windows NT 10.0; Win64; x64) AppleWebKit/537.36 (KHTML, like Gecko) Chrome/145.0.0.0 Safari/537.36"
176.136.124.208 - - [17/Apr/2026:21:32:32 +0300] "GET /wp-content/themes/toppic/css/fontello.css?ver=4.2 HTTP/1.1" 200 1802 "https://serhatburke.miroglu.net/zotabet-casino-bonus-premier-depot-2026/" "Mozilla/5.0 (Windows NT 10.0; Win64; x64) AppleWebKit/537.36 (KHTML, like Gecko) Chrome/145.0.0.0 Safari/537.36"
88.190.107.45 - - [17/Apr/2026:21:32:33 +0300] "GET /wp-content/themes/toppic/css/reset.css?ver=4.2 HTTP/1.1" 200 1178 "https://serhatburke.miroglu.net/zotabet-casino-bonus-premier-depot-2026/" "Mozilla/5.0 (Windows NT 10.0; Win64; x64) AppleWebKit/537.36 (KHTML, like Gecko) Chrome/145.0.0.0 Safari/537.36"
92.188.154.163 - - [17/Apr/2026:21:32:34 +0300] "GET /wp-content/themes/toppic/css/default.css?ver=4.2 HTTP/1.1" 200 1811 "https://serhatburke.miroglu.net/zotabet-casino-bonus-premier-depot-2026/" "Mozilla/5.0 (Windows NT 10.0; Win64; x64) AppleWebKit/537.36 (KHTML, like Gecko) Chrome/145.0.0.0 Safari/537.36"
37.66.235.149 - - [17/Apr/2026:21:32:35 +0300] "GET /wp-content/themes/toppic/style.css?ver=4.2 HTTP/1.1" 200 23398 "https://serhatburke.miroglu.net/zotabet-casino-bonus-premier-depot-2026/" "Mozilla/5.0 (Windows NT 10.0; Win64; x64) AppleWebKit/537.36 (KHTML, like Gecko) Chrome/145.0.0.0 Safari/537.36"
81.65.163.56 - - [17/Apr/2026:21:32:36 +0300] "GET /wp-content/themes/toppic/css/royalslider.css?ver=4.2 HTTP/1.1" 200 1887 "https://serhatburke.miroglu.net/zotabet-casino-bonus-premier-depot-2026/" "Mozilla/5.0 (Windows NT 10.0; Win64; x64) AppleWebKit/537.36 (KHTML, like Gecko) Chrome/145.0.0.0 Safari/537.36"
89.92.253.13 - - [17/Apr/2026:21:32:37 +0300] "GET /wp-content/themes/toppic/css/rs-default.css?ver=4.2 HTTP/1.1" 200 2625 "https://serhatburke.miroglu.net/zotabet-casino-bonus-premier-depot-2026/" "Mozilla/5.0 (Windows NT 10.0; Win64; x64) AppleWebKit/537.36 (KHTML, like Gecko) Chrome/145.0.0.0 Safari/537.36"
88.185.40.145 - - [17/Apr/2026:21:32:40 +0300] "GET /wp-content/themes/toppic/css/lightbox.css?ver=4.2 HTTP/1.1" 200 2956 "https://serhatburke.miroglu.net/zotabet-casino-bonus-premier-depot-2026/" "Mozilla/5.0 (Windows NT 10.0; Win64; x64) AppleWebKit/537.36 (KHTML, like Gecko) Chrome/145.0.0.0 Safari/537.36"
165.73.240.147 - - [17/Apr/2026:21:32:29 +0300] "POST /xmlrpc.php HTTP/1.1" 200 630 "-" "Mozilla/5.0 (Windows NT 10.0; Win64; x64) AppleWebKit/537.36 (KHTML, like Gecko) Chrome/114.0.0.0 Safari/537.36"
88.185.7.159 - - [17/Apr/2026:21:32:41 +0300] "GET /wp-content/themes/toppic/css/woocommerce.css?ver=4.2 HTTP/1.1" 200 2848 "https://serhatburke.miroglu.net/zotabet-casino-bonus-premier-depot-2026/" "Mozilla/5.0 (Windows NT 10.0; Win64; x64) AppleWebKit/537.36 (KHTML, like Gecko) Chrome/145.0.0.0 Safari/537.36"
37.67.207.109 - - [17/Apr/2026:21:32:44 +0300] "GET /wp-content/themes/toppic/css/responsive.css?ver=4.2 HTTP/1.1" 200 2796 "https://serhatburke.miroglu.net/zotabet-casino-bonus-premier-depot-2026/" "Mozilla/5.0 (Windows NT 10.0; Win64; x64) AppleWebKit/537.36 (KHTML, like Gecko) Chrome/145.0.0.0 Safari/537.36"
185.216.113.70 - - [17/Apr/2026:21:32:57 +0300] "POST /wp-cron.php?doing_wp_cron=1776450777.1218569278717041015625 HTTP/1.1" 200 448 "-" "WordPress/6.3.8; https://serhatburke.miroglu.net"
88.175.208.181 - - [17/Apr/2026:21:32:45 +0300] "POST /wp-comments-post.php HTTP/1.1" 302 1087 "https://serhatburke.miroglu.net/zotabet-casino-bonus-premier-depot-2026/" "Mozilla/5.0 (Macintosh; Intel Mac OS X 10.15; rv:147.0) Gecko/20100101 Firefox/147.0"
165.73.240.147 - - [17/Apr/2026:21:32:48 +0300] "POST /xmlrpc.php HTTP/1.1" 200 12846 "-" "Mozilla/5.0 (Windows NT 10.0; Win64; x64) AppleWebKit/537.36 (KHTML, like Gecko) Chrome/114.0.0.0 Safari/537.36"
109.9.43.247 - - [17/Apr/2026:21:32:57 +0300] "GET /zotabet-casino-bonus-premier-depot-2026/?unapproved=451&moderation-hash=4845e4d93e55428dfed86e51f20e388e HTTP/1.1" 200 19080 "https://serhatburke.miroglu.net/wp-comments-post.php" "Mozilla/5.0 (Macintosh; Intel Mac OS X 10.15; rv:147.0) Gecko/20100101 Firefox/147.0"
104.166.164.25 - - [17/Apr/2026:21:33:00 +0300] "POST /xmlrpc.php HTTP/1.1" 200 630 "-" "Mozilla/5.0 (Windows NT 10.0; Win64; x64) AppleWebKit/537.36 (KHTML, like Gecko) Chrome/114.0.0.0 Safari/537.36"
165.73.240.147 - - [17/Apr/2026:21:33:03 +0300] "GET /book-of-ra-magic-erreichbar-gratis-exklusive-registrierung-zum-spielen-sie-cats-slots-besten-geben/ HTTP/1.1" 200 75021 "-" "Mozilla/5.0 (Windows NT 10.0; rv:109.0) Gecko/20100101 Firefox/115.0"
57.128.22.95 - - [17/Apr/2026:21:33:21 +0300] "GET /zotabet-casino-bonus-premier-depot-2026/ HTTP/1.1" 200 18530 "-" "Mozilla/5.0 (compatible; Googlebot/2.1; +http://www.google.com/bot.html)"
185.216.113.70 - - [17/Apr/2026:21:33:48 +0300] "POST /wp-cron.php?doing_wp_cron=1776450828.8189480304718017578125 HTTP/1.1" 200 448 "-" "WordPress/6.3.8; https://serhatburke.miroglu.net"
104.166.164.25 - - [17/Apr/2026:21:33:31 +0300] "POST /xmlrpc.php HTTP/1.1" 200 12661 "-" "Mozilla/5.0 (Windows NT 10.0; Win64; x64) AppleWebKit/537.36 (KHTML, like Gecko) Chrome/114.0.0.0 Safari/537.36"
57.128.22.95 - - [17/Apr/2026:21:33:36 +0300] "GET /zotabet-casino-bonus-premier-depot-2026/ HTTP/1.1" 200 18530 "-" "Mozilla/5.0 (compatible; Googlebot/2.1; +http://www.google.com/bot.html)"
104.166.164.25 - - [17/Apr/2026:21:33:50 +0300] "GET /master-betting-requirements-maximize-slot-games-queen-of-hearts-your-gambling-establishment-gains/ HTTP/1.1" 200 74720 "-" "Mozilla/5.0 (Windows NT 10.0; Win64; x64) AppleWebKit/537.36 (KHTML, like Gecko) Chrome/123.0.0.0 Safari/537.36 OPR/109.0.0.0"
57.128.22.95 - - [17/Apr/2026:21:34:09 +0300] "GET /zotabet-casino-bonus-premier-depot-2026/ HTTP/1.1" 200 18530 "-" "Mozilla/5.0 (compatible; Googlebot/2.1; +http://www.google.com/bot.html)"
185.216.113.70 - - [17/Apr/2026:21:34:57 +0300] "POST /wp-cron.php?doing_wp_cron=1776450897.6995940208435058593750 HTTP/1.1" 200 448 "-" "WordPress/6.3.8; https://serhatburke.miroglu.net"
57.128.22.95 - - [17/Apr/2026:21:34:46 +0300] "GET /zotabet-casino-bonus-premier-depot-2026/ HTTP/1.1" 200 18537 "https://serhatburke.miroglu.net/" "Mozilla/5.0 (Macintosh; Intel Mac OS X 10_15_7) AppleWebKit/537.36 (KHTML, like Gecko) Chrome/143.0.0.0 Safari/537.36"
57.128.22.95 - - [17/Apr/2026:21:35:03 +0300] "GET /zotabet-casino-bonus-premier-depot-2026/ HTTP/1.1" 200 18530 "-" "Mozilla/5.0 (compatible; Googlebot/2.1; +http://www.google.com/bot.html)"
78.71.235.68 - - [17/Apr/2026:21:35:15 +0300] "GET / HTTP/1.1" 200 17156 "-" "Mozilla/5.0 (Windows NT 10.0; Win64; x64; rv:149.0) Gecko/20100101 Firefox/149.0"
185.216.113.70 - - [17/Apr/2026:21:35:42 +0300] "POST /wp-cron.php?doing_wp_cron=1776450942.6859180927276611328125 HTTP/1.1" 200 448 "-" "WordPress/6.3.8; https://serhatburke.miroglu.net"
57.128.22.95 - - [17/Apr/2026:21:35:30 +0300] "GET /zotabet-casino-bonus-premier-depot-2026/ HTTP/1.1" 200 18530 "-" "Mozilla/5.0 (compatible; Googlebot/2.1; +http://www.google.com/bot.html)"
78.71.235.68 - - [17/Apr/2026:21:35:31 +0300] "POST /xmlrpc.php HTTP/1.1" 200 735 "https://serhatburke.miroglu.net" "Mozilla/5.0 (Windows NT 10.0; Win64; x64; rv:149.0) Gecko/20100101 Firefox/149.0"
165.73.240.147 - - [17/Apr/2026:21:36:06 +0300] "POST /xmlrpc.php HTTP/1.1" 200 630 "-" "Mozilla/5.0 (Windows NT 10.0; Win64; x64) AppleWebKit/537.36 (KHTML, like Gecko) Chrome/114.0.0.0 Safari/537.36"
185.216.113.70 - - [17/Apr/2026:21:36:36 +0300] "POST /wp-cron.php?doing_wp_cron=1776450996.6177299022674560546875 HTTP/1.1" 200 448 "-" "WordPress/6.3.8; https://serhatburke.miroglu.net"
165.73.240.147 - - [17/Apr/2026:21:36:24 +0300] "POST /xmlrpc.php HTTP/1.1" 200 15400 "-" "Mozilla/5.0 (Windows NT 10.0; Win64; x64) AppleWebKit/537.36 (KHTML, like Gecko) Chrome/114.0.0.0 Safari/537.36"
165.73.240.147 - - [17/Apr/2026:21:36:38 +0300] "GET /eye-of-horus-gratis-auffuhren-fur-nusse-demo-wild-games-slot-echtgeld-maklercourtage/ HTTP/1.1" 200 77448 "-" "Mozilla/5.0 (Windows NT 10.0; Win64; x64) AppleWebKit/537.36 (KHTML, like Gecko) Chrome/122.0.0.0 Safari/537.36"
104.166.164.25 - - [17/Apr/2026:21:37:00 +0300] "POST /xmlrpc.php HTTP/1.1" 200 630 "-" "Mozilla/5.0 (Windows NT 10.0; Win64; x64) AppleWebKit/537.36 (KHTML, like Gecko) Chrome/114.0.0.0 Safari/537.36"
185.216.113.70 - - [17/Apr/2026:21:37:28 +0300] "POST /wp-cron.php?doing_wp_cron=1776451048.0501539707183837890625 HTTP/1.1" 200 448 "-" "WordPress/6.3.8; https://serhatburke.miroglu.net"
103.219.169.179 - - [17/Apr/2026:21:37:16 +0300] "POST /xmlrpc.php HTTP/1.1" 200 630 "-" "Mozilla/5.0 (Windows NT 10.0; Win64; x64) AppleWebKit/537.36 (KHTML, like Gecko) Chrome/114.0.0.0 Safari/537.36"
104.166.164.25 - - [17/Apr/2026:21:37:19 +0300] "POST /xmlrpc.php HTTP/1.1" 200 12392 "-" "Mozilla/5.0 (Windows NT 10.0; Win64; x64) AppleWebKit/537.36 (KHTML, like Gecko) Chrome/114.0.0.0 Safari/537.36"
104.166.164.25 - - [17/Apr/2026:21:37:34 +0300] "GET /a-whole-app-winner-casino-self-help-guide-to-lbspins-casinos-payment-options/ HTTP/1.1" 200 73868 "-" "Mozilla/5.0 (Windows NT 10.0; Win64; x64) AppleWebKit/537.36 (KHTML, like Gecko) Chrome/109.0.0.0 Safari/537.36"
103.219.169.179 - - [17/Apr/2026:21:37:42 +0300] "POST /xmlrpc.php HTTP/1.1" 200 14788 "-" "Mozilla/5.0 (Windows NT 10.0; Win64; x64) AppleWebKit/537.36 (KHTML, like Gecko) Chrome/114.0.0.0 Safari/537.36"
103.219.169.179 - - [17/Apr/2026:21:38:00 +0300] "GET /los-excelentes-casinos-quickspin-navegar-por-levante-coyote-moon-casinos-sitio-top-10-tragamonedas-quickspin-partner2connect/ HTTP/1.1" 200 77799 "-" "Mozilla/5.0 (Windows NT 10.0; Win64; x64) AppleWebKit/537.36 (KHTML, like Gecko) Chrome/123.0.0.0 Safari/537.36"
185.216.113.70 - - [17/Apr/2026:21:40:10 +0300] "POST /wp-cron.php?doing_wp_cron=1776451209.8703548908233642578125 HTTP/1.1" 200 448 "-" "WordPress/6.3.8; https://serhatburke.miroglu.net"
165.73.240.147 - - [17/Apr/2026:21:39:56 +0300] "POST /xmlrpc.php HTTP/1.1" 200 630 "-" "Mozilla/5.0 (Windows NT 10.0; Win64; x64) AppleWebKit/537.36 (KHTML, like Gecko) Chrome/114.0.0.0 Safari/537.36"
165.73.240.147 - - [17/Apr/2026:21:40:16 +0300] "POST /xmlrpc.php HTTP/1.1" 200 14222 "-" "Mozilla/5.0 (Windows NT 10.0; Win64; x64) AppleWebKit/537.36 (KHTML, like Gecko) Chrome/114.0.0.0 Safari/537.36"
185.216.113.70 - - [17/Apr/2026:21:40:42 +0300] "POST /wp-cron.php?doing_wp_cron=1776451242.4936621189117431640625 HTTP/1.1" 200 448 "-" "WordPress/6.3.8; https://serhatburke.miroglu.net"
165.73.240.147 - - [17/Apr/2026:21:40:30 +0300] "GET /casino-provision-microgaming-ipad-games-blos-einzahlung-in-land-der-dichter-und-denker-neuartig-2026/ HTTP/1.1" 200 76954 "-" "Mozilla/5.0 (Windows NT 10.0; rv:109.0) Gecko/20100101 Firefox/115.0"
104.166.164.25 - - [17/Apr/2026:21:40:42 +0300] "POST /xmlrpc.php HTTP/1.1" 200 630 "-" "Mozilla/5.0 (Windows NT 10.0; Win64; x64) AppleWebKit/537.36 (KHTML, like Gecko) Chrome/114.0.0.0 Safari/537.36"
185.216.113.70 - - [17/Apr/2026:21:41:15 +0300] "POST /wp-cron.php?doing_wp_cron=1776451275.5136020183563232421875 HTTP/1.1" 200 448 "-" "WordPress/6.3.8; https://serhatburke.miroglu.net"
104.166.164.25 - - [17/Apr/2026:21:41:02 +0300] "POST /xmlrpc.php HTTP/1.1" 200 12529 "-" "Mozilla/5.0 (Windows NT 10.0; Win64; x64) AppleWebKit/537.36 (KHTML, like Gecko) Chrome/114.0.0.0 Safari/537.36"
104.166.164.25 - - [17/Apr/2026:21:41:17 +0300] "GET /better-mobile-casinos-united-states-2026-finest-casino-7-sultans-100-free-spins-a-real-income-apps/ HTTP/1.1" 200 74548 "-" "Mozilla/5.0 (Windows NT 10.0; Win64; x64) AppleWebKit/537.36 (KHTML, like Gecko) Chrome/122.0.0.0 Safari/537.36"
185.216.113.70 - - [17/Apr/2026:21:42:08 +0300] "POST /wp-cron.php?doing_wp_cron=1776451328.5772340297698974609375 HTTP/1.1" 200 448 "-" "WordPress/6.3.8; https://serhatburke.miroglu.net"
185.151.84.117 - - [17/Apr/2026:21:41:56 +0300] "GET /bahis-psixologiyasnn-drinliklri-pin-up-il-risklrin/ HTTP/1.1" 200 21071 "-" "Screaming Frog SEO Spider/20.2"
185.216.113.70 - - [17/Apr/2026:21:43:15 +0300] "POST /wp-cron.php?doing_wp_cron=1776451395.7746250629425048828125 HTTP/1.1" 200 448 "-" "WordPress/6.3.8; https://serhatburke.miroglu.net"
165.73.240.147 - - [17/Apr/2026:21:43:04 +0300] "POST /xmlrpc.php HTTP/1.1" 200 630 "-" "Mozilla/5.0 (Windows NT 10.0; Win64; x64) AppleWebKit/537.36 (KHTML, like Gecko) Chrome/114.0.0.0 Safari/537.36"
165.73.240.147 - - [17/Apr/2026:21:43:22 +0300] "POST /xmlrpc.php HTTP/1.1" 200 15262 "-" "Mozilla/5.0 (Windows NT 10.0; Win64; x64) AppleWebKit/537.36 (KHTML, like Gecko) Chrome/114.0.0.0 Safari/537.36"
185.216.113.70 - - [17/Apr/2026:21:43:48 +0300] "POST /wp-cron.php?doing_wp_cron=1776451428.4297709465026855468750 HTTP/1.1" 200 448 "-" "WordPress/6.3.8; https://serhatburke.miroglu.net"
165.73.240.147 - - [17/Apr/2026:21:43:35 +0300] "GET /casumo-pramie-sourcecode-abzuglich-kasino-promo-online-casino-crystal-crush-freispiele/ HTTP/1.1" 200 77207 "-" "Mozilla/5.0 (Windows NT 10.0; Win64; x64) AppleWebKit/537.36 (KHTML, like Gecko) Chrome/122.0.0.0 Safari/537.36"
104.166.164.25 - - [17/Apr/2026:21:44:10 +0300] "POST /xmlrpc.php HTTP/1.1" 200 630 "-" "Mozilla/5.0 (Windows NT 10.0; Win64; x64) AppleWebKit/537.36 (KHTML, like Gecko) Chrome/114.0.0.0 Safari/537.36"
185.216.113.70 - - [17/Apr/2026:21:44:41 +0300] "POST /wp-cron.php?doing_wp_cron=1776451481.7755351066589355468750 HTTP/1.1" 200 448 "-" "WordPress/6.3.8; https://serhatburke.miroglu.net"
104.166.164.25 - - [17/Apr/2026:21:44:29 +0300] "POST /xmlrpc.php HTTP/1.1" 200 12802 "-" "Mozilla/5.0 (Windows NT 10.0; Win64; x64) AppleWebKit/537.36 (KHTML, like Gecko) Chrome/114.0.0.0 Safari/537.36"
104.166.164.25 - - [17/Apr/2026:21:44:43 +0300] "GET /enjoy-choy-sunlight-doa-slot-machine-game-100-percent-free-betsafe-secure-online-casino-demonstration-incentives/ HTTP/1.1" 200 75232 "-" "Mozilla/5.0 (Windows NT 10.0; rv:125.0) Gecko/20100101 Firefox/125.0"
165.73.240.147 - - [17/Apr/2026:21:45:14 +0300] "POST /xmlrpc.php HTTP/1.1" 200 630 "-" "Mozilla/5.0 (Windows NT 10.0; Win64; x64) AppleWebKit/537.36 (KHTML, like Gecko) Chrome/114.0.0.0 Safari/537.36"
185.216.113.70 - - [17/Apr/2026:21:45:41 +0300] "POST /wp-cron.php?doing_wp_cron=1776451541.6714410781860351562500 HTTP/1.1" 200 448 "-" "WordPress/6.3.8; https://serhatburke.miroglu.net"
165.73.240.147 - - [17/Apr/2026:21:45:32 +0300] "POST /xmlrpc.php HTTP/1.1" 200 13706 "-" "Mozilla/5.0 (Windows NT 10.0; Win64; x64) AppleWebKit/537.36 (KHTML, like Gecko) Chrome/114.0.0.0 Safari/537.36"
52.167.144.18 - - [17/Apr/2026:21:45:30 +0300] "GET /post-sitemap3.xml HTTP/2" 200 106727 "-" "Mozilla/5.0 AppleWebKit/537.36 (KHTML, like Gecko; compatible; bingbot/2.0; +http://www.bing.com/bingbot.htm) Chrome/116.0.1938.76 Safari/537.36"
103.219.169.179 - - [17/Apr/2026:21:45:41 +0300] "POST /xmlrpc.php HTTP/1.1" 200 630 "-" "Mozilla/5.0 (Windows NT 10.0; Win64; x64) AppleWebKit/537.36 (KHTML, like Gecko) Chrome/114.0.0.0 Safari/537.36"
165.73.240.147 - - [17/Apr/2026:21:45:46 +0300] "GET /mr-bet-promo-quelltext-blos-einzahlung-2025-freezing-classics-spielautomat-gultige-mr-bet-bonus-ferner-freispiele/ HTTP/1.1" 200 76614 "-" "Mozilla/5.0 (Windows NT 10.0; rv:109.0) Gecko/20100101 Firefox/115.0"
103.219.169.179 - - [17/Apr/2026:21:46:05 +0300] "POST /xmlrpc.php HTTP/1.1" 200 16384 "-" "Mozilla/5.0 (Windows NT 10.0; Win64; x64) AppleWebKit/537.36 (KHTML, like Gecko) Chrome/114.0.0.0 Safari/537.36"
103.219.169.179 - - [17/Apr/2026:21:46:18 +0300] "GET /funciona-an-una-tragaperras-twin-spin-de-netent-acerca-de-los-sitios-24spins/ HTTP/1.1" 200 77891 "-" "Mozilla/5.0 (Windows NT 10.0; Win64; x64) AppleWebKit/537.36 (KHTML, like Gecko) Chrome/123.0.0.0 Safari/537.36"
185.216.113.70 - - [17/Apr/2026:21:47:31 +0300] "POST /wp-cron.php?doing_wp_cron=1776451651.5570580959320068359375 HTTP/1.1" 200 448 "-" "WordPress/6.3.8; https://serhatburke.miroglu.net"
165.73.240.147 - - [17/Apr/2026:21:47:18 +0300] "POST /xmlrpc.php HTTP/1.1" 200 630 "-" "Mozilla/5.0 (Windows NT 10.0; Win64; x64) AppleWebKit/537.36 (KHTML, like Gecko) Chrome/114.0.0.0 Safari/537.36"
104.166.164.25 - - [17/Apr/2026:21:47:28 +0300] "POST /xmlrpc.php HTTP/1.1" 200 630 "-" "Mozilla/5.0 (Windows NT 10.0; Win64; x64) AppleWebKit/537.36 (KHTML, like Gecko) Chrome/114.0.0.0 Safari/537.36"
165.73.240.147 - - [17/Apr/2026:21:47:38 +0300] "POST /xmlrpc.php HTTP/1.1" 200 14683 "-" "Mozilla/5.0 (Windows NT 10.0; Win64; x64) AppleWebKit/537.36 (KHTML, like Gecko) Chrome/114.0.0.0 Safari/537.36"
104.166.164.25 - - [17/Apr/2026:21:47:50 +0300] "POST /xmlrpc.php HTTP/1.1" 200 12878 "-" "Mozilla/5.0 (Windows NT 10.0; Win64; x64) AppleWebKit/537.36 (KHTML, like Gecko) Chrome/114.0.0.0 Safari/537.36"
165.73.240.147 - - [17/Apr/2026:21:47:52 +0300] "GET /freispiele-fresh-fruits-slot-rtp-blos-einzahlung-2026-kostenfrei-freispiele/ HTTP/1.1" 200 76524 "-" "Mozilla/5.0 (Windows NT 10.0; Win64; x64) AppleWebKit/537.36 (KHTML, like Gecko) Chrome/123.0.0.0 Safari/537.36"
104.166.164.25 - - [17/Apr/2026:21:48:05 +0300] "GET /fifty-totally-super-jackpot-party-casino-free-revolves-no-deposit-extra-better-selections-2026/ HTTP/1.1" 200 74643 "-" "Mozilla/5.0 (Windows NT 10.0; Win64; x64) AppleWebKit/537.36 (KHTML, like Gecko) Chrome/123.0.0.0 Safari/537.36"
185.216.113.70 - - [17/Apr/2026:21:49:50 +0300] "POST /wp-cron.php?doing_wp_cron=1776451790.9201130867004394531250 HTTP/1.1" 200 448 "-" "WordPress/6.3.8; https://serhatburke.miroglu.net"
57.128.22.95 - - [17/Apr/2026:21:49:33 +0300] "GET /zotabet-casino-bonus-premier-depot-2026/ HTTP/1.1" 200 18500 "-" "Mozilla/5.0 (compatible; Googlebot/2.1; +http://www.google.com/bot.html)"
103.219.169.179 - - [17/Apr/2026:21:49:36 +0300] "POST /xmlrpc.php HTTP/1.1" 200 630 "-" "Mozilla/5.0 (Windows NT 10.0; Win64; x64) AppleWebKit/537.36 (KHTML, like Gecko) Chrome/114.0.0.0 Safari/537.36"
103.219.169.179 - - [17/Apr/2026:21:50:00 +0300] "POST /xmlrpc.php HTTP/1.1" 200 14500 "-" "Mozilla/5.0 (Windows NT 10.0; Win64; x64) AppleWebKit/537.36 (KHTML, like Gecko) Chrome/114.0.0.0 Safari/537.36"
103.219.169.179 - - [17/Apr/2026:21:50:14 +0300] "GET /twin-jack-hammer-2-ranura-en-linea-spin-slot-play-96-45-rtp-1000-xbet-max-win/ HTTP/1.1" 200 76242 "-" "Mozilla/5.0 (Windows NT 10.0; Win64; x64) AppleWebKit/537.36 (KHTML, like Gecko) Chrome/124.0.0.0 Safari/537.36"
185.216.113.70 - - [17/Apr/2026:21:50:49 +0300] "POST /wp-cron.php?doing_wp_cron=1776451849.6312949657440185546875 HTTP/1.1" 200 448 "-" "WordPress/6.3.8; https://serhatburke.miroglu.net"
104.166.164.25 - - [17/Apr/2026:21:50:38 +0300] "POST /xmlrpc.php HTTP/1.1" 200 630 "-" "Mozilla/5.0 (Windows NT 10.0; Win64; x64) AppleWebKit/537.36 (KHTML, like Gecko) Chrome/114.0.0.0 Safari/537.36"
104.166.164.25 - - [17/Apr/2026:21:50:56 +0300] "POST /xmlrpc.php HTTP/1.1" 200 12734 "-" "Mozilla/5.0 (Windows NT 10.0; Win64; x64) AppleWebKit/537.36 (KHTML, like Gecko) Chrome/114.0.0.0 Safari/537.36"
104.166.164.25 - - [17/Apr/2026:21:51:11 +0300] "GET /2026-twin-spin-slot-version-better-options/ HTTP/1.1" 200 72995 "-" "Mozilla/5.0 (Windows NT 10.0; rv:109.0) Gecko/20100101 Firefox/115.0"
185.216.113.70 - - [17/Apr/2026:21:54:32 +0300] "POST /wp-cron.php?doing_wp_cron=1776452072.0021519660949707031250 HTTP/1.1" 200 448 "-" "WordPress/6.3.8; https://serhatburke.miroglu.net"
185.151.84.117 - - [17/Apr/2026:21:54:13 +0300] "GET /consejos-esenciales-para-el-juego-responsable-con-3/ HTTP/1.1" 200 17856 "-" "Screaming Frog SEO Spider/20.2"
104.166.164.25 - - [17/Apr/2026:21:54:32 +0300] "POST /xmlrpc.php HTTP/1.1" 500 1102 "-" "Mozilla/5.0 (Windows NT 10.0; Win64; x64) AppleWebKit/537.36 (KHTML, like Gecko) Chrome/114.0.0.0 Safari/537.36"
103.219.169.179 - - [17/Apr/2026:21:54:54 +0300] "POST /xmlrpc.php HTTP/1.1" 200 630 "-" "Mozilla/5.0 (Windows NT 10.0; Win64; x64) AppleWebKit/537.36 (KHTML, like Gecko) Chrome/114.0.0.0 Safari/537.36"
185.216.113.70 - - [17/Apr/2026:21:55:30 +0300] "POST /wp-cron.php?doing_wp_cron=1776452130.6896440982818603515625 HTTP/1.1" 200 448 "-" "WordPress/6.3.8; https://serhatburke.miroglu.net"
103.219.169.179 - - [17/Apr/2026:21:55:18 +0300] "POST /xmlrpc.php HTTP/1.1" 200 14753 "-" "Mozilla/5.0 (Windows NT 10.0; Win64; x64) AppleWebKit/537.36 (KHTML, like Gecko) Chrome/114.0.0.0 Safari/537.36"
103.219.169.179 - - [17/Apr/2026:21:55:32 +0300] "GET /ultra-hot-maquina-mira-alrededor-de-este-sitio-tragamonedas-de-balde-sobre-linea-soluciona-de-divertirte-novomatic/ HTTP/1.1" 200 77224 "-" "Mozilla/5.0 (Windows NT 10.0; Win64; x64; rv:125.0) Gecko/20100101 Firefox/125.0"
185.216.113.70 - - [17/Apr/2026:21:57:57 +0300] "POST /wp-cron.php?doing_wp_cron=1776452277.7513580322265625000000 HTTP/1.1" 200 448 "-" "WordPress/6.3.8; https://serhatburke.miroglu.net"
52.167.144.159 - - [17/Apr/2026:21:57:43 +0300] "GET /post-sitemap14.xml HTTP/2" 200 87582 "-" "Mozilla/5.0 AppleWebKit/537.36 (KHTML, like Gecko; compatible; bingbot/2.0; +http://www.bing.com/bingbot.htm) Chrome/116.0.1938.76 Safari/537.36"
185.216.113.70 - - [17/Apr/2026:21:59:06 +0300] "POST /wp-cron.php?doing_wp_cron=1776452346.5293500423431396484375 HTTP/1.1" 200 448 "-" "WordPress/6.3.8; https://serhatburke.miroglu.net"
40.77.167.25 - - [17/Apr/2026:21:58:53 +0300] "GET /no-title/ HTTP/2" 200 18223 "-" "Mozilla/5.0 AppleWebKit/537.36 (KHTML, like Gecko; compatible; bingbot/2.0; +http://www.bing.com/bingbot.htm) Chrome/116.0.1938.76 Safari/537.36"
111.119.250.34 - - [17/Apr/2026:21:59:12 +0300] "GET /unlock-top-benefits-with-bonus-code-gamblezen-casino-for-uk-players/ HTTP/2" 200 17389 "-" "Mozilla/5.0 (Windows NT 10.0; Win64; x64) AppleWebKit/537.36 (KHTML, like Gecko) Chrome/141.0.0.0 Safari/537.36"
111.119.250.34 - - [17/Apr/2026:21:59:26 +0300] "GET /wp-content/themes/toppic/style.css?ver=4.2 HTTP/2" 200 22783 "https://serhatburke.miroglu.net/unlock-top-benefits-with-bonus-code-gamblezen-casino-for-uk-players/" "Mozilla/5.0 (Windows NT 10.0; Win64; x64) AppleWebKit/537.36 (KHTML, like Gecko) Chrome/141.0.0.0 Safari/537.36"
111.119.250.34 - - [17/Apr/2026:21:59:26 +0300] "GET /wp-content/themes/toppic/css/royalslider.css?ver=4.2 HTTP/2" 200 1273 "https://serhatburke.miroglu.net/unlock-top-benefits-with-bonus-code-gamblezen-casino-for-uk-players/" "Mozilla/5.0 (Windows NT 10.0; Win64; x64) AppleWebKit/537.36 (KHTML, like Gecko) Chrome/141.0.0.0 Safari/537.36"
111.119.250.34 - - [17/Apr/2026:21:59:26 +0300] "GET /wp-content/themes/toppic/css/lightbox.css?ver=4.2 HTTP/2" 200 2342 "https://serhatburke.miroglu.net/unlock-top-benefits-with-bonus-code-gamblezen-casino-for-uk-players/" "Mozilla/5.0 (Windows NT 10.0; Win64; x64) AppleWebKit/537.36 (KHTML, like Gecko) Chrome/141.0.0.0 Safari/537.36"
111.119.250.34 - - [17/Apr/2026:21:59:26 +0300] "GET /wp-includes/css/dist/block-library/style.min.css?ver=6.3.8 HTTP/2" 200 12962 "https://serhatburke.miroglu.net/unlock-top-benefits-with-bonus-code-gamblezen-casino-for-uk-players/" "Mozilla/5.0 (Windows NT 10.0; Win64; x64) AppleWebKit/537.36 (KHTML, like Gecko) Chrome/141.0.0.0 Safari/537.36"
111.119.250.34 - - [17/Apr/2026:21:59:26 +0300] "GET /wp-content/themes/toppic/css/responsive.css?ver=4.2 HTTP/2" 200 2182 "https://serhatburke.miroglu.net/unlock-top-benefits-with-bonus-code-gamblezen-casino-for-uk-players/" "Mozilla/5.0 (Windows NT 10.0; Win64; x64) AppleWebKit/537.36 (KHTML, like Gecko) Chrome/141.0.0.0 Safari/537.36"
111.119.250.34 - - [17/Apr/2026:21:59:26 +0300] "GET /wp-includes/js/jquery/jquery-migrate.min.js?ver=3.4.1 HTTP/2" 200 4678 "https://serhatburke.miroglu.net/unlock-top-benefits-with-bonus-code-gamblezen-casino-for-uk-players/" "Mozilla/5.0 (Windows NT 10.0; Win64; x64) AppleWebKit/537.36 (KHTML, like Gecko) Chrome/141.0.0.0 Safari/537.36"
111.119.250.34 - - [17/Apr/2026:21:59:26 +0300] "GET /wp-includes/js/jquery/jquery.min.js?ver=3.7.0 HTTP/2" 200 29712 "https://serhatburke.miroglu.net/unlock-top-benefits-with-bonus-code-gamblezen-casino-for-uk-players/" "Mozilla/5.0 (Windows NT 10.0; Win64; x64) AppleWebKit/537.36 (KHTML, like Gecko) Chrome/141.0.0.0 Safari/537.36"
111.119.250.34 - - [17/Apr/2026:21:59:26 +0300] "GET /wp-content/themes/toppic/js/jquery.mtree.js?ver=4.2 HTTP/2" 200 883 "https://serhatburke.miroglu.net/unlock-top-benefits-with-bonus-code-gamblezen-casino-for-uk-players/" "Mozilla/5.0 (Windows NT 10.0; Win64; x64) AppleWebKit/537.36 (KHTML, like Gecko) Chrome/141.0.0.0 Safari/537.36"
111.119.250.34 - - [17/Apr/2026:21:59:26 +0300] "GET /wp-content/themes/toppic/js/scrollMonitor.js?ver=4.2 HTTP/2" 200 2538 "https://serhatburke.miroglu.net/unlock-top-benefits-with-bonus-code-gamblezen-casino-for-uk-players/" "Mozilla/5.0 (Windows NT 10.0; Win64; x64) AppleWebKit/537.36 (KHTML, like Gecko) Chrome/141.0.0.0 Safari/537.36"
111.119.250.34 - - [17/Apr/2026:21:59:26 +0300] "GET /wp-content/themes/toppic/js/jquery.touchswipe.js?ver=4.2 HTTP/2" 200 4734 "https://serhatburke.miroglu.net/unlock-top-benefits-with-bonus-code-gamblezen-casino-for-uk-players/" "Mozilla/5.0 (Windows NT 10.0; Win64; x64) AppleWebKit/537.36 (KHTML, like Gecko) Chrome/141.0.0.0 Safari/537.36"
111.119.250.34 - - [17/Apr/2026:21:59:26 +0300] "GET /wp-content/themes/toppic/js/jquery.kenb.js?ver=4.2 HTTP/2" 200 1252 "https://serhatburke.miroglu.net/unlock-top-benefits-with-bonus-code-gamblezen-casino-for-uk-players/" "Mozilla/5.0 (Windows NT 10.0; Win64; x64) AppleWebKit/537.36 (KHTML, like Gecko) Chrome/141.0.0.0 Safari/537.36"
111.119.250.34 - - [17/Apr/2026:21:59:26 +0300] "GET /wp-content/themes/toppic/js/jquery.custom.js?ver=4.2 HTTP/2" 200 8215 "https://serhatburke.miroglu.net/unlock-top-benefits-with-bonus-code-gamblezen-casino-for-uk-players/" "Mozilla/5.0 (Windows NT 10.0; Win64; x64) AppleWebKit/537.36 (KHTML, like Gecko) Chrome/141.0.0.0 Safari/537.36"
111.119.250.34 - - [17/Apr/2026:21:59:26 +0300] "GET /wp-content/themes/toppic/js/jquery.modernizr.custom.js?ver=4.2 HTTP/2" 200 2892 "https://serhatburke.miroglu.net/unlock-top-benefits-with-bonus-code-gamblezen-casino-for-uk-players/" "Mozilla/5.0 (Windows NT 10.0; Win64; x64) AppleWebKit/537.36 (KHTML, like Gecko) Chrome/141.0.0.0 Safari/537.36"
111.119.250.34 - - [17/Apr/2026:21:59:26 +0300] "GET /wp-content/themes/toppic/js/lazysizes.min.js?ver=4.2 HTTP/2" 200 3175 "https://serhatburke.miroglu.net/unlock-top-benefits-with-bonus-code-gamblezen-casino-for-uk-players/" "Mozilla/5.0 (Windows NT 10.0; Win64; x64) AppleWebKit/537.36 (KHTML, like Gecko) Chrome/141.0.0.0 Safari/537.36"
185.216.113.70 - - [17/Apr/2026:22:00:21 +0300] "POST /wp-cron.php?doing_wp_cron=1776452421.1110429763793945312500 HTTP/1.1" 200 448 "-" "WordPress/6.3.8; https://serhatburke.miroglu.net"
103.219.169.179 - - [17/Apr/2026:22:00:06 +0300] "POST /xmlrpc.php HTTP/1.1" 200 630 "-" "Mozilla/5.0 (Windows NT 10.0; Win64; x64) AppleWebKit/537.36 (KHTML, like Gecko) Chrome/114.0.0.0 Safari/537.36"
103.219.169.179 - - [17/Apr/2026:22:00:30 +0300] "POST /xmlrpc.php HTTP/1.1" 200 15954 "-" "Mozilla/5.0 (Windows NT 10.0; Win64; x64) AppleWebKit/537.36 (KHTML, like Gecko) Chrome/114.0.0.0 Safari/537.36"
185.216.113.70 - - [17/Apr/2026:22:00:56 +0300] "POST /wp-cron.php?doing_wp_cron=1776452456.9046339988708496093750 HTTP/1.1" 200 448 "-" "WordPress/6.3.8; https://serhatburke.miroglu.net"
103.219.169.179 - - [17/Apr/2026:22:00:44 +0300] "GET /las-apuestas-internas-si-no-le-importa-hacerse-amiga-de-la-grasa-aportan-directamente-de-numeros-concretos-de-su-mesa-sobre-ruleta-en-internet-las-apuestas-externas-inscribiri-ponen-afuera-de-l/ HTTP/1.1" 200 84462 "-" "Mozilla/5.0 (Windows NT 10.0; Win64; x64) AppleWebKit/537.36 (KHTML, like Gecko) Chrome/123.0.0.0 Safari/537.36 OPR/109.0.0.0"
185.216.113.70 - - [17/Apr/2026:22:02:05 +0300] "POST /wp-cron.php?doing_wp_cron=1776452525.1581070423126220703125 HTTP/1.1" 200 448 "-" "WordPress/6.3.8; https://serhatburke.miroglu.net"
165.73.240.147 - - [17/Apr/2026:22:01:53 +0300] "POST /xmlrpc.php HTTP/1.1" 200 630 "-" "Mozilla/5.0 (Windows NT 10.0; Win64; x64) AppleWebKit/537.36 (KHTML, like Gecko) Chrome/114.0.0.0 Safari/537.36"
165.73.240.147 - - [17/Apr/2026:22:02:11 +0300] "POST /xmlrpc.php HTTP/1.1" 200 15859 "-" "Mozilla/5.0 (Windows NT 10.0; Win64; x64) AppleWebKit/537.36 (KHTML, like Gecko) Chrome/114.0.0.0 Safari/537.36"
165.73.240.147 - - [17/Apr/2026:22:02:26 +0300] "GET /300-kasino-spielbank-sunmaker-echtes-piepen-maklercourtage-via-einzahlung-fur-deutsche-geeigneter-link-glucksspieler/ HTTP/1.1" 200 78544 "-" "Mozilla/5.0 (Windows NT 10.0; Win64; x64) AppleWebKit/537.36 (KHTML, like Gecko) Chrome/124.0.0.0 Safari/537.36 Edg/124.0.0.0"
185.216.113.70 - - [17/Apr/2026:22:04:14 +0300] "POST /wp-cron.php?doing_wp_cron=1776452654.3409290313720703125000 HTTP/1.1" 200 448 "-" "WordPress/6.3.8; https://serhatburke.miroglu.net"
188.239.12.18 - - [17/Apr/2026:22:04:00 +0300] "GET /goldilocks-as-well-as-the-wild-contains-slot-slot-dracula-totally-free-enjoy-inside-the-trial-form-review/ HTTP/2" 200 18279 "-" "Mozilla/5.0 (Macintosh; Intel Mac OS X 10_15_7) AppleWebKit/537.36 (KHTML, like Gecko) Chrome/143.0.0.0 Safari/537.36"
188.239.12.18 - - [17/Apr/2026:22:04:16 +0300] "GET /wp-includes/css/dist/block-library/style.min.css?ver=6.3.8 HTTP/2" 200 12962 "https://serhatburke.miroglu.net/goldilocks-as-well-as-the-wild-contains-slot-slot-dracula-totally-free-enjoy-inside-the-trial-form-review/" "Mozilla/5.0 (Macintosh; Intel Mac OS X 10_15_7) AppleWebKit/537.36 (KHTML, like Gecko) Chrome/143.0.0.0 Safari/537.36"
188.239.12.18 - - [17/Apr/2026:22:04:16 +0300] "GET /wp-content/themes/toppic/css/reset.css?ver=4.2 HTTP/2" 200 566 "https://serhatburke.miroglu.net/goldilocks-as-well-as-the-wild-contains-slot-slot-dracula-totally-free-enjoy-inside-the-trial-form-review/" "Mozilla/5.0 (Macintosh; Intel Mac OS X 10_15_7) AppleWebKit/537.36 (KHTML, like Gecko) Chrome/143.0.0.0 Safari/537.36"
188.239.12.18 - - [17/Apr/2026:22:04:16 +0300] "GET /wp-content/themes/toppic/css/default.css?ver=4.2 HTTP/2" 200 1198 "https://serhatburke.miroglu.net/goldilocks-as-well-as-the-wild-contains-slot-slot-dracula-totally-free-enjoy-inside-the-trial-form-review/" "Mozilla/5.0 (Macintosh; Intel Mac OS X 10_15_7) AppleWebKit/537.36 (KHTML, like Gecko) Chrome/143.0.0.0 Safari/537.36"
188.239.12.18 - - [17/Apr/2026:22:04:16 +0300] "GET /wp-content/themes/toppic/style.css?ver=4.2 HTTP/2" 200 22783 "https://serhatburke.miroglu.net/goldilocks-as-well-as-the-wild-contains-slot-slot-dracula-totally-free-enjoy-inside-the-trial-form-review/" "Mozilla/5.0 (Macintosh; Intel Mac OS X 10_15_7) AppleWebKit/537.36 (KHTML, like Gecko) Chrome/143.0.0.0 Safari/537.36"
188.239.12.18 - - [17/Apr/2026:22:04:16 +0300] "GET /wp-content/themes/toppic/css/fontello.css?ver=4.2 HTTP/2" 200 1188 "https://serhatburke.miroglu.net/goldilocks-as-well-as-the-wild-contains-slot-slot-dracula-totally-free-enjoy-inside-the-trial-form-review/" "Mozilla/5.0 (Macintosh; Intel Mac OS X 10_15_7) AppleWebKit/537.36 (KHTML, like Gecko) Chrome/143.0.0.0 Safari/537.36"
188.239.12.18 - - [17/Apr/2026:22:04:16 +0300] "GET /wp-content/themes/toppic/css/rs-default.css?ver=4.2 HTTP/2" 200 2011 "https://serhatburke.miroglu.net/goldilocks-as-well-as-the-wild-contains-slot-slot-dracula-totally-free-enjoy-inside-the-trial-form-review/" "Mozilla/5.0 (Macintosh; Intel Mac OS X 10_15_7) AppleWebKit/537.36 (KHTML, like Gecko) Chrome/143.0.0.0 Safari/537.36"
188.239.12.18 - - [17/Apr/2026:22:04:16 +0300] "GET /wp-content/themes/toppic/css/lightbox.css?ver=4.2 HTTP/2" 200 2342 "https://serhatburke.miroglu.net/goldilocks-as-well-as-the-wild-contains-slot-slot-dracula-totally-free-enjoy-inside-the-trial-form-review/" "Mozilla/5.0 (Macintosh; Intel Mac OS X 10_15_7) AppleWebKit/537.36 (KHTML, like Gecko) Chrome/143.0.0.0 Safari/537.36"
188.239.12.18 - - [17/Apr/2026:22:04:16 +0300] "GET /wp-content/themes/toppic/css/royalslider.css?ver=4.2 HTTP/2" 200 1273 "https://serhatburke.miroglu.net/goldilocks-as-well-as-the-wild-contains-slot-slot-dracula-totally-free-enjoy-inside-the-trial-form-review/" "Mozilla/5.0 (Macintosh; Intel Mac OS X 10_15_7) AppleWebKit/537.36 (KHTML, like Gecko) Chrome/143.0.0.0 Safari/537.36"
188.239.12.18 - - [17/Apr/2026:22:04:16 +0300] "GET /wp-content/themes/toppic/css/responsive.css?ver=4.2 HTTP/2" 200 2182 "https://serhatburke.miroglu.net/goldilocks-as-well-as-the-wild-contains-slot-slot-dracula-totally-free-enjoy-inside-the-trial-form-review/" "Mozilla/5.0 (Macintosh; Intel Mac OS X 10_15_7) AppleWebKit/537.36 (KHTML, like Gecko) Chrome/143.0.0.0 Safari/537.36"
188.239.12.18 - - [17/Apr/2026:22:04:16 +0300] "GET /wp-content/themes/toppic/css/woocommerce.css?ver=4.2 HTTP/2" 200 2234 "https://serhatburke.miroglu.net/goldilocks-as-well-as-the-wild-contains-slot-slot-dracula-totally-free-enjoy-inside-the-trial-form-review/" "Mozilla/5.0 (Macintosh; Intel Mac OS X 10_15_7) AppleWebKit/537.36 (KHTML, like Gecko) Chrome/143.0.0.0 Safari/537.36"
188.239.12.18 - - [17/Apr/2026:22:04:16 +0300] "GET /wp-includes/js/jquery/jquery-migrate.min.js?ver=3.4.1 HTTP/2" 200 4678 "https://serhatburke.miroglu.net/goldilocks-as-well-as-the-wild-contains-slot-slot-dracula-totally-free-enjoy-inside-the-trial-form-review/" "Mozilla/5.0 (Macintosh; Intel Mac OS X 10_15_7) AppleWebKit/537.36 (KHTML, like Gecko) Chrome/143.0.0.0 Safari/537.36"
188.239.12.18 - - [17/Apr/2026:22:04:16 +0300] "GET /wp-content/themes/toppic/js/jquery.parallax.custom.js?ver=4.2 HTTP/2" 200 720 "https://serhatburke.miroglu.net/goldilocks-as-well-as-the-wild-contains-slot-slot-dracula-totally-free-enjoy-inside-the-trial-form-review/" "Mozilla/5.0 (Macintosh; Intel Mac OS X 10_15_7) AppleWebKit/537.36 (KHTML, like Gecko) Chrome/143.0.0.0 Safari/537.36"
188.239.12.18 - - [17/Apr/2026:22:04:16 +0300] "GET /wp-content/themes/toppic/js/jquery.tipsy.js?ver=4.2 HTTP/2" 200 829 "https://serhatburke.miroglu.net/goldilocks-as-well-as-the-wild-contains-slot-slot-dracula-totally-free-enjoy-inside-the-trial-form-review/" "Mozilla/5.0 (Macintosh; Intel Mac OS X 10_15_7) AppleWebKit/537.36 (KHTML, like Gecko) Chrome/143.0.0.0 Safari/537.36"
188.239.12.18 - - [17/Apr/2026:22:04:16 +0300] "GET /wp-content/themes/toppic/js/jquery.transit.min.js?ver=4.2 HTTP/2" 200 2624 "https://serhatburke.miroglu.net/goldilocks-as-well-as-the-wild-contains-slot-slot-dracula-totally-free-enjoy-inside-the-trial-form-review/" "Mozilla/5.0 (Macintosh; Intel Mac OS X 10_15_7) AppleWebKit/537.36 (KHTML, like Gecko) Chrome/143.0.0.0 Safari/537.36"
188.239.12.18 - - [17/Apr/2026:22:04:16 +0300] "GET /wp-content/themes/toppic/js/jquery.mtree.js?ver=4.2 HTTP/2" 200 883 "https://serhatburke.miroglu.net/goldilocks-as-well-as-the-wild-contains-slot-slot-dracula-totally-free-enjoy-inside-the-trial-form-review/" "Mozilla/5.0 (Macintosh; Intel Mac OS X 10_15_7) AppleWebKit/537.36 (KHTML, like Gecko) Chrome/143.0.0.0 Safari/537.36"
188.239.12.18 - - [17/Apr/2026:22:04:16 +0300] "GET /wp-content/themes/toppic/js/jquery.touchswipe.js?ver=4.2 HTTP/2" 200 4734 "https://serhatburke.miroglu.net/goldilocks-as-well-as-the-wild-contains-slot-slot-dracula-totally-free-enjoy-inside-the-trial-form-review/" "Mozilla/5.0 (Macintosh; Intel Mac OS X 10_15_7) AppleWebKit/537.36 (KHTML, like Gecko) Chrome/143.0.0.0 Safari/537.36"
188.239.12.18 - - [17/Apr/2026:22:04:16 +0300] "GET /wp-content/plugins/contact-form-7/includes/swv/js/index.js?ver=5.8 HTTP/2" 200 3061 "https://serhatburke.miroglu.net/goldilocks-as-well-as-the-wild-contains-slot-slot-dracula-totally-free-enjoy-inside-the-trial-form-review/" "Mozilla/5.0 (Macintosh; Intel Mac OS X 10_15_7) AppleWebKit/537.36 (KHTML, like Gecko) Chrome/143.0.0.0 Safari/537.36"
188.239.12.18 - - [17/Apr/2026:22:04:16 +0300] "GET /wp-content/plugins/contact-form-7/includes/js/index.js?ver=5.8 HTTP/2" 200 3918 "https://serhatburke.miroglu.net/goldilocks-as-well-as-the-wild-contains-slot-slot-dracula-totally-free-enjoy-inside-the-trial-form-review/" "Mozilla/5.0 (Macintosh; Intel Mac OS X 10_15_7) AppleWebKit/537.36 (KHTML, like Gecko) Chrome/143.0.0.0 Safari/537.36"
188.239.12.18 - - [17/Apr/2026:22:04:16 +0300] "GET /wp-content/themes/toppic/js/jquery.magnific-popup.min.js?ver=4.2 HTTP/2" 200 7278 "https://serhatburke.miroglu.net/goldilocks-as-well-as-the-wild-contains-slot-slot-dracula-totally-free-enjoy-inside-the-trial-form-review/" "Mozilla/5.0 (Macintosh; Intel Mac OS X 10_15_7) AppleWebKit/537.36 (KHTML, like Gecko) Chrome/143.0.0.0 Safari/537.36"
188.239.12.18 - - [17/Apr/2026:22:04:16 +0300] "GET /wp-content/themes/toppic/js/jquery.custom.js?ver=4.2 HTTP/2" 200 8215 "https://serhatburke.miroglu.net/goldilocks-as-well-as-the-wild-contains-slot-slot-dracula-totally-free-enjoy-inside-the-trial-form-review/" "Mozilla/5.0 (Macintosh; Intel Mac OS X 10_15_7) AppleWebKit/537.36 (KHTML, like Gecko) Chrome/143.0.0.0 Safari/537.36"
188.239.12.18 - - [17/Apr/2026:22:04:16 +0300] "GET /wp-content/themes/toppic/js/jquery.kenb.js?ver=4.2 HTTP/2" 200 1252 "https://serhatburke.miroglu.net/goldilocks-as-well-as-the-wild-contains-slot-slot-dracula-totally-free-enjoy-inside-the-trial-form-review/" "Mozilla/5.0 (Macintosh; Intel Mac OS X 10_15_7) AppleWebKit/537.36 (KHTML, like Gecko) Chrome/143.0.0.0 Safari/537.36"
188.239.12.18 - - [17/Apr/2026:22:04:16 +0300] "GET /wp-content/themes/toppic/js/scrollMonitor.js?ver=4.2 HTTP/2" 200 2538 "https://serhatburke.miroglu.net/goldilocks-as-well-as-the-wild-contains-slot-slot-dracula-totally-free-enjoy-inside-the-trial-form-review/" "Mozilla/5.0 (Macintosh; Intel Mac OS X 10_15_7) AppleWebKit/537.36 (KHTML, like Gecko) Chrome/143.0.0.0 Safari/537.36"
188.239.12.18 - - [17/Apr/2026:22:04:16 +0300] "GET /wp-content/themes/toppic/js/lazysizes.min.js?ver=4.2 HTTP/2" 200 3175 "https://serhatburke.miroglu.net/goldilocks-as-well-as-the-wild-contains-slot-slot-dracula-totally-free-enjoy-inside-the-trial-form-review/" "Mozilla/5.0 (Macintosh; Intel Mac OS X 10_15_7) AppleWebKit/537.36 (KHTML, like Gecko) Chrome/143.0.0.0 Safari/537.36"
185.216.113.70 - - [17/Apr/2026:22:05:06 +0300] "POST /wp-cron.php?doing_wp_cron=1776452706.4622409343719482421875 HTTP/1.1" 200 448 "-" "WordPress/6.3.8; https://serhatburke.miroglu.net"
103.219.169.179 - - [17/Apr/2026:22:04:54 +0300] "POST /xmlrpc.php HTTP/1.1" 200 630 "-" "Mozilla/5.0 (Windows NT 10.0; Win64; x64) AppleWebKit/537.36 (KHTML, like Gecko) Chrome/114.0.0.0 Safari/537.36"
103.219.169.179 - - [17/Apr/2026:22:05:13 +0300] "POST /xmlrpc.php HTTP/1.1" 200 14856 "-" "Mozilla/5.0 (Windows NT 10.0; Win64; x64) AppleWebKit/537.36 (KHTML, like Gecko) Chrome/114.0.0.0 Safari/537.36"
185.216.113.70 - - [17/Apr/2026:22:06:55 +0300] "POST /wp-cron.php?doing_wp_cron=1776452815.8621459007263183593750 HTTP/1.1" 200 448 "-" "WordPress/6.3.8; https://serhatburke.miroglu.net"
103.219.169.179 - - [17/Apr/2026:22:06:33 +0300] "POST /xmlrpc.php HTTP/1.1" 200 627 "-" "Mozilla/5.0 (Windows NT 10.0; Win64; x64) AppleWebKit/537.36 (KHTML, like Gecko) Chrome/114.0.0.0 Safari/537.36"
57.128.22.95 - - [17/Apr/2026:22:07:02 +0300] "GET /zotabet-casino-bonus-premier-depot-2026/ HTTP/1.1" 200 18537 "https://serhatburke.miroglu.net/" "Mozilla/5.0 (Windows NT 10.0; Win64; x64) AppleWebKit/537.36 (KHTML, like Gecko) Chrome/142.0.0.0 YaBrowser/25.12.0.0 Safari/537.36"
196.51.133.70 - - [17/Apr/2026:22:07:23 +0300] "POST /wp-comments-post.php HTTP/1.1" 302 1087 "https://serhatburke.miroglu.net/zotabet-casino-bonus-premier-depot-2026/" "Mozilla/5.0 (Windows NT 10.0; Win64; x64) AppleWebKit/537.36 (KHTML, like Gecko) Chrome/142.0.0.0 YaBrowser/25.12.0.0 Safari/537.36"
185.216.113.70 - - [17/Apr/2026:22:07:52 +0300] "POST /wp-cron.php?doing_wp_cron=1776452872.0625879764556884765625 HTTP/1.1" 200 448 "-" "WordPress/6.3.8; https://serhatburke.miroglu.net"
196.51.133.70 - - [17/Apr/2026:22:07:39 +0300] "GET /zotabet-casino-bonus-premier-depot-2026/?unapproved=452&moderation-hash=5f5252a1c2d1992deea06e53169a4cc2 HTTP/1.1" 200 19043 "https://serhatburke.miroglu.net/wp-comments-post.php" "Mozilla/5.0 (Windows NT 10.0; Win64; x64) AppleWebKit/537.36 (KHTML, like Gecko) Chrome/142.0.0.0 YaBrowser/25.12.0.0 Safari/537.36"
57.128.22.95 - - [17/Apr/2026:22:07:53 +0300] "GET /zotabet-casino-bonus-premier-depot-2026/ HTTP/1.1" 200 18530 "-" "Mozilla/5.0 (compatible; Googlebot/2.1; +http://www.google.com/bot.html)"
185.216.113.70 - - [17/Apr/2026:22:09:53 +0300] "POST /wp-cron.php?doing_wp_cron=1776452993.8493690490722656250000 HTTP/1.1" 200 448 "-" "WordPress/6.3.8; https://serhatburke.miroglu.net"
57.128.22.95 - - [17/Apr/2026:22:09:40 +0300] "GET /zotabet-casino-bonus-premier-depot-2026/ HTTP/1.1" 200 18530 "-" "Mozilla/5.0 (compatible; Googlebot/2.1; +http://www.google.com/bot.html)"
165.73.240.147 - - [17/Apr/2026:22:10:04 +0300] "POST /xmlrpc.php HTTP/1.1" 200 630 "-" "Mozilla/5.0 (Windows NT 10.0; Win64; x64) AppleWebKit/537.36 (KHTML, like Gecko) Chrome/114.0.0.0 Safari/537.36"
185.216.113.70 - - [17/Apr/2026:22:10:36 +0300] "POST /wp-cron.php?doing_wp_cron=1776453036.7999930381774902343750 HTTP/1.1" 200 448 "-" "WordPress/6.3.8; https://serhatburke.miroglu.net"
165.73.240.147 - - [17/Apr/2026:22:10:23 +0300] "POST /xmlrpc.php HTTP/1.1" 200 15369 "-" "Mozilla/5.0 (Windows NT 10.0; Win64; x64) AppleWebKit/537.36 (KHTML, like Gecko) Chrome/114.0.0.0 Safari/537.36"
165.73.240.147 - - [17/Apr/2026:22:10:38 +0300] "GET /rtp-funktionen-und-betsoft-slots-echtes-geld-kostenloses-vortragen/ HTTP/1.1" 200 76670 "-" "Mozilla/5.0 (Windows NT 10.0; Win64; x64; rv:125.0) Gecko/20100101 Firefox/125.0"
185.216.113.70 - - [17/Apr/2026:22:11:59 +0300] "POST /wp-cron.php?doing_wp_cron=1776453119.2459828853607177734375 HTTP/1.1" 200 448 "-" "WordPress/6.3.8; https://serhatburke.miroglu.net"
166.108.227.246 - - [17/Apr/2026:22:11:46 +0300] "GET /crypto-gambling-enterprise-on-line-crypto-excitement-hot-seven-1-deposit-enjoy-bitcoin-gambling-enterprise/ HTTP/2" 200 19029 "-" "Mozilla/5.0 (Windows NT 10.0; Win64; x64) AppleWebKit/537.36 (KHTML, like Gecko) Chrome/141.0.0.0 Safari/537.36"
166.108.227.246 - - [17/Apr/2026:22:12:01 +0300] "GET /wp-content/themes/toppic/css/fontello.css?ver=4.2 HTTP/2" 200 1188 "https://serhatburke.miroglu.net/crypto-gambling-enterprise-on-line-crypto-excitement-hot-seven-1-deposit-enjoy-bitcoin-gambling-enterprise/" "Mozilla/5.0 (Windows NT 10.0; Win64; x64) AppleWebKit/537.36 (KHTML, like Gecko) Chrome/141.0.0.0 Safari/537.36"
166.108.227.246 - - [17/Apr/2026:22:12:01 +0300] "GET /wp-content/themes/toppic/style.css?ver=4.2 HTTP/2" 200 22783 "https://serhatburke.miroglu.net/crypto-gambling-enterprise-on-line-crypto-excitement-hot-seven-1-deposit-enjoy-bitcoin-gambling-enterprise/" "Mozilla/5.0 (Windows NT 10.0; Win64; x64) AppleWebKit/537.36 (KHTML, like Gecko) Chrome/141.0.0.0 Safari/537.36"
166.108.227.246 - - [17/Apr/2026:22:12:01 +0300] "GET /wp-includes/css/dist/block-library/style.min.css?ver=6.3.8 HTTP/2" 200 12962 "https://serhatburke.miroglu.net/crypto-gambling-enterprise-on-line-crypto-excitement-hot-seven-1-deposit-enjoy-bitcoin-gambling-enterprise/" "Mozilla/5.0 (Windows NT 10.0; Win64; x64) AppleWebKit/537.36 (KHTML, like Gecko) Chrome/141.0.0.0 Safari/537.36"
166.108.227.246 - - [17/Apr/2026:22:12:01 +0300] "GET /wp-content/plugins/contact-form-7/includes/css/styles.css?ver=5.8 HTTP/2" 200 878 "https://serhatburke.miroglu.net/crypto-gambling-enterprise-on-line-crypto-excitement-hot-seven-1-deposit-enjoy-bitcoin-gambling-enterprise/" "Mozilla/5.0 (Windows NT 10.0; Win64; x64) AppleWebKit/537.36 (KHTML, like Gecko) Chrome/141.0.0.0 Safari/537.36"
166.108.227.246 - - [17/Apr/2026:22:12:01 +0300] "GET /wp-content/themes/toppic/css/rs-default.css?ver=4.2 HTTP/2" 200 2011 "https://serhatburke.miroglu.net/crypto-gambling-enterprise-on-line-crypto-excitement-hot-seven-1-deposit-enjoy-bitcoin-gambling-enterprise/" "Mozilla/5.0 (Windows NT 10.0; Win64; x64) AppleWebKit/537.36 (KHTML, like Gecko) Chrome/141.0.0.0 Safari/537.36"
