103.219.169.214 - - [17/Apr/2026:11:53:51 +0300] "GET /reel-rush-slot-play-96-96-rtp-casino-jimi-hendrix-1000-xbet-max-win/ HTTP/1.1" 200 77077 "-" "Mozilla/5.0 (Windows NT 10.0; Win64; x64) AppleWebKit/537.36 (KHTML, like Gecko) Chrome/122.0.0.0 Safari/537.36"
102.221.34.103 - - [17/Apr/2026:11:54:08 +0300] "GET /betmgm-local-casino-review-saucify-slot-games-for-pc-and-bonus-2026/ HTTP/1.1" 200 73101 "-" "Mozilla/5.0 (Windows NT 10.0; Win64; x64; rv:124.0) Gecko/20100101 Firefox/124.0"
102.221.34.103 - - [17/Apr/2026:11:54:18 +0300] "POST /xmlrpc.php HTTP/1.1" 200 630 "-" "Mozilla/5.0 (Windows NT 10.0; Win64; x64) AppleWebKit/537.36 (KHTML, like Gecko) Chrome/114.0.0.0 Safari/537.36"
185.216.113.70 - - [17/Apr/2026:11:54:48 +0300] "POST /wp-cron.php?doing_wp_cron=1776416088.3897910118103027343750 HTTP/1.1" 200 448 "-" "WordPress/6.3.8; https://serhatburke.miroglu.net"
102.221.34.103 - - [17/Apr/2026:11:54:36 +0300] "POST /xmlrpc.php HTTP/1.1" 200 13501 "-" "Mozilla/5.0 (Windows NT 10.0; Win64; x64) AppleWebKit/537.36 (KHTML, like Gecko) Chrome/114.0.0.0 Safari/537.36"
102.221.34.103 - - [17/Apr/2026:11:54:49 +0300] "GET /aztec-value-position-100-percent-play-raging-rhino-slot-online-no-download-free-spins-demo-and-information/ HTTP/1.1" 200 75636 "-" "Mozilla/5.0 (Windows NT 10.0; Win64; x64) AppleWebKit/537.36 (KHTML, like Gecko) Chrome/124.0.0.0 Safari/537.36 Edg/124.0.0.0"
165.73.240.122 - - [17/Apr/2026:11:55:01 +0300] "POST /xmlrpc.php HTTP/1.1" 200 630 "-" "Mozilla/5.0 (Windows NT 10.0; Win64; x64) AppleWebKit/537.36 (KHTML, like Gecko) Chrome/114.0.0.0 Safari/537.36"
102.221.34.103 - - [17/Apr/2026:11:55:11 +0300] "POST /xmlrpc.php HTTP/1.1" 200 630 "-" "Mozilla/5.0 (Windows NT 10.0; Win64; x64) AppleWebKit/537.36 (KHTML, like Gecko) Chrome/114.0.0.0 Safari/537.36"
185.216.113.70 - - [17/Apr/2026:11:55:36 +0300] "POST /wp-cron.php?doing_wp_cron=1776416136.5246961116790771484375 HTTP/1.1" 200 448 "-" "WordPress/6.3.8; https://serhatburke.miroglu.net"
165.73.240.122 - - [17/Apr/2026:11:55:22 +0300] "POST /xmlrpc.php HTTP/1.1" 200 15174 "-" "Mozilla/5.0 (Windows NT 10.0; Win64; x64) AppleWebKit/537.36 (KHTML, like Gecko) Chrome/114.0.0.0 Safari/537.36"
102.221.34.103 - - [17/Apr/2026:11:55:31 +0300] "POST /xmlrpc.php HTTP/1.1" 200 11907 "-" "Mozilla/5.0 (Windows NT 10.0; Win64; x64) AppleWebKit/537.36 (KHTML, like Gecko) Chrome/114.0.0.0 Safari/537.36"
104.166.164.25 - - [17/Apr/2026:11:55:39 +0300] "POST /xmlrpc.php HTTP/1.1" 200 630 "-" "Mozilla/5.0 (Windows NT 10.0; Win64; x64) AppleWebKit/537.36 (KHTML, like Gecko) Chrome/114.0.0.0 Safari/537.36"
165.73.240.122 - - [17/Apr/2026:11:55:38 +0300] "GET /tagesordnungspunkt-50-casinos-spielautomaten-bake-house-online-damit-echtes-bimbes-zum-besten-slots-echtes-bimbes-gerieren-2026/ HTTP/1.1" 200 78094 "-" "Mozilla/5.0 (Windows NT 10.0; Win64; x64; rv:125.0) Gecko/20100101 Firefox/125.0"
102.221.34.103 - - [17/Apr/2026:11:55:51 +0300] "GET /register-mad-mad-monkey-online-slot-machine-now/ HTTP/1.1" 200 72646 "-" "Mozilla/5.0 (Windows NT 10.0; Win64; x64) AppleWebKit/537.36 (KHTML, like Gecko) Chrome/123.0.0.0 Safari/537.36 OPR/109.0.0.0"
102.221.34.103 - - [17/Apr/2026:11:56:03 +0300] "POST /xmlrpc.php HTTP/1.1" 200 630 "-" "Mozilla/5.0 (Windows NT 10.0; Win64; x64) AppleWebKit/537.36 (KHTML, like Gecko) Chrome/114.0.0.0 Safari/537.36"
104.166.164.25 - - [17/Apr/2026:11:56:10 +0300] "POST /xmlrpc.php HTTP/1.1" 200 13489 "-" "Mozilla/5.0 (Windows NT 10.0; Win64; x64) AppleWebKit/537.36 (KHTML, like Gecko) Chrome/114.0.0.0 Safari/537.36"
185.216.113.70 - - [17/Apr/2026:11:56:35 +0300] "POST /wp-cron.php?doing_wp_cron=1776416195.1470329761505126953125 HTTP/1.1" 200 448 "-" "WordPress/6.3.8; https://serhatburke.miroglu.net"
102.221.34.103 - - [17/Apr/2026:11:56:22 +0300] "POST /xmlrpc.php HTTP/1.1" 200 12954 "-" "Mozilla/5.0 (Windows NT 10.0; Win64; x64) AppleWebKit/537.36 (KHTML, like Gecko) Chrome/114.0.0.0 Safari/537.36"
104.166.164.25 - - [17/Apr/2026:11:56:24 +0300] "GET /newest-us-casino-chillispins-video-poker-games-no-deposit-gambling-enterprise-bonus-requirements-february-2026/ HTTP/1.1" 200 75797 "-" "Mozilla/5.0 (Windows NT 10.0; rv:109.0) Gecko/20100101 Firefox/115.0"
157.15.39.8 - - [17/Apr/2026:11:56:35 +0300] "GET /beste-casino-site-belgie-hoge-inzet/ HTTP/1.1" 200 0 "-" "Mozilla/5.0 (compatible; Googlebot/2.1; +http://www.google.com/bot.html)"
102.221.34.103 - - [17/Apr/2026:11:56:36 +0300] "GET /loki-casino-added-bonus-and-cowboys-go-west-hd-online-slot-comment-2025-will-they-be-safe-and-legitimate/ HTTP/1.1" 200 74910 "-" "Mozilla/5.0 (Windows NT 10.0; Win64; x64; rv:124.0) Gecko/20100101 Firefox/124.0"
102.221.34.103 - - [17/Apr/2026:11:56:53 +0300] "POST /xmlrpc.php HTTP/1.1" 200 630 "-" "Mozilla/5.0 (Windows NT 10.0; Win64; x64) AppleWebKit/537.36 (KHTML, like Gecko) Chrome/114.0.0.0 Safari/537.36"
102.221.34.103 - - [17/Apr/2026:11:57:12 +0300] "POST /xmlrpc.php HTTP/1.1" 200 13089 "-" "Mozilla/5.0 (Windows NT 10.0; Win64; x64) AppleWebKit/537.36 (KHTML, like Gecko) Chrome/114.0.0.0 Safari/537.36"
185.216.113.70 - - [17/Apr/2026:11:57:39 +0300] "POST /wp-cron.php?doing_wp_cron=1776416259.2500979900360107421875 HTTP/1.1" 200 448 "-" "WordPress/6.3.8; https://serhatburke.miroglu.net"
102.221.34.103 - - [17/Apr/2026:11:57:26 +0300] "GET /loki-casino-inside-flying-ace-slot-free-spins-denmark-remark-sign-on-100percent-extra-around-five-hundred-200-fs-1-incentive-crab/ HTTP/1.1" 200 75962 "-" "Mozilla/5.0 (Windows NT 10.0; rv:109.0) Gecko/20100101 Firefox/115.0"
102.221.34.103 - - [17/Apr/2026:11:57:46 +0300] "POST /xmlrpc.php HTTP/1.1" 200 630 "-" "Mozilla/5.0 (Windows NT 10.0; Win64; x64) AppleWebKit/537.36 (KHTML, like Gecko) Chrome/114.0.0.0 Safari/537.36"
185.216.113.70 - - [17/Apr/2026:11:58:18 +0300] "POST /wp-cron.php?doing_wp_cron=1776416297.9015350341796875000000 HTTP/1.1" 200 448 "-" "WordPress/6.3.8; https://serhatburke.miroglu.net"
102.221.34.103 - - [17/Apr/2026:11:58:05 +0300] "POST /xmlrpc.php HTTP/1.1" 200 12778 "-" "Mozilla/5.0 (Windows NT 10.0; Win64; x64) AppleWebKit/537.36 (KHTML, like Gecko) Chrome/114.0.0.0 Safari/537.36"
102.221.34.103 - - [17/Apr/2026:11:58:19 +0300] "GET /lord-fortunate-local-survivor-slot-casino-100-percent-free-processor-chip-codes-claim-fifty-no-deposit-added-bonus/ HTTP/1.1" 200 75235 "-" "Mozilla/5.0 (Windows NT 10.0; Win64; x64; rv:124.0) Gecko/20100101 Firefox/124.0"
104.166.164.25 - - [17/Apr/2026:11:58:23 +0300] "POST /xmlrpc.php HTTP/1.1" 200 630 "-" "Mozilla/5.0 (Windows NT 10.0; Win64; x64) AppleWebKit/537.36 (KHTML, like Gecko) Chrome/114.0.0.0 Safari/537.36"
102.221.34.103 - - [17/Apr/2026:11:58:38 +0300] "POST /xmlrpc.php HTTP/1.1" 200 630 "-" "Mozilla/5.0 (Windows NT 10.0; Win64; x64) AppleWebKit/537.36 (KHTML, like Gecko) Chrome/114.0.0.0 Safari/537.36"
185.216.113.70 - - [17/Apr/2026:11:59:00 +0300] "POST /wp-cron.php?doing_wp_cron=1776416340.5455009937286376953125 HTTP/1.1" 200 448 "-" "WordPress/6.3.8; https://serhatburke.miroglu.net"
104.166.164.25 - - [17/Apr/2026:11:58:47 +0300] "POST /xmlrpc.php HTTP/1.1" 200 12627 "-" "Mozilla/5.0 (Windows NT 10.0; Win64; x64) AppleWebKit/537.36 (KHTML, like Gecko) Chrome/114.0.0.0 Safari/537.36"
102.221.34.103 - - [17/Apr/2026:11:58:56 +0300] "POST /xmlrpc.php HTTP/1.1" 200 13275 "-" "Mozilla/5.0 (Windows NT 10.0; Win64; x64) AppleWebKit/537.36 (KHTML, like Gecko) Chrome/114.0.0.0 Safari/537.36"
104.166.164.25 - - [17/Apr/2026:11:59:02 +0300] "GET /high-investing-casinos-on-the-internet-in-the-february-2026-discover-better-blackjack-slot-real-money-rtp-earnings-huge-victories/ HTTP/1.1" 200 75531 "-" "Mozilla/5.0 (Windows NT 10.0; Win64; x64) AppleWebKit/537.36 (KHTML, like Gecko) Chrome/123.0.0.0 Safari/537.36"
151.244.111.202 - - [17/Apr/2026:11:59:09 +0300] "GET /home-of-chicken-tenders-30/ HTTP/1.1" 200 22304 "-" "Screaming Frog SEO Spider/16.7"
102.221.34.103 - - [17/Apr/2026:11:59:16 +0300] "GET /publication-of-lifeless-free-spins-supe-it-up-slot-in-the-canada-no-deposit-bonuses/ HTTP/1.1" 200 74842 "-" "Mozilla/5.0 (Windows NT 10.0; Win64; x64) AppleWebKit/537.36 (KHTML, like Gecko) Chrome/123.0.0.0 Safari/537.36 OPR/109.0.0.0"
185.216.113.70 - - [17/Apr/2026:11:59:41 +0300] "POST /wp-cron.php?doing_wp_cron=1776416381.7894279956817626953125 HTTP/1.1" 200 448 "-" "WordPress/6.3.8; https://serhatburke.miroglu.net"
102.221.34.103 - - [17/Apr/2026:11:59:30 +0300] "POST /xmlrpc.php HTTP/1.1" 200 630 "-" "Mozilla/5.0 (Windows NT 10.0; Win64; x64) AppleWebKit/537.36 (KHTML, like Gecko) Chrome/114.0.0.0 Safari/537.36"
98.98.9.58 - - [17/Apr/2026:11:59:45 +0300] "POST /xmlrpc.php HTTP/1.1" 200 630 "-" "Mozilla/5.0 (Windows NT 10.0; Win64; x64) AppleWebKit/537.36 (KHTML, like Gecko) Chrome/114.0.0.0 Safari/537.36"
102.221.34.103 - - [17/Apr/2026:11:59:48 +0300] "POST /xmlrpc.php HTTP/1.1" 200 12821 "-" "Mozilla/5.0 (Windows NT 10.0; Win64; x64) AppleWebKit/537.36 (KHTML, like Gecko) Chrome/114.0.0.0 Safari/537.36"
45.3.40.111 - - [17/Apr/2026:12:00:02 +0300] "GET /wp-login.php HTTP/2" 200 3093 "-" "Mozilla/5.0 (Windows NT 10.0; Win64; x64; rv:127.0) Gecko/20100101 Firefox/127.0"
102.221.34.103 - - [17/Apr/2026:12:00:04 +0300] "GET /luckybird-io-gambling-establishment-opinion-2026-would-it-slot-hugo-2-be-legitimate/ HTTP/1.1" 200 74495 "-" "Mozilla/5.0 (Windows NT 10.0; Win64; x64) AppleWebKit/537.36 (KHTML, like Gecko) Chrome/124.0.0.0 Safari/537.36 Edg/124.0.0.0"
185.216.113.70 - - [17/Apr/2026:12:00:40 +0300] "POST /wp-cron.php?doing_wp_cron=1776416440.6750519275665283203125 HTTP/1.1" 200 448 "-" "WordPress/6.3.8; https://serhatburke.miroglu.net"
98.98.9.58 - - [17/Apr/2026:12:00:07 +0300] "POST /xmlrpc.php HTTP/1.1" 200 9642 "-" "Mozilla/5.0 (Windows NT 10.0; Win64; x64) AppleWebKit/537.36 (KHTML, like Gecko) Chrome/114.0.0.0 Safari/537.36"
209.50.184.86 - - [17/Apr/2026:12:00:11 +0300] "GET /wp-login.php HTTP/2" 200 0 "-" "Mozilla/5.0 (Windows NT 10.0; Win64; x64; rv:127.0) Gecko/20100101 Firefox/127.0"
103.219.169.214 - - [17/Apr/2026:12:00:11 +0300] "POST /xmlrpc.php HTTP/1.1" 200 630 "-" "Mozilla/5.0 (Windows NT 10.0; Win64; x64) AppleWebKit/537.36 (KHTML, like Gecko) Chrome/114.0.0.0 Safari/537.36"
102.221.34.103 - - [17/Apr/2026:12:00:20 +0300] "POST /xmlrpc.php HTTP/1.1" 200 630 "-" "Mozilla/5.0 (Windows NT 10.0; Win64; x64) AppleWebKit/537.36 (KHTML, like Gecko) Chrome/114.0.0.0 Safari/537.36"
65.111.11.101 - - [17/Apr/2026:12:00:43 +0300] "POST /xmlrpc.php HTTP/2" 200 110 "-" "Mozilla/5.0 (Macintosh; Intel Mac OS X 13_5) AppleWebKit/605.1.15 (KHTML, like Gecko) Version/17.5 Safari/605.1.15"
103.219.169.214 - - [17/Apr/2026:12:00:49 +0300] "POST /xmlrpc.php HTTP/1.1" 200 16148 "-" "Mozilla/5.0 (Windows NT 10.0; Win64; x64) AppleWebKit/537.36 (KHTML, like Gecko) Chrome/114.0.0.0 Safari/537.36"
102.221.34.103 - - [17/Apr/2026:12:00:54 +0300] "POST /xmlrpc.php HTTP/1.1" 200 12863 "-" "Mozilla/5.0 (Windows NT 10.0; Win64; x64) AppleWebKit/537.36 (KHTML, like Gecko) Chrome/114.0.0.0 Safari/537.36"
104.166.164.25 - - [17/Apr/2026:12:01:00 +0300] "POST /xmlrpc.php HTTP/1.1" 200 630 "-" "Mozilla/5.0 (Windows NT 10.0; Win64; x64) AppleWebKit/537.36 (KHTML, like Gecko) Chrome/114.0.0.0 Safari/537.36"
185.216.113.70 - - [17/Apr/2026:12:01:39 +0300] "POST /wp-cron.php?doing_wp_cron=1776416499.2022941112518310546875 HTTP/1.1" 200 448 "-" "WordPress/6.3.8; https://serhatburke.miroglu.net"
102.221.34.103 - - [17/Apr/2026:12:01:12 +0300] "POST /xmlrpc.php HTTP/1.1" 200 630 "-" "Mozilla/5.0 (Windows NT 10.0; Win64; x64) AppleWebKit/537.36 (KHTML, like Gecko) Chrome/114.0.0.0 Safari/537.36"
103.219.169.214 - - [17/Apr/2026:12:01:12 +0300] "GET /release-casino-6-appeal-slot-the-kraken-tragamonedas-regalado/ HTTP/1.1" 200 77317 "-" "Mozilla/5.0 (Windows NT 10.0; Win64; x64; rv:125.0) Gecko/20100101 Firefox/125.0"
102.221.34.103 - - [17/Apr/2026:12:01:15 +0300] "GET /rating-happy-gambling-casino-super-lucky-frog-establishment-options-and-you-will-guide-for-united-kingdom-professionals/ HTTP/1.1" 200 75287 "-" "Mozilla/5.0 (Windows NT 10.0; rv:125.0) Gecko/20100101 Firefox/125.0"
104.207.61.199 - - [17/Apr/2026:12:01:24 +0300] "GET /wp-login.php HTTP/2" 200 3093 "-" "Mozilla/5.0 (Windows NT 10.0; Win64; x64; rv:127.0) Gecko/20100101 Firefox/127.0"
65.111.6.126 - - [17/Apr/2026:12:01:26 +0300] "GET /wp-login.php HTTP/2" 200 0 "-" "Mozilla/5.0 (Windows NT 10.0; Win64; x64) AppleWebKit/537.36 (KHTML, like Gecko) Chrome/124.0.6367.207 Safari/537.36"
104.166.164.25 - - [17/Apr/2026:12:01:26 +0300] "POST /xmlrpc.php HTTP/1.1" 200 12624 "-" "Mozilla/5.0 (Windows NT 10.0; Win64; x64) AppleWebKit/537.36 (KHTML, like Gecko) Chrome/114.0.0.0 Safari/537.36"
102.221.34.103 - - [17/Apr/2026:12:01:47 +0300] "POST /xmlrpc.php HTTP/1.1" 200 12454 "-" "Mozilla/5.0 (Windows NT 10.0; Win64; x64) AppleWebKit/537.36 (KHTML, like Gecko) Chrome/114.0.0.0 Safari/537.36"
102.221.34.103 - - [17/Apr/2026:12:02:01 +0300] "POST /xmlrpc.php HTTP/1.1" 200 630 "-" "Mozilla/5.0 (Windows NT 10.0; Win64; x64) AppleWebKit/537.36 (KHTML, like Gecko) Chrome/114.0.0.0 Safari/537.36"
104.207.52.57 - - [17/Apr/2026:12:02:02 +0300] "GET /wp-login.php HTTP/2" 200 3093 "-" "Mozilla/5.0 (Windows NT 10.0; Win64; x64) AppleWebKit/537.36 (KHTML, like Gecko) Chrome/124.0.6367.207 Safari/537.36"
104.166.164.25 - - [17/Apr/2026:12:01:59 +0300] "GET /funky-fresh-fruit-madness-harbors-win-twisted-circus-mobile-casino-huge-which-have-juicy-incentives-totally-free-spins/ HTTP/1.1" 200 75036 "-" "Mozilla/5.0 (Windows NT 10.0; rv:125.0) Gecko/20100101 Firefox/125.0"
102.221.34.103 - - [17/Apr/2026:12:02:11 +0300] "GET /lucky-dino-cats-gone-wild-slot-free-spins-blacklisted/ HTTP/1.1" 200 73210 "-" "Mozilla/5.0 (Windows NT 10.0; Win64; x64) AppleWebKit/537.36 (KHTML, like Gecko) Chrome/123.0.0.0 Safari/537.36"
185.216.113.70 - - [17/Apr/2026:12:02:46 +0300] "POST /wp-cron.php?doing_wp_cron=1776416566.4999270439147949218750 HTTP/1.1" 200 448 "-" "WordPress/6.3.8; https://serhatburke.miroglu.net"
102.221.34.103 - - [17/Apr/2026:12:02:33 +0300] "POST /xmlrpc.php HTTP/1.1" 200 12942 "-" "Mozilla/5.0 (Windows NT 10.0; Win64; x64) AppleWebKit/537.36 (KHTML, like Gecko) Chrome/114.0.0.0 Safari/537.36"
102.221.34.103 - - [17/Apr/2026:12:02:47 +0300] "GET /betfair-gambling-establishment-no-deposit-fafafa-slot-100-percent-free-revolves-february-2026-claim-a-hundred-100-percent-free-spins/ HTTP/1.1" 200 75789 "-" "Mozilla/5.0 (Windows NT 10.0; Win64; x64; rv:124.0) Gecko/20100101 Firefox/124.0"
185.216.113.70 - - [17/Apr/2026:12:03:51 +0300] "POST /wp-cron.php?doing_wp_cron=1776416631.6351020336151123046875 HTTP/1.1" 200 448 "-" "WordPress/6.3.8; https://serhatburke.miroglu.net"
104.166.164.25 - - [17/Apr/2026:12:03:38 +0300] "POST /xmlrpc.php HTTP/1.1" 200 630 "-" "Mozilla/5.0 (Windows NT 10.0; Win64; x64) AppleWebKit/537.36 (KHTML, like Gecko) Chrome/114.0.0.0 Safari/537.36"
5.157.5.182 - - [17/Apr/2026:12:03:54 +0300] "GET /automaty-hazard-online/ HTTP/1.1" 200 17664 "-" "Mozilla/5.0 (Windows NT 10.0; Win64; x64) AppleWebKit/537.36 (KHTML, like Gecko) Chrome/114.0.0.0 Safari/537.36 Edg/114.0.1264.71"
104.166.164.25 - - [17/Apr/2026:12:03:58 +0300] "POST /xmlrpc.php HTTP/1.1" 200 13143 "-" "Mozilla/5.0 (Windows NT 10.0; Win64; x64) AppleWebKit/537.36 (KHTML, like Gecko) Chrome/114.0.0.0 Safari/537.36"
104.166.164.25 - - [17/Apr/2026:12:04:15 +0300] "GET /blackjack-laws-casino-huuuge-login-and-regulations-informed-me-an-excellent-players-guide-to-success-2026/ HTTP/1.1" 200 75399 "-" "Mozilla/5.0 (Windows NT 10.0; Win64; x64) AppleWebKit/537.36 (KHTML, like Gecko) Chrome/109.0.0.0 Safari/537.36"
185.216.113.70 - - [17/Apr/2026:12:05:20 +0300] "POST /wp-cron.php?doing_wp_cron=1776416719.9953351020812988281250 HTTP/1.1" 200 448 "-" "WordPress/6.3.8; https://serhatburke.miroglu.net"
151.244.111.202 - - [17/Apr/2026:12:05:00 +0300] "GET /neosurf-casinos-au-reviews-read-customer-service-113/ HTTP/1.1" 200 19050 "-" "Screaming Frog SEO Spider/16.7"
102.221.34.103 - - [17/Apr/2026:12:05:12 +0300] "POST /xmlrpc.php HTTP/1.1" 200 630 "-" "Mozilla/5.0 (Windows NT 10.0; Win64; x64) AppleWebKit/537.36 (KHTML, like Gecko) Chrome/114.0.0.0 Safari/537.36"
185.216.113.70 - - [17/Apr/2026:12:05:45 +0300] "POST /wp-cron.php?doing_wp_cron=1776416745.1870169639587402343750 HTTP/1.1" 200 448 "-" "WordPress/6.3.8; https://serhatburke.miroglu.net"
102.221.34.103 - - [17/Apr/2026:12:05:33 +0300] "POST /xmlrpc.php HTTP/1.1" 200 12385 "-" "Mozilla/5.0 (Windows NT 10.0; Win64; x64) AppleWebKit/537.36 (KHTML, like Gecko) Chrome/114.0.0.0 Safari/537.36"
102.221.34.103 - - [17/Apr/2026:12:05:46 +0300] "GET /100-percent-free-enjoy-alternatives-from-the-fortunate-hippo-gambling-enterprise-100-50-no-deposit-spins-classic-fruit-percent-free-revolves-and-potato-chips/ HTTP/1.1" 200 75957 "-" "Mozilla/5.0 (Windows NT 10.0; Win64; x64; rv:124.0) Gecko/20100101 Firefox/124.0"
104.166.164.25 - - [17/Apr/2026:12:06:09 +0300] "POST /xmlrpc.php HTTP/1.1" 200 630 "-" "Mozilla/5.0 (Windows NT 10.0; Win64; x64) AppleWebKit/537.36 (KHTML, like Gecko) Chrome/114.0.0.0 Safari/537.36"
185.216.113.70 - - [17/Apr/2026:12:06:47 +0300] "POST /wp-cron.php?doing_wp_cron=1776416807.1734819412231445312500 HTTP/1.1" 200 448 "-" "WordPress/6.3.8; https://serhatburke.miroglu.net"
104.166.164.25 - - [17/Apr/2026:12:06:33 +0300] "POST /xmlrpc.php HTTP/1.1" 200 12364 "-" "Mozilla/5.0 (Windows NT 10.0; Win64; x64) AppleWebKit/537.36 (KHTML, like Gecko) Chrome/114.0.0.0 Safari/537.36"
104.166.164.25 - - [17/Apr/2026:12:06:49 +0300] "GET /how-to-earn-at-the-online-slots-games-info-winner-casino-loyalty-points-procedures-2026/ HTTP/1.1" 200 74125 "-" "Mozilla/5.0 (Windows NT 10.0; Win64; x64; rv:124.0) Gecko/20100101 Firefox/124.0"
103.219.169.214 - - [17/Apr/2026:12:07:11 +0300] "POST /xmlrpc.php HTTP/1.1" 200 630 "-" "Mozilla/5.0 (Windows NT 10.0; Win64; x64) AppleWebKit/537.36 (KHTML, like Gecko) Chrome/114.0.0.0 Safari/537.36"
185.216.113.70 - - [17/Apr/2026:12:07:43 +0300] "POST /wp-cron.php?doing_wp_cron=1776416862.9348680973052978515625 HTTP/1.1" 200 448 "-" "WordPress/6.3.8; https://serhatburke.miroglu.net"
103.219.169.214 - - [17/Apr/2026:12:07:30 +0300] "POST /xmlrpc.php HTTP/1.1" 200 14567 "-" "Mozilla/5.0 (Windows NT 10.0; Win64; x64) AppleWebKit/537.36 (KHTML, like Gecko) Chrome/114.0.0.0 Safari/537.36"
103.219.169.214 - - [17/Apr/2026:12:07:44 +0300] "GET /deadeye-tragamonedas-rtg-tragamonedas-en-linea-hace-el-trabajo-de-balde-falto-registrarte/ HTTP/1.1" 200 76569 "-" "Mozilla/5.0 (Windows NT 10.0; rv:109.0) Gecko/20100101 Firefox/115.0"
36.37.209.187 - - [17/Apr/2026:12:08:20 +0300] "GET /beste-casino-site-belgie-hoge-inzet/ HTTP/1.1" 200 18595 "https://serhatburke.miroglu.net/" "Mozilla/5.0 (Macintosh; Intel Mac OS X 12_5) AppleWebKit/537.36 (KHTML, like Gecko) Chrome/114.0.0.0 Safari/537.36 OPR/89.0.4447.51"
185.216.113.70 - - [17/Apr/2026:12:08:41 +0300] "POST /wp-cron.php?doing_wp_cron=1776416920.8187749385833740234375 HTTP/1.1" 200 448 "-" "WordPress/6.3.8; https://serhatburke.miroglu.net"
104.166.164.25 - - [17/Apr/2026:12:08:28 +0300] "POST /xmlrpc.php HTTP/1.1" 200 630 "-" "Mozilla/5.0 (Windows NT 10.0; Win64; x64) AppleWebKit/537.36 (KHTML, like Gecko) Chrome/114.0.0.0 Safari/537.36"
36.37.209.187 - - [17/Apr/2026:12:08:39 +0300] "GET /wp-login.php?action=register HTTP/1.1" 302 702 "https://serhatburke.miroglu.net/beste-casino-site-belgie-hoge-inzet/" "Mozilla/5.0 (Windows NT 6.3; Win64; x64) AppleWebKit/537.36 (KHTML, like Gecko) Chrome/103.0.0.0 Safari/537.36"
104.166.164.25 - - [17/Apr/2026:12:08:47 +0300] "POST /xmlrpc.php HTTP/1.1" 200 12950 "-" "Mozilla/5.0 (Windows NT 10.0; Win64; x64) AppleWebKit/537.36 (KHTML, like Gecko) Chrome/114.0.0.0 Safari/537.36"
36.37.209.187 - - [17/Apr/2026:12:08:54 +0300] "GET /wp-login.php?registration=disabled HTTP/1.1" 200 3808 "https://serhatburke.miroglu.net/wp-login.php?action=register" "Mozilla/5.0 (Windows NT 6.3; Win64; x64) AppleWebKit/537.36 (KHTML, like Gecko) Chrome/103.0.0.0 Safari/537.36"
104.166.164.25 - - [17/Apr/2026:12:09:04 +0300] "GET /finest-online-position-video-game-in-order-to-fruit-cocktail-150-free-spins-win-greatest-picks-for-large-earnings/ HTTP/1.1" 200 75312 "-" "Mozilla/5.0 (Windows NT 10.0; rv:125.0) Gecko/20100101 Firefox/125.0"
185.216.113.70 - - [17/Apr/2026:12:10:14 +0300] "POST /wp-cron.php?doing_wp_cron=1776417014.7736170291900634765625 HTTP/1.1" 200 448 "-" "WordPress/6.3.8; https://serhatburke.miroglu.net"
151.244.111.202 - - [17/Apr/2026:12:09:56 +0300] "POST /xmlrpc.php HTTP/1.1" 200 87894 "-" "Mozilla/5.0 (Windows NT 6.1) AppleWebKit/537.36 (KHTML, like Gecko) Chrome/80.0.3987.132 Safari/537.36"
151.244.111.202 - - [17/Apr/2026:12:10:15 +0300] "POST /xmlrpc.php HTTP/1.1" 200 489 "-" "Mozilla/5.0 (Windows NT 6.1) AppleWebKit/537.36 (KHTML, like Gecko) Chrome/80.0.3987.132 Safari/537.36"
185.216.113.70 - - [17/Apr/2026:12:10:42 +0300] "POST /wp-cron.php?doing_wp_cron=1776417042.6442770957946777343750 HTTP/1.1" 200 448 "-" "WordPress/6.3.8; https://serhatburke.miroglu.net"
151.244.111.202 - - [17/Apr/2026:12:10:29 +0300] "POST /xmlrpc.php HTTP/1.1" 200 12050 "-" "Mozilla/5.0 (Windows NT 6.1) AppleWebKit/537.36 (KHTML, like Gecko) Chrome/80.0.3987.132 Safari/537.36"
66.249.73.1 - - [17/Apr/2026:12:10:44 +0300] "GET /no-title/ HTTP/1.1" 200 0 "https://korput.driftlogic-games.biz/" "Mozilla/5.0 (Linux; Android 6.0.1; Nexus 5X Build/MMB29P) AppleWebKit/537.36 (KHTML, like Gecko) Chrome/146.0.7680.177 Mobile Safari/537.36 (compatible; Googlebot/2.1; +http://www.google.com/bot.html)"
104.166.164.25 - - [17/Apr/2026:12:10:55 +0300] "POST /xmlrpc.php HTTP/1.1" 200 630 "-" "Mozilla/5.0 (Windows NT 10.0; Win64; x64) AppleWebKit/537.36 (KHTML, like Gecko) Chrome/114.0.0.0 Safari/537.36"
185.216.113.70 - - [17/Apr/2026:12:11:27 +0300] "POST /wp-cron.php?doing_wp_cron=1776417087.7233469486236572265625 HTTP/1.1" 200 448 "-" "WordPress/6.3.8; https://serhatburke.miroglu.net"
104.166.164.25 - - [17/Apr/2026:12:11:15 +0300] "POST /xmlrpc.php HTTP/1.1" 200 12995 "-" "Mozilla/5.0 (Windows NT 10.0; Win64; x64) AppleWebKit/537.36 (KHTML, like Gecko) Chrome/114.0.0.0 Safari/537.36"
104.166.164.25 - - [17/Apr/2026:12:11:29 +0300] "GET /finest-no-deposit-incentives-100-danger-high-voltage-80-free-spins-percent-free-revolves-gambling-enterprises-2026/ HTTP/1.1" 200 75287 "-" "Mozilla/5.0 (Windows NT 10.0; Win64; x64) AppleWebKit/537.36 (KHTML, like Gecko) Chrome/123.0.0.0 Safari/537.36"
66.249.73.15 - - [17/Apr/2026:12:12:20 +0300] "GET /qumar-dunyasna-drinldirilmi-bir-bax-hr-eyi-oyrnin/ HTTP/1.1" 200 18610 "-" "Mozilla/5.0 (Linux; Android 6.0.1; Nexus 5X Build/MMB29P) AppleWebKit/537.36 (KHTML, like Gecko) Chrome/146.0.7680.177 Mobile Safari/537.36 (compatible; Googlebot/2.1; +http://www.google.com/bot.html)"
66.249.73.14 - - [17/Apr/2026:12:12:26 +0300] "GET /no-title/ HTTP/1.1" 200 0 "https://korput.driftlogic-games.biz/" "Mozilla/5.0 (Linux; Android 6.0.1; Nexus 5X Build/MMB29P) AppleWebKit/537.36 (KHTML, like Gecko) Chrome/146.0.7680.177 Mobile Safari/537.36 (compatible; Googlebot/2.1; +http://www.google.com/bot.html)"
185.216.113.70 - - [17/Apr/2026:12:12:47 +0300] "POST /wp-cron.php?doing_wp_cron=1776417167.1751599311828613281250 HTTP/1.1" 200 448 "-" "WordPress/6.3.8; https://serhatburke.miroglu.net"
165.73.240.122 - - [17/Apr/2026:12:12:35 +0300] "POST /xmlrpc.php HTTP/1.1" 200 630 "-" "Mozilla/5.0 (Windows NT 10.0; Win64; x64) AppleWebKit/537.36 (KHTML, like Gecko) Chrome/114.0.0.0 Safari/537.36"
165.73.240.122 - - [17/Apr/2026:12:12:53 +0300] "POST /xmlrpc.php HTTP/1.1" 200 12426 "-" "Mozilla/5.0 (Windows NT 10.0; Win64; x64) AppleWebKit/537.36 (KHTML, like Gecko) Chrome/114.0.0.0 Safari/537.36"
72.39.49.151 - - [17/Apr/2026:12:13:03 +0300] "GET /avantages-des-solutions-anti-surchauffe-dans-le-milieu-sportif/ HTTP/1.1" 200 68054 "-" "GuzzleHttp/7"
165.73.240.122 - - [17/Apr/2026:12:13:07 +0300] "GET /lotto-schwimmen-wurttemberg-salopp-ice-casino-login-mobile-download-auf-jeden-fall-angeschlossen-zum-besten-geben/ HTTP/1.1" 200 75220 "-" "Mozilla/5.0 (Windows NT 10.0; Win64; x64; rv:125.0) Gecko/20100101 Firefox/125.0"
104.166.164.25 - - [17/Apr/2026:12:13:11 +0300] "POST /xmlrpc.php HTTP/1.1" 200 630 "-" "Mozilla/5.0 (Windows NT 10.0; Win64; x64) AppleWebKit/537.36 (KHTML, like Gecko) Chrome/114.0.0.0 Safari/537.36"
185.216.113.70 - - [17/Apr/2026:12:13:40 +0300] "POST /wp-cron.php?doing_wp_cron=1776417220.2203838825225830078125 HTTP/1.1" 200 448 "-" "WordPress/6.3.8; https://serhatburke.miroglu.net"
103.219.169.214 - - [17/Apr/2026:12:13:26 +0300] "POST /xmlrpc.php HTTP/1.1" 200 630 "-" "Mozilla/5.0 (Windows NT 10.0; Win64; x64) AppleWebKit/537.36 (KHTML, like Gecko) Chrome/114.0.0.0 Safari/537.36"
104.166.164.25 - - [17/Apr/2026:12:13:34 +0300] "POST /xmlrpc.php HTTP/1.1" 200 12645 "-" "Mozilla/5.0 (Windows NT 10.0; Win64; x64) AppleWebKit/537.36 (KHTML, like Gecko) Chrome/114.0.0.0 Safari/537.36"
103.219.169.214 - - [17/Apr/2026:12:13:47 +0300] "POST /xmlrpc.php HTTP/1.1" 200 14783 "-" "Mozilla/5.0 (Windows NT 10.0; Win64; x64) AppleWebKit/537.36 (KHTML, like Gecko) Chrome/114.0.0.0 Safari/537.36"
104.166.164.25 - - [17/Apr/2026:12:13:49 +0300] "GET /betway-added-bonus-canada-200-100-percent-casino-mansion-real-money-free-wager-otherwise-one-thousand-for-gambling-establishment-2026/ HTTP/1.1" 200 75582 "-" "Mozilla/5.0 (Windows NT 10.0; Win64; x64) AppleWebKit/537.36 (KHTML, like Gecko) Chrome/122.0.0.0 Safari/537.36"
103.219.169.214 - - [17/Apr/2026:12:14:03 +0300] "GET /tragaperras-retro-retiro-de-bonificacion-spinsy-reels-diamond-glitz/ HTTP/1.1" 200 76086 "-" "Mozilla/5.0 (Windows NT 10.0; Win64; x64) AppleWebKit/537.36 (KHTML, like Gecko) Chrome/122.0.0.0 Safari/537.36"
185.216.113.70 - - [17/Apr/2026:12:14:58 +0300] "POST /wp-cron.php?doing_wp_cron=1776417297.9731678962707519531250 HTTP/1.1" 200 448 "-" "WordPress/6.3.8; https://serhatburke.miroglu.net"
102.221.34.103 - - [17/Apr/2026:12:14:45 +0300] "POST /xmlrpc.php HTTP/1.1" 200 630 "-" "Mozilla/5.0 (Windows NT 10.0; Win64; x64) AppleWebKit/537.36 (KHTML, like Gecko) Chrome/114.0.0.0 Safari/537.36"
102.221.34.103 - - [17/Apr/2026:12:15:04 +0300] "POST /xmlrpc.php HTTP/1.1" 200 13310 "-" "Mozilla/5.0 (Windows NT 10.0; Win64; x64) AppleWebKit/537.36 (KHTML, like Gecko) Chrome/114.0.0.0 Safari/537.36"
102.221.34.103 - - [17/Apr/2026:12:15:18 +0300] "GET /luckyzon-mr-bet-nz-no-deposit-bonus-code-gambling-enterprise-opinion-2026-talk-about-a-knowledgeable-gambling-enterprises/ HTTP/1.1" 200 75751 "-" "Mozilla/5.0 (Windows NT 10.0; Win64; x64) AppleWebKit/537.36 (KHTML, like Gecko) Chrome/123.0.0.0 Safari/537.36"
185.216.113.70 - - [17/Apr/2026:12:16:38 +0300] "POST /wp-cron.php?doing_wp_cron=1776417398.0878779888153076171875 HTTP/1.1" 200 448 "-" "WordPress/6.3.8; https://serhatburke.miroglu.net"
102.221.34.103 - - [17/Apr/2026:12:16:25 +0300] "POST /xmlrpc.php HTTP/1.1" 200 630 "-" "Mozilla/5.0 (Windows NT 10.0; Win64; x64) AppleWebKit/537.36 (KHTML, like Gecko) Chrome/114.0.0.0 Safari/537.36"
102.221.34.103 - - [17/Apr/2026:12:16:44 +0300] "POST /xmlrpc.php HTTP/1.1" 200 12958 "-" "Mozilla/5.0 (Windows NT 10.0; Win64; x64) AppleWebKit/537.36 (KHTML, like Gecko) Chrome/114.0.0.0 Safari/537.36"
102.221.34.103 - - [17/Apr/2026:12:16:57 +0300] "GET /finest-on-the-internet-sports-online-casino-irish-eyes-betting-internet-sites-in-the-march-2026/ HTTP/1.1" 200 74951 "-" "Mozilla/5.0 (Windows NT 10.0; Win64; x64) AppleWebKit/537.36 (KHTML, like Gecko) Chrome/123.0.0.0 Safari/537.36 OPR/109.0.0.0"
165.73.240.122 - - [17/Apr/2026:12:17:21 +0300] "POST /xmlrpc.php HTTP/1.1" 200 630 "-" "Mozilla/5.0 (Windows NT 10.0; Win64; x64) AppleWebKit/537.36 (KHTML, like Gecko) Chrome/114.0.0.0 Safari/537.36"
185.216.113.70 - - [17/Apr/2026:12:17:51 +0300] "POST /wp-cron.php?doing_wp_cron=1776417471.6777539253234863281250 HTTP/1.1" 200 448 "-" "WordPress/6.3.8; https://serhatburke.miroglu.net"
165.73.240.122 - - [17/Apr/2026:12:17:39 +0300] "POST /xmlrpc.php HTTP/1.1" 200 15143 "-" "Mozilla/5.0 (Windows NT 10.0; Win64; x64) AppleWebKit/537.36 (KHTML, like Gecko) Chrome/114.0.0.0 Safari/537.36"
165.73.240.122 - - [17/Apr/2026:12:17:54 +0300] "GET /blackjack-regeln-black-jack-lernen-online-casino-keine-einzahlung-casinos4u-schnellanleitung/ HTTP/1.1" 200 77361 "-" "Mozilla/5.0 (Windows NT 10.0; Win64; x64) AppleWebKit/537.36 (KHTML, like Gecko) Chrome/122.0.0.0 Safari/537.36"
102.221.34.103 - - [17/Apr/2026:12:18:02 +0300] "POST /xmlrpc.php HTTP/1.1" 200 630 "-" "Mozilla/5.0 (Windows NT 10.0; Win64; x64) AppleWebKit/537.36 (KHTML, like Gecko) Chrome/114.0.0.0 Safari/537.36"
102.221.34.103 - - [17/Apr/2026:12:18:22 +0300] "POST /xmlrpc.php HTTP/1.1" 200 13209 "-" "Mozilla/5.0 (Windows NT 10.0; Win64; x64) AppleWebKit/537.36 (KHTML, like Gecko) Chrome/114.0.0.0 Safari/537.36"
185.216.113.70 - - [17/Apr/2026:12:18:47 +0300] "POST /wp-cron.php?doing_wp_cron=1776417527.6024050712585449218750 HTTP/1.1" 200 448 "-" "WordPress/6.3.8; https://serhatburke.miroglu.net"
102.221.34.103 - - [17/Apr/2026:12:18:35 +0300] "GET /maneki-gambling-establishment-nl-on-the-internet-casinospellen-en-gokkasten-stortingsmethoden-en-gold-vein-slot-play-for-money-bonussen-voor-spelers/ HTTP/1.1" 200 76087 "-" "Mozilla/5.0 (Windows NT 10.0; Win64; x64) AppleWebKit/537.36 (KHTML, like Gecko) Chrome/123.0.0.0 Safari/537.36"
185.216.113.70 - - [17/Apr/2026:12:19:40 +0300] "POST /wp-cron.php?doing_wp_cron=1776417580.1186969280242919921875 HTTP/1.1" 200 448 "-" "WordPress/6.3.8; https://serhatburke.miroglu.net"
102.221.34.103 - - [17/Apr/2026:12:19:28 +0300] "POST /xmlrpc.php HTTP/1.1" 200 630 "-" "Mozilla/5.0 (Windows NT 10.0; Win64; x64) AppleWebKit/537.36 (KHTML, like Gecko) Chrome/114.0.0.0 Safari/537.36"
102.221.34.103 - - [17/Apr/2026:12:19:46 +0300] "POST /xmlrpc.php HTTP/1.1" 200 12967 "-" "Mozilla/5.0 (Windows NT 10.0; Win64; x64) AppleWebKit/537.36 (KHTML, like Gecko) Chrome/114.0.0.0 Safari/537.36"
102.221.34.103 - - [17/Apr/2026:12:20:00 +0300] "GET /fifty-free-spins-no-deposit-incentive-inside-the-south-africa-enjoy-eggomatic-slot-today/ HTTP/1.1" 200 74428 "-" "Mozilla/5.0 (Windows NT 10.0; Win64; x64; rv:125.0) Gecko/20100101 Firefox/125.0"
103.219.169.214 - - [17/Apr/2026:12:20:21 +0300] "POST /xmlrpc.php HTTP/1.1" 200 630 "-" "Mozilla/5.0 (Windows NT 10.0; Win64; x64) AppleWebKit/537.36 (KHTML, like Gecko) Chrome/114.0.0.0 Safari/537.36"
185.216.113.70 - - [17/Apr/2026:12:20:52 +0300] "POST /wp-cron.php?doing_wp_cron=1776417652.7066419124603271484375 HTTP/1.1" 200 448 "-" "WordPress/6.3.8; https://serhatburke.miroglu.net"
103.219.169.214 - - [17/Apr/2026:12:20:39 +0300] "POST /xmlrpc.php HTTP/1.1" 200 15935 "-" "Mozilla/5.0 (Windows NT 10.0; Win64; x64) AppleWebKit/537.36 (KHTML, like Gecko) Chrome/114.0.0.0 Safari/537.36"
102.221.34.103 - - [17/Apr/2026:12:20:44 +0300] "POST /xmlrpc.php HTTP/1.1" 200 630 "-" "Mozilla/5.0 (Windows NT 10.0; Win64; x64) AppleWebKit/537.36 (KHTML, like Gecko) Chrome/114.0.0.0 Safari/537.36"
103.219.169.214 - - [17/Apr/2026:12:20:54 +0300] "GET /casino-online-desplazandolo-hacia-el-pelo-tragaperras-aristocrat-ranuras-para-android-sobre-novoline-funciona-gratuito/ HTTP/1.1" 200 78443 "-" "Mozilla/5.0 (Windows NT 10.0; Win64; x64) AppleWebKit/537.36 (KHTML, like Gecko) Chrome/122.0.0.0 Safari/537.36"
102.221.34.103 - - [17/Apr/2026:12:21:05 +0300] "POST /xmlrpc.php HTTP/1.1" 200 13270 "-" "Mozilla/5.0 (Windows NT 10.0; Win64; x64) AppleWebKit/537.36 (KHTML, like Gecko) Chrome/114.0.0.0 Safari/537.36"
102.221.34.103 - - [17/Apr/2026:12:21:21 +0300] "GET /enjoy-mega-joker-by-netent-at-no-cost-to-diego-fortune-online-slot-your-gambling-establishment-pearls/ HTTP/1.1" 200 75296 "-" "Mozilla/5.0 (Windows NT 10.0; rv:125.0) Gecko/20100101 Firefox/125.0"
185.216.113.70 - - [17/Apr/2026:12:22:10 +0300] "POST /wp-cron.php?doing_wp_cron=1776417730.4682068824768066406250 HTTP/1.1" 200 448 "-" "WordPress/6.3.8; https://serhatburke.miroglu.net"
102.221.34.103 - - [17/Apr/2026:12:21:57 +0300] "POST /xmlrpc.php HTTP/1.1" 200 630 "-" "Mozilla/5.0 (Windows NT 10.0; Win64; x64) AppleWebKit/537.36 (KHTML, like Gecko) Chrome/114.0.0.0 Safari/537.36"
104.166.164.25 - - [17/Apr/2026:12:22:07 +0300] "POST /xmlrpc.php HTTP/1.1" 200 630 "-" "Mozilla/5.0 (Windows NT 10.0; Win64; x64) AppleWebKit/537.36 (KHTML, like Gecko) Chrome/114.0.0.0 Safari/537.36"
102.221.34.103 - - [17/Apr/2026:12:22:17 +0300] "POST /xmlrpc.php HTTP/1.1" 200 12810 "-" "Mozilla/5.0 (Windows NT 10.0; Win64; x64) AppleWebKit/537.36 (KHTML, like Gecko) Chrome/114.0.0.0 Safari/537.36"
185.216.113.70 - - [17/Apr/2026:12:22:40 +0300] "POST /wp-cron.php?doing_wp_cron=1776417760.4643030166625976562500 HTTP/1.1" 200 448 "-" "WordPress/6.3.8; https://serhatburke.miroglu.net"
104.166.164.25 - - [17/Apr/2026:12:22:27 +0300] "POST /xmlrpc.php HTTP/1.1" 200 12865 "-" "Mozilla/5.0 (Windows NT 10.0; Win64; x64) AppleWebKit/537.36 (KHTML, like Gecko) Chrome/114.0.0.0 Safari/537.36"
102.221.34.103 - - [17/Apr/2026:12:22:31 +0300] "GET /checked-novomatic-gaming-slots-out-and-attempted/ HTTP/1.1" 200 73458 "-" "Mozilla/5.0 (Windows NT 10.0; rv:109.0) Gecko/20100101 Firefox/115.0"
104.166.164.25 - - [17/Apr/2026:12:22:42 +0300] "GET /stargames-gambling-establishment-large-crappy-sizzling-hot-deluxe-slot-play-wolf-free-spins-free-no-deposit/ HTTP/1.1" 200 75018 "-" "Mozilla/5.0 (Windows NT 10.0; Win64; x64; rv:124.0) Gecko/20100101 Firefox/124.0"
102.221.34.103 - - [17/Apr/2026:12:23:07 +0300] "POST /xmlrpc.php HTTP/1.1" 200 630 "-" "Mozilla/5.0 (Windows NT 10.0; Win64; x64) AppleWebKit/537.36 (KHTML, like Gecko) Chrome/114.0.0.0 Safari/537.36"
170.168.97.203 - - [17/Apr/2026:12:23:06 +0300] "GET / HTTP/2" 200 18451 "-" "Mozilla/5.0 (Macintosh; Intel Mac OS X 10_15_7) AppleWebKit/537.36 (KHTML, like Gecko) Chrome/120.0.0.0 Safari/537.36"
185.216.113.70 - - [17/Apr/2026:12:23:34 +0300] "POST /wp-cron.php?doing_wp_cron=1776417813.9736130237579345703125 HTTP/1.1" 200 448 "-" "WordPress/6.3.8; https://serhatburke.miroglu.net"
185.191.171.13 - - [17/Apr/2026:12:23:22 +0300] "GET /robots.txt HTTP/1.1" 200 605 "-" "Mozilla/5.0 (compatible; SemrushBot/7~bl; +http://www.semrush.com/bot.html)"
102.221.34.103 - - [17/Apr/2026:12:23:27 +0300] "POST /xmlrpc.php HTTP/1.1" 200 13242 "-" "Mozilla/5.0 (Windows NT 10.0; Win64; x64) AppleWebKit/537.36 (KHTML, like Gecko) Chrome/114.0.0.0 Safari/537.36"
85.208.96.196 - - [17/Apr/2026:12:23:35 +0300] "GET /freispiele-blos-einzahlung-casinos-qua-free-spins-2026/ HTTP/1.1" 200 23801 "-" "Mozilla/5.0 (compatible; SemrushBot/7~bl; +http://www.semrush.com/bot.html)"
165.73.240.122 - - [17/Apr/2026:12:23:39 +0300] "POST /xmlrpc.php HTTP/1.1" 200 630 "-" "Mozilla/5.0 (Windows NT 10.0; Win64; x64) AppleWebKit/537.36 (KHTML, like Gecko) Chrome/114.0.0.0 Safari/537.36"
102.221.34.103 - - [17/Apr/2026:12:23:45 +0300] "GET /introducing-miami-club-casino-join-now-and-you-can-discovered-to-800-00-in-the-put-bonuses-claim-the-brand-new-miami-bar-welcome-incentive-and-possess-a-great-one-hundredpercent-complement-to-help-y/ HTTP/1.1" 200 78671 "-" "Mozilla/5.0 (Windows NT 10.0; Win64; x64) AppleWebKit/537.36 (KHTML, like Gecko) Chrome/124.0.0.0 Safari/537.36 Edg/124.0.0.0"
165.73.240.122 - - [17/Apr/2026:12:24:07 +0300] "POST /xmlrpc.php HTTP/1.1" 200 14919 "-" "Mozilla/5.0 (Windows NT 10.0; Win64; x64) AppleWebKit/537.36 (KHTML, like Gecko) Chrome/114.0.0.0 Safari/537.36"
102.221.34.103 - - [17/Apr/2026:12:24:17 +0300] "POST /xmlrpc.php HTTP/1.1" 200 630 "-" "Mozilla/5.0 (Windows NT 10.0; Win64; x64) AppleWebKit/537.36 (KHTML, like Gecko) Chrome/114.0.0.0 Safari/537.36"
165.73.240.122 - - [17/Apr/2026:12:24:21 +0300] "GET /%D9%86%D8%A7%D8%AF%D9%8A-%D8%B1%D9%8A%D9%88-%D8%A7%D9%84%D8%A7%D8%B3%D9%83%D9%86%D8%AF%D8%B1%D9%8A%D8%A9-silverplay-kluge-seelenkunde-fur-jedes-dein-blackjack-durchgang-%D9%86%D8%A7%D8%AF%D9%8A/ HTTP/1.1" 200 80309 "-" "Mozilla/5.0 (Windows NT 10.0; Win64; x64) AppleWebKit/537.36 (KHTML, like Gecko) Chrome/123.0.0.0 Safari/537.36 OPR/109.0.0.0"
185.216.113.70 - - [17/Apr/2026:12:24:49 +0300] "POST /wp-cron.php?doing_wp_cron=1776417889.4991478919982910156250 HTTP/1.1" 200 448 "-" "WordPress/6.3.8; https://serhatburke.miroglu.net"
102.221.34.103 - - [17/Apr/2026:12:24:37 +0300] "POST /xmlrpc.php HTTP/1.1" 200 12968 "-" "Mozilla/5.0 (Windows NT 10.0; Win64; x64) AppleWebKit/537.36 (KHTML, like Gecko) Chrome/114.0.0.0 Safari/537.36"
102.221.34.103 - - [17/Apr/2026:12:24:50 +0300] "GET /private-5-lb-offers-for-every-uk-gambling-red-diamond-slot-big-win-establishment/ HTTP/1.1" 200 74270 "-" "Mozilla/5.0 (Windows NT 10.0; Win64; x64; rv:124.0) Gecko/20100101 Firefox/124.0"
37.139.53.240 - - [17/Apr/2026:12:25:13 +0300] "POST / HTTP/2" 200 16365 "-" "Mozilla/5.0 (Macintosh; Intel Mac OS X 10_15_7) AppleWebKit/537.36 (KHTML, like Gecko) Chrome/131.0.0.0 Safari/537.36"
102.221.34.103 - - [17/Apr/2026:12:25:23 +0300] "POST /xmlrpc.php HTTP/1.1" 200 630 "-" "Mozilla/5.0 (Windows NT 10.0; Win64; x64) AppleWebKit/537.36 (KHTML, like Gecko) Chrome/114.0.0.0 Safari/537.36"
185.216.113.70 - - [17/Apr/2026:12:25:46 +0300] "POST /wp-cron.php?doing_wp_cron=1776417946.1287560462951660156250 HTTP/1.1" 200 448 "-" "WordPress/6.3.8; https://serhatburke.miroglu.net"
107.152.46.252 - - [17/Apr/2026:12:25:32 +0300] "GET /casino-online-skrill-prelievo-veloce/ HTTP/1.1" 200 18115 "-" "Mozilla/5.0 (Windows NT 10.0; Win64; x64) AppleWebKit/537.36 (KHTML, like Gecko) Chrome/114.0.0.0 Safari/537.36 Edg/114.0.1264.71"
102.221.34.103 - - [17/Apr/2026:12:25:44 +0300] "POST /xmlrpc.php HTTP/1.1" 200 12418 "-" "Mozilla/5.0 (Windows NT 10.0; Win64; x64) AppleWebKit/537.36 (KHTML, like Gecko) Chrome/114.0.0.0 Safari/537.36"
102.221.34.103 - - [17/Apr/2026:12:25:59 +0300] "GET /showboat-branson-couch-potato-paypal-belle-2026-schedule-and-seats/ HTTP/1.1" 200 73581 "-" "Mozilla/5.0 (Windows NT 10.0; Win64; x64) AppleWebKit/537.36 (KHTML, like Gecko) Chrome/124.0.0.0 Safari/537.36"
103.219.169.214 - - [17/Apr/2026:12:26:22 +0300] "POST /xmlrpc.php HTTP/1.1" 200 630 "-" "Mozilla/5.0 (Windows NT 10.0; Win64; x64) AppleWebKit/537.36 (KHTML, like Gecko) Chrome/114.0.0.0 Safari/537.36"
185.216.113.70 - - [17/Apr/2026:12:26:48 +0300] "POST /wp-cron.php?doing_wp_cron=1776418008.4891109466552734375000 HTTP/1.1" 200 448 "-" "WordPress/6.3.8; https://serhatburke.miroglu.net"
102.221.34.103 - - [17/Apr/2026:12:26:29 +0300] "POST /xmlrpc.php HTTP/1.1" 200 630 "-" "Mozilla/5.0 (Windows NT 10.0; Win64; x64) AppleWebKit/537.36 (KHTML, like Gecko) Chrome/114.0.0.0 Safari/537.36"
103.219.169.214 - - [17/Apr/2026:12:26:41 +0300] "POST /xmlrpc.php HTTP/1.1" 200 16601 "-" "Mozilla/5.0 (Windows NT 10.0; Win64; x64) AppleWebKit/537.36 (KHTML, like Gecko) Chrome/114.0.0.0 Safari/537.36"
102.221.34.103 - - [17/Apr/2026:12:26:55 +0300] "POST /xmlrpc.php HTTP/1.1" 200 12961 "-" "Mozilla/5.0 (Windows NT 10.0; Win64; x64) AppleWebKit/537.36 (KHTML, like Gecko) Chrome/114.0.0.0 Safari/537.36"
103.219.169.214 - - [17/Apr/2026:12:26:56 +0300] "GET /slots-gratuito-como-jugar-maquinas-tragamonedas-online-soluciona-por-entretenimiento-sin-liberar/ HTTP/1.1" 200 78468 "-" "Mozilla/5.0 (Windows NT 10.0; Win64; x64) AppleWebKit/537.36 (KHTML, like Gecko) Chrome/123.0.0.0 Safari/537.36 OPR/109.0.0.0"
102.221.34.103 - - [17/Apr/2026:12:27:16 +0300] "GET /bok-choy-health-slot-gumball-blaster-benefits-nourishment-information-ideas-on-how-to-ready-yourself-it-and/ HTTP/1.1" 200 75093 "-" "Mozilla/5.0 (Windows NT 10.0; Win64; x64) AppleWebKit/537.36 (KHTML, like Gecko) Chrome/123.0.0.0 Safari/537.36"
185.216.113.70 - - [17/Apr/2026:12:27:44 +0300] "POST /wp-cron.php?doing_wp_cron=1776418063.9986040592193603515625 HTTP/1.1" 200 448 "-" "WordPress/6.3.8; https://serhatburke.miroglu.net"
102.221.34.103 - - [17/Apr/2026:12:27:32 +0300] "POST /xmlrpc.php HTTP/1.1" 200 630 "-" "Mozilla/5.0 (Windows NT 10.0; Win64; x64) AppleWebKit/537.36 (KHTML, like Gecko) Chrome/114.0.0.0 Safari/537.36"
102.221.34.103 - - [17/Apr/2026:12:27:50 +0300] "POST /xmlrpc.php HTTP/1.1" 200 13075 "-" "Mozilla/5.0 (Windows NT 10.0; Win64; x64) AppleWebKit/537.36 (KHTML, like Gecko) Chrome/114.0.0.0 Safari/537.36"
102.221.34.103 - - [17/Apr/2026:12:28:03 +0300] "GET /choy-sunshine-doa-position-jacks-otherwise-greatest-double-up-position-review-2026-slot-game-stinky-socks-totally-free-and-a-real-income-play/ HTTP/1.1" 200 76097 "-" "Mozilla/5.0 (Windows NT 10.0; Win64; x64) AppleWebKit/537.36 (KHTML, like Gecko) Chrome/123.0.0.0 Safari/537.36 OPR/109.0.0.0"
185.216.113.70 - - [17/Apr/2026:12:28:48 +0300] "POST /wp-cron.php?doing_wp_cron=1776418128.3740539550781250000000 HTTP/1.1" 200 448 "-" "WordPress/6.3.8; https://serhatburke.miroglu.net"
102.221.34.103 - - [17/Apr/2026:12:28:35 +0300] "POST /xmlrpc.php HTTP/1.1" 200 630 "-" "Mozilla/5.0 (Windows NT 10.0; Win64; x64) AppleWebKit/537.36 (KHTML, like Gecko) Chrome/114.0.0.0 Safari/537.36"
66.249.73.1 - - [17/Apr/2026:12:28:37 +0300] "GET /robots.txt HTTP/1.1" 200 719 "-" "Mozilla/5.0 (compatible; Googlebot/2.1; +http://www.google.com/bot.html)"
102.221.34.103 - - [17/Apr/2026:12:28:54 +0300] "POST /xmlrpc.php HTTP/1.1" 200 12937 "-" "Mozilla/5.0 (Windows NT 10.0; Win64; x64) AppleWebKit/537.36 (KHTML, like Gecko) Chrome/114.0.0.0 Safari/537.36"
102.221.34.103 - - [17/Apr/2026:12:29:08 +0300] "GET /better-xmas-local-casino-incentives-2026-holiday-real-double-bonus-poker-5-hand-online-gambling-spins-and-current-falls/ HTTP/1.1" 200 75451 "-" "Mozilla/5.0 (Windows NT 10.0; Win64; x64) AppleWebKit/537.36 (KHTML, like Gecko) Chrome/123.0.0.0 Safari/537.36 OPR/109.0.0.0"
104.166.164.25 - - [17/Apr/2026:12:29:17 +0300] "POST /xmlrpc.php HTTP/1.1" 200 630 "-" "Mozilla/5.0 (Windows NT 10.0; Win64; x64) AppleWebKit/537.36 (KHTML, like Gecko) Chrome/114.0.0.0 Safari/537.36"
185.216.113.70 - - [17/Apr/2026:12:29:48 +0300] "POST /wp-cron.php?doing_wp_cron=1776418188.3272280693054199218750 HTTP/1.1" 200 448 "-" "WordPress/6.3.8; https://serhatburke.miroglu.net"
102.221.34.103 - - [17/Apr/2026:12:29:36 +0300] "POST /xmlrpc.php HTTP/1.1" 200 630 "-" "Mozilla/5.0 (Windows NT 10.0; Win64; x64) AppleWebKit/537.36 (KHTML, like Gecko) Chrome/114.0.0.0 Safari/537.36"
104.166.164.25 - - [17/Apr/2026:12:29:36 +0300] "POST /xmlrpc.php HTTP/1.1" 200 12793 "-" "Mozilla/5.0 (Windows NT 10.0; Win64; x64) AppleWebKit/537.36 (KHTML, like Gecko) Chrome/114.0.0.0 Safari/537.36"
104.166.164.25 - - [17/Apr/2026:12:29:51 +0300] "GET /apuestas-deportivas-y-casino-keks-slot-play-online/ HTTP/1.1" 200 73497 "-" "Mozilla/5.0 (Windows NT 10.0; Win64; x64) AppleWebKit/537.36 (KHTML, like Gecko) Chrome/123.0.0.0 Safari/537.36"
102.221.34.103 - - [17/Apr/2026:12:29:54 +0300] "POST /xmlrpc.php HTTP/1.1" 200 13483 "-" "Mozilla/5.0 (Windows NT 10.0; Win64; x64) AppleWebKit/537.36 (KHTML, like Gecko) Chrome/114.0.0.0 Safari/537.36"
102.221.34.103 - - [17/Apr/2026:12:30:11 +0300] "GET /best-christmas-ports-have-fun-with-the-best-festive-vacation-video-casino-clash-of-queens-game/ HTTP/1.1" 200 75115 "-" "Mozilla/5.0 (Windows NT 10.0; Win64; x64; rv:124.0) Gecko/20100101 Firefox/124.0"
185.216.113.70 - - [17/Apr/2026:12:30:47 +0300] "POST /wp-cron.php?doing_wp_cron=1776418247.5188300609588623046875 HTTP/1.1" 200 448 "-" "WordPress/6.3.8; https://serhatburke.miroglu.net"
165.73.240.122 - - [17/Apr/2026:12:30:34 +0300] "POST /xmlrpc.php HTTP/1.1" 200 630 "-" "Mozilla/5.0 (Windows NT 10.0; Win64; x64) AppleWebKit/537.36 (KHTML, like Gecko) Chrome/114.0.0.0 Safari/537.36"
102.221.34.103 - - [17/Apr/2026:12:30:40 +0300] "POST /xmlrpc.php HTTP/1.1" 200 630 "-" "Mozilla/5.0 (Windows NT 10.0; Win64; x64) AppleWebKit/537.36 (KHTML, like Gecko) Chrome/114.0.0.0 Safari/537.36"
165.73.240.122 - - [17/Apr/2026:12:30:55 +0300] "POST /xmlrpc.php HTTP/1.1" 200 14671 "-" "Mozilla/5.0 (Windows NT 10.0; Win64; x64) AppleWebKit/537.36 (KHTML, like Gecko) Chrome/114.0.0.0 Safari/537.36"
102.221.34.103 - - [17/Apr/2026:12:31:00 +0300] "POST /xmlrpc.php HTTP/1.1" 200 13234 "-" "Mozilla/5.0 (Windows NT 10.0; Win64; x64) AppleWebKit/537.36 (KHTML, like Gecko) Chrome/114.0.0.0 Safari/537.36"
165.73.240.122 - - [17/Apr/2026:12:31:10 +0300] "GET /gebuhrenfrei-zum-besten-geben-100-gebuhrenfrei-ice-casino-partner-app-blos-eintragung/ HTTP/1.1" 200 76549 "-" "Mozilla/5.0 (Windows NT 10.0; Win64; x64) AppleWebKit/537.36 (KHTML, like Gecko) Chrome/124.0.0.0 Safari/537.36"
102.221.34.103 - - [17/Apr/2026:12:31:14 +0300] "GET /it-empires-warlords-slot-no-deposit-is-based-on-the-well-known-egyptian-ruler-cleopatra/ HTTP/1.1" 200 74937 "-" "Mozilla/5.0 (Windows NT 10.0; Win64; x64) AppleWebKit/537.36 (KHTML, like Gecko) Chrome/123.0.0.0 Safari/537.36"
185.216.113.70 - - [17/Apr/2026:12:32:03 +0300] "POST /wp-cron.php?doing_wp_cron=1776418323.3058369159698486328125 HTTP/1.1" 200 448 "-" "WordPress/6.3.8; https://serhatburke.miroglu.net"
102.221.34.103 - - [17/Apr/2026:12:31:43 +0300] "POST /xmlrpc.php HTTP/1.1" 200 630 "-" "Mozilla/5.0 (Windows NT 10.0; Win64; x64) AppleWebKit/537.36 (KHTML, like Gecko) Chrome/114.0.0.0 Safari/537.36"
66.249.73.1 - - [17/Apr/2026:12:31:47 +0300] "GET /robots.txt HTTP/1.1" 200 719 "-" "Mozilla/5.0 (compatible; Googlebot/2.1; +http://www.google.com/bot.html)"
102.221.34.103 - - [17/Apr/2026:12:32:09 +0300] "POST /xmlrpc.php HTTP/1.1" 200 13781 "-" "Mozilla/5.0 (Windows NT 10.0; Win64; x64) AppleWebKit/537.36 (KHTML, like Gecko) Chrome/114.0.0.0 Safari/537.36"
102.221.34.103 - - [17/Apr/2026:12:32:23 +0300] "GET /cleopatra-items-her-existence-celebration-of-wealth-1-deposit-enjoys-and-people-in-addition-to-6-absolutely-nothing-identified-items/ HTTP/1.1" 200 76553 "-" "Mozilla/5.0 (Windows NT 10.0; rv:125.0) Gecko/20100101 Firefox/125.0"
185.216.113.70 - - [17/Apr/2026:12:32:49 +0300] "POST /wp-cron.php?doing_wp_cron=1776418369.6579608917236328125000 HTTP/1.1" 200 448 "-" "WordPress/6.3.8; https://serhatburke.miroglu.net"
103.219.169.214 - - [17/Apr/2026:12:32:34 +0300] "POST /xmlrpc.php HTTP/1.1" 200 630 "-" "Mozilla/5.0 (Windows NT 10.0; Win64; x64) AppleWebKit/537.36 (KHTML, like Gecko) Chrome/114.0.0.0 Safari/537.36"
104.166.164.25 - - [17/Apr/2026:12:32:43 +0300] "POST /xmlrpc.php HTTP/1.1" 200 630 "-" "Mozilla/5.0 (Windows NT 10.0; Win64; x64) AppleWebKit/537.36 (KHTML, like Gecko) Chrome/114.0.0.0 Safari/537.36"
185.216.113.70 - - [17/Apr/2026:12:33:14 +0300] "POST /wp-cron.php?doing_wp_cron=1776418393.3220601081848144531250 HTTP/1.1" 200 448 "-" "WordPress/6.3.8; https://serhatburke.miroglu.net"
102.221.34.103 - - [17/Apr/2026:12:32:43 +0300] "POST /xmlrpc.php HTTP/1.1" 200 630 "-" "Mozilla/5.0 (Windows NT 10.0; Win64; x64) AppleWebKit/537.36 (KHTML, like Gecko) Chrome/114.0.0.0 Safari/537.36"
103.219.169.214 - - [17/Apr/2026:12:32:56 +0300] "POST /xmlrpc.php HTTP/1.1" 200 16431 "-" "Mozilla/5.0 (Windows NT 10.0; Win64; x64) AppleWebKit/537.36 (KHTML, like Gecko) Chrome/114.0.0.0 Safari/537.36"
104.166.164.25 - - [17/Apr/2026:12:33:14 +0300] "POST /xmlrpc.php HTTP/1.1" 200 12822 "-" "Mozilla/5.0 (Windows NT 10.0; Win64; x64) AppleWebKit/537.36 (KHTML, like Gecko) Chrome/114.0.0.0 Safari/537.36"
103.219.169.214 - - [17/Apr/2026:12:33:17 +0300] "GET /spinata-enorme-la-amena-slot-tomb-raider-slot-de-video-de-balde-y-por-recursos-favorable/ HTTP/1.1" 200 78204 "-" "Mozilla/5.0 (Windows NT 10.0; Win64; x64; rv:124.0) Gecko/20100101 Firefox/124.0"
102.221.34.103 - - [17/Apr/2026:12:33:20 +0300] "POST /xmlrpc.php HTTP/1.1" 200 13266 "-" "Mozilla/5.0 (Windows NT 10.0; Win64; x64) AppleWebKit/537.36 (KHTML, like Gecko) Chrome/114.0.0.0 Safari/537.36"
102.221.34.103 - - [17/Apr/2026:12:33:42 +0300] "POST /xmlrpc.php HTTP/1.1" 200 630 "-" "Mozilla/5.0 (Windows NT 10.0; Win64; x64) AppleWebKit/537.36 (KHTML, like Gecko) Chrome/114.0.0.0 Safari/537.36"
104.166.164.25 - - [17/Apr/2026:12:33:40 +0300] "GET /bikini-team-by-video-game-around-the-world-demonstration-play-100-pompeii-symbols-percent-free-slot-games/ HTTP/1.1" 200 75068 "-" "Mozilla/5.0 (Windows NT 10.0; Win64; x64; rv:125.0) Gecko/20100101 Firefox/125.0"
102.221.34.103 - - [17/Apr/2026:12:33:45 +0300] "GET /cleopatra-totally-free-ports-slot-games-ivanushka-gamble-on-the-web-slots/ HTTP/1.1" 200 74528 "-" "Mozilla/5.0 (Windows NT 10.0; Win64; x64) AppleWebKit/537.36 (KHTML, like Gecko) Chrome/124.0.0.0 Safari/537.36 Edg/124.0.0.0"
185.216.113.70 - - [17/Apr/2026:12:34:21 +0300] "POST /wp-cron.php?doing_wp_cron=1776418460.8852000236511230468750 HTTP/1.1" 200 448 "-" "WordPress/6.3.8; https://serhatburke.miroglu.net"
102.221.34.103 - - [17/Apr/2026:12:34:06 +0300] "POST /xmlrpc.php HTTP/1.1" 200 12646 "-" "Mozilla/5.0 (Windows NT 10.0; Win64; x64) AppleWebKit/537.36 (KHTML, like Gecko) Chrome/114.0.0.0 Safari/537.36"
102.221.34.103 - - [17/Apr/2026:12:34:22 +0300] "GET /money-genie-wild-slot-learn-100-percent-free-spins-and-you-can-coins-hook-march-2025/ HTTP/1.1" 200 74116 "-" "Mozilla/5.0 (Windows NT 10.0; Win64; x64) AppleWebKit/537.36 (KHTML, like Gecko) Chrome/122.0.0.0 Safari/537.36"
102.221.34.103 - - [17/Apr/2026:12:34:40 +0300] "POST /xmlrpc.php HTTP/1.1" 200 630 "-" "Mozilla/5.0 (Windows NT 10.0; Win64; x64) AppleWebKit/537.36 (KHTML, like Gecko) Chrome/114.0.0.0 Safari/537.36"
185.216.113.70 - - [17/Apr/2026:12:35:12 +0300] "POST /wp-cron.php?doing_wp_cron=1776418512.8359138965606689453125 HTTP/1.1" 200 448 "-" "WordPress/6.3.8; https://serhatburke.miroglu.net"
102.221.34.103 - - [17/Apr/2026:12:34:59 +0300] "POST /xmlrpc.php HTTP/1.1" 200 13270 "-" "Mozilla/5.0 (Windows NT 10.0; Win64; x64) AppleWebKit/537.36 (KHTML, like Gecko) Chrome/114.0.0.0 Safari/537.36"
102.221.34.103 - - [17/Apr/2026:12:35:14 +0300] "GET /coin-learn-best-online-casino-california-gold-totally-free-spins-daily-up-to-date/ HTTP/1.1" 200 74718 "-" "Mozilla/5.0 (Windows NT 10.0; Win64; x64) AppleWebKit/537.36 (KHTML, like Gecko) Chrome/123.0.0.0 Safari/537.36 OPR/109.0.0.0"
185.216.113.70 - - [17/Apr/2026:12:35:52 +0300] "POST /wp-cron.php?doing_wp_cron=1776418551.9712750911712646484375 HTTP/1.1" 200 448 "-" "WordPress/6.3.8; https://serhatburke.miroglu.net"
