217.181.90.135 - - [17/Apr/2026:17:12:54 +0300] "GET /wp-login.php HTTP/2" 200 0 "-" "Mozilla/5.0 (Windows NT 10.0; Win64; x64; rv:127.0) Gecko/20100101 Firefox/127.0"
223.205.197.43 - - [17/Apr/2026:17:12:40 +0300] "GET /wp-login.php?redirect_to=https%3A%2F%2Fserhatburke.miroglu.net%2Fwp-admin%2F&reauth=1 HTTP/1.1" 200 5954 "-" "Mozilla/5.0 (Windows NT 6.3; WOW64) AppleWebKit/537.36 (KHTML, like Gecko) Chrome/65.0.3325.181 Safari/537.36"
45.3.45.140 - - [17/Apr/2026:17:13:08 +0300] "GET /wp-login.php HTTP/2" 200 0 "-" "Mozilla/5.0 (Windows NT 10.0; Win64; x64; rv:127.0) Gecko/20100101 Firefox/127.0"
185.216.113.70 - - [17/Apr/2026:17:13:44 +0300] "POST /wp-cron.php?doing_wp_cron=1776435224.5322210788726806640625 HTTP/1.1" 200 448 "-" "WordPress/6.3.8; https://serhatburke.miroglu.net"
216.26.249.153 - - [17/Apr/2026:17:13:28 +0300] "GET /wp-login.php HTTP/2" 200 0 "-" "Mozilla/5.0 (Macintosh; Intel Mac OS X 13_5) AppleWebKit/605.1.15 (KHTML, like Gecko) Version/17.5 Safari/605.1.15"
161.10.181.241 - - [17/Apr/2026:17:13:19 +0300] "GET /guida-allapplicazione-del-cialis-20-mg/ HTTP/1.1" 200 66983 "-" "GuzzleHttp/7"
209.50.161.182 - - [17/Apr/2026:17:13:46 +0300] "GET /wp-login.php HTTP/2" 200 3091 "-" "Mozilla/5.0 (Macintosh; Intel Mac OS X 13_5) AppleWebKit/605.1.15 (KHTML, like Gecko) Version/17.5 Safari/605.1.15"
65.111.14.114 - - [17/Apr/2026:17:14:05 +0300] "GET /wp-login.php HTTP/2" 200 3091 "-" "Mozilla/5.0 (Macintosh; Intel Mac OS X 13_5) AppleWebKit/605.1.15 (KHTML, like Gecko) Version/17.5 Safari/605.1.15"
185.216.113.70 - - [17/Apr/2026:17:14:43 +0300] "POST /wp-cron.php?doing_wp_cron=1776435282.9416580200195312500000 HTTP/1.1" 200 448 "-" "WordPress/6.3.8; https://serhatburke.miroglu.net"
45.172.184.70 - - [17/Apr/2026:17:14:26 +0300] "POST /xmlrpc.php HTTP/2" 200 204 "-" "XML-RPC for PHP 4.11.1"
45.3.41.81 - - [17/Apr/2026:17:14:29 +0300] "POST /xmlrpc.php HTTP/2" 200 109 "-" "Mozilla/5.0 (Windows NT 10.0; Win64; x64; rv:127.0) Gecko/20100101 Firefox/127.0"
65.111.28.32 - - [17/Apr/2026:17:14:33 +0300] "POST /xmlrpc.php HTTP/2" 200 109 "-" "Mozilla/5.0 (Windows NT 10.0; Win64; x64) AppleWebKit/537.36 (KHTML, like Gecko) Chrome/124.0.6367.207 Safari/537.36"
45.3.41.81 - - [17/Apr/2026:17:15:02 +0300] "POST /xmlrpc.php HTTP/2" 200 2545 "-" "Mozilla/5.0 (Macintosh; Intel Mac OS X 13_5) AppleWebKit/605.1.15 (KHTML, like Gecko) Version/17.5 Safari/605.1.15"
65.111.28.32 - - [17/Apr/2026:17:15:10 +0300] "POST /xmlrpc.php HTTP/2" 200 3063 "-" "Mozilla/5.0 (Windows NT 10.0; Win64; x64; rv:127.0) Gecko/20100101 Firefox/127.0"
185.216.113.70 - - [17/Apr/2026:17:16:58 +0300] "POST /wp-cron.php?doing_wp_cron=1776435418.2979919910430908203125 HTTP/1.1" 200 448 "-" "WordPress/6.3.8; https://serhatburke.miroglu.net"
209.50.189.170 - - [17/Apr/2026:17:16:42 +0300] "GET /wp-login.php HTTP/2" 200 3091 "-" "Mozilla/5.0 (Macintosh; Intel Mac OS X 13_5) AppleWebKit/605.1.15 (KHTML, like Gecko) Version/17.5 Safari/605.1.15"
65.111.5.114 - - [17/Apr/2026:17:16:48 +0300] "GET /wp-login.php HTTP/2" 200 3091 "-" "Mozilla/5.0 (Macintosh; Intel Mac OS X 13_5) AppleWebKit/605.1.15 (KHTML, like Gecko) Version/17.5 Safari/605.1.15"
209.50.189.170 - - [17/Apr/2026:17:16:58 +0300] "POST /xmlrpc.php HTTP/2" 200 110 "-" "Mozilla/5.0 (Windows NT 10.0; Win64; x64) AppleWebKit/537.36 (KHTML, like Gecko) Chrome/124.0.6367.207 Safari/537.36"
185.216.113.70 - - [17/Apr/2026:17:17:28 +0300] "POST /wp-cron.php?doing_wp_cron=1776435448.8827469348907470703125 HTTP/1.1" 200 448 "-" "WordPress/6.3.8; https://serhatburke.miroglu.net"
104.207.33.72 - - [17/Apr/2026:17:17:15 +0300] "POST /xmlrpc.php HTTP/2" 200 110 "-" "Mozilla/5.0 (Macintosh; Intel Mac OS X 13_5) AppleWebKit/605.1.15 (KHTML, like Gecko) Version/17.5 Safari/605.1.15"
104.207.33.72 - - [17/Apr/2026:17:17:31 +0300] "POST /xmlrpc.php HTTP/2" 200 3013 "-" "Mozilla/5.0 (Windows NT 10.0; Win64; x64; rv:127.0) Gecko/20100101 Firefox/127.0"
209.50.189.170 - - [17/Apr/2026:17:17:38 +0300] "POST /xmlrpc.php HTTP/2" 200 2750 "-" "Mozilla/5.0 (Windows NT 10.0; Win64; x64; rv:127.0) Gecko/20100101 Firefox/127.0"
216.26.233.70 - - [17/Apr/2026:17:17:55 +0300] "GET /wp-login.php HTTP/2" 200 3091 "-" "Mozilla/5.0 (Windows NT 10.0; Win64; x64; rv:127.0) Gecko/20100101 Firefox/127.0"
88.11.180.6 - - [17/Apr/2026:17:18:04 +0300] "GET /vardenafil-e-levitra-generico-i-benefici-delle-pillole-per-lerezione/ HTTP/1.1" 200 68166 "-" "GuzzleHttp/7"
185.216.113.70 - - [17/Apr/2026:17:19:01 +0300] "POST /wp-cron.php?doing_wp_cron=1776435541.0962569713592529296875 HTTP/1.1" 200 448 "-" "WordPress/6.3.8; https://serhatburke.miroglu.net"
193.56.28.127 - - [17/Apr/2026:17:18:48 +0300] "POST /xmlrpc.php HTTP/2" 200 108 "-" "Mozilla/5.0 (Macintosh; Intel Mac OS X 13_5) AppleWebKit/605.1.15 (KHTML, like Gecko) Version/17.5 Safari/605.1.15"
193.56.28.127 - - [17/Apr/2026:17:19:10 +0300] "POST /xmlrpc.php HTTP/2" 200 2511 "-" "Mozilla/5.0 (Windows NT 10.0; Win64; x64; rv:127.0) Gecko/20100101 Firefox/127.0"
185.216.113.70 - - [17/Apr/2026:17:21:20 +0300] "POST /wp-cron.php?doing_wp_cron=1776435680.4702339172363281250000 HTTP/1.1" 200 448 "-" "WordPress/6.3.8; https://serhatburke.miroglu.net"
65.21.110.111 - - [17/Apr/2026:17:21:07 +0300] "POST /xmlrpc.php HTTP/1.1" 200 604 "-" "Mozilla/5.0 (Windows NT 10.0; Win64; x64) AppleWebKit/537.36 (KHTML, like Gecko) Chrome/108.0.0.0 Safari/537.36"
65.21.110.111 - - [17/Apr/2026:17:21:22 +0300] "POST /xmlrpc.php HTTP/1.1" 200 3812 "-" "Mozilla/5.0 (Windows NT 10.0; Win64; x64) AppleWebKit/537.36 (KHTML, like Gecko) Chrome/108.0.0.0 Safari/537.36"
104.166.164.25 - - [17/Apr/2026:17:21:32 +0300] "POST /xmlrpc.php HTTP/1.1" 200 630 "-" "Mozilla/5.0 (Windows NT 10.0; Win64; x64) AppleWebKit/537.36 (KHTML, like Gecko) Chrome/114.0.0.0 Safari/537.36"
185.216.113.70 - - [17/Apr/2026:17:21:53 +0300] "POST /wp-cron.php?doing_wp_cron=1776435713.6142930984497070312500 HTTP/1.1" 200 448 "-" "WordPress/6.3.8; https://serhatburke.miroglu.net"
65.21.110.111 - - [17/Apr/2026:17:21:41 +0300] "GET /amunra-bonos-analisis-y-opiniones-2026/ HTTP/1.1" 200 18483 "-" "Mozilla/5.0 (Windows NT 10.0; Win64; x64) AppleWebKit/537.36 (KHTML, like Gecko) Chrome/108.0.0.0 Safari/537.36"
104.166.164.25 - - [17/Apr/2026:17:21:52 +0300] "POST /xmlrpc.php HTTP/1.1" 200 13133 "-" "Mozilla/5.0 (Windows NT 10.0; Win64; x64) AppleWebKit/537.36 (KHTML, like Gecko) Chrome/114.0.0.0 Safari/537.36"
65.21.110.111 - - [17/Apr/2026:17:21:57 +0300] "POST /xmlrpc.php HTTP/1.1" 200 594 "-" "Mozilla/5.0 (Windows NT 10.0; Win64; x64) AppleWebKit/537.36 (KHTML, like Gecko) Chrome/108.0.0.0 Safari/537.36"
157.90.114.254 - - [17/Apr/2026:17:22:05 +0300] "POST /xmlrpc.php HTTP/1.1" 200 604 "-" "Mozilla/5.0 (Windows NT 10.0; Win64; x64) AppleWebKit/537.36 (KHTML, like Gecko) Chrome/108.0.0.0 Safari/537.36"
104.166.164.25 - - [17/Apr/2026:17:22:15 +0300] "GET /free-bananas-go-bahamas-1-deposit-revolves-no-deposit-2026-step-one000-incentive-spins/ HTTP/1.1" 200 75076 "-" "Mozilla/5.0 (Windows NT 10.0; Win64; x64; rv:124.0) Gecko/20100101 Firefox/124.0"
185.216.113.70 - - [17/Apr/2026:17:22:33 +0300] "POST /wp-cron.php?doing_wp_cron=1776435753.3718121051788330078125 HTTP/1.1" 200 448 "-" "WordPress/6.3.8; https://serhatburke.miroglu.net"
157.90.114.254 - - [17/Apr/2026:17:22:21 +0300] "POST /xmlrpc.php HTTP/1.1" 200 3814 "-" "Mozilla/5.0 (Windows NT 10.0; Win64; x64) AppleWebKit/537.36 (KHTML, like Gecko) Chrome/108.0.0.0 Safari/537.36"
157.90.114.254 - - [17/Apr/2026:17:22:36 +0300] "GET /amunra-bonos-analisis-y-opiniones-2026/ HTTP/1.1" 200 18489 "-" "Mozilla/5.0 (Windows NT 10.0; Win64; x64) AppleWebKit/537.36 (KHTML, like Gecko) Chrome/108.0.0.0 Safari/537.36"
157.90.114.254 - - [17/Apr/2026:17:22:52 +0300] "POST /xmlrpc.php HTTP/1.1" 200 594 "-" "Mozilla/5.0 (Windows NT 10.0; Win64; x64) AppleWebKit/537.36 (KHTML, like Gecko) Chrome/108.0.0.0 Safari/537.36"
46.224.140.177 - - [17/Apr/2026:17:23:05 +0300] "POST /xmlrpc.php HTTP/1.1" 200 602 "-" "Mozilla/5.0 (Windows NT 10.0; Win64; x64) AppleWebKit/537.36 (KHTML, like Gecko) Chrome/108.0.0.0 Safari/537.36"
185.216.113.70 - - [17/Apr/2026:17:23:32 +0300] "POST /wp-cron.php?doing_wp_cron=1776435812.6406559944152832031250 HTTP/1.1" 200 448 "-" "WordPress/6.3.8; https://serhatburke.miroglu.net"
46.224.140.177 - - [17/Apr/2026:17:23:19 +0300] "POST /xmlrpc.php HTTP/1.1" 200 3816 "-" "Mozilla/5.0 (Windows NT 10.0; Win64; x64) AppleWebKit/537.36 (KHTML, like Gecko) Chrome/108.0.0.0 Safari/537.36"
46.224.140.177 - - [17/Apr/2026:17:23:36 +0300] "GET /amunra-bonos-analisis-y-opiniones-2026/ HTTP/1.1" 200 18492 "-" "Mozilla/5.0 (Windows NT 10.0; Win64; x64) AppleWebKit/537.36 (KHTML, like Gecko) Chrome/108.0.0.0 Safari/537.36"
46.224.140.177 - - [17/Apr/2026:17:23:51 +0300] "POST /xmlrpc.php HTTP/1.1" 200 594 "-" "Mozilla/5.0 (Windows NT 10.0; Win64; x64) AppleWebKit/537.36 (KHTML, like Gecko) Chrome/108.0.0.0 Safari/537.36"
185.216.113.70 - - [17/Apr/2026:17:24:49 +0300] "POST /wp-cron.php?doing_wp_cron=1776435889.5981769561767578125000 HTTP/1.1" 200 448 "-" "WordPress/6.3.8; https://serhatburke.miroglu.net"
185.191.206.67 - - [17/Apr/2026:17:24:19 +0300] "POST /xmlrpc.php HTTP/1.1" 200 630 "-" "Mozilla/5.0 (Windows NT 10.0; Win64; x64) AppleWebKit/537.36 (KHTML, like Gecko) Chrome/114.0.0.0 Safari/537.36"
151.244.111.202 - - [17/Apr/2026:17:25:04 +0300] "GET /best-online-casinos-australia-2026-top-5-real-2/ HTTP/1.1" 200 23155 "-" "Screaming Frog SEO Spider/16.7"
185.191.206.67 - - [17/Apr/2026:17:24:55 +0300] "POST /xmlrpc.php HTTP/1.1" 200 12863 "-" "Mozilla/5.0 (Windows NT 10.0; Win64; x64) AppleWebKit/537.36 (KHTML, like Gecko) Chrome/114.0.0.0 Safari/537.36"
185.216.113.70 - - [17/Apr/2026:17:25:53 +0300] "POST /wp-cron.php?doing_wp_cron=1776435953.4892470836639404296875 HTTP/1.1" 200 448 "-" "WordPress/6.3.8; https://serhatburke.miroglu.net"
185.191.206.67 - - [17/Apr/2026:17:25:25 +0300] "GET /unser-besten-verbunden-spielsaal-paypal-seiten-as-part-of-land-intense-casino-schweiz-uberprufung-der-dichter-und-denker/ HTTP/1.1" 200 76017 "-" "Mozilla/5.0 (Windows NT 10.0; rv:109.0) Gecko/20100101 Firefox/115.0"
185.216.113.70 - - [17/Apr/2026:17:27:37 +0300] "POST /wp-cron.php?doing_wp_cron=1776436057.1749010086059570312500 HTTP/1.1" 200 448 "-" "WordPress/6.3.8; https://serhatburke.miroglu.net"
188.239.46.154 - - [17/Apr/2026:17:27:23 +0300] "GET /robots.txt HTTP/2" 200 110 "-" "Mozilla/5.0 (Macintosh; Intel Mac OS X 10_15_7) AppleWebKit/537.36 (KHTML, like Gecko) Chrome/141.0.0.0 Safari/537.36"
188.239.37.152 - - [17/Apr/2026:17:27:51 +0300] "GET /robots.txt HTTP/2" 200 110 "-" "Mozilla/5.0 (Macintosh; Intel Mac OS X 10_15_7) AppleWebKit/537.36 (KHTML, like Gecko) Chrome/142.0.0.0 Safari/537.36"
57.128.22.95 - - [17/Apr/2026:17:28:04 +0300] "GET /zotabet-casino-bonus-premier-depot-2026/ HTTP/1.1" 200 18530 "-" "Mozilla/5.0 (compatible; Googlebot/2.1; +http://www.google.com/bot.html)"
77.232.38.47 - - [17/Apr/2026:17:28:24 +0300] "POST /xmlrpc.php HTTP/1.1" 200 88583 "-" "Mozilla/5.0 (X11; Linux x86_64) AppleWebKit/537.36 (KHTML, like Gecko) Chrome/114.0.0.0 Safari/537.36 Vivaldi/5.3.2679.68"
185.216.113.70 - - [17/Apr/2026:17:28:48 +0300] "POST /wp-cron.php?doing_wp_cron=1776436128.7058970928192138671875 HTTP/1.1" 200 448 "-" "WordPress/6.3.8; https://serhatburke.miroglu.net"
185.191.206.67 - - [17/Apr/2026:17:28:18 +0300] "POST /xmlrpc.php HTTP/1.1" 200 630 "-" "Mozilla/5.0 (Windows NT 10.0; Win64; x64) AppleWebKit/537.36 (KHTML, like Gecko) Chrome/114.0.0.0 Safari/537.36"
77.232.38.47 - - [17/Apr/2026:17:28:38 +0300] "POST /xmlrpc.php HTTP/1.1" 200 725 "-" "Mozilla/5.0 (X11; Linux x86_64) AppleWebKit/537.36 (KHTML, like Gecko) Chrome/114.0.0.0 Safari/537.36 Vivaldi/5.3.2679.68"
104.166.164.25 - - [17/Apr/2026:17:28:41 +0300] "POST /xmlrpc.php HTTP/1.1" 200 630 "-" "Mozilla/5.0 (Windows NT 10.0; Win64; x64) AppleWebKit/537.36 (KHTML, like Gecko) Chrome/114.0.0.0 Safari/537.36"
77.232.38.47 - - [17/Apr/2026:17:28:53 +0300] "POST /xmlrpc.php HTTP/1.1" 200 489 "-" "Mozilla/5.0 (X11; Linux x86_64) AppleWebKit/537.36 (KHTML, like Gecko) Chrome/114.0.0.0 Safari/537.36 Vivaldi/5.3.2679.68"
104.166.164.25 - - [17/Apr/2026:17:29:01 +0300] "POST /xmlrpc.php HTTP/1.1" 200 13334 "-" "Mozilla/5.0 (Windows NT 10.0; Win64; x64) AppleWebKit/537.36 (KHTML, like Gecko) Chrome/114.0.0.0 Safari/537.36"
77.232.38.47 - - [17/Apr/2026:17:29:14 +0300] "POST /xmlrpc.php HTTP/1.1" 200 1089828 "-" "Mozilla/5.0 (X11; Linux x86_64) AppleWebKit/537.36 (KHTML, like Gecko) Chrome/114.0.0.0 Safari/537.36 Vivaldi/5.3.2679.68"
185.191.206.67 - - [17/Apr/2026:17:28:55 +0300] "POST /xmlrpc.php HTTP/1.1" 200 15237 "-" "Mozilla/5.0 (Windows NT 10.0; Win64; x64) AppleWebKit/537.36 (KHTML, like Gecko) Chrome/114.0.0.0 Safari/537.36"
104.166.164.25 - - [17/Apr/2026:17:29:22 +0300] "GET /cryptowild-casino-remark-7-sultans-online-casino-easy-verification-2026-bonuses-shelter-actual-user-sense/ HTTP/1.1" 200 75657 "-" "Mozilla/5.0 (Windows NT 10.0; Win64; x64) AppleWebKit/537.36 (KHTML, like Gecko) Chrome/122.0.0.0 Safari/537.36"
185.216.113.70 - - [17/Apr/2026:17:30:09 +0300] "POST /wp-cron.php?doing_wp_cron=1776436209.4116361141204833984375 HTTP/1.1" 200 448 "-" "WordPress/6.3.8; https://serhatburke.miroglu.net"
185.191.206.67 - - [17/Apr/2026:17:29:40 +0300] "GET /die-besten-mobile-casinos-2026-deutsche-handy-spielen-sie-win-wizard-slot-casinos-geradlinig-inoffizieller-mitarbeiter-inter-browser-nutzen/ HTTP/1.1" 200 78696 "-" "Mozilla/5.0 (Windows NT 10.0; rv:125.0) Gecko/20100101 Firefox/125.0"
185.216.113.70 - - [17/Apr/2026:17:31:23 +0300] "POST /wp-cron.php?doing_wp_cron=1776436283.7530789375305175781250 HTTP/1.1" 200 448 "-" "WordPress/6.3.8; https://serhatburke.miroglu.net"
185.191.206.67 - - [17/Apr/2026:17:30:54 +0300] "POST /xmlrpc.php HTTP/1.1" 200 630 "-" "Mozilla/5.0 (Windows NT 10.0; Win64; x64) AppleWebKit/537.36 (KHTML, like Gecko) Chrome/114.0.0.0 Safari/537.36"
185.191.206.67 - - [17/Apr/2026:17:31:29 +0300] "POST /xmlrpc.php HTTP/1.1" 200 14248 "-" "Mozilla/5.0 (Windows NT 10.0; Win64; x64) AppleWebKit/537.36 (KHTML, like Gecko) Chrome/114.0.0.0 Safari/537.36"
185.216.113.70 - - [17/Apr/2026:17:32:27 +0300] "POST /wp-cron.php?doing_wp_cron=1776436347.6843159198760986328125 HTTP/1.1" 200 448 "-" "WordPress/6.3.8; https://serhatburke.miroglu.net"
185.191.206.67 - - [17/Apr/2026:17:31:59 +0300] "GET /werden-champagne-online-spielautomaten-meine-quellenangaben-begutachtet/ HTTP/1.1" 200 76105 "-" "Mozilla/5.0 (Windows NT 10.0; rv:125.0) Gecko/20100101 Firefox/125.0"
185.191.206.67 - - [17/Apr/2026:17:33:00 +0300] "POST /xmlrpc.php HTTP/1.1" 200 630 "-" "Mozilla/5.0 (Windows NT 10.0; Win64; x64) AppleWebKit/537.36 (KHTML, like Gecko) Chrome/114.0.0.0 Safari/537.36"
185.216.113.70 - - [17/Apr/2026:17:33:40 +0300] "POST /wp-cron.php?doing_wp_cron=1776436420.5805380344390869140625 HTTP/1.1" 200 448 "-" "WordPress/6.3.8; https://serhatburke.miroglu.net"
104.166.164.25 - - [17/Apr/2026:17:33:27 +0300] "POST /xmlrpc.php HTTP/1.1" 200 630 "-" "Mozilla/5.0 (Windows NT 10.0; Win64; x64) AppleWebKit/537.36 (KHTML, like Gecko) Chrome/114.0.0.0 Safari/537.36"
104.166.164.25 - - [17/Apr/2026:17:33:47 +0300] "POST /xmlrpc.php HTTP/1.1" 200 12716 "-" "Mozilla/5.0 (Windows NT 10.0; Win64; x64) AppleWebKit/537.36 (KHTML, like Gecko) Chrome/114.0.0.0 Safari/537.36"
185.191.206.67 - - [17/Apr/2026:17:33:35 +0300] "POST /xmlrpc.php HTTP/1.1" 200 14577 "-" "Mozilla/5.0 (Windows NT 10.0; Win64; x64) AppleWebKit/537.36 (KHTML, like Gecko) Chrome/114.0.0.0 Safari/537.36"
104.166.164.25 - - [17/Apr/2026:17:34:02 +0300] "GET /could-there-be-gambling-in-mystical-unicorn-video-slot-the-branson/ HTTP/1.1" 200 73824 "-" "Mozilla/5.0 (Windows NT 10.0; Win64; x64) AppleWebKit/537.36 (KHTML, like Gecko) Chrome/123.0.0.0 Safari/537.36"
185.191.206.67 - - [17/Apr/2026:17:34:07 +0300] "GET /100-50-spooky-house-casino-30-freispielen-within-frischen-casinos-verdopple-deine-gewinne/ HTTP/1.1" 200 76570 "-" "Mozilla/5.0 (Windows NT 10.0; Win64; x64) AppleWebKit/537.36 (KHTML, like Gecko) Chrome/122.0.0.0 Safari/537.36"
185.216.113.70 - - [17/Apr/2026:17:34:59 +0300] "POST /wp-cron.php?doing_wp_cron=1776436499.8554680347442626953125 HTTP/1.1" 200 448 "-" "WordPress/6.3.8; https://serhatburke.miroglu.net"
57.128.22.95 - - [17/Apr/2026:17:34:47 +0300] "GET /novoline-casino-codice-bonus-registrazione/ HTTP/1.1" 200 17163 "-" "Mozilla/5.0 (compatible; Googlebot/2.1; +http://www.google.com/bot.html)"
185.191.206.67 - - [17/Apr/2026:17:35:08 +0300] "POST /xmlrpc.php HTTP/1.1" 200 630 "-" "Mozilla/5.0 (Windows NT 10.0; Win64; x64) AppleWebKit/537.36 (KHTML, like Gecko) Chrome/114.0.0.0 Safari/537.36"
185.216.113.70 - - [17/Apr/2026:17:35:40 +0300] "POST /wp-cron.php?doing_wp_cron=1776436540.5212430953979492187500 HTTP/1.1" 200 448 "-" "WordPress/6.3.8; https://serhatburke.miroglu.net"
103.219.169.179 - - [17/Apr/2026:17:35:28 +0300] "POST /xmlrpc.php HTTP/1.1" 200 630 "-" "Mozilla/5.0 (Windows NT 10.0; Win64; x64) AppleWebKit/537.36 (KHTML, like Gecko) Chrome/114.0.0.0 Safari/537.36"
103.219.169.179 - - [17/Apr/2026:17:35:47 +0300] "POST /xmlrpc.php HTTP/1.1" 200 14762 "-" "Mozilla/5.0 (Windows NT 10.0; Win64; x64) AppleWebKit/537.36 (KHTML, like Gecko) Chrome/114.0.0.0 Safari/537.36"
185.191.206.67 - - [17/Apr/2026:17:35:43 +0300] "POST /xmlrpc.php HTTP/1.1" 200 14546 "-" "Mozilla/5.0 (Windows NT 10.0; Win64; x64) AppleWebKit/537.36 (KHTML, like Gecko) Chrome/114.0.0.0 Safari/537.36"
103.219.169.179 - - [17/Apr/2026:17:36:04 +0300] "GET /blood-suckers-slot-review-participar-blood-juega-jackpot-jester-en-linea-suckers-vano-tragamonedas-online-gratuito-dinero-real-online-codimed/ HTTP/1.1" 200 77957 "-" "Mozilla/5.0 (Windows NT 10.0; rv:109.0) Gecko/20100101 Firefox/115.0"
185.216.113.70 - - [17/Apr/2026:17:36:43 +0300] "POST /wp-cron.php?doing_wp_cron=1776436603.8290030956268310546875 HTTP/1.1" 200 448 "-" "WordPress/6.3.8; https://serhatburke.miroglu.net"
185.191.206.67 - - [17/Apr/2026:17:36:15 +0300] "GET /unternehmenswebsite-5-spielen-sie-jewel-of-the-arts-online-erfolgsfaktoren-tipps/ HTTP/1.1" 200 76756 "-" "Mozilla/5.0 (Windows NT 10.0; Win64; x64; rv:124.0) Gecko/20100101 Firefox/124.0"
103.122.2.107 - - [17/Apr/2026:17:36:37 +0300] "GET /beste-casino-site-belgie-hoge-inzet/ HTTP/1.1" 200 18595 "https://serhatburke.miroglu.net/" "Mozilla/5.0 (Windows NT 10.0) AppleWebKit/537.36 (KHTML, like Gecko) Chrome/114.0.0.0 Safari/537.36"
185.191.206.67 - - [17/Apr/2026:17:37:03 +0300] "POST /xmlrpc.php HTTP/1.1" 200 630 "-" "Mozilla/5.0 (Windows NT 10.0; Win64; x64) AppleWebKit/537.36 (KHTML, like Gecko) Chrome/114.0.0.0 Safari/537.36"
185.216.113.70 - - [17/Apr/2026:17:38:06 +0300] "POST /wp-cron.php?doing_wp_cron=1776436685.9623479843139648437500 HTTP/1.1" 200 448 "-" "WordPress/6.3.8; https://serhatburke.miroglu.net"
185.191.206.67 - - [17/Apr/2026:17:37:37 +0300] "POST /xmlrpc.php HTTP/1.1" 200 14965 "-" "Mozilla/5.0 (Windows NT 10.0; Win64; x64) AppleWebKit/537.36 (KHTML, like Gecko) Chrome/114.0.0.0 Safari/537.36"
104.166.164.25 - - [17/Apr/2026:17:38:17 +0300] "POST /xmlrpc.php HTTP/1.1" 200 630 "-" "Mozilla/5.0 (Windows NT 10.0; Win64; x64) AppleWebKit/537.36 (KHTML, like Gecko) Chrome/114.0.0.0 Safari/537.36"
185.191.206.67 - - [17/Apr/2026:17:38:06 +0300] "GET /leihwagen-mahe-blos-einsatz-ohne-21-casino-kreditkarte/ HTTP/1.1" 200 76290 "-" "Mozilla/5.0 (Windows NT 10.0; Win64; x64; rv:125.0) Gecko/20100101 Firefox/125.0"
185.216.113.70 - - [17/Apr/2026:17:38:50 +0300] "POST /wp-cron.php?doing_wp_cron=1776436730.4084789752960205078125 HTTP/1.1" 200 448 "-" "WordPress/6.3.8; https://serhatburke.miroglu.net"
104.166.164.25 - - [17/Apr/2026:17:38:37 +0300] "POST /xmlrpc.php HTTP/1.1" 200 13474 "-" "Mozilla/5.0 (Windows NT 10.0; Win64; x64) AppleWebKit/537.36 (KHTML, like Gecko) Chrome/114.0.0.0 Safari/537.36"
104.166.164.25 - - [17/Apr/2026:17:38:52 +0300] "GET /a-knowledgeable-no-deposit-totally-free-spins-and-no-betting-for-casino-prime-slots-no-deposit-bonus-2026/ HTTP/1.1" 200 75563 "-" "Mozilla/5.0 (Windows NT 10.0; Win64; x64) AppleWebKit/537.36 (KHTML, like Gecko) Chrome/122.0.0.0 Safari/537.36"
185.216.113.70 - - [17/Apr/2026:17:39:11 +0300] "POST /wp-cron.php?doing_wp_cron=1776436751.8760960102081298828125 HTTP/1.1" 200 448 "-" "WordPress/6.3.8; https://serhatburke.miroglu.net"
185.191.206.67 - - [17/Apr/2026:17:38:40 +0300] "POST /xmlrpc.php HTTP/1.1" 200 630 "-" "Mozilla/5.0 (Windows NT 10.0; Win64; x64) AppleWebKit/537.36 (KHTML, like Gecko) Chrome/114.0.0.0 Safari/537.36"
185.191.206.67 - - [17/Apr/2026:17:39:17 +0300] "POST /xmlrpc.php HTTP/1.1" 200 14940 "-" "Mozilla/5.0 (Windows NT 10.0; Win64; x64) AppleWebKit/537.36 (KHTML, like Gecko) Chrome/114.0.0.0 Safari/537.36"
185.216.113.70 - - [17/Apr/2026:17:40:15 +0300] "POST /wp-cron.php?doing_wp_cron=1776436815.4204890727996826171875 HTTP/1.1" 200 448 "-" "WordPress/6.3.8; https://serhatburke.miroglu.net"
185.191.206.67 - - [17/Apr/2026:17:39:46 +0300] "GET /intertops-kasino-gratis-spins-sizzling-hot-deluxe-777-und-betsoft-spiele/ HTTP/1.1" 200 76574 "-" "Mozilla/5.0 (Windows NT 10.0; rv:109.0) Gecko/20100101 Firefox/115.0"
185.216.113.70 - - [17/Apr/2026:17:41:08 +0300] "POST /wp-cron.php?doing_wp_cron=1776436868.3341488838195800781250 HTTP/1.1" 200 448 "-" "WordPress/6.3.8; https://serhatburke.miroglu.net"
185.191.206.67 - - [17/Apr/2026:17:40:38 +0300] "POST /xmlrpc.php HTTP/1.1" 200 630 "-" "Mozilla/5.0 (Windows NT 10.0; Win64; x64) AppleWebKit/537.36 (KHTML, like Gecko) Chrome/114.0.0.0 Safari/537.36"
185.191.206.67 - - [17/Apr/2026:17:41:15 +0300] "POST /xmlrpc.php HTTP/1.1" 200 14768 "-" "Mozilla/5.0 (Windows NT 10.0; Win64; x64) AppleWebKit/537.36 (KHTML, like Gecko) Chrome/114.0.0.0 Safari/537.36"
185.216.113.70 - - [17/Apr/2026:17:42:13 +0300] "POST /wp-cron.php?doing_wp_cron=1776436933.3707859516143798828125 HTTP/1.1" 200 448 "-" "WordPress/6.3.8; https://serhatburke.miroglu.net"
185.191.206.67 - - [17/Apr/2026:17:41:45 +0300] "GET /100-freispiele-uberprufen-sie-meine-quelle-ohne-einzahlung-100-free-spins-march-2026/ HTTP/1.1" 200 76850 "-" "Mozilla/5.0 (Windows NT 10.0; Win64; x64; rv:124.0) Gecko/20100101 Firefox/124.0"
185.216.113.70 - - [17/Apr/2026:17:42:43 +0300] "POST /wp-cron.php?doing_wp_cron=1776436963.4958360195159912109375 HTTP/1.1" 200 448 "-" "WordPress/6.3.8; https://serhatburke.miroglu.net"
104.166.164.25 - - [17/Apr/2026:17:42:31 +0300] "POST /xmlrpc.php HTTP/1.1" 200 630 "-" "Mozilla/5.0 (Windows NT 10.0; Win64; x64) AppleWebKit/537.36 (KHTML, like Gecko) Chrome/114.0.0.0 Safari/537.36"
185.191.206.67 - - [17/Apr/2026:17:42:27 +0300] "POST /xmlrpc.php HTTP/1.1" 200 630 "-" "Mozilla/5.0 (Windows NT 10.0; Win64; x64) AppleWebKit/537.36 (KHTML, like Gecko) Chrome/114.0.0.0 Safari/537.36"
104.166.164.25 - - [17/Apr/2026:17:42:50 +0300] "POST /xmlrpc.php HTTP/1.1" 200 12982 "-" "Mozilla/5.0 (Windows NT 10.0; Win64; x64) AppleWebKit/537.36 (KHTML, like Gecko) Chrome/114.0.0.0 Safari/537.36"
185.216.113.70 - - [17/Apr/2026:17:43:16 +0300] "POST /wp-cron.php?doing_wp_cron=1776436996.6034870147705078125000 HTTP/1.1" 200 448 "-" "WordPress/6.3.8; https://serhatburke.miroglu.net"
104.166.164.25 - - [17/Apr/2026:17:43:04 +0300] "GET /better-southern-african-free-spins-no-fruit-cocktail-pokie-deposit-gambling-enterprise-deposit-paysafecard-incentives-2026/ HTTP/1.1" 200 75543 "-" "Mozilla/5.0 (Windows NT 10.0; Win64; x64) AppleWebKit/537.36 (KHTML, like Gecko) Chrome/109.0.0.0 Safari/537.36"
185.191.206.67 - - [17/Apr/2026:17:43:01 +0300] "POST /xmlrpc.php HTTP/1.1" 200 13073 "-" "Mozilla/5.0 (Windows NT 10.0; Win64; x64) AppleWebKit/537.36 (KHTML, like Gecko) Chrome/114.0.0.0 Safari/537.36"
185.191.206.67 - - [17/Apr/2026:17:43:32 +0300] "GET /angewandten-blick-nach-nachfolgende-inter-auftritt-keine-einzahlungsbonuscodes-casino-casumo-schmettern-englisch-%EF%BF%BDbersetzung/ HTTP/1.1" 200 76303 "-" "Mozilla/5.0 (Windows NT 10.0; Win64; x64) AppleWebKit/537.36 (KHTML, like Gecko) Chrome/122.0.0.0 Safari/537.36"
185.216.113.70 - - [17/Apr/2026:17:44:45 +0300] "POST /wp-cron.php?doing_wp_cron=1776437084.9721219539642333984375 HTTP/1.1" 200 448 "-" "WordPress/6.3.8; https://serhatburke.miroglu.net"
185.191.206.67 - - [17/Apr/2026:17:44:16 +0300] "POST /xmlrpc.php HTTP/1.1" 200 630 "-" "Mozilla/5.0 (Windows NT 10.0; Win64; x64) AppleWebKit/537.36 (KHTML, like Gecko) Chrome/114.0.0.0 Safari/537.36"
185.191.206.67 - - [17/Apr/2026:17:44:51 +0300] "POST /xmlrpc.php HTTP/1.1" 200 14424 "-" "Mozilla/5.0 (Windows NT 10.0; Win64; x64) AppleWebKit/537.36 (KHTML, like Gecko) Chrome/114.0.0.0 Safari/537.36"
185.216.113.70 - - [17/Apr/2026:17:45:40 +0300] "POST /wp-cron.php?doing_wp_cron=1776437140.2489840984344482421875 HTTP/1.1" 200 448 "-" "WordPress/6.3.8; https://serhatburke.miroglu.net"
103.219.169.179 - - [17/Apr/2026:17:45:28 +0300] "POST /xmlrpc.php HTTP/1.1" 200 630 "-" "Mozilla/5.0 (Windows NT 10.0; Win64; x64) AppleWebKit/537.36 (KHTML, like Gecko) Chrome/114.0.0.0 Safari/537.36"
185.191.206.67 - - [17/Apr/2026:17:45:21 +0300] "GET /nachfolgende-besten-echtgeld-casinos-im-diese-seite-untersuchen-online-spielsaal-uber-echtgeld-auffuhren/ HTTP/1.1" 200 77000 "-" "Mozilla/5.0 (Windows NT 10.0; Win64; x64) AppleWebKit/537.36 (KHTML, like Gecko) Chrome/109.0.0.0 Safari/537.36"
103.219.169.179 - - [17/Apr/2026:17:45:47 +0300] "POST /xmlrpc.php HTTP/1.1" 200 14285 "-" "Mozilla/5.0 (Windows NT 10.0; Win64; x64) AppleWebKit/537.36 (KHTML, like Gecko) Chrome/114.0.0.0 Safari/537.36"
103.219.169.179 - - [17/Apr/2026:17:46:02 +0300] "GET /nuevos-juegos-hace-el-trabajo-regalado-queen-of-the-nile-ranura-en-linea-online/ HTTP/1.1" 200 75806 "-" "Mozilla/5.0 (Windows NT 10.0; rv:125.0) Gecko/20100101 Firefox/125.0"
185.191.206.67 - - [17/Apr/2026:17:46:04 +0300] "POST /xmlrpc.php HTTP/1.1" 200 630 "-" "Mozilla/5.0 (Windows NT 10.0; Win64; x64) AppleWebKit/537.36 (KHTML, like Gecko) Chrome/114.0.0.0 Safari/537.36"
185.216.113.70 - - [17/Apr/2026:17:46:59 +0300] "POST /wp-cron.php?doing_wp_cron=1776437219.3730239868164062500000 HTTP/1.1" 200 448 "-" "WordPress/6.3.8; https://serhatburke.miroglu.net"
104.166.164.25 - - [17/Apr/2026:17:46:45 +0300] "POST /xmlrpc.php HTTP/1.1" 200 630 "-" "Mozilla/5.0 (Windows NT 10.0; Win64; x64) AppleWebKit/537.36 (KHTML, like Gecko) Chrome/114.0.0.0 Safari/537.36"
185.191.206.67 - - [17/Apr/2026:17:46:42 +0300] "POST /xmlrpc.php HTTP/1.1" 200 13504 "-" "Mozilla/5.0 (Windows NT 10.0; Win64; x64) AppleWebKit/537.36 (KHTML, like Gecko) Chrome/114.0.0.0 Safari/537.36"
104.166.164.25 - - [17/Apr/2026:17:47:06 +0300] "POST /xmlrpc.php HTTP/1.1" 200 13210 "-" "Mozilla/5.0 (Windows NT 10.0; Win64; x64) AppleWebKit/537.36 (KHTML, like Gecko) Chrome/114.0.0.0 Safari/537.36"
104.166.164.25 - - [17/Apr/2026:17:47:21 +0300] "GET /desert-indian-dreaming-online-slot-night-casino-2026/ HTTP/1.1" 200 74149 "-" "Mozilla/5.0 (Windows NT 10.0; Win64; x64) AppleWebKit/537.36 (KHTML, like Gecko) Chrome/109.0.0.0 Safari/537.36"
185.191.206.67 - - [17/Apr/2026:17:47:14 +0300] "GET /beste-echtgeld-angeschlossen-casinos-jedweder-in-casino-60-kostenlose-spins-keine-einzahlung-dieser-spielsaal-register%E3%80%902026%E3%80%91/ HTTP/1.1" 200 76864 "-" "Mozilla/5.0 (Windows NT 10.0; Win64; x64) AppleWebKit/537.36 (KHTML, like Gecko) Chrome/124.0.0.0 Safari/537.36 Edg/124.0.0.0"
185.216.113.70 - - [17/Apr/2026:17:47:50 +0300] "POST /wp-cron.php?doing_wp_cron=1776437270.6467180252075195312500 HTTP/1.1" 200 448 "-" "WordPress/6.3.8; https://serhatburke.miroglu.net"
209.50.186.169 - - [17/Apr/2026:17:47:38 +0300] "GET /wp-login.php HTTP/2" 200 3091 "-" "Mozilla/5.0 (Windows NT 10.0; Win64; x64) AppleWebKit/537.36 (KHTML, like Gecko) Chrome/124.0.6367.207 Safari/537.36"
209.50.186.169 - - [17/Apr/2026:17:48:01 +0300] "POST /xmlrpc.php HTTP/2" 200 108 "-" "Mozilla/5.0 (Macintosh; Intel Mac OS X 13_5) AppleWebKit/605.1.15 (KHTML, like Gecko) Version/17.5 Safari/605.1.15"
185.216.113.70 - - [17/Apr/2026:17:48:16 +0300] "POST /wp-cron.php?doing_wp_cron=1776437296.2089769840240478515625 HTTP/1.1" 200 448 "-" "WordPress/6.3.8; https://serhatburke.miroglu.net"
185.191.206.67 - - [17/Apr/2026:17:47:46 +0300] "POST /xmlrpc.php HTTP/1.1" 200 630 "-" "Mozilla/5.0 (Windows NT 10.0; Win64; x64) AppleWebKit/537.36 (KHTML, like Gecko) Chrome/114.0.0.0 Safari/537.36"
209.50.186.169 - - [17/Apr/2026:17:48:15 +0300] "POST /xmlrpc.php HTTP/2" 200 2881 "-" "Mozilla/5.0 (Windows NT 10.0; Win64; x64; rv:127.0) Gecko/20100101 Firefox/127.0"
185.191.206.67 - - [17/Apr/2026:17:48:22 +0300] "POST /xmlrpc.php HTTP/1.1" 200 15853 "-" "Mozilla/5.0 (Windows NT 10.0; Win64; x64) AppleWebKit/537.36 (KHTML, like Gecko) Chrome/114.0.0.0 Safari/537.36"
185.216.113.70 - - [17/Apr/2026:17:49:04 +0300] "POST /wp-cron.php?doing_wp_cron=1776437343.8800990581512451171875 HTTP/1.1" 200 448 "-" "WordPress/6.3.8; https://serhatburke.miroglu.net"
103.219.169.179 - - [17/Apr/2026:17:48:51 +0300] "POST /xmlrpc.php HTTP/1.1" 200 630 "-" "Mozilla/5.0 (Windows NT 10.0; Win64; x64) AppleWebKit/537.36 (KHTML, like Gecko) Chrome/114.0.0.0 Safari/537.36"
185.216.113.70 - - [17/Apr/2026:17:49:26 +0300] "POST /wp-cron.php?doing_wp_cron=1776437365.9911940097808837890625 HTTP/1.1" 200 448 "-" "WordPress/6.3.8; https://serhatburke.miroglu.net"
185.191.206.67 - - [17/Apr/2026:17:48:56 +0300] "GET /drehschussel-unter-anderem-kohlenmonoxid-neue-casinos-no-deposit-vulkan-spiele-das-ist-originell-in-wolfsburgs-spielplatzen/ HTTP/1.1" 200 78730 "-" "Mozilla/5.0 (Windows NT 10.0; Win64; x64) AppleWebKit/537.36 (KHTML, like Gecko) Chrome/124.0.0.0 Safari/537.36"
57.128.22.95 - - [17/Apr/2026:17:49:09 +0300] "GET /zotabet-casino-bonus-premier-depot-2026/ HTTP/1.1" 200 18524 "https://serhatburke.miroglu.net/" "Mozilla/5.0 (Macintosh; Intel Mac OS X 10_15_7) AppleWebKit/537.36 (KHTML, like Gecko) Chrome/146.0.0.0 Safari/537.36 Edg/146.0.0.0"
103.219.169.179 - - [17/Apr/2026:17:49:11 +0300] "POST /xmlrpc.php HTTP/1.1" 200 13596 "-" "Mozilla/5.0 (Windows NT 10.0; Win64; x64) AppleWebKit/537.36 (KHTML, like Gecko) Chrome/114.0.0.0 Safari/537.36"
159.223.61.53 - - [17/Apr/2026:17:49:10 +0300] "GET /casino-online-skrill-prelievo-veloce/ HTTP/1.1" 200 18092 "https://serhatburke.miroglu.net/" "Mozilla/5.0 (Windows NT 10.0; Win64; x64; rv:140.0) Gecko/20100101 Firefox/140.0"
167.160.180.44 - - [17/Apr/2026:17:49:35 +0300] "GET /wp-includes/css/dist/block-library/style.min.css?ver=6.3.8 HTTP/1.1" 200 13578 "https://serhatburke.miroglu.net/zotabet-casino-bonus-premier-depot-2026/" "Mozilla/5.0 (Windows NT 10.0; Win64; x64) AppleWebKit/537.36 (KHTML, like Gecko) Chrome/145.0.0.0 Safari/537.36"
167.160.180.44 - - [17/Apr/2026:17:49:37 +0300] "GET /wp-content/plugins/contact-form-7/includes/css/styles.css?ver=5.8 HTTP/1.1" 200 1490 "https://serhatburke.miroglu.net/zotabet-casino-bonus-premier-depot-2026/" "Mozilla/5.0 (Windows NT 10.0; Win64; x64) AppleWebKit/537.36 (KHTML, like Gecko) Chrome/145.0.0.0 Safari/537.36"
167.160.180.44 - - [17/Apr/2026:17:49:38 +0300] "GET /wp-content/themes/toppic/css/fontello.css?ver=4.2 HTTP/1.1" 200 1802 "https://serhatburke.miroglu.net/zotabet-casino-bonus-premier-depot-2026/" "Mozilla/5.0 (Windows NT 10.0; Win64; x64) AppleWebKit/537.36 (KHTML, like Gecko) Chrome/145.0.0.0 Safari/537.36"
167.160.180.44 - - [17/Apr/2026:17:49:39 +0300] "GET /wp-content/themes/toppic/css/reset.css?ver=4.2 HTTP/1.1" 200 1178 "https://serhatburke.miroglu.net/zotabet-casino-bonus-premier-depot-2026/" "Mozilla/5.0 (Windows NT 10.0; Win64; x64) AppleWebKit/537.36 (KHTML, like Gecko) Chrome/145.0.0.0 Safari/537.36"
167.160.180.44 - - [17/Apr/2026:17:49:41 +0300] "GET /wp-content/themes/toppic/css/default.css?ver=4.2 HTTP/1.1" 200 1811 "https://serhatburke.miroglu.net/zotabet-casino-bonus-premier-depot-2026/" "Mozilla/5.0 (Windows NT 10.0; Win64; x64) AppleWebKit/537.36 (KHTML, like Gecko) Chrome/145.0.0.0 Safari/537.36"
167.160.180.44 - - [17/Apr/2026:17:49:42 +0300] "GET /wp-content/themes/toppic/style.css?ver=4.2 HTTP/1.1" 200 23398 "https://serhatburke.miroglu.net/zotabet-casino-bonus-premier-depot-2026/" "Mozilla/5.0 (Windows NT 10.0; Win64; x64) AppleWebKit/537.36 (KHTML, like Gecko) Chrome/145.0.0.0 Safari/537.36"
167.160.180.44 - - [17/Apr/2026:17:49:43 +0300] "GET /wp-content/themes/toppic/css/royalslider.css?ver=4.2 HTTP/1.1" 200 1887 "https://serhatburke.miroglu.net/zotabet-casino-bonus-premier-depot-2026/" "Mozilla/5.0 (Windows NT 10.0; Win64; x64) AppleWebKit/537.36 (KHTML, like Gecko) Chrome/145.0.0.0 Safari/537.36"
167.160.180.44 - - [17/Apr/2026:17:49:45 +0300] "GET /wp-content/themes/toppic/css/rs-default.css?ver=4.2 HTTP/1.1" 200 2625 "https://serhatburke.miroglu.net/zotabet-casino-bonus-premier-depot-2026/" "Mozilla/5.0 (Windows NT 10.0; Win64; x64) AppleWebKit/537.36 (KHTML, like Gecko) Chrome/145.0.0.0 Safari/537.36"
167.160.180.44 - - [17/Apr/2026:17:49:46 +0300] "GET /wp-content/themes/toppic/css/lightbox.css?ver=4.2 HTTP/1.1" 200 2956 "https://serhatburke.miroglu.net/zotabet-casino-bonus-premier-depot-2026/" "Mozilla/5.0 (Windows NT 10.0; Win64; x64) AppleWebKit/537.36 (KHTML, like Gecko) Chrome/145.0.0.0 Safari/537.36"
167.160.180.44 - - [17/Apr/2026:17:49:47 +0300] "GET /wp-content/themes/toppic/css/woocommerce.css?ver=4.2 HTTP/1.1" 200 2848 "https://serhatburke.miroglu.net/zotabet-casino-bonus-premier-depot-2026/" "Mozilla/5.0 (Windows NT 10.0; Win64; x64) AppleWebKit/537.36 (KHTML, like Gecko) Chrome/145.0.0.0 Safari/537.36"
167.160.180.44 - - [17/Apr/2026:17:49:48 +0300] "GET /wp-content/themes/toppic/css/responsive.css?ver=4.2 HTTP/1.1" 200 2796 "https://serhatburke.miroglu.net/zotabet-casino-bonus-premier-depot-2026/" "Mozilla/5.0 (Windows NT 10.0; Win64; x64) AppleWebKit/537.36 (KHTML, like Gecko) Chrome/145.0.0.0 Safari/537.36"
103.219.169.179 - - [17/Apr/2026:17:49:36 +0300] "GET /for-all-new-trick-of-treat-150-resenas-de-giros-gratis-players/ HTTP/1.1" 200 74585 "-" "Mozilla/5.0 (Windows NT 10.0; Win64; x64) AppleWebKit/537.36 (KHTML, like Gecko) Chrome/109.0.0.0 Safari/537.36"
159.223.61.53 - - [17/Apr/2026:17:49:40 +0300] "GET /wp-login.php?action=register HTTP/1.1" 302 702 "https://serhatburke.miroglu.net/casino-online-skrill-prelievo-veloce/" "Mozilla/5.0 (Windows NT 6.3; Win64; x64) AppleWebKit/537.36 (KHTML, like Gecko) Chrome/103.0.0.0 Safari/537.36"
167.160.180.44 - - [17/Apr/2026:17:49:50 +0300] "POST /wp-comments-post.php HTTP/1.1" 302 1087 "https://serhatburke.miroglu.net/zotabet-casino-bonus-premier-depot-2026/" "Mozilla/5.0 (Macintosh; Intel Mac OS X 10_15_7) AppleWebKit/537.36 (KHTML, like Gecko) Chrome/146.0.0.0 Safari/537.36 Edg/146.0.0.0"
185.191.206.67 - - [17/Apr/2026:17:49:28 +0300] "POST /xmlrpc.php HTTP/1.1" 200 630 "-" "Mozilla/5.0 (Windows NT 10.0; Win64; x64) AppleWebKit/537.36 (KHTML, like Gecko) Chrome/114.0.0.0 Safari/537.36"
159.223.61.53 - - [17/Apr/2026:17:49:59 +0300] "GET /wp-login.php?registration=disabled HTTP/1.1" 200 3805 "https://serhatburke.miroglu.net/wp-login.php?action=register" "Mozilla/5.0 (Windows NT 6.3; Win64; x64) AppleWebKit/537.36 (KHTML, like Gecko) Chrome/103.0.0.0 Safari/537.36"
185.216.113.70 - - [17/Apr/2026:17:50:21 +0300] "POST /wp-cron.php?doing_wp_cron=1776437420.9075489044189453125000 HTTP/1.1" 200 448 "-" "WordPress/6.3.8; https://serhatburke.miroglu.net"
167.160.180.44 - - [17/Apr/2026:17:50:06 +0300] "GET /zotabet-casino-bonus-premier-depot-2026/?unapproved=446&moderation-hash=5f82ddc670c8db5073158bdbb4dca0f9 HTTP/1.1" 200 19049 "https://serhatburke.miroglu.net/wp-comments-post.php" "Mozilla/5.0 (Macintosh; Intel Mac OS X 10_15_7) AppleWebKit/537.36 (KHTML, like Gecko) Chrome/146.0.0.0 Safari/537.36 Edg/146.0.0.0"
57.128.22.95 - - [17/Apr/2026:17:50:21 +0300] "GET /zotabet-casino-bonus-premier-depot-2026/ HTTP/1.1" 200 18500 "-" "Mozilla/5.0 (compatible; Googlebot/2.1; +http://www.google.com/bot.html)"
185.191.206.67 - - [17/Apr/2026:17:50:11 +0300] "POST /xmlrpc.php HTTP/1.1" 200 13625 "-" "Mozilla/5.0 (Windows NT 10.0; Win64; x64) AppleWebKit/537.36 (KHTML, like Gecko) Chrome/114.0.0.0 Safari/537.36"
104.166.164.25 - - [17/Apr/2026:17:50:32 +0300] "POST /xmlrpc.php HTTP/1.1" 200 630 "-" "Mozilla/5.0 (Windows NT 10.0; Win64; x64) AppleWebKit/537.36 (KHTML, like Gecko) Chrome/114.0.0.0 Safari/537.36"
65.111.9.106 - - [17/Apr/2026:17:50:41 +0300] "GET /wp-login.php HTTP/2" 200 3091 "-" "Mozilla/5.0 (Windows NT 10.0; Win64; x64) AppleWebKit/537.36 (KHTML, like Gecko) Chrome/124.0.6367.207 Safari/537.36"
104.166.164.25 - - [17/Apr/2026:17:50:53 +0300] "POST /xmlrpc.php HTTP/1.1" 200 13238 "-" "Mozilla/5.0 (Windows NT 10.0; Win64; x64) AppleWebKit/537.36 (KHTML, like Gecko) Chrome/114.0.0.0 Safari/537.36"
185.191.206.67 - - [17/Apr/2026:17:50:44 +0300] "GET /handball-wm-in-dortmund-tickets-nicht-casinospiele-von-merkur-eher-als-15-euroletten/ HTTP/1.1" 200 75665 "-" "Mozilla/5.0 (Windows NT 10.0; rv:109.0) Gecko/20100101 Firefox/115.0"
104.166.164.25 - - [17/Apr/2026:17:51:07 +0300] "GET /dr-bet-remark-2026-pro-greatest-odyssey-slot-free-spins-affiliate-dr-choice-ratings/ HTTP/1.1" 200 74746 "-" "Mozilla/5.0 (Windows NT 10.0; Win64; x64) AppleWebKit/537.36 (KHTML, like Gecko) Chrome/124.0.0.0 Safari/537.36"
185.216.113.70 - - [17/Apr/2026:17:51:40 +0300] "POST /wp-cron.php?doing_wp_cron=1776437500.8282940387725830078125 HTTP/1.1" 200 448 "-" "WordPress/6.3.8; https://serhatburke.miroglu.net"
185.191.206.67 - - [17/Apr/2026:17:51:12 +0300] "POST /xmlrpc.php HTTP/1.1" 200 630 "-" "Mozilla/5.0 (Windows NT 10.0; Win64; x64) AppleWebKit/537.36 (KHTML, like Gecko) Chrome/114.0.0.0 Safari/537.36"
185.216.113.70 - - [17/Apr/2026:17:51:48 +0300] "POST /wp-cron.php?doing_wp_cron=1776437508.1264688968658447265625 HTTP/1.1" 200 448 "-" "WordPress/6.3.8; https://serhatburke.miroglu.net"
104.207.59.48 - - [17/Apr/2026:17:51:36 +0300] "POST /xmlrpc.php HTTP/2" 200 110 "-" "Mozilla/5.0 (Windows NT 10.0; Win64; x64) AppleWebKit/537.36 (KHTML, like Gecko) Chrome/124.0.6367.207 Safari/537.36"
104.207.59.48 - - [17/Apr/2026:17:51:57 +0300] "POST /xmlrpc.php HTTP/2" 200 2273 "-" "Mozilla/5.0 (Windows NT 10.0; Win64; x64; rv:127.0) Gecko/20100101 Firefox/127.0"
185.191.206.67 - - [17/Apr/2026:17:51:46 +0300] "POST /xmlrpc.php HTTP/1.1" 200 15465 "-" "Mozilla/5.0 (Windows NT 10.0; Win64; x64) AppleWebKit/537.36 (KHTML, like Gecko) Chrome/114.0.0.0 Safari/537.36"
185.216.113.70 - - [17/Apr/2026:17:52:48 +0300] "POST /wp-cron.php?doing_wp_cron=1776437568.2700879573822021484375 HTTP/1.1" 200 448 "-" "WordPress/6.3.8; https://serhatburke.miroglu.net"
185.191.206.67 - - [17/Apr/2026:17:52:18 +0300] "GET /wunderino-erfahrungen-aftershock-frenzy-casino-probe-2026-meine-bewertung-junkie-reviews/ HTTP/1.1" 200 77697 "-" "Mozilla/5.0 (Windows NT 10.0; Win64; x64; rv:125.0) Gecko/20100101 Firefox/125.0"
103.219.169.179 - - [17/Apr/2026:17:53:03 +0300] "POST /xmlrpc.php HTTP/1.1" 200 630 "-" "Mozilla/5.0 (Windows NT 10.0; Win64; x64) AppleWebKit/537.36 (KHTML, like Gecko) Chrome/114.0.0.0 Safari/537.36"
185.191.206.67 - - [17/Apr/2026:17:52:52 +0300] "POST /xmlrpc.php HTTP/1.1" 200 630 "-" "Mozilla/5.0 (Windows NT 10.0; Win64; x64) AppleWebKit/537.36 (KHTML, like Gecko) Chrome/114.0.0.0 Safari/537.36"
185.216.113.70 - - [17/Apr/2026:17:53:35 +0300] "POST /wp-cron.php?doing_wp_cron=1776437615.2239799499511718750000 HTTP/1.1" 200 448 "-" "WordPress/6.3.8; https://serhatburke.miroglu.net"
103.219.169.179 - - [17/Apr/2026:17:53:21 +0300] "POST /xmlrpc.php HTTP/1.1" 200 15694 "-" "Mozilla/5.0 (Windows NT 10.0; Win64; x64) AppleWebKit/537.36 (KHTML, like Gecko) Chrome/114.0.0.0 Safari/537.36"
103.219.169.179 - - [17/Apr/2026:17:53:37 +0300] "GET /the-wish-master-slot-haga-clic-para-obtener-informacion-review-2026-free-play-96-45-rtp/ HTTP/1.1" 200 77386 "-" "Mozilla/5.0 (Windows NT 10.0; Win64; x64) AppleWebKit/537.36 (KHTML, like Gecko) Chrome/122.0.0.0 Safari/537.36"
185.216.113.70 - - [17/Apr/2026:17:53:56 +0300] "POST /wp-cron.php?doing_wp_cron=1776437636.8207800388336181640625 HTTP/1.1" 200 448 "-" "WordPress/6.3.8; https://serhatburke.miroglu.net"
185.191.206.67 - - [17/Apr/2026:17:53:26 +0300] "POST /xmlrpc.php HTTP/1.1" 200 15715 "-" "Mozilla/5.0 (Windows NT 10.0; Win64; x64) AppleWebKit/537.36 (KHTML, like Gecko) Chrome/114.0.0.0 Safari/537.36"
185.191.206.67 - - [17/Apr/2026:17:53:58 +0300] "GET /laden-damit-auf-dem-weg-fruit-case-spielautomat-zu-hinter-gewinnen/ HTTP/1.1" 200 77186 "-" "Mozilla/5.0 (Windows NT 10.0; Win64; x64) AppleWebKit/537.36 (KHTML, like Gecko) Chrome/123.0.0.0 Safari/537.36"
104.166.164.25 - - [17/Apr/2026:17:54:35 +0300] "POST /xmlrpc.php HTTP/1.1" 200 630 "-" "Mozilla/5.0 (Windows NT 10.0; Win64; x64) AppleWebKit/537.36 (KHTML, like Gecko) Chrome/114.0.0.0 Safari/537.36"
185.216.113.70 - - [17/Apr/2026:17:55:07 +0300] "POST /wp-cron.php?doing_wp_cron=1776437707.8015940189361572265625 HTTP/1.1" 200 448 "-" "WordPress/6.3.8; https://serhatburke.miroglu.net"
185.191.206.67 - - [17/Apr/2026:17:54:37 +0300] "POST /xmlrpc.php HTTP/1.1" 200 630 "-" "Mozilla/5.0 (Windows NT 10.0; Win64; x64) AppleWebKit/537.36 (KHTML, like Gecko) Chrome/114.0.0.0 Safari/537.36"
185.216.113.70 - - [17/Apr/2026:17:55:10 +0300] "POST /wp-cron.php?doing_wp_cron=1776437710.6225628852844238281250 HTTP/1.1" 200 448 "-" "WordPress/6.3.8; https://serhatburke.miroglu.net"
104.166.164.25 - - [17/Apr/2026:17:54:55 +0300] "POST /xmlrpc.php HTTP/1.1" 200 12993 "-" "Mozilla/5.0 (Windows NT 10.0; Win64; x64) AppleWebKit/537.36 (KHTML, like Gecko) Chrome/114.0.0.0 Safari/537.36"
57.128.22.95 - - [17/Apr/2026:17:55:19 +0300] "GET /zotabet-casino-bonus-premier-depot-2026/ HTTP/1.1" 200 18530 "-" "Mozilla/5.0 (compatible; Googlebot/2.1; +http://www.google.com/bot.html)"
104.166.164.25 - - [17/Apr/2026:17:55:12 +0300] "GET /put-5-and-also-have-one-hundred-free-slot-6-million-dollar-man-revolves-better-5-extra-gambling-enterprises/ HTTP/1.1" 200 75369 "-" "Mozilla/5.0 (Windows NT 10.0; Win64; x64) AppleWebKit/537.36 (KHTML, like Gecko) Chrome/124.0.0.0 Safari/537.36 Edg/124.0.0.0"
185.191.206.67 - - [17/Apr/2026:17:55:14 +0300] "POST /xmlrpc.php HTTP/1.1" 200 15629 "-" "Mozilla/5.0 (Windows NT 10.0; Win64; x64) AppleWebKit/537.36 (KHTML, like Gecko) Chrome/114.0.0.0 Safari/537.36"
185.216.113.70 - - [17/Apr/2026:17:56:27 +0300] "POST /wp-cron.php?doing_wp_cron=1776437787.2178940773010253906250 HTTP/1.1" 200 448 "-" "WordPress/6.3.8; https://serhatburke.miroglu.net"
185.191.206.67 - - [17/Apr/2026:17:55:59 +0300] "GET /paypal-spielen-sie-all-lucky-clovers-slots-sicheres-bequemes-erreichbar-glucksspiel-wunderino-de/ HTTP/1.1" 200 78301 "-" "Mozilla/5.0 (Windows NT 10.0; Win64; x64) AppleWebKit/537.36 (KHTML, like Gecko) Chrome/124.0.0.0 Safari/537.36 Edg/124.0.0.0"
185.216.113.70 - - [17/Apr/2026:17:56:40 +0300] "POST /wp-cron.php?doing_wp_cron=1776437800.3007199764251708984375 HTTP/1.1" 200 448 "-" "WordPress/6.3.8; https://serhatburke.miroglu.net"
185.191.206.67 - - [17/Apr/2026:17:56:12 +0300] "POST /xmlrpc.php HTTP/1.1" 200 630 "-" "Mozilla/5.0 (Windows NT 10.0; Win64; x64) AppleWebKit/537.36 (KHTML, like Gecko) Chrome/114.0.0.0 Safari/537.36"
185.191.206.67 - - [17/Apr/2026:17:56:46 +0300] "POST /xmlrpc.php HTTP/1.1" 200 15472 "-" "Mozilla/5.0 (Windows NT 10.0; Win64; x64) AppleWebKit/537.36 (KHTML, like Gecko) Chrome/114.0.0.0 Safari/537.36"
103.219.169.179 - - [17/Apr/2026:17:57:11 +0300] "POST /xmlrpc.php HTTP/1.1" 200 630 "-" "Mozilla/5.0 (Windows NT 10.0; Win64; x64) AppleWebKit/537.36 (KHTML, like Gecko) Chrome/114.0.0.0 Safari/537.36"
89.167.59.5 - - [17/Apr/2026:17:57:15 +0300] "POST /xmlrpc.php HTTP/1.1" 200 604 "-" "Mozilla/5.0 (Windows NT 10.0; Win64; x64) AppleWebKit/537.36 (KHTML, like Gecko) Chrome/108.0.0.0 Safari/537.36"
185.216.113.70 - - [17/Apr/2026:17:57:45 +0300] "POST /wp-cron.php?doing_wp_cron=1776437865.6145620346069335937500 HTTP/1.1" 200 448 "-" "WordPress/6.3.8; https://serhatburke.miroglu.net"
89.167.59.5 - - [17/Apr/2026:17:57:31 +0300] "POST /xmlrpc.php HTTP/1.1" 200 3933 "-" "Mozilla/5.0 (Windows NT 10.0; Win64; x64) AppleWebKit/537.36 (KHTML, like Gecko) Chrome/108.0.0.0 Safari/537.36"
103.219.169.179 - - [17/Apr/2026:17:57:32 +0300] "POST /xmlrpc.php HTTP/1.1" 200 14422 "-" "Mozilla/5.0 (Windows NT 10.0; Win64; x64) AppleWebKit/537.36 (KHTML, like Gecko) Chrome/114.0.0.0 Safari/537.36"
185.191.206.67 - - [17/Apr/2026:17:57:14 +0300] "GET /wunderino-spiele-casino-jewels-slot-welches-spiele-portfolio-des-tagesordnungspunkt-casinos/ HTTP/1.1" 200 77460 "-" "Mozilla/5.0 (Windows NT 10.0; Win64; x64) AppleWebKit/537.36 (KHTML, like Gecko) Chrome/123.0.0.0 Safari/537.36 OPR/109.0.0.0"
89.167.59.5 - - [17/Apr/2026:17:57:51 +0300] "GET /top-online-slots-schweiz-jetzt-bonus-sichern/ HTTP/1.1" 200 0 "-" "Mozilla/5.0 (Windows NT 10.0; Win64; x64) AppleWebKit/537.36 (KHTML, like Gecko) Chrome/108.0.0.0 Safari/537.36"
103.219.169.179 - - [17/Apr/2026:17:57:51 +0300] "GET /juegos-yahtzee-juegos-gratuito-en-ranura-highway-kings-pro-linea-sobre-clavejuegos-com/ HTTP/1.1" 200 76133 "-" "Mozilla/5.0 (Windows NT 10.0; Win64; x64) AppleWebKit/537.36 (KHTML, like Gecko) Chrome/123.0.0.0 Safari/537.36 OPR/109.0.0.0"
89.167.59.5 - - [17/Apr/2026:17:58:07 +0300] "POST /xmlrpc.php HTTP/1.1" 200 594 "-" "Mozilla/5.0 (Windows NT 10.0; Win64; x64) AppleWebKit/537.36 (KHTML, like Gecko) Chrome/108.0.0.0 Safari/537.36"
104.166.164.25 - - [17/Apr/2026:17:58:09 +0300] "POST /xmlrpc.php HTTP/1.1" 200 630 "-" "Mozilla/5.0 (Windows NT 10.0; Win64; x64) AppleWebKit/537.36 (KHTML, like Gecko) Chrome/114.0.0.0 Safari/537.36"
185.191.206.67 - - [17/Apr/2026:17:58:02 +0300] "POST /xmlrpc.php HTTP/1.1" 200 630 "-" "Mozilla/5.0 (Windows NT 10.0; Win64; x64) AppleWebKit/537.36 (KHTML, like Gecko) Chrome/114.0.0.0 Safari/537.36"
185.216.113.70 - - [17/Apr/2026:17:58:45 +0300] "POST /wp-cron.php?doing_wp_cron=1776437924.9348249435424804687500 HTTP/1.1" 200 448 "-" "WordPress/6.3.8; https://serhatburke.miroglu.net"
104.166.164.25 - - [17/Apr/2026:17:58:32 +0300] "POST /xmlrpc.php HTTP/1.1" 200 12833 "-" "Mozilla/5.0 (Windows NT 10.0; Win64; x64) AppleWebKit/537.36 (KHTML, like Gecko) Chrome/114.0.0.0 Safari/537.36"
104.166.164.25 - - [17/Apr/2026:17:58:46 +0300] "GET /vintage-kenner-terminator-2-cellular-gambling-establishment-drueck-glueck-a-hundred-no-deposit-extra-assault-auto-the-pokie-fruit-cocktail-fresh-inside-basket-1991-andrade-rents/ HTTP/1.1" 200 76992 "-" "Mozilla/5.0 (Windows NT 10.0; Win64; x64; rv:125.0) Gecko/20100101 Firefox/125.0"
185.216.113.70 - - [17/Apr/2026:17:59:17 +0300] "POST /wp-cron.php?doing_wp_cron=1776437957.5524899959564208984375 HTTP/1.1" 200 448 "-" "WordPress/6.3.8; https://serhatburke.miroglu.net"
185.191.206.67 - - [17/Apr/2026:17:58:43 +0300] "POST /xmlrpc.php HTTP/1.1" 200 13143 "-" "Mozilla/5.0 (Windows NT 10.0; Win64; x64) AppleWebKit/537.36 (KHTML, like Gecko) Chrome/114.0.0.0 Safari/537.36"
185.191.206.67 - - [17/Apr/2026:17:59:22 +0300] "GET /wunderino-bonus-quelle-des-artikels-code-40-voucher-marz-2026/ HTTP/1.1" 200 74379 "-" "Mozilla/5.0 (Windows NT 10.0; Win64; x64) AppleWebKit/537.36 (KHTML, like Gecko) Chrome/124.0.0.0 Safari/537.36 Edg/124.0.0.0"
185.191.206.67 - - [17/Apr/2026:17:59:38 +0300] "POST /xmlrpc.php HTTP/1.1" 200 630 "-" "Mozilla/5.0 (Windows NT 10.0; Win64; x64) AppleWebKit/537.36 (KHTML, like Gecko) Chrome/114.0.0.0 Safari/537.36"
185.216.113.70 - - [17/Apr/2026:18:00:43 +0300] "POST /wp-cron.php?doing_wp_cron=1776438043.0742669105529785156250 HTTP/1.1" 200 448 "-" "WordPress/6.3.8; https://serhatburke.miroglu.net"
185.191.206.67 - - [17/Apr/2026:18:00:14 +0300] "POST /xmlrpc.php HTTP/1.1" 200 15681 "-" "Mozilla/5.0 (Windows NT 10.0; Win64; x64) AppleWebKit/537.36 (KHTML, like Gecko) Chrome/114.0.0.0 Safari/537.36"
185.191.206.67 - - [17/Apr/2026:18:00:43 +0300] "GET /erreichbar-casino-testsieger-slot-starburst-2025-gabe-warentest/ HTTP/1.1" 200 77418 "-" "Mozilla/5.0 (Windows NT 10.0; Win64; x64; rv:124.0) Gecko/20100101 Firefox/124.0"
185.216.113.70 - - [17/Apr/2026:18:01:41 +0300] "POST /wp-cron.php?doing_wp_cron=1776438101.2504010200500488281250 HTTP/1.1" 200 448 "-" "WordPress/6.3.8; https://serhatburke.miroglu.net"
185.191.206.67 - - [17/Apr/2026:18:01:11 +0300] "POST /xmlrpc.php HTTP/1.1" 200 630 "-" "Mozilla/5.0 (Windows NT 10.0; Win64; x64) AppleWebKit/537.36 (KHTML, like Gecko) Chrome/114.0.0.0 Safari/537.36"
103.219.169.179 - - [17/Apr/2026:18:01:34 +0300] "POST /xmlrpc.php HTTP/1.1" 200 630 "-" "Mozilla/5.0 (Windows NT 10.0; Win64; x64) AppleWebKit/537.36 (KHTML, like Gecko) Chrome/114.0.0.0 Safari/537.36"
104.166.164.25 - - [17/Apr/2026:18:01:43 +0300] "POST /xmlrpc.php HTTP/1.1" 200 630 "-" "Mozilla/5.0 (Windows NT 10.0; Win64; x64) AppleWebKit/537.36 (KHTML, like Gecko) Chrome/114.0.0.0 Safari/537.36"
103.219.169.179 - - [17/Apr/2026:18:01:57 +0300] "POST /xmlrpc.php HTTP/1.1" 200 15147 "-" "Mozilla/5.0 (Windows NT 10.0; Win64; x64) AppleWebKit/537.36 (KHTML, like Gecko) Chrome/114.0.0.0 Safari/537.36"
185.191.206.67 - - [17/Apr/2026:18:01:47 +0300] "POST /xmlrpc.php HTTP/1.1" 200 15542 "-" "Mozilla/5.0 (Windows NT 10.0; Win64; x64) AppleWebKit/537.36 (KHTML, like Gecko) Chrome/114.0.0.0 Safari/537.36"
104.166.164.25 - - [17/Apr/2026:18:02:14 +0300] "POST /xmlrpc.php HTTP/1.1" 200 12789 "-" "Mozilla/5.0 (Windows NT 10.0; Win64; x64) AppleWebKit/537.36 (KHTML, like Gecko) Chrome/114.0.0.0 Safari/537.36"
185.216.113.70 - - [17/Apr/2026:18:02:43 +0300] "POST /wp-cron.php?doing_wp_cron=1776438163.1671481132507324218750 HTTP/1.1" 200 448 "-" "WordPress/6.3.8; https://serhatburke.miroglu.net"
103.219.169.179 - - [17/Apr/2026:18:02:20 +0300] "GET /resena-ranura-jack-beanstalk-blueprints/ HTTP/1.1" 200 75773 "-" "Mozilla/5.0 (Windows NT 10.0; Win64; x64) AppleWebKit/537.36 (KHTML, like Gecko) Chrome/123.0.0.0 Safari/537.36 OPR/109.0.0.0"
89.124.67.159 - - [17/Apr/2026:18:02:29 +0300] "POST /xmlrpc.php HTTP/1.1" 200 673 "-" "Python-xmlrpc/3.11"
