185.216.113.70 - - [17/Apr/2026:16:00:44 +0300] "POST /wp-cron.php?doing_wp_cron=1776430844.8693640232086181640625 HTTP/1.1" 200 448 "-" "WordPress/6.3.8; https://serhatburke.miroglu.net"
103.219.169.179 - - [17/Apr/2026:16:00:32 +0300] "POST /xmlrpc.php HTTP/1.1" 200 630 "-" "Mozilla/5.0 (Windows NT 10.0; Win64; x64) AppleWebKit/537.36 (KHTML, like Gecko) Chrome/114.0.0.0 Safari/537.36"
77.232.38.47 - - [17/Apr/2026:16:00:36 +0300] "POST /xmlrpc.php HTTP/1.1" 200 88583 "-" "Mozilla/5.0 (Windows NT 10.0; Win64; x64) AppleWebKit/537.36 (KHTML, like Gecko) Chrome/120.0.0.0 Safari/537.36"
103.219.169.179 - - [17/Apr/2026:16:00:52 +0300] "POST /xmlrpc.php HTTP/1.1" 200 15328 "-" "Mozilla/5.0 (Windows NT 10.0; Win64; x64) AppleWebKit/537.36 (KHTML, like Gecko) Chrome/114.0.0.0 Safari/537.36"
77.232.38.47 - - [17/Apr/2026:16:00:54 +0300] "POST /xmlrpc.php HTTP/1.1" 200 725 "-" "Mozilla/5.0 (Windows NT 10.0; Win64; x64) AppleWebKit/537.36 (KHTML, like Gecko) Chrome/120.0.0.0 Safari/537.36"
103.219.169.179 - - [17/Apr/2026:16:01:09 +0300] "GET /casinos-en-linea-wild-turkey-120-giros-gratis-referente-a-usada-top-casinos-con-dinero-conveniente-2026/ HTTP/1.1" 200 77541 "-" "Mozilla/5.0 (Windows NT 10.0; Win64; x64; rv:125.0) Gecko/20100101 Firefox/125.0"
185.216.113.70 - - [17/Apr/2026:16:01:42 +0300] "POST /wp-cron.php?doing_wp_cron=1776430901.9619119167327880859375 HTTP/1.1" 200 448 "-" "WordPress/6.3.8; https://serhatburke.miroglu.net"
77.232.38.47 - - [17/Apr/2026:16:01:29 +0300] "POST /xmlrpc.php HTTP/1.1" 200 667 "-" "Mozilla/5.0 (Windows NT 10.0; Win64; x64) AppleWebKit/537.36 (KHTML, like Gecko) Chrome/120.0.0.0 Safari/537.36"
77.232.38.47 - - [17/Apr/2026:16:01:43 +0300] "POST /xmlrpc.php HTTP/1.1" 200 706 "-" "Mozilla/5.0 (Windows NT 10.0; Win64; x64) AppleWebKit/537.36 (KHTML, like Gecko) Chrome/120.0.0.0 Safari/537.36"
104.166.164.25 - - [17/Apr/2026:16:01:47 +0300] "POST /xmlrpc.php HTTP/1.1" 200 630 "-" "Mozilla/5.0 (Windows NT 10.0; Win64; x64) AppleWebKit/537.36 (KHTML, like Gecko) Chrome/114.0.0.0 Safari/537.36"
104.166.164.25 - - [17/Apr/2026:16:02:11 +0300] "POST /xmlrpc.php HTTP/1.1" 200 12088 "-" "Mozilla/5.0 (Windows NT 10.0; Win64; x64) AppleWebKit/537.36 (KHTML, like Gecko) Chrome/114.0.0.0 Safari/537.36"
216.73.216.76 - - [17/Apr/2026:16:02:13 +0300] "GET /robots.txt HTTP/2" 200 110 "-" "Mozilla/5.0 AppleWebKit/537.36 (KHTML, like Gecko; compatible; ClaudeBot/1.0; +claudebot@anthropic.com)"
66.249.73.14 - - [17/Apr/2026:16:02:25 +0300] "GET /robots.txt HTTP/1.1" 200 719 "-" "Mozilla/5.0 (compatible; Googlebot/2.1; +http://www.google.com/bot.html)"
185.216.113.70 - - [17/Apr/2026:16:02:41 +0300] "POST /wp-cron.php?doing_wp_cron=1776430961.1950790882110595703125 HTTP/1.1" 200 448 "-" "WordPress/6.3.8; https://serhatburke.miroglu.net"
104.166.164.25 - - [17/Apr/2026:16:02:27 +0300] "GET /double-down-local-casino-rules-important-hyperlink-and-free-chips-march-2026/ HTTP/1.1" 200 73573 "-" "Mozilla/5.0 (Windows NT 10.0; Win64; x64) AppleWebKit/537.36 (KHTML, like Gecko) Chrome/124.0.0.0 Safari/537.36"
216.73.216.76 - - [17/Apr/2026:16:02:47 +0300] "GET /novoline-casino-codice-bonus-registrazione HTTP/2" 200 0 "-" "Mozilla/5.0 AppleWebKit/537.36 (KHTML, like Gecko; compatible; ClaudeBot/1.0; +claudebot@anthropic.com)"
103.219.169.179 - - [17/Apr/2026:16:02:43 +0300] "POST /xmlrpc.php HTTP/1.1" 200 630 "-" "Mozilla/5.0 (Windows NT 10.0; Win64; x64) AppleWebKit/537.36 (KHTML, like Gecko) Chrome/114.0.0.0 Safari/537.36"
185.216.113.70 - - [17/Apr/2026:16:03:23 +0300] "POST /wp-cron.php?doing_wp_cron=1776431003.5709710121154785156250 HTTP/1.1" 200 448 "-" "WordPress/6.3.8; https://serhatburke.miroglu.net"
103.219.169.179 - - [17/Apr/2026:16:03:07 +0300] "POST /xmlrpc.php HTTP/1.1" 200 14168 "-" "Mozilla/5.0 (Windows NT 10.0; Win64; x64) AppleWebKit/537.36 (KHTML, like Gecko) Chrome/114.0.0.0 Safari/537.36"
200.25.47.109 - - [17/Apr/2026:16:03:14 +0300] "POST /xmlrpc.php HTTP/1.1" 200 630 "-" "Mozilla/5.0 (Windows NT 10.0; Win64; x64) AppleWebKit/537.36 (KHTML, like Gecko) Chrome/114.0.0.0 Safari/537.36"
148.135.195.139 - - [17/Apr/2026:16:03:13 +0300] "GET /top-online-casino-games-2026-play-in-australia-win-22/ HTTP/1.1" 200 110117 "-" "Screaming Frog SEO Spider/16.7"
85.208.96.199 - - [17/Apr/2026:16:03:35 +0300] "GET /robots.txt HTTP/1.1" 200 0 "-" "Mozilla/5.0 (compatible; SemrushBot/7~bl; +http://www.semrush.com/bot.html)"
103.219.169.179 - - [17/Apr/2026:16:03:25 +0300] "GET /tragaperras-oficiales-tiki-wonders-ranura-de-juego-monopoly/ HTTP/1.1" 200 68553 "-" "Mozilla/5.0 (Windows NT 10.0; Win64; x64) AppleWebKit/537.36 (KHTML, like Gecko) Chrome/123.0.0.0 Safari/537.36 OPR/109.0.0.0"
200.25.47.109 - - [17/Apr/2026:16:03:45 +0300] "POST /xmlrpc.php HTTP/1.1" 200 10047 "-" "Mozilla/5.0 (Windows NT 10.0; Win64; x64) AppleWebKit/537.36 (KHTML, like Gecko) Chrome/114.0.0.0 Safari/537.36"
85.208.96.199 - - [17/Apr/2026:16:03:50 +0300] "GET /robots.txt HTTP/1.1" 200 605 "-" "Mozilla/5.0 (compatible; SemrushBot/7~bl; +http://www.semrush.com/bot.html)"
200.25.47.109 - - [17/Apr/2026:16:04:01 +0300] "GET /makul-fiyatli-seyahat-princess-cruises-kumarhane-goldbet-casino-bonus-kodu-isletmesi-simdi-sunuyor/ HTTP/1.1" 200 73006 "-" "Mozilla/5.0 (Windows NT 10.0; Win64; x64) AppleWebKit/537.36 (KHTML, like Gecko) Chrome/123.0.0.0 Safari/537.36 OPR/109.0.0.0"
85.208.96.203 - - [17/Apr/2026:16:04:03 +0300] "GET /gallery/gallery-fullscreen-fit/ HTTP/1.1" 200 18127 "-" "Mozilla/5.0 (compatible; SemrushBot/7~bl; +http://www.semrush.com/bot.html)"
185.216.113.70 - - [17/Apr/2026:16:04:55 +0300] "POST /wp-cron.php?doing_wp_cron=1776431095.2116549015045166015625 HTTP/1.1" 200 448 "-" "WordPress/6.3.8; https://serhatburke.miroglu.net"
103.219.169.179 - - [17/Apr/2026:16:04:42 +0300] "POST /xmlrpc.php HTTP/1.1" 200 630 "-" "Mozilla/5.0 (Windows NT 10.0; Win64; x64) AppleWebKit/537.36 (KHTML, like Gecko) Chrome/114.0.0.0 Safari/537.36"
38.171.203.125 - - [17/Apr/2026:16:04:43 +0300] "POST /xmlrpc.php HTTP/2" 200 140 "-" "WordPress/XMLRPC Client"
38.171.203.125 - - [17/Apr/2026:16:04:57 +0300] "GET /?p=116616 HTTP/2" 301 0 "-" "Mozilla/5.0 (Windows NT 10.0; Win64; x64) AppleWebKit/537.36 (KHTML, like Gecko) Chrome/120.0.0.0 Safari/537.36"
103.219.169.179 - - [17/Apr/2026:16:05:02 +0300] "POST /xmlrpc.php HTTP/1.1" 200 16123 "-" "Mozilla/5.0 (Windows NT 10.0; Win64; x64) AppleWebKit/537.36 (KHTML, like Gecko) Chrome/114.0.0.0 Safari/537.36"
200.25.47.109 - - [17/Apr/2026:16:05:23 +0300] "POST /xmlrpc.php HTTP/1.1" 200 630 "-" "Mozilla/5.0 (Windows NT 10.0; Win64; x64) AppleWebKit/537.36 (KHTML, like Gecko) Chrome/114.0.0.0 Safari/537.36"
103.219.169.179 - - [17/Apr/2026:16:05:19 +0300] "GET /usar-formularios-sobre-google-computador-favorece-de-editores-de-5-tragamonedas-clasicas-de-carrete-documentos-sobre-google/ HTTP/1.1" 200 78821 "-" "Mozilla/5.0 (Windows NT 10.0; Win64; x64; rv:124.0) Gecko/20100101 Firefox/124.0"
185.216.113.70 - - [17/Apr/2026:16:05:57 +0300] "POST /wp-cron.php?doing_wp_cron=1776431157.6375870704650878906250 HTTP/1.1" 200 448 "-" "WordPress/6.3.8; https://serhatburke.miroglu.net"
200.25.47.109 - - [17/Apr/2026:16:05:42 +0300] "POST /xmlrpc.php HTTP/1.1" 200 10639 "-" "Mozilla/5.0 (Windows NT 10.0; Win64; x64) AppleWebKit/537.36 (KHTML, like Gecko) Chrome/114.0.0.0 Safari/537.36"
104.166.164.25 - - [17/Apr/2026:16:05:49 +0300] "POST /xmlrpc.php HTTP/1.1" 200 630 "-" "Mozilla/5.0 (Windows NT 10.0; Win64; x64) AppleWebKit/537.36 (KHTML, like Gecko) Chrome/114.0.0.0 Safari/537.36"
51.39.67.137 - - [17/Apr/2026:16:05:51 +0300] "POST /xmlrpc.php HTTP/2" 200 141 "-" "WordPress/XMLRPC Client"
200.25.47.109 - - [17/Apr/2026:16:06:00 +0300] "GET /2026-icin-abddeki-en-iyi-para-yatirmadan-goldbet-kumarhane-promosyon-kodlari-2026-verilen-bonuslar/ HTTP/1.1" 200 73488 "-" "Mozilla/5.0 (Windows NT 10.0; Win64; x64; rv:124.0) Gecko/20100101 Firefox/124.0"
51.39.67.137 - - [17/Apr/2026:16:06:13 +0300] "GET /?p=116622 HTTP/2" 301 0 "-" "Mozilla/5.0 (Windows NT 10.0; Win64; x64) AppleWebKit/537.36 (KHTML, like Gecko) Chrome/120.0.0.0 Safari/537.36"
104.166.164.25 - - [17/Apr/2026:16:06:17 +0300] "POST /xmlrpc.php HTTP/1.1" 200 13539 "-" "Mozilla/5.0 (Windows NT 10.0; Win64; x64) AppleWebKit/537.36 (KHTML, like Gecko) Chrome/114.0.0.0 Safari/537.36"
185.216.113.70 - - [17/Apr/2026:16:06:47 +0300] "POST /wp-cron.php?doing_wp_cron=1776431207.0342190265655517578125 HTTP/1.1" 200 448 "-" "WordPress/6.3.8; https://serhatburke.miroglu.net"
103.219.169.179 - - [17/Apr/2026:16:06:33 +0300] "POST /xmlrpc.php HTTP/1.1" 200 630 "-" "Mozilla/5.0 (Windows NT 10.0; Win64; x64) AppleWebKit/537.36 (KHTML, like Gecko) Chrome/114.0.0.0 Safari/537.36"
104.166.164.25 - - [17/Apr/2026:16:06:34 +0300] "GET /ramses-publication-by-the-gamomat-realize-an-assessment-casino-internet-and-wager-free/ HTTP/1.1" 200 74804 "-" "Mozilla/5.0 (Windows NT 10.0; Win64; x64) AppleWebKit/537.36 (KHTML, like Gecko) Chrome/124.0.0.0 Safari/537.36"
103.219.169.179 - - [17/Apr/2026:16:06:53 +0300] "POST /xmlrpc.php HTTP/1.1" 200 16293 "-" "Mozilla/5.0 (Windows NT 10.0; Win64; x64) AppleWebKit/537.36 (KHTML, like Gecko) Chrome/114.0.0.0 Safari/537.36"
103.219.169.179 - - [17/Apr/2026:16:07:09 +0300] "GET /best-realistic-slots-probabilidades-de-ganar-golden-tiger-en-internet-classic-styles-and-modern-features/ HTTP/1.1" 200 78606 "-" "Mozilla/5.0 (Windows NT 10.0; Win64; x64) AppleWebKit/537.36 (KHTML, like Gecko) Chrome/123.0.0.0 Safari/537.36 OPR/109.0.0.0"
200.25.47.109 - - [17/Apr/2026:16:07:12 +0300] "POST /xmlrpc.php HTTP/1.1" 200 630 "-" "Mozilla/5.0 (Windows NT 10.0; Win64; x64) AppleWebKit/537.36 (KHTML, like Gecko) Chrome/114.0.0.0 Safari/537.36"
185.216.113.70 - - [17/Apr/2026:16:07:44 +0300] "POST /wp-cron.php?doing_wp_cron=1776431264.6201019287109375000000 HTTP/1.1" 200 448 "-" "WordPress/6.3.8; https://serhatburke.miroglu.net"
200.25.47.109 - - [17/Apr/2026:16:07:32 +0300] "POST /xmlrpc.php HTTP/1.1" 200 9117 "-" "Mozilla/5.0 (Windows NT 10.0; Win64; x64) AppleWebKit/537.36 (KHTML, like Gecko) Chrome/114.0.0.0 Safari/537.36"
200.25.47.109 - - [17/Apr/2026:16:07:47 +0300] "GET /mart-2026da-en-iyi-%100-ucretsiz-revolve-casinolari-para-goldbet-casino-para-yatirma-bonusu-yok-yatirmadan-harbors/ HTTP/1.1" 200 72396 "-" "Mozilla/5.0 (Windows NT 10.0; Win64; x64; rv:124.0) Gecko/20100101 Firefox/124.0"
216.73.216.76 - - [17/Apr/2026:16:08:02 +0300] "GET /sitemap.rss HTTP/2" 200 0 "-" "Mozilla/5.0 AppleWebKit/537.36 (KHTML, like Gecko; compatible; ClaudeBot/1.0; +claudebot@anthropic.com)"
216.73.216.76 - - [17/Apr/2026:16:08:02 +0300] "GET /sitemap.xml HTTP/2" 200 0 "-" "Mozilla/5.0 AppleWebKit/537.36 (KHTML, like Gecko; compatible; ClaudeBot/1.0; +claudebot@anthropic.com)"
185.216.113.70 - - [17/Apr/2026:16:08:49 +0300] "POST /wp-cron.php?doing_wp_cron=1776431329.6389300823211669921875 HTTP/1.1" 200 448 "-" "WordPress/6.3.8; https://serhatburke.miroglu.net"
103.219.169.179 - - [17/Apr/2026:16:08:36 +0300] "POST /xmlrpc.php HTTP/1.1" 200 630 "-" "Mozilla/5.0 (Windows NT 10.0; Win64; x64) AppleWebKit/537.36 (KHTML, like Gecko) Chrome/114.0.0.0 Safari/537.36"
103.219.169.179 - - [17/Apr/2026:16:08:56 +0300] "POST /xmlrpc.php HTTP/1.1" 200 15750 "-" "Mozilla/5.0 (Windows NT 10.0; Win64; x64) AppleWebKit/537.36 (KHTML, like Gecko) Chrome/114.0.0.0 Safari/537.36"
103.219.169.179 - - [17/Apr/2026:16:09:13 +0300] "GET /compte-le-haga-clic-para-obtener-informacion-bon-coin-piedra-resolu-reseaux-sociaux/ HTTP/1.1" 200 77603 "-" "Mozilla/5.0 (Windows NT 10.0; Win64; x64; rv:124.0) Gecko/20100101 Firefox/124.0"
185.216.113.70 - - [17/Apr/2026:16:09:59 +0300] "POST /wp-cron.php?doing_wp_cron=1776431398.9913980960845947265625 HTTP/1.1" 200 448 "-" "WordPress/6.3.8; https://serhatburke.miroglu.net"
104.166.164.25 - - [17/Apr/2026:16:09:45 +0300] "POST /xmlrpc.php HTTP/1.1" 200 630 "-" "Mozilla/5.0 (Windows NT 10.0; Win64; x64) AppleWebKit/537.36 (KHTML, like Gecko) Chrome/114.0.0.0 Safari/537.36"
104.166.164.25 - - [17/Apr/2026:16:10:06 +0300] "POST /xmlrpc.php HTTP/1.1" 200 13462 "-" "Mozilla/5.0 (Windows NT 10.0; Win64; x64) AppleWebKit/537.36 (KHTML, like Gecko) Chrome/114.0.0.0 Safari/537.36"
103.219.169.179 - - [17/Apr/2026:16:10:22 +0300] "POST /xmlrpc.php HTTP/1.1" 200 630 "-" "Mozilla/5.0 (Windows NT 10.0; Win64; x64) AppleWebKit/537.36 (KHTML, like Gecko) Chrome/114.0.0.0 Safari/537.36"
104.166.164.25 - - [17/Apr/2026:16:10:21 +0300] "GET /bonanza-slot-comment-2026-96-rtp-twenty-six000x-max-casino-queen-play-login-winnings/ HTTP/1.1" 200 74891 "-" "Mozilla/5.0 (Windows NT 10.0; Win64; x64) AppleWebKit/537.36 (KHTML, like Gecko) Chrome/109.0.0.0 Safari/537.36"
185.216.113.70 - - [17/Apr/2026:16:10:54 +0300] "POST /wp-cron.php?doing_wp_cron=1776431454.3760340213775634765625 HTTP/1.1" 200 448 "-" "WordPress/6.3.8; https://serhatburke.miroglu.net"
103.219.169.179 - - [17/Apr/2026:16:10:42 +0300] "POST /xmlrpc.php HTTP/1.1" 200 14638 "-" "Mozilla/5.0 (Windows NT 10.0; Win64; x64) AppleWebKit/537.36 (KHTML, like Gecko) Chrome/114.0.0.0 Safari/537.36"
103.219.169.179 - - [17/Apr/2026:16:10:55 +0300] "GET /bier-haus-slot-en-internet-play-for-victorious-1-deposito-free/ HTTP/1.1" 200 75689 "-" "Mozilla/5.0 (Windows NT 10.0; Win64; x64; rv:124.0) Gecko/20100101 Firefox/124.0"
185.216.113.70 - - [17/Apr/2026:16:11:56 +0300] "POST /wp-cron.php?doing_wp_cron=1776431516.4347419738769531250000 HTTP/1.1" 200 448 "-" "WordPress/6.3.8; https://serhatburke.miroglu.net"
66.249.73.15 - - [17/Apr/2026:16:11:43 +0300] "GET /psychologie-von-casino-spielern-warum-gluck-und/ HTTP/1.1" 200 18667 "-" "Mozilla/5.0 (Linux; Android 6.0.1; Nexus 5X Build/MMB29P) AppleWebKit/537.36 (KHTML, like Gecko) Chrome/146.0.7680.177 Mobile Safari/537.36 (compatible; Googlebot/2.1; +http://www.google.com/bot.html)"
103.219.169.179 - - [17/Apr/2026:16:12:02 +0300] "POST /xmlrpc.php HTTP/1.1" 200 630 "-" "Mozilla/5.0 (Windows NT 10.0; Win64; x64) AppleWebKit/537.36 (KHTML, like Gecko) Chrome/114.0.0.0 Safari/537.36"
185.216.113.70 - - [17/Apr/2026:16:12:35 +0300] "POST /wp-cron.php?doing_wp_cron=1776431555.4770829677581787109375 HTTP/1.1" 200 448 "-" "WordPress/6.3.8; https://serhatburke.miroglu.net"
103.219.169.179 - - [17/Apr/2026:16:12:22 +0300] "POST /xmlrpc.php HTTP/1.1" 200 16484 "-" "Mozilla/5.0 (Windows NT 10.0; Win64; x64) AppleWebKit/537.36 (KHTML, like Gecko) Chrome/114.0.0.0 Safari/537.36"
103.219.169.179 - - [17/Apr/2026:16:12:37 +0300] "GET /demo-sobre-pharaohs-fortune-por-igt-hace-el-trabajo-a-modelos-ranura-the-pig-wizard-tragamonedas-gratispharaohs-fortune-es-algun-esparcimiento-cual-ha-capturado-la-amabilidad-de-los-jugadores-grac/ HTTP/1.1" 200 81963 "-" "Mozilla/5.0 (Windows NT 10.0; Win64; x64; rv:124.0) Gecko/20100101 Firefox/124.0"
66.249.73.14 - - [17/Apr/2026:16:12:49 +0300] "GET /l-x27-histoire-fascinante-des-casinos-a-travers-20/ HTTP/1.1" 200 18844 "-" "Mozilla/5.0 (Linux; Android 6.0.1; Nexus 5X Build/MMB29P) AppleWebKit/537.36 (KHTML, like Gecko) Chrome/146.0.7680.177 Mobile Safari/537.36 (compatible; Googlebot/2.1; +http://www.google.com/bot.html)"
185.216.113.70 - - [17/Apr/2026:16:13:47 +0300] "POST /wp-cron.php?doing_wp_cron=1776431627.8565800189971923828125 HTTP/1.1" 200 448 "-" "WordPress/6.3.8; https://serhatburke.miroglu.net"
103.219.169.179 - - [17/Apr/2026:16:13:35 +0300] "POST /xmlrpc.php HTTP/1.1" 200 630 "-" "Mozilla/5.0 (Windows NT 10.0; Win64; x64) AppleWebKit/537.36 (KHTML, like Gecko) Chrome/114.0.0.0 Safari/537.36"
103.219.169.179 - - [17/Apr/2026:16:13:54 +0300] "POST /xmlrpc.php HTTP/1.1" 200 16456 "-" "Mozilla/5.0 (Windows NT 10.0; Win64; x64) AppleWebKit/537.36 (KHTML, like Gecko) Chrome/114.0.0.0 Safari/537.36"
103.219.169.179 - - [17/Apr/2026:16:14:08 +0300] "GET /pirate-gold-soluciona-regalado-queen-of-the-nile-maquina-tragamonedas-slots-lat/ HTTP/1.1" 200 77953 "-" "Mozilla/5.0 (Windows NT 10.0; Win64; x64; rv:124.0) Gecko/20100101 Firefox/124.0"
209.59.231.252 - - [17/Apr/2026:16:14:10 +0300] "GET /automaty-hazard-online/ HTTP/1.1" 200 17627 "-" "Mozilla/5.0 (Windows NT 10.0; Win64; x64) AppleWebKit/537.36 (KHTML, like Gecko) Chrome/114.0.0.0 Safari/537.36 Edg/114.0.1264.71"
185.216.113.70 - - [17/Apr/2026:16:15:19 +0300] "POST /wp-cron.php?doing_wp_cron=1776431719.5785150527954101562500 HTTP/1.1" 200 448 "-" "WordPress/6.3.8; https://serhatburke.miroglu.net"
103.219.169.179 - - [17/Apr/2026:16:15:07 +0300] "POST /xmlrpc.php HTTP/1.1" 200 630 "-" "Mozilla/5.0 (Windows NT 10.0; Win64; x64) AppleWebKit/537.36 (KHTML, like Gecko) Chrome/114.0.0.0 Safari/537.36"
103.219.169.179 - - [17/Apr/2026:16:15:26 +0300] "POST /xmlrpc.php HTTP/1.1" 200 14321 "-" "Mozilla/5.0 (Windows NT 10.0; Win64; x64) AppleWebKit/537.36 (KHTML, like Gecko) Chrome/114.0.0.0 Safari/537.36"
185.216.113.70 - - [17/Apr/2026:16:15:51 +0300] "POST /wp-cron.php?doing_wp_cron=1776431751.6233549118041992187500 HTTP/1.1" 200 448 "-" "WordPress/6.3.8; https://serhatburke.miroglu.net"
103.219.169.179 - - [17/Apr/2026:16:15:39 +0300] "GET /juegos-en-internet-vano-tratar-ahora-sobre-poki-turkiye-ranura-tres-amigos-enerji-zirvesi/ HTTP/1.1" 200 76264 "-" "Mozilla/5.0 (Windows NT 10.0; Win64; x64) AppleWebKit/537.36 (KHTML, like Gecko) Chrome/124.0.0.0 Safari/537.36 Edg/124.0.0.0"
185.216.113.70 - - [17/Apr/2026:16:16:56 +0300] "POST /wp-cron.php?doing_wp_cron=1776431816.8049809932708740234375 HTTP/1.1" 200 448 "-" "WordPress/6.3.8; https://serhatburke.miroglu.net"
103.219.169.179 - - [17/Apr/2026:16:16:43 +0300] "POST /xmlrpc.php HTTP/1.1" 200 630 "-" "Mozilla/5.0 (Windows NT 10.0; Win64; x64) AppleWebKit/537.36 (KHTML, like Gecko) Chrome/114.0.0.0 Safari/537.36"
103.219.169.179 - - [17/Apr/2026:16:17:03 +0300] "POST /xmlrpc.php HTTP/1.1" 200 17166 "-" "Mozilla/5.0 (Windows NT 10.0; Win64; x64) AppleWebKit/537.36 (KHTML, like Gecko) Chrome/114.0.0.0 Safari/537.36"
103.219.169.179 - - [17/Apr/2026:16:17:19 +0300] "GET /analisis-de-juega-aztec-goldt-slot-en-linea-sin-descarga-quickspin-grados-sobre-juegos/ HTTP/1.1" 200 78824 "-" "Mozilla/5.0 (Windows NT 10.0; Win64; x64) AppleWebKit/537.36 (KHTML, like Gecko) Chrome/109.0.0.0 Safari/537.36"
104.207.44.124 - - [17/Apr/2026:16:17:21 +0300] "GET /wp-login.php HTTP/2" 200 3091 "-" "Mozilla/5.0 (Macintosh; Intel Mac OS X 13_5) AppleWebKit/605.1.15 (KHTML, like Gecko) Version/17.5 Safari/605.1.15"
185.216.113.70 - - [17/Apr/2026:16:17:46 +0300] "POST /wp-cron.php?doing_wp_cron=1776431866.2133460044860839843750 HTTP/1.1" 200 448 "-" "WordPress/6.3.8; https://serhatburke.miroglu.net"
104.207.44.124 - - [17/Apr/2026:16:17:34 +0300] "POST /xmlrpc.php HTTP/2" 200 110 "-" "Mozilla/5.0 (Windows NT 10.0; Win64; x64) AppleWebKit/537.36 (KHTML, like Gecko) Chrome/124.0.6367.207 Safari/537.36"
103.219.169.179 - - [17/Apr/2026:16:17:48 +0300] "POST /xmlrpc.php HTTP/1.1" 200 630 "-" "Mozilla/5.0 (Windows NT 10.0; Win64; x64) AppleWebKit/537.36 (KHTML, like Gecko) Chrome/114.0.0.0 Safari/537.36"
104.207.44.124 - - [17/Apr/2026:16:17:52 +0300] "POST /xmlrpc.php HTTP/2" 200 2866 "-" "Mozilla/5.0 (Macintosh; Intel Mac OS X 13_5) AppleWebKit/605.1.15 (KHTML, like Gecko) Version/17.5 Safari/605.1.15"
103.219.169.179 - - [17/Apr/2026:16:18:11 +0300] "POST /xmlrpc.php HTTP/1.1" 200 14507 "-" "Mozilla/5.0 (Windows NT 10.0; Win64; x64) AppleWebKit/537.36 (KHTML, like Gecko) Chrome/114.0.0.0 Safari/537.36"
185.216.113.70 - - [17/Apr/2026:16:18:45 +0300] "POST /wp-cron.php?doing_wp_cron=1776431925.2639760971069335937500 HTTP/1.1" 200 448 "-" "WordPress/6.3.8; https://serhatburke.miroglu.net"
103.219.169.179 - - [17/Apr/2026:16:18:27 +0300] "GET /tratar-gratuito-en-ho-ho-ho-simbolos-wizards-of-wild-wood-referente-a-modo-demo/ HTTP/1.1" 200 76195 "-" "Mozilla/5.0 (Windows NT 10.0; rv:125.0) Gecko/20100101 Firefox/125.0"
103.219.169.179 - - [17/Apr/2026:16:18:51 +0300] "POST /xmlrpc.php HTTP/1.1" 200 630 "-" "Mozilla/5.0 (Windows NT 10.0; Win64; x64) AppleWebKit/537.36 (KHTML, like Gecko) Chrome/114.0.0.0 Safari/537.36"
185.216.113.70 - - [17/Apr/2026:16:19:32 +0300] "POST /wp-cron.php?doing_wp_cron=1776431972.6024599075317382812500 HTTP/1.1" 200 448 "-" "WordPress/6.3.8; https://serhatburke.miroglu.net"
103.219.169.179 - - [17/Apr/2026:16:19:16 +0300] "POST /xmlrpc.php HTTP/1.1" 200 15292 "-" "Mozilla/5.0 (Windows NT 10.0; Win64; x64) AppleWebKit/537.36 (KHTML, like Gecko) Chrome/114.0.0.0 Safari/537.36"
103.219.169.179 - - [17/Apr/2026:16:19:34 +0300] "POST /xmlrpc.php HTTP/1.1" 200 630 "-" "Mozilla/5.0 (Windows NT 10.0; Win64; x64) AppleWebKit/537.36 (KHTML, like Gecko) Chrome/114.0.0.0 Safari/537.36"
103.219.169.179 - - [17/Apr/2026:16:19:34 +0300] "GET /como-analisis-moderno-sobre-esbozo-de-slots-nunca-hace-falta-decir-a-como-es-mayoria-de-las-juegos-se-encuentran-que-descarga-de-la-aplicacion-mafia-casino-para-android-existen-con-el-fin-de-disposit/ HTTP/1.1" 200 87504 "-" "Mozilla/5.0 (Windows NT 10.0; Win64; x64) AppleWebKit/537.36 (KHTML, like Gecko) Chrome/122.0.0.0 Safari/537.36"
103.219.169.179 - - [17/Apr/2026:16:20:06 +0300] "POST /xmlrpc.php HTTP/1.1" 200 15289 "-" "Mozilla/5.0 (Windows NT 10.0; Win64; x64) AppleWebKit/537.36 (KHTML, like Gecko) Chrome/114.0.0.0 Safari/537.36"
103.219.169.179 - - [17/Apr/2026:16:20:19 +0300] "GET /soluciona-en-casino-evolution-32178-tragaperras-sin-cargo-referente-a-de-cualquier-parte-del-mundo/ HTTP/1.1" 200 77432 "-" "Mozilla/5.0 (Windows NT 10.0; rv:109.0) Gecko/20100101 Firefox/115.0"
185.216.113.70 - - [17/Apr/2026:16:20:41 +0300] "POST /wp-cron.php?doing_wp_cron=1776432041.7194700241088867187500 HTTP/1.1" 200 448 "-" "WordPress/6.3.8; https://serhatburke.miroglu.net"
103.219.169.179 - - [17/Apr/2026:16:20:30 +0300] "POST /xmlrpc.php HTTP/1.1" 200 630 "-" "Mozilla/5.0 (Windows NT 10.0; Win64; x64) AppleWebKit/537.36 (KHTML, like Gecko) Chrome/114.0.0.0 Safari/537.36"
65.111.26.35 - - [17/Apr/2026:16:20:44 +0300] "GET /wp-login.php HTTP/2" 200 3091 "-" "Mozilla/5.0 (Windows NT 10.0; Win64; x64) AppleWebKit/537.36 (KHTML, like Gecko) Chrome/124.0.6367.207 Safari/537.36"
103.219.169.179 - - [17/Apr/2026:16:20:48 +0300] "POST /xmlrpc.php HTTP/1.1" 200 16201 "-" "Mozilla/5.0 (Windows NT 10.0; Win64; x64) AppleWebKit/537.36 (KHTML, like Gecko) Chrome/114.0.0.0 Safari/537.36"
103.219.169.179 - - [17/Apr/2026:16:21:04 +0300] "GET /juegos-de-balde-online-cosmic-fortune-maquina-tragamonedas-falto-eximir-acerca-de-juegos-games/ HTTP/1.1" 200 78392 "-" "Mozilla/5.0 (Windows NT 10.0; Win64; x64) AppleWebKit/537.36 (KHTML, like Gecko) Chrome/124.0.0.0 Safari/537.36 Edg/124.0.0.0"
103.219.169.179 - - [17/Apr/2026:16:21:11 +0300] "POST /xmlrpc.php HTTP/1.1" 200 630 "-" "Mozilla/5.0 (Windows NT 10.0; Win64; x64) AppleWebKit/537.36 (KHTML, like Gecko) Chrome/114.0.0.0 Safari/537.36"
185.216.113.70 - - [17/Apr/2026:16:21:42 +0300] "POST /wp-cron.php?doing_wp_cron=1776432102.4696490764617919921875 HTTP/1.1" 200 448 "-" "WordPress/6.3.8; https://serhatburke.miroglu.net"
103.219.169.179 - - [17/Apr/2026:16:21:30 +0300] "POST /xmlrpc.php HTTP/1.1" 200 14891 "-" "Mozilla/5.0 (Windows NT 10.0; Win64; x64) AppleWebKit/537.36 (KHTML, like Gecko) Chrome/114.0.0.0 Safari/537.36"
216.26.244.219 - - [17/Apr/2026:16:21:44 +0300] "POST /xmlrpc.php HTTP/2" 200 110 "-" "Mozilla/5.0 (Windows NT 10.0; Win64; x64; rv:127.0) Gecko/20100101 Firefox/127.0"
103.219.169.179 - - [17/Apr/2026:16:21:43 +0300] "GET /quickspin-sus-particulares-revision-de-tragamonedas-en-linea-50-lions-sobre-suministrador-de-juegos-de-casino/ HTTP/1.1" 200 77405 "-" "Mozilla/5.0 (Windows NT 10.0; Win64; x64) AppleWebKit/537.36 (KHTML, like Gecko) Chrome/123.0.0.0 Safari/537.36 OPR/109.0.0.0"
103.219.169.179 - - [17/Apr/2026:16:22:08 +0300] "POST /xmlrpc.php HTTP/1.1" 200 630 "-" "Mozilla/5.0 (Windows NT 10.0; Win64; x64) AppleWebKit/537.36 (KHTML, like Gecko) Chrome/114.0.0.0 Safari/537.36"
216.26.244.219 - - [17/Apr/2026:16:22:19 +0300] "POST /xmlrpc.php HTTP/2" 200 2222 "-" "Mozilla/5.0 (Windows NT 10.0; Win64; x64; rv:127.0) Gecko/20100101 Firefox/127.0"
185.216.113.70 - - [17/Apr/2026:16:22:42 +0300] "POST /wp-cron.php?doing_wp_cron=1776432161.9779829978942871093750 HTTP/1.1" 200 448 "-" "WordPress/6.3.8; https://serhatburke.miroglu.net"
103.219.169.179 - - [17/Apr/2026:16:22:26 +0300] "POST /xmlrpc.php HTTP/1.1" 200 14331 "-" "Mozilla/5.0 (Windows NT 10.0; Win64; x64) AppleWebKit/537.36 (KHTML, like Gecko) Chrome/114.0.0.0 Safari/537.36"
104.166.164.25 - - [17/Apr/2026:16:22:26 +0300] "POST /xmlrpc.php HTTP/1.1" 200 630 "-" "Mozilla/5.0 (Windows NT 10.0; Win64; x64) AppleWebKit/537.36 (KHTML, like Gecko) Chrome/114.0.0.0 Safari/537.36"
103.219.169.179 - - [17/Apr/2026:16:22:43 +0300] "GET /superiores-casinos-quickspin-ranuras-de-50-giros-gratis-quick-hit-fuero-de-bonificacion-mostbet-android-en-internet-de-nicaragua-top-nueve-de-2024-nordinary-gw/ HTTP/1.1" 200 78026 "-" "Mozilla/5.0 (Windows NT 10.0; rv:125.0) Gecko/20100101 Firefox/125.0"
104.166.164.25 - - [17/Apr/2026:16:22:49 +0300] "POST /xmlrpc.php HTTP/1.1" 200 13456 "-" "Mozilla/5.0 (Windows NT 10.0; Win64; x64) AppleWebKit/537.36 (KHTML, like Gecko) Chrome/114.0.0.0 Safari/537.36"
103.219.169.179 - - [17/Apr/2026:16:22:58 +0300] "POST /xmlrpc.php HTTP/1.1" 200 630 "-" "Mozilla/5.0 (Windows NT 10.0; Win64; x64) AppleWebKit/537.36 (KHTML, like Gecko) Chrome/114.0.0.0 Safari/537.36"
52.167.144.203 - - [17/Apr/2026:16:22:49 +0300] "GET /post-sitemap54.xml HTTP/2" 200 60752 "-" "Mozilla/5.0 AppleWebKit/537.36 (KHTML, like Gecko; compatible; bingbot/2.0; +http://www.bing.com/bingbot.htm) Chrome/116.0.1938.76 Safari/537.36"
170.168.97.142 - - [17/Apr/2026:16:23:07 +0300] "GET / HTTP/2" 200 18451 "-" "Mozilla/5.0 (Macintosh; Intel Mac OS X 10_15_7) AppleWebKit/537.36 (KHTML, like Gecko) Chrome/120.0.0.0 Safari/537.36"
146.70.180.3 - - [17/Apr/2026:16:23:12 +0300] "POST /xmlrpc.php HTTP/1.1" 200 630 "-" "Mozilla/5.0 (Windows NT 10.0; Win64; x64) AppleWebKit/537.36 (KHTML, like Gecko) Chrome/114.0.0.0 Safari/537.36"
104.166.164.25 - - [17/Apr/2026:16:23:13 +0300] "GET /safari-sam-slot-remark-2026-totally-cleopatra-slot-free-spins-free-gamble-trial/ HTTP/1.1" 200 74943 "-" "Mozilla/5.0 (Windows NT 10.0; Win64; x64) AppleWebKit/537.36 (KHTML, like Gecko) Chrome/122.0.0.0 Safari/537.36"
185.216.113.70 - - [17/Apr/2026:16:23:41 +0300] "POST /wp-cron.php?doing_wp_cron=1776432221.5921220779418945312500 HTTP/1.1" 200 448 "-" "WordPress/6.3.8; https://serhatburke.miroglu.net"
103.219.169.179 - - [17/Apr/2026:16:23:26 +0300] "POST /xmlrpc.php HTTP/1.1" 200 16794 "-" "Mozilla/5.0 (Windows NT 10.0; Win64; x64) AppleWebKit/537.36 (KHTML, like Gecko) Chrome/114.0.0.0 Safari/537.36"
103.219.169.179 - - [17/Apr/2026:16:23:36 +0300] "POST /xmlrpc.php HTTP/1.1" 200 630 "-" "Mozilla/5.0 (Windows NT 10.0; Win64; x64) AppleWebKit/537.36 (KHTML, like Gecko) Chrome/114.0.0.0 Safari/537.36"
146.70.180.3 - - [17/Apr/2026:16:23:37 +0300] "POST /xmlrpc.php HTTP/1.1" 200 12686 "-" "Mozilla/5.0 (Windows NT 10.0; Win64; x64) AppleWebKit/537.36 (KHTML, like Gecko) Chrome/114.0.0.0 Safari/537.36"
103.219.169.179 - - [17/Apr/2026:16:23:43 +0300] "GET /mobile-first-slots-quickspin-ranuras-optimizadas-de-el-juegos-de-tragamonedas-en-linea-ultra-hot-deluxe-trafico-ranuras-en-linea-para-recursos-conveniente-ipad/ HTTP/1.1" 200 80415 "-" "Mozilla/5.0 (Windows NT 10.0; Win64; x64) AppleWebKit/537.36 (KHTML, like Gecko) Chrome/123.0.0.0 Safari/537.36"
146.70.180.3 - - [17/Apr/2026:16:24:00 +0300] "GET /merkur-slot-via-echtgeld-vulkan-spiele-vortragen/ HTTP/1.1" 200 73719 "-" "Mozilla/5.0 (Windows NT 10.0; rv:109.0) Gecko/20100101 Firefox/115.0"
103.219.169.179 - - [17/Apr/2026:16:24:04 +0300] "POST /xmlrpc.php HTTP/1.1" 200 15356 "-" "Mozilla/5.0 (Windows NT 10.0; Win64; x64) AppleWebKit/537.36 (KHTML, like Gecko) Chrome/114.0.0.0 Safari/537.36"
103.219.169.179 - - [17/Apr/2026:16:24:18 +0300] "POST /xmlrpc.php HTTP/1.1" 200 630 "-" "Mozilla/5.0 (Windows NT 10.0; Win64; x64) AppleWebKit/537.36 (KHTML, like Gecko) Chrome/114.0.0.0 Safari/537.36"
103.219.169.179 - - [17/Apr/2026:16:24:19 +0300] "GET /descarga-age-of-discovery-1-deposito-y-no-ha-transpirado-hace-el-trabajo-a-gimnasio-vegas-juegos-de-casino-referente-a-para-asi-como-mac-emulador/ HTTP/1.1" 200 78657 "-" "Mozilla/5.0 (Windows NT 10.0; Win64; x64) AppleWebKit/537.36 (KHTML, like Gecko) Chrome/124.0.0.0 Safari/537.36"
185.216.113.70 - - [17/Apr/2026:16:24:51 +0300] "POST /wp-cron.php?doing_wp_cron=1776432291.0532939434051513671875 HTTP/1.1" 200 448 "-" "WordPress/6.3.8; https://serhatburke.miroglu.net"
103.219.169.179 - - [17/Apr/2026:16:24:38 +0300] "POST /xmlrpc.php HTTP/1.1" 200 14446 "-" "Mozilla/5.0 (Windows NT 10.0; Win64; x64) AppleWebKit/537.36 (KHTML, like Gecko) Chrome/114.0.0.0 Safari/537.36"
103.219.169.179 - - [17/Apr/2026:16:24:52 +0300] "GET /sus-particulares-de-la-roman-legion-slot-de-video-tragaperras-big-bang/ HTTP/1.1" 200 75972 "-" "Mozilla/5.0 (Windows NT 10.0; Win64; x64) AppleWebKit/537.36 (KHTML, like Gecko) Chrome/123.0.0.0 Safari/537.36"
103.219.169.179 - - [17/Apr/2026:16:25:09 +0300] "POST /xmlrpc.php HTTP/1.1" 200 630 "-" "Mozilla/5.0 (Windows NT 10.0; Win64; x64) AppleWebKit/537.36 (KHTML, like Gecko) Chrome/114.0.0.0 Safari/537.36"
185.216.113.70 - - [17/Apr/2026:16:25:41 +0300] "POST /wp-cron.php?doing_wp_cron=1776432341.8303439617156982421875 HTTP/1.1" 200 448 "-" "WordPress/6.3.8; https://serhatburke.miroglu.net"
103.219.169.179 - - [17/Apr/2026:16:25:29 +0300] "POST /xmlrpc.php HTTP/1.1" 200 15629 "-" "Mozilla/5.0 (Windows NT 10.0; Win64; x64) AppleWebKit/537.36 (KHTML, like Gecko) Chrome/114.0.0.0 Safari/537.36"
52.167.144.211 - - [17/Apr/2026:16:25:31 +0300] "GET /post-sitemap55.xml HTTP/2" 200 51622 "-" "Mozilla/5.0 AppleWebKit/537.36 (KHTML, like Gecko; compatible; bingbot/2.0; +http://www.bing.com/bingbot.htm) Chrome/116.0.1938.76 Safari/537.36"
103.219.169.179 - - [17/Apr/2026:16:25:43 +0300] "GET /reel-rush-online-slot-attila-casino-best-2026-slot-reviews/ HTTP/1.1" 200 76745 "-" "Mozilla/5.0 (Windows NT 10.0; Win64; x64) AppleWebKit/537.36 (KHTML, like Gecko) Chrome/124.0.0.0 Safari/537.36"
103.219.169.179 - - [17/Apr/2026:16:26:01 +0300] "POST /xmlrpc.php HTTP/1.1" 200 630 "-" "Mozilla/5.0 (Windows NT 10.0; Win64; x64) AppleWebKit/537.36 (KHTML, like Gecko) Chrome/114.0.0.0 Safari/537.36"
185.216.113.70 - - [17/Apr/2026:16:26:32 +0300] "POST /wp-cron.php?doing_wp_cron=1776432392.0683379173278808593750 HTTP/1.1" 200 448 "-" "WordPress/6.3.8; https://serhatburke.miroglu.net"
103.219.169.179 - - [17/Apr/2026:16:26:19 +0300] "POST /xmlrpc.php HTTP/1.1" 200 16234 "-" "Mozilla/5.0 (Windows NT 10.0; Win64; x64) AppleWebKit/537.36 (KHTML, like Gecko) Chrome/114.0.0.0 Safari/537.36"
146.70.180.3 - - [17/Apr/2026:16:26:27 +0300] "POST /xmlrpc.php HTTP/1.1" 200 630 "-" "Mozilla/5.0 (Windows NT 10.0; Win64; x64) AppleWebKit/537.36 (KHTML, like Gecko) Chrome/114.0.0.0 Safari/537.36"
103.219.169.179 - - [17/Apr/2026:16:26:34 +0300] "GET /release-the-kraken-hace-el-trabajo-mr-bet-casino-sin-deposito-codigos-de-bonificacion-2026-regalado-slots-lat/ HTTP/1.1" 200 78778 "-" "Mozilla/5.0 (Windows NT 10.0; Win64; x64; rv:125.0) Gecko/20100101 Firefox/125.0"
103.219.169.179 - - [17/Apr/2026:16:26:46 +0300] "POST /xmlrpc.php HTTP/1.1" 200 630 "-" "Mozilla/5.0 (Windows NT 10.0; Win64; x64) AppleWebKit/537.36 (KHTML, like Gecko) Chrome/114.0.0.0 Safari/537.36"
146.70.180.3 - - [17/Apr/2026:16:26:47 +0300] "POST /xmlrpc.php HTTP/1.1" 200 15441 "-" "Mozilla/5.0 (Windows NT 10.0; Win64; x64) AppleWebKit/537.36 (KHTML, like Gecko) Chrome/114.0.0.0 Safari/537.36"
146.70.180.3 - - [17/Apr/2026:16:27:02 +0300] "GET /eye-fields-of-fortune-1-kaution-of-horus-kostenlos-spielen-abzuglich-eintragung-2026/ HTTP/1.1" 200 76934 "-" "Mozilla/5.0 (Windows NT 10.0; Win64; x64) AppleWebKit/537.36 (KHTML, like Gecko) Chrome/124.0.0.0 Safari/537.36 Edg/124.0.0.0"
103.219.169.179 - - [17/Apr/2026:16:27:07 +0300] "POST /xmlrpc.php HTTP/1.1" 200 13851 "-" "Mozilla/5.0 (Windows NT 10.0; Win64; x64) AppleWebKit/537.36 (KHTML, like Gecko) Chrome/114.0.0.0 Safari/537.36"
103.219.169.179 - - [17/Apr/2026:16:27:20 +0300] "GET /tratar-en-32178-tragaperras-sin-cargo-sobre-bonanza-ranura-en-linea-argentina/ HTTP/1.1" 200 75321 "-" "Mozilla/5.0 (Windows NT 10.0; Win64; x64) AppleWebKit/537.36 (KHTML, like Gecko) Chrome/124.0.0.0 Safari/537.36"
185.216.113.70 - - [17/Apr/2026:16:27:47 +0300] "POST /wp-cron.php?doing_wp_cron=1776432467.3627650737762451171875 HTTP/1.1" 200 448 "-" "WordPress/6.3.8; https://serhatburke.miroglu.net"
103.219.169.179 - - [17/Apr/2026:16:27:34 +0300] "POST /xmlrpc.php HTTP/1.1" 200 630 "-" "Mozilla/5.0 (Windows NT 10.0; Win64; x64) AppleWebKit/537.36 (KHTML, like Gecko) Chrome/114.0.0.0 Safari/537.36"
52.167.144.56 - - [17/Apr/2026:16:27:58 +0300] "GET /robots.txt HTTP/2" 200 0 "-" "Mozilla/5.0 AppleWebKit/537.36 (KHTML, like Gecko; compatible; bingbot/2.0; +http://www.bing.com/bingbot.htm) Chrome/116.0.1938.76 Safari/537.36"
103.219.169.179 - - [17/Apr/2026:16:27:53 +0300] "POST /xmlrpc.php HTTP/1.1" 200 15462 "-" "Mozilla/5.0 (Windows NT 10.0; Win64; x64) AppleWebKit/537.36 (KHTML, like Gecko) Chrome/114.0.0.0 Safari/537.36"
52.167.144.203 - - [17/Apr/2026:16:28:02 +0300] "GET /post-sitemap4.xml HTTP/2" 200 84857 "-" "Mozilla/5.0 AppleWebKit/537.36 (KHTML, like Gecko; compatible; bingbot/2.0; +http://www.bing.com/bingbot.htm) Chrome/116.0.1938.76 Safari/537.36"
103.219.169.179 - - [17/Apr/2026:16:28:14 +0300] "GET /tratar-a-la-ruleta-gratuito-en-sitios-de-ranura-con-thief-internet/ HTTP/1.1" 200 76575 "-" "Mozilla/5.0 (Windows NT 10.0; Win64; x64) AppleWebKit/537.36 (KHTML, like Gecko) Chrome/123.0.0.0 Safari/537.36 OPR/109.0.0.0"
146.70.180.3 - - [17/Apr/2026:16:28:18 +0300] "POST /xmlrpc.php HTTP/1.1" 200 630 "-" "Mozilla/5.0 (Windows NT 10.0; Win64; x64) AppleWebKit/537.36 (KHTML, like Gecko) Chrome/114.0.0.0 Safari/537.36"
103.219.169.179 - - [17/Apr/2026:16:28:19 +0300] "POST /xmlrpc.php HTTP/1.1" 200 630 "-" "Mozilla/5.0 (Windows NT 10.0; Win64; x64) AppleWebKit/537.36 (KHTML, like Gecko) Chrome/114.0.0.0 Safari/537.36"
185.216.113.70 - - [17/Apr/2026:16:28:54 +0300] "POST /wp-cron.php?doing_wp_cron=1776432533.9963281154632568359375 HTTP/1.1" 200 448 "-" "WordPress/6.3.8; https://serhatburke.miroglu.net"
146.70.180.3 - - [17/Apr/2026:16:28:41 +0300] "POST /xmlrpc.php HTTP/1.1" 200 13419 "-" "Mozilla/5.0 (Windows NT 10.0; Win64; x64) AppleWebKit/537.36 (KHTML, like Gecko) Chrome/114.0.0.0 Safari/537.36"
103.219.169.179 - - [17/Apr/2026:16:28:44 +0300] "POST /xmlrpc.php HTTP/1.1" 200 15074 "-" "Mozilla/5.0 (Windows NT 10.0; Win64; x64) AppleWebKit/537.36 (KHTML, like Gecko) Chrome/114.0.0.0 Safari/537.36"
146.70.180.3 - - [17/Apr/2026:16:28:54 +0300] "GET /eye-of-horus-gebuhrenfrei-vorsprechen-flowers-online-slot-nur-registrierung-2025/ HTTP/1.1" 200 74988 "-" "Mozilla/5.0 (Windows NT 10.0; rv:125.0) Gecko/20100101 Firefox/125.0"
103.219.169.179 - - [17/Apr/2026:16:29:04 +0300] "POST /xmlrpc.php HTTP/1.1" 200 630 "-" "Mozilla/5.0 (Windows NT 10.0; Win64; x64) AppleWebKit/537.36 (KHTML, like Gecko) Chrome/114.0.0.0 Safari/537.36"
103.219.169.179 - - [17/Apr/2026:16:29:01 +0300] "GET /tiradas-gratuito-y-no-ha-transpirado-fruit-mania-giros-sin-ranura-giros-sin-tanque-2026/ HTTP/1.1" 200 76816 "-" "Mozilla/5.0 (Windows NT 10.0; Win64; x64) AppleWebKit/537.36 (KHTML, like Gecko) Chrome/122.0.0.0 Safari/537.36"
185.216.113.70 - - [17/Apr/2026:16:29:47 +0300] "POST /wp-cron.php?doing_wp_cron=1776432587.1179718971252441406250 HTTP/1.1" 200 448 "-" "WordPress/6.3.8; https://serhatburke.miroglu.net"
103.219.169.179 - - [17/Apr/2026:16:29:34 +0300] "POST /xmlrpc.php HTTP/1.1" 200 15797 "-" "Mozilla/5.0 (Windows NT 10.0; Win64; x64) AppleWebKit/537.36 (KHTML, like Gecko) Chrome/114.0.0.0 Safari/537.36"
103.219.169.179 - - [17/Apr/2026:16:29:49 +0300] "GET /soluciona-en-casino-miss-kitty-el-tragamonedas-spinata-enorme-regalado/ HTTP/1.1" 200 77346 "-" "Mozilla/5.0 (Windows NT 10.0; Win64; x64; rv:124.0) Gecko/20100101 Firefox/124.0"
104.166.164.25 - - [17/Apr/2026:16:29:51 +0300] "POST /xmlrpc.php HTTP/1.1" 200 630 "-" "Mozilla/5.0 (Windows NT 10.0; Win64; x64) AppleWebKit/537.36 (KHTML, like Gecko) Chrome/114.0.0.0 Safari/537.36"
200.25.47.109 - - [17/Apr/2026:16:30:00 +0300] "POST /xmlrpc.php HTTP/1.1" 200 630 "-" "Mozilla/5.0 (Windows NT 10.0; Win64; x64) AppleWebKit/537.36 (KHTML, like Gecko) Chrome/114.0.0.0 Safari/537.36"
103.219.169.179 - - [17/Apr/2026:16:30:00 +0300] "POST /xmlrpc.php HTTP/1.1" 200 630 "-" "Mozilla/5.0 (Windows NT 10.0; Win64; x64) AppleWebKit/537.36 (KHTML, like Gecko) Chrome/114.0.0.0 Safari/537.36"
146.70.180.3 - - [17/Apr/2026:16:30:01 +0300] "POST /xmlrpc.php HTTP/1.1" 200 630 "-" "Mozilla/5.0 (Windows NT 10.0; Win64; x64) AppleWebKit/537.36 (KHTML, like Gecko) Chrome/114.0.0.0 Safari/537.36"
185.216.113.70 - - [17/Apr/2026:16:30:42 +0300] "POST /wp-cron.php?doing_wp_cron=1776432642.2194740772247314453125 HTTP/1.1" 200 448 "-" "WordPress/6.3.8; https://serhatburke.miroglu.net"
104.166.164.25 - - [17/Apr/2026:16:30:25 +0300] "POST /xmlrpc.php HTTP/1.1" 200 12798 "-" "Mozilla/5.0 (Windows NT 10.0; Win64; x64) AppleWebKit/537.36 (KHTML, like Gecko) Chrome/114.0.0.0 Safari/537.36"
146.70.180.3 - - [17/Apr/2026:16:30:31 +0300] "POST /xmlrpc.php HTTP/1.1" 200 14285 "-" "Mozilla/5.0 (Windows NT 10.0; Win64; x64) AppleWebKit/537.36 (KHTML, like Gecko) Chrome/114.0.0.0 Safari/537.36"
200.25.47.109 - - [17/Apr/2026:16:30:32 +0300] "POST /xmlrpc.php HTTP/1.1" 200 11518 "-" "Mozilla/5.0 (Windows NT 10.0; Win64; x64) AppleWebKit/537.36 (KHTML, like Gecko) Chrome/114.0.0.0 Safari/537.36"
103.219.169.179 - - [17/Apr/2026:16:30:33 +0300] "POST /xmlrpc.php HTTP/1.1" 200 15911 "-" "Mozilla/5.0 (Windows NT 10.0; Win64; x64) AppleWebKit/537.36 (KHTML, like Gecko) Chrome/114.0.0.0 Safari/537.36"
104.166.164.25 - - [17/Apr/2026:16:30:44 +0300] "GET /bovegas-added-bonus-requirements-150-no-deposit-free-80-spins-no-deposit-2026-incentives-mar-2026/ HTTP/1.1" 200 74846 "-" "Mozilla/5.0 (Windows NT 10.0; Win64; x64) AppleWebKit/537.36 (KHTML, like Gecko) Chrome/124.0.0.0 Safari/537.36 Edg/124.0.0.0"
103.219.169.179 - - [17/Apr/2026:16:30:50 +0300] "POST /xmlrpc.php HTTP/1.1" 200 630 "-" "Mozilla/5.0 (Windows NT 10.0; Win64; x64) AppleWebKit/537.36 (KHTML, like Gecko) Chrome/114.0.0.0 Safari/537.36"
146.70.180.3 - - [17/Apr/2026:16:30:59 +0300] "GET /patience-spiele-solitar-spielen-kostenlos-diese-seite-anklicken-erreichbar/ HTTP/1.1" 200 76109 "-" "Mozilla/5.0 (Windows NT 10.0; Win64; x64) AppleWebKit/537.36 (KHTML, like Gecko) Chrome/122.0.0.0 Safari/537.36"
200.25.47.109 - - [17/Apr/2026:16:31:01 +0300] "GET /can-nha/ HTTP/1.1" 200 71603 "-" "Mozilla/5.0 (Windows NT 10.0; Win64; x64) AppleWebKit/537.36 (KHTML, like Gecko) Chrome/124.0.0.0 Safari/537.36 Edg/124.0.0.0"
103.219.169.179 - - [17/Apr/2026:16:31:05 +0300] "GET /tragamonedas-spinata-enorme-by-mas-informacion-netent-resena-de-la-tragaperras-2026-tiradas-gratuito-demo-tratar-gracias-en-linea-videopoker-recursos-conveniente-falto-deposito-en-universitas-terba/ HTTP/1.1" 200 81075 "-" "Mozilla/5.0 (Windows NT 10.0; rv:109.0) Gecko/20100101 Firefox/115.0"
185.216.113.70 - - [17/Apr/2026:16:31:44 +0300] "POST /wp-cron.php?doing_wp_cron=1776432704.6948430538177490234375 HTTP/1.1" 200 448 "-" "WordPress/6.3.8; https://serhatburke.miroglu.net"
103.219.169.179 - - [17/Apr/2026:16:31:31 +0300] "POST /xmlrpc.php HTTP/1.1" 200 15811 "-" "Mozilla/5.0 (Windows NT 10.0; Win64; x64) AppleWebKit/537.36 (KHTML, like Gecko) Chrome/114.0.0.0 Safari/537.36"
185.216.113.70 - - [17/Apr/2026:16:31:57 +0300] "POST /wp-cron.php?doing_wp_cron=1776432717.5927400588989257812500 HTTP/1.1" 200 448 "-" "WordPress/6.3.8; https://serhatburke.miroglu.net"
146.70.180.3 - - [17/Apr/2026:16:31:39 +0300] "POST /xmlrpc.php HTTP/1.1" 200 630 "-" "Mozilla/5.0 (Windows NT 10.0; Win64; x64) AppleWebKit/537.36 (KHTML, like Gecko) Chrome/114.0.0.0 Safari/537.36"
103.219.169.179 - - [17/Apr/2026:16:31:46 +0300] "GET /play-lights-sin-deposito-spinata-enorme-for-free/ HTTP/1.1" 200 76570 "-" "Mozilla/5.0 (Windows NT 10.0; Win64; x64; rv:125.0) Gecko/20100101 Firefox/125.0"
103.219.169.179 - - [17/Apr/2026:16:31:50 +0300] "POST /xmlrpc.php HTTP/1.1" 200 630 "-" "Mozilla/5.0 (Windows NT 10.0; Win64; x64) AppleWebKit/537.36 (KHTML, like Gecko) Chrome/114.0.0.0 Safari/537.36"
146.70.180.3 - - [17/Apr/2026:16:32:04 +0300] "POST /xmlrpc.php HTTP/1.1" 200 15347 "-" "Mozilla/5.0 (Windows NT 10.0; Win64; x64) AppleWebKit/537.36 (KHTML, like Gecko) Chrome/114.0.0.0 Safari/537.36"
103.219.169.179 - - [17/Apr/2026:16:32:22 +0300] "POST /xmlrpc.php HTTP/1.1" 200 14224 "-" "Mozilla/5.0 (Windows NT 10.0; Win64; x64) AppleWebKit/537.36 (KHTML, like Gecko) Chrome/114.0.0.0 Safari/537.36"
146.70.180.3 - - [17/Apr/2026:16:32:22 +0300] "GET /roulette-online-echtgeld-auf-diese-weise-maximieren-diese-deren-fruchtbare-seite-gewinne-%E5%A4%AA%E7%94%B0%E9%9B%BB%E5%AD%90-%E6%96%B0%E3%81%97%E3%81%84%E3%83%A2%E3%83%8E%E4%BD%9C%E3%82%8A%E3%82%92/ HTTP/1.1" 200 80046 "-" "Mozilla/5.0 (Windows NT 10.0; Win64; x64) AppleWebKit/537.36 (KHTML, like Gecko) Chrome/124.0.0.0 Safari/537.36 Edg/124.0.0.0"
185.216.113.70 - - [17/Apr/2026:16:32:46 +0300] "POST /wp-cron.php?doing_wp_cron=1776432766.5522539615631103515625 HTTP/1.1" 200 448 "-" "WordPress/6.3.8; https://serhatburke.miroglu.net"
103.219.169.179 - - [17/Apr/2026:16:32:31 +0300] "POST /xmlrpc.php HTTP/1.1" 200 630 "-" "Mozilla/5.0 (Windows NT 10.0; Win64; x64) AppleWebKit/537.36 (KHTML, like Gecko) Chrome/114.0.0.0 Safari/537.36"
103.219.169.179 - - [17/Apr/2026:16:32:42 +0300] "GET /twin-spin-ranura-fruit-mania-slot-revision-de-el-entretenimiento/ HTTP/1.1" 200 75543 "-" "Mozilla/5.0 (Windows NT 10.0; Win64; x64) AppleWebKit/537.36 (KHTML, like Gecko) Chrome/109.0.0.0 Safari/537.36"
103.219.169.179 - - [17/Apr/2026:16:32:53 +0300] "POST /xmlrpc.php HTTP/1.1" 200 16291 "-" "Mozilla/5.0 (Windows NT 10.0; Win64; x64) AppleWebKit/537.36 (KHTML, like Gecko) Chrome/114.0.0.0 Safari/537.36"
5.157.55.211 - - [17/Apr/2026:16:32:56 +0300] "GET /wp-login.php/ HTTP/1.1" 200 3749 "https://serhatburke.miroglu.net/" "Mozilla/5.0 (Windows NT 10.0; Win64; x64; rv:149.0) Gecko/20100101 Firefox/149.0"
5.157.55.211 - - [17/Apr/2026:16:33:13 +0300] "GET /wp-login.php HTTP/1.1" 200 3749 "https://serhatburke.miroglu.net/wp-login.php/" "Mozilla/5.0 (Windows NT 6.3; Win64; x64) AppleWebKit/537.36 (KHTML, like Gecko) Chrome/103.0.0.0 Safari/537.36"
5.157.55.211 - - [17/Apr/2026:16:33:38 +0300] "GET /wp-includes/css/dashicons.min.css?ver=6.3.8 HTTP/1.1" 200 35725 "https://serhatburke.miroglu.net/wp-login.php" "Mozilla/5.0 (Windows NT 10.0; Win64; x64) AppleWebKit/537.36 (KHTML, like Gecko) Chrome/145.0.0.0 Safari/537.36"
5.157.55.211 - - [17/Apr/2026:16:33:38 +0300] "GET /wp-includes/css/buttons.min.css?ver=6.3.8 HTTP/1.1" 200 1869 "https://serhatburke.miroglu.net/wp-login.php" "Mozilla/5.0 (Windows NT 10.0; Win64; x64) AppleWebKit/537.36 (KHTML, like Gecko) Chrome/145.0.0.0 Safari/537.36"
5.157.55.211 - - [17/Apr/2026:16:33:39 +0300] "GET /wp-admin/css/forms.min.css?ver=6.3.8 HTTP/1.1" 200 6823 "https://serhatburke.miroglu.net/wp-login.php" "Mozilla/5.0 (Windows NT 10.0; Win64; x64) AppleWebKit/537.36 (KHTML, like Gecko) Chrome/145.0.0.0 Safari/537.36"
185.216.113.70 - - [17/Apr/2026:16:33:39 +0300] "POST /wp-cron.php?doing_wp_cron=1776432819.3931009769439697265625 HTTP/1.1" 200 448 "-" "WordPress/6.3.8; https://serhatburke.miroglu.net"
103.219.169.179 - - [17/Apr/2026:16:33:15 +0300] "POST /xmlrpc.php HTTP/1.1" 200 630 "-" "Mozilla/5.0 (Windows NT 10.0; Win64; x64) AppleWebKit/537.36 (KHTML, like Gecko) Chrome/114.0.0.0 Safari/537.36"
5.157.55.211 - - [17/Apr/2026:16:33:39 +0300] "GET /wp-admin/css/l10n.min.css?ver=6.3.8 HTTP/1.1" 200 1208 "https://serhatburke.miroglu.net/wp-login.php" "Mozilla/5.0 (Windows NT 10.0; Win64; x64) AppleWebKit/537.36 (KHTML, like Gecko) Chrome/145.0.0.0 Safari/537.36"
5.157.55.211 - - [17/Apr/2026:16:33:40 +0300] "GET /wp-admin/css/login.min.css?ver=6.3.8 HTTP/1.1" 200 2562 "https://serhatburke.miroglu.net/wp-login.php" "Mozilla/5.0 (Windows NT 10.0; Win64; x64) AppleWebKit/537.36 (KHTML, like Gecko) Chrome/145.0.0.0 Safari/537.36"
146.70.180.3 - - [17/Apr/2026:16:33:17 +0300] "POST /xmlrpc.php HTTP/1.1" 200 630 "-" "Mozilla/5.0 (Windows NT 10.0; Win64; x64) AppleWebKit/537.36 (KHTML, like Gecko) Chrome/114.0.0.0 Safari/537.36"
103.219.169.179 - - [17/Apr/2026:16:33:12 +0300] "GET /twin-spin-resena-de-reactoonz-5-deposito-tragamonedas/ HTTP/1.1" 200 77321 "-" "Mozilla/5.0 (Windows NT 10.0; Win64; x64) AppleWebKit/537.36 (KHTML, like Gecko) Chrome/124.0.0.0 Safari/537.36"
5.157.55.211 - - [17/Apr/2026:16:33:40 +0300] "POST /wp-login.php HTTP/1.1" 302 1537 "https://serhatburke.miroglu.net/wp-login.php" "Mozilla/5.0 (Windows NT 6.3; Win64; x64) AppleWebKit/537.36 (KHTML, like Gecko) Chrome/103.0.0.0 Safari/537.36"
146.70.180.3 - - [17/Apr/2026:16:33:46 +0300] "POST /xmlrpc.php HTTP/1.1" 200 14652 "-" "Mozilla/5.0 (Windows NT 10.0; Win64; x64) AppleWebKit/537.36 (KHTML, like Gecko) Chrome/114.0.0.0 Safari/537.36"
103.219.169.179 - - [17/Apr/2026:16:33:46 +0300] "POST /xmlrpc.php HTTP/1.1" 200 14343 "-" "Mozilla/5.0 (Windows NT 10.0; Win64; x64) AppleWebKit/537.36 (KHTML, like Gecko) Chrome/114.0.0.0 Safari/537.36"
23.90.188.180 - - [17/Apr/2026:16:34:00 +0300] "POST /xmlrpc.php HTTP/1.1" 200 14652 "-" "Mozilla/5.0 (Windows NT 10.0; Win64; x64) AppleWebKit/537.36 (KHTML, like Gecko) Chrome/114.0.0.0 Safari/537.36"
5.157.55.211 - - [17/Apr/2026:16:34:01 +0300] "GET /wp-admin/ HTTP/1.1" 200 216056 "https://serhatburke.miroglu.net/wp-login.php" "Mozilla/5.0 (Windows NT 6.3; Win64; x64) AppleWebKit/537.36 (KHTML, like Gecko) Chrome/103.0.0.0 Safari/537.36"
185.216.113.70 - - [17/Apr/2026:16:34:52 +0300] "POST /wp-cron.php?doing_wp_cron=1776432892.1973819732666015625000 HTTP/1.1" 200 448 "-" "WordPress/6.3.8; https://serhatburke.miroglu.net"
104.166.164.25 - - [17/Apr/2026:16:34:21 +0300] "POST /xmlrpc.php HTTP/1.1" 200 630 "-" "Mozilla/5.0 (Windows NT 10.0; Win64; x64) AppleWebKit/537.36 (KHTML, like Gecko) Chrome/114.0.0.0 Safari/537.36"
23.90.188.180 - - [17/Apr/2026:16:34:20 +0300] "GET /echtgeld-casinos-2026-unser-besten-casino-mr-bet-mobile-casinos-unter-einsatz-von-echtem-geld/ HTTP/1.1" 200 77112 "-" "Mozilla/5.0 (Windows NT 10.0; Win64; x64; rv:124.0) Gecko/20100101 Firefox/124.0"
103.219.169.179 - - [17/Apr/2026:16:34:22 +0300] "GET /play-pokies-real-money-sin-deposito-for-free/ HTTP/1.1" 200 75092 "-" "Mozilla/5.0 (Windows NT 10.0; Win64; x64; rv:124.0) Gecko/20100101 Firefox/124.0"
5.157.55.211 - - [17/Apr/2026:16:34:25 +0300] "GET /xmlrpc.php HTTP/1.1" 405 606 "https://serhatburke.miroglu.net/wp-admin/" "Mozilla/5.0 (Windows NT 6.3; Win64; x64) AppleWebKit/537.36 (KHTML, like Gecko) Chrome/103.0.0.0 Safari/537.36"
185.216.113.70 - - [17/Apr/2026:16:34:24 +0300] "POST /wp-admin/admin-ajax.php?action=as_async_request_queue_runner&nonce=dae949f524 HTTP/1.1" 200 1039 "-" "WordPress/6.3.8; https://serhatburke.miroglu.net"
23.90.188.180 - - [17/Apr/2026:16:34:37 +0300] "POST /xmlrpc.php HTTP/1.1" 200 630 "-" "Mozilla/5.0 (Windows NT 10.0; Win64; x64) AppleWebKit/537.36 (KHTML, like Gecko) Chrome/114.0.0.0 Safari/537.36"
5.157.55.211 - - [17/Apr/2026:16:34:59 +0300] "POST /xmlrpc.php HTTP/1.1" 200 631 "https://serhatburke.miroglu.net/xmlrpc.php" "Mozilla/5.0 (Windows NT 6.3; Win64; x64) AppleWebKit/537.36 (KHTML, like Gecko) Chrome/103.0.0.0 Safari/537.36"
104.166.164.25 - - [17/Apr/2026:16:35:01 +0300] "POST /xmlrpc.php HTTP/1.1" 200 12908 "-" "Mozilla/5.0 (Windows NT 10.0; Win64; x64) AppleWebKit/537.36 (KHTML, like Gecko) Chrome/114.0.0.0 Safari/537.36"
103.219.169.179 - - [17/Apr/2026:16:35:02 +0300] "POST /xmlrpc.php HTTP/1.1" 200 630 "-" "Mozilla/5.0 (Windows NT 10.0; Win64; x64) AppleWebKit/537.36 (KHTML, like Gecko) Chrome/114.0.0.0 Safari/537.36"
23.90.188.180 - - [17/Apr/2026:16:35:12 +0300] "POST /xmlrpc.php HTTP/1.1" 200 14682 "-" "Mozilla/5.0 (Windows NT 10.0; Win64; x64) AppleWebKit/537.36 (KHTML, like Gecko) Chrome/114.0.0.0 Safari/537.36"
185.216.113.70 - - [17/Apr/2026:16:35:54 +0300] "POST /wp-cron.php?doing_wp_cron=1776432954.7807030677795410156250 HTTP/1.1" 200 448 "-" "WordPress/6.3.8; https://serhatburke.miroglu.net"
5.157.55.211 - - [17/Apr/2026:16:35:30 +0300] "POST /xmlrpc.php HTTP/1.1" 200 640 "https://serhatburke.miroglu.net/xmlrpc.php" "Mozilla/5.0 (Windows NT 6.3; Win64; x64) AppleWebKit/537.36 (KHTML, like Gecko) Chrome/103.0.0.0 Safari/537.36"
104.166.164.25 - - [17/Apr/2026:16:35:36 +0300] "GET /calvin-local-casino-totally-free-revolves-no-top-best-online-casino-deposit-extra-promotion-code/ HTTP/1.1" 200 74867 "-" "Mozilla/5.0 (Windows NT 10.0; Win64; x64) AppleWebKit/537.36 (KHTML, like Gecko) Chrome/123.0.0.0 Safari/537.36"
103.219.169.179 - - [17/Apr/2026:16:35:41 +0300] "POST /xmlrpc.php HTTP/1.1" 200 14778 "-" "Mozilla/5.0 (Windows NT 10.0; Win64; x64) AppleWebKit/537.36 (KHTML, like Gecko) Chrome/114.0.0.0 Safari/537.36"
23.90.188.180 - - [17/Apr/2026:16:35:41 +0300] "GET /unser-besten-lord-of-the-ocean-trick-echtgeld-casinos-um-echtes-bimbes-ernst-zum-besten-geben-2026/ HTTP/1.1" 200 76880 "-" "Mozilla/5.0 (Windows NT 10.0; Win64; x64) AppleWebKit/537.36 (KHTML, like Gecko) Chrome/123.0.0.0 Safari/537.36"
23.90.188.180 - - [17/Apr/2026:16:35:48 +0300] "POST /xmlrpc.php HTTP/1.1" 200 630 "-" "Mozilla/5.0 (Windows NT 10.0; Win64; x64) AppleWebKit/537.36 (KHTML, like Gecko) Chrome/114.0.0.0 Safari/537.36"
5.157.55.211 - - [17/Apr/2026:16:35:55 +0300] "GET /?p=116710 HTTP/1.1" 301 843 "https://serhatburke.miroglu.net/xmlrpc.php" "Mozilla/5.0 (Windows NT 6.3; Win64; x64) AppleWebKit/537.36 (KHTML, like Gecko) Chrome/103.0.0.0 Safari/537.36"
103.219.169.179 - - [17/Apr/2026:16:36:16 +0300] "GET /superiores-slots-en-internet-en-espana-de-pharaoh-80-giros-gratis-ganar-dinero/ HTTP/1.1" 200 76367 "-" "Mozilla/5.0 (Windows NT 10.0; Win64; x64) AppleWebKit/537.36 (KHTML, like Gecko) Chrome/122.0.0.0 Safari/537.36"
