102.221.34.103 - - [17/Apr/2026:11:23:21 +0300] "POST /xmlrpc.php HTTP/1.1" 200 12588 "-" "Mozilla/5.0 (Windows NT 10.0; Win64; x64) AppleWebKit/537.36 (KHTML, like Gecko) Chrome/114.0.0.0 Safari/537.36"
194.15.111.234 - - [17/Apr/2026:11:23:32 +0300] "POST /xmlrpc.php HTTP/1.1" 200 667 "-" "Mozilla/5.0 (Windows NT 10.0; Win64; x64) AppleWebKit/537.36 (KHTML, like Gecko) Chrome/121.0.0.0 Safari/537.36 Edg/121.0.0.0"
185.216.113.70 - - [17/Apr/2026:11:24:00 +0300] "POST /wp-cron.php?doing_wp_cron=1776414240.8276169300079345703125 HTTP/1.1" 200 448 "-" "WordPress/6.3.8; https://serhatburke.miroglu.net"
102.221.34.103 - - [17/Apr/2026:11:23:43 +0300] "GET /8-proven-a-way-to-come-across-a-secure-and-you-can-enjoyable-british-on-the-web-gambling-establishment-an-excellent-gransino-hockey-league-slot-no-deposit-co-united-kingdom-book/ HTTP/1.1" 200 76387 "-" "Mozilla/5.0 (Windows NT 10.0; Win64; x64) AppleWebKit/537.36 (KHTML, like Gecko) Chrome/124.0.0.0 Safari/537.36"
165.73.240.122 - - [17/Apr/2026:11:23:49 +0300] "POST /xmlrpc.php HTTP/1.1" 200 13139 "-" "Mozilla/5.0 (Windows NT 10.0; Win64; x64) AppleWebKit/537.36 (KHTML, like Gecko) Chrome/114.0.0.0 Safari/537.36"
194.15.111.234 - - [17/Apr/2026:11:23:51 +0300] "POST /xmlrpc.php HTTP/1.1" 200 5450 "-" "Mozilla/5.0 (Windows NT 10.0; Win64; x64) AppleWebKit/537.36 (KHTML, like Gecko) Chrome/121.0.0.0 Safari/537.36 Edg/121.0.0.0"
165.73.240.122 - - [17/Apr/2026:11:24:10 +0300] "GET /der-sizzling-very-hot-slot-within-den-novomatic-columbus-deluxe-slot-free-spins-casinos-erfreut-sich-etwas-seit-dieser-zeit-sehr-vielen-jahren-groer-beliebtheit/ HTTP/1.1" 200 77060 "-" "Mozilla/5.0 (Windows NT 10.0; rv:109.0) Gecko/20100101 Firefox/115.0"
185.216.113.70 - - [17/Apr/2026:11:25:27 +0300] "POST /wp-cron.php?doing_wp_cron=1776414326.9313580989837646484375 HTTP/1.1" 200 448 "-" "WordPress/6.3.8; https://serhatburke.miroglu.net"
103.219.169.214 - - [17/Apr/2026:11:25:13 +0300] "POST /xmlrpc.php HTTP/1.1" 200 630 "-" "Mozilla/5.0 (Windows NT 10.0; Win64; x64) AppleWebKit/537.36 (KHTML, like Gecko) Chrome/114.0.0.0 Safari/537.36"
102.221.34.103 - - [17/Apr/2026:11:25:28 +0300] "POST /xmlrpc.php HTTP/1.1" 200 630 "-" "Mozilla/5.0 (Windows NT 10.0; Win64; x64) AppleWebKit/537.36 (KHTML, like Gecko) Chrome/114.0.0.0 Safari/537.36"
103.219.169.214 - - [17/Apr/2026:11:25:33 +0300] "POST /xmlrpc.php HTTP/1.1" 200 15438 "-" "Mozilla/5.0 (Windows NT 10.0; Win64; x64) AppleWebKit/537.36 (KHTML, like Gecko) Chrome/114.0.0.0 Safari/537.36"
57.141.20.42 - - [17/Apr/2026:11:25:49 +0300] "GET /robots.txt HTTP/2" 200 0 "-" "facebookexternalhit/1.1 (+http://www.facebook.com/externalhit_uatext.php)"
173.252.87.30 - - [17/Apr/2026:11:25:55 +0300] "GET /robots.txt HTTP/2" 200 0 "-" "facebookexternalhit/1.1 (+http://www.facebook.com/externalhit_uatext.php)"
57.141.20.6 - - [17/Apr/2026:11:25:56 +0300] "GET /robots.txt HTTP/2" 200 0 "-" "facebookexternalhit/1.1 (+http://www.facebook.com/externalhit_uatext.php)"
102.221.34.103 - - [17/Apr/2026:11:25:50 +0300] "POST /xmlrpc.php HTTP/1.1" 200 13098 "-" "Mozilla/5.0 (Windows NT 10.0; Win64; x64) AppleWebKit/537.36 (KHTML, like Gecko) Chrome/114.0.0.0 Safari/537.36"
103.219.169.214 - - [17/Apr/2026:11:25:50 +0300] "GET /hace-el-trabajo-sin-cargo-a-ramses-book-acerca-de-modo-revision-de-tragamonedas-black-horse-demo/ HTTP/1.1" 200 77477 "-" "Mozilla/5.0 (Windows NT 10.0; Win64; x64) AppleWebKit/537.36 (KHTML, like Gecko) Chrome/124.0.0.0 Safari/537.36"
102.221.34.103 - - [17/Apr/2026:11:26:14 +0300] "GET /on-line-casino-explore-new-slots-uk-250percent-incentive-to-your/ HTTP/1.1" 200 74402 "-" "Mozilla/5.0 (Windows NT 10.0; Win64; x64) AppleWebKit/537.36 (KHTML, like Gecko) Chrome/122.0.0.0 Safari/537.36"
66.249.73.15 - - [17/Apr/2026:11:26:33 +0300] "GET /betonred-casino-apostas-mais-menos-e-a-experiencia-para-jogadores-em-portugal/ HTTP/1.1" 200 0 "https://korput.driftlogic-games.biz/" "Mozilla/5.0 (Linux; Android 6.0.1; Nexus 5X Build/MMB29P) AppleWebKit/537.36 (KHTML, like Gecko) Chrome/146.0.7680.177 Mobile Safari/537.36 (compatible; Googlebot/2.1; +http://www.google.com/bot.html)"
185.216.113.70 - - [17/Apr/2026:11:26:46 +0300] "POST /wp-cron.php?doing_wp_cron=1776414406.6850790977478027343750 HTTP/1.1" 200 448 "-" "WordPress/6.3.8; https://serhatburke.miroglu.net"
185.216.113.70 - - [17/Apr/2026:11:28:15 +0300] "POST /wp-cron.php?doing_wp_cron=1776414495.2690050601959228515625 HTTP/1.1" 200 448 "-" "WordPress/6.3.8; https://serhatburke.miroglu.net"
102.221.34.103 - - [17/Apr/2026:11:28:02 +0300] "POST /xmlrpc.php HTTP/1.1" 200 630 "-" "Mozilla/5.0 (Windows NT 10.0; Win64; x64) AppleWebKit/537.36 (KHTML, like Gecko) Chrome/114.0.0.0 Safari/537.36"
102.221.34.103 - - [17/Apr/2026:11:28:21 +0300] "POST /xmlrpc.php HTTP/1.1" 200 13059 "-" "Mozilla/5.0 (Windows NT 10.0; Win64; x64) AppleWebKit/537.36 (KHTML, like Gecko) Chrome/114.0.0.0 Safari/537.36"
185.216.113.70 - - [17/Apr/2026:11:28:47 +0300] "POST /wp-cron.php?doing_wp_cron=1776414527.8617079257965087890625 HTTP/1.1" 200 448 "-" "WordPress/6.3.8; https://serhatburke.miroglu.net"
102.221.34.103 - - [17/Apr/2026:11:28:35 +0300] "GET /full-type-of-a-knowledgeable-dragon-attraction-casino-slot-machines/ HTTP/1.1" 200 74018 "-" "Mozilla/5.0 (Windows NT 10.0; Win64; x64) AppleWebKit/537.36 (KHTML, like Gecko) Chrome/123.0.0.0 Safari/537.36 OPR/109.0.0.0"
104.166.164.25 - - [17/Apr/2026:11:29:14 +0300] "POST /xmlrpc.php HTTP/1.1" 200 630 "-" "Mozilla/5.0 (Windows NT 10.0; Win64; x64) AppleWebKit/537.36 (KHTML, like Gecko) Chrome/114.0.0.0 Safari/537.36"
185.216.113.70 - - [17/Apr/2026:11:29:45 +0300] "POST /wp-cron.php?doing_wp_cron=1776414585.7142269611358642578125 HTTP/1.1" 200 448 "-" "WordPress/6.3.8; https://serhatburke.miroglu.net"
104.166.164.25 - - [17/Apr/2026:11:29:33 +0300] "POST /xmlrpc.php HTTP/1.1" 200 12995 "-" "Mozilla/5.0 (Windows NT 10.0; Win64; x64) AppleWebKit/537.36 (KHTML, like Gecko) Chrome/114.0.0.0 Safari/537.36"
165.73.240.122 - - [17/Apr/2026:11:29:48 +0300] "POST /xmlrpc.php HTTP/1.1" 200 630 "-" "Mozilla/5.0 (Windows NT 10.0; Win64; x64) AppleWebKit/537.36 (KHTML, like Gecko) Chrome/114.0.0.0 Safari/537.36"
104.166.164.25 - - [17/Apr/2026:11:29:47 +0300] "GET /higher-paying-on-the-internet-pokies-best-paypal-casino-online-payout-aus-pokies/ HTTP/1.1" 200 74472 "-" "Mozilla/5.0 (Windows NT 10.0; Win64; x64; rv:125.0) Gecko/20100101 Firefox/125.0"
57.128.22.95 - - [17/Apr/2026:11:29:51 +0300] "GET /zotabet-casino-bonus-premier-depot-2026/ HTTP/1.1" 200 18537 "https://serhatburke.miroglu.net/" "Mozilla/5.0 (Windows NT 10.0; Win64; x64) AppleWebKit/537.36 (KHTML, like Gecko) Chrome/144.0.0.0 Safari/537.36 OPR/128.0.0.0"
192.3.59.35 - - [17/Apr/2026:11:30:17 +0300] "GET /wp-includes/css/dist/block-library/style.min.css?ver=6.3.8 HTTP/1.1" 200 13578 "https://serhatburke.miroglu.net/zotabet-casino-bonus-premier-depot-2026/" "Mozilla/5.0 (Windows NT 10.0; Win64; x64) AppleWebKit/537.36 (KHTML, like Gecko) Chrome/145.0.0.0 Safari/537.36"
192.3.59.35 - - [17/Apr/2026:11:30:19 +0300] "GET /wp-content/plugins/contact-form-7/includes/css/styles.css?ver=5.8 HTTP/1.1" 200 1490 "https://serhatburke.miroglu.net/zotabet-casino-bonus-premier-depot-2026/" "Mozilla/5.0 (Windows NT 10.0; Win64; x64) AppleWebKit/537.36 (KHTML, like Gecko) Chrome/145.0.0.0 Safari/537.36"
192.3.59.35 - - [17/Apr/2026:11:30:20 +0300] "GET /wp-content/themes/toppic/css/fontello.css?ver=4.2 HTTP/1.1" 200 1802 "https://serhatburke.miroglu.net/zotabet-casino-bonus-premier-depot-2026/" "Mozilla/5.0 (Windows NT 10.0; Win64; x64) AppleWebKit/537.36 (KHTML, like Gecko) Chrome/145.0.0.0 Safari/537.36"
192.3.59.35 - - [17/Apr/2026:11:30:22 +0300] "GET /wp-content/themes/toppic/css/reset.css?ver=4.2 HTTP/1.1" 200 1178 "https://serhatburke.miroglu.net/zotabet-casino-bonus-premier-depot-2026/" "Mozilla/5.0 (Windows NT 10.0; Win64; x64) AppleWebKit/537.36 (KHTML, like Gecko) Chrome/145.0.0.0 Safari/537.36"
192.3.59.35 - - [17/Apr/2026:11:30:24 +0300] "GET /wp-content/themes/toppic/css/default.css?ver=4.2 HTTP/1.1" 200 1811 "https://serhatburke.miroglu.net/zotabet-casino-bonus-premier-depot-2026/" "Mozilla/5.0 (Windows NT 10.0; Win64; x64) AppleWebKit/537.36 (KHTML, like Gecko) Chrome/145.0.0.0 Safari/537.36"
192.3.59.35 - - [17/Apr/2026:11:30:25 +0300] "GET /wp-content/themes/toppic/style.css?ver=4.2 HTTP/1.1" 200 23398 "https://serhatburke.miroglu.net/zotabet-casino-bonus-premier-depot-2026/" "Mozilla/5.0 (Windows NT 10.0; Win64; x64) AppleWebKit/537.36 (KHTML, like Gecko) Chrome/145.0.0.0 Safari/537.36"
192.3.59.35 - - [17/Apr/2026:11:30:27 +0300] "GET /wp-content/themes/toppic/css/royalslider.css?ver=4.2 HTTP/1.1" 200 1887 "https://serhatburke.miroglu.net/zotabet-casino-bonus-premier-depot-2026/" "Mozilla/5.0 (Windows NT 10.0; Win64; x64) AppleWebKit/537.36 (KHTML, like Gecko) Chrome/145.0.0.0 Safari/537.36"
192.3.59.35 - - [17/Apr/2026:11:30:28 +0300] "GET /wp-content/themes/toppic/css/rs-default.css?ver=4.2 HTTP/1.1" 200 2625 "https://serhatburke.miroglu.net/zotabet-casino-bonus-premier-depot-2026/" "Mozilla/5.0 (Windows NT 10.0; Win64; x64) AppleWebKit/537.36 (KHTML, like Gecko) Chrome/145.0.0.0 Safari/537.36"
165.73.240.122 - - [17/Apr/2026:11:30:18 +0300] "POST /xmlrpc.php HTTP/1.1" 200 15172 "-" "Mozilla/5.0 (Windows NT 10.0; Win64; x64) AppleWebKit/537.36 (KHTML, like Gecko) Chrome/114.0.0.0 Safari/537.36"
102.221.34.103 - - [17/Apr/2026:11:30:23 +0300] "POST /xmlrpc.php HTTP/1.1" 200 630 "-" "Mozilla/5.0 (Windows NT 10.0; Win64; x64) AppleWebKit/537.36 (KHTML, like Gecko) Chrome/114.0.0.0 Safari/537.36"
185.216.113.70 - - [17/Apr/2026:11:30:47 +0300] "POST /wp-cron.php?doing_wp_cron=1776414647.5492889881134033203125 HTTP/1.1" 200 448 "-" "WordPress/6.3.8; https://serhatburke.miroglu.net"
165.73.240.122 - - [17/Apr/2026:11:30:34 +0300] "GET /beste-verbunden-casinos-bingo-online-qua-5-eur-einzahlung-verzeichnis-2026/ HTTP/1.1" 200 77211 "-" "Mozilla/5.0 (Windows NT 10.0; Win64; x64) AppleWebKit/537.36 (KHTML, like Gecko) Chrome/122.0.0.0 Safari/537.36"
185.216.113.70 - - [17/Apr/2026:11:30:58 +0300] "POST /wp-cron.php?doing_wp_cron=1776414657.9952189922332763671875 HTTP/1.1" 200 448 "-" "WordPress/6.3.8; https://serhatburke.miroglu.net"
102.221.34.103 - - [17/Apr/2026:11:30:44 +0300] "POST /xmlrpc.php HTTP/1.1" 200 12796 "-" "Mozilla/5.0 (Windows NT 10.0; Win64; x64) AppleWebKit/537.36 (KHTML, like Gecko) Chrome/114.0.0.0 Safari/537.36"
199.188.102.28 - - [17/Apr/2026:11:31:00 +0300] "GET /wp-content/themes/toppic/css/woocommerce.css?ver=4.2 HTTP/1.1" 200 2848 "https://serhatburke.miroglu.net/zotabet-casino-bonus-premier-depot-2026/" "Mozilla/5.0 (Windows NT 10.0; Win64; x64) AppleWebKit/537.36 (KHTML, like Gecko) Chrome/145.0.0.0 Safari/537.36"
199.188.102.28 - - [17/Apr/2026:11:31:01 +0300] "GET /wp-content/themes/toppic/css/responsive.css?ver=4.2 HTTP/1.1" 200 2796 "https://serhatburke.miroglu.net/zotabet-casino-bonus-premier-depot-2026/" "Mozilla/5.0 (Windows NT 10.0; Win64; x64) AppleWebKit/537.36 (KHTML, like Gecko) Chrome/145.0.0.0 Safari/537.36"
102.221.34.103 - - [17/Apr/2026:11:30:59 +0300] "GET /og-fight-night-hd-slot-machine-local-casino-comment-400percent-greeting-added-bonus-around-80/ HTTP/1.1" 200 74546 "-" "Mozilla/5.0 (Windows NT 10.0; rv:125.0) Gecko/20100101 Firefox/125.0"
199.188.102.28 - - [17/Apr/2026:11:31:02 +0300] "POST /wp-comments-post.php HTTP/1.1" 302 1087 "https://serhatburke.miroglu.net/zotabet-casino-bonus-premier-depot-2026/" "Mozilla/5.0 (Windows NT 10.0; Win64; x64) AppleWebKit/537.36 (KHTML, like Gecko) Chrome/144.0.0.0 Safari/537.36 OPR/128.0.0.0"
199.188.102.28 - - [17/Apr/2026:11:31:21 +0300] "GET /zotabet-casino-bonus-premier-depot-2026/?unapproved=435&moderation-hash=83c73ca7c4ce8af53c192e4af9f35819 HTTP/1.1" 200 18963 "https://serhatburke.miroglu.net/wp-comments-post.php" "Mozilla/5.0 (Windows NT 10.0; Win64; x64) AppleWebKit/537.36 (KHTML, like Gecko) Chrome/144.0.0.0 Safari/537.36 OPR/128.0.0.0"
185.216.113.70 - - [17/Apr/2026:11:31:44 +0300] "POST /wp-cron.php?doing_wp_cron=1776414704.9385340213775634765625 HTTP/1.1" 200 448 "-" "WordPress/6.3.8; https://serhatburke.miroglu.net"
57.128.22.95 - - [17/Apr/2026:11:31:33 +0300] "GET /zotabet-casino-bonus-premier-depot-2026/ HTTP/1.1" 200 18530 "-" "Mozilla/5.0 (compatible; Googlebot/2.1; +http://www.google.com/bot.html)"
103.219.169.214 - - [17/Apr/2026:11:31:40 +0300] "POST /xmlrpc.php HTTP/1.1" 200 630 "-" "Mozilla/5.0 (Windows NT 10.0; Win64; x64) AppleWebKit/537.36 (KHTML, like Gecko) Chrome/114.0.0.0 Safari/537.36"
103.219.169.214 - - [17/Apr/2026:11:31:59 +0300] "POST /xmlrpc.php HTTP/1.1" 200 14852 "-" "Mozilla/5.0 (Windows NT 10.0; Win64; x64) AppleWebKit/537.36 (KHTML, like Gecko) Chrome/114.0.0.0 Safari/537.36"
103.219.169.214 - - [17/Apr/2026:11:32:13 +0300] "GET /giros-sin-cargo-top-casinos-con-el-pasar-del-pokies-de-dinero-real-en-linea-chile-tiempo-tiradas-de-balde-acerca-de-2026/ HTTP/1.1" 200 77471 "-" "Mozilla/5.0 (Windows NT 10.0; Win64; x64) AppleWebKit/537.36 (KHTML, like Gecko) Chrome/109.0.0.0 Safari/537.36"
102.221.34.103 - - [17/Apr/2026:11:32:15 +0300] "POST /xmlrpc.php HTTP/1.1" 200 630 "-" "Mozilla/5.0 (Windows NT 10.0; Win64; x64) AppleWebKit/537.36 (KHTML, like Gecko) Chrome/114.0.0.0 Safari/537.36"
57.128.22.95 - - [17/Apr/2026:11:32:21 +0300] "GET /zotabet-casino-bonus-premier-depot-2026/ HTTP/1.1" 200 18530 "-" "Mozilla/5.0 (compatible; Googlebot/2.1; +http://www.google.com/bot.html)"
185.216.113.70 - - [17/Apr/2026:11:32:49 +0300] "POST /wp-cron.php?doing_wp_cron=1776414769.4339840412139892578125 HTTP/1.1" 200 448 "-" "WordPress/6.3.8; https://serhatburke.miroglu.net"
102.221.34.103 - - [17/Apr/2026:11:32:36 +0300] "POST /xmlrpc.php HTTP/1.1" 200 13232 "-" "Mozilla/5.0 (Windows NT 10.0; Win64; x64) AppleWebKit/537.36 (KHTML, like Gecko) Chrome/114.0.0.0 Safari/537.36"
102.221.34.103 - - [17/Apr/2026:11:32:50 +0300] "GET /enjoy-23000-chinese-zodiac-slot-free-online-online-casino-games-zero-obtain/ HTTP/1.1" 200 74456 "-" "Mozilla/5.0 (Windows NT 10.0; Win64; x64) AppleWebKit/537.36 (KHTML, like Gecko) Chrome/122.0.0.0 Safari/537.36"
104.166.164.25 - - [17/Apr/2026:11:32:57 +0300] "POST /xmlrpc.php HTTP/1.1" 200 630 "-" "Mozilla/5.0 (Windows NT 10.0; Win64; x64) AppleWebKit/537.36 (KHTML, like Gecko) Chrome/114.0.0.0 Safari/537.36"
104.166.164.25 - - [17/Apr/2026:11:33:20 +0300] "POST /xmlrpc.php HTTP/1.1" 200 13058 "-" "Mozilla/5.0 (Windows NT 10.0; Win64; x64) AppleWebKit/537.36 (KHTML, like Gecko) Chrome/114.0.0.0 Safari/537.36"
185.216.113.70 - - [17/Apr/2026:11:33:47 +0300] "POST /wp-cron.php?doing_wp_cron=1776414827.7131900787353515625000 HTTP/1.1" 200 448 "-" "WordPress/6.3.8; https://serhatburke.miroglu.net"
104.166.164.25 - - [17/Apr/2026:11:33:35 +0300] "GET /greatest-paysafecard-gambling-enterprises-united-kingdom-within-the-casino-extra-chilli-2026-best-web-sites-with-paysafe/ HTTP/1.1" 200 75529 "-" "Mozilla/5.0 (Windows NT 10.0; rv:125.0) Gecko/20100101 Firefox/125.0"
102.221.34.103 - - [17/Apr/2026:11:33:45 +0300] "POST /xmlrpc.php HTTP/1.1" 200 630 "-" "Mozilla/5.0 (Windows NT 10.0; Win64; x64) AppleWebKit/537.36 (KHTML, like Gecko) Chrome/114.0.0.0 Safari/537.36"
98.98.9.58 - - [17/Apr/2026:11:33:51 +0300] "POST /xmlrpc.php HTTP/1.1" 200 630 "-" "Mozilla/5.0 (Windows NT 10.0; Win64; x64) AppleWebKit/537.36 (KHTML, like Gecko) Chrome/114.0.0.0 Safari/537.36"
209.50.190.76 - - [17/Apr/2026:11:33:56 +0300] "GET /wp-login.php HTTP/2" 200 3093 "-" "Mozilla/5.0 (Macintosh; Intel Mac OS X 13_5) AppleWebKit/605.1.15 (KHTML, like Gecko) Version/17.5 Safari/605.1.15"
102.221.34.103 - - [17/Apr/2026:11:34:09 +0300] "POST /xmlrpc.php HTTP/1.1" 200 12533 "-" "Mozilla/5.0 (Windows NT 10.0; Win64; x64) AppleWebKit/537.36 (KHTML, like Gecko) Chrome/114.0.0.0 Safari/537.36"
66.249.73.14 - - [17/Apr/2026:11:34:21 +0300] "GET /betonred-casino-apostas-mais-menos-e-a-experiencia-para-jogadores-em-portugal/ HTTP/1.1" 200 0 "https://korput.driftlogic-games.biz/" "Mozilla/5.0 (Linux; Android 6.0.1; Nexus 5X Build/MMB29P) AppleWebKit/537.36 (KHTML, like Gecko) Chrome/146.0.7680.177 Mobile Safari/537.36 (compatible; Googlebot/2.1; +http://www.google.com/bot.html)"
185.216.113.70 - - [17/Apr/2026:11:34:32 +0300] "POST /wp-cron.php?doing_wp_cron=1776414872.8121650218963623046875 HTTP/1.1" 200 448 "-" "WordPress/6.3.8; https://serhatburke.miroglu.net"
98.98.9.58 - - [17/Apr/2026:11:34:17 +0300] "POST /xmlrpc.php HTTP/1.1" 200 9922 "-" "Mozilla/5.0 (Windows NT 10.0; Win64; x64) AppleWebKit/537.36 (KHTML, like Gecko) Chrome/114.0.0.0 Safari/537.36"
102.221.34.103 - - [17/Apr/2026:11:34:22 +0300] "GET /golden-goddess-casino-slot-sakura-fortune-1-deposit-games-free-gamble-within-the-demo-by-the-igt/ HTTP/1.1" 200 74591 "-" "Mozilla/5.0 (Windows NT 10.0; Win64; x64) AppleWebKit/537.36 (KHTML, like Gecko) Chrome/124.0.0.0 Safari/537.36 Edg/124.0.0.0"
98.98.9.58 - - [17/Apr/2026:11:34:34 +0300] "GET /najlepsie-hazardne-spolocnosti-apple-pay-najlepsie-stavkove-stranky-applepay-2026/ HTTP/1.1" 200 72556 "-" "Mozilla/5.0 (Windows NT 10.0; rv:109.0) Gecko/20100101 Firefox/115.0"
216.26.250.110 - - [17/Apr/2026:11:34:48 +0300] "POST /xmlrpc.php HTTP/2" 200 110 "-" "Mozilla/5.0 (Windows NT 10.0; Win64; x64) AppleWebKit/537.36 (KHTML, like Gecko) Chrome/124.0.6367.207 Safari/537.36"
45.3.36.104 - - [17/Apr/2026:11:35:02 +0300] "GET /wp-login.php HTTP/2" 200 3093 "-" "Mozilla/5.0 (Windows NT 10.0; Win64; x64; rv:127.0) Gecko/20100101 Firefox/127.0"
102.221.34.103 - - [17/Apr/2026:11:35:09 +0300] "POST /xmlrpc.php HTTP/1.1" 200 630 "-" "Mozilla/5.0 (Windows NT 10.0; Win64; x64) AppleWebKit/537.36 (KHTML, like Gecko) Chrome/114.0.0.0 Safari/537.36"
185.216.113.70 - - [17/Apr/2026:11:35:41 +0300] "POST /wp-cron.php?doing_wp_cron=1776414941.2120919227600097656250 HTTP/1.1" 200 448 "-" "WordPress/6.3.8; https://serhatburke.miroglu.net"
102.221.34.103 - - [17/Apr/2026:11:35:28 +0300] "POST /xmlrpc.php HTTP/1.1" 200 13131 "-" "Mozilla/5.0 (Windows NT 10.0; Win64; x64) AppleWebKit/537.36 (KHTML, like Gecko) Chrome/114.0.0.0 Safari/537.36"
102.221.34.103 - - [17/Apr/2026:11:35:42 +0300] "GET /online-adventure-palace-slot-machines-casino-have-fun-with-250percent-extra-to-your/ HTTP/1.1" 200 74751 "-" "Mozilla/5.0 (Windows NT 10.0; Win64; x64) AppleWebKit/537.36 (KHTML, like Gecko) Chrome/124.0.0.0 Safari/537.36"
165.73.240.122 - - [17/Apr/2026:11:36:15 +0300] "POST /xmlrpc.php HTTP/1.1" 200 630 "-" "Mozilla/5.0 (Windows NT 10.0; Win64; x64) AppleWebKit/537.36 (KHTML, like Gecko) Chrome/114.0.0.0 Safari/537.36"
104.207.59.29 - - [17/Apr/2026:11:36:20 +0300] "GET /wp-login.php HTTP/2" 200 3093 "-" "Mozilla/5.0 (Macintosh; Intel Mac OS X 13_5) AppleWebKit/605.1.15 (KHTML, like Gecko) Version/17.5 Safari/605.1.15"
185.216.113.70 - - [17/Apr/2026:11:36:47 +0300] "POST /wp-cron.php?doing_wp_cron=1776415007.5700869560241699218750 HTTP/1.1" 200 448 "-" "WordPress/6.3.8; https://serhatburke.miroglu.net"
104.166.164.25 - - [17/Apr/2026:11:36:34 +0300] "POST /xmlrpc.php HTTP/1.1" 200 630 "-" "Mozilla/5.0 (Windows NT 10.0; Win64; x64) AppleWebKit/537.36 (KHTML, like Gecko) Chrome/114.0.0.0 Safari/537.36"
165.73.240.122 - - [17/Apr/2026:11:36:35 +0300] "POST /xmlrpc.php HTTP/1.1" 200 16048 "-" "Mozilla/5.0 (Windows NT 10.0; Win64; x64) AppleWebKit/537.36 (KHTML, like Gecko) Chrome/114.0.0.0 Safari/537.36"
102.221.34.103 - - [17/Apr/2026:11:36:45 +0300] "POST /xmlrpc.php HTTP/1.1" 200 630 "-" "Mozilla/5.0 (Windows NT 10.0; Win64; x64) AppleWebKit/537.36 (KHTML, like Gecko) Chrome/114.0.0.0 Safari/537.36"
165.73.240.122 - - [17/Apr/2026:11:36:51 +0300] "GET /crystal-balls-2-abzuglich-eintragung-astro-fruit-jackpot-slot-%EF%B8%8F/ HTTP/1.1" 200 77850 "-" "Mozilla/5.0 (Windows NT 10.0; Win64; x64) AppleWebKit/537.36 (KHTML, like Gecko) Chrome/109.0.0.0 Safari/537.36"
104.166.164.25 - - [17/Apr/2026:11:36:54 +0300] "POST /xmlrpc.php HTTP/1.1" 200 13674 "-" "Mozilla/5.0 (Windows NT 10.0; Win64; x64) AppleWebKit/537.36 (KHTML, like Gecko) Chrome/114.0.0.0 Safari/537.36"
209.50.181.69 - - [17/Apr/2026:11:37:05 +0300] "GET /wp-login.php HTTP/2" 200 3093 "-" "Mozilla/5.0 (Windows NT 10.0; Win64; x64; rv:127.0) Gecko/20100101 Firefox/127.0"
102.221.34.103 - - [17/Apr/2026:11:37:10 +0300] "POST /xmlrpc.php HTTP/1.1" 200 13589 "-" "Mozilla/5.0 (Windows NT 10.0; Win64; x64) AppleWebKit/537.36 (KHTML, like Gecko) Chrome/114.0.0.0 Safari/537.36"
104.166.164.25 - - [17/Apr/2026:11:37:16 +0300] "GET /an-informed-ports-to-try-out-inside-the-las-vegas-in-casino-ladbrokes-no-deposit-bonus-the-2026/ HTTP/1.1" 200 75412 "-" "Mozilla/5.0 (Windows NT 10.0; Win64; x64) AppleWebKit/537.36 (KHTML, like Gecko) Chrome/122.0.0.0 Safari/537.36"
185.216.113.70 - - [17/Apr/2026:11:37:42 +0300] "POST /wp-cron.php?doing_wp_cron=1776415062.8300518989562988281250 HTTP/1.1" 200 448 "-" "WordPress/6.3.8; https://serhatburke.miroglu.net"
102.221.34.103 - - [17/Apr/2026:11:37:29 +0300] "GET /totally-egyptian-rebirth-online-slot-machine-free-harbors-and-sweeps-allege-mr-goodwins-zero-deposit-extra/ HTTP/1.1" 200 75874 "-" "Mozilla/5.0 (Windows NT 10.0; Win64; x64) AppleWebKit/537.36 (KHTML, like Gecko) Chrome/122.0.0.0 Safari/537.36"
102.221.34.103 - - [17/Apr/2026:11:37:59 +0300] "POST /xmlrpc.php HTTP/1.1" 200 630 "-" "Mozilla/5.0 (Windows NT 10.0; Win64; x64) AppleWebKit/537.36 (KHTML, like Gecko) Chrome/114.0.0.0 Safari/537.36"
185.216.113.70 - - [17/Apr/2026:11:38:28 +0300] "POST /wp-cron.php?doing_wp_cron=1776415107.9431340694427490234375 HTTP/1.1" 200 448 "-" "WordPress/6.3.8; https://serhatburke.miroglu.net"
102.221.34.103 - - [17/Apr/2026:11:38:16 +0300] "POST /xmlrpc.php HTTP/1.1" 200 12873 "-" "Mozilla/5.0 (Windows NT 10.0; Win64; x64) AppleWebKit/537.36 (KHTML, like Gecko) Chrome/114.0.0.0 Safari/537.36"
102.221.34.103 - - [17/Apr/2026:11:38:29 +0300] "GET /grandwild-local-hugo-1-deposit-casino-remark-2022-150percent-around-300-100-fs/ HTTP/1.1" 200 74377 "-" "Mozilla/5.0 (Windows NT 10.0; Win64; x64) AppleWebKit/537.36 (KHTML, like Gecko) Chrome/109.0.0.0 Safari/537.36"
103.219.169.214 - - [17/Apr/2026:11:39:04 +0300] "POST /xmlrpc.php HTTP/1.1" 200 630 "-" "Mozilla/5.0 (Windows NT 10.0; Win64; x64) AppleWebKit/537.36 (KHTML, like Gecko) Chrome/114.0.0.0 Safari/537.36"
102.221.34.103 - - [17/Apr/2026:11:39:01 +0300] "POST /xmlrpc.php HTTP/1.1" 200 630 "-" "Mozilla/5.0 (Windows NT 10.0; Win64; x64) AppleWebKit/537.36 (KHTML, like Gecko) Chrome/114.0.0.0 Safari/537.36"
185.216.113.70 - - [17/Apr/2026:11:39:36 +0300] "POST /wp-cron.php?doing_wp_cron=1776415176.2026350498199462890625 HTTP/1.1" 200 448 "-" "WordPress/6.3.8; https://serhatburke.miroglu.net"
102.221.34.103 - - [17/Apr/2026:11:39:24 +0300] "POST /xmlrpc.php HTTP/1.1" 200 12860 "-" "Mozilla/5.0 (Windows NT 10.0; Win64; x64) AppleWebKit/537.36 (KHTML, like Gecko) Chrome/114.0.0.0 Safari/537.36"
103.219.169.214 - - [17/Apr/2026:11:39:22 +0300] "POST /xmlrpc.php HTTP/1.1" 200 16655 "-" "Mozilla/5.0 (Windows NT 10.0; Win64; x64) AppleWebKit/537.36 (KHTML, like Gecko) Chrome/114.0.0.0 Safari/537.36"
102.221.34.103 - - [17/Apr/2026:11:39:37 +0300] "GET /gratorama-pro-remark-2026-leading-and-oktoberfest-slot-punctual-payouts/ HTTP/1.1" 200 74059 "-" "Mozilla/5.0 (Windows NT 10.0; rv:125.0) Gecko/20100101 Firefox/125.0"
103.219.169.214 - - [17/Apr/2026:11:39:41 +0300] "GET /lugar-formal-competir-demo-y-dinero-gladiator-5-deposito-real/ HTTP/1.1" 200 77946 "-" "Mozilla/5.0 (Windows NT 10.0; Win64; x64) AppleWebKit/537.36 (KHTML, like Gecko) Chrome/123.0.0.0 Safari/537.36 OPR/109.0.0.0"
98.98.9.58 - - [17/Apr/2026:11:39:47 +0300] "POST /xmlrpc.php HTTP/1.1" 200 630 "-" "Mozilla/5.0 (Windows NT 10.0; Win64; x64) AppleWebKit/537.36 (KHTML, like Gecko) Chrome/114.0.0.0 Safari/537.36"
102.221.34.103 - - [17/Apr/2026:11:40:04 +0300] "POST /xmlrpc.php HTTP/1.1" 200 630 "-" "Mozilla/5.0 (Windows NT 10.0; Win64; x64) AppleWebKit/537.36 (KHTML, like Gecko) Chrome/114.0.0.0 Safari/537.36"
104.166.164.25 - - [17/Apr/2026:11:40:04 +0300] "POST /xmlrpc.php HTTP/1.1" 200 630 "-" "Mozilla/5.0 (Windows NT 10.0; Win64; x64) AppleWebKit/537.36 (KHTML, like Gecko) Chrome/114.0.0.0 Safari/537.36"
98.98.9.58 - - [17/Apr/2026:11:40:10 +0300] "POST /xmlrpc.php HTTP/1.1" 200 9495 "-" "Mozilla/5.0 (Windows NT 10.0; Win64; x64) AppleWebKit/537.36 (KHTML, like Gecko) Chrome/114.0.0.0 Safari/537.36"
185.216.113.70 - - [17/Apr/2026:11:40:44 +0300] "POST /wp-cron.php?doing_wp_cron=1776415244.9168550968170166015625 HTTP/1.1" 200 448 "-" "WordPress/6.3.8; https://serhatburke.miroglu.net"
102.221.34.103 - - [17/Apr/2026:11:40:26 +0300] "POST /xmlrpc.php HTTP/1.1" 200 12730 "-" "Mozilla/5.0 (Windows NT 10.0; Win64; x64) AppleWebKit/537.36 (KHTML, like Gecko) Chrome/114.0.0.0 Safari/537.36"
104.166.164.25 - - [17/Apr/2026:11:40:27 +0300] "POST /xmlrpc.php HTTP/1.1" 200 13226 "-" "Mozilla/5.0 (Windows NT 10.0; Win64; x64) AppleWebKit/537.36 (KHTML, like Gecko) Chrome/114.0.0.0 Safari/537.36"
98.98.9.58 - - [17/Apr/2026:11:40:28 +0300] "GET /motivacny-bonus-v-kasine-leovegas-200-bezplatnych-tocitok-hned-po-registracii/ HTTP/1.1" 200 71911 "-" "Mozilla/5.0 (Windows NT 10.0; rv:109.0) Gecko/20100101 Firefox/115.0"
102.221.34.103 - - [17/Apr/2026:11:40:46 +0300] "GET /gunsbet-gambling-establishment-remark-casino-irish-gold-2026-300-invited-bonus/ HTTP/1.1" 200 74275 "-" "Mozilla/5.0 (Windows NT 10.0; rv:109.0) Gecko/20100101 Firefox/115.0"
104.166.164.25 - - [17/Apr/2026:11:40:47 +0300] "GET /greatest-mobile-pokies-australian-continent-currentyear-play-for-jackpot247-casino-android-app-a-real-income/ HTTP/1.1" 200 75187 "-" "Mozilla/5.0 (Windows NT 10.0; Win64; x64; rv:124.0) Gecko/20100101 Firefox/124.0"
66.249.73.15 - - [17/Apr/2026:11:40:51 +0300] "GET /betonred-casino-apostas-mais-menos-e-a-experiencia-para-jogadores-em-portugal/ HTTP/1.1" 200 18614 "-" "Mozilla/5.0 (Linux; Android 6.0.1; Nexus 5X Build/MMB29P) AppleWebKit/537.36 (KHTML, like Gecko) Chrome/146.0.7680.177 Mobile Safari/537.36 (compatible; Googlebot/2.1; +http://www.google.com/bot.html)"
102.221.34.103 - - [17/Apr/2026:11:41:06 +0300] "POST /xmlrpc.php HTTP/1.1" 200 630 "-" "Mozilla/5.0 (Windows NT 10.0; Win64; x64) AppleWebKit/537.36 (KHTML, like Gecko) Chrome/114.0.0.0 Safari/537.36"
185.216.113.70 - - [17/Apr/2026:11:41:41 +0300] "POST /wp-cron.php?doing_wp_cron=1776415301.2300710678100585937500 HTTP/1.1" 200 448 "-" "WordPress/6.3.8; https://serhatburke.miroglu.net"
102.221.34.103 - - [17/Apr/2026:11:41:28 +0300] "POST /xmlrpc.php HTTP/1.1" 200 12577 "-" "Mozilla/5.0 (Windows NT 10.0; Win64; x64) AppleWebKit/537.36 (KHTML, like Gecko) Chrome/114.0.0.0 Safari/537.36"
102.221.34.103 - - [17/Apr/2026:11:41:42 +0300] "GET /will-double-magic-free-spins-150-casino-extra-requirements/ HTTP/1.1" 200 73517 "-" "Mozilla/5.0 (Windows NT 10.0; Win64; x64) AppleWebKit/537.36 (KHTML, like Gecko) Chrome/109.0.0.0 Safari/537.36"
102.221.34.103 - - [17/Apr/2026:11:42:08 +0300] "POST /xmlrpc.php HTTP/1.1" 200 630 "-" "Mozilla/5.0 (Windows NT 10.0; Win64; x64) AppleWebKit/537.36 (KHTML, like Gecko) Chrome/114.0.0.0 Safari/537.36"
185.216.113.70 - - [17/Apr/2026:11:42:40 +0300] "POST /wp-cron.php?doing_wp_cron=1776415359.9090700149536132812500 HTTP/1.1" 200 448 "-" "WordPress/6.3.8; https://serhatburke.miroglu.net"
102.221.34.103 - - [17/Apr/2026:11:42:26 +0300] "POST /xmlrpc.php HTTP/1.1" 200 13150 "-" "Mozilla/5.0 (Windows NT 10.0; Win64; x64) AppleWebKit/537.36 (KHTML, like Gecko) Chrome/114.0.0.0 Safari/537.36"
102.221.34.103 - - [17/Apr/2026:11:42:41 +0300] "GET /haz-casino-remark-2025-huge-welcome-free-20-pound-bingo-no-deposit-plan-as-much-as-1000/ HTTP/1.1" 200 74693 "-" "Mozilla/5.0 (Windows NT 10.0; Win64; x64) AppleWebKit/537.36 (KHTML, like Gecko) Chrome/123.0.0.0 Safari/537.36"
98.98.9.58 - - [17/Apr/2026:11:42:42 +0300] "POST /xmlrpc.php HTTP/1.1" 200 630 "-" "Mozilla/5.0 (Windows NT 10.0; Win64; x64) AppleWebKit/537.36 (KHTML, like Gecko) Chrome/114.0.0.0 Safari/537.36"
165.73.240.122 - - [17/Apr/2026:11:42:47 +0300] "POST /xmlrpc.php HTTP/1.1" 200 630 "-" "Mozilla/5.0 (Windows NT 10.0; Win64; x64) AppleWebKit/537.36 (KHTML, like Gecko) Chrome/114.0.0.0 Safari/537.36"
66.249.73.14 - - [17/Apr/2026:11:42:54 +0300] "GET /discover-the-top-games-to-play-at-casinos-for-2/ HTTP/1.1" 200 18244 "-" "Mozilla/5.0 (Linux; Android 6.0.1; Nexus 5X Build/MMB29P) AppleWebKit/537.36 (KHTML, like Gecko) Chrome/146.0.7680.177 Mobile Safari/537.36 (compatible; Googlebot/2.1; +http://www.google.com/bot.html)"
66.249.73.14 - - [17/Apr/2026:11:42:56 +0300] "GET /casino-etiquette-tips-for-a-smoother-gaming/ HTTP/1.1" 200 18146 "-" "Mozilla/5.0 (Linux; Android 6.0.1; Nexus 5X Build/MMB29P) AppleWebKit/537.36 (KHTML, like Gecko) Chrome/146.0.7680.177 Mobile Safari/537.36 (compatible; Googlebot/2.1; +http://www.google.com/bot.html)"
102.221.34.103 - - [17/Apr/2026:11:43:07 +0300] "POST /xmlrpc.php HTTP/1.1" 200 630 "-" "Mozilla/5.0 (Windows NT 10.0; Win64; x64) AppleWebKit/537.36 (KHTML, like Gecko) Chrome/114.0.0.0 Safari/537.36"
98.98.9.58 - - [17/Apr/2026:11:43:18 +0300] "POST /xmlrpc.php HTTP/1.1" 200 9771 "-" "Mozilla/5.0 (Windows NT 10.0; Win64; x64) AppleWebKit/537.36 (KHTML, like Gecko) Chrome/114.0.0.0 Safari/537.36"
165.73.240.122 - - [17/Apr/2026:11:43:24 +0300] "POST /xmlrpc.php HTTP/1.1" 200 15077 "-" "Mozilla/5.0 (Windows NT 10.0; Win64; x64) AppleWebKit/537.36 (KHTML, like Gecko) Chrome/114.0.0.0 Safari/537.36"
185.216.113.70 - - [17/Apr/2026:11:43:59 +0300] "POST /wp-cron.php?doing_wp_cron=1776415439.1792418956756591796875 HTTP/1.1" 200 448 "-" "WordPress/6.3.8; https://serhatburke.miroglu.net"
102.221.34.103 - - [17/Apr/2026:11:43:35 +0300] "POST /xmlrpc.php HTTP/1.1" 200 12489 "-" "Mozilla/5.0 (Windows NT 10.0; Win64; x64) AppleWebKit/537.36 (KHTML, like Gecko) Chrome/114.0.0.0 Safari/537.36"
98.98.9.58 - - [17/Apr/2026:11:43:36 +0300] "GET /kasino-fifty-100-percent-s-roztoceniami-zadarmo-ponuka-britsky-twist-najskor-riziko-neskor/ HTTP/1.1" 200 72298 "-" "Mozilla/5.0 (Windows NT 10.0; rv:109.0) Gecko/20100101 Firefox/115.0"
104.166.164.25 - - [17/Apr/2026:11:43:39 +0300] "POST /xmlrpc.php HTTP/1.1" 200 630 "-" "Mozilla/5.0 (Windows NT 10.0; Win64; x64) AppleWebKit/537.36 (KHTML, like Gecko) Chrome/114.0.0.0 Safari/537.36"
165.73.240.122 - - [17/Apr/2026:11:43:39 +0300] "GET /dies-perfekte-slot-spiel-lucky-haunter-timing-c-gemeinschaft/ HTTP/1.1" 200 76381 "-" "Mozilla/5.0 (Windows NT 10.0; Win64; x64; rv:125.0) Gecko/20100101 Firefox/125.0"
148.135.195.139 - - [17/Apr/2026:11:43:51 +0300] "POST /xmlrpc.php HTTP/1.1" 200 87894 "-" "Mozilla/5.0 (Macintosh; Intel Mac OS X 10_13_6) AppleWebKit/537.36 (KHTML, like Gecko) Chrome/80.0.3987.122 Safari/537.36"
57.128.22.95 - - [17/Apr/2026:11:44:01 +0300] "GET /zotabet-casino-bonus-premier-depot-2026/ HTTP/1.1" 200 18524 "https://serhatburke.miroglu.net/" "Mozilla/5.0 (Macintosh; Intel Mac OS X 10_15_7) AppleWebKit/537.36 (KHTML, like Gecko) Chrome/146.0.0.0 Safari/537.36"
198.23.171.35 - - [17/Apr/2026:11:44:39 +0300] "GET /wp-content/themes/toppic/css/lightbox.css?ver=4.2 HTTP/1.1" 200 2956 "https://serhatburke.miroglu.net/zotabet-casino-bonus-premier-depot-2026/" "Mozilla/5.0 (Windows NT 10.0; Win64; x64) AppleWebKit/537.36 (KHTML, like Gecko) Chrome/145.0.0.0 Safari/537.36"
102.221.34.103 - - [17/Apr/2026:11:44:00 +0300] "GET /hot-shot-complete-steam-in-the-future-pokie-wager-casino-royal-reels-100-percent-free-and-realize-review/ HTTP/1.1" 200 74535 "-" "Mozilla/5.0 (Windows NT 10.0; Win64; x64) AppleWebKit/537.36 (KHTML, like Gecko) Chrome/109.0.0.0 Safari/537.36"
102.221.34.103 - - [17/Apr/2026:11:44:08 +0300] "POST /xmlrpc.php HTTP/1.1" 200 630 "-" "Mozilla/5.0 (Windows NT 10.0; Win64; x64) AppleWebKit/537.36 (KHTML, like Gecko) Chrome/114.0.0.0 Safari/537.36"
104.166.164.25 - - [17/Apr/2026:11:44:15 +0300] "POST /xmlrpc.php HTTP/1.1" 200 12386 "-" "Mozilla/5.0 (Windows NT 10.0; Win64; x64) AppleWebKit/537.36 (KHTML, like Gecko) Chrome/114.0.0.0 Safari/537.36"
148.135.195.139 - - [17/Apr/2026:11:44:28 +0300] "POST /xmlrpc.php HTTP/1.1" 200 489 "-" "Mozilla/5.0 (Macintosh; Intel Mac OS X 10_13_6) AppleWebKit/537.36 (KHTML, like Gecko) Chrome/80.0.3987.122 Safari/537.36"
185.216.113.70 - - [17/Apr/2026:11:45:04 +0300] "POST /wp-cron.php?doing_wp_cron=1776415504.6791729927062988281250 HTTP/1.1" 200 448 "-" "WordPress/6.3.8; https://serhatburke.miroglu.net"
198.23.171.35 - - [17/Apr/2026:11:44:40 +0300] "POST /wp-comments-post.php HTTP/1.1" 302 1087 "https://serhatburke.miroglu.net/zotabet-casino-bonus-premier-depot-2026/" "Mozilla/5.0 (Macintosh; Intel Mac OS X 10_15_7) AppleWebKit/537.36 (KHTML, like Gecko) Chrome/146.0.0.0 Safari/537.36"
185.216.113.70 - - [17/Apr/2026:11:45:19 +0300] "POST /wp-cron.php?doing_wp_cron=1776415519.0960850715637207031250 HTTP/1.1" 200 448 "-" "WordPress/6.3.8; https://serhatburke.miroglu.net"
185.216.113.70 - - [17/Apr/2026:11:45:21 +0300] "POST /wp-cron.php?doing_wp_cron=1776415521.2749519348144531250000 HTTP/1.1" 200 448 "-" "WordPress/6.3.8; https://serhatburke.miroglu.net"
102.221.34.103 - - [17/Apr/2026:11:44:50 +0300] "POST /xmlrpc.php HTTP/1.1" 200 12202 "-" "Mozilla/5.0 (Windows NT 10.0; Win64; x64) AppleWebKit/537.36 (KHTML, like Gecko) Chrome/114.0.0.0 Safari/537.36"
104.166.164.25 - - [17/Apr/2026:11:44:49 +0300] "GET /100-percent-free-pokie-video-game-having-free-revolves-enjoy-on-medusa-2-slot-machine-line-step-1-100-percent-free-pokies/ HTTP/1.1" 200 74946 "-" "Mozilla/5.0 (Windows NT 10.0; rv:109.0) Gecko/20100101 Firefox/115.0"
148.135.195.139 - - [17/Apr/2026:11:44:57 +0300] "POST /xmlrpc.php HTTP/1.1" 200 124144 "-" "Mozilla/5.0 (Macintosh; Intel Mac OS X 10_13_6) AppleWebKit/537.36 (KHTML, like Gecko) Chrome/80.0.3987.122 Safari/537.36"
198.23.171.35 - - [17/Apr/2026:11:45:05 +0300] "GET /zotabet-casino-bonus-premier-depot-2026/?unapproved=436&moderation-hash=730728375b1578d1be065cae99f33d99 HTTP/1.1" 200 0 "https://serhatburke.miroglu.net/wp-comments-post.php" "Mozilla/5.0 (Macintosh; Intel Mac OS X 10_15_7) AppleWebKit/537.36 (KHTML, like Gecko) Chrome/146.0.0.0 Safari/537.36"
185.216.113.70 - - [17/Apr/2026:11:45:47 +0300] "POST /wp-cron.php?doing_wp_cron=1776415547.8925809860229492187500 HTTP/1.1" 200 448 "-" "WordPress/6.3.8; https://serhatburke.miroglu.net"
102.221.34.103 - - [17/Apr/2026:11:45:05 +0300] "POST /xmlrpc.php HTTP/1.1" 200 630 "-" "Mozilla/5.0 (Windows NT 10.0; Win64; x64) AppleWebKit/537.36 (KHTML, like Gecko) Chrome/114.0.0.0 Safari/537.36"
102.221.34.103 - - [17/Apr/2026:11:45:22 +0300] "GET /better-no-deposit-added-bonus-gambling-establishment-2026-rating-no-deposit-fortune-factory-studios-ipad-games-offers-here/ HTTP/1.1" 200 74913 "-" "Mozilla/5.0 (Windows NT 10.0; Win64; x64; rv:124.0) Gecko/20100101 Firefox/124.0"
57.128.22.95 - - [17/Apr/2026:11:45:42 +0300] "GET /zotabet-casino-bonus-premier-depot-2026/ HTTP/1.1" 200 18530 "-" "Mozilla/5.0 (compatible; Googlebot/2.1; +http://www.google.com/bot.html)"
102.221.34.103 - - [17/Apr/2026:11:45:54 +0300] "POST /xmlrpc.php HTTP/1.1" 200 12952 "-" "Mozilla/5.0 (Windows NT 10.0; Win64; x64) AppleWebKit/537.36 (KHTML, like Gecko) Chrome/114.0.0.0 Safari/537.36"
102.221.34.103 - - [17/Apr/2026:11:46:04 +0300] "POST /xmlrpc.php HTTP/1.1" 200 630 "-" "Mozilla/5.0 (Windows NT 10.0; Win64; x64) AppleWebKit/537.36 (KHTML, like Gecko) Chrome/114.0.0.0 Safari/537.36"
185.216.113.70 - - [17/Apr/2026:11:46:39 +0300] "POST /wp-cron.php?doing_wp_cron=1776415599.3119320869445800781250 HTTP/1.1" 200 448 "-" "WordPress/6.3.8; https://serhatburke.miroglu.net"
102.221.34.103 - - [17/Apr/2026:11:46:20 +0300] "GET /bitcoin-gambling-enterprise-la-cucaracha-for-real-money-multiple-leading-crypto-gambling-establishment/ HTTP/1.1" 200 75225 "-" "Mozilla/5.0 (Windows NT 10.0; rv:125.0) Gecko/20100101 Firefox/125.0"
148.135.195.139 - - [17/Apr/2026:11:46:22 +0300] "POST /xmlrpc.php HTTP/1.1" 200 87901 "-" "Mozilla/5.0 (Windows NT 6.1) AppleWebKit/537.36 (KHTML, like Gecko) Chrome/80.0.3987.132 Safari/537.36"
102.221.34.103 - - [17/Apr/2026:11:46:31 +0300] "POST /xmlrpc.php HTTP/1.1" 200 12766 "-" "Mozilla/5.0 (Windows NT 10.0; Win64; x64) AppleWebKit/537.36 (KHTML, like Gecko) Chrome/114.0.0.0 Safari/537.36"
66.249.73.15 - - [17/Apr/2026:11:46:50 +0300] "GET /sugar-rush-1000-a-sweet-spin-experience-for-aussie-players/ HTTP/1.1" 200 0 "https://korput.driftlogic-games.biz/" "Mozilla/5.0 (Linux; Android 6.0.1; Nexus 5X Build/MMB29P) AppleWebKit/537.36 (KHTML, like Gecko) Chrome/146.0.7680.177 Mobile Safari/537.36 (compatible; Googlebot/2.1; +http://www.google.com/bot.html)"
148.135.195.139 - - [17/Apr/2026:11:46:42 +0300] "POST /xmlrpc.php HTTP/1.1" 200 489 "-" "Mozilla/5.0 (Windows NT 6.1) AppleWebKit/537.36 (KHTML, like Gecko) Chrome/80.0.3987.132 Safari/537.36"
104.166.164.25 - - [17/Apr/2026:11:46:49 +0300] "POST /xmlrpc.php HTTP/1.1" 200 630 "-" "Mozilla/5.0 (Windows NT 10.0; Win64; x64) AppleWebKit/537.36 (KHTML, like Gecko) Chrome/114.0.0.0 Safari/537.36"
102.221.34.103 - - [17/Apr/2026:11:46:59 +0300] "POST /xmlrpc.php HTTP/1.1" 200 630 "-" "Mozilla/5.0 (Windows NT 10.0; Win64; x64) AppleWebKit/537.36 (KHTML, like Gecko) Chrome/114.0.0.0 Safari/537.36"
102.221.34.103 - - [17/Apr/2026:11:46:57 +0300] "GET /jackpot-town-online-casino-king-colossus-gambling-enterprise-remark-canada-2023-would-it-be-legit-and-safe/ HTTP/1.1" 200 75024 "-" "Mozilla/5.0 (Windows NT 10.0; Win64; x64) AppleWebKit/537.36 (KHTML, like Gecko) Chrome/124.0.0.0 Safari/537.36"
185.216.113.70 - - [17/Apr/2026:11:47:30 +0300] "POST /wp-cron.php?doing_wp_cron=1776415649.9362630844116210937500 HTTP/1.1" 200 448 "-" "WordPress/6.3.8; https://serhatburke.miroglu.net"
148.135.195.139 - - [17/Apr/2026:11:47:12 +0300] "POST /xmlrpc.php HTTP/1.1" 200 223494 "-" "Mozilla/5.0 (Windows NT 6.1) AppleWebKit/537.36 (KHTML, like Gecko) Chrome/80.0.3987.132 Safari/537.36"
104.166.164.25 - - [17/Apr/2026:11:47:26 +0300] "POST /xmlrpc.php HTTP/1.1" 200 13000 "-" "Mozilla/5.0 (Windows NT 10.0; Win64; x64) AppleWebKit/537.36 (KHTML, like Gecko) Chrome/114.0.0.0 Safari/537.36"
102.221.34.103 - - [17/Apr/2026:11:47:31 +0300] "POST /xmlrpc.php HTTP/1.1" 200 13207 "-" "Mozilla/5.0 (Windows NT 10.0; Win64; x64) AppleWebKit/537.36 (KHTML, like Gecko) Chrome/114.0.0.0 Safari/537.36"
104.166.164.25 - - [17/Apr/2026:11:47:45 +0300] "GET /best-progressive-ports-online-game-for-2026-aquatica-pokie-online-casino-santas-implies-and/ HTTP/1.1" 200 74806 "-" "Mozilla/5.0 (Windows NT 10.0; Win64; x64; rv:124.0) Gecko/20100101 Firefox/124.0"
102.221.34.103 - - [17/Apr/2026:11:47:50 +0300] "GET /justspin-gambling-establishment-opinion-and-500-five-hundred-100-percent-mr-bet-casino-50-free-spins-free-spins-incentive/ HTTP/1.1" 200 75814 "-" "Mozilla/5.0 (Windows NT 10.0; Win64; x64; rv:125.0) Gecko/20100101 Firefox/125.0"
102.221.34.103 - - [17/Apr/2026:11:47:53 +0300] "POST /xmlrpc.php HTTP/1.1" 200 630 "-" "Mozilla/5.0 (Windows NT 10.0; Win64; x64) AppleWebKit/537.36 (KHTML, like Gecko) Chrome/114.0.0.0 Safari/537.36"
185.216.113.70 - - [17/Apr/2026:11:48:30 +0300] "POST /wp-cron.php?doing_wp_cron=1776415710.0206570625305175781250 HTTP/1.1" 200 448 "-" "WordPress/6.3.8; https://serhatburke.miroglu.net"
102.221.34.103 - - [17/Apr/2026:11:48:16 +0300] "POST /xmlrpc.php HTTP/1.1" 200 13219 "-" "Mozilla/5.0 (Windows NT 10.0; Win64; x64) AppleWebKit/537.36 (KHTML, like Gecko) Chrome/114.0.0.0 Safari/537.36"
185.216.113.70 - - [17/Apr/2026:11:48:30 +0300] "POST /wp-cron.php?doing_wp_cron=1776415710.2606348991394042968750 HTTP/1.1" 200 448 "-" "WordPress/6.3.8; https://serhatburke.miroglu.net"
103.219.169.214 - - [17/Apr/2026:11:48:17 +0300] "POST /xmlrpc.php HTTP/1.1" 200 630 "-" "Mozilla/5.0 (Windows NT 10.0; Win64; x64) AppleWebKit/537.36 (KHTML, like Gecko) Chrome/114.0.0.0 Safari/537.36"
185.216.113.70 - - [17/Apr/2026:11:49:02 +0300] "POST /wp-cron.php?doing_wp_cron=1776415742.2944560050964355468750 HTTP/1.1" 200 448 "-" "WordPress/6.3.8; https://serhatburke.miroglu.net"
102.221.34.103 - - [17/Apr/2026:11:48:31 +0300] "GET /7-demonstrated-solutions-to-victory-huge-at-the-online-double-double-bonus-poker-sites-uk-skol-casinouk-on-line/ HTTP/1.1" 200 75232 "-" "Mozilla/5.0 (Windows NT 10.0; Win64; x64) AppleWebKit/537.36 (KHTML, like Gecko) Chrome/123.0.0.0 Safari/537.36"
190.123.210.158 - - [17/Apr/2026:11:48:35 +0300] "GET /beste-casino-site-belgie-hoge-inzet/ HTTP/1.1" 200 18727 "-" "Mozilla/5.0 (Windows NT 10.0; Win64; x64) AppleWebKit/537.36 (KHTML, like Gecko) Chrome/114.0.0.0 Safari/537.36 Edg/114.0.1264.71"
103.219.169.214 - - [17/Apr/2026:11:48:37 +0300] "POST /xmlrpc.php HTTP/1.1" 200 16141 "-" "Mozilla/5.0 (Windows NT 10.0; Win64; x64) AppleWebKit/537.36 (KHTML, like Gecko) Chrome/114.0.0.0 Safari/537.36"
82.25.62.125 - - [17/Apr/2026:11:48:44 +0300] "GET /casino-online-skrill-prelievo-veloce/ HTTP/1.1" 200 18142 "-" "Mozilla/5.0 (compatible; Googlebot/2.1; +http://www.google.com/bot.html)"
102.221.34.103 - - [17/Apr/2026:11:48:51 +0300] "POST /xmlrpc.php HTTP/1.1" 200 630 "-" "Mozilla/5.0 (Windows NT 10.0; Win64; x64) AppleWebKit/537.36 (KHTML, like Gecko) Chrome/114.0.0.0 Safari/537.36"
165.73.240.122 - - [17/Apr/2026:11:49:13 +0300] "POST /xmlrpc.php HTTP/1.1" 200 630 "-" "Mozilla/5.0 (Windows NT 10.0; Win64; x64) AppleWebKit/537.36 (KHTML, like Gecko) Chrome/114.0.0.0 Safari/537.36"
57.128.22.95 - - [17/Apr/2026:11:49:15 +0300] "GET /zotabet-casino-bonus-premier-depot-2026/ HTTP/1.1" 200 18505 "-" "Mozilla/5.0 (compatible; Googlebot/2.1; +http://www.google.com/bot.html)"
103.219.169.214 - - [17/Apr/2026:11:49:13 +0300] "GET /tiradas-sin-cargo-casinos-online-scientific-games-juegos-de-tragamonedas-de-casino-2026-con-manga-larga-sin-deposito/ HTTP/1.1" 200 78848 "-" "Mozilla/5.0 (Windows NT 10.0; Win64; x64; rv:125.0) Gecko/20100101 Firefox/125.0"
102.221.34.103 - - [17/Apr/2026:11:49:31 +0300] "POST /xmlrpc.php HTTP/1.1" 200 12277 "-" "Mozilla/5.0 (Windows NT 10.0; Win64; x64) AppleWebKit/537.36 (KHTML, like Gecko) Chrome/114.0.0.0 Safari/537.36"
185.216.113.70 - - [17/Apr/2026:11:50:03 +0300] "POST /wp-cron.php?doing_wp_cron=1776415803.2741520404815673828125 HTTP/1.1" 200 448 "-" "WordPress/6.3.8; https://serhatburke.miroglu.net"
102.221.34.103 - - [17/Apr/2026:11:49:45 +0300] "POST /xmlrpc.php HTTP/1.1" 200 630 "-" "Mozilla/5.0 (Windows NT 10.0; Win64; x64) AppleWebKit/537.36 (KHTML, like Gecko) Chrome/114.0.0.0 Safari/537.36"
165.73.240.122 - - [17/Apr/2026:11:49:53 +0300] "POST /xmlrpc.php HTTP/1.1" 200 13873 "-" "Mozilla/5.0 (Windows NT 10.0; Win64; x64) AppleWebKit/537.36 (KHTML, like Gecko) Chrome/114.0.0.0 Safari/537.36"
104.166.164.25 - - [17/Apr/2026:11:49:59 +0300] "POST /xmlrpc.php HTTP/1.1" 200 630 "-" "Mozilla/5.0 (Windows NT 10.0; Win64; x64) AppleWebKit/537.36 (KHTML, like Gecko) Chrome/114.0.0.0 Safari/537.36"
102.221.34.103 - - [17/Apr/2026:11:49:56 +0300] "GET /queen-part-casinos-no-deposit-bikini-party-slot-play-for-real-money-bonus-codes-totally-free-crypto-play-inside-2026/ HTTP/1.1" 200 74859 "-" "Mozilla/5.0 (Windows NT 10.0; Win64; x64; rv:124.0) Gecko/20100101 Firefox/124.0"
185.216.113.70 - - [17/Apr/2026:11:50:34 +0300] "POST /wp-cron.php?doing_wp_cron=1776415834.1933369636535644531250 HTTP/1.1" 200 448 "-" "WordPress/6.3.8; https://serhatburke.miroglu.net"
102.221.34.103 - - [17/Apr/2026:11:50:09 +0300] "POST /xmlrpc.php HTTP/1.1" 200 12921 "-" "Mozilla/5.0 (Windows NT 10.0; Win64; x64) AppleWebKit/537.36 (KHTML, like Gecko) Chrome/114.0.0.0 Safari/537.36"
165.73.240.122 - - [17/Apr/2026:11:50:17 +0300] "GET /20-freispiele-blos-casino-21-login-einzahlung-aktuelle-register-2026/ HTTP/1.1" 200 75545 "-" "Mozilla/5.0 (Windows NT 10.0; Win64; x64; rv:124.0) Gecko/20100101 Firefox/124.0"
98.98.9.58 - - [17/Apr/2026:11:50:29 +0300] "POST /xmlrpc.php HTTP/1.1" 200 630 "-" "Mozilla/5.0 (Windows NT 10.0; Win64; x64) AppleWebKit/537.36 (KHTML, like Gecko) Chrome/114.0.0.0 Safari/537.36"
104.166.164.25 - - [17/Apr/2026:11:50:32 +0300] "POST /xmlrpc.php HTTP/1.1" 200 12710 "-" "Mozilla/5.0 (Windows NT 10.0; Win64; x64) AppleWebKit/537.36 (KHTML, like Gecko) Chrome/114.0.0.0 Safari/537.36"
102.221.34.103 - - [17/Apr/2026:11:50:35 +0300] "GET /crypto-cellular-lucha-legends-1-deposit-gambling/ HTTP/1.1" 200 73764 "-" "Mozilla/5.0 (Windows NT 10.0; Win64; x64) AppleWebKit/537.36 (KHTML, like Gecko) Chrome/123.0.0.0 Safari/537.36 OPR/109.0.0.0"
102.221.34.103 - - [17/Apr/2026:11:50:39 +0300] "POST /xmlrpc.php HTTP/1.1" 200 630 "-" "Mozilla/5.0 (Windows NT 10.0; Win64; x64) AppleWebKit/537.36 (KHTML, like Gecko) Chrome/114.0.0.0 Safari/537.36"
104.166.164.25 - - [17/Apr/2026:11:51:05 +0300] "GET /enjoy-22900-100-percent-free-casino-games-ports-no-el-torero-slot-download/ HTTP/1.1" 200 74083 "-" "Mozilla/5.0 (Windows NT 10.0; Win64; x64; rv:125.0) Gecko/20100101 Firefox/125.0"
98.98.9.58 - - [17/Apr/2026:11:51:06 +0300] "POST /xmlrpc.php HTTP/1.1" 200 9893 "-" "Mozilla/5.0 (Windows NT 10.0; Win64; x64) AppleWebKit/537.36 (KHTML, like Gecko) Chrome/114.0.0.0 Safari/537.36"
102.221.34.103 - - [17/Apr/2026:11:51:12 +0300] "POST /xmlrpc.php HTTP/1.1" 200 12534 "-" "Mozilla/5.0 (Windows NT 10.0; Win64; x64) AppleWebKit/537.36 (KHTML, like Gecko) Chrome/114.0.0.0 Safari/537.36"
185.216.113.70 - - [17/Apr/2026:11:51:37 +0300] "POST /wp-cron.php?doing_wp_cron=1776415897.0916650295257568359375 HTTP/1.1" 200 448 "-" "WordPress/6.3.8; https://serhatburke.miroglu.net"
98.98.9.58 - - [17/Apr/2026:11:51:23 +0300] "GET /igrisce-v-bonus-brez-depozita-casino-goldbet-juznem-obmocju/ HTTP/1.1" 200 71544 "-" "Mozilla/5.0 (Windows NT 10.0; Win64; x64; rv:125.0) Gecko/20100101 Firefox/125.0"
185.216.113.70 - - [17/Apr/2026:11:51:46 +0300] "POST /wp-cron.php?doing_wp_cron=1776415906.8484179973602294921875 HTTP/1.1" 200 448 "-" "WordPress/6.3.8; https://serhatburke.miroglu.net"
102.221.34.103 - - [17/Apr/2026:11:51:29 +0300] "GET /february-online-casinos-with-fast-payouts-2026/ HTTP/1.1" 200 73041 "-" "Mozilla/5.0 (Windows NT 10.0; Win64; x64) AppleWebKit/537.36 (KHTML, like Gecko) Chrome/109.0.0.0 Safari/537.36"
102.221.34.103 - - [17/Apr/2026:11:51:37 +0300] "POST /xmlrpc.php HTTP/1.1" 200 630 "-" "Mozilla/5.0 (Windows NT 10.0; Win64; x64) AppleWebKit/537.36 (KHTML, like Gecko) Chrome/114.0.0.0 Safari/537.36"
102.221.34.103 - - [17/Apr/2026:11:52:01 +0300] "POST /xmlrpc.php HTTP/1.1" 200 12522 "-" "Mozilla/5.0 (Windows NT 10.0; Win64; x64) AppleWebKit/537.36 (KHTML, like Gecko) Chrome/114.0.0.0 Safari/537.36"
84.200.80.218 - - [17/Apr/2026:11:52:07 +0300] "POST /xmlrpc.php HTTP/1.1" 200 87894 "-" "Mozilla/5.0 (Windows NT 10.0) AppleWebKit/537.36 (KHTML, like Gecko) Chrome/114.0.0.0 Safari/537.36"
102.221.34.103 - - [17/Apr/2026:11:52:14 +0300] "GET /gamble-100-percent-free-position-game-magic-of-the-ring-slot-free-spins-to-help-you-get-cash-awards/ HTTP/1.1" 200 74629 "-" "Mozilla/5.0 (Windows NT 10.0; rv:109.0) Gecko/20100101 Firefox/115.0"
84.200.80.218 - - [17/Apr/2026:11:52:20 +0300] "POST /xmlrpc.php HTTP/1.1" 200 489 "-" "Mozilla/5.0 (Windows NT 10.0) AppleWebKit/537.36 (KHTML, like Gecko) Chrome/114.0.0.0 Safari/537.36"
185.216.113.70 - - [17/Apr/2026:11:52:45 +0300] "POST /wp-cron.php?doing_wp_cron=1776415965.2319440841674804687500 HTTP/1.1" 200 448 "-" "WordPress/6.3.8; https://serhatburke.miroglu.net"
102.221.34.103 - - [17/Apr/2026:11:52:32 +0300] "POST /xmlrpc.php HTTP/1.1" 200 630 "-" "Mozilla/5.0 (Windows NT 10.0; Win64; x64) AppleWebKit/537.36 (KHTML, like Gecko) Chrome/114.0.0.0 Safari/537.36"
84.200.80.218 - - [17/Apr/2026:11:52:33 +0300] "POST /xmlrpc.php HTTP/1.1" 200 322625 "-" "Mozilla/5.0 (Windows NT 10.0) AppleWebKit/537.36 (KHTML, like Gecko) Chrome/114.0.0.0 Safari/537.36"
104.166.164.25 - - [17/Apr/2026:11:52:44 +0300] "POST /xmlrpc.php HTTP/1.1" 200 630 "-" "Mozilla/5.0 (Windows NT 10.0; Win64; x64) AppleWebKit/537.36 (KHTML, like Gecko) Chrome/114.0.0.0 Safari/537.36"
102.221.34.103 - - [17/Apr/2026:11:52:51 +0300] "POST /xmlrpc.php HTTP/1.1" 200 12544 "-" "Mozilla/5.0 (Windows NT 10.0; Win64; x64) AppleWebKit/537.36 (KHTML, like Gecko) Chrome/114.0.0.0 Safari/537.36"
103.219.169.214 - - [17/Apr/2026:11:53:06 +0300] "POST /xmlrpc.php HTTP/1.1" 200 630 "-" "Mozilla/5.0 (Windows NT 10.0; Win64; x64) AppleWebKit/537.36 (KHTML, like Gecko) Chrome/114.0.0.0 Safari/537.36"
104.166.164.25 - - [17/Apr/2026:11:53:07 +0300] "POST /xmlrpc.php HTTP/1.1" 200 13007 "-" "Mozilla/5.0 (Windows NT 10.0; Win64; x64) AppleWebKit/537.36 (KHTML, like Gecko) Chrome/114.0.0.0 Safari/537.36"
102.221.34.103 - - [17/Apr/2026:11:53:08 +0300] "GET /fundacao-democrito-shogun-bots-slot-play-rocha-projetos/ HTTP/1.1" 200 73347 "-" "Mozilla/5.0 (Windows NT 10.0; Win64; x64) AppleWebKit/537.36 (KHTML, like Gecko) Chrome/123.0.0.0 Safari/537.36 OPR/109.0.0.0"
185.216.113.70 - - [17/Apr/2026:11:53:44 +0300] "POST /wp-cron.php?doing_wp_cron=1776416024.0266969203948974609375 HTTP/1.1" 200 448 "-" "WordPress/6.3.8; https://serhatburke.miroglu.net"
102.221.34.103 - - [17/Apr/2026:11:53:27 +0300] "POST /xmlrpc.php HTTP/1.1" 200 630 "-" "Mozilla/5.0 (Windows NT 10.0; Win64; x64) AppleWebKit/537.36 (KHTML, like Gecko) Chrome/114.0.0.0 Safari/537.36"
104.166.164.25 - - [17/Apr/2026:11:53:27 +0300] "GET /real-money-mecca-bingo-casino-best-slot-game-online-pokies-around-australia-2026-our-very-own-experts-greatest-5/ HTTP/1.1" 200 75316 "-" "Mozilla/5.0 (Windows NT 10.0; Win64; x64; rv:125.0) Gecko/20100101 Firefox/125.0"
103.219.169.214 - - [17/Apr/2026:11:53:32 +0300] "POST /xmlrpc.php HTTP/1.1" 200 15799 "-" "Mozilla/5.0 (Windows NT 10.0; Win64; x64) AppleWebKit/537.36 (KHTML, like Gecko) Chrome/114.0.0.0 Safari/537.36"
102.221.34.103 - - [17/Apr/2026:11:53:51 +0300] "POST /xmlrpc.php HTTP/1.1" 200 12063 "-" "Mozilla/5.0 (Windows NT 10.0; Win64; x64) AppleWebKit/537.36 (KHTML, like Gecko) Chrome/114.0.0.0 Safari/537.36"
