104.166.164.25 - - [17/Apr/2026:14:59:57 +0300] "GET /borgata-casino-rizk-casino-comment-is-the-on-line-casino-software-legit/ HTTP/1.1" 200 74399 "-" "Mozilla/5.0 (Windows NT 10.0; rv:109.0) Gecko/20100101 Firefox/115.0"
65.111.26.17 - - [17/Apr/2026:15:01:43 +0300] "GET /wp-login.php HTTP/2" 200 0 "-" "Mozilla/5.0 (Macintosh; Intel Mac OS X 13_5) AppleWebKit/605.1.15 (KHTML, like Gecko) Version/17.5 Safari/605.1.15"
185.216.113.70 - - [17/Apr/2026:15:02:35 +0300] "POST /wp-cron.php?doing_wp_cron=1776427355.3579609394073486328125 HTTP/1.1" 200 448 "-" "WordPress/6.3.8; https://serhatburke.miroglu.net"
65.111.10.244 - - [17/Apr/2026:15:02:20 +0300] "GET /wp-login.php HTTP/2" 200 3091 "-" "Mozilla/5.0 (Windows NT 10.0; Win64; x64; rv:127.0) Gecko/20100101 Firefox/127.0"
200.25.47.109 - - [17/Apr/2026:15:02:26 +0300] "POST /xmlrpc.php HTTP/1.1" 200 630 "-" "Mozilla/5.0 (Windows NT 10.0; Win64; x64) AppleWebKit/537.36 (KHTML, like Gecko) Chrome/114.0.0.0 Safari/537.36"
65.111.10.244 - - [17/Apr/2026:15:02:36 +0300] "POST /xmlrpc.php HTTP/2" 200 109 "-" "Mozilla/5.0 (Windows NT 10.0; Win64; x64) AppleWebKit/537.36 (KHTML, like Gecko) Chrome/124.0.6367.207 Safari/537.36"
200.25.47.109 - - [17/Apr/2026:15:02:51 +0300] "POST /xmlrpc.php HTTP/1.1" 200 12643 "-" "Mozilla/5.0 (Windows NT 10.0; Win64; x64) AppleWebKit/537.36 (KHTML, like Gecko) Chrome/114.0.0.0 Safari/537.36"
185.216.113.70 - - [17/Apr/2026:15:03:10 +0300] "POST /wp-cron.php?doing_wp_cron=1776427389.9081909656524658203125 HTTP/1.1" 200 448 "-" "WordPress/6.3.8; https://serhatburke.miroglu.net"
65.111.10.244 - - [17/Apr/2026:15:02:57 +0300] "POST /xmlrpc.php HTTP/2" 200 2900 "-" "Mozilla/5.0 (Windows NT 10.0; Win64; x64) AppleWebKit/537.36 (KHTML, like Gecko) Chrome/124.0.6367.207 Safari/537.36"
200.25.47.109 - - [17/Apr/2026:15:03:06 +0300] "GET /retsenzi%D1%98a-kotskarnitse-bet365-iskrena-odluka-nakon-pedeset-puta-bonus-ice-casino-kotska%D1%9Aa/ HTTP/1.1" 200 79435 "-" "Mozilla/5.0 (Windows NT 10.0; Win64; x64) AppleWebKit/537.36 (KHTML, like Gecko) Chrome/124.0.0.0 Safari/537.36"
185.216.113.70 - - [17/Apr/2026:15:03:39 +0300] "POST /wp-cron.php?doing_wp_cron=1776427419.2520680427551269531250 HTTP/1.1" 200 448 "-" "WordPress/6.3.8; https://serhatburke.miroglu.net"
104.166.164.25 - - [17/Apr/2026:15:03:27 +0300] "POST /xmlrpc.php HTTP/1.1" 200 630 "-" "Mozilla/5.0 (Windows NT 10.0; Win64; x64) AppleWebKit/537.36 (KHTML, like Gecko) Chrome/114.0.0.0 Safari/537.36"
104.166.164.25 - - [17/Apr/2026:15:03:46 +0300] "POST /xmlrpc.php HTTP/1.1" 200 12512 "-" "Mozilla/5.0 (Windows NT 10.0; Win64; x64) AppleWebKit/537.36 (KHTML, like Gecko) Chrome/114.0.0.0 Safari/537.36"
104.166.164.25 - - [17/Apr/2026:15:04:02 +0300] "GET /best-100-percent-pokie-dolphin-cash-free-revolves-no-deposit-casinos-inside-the-south-africa-2026/ HTTP/1.1" 200 74488 "-" "Mozilla/5.0 (Windows NT 10.0; Win64; x64) AppleWebKit/537.36 (KHTML, like Gecko) Chrome/123.0.0.0 Safari/537.36"
185.216.113.70 - - [17/Apr/2026:15:04:53 +0300] "POST /wp-cron.php?doing_wp_cron=1776427492.9497730731964111328125 HTTP/1.1" 200 448 "-" "WordPress/6.3.8; https://serhatburke.miroglu.net"
103.219.169.214 - - [17/Apr/2026:15:04:40 +0300] "POST /xmlrpc.php HTTP/1.1" 200 630 "-" "Mozilla/5.0 (Windows NT 10.0; Win64; x64) AppleWebKit/537.36 (KHTML, like Gecko) Chrome/114.0.0.0 Safari/537.36"
103.219.169.214 - - [17/Apr/2026:15:05:00 +0300] "POST /xmlrpc.php HTTP/1.1" 200 15954 "-" "Mozilla/5.0 (Windows NT 10.0; Win64; x64) AppleWebKit/537.36 (KHTML, like Gecko) Chrome/114.0.0.0 Safari/537.36"
103.219.169.214 - - [17/Apr/2026:15:05:17 +0300] "GET /tragamonedas-crazy-monkey-2-demo-mrbet-chile-bonificacion-de-igrosoft/ HTTP/1.1" 200 77556 "-" "Mozilla/5.0 (Windows NT 10.0; Win64; x64; rv:125.0) Gecko/20100101 Firefox/125.0"
185.216.113.70 - - [17/Apr/2026:15:06:23 +0300] "POST /wp-cron.php?doing_wp_cron=1776427583.6210548877716064453125 HTTP/1.1" 200 448 "-" "WordPress/6.3.8; https://serhatburke.miroglu.net"
102.221.34.103 - - [17/Apr/2026:15:06:11 +0300] "POST /xmlrpc.php HTTP/1.1" 200 630 "-" "Mozilla/5.0 (Windows NT 10.0; Win64; x64) AppleWebKit/537.36 (KHTML, like Gecko) Chrome/114.0.0.0 Safari/537.36"
102.221.34.103 - - [17/Apr/2026:15:06:29 +0300] "POST /xmlrpc.php HTTP/1.1" 200 13799 "-" "Mozilla/5.0 (Windows NT 10.0; Win64; x64) AppleWebKit/537.36 (KHTML, like Gecko) Chrome/114.0.0.0 Safari/537.36"
185.216.113.70 - - [17/Apr/2026:15:06:57 +0300] "POST /wp-cron.php?doing_wp_cron=1776427617.1757009029388427734375 HTTP/1.1" 200 448 "-" "WordPress/6.3.8; https://serhatburke.miroglu.net"
104.166.164.25 - - [17/Apr/2026:15:06:43 +0300] "POST /xmlrpc.php HTTP/1.1" 200 630 "-" "Mozilla/5.0 (Windows NT 10.0; Win64; x64) AppleWebKit/537.36 (KHTML, like Gecko) Chrome/114.0.0.0 Safari/537.36"
102.221.34.103 - - [17/Apr/2026:15:06:50 +0300] "GET /help-fruit-slots-slot-machine-guide-to-volatility-within-the-gambling-games-how-exactly-it-affects-professionals/ HTTP/1.1" 200 75958 "-" "Mozilla/5.0 (Windows NT 10.0; Win64; x64) AppleWebKit/537.36 (KHTML, like Gecko) Chrome/109.0.0.0 Safari/537.36"
104.166.164.25 - - [17/Apr/2026:15:07:04 +0300] "POST /xmlrpc.php HTTP/1.1" 200 11817 "-" "Mozilla/5.0 (Windows NT 10.0; Win64; x64) AppleWebKit/537.36 (KHTML, like Gecko) Chrome/114.0.0.0 Safari/537.36"
104.166.164.25 - - [17/Apr/2026:15:07:19 +0300] "GET /the-center-of-your-own-look-at-this-web-sites/ HTTP/1.1" 200 72589 "-" "Mozilla/5.0 (Windows NT 10.0; Win64; x64) AppleWebKit/537.36 (KHTML, like Gecko) Chrome/122.0.0.0 Safari/537.36"
185.216.113.70 - - [17/Apr/2026:15:09:30 +0300] "POST /wp-cron.php?doing_wp_cron=1776427770.8321359157562255859375 HTTP/1.1" 200 448 "-" "WordPress/6.3.8; https://serhatburke.miroglu.net"
148.135.195.139 - - [17/Apr/2026:15:09:18 +0300] "POST /xmlrpc.php HTTP/1.1" 200 88583 "-" "Mozilla/5.0 (Macintosh; Intel Mac OS X 10_15_7) AppleWebKit/537.36 (KHTML, like Gecko) Chrome/122.0.0.0 Safari/537.36"
148.135.195.139 - - [17/Apr/2026:15:09:31 +0300] "POST /xmlrpc.php HTTP/1.1" 200 489 "-" "Mozilla/5.0 (Macintosh; Intel Mac OS X 10_15_7) AppleWebKit/537.36 (KHTML, like Gecko) Chrome/122.0.0.0 Safari/537.36"
148.135.195.139 - - [17/Apr/2026:15:09:45 +0300] "POST /xmlrpc.php HTTP/1.1" 200 181703 "-" "Mozilla/5.0 (Macintosh; Intel Mac OS X 10_15_7) AppleWebKit/537.36 (KHTML, like Gecko) Chrome/122.0.0.0 Safari/537.36"
185.216.113.70 - - [17/Apr/2026:15:10:38 +0300] "POST /wp-cron.php?doing_wp_cron=1776427838.1583359241485595703125 HTTP/1.1" 200 448 "-" "WordPress/6.3.8; https://serhatburke.miroglu.net"
104.166.164.25 - - [17/Apr/2026:15:10:23 +0300] "POST /xmlrpc.php HTTP/1.1" 200 630 "-" "Mozilla/5.0 (Windows NT 10.0; Win64; x64) AppleWebKit/537.36 (KHTML, like Gecko) Chrome/114.0.0.0 Safari/537.36"
85.208.96.199 - - [17/Apr/2026:15:10:23 +0300] "GET /28563-2/ HTTP/1.1" 200 20839 "-" "Mozilla/5.0 (compatible; SemrushBot/7~bl; +http://www.semrush.com/bot.html)"
104.166.164.25 - - [17/Apr/2026:15:10:46 +0300] "POST /xmlrpc.php HTTP/1.1" 200 12758 "-" "Mozilla/5.0 (Windows NT 10.0; Win64; x64) AppleWebKit/537.36 (KHTML, like Gecko) Chrome/114.0.0.0 Safari/537.36"
104.166.164.25 - - [17/Apr/2026:15:11:01 +0300] "GET /greatest-internet-casino-no-deposit-fruit-blaze-1-deposit-added-bonus-codes-2026/ HTTP/1.1" 200 74188 "-" "Mozilla/5.0 (Windows NT 10.0; Win64; x64) AppleWebKit/537.36 (KHTML, like Gecko) Chrome/124.0.0.0 Safari/537.36"
200.25.47.109 - - [17/Apr/2026:15:11:13 +0300] "POST /xmlrpc.php HTTP/1.1" 200 630 "-" "Mozilla/5.0 (Windows NT 10.0; Win64; x64) AppleWebKit/537.36 (KHTML, like Gecko) Chrome/114.0.0.0 Safari/537.36"
103.219.169.214 - - [17/Apr/2026:15:11:23 +0300] "POST /xmlrpc.php HTTP/1.1" 200 630 "-" "Mozilla/5.0 (Windows NT 10.0; Win64; x64) AppleWebKit/537.36 (KHTML, like Gecko) Chrome/114.0.0.0 Safari/537.36"
185.216.113.70 - - [17/Apr/2026:15:11:46 +0300] "POST /wp-cron.php?doing_wp_cron=1776427906.9218349456787109375000 HTTP/1.1" 200 448 "-" "WordPress/6.3.8; https://serhatburke.miroglu.net"
200.25.47.109 - - [17/Apr/2026:15:11:34 +0300] "POST /xmlrpc.php HTTP/1.1" 200 13808 "-" "Mozilla/5.0 (Windows NT 10.0; Win64; x64) AppleWebKit/537.36 (KHTML, like Gecko) Chrome/114.0.0.0 Safari/537.36"
103.219.169.214 - - [17/Apr/2026:15:11:44 +0300] "POST /xmlrpc.php HTTP/1.1" 200 15203 "-" "Mozilla/5.0 (Windows NT 10.0; Win64; x64) AppleWebKit/537.36 (KHTML, like Gecko) Chrome/114.0.0.0 Safari/537.36"
200.25.47.109 - - [17/Apr/2026:15:11:48 +0300] "GET /ekskluzivni-besplatni-chipovi-sa-sto-dolara-u-onla%D1%98n-kazinima-ice-casino-id-prijava-bez-depozita/ HTTP/1.1" 200 81127 "-" "Mozilla/5.0 (Windows NT 10.0; rv:125.0) Gecko/20100101 Firefox/125.0"
103.219.169.214 - - [17/Apr/2026:15:12:04 +0300] "GET /superiores-casinos-en-internet-ranura-lucky-angler-sobre-de-cualquier-parte-del-mundo/ HTTP/1.1" 200 76957 "-" "Mozilla/5.0 (Windows NT 10.0; Win64; x64; rv:124.0) Gecko/20100101 Firefox/124.0"
66.249.73.1 - - [17/Apr/2026:15:15:27 +0300] "GET /betonred-casino-apostas-mais-menos-e-a-experiencia-para-jogadores-em-portugal/ HTTP/1.1" 200 0 "https://dkqpsn.driftlogic-games.biz/" "Mozilla/5.0 (Linux; Android 6.0.1; Nexus 5X Build/MMB29P) AppleWebKit/537.36 (KHTML, like Gecko) Chrome/146.0.7680.177 Mobile Safari/537.36 (compatible; Googlebot/2.1; +http://www.google.com/bot.html)"
185.216.113.70 - - [17/Apr/2026:15:15:41 +0300] "POST /wp-cron.php?doing_wp_cron=1776428141.6322240829467773437500 HTTP/1.1" 200 448 "-" "WordPress/6.3.8; https://serhatburke.miroglu.net"
200.25.47.109 - - [17/Apr/2026:15:15:27 +0300] "POST /xmlrpc.php HTTP/1.1" 200 630 "-" "Mozilla/5.0 (Windows NT 10.0; Win64; x64) AppleWebKit/537.36 (KHTML, like Gecko) Chrome/114.0.0.0 Safari/537.36"
128.1.227.247 - - [17/Apr/2026:15:15:45 +0300] "POST /xmlrpc.php HTTP/1.1" 200 630 "-" "Mozilla/5.0 (Windows NT 10.0; Win64; x64) AppleWebKit/537.36 (KHTML, like Gecko) Chrome/114.0.0.0 Safari/537.36"
102.221.34.103 - - [17/Apr/2026:15:15:46 +0300] "POST /xmlrpc.php HTTP/1.1" 200 630 "-" "Mozilla/5.0 (Windows NT 10.0; Win64; x64) AppleWebKit/537.36 (KHTML, like Gecko) Chrome/114.0.0.0 Safari/537.36"
200.25.47.109 - - [17/Apr/2026:15:15:48 +0300] "POST /xmlrpc.php HTTP/1.1" 200 12526 "-" "Mozilla/5.0 (Windows NT 10.0; Win64; x64) AppleWebKit/537.36 (KHTML, like Gecko) Chrome/114.0.0.0 Safari/537.36"
200.25.47.109 - - [17/Apr/2026:15:16:13 +0300] "GET /na%D1%98bo%D1%99i-podstitsa%D1%98-za-ulog-od-20-funti-tako%D1%92e-vulkan-vegas-bez-depozita-se-nudi-u-britanskim-kazinima-2026/ HTTP/1.1" 200 79937 "-" "Mozilla/5.0 (Windows NT 10.0; rv:109.0) Gecko/20100101 Firefox/115.0"
128.1.227.247 - - [17/Apr/2026:15:16:15 +0300] "POST /xmlrpc.php HTTP/1.1" 200 12648 "-" "Mozilla/5.0 (Windows NT 10.0; Win64; x64) AppleWebKit/537.36 (KHTML, like Gecko) Chrome/114.0.0.0 Safari/537.36"
102.221.34.103 - - [17/Apr/2026:15:16:16 +0300] "POST /xmlrpc.php HTTP/1.1" 200 12767 "-" "Mozilla/5.0 (Windows NT 10.0; Win64; x64) AppleWebKit/537.36 (KHTML, like Gecko) Chrome/114.0.0.0 Safari/537.36"
185.216.113.70 - - [17/Apr/2026:15:16:51 +0300] "POST /wp-cron.php?doing_wp_cron=1776428210.9883770942687988281250 HTTP/1.1" 200 448 "-" "WordPress/6.3.8; https://serhatburke.miroglu.net"
128.1.227.247 - - [17/Apr/2026:15:16:35 +0300] "GET /darmowe-spiny-nv-casino-przy-unibet-kasyno-internetowego/ HTTP/1.1" 200 74011 "-" "Mozilla/5.0 (Windows NT 10.0; Win64; x64; rv:125.0) Gecko/20100101 Firefox/125.0"
102.221.34.103 - - [17/Apr/2026:15:16:35 +0300] "GET /trendy-fruit-slot-comment-fun-cellular-play-within-the-3d-farm-hd-casino-2026/ HTTP/1.1" 200 74153 "-" "Mozilla/5.0 (Windows NT 10.0; Win64; x64) AppleWebKit/537.36 (KHTML, like Gecko) Chrome/122.0.0.0 Safari/537.36"
57.128.22.95 - - [17/Apr/2026:15:17:05 +0300] "GET /automaty-hazard-online/ HTTP/1.1" 200 17698 "https://serhatburke.miroglu.net/" "Mozilla/5.0 (X11; Linux x86_64; rv:147.0) Gecko/20100101 Firefox/147.0"
104.168.112.71 - - [17/Apr/2026:15:17:21 +0300] "GET /wp-includes/css/dist/block-library/style.min.css?ver=6.3.8 HTTP/1.1" 200 13578 "https://serhatburke.miroglu.net/automaty-hazard-online/" "Mozilla/5.0 (Windows NT 10.0; Win64; x64) AppleWebKit/537.36 (KHTML, like Gecko) Chrome/145.0.0.0 Safari/537.36"
104.168.112.71 - - [17/Apr/2026:15:17:24 +0300] "GET /wp-content/plugins/contact-form-7/includes/css/styles.css?ver=5.8 HTTP/1.1" 200 1490 "https://serhatburke.miroglu.net/automaty-hazard-online/" "Mozilla/5.0 (Windows NT 10.0; Win64; x64) AppleWebKit/537.36 (KHTML, like Gecko) Chrome/145.0.0.0 Safari/537.36"
104.168.112.71 - - [17/Apr/2026:15:17:25 +0300] "GET /wp-content/themes/toppic/css/fontello.css?ver=4.2 HTTP/1.1" 200 1802 "https://serhatburke.miroglu.net/automaty-hazard-online/" "Mozilla/5.0 (Windows NT 10.0; Win64; x64) AppleWebKit/537.36 (KHTML, like Gecko) Chrome/145.0.0.0 Safari/537.36"
104.168.112.71 - - [17/Apr/2026:15:17:26 +0300] "GET /wp-content/themes/toppic/css/reset.css?ver=4.2 HTTP/1.1" 200 1178 "https://serhatburke.miroglu.net/automaty-hazard-online/" "Mozilla/5.0 (Windows NT 10.0; Win64; x64) AppleWebKit/537.36 (KHTML, like Gecko) Chrome/145.0.0.0 Safari/537.36"
104.168.112.71 - - [17/Apr/2026:15:17:27 +0300] "GET /wp-content/themes/toppic/css/default.css?ver=4.2 HTTP/1.1" 200 1811 "https://serhatburke.miroglu.net/automaty-hazard-online/" "Mozilla/5.0 (Windows NT 10.0; Win64; x64) AppleWebKit/537.36 (KHTML, like Gecko) Chrome/145.0.0.0 Safari/537.36"
104.168.112.71 - - [17/Apr/2026:15:17:28 +0300] "GET /wp-content/themes/toppic/style.css?ver=4.2 HTTP/1.1" 200 23398 "https://serhatburke.miroglu.net/automaty-hazard-online/" "Mozilla/5.0 (Windows NT 10.0; Win64; x64) AppleWebKit/537.36 (KHTML, like Gecko) Chrome/145.0.0.0 Safari/537.36"
104.168.112.71 - - [17/Apr/2026:15:17:30 +0300] "GET /wp-content/themes/toppic/css/royalslider.css?ver=4.2 HTTP/1.1" 200 1887 "https://serhatburke.miroglu.net/automaty-hazard-online/" "Mozilla/5.0 (Windows NT 10.0; Win64; x64) AppleWebKit/537.36 (KHTML, like Gecko) Chrome/145.0.0.0 Safari/537.36"
104.168.112.71 - - [17/Apr/2026:15:17:31 +0300] "GET /wp-content/themes/toppic/css/rs-default.css?ver=4.2 HTTP/1.1" 200 2625 "https://serhatburke.miroglu.net/automaty-hazard-online/" "Mozilla/5.0 (Windows NT 10.0; Win64; x64) AppleWebKit/537.36 (KHTML, like Gecko) Chrome/145.0.0.0 Safari/537.36"
104.168.112.71 - - [17/Apr/2026:15:17:32 +0300] "GET /wp-content/themes/toppic/css/lightbox.css?ver=4.2 HTTP/1.1" 200 2956 "https://serhatburke.miroglu.net/automaty-hazard-online/" "Mozilla/5.0 (Windows NT 10.0; Win64; x64) AppleWebKit/537.36 (KHTML, like Gecko) Chrome/145.0.0.0 Safari/537.36"
102.221.34.103 - - [17/Apr/2026:15:17:21 +0300] "POST /xmlrpc.php HTTP/1.1" 200 630 "-" "Mozilla/5.0 (Windows NT 10.0; Win64; x64) AppleWebKit/537.36 (KHTML, like Gecko) Chrome/114.0.0.0 Safari/537.36"
104.168.112.71 - - [17/Apr/2026:15:17:33 +0300] "GET /wp-content/themes/toppic/css/woocommerce.css?ver=4.2 HTTP/1.1" 200 2848 "https://serhatburke.miroglu.net/automaty-hazard-online/" "Mozilla/5.0 (Windows NT 10.0; Win64; x64) AppleWebKit/537.36 (KHTML, like Gecko) Chrome/145.0.0.0 Safari/537.36"
104.168.112.71 - - [17/Apr/2026:15:17:35 +0300] "GET /wp-content/themes/toppic/css/responsive.css?ver=4.2 HTTP/1.1" 200 2796 "https://serhatburke.miroglu.net/automaty-hazard-online/" "Mozilla/5.0 (Windows NT 10.0; Win64; x64) AppleWebKit/537.36 (KHTML, like Gecko) Chrome/145.0.0.0 Safari/537.36"
185.216.113.70 - - [17/Apr/2026:15:17:39 +0300] "POST /wp-cron.php?doing_wp_cron=1776428259.0527598857879638671875 HTTP/1.1" 200 448 "-" "WordPress/6.3.8; https://serhatburke.miroglu.net"
103.219.169.179 - - [17/Apr/2026:15:17:26 +0300] "POST /xmlrpc.php HTTP/1.1" 500 1102 "-" "Mozilla/5.0 (Windows NT 10.0; Win64; x64) AppleWebKit/537.36 (KHTML, like Gecko) Chrome/114.0.0.0 Safari/537.36"
104.168.112.71 - - [17/Apr/2026:15:17:36 +0300] "POST /wp-comments-post.php HTTP/1.1" 302 1070 "https://serhatburke.miroglu.net/automaty-hazard-online/" "Mozilla/5.0 (X11; Linux x86_64; rv:147.0) Gecko/20100101 Firefox/147.0"
102.221.34.103 - - [17/Apr/2026:15:17:38 +0300] "POST /xmlrpc.php HTTP/1.1" 200 12392 "-" "Mozilla/5.0 (Windows NT 10.0; Win64; x64) AppleWebKit/537.36 (KHTML, like Gecko) Chrome/114.0.0.0 Safari/537.36"
104.168.112.71 - - [17/Apr/2026:15:17:55 +0300] "GET /automaty-hazard-online/?unapproved=443&moderation-hash=f5e717ee587b630fb7aa2061d692e590 HTTP/1.1" 200 18216 "https://serhatburke.miroglu.net/wp-comments-post.php" "Mozilla/5.0 (X11; Linux x86_64; rv:147.0) Gecko/20100101 Firefox/147.0"
174.138.16.211 - - [17/Apr/2026:15:17:57 +0300] "GET /casino-online-skrill-prelievo-veloce/ HTTP/1.1" 200 18133 "https://serhatburke.miroglu.net/" "Mozilla/5.0 (Windows NT 10.0; Win64; x64) AppleWebKit/537.36 (KHTML, like Gecko) Chrome/114.0.0.0 Safari/537.36"
102.221.34.103 - - [17/Apr/2026:15:17:59 +0300] "GET /totally-free-revolves-no-luna-park-slot-machine-deposit-casinos-on-the-internet-courtroom-february-2026/ HTTP/1.1" 200 74387 "-" "Mozilla/5.0 (Windows NT 10.0; Win64; x64) AppleWebKit/537.36 (KHTML, like Gecko) Chrome/109.0.0.0 Safari/537.36"
57.128.22.95 - - [17/Apr/2026:15:18:15 +0300] "GET /automaty-hazard-online/ HTTP/1.1" 200 17726 "-" "Mozilla/5.0 (compatible; Googlebot/2.1; +http://www.google.com/bot.html)"
174.138.16.211 - - [17/Apr/2026:15:18:23 +0300] "GET /wp-login.php?action=register HTTP/1.1" 302 702 "https://serhatburke.miroglu.net/casino-online-skrill-prelievo-veloce/" "Mozilla/5.0 (Windows NT 6.3; Win64; x64) AppleWebKit/537.36 (KHTML, like Gecko) Chrome/103.0.0.0 Safari/537.36"
185.216.113.70 - - [17/Apr/2026:15:18:47 +0300] "POST /wp-cron.php?doing_wp_cron=1776428327.1807460784912109375000 HTTP/1.1" 200 448 "-" "WordPress/6.3.8; https://serhatburke.miroglu.net"
174.138.16.211 - - [17/Apr/2026:15:18:36 +0300] "GET /wp-login.php?registration=disabled HTTP/1.1" 200 3805 "https://serhatburke.miroglu.net/wp-login.php?action=register" "Mozilla/5.0 (Windows NT 6.3; Win64; x64) AppleWebKit/537.36 (KHTML, like Gecko) Chrome/103.0.0.0 Safari/537.36"
172.245.62.249 - - [17/Apr/2026:15:18:34 +0300] "GET /beste-casino-site-belgie-hoge-inzet/ HTTP/1.1" 200 18595 "https://serhatburke.miroglu.net/" "Mozilla/5.0 (Windows NT 10.0; Win64; x64; Xbox; Xbox One) AppleWebKit/537.36 (KHTML, like Gecko) Chrome/114.0.0.0 Safari/537.36 Edge/44.18363.8131"
172.245.62.249 - - [17/Apr/2026:15:18:56 +0300] "POST /wp-comments-post.php HTTP/1.1" 302 1083 "https://serhatburke.miroglu.net/beste-casino-site-belgie-hoge-inzet/" "Mozilla/5.0 (Windows NT 10.0; Win64; x64; Xbox; Xbox One) AppleWebKit/537.36 (KHTML, like Gecko) Chrome/114.0.0.0 Safari/537.36 Edge/44.18363.8131"
102.221.34.103 - - [17/Apr/2026:15:19:02 +0300] "POST /xmlrpc.php HTTP/1.1" 200 630 "-" "Mozilla/5.0 (Windows NT 10.0; Win64; x64) AppleWebKit/537.36 (KHTML, like Gecko) Chrome/114.0.0.0 Safari/537.36"
172.245.62.249 - - [17/Apr/2026:15:19:10 +0300] "GET /beste-casino-site-belgie-hoge-inzet/?unapproved=444&moderation-hash=47d174e6ebf27adbc38bde29c409d60f HTTP/1.1" 200 19076 "https://serhatburke.miroglu.net/wp-comments-post.php" "Mozilla/5.0 (Windows NT 10.0; Win64; x64; Xbox; Xbox One) AppleWebKit/537.36 (KHTML, like Gecko) Chrome/114.0.0.0 Safari/537.36 Edge/44.18363.8131"
200.25.47.109 - - [17/Apr/2026:15:19:14 +0300] "POST /xmlrpc.php HTTP/1.1" 200 630 "-" "Mozilla/5.0 (Windows NT 10.0; Win64; x64) AppleWebKit/537.36 (KHTML, like Gecko) Chrome/114.0.0.0 Safari/537.36"
185.216.113.70 - - [17/Apr/2026:15:19:36 +0300] "POST /wp-cron.php?doing_wp_cron=1776428376.6882729530334472656250 HTTP/1.1" 200 448 "-" "WordPress/6.3.8; https://serhatburke.miroglu.net"
102.221.34.103 - - [17/Apr/2026:15:19:22 +0300] "POST /xmlrpc.php HTTP/1.1" 200 12485 "-" "Mozilla/5.0 (Windows NT 10.0; Win64; x64) AppleWebKit/537.36 (KHTML, like Gecko) Chrome/114.0.0.0 Safari/537.36"
172.245.62.249 - - [17/Apr/2026:15:19:27 +0300] "GET /beste-casino-site-belgie-hoge-inzet/ HTTP/1.1" 200 18588 "-" "Mozilla/5.0 (Windows NT 10.0; Win64; x64; Xbox; Xbox One) AppleWebKit/537.36 (KHTML, like Gecko) Chrome/114.0.0.0 Safari/537.36 Edge/44.18363.8131"
200.25.47.109 - - [17/Apr/2026:15:19:35 +0300] "POST /xmlrpc.php HTTP/1.1" 200 12937 "-" "Mozilla/5.0 (Windows NT 10.0; Win64; x64) AppleWebKit/537.36 (KHTML, like Gecko) Chrome/114.0.0.0 Safari/537.36"
102.221.34.103 - - [17/Apr/2026:15:19:38 +0300] "GET /cool-good-fresh-fruit-madness-slot-game-play-on-spectra-mobile-casino-line-the-real-deal-money/ HTTP/1.1" 200 74273 "-" "Mozilla/5.0 (Windows NT 10.0; Win64; x64) AppleWebKit/537.36 (KHTML, like Gecko) Chrome/122.0.0.0 Safari/537.36"
200.25.47.109 - - [17/Apr/2026:15:19:58 +0300] "GET /dobi%D1%98te-100-besplatnikh-okreta%D1%98a-40fs-vulkan-vegas-kazino-bonusi-u-kazinu-all-right-2025/ HTTP/1.1" 200 79977 "-" "Mozilla/5.0 (Windows NT 10.0; rv:125.0) Gecko/20100101 Firefox/125.0"
104.207.59.243 - - [17/Apr/2026:15:20:17 +0300] "GET /wp-login.php HTTP/2" 200 3091 "-" "Mozilla/5.0 (Macintosh; Intel Mac OS X 13_5) AppleWebKit/605.1.15 (KHTML, like Gecko) Version/17.5 Safari/605.1.15"
185.216.113.70 - - [17/Apr/2026:15:20:13 +0300] "GET / HTTP/1.1" 200 19194 "-" "WordPress/6.3.8; https://serhatburke.miroglu.net"
185.216.113.70 - - [17/Apr/2026:15:20:18 +0300] "GET / HTTP/1.1" 200 10728 "-" "WordPress/6.3.8; https://serhatburke.miroglu.net"
185.216.113.70 - - [17/Apr/2026:15:20:50 +0300] "POST /wp-cron.php?doing_wp_cron=1776428450.8467540740966796875000 HTTP/1.1" 200 448 "-" "WordPress/6.3.8; https://serhatburke.miroglu.net"
102.221.34.103 - - [17/Apr/2026:15:20:35 +0300] "POST /xmlrpc.php HTTP/1.1" 200 630 "-" "Mozilla/5.0 (Windows NT 10.0; Win64; x64) AppleWebKit/537.36 (KHTML, like Gecko) Chrome/114.0.0.0 Safari/537.36"
104.207.59.243 - - [17/Apr/2026:15:20:37 +0300] "POST /xmlrpc.php HTTP/2" 200 314 "-" "Mozilla/5.0 (Windows NT 10.0; Win64; x64) AppleWebKit/537.36 (KHTML, like Gecko) Chrome/124.0.6367.207 Safari/537.36"
102.221.34.103 - - [17/Apr/2026:15:20:57 +0300] "POST /xmlrpc.php HTTP/1.1" 200 12522 "-" "Mozilla/5.0 (Windows NT 10.0; Win64; x64) AppleWebKit/537.36 (KHTML, like Gecko) Chrome/114.0.0.0 Safari/537.36"
104.207.59.243 - - [17/Apr/2026:15:20:59 +0300] "GET /wp-login.php HTTP/2" 200 3091 "-" "Mozilla/5.0 (Windows NT 10.0; Win64; x64) AppleWebKit/537.36 (KHTML, like Gecko) Chrome/124.0.6367.207 Safari/537.36"
104.207.59.243 - - [17/Apr/2026:15:21:13 +0300] "POST /wp-login.php HTTP/2" 302 0 "https://serhatburke.miroglu.net/wp-login.php" "Mozilla/5.0 (Windows NT 10.0; Win64; x64) AppleWebKit/537.36 (KHTML, like Gecko) Chrome/124.0.6367.207 Safari/537.36"
102.221.34.103 - - [17/Apr/2026:15:21:13 +0300] "GET /enjoy-cool-savanna-moon-1-deposit-fruit-madness-online-slot-games-today-assemble-300percent-bonus-costa-rica/ HTTP/1.1" 200 74684 "-" "Mozilla/5.0 (Windows NT 10.0; Win64; x64) AppleWebKit/537.36 (KHTML, like Gecko) Chrome/124.0.0.0 Safari/537.36"
185.216.113.70 - - [17/Apr/2026:15:21:40 +0300] "POST /wp-cron.php?doing_wp_cron=1776428500.6707510948181152343750 HTTP/1.1" 200 448 "-" "WordPress/6.3.8; https://serhatburke.miroglu.net"
104.207.59.243 - - [17/Apr/2026:15:21:28 +0300] "GET /wp-admin/ HTTP/2" 200 214424 "https://serhatburke.miroglu.net/wp-login.php" "Mozilla/5.0 (Windows NT 10.0; Win64; x64) AppleWebKit/537.36 (KHTML, like Gecko) Chrome/124.0.6367.207 Safari/537.36"
185.216.113.70 - - [17/Apr/2026:15:21:42 +0300] "POST /wp-admin/admin-ajax.php?action=as_async_request_queue_runner&nonce=6ded86f772 HTTP/1.1" 200 1039 "-" "WordPress/6.3.8; https://serhatburke.miroglu.net"
102.221.34.103 - - [17/Apr/2026:15:22:01 +0300] "POST /xmlrpc.php HTTP/1.1" 200 630 "-" "Mozilla/5.0 (Windows NT 10.0; Win64; x64) AppleWebKit/537.36 (KHTML, like Gecko) Chrome/114.0.0.0 Safari/537.36"
185.216.113.70 - - [17/Apr/2026:15:22:30 +0300] "POST /wp-cron.php?doing_wp_cron=1776428550.8904919624328613281250 HTTP/1.1" 200 448 "-" "WordPress/6.3.8; https://serhatburke.miroglu.net"
102.221.34.103 - - [17/Apr/2026:15:22:19 +0300] "POST /xmlrpc.php HTTP/1.1" 200 12635 "-" "Mozilla/5.0 (Windows NT 10.0; Win64; x64) AppleWebKit/537.36 (KHTML, like Gecko) Chrome/114.0.0.0 Safari/537.36"
102.221.34.103 - - [17/Apr/2026:15:22:32 +0300] "GET /play-hear-me-roar-mega-jackpot-for-totally-free-complete-remark/ HTTP/1.1" 200 73556 "-" "Mozilla/5.0 (Windows NT 10.0; Win64; x64) AppleWebKit/537.36 (KHTML, like Gecko) Chrome/123.0.0.0 Safari/537.36"
172.245.62.249 - - [17/Apr/2026:15:22:47 +0300] "GET /beste-casino-site-belgie-hoge-inzet/ HTTP/1.1" 200 18613 "-" "Mozilla/5.0 (Windows NT 10.0; Win64; x64) AppleWebKit/537.36 (KHTML, like Gecko) Chrome/114.0.0.0 Safari/537.36 Edg/114.0.1264.71"
200.25.47.109 - - [17/Apr/2026:15:22:55 +0300] "POST /xmlrpc.php HTTP/1.1" 200 630 "-" "Mozilla/5.0 (Windows NT 10.0; Win64; x64) AppleWebKit/537.36 (KHTML, like Gecko) Chrome/114.0.0.0 Safari/537.36"
185.216.113.70 - - [17/Apr/2026:15:23:25 +0300] "POST /wp-cron.php?doing_wp_cron=1776428605.1817729473114013671875 HTTP/1.1" 200 448 "-" "WordPress/6.3.8; https://serhatburke.miroglu.net"
104.166.164.25 - - [17/Apr/2026:15:23:11 +0300] "POST /xmlrpc.php HTTP/1.1" 200 630 "-" "Mozilla/5.0 (Windows NT 10.0; Win64; x64) AppleWebKit/537.36 (KHTML, like Gecko) Chrome/114.0.0.0 Safari/537.36"
200.25.47.109 - - [17/Apr/2026:15:23:15 +0300] "POST /xmlrpc.php HTTP/1.1" 200 13397 "-" "Mozilla/5.0 (Windows NT 10.0; Win64; x64) AppleWebKit/537.36 (KHTML, like Gecko) Chrome/114.0.0.0 Safari/537.36"
200.25.47.109 - - [17/Apr/2026:15:23:30 +0300] "GET /demonstratsi%D1%98a-brzog-okreta%D1%9Aa-vulkan-vegas-kazino-promo-kodovi-2026-u-zma%D1%98evom-khramu-i-mozhete-komentarisati-slot/ HTTP/1.1" 200 81867 "-" "Mozilla/5.0 (Windows NT 10.0; rv:125.0) Gecko/20100101 Firefox/125.0"
104.166.164.25 - - [17/Apr/2026:15:23:32 +0300] "POST /xmlrpc.php HTTP/1.1" 200 13723 "-" "Mozilla/5.0 (Windows NT 10.0; Win64; x64) AppleWebKit/537.36 (KHTML, like Gecko) Chrome/114.0.0.0 Safari/537.36"
104.166.164.25 - - [17/Apr/2026:15:23:50 +0300] "GET /betamo-gambling-enterprise-opinion-release-the-kraken-no-deposit-bonus-400-nzd-150-totally-free-revolves/ HTTP/1.1" 200 75800 "-" "Mozilla/5.0 (Windows NT 10.0; rv:125.0) Gecko/20100101 Firefox/125.0"
185.216.113.70 - - [17/Apr/2026:15:26:36 +0300] "POST /wp-cron.php?doing_wp_cron=1776428796.7624809741973876953125 HTTP/1.1" 200 448 "-" "WordPress/6.3.8; https://serhatburke.miroglu.net"
200.25.47.109 - - [17/Apr/2026:15:26:23 +0300] "POST /xmlrpc.php HTTP/1.1" 200 630 "-" "Mozilla/5.0 (Windows NT 10.0; Win64; x64) AppleWebKit/537.36 (KHTML, like Gecko) Chrome/114.0.0.0 Safari/537.36"
200.25.47.109 - - [17/Apr/2026:15:26:44 +0300] "POST /xmlrpc.php HTTP/1.1" 200 12276 "-" "Mozilla/5.0 (Windows NT 10.0; Win64; x64) AppleWebKit/537.36 (KHTML, like Gecko) Chrome/114.0.0.0 Safari/537.36"
66.249.73.14 - - [17/Apr/2026:15:26:57 +0300] "GET /wp-content/plugins/google-analytics-for-wordpress/assets/js/frontend-gtag.min.js?ver=10.1.2 HTTP/1.1" 200 3699 "https://serhatburke.miroglu.net/no-title/" "Mozilla/5.0 (Linux; Android 6.0.1; Nexus 5X Build/MMB29P) AppleWebKit/537.36 (KHTML, like Gecko) Chrome/146.0.7680.177 Mobile Safari/537.36 (compatible; Googlebot/2.1; +http://www.google.com/bot.html)"
57.128.22.95 - - [17/Apr/2026:15:26:52 +0300] "GET /automaty-hazard-online/ HTTP/1.1" 200 17640 "-" "Mozilla/5.0 (compatible; Googlebot/2.1; +http://www.google.com/bot.html)"
200.25.47.109 - - [17/Apr/2026:15:26:58 +0300] "GET /kako-funktsionishe-kotska%D1%9Ae-valutama-vulkan-vegas-slotovi-usmereno-na-veshtine-na-splash-games-u/ HTTP/1.1" 200 78974 "-" "Mozilla/5.0 (Windows NT 10.0; Win64; x64) AppleWebKit/537.36 (KHTML, like Gecko) Chrome/122.0.0.0 Safari/537.36"
185.216.113.70 - - [17/Apr/2026:15:28:48 +0300] "POST /wp-cron.php?doing_wp_cron=1776428928.4978289604187011718750 HTTP/1.1" 200 448 "-" "WordPress/6.3.8; https://serhatburke.miroglu.net"
216.26.250.189 - - [17/Apr/2026:15:28:34 +0300] "GET /wp-login.php HTTP/2" 200 3091 "-" "Mozilla/5.0 (Windows NT 10.0; Win64; x64; rv:127.0) Gecko/20100101 Firefox/127.0"
209.50.191.165 - - [17/Apr/2026:15:29:09 +0300] "POST /xmlrpc.php HTTP/2" 200 109 "-" "Mozilla/5.0 (Macintosh; Intel Mac OS X 13_5) AppleWebKit/605.1.15 (KHTML, like Gecko) Version/17.5 Safari/605.1.15"
188.26.199.101 - - [17/Apr/2026:15:29:07 +0300] "GET /dosificacion-del-orlistat-guia-completa/ HTTP/1.1" 200 66973 "-" "GuzzleHttp/7"
185.216.113.70 - - [17/Apr/2026:15:29:46 +0300] "POST /wp-cron.php?doing_wp_cron=1776428985.9172940254211425781250 HTTP/1.1" 200 448 "-" "WordPress/6.3.8; https://serhatburke.miroglu.net"
209.50.191.165 - - [17/Apr/2026:15:29:33 +0300] "POST /xmlrpc.php HTTP/2" 200 2506 "-" "Mozilla/5.0 (Windows NT 10.0; Win64; x64; rv:127.0) Gecko/20100101 Firefox/127.0"
185.216.113.70 - - [17/Apr/2026:15:30:53 +0300] "POST /wp-cron.php?doing_wp_cron=1776429052.9221799373626708984375 HTTP/1.1" 200 448 "-" "WordPress/6.3.8; https://serhatburke.miroglu.net"
104.166.164.25 - - [17/Apr/2026:15:30:40 +0300] "POST /xmlrpc.php HTTP/1.1" 200 630 "-" "Mozilla/5.0 (Windows NT 10.0; Win64; x64) AppleWebKit/537.36 (KHTML, like Gecko) Chrome/114.0.0.0 Safari/537.36"
104.166.164.25 - - [17/Apr/2026:15:30:59 +0300] "POST /xmlrpc.php HTTP/1.1" 200 13292 "-" "Mozilla/5.0 (Windows NT 10.0; Win64; x64) AppleWebKit/537.36 (KHTML, like Gecko) Chrome/114.0.0.0 Safari/537.36"
104.166.164.25 - - [17/Apr/2026:15:31:15 +0300] "GET /leading-on-line-playing-internet-sites-analysis-mainstage-bingo-casino-2026/ HTTP/1.1" 200 74675 "-" "Mozilla/5.0 (Windows NT 10.0; Win64; x64) AppleWebKit/537.36 (KHTML, like Gecko) Chrome/109.0.0.0 Safari/537.36"
185.216.113.70 - - [17/Apr/2026:15:32:20 +0300] "POST /wp-cron.php?doing_wp_cron=1776429140.5631411075592041015625 HTTP/1.1" 200 448 "-" "WordPress/6.3.8; https://serhatburke.miroglu.net"
200.25.47.109 - - [17/Apr/2026:15:32:08 +0300] "POST /xmlrpc.php HTTP/1.1" 200 630 "-" "Mozilla/5.0 (Windows NT 10.0; Win64; x64) AppleWebKit/537.36 (KHTML, like Gecko) Chrome/114.0.0.0 Safari/537.36"
200.25.47.109 - - [17/Apr/2026:15:32:27 +0300] "POST /xmlrpc.php HTTP/1.1" 200 10898 "-" "Mozilla/5.0 (Windows NT 10.0; Win64; x64) AppleWebKit/537.36 (KHTML, like Gecko) Chrome/114.0.0.0 Safari/537.36"
185.216.113.70 - - [17/Apr/2026:15:32:55 +0300] "POST /wp-cron.php?doing_wp_cron=1776429175.0212359428405761718750 HTTP/1.1" 200 448 "-" "WordPress/6.3.8; https://serhatburke.miroglu.net"
200.25.47.109 - - [17/Apr/2026:15:32:42 +0300] "GET /karamba-promo-passvord-2026-karamba-bonus/ HTTP/1.1" 200 75217 "-" "Mozilla/5.0 (Windows NT 10.0; rv:125.0) Gecko/20100101 Firefox/125.0"
185.216.113.70 - - [17/Apr/2026:15:35:10 +0300] "POST /wp-cron.php?doing_wp_cron=1776429310.6302380561828613281250 HTTP/1.1" 200 448 "-" "WordPress/6.3.8; https://serhatburke.miroglu.net"
103.219.169.179 - - [17/Apr/2026:15:34:56 +0300] "POST /xmlrpc.php HTTP/1.1" 200 630 "-" "Mozilla/5.0 (Windows NT 10.0; Win64; x64) AppleWebKit/537.36 (KHTML, like Gecko) Chrome/114.0.0.0 Safari/537.36"
148.135.195.139 - - [17/Apr/2026:15:35:07 +0300] "GET /best-pa-online-casino-no-deposit-bonus-codes-3/ HTTP/1.1" 200 183369 "-" "Screaming Frog SEO Spider/16.7"
103.219.169.179 - - [17/Apr/2026:15:35:17 +0300] "POST /xmlrpc.php HTTP/1.1" 200 16034 "-" "Mozilla/5.0 (Windows NT 10.0; Win64; x64) AppleWebKit/537.36 (KHTML, like Gecko) Chrome/114.0.0.0 Safari/537.36"
104.166.164.25 - - [17/Apr/2026:15:35:24 +0300] "POST /xmlrpc.php HTTP/1.1" 200 630 "-" "Mozilla/5.0 (Windows NT 10.0; Win64; x64) AppleWebKit/537.36 (KHTML, like Gecko) Chrome/114.0.0.0 Safari/537.36"
185.216.113.70 - - [17/Apr/2026:15:35:45 +0300] "POST /wp-cron.php?doing_wp_cron=1776429345.0390870571136474609375 HTTP/1.1" 200 448 "-" "WordPress/6.3.8; https://serhatburke.miroglu.net"
103.219.169.179 - - [17/Apr/2026:15:35:32 +0300] "GET /jurassic-park-survival-videojuego-los-giros-gratis-mantienen-ganancias-sin-deposito-ps5-sobre-y-xbox-series-x/ HTTP/1.1" 200 78697 "-" "Mozilla/5.0 (Windows NT 10.0; Win64; x64) AppleWebKit/537.36 (KHTML, like Gecko) Chrome/123.0.0.0 Safari/537.36"
104.166.164.25 - - [17/Apr/2026:15:35:43 +0300] "POST /xmlrpc.php HTTP/1.1" 200 12935 "-" "Mozilla/5.0 (Windows NT 10.0; Win64; x64) AppleWebKit/537.36 (KHTML, like Gecko) Chrome/114.0.0.0 Safari/537.36"
104.166.164.25 - - [17/Apr/2026:15:35:59 +0300] "GET /we-invested-a-hundred-times-during-the-ringospin-casino-red-flush-25-free-spins-casino-complete-british-remark/ HTTP/1.1" 200 75403 "-" "Mozilla/5.0 (Windows NT 10.0; rv:109.0) Gecko/20100101 Firefox/115.0"
185.216.113.70 - - [17/Apr/2026:15:37:41 +0300] "POST /wp-cron.php?doing_wp_cron=1776429461.5700309276580810546875 HTTP/1.1" 200 448 "-" "WordPress/6.3.8; https://serhatburke.miroglu.net"
146.70.180.3 - - [17/Apr/2026:15:37:27 +0300] "POST /xmlrpc.php HTTP/1.1" 200 630 "-" "Mozilla/5.0 (Windows NT 10.0; Win64; x64) AppleWebKit/537.36 (KHTML, like Gecko) Chrome/114.0.0.0 Safari/537.36"
146.70.180.3 - - [17/Apr/2026:15:37:47 +0300] "POST /xmlrpc.php HTTP/1.1" 200 11089 "-" "Mozilla/5.0 (Windows NT 10.0; Win64; x64) AppleWebKit/537.36 (KHTML, like Gecko) Chrome/114.0.0.0 Safari/537.36"
146.70.180.3 - - [17/Apr/2026:15:38:00 +0300] "GET /sizzling-hot-deluxe-joaca-nv-casino-imediat-gratuit/ HTTP/1.1" 200 72201 "-" "Mozilla/5.0 (Windows NT 10.0; Win64; x64) AppleWebKit/537.36 (KHTML, like Gecko) Chrome/109.0.0.0 Safari/537.36"
185.216.113.70 - - [17/Apr/2026:15:40:26 +0300] "POST /wp-cron.php?doing_wp_cron=1776429625.9645380973815917968750 HTTP/1.1" 200 448 "-" "WordPress/6.3.8; https://serhatburke.miroglu.net"
104.166.164.25 - - [17/Apr/2026:15:40:09 +0300] "POST /xmlrpc.php HTTP/1.1" 200 630 "-" "Mozilla/5.0 (Windows NT 10.0; Win64; x64) AppleWebKit/537.36 (KHTML, like Gecko) Chrome/114.0.0.0 Safari/537.36"
104.166.164.25 - - [17/Apr/2026:15:40:33 +0300] "POST /xmlrpc.php HTTP/1.1" 200 12341 "-" "Mozilla/5.0 (Windows NT 10.0; Win64; x64) AppleWebKit/537.36 (KHTML, like Gecko) Chrome/114.0.0.0 Safari/537.36"
185.216.113.70 - - [17/Apr/2026:15:41:00 +0300] "POST /wp-cron.php?doing_wp_cron=1776429660.0121319293975830078125 HTTP/1.1" 200 448 "-" "WordPress/6.3.8; https://serhatburke.miroglu.net"
104.166.164.25 - - [17/Apr/2026:15:40:48 +0300] "GET /betrocker-igt-gaming-slots-casino-no-deposit-free-spins-bonuses-2026/ HTTP/1.1" 200 73715 "-" "Mozilla/5.0 (Windows NT 10.0; Win64; x64) AppleWebKit/537.36 (KHTML, like Gecko) Chrome/123.0.0.0 Safari/537.36 OPR/109.0.0.0"
185.216.113.70 - - [17/Apr/2026:15:42:27 +0300] "POST /wp-cron.php?doing_wp_cron=1776429747.0589458942413330078125 HTTP/1.1" 200 448 "-" "WordPress/6.3.8; https://serhatburke.miroglu.net"
66.249.73.1 - - [17/Apr/2026:15:42:14 +0300] "GET /ghid-avansat-pentru-inelegerea-jocurilor-de-noroc-9/ HTTP/1.1" 200 18651 "-" "Mozilla/5.0 (Linux; Android 6.0.1; Nexus 5X Build/MMB29P) AppleWebKit/537.36 (KHTML, like Gecko) Chrome/146.0.7680.177 Mobile Safari/537.36 (compatible; Googlebot/2.1; +http://www.google.com/bot.html)"
200.25.47.109 - - [17/Apr/2026:15:42:53 +0300] "POST /xmlrpc.php HTTP/1.1" 200 630 "-" "Mozilla/5.0 (Windows NT 10.0; Win64; x64) AppleWebKit/537.36 (KHTML, like Gecko) Chrome/114.0.0.0 Safari/537.36"
185.216.113.70 - - [17/Apr/2026:15:43:23 +0300] "POST /wp-cron.php?doing_wp_cron=1776429803.4392249584197998046875 HTTP/1.1" 200 448 "-" "WordPress/6.3.8; https://serhatburke.miroglu.net"
200.25.47.109 - - [17/Apr/2026:15:43:11 +0300] "POST /xmlrpc.php HTTP/1.1" 200 11618 "-" "Mozilla/5.0 (Windows NT 10.0; Win64; x64) AppleWebKit/537.36 (KHTML, like Gecko) Chrome/114.0.0.0 Safari/537.36"
200.25.47.109 - - [17/Apr/2026:15:43:25 +0300] "GET /los-10-me%D1%98ores-khoteles-de-las-vegas-estados-unidos-desde-tsl-36-459/ HTTP/1.1" 200 78161 "-" "Mozilla/5.0 (Windows NT 10.0; Win64; x64) AppleWebKit/537.36 (KHTML, like Gecko) Chrome/109.0.0.0 Safari/537.36"
151.244.111.202 - - [17/Apr/2026:15:43:43 +0300] "GET /best-australian-online-slots-reviews-read-customer-221/ HTTP/1.1" 200 21925 "-" "Screaming Frog SEO Spider/16.7"
185.216.113.70 - - [17/Apr/2026:15:44:42 +0300] "POST /wp-cron.php?doing_wp_cron=1776429882.0912320613861083984375 HTTP/1.1" 200 448 "-" "WordPress/6.3.8; https://serhatburke.miroglu.net"
104.166.164.25 - - [17/Apr/2026:15:44:28 +0300] "POST /xmlrpc.php HTTP/1.1" 200 630 "-" "Mozilla/5.0 (Windows NT 10.0; Win64; x64) AppleWebKit/537.36 (KHTML, like Gecko) Chrome/114.0.0.0 Safari/537.36"
104.166.164.25 - - [17/Apr/2026:15:44:49 +0300] "POST /xmlrpc.php HTTP/1.1" 200 13548 "-" "Mozilla/5.0 (Windows NT 10.0; Win64; x64) AppleWebKit/537.36 (KHTML, like Gecko) Chrome/114.0.0.0 Safari/537.36"
104.166.164.25 - - [17/Apr/2026:15:45:04 +0300] "GET /considerazione-tumulto-paysafecard-tramite-free-slots-rso-nostri-controllo-vi-spieghiamo-quali-sono-volte-migliori/ HTTP/1.1" 200 75823 "-" "Mozilla/5.0 (Windows NT 10.0; Win64; x64) AppleWebKit/537.36 (KHTML, like Gecko) Chrome/123.0.0.0 Safari/537.36"
185.216.113.70 - - [17/Apr/2026:15:46:57 +0300] "POST /wp-cron.php?doing_wp_cron=1776430017.7301349639892578125000 HTTP/1.1" 200 448 "-" "WordPress/6.3.8; https://serhatburke.miroglu.net"
103.219.169.179 - - [17/Apr/2026:15:46:42 +0300] "POST /xmlrpc.php HTTP/1.1" 200 630 "-" "Mozilla/5.0 (Windows NT 10.0; Win64; x64) AppleWebKit/537.36 (KHTML, like Gecko) Chrome/114.0.0.0 Safari/537.36"
200.25.47.109 - - [17/Apr/2026:15:46:45 +0300] "POST /xmlrpc.php HTTP/1.1" 200 630 "-" "Mozilla/5.0 (Windows NT 10.0; Win64; x64) AppleWebKit/537.36 (KHTML, like Gecko) Chrome/114.0.0.0 Safari/537.36"
103.219.169.179 - - [17/Apr/2026:15:47:04 +0300] "POST /xmlrpc.php HTTP/1.1" 200 14227 "-" "Mozilla/5.0 (Windows NT 10.0; Win64; x64) AppleWebKit/537.36 (KHTML, like Gecko) Chrome/114.0.0.0 Safari/537.36"
200.25.47.109 - - [17/Apr/2026:15:47:06 +0300] "POST /xmlrpc.php HTTP/1.1" 200 11288 "-" "Mozilla/5.0 (Windows NT 10.0; Win64; x64) AppleWebKit/537.36 (KHTML, like Gecko) Chrome/114.0.0.0 Safari/537.36"
103.219.169.179 - - [17/Apr/2026:15:47:22 +0300] "GET /twin-spin-megaways-estudio-sobre-este-tipo-de-slot-sobre-netent-en-enlace-influyente-bwin/ HTTP/1.1" 200 76189 "-" "Mozilla/5.0 (Windows NT 10.0; Win64; x64) AppleWebKit/537.36 (KHTML, like Gecko) Chrome/124.0.0.0 Safari/537.36 Edg/124.0.0.0"
200.25.47.109 - - [17/Apr/2026:15:47:24 +0300] "GET /n1-gambling-enterprise-remark-2026-podstitsa%D1%98i-igra-i-%D1%98osh-mnogo-toga/ HTTP/1.1" 200 77891 "-" "Mozilla/5.0 (Windows NT 10.0; rv:125.0) Gecko/20100101 Firefox/125.0"
185.216.113.70 - - [17/Apr/2026:15:48:56 +0300] "POST /wp-cron.php?doing_wp_cron=1776430136.7683670520782470703125 HTTP/1.1" 200 448 "-" "WordPress/6.3.8; https://serhatburke.miroglu.net"
104.166.164.25 - - [17/Apr/2026:15:48:44 +0300] "POST /xmlrpc.php HTTP/1.1" 200 630 "-" "Mozilla/5.0 (Windows NT 10.0; Win64; x64) AppleWebKit/537.36 (KHTML, like Gecko) Chrome/114.0.0.0 Safari/537.36"
104.166.164.25 - - [17/Apr/2026:15:49:03 +0300] "POST /xmlrpc.php HTTP/1.1" 200 13006 "-" "Mozilla/5.0 (Windows NT 10.0; Win64; x64) AppleWebKit/537.36 (KHTML, like Gecko) Chrome/114.0.0.0 Safari/537.36"
104.166.164.25 - - [17/Apr/2026:15:49:18 +0300] "GET /totally-eye-of-horus-online-slot-free-r50-sign-up-bonus-also-offers/ HTTP/1.1" 200 73978 "-" "Mozilla/5.0 (Windows NT 10.0; rv:109.0) Gecko/20100101 Firefox/115.0"
185.216.113.70 - - [17/Apr/2026:15:49:49 +0300] "POST /wp-cron.php?doing_wp_cron=1776430189.1550030708312988281250 HTTP/1.1" 200 448 "-" "WordPress/6.3.8; https://serhatburke.miroglu.net"
103.219.169.179 - - [17/Apr/2026:15:49:37 +0300] "POST /xmlrpc.php HTTP/1.1" 200 630 "-" "Mozilla/5.0 (Windows NT 10.0; Win64; x64) AppleWebKit/537.36 (KHTML, like Gecko) Chrome/114.0.0.0 Safari/537.36"
103.219.169.179 - - [17/Apr/2026:15:49:55 +0300] "POST /xmlrpc.php HTTP/1.1" 200 13886 "-" "Mozilla/5.0 (Windows NT 10.0; Win64; x64) AppleWebKit/537.36 (KHTML, like Gecko) Chrome/114.0.0.0 Safari/537.36"
103.219.169.179 - - [17/Apr/2026:15:50:12 +0300] "GET /el-nuevos-juegos-de-tragamonedas-de-casino-gratis-patio-de-la-ensenanza-recursos-educativos/ HTTP/1.1" 200 75923 "-" "Mozilla/5.0 (Windows NT 10.0; Win64; x64) AppleWebKit/537.36 (KHTML, like Gecko) Chrome/124.0.0.0 Safari/537.36"
185.216.113.70 - - [17/Apr/2026:15:51:43 +0300] "POST /wp-cron.php?doing_wp_cron=1776430303.6706719398498535156250 HTTP/1.1" 200 448 "-" "WordPress/6.3.8; https://serhatburke.miroglu.net"
89.167.59.5 - - [17/Apr/2026:15:51:29 +0300] "POST /xmlrpc.php HTTP/1.1" 200 602 "-" "Mozilla/5.0 (Windows NT 10.0; Win64; x64) AppleWebKit/537.36 (KHTML, like Gecko) Chrome/108.0.0.0 Safari/537.36"
89.167.59.5 - - [17/Apr/2026:15:51:45 +0300] "POST /xmlrpc.php HTTP/1.1" 200 594 "-" "Mozilla/5.0 (Windows NT 10.0; Win64; x64) AppleWebKit/537.36 (KHTML, like Gecko) Chrome/108.0.0.0 Safari/537.36"
103.219.169.179 - - [17/Apr/2026:15:51:52 +0300] "POST /xmlrpc.php HTTP/1.1" 200 630 "-" "Mozilla/5.0 (Windows NT 10.0; Win64; x64) AppleWebKit/537.36 (KHTML, like Gecko) Chrome/114.0.0.0 Safari/537.36"
103.219.169.179 - - [17/Apr/2026:15:52:14 +0300] "POST /xmlrpc.php HTTP/1.1" 200 15920 "-" "Mozilla/5.0 (Windows NT 10.0; Win64; x64) AppleWebKit/537.36 (KHTML, like Gecko) Chrome/114.0.0.0 Safari/537.36"
77.232.38.47 - - [17/Apr/2026:15:52:29 +0300] "POST /xmlrpc.php HTTP/1.1" 200 88583 "-" "Mozilla/5.0 (Macintosh; Intel Mac OS X 12_5) AppleWebKit/537.36 (KHTML, like Gecko) Chrome/114.0.0.0 Safari/537.36 Edg/114.0.1264.71"
103.219.169.179 - - [17/Apr/2026:15:52:29 +0300] "GET /lucky-casino-netbet-haunter/ HTTP/1.1" 200 76003 "-" "Mozilla/5.0 (Windows NT 10.0; Win64; x64; rv:125.0) Gecko/20100101 Firefox/125.0"
185.216.113.70 - - [17/Apr/2026:15:52:56 +0300] "POST /wp-cron.php?doing_wp_cron=1776430376.3888399600982666015625 HTTP/1.1" 200 448 "-" "WordPress/6.3.8; https://serhatburke.miroglu.net"
77.232.38.47 - - [17/Apr/2026:15:52:43 +0300] "POST /xmlrpc.php HTTP/1.1" 200 725 "-" "Mozilla/5.0 (Macintosh; Intel Mac OS X 12_5) AppleWebKit/537.36 (KHTML, like Gecko) Chrome/114.0.0.0 Safari/537.36 Edg/114.0.1264.71"
185.216.113.70 - - [17/Apr/2026:15:53:06 +0300] "POST /wp-cron.php?doing_wp_cron=1776430386.7316279411315917968750 HTTP/1.1" 200 448 "-" "WordPress/6.3.8; https://serhatburke.miroglu.net"
148.135.195.139 - - [17/Apr/2026:15:52:47 +0300] "GET /top-payouts-7/ HTTP/1.1" 200 108712 "-" "Screaming Frog SEO Spider/16.7"
77.232.38.47 - - [17/Apr/2026:15:53:02 +0300] "POST /xmlrpc.php HTTP/1.1" 200 489 "-" "Mozilla/5.0 (Macintosh; Intel Mac OS X 12_5) AppleWebKit/537.36 (KHTML, like Gecko) Chrome/114.0.0.0 Safari/537.36 Edg/114.0.1264.71"
104.166.164.25 - - [17/Apr/2026:15:53:09 +0300] "POST /xmlrpc.php HTTP/1.1" 200 630 "-" "Mozilla/5.0 (Windows NT 10.0; Win64; x64) AppleWebKit/537.36 (KHTML, like Gecko) Chrome/114.0.0.0 Safari/537.36"
146.70.180.3 - - [17/Apr/2026:15:53:17 +0300] "POST /xmlrpc.php HTTP/1.1" 200 630 "-" "Mozilla/5.0 (Windows NT 10.0; Win64; x64) AppleWebKit/537.36 (KHTML, like Gecko) Chrome/114.0.0.0 Safari/537.36"
77.232.38.47 - - [17/Apr/2026:15:53:22 +0300] "POST /xmlrpc.php HTTP/1.1" 200 370784 "-" "Mozilla/5.0 (Macintosh; Intel Mac OS X 12_5) AppleWebKit/537.36 (KHTML, like Gecko) Chrome/114.0.0.0 Safari/537.36 Edg/114.0.1264.71"
104.166.164.25 - - [17/Apr/2026:15:53:40 +0300] "POST /xmlrpc.php HTTP/1.1" 200 12811 "-" "Mozilla/5.0 (Windows NT 10.0; Win64; x64) AppleWebKit/537.36 (KHTML, like Gecko) Chrome/114.0.0.0 Safari/537.36"
146.70.180.3 - - [17/Apr/2026:15:53:43 +0300] "POST /xmlrpc.php HTTP/1.1" 200 10989 "-" "Mozilla/5.0 (Windows NT 10.0; Win64; x64) AppleWebKit/537.36 (KHTML, like Gecko) Chrome/114.0.0.0 Safari/537.36"
185.216.113.70 - - [17/Apr/2026:15:54:09 +0300] "POST /wp-cron.php?doing_wp_cron=1776430449.2036550045013427734375 HTTP/1.1" 200 448 "-" "WordPress/6.3.8; https://serhatburke.miroglu.net"
185.216.113.70 - - [17/Apr/2026:15:54:10 +0300] "POST /wp-cron.php?doing_wp_cron=1776430450.0307729244232177734375 HTTP/1.1" 200 448 "-" "WordPress/6.3.8; https://serhatburke.miroglu.net"
146.70.180.3 - - [17/Apr/2026:15:53:57 +0300] "GET /cele-tocmac-bune-aplicatii-nv-casino-prep-a-castiga-bani-reali-spre-2024-stiri-it-review-ghiduri-tutoriale/ HTTP/1.1" 200 73719 "-" "Mozilla/5.0 (Windows NT 10.0; Win64; x64) AppleWebKit/537.36 (KHTML, like Gecko) Chrome/122.0.0.0 Safari/537.36"
104.166.164.25 - - [17/Apr/2026:15:53:56 +0300] "GET /finest-100-percent-free-spins-incentives-no-deposit-at-the-u-s-golden-goddess-slot-online-casino-gambling-enterprises-march-2026/ HTTP/1.1" 200 75502 "-" "Mozilla/5.0 (Windows NT 10.0; Win64; x64) AppleWebKit/537.36 (KHTML, like Gecko) Chrome/124.0.0.0 Safari/537.36 Edg/124.0.0.0"
103.219.169.179 - - [17/Apr/2026:15:54:15 +0300] "POST /xmlrpc.php HTTP/1.1" 200 630 "-" "Mozilla/5.0 (Windows NT 10.0; Win64; x64) AppleWebKit/537.36 (KHTML, like Gecko) Chrome/114.0.0.0 Safari/537.36"
103.219.169.179 - - [17/Apr/2026:15:54:43 +0300] "POST /xmlrpc.php HTTP/1.1" 200 15469 "-" "Mozilla/5.0 (Windows NT 10.0; Win64; x64) AppleWebKit/537.36 (KHTML, like Gecko) Chrome/114.0.0.0 Safari/537.36"
185.216.113.70 - - [17/Apr/2026:15:55:11 +0300] "POST /wp-cron.php?doing_wp_cron=1776430511.2283821105957031250000 HTTP/1.1" 200 448 "-" "WordPress/6.3.8; https://serhatburke.miroglu.net"
103.219.169.179 - - [17/Apr/2026:15:54:58 +0300] "GET /codere-rtg-espacios-para-ipad/ HTTP/1.1" 200 75581 "-" "Mozilla/5.0 (Windows NT 10.0; Win64; x64) AppleWebKit/537.36 (KHTML, like Gecko) Chrome/122.0.0.0 Safari/537.36"
185.216.113.70 - - [17/Apr/2026:15:55:40 +0300] "POST /wp-cron.php?doing_wp_cron=1776430540.4175329208374023437500 HTTP/1.1" 200 448 "-" "WordPress/6.3.8; https://serhatburke.miroglu.net"
200.25.47.109 - - [17/Apr/2026:15:55:28 +0300] "POST /xmlrpc.php HTTP/1.1" 200 630 "-" "Mozilla/5.0 (Windows NT 10.0; Win64; x64) AppleWebKit/537.36 (KHTML, like Gecko) Chrome/114.0.0.0 Safari/537.36"
200.25.47.109 - - [17/Apr/2026:15:55:47 +0300] "POST /xmlrpc.php HTTP/1.1" 200 9510 "-" "Mozilla/5.0 (Windows NT 10.0; Win64; x64) AppleWebKit/537.36 (KHTML, like Gecko) Chrome/114.0.0.0 Safari/537.36"
200.25.47.109 - - [17/Apr/2026:15:56:01 +0300] "GET /amerika-online-casino-icin-depozitsiz-goldbet-birlesik-devletlerindeki-en-iyi-oyun-web-sitesinde-eglenin/ HTTP/1.1" 200 72602 "-" "Mozilla/5.0 (Windows NT 10.0; Win64; x64) AppleWebKit/537.36 (KHTML, like Gecko) Chrome/123.0.0.0 Safari/537.36 OPR/109.0.0.0"
103.219.169.179 - - [17/Apr/2026:15:56:16 +0300] "POST /xmlrpc.php HTTP/1.1" 200 630 "-" "Mozilla/5.0 (Windows NT 10.0; Win64; x64) AppleWebKit/537.36 (KHTML, like Gecko) Chrome/114.0.0.0 Safari/537.36"
158.173.242.214 - - [17/Apr/2026:15:56:24 +0300] "GET /casino-online-skrill-prelievo-veloce/ HTTP/1.1" 200 18092 "https://serhatburke.miroglu.net/" "Mozilla/5.0 (X11; Linux x86_64) AppleWebKit/537.36 (KHTML, like Gecko) Chrome/114.0.0.0 Safari/537.36 OPR/89.0.4447.51"
185.216.113.70 - - [17/Apr/2026:15:56:51 +0300] "POST /wp-cron.php?doing_wp_cron=1776430611.7204689979553222656250 HTTP/1.1" 200 448 "-" "WordPress/6.3.8; https://serhatburke.miroglu.net"
103.219.169.179 - - [17/Apr/2026:15:56:36 +0300] "POST /xmlrpc.php HTTP/1.1" 200 15060 "-" "Mozilla/5.0 (Windows NT 10.0; Win64; x64) AppleWebKit/537.36 (KHTML, like Gecko) Chrome/114.0.0.0 Safari/537.36"
158.173.242.78 - - [17/Apr/2026:15:56:43 +0300] "GET /wp-login.php?action=register HTTP/1.1" 302 702 "https://serhatburke.miroglu.net/casino-online-skrill-prelievo-veloce/" "Mozilla/5.0 (Windows NT 6.3; Win64; x64) AppleWebKit/537.36 (KHTML, like Gecko) Chrome/103.0.0.0 Safari/537.36"
103.219.169.179 - - [17/Apr/2026:15:56:54 +0300] "GET /michael-juegos-de-casino-de-apuestas-en-linea-jackson-wikipedia-una-enciclopedia-disponible/ HTTP/1.1" 200 77111 "-" "Mozilla/5.0 (Windows NT 10.0; Win64; x64) AppleWebKit/537.36 (KHTML, like Gecko) Chrome/123.0.0.0 Safari/537.36"
158.173.242.192 - - [17/Apr/2026:15:57:02 +0300] "GET /wp-login.php?registration=disabled HTTP/1.1" 200 3805 "https://serhatburke.miroglu.net/wp-login.php?action=register" "Mozilla/5.0 (Windows NT 6.3; Win64; x64) AppleWebKit/537.36 (KHTML, like Gecko) Chrome/103.0.0.0 Safari/537.36"
185.216.113.70 - - [17/Apr/2026:15:57:56 +0300] "POST /wp-cron.php?doing_wp_cron=1776430676.2373540401458740234375 HTTP/1.1" 200 448 "-" "WordPress/6.3.8; https://serhatburke.miroglu.net"
104.166.164.25 - - [17/Apr/2026:15:57:43 +0300] "POST /xmlrpc.php HTTP/1.1" 200 630 "-" "Mozilla/5.0 (Windows NT 10.0; Win64; x64) AppleWebKit/537.36 (KHTML, like Gecko) Chrome/114.0.0.0 Safari/537.36"
104.166.164.25 - - [17/Apr/2026:15:58:03 +0300] "POST /xmlrpc.php HTTP/1.1" 200 12791 "-" "Mozilla/5.0 (Windows NT 10.0; Win64; x64) AppleWebKit/537.36 (KHTML, like Gecko) Chrome/114.0.0.0 Safari/537.36"
151.244.111.202 - - [17/Apr/2026:15:58:10 +0300] "POST /xmlrpc.php HTTP/1.1" 200 88583 "-" "Mozilla/5.0 (X11; Linux i686) AppleWebKit/537.36 (KHTML, like Gecko) Chrome/114.0.0.0 Safari/537.36 Vivaldi/5.3.2679.68"
104.166.164.25 - - [17/Apr/2026:15:58:18 +0300] "GET /betzest-gambling-casino-32red-enterprise-comment-signed/ HTTP/1.1" 200 73579 "-" "Mozilla/5.0 (Windows NT 10.0; rv:125.0) Gecko/20100101 Firefox/125.0"
185.216.113.70 - - [17/Apr/2026:15:58:39 +0300] "POST /wp-cron.php?doing_wp_cron=1776430719.0875749588012695312500 HTTP/1.1" 200 448 "-" "WordPress/6.3.8; https://serhatburke.miroglu.net"
151.244.111.202 - - [17/Apr/2026:15:58:24 +0300] "POST /xmlrpc.php HTTP/1.1" 200 489 "-" "Mozilla/5.0 (X11; Linux i686) AppleWebKit/537.36 (KHTML, like Gecko) Chrome/114.0.0.0 Safari/537.36 Vivaldi/5.3.2679.68"
103.219.169.179 - - [17/Apr/2026:15:58:35 +0300] "POST /xmlrpc.php HTTP/1.1" 200 630 "-" "Mozilla/5.0 (Windows NT 10.0; Win64; x64) AppleWebKit/537.36 (KHTML, like Gecko) Chrome/114.0.0.0 Safari/537.36"
151.244.111.202 - - [17/Apr/2026:15:58:39 +0300] "POST /xmlrpc.php HTTP/1.1" 200 13587 "-" "Mozilla/5.0 (X11; Linux i686) AppleWebKit/537.36 (KHTML, like Gecko) Chrome/114.0.0.0 Safari/537.36 Vivaldi/5.3.2679.68"
103.219.169.179 - - [17/Apr/2026:15:59:01 +0300] "POST /xmlrpc.php HTTP/1.1" 200 16576 "-" "Mozilla/5.0 (Windows NT 10.0; Win64; x64) AppleWebKit/537.36 (KHTML, like Gecko) Chrome/114.0.0.0 Safari/537.36"
103.219.169.179 - - [17/Apr/2026:15:59:19 +0300] "GET /tragamonedas-online-con-el-pasar-del-tiempo-dinero-real-acerca-lucky-8-line-1-deposito-de-chile/ HTTP/1.1" 200 78672 "-" "Mozilla/5.0 (Windows NT 10.0; Win64; x64; rv:124.0) Gecko/20100101 Firefox/124.0"
