104.166.164.25 - - [17/Apr/2026:18:02:37 +0300] "GET /secure-isoftbet-games-availability-to-have-canadian-players/ HTTP/1.1" 200 73625 "-" "Mozilla/5.0 (Windows NT 10.0; Win64; x64; rv:124.0) Gecko/20100101 Firefox/124.0"
185.191.206.67 - - [17/Apr/2026:18:02:26 +0300] "GET /wunderino-provision-angebote-quelle-hyperlink-zocker-erfahrungen-2026/ HTTP/1.1" 200 77387 "-" "Mozilla/5.0 (Windows NT 10.0; Win64; x64) AppleWebKit/537.36 (KHTML, like Gecko) Chrome/124.0.0.0 Safari/537.36"
89.124.67.159 - - [17/Apr/2026:18:02:49 +0300] "POST /xmlrpc.php HTTP/1.1" 200 673 "-" "Python-xmlrpc/3.11"
104.207.60.14 - - [17/Apr/2026:18:02:54 +0300] "GET /wp-login.php HTTP/2" 200 3091 "-" "Mozilla/5.0 (Macintosh; Intel Mac OS X 13_5) AppleWebKit/605.1.15 (KHTML, like Gecko) Version/17.5 Safari/605.1.15"
185.191.206.67 - - [17/Apr/2026:18:02:46 +0300] "POST /xmlrpc.php HTTP/1.1" 200 630 "-" "Mozilla/5.0 (Windows NT 10.0; Win64; x64) AppleWebKit/537.36 (KHTML, like Gecko) Chrome/114.0.0.0 Safari/537.36"
185.216.113.70 - - [17/Apr/2026:18:03:52 +0300] "POST /wp-cron.php?doing_wp_cron=1776438232.0213270187377929687500 HTTP/1.1" 200 448 "-" "WordPress/6.3.8; https://serhatburke.miroglu.net"
209.50.190.0 - - [17/Apr/2026:18:03:39 +0300] "POST /xmlrpc.php HTTP/2" 200 110 "-" "Mozilla/5.0 (Windows NT 10.0; Win64; x64; rv:127.0) Gecko/20100101 Firefox/127.0"
209.50.190.0 - - [17/Apr/2026:18:03:58 +0300] "POST /xmlrpc.php HTTP/2" 200 2545 "-" "Mozilla/5.0 (Macintosh; Intel Mac OS X 13_5) AppleWebKit/605.1.15 (KHTML, like Gecko) Version/17.5 Safari/605.1.15"
185.191.206.67 - - [17/Apr/2026:18:03:43 +0300] "POST /xmlrpc.php HTTP/1.1" 200 15295 "-" "Mozilla/5.0 (Windows NT 10.0; Win64; x64) AppleWebKit/537.36 (KHTML, like Gecko) Chrome/114.0.0.0 Safari/537.36"
185.191.206.67 - - [17/Apr/2026:18:04:14 +0300] "GET /jackpot-piraten-ihre-antwort-spielbank-land-der-dichter-und-denker-boni-schnelle-auszahlungen/ HTTP/1.1" 200 77634 "-" "Mozilla/5.0 (Windows NT 10.0; Win64; x64) AppleWebKit/537.36 (KHTML, like Gecko) Chrome/122.0.0.0 Safari/537.36"
185.191.206.67 - - [17/Apr/2026:18:04:19 +0300] "POST /xmlrpc.php HTTP/1.1" 200 630 "-" "Mozilla/5.0 (Windows NT 10.0; Win64; x64) AppleWebKit/537.36 (KHTML, like Gecko) Chrome/114.0.0.0 Safari/537.36"
185.216.113.70 - - [17/Apr/2026:18:05:15 +0300] "POST /wp-cron.php?doing_wp_cron=1776438315.7741949558258056640625 HTTP/1.1" 200 448 "-" "WordPress/6.3.8; https://serhatburke.miroglu.net"
104.166.164.25 - - [17/Apr/2026:18:05:03 +0300] "POST /xmlrpc.php HTTP/1.1" 200 630 "-" "Mozilla/5.0 (Windows NT 10.0; Win64; x64) AppleWebKit/537.36 (KHTML, like Gecko) Chrome/114.0.0.0 Safari/537.36"
185.191.206.67 - - [17/Apr/2026:18:04:54 +0300] "POST /xmlrpc.php HTTP/1.1" 200 15235 "-" "Mozilla/5.0 (Windows NT 10.0; Win64; x64) AppleWebKit/537.36 (KHTML, like Gecko) Chrome/114.0.0.0 Safari/537.36"
104.166.164.25 - - [17/Apr/2026:18:05:22 +0300] "POST /xmlrpc.php HTTP/1.1" 200 12841 "-" "Mozilla/5.0 (Windows NT 10.0; Win64; x64) AppleWebKit/537.36 (KHTML, like Gecko) Chrome/114.0.0.0 Safari/537.36"
185.216.113.70 - - [17/Apr/2026:18:05:52 +0300] "POST /wp-cron.php?doing_wp_cron=1776438352.5927479267120361328125 HTTP/1.1" 200 448 "-" "WordPress/6.3.8; https://serhatburke.miroglu.net"
104.166.164.25 - - [17/Apr/2026:18:05:39 +0300] "GET /punt-casino-no-deposit-top-pay-by-mobile-online-casinos-bonus-125-free-spins-with-this-password/ HTTP/1.1" 200 74692 "-" "Mozilla/5.0 (Windows NT 10.0; Win64; x64) AppleWebKit/537.36 (KHTML, like Gecko) Chrome/122.0.0.0 Safari/537.36"
185.191.206.67 - - [17/Apr/2026:18:05:24 +0300] "GET /wunderino-erfahrungen-untersuchung-2026-meine-lesen-sie-dies-bewertung-drogennutzer-reviews/ HTTP/1.1" 200 77575 "-" "Mozilla/5.0 (Windows NT 10.0; rv:125.0) Gecko/20100101 Firefox/125.0"
185.191.206.67 - - [17/Apr/2026:18:05:58 +0300] "POST /xmlrpc.php HTTP/1.1" 200 630 "-" "Mozilla/5.0 (Windows NT 10.0; Win64; x64) AppleWebKit/537.36 (KHTML, like Gecko) Chrome/114.0.0.0 Safari/537.36"
103.219.169.179 - - [17/Apr/2026:18:06:20 +0300] "POST /xmlrpc.php HTTP/1.1" 200 630 "-" "Mozilla/5.0 (Windows NT 10.0; Win64; x64) AppleWebKit/537.36 (KHTML, like Gecko) Chrome/114.0.0.0 Safari/537.36"
185.216.113.70 - - [17/Apr/2026:18:06:52 +0300] "POST /wp-cron.php?doing_wp_cron=1776438412.0916659832000732421875 HTTP/1.1" 200 448 "-" "WordPress/6.3.8; https://serhatburke.miroglu.net"
103.219.169.179 - - [17/Apr/2026:18:06:38 +0300] "POST /xmlrpc.php HTTP/1.1" 200 16414 "-" "Mozilla/5.0 (Windows NT 10.0; Win64; x64) AppleWebKit/537.36 (KHTML, like Gecko) Chrome/114.0.0.0 Safari/537.36"
185.191.206.67 - - [17/Apr/2026:18:06:33 +0300] "POST /xmlrpc.php HTTP/1.1" 200 15593 "-" "Mozilla/5.0 (Windows NT 10.0; Win64; x64) AppleWebKit/537.36 (KHTML, like Gecko) Chrome/114.0.0.0 Safari/537.36"
103.219.169.179 - - [17/Apr/2026:18:06:54 +0300] "GET /pragmatic-play-immortal-romance-casino-el-mejor-suministrador-sobre-slots-desplazandolo-hacia-el-pelo-software-juegos/ HTTP/1.1" 200 78812 "-" "Mozilla/5.0 (Windows NT 10.0; Win64; x64) AppleWebKit/537.36 (KHTML, like Gecko) Chrome/124.0.0.0 Safari/537.36 Edg/124.0.0.0"
185.191.206.67 - - [17/Apr/2026:18:07:02 +0300] "GET /wunderino-spielsaal-double-magic-spielautomat-ggl-lizenziert-paypal-starke-app/ HTTP/1.1" 200 77526 "-" "Mozilla/5.0 (Windows NT 10.0; rv:125.0) Gecko/20100101 Firefox/125.0"
185.216.113.70 - - [17/Apr/2026:18:08:04 +0300] "POST /wp-cron.php?doing_wp_cron=1776438484.7048220634460449218750 HTTP/1.1" 200 448 "-" "WordPress/6.3.8; https://serhatburke.miroglu.net"
185.191.206.67 - - [17/Apr/2026:18:07:33 +0300] "POST /xmlrpc.php HTTP/1.1" 200 630 "-" "Mozilla/5.0 (Windows NT 10.0; Win64; x64) AppleWebKit/537.36 (KHTML, like Gecko) Chrome/114.0.0.0 Safari/537.36"
104.166.164.25 - - [17/Apr/2026:18:08:14 +0300] "POST /xmlrpc.php HTTP/1.1" 200 630 "-" "Mozilla/5.0 (Windows NT 10.0; Win64; x64) AppleWebKit/537.36 (KHTML, like Gecko) Chrome/114.0.0.0 Safari/537.36"
185.191.206.67 - - [17/Apr/2026:18:08:11 +0300] "POST /xmlrpc.php HTTP/1.1" 200 15835 "-" "Mozilla/5.0 (Windows NT 10.0; Win64; x64) AppleWebKit/537.36 (KHTML, like Gecko) Chrome/114.0.0.0 Safari/537.36"
185.216.113.70 - - [17/Apr/2026:18:08:51 +0300] "POST /wp-cron.php?doing_wp_cron=1776438531.7837390899658203125000 HTTP/1.1" 200 448 "-" "WordPress/6.3.8; https://serhatburke.miroglu.net"
104.166.164.25 - - [17/Apr/2026:18:08:38 +0300] "POST /xmlrpc.php HTTP/1.1" 200 13796 "-" "Mozilla/5.0 (Windows NT 10.0; Win64; x64) AppleWebKit/537.36 (KHTML, like Gecko) Chrome/114.0.0.0 Safari/537.36"
104.166.164.25 - - [17/Apr/2026:18:08:53 +0300] "GET /finest-slot-starlight-princess-step-1-deposit-gambling-enterprises-canada-2026-to-150-totally-free-spins-to-own-step-one/ HTTP/1.1" 200 76255 "-" "Mozilla/5.0 (Windows NT 10.0; Win64; x64) AppleWebKit/537.36 (KHTML, like Gecko) Chrome/109.0.0.0 Safari/537.36"
185.216.113.70 - - [17/Apr/2026:18:09:19 +0300] "POST /wp-cron.php?doing_wp_cron=1776438559.7130029201507568359375 HTTP/1.1" 200 448 "-" "WordPress/6.3.8; https://serhatburke.miroglu.net"
185.191.206.67 - - [17/Apr/2026:18:08:47 +0300] "GET /lizenziertes-kasino-spielen-echtes-bares-dolphin-cash-1-kaution-das-rennen-machen/ HTTP/1.1" 200 77751 "-" "Mozilla/5.0 (Windows NT 10.0; Win64; x64) AppleWebKit/537.36 (KHTML, like Gecko) Chrome/109.0.0.0 Safari/537.36"
185.191.206.67 - - [17/Apr/2026:18:09:15 +0300] "POST /xmlrpc.php HTTP/1.1" 200 630 "-" "Mozilla/5.0 (Windows NT 10.0; Win64; x64) AppleWebKit/537.36 (KHTML, like Gecko) Chrome/114.0.0.0 Safari/537.36"
185.216.113.70 - - [17/Apr/2026:18:10:23 +0300] "POST /wp-cron.php?doing_wp_cron=1776438623.7285590171813964843750 HTTP/1.1" 200 448 "-" "WordPress/6.3.8; https://serhatburke.miroglu.net"
185.191.206.67 - - [17/Apr/2026:18:09:52 +0300] "POST /xmlrpc.php HTTP/1.1" 200 15374 "-" "Mozilla/5.0 (Windows NT 10.0; Win64; x64) AppleWebKit/537.36 (KHTML, like Gecko) Chrome/114.0.0.0 Safari/537.36"
185.191.206.67 - - [17/Apr/2026:18:10:24 +0300] "GET /wunderino-spielbank-de-praxis-erprobung-provision-und-slots-casino-300-bonus-2026/ HTTP/1.1" 200 77406 "-" "Mozilla/5.0 (Windows NT 10.0; Win64; x64) AppleWebKit/537.36 (KHTML, like Gecko) Chrome/124.0.0.0 Safari/537.36 Edg/124.0.0.0"
103.219.169.179 - - [17/Apr/2026:18:10:44 +0300] "POST /xmlrpc.php HTTP/1.1" 200 630 "-" "Mozilla/5.0 (Windows NT 10.0; Win64; x64) AppleWebKit/537.36 (KHTML, like Gecko) Chrome/114.0.0.0 Safari/537.36"
66.249.73.14 - - [17/Apr/2026:18:10:45 +0300] "GET /no-title/ HTTP/1.1" 200 19020 "-" "Mozilla/5.0 (Linux; Android 6.0.1; Nexus 5X Build/MMB29P) AppleWebKit/537.36 (KHTML, like Gecko) Chrome/146.0.7680.177 Mobile Safari/537.36 (compatible; Googlebot/2.1; +http://www.google.com/bot.html)"
185.216.113.70 - - [17/Apr/2026:18:11:22 +0300] "POST /wp-cron.php?doing_wp_cron=1776438682.4363489151000976562500 HTTP/1.1" 200 448 "-" "WordPress/6.3.8; https://serhatburke.miroglu.net"
185.191.206.67 - - [17/Apr/2026:18:10:46 +0300] "POST /xmlrpc.php HTTP/1.1" 200 630 "-" "Mozilla/5.0 (Windows NT 10.0; Win64; x64) AppleWebKit/537.36 (KHTML, like Gecko) Chrome/114.0.0.0 Safari/537.36"
103.219.169.179 - - [17/Apr/2026:18:11:11 +0300] "POST /xmlrpc.php HTTP/1.1" 200 15777 "-" "Mozilla/5.0 (Windows NT 10.0; Win64; x64) AppleWebKit/537.36 (KHTML, like Gecko) Chrome/114.0.0.0 Safari/537.36"
104.166.164.25 - - [17/Apr/2026:18:11:26 +0300] "POST /xmlrpc.php HTTP/1.1" 200 630 "-" "Mozilla/5.0 (Windows NT 10.0; Win64; x64) AppleWebKit/537.36 (KHTML, like Gecko) Chrome/114.0.0.0 Safari/537.36"
103.219.169.179 - - [17/Apr/2026:18:11:26 +0300] "GET /football-carnival-maquina-tragamonedas-sin-cargo-en-linea-hace-el-trabajo-ruby-fortune-ios-casino-para-divertirte-playtech/ HTTP/1.1" 200 78552 "-" "Mozilla/5.0 (Windows NT 10.0; Win64; x64) AppleWebKit/537.36 (KHTML, like Gecko) Chrome/124.0.0.0 Safari/537.36"
185.191.206.67 - - [17/Apr/2026:18:11:29 +0300] "POST /xmlrpc.php HTTP/1.1" 200 15010 "-" "Mozilla/5.0 (Windows NT 10.0; Win64; x64) AppleWebKit/537.36 (KHTML, like Gecko) Chrome/114.0.0.0 Safari/537.36"
104.166.164.25 - - [17/Apr/2026:18:11:57 +0300] "POST /xmlrpc.php HTTP/1.1" 200 12895 "-" "Mozilla/5.0 (Windows NT 10.0; Win64; x64) AppleWebKit/537.36 (KHTML, like Gecko) Chrome/114.0.0.0 Safari/537.36"
104.166.164.25 - - [17/Apr/2026:18:12:14 +0300] "GET /fairy-door-imperative-hyperlink-slot-remark-quickspin-gamble-free-trial/ HTTP/1.1" 200 74364 "-" "Mozilla/5.0 (Windows NT 10.0; rv:109.0) Gecko/20100101 Firefox/115.0"
185.216.113.70 - - [17/Apr/2026:18:12:43 +0300] "POST /wp-cron.php?doing_wp_cron=1776438762.9472160339355468750000 HTTP/1.1" 200 448 "-" "WordPress/6.3.8; https://serhatburke.miroglu.net"
185.191.206.67 - - [17/Apr/2026:18:12:09 +0300] "GET /wunderino-drucken-sie-diese-seite-pramie-angebote-gamer-erfahrungen-2026/ HTTP/1.1" 200 76952 "-" "Mozilla/5.0 (Windows NT 10.0; Win64; x64) AppleWebKit/537.36 (KHTML, like Gecko) Chrome/123.0.0.0 Safari/537.36"
185.191.206.67 - - [17/Apr/2026:18:12:13 +0300] "POST /xmlrpc.php HTTP/1.1" 200 630 "-" "Mozilla/5.0 (Windows NT 10.0; Win64; x64) AppleWebKit/537.36 (KHTML, like Gecko) Chrome/114.0.0.0 Safari/537.36"
209.50.174.251 - - [17/Apr/2026:18:12:36 +0300] "GET /wp-login.php HTTP/2" 200 3091 "-" "Mozilla/5.0 (Windows NT 10.0; Win64; x64; rv:127.0) Gecko/20100101 Firefox/127.0"
209.50.174.251 - - [17/Apr/2026:18:12:50 +0300] "POST /xmlrpc.php HTTP/2" 200 108 "-" "Mozilla/5.0 (Windows NT 10.0; Win64; x64; rv:127.0) Gecko/20100101 Firefox/127.0"
209.50.174.251 - - [17/Apr/2026:18:13:06 +0300] "POST /xmlrpc.php HTTP/2" 200 2613 "-" "Mozilla/5.0 (Macintosh; Intel Mac OS X 13_5) AppleWebKit/605.1.15 (KHTML, like Gecko) Version/17.5 Safari/605.1.15"
185.191.206.67 - - [17/Apr/2026:18:12:54 +0300] "POST /xmlrpc.php HTTP/1.1" 200 15179 "-" "Mozilla/5.0 (Windows NT 10.0; Win64; x64) AppleWebKit/537.36 (KHTML, like Gecko) Chrome/114.0.0.0 Safari/537.36"
66.249.73.15 - - [17/Apr/2026:18:13:39 +0300] "GET /sugar-rush-1000-a-sweet-spin-experience-for-aussie-players/ HTTP/1.1" 200 0 "https://gpzt.frostpulse-games.biz/" "Mozilla/5.0 (Linux; Android 6.0.1; Nexus 5X Build/MMB29P) AppleWebKit/537.36 (KHTML, like Gecko) Chrome/146.0.7680.177 Mobile Safari/537.36 (compatible; Googlebot/2.1; +http://www.google.com/bot.html)"
185.216.113.70 - - [17/Apr/2026:18:13:52 +0300] "POST /wp-cron.php?doing_wp_cron=1776438832.8784649372100830078125 HTTP/1.1" 200 448 "-" "WordPress/6.3.8; https://serhatburke.miroglu.net"
66.249.73.1 - - [17/Apr/2026:18:13:39 +0300] "GET /robots.txt HTTP/1.1" 200 719 "-" "Mozilla/5.0 (compatible; Googlebot/2.1; +http://www.google.com/bot.html)"
185.191.206.67 - - [17/Apr/2026:18:13:28 +0300] "GET /religious-dark-carnivale-spielautomat-mitwirken-fur-jedes-top-casinospiele-grose-boni/ HTTP/1.1" 200 77373 "-" "Mozilla/5.0 (Windows NT 10.0; rv:109.0) Gecko/20100101 Firefox/115.0"
185.216.113.70 - - [17/Apr/2026:18:15:35 +0300] "POST /wp-cron.php?doing_wp_cron=1776438935.7450199127197265625000 HTTP/1.1" 200 448 "-" "WordPress/6.3.8; https://serhatburke.miroglu.net"
103.219.169.179 - - [17/Apr/2026:18:15:20 +0300] "POST /xmlrpc.php HTTP/1.1" 200 630 "-" "Mozilla/5.0 (Windows NT 10.0; Win64; x64) AppleWebKit/537.36 (KHTML, like Gecko) Chrome/114.0.0.0 Safari/537.36"
103.219.169.179 - - [17/Apr/2026:18:15:44 +0300] "POST /xmlrpc.php HTTP/1.1" 200 15799 "-" "Mozilla/5.0 (Windows NT 10.0; Win64; x64) AppleWebKit/537.36 (KHTML, like Gecko) Chrome/114.0.0.0 Safari/537.36"
103.219.169.179 - - [17/Apr/2026:18:15:58 +0300] "GET /slot-fruit-blender-spinsy-espana-aplicacion-mania-online-tragaperras/ HTTP/1.1" 200 77157 "-" "Mozilla/5.0 (Windows NT 10.0; Win64; x64) AppleWebKit/537.36 (KHTML, like Gecko) Chrome/124.0.0.0 Safari/537.36"
66.249.73.1 - - [17/Apr/2026:18:16:39 +0300] "GET /betonred-casino-apostas-mais-menos-e-a-experiencia-para-jogadores-em-portugal/ HTTP/1.1" 200 0 "https://dkqpsn.driftlogic-games.biz/" "Mozilla/5.0 (Linux; Android 6.0.1; Nexus 5X Build/MMB29P) AppleWebKit/537.36 (KHTML, like Gecko) Chrome/146.0.7680.177 Mobile Safari/537.36 (compatible; Googlebot/2.1; +http://www.google.com/bot.html)"
185.216.113.70 - - [17/Apr/2026:18:16:52 +0300] "POST /wp-cron.php?doing_wp_cron=1776439012.2928950786590576171875 HTTP/1.1" 200 448 "-" "WordPress/6.3.8; https://serhatburke.miroglu.net"
66.249.73.15 - - [17/Apr/2026:18:16:39 +0300] "GET /robots.txt HTTP/1.1" 200 719 "-" "Mozilla/5.0 (compatible; Googlebot/2.1; +http://www.google.com/bot.html)"
185.216.113.70 - - [17/Apr/2026:18:18:36 +0300] "POST /wp-cron.php?doing_wp_cron=1776439116.4062349796295166015625 HTTP/1.1" 200 448 "-" "WordPress/6.3.8; https://serhatburke.miroglu.net"
57.128.22.95 - - [17/Apr/2026:18:18:23 +0300] "GET /zotabet-casino-bonus-premier-depot-2026/ HTTP/1.1" 200 18530 "-" "Mozilla/5.0 (compatible; Googlebot/2.1; +http://www.google.com/bot.html)"
57.128.22.95 - - [17/Apr/2026:18:19:14 +0300] "GET /zotabet-casino-bonus-premier-depot-2026/ HTTP/1.1" 200 18537 "https://serhatburke.miroglu.net/" "Mozilla/5.0 (X11; Linux x86_64; rv:128.0) Gecko/20100101 Firefox/128.0"
185.216.113.70 - - [17/Apr/2026:18:19:42 +0300] "POST /wp-cron.php?doing_wp_cron=1776439182.2083499431610107421875 HTTP/1.1" 200 448 "-" "WordPress/6.3.8; https://serhatburke.miroglu.net"
196.51.133.74 - - [17/Apr/2026:18:19:29 +0300] "POST /wp-comments-post.php HTTP/1.1" 302 1087 "https://serhatburke.miroglu.net/zotabet-casino-bonus-premier-depot-2026/" "Mozilla/5.0 (X11; Linux x86_64; rv:128.0) Gecko/20100101 Firefox/128.0"
103.219.169.179 - - [17/Apr/2026:18:19:30 +0300] "POST /xmlrpc.php HTTP/1.1" 200 630 "-" "Mozilla/5.0 (Windows NT 10.0; Win64; x64) AppleWebKit/537.36 (KHTML, like Gecko) Chrome/114.0.0.0 Safari/537.36"
196.51.133.74 - - [17/Apr/2026:18:19:44 +0300] "GET /zotabet-casino-bonus-premier-depot-2026/?unapproved=447&moderation-hash=1e69a2255f1d2a3b0166b7faf1d0c21d HTTP/1.1" 200 19025 "https://serhatburke.miroglu.net/wp-comments-post.php" "Mozilla/5.0 (X11; Linux x86_64; rv:128.0) Gecko/20100101 Firefox/128.0"
103.219.169.179 - - [17/Apr/2026:18:19:49 +0300] "POST /xmlrpc.php HTTP/1.1" 200 15361 "-" "Mozilla/5.0 (Windows NT 10.0; Win64; x64) AppleWebKit/537.36 (KHTML, like Gecko) Chrome/114.0.0.0 Safari/537.36"
57.128.22.95 - - [17/Apr/2026:18:20:01 +0300] "GET /zotabet-casino-bonus-premier-depot-2026/ HTTP/1.1" 200 18530 "-" "Mozilla/5.0 (compatible; Googlebot/2.1; +http://www.google.com/bot.html)"
103.219.169.179 - - [17/Apr/2026:18:20:08 +0300] "GET /juego-de-t-rex-slot-en-linea-balde-acerca-de-mexico-sin-descarga/ HTTP/1.1" 200 76633 "-" "Mozilla/5.0 (Windows NT 10.0; Win64; x64) AppleWebKit/537.36 (KHTML, like Gecko) Chrome/109.0.0.0 Safari/537.36"
185.216.113.70 - - [17/Apr/2026:18:22:06 +0300] "POST /wp-cron.php?doing_wp_cron=1776439325.9338889122009277343750 HTTP/1.1" 200 448 "-" "WordPress/6.3.8; https://serhatburke.miroglu.net"
148.135.195.139 - - [17/Apr/2026:18:21:52 +0300] "GET /best-payid-casinos-australia-2026-5-top-payid-3/ HTTP/1.1" 200 133454 "-" "Screaming Frog SEO Spider/16.7"
104.166.164.25 - - [17/Apr/2026:18:22:06 +0300] "POST /xmlrpc.php HTTP/1.1" 200 630 "-" "Mozilla/5.0 (Windows NT 10.0; Win64; x64) AppleWebKit/537.36 (KHTML, like Gecko) Chrome/114.0.0.0 Safari/537.36"
185.216.113.70 - - [17/Apr/2026:18:22:40 +0300] "POST /wp-cron.php?doing_wp_cron=1776439360.0036950111389160156250 HTTP/1.1" 200 448 "-" "WordPress/6.3.8; https://serhatburke.miroglu.net"
104.166.164.25 - - [17/Apr/2026:18:22:27 +0300] "POST /xmlrpc.php HTTP/1.1" 200 12242 "-" "Mozilla/5.0 (Windows NT 10.0; Win64; x64) AppleWebKit/537.36 (KHTML, like Gecko) Chrome/114.0.0.0 Safari/537.36"
104.166.164.25 - - [17/Apr/2026:18:22:41 +0300] "GET /fifty-dragons-slot-on-the-internet-gamble-slot-machin-at-50-dragons-win-no-cost-casino/ HTTP/1.1" 200 74282 "-" "Mozilla/5.0 (Windows NT 10.0; Win64; x64; rv:124.0) Gecko/20100101 Firefox/124.0"
65.111.23.184 - - [17/Apr/2026:18:22:46 +0300] "GET /wp-login.php HTTP/2" 200 3091 "-" "Mozilla/5.0 (Windows NT 10.0; Win64; x64) AppleWebKit/537.36 (KHTML, like Gecko) Chrome/124.0.6367.207 Safari/537.36"
65.111.23.184 - - [17/Apr/2026:18:23:10 +0300] "POST /xmlrpc.php HTTP/2" 200 110 "-" "Mozilla/5.0 (Windows NT 10.0; Win64; x64; rv:127.0) Gecko/20100101 Firefox/127.0"
103.219.169.179 - - [17/Apr/2026:18:23:22 +0300] "POST /xmlrpc.php HTTP/1.1" 200 630 "-" "Mozilla/5.0 (Windows NT 10.0; Win64; x64) AppleWebKit/537.36 (KHTML, like Gecko) Chrome/114.0.0.0 Safari/537.36"
185.216.113.70 - - [17/Apr/2026:18:24:10 +0300] "POST /wp-cron.php?doing_wp_cron=1776439450.6786100864410400390625 HTTP/1.1" 200 448 "-" "WordPress/6.3.8; https://serhatburke.miroglu.net"
103.219.169.179 - - [17/Apr/2026:18:23:42 +0300] "POST /xmlrpc.php HTTP/1.1" 200 15065 "-" "Mozilla/5.0 (Windows NT 10.0; Win64; x64) AppleWebKit/537.36 (KHTML, like Gecko) Chrome/114.0.0.0 Safari/537.36"
65.111.23.184 - - [17/Apr/2026:18:23:46 +0300] "POST /xmlrpc.php HTTP/2" 200 2938 "-" "Mozilla/5.0 (Windows NT 10.0; Win64; x64; rv:127.0) Gecko/20100101 Firefox/127.0"
103.219.169.179 - - [17/Apr/2026:18:24:12 +0300] "GET /mega-joker-slot-review-guide-by-netent-high-rtp-slot-de-casino-dracula-classic-casino-game/ HTTP/1.1" 200 77090 "-" "Mozilla/5.0 (Windows NT 10.0; Win64; x64) AppleWebKit/537.36 (KHTML, like Gecko) Chrome/124.0.0.0 Safari/537.36"
57.128.22.95 - - [17/Apr/2026:18:24:19 +0300] "GET /zotabet-casino-bonus-premier-depot-2026/ HTTP/1.1" 200 18530 "-" "Mozilla/5.0 (compatible; Googlebot/2.1; +http://www.google.com/bot.html)"
185.216.113.70 - - [17/Apr/2026:18:25:07 +0300] "POST /wp-cron.php?doing_wp_cron=1776439507.7406470775604248046875 HTTP/1.1" 200 448 "-" "WordPress/6.3.8; https://serhatburke.miroglu.net"
185.191.206.67 - - [17/Apr/2026:18:24:38 +0300] "POST /xmlrpc.php HTTP/1.1" 200 630 "-" "Mozilla/5.0 (Windows NT 10.0; Win64; x64) AppleWebKit/537.36 (KHTML, like Gecko) Chrome/114.0.0.0 Safari/537.36"
57.128.22.95 - - [17/Apr/2026:18:25:03 +0300] "GET /zotabet-casino-bonus-premier-depot-2026/ HTTP/1.1" 200 18537 "https://serhatburke.miroglu.net/" "Mozilla/5.0 (Windows NT 10.0; Win64; x64) AppleWebKit/537.36 (KHTML, like Gecko) Chrome/143.0.0.0 Safari/537.36 Edg/143.0.0.0"
192.3.59.35 - - [17/Apr/2026:18:25:19 +0300] "GET /wp-includes/css/dist/block-library/style.min.css?ver=6.3.8 HTTP/1.1" 200 13578 "https://serhatburke.miroglu.net/zotabet-casino-bonus-premier-depot-2026/" "Mozilla/5.0 (Windows NT 10.0; Win64; x64) AppleWebKit/537.36 (KHTML, like Gecko) Chrome/145.0.0.0 Safari/537.36"
192.3.59.35 - - [17/Apr/2026:18:25:20 +0300] "GET /wp-content/plugins/contact-form-7/includes/css/styles.css?ver=5.8 HTTP/1.1" 200 1490 "https://serhatburke.miroglu.net/zotabet-casino-bonus-premier-depot-2026/" "Mozilla/5.0 (Windows NT 10.0; Win64; x64) AppleWebKit/537.36 (KHTML, like Gecko) Chrome/145.0.0.0 Safari/537.36"
192.3.59.35 - - [17/Apr/2026:18:25:22 +0300] "GET /wp-content/themes/toppic/css/fontello.css?ver=4.2 HTTP/1.1" 200 1802 "https://serhatburke.miroglu.net/zotabet-casino-bonus-premier-depot-2026/" "Mozilla/5.0 (Windows NT 10.0; Win64; x64) AppleWebKit/537.36 (KHTML, like Gecko) Chrome/145.0.0.0 Safari/537.36"
192.3.59.35 - - [17/Apr/2026:18:25:23 +0300] "GET /wp-content/themes/toppic/css/reset.css?ver=4.2 HTTP/1.1" 200 1178 "https://serhatburke.miroglu.net/zotabet-casino-bonus-premier-depot-2026/" "Mozilla/5.0 (Windows NT 10.0; Win64; x64) AppleWebKit/537.36 (KHTML, like Gecko) Chrome/145.0.0.0 Safari/537.36"
192.3.59.35 - - [17/Apr/2026:18:25:25 +0300] "GET /wp-content/themes/toppic/css/default.css?ver=4.2 HTTP/1.1" 200 1811 "https://serhatburke.miroglu.net/zotabet-casino-bonus-premier-depot-2026/" "Mozilla/5.0 (Windows NT 10.0; Win64; x64) AppleWebKit/537.36 (KHTML, like Gecko) Chrome/145.0.0.0 Safari/537.36"
192.3.59.35 - - [17/Apr/2026:18:25:26 +0300] "GET /wp-content/themes/toppic/style.css?ver=4.2 HTTP/1.1" 200 23398 "https://serhatburke.miroglu.net/zotabet-casino-bonus-premier-depot-2026/" "Mozilla/5.0 (Windows NT 10.0; Win64; x64) AppleWebKit/537.36 (KHTML, like Gecko) Chrome/145.0.0.0 Safari/537.36"
192.3.59.35 - - [17/Apr/2026:18:25:28 +0300] "GET /wp-content/themes/toppic/css/royalslider.css?ver=4.2 HTTP/1.1" 200 1887 "https://serhatburke.miroglu.net/zotabet-casino-bonus-premier-depot-2026/" "Mozilla/5.0 (Windows NT 10.0; Win64; x64) AppleWebKit/537.36 (KHTML, like Gecko) Chrome/145.0.0.0 Safari/537.36"
192.3.59.35 - - [17/Apr/2026:18:25:30 +0300] "GET /wp-content/themes/toppic/css/rs-default.css?ver=4.2 HTTP/1.1" 200 2625 "https://serhatburke.miroglu.net/zotabet-casino-bonus-premier-depot-2026/" "Mozilla/5.0 (Windows NT 10.0; Win64; x64) AppleWebKit/537.36 (KHTML, like Gecko) Chrome/145.0.0.0 Safari/537.36"
192.3.59.35 - - [17/Apr/2026:18:25:31 +0300] "GET /wp-content/themes/toppic/css/lightbox.css?ver=4.2 HTTP/1.1" 200 2956 "https://serhatburke.miroglu.net/zotabet-casino-bonus-premier-depot-2026/" "Mozilla/5.0 (Windows NT 10.0; Win64; x64) AppleWebKit/537.36 (KHTML, like Gecko) Chrome/145.0.0.0 Safari/537.36"
192.3.59.35 - - [17/Apr/2026:18:25:33 +0300] "GET /wp-content/themes/toppic/css/woocommerce.css?ver=4.2 HTTP/1.1" 200 2848 "https://serhatburke.miroglu.net/zotabet-casino-bonus-premier-depot-2026/" "Mozilla/5.0 (Windows NT 10.0; Win64; x64) AppleWebKit/537.36 (KHTML, like Gecko) Chrome/145.0.0.0 Safari/537.36"
192.3.59.35 - - [17/Apr/2026:18:25:34 +0300] "GET /wp-content/themes/toppic/css/responsive.css?ver=4.2 HTTP/1.1" 200 2796 "https://serhatburke.miroglu.net/zotabet-casino-bonus-premier-depot-2026/" "Mozilla/5.0 (Windows NT 10.0; Win64; x64) AppleWebKit/537.36 (KHTML, like Gecko) Chrome/145.0.0.0 Safari/537.36"
185.191.206.67 - - [17/Apr/2026:18:25:13 +0300] "POST /xmlrpc.php HTTP/1.1" 200 15196 "-" "Mozilla/5.0 (Windows NT 10.0; Win64; x64) AppleWebKit/537.36 (KHTML, like Gecko) Chrome/114.0.0.0 Safari/537.36"
185.216.113.70 - - [17/Apr/2026:18:25:49 +0300] "POST /wp-cron.php?doing_wp_cron=1776439549.0953071117401123046875 HTTP/1.1" 200 448 "-" "WordPress/6.3.8; https://serhatburke.miroglu.net"
192.3.59.35 - - [17/Apr/2026:18:25:36 +0300] "POST /wp-comments-post.php HTTP/1.1" 302 1087 "https://serhatburke.miroglu.net/zotabet-casino-bonus-premier-depot-2026/" "Mozilla/5.0 (Windows NT 10.0; Win64; x64) AppleWebKit/537.36 (KHTML, like Gecko) Chrome/143.0.0.0 Safari/537.36 Edg/143.0.0.0"
192.3.59.35 - - [17/Apr/2026:18:25:50 +0300] "GET /zotabet-casino-bonus-premier-depot-2026/?unapproved=448&moderation-hash=57c1725ece85e1232258cfe90d655295 HTTP/1.1" 200 19045 "https://serhatburke.miroglu.net/wp-comments-post.php" "Mozilla/5.0 (Windows NT 10.0; Win64; x64) AppleWebKit/537.36 (KHTML, like Gecko) Chrome/143.0.0.0 Safari/537.36 Edg/143.0.0.0"
185.216.113.70 - - [17/Apr/2026:18:26:21 +0300] "POST /wp-cron.php?doing_wp_cron=1776439581.1005380153656005859375 HTTP/1.1" 200 448 "-" "WordPress/6.3.8; https://serhatburke.miroglu.net"
185.191.206.67 - - [17/Apr/2026:18:25:44 +0300] "GET /verbunden-casinos-unter-dark-carnivale-bewertung-einsatz-von-sofortauszahlung-schnell-inoffizieller-mitarbeiter-spielsaal-lohnenswert/ HTTP/1.1" 200 78544 "-" "Mozilla/5.0 (Windows NT 10.0; Win64; x64) AppleWebKit/537.36 (KHTML, like Gecko) Chrome/122.0.0.0 Safari/537.36"
57.128.22.95 - - [17/Apr/2026:18:26:13 +0300] "GET /zotabet-casino-bonus-premier-depot-2026/ HTTP/1.1" 200 18505 "-" "Mozilla/5.0 (compatible; Googlebot/2.1; +http://www.google.com/bot.html)"
37.139.53.240 - - [17/Apr/2026:18:26:34 +0300] "POST / HTTP/2" 200 16365 "-" "Mozilla/5.0 (Macintosh; Intel Mac OS X 10_15_7) AppleWebKit/605.1.15 (KHTML, like Gecko) Version/18.0 Safari/605.1.15"
185.216.113.70 - - [17/Apr/2026:18:27:39 +0300] "POST /wp-cron.php?doing_wp_cron=1776439659.4752619266510009765625 HTTP/1.1" 200 448 "-" "WordPress/6.3.8; https://serhatburke.miroglu.net"
103.219.169.179 - - [17/Apr/2026:18:27:27 +0300] "POST /xmlrpc.php HTTP/1.1" 200 630 "-" "Mozilla/5.0 (Windows NT 10.0; Win64; x64) AppleWebKit/537.36 (KHTML, like Gecko) Chrome/114.0.0.0 Safari/537.36"
103.219.169.179 - - [17/Apr/2026:18:27:46 +0300] "POST /xmlrpc.php HTTP/1.1" 200 16008 "-" "Mozilla/5.0 (Windows NT 10.0; Win64; x64) AppleWebKit/537.36 (KHTML, like Gecko) Chrome/114.0.0.0 Safari/537.36"
103.219.169.179 - - [17/Apr/2026:18:28:04 +0300] "GET /tragaperras-en-internet-michael-1-montezuma-jackson/ HTTP/1.1" 200 76929 "-" "Mozilla/5.0 (Windows NT 10.0; Win64; x64) AppleWebKit/537.36 (KHTML, like Gecko) Chrome/124.0.0.0 Safari/537.36"
185.216.113.70 - - [17/Apr/2026:18:28:50 +0300] "POST /wp-cron.php?doing_wp_cron=1776439730.4140160083770751953125 HTTP/1.1" 200 448 "-" "WordPress/6.3.8; https://serhatburke.miroglu.net"
185.191.206.67 - - [17/Apr/2026:18:28:23 +0300] "POST /xmlrpc.php HTTP/1.1" 200 630 "-" "Mozilla/5.0 (Windows NT 10.0; Win64; x64) AppleWebKit/537.36 (KHTML, like Gecko) Chrome/114.0.0.0 Safari/537.36"
185.191.206.67 - - [17/Apr/2026:18:28:56 +0300] "POST /xmlrpc.php HTTP/1.1" 200 15566 "-" "Mozilla/5.0 (Windows NT 10.0; Win64; x64) AppleWebKit/537.36 (KHTML, like Gecko) Chrome/114.0.0.0 Safari/537.36"
104.166.164.25 - - [17/Apr/2026:18:29:20 +0300] "POST /xmlrpc.php HTTP/1.1" 200 630 "-" "Mozilla/5.0 (Windows NT 10.0; Win64; x64) AppleWebKit/537.36 (KHTML, like Gecko) Chrome/114.0.0.0 Safari/537.36"
185.216.113.70 - - [17/Apr/2026:18:29:55 +0300] "POST /wp-cron.php?doing_wp_cron=1776439795.2560698986053466796875 HTTP/1.1" 200 448 "-" "WordPress/6.3.8; https://serhatburke.miroglu.net"
104.166.164.25 - - [17/Apr/2026:18:29:42 +0300] "POST /xmlrpc.php HTTP/1.1" 200 13083 "-" "Mozilla/5.0 (Windows NT 10.0; Win64; x64) AppleWebKit/537.36 (KHTML, like Gecko) Chrome/114.0.0.0 Safari/537.36"
185.191.206.67 - - [17/Apr/2026:18:29:27 +0300] "GET /wunderino-provision-400percent-bonus-holen-sie-sich-die-fakten-100-tamtam-spielsaal-offizielle-app-freispiele-5-einzahlung-spielsaal-pompeii-feber-2026-%E5%A4%AA%E7%94%B0%E9%9B%BB%E5%AD%90/ HTTP/1.1" 200 80627 "-" "Mozilla/5.0 (Windows NT 10.0; Win64; x64) AppleWebKit/537.36 (KHTML, like Gecko) Chrome/122.0.0.0 Safari/537.36"
104.166.164.25 - - [17/Apr/2026:18:29:58 +0300] "GET /greatest-online-slot-internet-sites-best-slots-for-real-money-which-might-be-safe-in-the-canada-10-welcome-bonus-2026-2026/ HTTP/1.1" 200 75654 "-" "Mozilla/5.0 (Windows NT 10.0; Win64; x64) AppleWebKit/537.36 (KHTML, like Gecko) Chrome/109.0.0.0 Safari/537.36"
185.216.113.70 - - [17/Apr/2026:18:30:41 +0300] "POST /wp-cron.php?doing_wp_cron=1776439841.7550840377807617187500 HTTP/1.1" 200 448 "-" "WordPress/6.3.8; https://serhatburke.miroglu.net"
57.128.22.95 - - [17/Apr/2026:18:30:30 +0300] "GET /zotabet-casino-bonus-premier-depot-2026/ HTTP/1.1" 200 18530 "-" "Mozilla/5.0 (compatible; Googlebot/2.1; +http://www.google.com/bot.html)"
178.156.215.67 - - [17/Apr/2026:18:30:43 +0300] "POST /xmlrpc.php HTTP/1.1" 200 604 "-" "Mozilla/5.0 (Windows NT 10.0; Win64; x64) AppleWebKit/537.36 (KHTML, like Gecko) Chrome/108.0.0.0 Safari/537.36"
178.156.215.67 - - [17/Apr/2026:18:30:56 +0300] "POST /xmlrpc.php HTTP/1.1" 200 594 "-" "Mozilla/5.0 (Windows NT 10.0; Win64; x64) AppleWebKit/537.36 (KHTML, like Gecko) Chrome/108.0.0.0 Safari/537.36"
68.65.220.41 - - [17/Apr/2026:18:30:57 +0300] "GET /beste-casino-site-belgie-hoge-inzet/ HTTP/1.1" 200 18613 "-" "Mozilla/5.0 (compatible; Googlebot/2.1; +http://www.google.com/bot.html)"
185.216.113.70 - - [17/Apr/2026:18:31:39 +0300] "POST /wp-cron.php?doing_wp_cron=1776439899.1227030754089355468750 HTTP/1.1" 200 448 "-" "WordPress/6.3.8; https://serhatburke.miroglu.net"
185.191.206.67 - - [17/Apr/2026:18:31:10 +0300] "POST /xmlrpc.php HTTP/1.1" 200 630 "-" "Mozilla/5.0 (Windows NT 10.0; Win64; x64) AppleWebKit/537.36 (KHTML, like Gecko) Chrome/114.0.0.0 Safari/537.36"
103.219.169.179 - - [17/Apr/2026:18:31:48 +0300] "POST /xmlrpc.php HTTP/1.1" 200 630 "-" "Mozilla/5.0 (Windows NT 10.0; Win64; x64) AppleWebKit/537.36 (KHTML, like Gecko) Chrome/114.0.0.0 Safari/537.36"
27.50.29.178 - - [17/Apr/2026:18:32:01 +0300] "GET /beste-casino-site-belgie-hoge-inzet/ HTTP/1.1" 200 18669 "-" "Mozilla/5.0 (Windows NT 10.0; Win64; x64) AppleWebKit/537.36 (KHTML, like Gecko) Chrome/114.0.0.0 Safari/537.36 Edg/114.0.1264.71"
185.191.206.67 - - [17/Apr/2026:18:31:45 +0300] "POST /xmlrpc.php HTTP/1.1" 200 13154 "-" "Mozilla/5.0 (Windows NT 10.0; Win64; x64) AppleWebKit/537.36 (KHTML, like Gecko) Chrome/114.0.0.0 Safari/537.36"
103.219.169.179 - - [17/Apr/2026:18:32:08 +0300] "POST /xmlrpc.php HTTP/1.1" 200 15502 "-" "Mozilla/5.0 (Windows NT 10.0; Win64; x64) AppleWebKit/537.36 (KHTML, like Gecko) Chrome/114.0.0.0 Safari/537.36"
103.219.169.179 - - [17/Apr/2026:18:32:22 +0300] "GET /tragamonedas-regalado-slots-tiki-wonders-slot-rtp-de-balde-falto-liberar/ HTTP/1.1" 200 76879 "-" "Mozilla/5.0 (Windows NT 10.0; Win64; x64) AppleWebKit/537.36 (KHTML, like Gecko) Chrome/124.0.0.0 Safari/537.36"
185.216.113.70 - - [17/Apr/2026:18:32:44 +0300] "POST /wp-cron.php?doing_wp_cron=1776439964.2068419456481933593750 HTTP/1.1" 200 448 "-" "WordPress/6.3.8; https://serhatburke.miroglu.net"
185.191.206.67 - - [17/Apr/2026:18:32:16 +0300] "GET /gepackinformationen-inoffizieller-mitarbeiter-spielsaal-im-griff-haben-sie-per-telefonrechnung-einzahlen-cathay-casino-ladbrokes-casino-de/ HTTP/1.1" 200 76701 "-" "Mozilla/5.0 (Windows NT 10.0; Win64; x64) AppleWebKit/537.36 (KHTML, like Gecko) Chrome/123.0.0.0 Safari/537.36 OPR/109.0.0.0"
185.216.113.70 - - [17/Apr/2026:18:33:53 +0300] "POST /wp-cron.php?doing_wp_cron=1776440033.3761279582977294921875 HTTP/1.1" 200 448 "-" "WordPress/6.3.8; https://serhatburke.miroglu.net"
104.166.164.25 - - [17/Apr/2026:18:33:33 +0300] "POST /xmlrpc.php HTTP/1.1" 200 630 "-" "Mozilla/5.0 (Windows NT 10.0; Win64; x64) AppleWebKit/537.36 (KHTML, like Gecko) Chrome/114.0.0.0 Safari/537.36"
83.24.127.81 - - [17/Apr/2026:18:33:32 +0300] "GET /woher-kommen-die-neuesten-trends-in-der/ HTTP/1.1" 200 20705 "-" "Screaming Frog SEO Spider/19.4"
23.236.190.228 - - [17/Apr/2026:18:33:46 +0300] "POST /xmlrpc.php HTTP/1.1" 200 1695 "-" "Mozilla/5.0 (Windows NT 10.0.0; Win64; x64; ) AppleWebKit/537.36 (KHTML, like Gecko) Chrome/122.0.6261.156 Not(A:Brand/24 YaBrowser/24.4.2.887 Yowser/2.5 Safari/537.36"
185.191.206.67 - - [17/Apr/2026:18:33:32 +0300] "POST /xmlrpc.php HTTP/1.1" 200 630 "-" "Mozilla/5.0 (Windows NT 10.0; Win64; x64) AppleWebKit/537.36 (KHTML, like Gecko) Chrome/114.0.0.0 Safari/537.36"
57.128.22.95 - - [17/Apr/2026:18:33:45 +0300] "GET /zotabet-casino-bonus-premier-depot-2026/ HTTP/1.1" 200 18500 "-" "Mozilla/5.0 (compatible; Googlebot/2.1; +http://www.google.com/bot.html)"
104.166.164.25 - - [17/Apr/2026:18:34:02 +0300] "POST /xmlrpc.php HTTP/1.1" 200 12192 "-" "Mozilla/5.0 (Windows NT 10.0; Win64; x64) AppleWebKit/537.36 (KHTML, like Gecko) Chrome/114.0.0.0 Safari/537.36"
185.216.113.70 - - [17/Apr/2026:18:34:32 +0300] "POST /wp-cron.php?doing_wp_cron=1776440072.8998160362243652343750 HTTP/1.1" 200 448 "-" "WordPress/6.3.8; https://serhatburke.miroglu.net"
104.166.164.25 - - [17/Apr/2026:18:34:20 +0300] "GET /totally-free-mobile-gladiator-slot-online-flash-games/ HTTP/1.1" 200 72975 "-" "Mozilla/5.0 (Windows NT 10.0; Win64; x64) AppleWebKit/537.36 (KHTML, like Gecko) Chrome/123.0.0.0 Safari/537.36 OPR/109.0.0.0"
83.24.127.81 - - [17/Apr/2026:18:34:29 +0300] "GET /online-nebo-offline-kde-najit-nejlepi-zaitky-z-2/ HTTP/1.1" 200 21132 "-" "Screaming Frog SEO Spider/19.4"
185.191.206.67 - - [17/Apr/2026:18:34:15 +0300] "POST /xmlrpc.php HTTP/1.1" 200 15274 "-" "Mozilla/5.0 (Windows NT 10.0; Win64; x64) AppleWebKit/537.36 (KHTML, like Gecko) Chrome/114.0.0.0 Safari/537.36"
185.191.206.67 - - [17/Apr/2026:18:34:46 +0300] "GET /das-navigationsbereich-im-windows-explorer-alle-wie-die-top-trumps-football-legends-slotspiel-leser-ihn-bezwecken/ HTTP/1.1" 200 78137 "-" "Mozilla/5.0 (Windows NT 10.0; rv:125.0) Gecko/20100101 Firefox/125.0"
57.128.22.95 - - [17/Apr/2026:18:35:13 +0300] "GET /zotabet-casino-bonus-premier-depot-2026/ HTTP/1.1" 200 18537 "https://serhatburke.miroglu.net/" "Mozilla/5.0 (Macintosh; Intel Mac OS X 10.15; rv:149.0) Gecko/20100101 Firefox/149.0"
185.216.113.70 - - [17/Apr/2026:18:35:40 +0300] "POST /wp-cron.php?doing_wp_cron=1776440140.6682350635528564453125 HTTP/1.1" 200 448 "-" "WordPress/6.3.8; https://serhatburke.miroglu.net"
196.51.130.216 - - [17/Apr/2026:18:35:28 +0300] "POST /wp-comments-post.php HTTP/1.1" 302 1087 "https://serhatburke.miroglu.net/zotabet-casino-bonus-premier-depot-2026/" "Mozilla/5.0 (Macintosh; Intel Mac OS X 10.15; rv:149.0) Gecko/20100101 Firefox/149.0"
185.191.206.67 - - [17/Apr/2026:18:35:22 +0300] "POST /xmlrpc.php HTTP/1.1" 200 630 "-" "Mozilla/5.0 (Windows NT 10.0; Win64; x64) AppleWebKit/537.36 (KHTML, like Gecko) Chrome/114.0.0.0 Safari/537.36"
196.51.130.216 - - [17/Apr/2026:18:35:45 +0300] "GET /zotabet-casino-bonus-premier-depot-2026/?unapproved=449&moderation-hash=7e10155a7f779979a30c017bc2c3aa73 HTTP/1.1" 200 19043 "https://serhatburke.miroglu.net/wp-comments-post.php" "Mozilla/5.0 (Macintosh; Intel Mac OS X 10.15; rv:149.0) Gecko/20100101 Firefox/149.0"
57.128.22.95 - - [17/Apr/2026:18:35:59 +0300] "GET /zotabet-casino-bonus-premier-depot-2026/ HTTP/1.1" 200 18505 "-" "Mozilla/5.0 (compatible; Googlebot/2.1; +http://www.google.com/bot.html)"
185.191.206.67 - - [17/Apr/2026:18:35:57 +0300] "POST /xmlrpc.php HTTP/1.1" 200 14902 "-" "Mozilla/5.0 (Windows NT 10.0; Win64; x64) AppleWebKit/537.36 (KHTML, like Gecko) Chrome/114.0.0.0 Safari/537.36"
185.216.113.70 - - [17/Apr/2026:18:36:55 +0300] "POST /wp-cron.php?doing_wp_cron=1776440215.6555728912353515625000 HTTP/1.1" 200 448 "-" "WordPress/6.3.8; https://serhatburke.miroglu.net"
185.191.206.67 - - [17/Apr/2026:18:36:27 +0300] "GET /100-ecu-provision-abzuglich-einzahlung-casino-2026-nachfolgende-besuchen-sie-diese-seite-seltenen-high-roller-boni/ HTTP/1.1" 200 77853 "-" "Mozilla/5.0 (Windows NT 10.0; rv:125.0) Gecko/20100101 Firefox/125.0"
103.219.169.179 - - [17/Apr/2026:18:37:03 +0300] "POST /xmlrpc.php HTTP/1.1" 200 630 "-" "Mozilla/5.0 (Windows NT 10.0; Win64; x64) AppleWebKit/537.36 (KHTML, like Gecko) Chrome/114.0.0.0 Safari/537.36"
185.216.113.70 - - [17/Apr/2026:18:37:38 +0300] "POST /wp-cron.php?doing_wp_cron=1776440258.4967730045318603515625 HTTP/1.1" 200 448 "-" "WordPress/6.3.8; https://serhatburke.miroglu.net"
103.219.169.179 - - [17/Apr/2026:18:37:22 +0300] "POST /xmlrpc.php HTTP/1.1" 200 14501 "-" "Mozilla/5.0 (Windows NT 10.0; Win64; x64) AppleWebKit/537.36 (KHTML, like Gecko) Chrome/114.0.0.0 Safari/537.36"
104.166.164.25 - - [17/Apr/2026:18:37:29 +0300] "POST /xmlrpc.php HTTP/1.1" 200 630 "-" "Mozilla/5.0 (Windows NT 10.0; Win64; x64) AppleWebKit/537.36 (KHTML, like Gecko) Chrome/114.0.0.0 Safari/537.36"
185.191.206.67 - - [17/Apr/2026:18:37:22 +0300] "POST /xmlrpc.php HTTP/1.1" 200 630 "-" "Mozilla/5.0 (Windows NT 10.0; Win64; x64) AppleWebKit/537.36 (KHTML, like Gecko) Chrome/114.0.0.0 Safari/537.36"
103.219.169.179 - - [17/Apr/2026:18:37:40 +0300] "GET /por-eso-deseamos-advertirles-que-resultan-algun-esparcimiento-con-banana-splash-150-resenas-de-giros-gratis-recursos-real-referente-a-la-persona-imagino-existe-una-oportunidad-sobre-dejar-conocemo/ HTTP/1.1" 200 82514 "-" "Mozilla/5.0 (Windows NT 10.0; rv:125.0) Gecko/20100101 Firefox/125.0"
185.153.197.137 - - [17/Apr/2026:18:37:48 +0300] "POST /xmlrpc.php HTTP/1.1" 500 1102 "-" "Mozilla/5.0 (Windows NT 10.0; Win64; x64) AppleWebKit/537.36 (KHTML, like Gecko) Chrome/114.0.0.0 Safari/537.36"
104.166.164.25 - - [17/Apr/2026:18:37:54 +0300] "POST /xmlrpc.php HTTP/1.1" 200 12409 "-" "Mozilla/5.0 (Windows NT 10.0; Win64; x64) AppleWebKit/537.36 (KHTML, like Gecko) Chrome/114.0.0.0 Safari/537.36"
104.166.164.25 - - [17/Apr/2026:18:38:11 +0300] "GET /greatest-funky-fresh-fruit-icons-crypto-web-based-casinos-2024-finest-fishing-frenzy-slot-cryptocurrency-incentives/ HTTP/1.1" 200 74718 "-" "Mozilla/5.0 (Windows NT 10.0; Win64; x64) AppleWebKit/537.36 (KHTML, like Gecko) Chrome/122.0.0.0 Safari/537.36"
185.216.113.70 - - [17/Apr/2026:18:39:22 +0300] "POST /wp-cron.php?doing_wp_cron=1776440362.8159561157226562500000 HTTP/1.1" 200 448 "-" "WordPress/6.3.8; https://serhatburke.miroglu.net"
103.183.17.55 - - [17/Apr/2026:18:39:10 +0300] "GET /wp-login.php HTTP/2" 200 3091 "-" "Mozilla/5.0 (Windows NT 10.0; Win64; x64) AppleWebKit/537.36 (KHTML, like Gecko) Chrome/131.0.6778.86 Safari/537.36"
103.183.17.55 - - [17/Apr/2026:18:39:23 +0300] "POST /wp-login.php HTTP/2" 302 0 "-" "Mozilla/5.0 (Windows NT 10.0; Win64; x64) AppleWebKit/537.36 (KHTML, like Gecko) Chrome/131.0.6778.86 Safari/537.36"
185.216.113.70 - - [17/Apr/2026:18:39:49 +0300] "POST /wp-cron.php?doing_wp_cron=1776440389.2353730201721191406250 HTTP/1.1" 200 448 "-" "WordPress/6.3.8; https://serhatburke.miroglu.net"
103.183.17.55 - - [17/Apr/2026:18:39:38 +0300] "GET /wp-admin/ HTTP/2" 200 214350 "-" "Mozilla/5.0 (Windows NT 10.0; Win64; x64) AppleWebKit/537.36 (KHTML, like Gecko) Chrome/131.0.6778.86 Safari/537.36"
103.183.17.55 - - [17/Apr/2026:18:39:54 +0300] "GET /wp-admin/plugin-install.php?tab=upload HTTP/2" 403 26 "-" "Mozilla/5.0 (Windows NT 10.0; Win64; x64) AppleWebKit/537.36 (KHTML, like Gecko) Chrome/131.0.6778.86 Safari/537.36"
169.224.9.128 - - [17/Apr/2026:18:40:01 +0300] "GET / HTTP/1.1" 200 19214 "-" "Mozilla/5.0 (Windows NT 10.0; Win64; x64) AppleWebKit/537.36 (KHTML, like Gecko) Chrome/120.0.0.0 Safari/537.36"
169.224.9.128 - - [17/Apr/2026:18:40:15 +0300] "POST / HTTP/1.1" 200 19214 "-" "Mozilla/5.0 (Windows NT 10.0; Win64; x64) AppleWebKit/537.36 (KHTML, like Gecko) Chrome/120.0.0.0 Safari/537.36"
169.224.9.128 - - [17/Apr/2026:18:40:29 +0300] "POST /wp-content/index.php HTTP/1.1" 200 355 "-" "Mozilla/5.0 (Windows NT 10.0; Win64; x64) AppleWebKit/537.36 (KHTML, like Gecko) Chrome/120.0.0.0 Safari/537.36"
185.216.113.70 - - [17/Apr/2026:18:40:42 +0300] "POST /wp-cron.php?doing_wp_cron=1776440442.4674630165100097656250 HTTP/1.1" 200 448 "-" "WordPress/6.3.8; https://serhatburke.miroglu.net"
169.224.9.128 - - [17/Apr/2026:18:40:29 +0300] "POST /wp-cache.php HTTP/1.1" 404 15764 "-" "Mozilla/5.0 (Windows NT 10.0; Win64; x64) AppleWebKit/537.36 (KHTML, like Gecko) Chrome/120.0.0.0 Safari/537.36"
169.224.9.128 - - [17/Apr/2026:18:40:43 +0300] "POST /wp-includes/css/wp-cache.php HTTP/1.1" 404 15646 "-" "Mozilla/5.0 (Windows NT 10.0; Win64; x64) AppleWebKit/537.36 (KHTML, like Gecko) Chrome/120.0.0.0 Safari/537.36"
83.24.127.81 - - [17/Apr/2026:18:40:45 +0300] "GET /exklusiva-upplevelser-for-hogrollerspelare-i/ HTTP/1.1" 200 20668 "-" "Screaming Frog SEO Spider/19.4"
57.128.22.95 - - [17/Apr/2026:18:40:54 +0300] "GET /zotabet-casino-bonus-premier-depot-2026/ HTTP/1.1" 200 18530 "-" "Mozilla/5.0 (compatible; Googlebot/2.1; +http://www.google.com/bot.html)"
169.224.9.128 - - [17/Apr/2026:18:41:05 +0300] "POST /wp-includes/theme-compat/wp-cache.php HTTP/1.1" 404 15660 "-" "Mozilla/5.0 (Windows NT 10.0; Win64; x64) AppleWebKit/537.36 (KHTML, like Gecko) Chrome/120.0.0.0 Safari/537.36"
104.166.164.25 - - [17/Apr/2026:18:41:13 +0300] "POST /xmlrpc.php HTTP/1.1" 200 630 "-" "Mozilla/5.0 (Windows NT 10.0; Win64; x64) AppleWebKit/537.36 (KHTML, like Gecko) Chrome/114.0.0.0 Safari/537.36"
169.224.9.128 - - [17/Apr/2026:18:41:19 +0300] "POST /wp-admin/admin-ajax.php?action=sm_ping HTTP/1.1" 400 1108 "-" "Mozilla/5.0 (Windows NT 10.0; Win64; x64) AppleWebKit/537.36 (KHTML, like Gecko) Chrome/120.0.0.0 Safari/537.36"
185.216.113.70 - - [17/Apr/2026:18:41:48 +0300] "POST /wp-cron.php?doing_wp_cron=1776440508.3194429874420166015625 HTTP/1.1" 200 448 "-" "WordPress/6.3.8; https://serhatburke.miroglu.net"
169.224.9.128 - - [17/Apr/2026:18:41:33 +0300] "POST /wp-admin/admin-ajax.php?action=hnpt_ping HTTP/1.1" 400 887 "-" "Mozilla/5.0 (Windows NT 10.0; Win64; x64) AppleWebKit/537.36 (KHTML, like Gecko) Chrome/120.0.0.0 Safari/537.36"
104.166.164.25 - - [17/Apr/2026:18:41:33 +0300] "POST /xmlrpc.php HTTP/1.1" 200 13154 "-" "Mozilla/5.0 (Windows NT 10.0; Win64; x64) AppleWebKit/537.36 (KHTML, like Gecko) Chrome/114.0.0.0 Safari/537.36"
185.216.113.70 - - [17/Apr/2026:18:41:31 +0300] "POST /wp-admin/admin-ajax.php?action=as_async_request_queue_runner&nonce=b0323bcc29 HTTP/1.1" 200 1030 "-" "WordPress/6.3.8; https://serhatburke.miroglu.net"
104.166.164.25 - - [17/Apr/2026:18:41:53 +0300] "GET /united-states-no-deposit-incentive-requirements-greatest-funky-fruits-1-deposit-2026-local-casino-also-provides/ HTTP/1.1" 200 75402 "-" "Mozilla/5.0 (Windows NT 10.0; rv:125.0) Gecko/20100101 Firefox/125.0"
216.26.229.25 - - [17/Apr/2026:18:42:04 +0300] "GET /wp-login.php HTTP/2" 200 3091 "-" "Mozilla/5.0 (Windows NT 10.0; Win64; x64; rv:127.0) Gecko/20100101 Firefox/127.0"
216.26.229.25 - - [17/Apr/2026:18:42:17 +0300] "POST /xmlrpc.php HTTP/2" 200 108 "-" "Mozilla/5.0 (Windows NT 10.0; Win64; x64; rv:127.0) Gecko/20100101 Firefox/127.0"
185.216.113.70 - - [17/Apr/2026:18:42:48 +0300] "POST /wp-cron.php?doing_wp_cron=1776440567.9737319946289062500000 HTTP/1.1" 200 448 "-" "WordPress/6.3.8; https://serhatburke.miroglu.net"
216.26.229.25 - - [17/Apr/2026:18:42:36 +0300] "POST /xmlrpc.php HTTP/2" 200 2805 "-" "Mozilla/5.0 (Windows NT 10.0; Win64; x64) AppleWebKit/537.36 (KHTML, like Gecko) Chrome/124.0.6367.207 Safari/537.36"
209.50.186.236 - - [17/Apr/2026:18:42:45 +0300] "GET /wp-login.php HTTP/2" 200 3091 "-" "Mozilla/5.0 (Windows NT 10.0; Win64; x64; rv:127.0) Gecko/20100101 Firefox/127.0"
66.249.73.15 - - [17/Apr/2026:18:43:04 +0300] "GET /no-title/ HTTP/1.1" 200 0 "https://dkqpsn.driftlogic-games.biz/" "Mozilla/5.0 (Linux; Android 6.0.1; Nexus 5X Build/MMB29P) AppleWebKit/537.36 (KHTML, like Gecko) Chrome/146.0.7680.177 Mobile Safari/537.36 (compatible; Googlebot/2.1; +http://www.google.com/bot.html)"
209.50.186.236 - - [17/Apr/2026:18:43:05 +0300] "POST /xmlrpc.php HTTP/2" 200 108 "-" "Mozilla/5.0 (Macintosh; Intel Mac OS X 13_5) AppleWebKit/605.1.15 (KHTML, like Gecko) Version/17.5 Safari/605.1.15"
185.216.113.70 - - [17/Apr/2026:18:43:43 +0300] "POST /wp-cron.php?doing_wp_cron=1776440623.5313589572906494140625 HTTP/1.1" 200 448 "-" "WordPress/6.3.8; https://serhatburke.miroglu.net"
209.50.186.236 - - [17/Apr/2026:18:43:32 +0300] "POST /xmlrpc.php HTTP/2" 200 2992 "-" "Mozilla/5.0 (Windows NT 10.0; Win64; x64) AppleWebKit/537.36 (KHTML, like Gecko) Chrome/124.0.6367.207 Safari/537.36"
185.216.113.70 - - [17/Apr/2026:18:45:19 +0300] "POST /wp-cron.php?doing_wp_cron=1776440719.3681440353393554687500 HTTP/1.1" 200 448 "-" "WordPress/6.3.8; https://serhatburke.miroglu.net"
104.166.164.25 - - [17/Apr/2026:18:45:06 +0300] "POST /xmlrpc.php HTTP/1.1" 200 630 "-" "Mozilla/5.0 (Windows NT 10.0; Win64; x64) AppleWebKit/537.36 (KHTML, like Gecko) Chrome/114.0.0.0 Safari/537.36"
103.219.169.179 - - [17/Apr/2026:18:45:05 +0300] "POST /xmlrpc.php HTTP/1.1" 200 630 "-" "Mozilla/5.0 (Windows NT 10.0; Win64; x64) AppleWebKit/537.36 (KHTML, like Gecko) Chrome/114.0.0.0 Safari/537.36"
104.166.164.25 - - [17/Apr/2026:18:45:26 +0300] "POST /xmlrpc.php HTTP/1.1" 200 12965 "-" "Mozilla/5.0 (Windows NT 10.0; Win64; x64) AppleWebKit/537.36 (KHTML, like Gecko) Chrome/114.0.0.0 Safari/537.36"
103.219.169.179 - - [17/Apr/2026:18:45:29 +0300] "POST /xmlrpc.php HTTP/1.1" 200 14662 "-" "Mozilla/5.0 (Windows NT 10.0; Win64; x64) AppleWebKit/537.36 (KHTML, like Gecko) Chrome/114.0.0.0 Safari/537.36"
185.216.113.70 - - [17/Apr/2026:18:45:54 +0300] "POST /wp-cron.php?doing_wp_cron=1776440754.3229799270629882812500 HTTP/1.1" 200 448 "-" "WordPress/6.3.8; https://serhatburke.miroglu.net"
104.166.164.25 - - [17/Apr/2026:18:45:42 +0300] "GET /fifty-dragons-casino-slot-games-advice-laws-of-your-own-online-game-and-the-casino-pocketwin-casino-ways-to-enjoy/ HTTP/1.1" 200 75190 "-" "Mozilla/5.0 (Windows NT 10.0; Win64; x64) AppleWebKit/537.36 (KHTML, like Gecko) Chrome/123.0.0.0 Safari/537.36"
103.219.169.179 - - [17/Apr/2026:18:45:45 +0300] "GET /slots-online-regalado-soluciona-en-mayormente-lista-de-juegos-spielo-de-treinta-000-tragaperras-regalado/ HTTP/1.1" 200 77043 "-" "Mozilla/5.0 (Windows NT 10.0; Win64; x64) AppleWebKit/537.36 (KHTML, like Gecko) Chrome/124.0.0.0 Safari/537.36 Edg/124.0.0.0"
185.216.113.70 - - [17/Apr/2026:18:48:57 +0300] "POST /wp-cron.php?doing_wp_cron=1776440937.6746630668640136718750 HTTP/1.1" 200 448 "-" "WordPress/6.3.8; https://serhatburke.miroglu.net"
104.166.164.25 - - [17/Apr/2026:18:48:44 +0300] "POST /xmlrpc.php HTTP/1.1" 200 630 "-" "Mozilla/5.0 (Windows NT 10.0; Win64; x64) AppleWebKit/537.36 (KHTML, like Gecko) Chrome/114.0.0.0 Safari/537.36"
103.219.169.179 - - [17/Apr/2026:18:48:51 +0300] "POST /xmlrpc.php HTTP/1.1" 200 630 "-" "Mozilla/5.0 (Windows NT 10.0; Win64; x64) AppleWebKit/537.36 (KHTML, like Gecko) Chrome/114.0.0.0 Safari/537.36"
104.166.164.25 - - [17/Apr/2026:18:49:04 +0300] "POST /xmlrpc.php HTTP/1.1" 200 12312 "-" "Mozilla/5.0 (Windows NT 10.0; Win64; x64) AppleWebKit/537.36 (KHTML, like Gecko) Chrome/114.0.0.0 Safari/537.36"
103.219.169.179 - - [17/Apr/2026:18:49:10 +0300] "POST /xmlrpc.php HTTP/1.1" 200 16732 "-" "Mozilla/5.0 (Windows NT 10.0; Win64; x64) AppleWebKit/537.36 (KHTML, like Gecko) Chrome/114.0.0.0 Safari/537.36"
216.26.255.16 - - [17/Apr/2026:18:49:06 +0300] "GET /zotabet-casino-bonus-premier-depot-2026/ HTTP/1.1" 200 18530 "-" "Mozilla/5.0 (compatible; Googlebot/2.1; +http://www.google.com/bot.html)"
104.166.164.25 - - [17/Apr/2026:18:49:30 +0300] "GET /casino-games-to-obtain-reel-rush-1-deposit-for-free/ HTTP/1.1" 200 73140 "-" "Mozilla/5.0 (Windows NT 10.0; Win64; x64) AppleWebKit/537.36 (KHTML, like Gecko) Chrome/124.0.0.0 Safari/537.36 Edg/124.0.0.0"
185.216.113.70 - - [17/Apr/2026:18:49:47 +0300] "POST /wp-cron.php?doing_wp_cron=1776440987.5403320789337158203125 HTTP/1.1" 200 448 "-" "WordPress/6.3.8; https://serhatburke.miroglu.net"
103.219.169.179 - - [17/Apr/2026:18:49:35 +0300] "GET /nuestro-residencia-para-rocky-juego-de-casino-los-juegos-de-casino-en-internet-sobre-chile/ HTTP/1.1" 200 78633 "-" "Mozilla/5.0 (Windows NT 10.0; rv:125.0) Gecko/20100101 Firefox/125.0"
185.216.113.70 - - [17/Apr/2026:18:51:34 +0300] "POST /wp-cron.php?doing_wp_cron=1776441094.6209061145782470703125 HTTP/1.1" 200 448 "-" "WordPress/6.3.8; https://serhatburke.miroglu.net"
47.128.51.126 - - [17/Apr/2026:18:51:19 +0300] "GET /video-game-inside-the-louisville-ky-derby-urban-area-playing/ HTTP/2" 200 19328 "-" "Mozilla/5.0 (Linux; Android 5.0) AppleWebKit/537.36 (KHTML, like Gecko) Mobile Safari/537.36 (compatible; Bytespider; spider-feedback@bytedance.com)"
47.128.51.126 - - [17/Apr/2026:18:51:37 +0300] "GET /wp-content/plugins/contact-form-7/includes/css/styles.css?ver=5.8 HTTP/2" 200 878 "https://serhatburke.miroglu.net/video-game-inside-the-louisville-ky-derby-urban-area-playing/" "Mozilla/5.0 (Linux; Android 5.0) AppleWebKit/537.36 (KHTML, like Gecko) Mobile Safari/537.36 (compatible; Bytespider; spider-feedback@bytedance.com)"
47.128.51.126 - - [17/Apr/2026:18:51:37 +0300] "GET /wp-includes/css/dist/block-library/style.min.css?ver=6.3.8 HTTP/2" 200 12962 "https://serhatburke.miroglu.net/video-game-inside-the-louisville-ky-derby-urban-area-playing/" "Mozilla/5.0 (Linux; Android 5.0) AppleWebKit/537.36 (KHTML, like Gecko) Mobile Safari/537.36 (compatible; Bytespider; spider-feedback@bytedance.com)"
47.128.51.126 - - [17/Apr/2026:18:51:37 +0300] "GET /wp-content/themes/toppic/css/fontello.css?ver=4.2 HTTP/2" 200 1188 "https://serhatburke.miroglu.net/video-game-inside-the-louisville-ky-derby-urban-area-playing/" "Mozilla/5.0 (Linux; Android 5.0) AppleWebKit/537.36 (KHTML, like Gecko) Mobile Safari/537.36 (compatible; Bytespider; spider-feedback@bytedance.com)"
47.128.51.126 - - [17/Apr/2026:18:51:37 +0300] "GET /wp-content/themes/toppic/css/default.css?ver=4.2 HTTP/2" 200 1198 "https://serhatburke.miroglu.net/video-game-inside-the-louisville-ky-derby-urban-area-playing/" "Mozilla/5.0 (Linux; Android 5.0) AppleWebKit/537.36 (KHTML, like Gecko) Mobile Safari/537.36 (compatible; Bytespider; spider-feedback@bytedance.com)"
