102.221.34.103 - - [17/Apr/2026:12:35:38 +0300] "POST /xmlrpc.php HTTP/1.1" 200 630 "-" "Mozilla/5.0 (Windows NT 10.0; Win64; x64) AppleWebKit/537.36 (KHTML, like Gecko) Chrome/114.0.0.0 Safari/537.36"
104.166.164.25 - - [17/Apr/2026:12:35:47 +0300] "POST /xmlrpc.php HTTP/1.1" 200 630 "-" "Mozilla/5.0 (Windows NT 10.0; Win64; x64) AppleWebKit/537.36 (KHTML, like Gecko) Chrome/114.0.0.0 Safari/537.36"
102.221.34.103 - - [17/Apr/2026:12:35:58 +0300] "POST /xmlrpc.php HTTP/1.1" 200 13338 "-" "Mozilla/5.0 (Windows NT 10.0; Win64; x64) AppleWebKit/537.36 (KHTML, like Gecko) Chrome/114.0.0.0 Safari/537.36"
104.166.164.25 - - [17/Apr/2026:12:36:12 +0300] "POST /xmlrpc.php HTTP/1.1" 200 12632 "-" "Mozilla/5.0 (Windows NT 10.0; Win64; x64) AppleWebKit/537.36 (KHTML, like Gecko) Chrome/114.0.0.0 Safari/537.36"
102.221.34.103 - - [17/Apr/2026:12:36:15 +0300] "GET /eleven-articles-product-sales-trend-to-own-2026-no-its-not-only-free-coins-for-wizard-of-oz-about-ai/ HTTP/1.1" 200 75304 "-" "Mozilla/5.0 (Windows NT 10.0; rv:125.0) Gecko/20100101 Firefox/125.0"
185.216.113.70 - - [17/Apr/2026:12:36:42 +0300] "POST /wp-cron.php?doing_wp_cron=1776418602.0053260326385498046875 HTTP/1.1" 200 448 "-" "WordPress/6.3.8; https://serhatburke.miroglu.net"
165.73.240.122 - - [17/Apr/2026:12:36:26 +0300] "POST /xmlrpc.php HTTP/1.1" 200 630 "-" "Mozilla/5.0 (Windows NT 10.0; Win64; x64) AppleWebKit/537.36 (KHTML, like Gecko) Chrome/114.0.0.0 Safari/537.36"
104.166.164.25 - - [17/Apr/2026:12:36:27 +0300] "GET /united-states-no-deposit-mystical-unicorn-online-slot-incentive-requirements-better-2026-gambling-establishment-offers/ HTTP/1.1" 200 75024 "-" "Mozilla/5.0 (Windows NT 10.0; Win64; x64) AppleWebKit/537.36 (KHTML, like Gecko) Chrome/109.0.0.0 Safari/537.36"
102.221.34.103 - - [17/Apr/2026:12:36:31 +0300] "POST /xmlrpc.php HTTP/1.1" 200 630 "-" "Mozilla/5.0 (Windows NT 10.0; Win64; x64) AppleWebKit/537.36 (KHTML, like Gecko) Chrome/114.0.0.0 Safari/537.36"
165.73.240.122 - - [17/Apr/2026:12:36:48 +0300] "POST /xmlrpc.php HTTP/1.1" 200 15023 "-" "Mozilla/5.0 (Windows NT 10.0; Win64; x64) AppleWebKit/537.36 (KHTML, like Gecko) Chrome/114.0.0.0 Safari/537.36"
102.221.34.103 - - [17/Apr/2026:12:36:56 +0300] "POST /xmlrpc.php HTTP/1.1" 200 12443 "-" "Mozilla/5.0 (Windows NT 10.0; Win64; x64) AppleWebKit/537.36 (KHTML, like Gecko) Chrome/114.0.0.0 Safari/537.36"
165.73.240.122 - - [17/Apr/2026:12:37:04 +0300] "GET /kostenlose-spins-krypto-casinos-slot-spiele-break-da-bank-2026-keine-einzahlungs-spins-in-bitcoin-slots/ HTTP/1.1" 200 77570 "-" "Mozilla/5.0 (Windows NT 10.0; Win64; x64) AppleWebKit/537.36 (KHTML, like Gecko) Chrome/123.0.0.0 Safari/537.36"
102.221.34.103 - - [17/Apr/2026:12:37:10 +0300] "GET /finest-gambling-break-away-slot-enterprises-with-50-no-deposit-free-spins-2026/ HTTP/1.1" 200 73735 "-" "Mozilla/5.0 (Windows NT 10.0; Win64; x64) AppleWebKit/537.36 (KHTML, like Gecko) Chrome/124.0.0.0 Safari/537.36 Edg/124.0.0.0"
102.221.34.103 - - [17/Apr/2026:12:37:25 +0300] "POST /xmlrpc.php HTTP/1.1" 200 630 "-" "Mozilla/5.0 (Windows NT 10.0; Win64; x64) AppleWebKit/537.36 (KHTML, like Gecko) Chrome/114.0.0.0 Safari/537.36"
185.216.113.70 - - [17/Apr/2026:12:37:57 +0300] "POST /wp-cron.php?doing_wp_cron=1776418676.9654219150543212890625 HTTP/1.1" 200 448 "-" "WordPress/6.3.8; https://serhatburke.miroglu.net"
102.221.34.103 - - [17/Apr/2026:12:37:43 +0300] "POST /xmlrpc.php HTTP/1.1" 200 12668 "-" "Mozilla/5.0 (Windows NT 10.0; Win64; x64) AppleWebKit/537.36 (KHTML, like Gecko) Chrome/114.0.0.0 Safari/537.36"
102.221.34.103 - - [17/Apr/2026:12:37:58 +0300] "GET /5-greatest-bitcoin-pokies-around-casino-all-fruits-hd-australia/ HTTP/1.1" 200 73782 "-" "Mozilla/5.0 (Windows NT 10.0; rv:125.0) Gecko/20100101 Firefox/125.0"
102.221.34.103 - - [17/Apr/2026:12:38:21 +0300] "POST /xmlrpc.php HTTP/1.1" 200 630 "-" "Mozilla/5.0 (Windows NT 10.0; Win64; x64) AppleWebKit/537.36 (KHTML, like Gecko) Chrome/114.0.0.0 Safari/537.36"
185.216.113.70 - - [17/Apr/2026:12:38:58 +0300] "POST /wp-cron.php?doing_wp_cron=1776418738.5766971111297607421875 HTTP/1.1" 200 448 "-" "WordPress/6.3.8; https://serhatburke.miroglu.net"
102.221.34.103 - - [17/Apr/2026:12:38:41 +0300] "POST /xmlrpc.php HTTP/1.1" 200 12563 "-" "Mozilla/5.0 (Windows NT 10.0; Win64; x64) AppleWebKit/537.36 (KHTML, like Gecko) Chrome/114.0.0.0 Safari/537.36"
103.219.169.214 - - [17/Apr/2026:12:38:41 +0300] "POST /xmlrpc.php HTTP/1.1" 200 630 "-" "Mozilla/5.0 (Windows NT 10.0; Win64; x64) AppleWebKit/537.36 (KHTML, like Gecko) Chrome/114.0.0.0 Safari/537.36"
104.166.164.25 - - [17/Apr/2026:12:38:43 +0300] "POST /xmlrpc.php HTTP/1.1" 200 630 "-" "Mozilla/5.0 (Windows NT 10.0; Win64; x64) AppleWebKit/537.36 (KHTML, like Gecko) Chrome/114.0.0.0 Safari/537.36"
102.221.34.103 - - [17/Apr/2026:12:38:59 +0300] "GET /hazard-high-voltage-position-as-much-as-850-baccarat-pro-series-low-limit-online-added-bonus/ HTTP/1.1" 200 74146 "-" "Mozilla/5.0 (Windows NT 10.0; Win64; x64; rv:125.0) Gecko/20100101 Firefox/125.0"
103.219.169.214 - - [17/Apr/2026:12:39:05 +0300] "POST /xmlrpc.php HTTP/1.1" 200 15601 "-" "Mozilla/5.0 (Windows NT 10.0; Win64; x64) AppleWebKit/537.36 (KHTML, like Gecko) Chrome/114.0.0.0 Safari/537.36"
104.166.164.25 - - [17/Apr/2026:12:39:07 +0300] "POST /xmlrpc.php HTTP/1.1" 200 12548 "-" "Mozilla/5.0 (Windows NT 10.0; Win64; x64) AppleWebKit/537.36 (KHTML, like Gecko) Chrome/114.0.0.0 Safari/537.36"
102.221.34.103 - - [17/Apr/2026:12:39:15 +0300] "POST /xmlrpc.php HTTP/1.1" 200 630 "-" "Mozilla/5.0 (Windows NT 10.0; Win64; x64) AppleWebKit/537.36 (KHTML, like Gecko) Chrome/114.0.0.0 Safari/537.36"
185.216.113.70 - - [17/Apr/2026:12:39:48 +0300] "POST /wp-cron.php?doing_wp_cron=1776418788.0059950351715087890625 HTTP/1.1" 200 448 "-" "WordPress/6.3.8; https://serhatburke.miroglu.net"
103.219.169.214 - - [17/Apr/2026:12:39:32 +0300] "GET /spinata-enorme-hace-el-trabajo-a-book-of-dead-giros-sin-ranura-la-conveniente-animacion-mexicana/ HTTP/1.1" 200 77697 "-" "Mozilla/5.0 (Windows NT 10.0; rv:125.0) Gecko/20100101 Firefox/125.0"
104.166.164.25 - - [17/Apr/2026:12:39:34 +0300] "GET /ten-greatest-bitcoin-tres-amigos-online-slot-gambling-enterprises-playing-internet-sites-in-the-us-to-have-2026/ HTTP/1.1" 200 74831 "-" "Mozilla/5.0 (Windows NT 10.0; Win64; x64; rv:125.0) Gecko/20100101 Firefox/125.0"
102.221.34.103 - - [17/Apr/2026:12:39:43 +0300] "POST /xmlrpc.php HTTP/1.1" 200 13422 "-" "Mozilla/5.0 (Windows NT 10.0; Win64; x64) AppleWebKit/537.36 (KHTML, like Gecko) Chrome/114.0.0.0 Safari/537.36"
102.221.34.103 - - [17/Apr/2026:12:39:59 +0300] "GET /focus-fairy-tale-game-out-of-horus-casino-threat-high-current-goal-status-remark-incentive-and-you-can-jackpots-2026/ HTTP/1.1" 200 75974 "-" "Mozilla/5.0 (Windows NT 10.0; Win64; x64) AppleWebKit/537.36 (KHTML, like Gecko) Chrome/124.0.0.0 Safari/537.36 Edg/124.0.0.0"
66.249.73.15 - - [17/Apr/2026:12:40:10 +0300] "GET /betonred-casino-apostas-mais-menos-e-a-experiencia-para-jogadores-em-portugal/ HTTP/1.1" 200 0 "https://korput.driftlogic-games.biz/" "Mozilla/5.0 (Linux; Android 6.0.1; Nexus 5X Build/MMB29P) AppleWebKit/537.36 (KHTML, like Gecko) Chrome/146.0.7680.177 Mobile Safari/537.36 (compatible; Googlebot/2.1; +http://www.google.com/bot.html)"
102.221.34.103 - - [17/Apr/2026:12:40:06 +0300] "POST /xmlrpc.php HTTP/1.1" 200 630 "-" "Mozilla/5.0 (Windows NT 10.0; Win64; x64) AppleWebKit/537.36 (KHTML, like Gecko) Chrome/114.0.0.0 Safari/537.36"
66.249.73.15 - - [17/Apr/2026:12:40:10 +0300] "GET /robots.txt HTTP/1.1" 200 719 "-" "Mozilla/5.0 (compatible; Googlebot/2.1; +http://www.google.com/bot.html)"
185.216.113.70 - - [17/Apr/2026:12:40:44 +0300] "POST /wp-cron.php?doing_wp_cron=1776418844.3628129959106445312500 HTTP/1.1" 200 448 "-" "WordPress/6.3.8; https://serhatburke.miroglu.net"
102.221.34.103 - - [17/Apr/2026:12:40:31 +0300] "POST /xmlrpc.php HTTP/1.1" 200 12894 "-" "Mozilla/5.0 (Windows NT 10.0; Win64; x64) AppleWebKit/537.36 (KHTML, like Gecko) Chrome/114.0.0.0 Safari/537.36"
102.221.34.103 - - [17/Apr/2026:12:40:45 +0300] "GET /hazard-high-voltage-option-harbors-slot-hitman-within-the-2026/ HTTP/1.1" 200 73844 "-" "Mozilla/5.0 (Windows NT 10.0; rv:125.0) Gecko/20100101 Firefox/125.0"
102.221.34.103 - - [17/Apr/2026:12:40:59 +0300] "POST /xmlrpc.php HTTP/1.1" 200 630 "-" "Mozilla/5.0 (Windows NT 10.0; Win64; x64) AppleWebKit/537.36 (KHTML, like Gecko) Chrome/114.0.0.0 Safari/537.36"
185.216.113.70 - - [17/Apr/2026:12:41:34 +0300] "POST /wp-cron.php?doing_wp_cron=1776418894.2757821083068847656250 HTTP/1.1" 200 448 "-" "WordPress/6.3.8; https://serhatburke.miroglu.net"
102.221.34.103 - - [17/Apr/2026:12:41:20 +0300] "POST /xmlrpc.php HTTP/1.1" 200 13876 "-" "Mozilla/5.0 (Windows NT 10.0; Win64; x64) AppleWebKit/537.36 (KHTML, like Gecko) Chrome/114.0.0.0 Safari/537.36"
104.166.164.25 - - [17/Apr/2026:12:41:36 +0300] "POST /xmlrpc.php HTTP/1.1" 200 630 "-" "Mozilla/5.0 (Windows NT 10.0; Win64; x64) AppleWebKit/537.36 (KHTML, like Gecko) Chrome/114.0.0.0 Safari/537.36"
102.221.34.103 - - [17/Apr/2026:12:41:35 +0300] "GET /da-vinci-expensive-diamonds-dual-enjoy-harbors-play-slot-machine-lucky-dragon-online-casino-games-on-the-web/ HTTP/1.1" 200 76046 "-" "Mozilla/5.0 (Windows NT 10.0; Win64; x64) AppleWebKit/537.36 (KHTML, like Gecko) Chrome/122.0.0.0 Safari/537.36"
102.221.34.103 - - [17/Apr/2026:12:41:51 +0300] "POST /xmlrpc.php HTTP/1.1" 200 630 "-" "Mozilla/5.0 (Windows NT 10.0; Win64; x64) AppleWebKit/537.36 (KHTML, like Gecko) Chrome/114.0.0.0 Safari/537.36"
40.77.167.46 - - [17/Apr/2026:12:41:50 +0300] "GET /sitemap.xml HTTP/2" 200 1049 "-" "Mozilla/5.0 AppleWebKit/537.36 (KHTML, like Gecko; compatible; bingbot/2.0; +http://www.bing.com/bingbot.htm) Chrome/116.0.1938.76 Safari/537.36"
104.166.164.25 - - [17/Apr/2026:12:42:03 +0300] "POST /xmlrpc.php HTTP/1.1" 200 12925 "-" "Mozilla/5.0 (Windows NT 10.0; Win64; x64) AppleWebKit/537.36 (KHTML, like Gecko) Chrome/114.0.0.0 Safari/537.36"
102.221.34.103 - - [17/Apr/2026:12:42:13 +0300] "POST /xmlrpc.php HTTP/1.1" 200 13318 "-" "Mozilla/5.0 (Windows NT 10.0; Win64; x64) AppleWebKit/537.36 (KHTML, like Gecko) Chrome/114.0.0.0 Safari/537.36"
165.73.240.122 - - [17/Apr/2026:12:42:15 +0300] "POST /xmlrpc.php HTTP/1.1" 200 630 "-" "Mozilla/5.0 (Windows NT 10.0; Win64; x64) AppleWebKit/537.36 (KHTML, like Gecko) Chrome/114.0.0.0 Safari/537.36"
104.166.164.25 - - [17/Apr/2026:12:42:19 +0300] "GET /real-time-agent-online-koi-princess-slot-casino-games/ HTTP/1.1" 200 73774 "-" "Mozilla/5.0 (Windows NT 10.0; Win64; x64) AppleWebKit/537.36 (KHTML, like Gecko) Chrome/122.0.0.0 Safari/537.36"
185.216.113.70 - - [17/Apr/2026:12:42:46 +0300] "POST /wp-cron.php?doing_wp_cron=1776418966.6768679618835449218750 HTTP/1.1" 200 448 "-" "WordPress/6.3.8; https://serhatburke.miroglu.net"
102.221.34.103 - - [17/Apr/2026:12:42:32 +0300] "GET /da-vinci-columbus-treasure-casino-diamonds-slot-100-percent-free-casino-slot-games-to-experience-on-the-web-by-the-igt/ HTTP/1.1" 200 75714 "-" "Mozilla/5.0 (Windows NT 10.0; Win64; x64) AppleWebKit/537.36 (KHTML, like Gecko) Chrome/109.0.0.0 Safari/537.36"
165.73.240.122 - - [17/Apr/2026:12:42:40 +0300] "POST /xmlrpc.php HTTP/1.1" 200 12703 "-" "Mozilla/5.0 (Windows NT 10.0; Win64; x64) AppleWebKit/537.36 (KHTML, like Gecko) Chrome/114.0.0.0 Safari/537.36"
102.221.34.103 - - [17/Apr/2026:12:42:42 +0300] "POST /xmlrpc.php HTTP/1.1" 200 630 "-" "Mozilla/5.0 (Windows NT 10.0; Win64; x64) AppleWebKit/537.36 (KHTML, like Gecko) Chrome/114.0.0.0 Safari/537.36"
165.73.240.122 - - [17/Apr/2026:12:43:00 +0300] "GET /erreichbar-casinos-die-iron-man-2-slot-maschine-blos-registrierung-schnelle-registration/ HTTP/1.1" 200 74889 "-" "Mozilla/5.0 (Windows NT 10.0; Win64; x64; rv:125.0) Gecko/20100101 Firefox/125.0"
102.221.34.103 - - [17/Apr/2026:12:43:08 +0300] "POST /xmlrpc.php HTTP/1.1" 200 13197 "-" "Mozilla/5.0 (Windows NT 10.0; Win64; x64) AppleWebKit/537.36 (KHTML, like Gecko) Chrome/114.0.0.0 Safari/537.36"
102.221.34.103 - - [17/Apr/2026:12:43:22 +0300] "GET /da-vinci-diamonds-free-harbors-enjoy-online-slot-dreams-of-fortune-slot-machine-games/ HTTP/1.1" 200 74853 "-" "Mozilla/5.0 (Windows NT 10.0; Win64; x64) AppleWebKit/537.36 (KHTML, like Gecko) Chrome/122.0.0.0 Safari/537.36"
185.216.113.70 - - [17/Apr/2026:12:43:45 +0300] "POST /wp-cron.php?doing_wp_cron=1776419025.5988519191741943359375 HTTP/1.1" 200 448 "-" "WordPress/6.3.8; https://serhatburke.miroglu.net"
102.221.34.103 - - [17/Apr/2026:12:43:33 +0300] "POST /xmlrpc.php HTTP/1.1" 200 630 "-" "Mozilla/5.0 (Windows NT 10.0; Win64; x64) AppleWebKit/537.36 (KHTML, like Gecko) Chrome/114.0.0.0 Safari/537.36"
66.249.73.14 - - [17/Apr/2026:12:43:42 +0300] "GET /osnovy-azartnyh-igr-chto-nuzhno-znat-novichku/ HTTP/1.1" 200 19331 "-" "Mozilla/5.0 (Linux; Android 6.0.1; Nexus 5X Build/MMB29P) AppleWebKit/537.36 (KHTML, like Gecko) Chrome/146.0.7680.177 Mobile Safari/537.36 (compatible; Googlebot/2.1; +http://www.google.com/bot.html)"
102.221.34.103 - - [17/Apr/2026:12:43:52 +0300] "POST /xmlrpc.php HTTP/1.1" 200 13144 "-" "Mozilla/5.0 (Windows NT 10.0; Win64; x64) AppleWebKit/537.36 (KHTML, like Gecko) Chrome/114.0.0.0 Safari/537.36"
102.221.34.103 - - [17/Apr/2026:12:44:08 +0300] "GET /da-best-online-baccarat-777-uk-vinci-diamonds-megajackpots-position-comment-play-today/ HTTP/1.1" 200 74991 "-" "Mozilla/5.0 (Windows NT 10.0; Win64; x64) AppleWebKit/537.36 (KHTML, like Gecko) Chrome/124.0.0.0 Safari/537.36"
104.166.164.25 - - [17/Apr/2026:12:44:26 +0300] "POST /xmlrpc.php HTTP/1.1" 200 630 "-" "Mozilla/5.0 (Windows NT 10.0; Win64; x64) AppleWebKit/537.36 (KHTML, like Gecko) Chrome/114.0.0.0 Safari/537.36"
102.221.34.103 - - [17/Apr/2026:12:44:27 +0300] "POST /xmlrpc.php HTTP/1.1" 200 630 "-" "Mozilla/5.0 (Windows NT 10.0; Win64; x64) AppleWebKit/537.36 (KHTML, like Gecko) Chrome/114.0.0.0 Safari/537.36"
185.216.113.70 - - [17/Apr/2026:12:44:58 +0300] "POST /wp-cron.php?doing_wp_cron=1776419098.8091011047363281250000 HTTP/1.1" 200 448 "-" "WordPress/6.3.8; https://serhatburke.miroglu.net"
185.191.171.2 - - [17/Apr/2026:12:44:42 +0300] "GET /100-percent-free-r50-register-lucky-tree-slot-machine-extra-now-offers/ HTTP/1.1" 200 21485 "-" "Mozilla/5.0 (compatible; SemrushBot/7~bl; +http://www.semrush.com/bot.html)"
104.166.164.25 - - [17/Apr/2026:12:44:44 +0300] "POST /xmlrpc.php HTTP/1.1" 200 12671 "-" "Mozilla/5.0 (Windows NT 10.0; Win64; x64) AppleWebKit/537.36 (KHTML, like Gecko) Chrome/114.0.0.0 Safari/537.36"
102.221.34.103 - - [17/Apr/2026:12:44:45 +0300] "POST /xmlrpc.php HTTP/1.1" 200 13071 "-" "Mozilla/5.0 (Windows NT 10.0; Win64; x64) AppleWebKit/537.36 (KHTML, like Gecko) Chrome/114.0.0.0 Safari/537.36"
104.166.164.25 - - [17/Apr/2026:12:45:05 +0300] "GET /no-deposit-incentives-2026-crown-of-egypt-slot-free-spins-greatest-100-percent-free-gambling-enterprise-incentives/ HTTP/1.1" 200 74709 "-" "Mozilla/5.0 (Windows NT 10.0; rv:109.0) Gecko/20100101 Firefox/115.0"
102.221.34.103 - - [17/Apr/2026:12:45:06 +0300] "GET /multiple-double-davinci-expensive-diamonds-5-knights-slot-100-percent-free-slot-play-demo-rtp-97-10percent/ HTTP/1.1" 200 75133 "-" "Mozilla/5.0 (Windows NT 10.0; Win64; x64; rv:125.0) Gecko/20100101 Firefox/125.0"
102.221.34.103 - - [17/Apr/2026:12:45:14 +0300] "POST /xmlrpc.php HTTP/1.1" 200 630 "-" "Mozilla/5.0 (Windows NT 10.0; Win64; x64) AppleWebKit/537.36 (KHTML, like Gecko) Chrome/114.0.0.0 Safari/537.36"
185.216.113.70 - - [17/Apr/2026:12:45:51 +0300] "POST /wp-cron.php?doing_wp_cron=1776419151.4920089244842529296875 HTTP/1.1" 200 448 "-" "WordPress/6.3.8; https://serhatburke.miroglu.net"
102.221.34.103 - - [17/Apr/2026:12:45:38 +0300] "POST /xmlrpc.php HTTP/1.1" 200 13321 "-" "Mozilla/5.0 (Windows NT 10.0; Win64; x64) AppleWebKit/537.36 (KHTML, like Gecko) Chrome/114.0.0.0 Safari/537.36"
102.221.34.103 - - [17/Apr/2026:12:45:52 +0300] "GET /beta138-puzzle-games-black-hawk-slot-online-casino-interaktif-resmi-dengan-artwork-menarik-dan-alur-stabil/ HTTP/1.1" 200 75584 "-" "Mozilla/5.0 (Windows NT 10.0; rv:109.0) Gecko/20100101 Firefox/115.0"
102.221.34.103 - - [17/Apr/2026:12:46:05 +0300] "POST /xmlrpc.php HTTP/1.1" 200 630 "-" "Mozilla/5.0 (Windows NT 10.0; Win64; x64) AppleWebKit/537.36 (KHTML, like Gecko) Chrome/114.0.0.0 Safari/537.36"
185.216.113.70 - - [17/Apr/2026:12:46:38 +0300] "POST /wp-cron.php?doing_wp_cron=1776419198.0571739673614501953125 HTTP/1.1" 200 448 "-" "WordPress/6.3.8; https://serhatburke.miroglu.net"
102.221.34.103 - - [17/Apr/2026:12:46:25 +0300] "POST /xmlrpc.php HTTP/1.1" 200 12665 "-" "Mozilla/5.0 (Windows NT 10.0; Win64; x64) AppleWebKit/537.36 (KHTML, like Gecko) Chrome/114.0.0.0 Safari/537.36"
102.221.34.103 - - [17/Apr/2026:12:46:39 +0300] "GET /lifeless-or-live-demonstration-play-100-percent-free-ports-from-the-no-deposit-bonus-alice-and-the-red-queen-great-com/ HTTP/1.1" 200 74920 "-" "Mozilla/5.0 (Windows NT 10.0; rv:109.0) Gecko/20100101 Firefox/115.0"
102.221.34.103 - - [17/Apr/2026:12:46:56 +0300] "POST /xmlrpc.php HTTP/1.1" 200 630 "-" "Mozilla/5.0 (Windows NT 10.0; Win64; x64) AppleWebKit/537.36 (KHTML, like Gecko) Chrome/114.0.0.0 Safari/537.36"
185.216.113.70 - - [17/Apr/2026:12:47:29 +0300] "POST /wp-cron.php?doing_wp_cron=1776419249.8050301074981689453125 HTTP/1.1" 200 448 "-" "WordPress/6.3.8; https://serhatburke.miroglu.net"
102.221.34.103 - - [17/Apr/2026:12:47:15 +0300] "POST /xmlrpc.php HTTP/1.1" 200 13033 "-" "Mozilla/5.0 (Windows NT 10.0; Win64; x64) AppleWebKit/537.36 (KHTML, like Gecko) Chrome/114.0.0.0 Safari/537.36"
104.166.164.25 - - [17/Apr/2026:12:47:16 +0300] "POST /xmlrpc.php HTTP/1.1" 200 630 "-" "Mozilla/5.0 (Windows NT 10.0; Win64; x64) AppleWebKit/537.36 (KHTML, like Gecko) Chrome/114.0.0.0 Safari/537.36"
102.221.34.103 - - [17/Apr/2026:12:47:31 +0300] "GET /step-3-specialist-methods-for-unlocking-getaway-lemur-does-vegas-casino-loyalty-perks-at-the-wonders-reels-casino/ HTTP/1.1" 200 75206 "-" "Mozilla/5.0 (Windows NT 10.0; rv:125.0) Gecko/20100101 Firefox/125.0"
104.166.164.25 - - [17/Apr/2026:12:47:36 +0300] "POST /xmlrpc.php HTTP/1.1" 200 12391 "-" "Mozilla/5.0 (Windows NT 10.0; Win64; x64) AppleWebKit/537.36 (KHTML, like Gecko) Chrome/114.0.0.0 Safari/537.36"
165.73.240.122 - - [17/Apr/2026:12:47:38 +0300] "POST /xmlrpc.php HTTP/1.1" 200 630 "-" "Mozilla/5.0 (Windows NT 10.0; Win64; x64) AppleWebKit/537.36 (KHTML, like Gecko) Chrome/114.0.0.0 Safari/537.36"
102.221.34.103 - - [17/Apr/2026:12:47:46 +0300] "POST /xmlrpc.php HTTP/1.1" 200 630 "-" "Mozilla/5.0 (Windows NT 10.0; Win64; x64) AppleWebKit/537.36 (KHTML, like Gecko) Chrome/114.0.0.0 Safari/537.36"
103.219.169.214 - - [17/Apr/2026:12:47:57 +0300] "POST /xmlrpc.php HTTP/1.1" 200 630 "-" "Mozilla/5.0 (Windows NT 10.0; Win64; x64) AppleWebKit/537.36 (KHTML, like Gecko) Chrome/114.0.0.0 Safari/537.36"
104.166.164.25 - - [17/Apr/2026:12:47:59 +0300] "GET /punctual-secure-account-irish-eyes-casino-availability/ HTTP/1.1" 200 73429 "-" "Mozilla/5.0 (Windows NT 10.0; Win64; x64) AppleWebKit/537.36 (KHTML, like Gecko) Chrome/124.0.0.0 Safari/537.36"
165.73.240.122 - - [17/Apr/2026:12:48:06 +0300] "POST /xmlrpc.php HTTP/1.1" 200 14253 "-" "Mozilla/5.0 (Windows NT 10.0; Win64; x64) AppleWebKit/537.36 (KHTML, like Gecko) Chrome/114.0.0.0 Safari/537.36"
102.221.34.103 - - [17/Apr/2026:12:48:12 +0300] "POST /xmlrpc.php HTTP/1.1" 200 13469 "-" "Mozilla/5.0 (Windows NT 10.0; Win64; x64) AppleWebKit/537.36 (KHTML, like Gecko) Chrome/114.0.0.0 Safari/537.36"
185.216.113.70 - - [17/Apr/2026:12:48:44 +0300] "POST /wp-cron.php?doing_wp_cron=1776419324.7944040298461914062500 HTTP/1.1" 200 448 "-" "WordPress/6.3.8; https://serhatburke.miroglu.net"
103.219.169.214 - - [17/Apr/2026:12:48:24 +0300] "POST /xmlrpc.php HTTP/1.1" 200 16031 "-" "Mozilla/5.0 (Windows NT 10.0; Win64; x64) AppleWebKit/537.36 (KHTML, like Gecko) Chrome/114.0.0.0 Safari/537.36"
185.216.113.70 - - [17/Apr/2026:12:48:48 +0300] "POST /wp-cron.php?doing_wp_cron=1776419327.9793810844421386718750 HTTP/1.1" 200 448 "-" "WordPress/6.3.8; https://serhatburke.miroglu.net"
165.73.240.122 - - [17/Apr/2026:12:48:26 +0300] "GET /die-besten-king-of-cards-slot-free-spins-poker-seiten-2026/ HTTP/1.1" 200 75899 "-" "Mozilla/5.0 (Windows NT 10.0; Win64; x64) AppleWebKit/537.36 (KHTML, like Gecko) Chrome/123.0.0.0 Safari/537.36"
185.216.113.70 - - [17/Apr/2026:12:48:54 +0300] "POST /wp-cron.php?doing_wp_cron=1776419334.7918250560760498046875 HTTP/1.1" 200 448 "-" "WordPress/6.3.8; https://serhatburke.miroglu.net"
102.221.34.103 - - [17/Apr/2026:12:48:30 +0300] "GET /deposit-5-online-double-bonus-poker-10-hand-real-money-score-a-hundred-totally-free-spins-better-5-minimum-deposit-casinos-within-the-uk/ HTTP/1.1" 200 76378 "-" "Mozilla/5.0 (Windows NT 10.0; Win64; x64) AppleWebKit/537.36 (KHTML, like Gecko) Chrome/124.0.0.0 Safari/537.36 Edg/124.0.0.0"
185.216.113.70 - - [17/Apr/2026:12:49:03 +0300] "POST /wp-cron.php?doing_wp_cron=1776419343.6298348903656005859375 HTTP/1.1" 200 448 "-" "WordPress/6.3.8; https://serhatburke.miroglu.net"
102.221.34.103 - - [17/Apr/2026:12:48:36 +0300] "POST /xmlrpc.php HTTP/1.1" 200 630 "-" "Mozilla/5.0 (Windows NT 10.0; Win64; x64) AppleWebKit/537.36 (KHTML, like Gecko) Chrome/114.0.0.0 Safari/537.36"
103.219.169.214 - - [17/Apr/2026:12:48:46 +0300] "GET /sus-secret-forest-gratis-80-giros-particulares-de-spinata-grande-rtp-96-84/ HTTP/1.1" 200 77422 "-" "Mozilla/5.0 (Windows NT 10.0; Win64; x64) AppleWebKit/537.36 (KHTML, like Gecko) Chrome/124.0.0.0 Safari/537.36 Edg/124.0.0.0"
102.221.34.103 - - [17/Apr/2026:12:49:10 +0300] "POST /xmlrpc.php HTTP/1.1" 200 12361 "-" "Mozilla/5.0 (Windows NT 10.0; Win64; x64) AppleWebKit/537.36 (KHTML, like Gecko) Chrome/114.0.0.0 Safari/537.36"
102.221.34.103 - - [17/Apr/2026:12:49:26 +0300] "POST /xmlrpc.php HTTP/1.1" 200 630 "-" "Mozilla/5.0 (Windows NT 10.0; Win64; x64) AppleWebKit/537.36 (KHTML, like Gecko) Chrome/114.0.0.0 Safari/537.36"
102.221.34.103 - - [17/Apr/2026:12:49:33 +0300] "GET /draftkings-gambling-establishment-most-slot-mythic-maiden-recent-promo-password-five-hundred-spins-step-1000-incentive/ HTTP/1.1" 200 74864 "-" "Mozilla/5.0 (Windows NT 10.0; Win64; x64; rv:124.0) Gecko/20100101 Firefox/124.0"
185.216.113.70 - - [17/Apr/2026:12:49:59 +0300] "POST /wp-cron.php?doing_wp_cron=1776419399.5686080455780029296875 HTTP/1.1" 200 448 "-" "WordPress/6.3.8; https://serhatburke.miroglu.net"
102.221.34.103 - - [17/Apr/2026:12:49:46 +0300] "POST /xmlrpc.php HTTP/1.1" 200 12695 "-" "Mozilla/5.0 (Windows NT 10.0; Win64; x64) AppleWebKit/537.36 (KHTML, like Gecko) Chrome/114.0.0.0 Safari/537.36"
104.166.164.25 - - [17/Apr/2026:12:49:51 +0300] "POST /xmlrpc.php HTTP/1.1" 200 630 "-" "Mozilla/5.0 (Windows NT 10.0; Win64; x64) AppleWebKit/537.36 (KHTML, like Gecko) Chrome/114.0.0.0 Safari/537.36"
102.221.34.103 - - [17/Apr/2026:12:50:00 +0300] "GET /no-put-added-bonus-gambling-enterprises-in-the-2026-due-to-their-webpages-canadian-no-limit-city-games-online-participants/ HTTP/1.1" 200 75296 "-" "Mozilla/5.0 (Windows NT 10.0; Win64; x64) AppleWebKit/537.36 (KHTML, like Gecko) Chrome/124.0.0.0 Safari/537.36 Edg/124.0.0.0"
102.221.34.103 - - [17/Apr/2026:12:50:13 +0300] "POST /xmlrpc.php HTTP/1.1" 200 630 "-" "Mozilla/5.0 (Windows NT 10.0; Win64; x64) AppleWebKit/537.36 (KHTML, like Gecko) Chrome/114.0.0.0 Safari/537.36"
104.166.164.25 - - [17/Apr/2026:12:50:12 +0300] "POST /xmlrpc.php HTTP/1.1" 200 12691 "-" "Mozilla/5.0 (Windows NT 10.0; Win64; x64) AppleWebKit/537.36 (KHTML, like Gecko) Chrome/114.0.0.0 Safari/537.36"
185.216.113.70 - - [17/Apr/2026:12:50:41 +0300] "POST /wp-cron.php?doing_wp_cron=1776419441.7797989845275878906250 HTTP/1.1" 200 448 "-" "WordPress/6.3.8; https://serhatburke.miroglu.net"
104.166.164.25 - - [17/Apr/2026:12:50:28 +0300] "GET /play-large-trout-blackjack-online-real-money-bonanza-slot-demo-because-of-the-pragmatic-gamble/ HTTP/1.1" 200 74465 "-" "Mozilla/5.0 (Windows NT 10.0; rv:109.0) Gecko/20100101 Firefox/115.0"
102.221.34.103 - - [17/Apr/2026:12:50:32 +0300] "POST /xmlrpc.php HTTP/1.1" 200 13233 "-" "Mozilla/5.0 (Windows NT 10.0; Win64; x64) AppleWebKit/537.36 (KHTML, like Gecko) Chrome/114.0.0.0 Safari/537.36"
102.221.34.103 - - [17/Apr/2026:12:50:48 +0300] "GET /5-put-you-birds-on-a-wire-no-deposit-online-casinos-inside-the-march-2026/ HTTP/1.1" 200 74407 "-" "Mozilla/5.0 (Windows NT 10.0; Win64; x64) AppleWebKit/537.36 (KHTML, like Gecko) Chrome/123.0.0.0 Safari/537.36 OPR/109.0.0.0"
193.111.154.180 - - [17/Apr/2026:12:50:49 +0300] "POST /xmlrpc.php HTTP/2" 200 181 "-" "-"
102.221.34.103 - - [17/Apr/2026:12:51:01 +0300] "POST /xmlrpc.php HTTP/1.1" 200 630 "-" "Mozilla/5.0 (Windows NT 10.0; Win64; x64) AppleWebKit/537.36 (KHTML, like Gecko) Chrome/114.0.0.0 Safari/537.36"
102.221.34.103 - - [17/Apr/2026:12:51:20 +0300] "POST /xmlrpc.php HTTP/1.1" 200 12814 "-" "Mozilla/5.0 (Windows NT 10.0; Win64; x64) AppleWebKit/537.36 (KHTML, like Gecko) Chrome/114.0.0.0 Safari/537.36"
185.216.113.70 - - [17/Apr/2026:12:51:46 +0300] "POST /wp-cron.php?doing_wp_cron=1776419506.6499259471893310546875 HTTP/1.1" 200 448 "-" "WordPress/6.3.8; https://serhatburke.miroglu.net"
102.221.34.103 - - [17/Apr/2026:12:51:34 +0300] "GET /put-on%E3%81%AE%E6%84%8F%E5%91%B3%E3%83%BB%E4%BD%BF%E3%81%84%E6%96%B9%E3%83%BB%E8%AA%AD%E3%81%BF%E6%96%B9-super-diamond-wild-for-real-money-weblio%E8%8B%B1%E5%92%8C%E8%BE%9E%E6%9B%B8/ HTTP/1.1" 200 76561 "-" "Mozilla/5.0 (Windows NT 10.0; Win64; x64; rv:125.0) Gecko/20100101 Firefox/125.0"
102.221.34.103 - - [17/Apr/2026:12:51:49 +0300] "POST /xmlrpc.php HTTP/1.1" 200 630 "-" "Mozilla/5.0 (Windows NT 10.0; Win64; x64) AppleWebKit/537.36 (KHTML, like Gecko) Chrome/114.0.0.0 Safari/537.36"
102.221.34.103 - - [17/Apr/2026:12:52:09 +0300] "POST /xmlrpc.php HTTP/1.1" 200 13031 "-" "Mozilla/5.0 (Windows NT 10.0; Win64; x64) AppleWebKit/537.36 (KHTML, like Gecko) Chrome/114.0.0.0 Safari/537.36"
102.221.34.103 - - [17/Apr/2026:12:52:22 +0300] "GET /80-totally-free-revolves-gambling-crazy-cars-online-slot-establishment-bonus-greatest-now-offers-to-possess-2026/ HTTP/1.1" 200 75281 "-" "Mozilla/5.0 (Windows NT 10.0; Win64; x64) AppleWebKit/537.36 (KHTML, like Gecko) Chrome/109.0.0.0 Safari/537.36"
185.216.113.70 - - [17/Apr/2026:12:52:50 +0300] "POST /wp-cron.php?doing_wp_cron=1776419570.8061521053314208984375 HTTP/1.1" 200 448 "-" "WordPress/6.3.8; https://serhatburke.miroglu.net"
103.219.169.214 - - [17/Apr/2026:12:52:34 +0300] "POST /xmlrpc.php HTTP/1.1" 200 630 "-" "Mozilla/5.0 (Windows NT 10.0; Win64; x64) AppleWebKit/537.36 (KHTML, like Gecko) Chrome/114.0.0.0 Safari/537.36"
102.221.34.103 - - [17/Apr/2026:12:52:38 +0300] "POST /xmlrpc.php HTTP/1.1" 200 630 "-" "Mozilla/5.0 (Windows NT 10.0; Win64; x64) AppleWebKit/537.36 (KHTML, like Gecko) Chrome/114.0.0.0 Safari/537.36"
104.166.164.25 - - [17/Apr/2026:12:52:39 +0300] "POST /xmlrpc.php HTTP/1.1" 200 630 "-" "Mozilla/5.0 (Windows NT 10.0; Win64; x64) AppleWebKit/537.36 (KHTML, like Gecko) Chrome/114.0.0.0 Safari/537.36"
45.84.192.5 - - [17/Apr/2026:12:52:49 +0300] "GET /casino-online-skrill-prelievo-veloce/ HTTP/1.1" 200 18092 "https://serhatburke.miroglu.net/" "Mozilla/5.0 (Macintosh; Intel Mac OS X 12_5) AppleWebKit/537.36 (KHTML, like Gecko) Chrome/114.0.0.0 Safari/537.36 Vivaldi/5.3.2679.68"
103.219.169.214 - - [17/Apr/2026:12:52:58 +0300] "POST /xmlrpc.php HTTP/1.1" 200 15554 "-" "Mozilla/5.0 (Windows NT 10.0; Win64; x64) AppleWebKit/537.36 (KHTML, like Gecko) Chrome/114.0.0.0 Safari/537.36"
102.221.34.103 - - [17/Apr/2026:12:53:05 +0300] "POST /xmlrpc.php HTTP/1.1" 200 12813 "-" "Mozilla/5.0 (Windows NT 10.0; Win64; x64) AppleWebKit/537.36 (KHTML, like Gecko) Chrome/114.0.0.0 Safari/537.36"
104.166.164.25 - - [17/Apr/2026:12:53:08 +0300] "POST /xmlrpc.php HTTP/1.1" 200 12829 "-" "Mozilla/5.0 (Windows NT 10.0; Win64; x64) AppleWebKit/537.36 (KHTML, like Gecko) Chrome/114.0.0.0 Safari/537.36"
185.216.113.70 - - [17/Apr/2026:12:53:49 +0300] "POST /wp-cron.php?doing_wp_cron=1776419628.8759810924530029296875 HTTP/1.1" 200 448 "-" "WordPress/6.3.8; https://serhatburke.miroglu.net"
165.73.240.122 - - [17/Apr/2026:12:53:17 +0300] "POST /xmlrpc.php HTTP/1.1" 200 630 "-" "Mozilla/5.0 (Windows NT 10.0; Win64; x64) AppleWebKit/537.36 (KHTML, like Gecko) Chrome/114.0.0.0 Safari/537.36"
45.84.192.5 - - [17/Apr/2026:12:53:20 +0300] "GET /wp-login.php?action=register HTTP/1.1" 302 702 "https://serhatburke.miroglu.net/casino-online-skrill-prelievo-veloce/" "Mozilla/5.0 (Windows NT 6.3; Win64; x64) AppleWebKit/537.36 (KHTML, like Gecko) Chrome/103.0.0.0 Safari/537.36"
103.219.169.214 - - [17/Apr/2026:12:53:26 +0300] "GET /demo-sobre-starburst-para-netent-funciona-a-nuestras-tragaperras-100-giros-gratis-sin-deposito-50-dragons-gratisstarburst-seria-alguno-para-juegos-mayormente-utilizadas-de-netent-conocido-por-d/ HTTP/1.1" 200 80971 "-" "Mozilla/5.0 (Windows NT 10.0; Win64; x64; rv:124.0) Gecko/20100101 Firefox/124.0"
102.221.34.103 - - [17/Apr/2026:12:53:27 +0300] "POST /xmlrpc.php HTTP/1.1" 200 630 "-" "Mozilla/5.0 (Windows NT 10.0; Win64; x64) AppleWebKit/537.36 (KHTML, like Gecko) Chrome/114.0.0.0 Safari/537.36"
102.221.34.103 - - [17/Apr/2026:12:53:36 +0300] "GET /caesars-castle-internet-casino-comment-a-while-on-the-nile-slot-play-2026/ HTTP/1.1" 200 73946 "-" "Mozilla/5.0 (Windows NT 10.0; Win64; x64) AppleWebKit/537.36 (KHTML, like Gecko) Chrome/124.0.0.0 Safari/537.36"
104.166.164.25 - - [17/Apr/2026:12:53:39 +0300] "GET /bonanza-bros-enjoy-on-casino-betsafe-100-no-deposit-bonus-line/ HTTP/1.1" 200 73755 "-" "Mozilla/5.0 (Windows NT 10.0; Win64; x64) AppleWebKit/537.36 (KHTML, like Gecko) Chrome/122.0.0.0 Safari/537.36"
45.84.192.5 - - [17/Apr/2026:12:53:51 +0300] "GET /wp-login.php?action=register HTTP/1.1" 302 702 "https://serhatburke.miroglu.net/casino-online-skrill-prelievo-veloce/" "Mozilla/5.0 (Windows NT 6.3; Win64; x64) AppleWebKit/537.36 (KHTML, like Gecko) Chrome/103.0.0.0 Safari/537.36"
165.73.240.122 - - [17/Apr/2026:12:53:56 +0300] "POST /xmlrpc.php HTTP/1.1" 200 14628 "-" "Mozilla/5.0 (Windows NT 10.0; Win64; x64) AppleWebKit/537.36 (KHTML, like Gecko) Chrome/114.0.0.0 Safari/537.36"
102.221.34.103 - - [17/Apr/2026:12:54:17 +0300] "POST /xmlrpc.php HTTP/1.1" 200 630 "-" "Mozilla/5.0 (Windows NT 10.0; Win64; x64) AppleWebKit/537.36 (KHTML, like Gecko) Chrome/114.0.0.0 Safari/537.36"
102.221.34.103 - - [17/Apr/2026:12:54:19 +0300] "POST /xmlrpc.php HTTP/1.1" 200 12818 "-" "Mozilla/5.0 (Windows NT 10.0; Win64; x64) AppleWebKit/537.36 (KHTML, like Gecko) Chrome/114.0.0.0 Safari/537.36"
45.84.192.5 - - [17/Apr/2026:12:54:21 +0300] "GET /wp-login.php?action=register HTTP/1.1" 302 702 "https://serhatburke.miroglu.net/casino-online-skrill-prelievo-veloce/" "Mozilla/5.0 (Windows NT 6.3; Win64; x64) AppleWebKit/537.36 (KHTML, like Gecko) Chrome/103.0.0.0 Safari/537.36"
185.216.113.70 - - [17/Apr/2026:12:54:50 +0300] "POST /wp-cron.php?doing_wp_cron=1776419690.3249969482421875000000 HTTP/1.1" 200 448 "-" "WordPress/6.3.8; https://serhatburke.miroglu.net"
165.73.240.122 - - [17/Apr/2026:12:54:29 +0300] "GET /fur-nusse-online-vulkanbet-erstes-einzahlungsbonus-ringsherum-echte-gegner/ HTTP/1.1" 200 76601 "-" "Mozilla/5.0 (Windows NT 10.0; Win64; x64; rv:125.0) Gecko/20100101 Firefox/125.0"
45.84.192.5 - - [17/Apr/2026:12:54:45 +0300] "GET /wp-login.php?registration=disabled HTTP/1.1" 200 3808 "https://serhatburke.miroglu.net/wp-login.php?action=register" "Mozilla/5.0 (Windows NT 6.3; Win64; x64) AppleWebKit/537.36 (KHTML, like Gecko) Chrome/103.0.0.0 Safari/537.36"
102.221.34.103 - - [17/Apr/2026:12:54:45 +0300] "GET /paddy-power-gambling-establishment-no-deposit-free-revolves-march-2026-claim-260-100-percent-dante-paradise-hd-slot-online-free-revolves/ HTTP/1.1" 200 75687 "-" "Mozilla/5.0 (Windows NT 10.0; rv:125.0) Gecko/20100101 Firefox/125.0"
102.221.34.103 - - [17/Apr/2026:12:54:49 +0300] "POST /xmlrpc.php HTTP/1.1" 200 13069 "-" "Mozilla/5.0 (Windows NT 10.0; Win64; x64) AppleWebKit/537.36 (KHTML, like Gecko) Chrome/114.0.0.0 Safari/537.36"
102.221.34.103 - - [17/Apr/2026:12:55:03 +0300] "POST /xmlrpc.php HTTP/1.1" 200 630 "-" "Mozilla/5.0 (Windows NT 10.0; Win64; x64) AppleWebKit/537.36 (KHTML, like Gecko) Chrome/114.0.0.0 Safari/537.36"
104.166.164.25 - - [17/Apr/2026:12:55:14 +0300] "POST /xmlrpc.php HTTP/1.1" 200 630 "-" "Mozilla/5.0 (Windows NT 10.0; Win64; x64) AppleWebKit/537.36 (KHTML, like Gecko) Chrome/114.0.0.0 Safari/537.36"
102.221.34.103 - - [17/Apr/2026:12:55:15 +0300] "GET /three-hundred-gambling-establishment-extra-ideas-on-how-to-million-coins-respin-slot-play-for-real-money-claim-the-best-casino-extra-sales/ HTTP/1.1" 200 76012 "-" "Mozilla/5.0 (Windows NT 10.0; Win64; x64) AppleWebKit/537.36 (KHTML, like Gecko) Chrome/124.0.0.0 Safari/537.36"
185.216.113.70 - - [17/Apr/2026:12:55:43 +0300] "POST /wp-cron.php?doing_wp_cron=1776419743.8484299182891845703125 HTTP/1.1" 200 448 "-" "WordPress/6.3.8; https://serhatburke.miroglu.net"
102.221.34.103 - - [17/Apr/2026:12:55:31 +0300] "POST /xmlrpc.php HTTP/1.1" 200 12728 "-" "Mozilla/5.0 (Windows NT 10.0; Win64; x64) AppleWebKit/537.36 (KHTML, like Gecko) Chrome/114.0.0.0 Safari/537.36"
104.166.164.25 - - [17/Apr/2026:12:55:37 +0300] "POST /xmlrpc.php HTTP/1.1" 200 12817 "-" "Mozilla/5.0 (Windows NT 10.0; Win64; x64) AppleWebKit/537.36 (KHTML, like Gecko) Chrome/114.0.0.0 Safari/537.36"
102.221.34.103 - - [17/Apr/2026:12:55:45 +0300] "GET /200percent-gambling-enterprise-book-of-immortals-mobile-bonus-2026-allege-your-two-hundredpercent-deposit-extra-give/ HTTP/1.1" 200 75206 "-" "Mozilla/5.0 (Windows NT 10.0; Win64; x64; rv:124.0) Gecko/20100101 Firefox/124.0"
102.221.34.103 - - [17/Apr/2026:12:55:49 +0300] "POST /xmlrpc.php HTTP/1.1" 200 630 "-" "Mozilla/5.0 (Windows NT 10.0; Win64; x64) AppleWebKit/537.36 (KHTML, like Gecko) Chrome/114.0.0.0 Safari/537.36"
104.166.164.25 - - [17/Apr/2026:12:55:57 +0300] "GET /best-five-hundred-no-deposit-incentives-inside-casino-jackpot247-login-2026/ HTTP/1.1" 200 74121 "-" "Mozilla/5.0 (Windows NT 10.0; Win64; x64; rv:124.0) Gecko/20100101 Firefox/124.0"
102.221.34.103 - - [17/Apr/2026:12:56:17 +0300] "POST /xmlrpc.php HTTP/1.1" 200 12659 "-" "Mozilla/5.0 (Windows NT 10.0; Win64; x64) AppleWebKit/537.36 (KHTML, like Gecko) Chrome/114.0.0.0 Safari/537.36"
102.221.34.103 - - [17/Apr/2026:12:56:31 +0300] "GET /greatest-ten-put-casinos-instantaneous-join-1-deposit-dwarven-gold-deluxe-bonuses/ HTTP/1.1" 200 74144 "-" "Mozilla/5.0 (Windows NT 10.0; Win64; x64; rv:125.0) Gecko/20100101 Firefox/125.0"
185.216.113.70 - - [17/Apr/2026:12:56:50 +0300] "POST /wp-cron.php?doing_wp_cron=1776419810.2943320274353027343750 HTTP/1.1" 200 448 "-" "WordPress/6.3.8; https://serhatburke.miroglu.net"
102.221.34.103 - - [17/Apr/2026:12:56:38 +0300] "POST /xmlrpc.php HTTP/1.1" 200 630 "-" "Mozilla/5.0 (Windows NT 10.0; Win64; x64) AppleWebKit/537.36 (KHTML, like Gecko) Chrome/114.0.0.0 Safari/537.36"
102.221.34.103 - - [17/Apr/2026:12:56:56 +0300] "POST /xmlrpc.php HTTP/1.1" 200 12637 "-" "Mozilla/5.0 (Windows NT 10.0; Win64; x64) AppleWebKit/537.36 (KHTML, like Gecko) Chrome/114.0.0.0 Safari/537.36"
102.221.34.103 - - [17/Apr/2026:12:57:12 +0300] "GET /gamble-wilderness-legend-revolves-casino-crazy-cars-slot-free-spins-no-deposit-welcome-extra/ HTTP/1.1" 200 74539 "-" "Mozilla/5.0 (Windows NT 10.0; Win64; x64) AppleWebKit/537.36 (KHTML, like Gecko) Chrome/109.0.0.0 Safari/537.36"
185.216.113.70 - - [17/Apr/2026:12:57:43 +0300] "POST /wp-cron.php?doing_wp_cron=1776419863.4864048957824707031250 HTTP/1.1" 200 448 "-" "WordPress/6.3.8; https://serhatburke.miroglu.net"
57.128.22.95 - - [17/Apr/2026:12:57:28 +0300] "GET /zotabet-casino-bonus-premier-depot-2026/ HTTP/1.1" 200 18530 "-" "Mozilla/5.0 (compatible; Googlebot/2.1; +http://www.google.com/bot.html)"
102.221.34.103 - - [17/Apr/2026:12:57:37 +0300] "POST /xmlrpc.php HTTP/1.1" 200 630 "-" "Mozilla/5.0 (Windows NT 10.0; Win64; x64) AppleWebKit/537.36 (KHTML, like Gecko) Chrome/114.0.0.0 Safari/537.36"
104.166.164.25 - - [17/Apr/2026:12:57:38 +0300] "POST /xmlrpc.php HTTP/1.1" 200 630 "-" "Mozilla/5.0 (Windows NT 10.0; Win64; x64) AppleWebKit/537.36 (KHTML, like Gecko) Chrome/114.0.0.0 Safari/537.36"
102.221.34.103 - - [17/Apr/2026:12:58:01 +0300] "POST /xmlrpc.php HTTP/1.1" 200 12829 "-" "Mozilla/5.0 (Windows NT 10.0; Win64; x64) AppleWebKit/537.36 (KHTML, like Gecko) Chrome/114.0.0.0 Safari/537.36"
104.166.164.25 - - [17/Apr/2026:12:58:03 +0300] "POST /xmlrpc.php HTTP/1.1" 200 13244 "-" "Mozilla/5.0 (Windows NT 10.0; Win64; x64) AppleWebKit/537.36 (KHTML, like Gecko) Chrome/114.0.0.0 Safari/537.36"
102.221.34.103 - - [17/Apr/2026:12:58:16 +0300] "GET /greatest-sportsbook-promotions-today-slot-bound-casino-bonus-wagers-and-discount-coupons-to-own-february-2026/ HTTP/1.1" 200 75454 "-" "Mozilla/5.0 (Windows NT 10.0; Win64; x64) AppleWebKit/537.36 (KHTML, like Gecko) Chrome/124.0.0.0 Safari/537.36 Edg/124.0.0.0"
104.166.164.25 - - [17/Apr/2026:12:58:18 +0300] "GET /wonderful-goddess-casino-video-game-remark-top-gun-jackpot-slot-betmgm/ HTTP/1.1" 200 74527 "-" "Mozilla/5.0 (Windows NT 10.0; Win64; x64) AppleWebKit/537.36 (KHTML, like Gecko) Chrome/123.0.0.0 Safari/537.36"
102.221.34.103 - - [17/Apr/2026:12:58:21 +0300] "POST /xmlrpc.php HTTP/1.1" 200 630 "-" "Mozilla/5.0 (Windows NT 10.0; Win64; x64) AppleWebKit/537.36 (KHTML, like Gecko) Chrome/114.0.0.0 Safari/537.36"
185.216.113.70 - - [17/Apr/2026:12:58:58 +0300] "POST /wp-cron.php?doing_wp_cron=1776419938.7061901092529296875000 HTTP/1.1" 200 448 "-" "WordPress/6.3.8; https://serhatburke.miroglu.net"
102.221.34.103 - - [17/Apr/2026:12:58:43 +0300] "POST /xmlrpc.php HTTP/1.1" 200 12568 "-" "Mozilla/5.0 (Windows NT 10.0; Win64; x64) AppleWebKit/537.36 (KHTML, like Gecko) Chrome/114.0.0.0 Safari/537.36"
165.73.240.122 - - [17/Apr/2026:12:58:49 +0300] "POST /xmlrpc.php HTTP/1.1" 200 630 "-" "Mozilla/5.0 (Windows NT 10.0; Win64; x64) AppleWebKit/537.36 (KHTML, like Gecko) Chrome/114.0.0.0 Safari/537.36"
148.135.195.139 - - [17/Apr/2026:12:58:51 +0300] "GET /my-land-tax-state-revenue-office-21/ HTTP/1.1" 200 115546 "-" "Screaming Frog SEO Spider/16.7"
102.221.34.103 - - [17/Apr/2026:12:59:02 +0300] "POST /xmlrpc.php HTTP/1.1" 200 630 "-" "Mozilla/5.0 (Windows NT 10.0; Win64; x64) AppleWebKit/537.36 (KHTML, like Gecko) Chrome/114.0.0.0 Safari/537.36"
102.221.34.103 - - [17/Apr/2026:12:58:59 +0300] "GET /top-gambling-games-play-lotus-kingdom-slot-to-play-inside-the-2026/ HTTP/1.1" 200 73583 "-" "Mozilla/5.0 (Windows NT 10.0; Win64; x64; rv:125.0) Gecko/20100101 Firefox/125.0"
165.73.240.122 - - [17/Apr/2026:12:59:17 +0300] "POST /xmlrpc.php HTTP/1.1" 200 12701 "-" "Mozilla/5.0 (Windows NT 10.0; Win64; x64) AppleWebKit/537.36 (KHTML, like Gecko) Chrome/114.0.0.0 Safari/537.36"
103.219.169.214 - - [17/Apr/2026:12:59:29 +0300] "POST /xmlrpc.php HTTP/1.1" 200 630 "-" "Mozilla/5.0 (Windows NT 10.0; Win64; x64) AppleWebKit/537.36 (KHTML, like Gecko) Chrome/114.0.0.0 Safari/537.36"
185.216.113.70 - - [17/Apr/2026:13:00:01 +0300] "POST /wp-cron.php?doing_wp_cron=1776420001.7939040660858154296875 HTTP/1.1" 200 448 "-" "WordPress/6.3.8; https://serhatburke.miroglu.net"
102.221.34.103 - - [17/Apr/2026:12:59:41 +0300] "POST /xmlrpc.php HTTP/1.1" 200 13014 "-" "Mozilla/5.0 (Windows NT 10.0; Win64; x64) AppleWebKit/537.36 (KHTML, like Gecko) Chrome/114.0.0.0 Safari/537.36"
185.216.113.70 - - [17/Apr/2026:13:00:07 +0300] "POST /wp-cron.php?doing_wp_cron=1776420007.8147740364074707031250 HTTP/1.1" 200 448 "-" "WordPress/6.3.8; https://serhatburke.miroglu.net"
165.73.240.122 - - [17/Apr/2026:12:59:43 +0300] "GET /protestation-auffuhren-kostenlose-online-slots-fur-echte-geldplatze-ubersicht-vollstandige/ HTTP/1.1" 200 74899 "-" "Mozilla/5.0 (Windows NT 10.0; Win64; x64; rv:125.0) Gecko/20100101 Firefox/125.0"
185.216.113.70 - - [17/Apr/2026:13:00:15 +0300] "POST /wp-cron.php?doing_wp_cron=1776420015.0944340229034423828125 HTTP/1.1" 200 448 "-" "WordPress/6.3.8; https://serhatburke.miroglu.net"
102.221.34.103 - - [17/Apr/2026:12:59:45 +0300] "POST /xmlrpc.php HTTP/1.1" 200 630 "-" "Mozilla/5.0 (Windows NT 10.0; Win64; x64) AppleWebKit/537.36 (KHTML, like Gecko) Chrome/114.0.0.0 Safari/537.36"
185.216.113.70 - - [17/Apr/2026:13:00:27 +0300] "POST /wp-cron.php?doing_wp_cron=1776420027.4969298839569091796875 HTTP/1.1" 200 448 "-" "WordPress/6.3.8; https://serhatburke.miroglu.net"
103.219.169.214 - - [17/Apr/2026:12:59:53 +0300] "POST /xmlrpc.php HTTP/1.1" 200 15154 "-" "Mozilla/5.0 (Windows NT 10.0; Win64; x64) AppleWebKit/537.36 (KHTML, like Gecko) Chrome/114.0.0.0 Safari/537.36"
102.221.34.103 - - [17/Apr/2026:13:00:02 +0300] "GET /internet-casino-casino-esqueleto-mariachi-and-playing-site-inside-southern-area-africa/ HTTP/1.1" 200 74604 "-" "Mozilla/5.0 (Windows NT 10.0; Win64; x64) AppleWebKit/537.36 (KHTML, like Gecko) Chrome/123.0.0.0 Safari/537.36"
104.166.164.25 - - [17/Apr/2026:13:00:06 +0300] "POST /xmlrpc.php HTTP/1.1" 200 630 "-" "Mozilla/5.0 (Windows NT 10.0; Win64; x64) AppleWebKit/537.36 (KHTML, like Gecko) Chrome/114.0.0.0 Safari/537.36"
102.221.34.103 - - [17/Apr/2026:13:00:22 +0300] "POST /xmlrpc.php HTTP/1.1" 200 13301 "-" "Mozilla/5.0 (Windows NT 10.0; Win64; x64) AppleWebKit/537.36 (KHTML, like Gecko) Chrome/114.0.0.0 Safari/537.36"
102.221.34.103 - - [17/Apr/2026:13:00:24 +0300] "POST /xmlrpc.php HTTP/1.1" 200 630 "-" "Mozilla/5.0 (Windows NT 10.0; Win64; x64) AppleWebKit/537.36 (KHTML, like Gecko) Chrome/114.0.0.0 Safari/537.36"
103.219.169.214 - - [17/Apr/2026:13:00:29 +0300] "GET /starburst-xxxtreme-netent-juego-de-tragamonedas-retro-reels-soluciona-regalado-sobre-linea-rtp-9626-9645/ HTTP/1.1" 200 77284 "-" "Mozilla/5.0 (Windows NT 10.0; Win64; x64) AppleWebKit/537.36 (KHTML, like Gecko) Chrome/123.0.0.0 Safari/537.36 OPR/109.0.0.0"
104.166.164.25 - - [17/Apr/2026:13:00:59 +0300] "POST /xmlrpc.php HTTP/1.1" 200 13051 "-" "Mozilla/5.0 (Windows NT 10.0; Win64; x64) AppleWebKit/537.36 (KHTML, like Gecko) Chrome/114.0.0.0 Safari/537.36"
102.221.34.103 - - [17/Apr/2026:13:01:04 +0300] "POST /xmlrpc.php HTTP/1.1" 200 630 "-" "Mozilla/5.0 (Windows NT 10.0; Win64; x64) AppleWebKit/537.36 (KHTML, like Gecko) Chrome/114.0.0.0 Safari/537.36"
102.221.34.103 - - [17/Apr/2026:13:01:07 +0300] "GET /dolphins-pearl-deluxe-play-slots-on-queen-of-gold-slot-the-web-for-real-currency/ HTTP/1.1" 200 74700 "-" "Mozilla/5.0 (Windows NT 10.0; Win64; x64; rv:124.0) Gecko/20100101 Firefox/124.0"
102.221.34.103 - - [17/Apr/2026:13:01:13 +0300] "POST /xmlrpc.php HTTP/1.1" 200 13173 "-" "Mozilla/5.0 (Windows NT 10.0; Win64; x64) AppleWebKit/537.36 (KHTML, like Gecko) Chrome/114.0.0.0 Safari/537.36"
185.216.113.70 - - [17/Apr/2026:13:01:42 +0300] "POST /wp-cron.php?doing_wp_cron=1776420102.5065710544586181640625 HTTP/1.1" 200 448 "-" "WordPress/6.3.8; https://serhatburke.miroglu.net"
104.166.164.25 - - [17/Apr/2026:13:01:27 +0300] "GET /avalon-position-totally-free-enjoy-lucky-tree-slot-free-spins-online-casino-slots-zero-obtain/ HTTP/1.1" 200 74679 "-" "Mozilla/5.0 (Windows NT 10.0; Win64; x64; rv:124.0) Gecko/20100101 Firefox/124.0"
102.221.34.103 - - [17/Apr/2026:13:01:35 +0300] "POST /xmlrpc.php HTTP/1.1" 200 13385 "-" "Mozilla/5.0 (Windows NT 10.0; Win64; x64) AppleWebKit/537.36 (KHTML, like Gecko) Chrome/114.0.0.0 Safari/537.36"
102.221.34.103 - - [17/Apr/2026:13:01:35 +0300] "GET /dolphin-pearl-deluxe-trial-enjoy-100-percent-free-slot-5-deposit-casino-penguin-city-game/ HTTP/1.1" 200 74730 "-" "Mozilla/5.0 (Windows NT 10.0; Win64; x64) AppleWebKit/537.36 (KHTML, like Gecko) Chrome/122.0.0.0 Safari/537.36"
102.221.34.103 - - [17/Apr/2026:13:01:45 +0300] "POST /xmlrpc.php HTTP/1.1" 200 630 "-" "Mozilla/5.0 (Windows NT 10.0; Win64; x64) AppleWebKit/537.36 (KHTML, like Gecko) Chrome/114.0.0.0 Safari/537.36"
102.221.34.103 - - [17/Apr/2026:13:01:58 +0300] "GET /dolphins-pearl-los-muertos-slot-machine-luxury-condition-trial-novomatic/ HTTP/1.1" 200 74869 "-" "Mozilla/5.0 (Windows NT 10.0; rv:125.0) Gecko/20100101 Firefox/125.0"
216.73.216.76 - - [17/Apr/2026:13:02:01 +0300] "GET /robots.txt HTTP/2" 200 110 "-" "Mozilla/5.0 AppleWebKit/537.36 (KHTML, like Gecko; compatible; ClaudeBot/1.0; +claudebot@anthropic.com)"
216.73.216.76 - - [17/Apr/2026:13:02:20 +0300] "GET /unlock-top-benefits-with-bonus-code-gamblezen-casino-for-uk-players/ HTTP/2" 200 0 "-" "Mozilla/5.0 AppleWebKit/537.36 (KHTML, like Gecko; compatible; ClaudeBot/1.0; +claudebot@anthropic.com)"
216.73.216.76 - - [17/Apr/2026:13:02:20 +0300] "GET /quickwin-casino-opinie-i-bonusy-2026/ HTTP/2" 200 0 "-" "Mozilla/5.0 AppleWebKit/537.36 (KHTML, like Gecko; compatible; ClaudeBot/1.0; +claudebot@anthropic.com)"
102.221.34.103 - - [17/Apr/2026:13:02:13 +0300] "POST /xmlrpc.php HTTP/1.1" 200 12883 "-" "Mozilla/5.0 (Windows NT 10.0; Win64; x64) AppleWebKit/537.36 (KHTML, like Gecko) Chrome/114.0.0.0 Safari/537.36"
185.216.113.70 - - [17/Apr/2026:13:02:43 +0300] "POST /wp-cron.php?doing_wp_cron=1776420162.9147219657897949218750 HTTP/1.1" 200 448 "-" "WordPress/6.3.8; https://serhatburke.miroglu.net"
102.221.34.103 - - [17/Apr/2026:13:02:27 +0300] "POST /xmlrpc.php HTTP/1.1" 200 630 "-" "Mozilla/5.0 (Windows NT 10.0; Win64; x64) AppleWebKit/537.36 (KHTML, like Gecko) Chrome/114.0.0.0 Safari/537.36"
104.166.164.25 - - [17/Apr/2026:13:02:31 +0300] "POST /xmlrpc.php HTTP/1.1" 200 630 "-" "Mozilla/5.0 (Windows NT 10.0; Win64; x64) AppleWebKit/537.36 (KHTML, like Gecko) Chrome/114.0.0.0 Safari/537.36"
102.221.34.103 - - [17/Apr/2026:13:02:29 +0300] "GET /download-fafafa-angling-online-fafafafa-for-the-desktop-that-have-100-free-spins-no-deposit-surf-safari-memu/ HTTP/1.1" 200 74977 "-" "Mozilla/5.0 (Windows NT 10.0; rv:125.0) Gecko/20100101 Firefox/125.0"
102.221.34.103 - - [17/Apr/2026:13:03:01 +0300] "POST /xmlrpc.php HTTP/1.1" 200 13769 "-" "Mozilla/5.0 (Windows NT 10.0; Win64; x64) AppleWebKit/537.36 (KHTML, like Gecko) Chrome/114.0.0.0 Safari/537.36"
104.166.164.25 - - [17/Apr/2026:13:03:03 +0300] "POST /xmlrpc.php HTTP/1.1" 200 13087 "-" "Mozilla/5.0 (Windows NT 10.0; Win64; x64) AppleWebKit/537.36 (KHTML, like Gecko) Chrome/114.0.0.0 Safari/537.36"
102.221.34.103 - - [17/Apr/2026:13:03:15 +0300] "GET /thunderstruck-pokie-comment-2026-features-slot-rabbit-fire-circus-rtp-and-much-more/ HTTP/1.1" 200 75169 "-" "Mozilla/5.0 (Windows NT 10.0; Win64; x64; rv:125.0) Gecko/20100101 Firefox/125.0"
104.166.164.25 - - [17/Apr/2026:13:03:18 +0300] "GET /cleopatra-slots-comment-95-rtp-flowers-slot-free-spins-extra-spins-wilds/ HTTP/1.1" 200 74345 "-" "Mozilla/5.0 (Windows NT 10.0; Win64; x64; rv:124.0) Gecko/20100101 Firefox/124.0"
185.216.113.70 - - [17/Apr/2026:13:04:03 +0300] "POST /wp-cron.php?doing_wp_cron=1776420243.8630440235137939453125 HTTP/1.1" 200 448 "-" "WordPress/6.3.8; https://serhatburke.miroglu.net"
84.247.181.69 - - [17/Apr/2026:13:03:50 +0300] "GET /beste-casino-site-belgie-hoge-inzet/ HTTP/1.1" 200 18595 "https://serhatburke.miroglu.net/" "Mozilla/5.0 (Windows NT 10.0; Win64; x64; rv:114.0) Gecko/20100101 Firefox/114.0"
84.247.181.69 - - [17/Apr/2026:13:04:07 +0300] "GET /wp-includes/css/dist/block-library/style.min.css?ver=6.3.8 HTTP/1.1" 200 13578 "https://serhatburke.miroglu.net/beste-casino-site-belgie-hoge-inzet/" "Mozilla/5.0 (Windows NT 10.0; Win64; x64) AppleWebKit/537.36 (KHTML, like Gecko) Chrome/143.0.0.0 Safari/537.36"
84.247.181.69 - - [17/Apr/2026:13:04:07 +0300] "GET /wp-content/plugins/contact-form-7/includes/css/styles.css?ver=5.8 HTTP/1.1" 200 1490 "https://serhatburke.miroglu.net/beste-casino-site-belgie-hoge-inzet/" "Mozilla/5.0 (Windows NT 10.0; Win64; x64) AppleWebKit/537.36 (KHTML, like Gecko) Chrome/143.0.0.0 Safari/537.36"
84.247.181.69 - - [17/Apr/2026:13:04:07 +0300] "GET /wp-content/themes/toppic/css/fontello.css?ver=4.2 HTTP/1.1" 200 1802 "https://serhatburke.miroglu.net/beste-casino-site-belgie-hoge-inzet/" "Mozilla/5.0 (Windows NT 10.0; Win64; x64) AppleWebKit/537.36 (KHTML, like Gecko) Chrome/143.0.0.0 Safari/537.36"
84.247.181.69 - - [17/Apr/2026:13:04:08 +0300] "GET /wp-content/themes/toppic/css/reset.css?ver=4.2 HTTP/1.1" 200 1178 "https://serhatburke.miroglu.net/beste-casino-site-belgie-hoge-inzet/" "Mozilla/5.0 (Windows NT 10.0; Win64; x64) AppleWebKit/537.36 (KHTML, like Gecko) Chrome/143.0.0.0 Safari/537.36"
84.247.181.69 - - [17/Apr/2026:13:04:08 +0300] "GET /wp-content/themes/toppic/css/default.css?ver=4.2 HTTP/1.1" 200 1811 "https://serhatburke.miroglu.net/beste-casino-site-belgie-hoge-inzet/" "Mozilla/5.0 (Windows NT 10.0; Win64; x64) AppleWebKit/537.36 (KHTML, like Gecko) Chrome/143.0.0.0 Safari/537.36"
84.247.181.69 - - [17/Apr/2026:13:04:08 +0300] "GET /wp-content/themes/toppic/style.css?ver=4.2 HTTP/1.1" 200 23398 "https://serhatburke.miroglu.net/beste-casino-site-belgie-hoge-inzet/" "Mozilla/5.0 (Windows NT 10.0; Win64; x64) AppleWebKit/537.36 (KHTML, like Gecko) Chrome/143.0.0.0 Safari/537.36"
84.247.181.69 - - [17/Apr/2026:13:04:08 +0300] "GET /wp-content/themes/toppic/css/royalslider.css?ver=4.2 HTTP/1.1" 200 1887 "https://serhatburke.miroglu.net/beste-casino-site-belgie-hoge-inzet/" "Mozilla/5.0 (Windows NT 10.0; Win64; x64) AppleWebKit/537.36 (KHTML, like Gecko) Chrome/143.0.0.0 Safari/537.36"
84.247.181.69 - - [17/Apr/2026:13:04:08 +0300] "GET /wp-content/themes/toppic/css/rs-default.css?ver=4.2 HTTP/1.1" 200 2625 "https://serhatburke.miroglu.net/beste-casino-site-belgie-hoge-inzet/" "Mozilla/5.0 (Windows NT 10.0; Win64; x64) AppleWebKit/537.36 (KHTML, like Gecko) Chrome/143.0.0.0 Safari/537.36"
84.247.181.69 - - [17/Apr/2026:13:04:09 +0300] "GET /wp-content/themes/toppic/css/lightbox.css?ver=4.2 HTTP/1.1" 200 2956 "https://serhatburke.miroglu.net/beste-casino-site-belgie-hoge-inzet/" "Mozilla/5.0 (Windows NT 10.0; Win64; x64) AppleWebKit/537.36 (KHTML, like Gecko) Chrome/143.0.0.0 Safari/537.36"
