165.73.240.122 - - [17/Apr/2026:07:10:45 +0300] "GET /verbunden-spielbank-verde-casino-promo-codes-echtgeld-die-besten-echtgeld-casinos/ HTTP/1.1" 200 77091 "-" "Mozilla/5.0 (Windows NT 10.0; Win64; x64) AppleWebKit/537.36 (KHTML, like Gecko) Chrome/124.0.0.0 Safari/537.36"
185.216.113.70 - - [17/Apr/2026:07:12:19 +0300] "POST /wp-cron.php?doing_wp_cron=1776399139.5249159336090087890625 HTTP/1.1" 200 448 "-" "WordPress/6.3.8; https://serhatburke.miroglu.net"
98.98.9.58 - - [17/Apr/2026:07:12:07 +0300] "POST /xmlrpc.php HTTP/1.1" 200 630 "-" "Mozilla/5.0 (Windows NT 10.0; Win64; x64) AppleWebKit/537.36 (KHTML, like Gecko) Chrome/114.0.0.0 Safari/537.36"
98.98.9.58 - - [17/Apr/2026:07:12:26 +0300] "POST /xmlrpc.php HTTP/1.1" 200 13166 "-" "Mozilla/5.0 (Windows NT 10.0; Win64; x64) AppleWebKit/537.36 (KHTML, like Gecko) Chrome/114.0.0.0 Safari/537.36"
185.216.113.70 - - [17/Apr/2026:07:12:52 +0300] "POST /wp-cron.php?doing_wp_cron=1776399172.8374269008636474609375 HTTP/1.1" 200 448 "-" "WordPress/6.3.8; https://serhatburke.miroglu.net"
98.98.9.58 - - [17/Apr/2026:07:12:40 +0300] "GET /big-crappy-wolf-position-med-stora-stygga-vargen-100-payyz-teg%D1%96n-aynaldyru/ HTTP/1.1" 200 79598 "-" "Mozilla/5.0 (Windows NT 10.0; Win64; x64) AppleWebKit/537.36 (KHTML, like Gecko) Chrome/122.0.0.0 Safari/537.36"
17.22.245.109 - - [17/Apr/2026:07:12:44 +0300] "GET /casino-pourboire-sans-avoir-i-archive-top-13-sites-dans-les-1-de-depot-party-line-trouver-en-2026/ HTTP/1.1" 200 23633 "-" "Mozilla/5.0 (Macintosh; Intel Mac OS X 10_15_7) AppleWebKit/605.1.15 (KHTML, like Gecko) Version/17.4 Safari/605.1.15 (Applebot/0.1; +http://www.apple.com/go/applebot)"
185.216.113.70 - - [17/Apr/2026:07:14:43 +0300] "POST /wp-cron.php?doing_wp_cron=1776399283.5497250556945800781250 HTTP/1.1" 200 448 "-" "WordPress/6.3.8; https://serhatburke.miroglu.net"
165.73.240.122 - - [17/Apr/2026:07:14:30 +0300] "POST /xmlrpc.php HTTP/1.1" 200 630 "-" "Mozilla/5.0 (Windows NT 10.0; Win64; x64) AppleWebKit/537.36 (KHTML, like Gecko) Chrome/114.0.0.0 Safari/537.36"
165.73.240.122 - - [17/Apr/2026:07:14:50 +0300] "POST /xmlrpc.php HTTP/1.1" 200 14304 "-" "Mozilla/5.0 (Windows NT 10.0; Win64; x64) AppleWebKit/537.36 (KHTML, like Gecko) Chrome/114.0.0.0 Safari/537.36"
165.73.240.122 - - [17/Apr/2026:07:15:06 +0300] "GET /jackpots-vulkan-vegas-spiele-aufbrechen-via-billionairespin-nach-neuen-gewinnhohen-fallen-unter-anderem-welches-grose-piepen-besorgen-fideiussione-assicurativa-eulersche-konstante-cauzioni/ HTTP/1.1" 200 79193 "-" "Mozilla/5.0 (Windows NT 10.0; Win64; x64) AppleWebKit/537.36 (KHTML, like Gecko) Chrome/122.0.0.0 Safari/537.36"
62.12.118.35 - - [17/Apr/2026:07:15:19 +0300] "POST /xmlrpc.php HTTP/1.1" 200 630 "-" "Mozilla/5.0 (Windows NT 10.0; Win64; x64) AppleWebKit/537.36 (KHTML, like Gecko) Chrome/114.0.0.0 Safari/537.36"
185.216.113.70 - - [17/Apr/2026:07:15:51 +0300] "POST /wp-cron.php?doing_wp_cron=1776399351.0015640258789062500000 HTTP/1.1" 200 448 "-" "WordPress/6.3.8; https://serhatburke.miroglu.net"
62.12.118.35 - - [17/Apr/2026:07:15:38 +0300] "POST /xmlrpc.php HTTP/1.1" 200 12982 "-" "Mozilla/5.0 (Windows NT 10.0; Win64; x64) AppleWebKit/537.36 (KHTML, like Gecko) Chrome/114.0.0.0 Safari/537.36"
62.12.118.35 - - [17/Apr/2026:07:15:52 +0300] "GET /greatest-slots-artic-adventure-hd-casino-sites-mar-2026-leading-and-player-acknowledged/ HTTP/1.1" 200 74721 "-" "Mozilla/5.0 (Windows NT 10.0; Win64; x64; rv:124.0) Gecko/20100101 Firefox/124.0"
185.216.113.70 - - [17/Apr/2026:07:18:06 +0300] "POST /wp-cron.php?doing_wp_cron=1776399486.0792200565338134765625 HTTP/1.1" 200 448 "-" "WordPress/6.3.8; https://serhatburke.miroglu.net"
62.12.118.35 - - [17/Apr/2026:07:17:53 +0300] "POST /xmlrpc.php HTTP/1.1" 200 630 "-" "Mozilla/5.0 (Windows NT 10.0; Win64; x64) AppleWebKit/537.36 (KHTML, like Gecko) Chrome/114.0.0.0 Safari/537.36"
62.12.118.35 - - [17/Apr/2026:07:18:18 +0300] "POST /xmlrpc.php HTTP/1.1" 200 13585 "-" "Mozilla/5.0 (Windows NT 10.0; Win64; x64) AppleWebKit/537.36 (KHTML, like Gecko) Chrome/114.0.0.0 Safari/537.36"
17.22.245.93 - - [17/Apr/2026:07:18:37 +0300] "GET /wp-content/themes/toppic/css/fontello.css?ver=4.2 HTTP/1.1" 200 1944 "https://serhatburke.miroglu.net/casino-pourboire-sans-avoir-i-archive-top-13-sites-dans-les-1-de-depot-party-line-trouver-en-2026/" "Mozilla/5.0 (Macintosh; Intel Mac OS X 10_15_7) AppleWebKit/605.1.15 (KHTML, like Gecko) Version/17.4 Safari/605.1.15 (Applebot/0.1; +http://www.apple.com/go/applebot)"
17.22.253.156 - - [17/Apr/2026:07:18:38 +0300] "GET /wp-content/plugins/contact-form-7/includes/css/styles.css?ver=5.8 HTTP/1.1" 200 1619 "https://serhatburke.miroglu.net/casino-pourboire-sans-avoir-i-archive-top-13-sites-dans-les-1-de-depot-party-line-trouver-en-2026/" "Mozilla/5.0 (Macintosh; Intel Mac OS X 10_15_7) AppleWebKit/605.1.15 (KHTML, like Gecko) Version/17.4 Safari/605.1.15 (Applebot/0.1; +http://www.apple.com/go/applebot)"
17.22.253.123 - - [17/Apr/2026:07:18:40 +0300] "GET /wp-content/themes/toppic/css/default.css?ver=4.2 HTTP/1.1" 200 1951 "https://serhatburke.miroglu.net/casino-pourboire-sans-avoir-i-archive-top-13-sites-dans-les-1-de-depot-party-line-trouver-en-2026/" "Mozilla/5.0 (Macintosh; Intel Mac OS X 10_15_7) AppleWebKit/605.1.15 (KHTML, like Gecko) Version/17.4 Safari/605.1.15 (Applebot/0.1; +http://www.apple.com/go/applebot)"
17.22.253.163 - - [17/Apr/2026:07:18:41 +0300] "GET /wp-includes/css/dist/block-library/style.min.css?ver=6.3.8 HTTP/1.1" 200 14419 "https://serhatburke.miroglu.net/casino-pourboire-sans-avoir-i-archive-top-13-sites-dans-les-1-de-depot-party-line-trouver-en-2026/" "Mozilla/5.0 (Macintosh; Intel Mac OS X 10_15_7) AppleWebKit/605.1.15 (KHTML, like Gecko) Version/17.4 Safari/605.1.15 (Applebot/0.1; +http://www.apple.com/go/applebot)"
17.22.237.227 - - [17/Apr/2026:07:18:43 +0300] "GET /wp-content/themes/toppic/css/reset.css?ver=4.2 HTTP/1.1" 200 1275 "https://serhatburke.miroglu.net/casino-pourboire-sans-avoir-i-archive-top-13-sites-dans-les-1-de-depot-party-line-trouver-en-2026/" "Mozilla/5.0 (Macintosh; Intel Mac OS X 10_15_7) AppleWebKit/605.1.15 (KHTML, like Gecko) Version/17.4 Safari/605.1.15 (Applebot/0.1; +http://www.apple.com/go/applebot)"
17.22.253.234 - - [17/Apr/2026:07:18:44 +0300] "GET /wp-content/themes/toppic/style.css?ver=4.2 HTTP/1.1" 200 23964 "https://serhatburke.miroglu.net/casino-pourboire-sans-avoir-i-archive-top-13-sites-dans-les-1-de-depot-party-line-trouver-en-2026/" "Mozilla/5.0 (Macintosh; Intel Mac OS X 10_15_7) AppleWebKit/605.1.15 (KHTML, like Gecko) Version/17.4 Safari/605.1.15 (Applebot/0.1; +http://www.apple.com/go/applebot)"
185.216.113.70 - - [17/Apr/2026:07:18:45 +0300] "POST /wp-cron.php?doing_wp_cron=1776399525.6607708930969238281250 HTTP/1.1" 200 448 "-" "WordPress/6.3.8; https://serhatburke.miroglu.net"
17.22.237.7 - - [17/Apr/2026:07:18:45 +0300] "GET /wp-content/themes/toppic/css/royalslider.css?ver=4.2 HTTP/1.1" 200 2007 "https://serhatburke.miroglu.net/casino-pourboire-sans-avoir-i-archive-top-13-sites-dans-les-1-de-depot-party-line-trouver-en-2026/" "Mozilla/5.0 (Macintosh; Intel Mac OS X 10_15_7) AppleWebKit/605.1.15 (KHTML, like Gecko) Version/17.4 Safari/605.1.15 (Applebot/0.1; +http://www.apple.com/go/applebot)"
62.12.118.35 - - [17/Apr/2026:07:18:33 +0300] "GET /online-pokies-in-australia-enjoy-mr-bet-bonus-terms-demonstration-pokies-instantly-zero-sign-up/ HTTP/1.1" 200 75218 "-" "Mozilla/5.0 (Windows NT 10.0; rv:125.0) Gecko/20100101 Firefox/125.0"
17.22.253.156 - - [17/Apr/2026:07:18:46 +0300] "GET /wp-content/themes/toppic/css/rs-default.css?ver=4.2 HTTP/1.1" 200 2610 "https://serhatburke.miroglu.net/casino-pourboire-sans-avoir-i-archive-top-13-sites-dans-les-1-de-depot-party-line-trouver-en-2026/" "Mozilla/5.0 (Macintosh; Intel Mac OS X 10_15_7) AppleWebKit/605.1.15 (KHTML, like Gecko) Version/17.4 Safari/605.1.15 (Applebot/0.1; +http://www.apple.com/go/applebot)"
17.22.253.123 - - [17/Apr/2026:07:18:48 +0300] "GET /wp-content/themes/toppic/css/lightbox.css?ver=4.2 HTTP/1.1" 200 2937 "https://serhatburke.miroglu.net/casino-pourboire-sans-avoir-i-archive-top-13-sites-dans-les-1-de-depot-party-line-trouver-en-2026/" "Mozilla/5.0 (Macintosh; Intel Mac OS X 10_15_7) AppleWebKit/605.1.15 (KHTML, like Gecko) Version/17.4 Safari/605.1.15 (Applebot/0.1; +http://www.apple.com/go/applebot)"
17.22.253.132 - - [17/Apr/2026:07:18:50 +0300] "GET /wp-includes/js/jquery/jquery-migrate.min.js?ver=3.4.1 HTTP/1.1" 200 5500 "https://serhatburke.miroglu.net/casino-pourboire-sans-avoir-i-archive-top-13-sites-dans-les-1-de-depot-party-line-trouver-en-2026/" "Mozilla/5.0 (Macintosh; Intel Mac OS X 10_15_7) AppleWebKit/605.1.15 (KHTML, like Gecko) Version/17.4 Safari/605.1.15 (Applebot/0.1; +http://www.apple.com/go/applebot)"
17.22.237.227 - - [17/Apr/2026:07:18:51 +0300] "GET /wp-content/plugins/roses-like-this/likesScript.js?ver=6.3.8 HTTP/1.1" 200 1164 "https://serhatburke.miroglu.net/casino-pourboire-sans-avoir-i-archive-top-13-sites-dans-les-1-de-depot-party-line-trouver-en-2026/" "Mozilla/5.0 (Macintosh; Intel Mac OS X 10_15_7) AppleWebKit/605.1.15 (KHTML, like Gecko) Version/17.4 Safari/605.1.15 (Applebot/0.1; +http://www.apple.com/go/applebot)"
17.22.253.234 - - [17/Apr/2026:07:18:52 +0300] "GET /wp-content/plugins/contact-form-7/includes/swv/js/index.js?ver=5.8 HTTP/1.1" 200 3651 "https://serhatburke.miroglu.net/casino-pourboire-sans-avoir-i-archive-top-13-sites-dans-les-1-de-depot-party-line-trouver-en-2026/" "Mozilla/5.0 (Macintosh; Intel Mac OS X 10_15_7) AppleWebKit/605.1.15 (KHTML, like Gecko) Version/17.4 Safari/605.1.15 (Applebot/0.1; +http://www.apple.com/go/applebot)"
17.22.253.113 - - [17/Apr/2026:07:18:54 +0300] "GET /wp-content/plugins/contact-form-7/includes/js/index.js?ver=5.8 HTTP/1.1" 200 4793 "https://serhatburke.miroglu.net/casino-pourboire-sans-avoir-i-archive-top-13-sites-dans-les-1-de-depot-party-line-trouver-en-2026/" "Mozilla/5.0 (Macintosh; Intel Mac OS X 10_15_7) AppleWebKit/605.1.15 (KHTML, like Gecko) Version/17.4 Safari/605.1.15 (Applebot/0.1; +http://www.apple.com/go/applebot)"
17.22.237.7 - - [17/Apr/2026:07:18:55 +0300] "GET /wp-content/themes/toppic/js/jquery.parallax.custom.js?ver=4.2 HTTP/1.1" 200 1283 "https://serhatburke.miroglu.net/casino-pourboire-sans-avoir-i-archive-top-13-sites-dans-les-1-de-depot-party-line-trouver-en-2026/" "Mozilla/5.0 (Macintosh; Intel Mac OS X 10_15_7) AppleWebKit/605.1.15 (KHTML, like Gecko) Version/17.4 Safari/605.1.15 (Applebot/0.1; +http://www.apple.com/go/applebot)"
17.22.253.123 - - [17/Apr/2026:07:18:56 +0300] "GET /wp-content/themes/toppic/js/jquery.mtree.js?ver=4.2 HTTP/1.1" 200 1444 "https://serhatburke.miroglu.net/casino-pourboire-sans-avoir-i-archive-top-13-sites-dans-les-1-de-depot-party-line-trouver-en-2026/" "Mozilla/5.0 (Macintosh; Intel Mac OS X 10_15_7) AppleWebKit/605.1.15 (KHTML, like Gecko) Version/17.4 Safari/605.1.15 (Applebot/0.1; +http://www.apple.com/go/applebot)"
17.22.245.131 - - [17/Apr/2026:07:18:58 +0300] "GET /wp-content/themes/toppic/js/jquery.tipsy.js?ver=4.2 HTTP/1.1" 200 1579 "https://serhatburke.miroglu.net/casino-pourboire-sans-avoir-i-archive-top-13-sites-dans-les-1-de-depot-party-line-trouver-en-2026/" "Mozilla/5.0 (Macintosh; Intel Mac OS X 10_15_7) AppleWebKit/605.1.15 (KHTML, like Gecko) Version/17.4 Safari/605.1.15 (Applebot/0.1; +http://www.apple.com/go/applebot)"
17.22.253.58 - - [17/Apr/2026:07:19:00 +0300] "GET /wp-content/themes/toppic/js/jquery.transit.min.js?ver=4.2 HTTP/1.1" 200 3383 "https://serhatburke.miroglu.net/casino-pourboire-sans-avoir-i-archive-top-13-sites-dans-les-1-de-depot-party-line-trouver-en-2026/" "Mozilla/5.0 (Macintosh; Intel Mac OS X 10_15_7) AppleWebKit/605.1.15 (KHTML, like Gecko) Version/17.4 Safari/605.1.15 (Applebot/0.1; +http://www.apple.com/go/applebot)"
17.22.253.234 - - [17/Apr/2026:07:19:01 +0300] "GET /wp-content/themes/toppic/js/scrollMonitor.js?ver=4.2 HTTP/1.1" 200 3100 "https://serhatburke.miroglu.net/casino-pourboire-sans-avoir-i-archive-top-13-sites-dans-les-1-de-depot-party-line-trouver-en-2026/" "Mozilla/5.0 (Macintosh; Intel Mac OS X 10_15_7) AppleWebKit/605.1.15 (KHTML, like Gecko) Version/17.4 Safari/605.1.15 (Applebot/0.1; +http://www.apple.com/go/applebot)"
17.22.245.131 - - [17/Apr/2026:07:19:03 +0300] "GET /wp-content/themes/toppic/js/jquery.magnific-popup.min.js?ver=4.2 HTTP/1.1" 200 8048 "https://serhatburke.miroglu.net/casino-pourboire-sans-avoir-i-archive-top-13-sites-dans-les-1-de-depot-party-line-trouver-en-2026/" "Mozilla/5.0 (Macintosh; Intel Mac OS X 10_15_7) AppleWebKit/605.1.15 (KHTML, like Gecko) Version/17.4 Safari/605.1.15 (Applebot/0.1; +http://www.apple.com/go/applebot)"
17.22.237.233 - - [17/Apr/2026:07:19:05 +0300] "GET /wp-content/themes/toppic/js/jquery.custom.js?ver=4.2 HTTP/1.1" 200 9224 "https://serhatburke.miroglu.net/casino-pourboire-sans-avoir-i-archive-top-13-sites-dans-les-1-de-depot-party-line-trouver-en-2026/" "Mozilla/5.0 (Macintosh; Intel Mac OS X 10_15_7) AppleWebKit/605.1.15 (KHTML, like Gecko) Version/17.4 Safari/605.1.15 (Applebot/0.1; +http://www.apple.com/go/applebot)"
17.22.237.51 - - [17/Apr/2026:07:19:07 +0300] "GET /wp-content/themes/toppic/js/jquery.modernizr.custom.js?ver=4.2 HTTP/1.1" 200 3691 "https://serhatburke.miroglu.net/casino-pourboire-sans-avoir-i-archive-top-13-sites-dans-les-1-de-depot-party-line-trouver-en-2026/" "Mozilla/5.0 (Macintosh; Intel Mac OS X 10_15_7) AppleWebKit/605.1.15 (KHTML, like Gecko) Version/17.4 Safari/605.1.15 (Applebot/0.1; +http://www.apple.com/go/applebot)"
17.22.237.76 - - [17/Apr/2026:07:19:07 +0300] "GET /wp-content/themes/toppic/js/jquery.touchswipe.js?ver=4.2 HTTP/1.1" 200 5522 "https://serhatburke.miroglu.net/casino-pourboire-sans-avoir-i-archive-top-13-sites-dans-les-1-de-depot-party-line-trouver-en-2026/" "Mozilla/5.0 (Macintosh; Intel Mac OS X 10_15_7) AppleWebKit/605.1.15 (KHTML, like Gecko) Version/17.4 Safari/605.1.15 (Applebot/0.1; +http://www.apple.com/go/applebot)"
17.22.253.234 - - [17/Apr/2026:07:19:08 +0300] "GET /wp-content/themes/toppic/js/lazysizes.min.js?ver=4.2 HTTP/1.1" 200 3766 "https://serhatburke.miroglu.net/casino-pourboire-sans-avoir-i-archive-top-13-sites-dans-les-1-de-depot-party-line-trouver-en-2026/" "Mozilla/5.0 (Macintosh; Intel Mac OS X 10_15_7) AppleWebKit/605.1.15 (KHTML, like Gecko) Version/17.4 Safari/605.1.15 (Applebot/0.1; +http://www.apple.com/go/applebot)"
17.22.245.131 - - [17/Apr/2026:07:19:11 +0300] "GET /wp-content/plugins/google-analytics-for-wordpress/assets/js/frontend-gtag.min.js?ver=10.1.2 HTTP/1.1" 200 3735 "https://serhatburke.miroglu.net/casino-pourboire-sans-avoir-i-archive-top-13-sites-dans-les-1-de-depot-party-line-trouver-en-2026/" "Mozilla/5.0 (Macintosh; Intel Mac OS X 10_15_7) AppleWebKit/605.1.15 (KHTML, like Gecko) Version/17.4 Safari/605.1.15 (Applebot/0.1; +http://www.apple.com/go/applebot)"
17.22.245.52 - - [17/Apr/2026:07:19:13 +0300] "GET /wp-content/themes/toppic/js/jquery.kenb.js?ver=4.2 HTTP/1.1" 200 1985 "https://serhatburke.miroglu.net/casino-pourboire-sans-avoir-i-archive-top-13-sites-dans-les-1-de-depot-party-line-trouver-en-2026/" "Mozilla/5.0 (Macintosh; Intel Mac OS X 10_15_7) AppleWebKit/605.1.15 (KHTML, like Gecko) Version/17.4 Safari/605.1.15 (Applebot/0.1; +http://www.apple.com/go/applebot)"
185.216.113.70 - - [17/Apr/2026:07:19:59 +0300] "POST /wp-cron.php?doing_wp_cron=1776399599.4878149032592773437500 HTTP/1.1" 200 448 "-" "WordPress/6.3.8; https://serhatburke.miroglu.net"
165.73.240.122 - - [17/Apr/2026:07:19:47 +0300] "POST /xmlrpc.php HTTP/1.1" 200 630 "-" "Mozilla/5.0 (Windows NT 10.0; Win64; x64) AppleWebKit/537.36 (KHTML, like Gecko) Chrome/114.0.0.0 Safari/537.36"
165.73.240.122 - - [17/Apr/2026:07:20:06 +0300] "POST /xmlrpc.php HTTP/1.1" 200 12232 "-" "Mozilla/5.0 (Windows NT 10.0; Win64; x64) AppleWebKit/537.36 (KHTML, like Gecko) Chrome/114.0.0.0 Safari/537.36"
62.12.118.35 - - [17/Apr/2026:07:20:15 +0300] "POST /xmlrpc.php HTTP/1.1" 200 630 "-" "Mozilla/5.0 (Windows NT 10.0; Win64; x64) AppleWebKit/537.36 (KHTML, like Gecko) Chrome/114.0.0.0 Safari/537.36"
165.73.240.122 - - [17/Apr/2026:07:20:20 +0300] "GET /echtgeld-angeschlossen-casinos-ostmark-marz-dies-sehen-2026/ HTTP/1.1" 200 73819 "-" "Mozilla/5.0 (Windows NT 10.0; Win64; x64) AppleWebKit/537.36 (KHTML, like Gecko) Chrome/124.0.0.0 Safari/537.36"
185.216.113.70 - - [17/Apr/2026:07:20:51 +0300] "POST /wp-cron.php?doing_wp_cron=1776399651.9001350402832031250000 HTTP/1.1" 200 448 "-" "WordPress/6.3.8; https://serhatburke.miroglu.net"
62.12.118.35 - - [17/Apr/2026:07:20:39 +0300] "POST /xmlrpc.php HTTP/1.1" 200 13503 "-" "Mozilla/5.0 (Windows NT 10.0; Win64; x64) AppleWebKit/537.36 (KHTML, like Gecko) Chrome/114.0.0.0 Safari/537.36"
104.166.164.67 - - [17/Apr/2026:07:20:44 +0300] "POST /xmlrpc.php HTTP/1.1" 200 630 "-" "Mozilla/5.0 (Windows NT 10.0; Win64; x64) AppleWebKit/537.36 (KHTML, like Gecko) Chrome/114.0.0.0 Safari/537.36"
66.249.68.131 - - [17/Apr/2026:07:21:03 +0300] "GET /wp-content/plugins/contact-form-7/includes/js/index.js?ver=5.8 HTTP/1.1" 200 4546 "https://serhatburke.miroglu.net/sugar-rush-1000-a-sweet-spin-experience-for-aussie-players/" "Mozilla/5.0 (Linux; Android 6.0.1; Nexus 5X Build/MMB29P) AppleWebKit/537.36 (KHTML, like Gecko) Chrome/146.0.7680.177 Mobile Safari/537.36 (compatible; Googlebot/2.1; +http://www.google.com/bot.html)"
66.249.68.131 - - [17/Apr/2026:07:21:05 +0300] "GET /wp-content/themes/toppic/css/woocommerce.css?ver=4.2 HTTP/1.1" 200 2670 "https://serhatburke.miroglu.net/sugar-rush-1000-a-sweet-spin-experience-for-aussie-players/" "Mozilla/5.0 (Linux; Android 6.0.1; Nexus 5X Build/MMB29P) AppleWebKit/537.36 (KHTML, like Gecko) Chrome/146.0.7680.177 Mobile Safari/537.36 (compatible; Googlebot/2.1; +http://www.google.com/bot.html)"
62.12.118.35 - - [17/Apr/2026:07:20:52 +0300] "GET /enjoy-19300-free-position-online-game-zero-down-bangkok-nights-slot-machine-real-money-load/ HTTP/1.1" 200 75194 "-" "Mozilla/5.0 (Windows NT 10.0; Win64; x64) AppleWebKit/537.36 (KHTML, like Gecko) Chrome/109.0.0.0 Safari/537.36"
104.166.164.67 - - [17/Apr/2026:07:21:04 +0300] "POST /xmlrpc.php HTTP/1.1" 200 13343 "-" "Mozilla/5.0 (Windows NT 10.0; Win64; x64) AppleWebKit/537.36 (KHTML, like Gecko) Chrome/114.0.0.0 Safari/537.36"
104.166.164.67 - - [17/Apr/2026:07:21:21 +0300] "GET /casinoinwelcome-bonus100-around-two-hundredone-hundred-house-of-fun-slot-free-spins-thousand-60-fs/ HTTP/1.1" 200 75244 "-" "Mozilla/5.0 (Windows NT 10.0; rv:125.0) Gecko/20100101 Firefox/125.0"
185.216.113.70 - - [17/Apr/2026:07:22:10 +0300] "POST /wp-cron.php?doing_wp_cron=1776399730.3792369365692138671875 HTTP/1.1" 200 448 "-" "WordPress/6.3.8; https://serhatburke.miroglu.net"
62.12.118.35 - - [17/Apr/2026:07:21:58 +0300] "POST /xmlrpc.php HTTP/1.1" 200 630 "-" "Mozilla/5.0 (Windows NT 10.0; Win64; x64) AppleWebKit/537.36 (KHTML, like Gecko) Chrome/114.0.0.0 Safari/537.36"
62.12.118.35 - - [17/Apr/2026:07:22:16 +0300] "POST /xmlrpc.php HTTP/1.1" 200 12973 "-" "Mozilla/5.0 (Windows NT 10.0; Win64; x64) AppleWebKit/537.36 (KHTML, like Gecko) Chrome/114.0.0.0 Safari/537.36"
185.216.113.70 - - [17/Apr/2026:07:22:49 +0300] "POST /wp-cron.php?doing_wp_cron=1776399769.1354660987854003906250 HTTP/1.1" 200 448 "-" "WordPress/6.3.8; https://serhatburke.miroglu.net"
62.12.118.35 - - [17/Apr/2026:07:22:37 +0300] "GET /top-10-cellular-casinos-and-applications-for-dino-reels-81-for-real-money-real-profit-2026/ HTTP/1.1" 200 74695 "-" "Mozilla/5.0 (Windows NT 10.0; Win64; x64) AppleWebKit/537.36 (KHTML, like Gecko) Chrome/123.0.0.0 Safari/537.36"
172.86.76.182 - - [17/Apr/2026:07:22:51 +0300] "GET /beste-casino-site-belgie-hoge-inzet/ HTTP/1.1" 200 18613 "-" "Mozilla/5.0 (Windows NT 10.0; Win64; x64) AppleWebKit/537.36 (KHTML, like Gecko) Chrome/114.0.0.0 Safari/537.36 Edg/114.0.1264.71"
62.12.118.35 - - [17/Apr/2026:07:23:25 +0300] "POST /xmlrpc.php HTTP/1.1" 200 630 "-" "Mozilla/5.0 (Windows NT 10.0; Win64; x64) AppleWebKit/537.36 (KHTML, like Gecko) Chrome/114.0.0.0 Safari/537.36"
66.249.68.133 - - [17/Apr/2026:07:23:41 +0300] "GET /sugar-rush-1000-a-sweet-spin-experience-for-aussie-players/ HTTP/1.1" 200 0 "https://korput.driftlogic-games.biz/" "Mozilla/5.0 (Linux; Android 6.0.1; Nexus 5X Build/MMB29P) AppleWebKit/537.36 (KHTML, like Gecko) Chrome/146.0.7680.177 Mobile Safari/537.36 (compatible; Googlebot/2.1; +http://www.google.com/bot.html)"
185.216.113.70 - - [17/Apr/2026:07:23:54 +0300] "POST /wp-cron.php?doing_wp_cron=1776399834.2902960777282714843750 HTTP/1.1" 200 448 "-" "WordPress/6.3.8; https://serhatburke.miroglu.net"
62.12.118.35 - - [17/Apr/2026:07:23:44 +0300] "POST /xmlrpc.php HTTP/1.1" 200 13140 "-" "Mozilla/5.0 (Windows NT 10.0; Win64; x64) AppleWebKit/537.36 (KHTML, like Gecko) Chrome/114.0.0.0 Safari/537.36"
62.12.118.35 - - [17/Apr/2026:07:24:05 +0300] "GET /better-the-new-u-s-online-casinos-for-2026-current-a-real-slot-mongol-treasures-income-options/ HTTP/1.1" 200 74909 "-" "Mozilla/5.0 (Windows NT 10.0; rv:109.0) Gecko/20100101 Firefox/115.0"
185.216.113.70 - - [17/Apr/2026:07:25:07 +0300] "POST /wp-cron.php?doing_wp_cron=1776399907.2398769855499267578125 HTTP/1.1" 200 448 "-" "WordPress/6.3.8; https://serhatburke.miroglu.net"
62.12.118.35 - - [17/Apr/2026:07:24:55 +0300] "POST /xmlrpc.php HTTP/1.1" 200 630 "-" "Mozilla/5.0 (Windows NT 10.0; Win64; x64) AppleWebKit/537.36 (KHTML, like Gecko) Chrome/114.0.0.0 Safari/537.36"
165.73.240.122 - - [17/Apr/2026:07:25:08 +0300] "POST /xmlrpc.php HTTP/1.1" 200 630 "-" "Mozilla/5.0 (Windows NT 10.0; Win64; x64) AppleWebKit/537.36 (KHTML, like Gecko) Chrome/114.0.0.0 Safari/537.36"
62.12.118.35 - - [17/Apr/2026:07:25:13 +0300] "POST /xmlrpc.php HTTP/1.1" 200 12443 "-" "Mozilla/5.0 (Windows NT 10.0; Win64; x64) AppleWebKit/537.36 (KHTML, like Gecko) Chrome/114.0.0.0 Safari/537.36"
185.216.113.70 - - [17/Apr/2026:07:25:42 +0300] "POST /wp-cron.php?doing_wp_cron=1776399942.1405069828033447265625 HTTP/1.1" 200 448 "-" "WordPress/6.3.8; https://serhatburke.miroglu.net"
165.73.240.122 - - [17/Apr/2026:07:25:30 +0300] "POST /xmlrpc.php HTTP/1.1" 200 16005 "-" "Mozilla/5.0 (Windows NT 10.0; Win64; x64) AppleWebKit/537.36 (KHTML, like Gecko) Chrome/114.0.0.0 Safari/537.36"
62.12.118.35 - - [17/Apr/2026:07:25:30 +0300] "GET /top-10-online-all-american-poker-online-legal-casinos-2026-7000-a-real-income-web-sites-tested/ HTTP/1.1" 200 74249 "-" "Mozilla/5.0 (Windows NT 10.0; rv:125.0) Gecko/20100101 Firefox/125.0"
165.73.240.122 - - [17/Apr/2026:07:25:44 +0300] "GET /erreichbar-kasino-abmachung-2025-beste-x-men-online-slot-casinos-pro-teutonia/ HTTP/1.1" 200 78034 "-" "Mozilla/5.0 (Windows NT 10.0; Win64; x64; rv:125.0) Gecko/20100101 Firefox/125.0"
98.98.9.58 - - [17/Apr/2026:07:26:18 +0300] "POST /xmlrpc.php HTTP/1.1" 200 630 "-" "Mozilla/5.0 (Windows NT 10.0; Win64; x64) AppleWebKit/537.36 (KHTML, like Gecko) Chrome/114.0.0.0 Safari/537.36"
185.216.113.70 - - [17/Apr/2026:07:26:43 +0300] "POST /wp-cron.php?doing_wp_cron=1776400003.7754740715026855468750 HTTP/1.1" 200 448 "-" "WordPress/6.3.8; https://serhatburke.miroglu.net"
62.12.118.35 - - [17/Apr/2026:07:26:31 +0300] "POST /xmlrpc.php HTTP/1.1" 200 630 "-" "Mozilla/5.0 (Windows NT 10.0; Win64; x64) AppleWebKit/537.36 (KHTML, like Gecko) Chrome/114.0.0.0 Safari/537.36"
98.98.9.58 - - [17/Apr/2026:07:26:37 +0300] "POST /xmlrpc.php HTTP/1.1" 200 9745 "-" "Mozilla/5.0 (Windows NT 10.0; Win64; x64) AppleWebKit/537.36 (KHTML, like Gecko) Chrome/114.0.0.0 Safari/537.36"
62.12.118.35 - - [17/Apr/2026:07:26:50 +0300] "POST /xmlrpc.php HTTP/1.1" 200 13425 "-" "Mozilla/5.0 (Windows NT 10.0; Win64; x64) AppleWebKit/537.36 (KHTML, like Gecko) Chrome/114.0.0.0 Safari/537.36"
98.98.9.58 - - [17/Apr/2026:07:26:52 +0300] "GET /betway-kazino-komentaras-kanadoje-2026-hitnspin-svetaine-m/ HTTP/1.1" 200 71800 "-" "Mozilla/5.0 (Windows NT 10.0; Win64; x64) AppleWebKit/537.36 (KHTML, like Gecko) Chrome/124.0.0.0 Safari/537.36"
62.12.118.35 - - [17/Apr/2026:07:27:07 +0300] "GET /as-to-the-reasons-flaming-fruits-mobile-the-new-pokies-is-best-online-casino-around-australia-within-the-2026/ HTTP/1.1" 200 75704 "-" "Mozilla/5.0 (Windows NT 10.0; Win64; x64) AppleWebKit/537.36 (KHTML, like Gecko) Chrome/124.0.0.0 Safari/537.36 Edg/124.0.0.0"
185.216.113.70 - - [17/Apr/2026:07:27:53 +0300] "POST /wp-cron.php?doing_wp_cron=1776400073.7076079845428466796875 HTTP/1.1" 200 448 "-" "WordPress/6.3.8; https://serhatburke.miroglu.net"
62.12.118.35 - - [17/Apr/2026:07:27:42 +0300] "POST /xmlrpc.php HTTP/1.1" 200 630 "-" "Mozilla/5.0 (Windows NT 10.0; Win64; x64) AppleWebKit/537.36 (KHTML, like Gecko) Chrome/114.0.0.0 Safari/537.36"
62.12.118.35 - - [17/Apr/2026:07:28:00 +0300] "POST /xmlrpc.php HTTP/1.1" 200 13516 "-" "Mozilla/5.0 (Windows NT 10.0; Win64; x64) AppleWebKit/537.36 (KHTML, like Gecko) Chrome/114.0.0.0 Safari/537.36"
62.12.118.35 - - [17/Apr/2026:07:28:13 +0300] "GET /cjgs20017-online-casino-double-double-bonus-poker-100-hand-habanero-hotpotqa_reason_ori/ HTTP/1.1" 200 75088 "-" "Mozilla/5.0 (Windows NT 10.0; Win64; x64) AppleWebKit/537.36 (KHTML, like Gecko) Chrome/122.0.0.0 Safari/537.36"
104.166.164.67 - - [17/Apr/2026:07:28:23 +0300] "POST /xmlrpc.php HTTP/1.1" 200 630 "-" "Mozilla/5.0 (Windows NT 10.0; Win64; x64) AppleWebKit/537.36 (KHTML, like Gecko) Chrome/114.0.0.0 Safari/537.36"
31.23.88.139 - - [17/Apr/2026:07:28:25 +0300] "GET / HTTP/1.1" 200 19214 "-" "Mozilla/5.0 (Windows NT 10.0; Win64; x64) AppleWebKit/537.36 (KHTML, like Gecko) Chrome/120.0.0.0 Safari/537.36"
185.216.113.70 - - [17/Apr/2026:07:28:54 +0300] "POST /wp-cron.php?doing_wp_cron=1776400134.2269289493560791015625 HTTP/1.1" 200 448 "-" "WordPress/6.3.8; https://serhatburke.miroglu.net"
104.166.164.67 - - [17/Apr/2026:07:28:42 +0300] "POST /xmlrpc.php HTTP/1.1" 200 12926 "-" "Mozilla/5.0 (Windows NT 10.0; Win64; x64) AppleWebKit/537.36 (KHTML, like Gecko) Chrome/114.0.0.0 Safari/537.36"
104.166.164.67 - - [17/Apr/2026:07:28:56 +0300] "GET /insane-local-britainbet-online-slot-machine-casino-remark-2026-crypto-incentive-fast-payouts-video-game-diversity/ HTTP/1.1" 200 75340 "-" "Mozilla/5.0 (Windows NT 10.0; rv:109.0) Gecko/20100101 Firefox/115.0"
62.12.118.35 - - [17/Apr/2026:07:29:03 +0300] "POST /xmlrpc.php HTTP/1.1" 200 630 "-" "Mozilla/5.0 (Windows NT 10.0; Win64; x64) AppleWebKit/537.36 (KHTML, like Gecko) Chrome/114.0.0.0 Safari/537.36"
62.12.118.35 - - [17/Apr/2026:07:29:25 +0300] "POST /xmlrpc.php HTTP/1.1" 200 12902 "-" "Mozilla/5.0 (Windows NT 10.0; Win64; x64) AppleWebKit/537.36 (KHTML, like Gecko) Chrome/114.0.0.0 Safari/537.36"
185.216.113.70 - - [17/Apr/2026:07:29:51 +0300] "POST /wp-cron.php?doing_wp_cron=1776400191.6291229724884033203125 HTTP/1.1" 200 448 "-" "WordPress/6.3.8; https://serhatburke.miroglu.net"
62.12.118.35 - - [17/Apr/2026:07:29:39 +0300] "GET /10-greatest-online-gambling-web-sites-and-you-fortune-turtle-slot-machine-can-casinos-within-the-canada-2026/ HTTP/1.1" 200 74926 "-" "Mozilla/5.0 (Windows NT 10.0; Win64; x64) AppleWebKit/537.36 (KHTML, like Gecko) Chrome/124.0.0.0 Safari/537.36 Edg/124.0.0.0"
185.191.171.6 - - [17/Apr/2026:07:29:50 +0300] "GET /casino-addisjon-uten-innskudd-inni-gambling-nettsteder-norge-norge-2024-fri-casino-bonuser/ HTTP/1.1" 200 20680 "-" "Mozilla/5.0 (compatible; SemrushBot/7~bl; +http://www.semrush.com/bot.html)"
62.12.118.35 - - [17/Apr/2026:07:30:02 +0300] "POST /xmlrpc.php HTTP/1.1" 200 630 "-" "Mozilla/5.0 (Windows NT 10.0; Win64; x64) AppleWebKit/537.36 (KHTML, like Gecko) Chrome/114.0.0.0 Safari/537.36"
185.216.113.70 - - [17/Apr/2026:07:30:37 +0300] "POST /wp-cron.php?doing_wp_cron=1776400237.4392819404602050781250 HTTP/1.1" 200 448 "-" "WordPress/6.3.8; https://serhatburke.miroglu.net"
62.12.118.35 - - [17/Apr/2026:07:30:24 +0300] "POST /xmlrpc.php HTTP/1.1" 200 12969 "-" "Mozilla/5.0 (Windows NT 10.0; Win64; x64) AppleWebKit/537.36 (KHTML, like Gecko) Chrome/114.0.0.0 Safari/537.36"
62.12.118.35 - - [17/Apr/2026:07:30:38 +0300] "GET /online-casino-the-brand-new-50-free-spins-super-flip-on-registration-no-deposit-zealand-1600-deposit-bonus/ HTTP/1.1" 200 75369 "-" "Mozilla/5.0 (Windows NT 10.0; rv:109.0) Gecko/20100101 Firefox/115.0"
165.73.240.122 - - [17/Apr/2026:07:30:55 +0300] "POST /xmlrpc.php HTTP/1.1" 200 630 "-" "Mozilla/5.0 (Windows NT 10.0; Win64; x64) AppleWebKit/537.36 (KHTML, like Gecko) Chrome/114.0.0.0 Safari/537.36"
185.216.113.70 - - [17/Apr/2026:07:31:26 +0300] "POST /wp-cron.php?doing_wp_cron=1776400286.3591148853302001953125 HTTP/1.1" 200 448 "-" "WordPress/6.3.8; https://serhatburke.miroglu.net"
165.73.240.122 - - [17/Apr/2026:07:31:14 +0300] "POST /xmlrpc.php HTTP/1.1" 200 14975 "-" "Mozilla/5.0 (Windows NT 10.0; Win64; x64) AppleWebKit/537.36 (KHTML, like Gecko) Chrome/114.0.0.0 Safari/537.36"
62.12.118.35 - - [17/Apr/2026:07:31:24 +0300] "POST /xmlrpc.php HTTP/1.1" 200 630 "-" "Mozilla/5.0 (Windows NT 10.0; Win64; x64) AppleWebKit/537.36 (KHTML, like Gecko) Chrome/114.0.0.0 Safari/537.36"
165.73.240.122 - - [17/Apr/2026:07:31:28 +0300] "GET /alle-desert-treasure-2-kostenlose-spins-keine-einzahlung-verbunden-casinos-uber-paypal-einzahlung-ein-grose-untersuchung-2026/ HTTP/1.1" 200 78079 "-" "Mozilla/5.0 (Windows NT 10.0; Win64; x64) AppleWebKit/537.36 (KHTML, like Gecko) Chrome/123.0.0.0 Safari/537.36 OPR/109.0.0.0"
98.98.9.58 - - [17/Apr/2026:07:31:40 +0300] "POST /xmlrpc.php HTTP/1.1" 200 630 "-" "Mozilla/5.0 (Windows NT 10.0; Win64; x64) AppleWebKit/537.36 (KHTML, like Gecko) Chrome/114.0.0.0 Safari/537.36"
62.12.118.35 - - [17/Apr/2026:07:31:48 +0300] "POST /xmlrpc.php HTTP/1.1" 200 12386 "-" "Mozilla/5.0 (Windows NT 10.0; Win64; x64) AppleWebKit/537.36 (KHTML, like Gecko) Chrome/114.0.0.0 Safari/537.36"
98.98.9.58 - - [17/Apr/2026:07:32:00 +0300] "POST /xmlrpc.php HTTP/1.1" 200 10400 "-" "Mozilla/5.0 (Windows NT 10.0; Win64; x64) AppleWebKit/537.36 (KHTML, like Gecko) Chrome/114.0.0.0 Safari/537.36"
62.12.118.35 - - [17/Apr/2026:07:32:01 +0300] "GET /the-fresh-10-best-free-position-applications-finest-picks-to-own-android-and-mr-bet-promo-codes-ios/ HTTP/1.1" 200 74447 "-" "Mozilla/5.0 (Windows NT 10.0; Win64; x64) AppleWebKit/537.36 (KHTML, like Gecko) Chrome/123.0.0.0 Safari/537.36 OPR/109.0.0.0"
98.98.9.58 - - [17/Apr/2026:07:32:16 +0300] "GET /ismanus-losimo-automatas-kuri-verta-isbandyti-mobiliajame-hitnspin-apk-prisijungimas-telefone-2026-m/ HTTP/1.1" 200 73356 "-" "Mozilla/5.0 (Windows NT 10.0; Win64; x64; rv:125.0) Gecko/20100101 Firefox/125.0"
62.12.118.35 - - [17/Apr/2026:07:32:23 +0300] "POST /xmlrpc.php HTTP/1.1" 200 630 "-" "Mozilla/5.0 (Windows NT 10.0; Win64; x64) AppleWebKit/537.36 (KHTML, like Gecko) Chrome/114.0.0.0 Safari/537.36"
185.216.113.70 - - [17/Apr/2026:07:32:41 +0300] "POST /wp-cron.php?doing_wp_cron=1776400360.8919100761413574218750 HTTP/1.1" 200 448 "-" "WordPress/6.3.8; https://serhatburke.miroglu.net"
104.166.164.67 - - [17/Apr/2026:07:32:28 +0300] "POST /xmlrpc.php HTTP/1.1" 200 630 "-" "Mozilla/5.0 (Windows NT 10.0; Win64; x64) AppleWebKit/537.36 (KHTML, like Gecko) Chrome/114.0.0.0 Safari/537.36"
62.12.118.35 - - [17/Apr/2026:07:32:41 +0300] "POST /xmlrpc.php HTTP/1.1" 200 12986 "-" "Mozilla/5.0 (Windows NT 10.0; Win64; x64) AppleWebKit/537.36 (KHTML, like Gecko) Chrome/114.0.0.0 Safari/537.36"
104.166.164.67 - - [17/Apr/2026:07:32:47 +0300] "POST /xmlrpc.php HTTP/1.1" 200 12301 "-" "Mozilla/5.0 (Windows NT 10.0; Win64; x64) AppleWebKit/537.36 (KHTML, like Gecko) Chrome/114.0.0.0 Safari/537.36"
62.12.118.35 - - [17/Apr/2026:07:32:57 +0300] "GET /indian-fantasizing-slot-emperors-wealth-slot-play-for-money-tips-100-percent-free-spins-and-a-lot-more/ HTTP/1.1" 200 75013 "-" "Mozilla/5.0 (Windows NT 10.0; Win64; x64; rv:125.0) Gecko/20100101 Firefox/125.0"
104.166.164.67 - - [17/Apr/2026:07:33:04 +0300] "GET /10-finest-online-casinos-for-real-currency-enjoy-and-you-will-win-casino-red-dog-login-inside-2026/ HTTP/1.1" 200 73961 "-" "Mozilla/5.0 (Windows NT 10.0; Win64; x64; rv:124.0) Gecko/20100101 Firefox/124.0"
62.12.118.35 - - [17/Apr/2026:07:33:26 +0300] "POST /xmlrpc.php HTTP/1.1" 200 630 "-" "Mozilla/5.0 (Windows NT 10.0; Win64; x64) AppleWebKit/537.36 (KHTML, like Gecko) Chrome/114.0.0.0 Safari/537.36"
185.216.113.70 - - [17/Apr/2026:07:34:00 +0300] "POST /wp-cron.php?doing_wp_cron=1776400440.4130470752716064453125 HTTP/1.1" 200 448 "-" "WordPress/6.3.8; https://serhatburke.miroglu.net"
62.12.118.35 - - [17/Apr/2026:07:33:47 +0300] "POST /xmlrpc.php HTTP/1.1" 200 11877 "-" "Mozilla/5.0 (Windows NT 10.0; Win64; x64) AppleWebKit/537.36 (KHTML, like Gecko) Chrome/114.0.0.0 Safari/537.36"
62.12.118.35 - - [17/Apr/2026:07:34:02 +0300] "GET /greatest-united-states-online-1-party-time-casinos-2026-up-to-date-real-cash-casinos-list/ HTTP/1.1" 200 73676 "-" "Mozilla/5.0 (Windows NT 10.0; Win64; x64) AppleWebKit/537.36 (KHTML, like Gecko) Chrome/124.0.0.0 Safari/537.36"
62.12.118.35 - - [17/Apr/2026:07:34:25 +0300] "POST /xmlrpc.php HTTP/1.1" 200 630 "-" "Mozilla/5.0 (Windows NT 10.0; Win64; x64) AppleWebKit/537.36 (KHTML, like Gecko) Chrome/114.0.0.0 Safari/537.36"
185.216.113.70 - - [17/Apr/2026:07:34:58 +0300] "POST /wp-cron.php?doing_wp_cron=1776400498.5969688892364501953125 HTTP/1.1" 200 448 "-" "WordPress/6.3.8; https://serhatburke.miroglu.net"
172.86.76.182 - - [17/Apr/2026:07:34:43 +0300] "GET /beste-casino-site-belgie-hoge-inzet/ HTTP/1.1" 200 18613 "-" "Mozilla/5.0 (Windows NT 10.0; Win64; x64) AppleWebKit/537.36 (KHTML, like Gecko) Chrome/114.0.0.0 Safari/537.36 Edg/114.0.1264.71"
62.12.118.35 - - [17/Apr/2026:07:34:44 +0300] "POST /xmlrpc.php HTTP/1.1" 200 13941 "-" "Mozilla/5.0 (Windows NT 10.0; Win64; x64) AppleWebKit/537.36 (KHTML, like Gecko) Chrome/114.0.0.0 Safari/537.36"
98.98.9.58 - - [17/Apr/2026:07:34:50 +0300] "POST /xmlrpc.php HTTP/1.1" 200 630 "-" "Mozilla/5.0 (Windows NT 10.0; Win64; x64) AppleWebKit/537.36 (KHTML, like Gecko) Chrome/114.0.0.0 Safari/537.36"
62.12.118.35 - - [17/Apr/2026:07:35:01 +0300] "GET /better-web-based-casinos-within-the-2026-procedures-recommendations-and-play-black-gold-slots-expert-advice/ HTTP/1.1" 200 76330 "-" "Mozilla/5.0 (Windows NT 10.0; Win64; x64; rv:124.0) Gecko/20100101 Firefox/124.0"
98.98.9.58 - - [17/Apr/2026:07:35:15 +0300] "POST /xmlrpc.php HTTP/1.1" 200 9670 "-" "Mozilla/5.0 (Windows NT 10.0; Win64; x64) AppleWebKit/537.36 (KHTML, like Gecko) Chrome/114.0.0.0 Safari/537.36"
185.216.113.70 - - [17/Apr/2026:07:35:42 +0300] "POST /wp-cron.php?doing_wp_cron=1776400542.5791640281677246093750 HTTP/1.1" 200 448 "-" "WordPress/6.3.8; https://serhatburke.miroglu.net"
98.98.9.58 - - [17/Apr/2026:07:35:30 +0300] "GET /geriausi-papildomi-kodai-be-depozito-australijos-zemyne-2026-hitnspin-pinigu-isemimas-m/ HTTP/1.1" 200 72584 "-" "Mozilla/5.0 (Windows NT 10.0; rv:125.0) Gecko/20100101 Firefox/125.0"
62.12.118.35 - - [17/Apr/2026:07:35:37 +0300] "POST /xmlrpc.php HTTP/1.1" 200 630 "-" "Mozilla/5.0 (Windows NT 10.0; Win64; x64) AppleWebKit/537.36 (KHTML, like Gecko) Chrome/114.0.0.0 Safari/537.36"
62.12.118.35 - - [17/Apr/2026:07:35:55 +0300] "POST /xmlrpc.php HTTP/1.1" 200 12633 "-" "Mozilla/5.0 (Windows NT 10.0; Win64; x64) AppleWebKit/537.36 (KHTML, like Gecko) Chrome/114.0.0.0 Safari/537.36"
62.12.118.35 - - [17/Apr/2026:07:36:09 +0300] "GET /a-real-income-casinos-on-the-internet-finest-sites-to-have-blackjack-classic-online-real-money-2026/ HTTP/1.1" 200 74572 "-" "Mozilla/5.0 (Windows NT 10.0; Win64; x64) AppleWebKit/537.36 (KHTML, like Gecko) Chrome/124.0.0.0 Safari/537.36 Edg/124.0.0.0"
104.166.164.67 - - [17/Apr/2026:07:36:18 +0300] "POST /xmlrpc.php HTTP/1.1" 200 630 "-" "Mozilla/5.0 (Windows NT 10.0; Win64; x64) AppleWebKit/537.36 (KHTML, like Gecko) Chrome/114.0.0.0 Safari/537.36"
185.216.113.70 - - [17/Apr/2026:07:36:45 +0300] "POST /wp-cron.php?doing_wp_cron=1776400605.0169749259948730468750 HTTP/1.1" 200 448 "-" "WordPress/6.3.8; https://serhatburke.miroglu.net"
62.12.118.35 - - [17/Apr/2026:07:36:33 +0300] "POST /xmlrpc.php HTTP/1.1" 200 630 "-" "Mozilla/5.0 (Windows NT 10.0; Win64; x64) AppleWebKit/537.36 (KHTML, like Gecko) Chrome/114.0.0.0 Safari/537.36"
104.166.164.67 - - [17/Apr/2026:07:36:37 +0300] "POST /xmlrpc.php HTTP/1.1" 200 12666 "-" "Mozilla/5.0 (Windows NT 10.0; Win64; x64) AppleWebKit/537.36 (KHTML, like Gecko) Chrome/114.0.0.0 Safari/537.36"
165.73.240.122 - - [17/Apr/2026:07:36:48 +0300] "POST /xmlrpc.php HTTP/1.1" 200 630 "-" "Mozilla/5.0 (Windows NT 10.0; Win64; x64) AppleWebKit/537.36 (KHTML, like Gecko) Chrome/114.0.0.0 Safari/537.36"
62.12.118.35 - - [17/Apr/2026:07:36:51 +0300] "POST /xmlrpc.php HTTP/1.1" 200 12722 "-" "Mozilla/5.0 (Windows NT 10.0; Win64; x64) AppleWebKit/537.36 (KHTML, like Gecko) Chrome/114.0.0.0 Safari/537.36"
104.166.164.67 - - [17/Apr/2026:07:36:51 +0300] "GET /finest-web-based-casinos-the-real-deal-real-money-casino-android-app-download-money-in-canada-2026/ HTTP/1.1" 200 74634 "-" "Mozilla/5.0 (Windows NT 10.0; rv:109.0) Gecko/20100101 Firefox/115.0"
62.12.118.35 - - [17/Apr/2026:07:37:13 +0300] "GET /supernova-on-line-pokie-opinion-hot-ink-casino-better-on-line-pokies-australia/ HTTP/1.1" 200 74260 "-" "Mozilla/5.0 (Windows NT 10.0; Win64; x64) AppleWebKit/537.36 (KHTML, like Gecko) Chrome/109.0.0.0 Safari/537.36"
165.73.240.122 - - [17/Apr/2026:07:37:16 +0300] "POST /xmlrpc.php HTTP/1.1" 200 14060 "-" "Mozilla/5.0 (Windows NT 10.0; Win64; x64) AppleWebKit/537.36 (KHTML, like Gecko) Chrome/114.0.0.0 Safari/537.36"
185.216.113.70 - - [17/Apr/2026:07:37:41 +0300] "POST /wp-cron.php?doing_wp_cron=1776400661.7949450016021728515625 HTTP/1.1" 200 448 "-" "WordPress/6.3.8; https://serhatburke.miroglu.net"
103.219.169.214 - - [17/Apr/2026:07:37:22 +0300] "POST /xmlrpc.php HTTP/1.1" 200 630 "-" "Mozilla/5.0 (Windows NT 10.0; Win64; x64) AppleWebKit/537.36 (KHTML, like Gecko) Chrome/114.0.0.0 Safari/537.36"
62.12.118.35 - - [17/Apr/2026:07:37:23 +0300] "POST /xmlrpc.php HTTP/1.1" 200 630 "-" "Mozilla/5.0 (Windows NT 10.0; Win64; x64) AppleWebKit/537.36 (KHTML, like Gecko) Chrome/114.0.0.0 Safari/537.36"
165.73.240.122 - - [17/Apr/2026:07:37:35 +0300] "GET /neue-kasino-casinos-slot-golden-planet-exklusive-einzahlung-2026-letzter-schrei-im-marzen/ HTTP/1.1" 200 76296 "-" "Mozilla/5.0 (Windows NT 10.0; rv:125.0) Gecko/20100101 Firefox/125.0"
103.219.169.214 - - [17/Apr/2026:07:37:48 +0300] "POST /xmlrpc.php HTTP/1.1" 200 15533 "-" "Mozilla/5.0 (Windows NT 10.0; Win64; x64) AppleWebKit/537.36 (KHTML, like Gecko) Chrome/114.0.0.0 Safari/537.36"
98.98.9.58 - - [17/Apr/2026:07:37:50 +0300] "POST /xmlrpc.php HTTP/1.1" 200 630 "-" "Mozilla/5.0 (Windows NT 10.0; Win64; x64) AppleWebKit/537.36 (KHTML, like Gecko) Chrome/114.0.0.0 Safari/537.36"
62.12.118.35 - - [17/Apr/2026:07:37:53 +0300] "POST /xmlrpc.php HTTP/1.1" 200 12442 "-" "Mozilla/5.0 (Windows NT 10.0; Win64; x64) AppleWebKit/537.36 (KHTML, like Gecko) Chrome/114.0.0.0 Safari/537.36"
103.219.169.214 - - [17/Apr/2026:07:38:09 +0300] "GET /codere-mega-moolah-play-de-tragamonedas-por-dinero-real/ HTTP/1.1" 200 76686 "-" "Mozilla/5.0 (Windows NT 10.0; Win64; x64) AppleWebKit/537.36 (KHTML, like Gecko) Chrome/123.0.0.0 Safari/537.36"
62.12.118.35 - - [17/Apr/2026:07:38:12 +0300] "GET /better-internet-casino-bonuses-in-america-within-the-best-new-online-casinos-february-2026/ HTTP/1.1" 200 74160 "-" "Mozilla/5.0 (Windows NT 10.0; Win64; x64; rv:125.0) Gecko/20100101 Firefox/125.0"
62.12.118.35 - - [17/Apr/2026:07:38:17 +0300] "POST /xmlrpc.php HTTP/1.1" 200 630 "-" "Mozilla/5.0 (Windows NT 10.0; Win64; x64) AppleWebKit/537.36 (KHTML, like Gecko) Chrome/114.0.0.0 Safari/537.36"
98.98.9.58 - - [17/Apr/2026:07:38:18 +0300] "POST /xmlrpc.php HTTP/1.1" 200 10997 "-" "Mozilla/5.0 (Windows NT 10.0; Win64; x64) AppleWebKit/537.36 (KHTML, like Gecko) Chrome/114.0.0.0 Safari/537.36"
185.216.113.70 - - [17/Apr/2026:07:38:53 +0300] "POST /wp-cron.php?doing_wp_cron=1776400733.8253369331359863281250 HTTP/1.1" 200 448 "-" "WordPress/6.3.8; https://serhatburke.miroglu.net"
62.12.118.35 - - [17/Apr/2026:07:38:41 +0300] "POST /xmlrpc.php HTTP/1.1" 200 13028 "-" "Mozilla/5.0 (Windows NT 10.0; Win64; x64) AppleWebKit/537.36 (KHTML, like Gecko) Chrome/114.0.0.0 Safari/537.36"
98.98.9.58 - - [17/Apr/2026:07:38:41 +0300] "GET /avalon-dos-premijos-kodas-hitnspin-internetine-nuomone-2026-m-laimekite-jackpota-premijas/ HTTP/1.1" 200 73523 "-" "Mozilla/5.0 (Windows NT 10.0; Win64; x64) AppleWebKit/537.36 (KHTML, like Gecko) Chrome/123.0.0.0 Safari/537.36 OPR/109.0.0.0"
62.12.118.35 - - [17/Apr/2026:07:38:55 +0300] "GET /best-web-based-casinos-south-africa-2026-best-online-casino-super-diamond-wild-complete-review/ HTTP/1.1" 200 75075 "-" "Mozilla/5.0 (Windows NT 10.0; Win64; x64; rv:125.0) Gecko/20100101 Firefox/125.0"
62.12.118.35 - - [17/Apr/2026:07:39:06 +0300] "POST /xmlrpc.php HTTP/1.1" 200 630 "-" "Mozilla/5.0 (Windows NT 10.0; Win64; x64) AppleWebKit/537.36 (KHTML, like Gecko) Chrome/114.0.0.0 Safari/537.36"
104.166.164.67 - - [17/Apr/2026:07:39:08 +0300] "POST /xmlrpc.php HTTP/1.1" 200 630 "-" "Mozilla/5.0 (Windows NT 10.0; Win64; x64) AppleWebKit/537.36 (KHTML, like Gecko) Chrome/114.0.0.0 Safari/537.36"
185.216.113.70 - - [17/Apr/2026:07:39:38 +0300] "POST /wp-cron.php?doing_wp_cron=1776400778.6751320362091064453125 HTTP/1.1" 200 448 "-" "WordPress/6.3.8; https://serhatburke.miroglu.net"
62.12.118.35 - - [17/Apr/2026:07:39:26 +0300] "POST /xmlrpc.php HTTP/1.1" 200 12408 "-" "Mozilla/5.0 (Windows NT 10.0; Win64; x64) AppleWebKit/537.36 (KHTML, like Gecko) Chrome/114.0.0.0 Safari/537.36"
104.166.164.67 - - [17/Apr/2026:07:39:27 +0300] "POST /xmlrpc.php HTTP/1.1" 200 12424 "-" "Mozilla/5.0 (Windows NT 10.0; Win64; x64) AppleWebKit/537.36 (KHTML, like Gecko) Chrome/114.0.0.0 Safari/537.36"
62.12.118.35 - - [17/Apr/2026:07:39:39 +0300] "GET /statistics-perception-most-recent-ai-crypto-technical-information-and-happy-hour-slot-free-spins-research/ HTTP/1.1" 200 74680 "-" "Mozilla/5.0 (Windows NT 10.0; Win64; x64) AppleWebKit/537.36 (KHTML, like Gecko) Chrome/123.0.0.0 Safari/537.36"
104.166.164.67 - - [17/Apr/2026:07:39:41 +0300] "GET /totally-free-slots-enjoy-32178-100-free-spins-no-deposit-casino-gambling-establishment-position-demos/ HTTP/1.1" 200 74521 "-" "Mozilla/5.0 (Windows NT 10.0; Win64; x64) AppleWebKit/537.36 (KHTML, like Gecko) Chrome/124.0.0.0 Safari/537.36"
62.12.118.35 - - [17/Apr/2026:07:39:59 +0300] "POST /xmlrpc.php HTTP/1.1" 200 630 "-" "Mozilla/5.0 (Windows NT 10.0; Win64; x64) AppleWebKit/537.36 (KHTML, like Gecko) Chrome/114.0.0.0 Safari/537.36"
185.216.113.70 - - [17/Apr/2026:07:40:32 +0300] "POST /wp-cron.php?doing_wp_cron=1776400832.7026669979095458984375 HTTP/1.1" 200 448 "-" "WordPress/6.3.8; https://serhatburke.miroglu.net"
62.12.118.35 - - [17/Apr/2026:07:40:20 +0300] "POST /xmlrpc.php HTTP/1.1" 200 13107 "-" "Mozilla/5.0 (Windows NT 10.0; Win64; x64) AppleWebKit/537.36 (KHTML, like Gecko) Chrome/114.0.0.0 Safari/537.36"
98.98.9.58 - - [17/Apr/2026:07:40:29 +0300] "POST /xmlrpc.php HTTP/1.1" 200 630 "-" "Mozilla/5.0 (Windows NT 10.0; Win64; x64) AppleWebKit/537.36 (KHTML, like Gecko) Chrome/114.0.0.0 Safari/537.36"
62.12.118.35 - - [17/Apr/2026:07:40:33 +0300] "GET /tomb-raider-gambling-establishment-jungle-games-1-deposit-ports-ram-technology/ HTTP/1.1" 200 74573 "-" "Mozilla/5.0 (Windows NT 10.0; Win64; x64) AppleWebKit/537.36 (KHTML, like Gecko) Chrome/123.0.0.0 Safari/537.36 OPR/109.0.0.0"
98.98.9.58 - - [17/Apr/2026:07:40:52 +0300] "POST /xmlrpc.php HTTP/1.1" 200 9590 "-" "Mozilla/5.0 (Windows NT 10.0; Win64; x64) AppleWebKit/537.36 (KHTML, like Gecko) Chrome/114.0.0.0 Safari/537.36"
62.12.118.35 - - [17/Apr/2026:07:41:00 +0300] "POST /xmlrpc.php HTTP/1.1" 200 630 "-" "Mozilla/5.0 (Windows NT 10.0; Win64; x64) AppleWebKit/537.36 (KHTML, like Gecko) Chrome/114.0.0.0 Safari/537.36"
98.98.9.58 - - [17/Apr/2026:07:41:09 +0300] "GET /internetinis-verde-casino-kazino-kvailiojimas-su-250-paskata/ HTTP/1.1" 200 71221 "-" "Mozilla/5.0 (Windows NT 10.0; Win64; x64) AppleWebKit/537.36 (KHTML, like Gecko) Chrome/123.0.0.0 Safari/537.36 OPR/109.0.0.0"
185.216.113.70 - - [17/Apr/2026:07:41:37 +0300] "POST /wp-cron.php?doing_wp_cron=1776400897.5610699653625488281250 HTTP/1.1" 200 448 "-" "WordPress/6.3.8; https://serhatburke.miroglu.net"
62.12.118.35 - - [17/Apr/2026:07:41:23 +0300] "POST /xmlrpc.php HTTP/1.1" 200 13108 "-" "Mozilla/5.0 (Windows NT 10.0; Win64; x64) AppleWebKit/537.36 (KHTML, like Gecko) Chrome/114.0.0.0 Safari/537.36"
62.12.118.35 - - [17/Apr/2026:07:41:38 +0300] "GET /greatest-international-internet-casino-websites-inside-50-free-spins-on-hot-roller-february-2026/ HTTP/1.1" 200 75122 "-" "Mozilla/5.0 (Windows NT 10.0; Win64; x64) AppleWebKit/537.36 (KHTML, like Gecko) Chrome/123.0.0.0 Safari/537.36 OPR/109.0.0.0"
62.12.118.35 - - [17/Apr/2026:07:41:45 +0300] "POST /xmlrpc.php HTTP/1.1" 200 630 "-" "Mozilla/5.0 (Windows NT 10.0; Win64; x64) AppleWebKit/537.36 (KHTML, like Gecko) Chrome/114.0.0.0 Safari/537.36"
165.73.240.122 - - [17/Apr/2026:07:42:03 +0300] "POST /xmlrpc.php HTTP/1.1" 200 630 "-" "Mozilla/5.0 (Windows NT 10.0; Win64; x64) AppleWebKit/537.36 (KHTML, like Gecko) Chrome/114.0.0.0 Safari/537.36"
62.12.118.35 - - [17/Apr/2026:07:42:07 +0300] "POST /xmlrpc.php HTTP/1.1" 200 12633 "-" "Mozilla/5.0 (Windows NT 10.0; Win64; x64) AppleWebKit/537.36 (KHTML, like Gecko) Chrome/114.0.0.0 Safari/537.36"
104.166.164.67 - - [17/Apr/2026:07:42:10 +0300] "POST /xmlrpc.php HTTP/1.1" 200 630 "-" "Mozilla/5.0 (Windows NT 10.0; Win64; x64) AppleWebKit/537.36 (KHTML, like Gecko) Chrome/114.0.0.0 Safari/537.36"
185.216.113.70 - - [17/Apr/2026:07:42:47 +0300] "POST /wp-cron.php?doing_wp_cron=1776400967.4933609962463378906250 HTTP/1.1" 200 448 "-" "WordPress/6.3.8; https://serhatburke.miroglu.net"
165.73.240.122 - - [17/Apr/2026:07:42:27 +0300] "POST /xmlrpc.php HTTP/1.1" 200 13222 "-" "Mozilla/5.0 (Windows NT 10.0; Win64; x64) AppleWebKit/537.36 (KHTML, like Gecko) Chrome/114.0.0.0 Safari/537.36"
62.12.118.35 - - [17/Apr/2026:07:42:28 +0300] "POST /xmlrpc.php HTTP/1.1" 200 630 "-" "Mozilla/5.0 (Windows NT 10.0; Win64; x64) AppleWebKit/537.36 (KHTML, like Gecko) Chrome/114.0.0.0 Safari/537.36"
62.12.118.35 - - [17/Apr/2026:07:42:27 +0300] "GET /greatest-a-real-income-casinos-on-the-carnaval-slot-internet-2025-current-number/ HTTP/1.1" 200 74012 "-" "Mozilla/5.0 (Windows NT 10.0; Win64; x64) AppleWebKit/537.36 (KHTML, like Gecko) Chrome/124.0.0.0 Safari/537.36"
104.166.164.67 - - [17/Apr/2026:07:42:36 +0300] "POST /xmlrpc.php HTTP/1.1" 200 12835 "-" "Mozilla/5.0 (Windows NT 10.0; Win64; x64) AppleWebKit/537.36 (KHTML, like Gecko) Chrome/114.0.0.0 Safari/537.36"
165.73.240.122 - - [17/Apr/2026:07:42:49 +0300] "GET /die-besten-echtgeld-online-casinos-2026-kostenlose-spins-book-of-ra-keine-einzahlung-aktuelle-liste/ HTTP/1.1" 200 75554 "-" "Mozilla/5.0 (Windows NT 10.0; rv:125.0) Gecko/20100101 Firefox/125.0"
62.12.118.35 - - [17/Apr/2026:07:42:56 +0300] "POST /xmlrpc.php HTTP/1.1" 200 13075 "-" "Mozilla/5.0 (Windows NT 10.0; Win64; x64) AppleWebKit/537.36 (KHTML, like Gecko) Chrome/114.0.0.0 Safari/537.36"
104.166.164.67 - - [17/Apr/2026:07:42:58 +0300] "GET /genius-from-ounce-amber-urban-area-position-play-for-free-online-mercantile-work-king-kong-online-slot-environment-options-pvt-ltd/ HTTP/1.1" 200 75806 "-" "Mozilla/5.0 (Windows NT 10.0; rv:125.0) Gecko/20100101 Firefox/125.0"
62.12.118.35 - - [17/Apr/2026:07:43:13 +0300] "POST /xmlrpc.php HTTP/1.1" 200 630 "-" "Mozilla/5.0 (Windows NT 10.0; Win64; x64) AppleWebKit/537.36 (KHTML, like Gecko) Chrome/114.0.0.0 Safari/537.36"
62.12.118.35 - - [17/Apr/2026:07:43:17 +0300] "GET /5-minimal-deposit-microgaming-slot-games-gambling-enterprises-around-australia-2026-inform/ HTTP/1.1" 200 74623 "-" "Mozilla/5.0 (Windows NT 10.0; Win64; x64; rv:124.0) Gecko/20100101 Firefox/124.0"
98.98.9.58 - - [17/Apr/2026:07:43:26 +0300] "POST /xmlrpc.php HTTP/1.1" 200 630 "-" "Mozilla/5.0 (Windows NT 10.0; Win64; x64) AppleWebKit/537.36 (KHTML, like Gecko) Chrome/114.0.0.0 Safari/537.36"
185.216.113.70 - - [17/Apr/2026:07:43:45 +0300] "POST /wp-cron.php?doing_wp_cron=1776401024.9457430839538574218750 HTTP/1.1" 200 448 "-" "WordPress/6.3.8; https://serhatburke.miroglu.net"
62.12.118.35 - - [17/Apr/2026:07:43:32 +0300] "POST /xmlrpc.php HTTP/1.1" 200 12938 "-" "Mozilla/5.0 (Windows NT 10.0; Win64; x64) AppleWebKit/537.36 (KHTML, like Gecko) Chrome/114.0.0.0 Safari/537.36"
98.98.9.58 - - [17/Apr/2026:07:43:45 +0300] "POST /xmlrpc.php HTTP/1.1" 200 10748 "-" "Mozilla/5.0 (Windows NT 10.0; Win64; x64) AppleWebKit/537.36 (KHTML, like Gecko) Chrome/114.0.0.0 Safari/537.36"
62.12.118.35 - - [17/Apr/2026:07:43:48 +0300] "GET /cool-fruit-madness-demonstration-position-by-dragon-betting-free-enjoy-and-playson-casino-games-remark/ HTTP/1.1" 200 74770 "-" "Mozilla/5.0 (Windows NT 10.0; Win64; x64; rv:124.0) Gecko/20100101 Firefox/124.0"
80.74.164.227 - - [17/Apr/2026:07:44:02 +0300] "GET /28563-2/ HTTP/1.1" 200 18760 "https://serhatburke.miroglu.net/" "Mozilla/5.0 (Windows NT 10.0; Win64; x64) AppleWebKit/537.36 (KHTML, like Gecko) Chrome/144.0.0.0 YaBrowser/26.3.0.0 Safari/537.36"
62.12.118.35 - - [17/Apr/2026:07:44:03 +0300] "POST /xmlrpc.php HTTP/1.1" 200 630 "-" "Mozilla/5.0 (Windows NT 10.0; Win64; x64) AppleWebKit/537.36 (KHTML, like Gecko) Chrome/114.0.0.0 Safari/537.36"
98.98.9.58 - - [17/Apr/2026:07:44:05 +0300] "GET /geriausi-5-usd-ipirkos-kazino-kanadoje-2026-m-150-nemokamu-sukimu-uz-verde-casino-prisijungimo-registracija-5-usd/ HTTP/1.1" 200 74035 "-" "Mozilla/5.0 (Windows NT 10.0; rv:125.0) Gecko/20100101 Firefox/125.0"
185.216.113.70 - - [17/Apr/2026:07:44:38 +0300] "POST /wp-cron.php?doing_wp_cron=1776401078.5371310710906982421875 HTTP/1.1" 200 448 "-" "WordPress/6.3.8; https://serhatburke.miroglu.net"
80.74.164.227 - - [17/Apr/2026:07:44:26 +0300] "GET /wp-login.php?action=register HTTP/1.1" 302 702 "https://serhatburke.miroglu.net/28563-2/" "Mozilla/5.0 (Windows NT 6.3; Win64; x64) AppleWebKit/537.36 (KHTML, like Gecko) Chrome/103.0.0.0 Safari/537.36"
