185.216.113.70 - - [17/Apr/2026:16:36:42 +0300] "POST /wp-cron.php?doing_wp_cron=1776433002.1771440505981445312500 HTTP/1.1" 200 448 "-" "WordPress/6.3.8; https://serhatburke.miroglu.net"
5.157.55.211 - - [17/Apr/2026:16:36:24 +0300] "GET /%d1%80%d0%b5%d0%b9%d1%82%d0%b8%d0%bd%d0%b3-%d0%ba%d0%b0%d0%b7%d0%b8%d0%bd%d0%be-%d1%81-%d0%bf%d0%be%d0%b4%d1%80%d0%be%d0%b1%d0%bd%d1%8b%d0%bc-%d0%b0%d0%bd%d0%b0%d0%bb%d0%b8%d0%b7%d0%be%d0%bc-%d1%83/ HTTP/1.1" 200 116674 "https://serhatburke.miroglu.net/?p=116710" "Mozilla/5.0 (Windows NT 6.3; Win64; x64) AppleWebKit/537.36 (KHTML, like Gecko) Chrome/103.0.0.0 Safari/537.36"
23.90.188.180 - - [17/Apr/2026:16:36:26 +0300] "POST /xmlrpc.php HTTP/1.1" 200 14705 "-" "Mozilla/5.0 (Windows NT 10.0; Win64; x64) AppleWebKit/537.36 (KHTML, like Gecko) Chrome/114.0.0.0 Safari/537.36"
209.50.191.174 - - [17/Apr/2026:16:36:35 +0300] "GET /wp-login.php HTTP/2" 200 3091 "-" "Mozilla/5.0 (Windows NT 10.0; Win64; x64; rv:127.0) Gecko/20100101 Firefox/127.0"
23.90.188.180 - - [17/Apr/2026:16:36:44 +0300] "GET /auf-diese-weise-zum-besten-geben-eltern-kostenlos-uber-einem-casino-bonus-blos-1-casinos-mit-euro-einzahlung-einzahlung/ HTTP/1.1" 200 77782 "-" "Mozilla/5.0 (Windows NT 10.0; Win64; x64) AppleWebKit/537.36 (KHTML, like Gecko) Chrome/122.0.0.0 Safari/537.36"
23.90.188.180 - - [17/Apr/2026:16:36:58 +0300] "POST /xmlrpc.php HTTP/1.1" 200 630 "-" "Mozilla/5.0 (Windows NT 10.0; Win64; x64) AppleWebKit/537.36 (KHTML, like Gecko) Chrome/114.0.0.0 Safari/537.36"
217.181.90.76 - - [17/Apr/2026:16:37:09 +0300] "POST /xmlrpc.php HTTP/2" 200 109 "-" "Mozilla/5.0 (Windows NT 10.0; Win64; x64) AppleWebKit/537.36 (KHTML, like Gecko) Chrome/124.0.6367.207 Safari/537.36"
185.216.113.70 - - [17/Apr/2026:16:37:28 +0300] "POST /wp-cron.php?doing_wp_cron=1776433048.4860620498657226562500 HTTP/1.1" 200 448 "-" "WordPress/6.3.8; https://serhatburke.miroglu.net"
23.90.188.180 - - [17/Apr/2026:16:37:16 +0300] "POST /xmlrpc.php HTTP/1.1" 200 12299 "-" "Mozilla/5.0 (Windows NT 10.0; Win64; x64) AppleWebKit/537.36 (KHTML, like Gecko) Chrome/114.0.0.0 Safari/537.36"
217.181.90.76 - - [17/Apr/2026:16:37:29 +0300] "POST /xmlrpc.php HTTP/2" 200 2892 "-" "Mozilla/5.0 (Windows NT 10.0; Win64; x64; rv:127.0) Gecko/20100101 Firefox/127.0"
23.90.188.180 - - [17/Apr/2026:16:37:28 +0300] "GET /lotto-verbunden-zum-casino-majestic-forest-besten-geben/ HTTP/1.1" 200 73684 "-" "Mozilla/5.0 (Windows NT 10.0; Win64; x64) AppleWebKit/537.36 (KHTML, like Gecko) Chrome/123.0.0.0 Safari/537.36 OPR/109.0.0.0"
23.90.188.180 - - [17/Apr/2026:16:38:08 +0300] "POST /xmlrpc.php HTTP/1.1" 200 630 "-" "Mozilla/5.0 (Windows NT 10.0; Win64; x64) AppleWebKit/537.36 (KHTML, like Gecko) Chrome/114.0.0.0 Safari/537.36"
185.216.113.70 - - [17/Apr/2026:16:38:29 +0300] "POST /wp-cron.php?doing_wp_cron=1776433109.2645308971405029296875 HTTP/1.1" 200 448 "-" "WordPress/6.3.8; https://serhatburke.miroglu.net"
104.166.164.25 - - [17/Apr/2026:16:38:16 +0300] "POST /xmlrpc.php HTTP/1.1" 200 630 "-" "Mozilla/5.0 (Windows NT 10.0; Win64; x64) AppleWebKit/537.36 (KHTML, like Gecko) Chrome/114.0.0.0 Safari/537.36"
185.216.113.70 - - [17/Apr/2026:16:38:40 +0300] "POST /wp-cron.php?doing_wp_cron=1776433120.8713850975036621093750 HTTP/1.1" 200 448 "-" "WordPress/6.3.8; https://serhatburke.miroglu.net"
23.90.188.180 - - [17/Apr/2026:16:38:26 +0300] "POST /xmlrpc.php HTTP/1.1" 200 13999 "-" "Mozilla/5.0 (Windows NT 10.0; Win64; x64) AppleWebKit/537.36 (KHTML, like Gecko) Chrome/114.0.0.0 Safari/537.36"
104.166.164.25 - - [17/Apr/2026:16:38:36 +0300] "POST /xmlrpc.php HTTP/1.1" 200 12744 "-" "Mozilla/5.0 (Windows NT 10.0; Win64; x64) AppleWebKit/537.36 (KHTML, like Gecko) Chrome/114.0.0.0 Safari/537.36"
23.90.188.180 - - [17/Apr/2026:16:38:41 +0300] "GET /blackjack-erreichbar-auffuhren-diese-queen-hearts-deluxe-slotspiel-piratenflagge-spiele/ HTTP/1.1" 200 76087 "-" "Mozilla/5.0 (Windows NT 10.0; Win64; x64) AppleWebKit/537.36 (KHTML, like Gecko) Chrome/122.0.0.0 Safari/537.36"
104.166.164.25 - - [17/Apr/2026:16:38:59 +0300] "GET /officina-corpuscoli-download-888-app-for-iphone-top-ten-chief-chefs-gambling-establishment-picks-to-have-2026/ HTTP/1.1" 200 74860 "-" "Mozilla/5.0 (Windows NT 10.0; Win64; x64) AppleWebKit/537.36 (KHTML, like Gecko) Chrome/124.0.0.0 Safari/537.36"
23.90.188.180 - - [17/Apr/2026:16:39:09 +0300] "POST /xmlrpc.php HTTP/1.1" 200 630 "-" "Mozilla/5.0 (Windows NT 10.0; Win64; x64) AppleWebKit/537.36 (KHTML, like Gecko) Chrome/114.0.0.0 Safari/537.36"
185.216.113.70 - - [17/Apr/2026:16:39:39 +0300] "POST /wp-cron.php?doing_wp_cron=1776433179.2571558952331542968750 HTTP/1.1" 200 448 "-" "WordPress/6.3.8; https://serhatburke.miroglu.net"
23.90.188.180 - - [17/Apr/2026:16:39:27 +0300] "POST /xmlrpc.php HTTP/1.1" 200 15383 "-" "Mozilla/5.0 (Windows NT 10.0; Win64; x64) AppleWebKit/537.36 (KHTML, like Gecko) Chrome/114.0.0.0 Safari/537.36"
23.90.188.180 - - [17/Apr/2026:16:39:40 +0300] "GET /1-250-spielautomaten-kostenlos-abzuglich-registration-dolphin-pearl-deluxe-casino-auffuhren/ HTTP/1.1" 200 78064 "-" "Mozilla/5.0 (Windows NT 10.0; Win64; x64) AppleWebKit/537.36 (KHTML, like Gecko) Chrome/124.0.0.0 Safari/537.36"
23.90.188.180 - - [17/Apr/2026:16:40:15 +0300] "POST /xmlrpc.php HTTP/1.1" 200 630 "-" "Mozilla/5.0 (Windows NT 10.0; Win64; x64) AppleWebKit/537.36 (KHTML, like Gecko) Chrome/114.0.0.0 Safari/537.36"
185.216.113.70 - - [17/Apr/2026:16:40:42 +0300] "POST /wp-cron.php?doing_wp_cron=1776433242.7129960060119628906250 HTTP/1.1" 200 448 "-" "WordPress/6.3.8; https://serhatburke.miroglu.net"
5.157.55.142 - - [17/Apr/2026:16:40:30 +0300] "GET /%d1%80%d0%b5%d0%b9%d1%82%d0%b8%d0%bd%d0%b3-%d0%ba%d0%b0%d0%b7%d0%b8%d0%bd%d0%be-%d1%81-%d0%bf%d0%be%d0%b4%d1%80%d0%be%d0%b1%d0%bd%d1%8b%d0%bc-%d0%b0%d0%bd%d0%b0%d0%bb%d0%b8%d0%b7%d0%be%d0%bc-%d1%83/ HTTP/1.1" 200 23554 "-" "Mozilla/5.0 (compatible; Googlebot/2.1; +http://www.google.com/bot.html)"
23.90.188.180 - - [17/Apr/2026:16:40:34 +0300] "POST /xmlrpc.php HTTP/1.1" 200 14346 "-" "Mozilla/5.0 (Windows NT 10.0; Win64; x64) AppleWebKit/537.36 (KHTML, like Gecko) Chrome/114.0.0.0 Safari/537.36"
23.90.188.180 - - [17/Apr/2026:16:40:47 +0300] "GET /unser-keno-online-casino-besten-kostenlosen-erreichbar-roulette-seiten-2026/ HTTP/1.1" 200 76289 "-" "Mozilla/5.0 (Windows NT 10.0; Win64; x64) AppleWebKit/537.36 (KHTML, like Gecko) Chrome/123.0.0.0 Safari/537.36"
23.90.188.180 - - [17/Apr/2026:16:41:10 +0300] "POST /xmlrpc.php HTTP/1.1" 200 630 "-" "Mozilla/5.0 (Windows NT 10.0; Win64; x64) AppleWebKit/537.36 (KHTML, like Gecko) Chrome/114.0.0.0 Safari/537.36"
66.249.73.1 - - [17/Apr/2026:16:41:11 +0300] "GET /technology-in-modern-casinos-how-it-affects-player/ HTTP/1.1" 200 19037 "-" "Mozilla/5.0 (Linux; Android 6.0.1; Nexus 5X Build/MMB29P) AppleWebKit/537.36 (KHTML, like Gecko) Chrome/146.0.7680.177 Mobile Safari/537.36 (compatible; Googlebot/2.1; +http://www.google.com/bot.html)"
185.216.113.70 - - [17/Apr/2026:16:41:41 +0300] "POST /wp-cron.php?doing_wp_cron=1776433301.0471630096435546875000 HTTP/1.1" 200 448 "-" "WordPress/6.3.8; https://serhatburke.miroglu.net"
23.90.188.180 - - [17/Apr/2026:16:41:28 +0300] "POST /xmlrpc.php HTTP/1.1" 200 13870 "-" "Mozilla/5.0 (Windows NT 10.0; Win64; x64) AppleWebKit/537.36 (KHTML, like Gecko) Chrome/114.0.0.0 Safari/537.36"
23.90.188.180 - - [17/Apr/2026:16:41:41 +0300] "GET /freispiele-blos-einzahlung-2026-indian-dreaming-spielautomat-gratis-erreichbar-casinos/ HTTP/1.1" 200 76099 "-" "Mozilla/5.0 (Windows NT 10.0; Win64; x64) AppleWebKit/537.36 (KHTML, like Gecko) Chrome/123.0.0.0 Safari/537.36"
23.90.188.180 - - [17/Apr/2026:16:42:01 +0300] "POST /xmlrpc.php HTTP/1.1" 200 630 "-" "Mozilla/5.0 (Windows NT 10.0; Win64; x64) AppleWebKit/537.36 (KHTML, like Gecko) Chrome/114.0.0.0 Safari/537.36"
57.128.22.95 - - [17/Apr/2026:16:42:11 +0300] "GET /zotabet-casino-bonus-premier-depot-2026/ HTTP/1.1" 200 18537 "https://serhatburke.miroglu.net/" "Mozilla/5.0 (X11; Ubuntu; Linux x86_64; rv:136.0) Gecko/20100101 Firefox/136.0"
107.172.18.120 - - [17/Apr/2026:16:42:27 +0300] "GET /wp-includes/css/dist/block-library/style.min.css?ver=6.3.8 HTTP/1.1" 200 13578 "https://serhatburke.miroglu.net/zotabet-casino-bonus-premier-depot-2026/" "Mozilla/5.0 (Windows NT 10.0; Win64; x64) AppleWebKit/537.36 (KHTML, like Gecko) Chrome/145.0.0.0 Safari/537.36"
107.172.18.120 - - [17/Apr/2026:16:42:29 +0300] "GET /wp-content/plugins/contact-form-7/includes/css/styles.css?ver=5.8 HTTP/1.1" 200 1490 "https://serhatburke.miroglu.net/zotabet-casino-bonus-premier-depot-2026/" "Mozilla/5.0 (Windows NT 10.0; Win64; x64) AppleWebKit/537.36 (KHTML, like Gecko) Chrome/145.0.0.0 Safari/537.36"
107.172.18.120 - - [17/Apr/2026:16:42:30 +0300] "GET /wp-content/themes/toppic/css/fontello.css?ver=4.2 HTTP/1.1" 200 1802 "https://serhatburke.miroglu.net/zotabet-casino-bonus-premier-depot-2026/" "Mozilla/5.0 (Windows NT 10.0; Win64; x64) AppleWebKit/537.36 (KHTML, like Gecko) Chrome/145.0.0.0 Safari/537.36"
185.216.113.70 - - [17/Apr/2026:16:42:31 +0300] "POST /wp-cron.php?doing_wp_cron=1776433351.4119050502777099609375 HTTP/1.1" 200 448 "-" "WordPress/6.3.8; https://serhatburke.miroglu.net"
23.90.188.180 - - [17/Apr/2026:16:42:19 +0300] "POST /xmlrpc.php HTTP/1.1" 200 15625 "-" "Mozilla/5.0 (Windows NT 10.0; Win64; x64) AppleWebKit/537.36 (KHTML, like Gecko) Chrome/114.0.0.0 Safari/537.36"
107.172.18.120 - - [17/Apr/2026:16:42:31 +0300] "GET /wp-content/themes/toppic/css/reset.css?ver=4.2 HTTP/1.1" 200 1178 "https://serhatburke.miroglu.net/zotabet-casino-bonus-premier-depot-2026/" "Mozilla/5.0 (Windows NT 10.0; Win64; x64) AppleWebKit/537.36 (KHTML, like Gecko) Chrome/145.0.0.0 Safari/537.36"
107.172.18.120 - - [17/Apr/2026:16:42:32 +0300] "GET /wp-content/themes/toppic/css/default.css?ver=4.2 HTTP/1.1" 200 1811 "https://serhatburke.miroglu.net/zotabet-casino-bonus-premier-depot-2026/" "Mozilla/5.0 (Windows NT 10.0; Win64; x64) AppleWebKit/537.36 (KHTML, like Gecko) Chrome/145.0.0.0 Safari/537.36"
107.172.18.120 - - [17/Apr/2026:16:42:33 +0300] "GET /wp-content/themes/toppic/style.css?ver=4.2 HTTP/1.1" 200 23398 "https://serhatburke.miroglu.net/zotabet-casino-bonus-premier-depot-2026/" "Mozilla/5.0 (Windows NT 10.0; Win64; x64) AppleWebKit/537.36 (KHTML, like Gecko) Chrome/145.0.0.0 Safari/537.36"
107.172.18.120 - - [17/Apr/2026:16:42:35 +0300] "GET /wp-content/themes/toppic/css/royalslider.css?ver=4.2 HTTP/1.1" 200 1887 "https://serhatburke.miroglu.net/zotabet-casino-bonus-premier-depot-2026/" "Mozilla/5.0 (Windows NT 10.0; Win64; x64) AppleWebKit/537.36 (KHTML, like Gecko) Chrome/145.0.0.0 Safari/537.36"
107.172.18.120 - - [17/Apr/2026:16:42:36 +0300] "GET /wp-content/themes/toppic/css/rs-default.css?ver=4.2 HTTP/1.1" 200 2625 "https://serhatburke.miroglu.net/zotabet-casino-bonus-premier-depot-2026/" "Mozilla/5.0 (Windows NT 10.0; Win64; x64) AppleWebKit/537.36 (KHTML, like Gecko) Chrome/145.0.0.0 Safari/537.36"
107.172.18.120 - - [17/Apr/2026:16:42:37 +0300] "GET /wp-content/themes/toppic/css/lightbox.css?ver=4.2 HTTP/1.1" 200 2956 "https://serhatburke.miroglu.net/zotabet-casino-bonus-premier-depot-2026/" "Mozilla/5.0 (Windows NT 10.0; Win64; x64) AppleWebKit/537.36 (KHTML, like Gecko) Chrome/145.0.0.0 Safari/537.36"
107.172.18.120 - - [17/Apr/2026:16:42:38 +0300] "GET /wp-content/themes/toppic/css/woocommerce.css?ver=4.2 HTTP/1.1" 200 2848 "https://serhatburke.miroglu.net/zotabet-casino-bonus-premier-depot-2026/" "Mozilla/5.0 (Windows NT 10.0; Win64; x64) AppleWebKit/537.36 (KHTML, like Gecko) Chrome/145.0.0.0 Safari/537.36"
107.172.18.120 - - [17/Apr/2026:16:42:39 +0300] "GET /wp-content/themes/toppic/css/responsive.css?ver=4.2 HTTP/1.1" 200 2796 "https://serhatburke.miroglu.net/zotabet-casino-bonus-premier-depot-2026/" "Mozilla/5.0 (Windows NT 10.0; Win64; x64) AppleWebKit/537.36 (KHTML, like Gecko) Chrome/145.0.0.0 Safari/537.36"
104.166.164.25 - - [17/Apr/2026:16:42:31 +0300] "POST /xmlrpc.php HTTP/1.1" 200 630 "-" "Mozilla/5.0 (Windows NT 10.0; Win64; x64) AppleWebKit/537.36 (KHTML, like Gecko) Chrome/114.0.0.0 Safari/537.36"
23.90.188.180 - - [17/Apr/2026:16:42:31 +0300] "GET /rey-book-of-ra-magic-online-casino-echtgeld-de-toros-kundgebung-spielautomat-von-worldmatch-bewertung-ferner-fur-nusse-spielen/ HTTP/1.1" 200 78504 "-" "Mozilla/5.0 (Windows NT 10.0; Win64; x64) AppleWebKit/537.36 (KHTML, like Gecko) Chrome/123.0.0.0 Safari/537.36"
107.172.18.120 - - [17/Apr/2026:16:42:40 +0300] "POST /wp-comments-post.php HTTP/1.1" 302 1087 "https://serhatburke.miroglu.net/zotabet-casino-bonus-premier-depot-2026/" "Mozilla/5.0 (X11; Ubuntu; Linux x86_64; rv:136.0) Gecko/20100101 Firefox/136.0"
23.90.188.180 - - [17/Apr/2026:16:42:59 +0300] "POST /xmlrpc.php HTTP/1.1" 200 630 "-" "Mozilla/5.0 (Windows NT 10.0; Win64; x64) AppleWebKit/537.36 (KHTML, like Gecko) Chrome/114.0.0.0 Safari/537.36"
107.172.18.120 - - [17/Apr/2026:16:42:59 +0300] "GET /zotabet-casino-bonus-premier-depot-2026/?unapproved=445&moderation-hash=1846e4c2b15055e0d597bc379ce9c984 HTTP/1.1" 200 19039 "https://serhatburke.miroglu.net/wp-comments-post.php" "Mozilla/5.0 (X11; Ubuntu; Linux x86_64; rv:136.0) Gecko/20100101 Firefox/136.0"
104.166.164.25 - - [17/Apr/2026:16:43:00 +0300] "POST /xmlrpc.php HTTP/1.1" 200 12008 "-" "Mozilla/5.0 (Windows NT 10.0; Win64; x64) AppleWebKit/537.36 (KHTML, like Gecko) Chrome/114.0.0.0 Safari/537.36"
185.216.113.70 - - [17/Apr/2026:16:43:34 +0300] "POST /wp-cron.php?doing_wp_cron=1776433414.7040970325469970703125 HTTP/1.1" 200 448 "-" "WordPress/6.3.8; https://serhatburke.miroglu.net"
57.128.22.95 - - [17/Apr/2026:16:43:19 +0300] "GET /zotabet-casino-bonus-premier-depot-2026/ HTTP/1.1" 200 18530 "-" "Mozilla/5.0 (compatible; Googlebot/2.1; +http://www.google.com/bot.html)"
23.90.188.180 - - [17/Apr/2026:16:43:23 +0300] "POST /xmlrpc.php HTTP/1.1" 200 12706 "-" "Mozilla/5.0 (Windows NT 10.0; Win64; x64) AppleWebKit/537.36 (KHTML, like Gecko) Chrome/114.0.0.0 Safari/537.36"
104.166.164.25 - - [17/Apr/2026:16:43:21 +0300] "GET /fifa-26-royal-vegas-casino-games-slots-live-fut-spins/ HTTP/1.1" 200 72942 "-" "Mozilla/5.0 (Windows NT 10.0; rv:109.0) Gecko/20100101 Firefox/115.0"
23.90.188.180 - - [17/Apr/2026:16:43:40 +0300] "GET /obst-spiele-%EF%B8%8F-fur-unique-casino-bonuscode-nusse-online-auffuhren-nach-play123/ HTTP/1.1" 200 74564 "-" "Mozilla/5.0 (Windows NT 10.0; Win64; x64) AppleWebKit/537.36 (KHTML, like Gecko) Chrome/124.0.0.0 Safari/537.36"
23.90.188.180 - - [17/Apr/2026:16:44:02 +0300] "POST /xmlrpc.php HTTP/1.1" 200 630 "-" "Mozilla/5.0 (Windows NT 10.0; Win64; x64) AppleWebKit/537.36 (KHTML, like Gecko) Chrome/114.0.0.0 Safari/537.36"
185.216.113.70 - - [17/Apr/2026:16:44:32 +0300] "POST /wp-cron.php?doing_wp_cron=1776433472.4421389102935791015625 HTTP/1.1" 200 448 "-" "WordPress/6.3.8; https://serhatburke.miroglu.net"
23.90.188.180 - - [17/Apr/2026:16:44:20 +0300] "POST /xmlrpc.php HTTP/1.1" 200 13260 "-" "Mozilla/5.0 (Windows NT 10.0; Win64; x64) AppleWebKit/537.36 (KHTML, like Gecko) Chrome/114.0.0.0 Safari/537.36"
57.128.22.95 - - [17/Apr/2026:16:44:31 +0300] "GET /zotabet-casino-bonus-premier-depot-2026/ HTTP/1.1" 200 18505 "-" "Mozilla/5.0 (compatible; Googlebot/2.1; +http://www.google.com/bot.html)"
23.90.188.180 - - [17/Apr/2026:16:44:33 +0300] "GET /captain-kirk-musste-inside-valley-of-the-gods-1-kaution-beruhmte-personlichkeit-trek-des-geldes-da-abschied-erheblich-zum-rage-durch-william-shatner/ HTTP/1.1" 200 76882 "-" "Mozilla/5.0 (Windows NT 10.0; Win64; x64; rv:124.0) Gecko/20100101 Firefox/124.0"
23.90.188.180 - - [17/Apr/2026:16:45:01 +0300] "POST /xmlrpc.php HTTP/1.1" 200 630 "-" "Mozilla/5.0 (Windows NT 10.0; Win64; x64) AppleWebKit/537.36 (KHTML, like Gecko) Chrome/114.0.0.0 Safari/537.36"
185.216.113.70 - - [17/Apr/2026:16:45:31 +0300] "POST /wp-cron.php?doing_wp_cron=1776433531.0198609828948974609375 HTTP/1.1" 200 448 "-" "WordPress/6.3.8; https://serhatburke.miroglu.net"
23.90.188.180 - - [17/Apr/2026:16:45:18 +0300] "POST /xmlrpc.php HTTP/1.1" 200 13586 "-" "Mozilla/5.0 (Windows NT 10.0; Win64; x64) AppleWebKit/537.36 (KHTML, like Gecko) Chrome/114.0.0.0 Safari/537.36"
23.90.188.180 - - [17/Apr/2026:16:45:31 +0300] "GET /150-kasino-freispiele-within-netent-software-anmeldung-%EF%B8%8F-dritter-monat-des-jahres-2026/ HTTP/1.1" 200 76105 "-" "Mozilla/5.0 (Windows NT 10.0; Win64; x64; rv:124.0) Gecko/20100101 Firefox/124.0"
103.219.169.179 - - [17/Apr/2026:16:45:36 +0300] "POST /xmlrpc.php HTTP/1.1" 200 630 "-" "Mozilla/5.0 (Windows NT 10.0; Win64; x64) AppleWebKit/537.36 (KHTML, like Gecko) Chrome/114.0.0.0 Safari/537.36"
103.219.169.179 - - [17/Apr/2026:16:46:00 +0300] "POST /xmlrpc.php HTTP/1.1" 200 14640 "-" "Mozilla/5.0 (Windows NT 10.0; Win64; x64) AppleWebKit/537.36 (KHTML, like Gecko) Chrome/114.0.0.0 Safari/537.36"
23.90.188.180 - - [17/Apr/2026:16:46:04 +0300] "POST /xmlrpc.php HTTP/1.1" 200 630 "-" "Mozilla/5.0 (Windows NT 10.0; Win64; x64) AppleWebKit/537.36 (KHTML, like Gecko) Chrome/114.0.0.0 Safari/537.36"
104.166.164.25 - - [17/Apr/2026:16:46:16 +0300] "POST /xmlrpc.php HTTP/1.1" 200 630 "-" "Mozilla/5.0 (Windows NT 10.0; Win64; x64) AppleWebKit/537.36 (KHTML, like Gecko) Chrome/114.0.0.0 Safari/537.36"
103.219.169.179 - - [17/Apr/2026:16:46:16 +0300] "GET /hace-el-trabajo-ranura-gnome-de-balde-a-roman-legion-referente-a-myjackpot-seria/ HTTP/1.1" 200 76263 "-" "Mozilla/5.0 (Windows NT 10.0; rv:109.0) Gecko/20100101 Firefox/115.0"
185.216.113.70 - - [17/Apr/2026:16:46:39 +0300] "POST /wp-cron.php?doing_wp_cron=1776433599.3272550106048583984375 HTTP/1.1" 200 448 "-" "WordPress/6.3.8; https://serhatburke.miroglu.net"
23.90.188.180 - - [17/Apr/2026:16:46:24 +0300] "POST /xmlrpc.php HTTP/1.1" 200 15182 "-" "Mozilla/5.0 (Windows NT 10.0; Win64; x64) AppleWebKit/537.36 (KHTML, like Gecko) Chrome/114.0.0.0 Safari/537.36"
104.166.164.25 - - [17/Apr/2026:16:46:38 +0300] "POST /xmlrpc.php HTTP/1.1" 200 12493 "-" "Mozilla/5.0 (Windows NT 10.0; Win64; x64) AppleWebKit/537.36 (KHTML, like Gecko) Chrome/114.0.0.0 Safari/537.36"
23.90.188.180 - - [17/Apr/2026:16:46:40 +0300] "GET /starburst-slot-arriva-arriva-online-slot-bewertung-testbericht-rtp-von-via-96/ HTTP/1.1" 200 76835 "-" "Mozilla/5.0 (Windows NT 10.0; Win64; x64; rv:125.0) Gecko/20100101 Firefox/125.0"
104.166.164.25 - - [17/Apr/2026:16:46:59 +0300] "GET /100-leading-site-percent-free-revolves-no-deposit-british-casinos-also-provides-2026-winnings-a-real-income/ HTTP/1.1" 200 74468 "-" "Mozilla/5.0 (Windows NT 10.0; Win64; x64) AppleWebKit/537.36 (KHTML, like Gecko) Chrome/124.0.0.0 Safari/537.36"
170.168.31.128 - - [17/Apr/2026:16:47:01 +0300] "GET /wp-login.php HTTP/2" 200 3091 "-" "Mozilla/5.0 (Windows NT 10.0; Win64; x64) AppleWebKit/537.36 (KHTML, like Gecko) Chrome/124.0.0.0 Safari/537.36"
103.219.169.179 - - [17/Apr/2026:16:47:03 +0300] "POST /xmlrpc.php HTTP/1.1" 200 630 "-" "Mozilla/5.0 (Windows NT 10.0; Win64; x64) AppleWebKit/537.36 (KHTML, like Gecko) Chrome/114.0.0.0 Safari/537.36"
23.90.188.180 - - [17/Apr/2026:16:47:08 +0300] "POST /xmlrpc.php HTTP/1.1" 200 630 "-" "Mozilla/5.0 (Windows NT 10.0; Win64; x64) AppleWebKit/537.36 (KHTML, like Gecko) Chrome/114.0.0.0 Safari/537.36"
185.216.113.70 - - [17/Apr/2026:16:47:44 +0300] "POST /wp-cron.php?doing_wp_cron=1776433664.8255009651184082031250 HTTP/1.1" 200 448 "-" "WordPress/6.3.8; https://serhatburke.miroglu.net"
103.219.169.179 - - [17/Apr/2026:16:47:32 +0300] "POST /xmlrpc.php HTTP/1.1" 200 15409 "-" "Mozilla/5.0 (Windows NT 10.0; Win64; x64) AppleWebKit/537.36 (KHTML, like Gecko) Chrome/114.0.0.0 Safari/537.36"
23.90.188.180 - - [17/Apr/2026:16:47:32 +0300] "POST /xmlrpc.php HTTP/1.1" 200 12061 "-" "Mozilla/5.0 (Windows NT 10.0; Win64; x64) AppleWebKit/537.36 (KHTML, like Gecko) Chrome/114.0.0.0 Safari/537.36"
23.90.188.180 - - [17/Apr/2026:16:47:46 +0300] "GET /starburst-verbunden-slot-2025-free-spins-exklusive-einzahlung-sofortig-curry-in-a-hurry-slot-beibehalten/ HTTP/1.1" 200 74630 "-" "Mozilla/5.0 (Windows NT 10.0; Win64; x64) AppleWebKit/537.36 (KHTML, like Gecko) Chrome/122.0.0.0 Safari/537.36"
103.219.169.179 - - [17/Apr/2026:16:47:46 +0300] "GET /chicago-ranura-hot-gems-slot-betfair-arcade/ HTTP/1.1" 200 76069 "-" "Mozilla/5.0 (Windows NT 10.0; Win64; x64) AppleWebKit/537.36 (KHTML, like Gecko) Chrome/122.0.0.0 Safari/537.36"
23.90.188.180 - - [17/Apr/2026:16:48:08 +0300] "POST /xmlrpc.php HTTP/1.1" 200 630 "-" "Mozilla/5.0 (Windows NT 10.0; Win64; x64) AppleWebKit/537.36 (KHTML, like Gecko) Chrome/114.0.0.0 Safari/537.36"
91.218.123.210 - - [17/Apr/2026:16:47:57 +0300] "POST /xmlrpc.php HTTP/2" 200 314 "-" "Mozilla/5.0 (Windows NT 10.0; Win64; x64; rv:133.0) Gecko/20100101 Firefox/133.0"
103.219.169.179 - - [17/Apr/2026:16:48:20 +0300] "POST /xmlrpc.php HTTP/1.1" 200 630 "-" "Mozilla/5.0 (Windows NT 10.0; Win64; x64) AppleWebKit/537.36 (KHTML, like Gecko) Chrome/114.0.0.0 Safari/537.36"
185.216.113.70 - - [17/Apr/2026:16:48:39 +0300] "POST /wp-cron.php?doing_wp_cron=1776433719.4029009342193603515625 HTTP/1.1" 200 448 "-" "WordPress/6.3.8; https://serhatburke.miroglu.net"
23.90.188.180 - - [17/Apr/2026:16:48:27 +0300] "POST /xmlrpc.php HTTP/1.1" 200 15180 "-" "Mozilla/5.0 (Windows NT 10.0; Win64; x64) AppleWebKit/537.36 (KHTML, like Gecko) Chrome/114.0.0.0 Safari/537.36"
5.78.159.87 - - [17/Apr/2026:16:48:40 +0300] "POST /xmlrpc.php HTTP/1.1" 200 601 "-" "Mozilla/5.0 (Windows NT 10.0; Win64; x64) AppleWebKit/537.36 (KHTML, like Gecko) Chrome/108.0.0.0 Safari/537.36"
103.219.169.179 - - [17/Apr/2026:16:48:39 +0300] "POST /xmlrpc.php HTTP/1.1" 200 14641 "-" "Mozilla/5.0 (Windows NT 10.0; Win64; x64) AppleWebKit/537.36 (KHTML, like Gecko) Chrome/114.0.0.0 Safari/537.36"
23.90.188.180 - - [17/Apr/2026:16:48:39 +0300] "GET /starburst-sharky-spielautomat-qua-paypal-zum-besten-geben-einzahlungen-untergeordnet-via-paypal/ HTTP/1.1" 200 77574 "-" "Mozilla/5.0 (Windows NT 10.0; Win64; x64) AppleWebKit/537.36 (KHTML, like Gecko) Chrome/123.0.0.0 Safari/537.36"
23.90.188.180 - - [17/Apr/2026:16:49:04 +0300] "POST /xmlrpc.php HTTP/1.1" 200 630 "-" "Mozilla/5.0 (Windows NT 10.0; Win64; x64) AppleWebKit/537.36 (KHTML, like Gecko) Chrome/114.0.0.0 Safari/537.36"
5.78.159.87 - - [17/Apr/2026:16:49:06 +0300] "POST /xmlrpc.php HTTP/1.1" 200 594 "-" "Mozilla/5.0 (Windows NT 10.0; Win64; x64) AppleWebKit/537.36 (KHTML, like Gecko) Chrome/108.0.0.0 Safari/537.36"
103.219.169.179 - - [17/Apr/2026:16:49:06 +0300] "GET /sus-particulares-lucky-8-line-juego-de-tragamonedas-cleopatras-pyramid-slots-tragamonedas/ HTTP/1.1" 200 76495 "-" "Mozilla/5.0 (Windows NT 10.0; Win64; x64) AppleWebKit/537.36 (KHTML, like Gecko) Chrome/124.0.0.0 Safari/537.36 Edg/124.0.0.0"
130.49.115.187 - - [17/Apr/2026:16:49:14 +0300] "GET /wp-login.php HTTP/2" 200 3091 "-" "Mozilla/5.0 (Macintosh; Intel Mac OS X 10_15_7) AppleWebKit/605.1.15 (KHTML, like Gecko) Version/18.0 Safari/605.1.15"
185.216.113.70 - - [17/Apr/2026:16:49:43 +0300] "POST /wp-cron.php?doing_wp_cron=1776433783.2975690364837646484375 HTTP/1.1" 200 448 "-" "WordPress/6.3.8; https://serhatburke.miroglu.net"
23.90.188.180 - - [17/Apr/2026:16:49:30 +0300] "POST /xmlrpc.php HTTP/1.1" 200 15013 "-" "Mozilla/5.0 (Windows NT 10.0; Win64; x64) AppleWebKit/537.36 (KHTML, like Gecko) Chrome/114.0.0.0 Safari/537.36"
130.49.115.187 - - [17/Apr/2026:16:49:32 +0300] "POST /wp-login.php HTTP/2" 302 0 "https://serhatburke.miroglu.net/wp-login.php" "Mozilla/5.0 (Macintosh; Intel Mac OS X 10_15_7) AppleWebKit/605.1.15 (KHTML, like Gecko) Version/18.0 Safari/605.1.15"
103.219.169.179 - - [17/Apr/2026:16:49:42 +0300] "POST /xmlrpc.php HTTP/1.1" 200 630 "-" "Mozilla/5.0 (Windows NT 10.0; Win64; x64) AppleWebKit/537.36 (KHTML, like Gecko) Chrome/114.0.0.0 Safari/537.36"
23.90.188.180 - - [17/Apr/2026:16:49:43 +0300] "GET /hauppauge-cash-spin-online-slot-starburst-2-tv-multimediakarte/ HTTP/1.1" 200 76171 "-" "Mozilla/5.0 (Windows NT 10.0; Win64; x64) AppleWebKit/537.36 (KHTML, like Gecko) Chrome/109.0.0.0 Safari/537.36"
130.49.115.187 - - [17/Apr/2026:16:49:50 +0300] "GET /wp-admin/ HTTP/2" 200 214159 "https://serhatburke.miroglu.net/wp-login.php" "Mozilla/5.0 (Macintosh; Intel Mac OS X 10_15_7) AppleWebKit/605.1.15 (KHTML, like Gecko) Version/18.0 Safari/605.1.15"
23.90.188.180 - - [17/Apr/2026:16:49:59 +0300] "POST /xmlrpc.php HTTP/1.1" 200 630 "-" "Mozilla/5.0 (Windows NT 10.0; Win64; x64) AppleWebKit/537.36 (KHTML, like Gecko) Chrome/114.0.0.0 Safari/537.36"
103.219.169.179 - - [17/Apr/2026:16:50:13 +0300] "POST /xmlrpc.php HTTP/1.1" 200 14582 "-" "Mozilla/5.0 (Windows NT 10.0; Win64; x64) AppleWebKit/537.36 (KHTML, like Gecko) Chrome/114.0.0.0 Safari/537.36"
148.135.195.139 - - [17/Apr/2026:16:50:14 +0300] "GET /best-payid-casinos-2026-2/ HTTP/1.1" 200 96577 "-" "Screaming Frog SEO Spider/16.7"
185.216.113.70 - - [17/Apr/2026:16:50:52 +0300] "POST /wp-cron.php?doing_wp_cron=1776433852.1241960525512695312500 HTTP/1.1" 200 448 "-" "WordPress/6.3.8; https://serhatburke.miroglu.net"
130.49.115.187 - - [17/Apr/2026:16:50:23 +0300] "GET /wp-admin/admin-ajax.php?action=rest-nonce HTTP/2" 200 14 "-" "Mozilla/5.0 (Macintosh; Intel Mac OS X 10_15_7) AppleWebKit/605.1.15 (KHTML, like Gecko) Version/18.0 Safari/605.1.15"
104.166.164.25 - - [17/Apr/2026:16:50:23 +0300] "POST /xmlrpc.php HTTP/1.1" 200 630 "-" "Mozilla/5.0 (Windows NT 10.0; Win64; x64) AppleWebKit/537.36 (KHTML, like Gecko) Chrome/114.0.0.0 Safari/537.36"
23.90.188.180 - - [17/Apr/2026:16:50:25 +0300] "POST /xmlrpc.php HTTP/1.1" 200 15171 "-" "Mozilla/5.0 (Windows NT 10.0; Win64; x64) AppleWebKit/537.36 (KHTML, like Gecko) Chrome/114.0.0.0 Safari/537.36"
103.219.169.179 - - [17/Apr/2026:16:50:35 +0300] "GET /crown-of-panther-moon-giros-sin-ranura-egypt/ HTTP/1.1" 200 75321 "-" "Mozilla/5.0 (Windows NT 10.0; Win64; x64) AppleWebKit/537.36 (KHTML, like Gecko) Chrome/124.0.0.0 Safari/537.36"
103.219.169.179 - - [17/Apr/2026:16:50:40 +0300] "POST /xmlrpc.php HTTP/1.1" 200 630 "-" "Mozilla/5.0 (Windows NT 10.0; Win64; x64) AppleWebKit/537.36 (KHTML, like Gecko) Chrome/114.0.0.0 Safari/537.36"
23.90.188.180 - - [17/Apr/2026:16:50:54 +0300] "GET /yahoo-and-google-ice-casino-keine-einlagen-promo-codes-wie-titelseite-grunden/ HTTP/1.1" 200 76988 "-" "Mozilla/5.0 (Windows NT 10.0; Win64; x64) AppleWebKit/537.36 (KHTML, like Gecko) Chrome/109.0.0.0 Safari/537.36"
130.49.115.187 - - [17/Apr/2026:16:50:59 +0300] "GET /wp-json/wp/v2/users/me HTTP/2" 200 254 "-" "Mozilla/5.0 (Macintosh; Intel Mac OS X 10_15_7) AppleWebKit/605.1.15 (KHTML, like Gecko) Version/18.0 Safari/605.1.15"
104.166.164.25 - - [17/Apr/2026:16:50:59 +0300] "POST /xmlrpc.php HTTP/1.1" 200 12859 "-" "Mozilla/5.0 (Windows NT 10.0; Win64; x64) AppleWebKit/537.36 (KHTML, like Gecko) Chrome/114.0.0.0 Safari/537.36"
23.90.188.180 - - [17/Apr/2026:16:51:03 +0300] "POST /xmlrpc.php HTTP/1.1" 200 630 "-" "Mozilla/5.0 (Windows NT 10.0; Win64; x64) AppleWebKit/537.36 (KHTML, like Gecko) Chrome/114.0.0.0 Safari/537.36"
103.219.169.179 - - [17/Apr/2026:16:51:18 +0300] "POST /xmlrpc.php HTTP/1.1" 200 15165 "-" "Mozilla/5.0 (Windows NT 10.0; Win64; x64) AppleWebKit/537.36 (KHTML, like Gecko) Chrome/114.0.0.0 Safari/537.36"
185.216.113.70 - - [17/Apr/2026:16:51:58 +0300] "POST /wp-cron.php?doing_wp_cron=1776433918.0245990753173828125000 HTTP/1.1" 200 448 "-" "WordPress/6.3.8; https://serhatburke.miroglu.net"
130.49.115.187 - - [17/Apr/2026:16:51:35 +0300] "GET /wp-json/wp/v2/users/me HTTP/2" 200 254 "-" "Mozilla/5.0 (Macintosh; Intel Mac OS X 10_15_7) AppleWebKit/605.1.15 (KHTML, like Gecko) Version/18.0 Safari/605.1.15"
185.216.113.70 - - [17/Apr/2026:16:51:59 +0300] "POST /wp-cron.php?doing_wp_cron=1776433919.4710268974304199218750 HTTP/1.1" 200 448 "-" "WordPress/6.3.8; https://serhatburke.miroglu.net"
104.166.164.25 - - [17/Apr/2026:16:51:36 +0300] "GET /casinia-local-mystical-unicorn-slot-machine-casino-review-a-gloss-participants-feel-publication/ HTTP/1.1" 200 74883 "-" "Mozilla/5.0 (Windows NT 10.0; Win64; x64; rv:125.0) Gecko/20100101 Firefox/125.0"
185.216.113.70 - - [17/Apr/2026:16:52:10 +0300] "POST /wp-cron.php?doing_wp_cron=1776433929.9974179267883300781250 HTTP/1.1" 200 448 "-" "WordPress/6.3.8; https://serhatburke.miroglu.net"
23.90.188.180 - - [17/Apr/2026:16:51:41 +0300] "POST /xmlrpc.php HTTP/1.1" 200 12325 "-" "Mozilla/5.0 (Windows NT 10.0; Win64; x64) AppleWebKit/537.36 (KHTML, like Gecko) Chrome/114.0.0.0 Safari/537.36"
185.216.113.70 - - [17/Apr/2026:16:52:13 +0300] "POST /wp-cron.php?doing_wp_cron=1776433933.5763309001922607421875 HTTP/1.1" 200 448 "-" "WordPress/6.3.8; https://serhatburke.miroglu.net"
103.219.169.179 - - [17/Apr/2026:16:51:44 +0300] "GET /davinci-diamonds-tragamonedas-sobre-conocer-los-hechos-top-casinos-para-participar/ HTTP/1.1" 200 76977 "-" "Mozilla/5.0 (Windows NT 10.0; rv:109.0) Gecko/20100101 Firefox/115.0"
130.49.115.187 - - [17/Apr/2026:16:51:59 +0300] "GET /wp-json/wp/v2/users/me HTTP/2" 200 254 "-" "Mozilla/5.0 (Macintosh; Intel Mac OS X 10_15_7) AppleWebKit/605.1.15 (KHTML, like Gecko) Version/18.0 Safari/605.1.15"
23.90.188.180 - - [17/Apr/2026:16:52:01 +0300] "POST /xmlrpc.php HTTP/1.1" 200 630 "-" "Mozilla/5.0 (Windows NT 10.0; Win64; x64) AppleWebKit/537.36 (KHTML, like Gecko) Chrome/114.0.0.0 Safari/537.36"
103.219.169.179 - - [17/Apr/2026:16:52:11 +0300] "POST /xmlrpc.php HTTP/1.1" 200 630 "-" "Mozilla/5.0 (Windows NT 10.0; Win64; x64) AppleWebKit/537.36 (KHTML, like Gecko) Chrome/114.0.0.0 Safari/537.36"
23.90.188.180 - - [17/Apr/2026:16:52:11 +0300] "GET /hydrargyrum-roaring-forties-online-slot-slot-variabel-auffuhren/ HTTP/1.1" 200 74073 "-" "Mozilla/5.0 (Windows NT 10.0; Win64; x64) AppleWebKit/537.36 (KHTML, like Gecko) Chrome/123.0.0.0 Safari/537.36"
130.49.115.187 - - [17/Apr/2026:16:52:46 +0300] "GET /wp-json/wp/v2/users/me HTTP/2" 200 254 "-" "Mozilla/5.0 (Macintosh; Intel Mac OS X 10_15_7) AppleWebKit/605.1.15 (KHTML, like Gecko) Version/18.0 Safari/605.1.15"
185.216.113.70 - - [17/Apr/2026:16:53:16 +0300] "POST /wp-cron.php?doing_wp_cron=1776433996.5990159511566162109375 HTTP/1.1" 200 448 "-" "WordPress/6.3.8; https://serhatburke.miroglu.net"
23.90.188.180 - - [17/Apr/2026:16:52:53 +0300] "POST /xmlrpc.php HTTP/1.1" 200 14727 "-" "Mozilla/5.0 (Windows NT 10.0; Win64; x64) AppleWebKit/537.36 (KHTML, like Gecko) Chrome/114.0.0.0 Safari/537.36"
185.216.113.70 - - [17/Apr/2026:16:53:18 +0300] "POST /wp-cron.php?doing_wp_cron=1776433998.6720120906829833984375 HTTP/1.1" 200 448 "-" "WordPress/6.3.8; https://serhatburke.miroglu.net"
23.90.188.180 - - [17/Apr/2026:16:52:54 +0300] "POST /xmlrpc.php HTTP/1.1" 200 630 "-" "Mozilla/5.0 (Windows NT 10.0; Win64; x64) AppleWebKit/537.36 (KHTML, like Gecko) Chrome/114.0.0.0 Safari/537.36"
216.73.216.76 - - [17/Apr/2026:16:53:25 +0300] "GET /jeux-battle-royale-en-lignejeux-casino/ HTTP/2" 200 0 "-" "Mozilla/5.0 AppleWebKit/537.36 (KHTML, like Gecko; compatible; ClaudeBot/1.0; +claudebot@anthropic.com)"
185.216.113.70 - - [17/Apr/2026:16:53:33 +0300] "POST /wp-cron.php?doing_wp_cron=1776434013.8010320663452148437500 HTTP/1.1" 200 448 "-" "WordPress/6.3.8; https://serhatburke.miroglu.net"
103.219.169.179 - - [17/Apr/2026:16:53:03 +0300] "POST /xmlrpc.php HTTP/1.1" 200 15621 "-" "Mozilla/5.0 (Windows NT 10.0; Win64; x64) AppleWebKit/537.36 (KHTML, like Gecko) Chrome/114.0.0.0 Safari/537.36"
130.49.115.187 - - [17/Apr/2026:16:53:11 +0300] "GET /wp-json/wp/v2/users/me HTTP/2" 200 254 "-" "Mozilla/5.0 (Macintosh; Intel Mac OS X 10_15_7) AppleWebKit/605.1.15 (KHTML, like Gecko) Version/18.0 Safari/605.1.15"
130.49.115.187 - - [17/Apr/2026:16:54:02 +0300] "GET /wp-admin/plugin-install.php HTTP/2" 403 26 "-" "Mozilla/5.0 (Macintosh; Intel Mac OS X 10_15_7) AppleWebKit/605.1.15 (KHTML, like Gecko) Version/18.0 Safari/605.1.15"
130.49.115.187 - - [17/Apr/2026:16:54:03 +0300] "GET /wp-admin/plugin-install.php HTTP/2" 403 26 "-" "Mozilla/5.0 (Macintosh; Intel Mac OS X 10_15_7) AppleWebKit/605.1.15 (KHTML, like Gecko) Version/18.0 Safari/605.1.15"
23.90.188.180 - - [17/Apr/2026:16:53:17 +0300] "GET /innerster-planet-slot-vortragen-slot-spiel-diamonds-of-fortune-inoffizieller-mitarbeiter-inter-browser-casino-apps/ HTTP/1.1" 200 77362 "-" "Mozilla/5.0 (Windows NT 10.0; Win64; x64) AppleWebKit/537.36 (KHTML, like Gecko) Chrome/109.0.0.0 Safari/537.36"
130.49.115.187 - - [17/Apr/2026:16:54:03 +0300] "GET /wp-admin/plugin-install.php HTTP/2" 403 26 "-" "Mozilla/5.0 (Macintosh; Intel Mac OS X 10_15_7) AppleWebKit/605.1.15 (KHTML, like Gecko) Version/18.0 Safari/605.1.15"
130.49.115.187 - - [17/Apr/2026:16:54:03 +0300] "GET /wp-admin/plugin-install.php HTTP/2" 403 26 "-" "Mozilla/5.0 (Macintosh; Intel Mac OS X 10_15_7) AppleWebKit/605.1.15 (KHTML, like Gecko) Version/18.0 Safari/605.1.15"
130.49.115.187 - - [17/Apr/2026:16:54:04 +0300] "GET /wp-admin/plugin-install.php HTTP/2" 403 26 "-" "Mozilla/5.0 (Macintosh; Intel Mac OS X 10_15_7) AppleWebKit/605.1.15 (KHTML, like Gecko) Version/18.0 Safari/605.1.15"
23.90.188.180 - - [17/Apr/2026:16:53:25 +0300] "POST /xmlrpc.php HTTP/1.1" 200 16501 "-" "Mozilla/5.0 (Windows NT 10.0; Win64; x64) AppleWebKit/537.36 (KHTML, like Gecko) Chrome/114.0.0.0 Safari/537.36"
103.219.169.179 - - [17/Apr/2026:16:53:35 +0300] "GET /black-horse-deluxe-slot-review-2026-free-play-mafia-casino-sin-codigos-de-promocion-de-deposito-demo/ HTTP/1.1" 200 77802 "-" "Mozilla/5.0 (Windows NT 10.0; Win64; x64) AppleWebKit/537.36 (KHTML, like Gecko) Chrome/109.0.0.0 Safari/537.36"
103.219.169.179 - - [17/Apr/2026:16:53:42 +0300] "POST /xmlrpc.php HTTP/1.1" 200 630 "-" "Mozilla/5.0 (Windows NT 10.0; Win64; x64) AppleWebKit/537.36 (KHTML, like Gecko) Chrome/114.0.0.0 Safari/537.36"
23.90.188.180 - - [17/Apr/2026:16:53:49 +0300] "POST /xmlrpc.php HTTP/1.1" 200 630 "-" "Mozilla/5.0 (Windows NT 10.0; Win64; x64) AppleWebKit/537.36 (KHTML, like Gecko) Chrome/114.0.0.0 Safari/537.36"
23.90.188.180 - - [17/Apr/2026:16:54:10 +0300] "GET /eye-of-slot-pharaoh-flowers-spielautomat-riches-horus-alles-wissenswerte-zum-beliebten-slot-mercantile-office-systems-pvt-ltd/ HTTP/1.1" 200 79363 "-" "Mozilla/5.0 (Windows NT 10.0; Win64; x64) AppleWebKit/537.36 (KHTML, like Gecko) Chrome/124.0.0.0 Safari/537.36 Edg/124.0.0.0"
185.216.113.70 - - [17/Apr/2026:16:54:37 +0300] "POST /wp-cron.php?doing_wp_cron=1776434077.8069479465484619140625 HTTP/1.1" 200 448 "-" "WordPress/6.3.8; https://serhatburke.miroglu.net"
104.166.164.25 - - [17/Apr/2026:16:54:16 +0300] "POST /xmlrpc.php HTTP/1.1" 200 630 "-" "Mozilla/5.0 (Windows NT 10.0; Win64; x64) AppleWebKit/537.36 (KHTML, like Gecko) Chrome/114.0.0.0 Safari/537.36"
185.216.113.70 - - [17/Apr/2026:16:54:51 +0300] "POST /wp-cron.php?doing_wp_cron=1776434091.4942200183868408203125 HTTP/1.1" 200 448 "-" "WordPress/6.3.8; https://serhatburke.miroglu.net"
103.219.169.179 - - [17/Apr/2026:16:54:28 +0300] "POST /xmlrpc.php HTTP/1.1" 200 15283 "-" "Mozilla/5.0 (Windows NT 10.0; Win64; x64) AppleWebKit/537.36 (KHTML, like Gecko) Chrome/114.0.0.0 Safari/537.36"
185.216.113.70 - - [17/Apr/2026:16:54:52 +0300] "POST /wp-cron.php?doing_wp_cron=1776434092.5021739006042480468750 HTTP/1.1" 200 448 "-" "WordPress/6.3.8; https://serhatburke.miroglu.net"
23.90.188.180 - - [17/Apr/2026:16:54:28 +0300] "POST /xmlrpc.php HTTP/1.1" 200 13364 "-" "Mozilla/5.0 (Windows NT 10.0; Win64; x64) AppleWebKit/537.36 (KHTML, like Gecko) Chrome/114.0.0.0 Safari/537.36"
185.216.113.70 - - [17/Apr/2026:16:55:22 +0300] "POST /wp-cron.php?doing_wp_cron=1776434122.6927919387817382812500 HTTP/1.1" 200 448 "-" "WordPress/6.3.8; https://serhatburke.miroglu.net"
23.90.188.180 - - [17/Apr/2026:16:54:45 +0300] "POST /xmlrpc.php HTTP/1.1" 200 630 "-" "Mozilla/5.0 (Windows NT 10.0; Win64; x64) AppleWebKit/537.36 (KHTML, like Gecko) Chrome/114.0.0.0 Safari/537.36"
104.166.164.25 - - [17/Apr/2026:16:54:45 +0300] "POST /xmlrpc.php HTTP/1.1" 200 13419 "-" "Mozilla/5.0 (Windows NT 10.0; Win64; x64) AppleWebKit/537.36 (KHTML, like Gecko) Chrome/114.0.0.0 Safari/537.36"
23.90.188.180 - - [17/Apr/2026:16:54:53 +0300] "GET /druckgluck-casino-pramie-fire-bird-slotspiel-fur-geld-code-2025-50-maklercourtage-50-freispiele/ HTTP/1.1" 200 75914 "-" "Mozilla/5.0 (Windows NT 10.0; Win64; x64) AppleWebKit/537.36 (KHTML, like Gecko) Chrome/123.0.0.0 Safari/537.36"
103.219.169.179 - - [17/Apr/2026:16:54:53 +0300] "GET /bonanza-slot-sphinx-movil-machine-play-online-or-on-mobile-now/ HTTP/1.1" 200 76485 "-" "Mozilla/5.0 (Windows NT 10.0; Win64; x64) AppleWebKit/537.36 (KHTML, like Gecko) Chrome/122.0.0.0 Safari/537.36"
66.249.73.1 - - [17/Apr/2026:16:55:40 +0300] "GET /sugar-rush-1000-a-sweet-spin-experience-for-aussie-players/ HTTP/1.1" 200 0 "https://dkqpsn.driftlogic-games.biz/" "Mozilla/5.0 (Linux; Android 6.0.1; Nexus 5X Build/MMB29P) AppleWebKit/537.36 (KHTML, like Gecko) Chrome/146.0.7680.177 Mobile Safari/537.36 (compatible; Googlebot/2.1; +http://www.google.com/bot.html)"
23.90.188.180 - - [17/Apr/2026:16:55:28 +0300] "POST /xmlrpc.php HTTP/1.1" 200 15778 "-" "Mozilla/5.0 (Windows NT 10.0; Win64; x64) AppleWebKit/537.36 (KHTML, like Gecko) Chrome/114.0.0.0 Safari/537.36"
104.166.164.25 - - [17/Apr/2026:16:55:26 +0300] "GET /free-ports-online-las-vegas-mermaids-millions-slot-games-online-casino-games/ HTTP/1.1" 200 74729 "-" "Mozilla/5.0 (Windows NT 10.0; Win64; x64) AppleWebKit/537.36 (KHTML, like Gecko) Chrome/122.0.0.0 Safari/537.36"
103.219.169.179 - - [17/Apr/2026:16:55:30 +0300] "POST /xmlrpc.php HTTP/1.1" 200 630 "-" "Mozilla/5.0 (Windows NT 10.0; Win64; x64) AppleWebKit/537.36 (KHTML, like Gecko) Chrome/114.0.0.0 Safari/537.36"
23.90.188.180 - - [17/Apr/2026:16:55:41 +0300] "POST /xmlrpc.php HTTP/1.1" 200 630 "-" "Mozilla/5.0 (Windows NT 10.0; Win64; x64) AppleWebKit/537.36 (KHTML, like Gecko) Chrome/114.0.0.0 Safari/537.36"
23.90.188.180 - - [17/Apr/2026:16:56:01 +0300] "GET /sweet-bonanza-1000-dolphins-pearl-deluxe-slot-free-spins-online-auffuhren-casino-bonus-durch-pragmatic-play/ HTTP/1.1" 200 78534 "-" "Mozilla/5.0 (Windows NT 10.0; Win64; x64) AppleWebKit/537.36 (KHTML, like Gecko) Chrome/124.0.0.0 Safari/537.36 Edg/124.0.0.0"
103.219.169.179 - - [17/Apr/2026:16:56:11 +0300] "POST /xmlrpc.php HTTP/1.1" 200 15957 "-" "Mozilla/5.0 (Windows NT 10.0; Win64; x64) AppleWebKit/537.36 (KHTML, like Gecko) Chrome/114.0.0.0 Safari/537.36"
66.249.73.15 - - [17/Apr/2026:16:56:26 +0300] "GET /sugar-rush-1000-a-sweet-spin-experience-for-aussie-players/ HTTP/1.1" 200 0 "https://dkqpsn.driftlogic-games.biz/" "Mozilla/5.0 (Linux; Android 6.0.1; Nexus 5X Build/MMB29P) AppleWebKit/537.36 (KHTML, like Gecko) Chrome/146.0.7680.177 Mobile Safari/537.36 (compatible; Googlebot/2.1; +http://www.google.com/bot.html)"
185.216.113.70 - - [17/Apr/2026:16:56:44 +0300] "POST /wp-cron.php?doing_wp_cron=1776434204.3935959339141845703125 HTTP/1.1" 200 448 "-" "WordPress/6.3.8; https://serhatburke.miroglu.net"
23.90.188.180 - - [17/Apr/2026:16:56:16 +0300] "POST /xmlrpc.php HTTP/1.1" 200 13113 "-" "Mozilla/5.0 (Windows NT 10.0; Win64; x64) AppleWebKit/537.36 (KHTML, like Gecko) Chrome/114.0.0.0 Safari/537.36"
23.90.188.180 - - [17/Apr/2026:16:56:30 +0300] "POST /xmlrpc.php HTTP/1.1" 200 630 "-" "Mozilla/5.0 (Windows NT 10.0; Win64; x64) AppleWebKit/537.36 (KHTML, like Gecko) Chrome/114.0.0.0 Safari/537.36"
103.219.169.179 - - [17/Apr/2026:16:56:33 +0300] "GET /cleopatra-money-mania-tragamonedas-regalado-garage-giros-sin-ranura-carente-soltar/ HTTP/1.1" 200 77480 "-" "Mozilla/5.0 (Windows NT 10.0; Win64; x64; rv:125.0) Gecko/20100101 Firefox/125.0"
23.90.188.180 - - [17/Apr/2026:16:56:45 +0300] "GET /top-10-casino-casimba-online-spielsaal-echtgeld-anbieter-rangliste-2026/ HTTP/1.1" 200 74910 "-" "Mozilla/5.0 (Windows NT 10.0; Win64; x64) AppleWebKit/537.36 (KHTML, like Gecko) Chrome/124.0.0.0 Safari/537.36"
57.128.22.95 - - [17/Apr/2026:16:56:43 +0300] "GET /automaty-hazard-online/ HTTP/1.1" 200 17664 "-" "Mozilla/5.0 (compatible; Googlebot/2.1; +http://www.google.com/bot.html)"
46.6.126.162 - - [17/Apr/2026:16:57:03 +0300] "GET /uso-di-steroidi-in-italia-cosa-e-consentito/ HTTP/1.1" 200 67498 "-" "GuzzleHttp/7"
103.219.169.179 - - [17/Apr/2026:16:57:11 +0300] "POST /xmlrpc.php HTTP/1.1" 200 630 "-" "Mozilla/5.0 (Windows NT 10.0; Win64; x64) AppleWebKit/537.36 (KHTML, like Gecko) Chrome/114.0.0.0 Safari/537.36"
23.90.188.180 - - [17/Apr/2026:16:57:12 +0300] "POST /xmlrpc.php HTTP/1.1" 200 12808 "-" "Mozilla/5.0 (Windows NT 10.0; Win64; x64) AppleWebKit/537.36 (KHTML, like Gecko) Chrome/114.0.0.0 Safari/537.36"
65.111.5.97 - - [17/Apr/2026:16:57:14 +0300] "GET /wp-login.php HTTP/2" 200 3091 "-" "Mozilla/5.0 (Windows NT 10.0; Win64; x64; rv:127.0) Gecko/20100101 Firefox/127.0"
185.216.113.70 - - [17/Apr/2026:16:57:45 +0300] "POST /wp-cron.php?doing_wp_cron=1776434265.3001439571380615234375 HTTP/1.1" 200 448 "-" "WordPress/6.3.8; https://serhatburke.miroglu.net"
23.90.188.180 - - [17/Apr/2026:16:57:20 +0300] "POST /xmlrpc.php HTTP/1.1" 200 630 "-" "Mozilla/5.0 (Windows NT 10.0; Win64; x64) AppleWebKit/537.36 (KHTML, like Gecko) Chrome/114.0.0.0 Safari/537.36"
23.90.188.180 - - [17/Apr/2026:16:57:42 +0300] "GET /create-your-free-bf-games-gaming-slots-blog/ HTTP/1.1" 200 73716 "-" "Mozilla/5.0 (Windows NT 10.0; Win64; x64) AppleWebKit/537.36 (KHTML, like Gecko) Chrome/122.0.0.0 Safari/537.36"
148.135.195.139 - - [17/Apr/2026:16:57:43 +0300] "POST /xmlrpc.php HTTP/1.1" 200 88583 "-" "Mozilla/5.0 (Windows NT 10.0; Win64; x64) AppleWebKit/537.36 (KHTML, like Gecko) Chrome/114.0.0.0 Safari/537.36 Edg/114.0.1264.71"
103.219.169.179 - - [17/Apr/2026:16:57:48 +0300] "POST /xmlrpc.php HTTP/1.1" 200 16434 "-" "Mozilla/5.0 (Windows NT 10.0; Win64; x64) AppleWebKit/537.36 (KHTML, like Gecko) Chrome/114.0.0.0 Safari/537.36"
23.90.188.180 - - [17/Apr/2026:16:57:51 +0300] "POST /xmlrpc.php HTTP/1.1" 200 12674 "-" "Mozilla/5.0 (Windows NT 10.0; Win64; x64) AppleWebKit/537.36 (KHTML, like Gecko) Chrome/114.0.0.0 Safari/537.36"
45.3.45.180 - - [17/Apr/2026:16:58:05 +0300] "POST /xmlrpc.php HTTP/2" 200 0 "-" "Mozilla/5.0 (Windows NT 10.0; Win64; x64; rv:127.0) Gecko/20100101 Firefox/127.0"
104.166.164.25 - - [17/Apr/2026:16:58:01 +0300] "POST /xmlrpc.php HTTP/1.1" 200 630 "-" "Mozilla/5.0 (Windows NT 10.0; Win64; x64) AppleWebKit/537.36 (KHTML, like Gecko) Chrome/114.0.0.0 Safari/537.36"
185.216.113.70 - - [17/Apr/2026:16:58:54 +0300] "POST /wp-cron.php?doing_wp_cron=1776434334.3494150638580322265625 HTTP/1.1" 200 448 "-" "WordPress/6.3.8; https://serhatburke.miroglu.net"
23.90.188.180 - - [17/Apr/2026:16:58:10 +0300] "POST /xmlrpc.php HTTP/1.1" 200 630 "-" "Mozilla/5.0 (Windows NT 10.0; Win64; x64) AppleWebKit/537.36 (KHTML, like Gecko) Chrome/114.0.0.0 Safari/537.36"
185.216.113.70 - - [17/Apr/2026:16:58:58 +0300] "POST /wp-cron.php?doing_wp_cron=1776434338.2924709320068359375000 HTTP/1.1" 200 448 "-" "WordPress/6.3.8; https://serhatburke.miroglu.net"
148.135.195.139 - - [17/Apr/2026:16:58:13 +0300] "POST /xmlrpc.php HTTP/1.1" 200 489 "-" "Mozilla/5.0 (Windows NT 10.0; Win64; x64) AppleWebKit/537.36 (KHTML, like Gecko) Chrome/114.0.0.0 Safari/537.36 Edg/114.0.1264.71"
185.216.113.70 - - [17/Apr/2026:16:59:13 +0300] "POST /wp-cron.php?doing_wp_cron=1776434352.9902939796447753906250 HTTP/1.1" 200 448 "-" "WordPress/6.3.8; https://serhatburke.miroglu.net"
185.153.197.137 - - [17/Apr/2026:16:58:27 +0300] "POST /xmlrpc.php HTTP/1.1" 500 1102 "-" "Mozilla/5.0 (Windows NT 10.0; Win64; x64) AppleWebKit/537.36 (KHTML, like Gecko) Chrome/114.0.0.0 Safari/537.36"
103.219.169.179 - - [17/Apr/2026:16:58:25 +0300] "GET /tragamonedas-sobre-igt-tratar-coyote-moon-embocadura-sobre-rebaja-sin-cargo-en-linea-ruleta-online-nha-phan-phoi-kim-loi/ HTTP/1.1" 200 79178 "-" "Mozilla/5.0 (Windows NT 10.0; Win64; x64; rv:125.0) Gecko/20100101 Firefox/125.0"
45.3.39.212 - - [17/Apr/2026:16:58:48 +0300] "POST /xmlrpc.php HTTP/2" 200 0 "-" "Mozilla/5.0 (Macintosh; Intel Mac OS X 13_5) AppleWebKit/605.1.15 (KHTML, like Gecko) Version/17.5 Safari/605.1.15"
185.153.197.137 - - [17/Apr/2026:16:58:32 +0300] "POST /xmlrpc.php HTTP/1.1" 200 12674 "-" "Mozilla/5.0 (Windows NT 10.0; Win64; x64) AppleWebKit/537.36 (KHTML, like Gecko) Chrome/114.0.0.0 Safari/537.36"
103.219.169.179 - - [17/Apr/2026:16:58:34 +0300] "POST /xmlrpc.php HTTP/1.1" 200 630 "-" "Mozilla/5.0 (Windows NT 10.0; Win64; x64) AppleWebKit/537.36 (KHTML, like Gecko) Chrome/114.0.0.0 Safari/537.36"
104.166.164.25 - - [17/Apr/2026:16:58:50 +0300] "POST /xmlrpc.php HTTP/1.1" 200 12932 "-" "Mozilla/5.0 (Windows NT 10.0; Win64; x64) AppleWebKit/537.36 (KHTML, like Gecko) Chrome/114.0.0.0 Safari/537.36"
216.26.240.224 - - [17/Apr/2026:16:59:26 +0300] "POST /xmlrpc.php HTTP/2" 200 0 "-" "Mozilla/5.0 (Windows NT 10.0; Win64; x64; rv:127.0) Gecko/20100101 Firefox/127.0"
148.135.195.139 - - [17/Apr/2026:16:58:59 +0300] "POST /xmlrpc.php HTTP/1.1" 200 0 "-" "Mozilla/5.0 (Windows NT 10.0; Win64; x64) AppleWebKit/537.36 (KHTML, like Gecko) Chrome/114.0.0.0 Safari/537.36 Edg/114.0.1264.71"
185.216.113.70 - - [17/Apr/2026:17:00:22 +0300] "POST /wp-cron.php?doing_wp_cron=1776434422.3750278949737548828125 HTTP/1.1" 200 448 "-" "WordPress/6.3.8; https://serhatburke.miroglu.net"
185.191.206.67 - - [17/Apr/2026:16:59:08 +0300] "POST /xmlrpc.php HTTP/1.1" 200 630 "-" "Mozilla/5.0 (Windows NT 10.0; Win64; x64) AppleWebKit/537.36 (KHTML, like Gecko) Chrome/114.0.0.0 Safari/537.36"
185.216.113.70 - - [17/Apr/2026:17:00:25 +0300] "POST /wp-cron.php?doing_wp_cron=1776434424.9910581111907958984375 HTTP/1.1" 200 448 "-" "WordPress/6.3.8; https://serhatburke.miroglu.net"
103.219.169.179 - - [17/Apr/2026:16:59:38 +0300] "POST /xmlrpc.php HTTP/1.1" 200 14863 "-" "Mozilla/5.0 (Windows NT 10.0; Win64; x64) AppleWebKit/537.36 (KHTML, like Gecko) Chrome/114.0.0.0 Safari/537.36"
185.216.113.70 - - [17/Apr/2026:17:00:28 +0300] "POST /wp-cron.php?doing_wp_cron=1776434427.7908821105957031250000 HTTP/1.1" 200 448 "-" "WordPress/6.3.8; https://serhatburke.miroglu.net"
107.152.46.252 - - [17/Apr/2026:16:59:42 +0300] "GET /zotabet-casino-bonus-premier-depot-2026/ HTTP/1.1" 200 18530 "-" "Mozilla/5.0 (Windows NT 10.0; Win64; x64) AppleWebKit/537.36 (KHTML, like Gecko) Chrome/114.0.0.0 Safari/537.36 Edg/114.0.1264.71"
209.50.189.57 - - [17/Apr/2026:17:00:04 +0300] "POST /xmlrpc.php HTTP/2" 200 0 "-" "Mozilla/5.0 (Windows NT 10.0; Win64; x64; rv:127.0) Gecko/20100101 Firefox/127.0"
185.216.113.70 - - [17/Apr/2026:17:00:35 +0300] "POST /wp-cron.php?doing_wp_cron=1776434435.7184560298919677734375 HTTP/1.1" 200 448 "-" "WordPress/6.3.8; https://serhatburke.miroglu.net"
185.216.113.70 - - [17/Apr/2026:17:00:36 +0300] "POST /wp-cron.php?doing_wp_cron=1776434435.9181039333343505859375 HTTP/1.1" 200 448 "-" "WordPress/6.3.8; https://serhatburke.miroglu.net"
185.191.206.67 - - [17/Apr/2026:16:59:27 +0300] "GET /?p=116788 HTTP/1.1" 301 681 "-" "Mozilla/5.0 (Windows NT 10.0; Win64; x64; rv:125.0) Gecko/20100101 Firefox/125.0"
104.166.164.25 - - [17/Apr/2026:16:59:55 +0300] "GET /step-one-online-societal-gambling-texas-tea-1-deposit-establishment-sense/ HTTP/1.1" 200 74125 "-" "Mozilla/5.0 (Windows NT 10.0; Win64; x64) AppleWebKit/537.36 (KHTML, like Gecko) Chrome/124.0.0.0 Safari/537.36 Edg/124.0.0.0"
185.216.113.70 - - [17/Apr/2026:17:00:46 +0300] "POST /wp-cron.php?doing_wp_cron=1776434446.1121039390563964843750 HTTP/1.1" 200 448 "-" "WordPress/6.3.8; https://serhatburke.miroglu.net"
148.135.195.139 - - [17/Apr/2026:17:00:00 +0300] "POST /xmlrpc.php HTTP/1.1" 200 131450 "-" "Mozilla/5.0 (Windows NT 10.0; Win64; x64) AppleWebKit/537.36 (KHTML, like Gecko) Chrome/114.0.0.0 Safari/537.36 Edg/114.0.1264.71"
185.216.113.70 - - [17/Apr/2026:17:00:52 +0300] "POST /wp-cron.php?doing_wp_cron=1776434452.0231859683990478515625 HTTP/1.1" 200 448 "-" "WordPress/6.3.8; https://serhatburke.miroglu.net"
209.50.184.10 - - [17/Apr/2026:17:00:42 +0300] "POST /xmlrpc.php HTTP/2" 200 0 "-" "Mozilla/5.0 (Macintosh; Intel Mac OS X 13_5) AppleWebKit/605.1.15 (KHTML, like Gecko) Version/17.5 Safari/605.1.15"
185.216.113.70 - - [17/Apr/2026:17:01:39 +0300] "POST /wp-cron.php?doing_wp_cron=1776434499.0916740894317626953125 HTTP/1.1" 200 448 "-" "WordPress/6.3.8; https://serhatburke.miroglu.net"
103.219.169.179 - - [17/Apr/2026:17:00:22 +0300] "POST /xmlrpc.php HTTP/1.1" 200 630 "-" "Mozilla/5.0 (Windows NT 10.0; Win64; x64) AppleWebKit/537.36 (KHTML, like Gecko) Chrome/114.0.0.0 Safari/537.36"
217.181.92.77 - - [17/Apr/2026:17:01:16 +0300] "POST /xmlrpc.php HTTP/2" 200 0 "-" "Mozilla/5.0 (Windows NT 10.0; Win64; x64) AppleWebKit/537.36 (KHTML, like Gecko) Chrome/124.0.6367.207 Safari/537.36"
185.216.113.70 - - [17/Apr/2026:17:01:57 +0300] "POST /wp-cron.php?doing_wp_cron=1776434517.0784969329833984375000 HTTP/1.1" 200 448 "-" "WordPress/6.3.8; https://serhatburke.miroglu.net"
103.219.169.179 - - [17/Apr/2026:17:00:26 +0300] "GET /proporciona-gryphons-gold-casino-vinci-diamonds-slot-demo-review/ HTTP/1.1" 200 76196 "-" "Mozilla/5.0 (Windows NT 10.0; Win64; x64) AppleWebKit/537.36 (KHTML, like Gecko) Chrome/124.0.0.0 Safari/537.36 Edg/124.0.0.0"
185.216.113.70 - - [17/Apr/2026:17:02:04 +0300] "POST /wp-cron.php?doing_wp_cron=1776434523.9949240684509277343750 HTTP/1.1" 200 448 "-" "WordPress/6.3.8; https://serhatburke.miroglu.net"
185.191.206.67 - - [17/Apr/2026:17:00:29 +0300] "POST /xmlrpc.php HTTP/1.1" 200 15043 "-" "Mozilla/5.0 (Windows NT 10.0; Win64; x64) AppleWebKit/537.36 (KHTML, like Gecko) Chrome/114.0.0.0 Safari/537.36"
185.216.113.70 - - [17/Apr/2026:17:02:07 +0300] "POST /wp-cron.php?doing_wp_cron=1776434526.8061399459838867187500 HTTP/1.1" 200 448 "-" "WordPress/6.3.8; https://serhatburke.miroglu.net"
185.191.206.67 - - [17/Apr/2026:17:00:37 +0300] "GET /echtgeld-online-casinos-osterreich-champagne-80-freie-spins-monat-des-fruhlingsbeginns-2026/ HTTP/1.1" 200 74791 "-" "Mozilla/5.0 (Windows NT 10.0; Win64; x64; rv:125.0) Gecko/20100101 Firefox/125.0"
185.216.113.70 - - [17/Apr/2026:17:02:38 +0300] "POST /wp-cron.php?doing_wp_cron=1776434557.8732059001922607421875 HTTP/1.1" 200 448 "-" "WordPress/6.3.8; https://serhatburke.miroglu.net"
