84.247.181.69 - - [17/Apr/2026:13:04:09 +0300] "GET /wp-content/themes/toppic/css/woocommerce.css?ver=4.2 HTTP/1.1" 200 2848 "https://serhatburke.miroglu.net/beste-casino-site-belgie-hoge-inzet/" "Mozilla/5.0 (Windows NT 10.0; Win64; x64) AppleWebKit/537.36 (KHTML, like Gecko) Chrome/143.0.0.0 Safari/537.36"
84.247.181.69 - - [17/Apr/2026:13:04:09 +0300] "GET /wp-content/themes/toppic/css/responsive.css?ver=4.2 HTTP/1.1" 200 2796 "https://serhatburke.miroglu.net/beste-casino-site-belgie-hoge-inzet/" "Mozilla/5.0 (Windows NT 10.0; Win64; x64) AppleWebKit/537.36 (KHTML, like Gecko) Chrome/143.0.0.0 Safari/537.36"
84.247.181.69 - - [17/Apr/2026:13:04:09 +0300] "POST /wp-comments-post.php HTTP/1.1" 302 1083 "https://serhatburke.miroglu.net/beste-casino-site-belgie-hoge-inzet/" "Mozilla/5.0 (Windows NT 10.0; Win64; x64; rv:114.0) Gecko/20100101 Firefox/114.0"
84.247.181.69 - - [17/Apr/2026:13:04:22 +0300] "GET /beste-casino-site-belgie-hoge-inzet/?unapproved=437&moderation-hash=963279a46a92e107403b92501bf248a4 HTTP/1.1" 200 19041 "https://serhatburke.miroglu.net/wp-comments-post.php" "Mozilla/5.0 (Windows NT 10.0; Win64; x64; rv:114.0) Gecko/20100101 Firefox/114.0"
185.216.113.70 - - [17/Apr/2026:13:04:47 +0300] "POST /wp-cron.php?doing_wp_cron=1776420287.3533489704132080078125 HTTP/1.1" 200 448 "-" "WordPress/6.3.8; https://serhatburke.miroglu.net"
84.247.181.69 - - [17/Apr/2026:13:04:34 +0300] "GET /beste-casino-site-belgie-hoge-inzet/ HTTP/1.1" 200 18613 "-" "Mozilla/5.0 (Windows NT 10.0; Win64; x64; rv:114.0) Gecko/20100101 Firefox/114.0"
104.166.164.25 - - [17/Apr/2026:13:05:02 +0300] "POST /xmlrpc.php HTTP/1.1" 200 630 "-" "Mozilla/5.0 (Windows NT 10.0; Win64; x64) AppleWebKit/537.36 (KHTML, like Gecko) Chrome/114.0.0.0 Safari/537.36"
102.221.34.103 - - [17/Apr/2026:13:05:06 +0300] "POST /xmlrpc.php HTTP/1.1" 200 630 "-" "Mozilla/5.0 (Windows NT 10.0; Win64; x64) AppleWebKit/537.36 (KHTML, like Gecko) Chrome/114.0.0.0 Safari/537.36"
185.216.113.70 - - [17/Apr/2026:13:05:46 +0300] "POST /wp-cron.php?doing_wp_cron=1776420346.6766479015350341796875 HTTP/1.1" 200 448 "-" "WordPress/6.3.8; https://serhatburke.miroglu.net"
104.166.164.25 - - [17/Apr/2026:13:05:23 +0300] "POST /xmlrpc.php HTTP/1.1" 200 13438 "-" "Mozilla/5.0 (Windows NT 10.0; Win64; x64) AppleWebKit/537.36 (KHTML, like Gecko) Chrome/114.0.0.0 Safari/537.36"
216.26.237.63 - - [17/Apr/2026:13:05:25 +0300] "HEAD / HTTP/1.1" 200 670 "-" "Wget/1.21.4"
102.221.34.103 - - [17/Apr/2026:13:05:26 +0300] "POST /xmlrpc.php HTTP/1.1" 200 13658 "-" "Mozilla/5.0 (Windows NT 10.0; Win64; x64) AppleWebKit/537.36 (KHTML, like Gecko) Chrome/114.0.0.0 Safari/537.36"
216.26.225.58 - - [17/Apr/2026:13:05:28 +0300] "POST /xmlrpc.php HTTP/1.1" 200 730 "-" "curl/7.88.1"
104.166.164.25 - - [17/Apr/2026:13:05:48 +0300] "GET /queen-out-of-of-those-nile-winner-casino-android-app-ports-ideas-on-how-to-take-pleasure-in-and-you-will-you-can-earn-costa-rica/ HTTP/1.1" 200 75880 "-" "Mozilla/5.0 (Windows NT 10.0; Win64; x64; rv:125.0) Gecko/20100101 Firefox/125.0"
216.26.225.58 - - [17/Apr/2026:13:05:54 +0300] "POST /xmlrpc.php HTTP/1.1" 200 781 "-" "Wget/1.21.4"
102.221.34.103 - - [17/Apr/2026:13:05:52 +0300] "GET /dr-choice-energoonz-bonus-game-betting-review-offers-overview-and-bonuses/ HTTP/1.1" 200 75120 "-" "Mozilla/5.0 (Windows NT 10.0; Win64; x64) AppleWebKit/537.36 (KHTML, like Gecko) Chrome/124.0.0.0 Safari/537.36 Edg/124.0.0.0"
103.219.169.214 - - [17/Apr/2026:13:06:05 +0300] "POST /xmlrpc.php HTTP/1.1" 200 630 "-" "Mozilla/5.0 (Windows NT 10.0; Win64; x64) AppleWebKit/537.36 (KHTML, like Gecko) Chrome/114.0.0.0 Safari/537.36"
216.26.225.58 - - [17/Apr/2026:13:06:20 +0300] "POST /xmlrpc.php HTTP/1.1" 200 730 "-" "curl/8.6.0"
185.216.113.70 - - [17/Apr/2026:13:06:44 +0300] "POST /wp-cron.php?doing_wp_cron=1776420404.7500829696655273437500 HTTP/1.1" 200 448 "-" "WordPress/6.3.8; https://serhatburke.miroglu.net"
103.219.169.214 - - [17/Apr/2026:13:06:31 +0300] "POST /xmlrpc.php HTTP/1.1" 200 16411 "-" "Mozilla/5.0 (Windows NT 10.0; Win64; x64) AppleWebKit/537.36 (KHTML, like Gecko) Chrome/114.0.0.0 Safari/537.36"
216.26.225.58 - - [17/Apr/2026:13:06:33 +0300] "GET /wp-login.php HTTP/1.1" 200 4161 "-" "curl/7.88.1"
216.26.225.58 - - [17/Apr/2026:13:06:47 +0300] "POST /wp-login.php HTTP/1.1" 302 1332 "https://serhatburke.miroglu.net/wp-login.php" "Wget/1.21.4"
103.219.169.214 - - [17/Apr/2026:13:06:47 +0300] "GET /igual-que-si-no-le-importa-hacerse-amiga-de-la-grasa-soluciona-casino-desert-treasure-2-en-el-casino-en-linea-argentina-partner2connect/ HTTP/1.1" 200 79501 "-" "Mozilla/5.0 (Windows NT 10.0; Win64; x64) AppleWebKit/537.36 (KHTML, like Gecko) Chrome/123.0.0.0 Safari/537.36 OPR/109.0.0.0"
216.26.225.58 - - [17/Apr/2026:13:07:05 +0300] "GET /wp-admin/ HTTP/1.1" 200 165680 "https://serhatburke.miroglu.net/wp-login.php" "Wget/1.21.4"
185.216.113.70 - - [17/Apr/2026:13:07:40 +0300] "POST /wp-cron.php?doing_wp_cron=1776420460.7980759143829345703125 HTTP/1.1" 200 448 "-" "WordPress/6.3.8; https://serhatburke.miroglu.net"
104.166.164.25 - - [17/Apr/2026:13:07:27 +0300] "POST /xmlrpc.php HTTP/1.1" 200 630 "-" "Mozilla/5.0 (Windows NT 10.0; Win64; x64) AppleWebKit/537.36 (KHTML, like Gecko) Chrome/114.0.0.0 Safari/537.36"
216.26.225.58 - - [17/Apr/2026:13:07:21 +0300] "GET /wp-admin/plugins.php HTTP/1.1" 200 149407 "-" "curl/8.6.0"
84.247.181.69 - - [17/Apr/2026:13:07:40 +0300] "GET /beste-casino-site-belgie-hoge-inzet/ HTTP/1.1" 200 18613 "-" "Mozilla/5.0 (Windows NT 10.0; Win64; x64) AppleWebKit/537.36 (KHTML, like Gecko) Chrome/114.0.0.0 Safari/537.36 Edg/114.0.1264.71"
216.26.225.58 - - [17/Apr/2026:13:07:44 +0300] "GET /wp-login.php HTTP/1.1" 200 4161 "-" "curl/8.6.0"
104.166.164.25 - - [17/Apr/2026:13:07:47 +0300] "POST /xmlrpc.php HTTP/1.1" 200 12927 "-" "Mozilla/5.0 (Windows NT 10.0; Win64; x64) AppleWebKit/537.36 (KHTML, like Gecko) Chrome/114.0.0.0 Safari/537.36"
216.26.225.58 - - [17/Apr/2026:13:08:06 +0300] "POST /wp-login.php HTTP/1.1" 302 1332 "https://serhatburke.miroglu.net/wp-login.php" "curl/8.6.0"
104.166.164.25 - - [17/Apr/2026:13:08:09 +0300] "GET /slots-angels-position-review-best-slot-games-to-win-where-you-should-enjoy-online/ HTTP/1.1" 200 74421 "-" "Mozilla/5.0 (Windows NT 10.0; rv:109.0) Gecko/20100101 Firefox/115.0"
216.26.225.58 - - [17/Apr/2026:13:08:21 +0300] "GET /wp-admin/ HTTP/1.1" 200 29057 "https://serhatburke.miroglu.net/wp-login.php" "curl/8.6.0"
185.216.113.70 - - [17/Apr/2026:13:08:46 +0300] "POST /wp-cron.php?doing_wp_cron=1776420526.1221370697021484375000 HTTP/1.1" 200 448 "-" "WordPress/6.3.8; https://serhatburke.miroglu.net"
185.216.113.70 - - [17/Apr/2026:13:08:34 +0300] "POST /wp-admin/admin-ajax.php?action=as_async_request_queue_runner&nonce=d56939df68 HTTP/1.1" 200 1039 "-" "WordPress/6.3.8; https://serhatburke.miroglu.net"
84.200.80.218 - - [17/Apr/2026:13:08:39 +0300] "POST /xmlrpc.php HTTP/1.1" 200 87894 "-" "Mozilla/5.0 (Macintosh; Intel Mac OS X 10_15_7) AppleWebKit/537.36 (KHTML, like Gecko) Chrome/127.0.0 Safari/537.36"
84.200.80.218 - - [17/Apr/2026:13:08:52 +0300] "POST /xmlrpc.php HTTP/1.1" 200 489 "-" "Mozilla/5.0 (Macintosh; Intel Mac OS X 10_15_7) AppleWebKit/537.36 (KHTML, like Gecko) Chrome/127.0.0 Safari/537.36"
185.216.113.70 - - [17/Apr/2026:13:09:19 +0300] "POST /wp-cron.php?doing_wp_cron=1776420558.8800859451293945312500 HTTP/1.1" 200 448 "-" "WordPress/6.3.8; https://serhatburke.miroglu.net"
84.200.80.218 - - [17/Apr/2026:13:09:06 +0300] "POST /xmlrpc.php HTTP/1.1" 200 226489 "-" "Mozilla/5.0 (Macintosh; Intel Mac OS X 10_15_7) AppleWebKit/537.36 (KHTML, like Gecko) Chrome/127.0.0 Safari/537.36"
104.166.164.25 - - [17/Apr/2026:13:09:44 +0300] "POST /xmlrpc.php HTTP/1.1" 200 630 "-" "Mozilla/5.0 (Windows NT 10.0; Win64; x64) AppleWebKit/537.36 (KHTML, like Gecko) Chrome/114.0.0.0 Safari/537.36"
104.166.164.25 - - [17/Apr/2026:13:10:04 +0300] "POST /xmlrpc.php HTTP/1.1" 200 12896 "-" "Mozilla/5.0 (Windows NT 10.0; Win64; x64) AppleWebKit/537.36 (KHTML, like Gecko) Chrome/114.0.0.0 Safari/537.36"
185.216.113.70 - - [17/Apr/2026:13:10:32 +0300] "POST /wp-cron.php?doing_wp_cron=1776420632.7771589756011962890625 HTTP/1.1" 200 448 "-" "WordPress/6.3.8; https://serhatburke.miroglu.net"
104.166.164.25 - - [17/Apr/2026:13:10:20 +0300] "GET /primecasino-a-hundred-casino-lucky-red-25-free-spins-free-spins-to-the-publication-from-inactive/ HTTP/1.1" 200 74651 "-" "Mozilla/5.0 (Windows NT 10.0; Win64; x64) AppleWebKit/537.36 (KHTML, like Gecko) Chrome/123.0.0.0 Safari/537.36"
66.249.73.1 - - [17/Apr/2026:13:11:04 +0300] "GET /les-enjeux-psychologiques-du-jeu-comprendre-vos/ HTTP/1.1" 200 20174 "-" "Mozilla/5.0 (Linux; Android 6.0.1; Nexus 5X Build/MMB29P) AppleWebKit/537.36 (KHTML, like Gecko) Chrome/146.0.7680.177 Mobile Safari/537.36 (compatible; Googlebot/2.1; +http://www.google.com/bot.html)"
185.216.113.70 - - [17/Apr/2026:13:12:21 +0300] "POST /wp-cron.php?doing_wp_cron=1776420741.5805089473724365234375 HTTP/1.1" 200 448 "-" "WordPress/6.3.8; https://serhatburke.miroglu.net"
104.166.164.25 - - [17/Apr/2026:13:12:09 +0300] "POST /xmlrpc.php HTTP/1.1" 200 630 "-" "Mozilla/5.0 (Windows NT 10.0; Win64; x64) AppleWebKit/537.36 (KHTML, like Gecko) Chrome/114.0.0.0 Safari/537.36"
104.166.164.25 - - [17/Apr/2026:13:12:28 +0300] "POST /xmlrpc.php HTTP/1.1" 200 12659 "-" "Mozilla/5.0 (Windows NT 10.0; Win64; x64) AppleWebKit/537.36 (KHTML, like Gecko) Chrome/114.0.0.0 Safari/537.36"
185.216.113.70 - - [17/Apr/2026:13:12:53 +0300] "POST /wp-cron.php?doing_wp_cron=1776420773.5739929676055908203125 HTTP/1.1" 200 448 "-" "WordPress/6.3.8; https://serhatburke.miroglu.net"
103.219.169.214 - - [17/Apr/2026:13:12:40 +0300] "POST /xmlrpc.php HTTP/1.1" 200 630 "-" "Mozilla/5.0 (Windows NT 10.0; Win64; x64) AppleWebKit/537.36 (KHTML, like Gecko) Chrome/114.0.0.0 Safari/537.36"
104.166.164.25 - - [17/Apr/2026:13:12:44 +0300] "GET /guide-from-dead-position-review-2026-score-paddy-power-mobile-app-a-bonus-to-try-out/ HTTP/1.1" 200 74155 "-" "Mozilla/5.0 (Windows NT 10.0; Win64; x64; rv:124.0) Gecko/20100101 Firefox/124.0"
103.219.169.214 - - [17/Apr/2026:13:13:00 +0300] "POST /xmlrpc.php HTTP/1.1" 200 15307 "-" "Mozilla/5.0 (Windows NT 10.0; Win64; x64) AppleWebKit/537.36 (KHTML, like Gecko) Chrome/114.0.0.0 Safari/537.36"
103.219.169.214 - - [17/Apr/2026:13:13:14 +0300] "GET /soluciona-a-gamble-nuevas-slots-en-linea-world-tennis-stars-juegos-retro-emugames-online/ HTTP/1.1" 200 77086 "-" "Mozilla/5.0 (Windows NT 10.0; Win64; x64) AppleWebKit/537.36 (KHTML, like Gecko) Chrome/109.0.0.0 Safari/537.36"
216.73.216.76 - - [17/Apr/2026:13:13:25 +0300] "GET /28563-2 HTTP/2" 200 0 "-" "Mozilla/5.0 AppleWebKit/537.36 (KHTML, like Gecko; compatible; ClaudeBot/1.0; +claudebot@anthropic.com)"
185.216.113.70 - - [17/Apr/2026:13:13:40 +0300] "POST /wp-cron.php?doing_wp_cron=1776420820.0153460502624511718750 HTTP/1.1" 200 448 "-" "WordPress/6.3.8; https://serhatburke.miroglu.net"
200.25.47.134 - - [17/Apr/2026:13:13:27 +0300] "POST /xmlrpc.php HTTP/1.1" 200 630 "-" "Mozilla/5.0 (Windows NT 10.0; Win64; x64) AppleWebKit/537.36 (KHTML, like Gecko) Chrome/114.0.0.0 Safari/537.36"
200.25.47.134 - - [17/Apr/2026:13:13:47 +0300] "POST /xmlrpc.php HTTP/1.1" 200 9747 "-" "Mozilla/5.0 (Windows NT 10.0; Win64; x64) AppleWebKit/537.36 (KHTML, like Gecko) Chrome/114.0.0.0 Safari/537.36"
66.249.73.1 - - [17/Apr/2026:13:14:01 +0300] "GET /sugar-rush-1000-a-sweet-spin-experience-for-aussie-players/ HTTP/1.1" 200 0 "https://pdyfv.mysticshift-games.biz/" "Mozilla/5.0 (Linux; Android 6.0.1; Nexus 5X Build/MMB29P) AppleWebKit/537.36 (KHTML, like Gecko) Chrome/146.0.7680.177 Mobile Safari/537.36 (compatible; Googlebot/2.1; +http://www.google.com/bot.html)"
200.25.47.134 - - [17/Apr/2026:13:14:00 +0300] "GET /najboljsi-spletni-igralni-avtomati-2026-verde-casino-promo-analiza-igralnih-avtomatov-za-pravi-denar-spodbuda/ HTTP/1.1" 200 72408 "-" "Mozilla/5.0 (Windows NT 10.0; rv:125.0) Gecko/20100101 Firefox/125.0"
185.216.113.70 - - [17/Apr/2026:13:14:53 +0300] "POST /wp-cron.php?doing_wp_cron=1776420893.7540550231933593750000 HTTP/1.1" 200 448 "-" "WordPress/6.3.8; https://serhatburke.miroglu.net"
102.221.34.103 - - [17/Apr/2026:13:14:40 +0300] "POST /xmlrpc.php HTTP/1.1" 200 630 "-" "Mozilla/5.0 (Windows NT 10.0; Win64; x64) AppleWebKit/537.36 (KHTML, like Gecko) Chrome/114.0.0.0 Safari/537.36"
102.221.34.103 - - [17/Apr/2026:13:15:00 +0300] "POST /xmlrpc.php HTTP/1.1" 200 13483 "-" "Mozilla/5.0 (Windows NT 10.0; Win64; x64) AppleWebKit/537.36 (KHTML, like Gecko) Chrome/114.0.0.0 Safari/537.36"
102.221.34.103 - - [17/Apr/2026:13:15:14 +0300] "GET /100-free-20-spins-no-deposit-required-percent-free-bet-no-deposit-incentives-inside-the-southern-area-africa-february-2026/ HTTP/1.1" 200 76104 "-" "Mozilla/5.0 (Windows NT 10.0; Win64; x64) AppleWebKit/537.36 (KHTML, like Gecko) Chrome/123.0.0.0 Safari/537.36"
185.216.113.70 - - [17/Apr/2026:13:16:30 +0300] "POST /wp-cron.php?doing_wp_cron=1776420990.1968870162963867187500 HTTP/1.1" 200 448 "-" "WordPress/6.3.8; https://serhatburke.miroglu.net"
102.221.34.103 - - [17/Apr/2026:13:16:17 +0300] "POST /xmlrpc.php HTTP/1.1" 200 630 "-" "Mozilla/5.0 (Windows NT 10.0; Win64; x64) AppleWebKit/537.36 (KHTML, like Gecko) Chrome/114.0.0.0 Safari/537.36"
102.221.34.103 - - [17/Apr/2026:13:16:36 +0300] "POST /xmlrpc.php HTTP/1.1" 200 12346 "-" "Mozilla/5.0 (Windows NT 10.0; Win64; x64) AppleWebKit/537.36 (KHTML, like Gecko) Chrome/114.0.0.0 Safari/537.36"
102.221.34.103 - - [17/Apr/2026:13:16:49 +0300] "GET /borgata-sportsbook-extra-play-divine-forest-slot-password-choice-20-get-one-hundred-instantaneously/ HTTP/1.1" 200 74218 "-" "Mozilla/5.0 (Windows NT 10.0; Win64; x64; rv:125.0) Gecko/20100101 Firefox/125.0"
185.216.113.70 - - [17/Apr/2026:13:18:08 +0300] "POST /wp-cron.php?doing_wp_cron=1776421088.7861459255218505859375 HTTP/1.1" 200 448 "-" "WordPress/6.3.8; https://serhatburke.miroglu.net"
102.221.34.103 - - [17/Apr/2026:13:17:55 +0300] "POST /xmlrpc.php HTTP/1.1" 200 630 "-" "Mozilla/5.0 (Windows NT 10.0; Win64; x64) AppleWebKit/537.36 (KHTML, like Gecko) Chrome/114.0.0.0 Safari/537.36"
102.221.34.103 - - [17/Apr/2026:13:18:15 +0300] "POST /xmlrpc.php HTTP/1.1" 200 13613 "-" "Mozilla/5.0 (Windows NT 10.0; Win64; x64) AppleWebKit/537.36 (KHTML, like Gecko) Chrome/114.0.0.0 Safari/537.36"
185.216.113.70 - - [17/Apr/2026:13:18:40 +0300] "POST /wp-cron.php?doing_wp_cron=1776421120.1288979053497314453125 HTTP/1.1" 200 448 "-" "WordPress/6.3.8; https://serhatburke.miroglu.net"
102.221.34.103 - - [17/Apr/2026:13:18:28 +0300] "GET /dragon-dancing-slot-play-this-online-double-bonus-poker-100-hand-video-game-from-the-microgaming-online/ HTTP/1.1" 200 75718 "-" "Mozilla/5.0 (Windows NT 10.0; rv:125.0) Gecko/20100101 Firefox/125.0"
103.219.169.214 - - [17/Apr/2026:13:19:01 +0300] "POST /xmlrpc.php HTTP/1.1" 200 630 "-" "Mozilla/5.0 (Windows NT 10.0; Win64; x64) AppleWebKit/537.36 (KHTML, like Gecko) Chrome/114.0.0.0 Safari/537.36"
185.216.113.70 - - [17/Apr/2026:13:19:33 +0300] "POST /wp-cron.php?doing_wp_cron=1776421173.7796308994293212890625 HTTP/1.1" 200 448 "-" "WordPress/6.3.8; https://serhatburke.miroglu.net"
103.219.169.214 - - [17/Apr/2026:13:19:20 +0300] "POST /xmlrpc.php HTTP/1.1" 200 16265 "-" "Mozilla/5.0 (Windows NT 10.0; Win64; x64) AppleWebKit/537.36 (KHTML, like Gecko) Chrome/114.0.0.0 Safari/537.36"
102.221.34.103 - - [17/Apr/2026:13:19:24 +0300] "POST /xmlrpc.php HTTP/1.1" 200 630 "-" "Mozilla/5.0 (Windows NT 10.0; Win64; x64) AppleWebKit/537.36 (KHTML, like Gecko) Chrome/114.0.0.0 Safari/537.36"
103.219.169.214 - - [17/Apr/2026:13:19:35 +0300] "GET /juegos-de-casino-sin-cargo-bruce-lee-giros-sin-ranura-sin-descargar-ni-registrarse/ HTTP/1.1" 200 78024 "-" "Mozilla/5.0 (Windows NT 10.0; Win64; x64) AppleWebKit/537.36 (KHTML, like Gecko) Chrome/123.0.0.0 Safari/537.36 OPR/109.0.0.0"
102.221.34.103 - - [17/Apr/2026:13:19:46 +0300] "POST /xmlrpc.php HTTP/1.1" 200 13096 "-" "Mozilla/5.0 (Windows NT 10.0; Win64; x64) AppleWebKit/537.36 (KHTML, like Gecko) Chrome/114.0.0.0 Safari/537.36"
102.221.34.103 - - [17/Apr/2026:13:20:00 +0300] "GET /best-slot-fruit-shop-free-5-no-deposit-bonuses-on-the-british-gambling-establishment-and-you-will-bingo-web-sites/ HTTP/1.1" 200 75338 "-" "Mozilla/5.0 (Windows NT 10.0; Win64; x64) AppleWebKit/537.36 (KHTML, like Gecko) Chrome/122.0.0.0 Safari/537.36"
185.216.113.70 - - [17/Apr/2026:13:20:57 +0300] "POST /wp-cron.php?doing_wp_cron=1776421257.2592968940734863281250 HTTP/1.1" 200 448 "-" "WordPress/6.3.8; https://serhatburke.miroglu.net"
102.221.34.103 - - [17/Apr/2026:13:20:44 +0300] "POST /xmlrpc.php HTTP/1.1" 200 630 "-" "Mozilla/5.0 (Windows NT 10.0; Win64; x64) AppleWebKit/537.36 (KHTML, like Gecko) Chrome/114.0.0.0 Safari/537.36"
102.221.34.103 - - [17/Apr/2026:13:21:03 +0300] "POST /xmlrpc.php HTTP/1.1" 200 13049 "-" "Mozilla/5.0 (Windows NT 10.0; Win64; x64) AppleWebKit/537.36 (KHTML, like Gecko) Chrome/114.0.0.0 Safari/537.36"
46.224.140.177 - - [17/Apr/2026:13:21:06 +0300] "POST /xmlrpc.php HTTP/1.1" 200 604 "-" "Mozilla/5.0 (Windows NT 10.0; Win64; x64) AppleWebKit/537.36 (KHTML, like Gecko) Chrome/108.0.0.0 Safari/537.36"
102.221.34.103 - - [17/Apr/2026:13:21:19 +0300] "GET /dragon-shrine-trial-take-pleasure-in-free-position-booming-games-gaming-slots-online/ HTTP/1.1" 200 74627 "-" "Mozilla/5.0 (Windows NT 10.0; rv:109.0) Gecko/20100101 Firefox/115.0"
46.224.140.177 - - [17/Apr/2026:13:21:22 +0300] "POST /xmlrpc.php HTTP/1.1" 200 3696 "-" "Mozilla/5.0 (Windows NT 10.0; Win64; x64) AppleWebKit/537.36 (KHTML, like Gecko) Chrome/108.0.0.0 Safari/537.36"
185.216.113.70 - - [17/Apr/2026:13:21:51 +0300] "POST /wp-cron.php?doing_wp_cron=1776421311.2537050247192382812500 HTTP/1.1" 200 448 "-" "WordPress/6.3.8; https://serhatburke.miroglu.net"
104.166.164.25 - - [17/Apr/2026:13:21:37 +0300] "POST /xmlrpc.php HTTP/1.1" 200 630 "-" "Mozilla/5.0 (Windows NT 10.0; Win64; x64) AppleWebKit/537.36 (KHTML, like Gecko) Chrome/114.0.0.0 Safari/537.36"
46.224.140.177 - - [17/Apr/2026:13:21:38 +0300] "GET /cupao-desconto-smokace-100-10-codigos-smokace-portugal-2026/ HTTP/1.1" 200 18337 "-" "Mozilla/5.0 (Windows NT 10.0; Win64; x64) AppleWebKit/537.36 (KHTML, like Gecko) Chrome/108.0.0.0 Safari/537.36"
104.166.164.25 - - [17/Apr/2026:13:21:58 +0300] "POST /xmlrpc.php HTTP/1.1" 200 12786 "-" "Mozilla/5.0 (Windows NT 10.0; Win64; x64) AppleWebKit/537.36 (KHTML, like Gecko) Chrome/114.0.0.0 Safari/537.36"
102.221.34.103 - - [17/Apr/2026:13:21:59 +0300] "POST /xmlrpc.php HTTP/1.1" 200 630 "-" "Mozilla/5.0 (Windows NT 10.0; Win64; x64) AppleWebKit/537.36 (KHTML, like Gecko) Chrome/114.0.0.0 Safari/537.36"
104.166.164.25 - - [17/Apr/2026:13:22:14 +0300] "GET /rich-nuts-book-of-inactive-position-remark-rtp-casino-32red-no-deposit-bonus-code-free-revolves-demonstration/ HTTP/1.1" 200 75047 "-" "Mozilla/5.0 (Windows NT 10.0; Win64; x64) AppleWebKit/537.36 (KHTML, like Gecko) Chrome/123.0.0.0 Safari/537.36 OPR/109.0.0.0"
102.221.34.103 - - [17/Apr/2026:13:22:20 +0300] "POST /xmlrpc.php HTTP/1.1" 200 12579 "-" "Mozilla/5.0 (Windows NT 10.0; Win64; x64) AppleWebKit/537.36 (KHTML, like Gecko) Chrome/114.0.0.0 Safari/537.36"
185.216.113.70 - - [17/Apr/2026:13:22:45 +0300] "POST /wp-cron.php?doing_wp_cron=1776421365.6406710147857666015625 HTTP/1.1" 200 448 "-" "WordPress/6.3.8; https://serhatburke.miroglu.net"
102.221.34.103 - - [17/Apr/2026:13:22:34 +0300] "GET /dr-igt-gaming-slot-machine-games-for-ipad-wager-casino-remark-2026-harbors-incentives-and-a-lot-more/ HTTP/1.1" 200 74760 "-" "Mozilla/5.0 (Windows NT 10.0; Win64; x64) AppleWebKit/537.36 (KHTML, like Gecko) Chrome/123.0.0.0 Safari/537.36 OPR/109.0.0.0"
102.221.34.103 - - [17/Apr/2026:13:23:10 +0300] "POST /xmlrpc.php HTTP/1.1" 200 630 "-" "Mozilla/5.0 (Windows NT 10.0; Win64; x64) AppleWebKit/537.36 (KHTML, like Gecko) Chrome/114.0.0.0 Safari/537.36"
185.216.113.70 - - [17/Apr/2026:13:23:43 +0300] "POST /wp-cron.php?doing_wp_cron=1776421423.6505498886108398437500 HTTP/1.1" 200 448 "-" "WordPress/6.3.8; https://serhatburke.miroglu.net"
102.221.34.103 - - [17/Apr/2026:13:23:29 +0300] "POST /xmlrpc.php HTTP/1.1" 200 13317 "-" "Mozilla/5.0 (Windows NT 10.0; Win64; x64) AppleWebKit/537.36 (KHTML, like Gecko) Chrome/114.0.0.0 Safari/537.36"
200.25.47.134 - - [17/Apr/2026:13:23:33 +0300] "POST /xmlrpc.php HTTP/1.1" 200 630 "-" "Mozilla/5.0 (Windows NT 10.0; Win64; x64) AppleWebKit/537.36 (KHTML, like Gecko) Chrome/114.0.0.0 Safari/537.36"
102.221.34.103 - - [17/Apr/2026:13:23:44 +0300] "GET /the-play-lucky-twins-real-money-easiest-gambling-games-popular-gambling-games-easy/ HTTP/1.1" 200 74969 "-" "Mozilla/5.0 (Windows NT 10.0; Win64; x64) AppleWebKit/537.36 (KHTML, like Gecko) Chrome/124.0.0.0 Safari/537.36"
200.25.47.134 - - [17/Apr/2026:13:23:54 +0300] "POST /xmlrpc.php HTTP/1.1" 200 9787 "-" "Mozilla/5.0 (Windows NT 10.0; Win64; x64) AppleWebKit/537.36 (KHTML, like Gecko) Chrome/114.0.0.0 Safari/537.36"
200.25.47.134 - - [17/Apr/2026:13:24:09 +0300] "GET /najboljse-spletne-igralnice-prenos-aplikacije-goldbet-za-pravi-denar-na-avstralski-celini-leta-2026/ HTTP/1.1" 200 72268 "-" "Mozilla/5.0 (Windows NT 10.0; Win64; x64) AppleWebKit/537.36 (KHTML, like Gecko) Chrome/109.0.0.0 Safari/537.36"
102.221.34.103 - - [17/Apr/2026:13:24:19 +0300] "POST /xmlrpc.php HTTP/1.1" 200 630 "-" "Mozilla/5.0 (Windows NT 10.0; Win64; x64) AppleWebKit/537.36 (KHTML, like Gecko) Chrome/114.0.0.0 Safari/537.36"
185.216.113.70 - - [17/Apr/2026:13:24:50 +0300] "POST /wp-cron.php?doing_wp_cron=1776421490.1209719181060791015625 HTTP/1.1" 200 448 "-" "WordPress/6.3.8; https://serhatburke.miroglu.net"
102.221.34.103 - - [17/Apr/2026:13:24:38 +0300] "POST /xmlrpc.php HTTP/1.1" 200 12957 "-" "Mozilla/5.0 (Windows NT 10.0; Win64; x64) AppleWebKit/537.36 (KHTML, like Gecko) Chrome/114.0.0.0 Safari/537.36"
196.58.229.214 - - [17/Apr/2026:13:24:38 +0300] "GET /beste-casino-site-belgie-hoge-inzet/ HTTP/1.1" 200 18595 "https://serhatburke.miroglu.net/" "Mozilla/5.0 (Macintosh; Intel Mac OS X 12_5) AppleWebKit/537.36 (KHTML, like Gecko) Chrome/114.0.0.0 Safari/537.36 OPR/89.0.4447.51"
196.58.229.214 - - [17/Apr/2026:13:24:55 +0300] "GET /wp-includes/css/dist/block-library/style.min.css?ver=6.3.8 HTTP/1.1" 200 13578 "https://serhatburke.miroglu.net/beste-casino-site-belgie-hoge-inzet/" "Mozilla/5.0 (Windows NT 10.0; Win64; x64) AppleWebKit/537.36 (KHTML, like Gecko) Chrome/143.0.0.0 Safari/537.36"
196.58.229.214 - - [17/Apr/2026:13:24:57 +0300] "GET /wp-content/plugins/contact-form-7/includes/css/styles.css?ver=5.8 HTTP/1.1" 200 1490 "https://serhatburke.miroglu.net/beste-casino-site-belgie-hoge-inzet/" "Mozilla/5.0 (Windows NT 10.0; Win64; x64) AppleWebKit/537.36 (KHTML, like Gecko) Chrome/143.0.0.0 Safari/537.36"
196.58.229.214 - - [17/Apr/2026:13:24:59 +0300] "GET /wp-content/themes/toppic/css/fontello.css?ver=4.2 HTTP/1.1" 200 1802 "https://serhatburke.miroglu.net/beste-casino-site-belgie-hoge-inzet/" "Mozilla/5.0 (Windows NT 10.0; Win64; x64) AppleWebKit/537.36 (KHTML, like Gecko) Chrome/143.0.0.0 Safari/537.36"
196.58.229.214 - - [17/Apr/2026:13:25:01 +0300] "GET /wp-content/themes/toppic/css/reset.css?ver=4.2 HTTP/1.1" 200 1178 "https://serhatburke.miroglu.net/beste-casino-site-belgie-hoge-inzet/" "Mozilla/5.0 (Windows NT 10.0; Win64; x64) AppleWebKit/537.36 (KHTML, like Gecko) Chrome/143.0.0.0 Safari/537.36"
196.58.229.214 - - [17/Apr/2026:13:25:02 +0300] "GET /wp-content/themes/toppic/css/default.css?ver=4.2 HTTP/1.1" 200 1811 "https://serhatburke.miroglu.net/beste-casino-site-belgie-hoge-inzet/" "Mozilla/5.0 (Windows NT 10.0; Win64; x64) AppleWebKit/537.36 (KHTML, like Gecko) Chrome/143.0.0.0 Safari/537.36"
196.58.229.214 - - [17/Apr/2026:13:25:04 +0300] "GET /wp-content/themes/toppic/style.css?ver=4.2 HTTP/1.1" 200 23398 "https://serhatburke.miroglu.net/beste-casino-site-belgie-hoge-inzet/" "Mozilla/5.0 (Windows NT 10.0; Win64; x64) AppleWebKit/537.36 (KHTML, like Gecko) Chrome/143.0.0.0 Safari/537.36"
102.221.34.103 - - [17/Apr/2026:13:24:51 +0300] "GET /attention-online-slot-games-poisoned-apple-out-of-horus-slot-because-of-the-formula-gaming-opinion-and-you-will-rtp/ HTTP/1.1" 200 75565 "-" "Mozilla/5.0 (Windows NT 10.0; rv:125.0) Gecko/20100101 Firefox/125.0"
196.58.229.214 - - [17/Apr/2026:13:25:07 +0300] "GET /wp-content/themes/toppic/css/royalslider.css?ver=4.2 HTTP/1.1" 200 1887 "https://serhatburke.miroglu.net/beste-casino-site-belgie-hoge-inzet/" "Mozilla/5.0 (Windows NT 10.0; Win64; x64) AppleWebKit/537.36 (KHTML, like Gecko) Chrome/143.0.0.0 Safari/537.36"
196.58.229.214 - - [17/Apr/2026:13:25:09 +0300] "GET /wp-content/themes/toppic/css/rs-default.css?ver=4.2 HTTP/1.1" 200 2625 "https://serhatburke.miroglu.net/beste-casino-site-belgie-hoge-inzet/" "Mozilla/5.0 (Windows NT 10.0; Win64; x64) AppleWebKit/537.36 (KHTML, like Gecko) Chrome/143.0.0.0 Safari/537.36"
196.58.229.214 - - [17/Apr/2026:13:25:11 +0300] "GET /wp-content/themes/toppic/css/lightbox.css?ver=4.2 HTTP/1.1" 200 2956 "https://serhatburke.miroglu.net/beste-casino-site-belgie-hoge-inzet/" "Mozilla/5.0 (Windows NT 10.0; Win64; x64) AppleWebKit/537.36 (KHTML, like Gecko) Chrome/143.0.0.0 Safari/537.36"
196.58.229.214 - - [17/Apr/2026:13:25:13 +0300] "GET /wp-content/themes/toppic/css/woocommerce.css?ver=4.2 HTTP/1.1" 200 2848 "https://serhatburke.miroglu.net/beste-casino-site-belgie-hoge-inzet/" "Mozilla/5.0 (Windows NT 10.0; Win64; x64) AppleWebKit/537.36 (KHTML, like Gecko) Chrome/143.0.0.0 Safari/537.36"
196.58.229.214 - - [17/Apr/2026:13:25:15 +0300] "GET /wp-content/themes/toppic/css/responsive.css?ver=4.2 HTTP/1.1" 200 2796 "https://serhatburke.miroglu.net/beste-casino-site-belgie-hoge-inzet/" "Mozilla/5.0 (Windows NT 10.0; Win64; x64) AppleWebKit/537.36 (KHTML, like Gecko) Chrome/143.0.0.0 Safari/537.36"
196.58.229.214 - - [17/Apr/2026:13:25:17 +0300] "POST /wp-comments-post.php HTTP/1.1" 302 1083 "https://serhatburke.miroglu.net/beste-casino-site-belgie-hoge-inzet/" "Mozilla/5.0 (Macintosh; Intel Mac OS X 12_5) AppleWebKit/537.36 (KHTML, like Gecko) Chrome/114.0.0.0 Safari/537.36 OPR/89.0.4447.51"
103.219.169.214 - - [17/Apr/2026:13:25:20 +0300] "POST /xmlrpc.php HTTP/1.1" 200 630 "-" "Mozilla/5.0 (Windows NT 10.0; Win64; x64) AppleWebKit/537.36 (KHTML, like Gecko) Chrome/114.0.0.0 Safari/537.36"
185.216.113.70 - - [17/Apr/2026:13:25:40 +0300] "POST /wp-cron.php?doing_wp_cron=1776421540.7759280204772949218750 HTTP/1.1" 200 448 "-" "WordPress/6.3.8; https://serhatburke.miroglu.net"
102.221.34.103 - - [17/Apr/2026:13:25:27 +0300] "POST /xmlrpc.php HTTP/1.1" 200 630 "-" "Mozilla/5.0 (Windows NT 10.0; Win64; x64) AppleWebKit/537.36 (KHTML, like Gecko) Chrome/114.0.0.0 Safari/537.36"
196.58.229.214 - - [17/Apr/2026:13:25:32 +0300] "GET /beste-casino-site-belgie-hoge-inzet/?unapproved=438&moderation-hash=56703fe4a52b4267b2b2e55fddad39a6 HTTP/1.1" 200 19144 "https://serhatburke.miroglu.net/wp-comments-post.php" "Mozilla/5.0 (Macintosh; Intel Mac OS X 12_5) AppleWebKit/537.36 (KHTML, like Gecko) Chrome/114.0.0.0 Safari/537.36 OPR/89.0.4447.51"
103.219.169.214 - - [17/Apr/2026:13:25:40 +0300] "POST /xmlrpc.php HTTP/1.1" 200 15374 "-" "Mozilla/5.0 (Windows NT 10.0; Win64; x64) AppleWebKit/537.36 (KHTML, like Gecko) Chrome/114.0.0.0 Safari/537.36"
102.221.34.103 - - [17/Apr/2026:13:25:47 +0300] "POST /xmlrpc.php HTTP/1.1" 200 13047 "-" "Mozilla/5.0 (Windows NT 10.0; Win64; x64) AppleWebKit/537.36 (KHTML, like Gecko) Chrome/114.0.0.0 Safari/537.36"
196.58.229.214 - - [17/Apr/2026:13:25:50 +0300] "GET /beste-casino-site-belgie-hoge-inzet/ HTTP/1.1" 200 18613 "-" "Mozilla/5.0 (Macintosh; Intel Mac OS X 12_5) AppleWebKit/537.36 (KHTML, like Gecko) Chrome/114.0.0.0 Safari/537.36 OPR/89.0.4447.51"
103.219.169.214 - - [17/Apr/2026:13:26:07 +0300] "GET /soluciona-juegos-online-gratuito-sin-descarga-carente-ranura-treasure-island-inicio-de-clase-obligado-jugar-ahora/ HTTP/1.1" 200 77510 "-" "Mozilla/5.0 (Windows NT 10.0; rv:109.0) Gecko/20100101 Firefox/115.0"
102.221.34.103 - - [17/Apr/2026:13:26:11 +0300] "GET /occupation-weapons-department-united-inferno-joker-play-slot-states-wikipedia/ HTTP/1.1" 200 74510 "-" "Mozilla/5.0 (Windows NT 10.0; Win64; x64) AppleWebKit/537.36 (KHTML, like Gecko) Chrome/123.0.0.0 Safari/537.36 OPR/109.0.0.0"
185.216.113.70 - - [17/Apr/2026:13:26:44 +0300] "POST /wp-cron.php?doing_wp_cron=1776421604.5290739536285400390625 HTTP/1.1" 200 448 "-" "WordPress/6.3.8; https://serhatburke.miroglu.net"
102.221.34.103 - - [17/Apr/2026:13:26:32 +0300] "POST /xmlrpc.php HTTP/1.1" 200 630 "-" "Mozilla/5.0 (Windows NT 10.0; Win64; x64) AppleWebKit/537.36 (KHTML, like Gecko) Chrome/114.0.0.0 Safari/537.36"
102.221.34.103 - - [17/Apr/2026:13:26:50 +0300] "POST /xmlrpc.php HTTP/1.1" 200 13098 "-" "Mozilla/5.0 (Windows NT 10.0; Win64; x64) AppleWebKit/537.36 (KHTML, like Gecko) Chrome/114.0.0.0 Safari/537.36"
102.221.34.103 - - [17/Apr/2026:13:27:04 +0300] "GET /leprechaun-slot-online-galacticons-happens-egypt/ HTTP/1.1" 200 73769 "-" "Mozilla/5.0 (Windows NT 10.0; Win64; x64) AppleWebKit/537.36 (KHTML, like Gecko) Chrome/124.0.0.0 Safari/537.36"
185.216.113.70 - - [17/Apr/2026:13:27:49 +0300] "POST /wp-cron.php?doing_wp_cron=1776421669.1939089298248291015625 HTTP/1.1" 200 448 "-" "WordPress/6.3.8; https://serhatburke.miroglu.net"
102.221.34.103 - - [17/Apr/2026:13:27:36 +0300] "POST /xmlrpc.php HTTP/1.1" 200 630 "-" "Mozilla/5.0 (Windows NT 10.0; Win64; x64) AppleWebKit/537.36 (KHTML, like Gecko) Chrome/114.0.0.0 Safari/537.36"
102.221.34.103 - - [17/Apr/2026:13:27:55 +0300] "POST /xmlrpc.php HTTP/1.1" 200 12435 "-" "Mozilla/5.0 (Windows NT 10.0; Win64; x64) AppleWebKit/537.36 (KHTML, like Gecko) Chrome/114.0.0.0 Safari/537.36"
84.200.80.218 - - [17/Apr/2026:13:28:11 +0300] "GET /kostenlose-freispiele-ohne-einzahlung-in-den-103/ HTTP/1.1" 200 216423 "-" "Screaming Frog SEO Spider/18.1"
102.221.34.103 - - [17/Apr/2026:13:28:15 +0300] "GET /aristocrat-entertainment-igs-and-you-can-aristocrat-as-one-slot-shanghai-beauty-premier-android-public-slot-online-game-fa-fa-fa-slotstm/ HTTP/1.1" 200 75252 "-" "Mozilla/5.0 (Windows NT 10.0; Win64; x64) AppleWebKit/537.36 (KHTML, like Gecko) Chrome/109.0.0.0 Safari/537.36"
185.216.113.70 - - [17/Apr/2026:13:28:53 +0300] "POST /wp-cron.php?doing_wp_cron=1776421732.9112799167633056640625 HTTP/1.1" 200 448 "-" "WordPress/6.3.8; https://serhatburke.miroglu.net"
102.221.34.103 - - [17/Apr/2026:13:28:38 +0300] "POST /xmlrpc.php HTTP/1.1" 200 630 "-" "Mozilla/5.0 (Windows NT 10.0; Win64; x64) AppleWebKit/537.36 (KHTML, like Gecko) Chrome/114.0.0.0 Safari/537.36"
102.221.34.103 - - [17/Apr/2026:13:28:59 +0300] "POST /xmlrpc.php HTTP/1.1" 200 13277 "-" "Mozilla/5.0 (Windows NT 10.0; Win64; x64) AppleWebKit/537.36 (KHTML, like Gecko) Chrome/114.0.0.0 Safari/537.36"
104.166.164.25 - - [17/Apr/2026:13:29:00 +0300] "POST /xmlrpc.php HTTP/1.1" 200 630 "-" "Mozilla/5.0 (Windows NT 10.0; Win64; x64) AppleWebKit/537.36 (KHTML, like Gecko) Chrome/114.0.0.0 Safari/537.36"
102.221.34.103 - - [17/Apr/2026:13:29:18 +0300] "GET /fafafa-because-of-the-spadegaming-demonstration-gamble-100-percent-fortune-turtle-no-deposit-free-spins-free-position-online-game/ HTTP/1.1" 200 75919 "-" "Mozilla/5.0 (Windows NT 10.0; Win64; x64) AppleWebKit/537.36 (KHTML, like Gecko) Chrome/123.0.0.0 Safari/537.36 OPR/109.0.0.0"
104.166.164.25 - - [17/Apr/2026:13:29:25 +0300] "POST /xmlrpc.php HTTP/1.1" 200 13242 "-" "Mozilla/5.0 (Windows NT 10.0; Win64; x64) AppleWebKit/537.36 (KHTML, like Gecko) Chrome/114.0.0.0 Safari/537.36"
185.216.113.70 - - [17/Apr/2026:13:29:52 +0300] "POST /wp-cron.php?doing_wp_cron=1776421791.9870269298553466796875 HTTP/1.1" 200 448 "-" "WordPress/6.3.8; https://serhatburke.miroglu.net"
102.221.34.103 - - [17/Apr/2026:13:29:39 +0300] "POST /xmlrpc.php HTTP/1.1" 200 630 "-" "Mozilla/5.0 (Windows NT 10.0; Win64; x64) AppleWebKit/537.36 (KHTML, like Gecko) Chrome/114.0.0.0 Safari/537.36"
104.166.164.25 - - [17/Apr/2026:13:29:39 +0300] "GET /this-will-help-to-participants-pick-whether-or-not-to-play-the-games-and-exactly-how-much-to-help-you-choice-when-they-create-the-straightforward-image-and-you-can-best-internet-casino-games-animati/ HTTP/1.1" 200 79642 "-" "Mozilla/5.0 (Windows NT 10.0; rv:109.0) Gecko/20100101 Firefox/115.0"
102.221.34.103 - - [17/Apr/2026:13:29:58 +0300] "POST /xmlrpc.php HTTP/1.1" 200 12364 "-" "Mozilla/5.0 (Windows NT 10.0; Win64; x64) AppleWebKit/537.36 (KHTML, like Gecko) Chrome/114.0.0.0 Safari/537.36"
102.221.34.103 - - [17/Apr/2026:13:30:12 +0300] "GET /best-internet-casino-the-50-no-deposit-spins-sticky-bandits-real-deal-currency/ HTTP/1.1" 200 73848 "-" "Mozilla/5.0 (Windows NT 10.0; Win64; x64) AppleWebKit/537.36 (KHTML, like Gecko) Chrome/124.0.0.0 Safari/537.36 Edg/124.0.0.0"
185.216.113.70 - - [17/Apr/2026:13:30:52 +0300] "POST /wp-cron.php?doing_wp_cron=1776421852.0048029422760009765625 HTTP/1.1" 200 448 "-" "WordPress/6.3.8; https://serhatburke.miroglu.net"
102.221.34.103 - - [17/Apr/2026:13:30:39 +0300] "POST /xmlrpc.php HTTP/1.1" 200 630 "-" "Mozilla/5.0 (Windows NT 10.0; Win64; x64) AppleWebKit/537.36 (KHTML, like Gecko) Chrome/114.0.0.0 Safari/537.36"
102.221.34.103 - - [17/Apr/2026:13:30:58 +0300] "POST /xmlrpc.php HTTP/1.1" 200 13742 "-" "Mozilla/5.0 (Windows NT 10.0; Win64; x64) AppleWebKit/537.36 (KHTML, like Gecko) Chrome/114.0.0.0 Safari/537.36"
151.244.111.202 - - [17/Apr/2026:13:30:58 +0300] "GET /australian-online-slots-for-real-money-pokies-4/ HTTP/1.1" 200 22322 "-" "Screaming Frog SEO Spider/16.7"
102.221.34.103 - - [17/Apr/2026:13:31:15 +0300] "GET /free-arrival-slot-free-spins-online-harbors-gamble-gambling-establishment-slot-machine-games-enjoyment/ HTTP/1.1" 200 75770 "-" "Mozilla/5.0 (Windows NT 10.0; rv:109.0) Gecko/20100101 Firefox/115.0"
185.216.113.70 - - [17/Apr/2026:13:31:44 +0300] "POST /wp-cron.php?doing_wp_cron=1776421904.7807860374450683593750 HTTP/1.1" 200 448 "-" "WordPress/6.3.8; https://serhatburke.miroglu.net"
103.219.169.214 - - [17/Apr/2026:13:31:32 +0300] "POST /xmlrpc.php HTTP/1.1" 200 630 "-" "Mozilla/5.0 (Windows NT 10.0; Win64; x64) AppleWebKit/537.36 (KHTML, like Gecko) Chrome/114.0.0.0 Safari/537.36"
102.221.34.103 - - [17/Apr/2026:13:31:39 +0300] "POST /xmlrpc.php HTTP/1.1" 200 630 "-" "Mozilla/5.0 (Windows NT 10.0; Win64; x64) AppleWebKit/537.36 (KHTML, like Gecko) Chrome/114.0.0.0 Safari/537.36"
148.135.195.139 - - [17/Apr/2026:13:31:50 +0300] "POST /xmlrpc.php HTTP/1.1" 200 87901 "-" "Mozilla/5.0 (Windows NT 10.0; Win64; x64) AppleWebKit/537.36 (KHTML, like Gecko) Chrome/116.0.0.0 Safari/537.36"
103.219.169.214 - - [17/Apr/2026:13:31:51 +0300] "POST /xmlrpc.php HTTP/1.1" 200 16185 "-" "Mozilla/5.0 (Windows NT 10.0; Win64; x64) AppleWebKit/537.36 (KHTML, like Gecko) Chrome/114.0.0.0 Safari/537.36"
102.221.34.103 - - [17/Apr/2026:13:31:59 +0300] "POST /xmlrpc.php HTTP/1.1" 200 12402 "-" "Mozilla/5.0 (Windows NT 10.0; Win64; x64) AppleWebKit/537.36 (KHTML, like Gecko) Chrome/114.0.0.0 Safari/537.36"
148.135.195.139 - - [17/Apr/2026:13:32:11 +0300] "POST /xmlrpc.php HTTP/1.1" 200 489 "-" "Mozilla/5.0 (Windows NT 10.0; Win64; x64) AppleWebKit/537.36 (KHTML, like Gecko) Chrome/116.0.0.0 Safari/537.36"
23.108.44.20 - - [17/Apr/2026:13:32:13 +0300] "GET /beste-casino-site-belgie-hoge-inzet/ HTTP/1.1" 200 18613 "-" "Mozilla/5.0 (Windows NT 10.0; Win64; x64) AppleWebKit/537.36 (KHTML, like Gecko) Chrome/114.0.0.0 Safari/537.36 Edg/114.0.1264.71"
103.219.169.214 - - [17/Apr/2026:13:32:13 +0300] "GET /juegos-de-netbet-reglas-de-retiro-de-bonificacion-del-casino-balde-en-internet-tratar-debido-a/ HTTP/1.1" 200 78436 "-" "Mozilla/5.0 (Windows NT 10.0; Win64; x64) AppleWebKit/537.36 (KHTML, like Gecko) Chrome/123.0.0.0 Safari/537.36 OPR/109.0.0.0"
185.216.113.70 - - [17/Apr/2026:13:32:44 +0300] "POST /wp-cron.php?doing_wp_cron=1776421964.1826310157775878906250 HTTP/1.1" 200 448 "-" "WordPress/6.3.8; https://serhatburke.miroglu.net"
102.221.34.103 - - [17/Apr/2026:13:32:21 +0300] "GET /50-no-deposit-totally-free-spins-mr-bet-telegram-bonus-bonuses/ HTTP/1.1" 200 73513 "-" "Mozilla/5.0 (Windows NT 10.0; Win64; x64) AppleWebKit/537.36 (KHTML, like Gecko) Chrome/109.0.0.0 Safari/537.36"
148.135.195.139 - - [17/Apr/2026:13:32:34 +0300] "POST /xmlrpc.php HTTP/1.1" 200 369610 "-" "Mozilla/5.0 (Windows NT 10.0; Win64; x64) AppleWebKit/537.36 (KHTML, like Gecko) Chrome/116.0.0.0 Safari/537.36"
102.221.34.103 - - [17/Apr/2026:13:32:35 +0300] "POST /xmlrpc.php HTTP/1.1" 200 630 "-" "Mozilla/5.0 (Windows NT 10.0; Win64; x64) AppleWebKit/537.36 (KHTML, like Gecko) Chrome/114.0.0.0 Safari/537.36"
85.208.96.201 - - [17/Apr/2026:13:32:56 +0300] "GET /robots.txt HTTP/1.1" 200 0 "-" "Mozilla/5.0 (compatible; SemrushBot/7~bl; +http://www.semrush.com/bot.html)"
104.166.164.25 - - [17/Apr/2026:13:32:45 +0300] "POST /xmlrpc.php HTTP/1.1" 200 630 "-" "Mozilla/5.0 (Windows NT 10.0; Win64; x64) AppleWebKit/537.36 (KHTML, like Gecko) Chrome/114.0.0.0 Safari/537.36"
102.221.34.103 - - [17/Apr/2026:13:33:05 +0300] "POST /xmlrpc.php HTTP/1.1" 200 12805 "-" "Mozilla/5.0 (Windows NT 10.0; Win64; x64) AppleWebKit/537.36 (KHTML, like Gecko) Chrome/114.0.0.0 Safari/537.36"
85.208.96.201 - - [17/Apr/2026:13:33:11 +0300] "GET /robots.txt HTTP/1.1" 200 0 "-" "Mozilla/5.0 (compatible; SemrushBot/7~bl; +http://www.semrush.com/bot.html)"
104.166.164.25 - - [17/Apr/2026:13:33:18 +0300] "POST /xmlrpc.php HTTP/1.1" 200 12860 "-" "Mozilla/5.0 (Windows NT 10.0; Win64; x64) AppleWebKit/537.36 (KHTML, like Gecko) Chrome/114.0.0.0 Safari/537.36"
185.216.113.70 - - [17/Apr/2026:13:33:53 +0300] "POST /wp-cron.php?doing_wp_cron=1776422033.1719379425048828125000 HTTP/1.1" 200 448 "-" "WordPress/6.3.8; https://serhatburke.miroglu.net"
185.216.113.70 - - [17/Apr/2026:13:33:54 +0300] "POST /wp-cron.php?doing_wp_cron=1776422034.0024049282073974609375 HTTP/1.1" 200 448 "-" "WordPress/6.3.8; https://serhatburke.miroglu.net"
102.221.34.103 - - [17/Apr/2026:13:33:26 +0300] "GET /fairy-entrance-real-go-out-statistics-rtp-hot-as-hades-1-deposit-and-srp/ HTTP/1.1" 200 73905 "-" "Mozilla/5.0 (Windows NT 10.0; Win64; x64; rv:124.0) Gecko/20100101 Firefox/124.0"
85.208.96.210 - - [17/Apr/2026:13:33:27 +0300] "GET /%E0%B8%81%E0%B8%B2%E0%B8%A3%E0%B8%97%E0%B8%94%E0%B8%A5%E0%B8%AD%E0%B8%87%E0%B9%80%E0%B8%8B%E0%B8%B4%E0%B8%A3%E0%B9%8C%E0%B8%9F%E0%B9%80%E0%B8%A7%E0%B8%AD%E0%B8%A3%E0%B9%8C%E0%B9%80%E0%B8%81%E0%B8%A1/ HTTP/1.1" 200 28042 "-" "Mozilla/5.0 (compatible; SemrushBot/7~bl; +http://www.semrush.com/bot.html)"
185.216.113.70 - - [17/Apr/2026:13:33:59 +0300] "POST /wp-cron.php?doing_wp_cron=1776422039.2749369144439697265625 HTTP/1.1" 200 448 "-" "WordPress/6.3.8; https://serhatburke.miroglu.net"
102.221.34.103 - - [17/Apr/2026:13:33:32 +0300] "POST /xmlrpc.php HTTP/1.1" 200 630 "-" "Mozilla/5.0 (Windows NT 10.0; Win64; x64) AppleWebKit/537.36 (KHTML, like Gecko) Chrome/114.0.0.0 Safari/537.36"
185.216.113.70 - - [17/Apr/2026:13:34:10 +0300] "POST /wp-cron.php?doing_wp_cron=1776422050.3865211009979248046875 HTTP/1.1" 200 448 "-" "WordPress/6.3.8; https://serhatburke.miroglu.net"
104.166.164.25 - - [17/Apr/2026:13:33:43 +0300] "GET /guide-of-ra-luxury-slot-programs-best-offline-poker-apps-on-the-internet-play/ HTTP/1.1" 200 73824 "-" "Mozilla/5.0 (Windows NT 10.0; rv:125.0) Gecko/20100101 Firefox/125.0"
185.216.113.70 - - [17/Apr/2026:13:34:31 +0300] "POST /wp-cron.php?doing_wp_cron=1776422071.8816928863525390625000 HTTP/1.1" 200 448 "-" "WordPress/6.3.8; https://serhatburke.miroglu.net"
102.221.34.103 - - [17/Apr/2026:13:34:05 +0300] "POST /xmlrpc.php HTTP/1.1" 200 12872 "-" "Mozilla/5.0 (Windows NT 10.0; Win64; x64) AppleWebKit/537.36 (KHTML, like Gecko) Chrome/114.0.0.0 Safari/537.36"
102.221.34.103 - - [17/Apr/2026:13:34:27 +0300] "POST /xmlrpc.php HTTP/1.1" 200 630 "-" "Mozilla/5.0 (Windows NT 10.0; Win64; x64) AppleWebKit/537.36 (KHTML, like Gecko) Chrome/114.0.0.0 Safari/537.36"
102.221.34.103 - - [17/Apr/2026:13:34:33 +0300] "GET /gcore-king-colossus-slot-jackpot/ HTTP/1.1" 200 73271 "-" "Mozilla/5.0 (Windows NT 10.0; Win64; x64) AppleWebKit/537.36 (KHTML, like Gecko) Chrome/124.0.0.0 Safari/537.36"
102.221.34.103 - - [17/Apr/2026:13:34:53 +0300] "POST /xmlrpc.php HTTP/1.1" 200 12558 "-" "Mozilla/5.0 (Windows NT 10.0; Win64; x64) AppleWebKit/537.36 (KHTML, like Gecko) Chrome/114.0.0.0 Safari/537.36"
102.221.34.103 - - [17/Apr/2026:13:35:08 +0300] "GET /fairy-door-fruits-symbols-free-video-slot-no-obtain/ HTTP/1.1" 200 73378 "-" "Mozilla/5.0 (Windows NT 10.0; Win64; x64) AppleWebKit/537.36 (KHTML, like Gecko) Chrome/123.0.0.0 Safari/537.36"
102.221.34.103 - - [17/Apr/2026:13:35:19 +0300] "POST /xmlrpc.php HTTP/1.1" 200 630 "-" "Mozilla/5.0 (Windows NT 10.0; Win64; x64) AppleWebKit/537.36 (KHTML, like Gecko) Chrome/114.0.0.0 Safari/537.36"
185.216.113.70 - - [17/Apr/2026:13:35:44 +0300] "POST /wp-cron.php?doing_wp_cron=1776422144.2339549064636230468750 HTTP/1.1" 200 448 "-" "WordPress/6.3.8; https://serhatburke.miroglu.net"
185.191.171.19 - - [17/Apr/2026:13:35:32 +0300] "GET /best-on-line-casino-incentives-casino-santas-wild-ride-and-promotions-2026/ HTTP/1.1" 200 22209 "-" "Mozilla/5.0 (compatible; SemrushBot/7~bl; +http://www.semrush.com/bot.html)"
102.221.34.103 - - [17/Apr/2026:13:35:37 +0300] "POST /xmlrpc.php HTTP/1.1" 200 13283 "-" "Mozilla/5.0 (Windows NT 10.0; Win64; x64) AppleWebKit/537.36 (KHTML, like Gecko) Chrome/114.0.0.0 Safari/537.36"
102.221.34.103 - - [17/Apr/2026:13:35:51 +0300] "GET /ones-heart-5-deposit-casino-reel-strike-of-your-internet-sites/ HTTP/1.1" 200 74493 "-" "Mozilla/5.0 (Windows NT 10.0; Win64; x64) AppleWebKit/537.36 (KHTML, like Gecko) Chrome/124.0.0.0 Safari/537.36 Edg/124.0.0.0"
102.221.34.103 - - [17/Apr/2026:13:36:11 +0300] "POST /xmlrpc.php HTTP/1.1" 200 630 "-" "Mozilla/5.0 (Windows NT 10.0; Win64; x64) AppleWebKit/537.36 (KHTML, like Gecko) Chrome/114.0.0.0 Safari/537.36"
104.166.164.25 - - [17/Apr/2026:13:36:13 +0300] "POST /xmlrpc.php HTTP/1.1" 200 630 "-" "Mozilla/5.0 (Windows NT 10.0; Win64; x64) AppleWebKit/537.36 (KHTML, like Gecko) Chrome/114.0.0.0 Safari/537.36"
185.216.113.70 - - [17/Apr/2026:13:36:43 +0300] "POST /wp-cron.php?doing_wp_cron=1776422203.1280939579010009765625 HTTP/1.1" 200 448 "-" "WordPress/6.3.8; https://serhatburke.miroglu.net"
102.221.34.103 - - [17/Apr/2026:13:36:30 +0300] "POST /xmlrpc.php HTTP/1.1" 200 13491 "-" "Mozilla/5.0 (Windows NT 10.0; Win64; x64) AppleWebKit/537.36 (KHTML, like Gecko) Chrome/114.0.0.0 Safari/537.36"
104.166.164.25 - - [17/Apr/2026:13:36:31 +0300] "POST /xmlrpc.php HTTP/1.1" 200 13154 "-" "Mozilla/5.0 (Windows NT 10.0; Win64; x64) AppleWebKit/537.36 (KHTML, like Gecko) Chrome/114.0.0.0 Safari/537.36"
102.221.34.103 - - [17/Apr/2026:13:36:44 +0300] "GET /enchanting-realism-gold-diggers-slot-jackpot-wikipedia/ HTTP/1.1" 200 74300 "-" "Mozilla/5.0 (Windows NT 10.0; Win64; x64; rv:125.0) Gecko/20100101 Firefox/125.0"
104.166.164.25 - - [17/Apr/2026:13:36:46 +0300] "GET /play-totally-free-real-cash-casino-leo-vegas-casino-harbors-authoritative-casino-canada/ HTTP/1.1" 200 74803 "-" "Mozilla/5.0 (Windows NT 10.0; Win64; x64) AppleWebKit/537.36 (KHTML, like Gecko) Chrome/124.0.0.0 Safari/537.36 Edg/124.0.0.0"
5.78.159.87 - - [17/Apr/2026:13:36:49 +0300] "POST /xmlrpc.php HTTP/1.1" 200 604 "-" "Mozilla/5.0 (Windows NT 10.0; Win64; x64) AppleWebKit/537.36 (KHTML, like Gecko) Chrome/108.0.0.0 Safari/537.36"
102.221.34.103 - - [17/Apr/2026:13:37:02 +0300] "POST /xmlrpc.php HTTP/1.1" 200 630 "-" "Mozilla/5.0 (Windows NT 10.0; Win64; x64) AppleWebKit/537.36 (KHTML, like Gecko) Chrome/114.0.0.0 Safari/537.36"
5.78.159.87 - - [17/Apr/2026:13:37:12 +0300] "POST /xmlrpc.php HTTP/1.1" 200 4213 "-" "Mozilla/5.0 (Windows NT 10.0; Win64; x64) AppleWebKit/537.36 (KHTML, like Gecko) Chrome/108.0.0.0 Safari/537.36"
200.25.47.133 - - [17/Apr/2026:13:37:16 +0300] "POST /xmlrpc.php HTTP/1.1" 200 630 "-" "Mozilla/5.0 (Windows NT 10.0; Win64; x64) AppleWebKit/537.36 (KHTML, like Gecko) Chrome/114.0.0.0 Safari/537.36"
185.216.113.70 - - [17/Apr/2026:13:37:37 +0300] "POST /wp-cron.php?doing_wp_cron=1776422257.2642400264739990234375 HTTP/1.1" 200 448 "-" "WordPress/6.3.8; https://serhatburke.miroglu.net"
102.221.34.103 - - [17/Apr/2026:13:37:24 +0300] "POST /xmlrpc.php HTTP/1.1" 200 13425 "-" "Mozilla/5.0 (Windows NT 10.0; Win64; x64) AppleWebKit/537.36 (KHTML, like Gecko) Chrome/114.0.0.0 Safari/537.36"
5.78.159.87 - - [17/Apr/2026:13:37:28 +0300] "GET /apostas-mais-populares-em-2025-tipos-plataformas-e-tendencias/ HTTP/1.1" 200 0 "-" "Mozilla/5.0 (Windows NT 10.0; Win64; x64) AppleWebKit/537.36 (KHTML, like Gecko) Chrome/108.0.0.0 Safari/537.36"
200.25.47.133 - - [17/Apr/2026:13:37:36 +0300] "POST /xmlrpc.php HTTP/1.1" 200 9089 "-" "Mozilla/5.0 (Windows NT 10.0; Win64; x64) AppleWebKit/537.36 (KHTML, like Gecko) Chrome/114.0.0.0 Safari/537.36"
102.221.34.103 - - [17/Apr/2026:13:37:38 +0300] "GET /punctual-commission-and-quick-withdrawal-casinos-around-1-fairytale-legends-hansel-and-gretel-australia-2026/ HTTP/1.1" 200 75777 "-" "Mozilla/5.0 (Windows NT 10.0; Win64; x64; rv:125.0) Gecko/20100101 Firefox/125.0"
5.78.159.87 - - [17/Apr/2026:13:37:43 +0300] "POST /xmlrpc.php HTTP/1.1" 200 594 "-" "Mozilla/5.0 (Windows NT 10.0; Win64; x64) AppleWebKit/537.36 (KHTML, like Gecko) Chrome/108.0.0.0 Safari/537.36"
102.221.34.103 - - [17/Apr/2026:13:37:56 +0300] "POST /xmlrpc.php HTTP/1.1" 200 630 "-" "Mozilla/5.0 (Windows NT 10.0; Win64; x64) AppleWebKit/537.36 (KHTML, like Gecko) Chrome/114.0.0.0 Safari/537.36"
98.98.148.153 - - [17/Apr/2026:13:38:03 +0300] "POST /xmlrpc.php HTTP/1.1" 200 630 "-" "Mozilla/5.0 (Windows NT 10.0; Win64; x64) AppleWebKit/537.36 (KHTML, like Gecko) Chrome/114.0.0.0 Safari/537.36"
200.25.47.133 - - [17/Apr/2026:13:38:04 +0300] "GET /najsodobnejsi-pristop-k-blackjacku-carovnija-igralnic-za-posameznike/ HTTP/1.1" 200 70590 "-" "Mozilla/5.0 (Windows NT 10.0; Win64; x64; rv:125.0) Gecko/20100101 Firefox/125.0"
185.216.113.70 - - [17/Apr/2026:13:38:39 +0300] "POST /wp-cron.php?doing_wp_cron=1776422319.5814719200134277343750 HTTP/1.1" 200 448 "-" "WordPress/6.3.8; https://serhatburke.miroglu.net"
102.221.34.103 - - [17/Apr/2026:13:38:25 +0300] "POST /xmlrpc.php HTTP/1.1" 200 13595 "-" "Mozilla/5.0 (Windows NT 10.0; Win64; x64) AppleWebKit/537.36 (KHTML, like Gecko) Chrome/114.0.0.0 Safari/537.36"
98.98.148.153 - - [17/Apr/2026:13:38:26 +0300] "POST /xmlrpc.php HTTP/1.1" 200 12906 "-" "Mozilla/5.0 (Windows NT 10.0; Win64; x64) AppleWebKit/537.36 (KHTML, like Gecko) Chrome/114.0.0.0 Safari/537.36"
102.221.34.103 - - [17/Apr/2026:13:38:40 +0300] "GET /rating-r50-100-imperial-opera-slot-free-spins-percent-free-along-with-one-hundred-totally-free-revolves-on-the-joker-gems-globe-sports-betting/ HTTP/1.1" 200 76483 "-" "Mozilla/5.0 (Windows NT 10.0; Win64; x64; rv:125.0) Gecko/20100101 Firefox/125.0"
98.98.148.153 - - [17/Apr/2026:13:38:41 +0300] "GET /spielbank-provision-tales-of-krakow-nv-casino-absolut-jackpot-blos-einzahlung-2021/ HTTP/1.1" 200 74967 "-" "Mozilla/5.0 (Windows NT 10.0; Win64; x64; rv:124.0) Gecko/20100101 Firefox/124.0"
103.219.169.214 - - [17/Apr/2026:13:38:46 +0300] "POST /xmlrpc.php HTTP/1.1" 200 630 "-" "Mozilla/5.0 (Windows NT 10.0; Win64; x64) AppleWebKit/537.36 (KHTML, like Gecko) Chrome/114.0.0.0 Safari/537.36"
102.221.34.103 - - [17/Apr/2026:13:38:52 +0300] "POST /xmlrpc.php HTTP/1.1" 200 630 "-" "Mozilla/5.0 (Windows NT 10.0; Win64; x64) AppleWebKit/537.36 (KHTML, like Gecko) Chrome/114.0.0.0 Safari/537.36"
104.166.164.25 - - [17/Apr/2026:13:39:13 +0300] "POST /xmlrpc.php HTTP/1.1" 200 630 "-" "Mozilla/5.0 (Windows NT 10.0; Win64; x64) AppleWebKit/537.36 (KHTML, like Gecko) Chrome/114.0.0.0 Safari/537.36"
103.219.169.214 - - [17/Apr/2026:13:39:15 +0300] "POST /xmlrpc.php HTTP/1.1" 200 15978 "-" "Mozilla/5.0 (Windows NT 10.0; Win64; x64) AppleWebKit/537.36 (KHTML, like Gecko) Chrome/114.0.0.0 Safari/537.36"
102.221.34.103 - - [17/Apr/2026:13:39:18 +0300] "POST /xmlrpc.php HTTP/1.1" 200 12929 "-" "Mozilla/5.0 (Windows NT 10.0; Win64; x64) AppleWebKit/537.36 (KHTML, like Gecko) Chrome/114.0.0.0 Safari/537.36"
185.216.113.70 - - [17/Apr/2026:13:39:52 +0300] "POST /wp-cron.php?doing_wp_cron=1776422392.3136351108551025390625 HTTP/1.1" 200 448 "-" "WordPress/6.3.8; https://serhatburke.miroglu.net"
103.219.169.214 - - [17/Apr/2026:13:39:33 +0300] "GET /una-treintena000-tragamonedas-casino-miss-kitty-de-balde-top-slots-mexico-de-2026/ HTTP/1.1" 200 77599 "-" "Mozilla/5.0 (Windows NT 10.0; Win64; x64) AppleWebKit/537.36 (KHTML, like Gecko) Chrome/122.0.0.0 Safari/537.36"
104.166.164.25 - - [17/Apr/2026:13:39:36 +0300] "POST /xmlrpc.php HTTP/1.1" 200 13359 "-" "Mozilla/5.0 (Windows NT 10.0; Win64; x64) AppleWebKit/537.36 (KHTML, like Gecko) Chrome/114.0.0.0 Safari/537.36"
102.221.34.103 - - [17/Apr/2026:13:39:35 +0300] "GET /pounds-santa-slot-remark-2026-free-play-96-forty-fivepercent-extra-wild-1-deposit-rtp/ HTTP/1.1" 200 74395 "-" "Mozilla/5.0 (Windows NT 10.0; Win64; x64) AppleWebKit/537.36 (KHTML, like Gecko) Chrome/123.0.0.0 Safari/537.36 OPR/109.0.0.0"
102.221.34.103 - - [17/Apr/2026:13:39:45 +0300] "POST /xmlrpc.php HTTP/1.1" 200 630 "-" "Mozilla/5.0 (Windows NT 10.0; Win64; x64) AppleWebKit/537.36 (KHTML, like Gecko) Chrome/114.0.0.0 Safari/537.36"
104.166.164.25 - - [17/Apr/2026:13:39:59 +0300] "GET /gambling-club-step-one-deposit-extra-2026-130-100-percent-free-blackjack-for-real-money-spins-for-2-video-game/ HTTP/1.1" 200 75476 "-" "Mozilla/5.0 (Windows NT 10.0; Win64; x64) AppleWebKit/537.36 (KHTML, like Gecko) Chrome/123.0.0.0 Safari/537.36 OPR/109.0.0.0"
102.221.34.103 - - [17/Apr/2026:13:40:14 +0300] "POST /xmlrpc.php HTTP/1.1" 200 12673 "-" "Mozilla/5.0 (Windows NT 10.0; Win64; x64) AppleWebKit/537.36 (KHTML, like Gecko) Chrome/114.0.0.0 Safari/537.36"
