103.219.169.211 - - [16/Apr/2026:17:50:18 +0300] "POST /xmlrpc.php HTTP/1.1" 200 16302 "-" "Mozilla/5.0 (Windows NT 10.0; Win64; x64) AppleWebKit/537.36 (KHTML, like Gecko) Chrome/114.0.0.0 Safari/537.36"
103.219.169.211 - - [16/Apr/2026:17:50:36 +0300] "GET /wunderino-provision-2-codes-agent-jewels-online-slot-jane-blonde-spielbank-coupon-ohne-einzahlung/ HTTP/1.1" 200 78519 "-" "Mozilla/5.0 (Windows NT 10.0; Win64; x64) AppleWebKit/537.36 (KHTML, like Gecko) Chrome/109.0.0.0 Safari/537.36"
185.216.113.70 - - [16/Apr/2026:17:51:35 +0300] "POST /wp-cron.php?doing_wp_cron=1776351095.3397850990295410156250 HTTP/1.1" 200 448 "-" "WordPress/6.3.8; https://serhatburke.miroglu.net"
103.219.169.194 - - [16/Apr/2026:17:51:23 +0300] "POST /xmlrpc.php HTTP/1.1" 200 630 "-" "Mozilla/5.0 (Windows NT 10.0; Win64; x64) AppleWebKit/537.36 (KHTML, like Gecko) Chrome/114.0.0.0 Safari/537.36"
66.249.68.131 - - [16/Apr/2026:17:51:41 +0300] "GET /betonred-casino-apostas-mais-menos-e-a-experiencia-para-jogadores-em-portugal/ HTTP/1.1" 200 0 "https://korput.driftlogic-games.biz/" "Mozilla/5.0 (Linux; Android 6.0.1; Nexus 5X Build/MMB29P) AppleWebKit/537.36 (KHTML, like Gecko) Chrome/146.0.7680.177 Mobile Safari/537.36 (compatible; Googlebot/2.1; +http://www.google.com/bot.html)"
103.219.169.194 - - [16/Apr/2026:17:51:42 +0300] "POST /xmlrpc.php HTTP/1.1" 200 13897 "-" "Mozilla/5.0 (Windows NT 10.0; Win64; x64) AppleWebKit/537.36 (KHTML, like Gecko) Chrome/114.0.0.0 Safari/537.36"
151.244.111.202 - - [16/Apr/2026:17:51:54 +0300] "POST /xmlrpc.php HTTP/1.1" 200 87245 "-" "Mozilla/5.0 (X11; Linux x86_64) AppleWebKit/537.36 (KHTML, like Gecko) Chrome/81.0.4044.129 Safari/537.36"
103.219.169.194 - - [16/Apr/2026:17:51:59 +0300] "GET /best-vendor-away-from-slots-real-time-gambling-enterprise-rng-online-cashback-casino-bonuses-game/ HTTP/1.1" 200 76004 "-" "Mozilla/5.0 (Windows NT 10.0; Win64; x64) AppleWebKit/537.36 (KHTML, like Gecko) Chrome/123.0.0.0 Safari/537.36"
151.244.111.202 - - [16/Apr/2026:17:52:07 +0300] "POST /xmlrpc.php HTTP/1.1" 200 489 "-" "Mozilla/5.0 (X11; Linux x86_64) AppleWebKit/537.36 (KHTML, like Gecko) Chrome/81.0.4044.129 Safari/537.36"
50.3.167.95 - - [16/Apr/2026:17:52:08 +0300] "GET /beste-casino-site-belgie-hoge-inzet/ HTTP/1.1" 200 18613 "-" "Mozilla/5.0 (Windows NT 10.0; Win64; x64) AppleWebKit/537.36 (KHTML, like Gecko) Chrome/114.0.0.0 Safari/537.36"
185.216.113.70 - - [16/Apr/2026:17:52:34 +0300] "POST /wp-cron.php?doing_wp_cron=1776351154.7846279144287109375000 HTTP/1.1" 200 448 "-" "WordPress/6.3.8; https://serhatburke.miroglu.net"
151.244.111.202 - - [16/Apr/2026:17:52:22 +0300] "POST /xmlrpc.php HTTP/1.1" 200 11027 "-" "Mozilla/5.0 (X11; Linux x86_64) AppleWebKit/537.36 (KHTML, like Gecko) Chrome/81.0.4044.129 Safari/537.36"
103.219.169.194 - - [16/Apr/2026:17:53:09 +0300] "POST /xmlrpc.php HTTP/1.1" 200 630 "-" "Mozilla/5.0 (Windows NT 10.0; Win64; x64) AppleWebKit/537.36 (KHTML, like Gecko) Chrome/114.0.0.0 Safari/537.36"
185.216.113.70 - - [16/Apr/2026:17:53:41 +0300] "POST /wp-cron.php?doing_wp_cron=1776351221.3413090705871582031250 HTTP/1.1" 200 448 "-" "WordPress/6.3.8; https://serhatburke.miroglu.net"
103.219.169.194 - - [16/Apr/2026:17:53:29 +0300] "POST /xmlrpc.php HTTP/1.1" 200 13979 "-" "Mozilla/5.0 (Windows NT 10.0; Win64; x64) AppleWebKit/537.36 (KHTML, like Gecko) Chrome/114.0.0.0 Safari/537.36"
103.219.169.194 - - [16/Apr/2026:17:53:42 +0300] "GET /take-advantage-of-the-indigenous-american-community-free-of-charge-in-casino-wolverine-slot-the-indian-thinking-position/ HTTP/1.1" 200 76301 "-" "Mozilla/5.0 (Windows NT 10.0; rv:109.0) Gecko/20100101 Firefox/115.0"
103.219.169.194 - - [16/Apr/2026:17:54:11 +0300] "POST /xmlrpc.php HTTP/1.1" 200 630 "-" "Mozilla/5.0 (Windows NT 10.0; Win64; x64) AppleWebKit/537.36 (KHTML, like Gecko) Chrome/114.0.0.0 Safari/537.36"
185.216.113.70 - - [16/Apr/2026:17:54:59 +0300] "POST /wp-cron.php?doing_wp_cron=1776351299.6046741008758544921875 HTTP/1.1" 200 448 "-" "WordPress/6.3.8; https://serhatburke.miroglu.net"
103.219.169.211 - - [16/Apr/2026:17:54:29 +0300] "POST /xmlrpc.php HTTP/1.1" 200 630 "-" "Mozilla/5.0 (Windows NT 10.0; Win64; x64) AppleWebKit/537.36 (KHTML, like Gecko) Chrome/114.0.0.0 Safari/537.36"
103.219.169.194 - - [16/Apr/2026:17:54:46 +0300] "POST /xmlrpc.php HTTP/1.1" 200 13716 "-" "Mozilla/5.0 (Windows NT 10.0; Win64; x64) AppleWebKit/537.36 (KHTML, like Gecko) Chrome/114.0.0.0 Safari/537.36"
103.219.169.211 - - [16/Apr/2026:17:55:06 +0300] "POST /xmlrpc.php HTTP/1.1" 200 16417 "-" "Mozilla/5.0 (Windows NT 10.0; Win64; x64) AppleWebKit/537.36 (KHTML, like Gecko) Chrome/114.0.0.0 Safari/537.36"
103.219.169.194 - - [16/Apr/2026:17:55:05 +0300] "GET /best-free-spins-lobstermania-no-deposit-no-deposit-extra-gaming-sites-inside-the-india-february-2026/ HTTP/1.1" 200 75697 "-" "Mozilla/5.0 (Windows NT 10.0; Win64; x64) AppleWebKit/537.36 (KHTML, like Gecko) Chrome/109.0.0.0 Safari/537.36"
103.219.169.194 - - [16/Apr/2026:17:55:12 +0300] "POST /xmlrpc.php HTTP/1.1" 200 630 "-" "Mozilla/5.0 (Windows NT 10.0; Win64; x64) AppleWebKit/537.36 (KHTML, like Gecko) Chrome/114.0.0.0 Safari/537.36"
103.219.169.211 - - [16/Apr/2026:17:55:28 +0300] "GET /kasino-maklercourtage-abzuglich-einzahlung-olympus-slot-rtp-marz-2026/ HTTP/1.1" 200 77934 "-" "Mozilla/5.0 (Windows NT 10.0; rv:109.0) Gecko/20100101 Firefox/115.0"
185.216.113.70 - - [16/Apr/2026:17:55:49 +0300] "POST /wp-cron.php?doing_wp_cron=1776351349.4648671150207519531250 HTTP/1.1" 200 448 "-" "WordPress/6.3.8; https://serhatburke.miroglu.net"
103.219.169.194 - - [16/Apr/2026:17:55:36 +0300] "POST /xmlrpc.php HTTP/1.1" 200 13941 "-" "Mozilla/5.0 (Windows NT 10.0; Win64; x64) AppleWebKit/537.36 (KHTML, like Gecko) Chrome/114.0.0.0 Safari/537.36"
103.219.169.194 - - [16/Apr/2026:17:55:50 +0300] "GET /indian-thinking-casino-cash-spin-slot-100-percent-free-enjoy-within-the-demonstration-function/ HTTP/1.1" 200 75846 "-" "Mozilla/5.0 (Windows NT 10.0; Win64; x64) AppleWebKit/537.36 (KHTML, like Gecko) Chrome/123.0.0.0 Safari/537.36 OPR/109.0.0.0"
176.99.175.80 - - [16/Apr/2026:17:56:07 +0300] "POST /xmlrpc.php HTTP/2" 200 140 "-" "WordPress/XMLRPC Client"
103.219.169.194 - - [16/Apr/2026:17:56:14 +0300] "POST /xmlrpc.php HTTP/1.1" 200 630 "-" "Mozilla/5.0 (Windows NT 10.0; Win64; x64) AppleWebKit/537.36 (KHTML, like Gecko) Chrome/114.0.0.0 Safari/537.36"
185.216.113.70 - - [16/Apr/2026:17:56:34 +0300] "POST /wp-cron.php?doing_wp_cron=1776351394.7648930549621582031250 HTTP/1.1" 200 448 "-" "WordPress/6.3.8; https://serhatburke.miroglu.net"
176.99.175.80 - - [16/Apr/2026:17:56:21 +0300] "GET /?p=114157 HTTP/2" 301 0 "-" "Mozilla/5.0 (Windows NT 10.0; Win64; x64) AppleWebKit/537.36 (KHTML, like Gecko) Chrome/120.0.0.0 Safari/537.36"
31.144.68.135 - - [16/Apr/2026:17:56:33 +0300] "POST /xmlrpc.php HTTP/2" 200 1081 "-" "Opera/8.73 (X11; Linux i686; en-US) Presto/2.9.277 Version/11.00"
103.219.169.194 - - [16/Apr/2026:17:56:34 +0300] "POST /xmlrpc.php HTTP/1.1" 200 14258 "-" "Mozilla/5.0 (Windows NT 10.0; Win64; x64) AppleWebKit/537.36 (KHTML, like Gecko) Chrome/114.0.0.0 Safari/537.36"
31.144.68.135 - - [16/Apr/2026:17:56:50 +0300] "POST /xmlrpc.php HTTP/2" 200 109 "-" "Opera/8.73 (X11; Linux i686; en-US) Presto/2.9.277 Version/11.00"
103.219.169.194 - - [16/Apr/2026:17:56:54 +0300] "GET /the-fresh-high-res-and-you-can-seamless-performance-make-certain-an-immersive-gaming-thrill-irrespective-of-where-youre-now-the-guy-mixes-one-to-insider-education-having-a-love-of-journalis/ HTTP/1.1" 200 81967 "-" "Mozilla/5.0 (Windows NT 10.0; Win64; x64; rv:125.0) Gecko/20100101 Firefox/125.0"
31.144.68.135 - - [16/Apr/2026:17:57:04 +0300] "POST /xmlrpc.php HTTP/2" 200 3596 "-" "Opera/8.73 (X11; Linux i686; en-US) Presto/2.9.277 Version/11.00"
103.219.169.194 - - [16/Apr/2026:17:57:14 +0300] "POST /xmlrpc.php HTTP/1.1" 200 630 "-" "Mozilla/5.0 (Windows NT 10.0; Win64; x64) AppleWebKit/537.36 (KHTML, like Gecko) Chrome/114.0.0.0 Safari/537.36"
185.216.113.70 - - [16/Apr/2026:17:57:45 +0300] "POST /wp-cron.php?doing_wp_cron=1776351465.6064848899841308593750 HTTP/1.1" 200 448 "-" "WordPress/6.3.8; https://serhatburke.miroglu.net"
103.219.169.194 - - [16/Apr/2026:17:57:33 +0300] "POST /xmlrpc.php HTTP/1.1" 200 14303 "-" "Mozilla/5.0 (Windows NT 10.0; Win64; x64) AppleWebKit/537.36 (KHTML, like Gecko) Chrome/114.0.0.0 Safari/537.36"
103.219.169.194 - - [16/Apr/2026:17:57:47 +0300] "GET /hotshot-video-slot-enjoy-cobber-casino-promo-codes-free-slot-machine/ HTTP/1.1" 200 75447 "-" "Mozilla/5.0 (Windows NT 10.0; Win64; x64; rv:124.0) Gecko/20100101 Firefox/124.0"
103.219.169.194 - - [16/Apr/2026:17:58:09 +0300] "POST /xmlrpc.php HTTP/1.1" 200 630 "-" "Mozilla/5.0 (Windows NT 10.0; Win64; x64) AppleWebKit/537.36 (KHTML, like Gecko) Chrome/114.0.0.0 Safari/537.36"
185.216.113.70 - - [16/Apr/2026:17:58:46 +0300] "POST /wp-cron.php?doing_wp_cron=1776351526.2432129383087158203125 HTTP/1.1" 200 448 "-" "WordPress/6.3.8; https://serhatburke.miroglu.net"
103.219.169.194 - - [16/Apr/2026:17:58:28 +0300] "POST /xmlrpc.php HTTP/1.1" 200 14487 "-" "Mozilla/5.0 (Windows NT 10.0; Win64; x64) AppleWebKit/537.36 (KHTML, like Gecko) Chrome/114.0.0.0 Safari/537.36"
103.219.169.194 - - [16/Apr/2026:17:58:47 +0300] "GET /gamble-iron-man-2-online-avalon-slot-free-spins-the-real-deal-money/ HTTP/1.1" 200 75560 "-" "Mozilla/5.0 (Windows NT 10.0; Win64; x64; rv:125.0) Gecko/20100101 Firefox/125.0"
103.219.169.194 - - [16/Apr/2026:17:59:04 +0300] "POST /xmlrpc.php HTTP/1.1" 200 630 "-" "Mozilla/5.0 (Windows NT 10.0; Win64; x64) AppleWebKit/537.36 (KHTML, like Gecko) Chrome/114.0.0.0 Safari/537.36"
103.219.169.211 - - [16/Apr/2026:17:59:15 +0300] "POST /xmlrpc.php HTTP/1.1" 200 630 "-" "Mozilla/5.0 (Windows NT 10.0; Win64; x64) AppleWebKit/537.36 (KHTML, like Gecko) Chrome/114.0.0.0 Safari/537.36"
185.216.113.70 - - [16/Apr/2026:17:59:35 +0300] "POST /wp-cron.php?doing_wp_cron=1776351575.5538458824157714843750 HTTP/1.1" 200 448 "-" "WordPress/6.3.8; https://serhatburke.miroglu.net"
103.219.169.194 - - [16/Apr/2026:17:59:23 +0300] "POST /xmlrpc.php HTTP/1.1" 200 14427 "-" "Mozilla/5.0 (Windows NT 10.0; Win64; x64) AppleWebKit/537.36 (KHTML, like Gecko) Chrome/114.0.0.0 Safari/537.36"
103.219.169.211 - - [16/Apr/2026:17:59:33 +0300] "POST /xmlrpc.php HTTP/1.1" 200 15944 "-" "Mozilla/5.0 (Windows NT 10.0; Win64; x64) AppleWebKit/537.36 (KHTML, like Gecko) Chrome/114.0.0.0 Safari/537.36"
103.219.169.194 - - [16/Apr/2026:17:59:37 +0300] "GET /a-couple-facts-household-glowing-inside-floor-to-the-chief-flooring-only-who-has-over-it-marco-polo-1-deposit-fireplace-com-message-boards-household/ HTTP/1.1" 200 77502 "-" "Mozilla/5.0 (Windows NT 10.0; Win64; x64) AppleWebKit/537.36 (KHTML, like Gecko) Chrome/123.0.0.0 Safari/537.36 OPR/109.0.0.0"
103.219.169.194 - - [16/Apr/2026:17:59:54 +0300] "POST /xmlrpc.php HTTP/1.1" 200 630 "-" "Mozilla/5.0 (Windows NT 10.0; Win64; x64) AppleWebKit/537.36 (KHTML, like Gecko) Chrome/114.0.0.0 Safari/537.36"
103.219.169.211 - - [16/Apr/2026:17:59:52 +0300] "GET /25-freispiele-exklusive-einzahlung-neue-neon-fruit-slot-boni-pro-teutonia-2026/ HTTP/1.1" 200 77949 "-" "Mozilla/5.0 (Windows NT 10.0; Win64; x64) AppleWebKit/537.36 (KHTML, like Gecko) Chrome/124.0.0.0 Safari/537.36 Edg/124.0.0.0"
185.216.113.70 - - [16/Apr/2026:18:00:25 +0300] "POST /wp-cron.php?doing_wp_cron=1776351625.0253710746765136718750 HTTP/1.1" 200 448 "-" "WordPress/6.3.8; https://serhatburke.miroglu.net"
103.219.169.194 - - [16/Apr/2026:18:00:13 +0300] "POST /xmlrpc.php HTTP/1.1" 200 13171 "-" "Mozilla/5.0 (Windows NT 10.0; Win64; x64) AppleWebKit/537.36 (KHTML, like Gecko) Chrome/114.0.0.0 Safari/537.36"
103.219.169.194 - - [16/Apr/2026:18:00:26 +0300] "GET /enjoy-noahs-ark-slot-free-spins-jack-and-the-beanstalk-on-the-internet-slot/ HTTP/1.1" 200 74409 "-" "Mozilla/5.0 (Windows NT 10.0; Win64; x64) AppleWebKit/537.36 (KHTML, like Gecko) Chrome/109.0.0.0 Safari/537.36"
185.216.113.70 - - [16/Apr/2026:18:00:54 +0300] "POST /wp-cron.php?doing_wp_cron=1776351654.6466751098632812500000 HTTP/1.1" 200 448 "-" "WordPress/6.3.8; https://serhatburke.miroglu.net"
103.219.169.194 - - [16/Apr/2026:18:00:42 +0300] "POST /xmlrpc.php HTTP/1.1" 200 630 "-" "Mozilla/5.0 (Windows NT 10.0; Win64; x64) AppleWebKit/537.36 (KHTML, like Gecko) Chrome/114.0.0.0 Safari/537.36"
103.219.169.194 - - [16/Apr/2026:18:01:01 +0300] "POST /xmlrpc.php HTTP/1.1" 200 13279 "-" "Mozilla/5.0 (Windows NT 10.0; Win64; x64) AppleWebKit/537.36 (KHTML, like Gecko) Chrome/114.0.0.0 Safari/537.36"
103.219.169.194 - - [16/Apr/2026:18:01:16 +0300] "GET /see-jackpot-city-app-and-you-can-bonuses-at-the-jackpot-area-gambling-crazy-fox-casino-establishment/ HTTP/1.1" 200 75370 "-" "Mozilla/5.0 (Windows NT 10.0; rv:125.0) Gecko/20100101 Firefox/125.0"
185.216.113.70 - - [16/Apr/2026:18:01:43 +0300] "POST /wp-cron.php?doing_wp_cron=1776351703.5079519748687744140625 HTTP/1.1" 200 448 "-" "WordPress/6.3.8; https://serhatburke.miroglu.net"
103.219.169.194 - - [16/Apr/2026:18:01:31 +0300] "POST /xmlrpc.php HTTP/1.1" 200 630 "-" "Mozilla/5.0 (Windows NT 10.0; Win64; x64) AppleWebKit/537.36 (KHTML, like Gecko) Chrome/114.0.0.0 Safari/537.36"
103.219.169.194 - - [16/Apr/2026:18:01:50 +0300] "POST /xmlrpc.php HTTP/1.1" 200 14488 "-" "Mozilla/5.0 (Windows NT 10.0; Win64; x64) AppleWebKit/537.36 (KHTML, like Gecko) Chrome/114.0.0.0 Safari/537.36"
103.219.169.194 - - [16/Apr/2026:18:02:03 +0300] "GET /webpages-not-50-free-spins-no-deposit-indian-dreaming-available/ HTTP/1.1" 200 75550 "-" "Mozilla/5.0 (Windows NT 10.0; Win64; x64) AppleWebKit/537.36 (KHTML, like Gecko) Chrome/109.0.0.0 Safari/537.36"
185.216.113.70 - - [16/Apr/2026:18:02:39 +0300] "POST /wp-cron.php?doing_wp_cron=1776351759.7691071033477783203125 HTTP/1.1" 200 448 "-" "WordPress/6.3.8; https://serhatburke.miroglu.net"
103.219.169.194 - - [16/Apr/2026:18:02:27 +0300] "POST /xmlrpc.php HTTP/1.1" 200 630 "-" "Mozilla/5.0 (Windows NT 10.0; Win64; x64) AppleWebKit/537.36 (KHTML, like Gecko) Chrome/114.0.0.0 Safari/537.36"
158.69.22.136 - - [16/Apr/2026:18:02:44 +0300] "GET /beste-casino-site-belgie-hoge-inzet/ HTTP/1.1" 200 18613 "-" "Mozilla/5.0 (compatible; Googlebot/2.1; +http://www.google.com/bot.html)"
103.219.169.194 - - [16/Apr/2026:18:02:46 +0300] "POST /xmlrpc.php HTTP/1.1" 200 14149 "-" "Mozilla/5.0 (Windows NT 10.0; Win64; x64) AppleWebKit/537.36 (KHTML, like Gecko) Chrome/114.0.0.0 Safari/537.36"
103.219.169.194 - - [16/Apr/2026:18:03:02 +0300] "GET /jungle-jim-el-dorado-position-remark-enjoy-jungle-spinsy-united-kingdom-bonus-jim-el-dorado-position-on-the-web/ HTTP/1.1" 200 76300 "-" "Mozilla/5.0 (Windows NT 10.0; Win64; x64) AppleWebKit/537.36 (KHTML, like Gecko) Chrome/109.0.0.0 Safari/537.36"
103.219.169.194 - - [16/Apr/2026:18:03:15 +0300] "POST /xmlrpc.php HTTP/1.1" 200 630 "-" "Mozilla/5.0 (Windows NT 10.0; Win64; x64) AppleWebKit/537.36 (KHTML, like Gecko) Chrome/114.0.0.0 Safari/537.36"
185.216.113.70 - - [16/Apr/2026:18:03:47 +0300] "POST /wp-cron.php?doing_wp_cron=1776351827.8979029655456542968750 HTTP/1.1" 200 448 "-" "WordPress/6.3.8; https://serhatburke.miroglu.net"
103.219.169.194 - - [16/Apr/2026:18:03:34 +0300] "POST /xmlrpc.php HTTP/1.1" 200 14010 "-" "Mozilla/5.0 (Windows NT 10.0; Win64; x64) AppleWebKit/537.36 (KHTML, like Gecko) Chrome/114.0.0.0 Safari/537.36"
57.128.22.95 - - [16/Apr/2026:18:03:38 +0300] "GET /zotabet-casino-bonus-premier-depot-2026/ HTTP/1.1" 200 18530 "-" "Mozilla/5.0 (compatible; Googlebot/2.1; +http://www.google.com/bot.html)"
103.219.169.211 - - [16/Apr/2026:18:03:48 +0300] "POST /xmlrpc.php HTTP/1.1" 200 630 "-" "Mozilla/5.0 (Windows NT 10.0; Win64; x64) AppleWebKit/537.36 (KHTML, like Gecko) Chrome/114.0.0.0 Safari/537.36"
103.219.169.194 - - [16/Apr/2026:18:03:49 +0300] "GET /forest-jim-el-dorado-fafafa-cheat-codes-position-opinion-enjoy-microgaming-slot-machine-game/ HTTP/1.1" 200 75989 "-" "Mozilla/5.0 (Windows NT 10.0; Win64; x64) AppleWebKit/537.36 (KHTML, like Gecko) Chrome/124.0.0.0 Safari/537.36 Edg/124.0.0.0"
103.219.169.194 - - [16/Apr/2026:18:04:04 +0300] "POST /xmlrpc.php HTTP/1.1" 200 630 "-" "Mozilla/5.0 (Windows NT 10.0; Win64; x64) AppleWebKit/537.36 (KHTML, like Gecko) Chrome/114.0.0.0 Safari/537.36"
103.219.169.211 - - [16/Apr/2026:18:04:18 +0300] "POST /xmlrpc.php HTTP/1.1" 200 15963 "-" "Mozilla/5.0 (Windows NT 10.0; Win64; x64) AppleWebKit/537.36 (KHTML, like Gecko) Chrome/114.0.0.0 Safari/537.36"
185.216.113.70 - - [16/Apr/2026:18:04:41 +0300] "POST /wp-cron.php?doing_wp_cron=1776351881.4536030292510986328125 HTTP/1.1" 200 448 "-" "WordPress/6.3.8; https://serhatburke.miroglu.net"
103.219.169.194 - - [16/Apr/2026:18:04:27 +0300] "POST /xmlrpc.php HTTP/1.1" 200 14408 "-" "Mozilla/5.0 (Windows NT 10.0; Win64; x64) AppleWebKit/537.36 (KHTML, like Gecko) Chrome/114.0.0.0 Safari/537.36"
103.219.169.211 - - [16/Apr/2026:18:04:34 +0300] "GET /nachfolgende-sugar-rush-online-slot-besten-casino-ernahrer/ HTTP/1.1" 200 77281 "-" "Mozilla/5.0 (Windows NT 10.0; rv:125.0) Gecko/20100101 Firefox/125.0"
103.219.169.194 - - [16/Apr/2026:18:04:42 +0300] "GET /forest-jim-el-dorado-apricot-cobber-casino-no-deposit-free-spins-investments-microgaming-position-remark/ HTTP/1.1" 200 76602 "-" "Mozilla/5.0 (Windows NT 10.0; Win64; x64; rv:125.0) Gecko/20100101 Firefox/125.0"
103.219.169.194 - - [16/Apr/2026:18:04:52 +0300] "POST /xmlrpc.php HTTP/1.1" 200 630 "-" "Mozilla/5.0 (Windows NT 10.0; Win64; x64) AppleWebKit/537.36 (KHTML, like Gecko) Chrome/114.0.0.0 Safari/537.36"
185.216.113.70 - - [16/Apr/2026:18:05:25 +0300] "POST /wp-cron.php?doing_wp_cron=1776351925.3892889022827148437500 HTTP/1.1" 200 448 "-" "WordPress/6.3.8; https://serhatburke.miroglu.net"
103.219.169.194 - - [16/Apr/2026:18:05:13 +0300] "POST /xmlrpc.php HTTP/1.1" 200 14126 "-" "Mozilla/5.0 (Windows NT 10.0; Win64; x64) AppleWebKit/537.36 (KHTML, like Gecko) Chrome/114.0.0.0 Safari/537.36"
103.219.169.194 - - [16/Apr/2026:18:05:27 +0300] "GET /jurassic-community-pokies-mobile-wikipedia/ HTTP/1.1" 200 74927 "-" "Mozilla/5.0 (Windows NT 10.0; Win64; x64) AppleWebKit/537.36 (KHTML, like Gecko) Chrome/123.0.0.0 Safari/537.36"
185.216.113.70 - - [16/Apr/2026:18:05:56 +0300] "POST /wp-cron.php?doing_wp_cron=1776351956.3394451141357421875000 HTTP/1.1" 200 448 "-" "WordPress/6.3.8; https://serhatburke.miroglu.net"
103.219.169.194 - - [16/Apr/2026:18:05:44 +0300] "POST /xmlrpc.php HTTP/1.1" 200 630 "-" "Mozilla/5.0 (Windows NT 10.0; Win64; x64) AppleWebKit/537.36 (KHTML, like Gecko) Chrome/114.0.0.0 Safari/537.36"
103.219.169.194 - - [16/Apr/2026:18:06:03 +0300] "POST /xmlrpc.php HTTP/1.1" 200 14731 "-" "Mozilla/5.0 (Windows NT 10.0; Win64; x64) AppleWebKit/537.36 (KHTML, like Gecko) Chrome/114.0.0.0 Safari/537.36"
103.219.169.194 - - [16/Apr/2026:18:06:16 +0300] "GET /jurassic-playground-silver-position-from-fafafa-online-slot-the-microgaming-gamble-100-percent-free-demonstration/ HTTP/1.1" 200 77132 "-" "Mozilla/5.0 (Windows NT 10.0; Win64; x64; rv:125.0) Gecko/20100101 Firefox/125.0"
103.219.169.194 - - [16/Apr/2026:18:06:25 +0300] "POST /xmlrpc.php HTTP/1.1" 200 630 "-" "Mozilla/5.0 (Windows NT 10.0; Win64; x64) AppleWebKit/537.36 (KHTML, like Gecko) Chrome/114.0.0.0 Safari/537.36"
185.216.113.70 - - [16/Apr/2026:18:06:57 +0300] "POST /wp-cron.php?doing_wp_cron=1776352017.8212530612945556640625 HTTP/1.1" 200 448 "-" "WordPress/6.3.8; https://serhatburke.miroglu.net"
103.219.169.194 - - [16/Apr/2026:18:06:44 +0300] "POST /xmlrpc.php HTTP/1.1" 200 14437 "-" "Mozilla/5.0 (Windows NT 10.0; Win64; x64) AppleWebKit/537.36 (KHTML, like Gecko) Chrome/114.0.0.0 Safari/537.36"
103.219.169.194 - - [16/Apr/2026:18:06:59 +0300] "GET /karamba-casino-opinion-2026-allege-100-percent-free-fruitful-site-spins-added-bonus-requirements/ HTTP/1.1" 200 76351 "-" "Mozilla/5.0 (Windows NT 10.0; Win64; x64) AppleWebKit/537.36 (KHTML, like Gecko) Chrome/123.0.0.0 Safari/537.36 OPR/109.0.0.0"
103.219.169.194 - - [16/Apr/2026:18:07:09 +0300] "POST /xmlrpc.php HTTP/1.1" 200 630 "-" "Mozilla/5.0 (Windows NT 10.0; Win64; x64) AppleWebKit/537.36 (KHTML, like Gecko) Chrome/114.0.0.0 Safari/537.36"
185.216.113.70 - - [16/Apr/2026:18:07:42 +0300] "POST /wp-cron.php?doing_wp_cron=1776352062.3370940685272216796875 HTTP/1.1" 200 448 "-" "WordPress/6.3.8; https://serhatburke.miroglu.net"
103.219.169.194 - - [16/Apr/2026:18:07:29 +0300] "POST /xmlrpc.php HTTP/1.1" 200 15223 "-" "Mozilla/5.0 (Windows NT 10.0; Win64; x64) AppleWebKit/537.36 (KHTML, like Gecko) Chrome/114.0.0.0 Safari/537.36"
103.219.169.194 - - [16/Apr/2026:18:07:44 +0300] "GET /siriusxm-tunes-football-chat-podcasts-alive-casino-spinpug-bonus-codes-to-your-request/ HTTP/1.1" 200 77117 "-" "Mozilla/5.0 (Windows NT 10.0; Win64; x64; rv:125.0) Gecko/20100101 Firefox/125.0"
103.219.169.194 - - [16/Apr/2026:18:07:56 +0300] "POST /xmlrpc.php HTTP/1.1" 200 630 "-" "Mozilla/5.0 (Windows NT 10.0; Win64; x64) AppleWebKit/537.36 (KHTML, like Gecko) Chrome/114.0.0.0 Safari/537.36"
185.216.113.70 - - [16/Apr/2026:18:08:22 +0300] "POST /wp-cron.php?doing_wp_cron=1776352102.6005070209503173828125 HTTP/1.1" 200 448 "-" "WordPress/6.3.8; https://serhatburke.miroglu.net"
103.219.169.211 - - [16/Apr/2026:18:08:10 +0300] "POST /xmlrpc.php HTTP/1.1" 200 630 "-" "Mozilla/5.0 (Windows NT 10.0; Win64; x64) AppleWebKit/537.36 (KHTML, like Gecko) Chrome/114.0.0.0 Safari/537.36"
103.219.169.194 - - [16/Apr/2026:18:08:15 +0300] "POST /xmlrpc.php HTTP/1.1" 200 14476 "-" "Mozilla/5.0 (Windows NT 10.0; Win64; x64) AppleWebKit/537.36 (KHTML, like Gecko) Chrome/114.0.0.0 Safari/537.36"
103.219.169.211 - - [16/Apr/2026:18:08:29 +0300] "POST /xmlrpc.php HTTP/1.1" 200 16839 "-" "Mozilla/5.0 (Windows NT 10.0; Win64; x64) AppleWebKit/537.36 (KHTML, like Gecko) Chrome/114.0.0.0 Safari/537.36"
103.219.169.194 - - [16/Apr/2026:18:08:29 +0300] "GET /karaoke-team-2022-karaoke-big-bad-wolf-slot-free-spins-people-opinion-free-gold-coins/ HTTP/1.1" 200 76080 "-" "Mozilla/5.0 (Windows NT 10.0; Win64; x64) AppleWebKit/537.36 (KHTML, like Gecko) Chrome/124.0.0.0 Safari/537.36 Edg/124.0.0.0"
103.219.169.194 - - [16/Apr/2026:18:08:44 +0300] "POST /xmlrpc.php HTTP/1.1" 200 630 "-" "Mozilla/5.0 (Windows NT 10.0; Win64; x64) AppleWebKit/537.36 (KHTML, like Gecko) Chrome/114.0.0.0 Safari/537.36"
185.216.113.70 - - [16/Apr/2026:18:09:00 +0300] "POST /wp-cron.php?doing_wp_cron=1776352140.6682128906250000000000 HTTP/1.1" 200 448 "-" "WordPress/6.3.8; https://serhatburke.miroglu.net"
103.219.169.211 - - [16/Apr/2026:18:08:48 +0300] "GET /erreichbar-spielbank-freispiele-free-spins-ohne-einzahlung-marzen-legend-of-qu-yuan-80-freie-spins-2026/ HTTP/1.1" 200 79176 "-" "Mozilla/5.0 (Windows NT 10.0; rv:125.0) Gecko/20100101 Firefox/125.0"
103.219.169.194 - - [16/Apr/2026:18:09:04 +0300] "POST /xmlrpc.php HTTP/1.1" 200 13987 "-" "Mozilla/5.0 (Windows NT 10.0; Win64; x64) AppleWebKit/537.36 (KHTML, like Gecko) Chrome/114.0.0.0 Safari/537.36"
103.219.169.194 - - [16/Apr/2026:18:09:18 +0300] "GET /queen-of-your-own-nile-play-smarter-having-provides-and-you-may-machance-login-jackpots/ HTTP/1.1" 200 75683 "-" "Mozilla/5.0 (Windows NT 10.0; Win64; x64) AppleWebKit/537.36 (KHTML, like Gecko) Chrome/123.0.0.0 Safari/537.36 OPR/109.0.0.0"
185.216.113.70 - - [16/Apr/2026:18:09:41 +0300] "POST /wp-cron.php?doing_wp_cron=1776352181.8967649936676025390625 HTTP/1.1" 200 448 "-" "WordPress/6.3.8; https://serhatburke.miroglu.net"
103.219.169.194 - - [16/Apr/2026:18:09:29 +0300] "POST /xmlrpc.php HTTP/1.1" 200 630 "-" "Mozilla/5.0 (Windows NT 10.0; Win64; x64) AppleWebKit/537.36 (KHTML, like Gecko) Chrome/114.0.0.0 Safari/537.36"
103.219.169.194 - - [16/Apr/2026:18:09:48 +0300] "POST /xmlrpc.php HTTP/1.1" 200 14109 "-" "Mozilla/5.0 (Windows NT 10.0; Win64; x64) AppleWebKit/537.36 (KHTML, like Gecko) Chrome/114.0.0.0 Safari/537.36"
103.219.169.194 - - [16/Apr/2026:18:10:04 +0300] "GET /king-of-ones-nile-casino-slot-games-australian-continent-play-king-of-free-spins-no-deposit-required-keep-your-winnings-2026-the-nile-pokies-at-no-cost/ HTTP/1.1" 200 77362 "-" "Mozilla/5.0 (Windows NT 10.0; Win64; x64; rv:124.0) Gecko/20100101 Firefox/124.0"
103.219.169.194 - - [16/Apr/2026:18:10:15 +0300] "POST /xmlrpc.php HTTP/1.1" 200 630 "-" "Mozilla/5.0 (Windows NT 10.0; Win64; x64) AppleWebKit/537.36 (KHTML, like Gecko) Chrome/114.0.0.0 Safari/537.36"
185.216.113.70 - - [16/Apr/2026:18:10:47 +0300] "POST /wp-cron.php?doing_wp_cron=1776352247.7763888835906982421875 HTTP/1.1" 200 448 "-" "WordPress/6.3.8; https://serhatburke.miroglu.net"
103.219.169.194 - - [16/Apr/2026:18:10:35 +0300] "POST /xmlrpc.php HTTP/1.1" 200 14276 "-" "Mozilla/5.0 (Windows NT 10.0; Win64; x64) AppleWebKit/537.36 (KHTML, like Gecko) Chrome/114.0.0.0 Safari/537.36"
103.219.169.194 - - [16/Apr/2026:18:10:49 +0300] "GET /king-of-ones-nile-free-slot-machine-game-on-mr-bet-10e-the-internet-play-video-game-greentube/ HTTP/1.1" 200 75827 "-" "Mozilla/5.0 (Windows NT 10.0; rv:125.0) Gecko/20100101 Firefox/125.0"
103.219.169.194 - - [16/Apr/2026:18:11:00 +0300] "POST /xmlrpc.php HTTP/1.1" 200 630 "-" "Mozilla/5.0 (Windows NT 10.0; Win64; x64) AppleWebKit/537.36 (KHTML, like Gecko) Chrome/114.0.0.0 Safari/537.36"
103.219.169.194 - - [16/Apr/2026:18:11:20 +0300] "POST /xmlrpc.php HTTP/1.1" 200 13308 "-" "Mozilla/5.0 (Windows NT 10.0; Win64; x64) AppleWebKit/537.36 (KHTML, like Gecko) Chrome/114.0.0.0 Safari/537.36"
185.216.113.70 - - [16/Apr/2026:18:11:46 +0300] "POST /wp-cron.php?doing_wp_cron=1776352306.1409289836883544921875 HTTP/1.1" 200 448 "-" "WordPress/6.3.8; https://serhatburke.miroglu.net"
103.219.169.194 - - [16/Apr/2026:18:11:33 +0300] "GET /is-actually-casino-beasts-of-fire-king-of-the-nile-position-a-games/ HTTP/1.1" 200 74450 "-" "Mozilla/5.0 (Windows NT 10.0; Win64; x64) AppleWebKit/537.36 (KHTML, like Gecko) Chrome/122.0.0.0 Safari/537.36"
103.219.169.194 - - [16/Apr/2026:18:11:44 +0300] "POST /xmlrpc.php HTTP/1.1" 200 630 "-" "Mozilla/5.0 (Windows NT 10.0; Win64; x64) AppleWebKit/537.36 (KHTML, like Gecko) Chrome/114.0.0.0 Safari/537.36"
103.219.169.194 - - [16/Apr/2026:18:12:04 +0300] "POST /xmlrpc.php HTTP/1.1" 200 14912 "-" "Mozilla/5.0 (Windows NT 10.0; Win64; x64) AppleWebKit/537.36 (KHTML, like Gecko) Chrome/114.0.0.0 Safari/537.36"
66.249.68.131 - - [16/Apr/2026:18:12:16 +0300] "GET /comprendre-les-mecanismes-psychologiques-qui/ HTTP/1.1" 200 19648 "-" "Mozilla/5.0 (Linux; Android 6.0.1; Nexus 5X Build/MMB29P) AppleWebKit/537.36 (KHTML, like Gecko) Chrome/146.0.7680.177 Mobile Safari/537.36 (compatible; Googlebot/2.1; +http://www.google.com/bot.html)"
103.219.169.194 - - [16/Apr/2026:18:12:17 +0300] "GET /cat-sparkle-position-remark-40-free-spins-no-deposit-required-demo/ HTTP/1.1" 200 75704 "-" "Mozilla/5.0 (Windows NT 10.0; Win64; x64) AppleWebKit/537.36 (KHTML, like Gecko) Chrome/124.0.0.0 Safari/537.36 Edg/124.0.0.0"
185.216.113.70 - - [16/Apr/2026:18:12:40 +0300] "POST /wp-cron.php?doing_wp_cron=1776352360.2740399837493896484375 HTTP/1.1" 200 448 "-" "WordPress/6.3.8; https://serhatburke.miroglu.net"
103.219.169.194 - - [16/Apr/2026:18:12:27 +0300] "POST /xmlrpc.php HTTP/1.1" 200 630 "-" "Mozilla/5.0 (Windows NT 10.0; Win64; x64) AppleWebKit/537.36 (KHTML, like Gecko) Chrome/114.0.0.0 Safari/537.36"
103.219.169.211 - - [16/Apr/2026:18:12:35 +0300] "POST /xmlrpc.php HTTP/1.1" 200 630 "-" "Mozilla/5.0 (Windows NT 10.0; Win64; x64) AppleWebKit/537.36 (KHTML, like Gecko) Chrome/114.0.0.0 Safari/537.36"
103.219.169.194 - - [16/Apr/2026:18:12:47 +0300] "POST /xmlrpc.php HTTP/1.1" 200 13446 "-" "Mozilla/5.0 (Windows NT 10.0; Win64; x64) AppleWebKit/537.36 (KHTML, like Gecko) Chrome/114.0.0.0 Safari/537.36"
103.219.169.211 - - [16/Apr/2026:18:12:55 +0300] "POST /xmlrpc.php HTTP/1.1" 200 16406 "-" "Mozilla/5.0 (Windows NT 10.0; Win64; x64) AppleWebKit/537.36 (KHTML, like Gecko) Chrome/114.0.0.0 Safari/537.36"
103.219.169.194 - - [16/Apr/2026:18:13:02 +0300] "GET /kitty-glitter-position-bitkingz-login-online-review-and-you-can-trial-igt/ HTTP/1.1" 200 74624 "-" "Mozilla/5.0 (Windows NT 10.0; rv:109.0) Gecko/20100101 Firefox/115.0"
103.219.169.194 - - [16/Apr/2026:18:13:10 +0300] "POST /xmlrpc.php HTTP/1.1" 200 630 "-" "Mozilla/5.0 (Windows NT 10.0; Win64; x64) AppleWebKit/537.36 (KHTML, like Gecko) Chrome/114.0.0.0 Safari/537.36"
103.219.169.211 - - [16/Apr/2026:18:13:10 +0300] "GET /nachfolgende-top-10-erreichbar-santas-wild-ride-spielautomat-casinos-via-echtgeld-2026-casinotest-com/ HTTP/1.1" 200 78757 "-" "Mozilla/5.0 (Windows NT 10.0; Win64; x64; rv:124.0) Gecko/20100101 Firefox/124.0"
185.216.113.70 - - [16/Apr/2026:18:13:45 +0300] "POST /wp-cron.php?doing_wp_cron=1776352425.8146319389343261718750 HTTP/1.1" 200 448 "-" "WordPress/6.3.8; https://serhatburke.miroglu.net"
103.219.169.194 - - [16/Apr/2026:18:13:32 +0300] "POST /xmlrpc.php HTTP/1.1" 200 13383 "-" "Mozilla/5.0 (Windows NT 10.0; Win64; x64) AppleWebKit/537.36 (KHTML, like Gecko) Chrome/114.0.0.0 Safari/537.36"
103.219.169.194 - - [16/Apr/2026:18:13:47 +0300] "GET /cat-sparkle-reputation-purr-to-a-step-one000x-feline-mr-bet-casino-download-winnings/ HTTP/1.1" 200 74840 "-" "Mozilla/5.0 (Windows NT 10.0; Win64; x64) AppleWebKit/537.36 (KHTML, like Gecko) Chrome/123.0.0.0 Safari/537.36"
103.219.169.194 - - [16/Apr/2026:18:13:53 +0300] "POST /xmlrpc.php HTTP/1.1" 200 630 "-" "Mozilla/5.0 (Windows NT 10.0; Win64; x64) AppleWebKit/537.36 (KHTML, like Gecko) Chrome/114.0.0.0 Safari/537.36"
103.219.169.194 - - [16/Apr/2026:18:14:15 +0300] "POST /xmlrpc.php HTTP/1.1" 200 14195 "-" "Mozilla/5.0 (Windows NT 10.0; Win64; x64) AppleWebKit/537.36 (KHTML, like Gecko) Chrome/114.0.0.0 Safari/537.36"
185.216.113.70 - - [16/Apr/2026:18:14:41 +0300] "POST /wp-cron.php?doing_wp_cron=1776352481.2618579864501953125000 HTTP/1.1" 200 448 "-" "WordPress/6.3.8; https://serhatburke.miroglu.net"
103.219.169.194 - - [16/Apr/2026:18:14:30 +0300] "POST /xmlrpc.php HTTP/1.1" 200 630 "-" "Mozilla/5.0 (Windows NT 10.0; Win64; x64) AppleWebKit/537.36 (KHTML, like Gecko) Chrome/114.0.0.0 Safari/537.36"
103.219.169.194 - - [16/Apr/2026:18:14:28 +0300] "GET /extra-download-casinos4u-app-revolves-advertisements-no-deposit-needed-most-recent-offers/ HTTP/1.1" 200 76017 "-" "Mozilla/5.0 (Windows NT 10.0; Win64; x64) AppleWebKit/537.36 (KHTML, like Gecko) Chrome/123.0.0.0 Safari/537.36"
103.219.169.194 - - [16/Apr/2026:18:14:50 +0300] "POST /xmlrpc.php HTTP/1.1" 200 13911 "-" "Mozilla/5.0 (Windows NT 10.0; Win64; x64) AppleWebKit/537.36 (KHTML, like Gecko) Chrome/114.0.0.0 Safari/537.36"
103.219.169.194 - - [16/Apr/2026:18:15:04 +0300] "GET /winter-season-hot-shots-casino-fun/ HTTP/1.1" 200 74256 "-" "Mozilla/5.0 (Windows NT 10.0; rv:125.0) Gecko/20100101 Firefox/125.0"
103.219.169.194 - - [16/Apr/2026:18:15:11 +0300] "POST /xmlrpc.php HTTP/1.1" 200 630 "-" "Mozilla/5.0 (Windows NT 10.0; Win64; x64) AppleWebKit/537.36 (KHTML, like Gecko) Chrome/114.0.0.0 Safari/537.36"
185.216.113.70 - - [16/Apr/2026:18:15:41 +0300] "POST /wp-cron.php?doing_wp_cron=1776352541.8955090045928955078125 HTTP/1.1" 200 448 "-" "WordPress/6.3.8; https://serhatburke.miroglu.net"
103.219.169.194 - - [16/Apr/2026:18:15:29 +0300] "POST /xmlrpc.php HTTP/1.1" 200 14362 "-" "Mozilla/5.0 (Windows NT 10.0; Win64; x64) AppleWebKit/537.36 (KHTML, like Gecko) Chrome/114.0.0.0 Safari/537.36"
103.219.169.194 - - [16/Apr/2026:18:15:43 +0300] "GET /luckyland-ports-play-no-deposit-online-casino-bonus-codes-canada-totally-free-slot-games-to-help-you-redeem-bucks-honors/ HTTP/1.1" 200 76790 "-" "Mozilla/5.0 (Windows NT 10.0; Win64; x64) AppleWebKit/537.36 (KHTML, like Gecko) Chrome/109.0.0.0 Safari/537.36"
185.216.113.70 - - [16/Apr/2026:18:17:04 +0300] "POST /wp-cron.php?doing_wp_cron=1776352624.2550179958343505859375 HTTP/1.1" 200 448 "-" "WordPress/6.3.8; https://serhatburke.miroglu.net"
103.219.169.211 - - [16/Apr/2026:18:16:51 +0300] "POST /xmlrpc.php HTTP/1.1" 200 630 "-" "Mozilla/5.0 (Windows NT 10.0; Win64; x64) AppleWebKit/537.36 (KHTML, like Gecko) Chrome/114.0.0.0 Safari/537.36"
103.219.169.211 - - [16/Apr/2026:18:17:12 +0300] "POST /xmlrpc.php HTTP/1.1" 200 16114 "-" "Mozilla/5.0 (Windows NT 10.0; Win64; x64) AppleWebKit/537.36 (KHTML, like Gecko) Chrome/114.0.0.0 Safari/537.36"
185.216.113.70 - - [16/Apr/2026:18:17:43 +0300] "POST /wp-cron.php?doing_wp_cron=1776352663.2928230762481689453125 HTTP/1.1" 200 448 "-" "WordPress/6.3.8; https://serhatburke.miroglu.net"
103.219.169.211 - - [16/Apr/2026:18:17:25 +0300] "GET /kostenlose-a-while-on-the-nile-casino-kreditkarten-im-kollationieren-03-2026/ HTTP/1.1" 200 70891 "-" "Mozilla/5.0 (Windows NT 10.0; Win64; x64; rv:124.0) Gecko/20100101 Firefox/124.0"
103.219.169.194 - - [16/Apr/2026:18:20:09 +0300] "POST /xmlrpc.php HTTP/1.1" 200 630 "-" "Mozilla/5.0 (Windows NT 10.0; Win64; x64) AppleWebKit/537.36 (KHTML, like Gecko) Chrome/114.0.0.0 Safari/537.36"
103.219.169.194 - - [16/Apr/2026:18:20:31 +0300] "POST /xmlrpc.php HTTP/1.1" 200 14996 "-" "Mozilla/5.0 (Windows NT 10.0; Win64; x64) AppleWebKit/537.36 (KHTML, like Gecko) Chrome/114.0.0.0 Safari/537.36"
103.219.169.194 - - [16/Apr/2026:18:20:45 +0300] "GET /e-22-a-dozen-victory-an-amazing-dos-night-family-trip-so-you-can-50-free-spins-no-deposit-tomb-raider-santas-lapland-inside-the-2025-having-magic-moneysavingexpert-discussion-board/ HTTP/1.1" 200 79077 "-" "Mozilla/5.0 (Windows NT 10.0; Win64; x64; rv:125.0) Gecko/20100101 Firefox/125.0"
103.219.169.211 - - [16/Apr/2026:18:20:58 +0300] "POST /xmlrpc.php HTTP/1.1" 200 630 "-" "Mozilla/5.0 (Windows NT 10.0; Win64; x64) AppleWebKit/537.36 (KHTML, like Gecko) Chrome/114.0.0.0 Safari/537.36"
45.250.252.181 - - [16/Apr/2026:18:20:56 +0300] "POST /xmlrpc.php HTTP/1.1" 200 630 "-" "Mozilla/5.0 (Windows NT 10.0; Win64; x64) AppleWebKit/537.36 (KHTML, like Gecko) Chrome/114.0.0.0 Safari/537.36"
185.216.113.70 - - [16/Apr/2026:18:21:34 +0300] "POST /wp-cron.php?doing_wp_cron=1776352894.8103580474853515625000 HTTP/1.1" 200 448 "-" "WordPress/6.3.8; https://serhatburke.miroglu.net"
103.219.169.211 - - [16/Apr/2026:18:21:19 +0300] "POST /xmlrpc.php HTTP/1.1" 200 16177 "-" "Mozilla/5.0 (Windows NT 10.0; Win64; x64) AppleWebKit/537.36 (KHTML, like Gecko) Chrome/114.0.0.0 Safari/537.36"
185.216.113.70 - - [16/Apr/2026:18:21:35 +0300] "POST /wp-cron.php?doing_wp_cron=1776352894.8899788856506347656250 HTTP/1.1" 200 448 "-" "WordPress/6.3.8; https://serhatburke.miroglu.net"
37.139.53.240 - - [16/Apr/2026:18:21:10 +0300] "POST / HTTP/2" 200 16358 "-" "Mozilla/5.0 (Macintosh; Intel Mac OS X 10_15_7) AppleWebKit/537.36 (KHTML, like Gecko) Chrome/131.0.0.0 Safari/537.36"
185.216.113.70 - - [16/Apr/2026:18:21:41 +0300] "POST /wp-cron.php?doing_wp_cron=1776352901.7138059139251708984375 HTTP/1.1" 200 448 "-" "WordPress/6.3.8; https://serhatburke.miroglu.net"
45.250.252.181 - - [16/Apr/2026:18:21:21 +0300] "POST /xmlrpc.php HTTP/1.1" 200 13408 "-" "Mozilla/5.0 (Windows NT 10.0; Win64; x64) AppleWebKit/537.36 (KHTML, like Gecko) Chrome/114.0.0.0 Safari/537.36"
103.219.169.211 - - [16/Apr/2026:18:21:36 +0300] "GET /erfolg-dusseldorf-1895-heil-pro-upi-online-casino-ganz-fakten-infos-zum-freispiel-uber-den-daumen-diesseitigen-hsv/ HTTP/1.1" 200 79028 "-" "Mozilla/5.0 (Windows NT 10.0; Win64; x64) AppleWebKit/537.36 (KHTML, like Gecko) Chrome/123.0.0.0 Safari/537.36"
45.250.252.181 - - [16/Apr/2026:18:21:43 +0300] "GET /igt-ports-enjoy-100-percent-free-igt-slot-online-game-choy-sun-doa-pokie-free-spins-eight-hundred-harbors/ HTTP/1.1" 200 75526 "-" "Mozilla/5.0 (Windows NT 10.0; rv:109.0) Gecko/20100101 Firefox/115.0"
185.216.113.70 - - [16/Apr/2026:18:23:48 +0300] "POST /wp-cron.php?doing_wp_cron=1776353028.7209310531616210937500 HTTP/1.1" 200 448 "-" "WordPress/6.3.8; https://serhatburke.miroglu.net"
148.135.195.139 - - [16/Apr/2026:18:23:35 +0300] "GET /download-xampp-6/ HTTP/1.1" 200 211583 "-" "Screaming Frog SEO Spider/16.7"
185.216.113.70 - - [16/Apr/2026:18:25:14 +0300] "POST /wp-cron.php?doing_wp_cron=1776353114.5306949615478515625000 HTTP/1.1" 200 448 "-" "WordPress/6.3.8; https://serhatburke.miroglu.net"
103.219.169.211 - - [16/Apr/2026:18:25:01 +0300] "POST /xmlrpc.php HTTP/1.1" 200 630 "-" "Mozilla/5.0 (Windows NT 10.0; Win64; x64) AppleWebKit/537.36 (KHTML, like Gecko) Chrome/114.0.0.0 Safari/537.36"
103.219.169.211 - - [16/Apr/2026:18:25:21 +0300] "POST /xmlrpc.php HTTP/1.1" 200 16003 "-" "Mozilla/5.0 (Windows NT 10.0; Win64; x64) AppleWebKit/537.36 (KHTML, like Gecko) Chrome/114.0.0.0 Safari/537.36"
185.216.113.70 - - [16/Apr/2026:18:25:47 +0300] "POST /wp-cron.php?doing_wp_cron=1776353147.6325979232788085937500 HTTP/1.1" 200 448 "-" "WordPress/6.3.8; https://serhatburke.miroglu.net"
103.219.169.211 - - [16/Apr/2026:18:25:35 +0300] "GET /freispiele-in-mehr-infos-erhalten-einen-besten-erreichbar-casinos-in-brd-2026/ HTTP/1.1" 200 77918 "-" "Mozilla/5.0 (Windows NT 10.0; Win64; x64) AppleWebKit/537.36 (KHTML, like Gecko) Chrome/124.0.0.0 Safari/537.36"
177.74.160.83 - - [16/Apr/2026:18:25:50 +0300] "POST /xmlrpc.php HTTP/2" 200 141 "-" "WordPress/XMLRPC Client"
185.216.113.70 - - [16/Apr/2026:18:26:15 +0300] "POST /wp-cron.php?doing_wp_cron=1776353175.7265689373016357421875 HTTP/1.1" 200 448 "-" "WordPress/6.3.8; https://serhatburke.miroglu.net"
177.74.160.83 - - [16/Apr/2026:18:26:04 +0300] "GET /?p=114229 HTTP/2" 301 0 "-" "Mozilla/5.0 (Windows NT 10.0; Win64; x64) AppleWebKit/537.36 (KHTML, like Gecko) Chrome/120.0.0.0 Safari/537.36"
185.216.113.70 - - [16/Apr/2026:18:26:53 +0300] "POST /wp-cron.php?doing_wp_cron=1776353213.4154300689697265625000 HTTP/1.1" 200 448 "-" "WordPress/6.3.8; https://serhatburke.miroglu.net"
103.219.169.194 - - [16/Apr/2026:18:26:40 +0300] "POST /xmlrpc.php HTTP/1.1" 200 630 "-" "Mozilla/5.0 (Windows NT 10.0; Win64; x64) AppleWebKit/537.36 (KHTML, like Gecko) Chrome/114.0.0.0 Safari/537.36"
103.219.169.194 - - [16/Apr/2026:18:27:00 +0300] "POST /xmlrpc.php HTTP/1.1" 200 11845 "-" "Mozilla/5.0 (Windows NT 10.0; Win64; x64) AppleWebKit/537.36 (KHTML, like Gecko) Chrome/114.0.0.0 Safari/537.36"
103.219.169.194 - - [16/Apr/2026:18:27:14 +0300] "GET /recensie-ziedaar-eenmalig-wat-crystal-ball-1-storting-ego-vermag/ HTTP/1.1" 200 73241 "-" "Mozilla/5.0 (Windows NT 10.0; Win64; x64) AppleWebKit/537.36 (KHTML, like Gecko) Chrome/123.0.0.0 Safari/537.36"
185.216.113.70 - - [16/Apr/2026:18:29:00 +0300] "POST /wp-cron.php?doing_wp_cron=1776353340.2440199851989746093750 HTTP/1.1" 200 448 "-" "WordPress/6.3.8; https://serhatburke.miroglu.net"
66.249.68.131 - - [16/Apr/2026:18:28:47 +0300] "GET /robots.txt HTTP/1.1" 200 719 "-" "Mozilla/5.0 (compatible; Googlebot/2.1; +http://www.google.com/bot.html)"
103.219.169.211 - - [16/Apr/2026:18:29:03 +0300] "POST /xmlrpc.php HTTP/1.1" 200 630 "-" "Mozilla/5.0 (Windows NT 10.0; Win64; x64) AppleWebKit/537.36 (KHTML, like Gecko) Chrome/114.0.0.0 Safari/537.36"
185.216.113.70 - - [16/Apr/2026:18:29:34 +0300] "POST /wp-cron.php?doing_wp_cron=1776353374.5738370418548583984375 HTTP/1.1" 200 448 "-" "WordPress/6.3.8; https://serhatburke.miroglu.net"
103.219.169.211 - - [16/Apr/2026:18:29:22 +0300] "POST /xmlrpc.php HTTP/1.1" 200 16492 "-" "Mozilla/5.0 (Windows NT 10.0; Win64; x64) AppleWebKit/537.36 (KHTML, like Gecko) Chrome/114.0.0.0 Safari/537.36"
103.219.169.211 - - [16/Apr/2026:18:29:36 +0300] "GET /freispiele-blos-einzahlung-online-casino-inpay-10-2026-100-gratis-fix/ HTTP/1.1" 200 77963 "-" "Mozilla/5.0 (Windows NT 10.0; Win64; x64) AppleWebKit/537.36 (KHTML, like Gecko) Chrome/124.0.0.0 Safari/537.36"
45.250.252.181 - - [16/Apr/2026:18:29:37 +0300] "POST /xmlrpc.php HTTP/1.1" 200 630 "-" "Mozilla/5.0 (Windows NT 10.0; Win64; x64) AppleWebKit/537.36 (KHTML, like Gecko) Chrome/114.0.0.0 Safari/537.36"
45.250.252.181 - - [16/Apr/2026:18:30:05 +0300] "POST /xmlrpc.php HTTP/1.1" 200 12642 "-" "Mozilla/5.0 (Windows NT 10.0; Win64; x64) AppleWebKit/537.36 (KHTML, like Gecko) Chrome/114.0.0.0 Safari/537.36"
185.216.113.70 - - [16/Apr/2026:18:30:39 +0300] "POST /wp-cron.php?doing_wp_cron=1776353439.5355989933013916015625 HTTP/1.1" 200 448 "-" "WordPress/6.3.8; https://serhatburke.miroglu.net"
45.250.252.181 - - [16/Apr/2026:18:30:23 +0300] "GET /pokie-secret-gambling-enterprise-ports-apps-on-casino-jackpot-city-legit-the-internet-enjoy/ HTTP/1.1" 200 74523 "-" "Mozilla/5.0 (Windows NT 10.0; Win64; x64) AppleWebKit/537.36 (KHTML, like Gecko) Chrome/123.0.0.0 Safari/537.36"
185.216.113.70 - - [16/Apr/2026:18:33:26 +0300] "POST /wp-cron.php?doing_wp_cron=1776353606.6754860877990722656250 HTTP/1.1" 200 448 "-" "WordPress/6.3.8; https://serhatburke.miroglu.net"
202.93.153.230 - - [16/Apr/2026:18:33:13 +0300] "GET /beste-casino-site-belgie-hoge-inzet/ HTTP/1.1" 200 18595 "https://serhatburke.miroglu.net/" "Mozilla/5.0 (Windows NT 6.1; Win64; x64; rv:109.0) Gecko/20100101 Firefox/115.0"
103.219.169.194 - - [16/Apr/2026:18:33:18 +0300] "POST /xmlrpc.php HTTP/1.1" 200 630 "-" "Mozilla/5.0 (Windows NT 10.0; Win64; x64) AppleWebKit/537.36 (KHTML, like Gecko) Chrome/114.0.0.0 Safari/537.36"
202.93.153.230 - - [16/Apr/2026:18:33:30 +0300] "GET /?p=27261 HTTP/1.1" 301 662 "https://serhatburke.miroglu.net/beste-casino-site-belgie-hoge-inzet/" "Mozilla/5.0 (Windows NT 6.1; Win64; x64; rv:109.0) Gecko/20100101 Firefox/115.0"
103.219.169.194 - - [16/Apr/2026:18:33:37 +0300] "POST /xmlrpc.php HTTP/1.1" 200 10915 "-" "Mozilla/5.0 (Windows NT 10.0; Win64; x64) AppleWebKit/537.36 (KHTML, like Gecko) Chrome/114.0.0.0 Safari/537.36"
185.216.113.70 - - [16/Apr/2026:18:33:58 +0300] "POST /wp-cron.php?doing_wp_cron=1776353638.4829220771789550781250 HTTP/1.1" 200 448 "-" "WordPress/6.3.8; https://serhatburke.miroglu.net"
202.93.153.230 - - [16/Apr/2026:18:33:44 +0300] "GET /beste-casino-site-belgie-hoge-inzet/ HTTP/1.1" 200 18612 "https://serhatburke.miroglu.net/?p=27261" "Mozilla/5.0 (Windows NT 6.1; Win64; x64; rv:109.0) Gecko/20100101 Firefox/115.0"
103.219.169.194 - - [16/Apr/2026:18:33:51 +0300] "GET /real-player-reviews-gratis-spins-koi-princess-geen-deposito-ofwe-krans-gokhuis/ HTTP/1.1" 200 72644 "-" "Mozilla/5.0 (Windows NT 10.0; Win64; x64) AppleWebKit/537.36 (KHTML, like Gecko) Chrome/124.0.0.0 Safari/537.36 Edg/124.0.0.0"
45.250.252.181 - - [16/Apr/2026:18:33:50 +0300] "POST /xmlrpc.php HTTP/1.1" 200 630 "-" "Mozilla/5.0 (Windows NT 10.0; Win64; x64) AppleWebKit/537.36 (KHTML, like Gecko) Chrome/114.0.0.0 Safari/537.36"
45.250.252.181 - - [16/Apr/2026:18:34:17 +0300] "POST /xmlrpc.php HTTP/1.1" 200 12991 "-" "Mozilla/5.0 (Windows NT 10.0; Win64; x64) AppleWebKit/537.36 (KHTML, like Gecko) Chrome/114.0.0.0 Safari/537.36"
185.216.113.70 - - [16/Apr/2026:18:34:51 +0300] "POST /wp-cron.php?doing_wp_cron=1776353691.4757590293884277343750 HTTP/1.1" 200 448 "-" "WordPress/6.3.8; https://serhatburke.miroglu.net"
45.250.252.181 - - [16/Apr/2026:18:34:35 +0300] "GET /shes-an-abundant-woman-totally-free-pokies-deal-or-no-deal-slot-video-game-by-igt-ports-net-pokies-games-personal-incentives-local-casino-recommendations-100-percent-free-harbors/ HTTP/1.1" 200 76980 "-" "Mozilla/5.0 (Windows NT 10.0; Win64; x64) AppleWebKit/537.36 (KHTML, like Gecko) Chrome/123.0.0.0 Safari/537.36 OPR/109.0.0.0"
103.219.169.194 - - [16/Apr/2026:18:34:41 +0300] "POST /xmlrpc.php HTTP/1.1" 200 630 "-" "Mozilla/5.0 (Windows NT 10.0; Win64; x64) AppleWebKit/537.36 (KHTML, like Gecko) Chrome/114.0.0.0 Safari/537.36"
103.219.169.194 - - [16/Apr/2026:18:34:59 +0300] "POST /xmlrpc.php HTTP/1.1" 200 12344 "-" "Mozilla/5.0 (Windows NT 10.0; Win64; x64) AppleWebKit/537.36 (KHTML, like Gecko) Chrome/114.0.0.0 Safari/537.36"
103.219.169.194 - - [16/Apr/2026:18:35:14 +0300] "GET /magic-truffels-kopen-mega-fortune-dreams-2-1-storting-snelste-onderhoudsdienst-uitgelezene-waarderen/ HTTP/1.1" 200 74631 "-" "Mozilla/5.0 (Windows NT 10.0; Win64; x64; rv:124.0) Gecko/20100101 Firefox/124.0"
185.216.113.70 - - [16/Apr/2026:18:36:11 +0300] "POST /wp-cron.php?doing_wp_cron=1776353771.6909210681915283203125 HTTP/1.1" 200 448 "-" "WordPress/6.3.8; https://serhatburke.miroglu.net"
103.219.169.194 - - [16/Apr/2026:18:35:59 +0300] "POST /xmlrpc.php HTTP/1.1" 200 630 "-" "Mozilla/5.0 (Windows NT 10.0; Win64; x64) AppleWebKit/537.36 (KHTML, like Gecko) Chrome/114.0.0.0 Safari/537.36"
103.219.169.194 - - [16/Apr/2026:18:36:18 +0300] "POST /xmlrpc.php HTTP/1.1" 200 11346 "-" "Mozilla/5.0 (Windows NT 10.0; Win64; x64) AppleWebKit/537.36 (KHTML, like Gecko) Chrome/114.0.0.0 Safari/537.36"
185.216.113.70 - - [16/Apr/2026:18:36:39 +0300] "POST /wp-cron.php?doing_wp_cron=1776353799.6283628940582275390625 HTTP/1.1" 200 448 "-" "WordPress/6.3.8; https://serhatburke.miroglu.net"
66.249.68.131 - - [16/Apr/2026:18:36:24 +0300] "GET /robots.txt HTTP/1.1" 200 719 "-" "Mozilla/5.0 (compatible; Googlebot/2.1; +http://www.google.com/bot.html)"
103.219.169.211 - - [16/Apr/2026:18:36:27 +0300] "POST /xmlrpc.php HTTP/1.1" 200 630 "-" "Mozilla/5.0 (Windows NT 10.0; Win64; x64) AppleWebKit/537.36 (KHTML, like Gecko) Chrome/114.0.0.0 Safari/537.36"
103.219.169.194 - - [16/Apr/2026:18:36:34 +0300] "GET /microgaming-bank-wegens-nederland-roman-legion-voor-echt-geld-bedrijfstop-10-vanuit-nederlandse-sites/ HTTP/1.1" 200 73707 "-" "Mozilla/5.0 (Windows NT 10.0; Win64; x64; rv:124.0) Gecko/20100101 Firefox/124.0"
103.219.169.211 - - [16/Apr/2026:18:36:51 +0300] "POST /xmlrpc.php HTTP/1.1" 200 16702 "-" "Mozilla/5.0 (Windows NT 10.0; Win64; x64) AppleWebKit/537.36 (KHTML, like Gecko) Chrome/114.0.0.0 Safari/537.36"
103.219.169.211 - - [16/Apr/2026:18:37:06 +0300] "GET /beste-seriose-angeschlossen-casinos-sizzling-hot-deluxe-download-25-sichere-anbieter-2026/ HTTP/1.1" 200 78945 "-" "Mozilla/5.0 (Windows NT 10.0; Win64; x64; rv:124.0) Gecko/20100101 Firefox/124.0"
103.219.169.194 - - [16/Apr/2026:18:37:10 +0300] "POST /xmlrpc.php HTTP/1.1" 200 630 "-" "Mozilla/5.0 (Windows NT 10.0; Win64; x64) AppleWebKit/537.36 (KHTML, like Gecko) Chrome/114.0.0.0 Safari/537.36"
185.216.113.70 - - [16/Apr/2026:18:37:41 +0300] "POST /wp-cron.php?doing_wp_cron=1776353861.5885651111602783203125 HTTP/1.1" 200 448 "-" "WordPress/6.3.8; https://serhatburke.miroglu.net"
45.250.252.181 - - [16/Apr/2026:18:37:25 +0300] "POST /xmlrpc.php HTTP/1.1" 200 630 "-" "Mozilla/5.0 (Windows NT 10.0; Win64; x64) AppleWebKit/537.36 (KHTML, like Gecko) Chrome/114.0.0.0 Safari/537.36"
103.219.169.194 - - [16/Apr/2026:18:37:29 +0300] "POST /xmlrpc.php HTTP/1.1" 200 10969 "-" "Mozilla/5.0 (Windows NT 10.0; Win64; x64) AppleWebKit/537.36 (KHTML, like Gecko) Chrome/114.0.0.0 Safari/537.36"
103.219.169.194 - - [16/Apr/2026:18:37:44 +0300] "GET /gokken-met-keno-online-casino-bankbiljet-casinos-9-betreffende-werkelijk-bankbiljet-kunt-speculeren/ HTTP/1.1" 200 73429 "-" "Mozilla/5.0 (Windows NT 10.0; Win64; x64) AppleWebKit/537.36 (KHTML, like Gecko) Chrome/109.0.0.0 Safari/537.36"
45.250.252.181 - - [16/Apr/2026:18:37:48 +0300] "POST /xmlrpc.php HTTP/1.1" 200 12986 "-" "Mozilla/5.0 (Windows NT 10.0; Win64; x64) AppleWebKit/537.36 (KHTML, like Gecko) Chrome/114.0.0.0 Safari/537.36"
103.219.169.194 - - [16/Apr/2026:18:38:12 +0300] "POST /xmlrpc.php HTTP/1.1" 200 630 "-" "Mozilla/5.0 (Windows NT 10.0; Win64; x64) AppleWebKit/537.36 (KHTML, like Gecko) Chrome/114.0.0.0 Safari/537.36"
45.250.252.181 - - [16/Apr/2026:18:38:09 +0300] "GET /level-gamble-play-attila-online-on-the-web-100percent-free/ HTTP/1.1" 200 73961 "-" "Mozilla/5.0 (Windows NT 10.0; Win64; x64) AppleWebKit/537.36 (KHTML, like Gecko) Chrome/109.0.0.0 Safari/537.36"
185.216.113.70 - - [16/Apr/2026:18:38:44 +0300] "POST /wp-cron.php?doing_wp_cron=1776353924.6999258995056152343750 HTTP/1.1" 200 448 "-" "WordPress/6.3.8; https://serhatburke.miroglu.net"
103.219.169.194 - - [16/Apr/2026:18:38:32 +0300] "POST /xmlrpc.php HTTP/1.1" 200 10555 "-" "Mozilla/5.0 (Windows NT 10.0; Win64; x64) AppleWebKit/537.36 (KHTML, like Gecko) Chrome/114.0.0.0 Safari/537.36"
103.219.169.194 - - [16/Apr/2026:18:38:46 +0300] "GET /nieuwe-offlin-casinosu-afwisselend-ga-naar-de-site-holland-plu-spullen-let-je-appreciren/ HTTP/1.1" 200 72661 "-" "Mozilla/5.0 (Windows NT 10.0; rv:109.0) Gecko/20100101 Firefox/115.0"
62.60.131.177 - - [16/Apr/2026:18:39:17 +0300] "GET /wp-json/wp/v2/users?_fields=slug&per_page=100&page=1 HTTP/2" 200 0 "-" "Mozilla/5.0 (Windows NT 10.0; Win64; x64) AppleWebKit/537.36 (KHTML, like Gecko) Chrome/120.0.0.0 Safari/537.36"
62.60.131.177 - - [16/Apr/2026:18:39:17 +0300] "GET /?author=1 HTTP/2" 200 0 "-" "Mozilla/5.0 (Macintosh; Intel Mac OS X 10.15; rv:109.0) Gecko/20100101 Firefox/119.0"
62.60.131.177 - - [16/Apr/2026:18:39:17 +0300] "GET /wp-json/wp/v2/posts?per_page=20&_embed=author&_fields=_embedded HTTP/2" 200 0 "-" "Mozilla/5.0 (Macintosh; Intel Mac OS X 10_15_7) AppleWebKit/537.36 (KHTML, like Gecko) Chrome/120.0.0.0 Safari/537.36"
62.60.131.177 - - [16/Apr/2026:18:39:17 +0300] "GET / HTTP/2" 200 0 "-" "Mozilla/5.0 (Macintosh; Intel Mac OS X 10.15; rv:109.0) Gecko/20100101 Firefox/119.0"
62.60.131.177 - - [16/Apr/2026:18:39:17 +0300] "POST /graphql HTTP/2" 200 0 "-" "Mozilla/5.0 (Windows NT 10.0; Win64; x64) AppleWebKit/537.36 (KHTML, like Gecko) Chrome/120.0.0.0 Safari/537.36"
62.60.131.177 - - [16/Apr/2026:18:39:32 +0300] "GET /?author=2 HTTP/2" 200 0 "-" "Mozilla/5.0 (Windows NT 10.0; Win64; x64) AppleWebKit/537.36 (KHTML, like Gecko) Chrome/120.0.0.0 Safari/537.36"
62.60.131.177 - - [16/Apr/2026:18:39:32 +0300] "GET /wp-json/wp/v2/users?_fields=slug&per_page=100&page=1 HTTP/2" 200 0 "-" "Mozilla/5.0 (Macintosh; Intel Mac OS X 10.15; rv:109.0) Gecko/20100101 Firefox/119.0"
62.60.131.177 - - [16/Apr/2026:18:39:32 +0300] "GET /wp-json/wp/v2/posts?per_page=20&_embed=author&_fields=_embedded HTTP/2" 200 0 "-" "Mozilla/5.0 (X11; Linux x86_64) AppleWebKit/537.36 (KHTML, like Gecko) Chrome/120.0.0.0 Safari/537.36"
62.60.131.177 - - [16/Apr/2026:18:39:32 +0300] "POST /graphql HTTP/2" 200 0 "-" "Mozilla/5.0 (Windows NT 10.0; Win64; x64; rv:109.0) Gecko/20100101 Firefox/119.0"
62.60.131.177 - - [16/Apr/2026:18:39:32 +0300] "GET / HTTP/2" 200 0 "-" "Mozilla/5.0 (X11; Linux x86_64) AppleWebKit/537.36 (KHTML, like Gecko) Chrome/120.0.0.0 Safari/537.36"
