103.219.169.167 - - [16/Apr/2026:21:04:23 +0300] "POST /xmlrpc.php HTTP/1.1" 200 630 "-" "Mozilla/5.0 (Windows NT 10.0; Win64; x64) AppleWebKit/537.36 (KHTML, like Gecko) Chrome/114.0.0.0 Safari/537.36"
185.216.113.70 - - [16/Apr/2026:21:04:57 +0300] "POST /wp-cron.php?doing_wp_cron=1776362697.1478359699249267578125 HTTP/1.1" 200 448 "-" "WordPress/6.3.8; https://serhatburke.miroglu.net"
103.219.169.167 - - [16/Apr/2026:21:04:42 +0300] "POST /xmlrpc.php HTTP/1.1" 200 16163 "-" "Mozilla/5.0 (Windows NT 10.0; Win64; x64) AppleWebKit/537.36 (KHTML, like Gecko) Chrome/114.0.0.0 Safari/537.36"
17.246.15.241 - - [16/Apr/2026:21:04:59 +0300] "GET /wp-content/themes/toppic/css/reset.css?ver=4.2 HTTP/1.1" 200 1275 "https://serhatburke.miroglu.net/1win-casino-complete-review-and-overview448/" "Mozilla/5.0 (Macintosh; Intel Mac OS X 10_15_7) AppleWebKit/605.1.15 (KHTML, like Gecko) Version/17.4 Safari/605.1.15 (Applebot/0.1; +http://www.apple.com/go/applebot)"
17.246.19.225 - - [16/Apr/2026:21:05:00 +0300] "GET /wp-content/themes/toppic/css/fontello.css?ver=4.2 HTTP/1.1" 200 1944 "https://serhatburke.miroglu.net/1win-casino-complete-review-and-overview448/" "Mozilla/5.0 (Macintosh; Intel Mac OS X 10_15_7) AppleWebKit/605.1.15 (KHTML, like Gecko) Version/17.4 Safari/605.1.15 (Applebot/0.1; +http://www.apple.com/go/applebot)"
17.246.19.219 - - [16/Apr/2026:21:05:02 +0300] "GET /wp-includes/css/dist/block-library/style.min.css?ver=6.3.8 HTTP/1.1" 200 14419 "https://serhatburke.miroglu.net/1win-casino-complete-review-and-overview448/" "Mozilla/5.0 (Macintosh; Intel Mac OS X 10_15_7) AppleWebKit/605.1.15 (KHTML, like Gecko) Version/17.4 Safari/605.1.15 (Applebot/0.1; +http://www.apple.com/go/applebot)"
17.246.23.130 - - [16/Apr/2026:21:05:03 +0300] "GET /wp-content/plugins/contact-form-7/includes/css/styles.css?ver=5.8 HTTP/1.1" 200 1619 "https://serhatburke.miroglu.net/1win-casino-complete-review-and-overview448/" "Mozilla/5.0 (Macintosh; Intel Mac OS X 10_15_7) AppleWebKit/605.1.15 (KHTML, like Gecko) Version/17.4 Safari/605.1.15 (Applebot/0.1; +http://www.apple.com/go/applebot)"
17.246.15.240 - - [16/Apr/2026:21:05:05 +0300] "GET /wp-content/themes/toppic/css/default.css?ver=4.2 HTTP/1.1" 200 1951 "https://serhatburke.miroglu.net/1win-casino-complete-review-and-overview448/" "Mozilla/5.0 (Macintosh; Intel Mac OS X 10_15_7) AppleWebKit/605.1.15 (KHTML, like Gecko) Version/17.4 Safari/605.1.15 (Applebot/0.1; +http://www.apple.com/go/applebot)"
17.246.15.248 - - [16/Apr/2026:21:05:07 +0300] "GET /wp-content/themes/toppic/style.css?ver=4.2 HTTP/1.1" 200 23964 "https://serhatburke.miroglu.net/1win-casino-complete-review-and-overview448/" "Mozilla/5.0 (Macintosh; Intel Mac OS X 10_15_7) AppleWebKit/605.1.15 (KHTML, like Gecko) Version/17.4 Safari/605.1.15 (Applebot/0.1; +http://www.apple.com/go/applebot)"
17.246.19.73 - - [16/Apr/2026:21:05:08 +0300] "GET /wp-content/themes/toppic/css/royalslider.css?ver=4.2 HTTP/1.1" 200 2007 "https://serhatburke.miroglu.net/1win-casino-complete-review-and-overview448/" "Mozilla/5.0 (Macintosh; Intel Mac OS X 10_15_7) AppleWebKit/605.1.15 (KHTML, like Gecko) Version/17.4 Safari/605.1.15 (Applebot/0.1; +http://www.apple.com/go/applebot)"
17.246.23.252 - - [16/Apr/2026:21:05:10 +0300] "GET /wp-content/themes/toppic/css/rs-default.css?ver=4.2 HTTP/1.1" 200 2788 "https://serhatburke.miroglu.net/1win-casino-complete-review-and-overview448/" "Mozilla/5.0 (Macintosh; Intel Mac OS X 10_15_7) AppleWebKit/605.1.15 (KHTML, like Gecko) Version/17.4 Safari/605.1.15 (Applebot/0.1; +http://www.apple.com/go/applebot)"
17.246.19.219 - - [16/Apr/2026:21:05:11 +0300] "GET /wp-content/themes/toppic/css/lightbox.css?ver=4.2 HTTP/1.1" 200 2937 "https://serhatburke.miroglu.net/1win-casino-complete-review-and-overview448/" "Mozilla/5.0 (Macintosh; Intel Mac OS X 10_15_7) AppleWebKit/605.1.15 (KHTML, like Gecko) Version/17.4 Safari/605.1.15 (Applebot/0.1; +http://www.apple.com/go/applebot)"
17.246.23.130 - - [16/Apr/2026:21:05:12 +0300] "GET /wp-content/themes/toppic/css/woocommerce.css?ver=4.2 HTTP/1.1" 200 2816 "https://serhatburke.miroglu.net/1win-casino-complete-review-and-overview448/" "Mozilla/5.0 (Macintosh; Intel Mac OS X 10_15_7) AppleWebKit/605.1.15 (KHTML, like Gecko) Version/17.4 Safari/605.1.15 (Applebot/0.1; +http://www.apple.com/go/applebot)"
103.219.169.167 - - [16/Apr/2026:21:04:58 +0300] "GET /nachfolgende-besten-mr-bet-app-apk-echtgeld-angeschlossen-casinos-im-probe-2026/ HTTP/1.1" 200 77839 "-" "Mozilla/5.0 (Windows NT 10.0; Win64; x64; rv:124.0) Gecko/20100101 Firefox/124.0"
17.246.15.240 - - [16/Apr/2026:21:05:14 +0300] "GET /wp-content/themes/toppic/css/responsive.css?ver=4.2 HTTP/1.1" 200 2760 "https://serhatburke.miroglu.net/1win-casino-complete-review-and-overview448/" "Mozilla/5.0 (Macintosh; Intel Mac OS X 10_15_7) AppleWebKit/605.1.15 (KHTML, like Gecko) Version/17.4 Safari/605.1.15 (Applebot/0.1; +http://www.apple.com/go/applebot)"
17.246.15.248 - - [16/Apr/2026:21:05:15 +0300] "GET /wp-includes/js/jquery/jquery.min.js?ver=3.7.0 HTTP/1.1" 200 30841 "https://serhatburke.miroglu.net/1win-casino-complete-review-and-overview448/" "Mozilla/5.0 (Macintosh; Intel Mac OS X 10_15_7) AppleWebKit/605.1.15 (KHTML, like Gecko) Version/17.4 Safari/605.1.15 (Applebot/0.1; +http://www.apple.com/go/applebot)"
17.246.19.73 - - [16/Apr/2026:21:05:17 +0300] "GET /wp-includes/js/jquery/jquery-migrate.min.js?ver=3.4.1 HTTP/1.1" 200 5322 "https://serhatburke.miroglu.net/1win-casino-complete-review-and-overview448/" "Mozilla/5.0 (Macintosh; Intel Mac OS X 10_15_7) AppleWebKit/605.1.15 (KHTML, like Gecko) Version/17.4 Safari/605.1.15 (Applebot/0.1; +http://www.apple.com/go/applebot)"
17.246.23.143 - - [16/Apr/2026:21:05:19 +0300] "GET /wp-content/plugins/roses-like-this/likesScript.js?ver=6.3.8 HTTP/1.1" 200 1342 "https://serhatburke.miroglu.net/1win-casino-complete-review-and-overview448/" "Mozilla/5.0 (Macintosh; Intel Mac OS X 10_15_7) AppleWebKit/605.1.15 (KHTML, like Gecko) Version/17.4 Safari/605.1.15 (Applebot/0.1; +http://www.apple.com/go/applebot)"
17.246.19.217 - - [16/Apr/2026:21:05:20 +0300] "GET /wp-content/plugins/contact-form-7/includes/swv/js/index.js?ver=5.8 HTTP/1.1" 200 3829 "https://serhatburke.miroglu.net/1win-casino-complete-review-and-overview448/" "Mozilla/5.0 (Macintosh; Intel Mac OS X 10_15_7) AppleWebKit/605.1.15 (KHTML, like Gecko) Version/17.4 Safari/605.1.15 (Applebot/0.1; +http://www.apple.com/go/applebot)"
17.246.19.206 - - [16/Apr/2026:21:05:22 +0300] "GET /wp-content/plugins/contact-form-7/includes/js/index.js?ver=5.8 HTTP/1.1" 200 4793 "https://serhatburke.miroglu.net/1win-casino-complete-review-and-overview448/" "Mozilla/5.0 (Macintosh; Intel Mac OS X 10_15_7) AppleWebKit/605.1.15 (KHTML, like Gecko) Version/17.4 Safari/605.1.15 (Applebot/0.1; +http://www.apple.com/go/applebot)"
17.246.15.240 - - [16/Apr/2026:21:05:23 +0300] "GET /wp-content/themes/toppic/js/jquery.parallax.custom.js?ver=4.2 HTTP/1.1" 200 1283 "https://serhatburke.miroglu.net/1win-casino-complete-review-and-overview448/" "Mozilla/5.0 (Macintosh; Intel Mac OS X 10_15_7) AppleWebKit/605.1.15 (KHTML, like Gecko) Version/17.4 Safari/605.1.15 (Applebot/0.1; +http://www.apple.com/go/applebot)"
17.246.23.194 - - [16/Apr/2026:21:05:25 +0300] "GET /wp-content/themes/toppic/js/jquery.tipsy.js?ver=4.2 HTTP/1.1" 200 1579 "https://serhatburke.miroglu.net/1win-casino-complete-review-and-overview448/" "Mozilla/5.0 (Macintosh; Intel Mac OS X 10_15_7) AppleWebKit/605.1.15 (KHTML, like Gecko) Version/17.4 Safari/605.1.15 (Applebot/0.1; +http://www.apple.com/go/applebot)"
17.246.23.143 - - [16/Apr/2026:21:05:26 +0300] "GET /wp-content/themes/toppic/js/jquery.transit.min.js?ver=4.2 HTTP/1.1" 200 3205 "https://serhatburke.miroglu.net/1win-casino-complete-review-and-overview448/" "Mozilla/5.0 (Macintosh; Intel Mac OS X 10_15_7) AppleWebKit/605.1.15 (KHTML, like Gecko) Version/17.4 Safari/605.1.15 (Applebot/0.1; +http://www.apple.com/go/applebot)"
17.246.15.7 - - [16/Apr/2026:21:05:31 +0300] "GET /wp-content/themes/toppic/js/jquery.touchswipe.js?ver=4.2 HTTP/1.1" 200 5522 "https://serhatburke.miroglu.net/1win-casino-complete-review-and-overview448/" "Mozilla/5.0 (Macintosh; Intel Mac OS X 10_15_7) AppleWebKit/605.1.15 (KHTML, like Gecko) Version/17.4 Safari/605.1.15 (Applebot/0.1; +http://www.apple.com/go/applebot)"
17.246.15.240 - - [16/Apr/2026:21:05:32 +0300] "GET /wp-content/themes/toppic/js/jquery.modernizr.custom.js?ver=4.2 HTTP/1.1" 200 3513 "https://serhatburke.miroglu.net/1win-casino-complete-review-and-overview448/" "Mozilla/5.0 (Macintosh; Intel Mac OS X 10_15_7) AppleWebKit/605.1.15 (KHTML, like Gecko) Version/17.4 Safari/605.1.15 (Applebot/0.1; +http://www.apple.com/go/applebot)"
17.246.19.132 - - [16/Apr/2026:21:05:33 +0300] "GET /wp-content/themes/toppic/js/scrollMonitor.js?ver=4.2 HTTP/1.1" 200 3278 "https://serhatburke.miroglu.net/1win-casino-complete-review-and-overview448/" "Mozilla/5.0 (Macintosh; Intel Mac OS X 10_15_7) AppleWebKit/605.1.15 (KHTML, like Gecko) Version/17.4 Safari/605.1.15 (Applebot/0.1; +http://www.apple.com/go/applebot)"
17.246.23.194 - - [16/Apr/2026:21:05:33 +0300] "GET /wp-content/themes/toppic/js/jquery.kenb.js?ver=4.2 HTTP/1.1" 200 1807 "https://serhatburke.miroglu.net/1win-casino-complete-review-and-overview448/" "Mozilla/5.0 (Macintosh; Intel Mac OS X 10_15_7) AppleWebKit/605.1.15 (KHTML, like Gecko) Version/17.4 Safari/605.1.15 (Applebot/0.1; +http://www.apple.com/go/applebot)"
17.246.15.134 - - [16/Apr/2026:21:05:34 +0300] "GET /wp-content/themes/toppic/js/jquery.mtree.js?ver=4.2 HTTP/1.1" 200 1622 "https://serhatburke.miroglu.net/1win-casino-complete-review-and-overview448/" "Mozilla/5.0 (Macintosh; Intel Mac OS X 10_15_7) AppleWebKit/605.1.15 (KHTML, like Gecko) Version/17.4 Safari/605.1.15 (Applebot/0.1; +http://www.apple.com/go/applebot)"
17.246.15.7 - - [16/Apr/2026:21:05:36 +0300] "GET /wp-content/themes/toppic/js/jquery.custom.js?ver=4.2 HTTP/1.1" 200 9046 "https://serhatburke.miroglu.net/1win-casino-complete-review-and-overview448/" "Mozilla/5.0 (Macintosh; Intel Mac OS X 10_15_7) AppleWebKit/605.1.15 (KHTML, like Gecko) Version/17.4 Safari/605.1.15 (Applebot/0.1; +http://www.apple.com/go/applebot)"
17.246.15.240 - - [16/Apr/2026:21:05:38 +0300] "GET /wp-content/themes/toppic/js/lazysizes.min.js?ver=4.2 HTTP/1.1" 200 3766 "https://serhatburke.miroglu.net/1win-casino-complete-review-and-overview448/" "Mozilla/5.0 (Macintosh; Intel Mac OS X 10_15_7) AppleWebKit/605.1.15 (KHTML, like Gecko) Version/17.4 Safari/605.1.15 (Applebot/0.1; +http://www.apple.com/go/applebot)"
17.246.23.194 - - [16/Apr/2026:21:05:39 +0300] "GET /wp-content/plugins/google-analytics-for-wordpress/assets/js/frontend-gtag.min.js?ver=10.1.2 HTTP/1.1" 200 3735 "https://serhatburke.miroglu.net/1win-casino-complete-review-and-overview448/" "Mozilla/5.0 (Macintosh; Intel Mac OS X 10_15_7) AppleWebKit/605.1.15 (KHTML, like Gecko) Version/17.4 Safari/605.1.15 (Applebot/0.1; +http://www.apple.com/go/applebot)"
17.246.19.94 - - [16/Apr/2026:21:05:40 +0300] "GET /wp-content/themes/toppic/js/jquery.magnific-popup.min.js?ver=4.2 HTTP/1.1" 200 8226 "https://serhatburke.miroglu.net/1win-casino-complete-review-and-overview448/" "Mozilla/5.0 (Macintosh; Intel Mac OS X 10_15_7) AppleWebKit/605.1.15 (KHTML, like Gecko) Version/17.4 Safari/605.1.15 (Applebot/0.1; +http://www.apple.com/go/applebot)"
185.216.113.70 - - [16/Apr/2026:21:05:48 +0300] "POST /wp-cron.php?doing_wp_cron=1776362748.1774659156799316406250 HTTP/1.1" 200 448 "-" "WordPress/6.3.8; https://serhatburke.miroglu.net"
103.219.169.167 - - [16/Apr/2026:21:05:35 +0300] "POST /xmlrpc.php HTTP/1.1" 200 630 "-" "Mozilla/5.0 (Windows NT 10.0; Win64; x64) AppleWebKit/537.36 (KHTML, like Gecko) Chrome/114.0.0.0 Safari/537.36"
103.219.169.167 - - [16/Apr/2026:21:05:54 +0300] "POST /xmlrpc.php HTTP/1.1" 200 15906 "-" "Mozilla/5.0 (Windows NT 10.0; Win64; x64) AppleWebKit/537.36 (KHTML, like Gecko) Chrome/114.0.0.0 Safari/537.36"
103.219.169.167 - - [16/Apr/2026:21:06:09 +0300] "GET /top-erreichbar-casino-echtgeld-deutschland-hot-gems-online-casinos-unter-allen-umstanden-vortragen/ HTTP/1.1" 200 78441 "-" "Mozilla/5.0 (Windows NT 10.0; Win64; x64; rv:125.0) Gecko/20100101 Firefox/125.0"
185.216.113.70 - - [16/Apr/2026:21:06:45 +0300] "POST /wp-cron.php?doing_wp_cron=1776362805.2323930263519287109375 HTTP/1.1" 200 448 "-" "WordPress/6.3.8; https://serhatburke.miroglu.net"
103.219.169.167 - - [16/Apr/2026:21:06:32 +0300] "POST /xmlrpc.php HTTP/1.1" 200 630 "-" "Mozilla/5.0 (Windows NT 10.0; Win64; x64) AppleWebKit/537.36 (KHTML, like Gecko) Chrome/114.0.0.0 Safari/537.36"
103.219.169.167 - - [16/Apr/2026:21:06:51 +0300] "POST /xmlrpc.php HTTP/1.1" 200 14751 "-" "Mozilla/5.0 (Windows NT 10.0; Win64; x64) AppleWebKit/537.36 (KHTML, like Gecko) Chrome/114.0.0.0 Safari/537.36"
103.219.169.167 - - [16/Apr/2026:21:07:05 +0300] "GET /dies-mobile-kasino-deutsch-beste-natel-casinos-probe-mrbet-anmelden-2026/ HTTP/1.1" 200 76365 "-" "Mozilla/5.0 (Windows NT 10.0; Win64; x64) AppleWebKit/537.36 (KHTML, like Gecko) Chrome/123.0.0.0 Safari/537.36"
103.219.169.167 - - [16/Apr/2026:21:07:24 +0300] "POST /xmlrpc.php HTTP/1.1" 200 630 "-" "Mozilla/5.0 (Windows NT 10.0; Win64; x64) AppleWebKit/537.36 (KHTML, like Gecko) Chrome/114.0.0.0 Safari/537.36"
185.216.113.70 - - [16/Apr/2026:21:07:59 +0300] "POST /wp-cron.php?doing_wp_cron=1776362879.5761339664459228515625 HTTP/1.1" 200 448 "-" "WordPress/6.3.8; https://serhatburke.miroglu.net"
103.219.169.167 - - [16/Apr/2026:21:07:42 +0300] "POST /xmlrpc.php HTTP/1.1" 200 16705 "-" "Mozilla/5.0 (Windows NT 10.0; Win64; x64) AppleWebKit/537.36 (KHTML, like Gecko) Chrome/114.0.0.0 Safari/537.36"
103.219.169.167 - - [16/Apr/2026:21:08:01 +0300] "GET /ash-gaming-firemen-1-kaution-spielautomatenanbieter-berechnung-bewertungen-unter-anderem-top-slots/ HTTP/1.1" 200 78965 "-" "Mozilla/5.0 (Windows NT 10.0; rv:125.0) Gecko/20100101 Firefox/125.0"
66.249.68.131 - - [16/Apr/2026:21:08:10 +0300] "GET /robots.txt HTTP/1.1" 200 719 "-" "Mozilla/5.0 (compatible; Googlebot/2.1; +http://www.google.com/bot.html)"
103.219.169.167 - - [16/Apr/2026:21:08:22 +0300] "POST /xmlrpc.php HTTP/1.1" 200 630 "-" "Mozilla/5.0 (Windows NT 10.0; Win64; x64) AppleWebKit/537.36 (KHTML, like Gecko) Chrome/114.0.0.0 Safari/537.36"
185.216.113.70 - - [16/Apr/2026:21:08:54 +0300] "POST /wp-cron.php?doing_wp_cron=1776362934.3724141120910644531250 HTTP/1.1" 200 448 "-" "WordPress/6.3.8; https://serhatburke.miroglu.net"
103.219.169.167 - - [16/Apr/2026:21:08:41 +0300] "POST /xmlrpc.php HTTP/1.1" 200 16500 "-" "Mozilla/5.0 (Windows NT 10.0; Win64; x64) AppleWebKit/537.36 (KHTML, like Gecko) Chrome/114.0.0.0 Safari/537.36"
103.219.169.167 - - [16/Apr/2026:21:08:56 +0300] "GET /casinos-qua-hoher-twin-spin-casino-gewinnchance-beste-auszahlungsquoten-2026/ HTTP/1.1" 200 71644 "-" "Mozilla/5.0 (Windows NT 10.0; Win64; x64) AppleWebKit/537.36 (KHTML, like Gecko) Chrome/123.0.0.0 Safari/537.36 OPR/109.0.0.0"
103.219.169.167 - - [16/Apr/2026:21:09:22 +0300] "POST /xmlrpc.php HTTP/1.1" 200 630 "-" "Mozilla/5.0 (Windows NT 10.0; Win64; x64) AppleWebKit/537.36 (KHTML, like Gecko) Chrome/114.0.0.0 Safari/537.36"
185.216.113.70 - - [16/Apr/2026:21:09:53 +0300] "POST /wp-cron.php?doing_wp_cron=1776362993.4642601013183593750000 HTTP/1.1" 200 448 "-" "WordPress/6.3.8; https://serhatburke.miroglu.net"
103.219.169.167 - - [16/Apr/2026:21:09:40 +0300] "POST /xmlrpc.php HTTP/1.1" 200 15862 "-" "Mozilla/5.0 (Windows NT 10.0; Win64; x64) AppleWebKit/537.36 (KHTML, like Gecko) Chrome/114.0.0.0 Safari/537.36"
103.219.169.167 - - [16/Apr/2026:21:09:55 +0300] "GET /30-book-of-ra-online-casino-echtgeld-freispiele-abzuglich-einzahlung-as-part-of-angeschlossen-casinos-heutig-2026/ HTTP/1.1" 200 78666 "-" "Mozilla/5.0 (Windows NT 10.0; Win64; x64) AppleWebKit/537.36 (KHTML, like Gecko) Chrome/124.0.0.0 Safari/537.36 Edg/124.0.0.0"
103.219.169.167 - - [16/Apr/2026:21:10:24 +0300] "POST /xmlrpc.php HTTP/1.1" 200 630 "-" "Mozilla/5.0 (Windows NT 10.0; Win64; x64) AppleWebKit/537.36 (KHTML, like Gecko) Chrome/114.0.0.0 Safari/537.36"
185.216.113.70 - - [16/Apr/2026:21:10:57 +0300] "POST /wp-cron.php?doing_wp_cron=1776363057.4134299755096435546875 HTTP/1.1" 200 448 "-" "WordPress/6.3.8; https://serhatburke.miroglu.net"
103.219.169.167 - - [16/Apr/2026:21:10:44 +0300] "POST /xmlrpc.php HTTP/1.1" 200 16367 "-" "Mozilla/5.0 (Windows NT 10.0; Win64; x64) AppleWebKit/537.36 (KHTML, like Gecko) Chrome/114.0.0.0 Safari/537.36"
103.219.169.167 - - [16/Apr/2026:21:10:59 +0300] "GET /bestes-verbunden-kasino-echtgeld-2026-spiele-qua-herr-bet-60-kostenlose-spins-keine-einzahlung-deutschland-echtem-geld/ HTTP/1.1" 200 79364 "-" "Mozilla/5.0 (Windows NT 10.0; Win64; x64) AppleWebKit/537.36 (KHTML, like Gecko) Chrome/123.0.0.0 Safari/537.36 OPR/109.0.0.0"
103.219.169.167 - - [16/Apr/2026:21:11:12 +0300] "POST /xmlrpc.php HTTP/1.1" 200 630 "-" "Mozilla/5.0 (Windows NT 10.0; Win64; x64) AppleWebKit/537.36 (KHTML, like Gecko) Chrome/114.0.0.0 Safari/537.36"
185.216.113.70 - - [16/Apr/2026:21:11:43 +0300] "POST /wp-cron.php?doing_wp_cron=1776363103.0344450473785400390625 HTTP/1.1" 200 448 "-" "WordPress/6.3.8; https://serhatburke.miroglu.net"
103.219.169.167 - - [16/Apr/2026:21:11:31 +0300] "POST /xmlrpc.php HTTP/1.1" 200 15540 "-" "Mozilla/5.0 (Windows NT 10.0; Win64; x64) AppleWebKit/537.36 (KHTML, like Gecko) Chrome/114.0.0.0 Safari/537.36"
103.219.169.167 - - [16/Apr/2026:21:11:44 +0300] "GET /100-freispiele-abzuglich-einzahlung-auf-200-casino-bonus-rapid-transfer-anhieb-erhaltlich-2026/ HTTP/1.1" 200 78035 "-" "Mozilla/5.0 (Windows NT 10.0; Win64; x64) AppleWebKit/537.36 (KHTML, like Gecko) Chrome/122.0.0.0 Safari/537.36"
103.219.169.167 - - [16/Apr/2026:21:11:57 +0300] "POST /xmlrpc.php HTTP/1.1" 200 630 "-" "Mozilla/5.0 (Windows NT 10.0; Win64; x64) AppleWebKit/537.36 (KHTML, like Gecko) Chrome/114.0.0.0 Safari/537.36"
185.216.113.70 - - [16/Apr/2026:21:12:27 +0300] "POST /wp-cron.php?doing_wp_cron=1776363147.6176300048828125000000 HTTP/1.1" 200 448 "-" "WordPress/6.3.8; https://serhatburke.miroglu.net"
103.219.169.167 - - [16/Apr/2026:21:12:15 +0300] "POST /xmlrpc.php HTTP/1.1" 200 15973 "-" "Mozilla/5.0 (Windows NT 10.0; Win64; x64) AppleWebKit/537.36 (KHTML, like Gecko) Chrome/114.0.0.0 Safari/537.36"
103.219.169.167 - - [16/Apr/2026:21:12:29 +0300] "GET /verbunden-casinos-unbeschrankt-letter-20-beste-versorger-im-casino-50-000-pyramid-probe/ HTTP/1.1" 200 78062 "-" "Mozilla/5.0 (Windows NT 10.0; rv:109.0) Gecko/20100101 Firefox/115.0"
103.219.169.167 - - [16/Apr/2026:21:12:48 +0300] "POST /xmlrpc.php HTTP/1.1" 200 630 "-" "Mozilla/5.0 (Windows NT 10.0; Win64; x64) AppleWebKit/537.36 (KHTML, like Gecko) Chrome/114.0.0.0 Safari/537.36"
185.216.113.70 - - [16/Apr/2026:21:13:20 +0300] "POST /wp-cron.php?doing_wp_cron=1776363199.9439039230346679687500 HTTP/1.1" 200 448 "-" "WordPress/6.3.8; https://serhatburke.miroglu.net"
103.219.169.167 - - [16/Apr/2026:21:13:07 +0300] "POST /xmlrpc.php HTTP/1.1" 200 15564 "-" "Mozilla/5.0 (Windows NT 10.0; Win64; x64) AppleWebKit/537.36 (KHTML, like Gecko) Chrome/114.0.0.0 Safari/537.36"
103.219.169.167 - - [16/Apr/2026:21:13:21 +0300] "GET /diese-besten-erreichbar-casinos-within-teutonia-casino-einzahlung-ecopayz-2026/ HTTP/1.1" 200 77395 "-" "Mozilla/5.0 (Windows NT 10.0; Win64; x64) AppleWebKit/537.36 (KHTML, like Gecko) Chrome/124.0.0.0 Safari/537.36"
45.86.211.72 - - [16/Apr/2026:21:13:25 +0300] "POST /xmlrpc.php HTTP/1.1" 200 87894 "-" "Mozilla/5.0 (Windows NT 10.0; Win64; x64) AppleWebKit/537.36 (KHTML, like Gecko) Chrome/139.0.0.0 Safari/537.36"
185.216.113.70 - - [16/Apr/2026:21:13:52 +0300] "POST /wp-cron.php?doing_wp_cron=1776363232.8499190807342529296875 HTTP/1.1" 200 448 "-" "WordPress/6.3.8; https://serhatburke.miroglu.net"
103.219.169.167 - - [16/Apr/2026:21:13:39 +0300] "POST /xmlrpc.php HTTP/1.1" 200 630 "-" "Mozilla/5.0 (Windows NT 10.0; Win64; x64) AppleWebKit/537.36 (KHTML, like Gecko) Chrome/114.0.0.0 Safari/537.36"
45.86.211.72 - - [16/Apr/2026:21:13:43 +0300] "POST /xmlrpc.php HTTP/1.1" 200 725 "-" "Mozilla/5.0 (Windows NT 10.0; Win64; x64) AppleWebKit/537.36 (KHTML, like Gecko) Chrome/139.0.0.0 Safari/537.36"
103.219.169.167 - - [16/Apr/2026:21:13:59 +0300] "POST /xmlrpc.php HTTP/1.1" 200 16381 "-" "Mozilla/5.0 (Windows NT 10.0; Win64; x64) AppleWebKit/537.36 (KHTML, like Gecko) Chrome/114.0.0.0 Safari/537.36"
45.86.211.72 - - [16/Apr/2026:21:13:58 +0300] "POST /xmlrpc.php HTTP/1.1" 200 489 "-" "Mozilla/5.0 (Windows NT 10.0; Win64; x64) AppleWebKit/537.36 (KHTML, like Gecko) Chrome/139.0.0.0 Safari/537.36"
45.86.211.72 - - [16/Apr/2026:21:14:15 +0300] "POST /xmlrpc.php HTTP/1.1" 200 160366 "-" "Mozilla/5.0 (Windows NT 10.0; Win64; x64) AppleWebKit/537.36 (KHTML, like Gecko) Chrome/139.0.0.0 Safari/537.36"
103.219.169.167 - - [16/Apr/2026:21:14:16 +0300] "GET /20-time-travel-tigers-slot-casino-sites-beste-echtgeld-angeschlossen-casinos-2026-aktuelle-liste/ HTTP/1.1" 200 78813 "-" "Mozilla/5.0 (Windows NT 10.0; rv:125.0) Gecko/20100101 Firefox/125.0"
185.216.113.70 - - [16/Apr/2026:21:14:45 +0300] "POST /wp-cron.php?doing_wp_cron=1776363285.7910120487213134765625 HTTP/1.1" 200 448 "-" "WordPress/6.3.8; https://serhatburke.miroglu.net"
103.219.169.167 - - [16/Apr/2026:21:14:33 +0300] "POST /xmlrpc.php HTTP/1.1" 200 630 "-" "Mozilla/5.0 (Windows NT 10.0; Win64; x64) AppleWebKit/537.36 (KHTML, like Gecko) Chrome/114.0.0.0 Safari/537.36"
103.219.169.167 - - [16/Apr/2026:21:14:52 +0300] "POST /xmlrpc.php HTTP/1.1" 200 15968 "-" "Mozilla/5.0 (Windows NT 10.0; Win64; x64) AppleWebKit/537.36 (KHTML, like Gecko) Chrome/114.0.0.0 Safari/537.36"
103.219.169.167 - - [16/Apr/2026:21:15:07 +0300] "GET /krypto-kasino-in-land-der-dichter-und-amuns-book-hd-spielautomat-denker-berechtigt-unter-anderem-gar-nicht/ HTTP/1.1" 200 78494 "-" "Mozilla/5.0 (Windows NT 10.0; Win64; x64) AppleWebKit/537.36 (KHTML, like Gecko) Chrome/109.0.0.0 Safari/537.36"
185.216.113.70 - - [16/Apr/2026:21:15:39 +0300] "POST /wp-cron.php?doing_wp_cron=1776363339.0922160148620605468750 HTTP/1.1" 200 448 "-" "WordPress/6.3.8; https://serhatburke.miroglu.net"
103.219.169.167 - - [16/Apr/2026:21:15:27 +0300] "POST /xmlrpc.php HTTP/1.1" 200 630 "-" "Mozilla/5.0 (Windows NT 10.0; Win64; x64) AppleWebKit/537.36 (KHTML, like Gecko) Chrome/114.0.0.0 Safari/537.36"
103.219.169.167 - - [16/Apr/2026:21:15:45 +0300] "POST /xmlrpc.php HTTP/1.1" 200 16124 "-" "Mozilla/5.0 (Windows NT 10.0; Win64; x64) AppleWebKit/537.36 (KHTML, like Gecko) Chrome/114.0.0.0 Safari/537.36"
103.219.169.167 - - [16/Apr/2026:21:16:00 +0300] "GET /kasino-pramie-abzuglich-einzahlung-marzen-2026-amber-sterlings-mystic-shrine-slot-free-spins-aktuelle-verzeichnis/ HTTP/1.1" 200 79281 "-" "Mozilla/5.0 (Windows NT 10.0; Win64; x64) AppleWebKit/537.36 (KHTML, like Gecko) Chrome/124.0.0.0 Safari/537.36 Edg/124.0.0.0"
103.219.169.167 - - [16/Apr/2026:21:16:09 +0300] "POST /xmlrpc.php HTTP/1.1" 200 630 "-" "Mozilla/5.0 (Windows NT 10.0; Win64; x64) AppleWebKit/537.36 (KHTML, like Gecko) Chrome/114.0.0.0 Safari/537.36"
185.216.113.70 - - [16/Apr/2026:21:16:41 +0300] "POST /wp-cron.php?doing_wp_cron=1776363401.2824509143829345703125 HTTP/1.1" 200 448 "-" "WordPress/6.3.8; https://serhatburke.miroglu.net"
103.219.169.167 - - [16/Apr/2026:21:16:29 +0300] "POST /xmlrpc.php HTTP/1.1" 200 15897 "-" "Mozilla/5.0 (Windows NT 10.0; Win64; x64) AppleWebKit/537.36 (KHTML, like Gecko) Chrome/114.0.0.0 Safari/537.36"
103.219.169.167 - - [16/Apr/2026:21:16:43 +0300] "GET /kostenlose-onlinespiele-religious-zum-gewinnchancen-lucky-grace-charm-besten-geben/ HTTP/1.1" 200 77987 "-" "Mozilla/5.0 (Windows NT 10.0; Win64; x64) AppleWebKit/537.36 (KHTML, like Gecko) Chrome/123.0.0.0 Safari/537.36 OPR/109.0.0.0"
103.219.169.167 - - [16/Apr/2026:21:16:57 +0300] "POST /xmlrpc.php HTTP/1.1" 200 630 "-" "Mozilla/5.0 (Windows NT 10.0; Win64; x64) AppleWebKit/537.36 (KHTML, like Gecko) Chrome/114.0.0.0 Safari/537.36"
45.250.252.183 - - [16/Apr/2026:21:17:09 +0300] "POST /xmlrpc.php HTTP/1.1" 200 630 "-" "Mozilla/5.0 (Windows NT 10.0; Win64; x64) AppleWebKit/537.36 (KHTML, like Gecko) Chrome/114.0.0.0 Safari/537.36"
103.219.169.167 - - [16/Apr/2026:21:17:16 +0300] "POST /xmlrpc.php HTTP/1.1" 200 15296 "-" "Mozilla/5.0 (Windows NT 10.0; Win64; x64) AppleWebKit/537.36 (KHTML, like Gecko) Chrome/114.0.0.0 Safari/537.36"
185.216.113.70 - - [16/Apr/2026:21:17:45 +0300] "POST /wp-cron.php?doing_wp_cron=1776363465.8182361125946044921875 HTTP/1.1" 200 448 "-" "WordPress/6.3.8; https://serhatburke.miroglu.net"
103.219.169.167 - - [16/Apr/2026:21:17:30 +0300] "GET /beste-diesen-link-drucken-mobile-casinos-2023-deren-testberichte-fur-jedes-spielsaal-apps/ HTTP/1.1" 200 77369 "-" "Mozilla/5.0 (Windows NT 10.0; rv:125.0) Gecko/20100101 Firefox/125.0"
45.250.252.183 - - [16/Apr/2026:21:17:32 +0300] "POST /xmlrpc.php HTTP/1.1" 200 16480 "-" "Mozilla/5.0 (Windows NT 10.0; Win64; x64) AppleWebKit/537.36 (KHTML, like Gecko) Chrome/114.0.0.0 Safari/537.36"
103.219.169.167 - - [16/Apr/2026:21:17:35 +0300] "POST /xmlrpc.php HTTP/1.1" 200 630 "-" "Mozilla/5.0 (Windows NT 10.0; Win64; x64) AppleWebKit/537.36 (KHTML, like Gecko) Chrome/114.0.0.0 Safari/537.36"
103.219.169.167 - - [16/Apr/2026:21:17:58 +0300] "POST /xmlrpc.php HTTP/1.1" 200 15461 "-" "Mozilla/5.0 (Windows NT 10.0; Win64; x64) AppleWebKit/537.36 (KHTML, like Gecko) Chrome/114.0.0.0 Safari/537.36"
45.250.252.183 - - [16/Apr/2026:21:17:55 +0300] "GET /%CF%84%CE%B1-%CE%BA%CE%B1%CE%BB%CF%8D%CF%84%CE%B5%CF%81%CE%B1-%CE%BA%CE%BF%CF%85%CE%BB%CE%BF%CF%87%CE%AD%CF%81%CE%B7%CE%B4%CE%B5%CF%82-%CE%B3%CE%B9%CE%B1-%CE%BD%CE%B1-%CF%80%CE%B1%CE%AF%CE%BE%CE%B5/ HTTP/1.1" 200 88750 "-" "Mozilla/5.0 (Windows NT 10.0; Win64; x64) AppleWebKit/537.36 (KHTML, like Gecko) Chrome/123.0.0.0 Safari/537.36 OPR/109.0.0.0"
103.219.169.167 - - [16/Apr/2026:21:18:12 +0300] "GET /angeschlossen-spielbank-test-unter-anderem-spielbank-vergleich-fur-jedes-brd-royal-crown-spielautomat-2025/ HTTP/1.1" 200 78135 "-" "Mozilla/5.0 (Windows NT 10.0; Win64; x64) AppleWebKit/537.36 (KHTML, like Gecko) Chrome/123.0.0.0 Safari/537.36"
103.219.169.167 - - [16/Apr/2026:21:18:33 +0300] "POST /xmlrpc.php HTTP/1.1" 200 630 "-" "Mozilla/5.0 (Windows NT 10.0; Win64; x64) AppleWebKit/537.36 (KHTML, like Gecko) Chrome/114.0.0.0 Safari/537.36"
103.219.169.167 - - [16/Apr/2026:21:18:55 +0300] "POST /xmlrpc.php HTTP/1.1" 200 15493 "-" "Mozilla/5.0 (Windows NT 10.0; Win64; x64) AppleWebKit/537.36 (KHTML, like Gecko) Chrome/114.0.0.0 Safari/537.36"
103.219.169.167 - - [16/Apr/2026:21:19:09 +0300] "GET /casino-slots-30-freie-spins-bruce-lee-dragons-tale-kostenlos-auffuhren-nach-slotigo/ HTTP/1.1" 200 77481 "-" "Mozilla/5.0 (Windows NT 10.0; Win64; x64) AppleWebKit/537.36 (KHTML, like Gecko) Chrome/122.0.0.0 Safari/537.36"
103.219.169.167 - - [16/Apr/2026:21:19:23 +0300] "POST /xmlrpc.php HTTP/1.1" 200 630 "-" "Mozilla/5.0 (Windows NT 10.0; Win64; x64) AppleWebKit/537.36 (KHTML, like Gecko) Chrome/114.0.0.0 Safari/537.36"
185.216.113.70 - - [16/Apr/2026:21:19:53 +0300] "POST /wp-cron.php?doing_wp_cron=1776363593.6200730800628662109375 HTTP/1.1" 200 448 "-" "WordPress/6.3.8; https://serhatburke.miroglu.net"
103.219.169.167 - - [16/Apr/2026:21:19:41 +0300] "POST /xmlrpc.php HTTP/1.1" 200 16196 "-" "Mozilla/5.0 (Windows NT 10.0; Win64; x64) AppleWebKit/537.36 (KHTML, like Gecko) Chrome/114.0.0.0 Safari/537.36"
103.219.169.167 - - [16/Apr/2026:21:19:55 +0300] "GET /2-231-spielsaal-mr-bet-app-ios-download-spiele-fur-nusse-zum-besten-geben-abzuglich-registrierung/ HTTP/1.1" 200 78497 "-" "Mozilla/5.0 (Windows NT 10.0; Win64; x64) AppleWebKit/537.36 (KHTML, like Gecko) Chrome/109.0.0.0 Safari/537.36"
47.128.51.200 - - [16/Apr/2026:21:20:10 +0300] "GET /gratis-spins-gedurende-casino-shadow-of-the-panthe-nederlands-casinos-februari-2026/ HTTP/2" 200 17540 "-" "Mozilla/5.0 (Linux; Android 5.0) AppleWebKit/537.36 (KHTML, like Gecko) Mobile Safari/537.36 (compatible; Bytespider; spider-feedback@bytedance.com)"
47.128.51.200 - - [16/Apr/2026:21:20:24 +0300] "GET /wp-includes/css/dist/block-library/style.min.css?ver=6.3.8 HTTP/2" 200 12962 "https://serhatburke.miroglu.net/gratis-spins-gedurende-casino-shadow-of-the-panthe-nederlands-casinos-februari-2026/" "Mozilla/5.0 (Linux; Android 5.0) AppleWebKit/537.36 (KHTML, like Gecko) Mobile Safari/537.36 (compatible; Bytespider; spider-feedback@bytedance.com)"
47.128.51.200 - - [16/Apr/2026:21:20:24 +0300] "GET /wp-content/themes/toppic/css/royalslider.css?ver=4.2 HTTP/2" 200 1273 "https://serhatburke.miroglu.net/gratis-spins-gedurende-casino-shadow-of-the-panthe-nederlands-casinos-februari-2026/" "Mozilla/5.0 (Linux; Android 5.0) AppleWebKit/537.36 (KHTML, like Gecko) Mobile Safari/537.36 (compatible; Bytespider; spider-feedback@bytedance.com)"
47.128.51.200 - - [16/Apr/2026:21:20:24 +0300] "GET /wp-content/themes/toppic/css/lightbox.css?ver=4.2 HTTP/2" 200 2342 "https://serhatburke.miroglu.net/gratis-spins-gedurende-casino-shadow-of-the-panthe-nederlands-casinos-februari-2026/" "Mozilla/5.0 (Linux; Android 5.0) AppleWebKit/537.36 (KHTML, like Gecko) Mobile Safari/537.36 (compatible; Bytespider; spider-feedback@bytedance.com)"
47.128.51.200 - - [16/Apr/2026:21:20:24 +0300] "GET /wp-content/themes/toppic/css/rs-default.css?ver=4.2 HTTP/2" 200 2011 "https://serhatburke.miroglu.net/gratis-spins-gedurende-casino-shadow-of-the-panthe-nederlands-casinos-februari-2026/" "Mozilla/5.0 (Linux; Android 5.0) AppleWebKit/537.36 (KHTML, like Gecko) Mobile Safari/537.36 (compatible; Bytespider; spider-feedback@bytedance.com)"
47.128.51.200 - - [16/Apr/2026:21:20:25 +0300] "GET /wp-content/themes/toppic/css/responsive.css?ver=4.2 HTTP/2" 200 2182 "https://serhatburke.miroglu.net/gratis-spins-gedurende-casino-shadow-of-the-panthe-nederlands-casinos-februari-2026/" "Mozilla/5.0 (Linux; Android 5.0) AppleWebKit/537.36 (KHTML, like Gecko) Mobile Safari/537.36 (compatible; Bytespider; spider-feedback@bytedance.com)"
47.128.51.200 - - [16/Apr/2026:21:20:25 +0300] "GET /wp-content/themes/toppic/css/woocommerce.css?ver=4.2 HTTP/2" 200 2234 "https://serhatburke.miroglu.net/gratis-spins-gedurende-casino-shadow-of-the-panthe-nederlands-casinos-februari-2026/" "Mozilla/5.0 (Linux; Android 5.0) AppleWebKit/537.36 (KHTML, like Gecko) Mobile Safari/537.36 (compatible; Bytespider; spider-feedback@bytedance.com)"
47.128.51.200 - - [16/Apr/2026:21:20:25 +0300] "GET /wp-content/uploads/2023/08/LOGO-1.png HTTP/2" 206 500 "https://serhatburke.miroglu.net/gratis-spins-gedurende-casino-shadow-of-the-panthe-nederlands-casinos-februari-2026/" "Mozilla/5.0 (Linux; Android 5.0) AppleWebKit/537.36 (KHTML, like Gecko) Mobile Safari/537.36 (compatible; Bytespider; spider-feedback@bytedance.com)"
47.128.51.200 - - [16/Apr/2026:21:20:25 +0300] "GET /wp-content/uploads/2023/08/favicon-16x16-3.png HTTP/2" 206 500 "https://serhatburke.miroglu.net/gratis-spins-gedurende-casino-shadow-of-the-panthe-nederlands-casinos-februari-2026/" "Mozilla/5.0 (Linux; Android 5.0) AppleWebKit/537.36 (KHTML, like Gecko) Mobile Safari/537.36 (compatible; Bytespider; spider-feedback@bytedance.com)"
103.219.169.167 - - [16/Apr/2026:21:20:16 +0300] "POST /xmlrpc.php HTTP/1.1" 200 630 "-" "Mozilla/5.0 (Windows NT 10.0; Win64; x64) AppleWebKit/537.36 (KHTML, like Gecko) Chrome/114.0.0.0 Safari/537.36"
185.216.113.70 - - [16/Apr/2026:21:20:47 +0300] "POST /wp-cron.php?doing_wp_cron=1776363647.3460729122161865234375 HTTP/1.1" 200 448 "-" "WordPress/6.3.8; https://serhatburke.miroglu.net"
103.219.169.167 - - [16/Apr/2026:21:20:35 +0300] "POST /xmlrpc.php HTTP/1.1" 200 16132 "-" "Mozilla/5.0 (Windows NT 10.0; Win64; x64) AppleWebKit/537.36 (KHTML, like Gecko) Chrome/114.0.0.0 Safari/537.36"
47.128.51.209 - - [16/Apr/2026:21:20:42 +0300] "GET /robots.txt HTTP/1.1" 200 0 "-" "Mozilla/5.0 (Linux; Android 5.0) AppleWebKit/537.36 (KHTML, like Gecko) Mobile Safari/537.36 (compatible; Bytespider; spider-feedback@bytedance.com)"
66.249.68.131 - - [16/Apr/2026:21:20:51 +0300] "GET /betonred-casino-apostas-mais-menos-e-a-experiencia-para-jogadores-em-portugal/ HTTP/1.1" 200 0 "https://korput.driftlogic-games.biz/" "Mozilla/5.0 (Linux; Android 6.0.1; Nexus 5X Build/MMB29P) AppleWebKit/537.36 (KHTML, like Gecko) Chrome/146.0.7680.177 Mobile Safari/537.36 (compatible; Googlebot/2.1; +http://www.google.com/bot.html)"
103.219.169.167 - - [16/Apr/2026:21:20:48 +0300] "GET /traktandum-angeschlossen-spielbank-provision-angebote-inside-teutonia-kostenlos-book-of-ra-ohne-anmeldung-2026/ HTTP/1.1" 200 78713 "-" "Mozilla/5.0 (Windows NT 10.0; Win64; x64) AppleWebKit/537.36 (KHTML, like Gecko) Chrome/122.0.0.0 Safari/537.36"
103.219.169.167 - - [16/Apr/2026:21:21:05 +0300] "POST /xmlrpc.php HTTP/1.1" 200 630 "-" "Mozilla/5.0 (Windows NT 10.0; Win64; x64) AppleWebKit/537.36 (KHTML, like Gecko) Chrome/114.0.0.0 Safari/537.36"
185.216.113.70 - - [16/Apr/2026:21:21:35 +0300] "POST /wp-cron.php?doing_wp_cron=1776363695.5325539112091064453125 HTTP/1.1" 200 448 "-" "WordPress/6.3.8; https://serhatburke.miroglu.net"
103.219.169.167 - - [16/Apr/2026:21:21:23 +0300] "POST /xmlrpc.php HTTP/1.1" 200 15767 "-" "Mozilla/5.0 (Windows NT 10.0; Win64; x64) AppleWebKit/537.36 (KHTML, like Gecko) Chrome/114.0.0.0 Safari/537.36"
103.219.169.167 - - [16/Apr/2026:21:21:37 +0300] "GET /40-freispiele-ohne-einzahlung-dritter-25-kostenlose-spins-1-kaution-monat-des-jahres-2026/ HTTP/1.1" 200 77907 "-" "Mozilla/5.0 (Windows NT 10.0; Win64; x64) AppleWebKit/537.36 (KHTML, like Gecko) Chrome/124.0.0.0 Safari/537.36"
103.219.169.167 - - [16/Apr/2026:21:21:54 +0300] "POST /xmlrpc.php HTTP/1.1" 200 630 "-" "Mozilla/5.0 (Windows NT 10.0; Win64; x64) AppleWebKit/537.36 (KHTML, like Gecko) Chrome/114.0.0.0 Safari/537.36"
185.216.113.70 - - [16/Apr/2026:21:22:25 +0300] "POST /wp-cron.php?doing_wp_cron=1776363745.0778639316558837890625 HTTP/1.1" 200 448 "-" "WordPress/6.3.8; https://serhatburke.miroglu.net"
103.219.169.167 - - [16/Apr/2026:21:22:13 +0300] "POST /xmlrpc.php HTTP/1.1" 200 16317 "-" "Mozilla/5.0 (Windows NT 10.0; Win64; x64) AppleWebKit/537.36 (KHTML, like Gecko) Chrome/114.0.0.0 Safari/537.36"
103.219.169.167 - - [16/Apr/2026:21:22:26 +0300] "GET /beste-verbunden-casinos-exklusive-echtgeld-2026-spielen-sie-six-million-dollar-man-slots-via-spielgeld/ HTTP/1.1" 200 78806 "-" "Mozilla/5.0 (Windows NT 10.0; Win64; x64) AppleWebKit/537.36 (KHTML, like Gecko) Chrome/124.0.0.0 Safari/537.36"
185.216.113.70 - - [16/Apr/2026:21:23:09 +0300] "POST /wp-cron.php?doing_wp_cron=1776363789.1944780349731445312500 HTTP/1.1" 200 448 "-" "WordPress/6.3.8; https://serhatburke.miroglu.net"
103.219.169.167 - - [16/Apr/2026:21:22:56 +0300] "POST /xmlrpc.php HTTP/1.1" 200 630 "-" "Mozilla/5.0 (Windows NT 10.0; Win64; x64) AppleWebKit/537.36 (KHTML, like Gecko) Chrome/114.0.0.0 Safari/537.36"
103.219.169.167 - - [16/Apr/2026:21:23:15 +0300] "POST /xmlrpc.php HTTP/1.1" 200 16536 "-" "Mozilla/5.0 (Windows NT 10.0; Win64; x64) AppleWebKit/537.36 (KHTML, like Gecko) Chrome/114.0.0.0 Safari/537.36"
185.216.113.70 - - [16/Apr/2026:21:23:41 +0300] "POST /wp-cron.php?doing_wp_cron=1776363821.3960471153259277343750 HTTP/1.1" 200 448 "-" "WordPress/6.3.8; https://serhatburke.miroglu.net"
103.219.169.167 - - [16/Apr/2026:21:23:29 +0300] "GET /10-eur-provision-abzuglich-einzahlung-inoffizieller-mitarbeiter-kasino-der-fern-hinter-risikofreien-obsiegen-johnan-legendarian-spielautomat-fusball-zur-stunde/ HTTP/1.1" 200 80494 "-" "Mozilla/5.0 (Windows NT 10.0; rv:125.0) Gecko/20100101 Firefox/125.0"
103.219.169.167 - - [16/Apr/2026:21:23:40 +0300] "POST /xmlrpc.php HTTP/1.1" 200 630 "-" "Mozilla/5.0 (Windows NT 10.0; Win64; x64) AppleWebKit/537.36 (KHTML, like Gecko) Chrome/114.0.0.0 Safari/537.36"
103.219.169.167 - - [16/Apr/2026:21:23:59 +0300] "POST /xmlrpc.php HTTP/1.1" 200 16123 "-" "Mozilla/5.0 (Windows NT 10.0; Win64; x64) AppleWebKit/537.36 (KHTML, like Gecko) Chrome/114.0.0.0 Safari/537.36"
103.219.169.167 - - [16/Apr/2026:21:24:14 +0300] "GET /leovegas-app-mobiler-spin-magic-slot-free-spins-spielsaal-spas-as-part-of-land-der-dichter-und-denker-geradlinig/ HTTP/1.1" 200 78851 "-" "Mozilla/5.0 (Windows NT 10.0; Win64; x64) AppleWebKit/537.36 (KHTML, like Gecko) Chrome/123.0.0.0 Safari/537.36 OPR/109.0.0.0"
185.216.113.70 - - [16/Apr/2026:21:24:43 +0300] "POST /wp-cron.php?doing_wp_cron=1776363883.1175150871276855468750 HTTP/1.1" 200 448 "-" "WordPress/6.3.8; https://serhatburke.miroglu.net"
103.219.169.167 - - [16/Apr/2026:21:24:31 +0300] "POST /xmlrpc.php HTTP/1.1" 200 630 "-" "Mozilla/5.0 (Windows NT 10.0; Win64; x64) AppleWebKit/537.36 (KHTML, like Gecko) Chrome/114.0.0.0 Safari/537.36"
103.219.169.167 - - [16/Apr/2026:21:24:49 +0300] "POST /xmlrpc.php HTTP/1.1" 200 15743 "-" "Mozilla/5.0 (Windows NT 10.0; Win64; x64) AppleWebKit/537.36 (KHTML, like Gecko) Chrome/114.0.0.0 Safari/537.36"
66.249.68.133 - - [16/Apr/2026:21:25:03 +0300] "GET /wp-content/themes/toppic/css/responsive.css?ver=4.2 HTTP/1.1" 200 2796 "https://serhatburke.miroglu.net/sugar-rush-1000-a-sweet-spin-experience-for-aussie-players/" "Mozilla/5.0 (Linux; Android 6.0.1; Nexus 5X Build/MMB29P) AppleWebKit/537.36 (KHTML, like Gecko) Chrome/146.0.7680.177 Mobile Safari/537.36 (compatible; Googlebot/2.1; +http://www.google.com/bot.html)"
103.219.169.167 - - [16/Apr/2026:21:25:03 +0300] "GET /casino-spiele-exklusive-download-2026-an-dieser-stelle-gebuhrenfrei-tricks-bei-book-of-ra-auffuhren/ HTTP/1.1" 200 77973 "-" "Mozilla/5.0 (Windows NT 10.0; Win64; x64; rv:125.0) Gecko/20100101 Firefox/125.0"
103.219.169.167 - - [16/Apr/2026:21:25:08 +0300] "POST /xmlrpc.php HTTP/1.1" 200 630 "-" "Mozilla/5.0 (Windows NT 10.0; Win64; x64) AppleWebKit/537.36 (KHTML, like Gecko) Chrome/114.0.0.0 Safari/537.36"
185.216.113.70 - - [16/Apr/2026:21:25:40 +0300] "POST /wp-cron.php?doing_wp_cron=1776363940.3516108989715576171875 HTTP/1.1" 200 448 "-" "WordPress/6.3.8; https://serhatburke.miroglu.net"
103.219.169.167 - - [16/Apr/2026:21:25:27 +0300] "POST /xmlrpc.php HTTP/1.1" 200 16835 "-" "Mozilla/5.0 (Windows NT 10.0; Win64; x64) AppleWebKit/537.36 (KHTML, like Gecko) Chrome/114.0.0.0 Safari/537.36"
103.219.169.167 - - [16/Apr/2026:21:25:42 +0300] "GET /seriose-verbunden-casinos-diese-sichersten-provider-as-part-of-teutonia-moriarty-megaways-spiel-2026/ HTTP/1.1" 200 79513 "-" "Mozilla/5.0 (Windows NT 10.0; Win64; x64) AppleWebKit/537.36 (KHTML, like Gecko) Chrome/123.0.0.0 Safari/537.36"
103.219.169.167 - - [16/Apr/2026:21:25:57 +0300] "POST /xmlrpc.php HTTP/1.1" 200 630 "-" "Mozilla/5.0 (Windows NT 10.0; Win64; x64) AppleWebKit/537.36 (KHTML, like Gecko) Chrome/114.0.0.0 Safari/537.36"
103.219.169.167 - - [16/Apr/2026:21:26:16 +0300] "POST /xmlrpc.php HTTP/1.1" 200 14822 "-" "Mozilla/5.0 (Windows NT 10.0; Win64; x64) AppleWebKit/537.36 (KHTML, like Gecko) Chrome/114.0.0.0 Safari/537.36"
185.216.113.70 - - [16/Apr/2026:21:26:42 +0300] "POST /wp-cron.php?doing_wp_cron=1776364002.6628999710083007812500 HTTP/1.1" 200 448 "-" "WordPress/6.3.8; https://serhatburke.miroglu.net"
103.219.169.167 - - [16/Apr/2026:21:26:30 +0300] "GET /erreichbar-casino-gratis-22-000-protestation-spielbank-7-euro-no-deposit-bonus-spiele/ HTTP/1.1" 200 77118 "-" "Mozilla/5.0 (Windows NT 10.0; rv:109.0) Gecko/20100101 Firefox/115.0"
103.219.169.167 - - [16/Apr/2026:21:26:52 +0300] "POST /xmlrpc.php HTTP/1.1" 200 630 "-" "Mozilla/5.0 (Windows NT 10.0; Win64; x64) AppleWebKit/537.36 (KHTML, like Gecko) Chrome/114.0.0.0 Safari/537.36"
185.216.113.70 - - [16/Apr/2026:21:27:39 +0300] "POST /wp-cron.php?doing_wp_cron=1776364059.2400779724121093750000 HTTP/1.1" 200 448 "-" "WordPress/6.3.8; https://serhatburke.miroglu.net"
103.219.169.167 - - [16/Apr/2026:21:27:11 +0300] "POST /xmlrpc.php HTTP/1.1" 200 16023 "-" "Mozilla/5.0 (Windows NT 10.0; Win64; x64) AppleWebKit/537.36 (KHTML, like Gecko) Chrome/114.0.0.0 Safari/537.36"
45.250.252.183 - - [16/Apr/2026:21:27:10 +0300] "POST /xmlrpc.php HTTP/1.1" 200 630 "-" "Mozilla/5.0 (Windows NT 10.0; Win64; x64) AppleWebKit/537.36 (KHTML, like Gecko) Chrome/114.0.0.0 Safari/537.36"
103.219.169.167 - - [16/Apr/2026:21:27:40 +0300] "GET /offizielle-teutonia-slot-wild-sevens-website/ HTTP/1.1" 200 77140 "-" "Mozilla/5.0 (Windows NT 10.0; Win64; x64) AppleWebKit/537.36 (KHTML, like Gecko) Chrome/124.0.0.0 Safari/537.36"
45.250.252.183 - - [16/Apr/2026:21:27:49 +0300] "POST /xmlrpc.php HTTP/1.1" 200 15410 "-" "Mozilla/5.0 (Windows NT 10.0; Win64; x64) AppleWebKit/537.36 (KHTML, like Gecko) Chrome/114.0.0.0 Safari/537.36"
103.219.169.167 - - [16/Apr/2026:21:28:05 +0300] "POST /xmlrpc.php HTTP/1.1" 500 1102 "-" "Mozilla/5.0 (Windows NT 10.0; Win64; x64) AppleWebKit/537.36 (KHTML, like Gecko) Chrome/114.0.0.0 Safari/537.36"
45.250.252.183 - - [16/Apr/2026:21:28:11 +0300] "GET /%CF%84%CE%B1-%CE%BA%CE%B1%CE%BB%CF%8D%CF%84%CE%B5%CF%81%CE%B1-%CE%BA%CE%B1%CE%B6%CE%AF%CE%BD%CE%BF-%CE%BC%CE%B5-%CF%87%CF%81%CE%AD%CF%89%CF%83%CE%B7-%CF%84%CE%B1-%CE%BA%CE%B1%CE%BB%CF%8D%CF%84%CE%B5/ HTTP/1.1" 200 85257 "-" "Mozilla/5.0 (Windows NT 10.0; Win64; x64) AppleWebKit/537.36 (KHTML, like Gecko) Chrome/123.0.0.0 Safari/537.36"
185.216.113.70 - - [16/Apr/2026:21:29:23 +0300] "POST /wp-cron.php?doing_wp_cron=1776364163.5444409847259521484375 HTTP/1.1" 200 448 "-" "WordPress/6.3.8; https://serhatburke.miroglu.net"
172.86.76.182 - - [16/Apr/2026:21:29:10 +0300] "GET /beste-casino-site-belgie-hoge-inzet/ HTTP/1.1" 200 18595 "https://serhatburke.miroglu.net/" "Mozilla/5.0 (Windows NT 10.0; Win64; x64) AppleWebKit/537.36 (KHTML, like Gecko) Chrome/114.0.0.0 Safari/537.36 OPR/89.0.4447.51"
172.86.76.182 - - [16/Apr/2026:21:29:30 +0300] "POST /wp-comments-post.php HTTP/1.1" 302 1083 "https://serhatburke.miroglu.net/beste-casino-site-belgie-hoge-inzet/" "Mozilla/5.0 (Windows NT 10.0; Win64; x64) AppleWebKit/537.36 (KHTML, like Gecko) Chrome/114.0.0.0 Safari/537.36 OPR/89.0.4447.51"
185.216.113.70 - - [16/Apr/2026:21:29:57 +0300] "POST /wp-cron.php?doing_wp_cron=1776364197.8403620719909667968750 HTTP/1.1" 200 448 "-" "WordPress/6.3.8; https://serhatburke.miroglu.net"
172.86.76.182 - - [16/Apr/2026:21:29:44 +0300] "GET /beste-casino-site-belgie-hoge-inzet/?unapproved=417&moderation-hash=467b6a75de9ef9eb10a30c0915ffbbbf HTTP/1.1" 200 19037 "https://serhatburke.miroglu.net/wp-comments-post.php" "Mozilla/5.0 (Windows NT 10.0; Win64; x64) AppleWebKit/537.36 (KHTML, like Gecko) Chrome/114.0.0.0 Safari/537.36 OPR/89.0.4447.51"
172.86.76.182 - - [16/Apr/2026:21:29:59 +0300] "GET /beste-casino-site-belgie-hoge-inzet/ HTTP/1.1" 200 18613 "-" "Mozilla/5.0 (Windows NT 10.0; Win64; x64) AppleWebKit/537.36 (KHTML, like Gecko) Chrome/114.0.0.0 Safari/537.36 OPR/89.0.4447.51"
185.216.113.70 - - [16/Apr/2026:21:32:29 +0300] "POST /wp-cron.php?doing_wp_cron=1776364349.0543839931488037109375 HTTP/1.1" 200 448 "-" "WordPress/6.3.8; https://serhatburke.miroglu.net"
203.109.62.115 - admlnlx [16/Apr/2026:21:32:16 +0300] "GET /wp-json/wp/v2/pages/2740?context=edit HTTP/1.1" 200 4391 "-" "python-requests/2.33.1"
172.86.76.182 - - [16/Apr/2026:21:32:21 +0300] "GET /beste-casino-site-belgie-hoge-inzet/ HTTP/1.1" 200 18613 "-" "Mozilla/5.0 (Windows NT 10.0; Win64; x64) AppleWebKit/537.36 (KHTML, like Gecko) Chrome/114.0.0.0 Safari/537.36"
212.70.20.63 - admlnlx [16/Apr/2026:21:32:32 +0300] "POST /wp-json/wp/v2/pages/2740 HTTP/1.1" 200 4478 "-" "python-requests/2.33.1"
89.187.187.132 - - [16/Apr/2026:21:32:52 +0300] "POST /xmlrpc.php HTTP/1.1" 200 87894 "-" "Mozilla/5.0 (Windows NT 10.0; Win64; x64) AppleWebKit/537.36 (KHTML, like Gecko) Chrome/114.0.0.0 Safari/537.36 Edg/114.0.1823.43"
89.187.187.132 - - [16/Apr/2026:21:33:06 +0300] "POST /xmlrpc.php HTTP/1.1" 200 725 "-" "Mozilla/5.0 (Windows NT 10.0; Win64; x64) AppleWebKit/537.36 (KHTML, like Gecko) Chrome/114.0.0.0 Safari/537.36 Edg/114.0.1823.43"
89.187.187.132 - - [16/Apr/2026:21:33:19 +0300] "POST /xmlrpc.php HTTP/1.1" 200 489 "-" "Mozilla/5.0 (Windows NT 10.0; Win64; x64) AppleWebKit/537.36 (KHTML, like Gecko) Chrome/114.0.0.0 Safari/537.36 Edg/114.0.1823.43"
185.216.113.70 - - [16/Apr/2026:21:33:46 +0300] "POST /wp-cron.php?doing_wp_cron=1776364426.1758100986480712890625 HTTP/1.1" 200 448 "-" "WordPress/6.3.8; https://serhatburke.miroglu.net"
89.187.187.132 - - [16/Apr/2026:21:33:34 +0300] "POST /xmlrpc.php HTTP/1.1" 200 199030 "-" "Mozilla/5.0 (Windows NT 10.0; Win64; x64) AppleWebKit/537.36 (KHTML, like Gecko) Chrome/114.0.0.0 Safari/537.36 Edg/114.0.1823.43"
185.216.113.70 - - [16/Apr/2026:21:35:09 +0300] "POST /wp-cron.php?doing_wp_cron=1776364509.2820210456848144531250 HTTP/1.1" 200 448 "-" "WordPress/6.3.8; https://serhatburke.miroglu.net"
103.219.169.167 - - [16/Apr/2026:21:34:56 +0300] "POST /xmlrpc.php HTTP/1.1" 200 630 "-" "Mozilla/5.0 (Windows NT 10.0; Win64; x64) AppleWebKit/537.36 (KHTML, like Gecko) Chrome/114.0.0.0 Safari/537.36"
103.219.169.167 - - [16/Apr/2026:21:35:15 +0300] "POST /xmlrpc.php HTTP/1.1" 200 15178 "-" "Mozilla/5.0 (Windows NT 10.0; Win64; x64) AppleWebKit/537.36 (KHTML, like Gecko) Chrome/114.0.0.0 Safari/537.36"
185.216.113.70 - - [16/Apr/2026:21:35:41 +0300] "POST /wp-cron.php?doing_wp_cron=1776364541.5508949756622314453125 HTTP/1.1" 200 448 "-" "WordPress/6.3.8; https://serhatburke.miroglu.net"
103.219.169.167 - - [16/Apr/2026:21:35:30 +0300] "GET /erreichbar-casino-ohne-registrierung-2023-bitcoin-casino-fix-vortragen-exklusive-bankkonto/ HTTP/1.1" 200 77414 "-" "Mozilla/5.0 (Windows NT 10.0; Win64; x64) AppleWebKit/537.36 (KHTML, like Gecko) Chrome/109.0.0.0 Safari/537.36"
83.97.117.97 - - [16/Apr/2026:21:35:54 +0300] "POST /xmlrpc.php HTTP/2" 200 141 "-" "WordPress/XMLRPC Client"
83.97.117.97 - - [16/Apr/2026:21:36:06 +0300] "GET /?p=114526 HTTP/2" 301 0 "-" "Mozilla/5.0 (Windows NT 10.0; Win64; x64) AppleWebKit/537.36 (KHTML, like Gecko) Chrome/120.0.0.0 Safari/537.36"
185.216.113.70 - - [16/Apr/2026:21:42:26 +0300] "POST /wp-cron.php?doing_wp_cron=1776364946.3372740745544433593750 HTTP/1.1" 200 448 "-" "WordPress/6.3.8; https://serhatburke.miroglu.net"
40.77.167.143 - - [16/Apr/2026:21:42:13 +0300] "GET /post-sitemap2.xml HTTP/2" 200 86055 "-" "Mozilla/5.0 AppleWebKit/537.36 (KHTML, like Gecko; compatible; bingbot/2.0; +http://www.bing.com/bingbot.htm) Chrome/116.0.1938.76 Safari/537.36"
103.219.169.167 - - [16/Apr/2026:21:42:52 +0300] "POST /xmlrpc.php HTTP/1.1" 200 630 "-" "Mozilla/5.0 (Windows NT 10.0; Win64; x64) AppleWebKit/537.36 (KHTML, like Gecko) Chrome/114.0.0.0 Safari/537.36"
185.216.113.70 - - [16/Apr/2026:21:43:24 +0300] "POST /wp-cron.php?doing_wp_cron=1776365004.3448109626770019531250 HTTP/1.1" 200 448 "-" "WordPress/6.3.8; https://serhatburke.miroglu.net"
103.219.169.167 - - [16/Apr/2026:21:43:11 +0300] "POST /xmlrpc.php HTTP/1.1" 200 15319 "-" "Mozilla/5.0 (Windows NT 10.0; Win64; x64) AppleWebKit/537.36 (KHTML, like Gecko) Chrome/114.0.0.0 Safari/537.36"
66.249.68.133 - - [16/Apr/2026:21:43:25 +0300] "GET /betonred-casino-apostas-mais-menos-e-a-experiencia-para-jogadores-em-portugal/ HTTP/1.1" 200 0 "https://korput.driftlogic-games.biz/" "Mozilla/5.0 (Linux; Android 6.0.1; Nexus 5X Build/MMB29P) AppleWebKit/537.36 (KHTML, like Gecko) Chrome/146.0.7680.177 Mobile Safari/537.36 (compatible; Googlebot/2.1; +http://www.google.com/bot.html)"
103.219.169.167 - - [16/Apr/2026:21:43:26 +0300] "GET /casumo-app-download-casumo-apk-klicken-fur-infos-fur-menschenahnlicher-roboter-ios-2024/ HTTP/1.1" 200 77380 "-" "Mozilla/5.0 (Windows NT 10.0; Win64; x64) AppleWebKit/537.36 (KHTML, like Gecko) Chrome/109.0.0.0 Safari/537.36"
185.216.113.70 - - [16/Apr/2026:21:45:20 +0300] "POST /wp-cron.php?doing_wp_cron=1776365119.9588088989257812500000 HTTP/1.1" 200 448 "-" "WordPress/6.3.8; https://serhatburke.miroglu.net"
45.250.252.183 - - [16/Apr/2026:21:45:02 +0300] "POST /xmlrpc.php HTTP/1.1" 200 630 "-" "Mozilla/5.0 (Windows NT 10.0; Win64; x64) AppleWebKit/537.36 (KHTML, like Gecko) Chrome/114.0.0.0 Safari/537.36"
138.219.123.47 - - [16/Apr/2026:21:45:10 +0300] "GET /robots.txt HTTP/1.1" 200 735 "-" "Mozilla/5.0 (compatible; Googlebot/2.1; +http://www.google.com/bot.html)"
138.219.123.47 - - [16/Apr/2026:21:45:23 +0300] "GET /beyond-restrictions-find-freedom-big-wins-at-a-non-gamstop/ HTTP/1.1" 200 22168 "-" "Mozilla/5.0 (compatible; Googlebot/2.1; +http://www.google.com/bot.html)"
45.250.252.183 - - [16/Apr/2026:21:45:28 +0300] "POST /xmlrpc.php HTTP/1.1" 200 15923 "-" "Mozilla/5.0 (Windows NT 10.0; Win64; x64) AppleWebKit/537.36 (KHTML, like Gecko) Chrome/114.0.0.0 Safari/537.36"
185.216.113.70 - - [16/Apr/2026:21:46:07 +0300] "POST /wp-cron.php?doing_wp_cron=1776365167.1814129352569580078125 HTTP/1.1" 200 448 "-" "WordPress/6.3.8; https://serhatburke.miroglu.net"
45.250.252.183 - - [16/Apr/2026:21:45:51 +0300] "GET /wild-panda-online-%CE%BA%CE%BF%CF%85%CE%BB%CE%BF%CF%87%CE%AD%CF%81%CE%B7%CF%82-%CE%B1%CF%80%CE%BF%CE%BB%CE%B1%CF%8D%CF%83%CF%84%CE%B5-online-100-%CE%B4%CF%89%CF%81%CE%B5%CE%AC%CE%BD/ HTTP/1.1" 200 84164 "-" "Mozilla/5.0 (Windows NT 10.0; Win64; x64; rv:124.0) Gecko/20100101 Firefox/124.0"
185.216.113.70 - - [16/Apr/2026:21:49:09 +0300] "POST /wp-cron.php?doing_wp_cron=1776365349.1794788837432861328125 HTTP/1.1" 200 448 "-" "WordPress/6.3.8; https://serhatburke.miroglu.net"
103.219.169.167 - - [16/Apr/2026:21:48:55 +0300] "POST /xmlrpc.php HTTP/1.1" 200 630 "-" "Mozilla/5.0 (Windows NT 10.0; Win64; x64) AppleWebKit/537.36 (KHTML, like Gecko) Chrome/114.0.0.0 Safari/537.36"
45.250.252.183 - - [16/Apr/2026:21:49:00 +0300] "POST /xmlrpc.php HTTP/1.1" 200 630 "-" "Mozilla/5.0 (Windows NT 10.0; Win64; x64) AppleWebKit/537.36 (KHTML, like Gecko) Chrome/114.0.0.0 Safari/537.36"
103.219.169.167 - - [16/Apr/2026:21:49:15 +0300] "POST /xmlrpc.php HTTP/1.1" 200 15362 "-" "Mozilla/5.0 (Windows NT 10.0; Win64; x64) AppleWebKit/537.36 (KHTML, like Gecko) Chrome/114.0.0.0 Safari/537.36"
185.216.113.70 - - [16/Apr/2026:21:49:44 +0300] "POST /wp-cron.php?doing_wp_cron=1776365384.2219939231872558593750 HTTP/1.1" 200 448 "-" "WordPress/6.3.8; https://serhatburke.miroglu.net"
