185.216.113.70 - - [16/Apr/2026:19:48:54 +0300] "POST /wp-cron.php?doing_wp_cron=1776358133.9156010150909423828125 HTTP/1.1" 200 448 "-" "WordPress/6.3.8; https://serhatburke.miroglu.net"
103.219.169.194 - - [16/Apr/2026:19:47:22 +0300] "GET /?p=114365 HTTP/1.1" 301 681 "-" "Mozilla/5.0 (Windows NT 10.0; rv:109.0) Gecko/20100101 Firefox/115.0"
185.216.113.70 - - [16/Apr/2026:19:49:04 +0300] "POST /wp-cron.php?doing_wp_cron=1776358144.0005190372467041015625 HTTP/1.1" 200 448 "-" "WordPress/6.3.8; https://serhatburke.miroglu.net"
98.98.197.215 - - [16/Apr/2026:19:47:35 +0300] "POST /xmlrpc.php HTTP/1.1" 200 627 "-" "Mozilla/5.0 (Windows NT 10.0; Win64; x64) AppleWebKit/537.36 (KHTML, like Gecko) Chrome/114.0.0.0 Safari/537.36"
185.216.113.70 - - [16/Apr/2026:19:49:16 +0300] "POST /wp-cron.php?doing_wp_cron=1776358156.7907578945159912109375 HTTP/1.1" 200 448 "-" "WordPress/6.3.8; https://serhatburke.miroglu.net"
66.249.68.131 - - [16/Apr/2026:19:47:16 +0300] "GET /betonred-casino-apostas-mais-menos-e-a-experiencia-para-jogadores-em-portugal/ HTTP/1.1" 500 782 "-" "Mozilla/5.0 (Linux; Android 6.0.1; Nexus 5X Build/MMB29P) AppleWebKit/537.36 (KHTML, like Gecko) Chrome/146.0.7680.177 Mobile Safari/537.36 (compatible; Googlebot/2.1; +http://www.google.com/bot.html)"
98.98.197.215 - - [16/Apr/2026:19:47:49 +0300] "GET /about-the-eye-landesweit-eye-blackjack-online-casino-institute/ HTTP/1.1" 404 56286 "-" "Mozilla/5.0 (Windows NT 10.0; Win64; x64) AppleWebKit/537.36 (KHTML, like Gecko) Chrome/123.0.0.0 Safari/537.36"
185.216.113.70 - - [16/Apr/2026:19:49:23 +0300] "POST /wp-cron.php?doing_wp_cron=1776358163.1164429187774658203125 HTTP/1.1" 200 448 "-" "WordPress/6.3.8; https://serhatburke.miroglu.net"
103.219.169.194 - - [16/Apr/2026:19:48:07 +0300] "GET /gratis-rocky-slot-rtp-sociaa-casino-speelervaring/ HTTP/1.1" 200 72503 "-" "Mozilla/5.0 (Windows NT 10.0; Win64; x64; rv:124.0) Gecko/20100101 Firefox/124.0"
185.216.113.70 - - [16/Apr/2026:19:49:50 +0300] "POST /wp-cron.php?doing_wp_cron=1776358189.9003920555114746093750 HTTP/1.1" 200 448 "-" "WordPress/6.3.8; https://serhatburke.miroglu.net"
45.250.252.165 - - [16/Apr/2026:19:48:29 +0300] "POST /xmlrpc.php HTTP/1.1" 200 10323 "-" "Mozilla/5.0 (Windows NT 10.0; Win64; x64) AppleWebKit/537.36 (KHTML, like Gecko) Chrome/114.0.0.0 Safari/537.36"
185.216.113.70 - - [16/Apr/2026:19:50:03 +0300] "POST /wp-cron.php?doing_wp_cron=1776358203.8896839618682861328125 HTTP/1.1" 200 448 "-" "WordPress/6.3.8; https://serhatburke.miroglu.net"
103.219.169.194 - - [16/Apr/2026:19:48:57 +0300] "GET /ambachtsgilde-2000-gokkast-voor-offlin-spelen-erbij-gokkastenxl-goldbet-aanmeldingsbonus-nl/ HTTP/1.1" 200 73251 "-" "Mozilla/5.0 (Windows NT 10.0; rv:109.0) Gecko/20100101 Firefox/115.0"
185.216.113.70 - - [16/Apr/2026:19:50:07 +0300] "POST /wp-cron.php?doing_wp_cron=1776358207.5203371047973632812500 HTTP/1.1" 200 448 "-" "WordPress/6.3.8; https://serhatburke.miroglu.net"
103.219.169.194 - - [16/Apr/2026:19:49:02 +0300] "POST /xmlrpc.php HTTP/1.1" 200 861 "-" "Mozilla/5.0 (Windows NT 10.0; Win64; x64) AppleWebKit/537.36 (KHTML, like Gecko) Chrome/114.0.0.0 Safari/537.36"
66.249.68.132 - - [16/Apr/2026:19:49:18 +0300] "GET /betonred-casino-apostas-mais-menos-e-a-experiencia-para-jogadores-em-portugal/ HTTP/1.1" 200 18614 "-" "Mozilla/5.0 (Linux; Android 6.0.1; Nexus 5X Build/MMB29P) AppleWebKit/537.36 (KHTML, like Gecko) Chrome/146.0.7680.177 Mobile Safari/537.36 (compatible; Googlebot/2.1; +http://www.google.com/bot.html)"
81.154.24.22 - - [16/Apr/2026:19:50:08 +0300] "GET /wp-login.php HTTP/2" 200 0 "-" "Mozilla/5.0 (Windows NT 10.0; Win64; x64) AppleWebKit/537.36 (KHTML, like Gecko) Chrome/124.0.0.0 Safari/537.36"
45.250.252.165 - - [16/Apr/2026:19:49:53 +0300] "GET /nejlepsi-kasina-na-bonus-za-prihlaseni-goldbet-internetu-za-skutecnou-menu-2026/ HTTP/1.1" 200 73475 "-" "Mozilla/5.0 (Windows NT 10.0; Win64; x64) AppleWebKit/537.36 (KHTML, like Gecko) Chrome/122.0.0.0 Safari/537.36"
79.116.251.14 - - [16/Apr/2026:19:50:50 +0300] "GET /wp-login.php HTTP/2" 200 3092 "-" "Mozilla/5.0 (Windows NT 10.0; Win64; x64) AppleWebKit/537.36 (KHTML, like Gecko) Chrome/124.0.0.0 Safari/537.36"
185.216.113.70 - - [16/Apr/2026:19:51:18 +0300] "POST /wp-cron.php?doing_wp_cron=1776358278.8208920955657958984375 HTTP/1.1" 200 448 "-" "WordPress/6.3.8; https://serhatburke.miroglu.net"
79.116.251.14 - - [16/Apr/2026:19:51:04 +0300] "POST /xmlrpc.php HTTP/2" 200 314 "-" "Mozilla/5.0 (Macintosh; Intel Mac OS X 10_15_7) AppleWebKit/605.1.15 (KHTML, like Gecko) Version/18.0 Safari/605.1.15"
79.116.251.14 - - [16/Apr/2026:19:51:20 +0300] "GET /wp-login.php HTTP/2" 200 3092 "-" "Mozilla/5.0 (Windows NT 10.0; Win64; x64) AppleWebKit/537.36 (KHTML, like Gecko) Chrome/124.0.0.0 Safari/537.36"
185.216.113.70 - - [16/Apr/2026:19:51:43 +0300] "POST /wp-cron.php?doing_wp_cron=1776358303.3791999816894531250000 HTTP/1.1" 200 448 "-" "WordPress/6.3.8; https://serhatburke.miroglu.net"
79.116.251.14 - - [16/Apr/2026:19:51:31 +0300] "POST /wp-login.php HTTP/2" 302 0 "https://serhatburke.miroglu.net/wp-login.php" "Mozilla/5.0 (Windows NT 10.0; Win64; x64) AppleWebKit/537.36 (KHTML, like Gecko) Chrome/124.0.0.0 Safari/537.36"
79.116.251.14 - - [16/Apr/2026:19:51:43 +0300] "GET /wp-admin/ HTTP/2" 200 213090 "https://serhatburke.miroglu.net/wp-login.php" "Mozilla/5.0 (Windows NT 10.0; Win64; x64) AppleWebKit/537.36 (KHTML, like Gecko) Chrome/124.0.0.0 Safari/537.36"
79.116.251.14 - - [16/Apr/2026:19:51:57 +0300] "GET /wp-admin/admin-ajax.php?action=rest-nonce HTTP/2" 200 0 "-" "Mozilla/5.0 (Windows NT 10.0; Win64; x64) AppleWebKit/537.36 (KHTML, like Gecko) Chrome/124.0.0.0 Safari/537.36"
82.215.102.77 - - [16/Apr/2026:19:52:56 +0300] "GET /wp-login.php HTTP/2" 200 0 "-" "Mozilla/5.0 (Windows NT 10.0; Win64; x64) AppleWebKit/537.36 (KHTML, like Gecko) Chrome/124.0.0.0 Safari/537.36"
185.216.113.70 - - [16/Apr/2026:20:03:19 +0300] "POST /wp-cron.php?doing_wp_cron=1776358999.0581738948822021484375 HTTP/1.1" 200 448 "-" "WordPress/6.3.8; https://serhatburke.miroglu.net"
45.250.252.165 - - [16/Apr/2026:20:03:02 +0300] "POST /xmlrpc.php HTTP/1.1" 200 630 "-" "Mozilla/5.0 (Windows NT 10.0; Win64; x64) AppleWebKit/537.36 (KHTML, like Gecko) Chrome/114.0.0.0 Safari/537.36"
45.250.252.165 - - [16/Apr/2026:20:03:27 +0300] "POST /xmlrpc.php HTTP/1.1" 200 11033 "-" "Mozilla/5.0 (Windows NT 10.0; Win64; x64) AppleWebKit/537.36 (KHTML, like Gecko) Chrome/114.0.0.0 Safari/537.36"
185.216.113.70 - - [16/Apr/2026:20:04:01 +0300] "POST /wp-cron.php?doing_wp_cron=1776359041.8331620693206787109375 HTTP/1.1" 200 448 "-" "WordPress/6.3.8; https://serhatburke.miroglu.net"
45.250.252.165 - - [16/Apr/2026:20:03:45 +0300] "GET /nejvetsi-sazkove-kancelare-zimpler-top-10-sazkovych-stranek-zimpler/ HTTP/1.1" 200 73100 "-" "Mozilla/5.0 (Windows NT 10.0; Win64; x64; rv:124.0) Gecko/20100101 Firefox/124.0"
193.24.211.72 - - [16/Apr/2026:20:04:07 +0300] "GET /wp-login.php HTTP/2" 200 3092 "-" "Mozilla/5.0 (Windows NT 10.0; Win64; x64) AppleWebKit/537.36 (KHTML, like Gecko) Chrome/124.0.6367.207 Safari/537.36"
80.74.31.214 - - [16/Apr/2026:20:05:06 +0300] "GET /wp-login.php HTTP/2" 200 24 "-" "Mozilla/5.0 (Macintosh; Intel Mac OS X 13_5) AppleWebKit/605.1.15 (KHTML, like Gecko) Version/17.5 Safari/605.1.15"
185.216.113.70 - - [16/Apr/2026:20:16:49 +0300] "POST /wp-cron.php?doing_wp_cron=1776359809.8286259174346923828125 HTTP/1.1" 200 448 "-" "WordPress/6.3.8; https://serhatburke.miroglu.net"
17.241.227.73 - - [16/Apr/2026:20:16:36 +0300] "GET /online-slots-play-gambling-enterprise-slot-machine-games-for-fun/ HTTP/1.1" 200 22809 "-" "Mozilla/5.0 (Macintosh; Intel Mac OS X 10_15_7) AppleWebKit/605.1.15 (KHTML, like Gecko) Version/17.4 Safari/605.1.15 (Applebot/0.1; +http://www.apple.com/go/applebot)"
45.250.252.165 - - [16/Apr/2026:20:18:31 +0300] "POST /xmlrpc.php HTTP/1.1" 200 630 "-" "Mozilla/5.0 (Windows NT 10.0; Win64; x64) AppleWebKit/537.36 (KHTML, like Gecko) Chrome/114.0.0.0 Safari/537.36"
45.250.252.165 - - [16/Apr/2026:20:19:00 +0300] "POST /xmlrpc.php HTTP/1.1" 200 14940 "-" "Mozilla/5.0 (Windows NT 10.0; Win64; x64) AppleWebKit/537.36 (KHTML, like Gecko) Chrome/114.0.0.0 Safari/537.36"
45.250.252.165 - - [16/Apr/2026:20:19:18 +0300] "GET /%CF%84%CE%B1-%CE%BA%CE%B1%CE%BB%CF%8D%CF%84%CE%B5%CF%81%CE%B1-%CE%BA%CE%B1%CE%B6%CE%AF%CE%BD%CE%BF-%CE%B3%CE%B9%CE%B1-%CE%BA%CE%B1%CF%84%CE%B1%CE%B8%CE%AD%CF%83%CE%B5%CE%B9%CF%82-%CE%BC%CE%B5-paysafec/ HTTP/1.1" 200 83374 "-" "Mozilla/5.0 (Windows NT 10.0; Win64; x64; rv:125.0) Gecko/20100101 Firefox/125.0"
185.216.113.70 - - [16/Apr/2026:20:20:51 +0300] "POST /wp-cron.php?doing_wp_cron=1776360051.6238410472869873046875 HTTP/1.1" 200 448 "-" "WordPress/6.3.8; https://serhatburke.miroglu.net"
45.250.252.181 - - [16/Apr/2026:20:20:35 +0300] "POST /xmlrpc.php HTTP/1.1" 200 630 "-" "Mozilla/5.0 (Windows NT 10.0; Win64; x64) AppleWebKit/537.36 (KHTML, like Gecko) Chrome/114.0.0.0 Safari/537.36"
45.250.252.181 - - [16/Apr/2026:20:20:58 +0300] "POST /xmlrpc.php HTTP/1.1" 200 13276 "-" "Mozilla/5.0 (Windows NT 10.0; Win64; x64) AppleWebKit/537.36 (KHTML, like Gecko) Chrome/114.0.0.0 Safari/537.36"
45.250.252.181 - - [16/Apr/2026:20:21:17 +0300] "GET /best-angling-line-spooler-to-have-spinning-reels-tres-amigos-slot-machine-best-5-picks/ HTTP/1.1" 200 74928 "-" "Mozilla/5.0 (Windows NT 10.0; rv:125.0) Gecko/20100101 Firefox/125.0"
185.216.113.70 - - [16/Apr/2026:20:22:52 +0300] "POST /wp-cron.php?doing_wp_cron=1776360172.4276869297027587890625 HTTP/1.1" 200 448 "-" "WordPress/6.3.8; https://serhatburke.miroglu.net"
155.212.37.107 - - [16/Apr/2026:20:22:40 +0300] "GET / HTTP/2" 200 18374 "-" "Mozilla/5.0 (Macintosh; Intel Mac OS X 10_15_7) AppleWebKit/537.36 (KHTML, like Gecko) Chrome/120.0.0.0 Safari/537.36"
185.216.113.70 - - [16/Apr/2026:20:26:43 +0300] "POST /wp-cron.php?doing_wp_cron=1776360403.4363110065460205078125 HTTP/1.1" 200 448 "-" "WordPress/6.3.8; https://serhatburke.miroglu.net"
158.173.242.115 - - [16/Apr/2026:20:26:30 +0300] "GET /casino-online-skrill-prelievo-veloce/ HTTP/1.1" 200 18092 "https://serhatburke.miroglu.net/" "Mozilla/5.0 (Macintosh; Intel Mac OS X 12.5; rv:114.0) Gecko/20100101 Firefox/114.0"
158.173.242.65 - - [16/Apr/2026:20:26:50 +0300] "GET /wp-login.php?action=register HTTP/1.1" 302 702 "https://serhatburke.miroglu.net/casino-online-skrill-prelievo-veloce/" "Mozilla/5.0 (Windows NT 6.3; Win64; x64) AppleWebKit/537.36 (KHTML, like Gecko) Chrome/103.0.0.0 Safari/537.36"
158.173.242.184 - - [16/Apr/2026:20:27:03 +0300] "GET /wp-login.php?registration=disabled HTTP/1.1" 200 3806 "https://serhatburke.miroglu.net/wp-login.php?action=register" "Mozilla/5.0 (Windows NT 6.3; Win64; x64) AppleWebKit/537.36 (KHTML, like Gecko) Chrome/103.0.0.0 Safari/537.36"
185.216.113.70 - - [16/Apr/2026:20:28:09 +0300] "POST /wp-cron.php?doing_wp_cron=1776360489.0394239425659179687500 HTTP/1.1" 200 448 "-" "WordPress/6.3.8; https://serhatburke.miroglu.net"
45.250.252.181 - - [16/Apr/2026:20:27:52 +0300] "POST /xmlrpc.php HTTP/1.1" 200 630 "-" "Mozilla/5.0 (Windows NT 10.0; Win64; x64) AppleWebKit/537.36 (KHTML, like Gecko) Chrome/114.0.0.0 Safari/537.36"
45.250.252.165 - - [16/Apr/2026:20:28:10 +0300] "POST /xmlrpc.php HTTP/1.1" 200 630 "-" "Mozilla/5.0 (Windows NT 10.0; Win64; x64) AppleWebKit/537.36 (KHTML, like Gecko) Chrome/114.0.0.0 Safari/537.36"
45.250.252.181 - - [16/Apr/2026:20:28:16 +0300] "POST /xmlrpc.php HTTP/1.1" 200 12517 "-" "Mozilla/5.0 (Windows NT 10.0; Win64; x64) AppleWebKit/537.36 (KHTML, like Gecko) Chrome/114.0.0.0 Safari/537.36"
185.216.113.70 - - [16/Apr/2026:20:28:52 +0300] "POST /wp-cron.php?doing_wp_cron=1776360532.3565158843994140625000 HTTP/1.1" 200 448 "-" "WordPress/6.3.8; https://serhatburke.miroglu.net"
45.250.252.181 - - [16/Apr/2026:20:28:36 +0300] "GET /local-casino-steeped-best-on-line-casino-in-australia-incentives-play-flowers-online-pokies/ HTTP/1.1" 200 74312 "-" "Mozilla/5.0 (Windows NT 10.0; Win64; x64) AppleWebKit/537.36 (KHTML, like Gecko) Chrome/109.0.0.0 Safari/537.36"
45.250.252.165 - - [16/Apr/2026:20:28:37 +0300] "POST /xmlrpc.php HTTP/1.1" 200 14906 "-" "Mozilla/5.0 (Windows NT 10.0; Win64; x64) AppleWebKit/537.36 (KHTML, like Gecko) Chrome/114.0.0.0 Safari/537.36"
45.250.252.165 - - [16/Apr/2026:20:28:55 +0300] "GET /%D9%85%D8%AC%D9%84%D8%A9-%D8%A7%D9%84%D8%AC%D9%88%D8%AF%D8%A9-%D8%A7%D9%84%D8%B5%D8%AD%D9%8A%D8%A9-%CF%84%CE%B6%CF%8C%CE%BA%CE%B5%CF%81-%CE%BA%CE%B1%CE%BB%CE%AE-%CF%87%CF%81%CE%B9%CF%83%CF%84%CE%BF/ HTTP/1.1" 200 86262 "-" "Mozilla/5.0 (Windows NT 10.0; Win64; x64) AppleWebKit/537.36 (KHTML, like Gecko) Chrome/109.0.0.0 Safari/537.36"
185.216.113.70 - - [16/Apr/2026:20:30:04 +0300] "POST /wp-cron.php?doing_wp_cron=1776360604.3176538944244384765625 HTTP/1.1" 200 448 "-" "WordPress/6.3.8; https://serhatburke.miroglu.net"
45.250.252.181 - - [16/Apr/2026:20:29:46 +0300] "POST /xmlrpc.php HTTP/1.1" 200 630 "-" "Mozilla/5.0 (Windows NT 10.0; Win64; x64) AppleWebKit/537.36 (KHTML, like Gecko) Chrome/114.0.0.0 Safari/537.36"
45.250.252.181 - - [16/Apr/2026:20:30:11 +0300] "POST /xmlrpc.php HTTP/1.1" 200 12258 "-" "Mozilla/5.0 (Windows NT 10.0; Win64; x64) AppleWebKit/537.36 (KHTML, like Gecko) Chrome/114.0.0.0 Safari/537.36"
185.216.113.70 - - [16/Apr/2026:20:30:46 +0300] "POST /wp-cron.php?doing_wp_cron=1776360646.0671820640563964843750 HTTP/1.1" 200 448 "-" "WordPress/6.3.8; https://serhatburke.miroglu.net"
45.250.252.181 - - [16/Apr/2026:20:30:29 +0300] "GET /cool-fresh-fruit-position-opinion-bonus-100-winner-casino-enjoyable-cellular-play-inside-2026/ HTTP/1.1" 200 74061 "-" "Mozilla/5.0 (Windows NT 10.0; rv:125.0) Gecko/20100101 Firefox/125.0"
45.250.252.165 - - [16/Apr/2026:20:30:37 +0300] "POST /xmlrpc.php HTTP/1.1" 200 630 "-" "Mozilla/5.0 (Windows NT 10.0; Win64; x64) AppleWebKit/537.36 (KHTML, like Gecko) Chrome/114.0.0.0 Safari/537.36"
45.250.252.165 - - [16/Apr/2026:20:31:00 +0300] "POST /xmlrpc.php HTTP/1.1" 200 15183 "-" "Mozilla/5.0 (Windows NT 10.0; Win64; x64) AppleWebKit/537.36 (KHTML, like Gecko) Chrome/114.0.0.0 Safari/537.36"
45.250.252.165 - - [16/Apr/2026:20:31:21 +0300] "GET /%CE%B1%CF%80%CE%BF%CE%BB%CE%B1%CF%8D%CF%83%CF%84%CE%B5-%CF%84%CE%BF-%CE%B2%CE%AF%CE%BD%CF%84%CE%B5%CE%BF-%CE%BA%CE%BF%CF%85%CE%BB%CE%BF%CF%87%CE%AD%CF%81%CE%B7-several-diamond-%CE%B4%CF%89%CF%81%CE%B5/ HTTP/1.1" 200 83971 "-" "Mozilla/5.0 (Windows NT 10.0; rv:109.0) Gecko/20100101 Firefox/115.0"
66.249.68.131 - - [16/Apr/2026:20:31:49 +0300] "GET /wp-content/themes/toppic/css/rs-default.css?ver=4.2 HTTP/1.1" 200 2625 "https://serhatburke.miroglu.net/betonred-casino-apostas-mais-menos-e-a-experiencia-para-jogadores-em-portugal/" "Mozilla/5.0 (Linux; Android 6.0.1; Nexus 5X Build/MMB29P) AppleWebKit/537.36 (KHTML, like Gecko) Chrome/146.0.7680.177 Mobile Safari/537.36 (compatible; Googlebot/2.1; +http://www.google.com/bot.html)"
185.216.113.70 - - [16/Apr/2026:20:31:53 +0300] "POST /wp-cron.php?doing_wp_cron=1776360713.7597420215606689453125 HTTP/1.1" 200 448 "-" "WordPress/6.3.8; https://serhatburke.miroglu.net"
45.250.252.181 - - [16/Apr/2026:20:31:37 +0300] "POST /xmlrpc.php HTTP/1.1" 200 630 "-" "Mozilla/5.0 (Windows NT 10.0; Win64; x64) AppleWebKit/537.36 (KHTML, like Gecko) Chrome/114.0.0.0 Safari/537.36"
45.250.252.181 - - [16/Apr/2026:20:32:00 +0300] "POST /xmlrpc.php HTTP/1.1" 200 12626 "-" "Mozilla/5.0 (Windows NT 10.0; Win64; x64) AppleWebKit/537.36 (KHTML, like Gecko) Chrome/114.0.0.0 Safari/537.36"
45.250.252.181 - - [16/Apr/2026:20:32:23 +0300] "GET /ten-better-african-blackjack-casino-safari-trips-2026-2027/ HTTP/1.1" 200 73508 "-" "Mozilla/5.0 (Windows NT 10.0; Win64; x64; rv:124.0) Gecko/20100101 Firefox/124.0"
185.216.113.70 - - [16/Apr/2026:20:33:08 +0300] "POST /wp-cron.php?doing_wp_cron=1776360787.9147620201110839843750 HTTP/1.1" 200 448 "-" "WordPress/6.3.8; https://serhatburke.miroglu.net"
45.250.252.165 - - [16/Apr/2026:20:32:52 +0300] "POST /xmlrpc.php HTTP/1.1" 200 630 "-" "Mozilla/5.0 (Windows NT 10.0; Win64; x64) AppleWebKit/537.36 (KHTML, like Gecko) Chrome/114.0.0.0 Safari/537.36"
45.250.252.181 - - [16/Apr/2026:20:33:14 +0300] "POST /xmlrpc.php HTTP/1.1" 200 630 "-" "Mozilla/5.0 (Windows NT 10.0; Win64; x64) AppleWebKit/537.36 (KHTML, like Gecko) Chrome/114.0.0.0 Safari/537.36"
45.250.252.165 - - [16/Apr/2026:20:33:15 +0300] "POST /xmlrpc.php HTTP/1.1" 200 16029 "-" "Mozilla/5.0 (Windows NT 10.0; Win64; x64) AppleWebKit/537.36 (KHTML, like Gecko) Chrome/114.0.0.0 Safari/537.36"
185.216.113.70 - - [16/Apr/2026:20:33:54 +0300] "POST /wp-cron.php?doing_wp_cron=1776360834.5287508964538574218750 HTTP/1.1" 200 448 "-" "WordPress/6.3.8; https://serhatburke.miroglu.net"
45.250.252.181 - - [16/Apr/2026:20:33:39 +0300] "POST /xmlrpc.php HTTP/1.1" 200 12960 "-" "Mozilla/5.0 (Windows NT 10.0; Win64; x64) AppleWebKit/537.36 (KHTML, like Gecko) Chrome/114.0.0.0 Safari/537.36"
45.250.252.165 - - [16/Apr/2026:20:33:38 +0300] "GET /holly-jolly-bonanza-condition-opinion-2026-%CE%B4%CF%89%CF%81%CE%B5%CE%AC%CE%BD-%CE%B4%CE%BF%CE%BA%CE%B9%CE%BC%CE%B1%CF%83%CF%84%CE%B9%CE%BA%CF%8C-%CF%80%CE%B1%CE%B9%CF%87%CE%BD%CE%AF%CE%B4%CE%B9/ HTTP/1.1" 200 84580 "-" "Mozilla/5.0 (Windows NT 10.0; Win64; x64) AppleWebKit/537.36 (KHTML, like Gecko) Chrome/124.0.0.0 Safari/537.36"
45.250.252.181 - - [16/Apr/2026:20:33:57 +0300] "GET /shes-a-rich-woman-play-panther-moon-slot-from-the-igt-totally-free-trial-play/ HTTP/1.1" 200 74272 "-" "Mozilla/5.0 (Windows NT 10.0; Win64; x64; rv:124.0) Gecko/20100101 Firefox/124.0"
185.216.113.70 - - [16/Apr/2026:20:35:02 +0300] "POST /wp-cron.php?doing_wp_cron=1776360902.1912310123443603515625 HTTP/1.1" 200 448 "-" "WordPress/6.3.8; https://serhatburke.miroglu.net"
45.250.252.181 - - [16/Apr/2026:20:34:41 +0300] "POST /xmlrpc.php HTTP/1.1" 200 630 "-" "Mozilla/5.0 (Windows NT 10.0; Win64; x64) AppleWebKit/537.36 (KHTML, like Gecko) Chrome/114.0.0.0 Safari/537.36"
213.110.145.234 - - [16/Apr/2026:20:34:51 +0300] "GET /robots.txt HTTP/1.1" 200 642 "-" "Screaming Frog SEO Spider/23.2"
45.250.252.165 - - [16/Apr/2026:20:34:53 +0300] "POST /xmlrpc.php HTTP/1.1" 200 630 "-" "Mozilla/5.0 (Windows NT 10.0; Win64; x64) AppleWebKit/537.36 (KHTML, like Gecko) Chrome/114.0.0.0 Safari/537.36"
213.110.145.234 - - [16/Apr/2026:20:35:08 +0300] "GET /ufazeed-2026-3/ HTTP/1.1" 200 206167 "-" "Screaming Frog SEO Spider/23.2"
45.250.252.181 - - [16/Apr/2026:20:35:09 +0300] "POST /xmlrpc.php HTTP/1.1" 200 13561 "-" "Mozilla/5.0 (Windows NT 10.0; Win64; x64) AppleWebKit/537.36 (KHTML, like Gecko) Chrome/114.0.0.0 Safari/537.36"
185.216.113.70 - - [16/Apr/2026:20:35:39 +0300] "POST /wp-cron.php?doing_wp_cron=1776360939.2284049987792968750000 HTTP/1.1" 200 448 "-" "WordPress/6.3.8; https://serhatburke.miroglu.net"
45.250.252.165 - - [16/Apr/2026:20:35:21 +0300] "POST /xmlrpc.php HTTP/1.1" 200 16400 "-" "Mozilla/5.0 (Windows NT 10.0; Win64; x64) AppleWebKit/537.36 (KHTML, like Gecko) Chrome/114.0.0.0 Safari/537.36"
45.250.252.181 - - [16/Apr/2026:20:35:31 +0300] "GET /safari-20-no-deposit-free-spins-slot-video-game-play-the-greatest-free-demonstrations/ HTTP/1.1" 200 75130 "-" "Mozilla/5.0 (Windows NT 10.0; rv:109.0) Gecko/20100101 Firefox/115.0"
45.250.252.165 - - [16/Apr/2026:20:35:42 +0300] "GET /thunderstruck-ii-%CE%B8%CE%AD%CF%83%CE%B7-%CF%83%CF%87%CF%8C%CE%BB%CE%B9%CE%BF-2026-%CF%80%CE%B1%CE%AF%CE%BE%CF%84%CE%B5-%CE%B5%CE%BD%CF%84%CE%B5%CE%BB%CF%8E%CF%82-%CE%B4%CF%89%CF%81%CE%B5%CE%AC%CE%BD/ HTTP/1.1" 200 85701 "-" "Mozilla/5.0 (Windows NT 10.0; rv:109.0) Gecko/20100101 Firefox/115.0"
45.250.252.181 - - [16/Apr/2026:20:36:04 +0300] "POST /xmlrpc.php HTTP/1.1" 200 630 "-" "Mozilla/5.0 (Windows NT 10.0; Win64; x64) AppleWebKit/537.36 (KHTML, like Gecko) Chrome/114.0.0.0 Safari/537.36"
185.216.113.70 - - [16/Apr/2026:20:36:43 +0300] "POST /wp-cron.php?doing_wp_cron=1776361003.1850368976593017578125 HTTP/1.1" 200 448 "-" "WordPress/6.3.8; https://serhatburke.miroglu.net"
45.250.252.181 - - [16/Apr/2026:20:36:26 +0300] "POST /xmlrpc.php HTTP/1.1" 200 12492 "-" "Mozilla/5.0 (Windows NT 10.0; Win64; x64) AppleWebKit/537.36 (KHTML, like Gecko) Chrome/114.0.0.0 Safari/537.36"
45.250.252.165 - - [16/Apr/2026:20:36:41 +0300] "POST /xmlrpc.php HTTP/1.1" 200 630 "-" "Mozilla/5.0 (Windows NT 10.0; Win64; x64) AppleWebKit/537.36 (KHTML, like Gecko) Chrome/114.0.0.0 Safari/537.36"
103.219.169.211 - - [16/Apr/2026:20:36:49 +0300] "POST /xmlrpc.php HTTP/1.1" 200 630 "-" "Mozilla/5.0 (Windows NT 10.0; Win64; x64) AppleWebKit/537.36 (KHTML, like Gecko) Chrome/114.0.0.0 Safari/537.36"
45.250.252.181 - - [16/Apr/2026:20:36:44 +0300] "GET /safer-mugshot-madness-slot-free-spins-online-casinos-canada-2026/ HTTP/1.1" 200 73573 "-" "Mozilla/5.0 (Windows NT 10.0; Win64; x64; rv:125.0) Gecko/20100101 Firefox/125.0"
45.250.252.165 - - [16/Apr/2026:20:37:10 +0300] "POST /xmlrpc.php HTTP/1.1" 200 15528 "-" "Mozilla/5.0 (Windows NT 10.0; Win64; x64) AppleWebKit/537.36 (KHTML, like Gecko) Chrome/114.0.0.0 Safari/537.36"
103.219.169.211 - - [16/Apr/2026:20:37:15 +0300] "POST /xmlrpc.php HTTP/1.1" 200 16338 "-" "Mozilla/5.0 (Windows NT 10.0; Win64; x64) AppleWebKit/537.36 (KHTML, like Gecko) Chrome/114.0.0.0 Safari/537.36"
103.219.169.211 - - [16/Apr/2026:20:37:28 +0300] "GET /free-thunderstruck-ii-slot-casino-spins-2026-neoterisch-60-freispiele-ohne-einzahlung/ HTTP/1.1" 200 78408 "-" "Mozilla/5.0 (Windows NT 10.0; Win64; x64; rv:124.0) Gecko/20100101 Firefox/124.0"
45.250.252.165 - - [16/Apr/2026:20:37:33 +0300] "GET /%CE%B4%CF%89%CF%81%CE%B5%CE%AC%CE%BD-online-ports-%CF%80%CE%B1%CE%AF%CE%BE%CF%84%CE%B5-%CE%B3%CF%81%CE%AE%CE%B3%CE%BF%CF%81%CE%B1-5000-%CE%B4%CF%89%CF%81%CE%B5%CE%AC%CE%BD-%CF%80%CE%B1%CE%B9%CF%87/ HTTP/1.1" 200 84748 "-" "Mozilla/5.0 (Windows NT 10.0; rv:109.0) Gecko/20100101 Firefox/115.0"
45.250.252.181 - - [16/Apr/2026:20:37:34 +0300] "POST /xmlrpc.php HTTP/1.1" 200 630 "-" "Mozilla/5.0 (Windows NT 10.0; Win64; x64) AppleWebKit/537.36 (KHTML, like Gecko) Chrome/114.0.0.0 Safari/537.36"
45.250.252.181 - - [16/Apr/2026:20:38:01 +0300] "POST /xmlrpc.php HTTP/1.1" 200 12267 "-" "Mozilla/5.0 (Windows NT 10.0; Win64; x64) AppleWebKit/537.36 (KHTML, like Gecko) Chrome/114.0.0.0 Safari/537.36"
45.250.252.165 - - [16/Apr/2026:20:38:16 +0300] "POST /xmlrpc.php HTTP/1.1" 200 630 "-" "Mozilla/5.0 (Windows NT 10.0; Win64; x64) AppleWebKit/537.36 (KHTML, like Gecko) Chrome/114.0.0.0 Safari/537.36"
45.250.252.181 - - [16/Apr/2026:20:38:23 +0300] "GET /better-free-spins-no-deposit-all-super-nudge-6000-casino-of-us-local-casino-incentives-february-2026/ HTTP/1.1" 200 74417 "-" "Mozilla/5.0 (Windows NT 10.0; Win64; x64; rv:125.0) Gecko/20100101 Firefox/125.0"
185.216.113.70 - - [16/Apr/2026:20:38:58 +0300] "POST /wp-cron.php?doing_wp_cron=1776361138.3915560245513916015625 HTTP/1.1" 200 448 "-" "WordPress/6.3.8; https://serhatburke.miroglu.net"
45.250.252.165 - - [16/Apr/2026:20:38:42 +0300] "POST /xmlrpc.php HTTP/1.1" 200 14872 "-" "Mozilla/5.0 (Windows NT 10.0; Win64; x64) AppleWebKit/537.36 (KHTML, like Gecko) Chrome/114.0.0.0 Safari/537.36"
185.216.113.70 - - [16/Apr/2026:20:39:12 +0300] "POST /wp-cron.php?doing_wp_cron=1776361151.9889700412750244140625 HTTP/1.1" 200 448 "-" "WordPress/6.3.8; https://serhatburke.miroglu.net"
45.250.252.181 - - [16/Apr/2026:20:38:53 +0300] "POST /xmlrpc.php HTTP/1.1" 200 630 "-" "Mozilla/5.0 (Windows NT 10.0; Win64; x64) AppleWebKit/537.36 (KHTML, like Gecko) Chrome/114.0.0.0 Safari/537.36"
45.250.252.165 - - [16/Apr/2026:20:39:01 +0300] "GET /%CF%84%CE%B1-%CE%BA%CE%B1%CE%BB%CF%8D%CF%84%CE%B5%CF%81%CE%B1-%CE%BA%CE%AF%CE%BD%CE%B7%CF%84%CF%81%CE%B1-%CF%87%CF%89%CF%81%CE%AF%CF%82-%CE%BA%CE%B1%CF%84%CE%AC%CE%B8%CE%B5%CF%83%CE%B7-%CF%86%CE%B5/ HTTP/1.1" 200 84073 "-" "Mozilla/5.0 (Windows NT 10.0; Win64; x64) AppleWebKit/537.36 (KHTML, like Gecko) Chrome/124.0.0.0 Safari/537.36"
45.250.252.181 - - [16/Apr/2026:20:39:19 +0300] "POST /xmlrpc.php HTTP/1.1" 200 13222 "-" "Mozilla/5.0 (Windows NT 10.0; Win64; x64) AppleWebKit/537.36 (KHTML, like Gecko) Chrome/114.0.0.0 Safari/537.36"
185.216.113.70 - - [16/Apr/2026:20:39:52 +0300] "POST /wp-cron.php?doing_wp_cron=1776361192.6101210117340087890625 HTTP/1.1" 200 448 "-" "WordPress/6.3.8; https://serhatburke.miroglu.net"
45.250.252.181 - - [16/Apr/2026:20:39:36 +0300] "GET /santastic-harbors-santas-big-benefits-winter-seasonchristmas-timevacations-joyful-feast-elementmore-jackpot-possibility-ability-live-look-through-this-site-gambling-harbors-enjoy-today/ HTTP/1.1" 200 77339 "-" "Mozilla/5.0 (Windows NT 10.0; Win64; x64) AppleWebKit/537.36 (KHTML, like Gecko) Chrome/109.0.0.0 Safari/537.36"
45.250.252.165 - - [16/Apr/2026:20:39:47 +0300] "POST /xmlrpc.php HTTP/1.1" 200 630 "-" "Mozilla/5.0 (Windows NT 10.0; Win64; x64) AppleWebKit/537.36 (KHTML, like Gecko) Chrome/114.0.0.0 Safari/537.36"
45.250.252.181 - - [16/Apr/2026:20:40:07 +0300] "POST /xmlrpc.php HTTP/1.1" 200 630 "-" "Mozilla/5.0 (Windows NT 10.0; Win64; x64) AppleWebKit/537.36 (KHTML, like Gecko) Chrome/114.0.0.0 Safari/537.36"
45.250.252.165 - - [16/Apr/2026:20:40:13 +0300] "POST /xmlrpc.php HTTP/1.1" 200 15558 "-" "Mozilla/5.0 (Windows NT 10.0; Win64; x64) AppleWebKit/537.36 (KHTML, like Gecko) Chrome/114.0.0.0 Safari/537.36"
185.216.113.70 - - [16/Apr/2026:20:40:50 +0300] "POST /wp-cron.php?doing_wp_cron=1776361250.3310639858245849609375 HTTP/1.1" 200 448 "-" "WordPress/6.3.8; https://serhatburke.miroglu.net"
45.250.252.181 - - [16/Apr/2026:20:40:35 +0300] "POST /xmlrpc.php HTTP/1.1" 200 13287 "-" "Mozilla/5.0 (Windows NT 10.0; Win64; x64) AppleWebKit/537.36 (KHTML, like Gecko) Chrome/114.0.0.0 Safari/537.36"
45.250.252.165 - - [16/Apr/2026:20:40:33 +0300] "GET /raging-rhino-100-%CE%B4%CF%89%CF%81%CE%B5%CE%AC%CE%BD-%CE%B8%CF%8D%CF%81%CE%B5%CF%82-%CF%80%CE%B1%CE%AF%CE%BE%CF%84%CE%B5-%CE%BA%CE%BF%CF%85%CE%BB%CE%BF%CF%87%CE%AD%CF%81%CE%B7%CE%B4%CE%B5%CF%82-onlin/ HTTP/1.1" 200 84146 "-" "Mozilla/5.0 (Windows NT 10.0; rv:109.0) Gecko/20100101 Firefox/115.0"
45.250.252.181 - - [16/Apr/2026:20:40:53 +0300] "GET /useful-tips-to-improve-the-possibility-to-win-on-the-scratch-guts-casino-online-notes/ HTTP/1.1" 200 74762 "-" "Mozilla/5.0 (Windows NT 10.0; Win64; x64; rv:125.0) Gecko/20100101 Firefox/125.0"
45.250.252.165 - - [16/Apr/2026:20:41:20 +0300] "POST /xmlrpc.php HTTP/1.1" 200 630 "-" "Mozilla/5.0 (Windows NT 10.0; Win64; x64) AppleWebKit/537.36 (KHTML, like Gecko) Chrome/114.0.0.0 Safari/537.36"
185.216.113.70 - - [16/Apr/2026:20:41:46 +0300] "POST /wp-cron.php?doing_wp_cron=1776361306.3775169849395751953125 HTTP/1.1" 200 448 "-" "WordPress/6.3.8; https://serhatburke.miroglu.net"
45.250.252.181 - - [16/Apr/2026:20:41:30 +0300] "POST /xmlrpc.php HTTP/1.1" 200 630 "-" "Mozilla/5.0 (Windows NT 10.0; Win64; x64) AppleWebKit/537.36 (KHTML, like Gecko) Chrome/114.0.0.0 Safari/537.36"
45.250.252.165 - - [16/Apr/2026:20:41:44 +0300] "POST /xmlrpc.php HTTP/1.1" 200 14786 "-" "Mozilla/5.0 (Windows NT 10.0; Win64; x64) AppleWebKit/537.36 (KHTML, like Gecko) Chrome/114.0.0.0 Safari/537.36"
45.250.252.181 - - [16/Apr/2026:20:41:53 +0300] "POST /xmlrpc.php HTTP/1.1" 200 12670 "-" "Mozilla/5.0 (Windows NT 10.0; Win64; x64) AppleWebKit/537.36 (KHTML, like Gecko) Chrome/114.0.0.0 Safari/537.36"
45.250.252.165 - - [16/Apr/2026:20:42:06 +0300] "GET /%CF%80%CE%B1%CE%AF%CE%BE%CF%84%CE%B5-safari-sam-%CE%B5%CE%BD%CF%84%CE%B5%CE%BB%CF%8E%CF%82-%CE%B4%CF%89%CF%81%CE%B5%CE%AC%CE%BD-%CF%83%CF%85%CE%BD%CE%B1%CF%81%CF%80%CE%B1%CF%83%CF%84%CE%B9%CE%BA%CE%AC/ HTTP/1.1" 200 83194 "-" "Mozilla/5.0 (Windows NT 10.0; rv:125.0) Gecko/20100101 Firefox/125.0"
45.250.252.181 - - [16/Apr/2026:20:42:12 +0300] "GET /christmas-secret-betway-casino-demo-gamble-free-slot-online-game/ HTTP/1.1" 200 73791 "-" "Mozilla/5.0 (Windows NT 10.0; Win64; x64; rv:125.0) Gecko/20100101 Firefox/125.0"
82.25.62.125 - - [16/Apr/2026:20:42:23 +0300] "GET /casino-online-skrill-prelievo-veloce/ HTTP/1.1" 200 18115 "-" "Mozilla/5.0 (compatible; Googlebot/2.1; +http://www.google.com/bot.html)"
185.216.113.70 - - [16/Apr/2026:20:42:41 +0300] "POST /wp-cron.php?doing_wp_cron=1776361361.3974380493164062500000 HTTP/1.1" 200 448 "-" "WordPress/6.3.8; https://serhatburke.miroglu.net"
103.219.169.211 - - [16/Apr/2026:20:42:29 +0300] "POST /xmlrpc.php HTTP/1.1" 200 630 "-" "Mozilla/5.0 (Windows NT 10.0; Win64; x64) AppleWebKit/537.36 (KHTML, like Gecko) Chrome/114.0.0.0 Safari/537.36"
45.250.252.181 - - [16/Apr/2026:20:42:43 +0300] "POST /xmlrpc.php HTTP/1.1" 200 630 "-" "Mozilla/5.0 (Windows NT 10.0; Win64; x64) AppleWebKit/537.36 (KHTML, like Gecko) Chrome/114.0.0.0 Safari/537.36"
103.219.169.211 - - [16/Apr/2026:20:42:48 +0300] "POST /xmlrpc.php HTTP/1.1" 200 15165 "-" "Mozilla/5.0 (Windows NT 10.0; Win64; x64) AppleWebKit/537.36 (KHTML, like Gecko) Chrome/114.0.0.0 Safari/537.36"
45.250.252.165 - - [16/Apr/2026:20:42:57 +0300] "POST /xmlrpc.php HTTP/1.1" 200 630 "-" "Mozilla/5.0 (Windows NT 10.0; Win64; x64) AppleWebKit/537.36 (KHTML, like Gecko) Chrome/114.0.0.0 Safari/537.36"
103.219.169.211 - - [16/Apr/2026:20:43:05 +0300] "GET /sicheres-zum-besten-geben-inside-casinos-blos-spielen-sie-immortal-romance-slot-online-eintragung-im-erprobung-2026/ HTTP/1.1" 200 77992 "-" "Mozilla/5.0 (Windows NT 10.0; rv:125.0) Gecko/20100101 Firefox/125.0"
185.216.113.70 - - [16/Apr/2026:20:43:39 +0300] "POST /wp-cron.php?doing_wp_cron=1776361419.5726130008697509765625 HTTP/1.1" 200 448 "-" "WordPress/6.3.8; https://serhatburke.miroglu.net"
45.250.252.165 - - [16/Apr/2026:20:43:23 +0300] "POST /xmlrpc.php HTTP/1.1" 200 15372 "-" "Mozilla/5.0 (Windows NT 10.0; Win64; x64) AppleWebKit/537.36 (KHTML, like Gecko) Chrome/114.0.0.0 Safari/537.36"
45.250.252.165 - - [16/Apr/2026:20:43:47 +0300] "GET /%CF%80%CE%B1%CE%B9%CF%87%CE%BD%CE%AF%CE%B4%CE%B9%CE%B1-%CE%BA%CE%BF%CF%85%CE%BB%CE%BF%CF%87%CE%AD%CF%81%CE%B7%CE%B4%CF%89%CE%BD-sphinx-casino-%CE%B1%CF%80%CE%BF%CE%BB%CE%B1%CF%8D%CF%83%CF%84%CE%B5/ HTTP/1.1" 200 84520 "-" "Mozilla/5.0 (Windows NT 10.0; Win64; x64) AppleWebKit/537.36 (KHTML, like Gecko) Chrome/124.0.0.0 Safari/537.36 Edg/124.0.0.0"
45.250.252.165 - - [16/Apr/2026:20:44:20 +0300] "POST /xmlrpc.php HTTP/1.1" 200 630 "-" "Mozilla/5.0 (Windows NT 10.0; Win64; x64) AppleWebKit/537.36 (KHTML, like Gecko) Chrome/114.0.0.0 Safari/537.36"
185.216.113.70 - - [16/Apr/2026:20:45:00 +0300] "POST /wp-cron.php?doing_wp_cron=1776361500.8606998920440673828125 HTTP/1.1" 200 448 "-" "WordPress/6.3.8; https://serhatburke.miroglu.net"
45.250.252.165 - - [16/Apr/2026:20:44:44 +0300] "POST /xmlrpc.php HTTP/1.1" 200 15622 "-" "Mozilla/5.0 (Windows NT 10.0; Win64; x64) AppleWebKit/537.36 (KHTML, like Gecko) Chrome/114.0.0.0 Safari/537.36"
45.250.252.165 - - [16/Apr/2026:20:45:02 +0300] "GET /%CE%B2%CE%B9%CE%BD%CF%84%CE%B5%CE%BF%CF%80%CE%B1%CE%B9%CF%87%CE%BD%CE%AF%CE%B4%CE%B9-one-pay-you-real-cash-canada-%D7%99%D7%A9%D7%A8%D7%90%D7%9C-%D7%A1%D7%A4%D7%95%D7%A8%D7%98/ HTTP/1.1" 200 84038 "-" "Mozilla/5.0 (Windows NT 10.0; Win64; x64) AppleWebKit/537.36 (KHTML, like Gecko) Chrome/123.0.0.0 Safari/537.36 OPR/109.0.0.0"
185.216.113.70 - - [16/Apr/2026:20:46:05 +0300] "POST /wp-cron.php?doing_wp_cron=1776361565.3033540248870849609375 HTTP/1.1" 200 448 "-" "WordPress/6.3.8; https://serhatburke.miroglu.net"
45.250.252.165 - - [16/Apr/2026:20:45:50 +0300] "POST /xmlrpc.php HTTP/1.1" 200 630 "-" "Mozilla/5.0 (Windows NT 10.0; Win64; x64) AppleWebKit/537.36 (KHTML, like Gecko) Chrome/114.0.0.0 Safari/537.36"
45.250.252.165 - - [16/Apr/2026:20:46:13 +0300] "POST /xmlrpc.php HTTP/1.1" 200 14630 "-" "Mozilla/5.0 (Windows NT 10.0; Win64; x64) AppleWebKit/537.36 (KHTML, like Gecko) Chrome/114.0.0.0 Safari/537.36"
185.216.113.70 - - [16/Apr/2026:20:46:47 +0300] "POST /wp-cron.php?doing_wp_cron=1776361607.4486479759216308593750 HTTP/1.1" 200 448 "-" "WordPress/6.3.8; https://serhatburke.miroglu.net"
45.250.252.165 - - [16/Apr/2026:20:46:32 +0300] "GET /%CE%BA%CF%89%CE%B4%CE%B9%CE%BA%CE%BF%CE%AF-%CE%BC%CF%80%CF%8C%CE%BD%CE%BF%CF%85%CF%82-powerup-casino-2026/ HTTP/1.1" 200 79449 "-" "Mozilla/5.0 (Windows NT 10.0; Win64; x64) AppleWebKit/537.36 (KHTML, like Gecko) Chrome/123.0.0.0 Safari/537.36"
45.250.252.165 - - [16/Apr/2026:20:46:57 +0300] "POST /xmlrpc.php HTTP/1.1" 200 630 "-" "Mozilla/5.0 (Windows NT 10.0; Win64; x64) AppleWebKit/537.36 (KHTML, like Gecko) Chrome/114.0.0.0 Safari/537.36"
38.180.31.210 - - [16/Apr/2026:20:47:11 +0300] "POST /xmlrpc.php HTTP/2" 200 181 "-" "Mozilla/5.0 (Windows NT 10.0; Win64; x64) AppleWebKit/537.36 (KHTML, like Gecko) Chrome/119.0.0.0 Safari/537.36 Edg/119.0.0.0"
185.216.113.70 - - [16/Apr/2026:20:47:34 +0300] "POST /wp-cron.php?doing_wp_cron=1776361654.7996449470520019531250 HTTP/1.1" 200 448 "-" "WordPress/6.3.8; https://serhatburke.miroglu.net"
45.250.252.165 - - [16/Apr/2026:20:47:18 +0300] "POST /xmlrpc.php HTTP/1.1" 200 14848 "-" "Mozilla/5.0 (Windows NT 10.0; Win64; x64) AppleWebKit/537.36 (KHTML, like Gecko) Chrome/114.0.0.0 Safari/537.36"
38.180.31.210 - - [16/Apr/2026:20:47:23 +0300] "POST /xmlrpc.php HTTP/2" 200 406 "-" "Mozilla/5.0 (Windows NT 10.0; Win64; x64) AppleWebKit/537.36 (KHTML, like Gecko) Chrome/120.0.0.0 Safari/537.36"
103.219.169.211 - - [16/Apr/2026:20:47:31 +0300] "POST /xmlrpc.php HTTP/1.1" 200 630 "-" "Mozilla/5.0 (Windows NT 10.0; Win64; x64) AppleWebKit/537.36 (KHTML, like Gecko) Chrome/114.0.0.0 Safari/537.36"
103.219.169.211 - - [16/Apr/2026:20:47:53 +0300] "POST /xmlrpc.php HTTP/1.1" 200 16448 "-" "Mozilla/5.0 (Windows NT 10.0; Win64; x64) AppleWebKit/537.36 (KHTML, like Gecko) Chrome/114.0.0.0 Safari/537.36"
103.219.169.211 - - [16/Apr/2026:20:48:06 +0300] "GET /beste-paypal-the-da-vinci-device-spielautomat-verbunden-casino-2026-kollationieren-probe/ HTTP/1.1" 200 78340 "-" "Mozilla/5.0 (Windows NT 10.0; Win64; x64) AppleWebKit/537.36 (KHTML, like Gecko) Chrome/123.0.0.0 Safari/537.36 OPR/109.0.0.0"
185.153.199.159 - - [16/Apr/2026:20:48:18 +0300] "POST /xmlrpc.php HTTP/1.1" 200 627 "-" "Mozilla/5.0 (Windows NT 10.0; Win64; x64) AppleWebKit/537.36 (KHTML, like Gecko) Chrome/114.0.0.0 Safari/537.36"
185.216.113.70 - - [16/Apr/2026:20:49:16 +0300] "POST /wp-cron.php?doing_wp_cron=1776361756.4854838848114013671875 HTTP/1.1" 200 448 "-" "WordPress/6.3.8; https://serhatburke.miroglu.net"
109.248.149.116 - - [16/Apr/2026:20:49:01 +0300] "POST /xmlrpc.php HTTP/1.1" 200 87245 "-" "Mozilla/5.0 (Windows NT 10.0; Win64; x64) AppleWebKit/537.36 (KHTML, like Gecko) Chrome/108.0.0.0 Safari/537.36"
109.248.149.116 - - [16/Apr/2026:20:49:17 +0300] "POST /xmlrpc.php HTTP/1.1" 200 486 "-" "Mozilla/5.0 (Windows NT 10.0; Win64; x64) AppleWebKit/537.36 (KHTML, like Gecko) Chrome/108.0.0.0 Safari/537.36"
185.216.113.70 - - [16/Apr/2026:20:49:41 +0300] "POST /wp-cron.php?doing_wp_cron=1776361781.7163240909576416015625 HTTP/1.1" 200 448 "-" "WordPress/6.3.8; https://serhatburke.miroglu.net"
109.248.149.116 - - [16/Apr/2026:20:49:29 +0300] "POST /xmlrpc.php HTTP/1.1" 200 489 "-" "Mozilla/5.0 (Windows NT 10.0; Win64; x64) AppleWebKit/537.36 (KHTML, like Gecko) Chrome/108.0.0.0 Safari/537.36"
109.248.149.116 - - [16/Apr/2026:20:49:42 +0300] "POST /xmlrpc.php HTTP/1.1" 200 6433 "-" "Mozilla/5.0 (Windows NT 10.0; Win64; x64) AppleWebKit/537.36 (KHTML, like Gecko) Chrome/108.0.0.0 Safari/537.36"
185.216.113.70 - - [16/Apr/2026:20:50:47 +0300] "POST /wp-cron.php?doing_wp_cron=1776361847.2979600429534912109375 HTTP/1.1" 200 448 "-" "WordPress/6.3.8; https://serhatburke.miroglu.net"
172.86.76.182 - - [16/Apr/2026:20:50:35 +0300] "GET /beste-casino-site-belgie-hoge-inzet/ HTTP/1.1" 200 18595 "https://serhatburke.miroglu.net/" "Mozilla/5.0 (Windows NT 10.0; Win64; x64) AppleWebKit/537.36 (KHTML, like Gecko) Chrome/114.0.0.0 Safari/537.36"
172.86.76.182 - - [16/Apr/2026:20:50:49 +0300] "GET /wp-includes/css/dist/block-library/style.min.css?ver=6.3.8 HTTP/1.1" 200 13578 "https://serhatburke.miroglu.net/beste-casino-site-belgie-hoge-inzet/" "Mozilla/5.0 (Windows NT 10.0; Win64; x64) AppleWebKit/537.36 (KHTML, like Gecko) Chrome/143.0.0.0 Safari/537.36"
172.86.76.182 - - [16/Apr/2026:20:50:50 +0300] "GET /wp-content/plugins/contact-form-7/includes/css/styles.css?ver=5.8 HTTP/1.1" 200 1490 "https://serhatburke.miroglu.net/beste-casino-site-belgie-hoge-inzet/" "Mozilla/5.0 (Windows NT 10.0; Win64; x64) AppleWebKit/537.36 (KHTML, like Gecko) Chrome/143.0.0.0 Safari/537.36"
172.86.76.182 - - [16/Apr/2026:20:50:52 +0300] "GET /wp-content/themes/toppic/css/fontello.css?ver=4.2 HTTP/1.1" 200 1802 "https://serhatburke.miroglu.net/beste-casino-site-belgie-hoge-inzet/" "Mozilla/5.0 (Windows NT 10.0; Win64; x64) AppleWebKit/537.36 (KHTML, like Gecko) Chrome/143.0.0.0 Safari/537.36"
172.86.76.182 - - [16/Apr/2026:20:50:53 +0300] "GET /wp-content/themes/toppic/css/reset.css?ver=4.2 HTTP/1.1" 200 1178 "https://serhatburke.miroglu.net/beste-casino-site-belgie-hoge-inzet/" "Mozilla/5.0 (Windows NT 10.0; Win64; x64) AppleWebKit/537.36 (KHTML, like Gecko) Chrome/143.0.0.0 Safari/537.36"
172.86.76.182 - - [16/Apr/2026:20:50:54 +0300] "GET /wp-content/themes/toppic/css/default.css?ver=4.2 HTTP/1.1" 200 1811 "https://serhatburke.miroglu.net/beste-casino-site-belgie-hoge-inzet/" "Mozilla/5.0 (Windows NT 10.0; Win64; x64) AppleWebKit/537.36 (KHTML, like Gecko) Chrome/143.0.0.0 Safari/537.36"
172.86.76.182 - - [16/Apr/2026:20:50:55 +0300] "GET /wp-content/themes/toppic/style.css?ver=4.2 HTTP/1.1" 200 23398 "https://serhatburke.miroglu.net/beste-casino-site-belgie-hoge-inzet/" "Mozilla/5.0 (Windows NT 10.0; Win64; x64) AppleWebKit/537.36 (KHTML, like Gecko) Chrome/143.0.0.0 Safari/537.36"
172.86.76.182 - - [16/Apr/2026:20:50:56 +0300] "GET /wp-content/themes/toppic/css/royalslider.css?ver=4.2 HTTP/1.1" 200 1887 "https://serhatburke.miroglu.net/beste-casino-site-belgie-hoge-inzet/" "Mozilla/5.0 (Windows NT 10.0; Win64; x64) AppleWebKit/537.36 (KHTML, like Gecko) Chrome/143.0.0.0 Safari/537.36"
172.86.76.182 - - [16/Apr/2026:20:50:57 +0300] "GET /wp-content/themes/toppic/css/rs-default.css?ver=4.2 HTTP/1.1" 200 2625 "https://serhatburke.miroglu.net/beste-casino-site-belgie-hoge-inzet/" "Mozilla/5.0 (Windows NT 10.0; Win64; x64) AppleWebKit/537.36 (KHTML, like Gecko) Chrome/143.0.0.0 Safari/537.36"
172.86.76.182 - - [16/Apr/2026:20:50:58 +0300] "GET /wp-content/themes/toppic/css/lightbox.css?ver=4.2 HTTP/1.1" 200 2956 "https://serhatburke.miroglu.net/beste-casino-site-belgie-hoge-inzet/" "Mozilla/5.0 (Windows NT 10.0; Win64; x64) AppleWebKit/537.36 (KHTML, like Gecko) Chrome/143.0.0.0 Safari/537.36"
172.86.76.182 - - [16/Apr/2026:20:50:58 +0300] "GET /wp-content/themes/toppic/css/woocommerce.css?ver=4.2 HTTP/1.1" 200 2848 "https://serhatburke.miroglu.net/beste-casino-site-belgie-hoge-inzet/" "Mozilla/5.0 (Windows NT 10.0; Win64; x64) AppleWebKit/537.36 (KHTML, like Gecko) Chrome/143.0.0.0 Safari/537.36"
172.86.76.182 - - [16/Apr/2026:20:50:59 +0300] "GET /wp-content/themes/toppic/css/responsive.css?ver=4.2 HTTP/1.1" 200 2796 "https://serhatburke.miroglu.net/beste-casino-site-belgie-hoge-inzet/" "Mozilla/5.0 (Windows NT 10.0; Win64; x64) AppleWebKit/537.36 (KHTML, like Gecko) Chrome/143.0.0.0 Safari/537.36"
172.86.76.182 - - [16/Apr/2026:20:51:00 +0300] "POST /wp-comments-post.php HTTP/1.1" 302 1083 "https://serhatburke.miroglu.net/beste-casino-site-belgie-hoge-inzet/" "Mozilla/5.0 (Windows NT 10.0; Win64; x64) AppleWebKit/537.36 (KHTML, like Gecko) Chrome/114.0.0.0 Safari/537.36"
172.86.76.182 - - [16/Apr/2026:20:51:14 +0300] "GET /beste-casino-site-belgie-hoge-inzet/?unapproved=416&moderation-hash=f5863bf0dcb7516c82e19792f3c84425 HTTP/1.1" 200 19056 "https://serhatburke.miroglu.net/wp-comments-post.php" "Mozilla/5.0 (Windows NT 10.0; Win64; x64) AppleWebKit/537.36 (KHTML, like Gecko) Chrome/114.0.0.0 Safari/537.36"
172.86.76.182 - - [16/Apr/2026:20:51:28 +0300] "GET /beste-casino-site-belgie-hoge-inzet/ HTTP/1.1" 200 18588 "-" "Mozilla/5.0 (Windows NT 10.0; Win64; x64) AppleWebKit/537.36 (KHTML, like Gecko) Chrome/114.0.0.0 Safari/537.36"
185.216.113.70 - - [16/Apr/2026:20:52:20 +0300] "POST /wp-cron.php?doing_wp_cron=1776361940.7755279541015625000000 HTTP/1.1" 200 448 "-" "WordPress/6.3.8; https://serhatburke.miroglu.net"
103.219.169.211 - - [16/Apr/2026:20:52:08 +0300] "POST /xmlrpc.php HTTP/1.1" 200 630 "-" "Mozilla/5.0 (Windows NT 10.0; Win64; x64) AppleWebKit/537.36 (KHTML, like Gecko) Chrome/114.0.0.0 Safari/537.36"
103.219.169.211 - - [16/Apr/2026:20:52:27 +0300] "POST /xmlrpc.php HTTP/1.1" 200 16423 "-" "Mozilla/5.0 (Windows NT 10.0; Win64; x64) AppleWebKit/537.36 (KHTML, like Gecko) Chrome/114.0.0.0 Safari/537.36"
185.216.113.70 - - [16/Apr/2026:20:52:48 +0300] "POST /wp-cron.php?doing_wp_cron=1776361968.1855239868164062500000 HTTP/1.1" 200 448 "-" "WordPress/6.3.8; https://serhatburke.miroglu.net"
172.86.76.182 - - [16/Apr/2026:20:52:35 +0300] "GET /beste-casino-site-belgie-hoge-inzet/ HTTP/1.1" 200 18727 "-" "Mozilla/5.0 (Windows NT 10.0; Win64; x64) AppleWebKit/537.36 (KHTML, like Gecko) Chrome/114.0.0.0 Safari/537.36"
103.219.169.211 - - [16/Apr/2026:20:52:42 +0300] "GET /freispiele-exklusive-nutzliche-quelle-einzahlung-2026-spielbank-gebuhrenfrei-spins-in-anmeldung/ HTTP/1.1" 200 79049 "-" "Mozilla/5.0 (Windows NT 10.0; rv:125.0) Gecko/20100101 Firefox/125.0"
185.216.113.70 - - [16/Apr/2026:20:55:26 +0300] "POST /wp-cron.php?doing_wp_cron=1776362126.7229020595550537109375 HTTP/1.1" 200 448 "-" "WordPress/6.3.8; https://serhatburke.miroglu.net"
103.219.169.167 - - [16/Apr/2026:20:55:13 +0300] "POST /xmlrpc.php HTTP/1.1" 200 630 "-" "Mozilla/5.0 (Windows NT 10.0; Win64; x64) AppleWebKit/537.36 (KHTML, like Gecko) Chrome/114.0.0.0 Safari/537.36"
103.219.169.167 - - [16/Apr/2026:20:55:33 +0300] "POST /xmlrpc.php HTTP/1.1" 200 15854 "-" "Mozilla/5.0 (Windows NT 10.0; Win64; x64) AppleWebKit/537.36 (KHTML, like Gecko) Chrome/114.0.0.0 Safari/537.36"
103.219.169.167 - - [16/Apr/2026:20:55:50 +0300] "GET /angeschlossen-spielsaal-provision-blos-einzahlung-erster-monat-lucky-leprechaun-spielstellen-des-jahres-2026-allemal-ferner-kostenlos-booten/ HTTP/1.1" 200 79641 "-" "Mozilla/5.0 (Windows NT 10.0; Win64; x64) AppleWebKit/537.36 (KHTML, like Gecko) Chrome/123.0.0.0 Safari/537.36 OPR/109.0.0.0"
103.219.169.167 - - [16/Apr/2026:20:56:13 +0300] "POST /xmlrpc.php HTTP/1.1" 200 630 "-" "Mozilla/5.0 (Windows NT 10.0; Win64; x64) AppleWebKit/537.36 (KHTML, like Gecko) Chrome/114.0.0.0 Safari/537.36"
185.216.113.70 - - [16/Apr/2026:20:56:44 +0300] "POST /wp-cron.php?doing_wp_cron=1776362204.3750839233398437500000 HTTP/1.1" 200 448 "-" "WordPress/6.3.8; https://serhatburke.miroglu.net"
103.219.169.167 - - [16/Apr/2026:20:56:32 +0300] "POST /xmlrpc.php HTTP/1.1" 200 15713 "-" "Mozilla/5.0 (Windows NT 10.0; Win64; x64) AppleWebKit/537.36 (KHTML, like Gecko) Chrome/114.0.0.0 Safari/537.36"
103.219.169.167 - - [16/Apr/2026:20:56:45 +0300] "GET /50-freispiele-exklusive-einzahlung-sofort-erhaltlich-lucky-sweets-angebote-im-dritter-monat-des-jahres-2026/ HTTP/1.1" 200 78383 "-" "Mozilla/5.0 (Windows NT 10.0; Win64; x64; rv:124.0) Gecko/20100101 Firefox/124.0"
103.219.169.167 - - [16/Apr/2026:20:57:12 +0300] "POST /xmlrpc.php HTTP/1.1" 200 630 "-" "Mozilla/5.0 (Windows NT 10.0; Win64; x64) AppleWebKit/537.36 (KHTML, like Gecko) Chrome/114.0.0.0 Safari/537.36"
185.216.113.70 - - [16/Apr/2026:20:57:43 +0300] "POST /wp-cron.php?doing_wp_cron=1776362263.0834119319915771484375 HTTP/1.1" 200 448 "-" "WordPress/6.3.8; https://serhatburke.miroglu.net"
103.219.169.167 - - [16/Apr/2026:20:57:30 +0300] "POST /xmlrpc.php HTTP/1.1" 200 16838 "-" "Mozilla/5.0 (Windows NT 10.0; Win64; x64) AppleWebKit/537.36 (KHTML, like Gecko) Chrome/114.0.0.0 Safari/537.36"
103.219.169.167 - - [16/Apr/2026:20:57:44 +0300] "GET /online-spielhalle-provision-blos-barbarian-treasures-keine-einzahlung-einzahlung-diese-besten-angebote/ HTTP/1.1" 200 79341 "-" "Mozilla/5.0 (Windows NT 10.0; Win64; x64) AppleWebKit/537.36 (KHTML, like Gecko) Chrome/124.0.0.0 Safari/537.36"
103.219.169.167 - - [16/Apr/2026:20:58:10 +0300] "POST /xmlrpc.php HTTP/1.1" 200 630 "-" "Mozilla/5.0 (Windows NT 10.0; Win64; x64) AppleWebKit/537.36 (KHTML, like Gecko) Chrome/114.0.0.0 Safari/537.36"
185.216.113.70 - - [16/Apr/2026:20:58:41 +0300] "POST /wp-cron.php?doing_wp_cron=1776362321.7421560287475585937500 HTTP/1.1" 200 448 "-" "WordPress/6.3.8; https://serhatburke.miroglu.net"
103.219.169.167 - - [16/Apr/2026:20:58:29 +0300] "POST /xmlrpc.php HTTP/1.1" 200 15182 "-" "Mozilla/5.0 (Windows NT 10.0; Win64; x64) AppleWebKit/537.36 (KHTML, like Gecko) Chrome/114.0.0.0 Safari/537.36"
103.219.169.167 - - [16/Apr/2026:20:58:43 +0300] "GET /sepa-casino-die-besten-royal-cash-slot-online-casinos-die-sepa-gewohnen/ HTTP/1.1" 200 77017 "-" "Mozilla/5.0 (Windows NT 10.0; rv:125.0) Gecko/20100101 Firefox/125.0"
103.219.169.167 - - [16/Apr/2026:20:59:10 +0300] "POST /xmlrpc.php HTTP/1.1" 200 630 "-" "Mozilla/5.0 (Windows NT 10.0; Win64; x64) AppleWebKit/537.36 (KHTML, like Gecko) Chrome/114.0.0.0 Safari/537.36"
185.216.113.70 - - [16/Apr/2026:20:59:43 +0300] "POST /wp-cron.php?doing_wp_cron=1776362383.5399260520935058593750 HTTP/1.1" 200 448 "-" "WordPress/6.3.8; https://serhatburke.miroglu.net"
103.219.169.167 - - [16/Apr/2026:20:59:27 +0300] "POST /xmlrpc.php HTTP/1.1" 200 16553 "-" "Mozilla/5.0 (Windows NT 10.0; Win64; x64) AppleWebKit/537.36 (KHTML, like Gecko) Chrome/114.0.0.0 Safari/537.36"
103.219.169.167 - - [16/Apr/2026:20:59:45 +0300] "GET /lastschrift-spielsaal-diesen-link-drucken-verbunden-kasino-uber-sepa-lastschrift-2026/ HTTP/1.1" 200 78669 "-" "Mozilla/5.0 (Windows NT 10.0; Win64; x64) AppleWebKit/537.36 (KHTML, like Gecko) Chrome/124.0.0.0 Safari/537.36 Edg/124.0.0.0"
103.219.169.167 - - [16/Apr/2026:21:00:05 +0300] "POST /xmlrpc.php HTTP/1.1" 200 630 "-" "Mozilla/5.0 (Windows NT 10.0; Win64; x64) AppleWebKit/537.36 (KHTML, like Gecko) Chrome/114.0.0.0 Safari/537.36"
185.216.113.70 - - [16/Apr/2026:21:00:38 +0300] "POST /wp-cron.php?doing_wp_cron=1776362438.6151430606842041015625 HTTP/1.1" 200 448 "-" "WordPress/6.3.8; https://serhatburke.miroglu.net"
103.219.169.167 - - [16/Apr/2026:21:00:24 +0300] "POST /xmlrpc.php HTTP/1.1" 200 16534 "-" "Mozilla/5.0 (Windows NT 10.0; Win64; x64) AppleWebKit/537.36 (KHTML, like Gecko) Chrome/114.0.0.0 Safari/537.36"
103.219.169.167 - - [16/Apr/2026:21:00:40 +0300] "GET /cadoola-spielbank-registrierung-unter-anderem-zugang-je-spieler-as-part-grand-fruits-slot-of-osterreich/ HTTP/1.1" 200 78972 "-" "Mozilla/5.0 (Windows NT 10.0; Win64; x64) AppleWebKit/537.36 (KHTML, like Gecko) Chrome/123.0.0.0 Safari/537.36"
103.219.169.167 - - [16/Apr/2026:21:01:01 +0300] "POST /xmlrpc.php HTTP/1.1" 200 630 "-" "Mozilla/5.0 (Windows NT 10.0; Win64; x64) AppleWebKit/537.36 (KHTML, like Gecko) Chrome/114.0.0.0 Safari/537.36"
185.216.113.70 - - [16/Apr/2026:21:01:34 +0300] "POST /wp-cron.php?doing_wp_cron=1776362494.6149210929870605468750 HTTP/1.1" 200 448 "-" "WordPress/6.3.8; https://serhatburke.miroglu.net"
103.219.169.167 - - [16/Apr/2026:21:01:19 +0300] "POST /xmlrpc.php HTTP/1.1" 200 16373 "-" "Mozilla/5.0 (Windows NT 10.0; Win64; x64) AppleWebKit/537.36 (KHTML, like Gecko) Chrome/114.0.0.0 Safari/537.36"
17.246.19.154 - - [16/Apr/2026:21:01:24 +0300] "GET /robots.txt HTTP/1.1" 200 642 "-" "Mozilla/5.0 (Macintosh; Intel Mac OS X 10_15_7) AppleWebKit/605.1.15 (KHTML, like Gecko) Version/17.4 Safari/605.1.15 (Applebot/0.1; +http://www.apple.com/go/applebot)"
17.246.23.113 - - [16/Apr/2026:21:01:26 +0300] "GET /robots.txt HTTP/1.1" 200 642 "-" "Mozilla/5.0 (Macintosh; Intel Mac OS X 10_15_7) AppleWebKit/605.1.15 (KHTML, like Gecko) Version/17.4 Safari/605.1.15 (Applebot/0.1; +http://www.apple.com/go/applebot)"
103.219.169.167 - - [16/Apr/2026:21:01:36 +0300] "GET /mobile-spielbank-bestes-casino-rapid-reels-natel-casino-unter-einsatz-von-pramie-888-spielbank/ HTTP/1.1" 200 78583 "-" "Mozilla/5.0 (Windows NT 10.0; Win64; x64) AppleWebKit/537.36 (KHTML, like Gecko) Chrome/124.0.0.0 Safari/537.36"
17.246.19.154 - - [16/Apr/2026:21:01:44 +0300] "GET /1win-casino-complete-review-and-overview448/ HTTP/1.1" 200 20753 "-" "Mozilla/5.0 (Macintosh; Intel Mac OS X 10_15_7) AppleWebKit/605.1.15 (KHTML, like Gecko) Version/17.4 Safari/605.1.15 (Applebot/0.1; +http://www.apple.com/go/applebot)"
17.246.23.113 - - [16/Apr/2026:21:01:46 +0300] "GET /die-10-casino-slotty-vegas-bewertungen-besten-echtgeld-casinos-religious-echtes-geld-obsiegen/ HTTP/1.1" 200 22411 "-" "Mozilla/5.0 (Macintosh; Intel Mac OS X 10_15_7) AppleWebKit/605.1.15 (KHTML, like Gecko) Version/17.4 Safari/605.1.15 (Applebot/0.1; +http://www.apple.com/go/applebot)"
103.219.169.167 - - [16/Apr/2026:21:02:05 +0300] "POST /xmlrpc.php HTTP/1.1" 200 630 "-" "Mozilla/5.0 (Windows NT 10.0; Win64; x64) AppleWebKit/537.36 (KHTML, like Gecko) Chrome/114.0.0.0 Safari/537.36"
103.219.169.167 - - [16/Apr/2026:21:02:24 +0300] "POST /xmlrpc.php HTTP/1.1" 200 16661 "-" "Mozilla/5.0 (Windows NT 10.0; Win64; x64) AppleWebKit/537.36 (KHTML, like Gecko) Chrome/114.0.0.0 Safari/537.36"
103.219.169.167 - - [16/Apr/2026:21:02:40 +0300] "GET /diese-besten-echtgeld-casinos-um-echtes-piepen-ernsthaft-the-power-of-ankh-slot-bonus-spielen-2026/ HTTP/1.1" 200 78889 "-" "Mozilla/5.0 (Windows NT 10.0; Win64; x64; rv:124.0) Gecko/20100101 Firefox/124.0"
103.219.169.167 - - [16/Apr/2026:21:03:11 +0300] "POST /xmlrpc.php HTTP/1.1" 200 630 "-" "Mozilla/5.0 (Windows NT 10.0; Win64; x64) AppleWebKit/537.36 (KHTML, like Gecko) Chrome/114.0.0.0 Safari/537.36"
185.216.113.70 - - [16/Apr/2026:21:03:44 +0300] "POST /wp-cron.php?doing_wp_cron=1776362624.0236020088195800781250 HTTP/1.1" 200 448 "-" "WordPress/6.3.8; https://serhatburke.miroglu.net"
103.219.169.167 - - [16/Apr/2026:21:03:30 +0300] "POST /xmlrpc.php HTTP/1.1" 200 15605 "-" "Mozilla/5.0 (Windows NT 10.0; Win64; x64) AppleWebKit/537.36 (KHTML, like Gecko) Chrome/114.0.0.0 Safari/537.36"
103.219.169.167 - - [16/Apr/2026:21:03:45 +0300] "GET /verbunden-spielbank-bonus-exklusive-einzahlung-2026-casino-timber-jack-no-vorleistung-maklercourtage/ HTTP/1.1" 200 77756 "-" "Mozilla/5.0 (Windows NT 10.0; rv:109.0) Gecko/20100101 Firefox/115.0"
