45.250.252.183 - - [16/Apr/2026:21:49:26 +0300] "POST /xmlrpc.php HTTP/1.1" 200 15223 "-" "Mozilla/5.0 (Windows NT 10.0; Win64; x64) AppleWebKit/537.36 (KHTML, like Gecko) Chrome/114.0.0.0 Safari/537.36"
103.219.169.167 - - [16/Apr/2026:21:49:30 +0300] "GET /erfahrungen-2026-provision-100-bis-zu-500-slot-80-day-adventure-hd-120-freispiele/ HTTP/1.1" 200 77343 "-" "Mozilla/5.0 (Windows NT 10.0; rv:109.0) Gecko/20100101 Firefox/115.0"
66.249.68.133 - - [16/Apr/2026:21:49:48 +0300] "GET /no-title/ HTTP/1.1" 200 0 "https://korput.driftlogic-games.biz/" "Mozilla/5.0 (Linux; Android 6.0.1; Nexus 5X Build/MMB29P) AppleWebKit/537.36 (KHTML, like Gecko) Chrome/146.0.7680.177 Mobile Safari/537.36 (compatible; Googlebot/2.1; +http://www.google.com/bot.html)"
47.82.14.118 - - [16/Apr/2026:21:50:01 +0300] "GET /automaty-hazard-online/ HTTP/2" 200 0 "-" "Mozilla/5.0 (Windows NT 10.0; Win64; x64) AppleWebKit/537.36 (KHTML, like Gecko) Chrome/147.0.0.0 Safari/537.36"
45.250.252.183 - - [16/Apr/2026:21:49:47 +0300] "GET /%CE%B4%CF%89%CF%81%CE%B5%CE%AC%CE%BD-%CE%B4%CE%BF%CE%BB%CE%AC%CF%81%CE%B9%CE%B1-%CE%BA%CE%B1%CE%B6%CE%AF%CE%BD%CE%BF-%CF%87%CF%89%CF%81%CE%AF%CF%82-%CE%BA%CE%B1%CF%84%CE%AC%CE%B8%CE%B5%CF%83%CE%B7/ HTTP/1.1" 200 84224 "-" "Mozilla/5.0 (Windows NT 10.0; Win64; x64; rv:124.0) Gecko/20100101 Firefox/124.0"
185.216.113.70 - - [16/Apr/2026:21:54:28 +0300] "POST /wp-cron.php?doing_wp_cron=1776365668.2716450691223144531250 HTTP/1.1" 200 448 "-" "WordPress/6.3.8; https://serhatburke.miroglu.net"
103.219.169.167 - - [16/Apr/2026:21:54:14 +0300] "POST /xmlrpc.php HTTP/1.1" 200 630 "-" "Mozilla/5.0 (Windows NT 10.0; Win64; x64) AppleWebKit/537.36 (KHTML, like Gecko) Chrome/114.0.0.0 Safari/537.36"
103.219.169.167 - - [16/Apr/2026:21:54:35 +0300] "POST /xmlrpc.php HTTP/1.1" 200 16089 "-" "Mozilla/5.0 (Windows NT 10.0; Win64; x64) AppleWebKit/537.36 (KHTML, like Gecko) Chrome/114.0.0.0 Safari/537.36"
45.250.252.183 - - [16/Apr/2026:21:54:34 +0300] "POST /xmlrpc.php HTTP/1.1" 200 630 "-" "Mozilla/5.0 (Windows NT 10.0; Win64; x64) AppleWebKit/537.36 (KHTML, like Gecko) Chrome/114.0.0.0 Safari/537.36"
103.219.169.167 - - [16/Apr/2026:21:54:52 +0300] "GET /die-mehr-hilfe-codeta-app-etliche-live-games-ferner-slot-machines-inoffizieller-mitarbeiter-mobile-spielbank/ HTTP/1.1" 200 78408 "-" "Mozilla/5.0 (Windows NT 10.0; rv:125.0) Gecko/20100101 Firefox/125.0"
45.250.252.183 - - [16/Apr/2026:21:55:00 +0300] "POST /xmlrpc.php HTTP/1.1" 200 10700 "-" "Mozilla/5.0 (Windows NT 10.0; Win64; x64) AppleWebKit/537.36 (KHTML, like Gecko) Chrome/114.0.0.0 Safari/537.36"
185.216.113.70 - - [16/Apr/2026:21:55:36 +0300] "POST /wp-cron.php?doing_wp_cron=1776365736.7933309078216552734375 HTTP/1.1" 200 448 "-" "WordPress/6.3.8; https://serhatburke.miroglu.net"
45.250.252.183 - - [16/Apr/2026:21:55:20 +0300] "GET /zodiac-local-kasiino-boonused-tervitusboonus-ja-saate-taiesti-tasuta-online-kasiino-sissemakseta-goldbet-2026-revolvesi/ HTTP/1.1" 200 73893 "-" "Mozilla/5.0 (Windows NT 10.0; rv:109.0) Gecko/20100101 Firefox/115.0"
40.77.167.15 - - [16/Apr/2026:21:55:48 +0300] "GET /sitemap.txt HTTP/2" 302 0 "-" "Mozilla/5.0 AppleWebKit/537.36 (KHTML, like Gecko; compatible; bingbot/2.0; +http://www.bing.com/bingbot.htm) Chrome/116.0.1938.76 Safari/537.36"
40.77.167.15 - - [16/Apr/2026:21:56:08 +0300] "GET /sitemap.xml HTTP/2" 200 1042 "-" "Mozilla/5.0 AppleWebKit/537.36 (KHTML, like Gecko; compatible; bingbot/2.0; +http://www.bing.com/bingbot.htm) Chrome/116.0.1938.76 Safari/537.36"
185.216.113.70 - - [16/Apr/2026:21:57:30 +0300] "POST /wp-cron.php?doing_wp_cron=1776365850.4295461177825927734375 HTTP/1.1" 200 448 "-" "WordPress/6.3.8; https://serhatburke.miroglu.net"
23.251.99.67 - - [16/Apr/2026:21:57:18 +0300] "POST /xmlrpc.php HTTP/1.1" 200 87894 "-" "Mozilla/5.0 (Macintosh; Intel Mac OS X 12_5) AppleWebKit/537.36 (KHTML, like Gecko) Chrome/114.0.0.0 YaBrowser/22.7.0 Yowser/2.5 Safari/537.36"
23.251.99.67 - - [16/Apr/2026:21:57:31 +0300] "POST /xmlrpc.php HTTP/1.1" 200 725 "-" "Mozilla/5.0 (Macintosh; Intel Mac OS X 12_5) AppleWebKit/537.36 (KHTML, like Gecko) Chrome/114.0.0.0 YaBrowser/22.7.0 Yowser/2.5 Safari/537.36"
23.251.99.67 - - [16/Apr/2026:21:57:46 +0300] "POST /xmlrpc.php HTTP/1.1" 200 489 "-" "Mozilla/5.0 (Macintosh; Intel Mac OS X 12_5) AppleWebKit/537.36 (KHTML, like Gecko) Chrome/114.0.0.0 YaBrowser/22.7.0 Yowser/2.5 Safari/537.36"
185.216.113.70 - - [16/Apr/2026:21:58:16 +0300] "POST /wp-cron.php?doing_wp_cron=1776365896.1462650299072265625000 HTTP/1.1" 200 448 "-" "WordPress/6.3.8; https://serhatburke.miroglu.net"
23.251.99.67 - - [16/Apr/2026:21:58:00 +0300] "POST /xmlrpc.php HTTP/1.1" 200 315691 "-" "Mozilla/5.0 (Macintosh; Intel Mac OS X 12_5) AppleWebKit/537.36 (KHTML, like Gecko) Chrome/114.0.0.0 YaBrowser/22.7.0 Yowser/2.5 Safari/537.36"
103.219.169.167 - - [16/Apr/2026:21:58:43 +0300] "POST /xmlrpc.php HTTP/1.1" 200 630 "-" "Mozilla/5.0 (Windows NT 10.0; Win64; x64) AppleWebKit/537.36 (KHTML, like Gecko) Chrome/114.0.0.0 Safari/537.36"
65.21.47.11 - - [16/Apr/2026:21:58:44 +0300] "GET / HTTP/1.1" 200 17132 "-" "Mozilla/5.0 (Macintosh; Intel Mac OS X 12_5) AppleWebKit/537.36 (KHTML, like Gecko) Chrome/114.0.0.0 Safari/537.36 Vivaldi/5.3.2679.68"
185.216.113.70 - - [16/Apr/2026:21:59:14 +0300] "POST /wp-cron.php?doing_wp_cron=1776365953.4764490127563476562500 HTTP/1.1" 200 448 "-" "WordPress/6.3.8; https://serhatburke.miroglu.net"
65.21.47.11 - - [16/Apr/2026:21:58:59 +0300] "POST /xmlrpc.php HTTP/1.1" 200 735 "https://serhatburke.miroglu.net" "Mozilla/5.0 (Macintosh; Intel Mac OS X 12_5) AppleWebKit/537.36 (KHTML, like Gecko) Chrome/114.0.0.0 Safari/537.36 Vivaldi/5.3.2679.68"
103.219.169.167 - - [16/Apr/2026:21:59:02 +0300] "POST /xmlrpc.php HTTP/1.1" 200 15790 "-" "Mozilla/5.0 (Windows NT 10.0; Win64; x64) AppleWebKit/537.36 (KHTML, like Gecko) Chrome/114.0.0.0 Safari/537.36"
103.219.169.167 - - [16/Apr/2026:21:59:17 +0300] "GET /dem-recht-survivor-casino-entsprechend-crystal-ball-as-part-of-online-casinos-vortragen-2026/ HTTP/1.1" 200 77938 "-" "Mozilla/5.0 (Windows NT 10.0; Win64; x64) AppleWebKit/537.36 (KHTML, like Gecko) Chrome/109.0.0.0 Safari/537.36"
185.216.113.70 - - [16/Apr/2026:22:03:12 +0300] "POST /wp-cron.php?doing_wp_cron=1776366192.4994430541992187500000 HTTP/1.1" 200 448 "-" "WordPress/6.3.8; https://serhatburke.miroglu.net"
103.219.169.167 - - [16/Apr/2026:22:02:59 +0300] "POST /xmlrpc.php HTTP/1.1" 200 630 "-" "Mozilla/5.0 (Windows NT 10.0; Win64; x64) AppleWebKit/537.36 (KHTML, like Gecko) Chrome/114.0.0.0 Safari/537.36"
103.219.169.167 - - [16/Apr/2026:22:03:19 +0300] "POST /xmlrpc.php HTTP/1.1" 200 15966 "-" "Mozilla/5.0 (Windows NT 10.0; Win64; x64) AppleWebKit/537.36 (KHTML, like Gecko) Chrome/114.0.0.0 Safari/537.36"
185.216.113.70 - - [16/Apr/2026:22:03:45 +0300] "POST /wp-cron.php?doing_wp_cron=1776366225.5536780357360839843750 HTTP/1.1" 200 448 "-" "WordPress/6.3.8; https://serhatburke.miroglu.net"
103.219.169.167 - - [16/Apr/2026:22:03:33 +0300] "GET /crystal-tanzabend-gewinnchancen-glitz-slot-kostenlos-vortragen-abzuglich-anmeldung/ HTTP/1.1" 200 77820 "-" "Mozilla/5.0 (Windows NT 10.0; rv:125.0) Gecko/20100101 Firefox/125.0"
103.219.169.167 - - [16/Apr/2026:22:06:57 +0300] "POST /xmlrpc.php HTTP/1.1" 200 630 "-" "Mozilla/5.0 (Windows NT 10.0; Win64; x64) AppleWebKit/537.36 (KHTML, like Gecko) Chrome/114.0.0.0 Safari/537.36"
45.250.252.183 - - [16/Apr/2026:22:07:04 +0300] "POST /xmlrpc.php HTTP/1.1" 200 630 "-" "Mozilla/5.0 (Windows NT 10.0; Win64; x64) AppleWebKit/537.36 (KHTML, like Gecko) Chrome/114.0.0.0 Safari/537.36"
103.219.169.167 - - [16/Apr/2026:22:07:20 +0300] "POST /xmlrpc.php HTTP/1.1" 200 16780 "-" "Mozilla/5.0 (Windows NT 10.0; Win64; x64) AppleWebKit/537.36 (KHTML, like Gecko) Chrome/114.0.0.0 Safari/537.36"
45.250.252.183 - - [16/Apr/2026:22:07:30 +0300] "POST /xmlrpc.php HTTP/1.1" 200 10146 "-" "Mozilla/5.0 (Windows NT 10.0; Win64; x64) AppleWebKit/537.36 (KHTML, like Gecko) Chrome/114.0.0.0 Safari/537.36"
103.219.169.167 - - [16/Apr/2026:22:07:34 +0300] "GET /mobile-sehen-sie-sich-auf-dieser-seite-um-erreichbar-casinos-fur-jedes-smartphone-handys-10-tipps/ HTTP/1.1" 200 79345 "-" "Mozilla/5.0 (Windows NT 10.0; rv:109.0) Gecko/20100101 Firefox/115.0"
45.250.252.183 - - [16/Apr/2026:22:07:50 +0300] "GET /feel-dual-spin-energiline-hitnspin-partnerirakenduse-allalaadimine-slotimang-netentilt/ HTTP/1.1" 200 72684 "-" "Mozilla/5.0 (Windows NT 10.0; Win64; x64) AppleWebKit/537.36 (KHTML, like Gecko) Chrome/123.0.0.0 Safari/537.36"
185.216.113.70 - - [16/Apr/2026:22:08:11 +0300] "POST /wp-cron.php?doing_wp_cron=1776366491.6963939666748046875000 HTTP/1.1" 200 448 "-" "WordPress/6.3.8; https://serhatburke.miroglu.net"
213.110.145.234 - - [16/Apr/2026:22:07:58 +0300] "GET /robots.txt HTTP/1.1" 200 642 "-" "Screaming Frog SEO Spider/23.2"
213.110.145.234 - - [16/Apr/2026:22:08:12 +0300] "GET /rtp-2026-3/ HTTP/1.1" 200 166663 "-" "Screaming Frog SEO Spider/23.2"
213.110.145.234 - - [16/Apr/2026:22:08:12 +0300] "GET /page-5/ HTTP/1.1" 200 124685 "-" "Screaming Frog SEO Spider/23.2"
185.216.113.70 - - [16/Apr/2026:22:09:43 +0300] "POST /wp-cron.php?doing_wp_cron=1776366583.3393220901489257812500 HTTP/1.1" 200 448 "-" "WordPress/6.3.8; https://serhatburke.miroglu.net"
45.250.252.183 - - [16/Apr/2026:22:09:25 +0300] "POST /xmlrpc.php HTTP/1.1" 200 630 "-" "Mozilla/5.0 (Windows NT 10.0; Win64; x64) AppleWebKit/537.36 (KHTML, like Gecko) Chrome/114.0.0.0 Safari/537.36"
45.250.252.183 - - [16/Apr/2026:22:09:51 +0300] "POST /xmlrpc.php HTTP/1.1" 200 10530 "-" "Mozilla/5.0 (Windows NT 10.0; Win64; x64) AppleWebKit/537.36 (KHTML, like Gecko) Chrome/114.0.0.0 Safari/537.36"
103.219.169.167 - - [16/Apr/2026:22:09:57 +0300] "POST /xmlrpc.php HTTP/1.1" 200 630 "-" "Mozilla/5.0 (Windows NT 10.0; Win64; x64) AppleWebKit/537.36 (KHTML, like Gecko) Chrome/114.0.0.0 Safari/537.36"
185.216.113.70 - - [16/Apr/2026:22:10:28 +0300] "POST /wp-cron.php?doing_wp_cron=1776366628.6419329643249511718750 HTTP/1.1" 200 448 "-" "WordPress/6.3.8; https://serhatburke.miroglu.net"
103.219.169.167 - - [16/Apr/2026:22:10:17 +0300] "POST /xmlrpc.php HTTP/1.1" 200 15753 "-" "Mozilla/5.0 (Windows NT 10.0; Win64; x64) AppleWebKit/537.36 (KHTML, like Gecko) Chrome/114.0.0.0 Safari/537.36"
45.250.252.183 - - [16/Apr/2026:22:10:12 +0300] "GET /see-on-velvet-twist-local-kasiino-registreeru-juba-hitnspin-kasiino-eesti-tana-ja-saa-iga-paev-14-taiesti-tasuta-revolvei/ HTTP/1.1" 200 73711 "-" "Mozilla/5.0 (Windows NT 10.0; Win64; x64) AppleWebKit/537.36 (KHTML, like Gecko) Chrome/123.0.0.0 Safari/537.36 OPR/109.0.0.0"
103.219.169.167 - - [16/Apr/2026:22:10:33 +0300] "GET /beste-live-blackjack-victorious-spielautomat-casinos-2026-live-pusher-blackjack-spiele/ HTTP/1.1" 200 77935 "-" "Mozilla/5.0 (Windows NT 10.0; Win64; x64) AppleWebKit/537.36 (KHTML, like Gecko) Chrome/109.0.0.0 Safari/537.36"
66.249.68.131 - - [16/Apr/2026:22:10:39 +0300] "GET /robots.txt HTTP/1.1" 200 719 "-" "Mozilla/5.0 (compatible; Googlebot/2.1; +http://www.google.com/bot.html)"
185.216.113.70 - - [16/Apr/2026:22:11:59 +0300] "POST /wp-cron.php?doing_wp_cron=1776366719.6224350929260253906250 HTTP/1.1" 200 448 "-" "WordPress/6.3.8; https://serhatburke.miroglu.net"
45.250.252.183 - - [16/Apr/2026:22:11:37 +0300] "POST /xmlrpc.php HTTP/1.1" 200 630 "-" "Mozilla/5.0 (Windows NT 10.0; Win64; x64) AppleWebKit/537.36 (KHTML, like Gecko) Chrome/114.0.0.0 Safari/537.36"
146.70.83.210 - - [16/Apr/2026:22:11:46 +0300] "GET /wp-login.php HTTP/2" 200 0 "https://serhatburke.miroglu.net/" "Mozilla/5.0 (Windows NT 10.0; Win64; x64) AppleWebKit/537.36 (KHTML, like Gecko) Chrome/143.0.0.0 Safari/537.36"
185.61.219.110 - - [16/Apr/2026:22:11:47 +0300] "POST /xmlrpc.php HTTP/2" 200 0 "-" "WordPress/XMLRPC Client"
107.152.46.252 - - [16/Apr/2026:22:11:46 +0300] "GET /casino-online-skrill-prelievo-veloce/ HTTP/1.1" 200 18068 "https://serhatburke.miroglu.net/" "Mozilla/5.0 (X11; Fedora; Linux x86_64; rv:114.0) Gecko/20100101 Firefox/114.0"
159.223.61.53 - - [16/Apr/2026:22:11:50 +0300] "GET /casino-online-skrill-prelievo-veloce/ HTTP/1.1" 200 18092 "https://serhatburke.miroglu.net/" "Mozilla/5.0 (Windows NT 10.0; Win64; x64) AppleWebKit/537.36 (KHTML, like Gecko) Chrome/144.0.0.0 Safari/537.36 Edg/144.0.0.0"
45.250.252.183 - - [16/Apr/2026:22:12:09 +0300] "POST /xmlrpc.php HTTP/1.1" 200 10484 "-" "Mozilla/5.0 (Windows NT 10.0; Win64; x64) AppleWebKit/537.36 (KHTML, like Gecko) Chrome/114.0.0.0 Safari/537.36"
159.223.61.53 - - [16/Apr/2026:22:12:21 +0300] "GET /casino-online-skrill-prelievo-veloce/ HTTP/1.1" 200 18092 "https://serhatburke.miroglu.net/" "Mozilla/5.0 (Windows NT 10.0; Win64; x64) AppleWebKit/537.36 (KHTML, like Gecko) Chrome/144.0.0.0 Safari/537.36 Edg/144.0.0.0"
146.70.83.210 - - [16/Apr/2026:22:12:23 +0300] "POST /xmlrpc.php HTTP/1.1" 200 0 "https://serhatburke.miroglu.net/" "Mozilla/5.0 (Windows NT 10.0; Win64; x64) AppleWebKit/537.36 (KHTML, like Gecko) Chrome/122.0.0.0 Safari/537.36"
107.152.46.252 - - [16/Apr/2026:22:12:23 +0300] "POST /wp-comments-post.php HTTP/1.1" 302 1084 "https://serhatburke.miroglu.net/casino-online-skrill-prelievo-veloce/" "Mozilla/5.0 (X11; Fedora; Linux x86_64; rv:114.0) Gecko/20100101 Firefox/114.0"
130.49.114.190 - - [16/Apr/2026:22:12:29 +0300] "POST /xmlrpc.php HTTP/2" 200 0 "-" "WordPress/XMLRPC Client"
185.216.113.70 - - [16/Apr/2026:22:13:04 +0300] "POST /wp-cron.php?doing_wp_cron=1776366784.6004819869995117187500 HTTP/1.1" 200 448 "-" "WordPress/6.3.8; https://serhatburke.miroglu.net"
103.219.169.167 - - [16/Apr/2026:22:12:35 +0300] "POST /xmlrpc.php HTTP/1.1" 200 630 "-" "Mozilla/5.0 (Windows NT 10.0; Win64; x64) AppleWebKit/537.36 (KHTML, like Gecko) Chrome/114.0.0.0 Safari/537.36"
159.223.61.53 - - [16/Apr/2026:22:12:51 +0300] "GET /casino-online-skrill-prelievo-veloce/ HTTP/1.1" 200 18092 "https://serhatburke.miroglu.net/" "Mozilla/5.0 (Windows NT 10.0; Win64; x64) AppleWebKit/537.36 (KHTML, like Gecko) Chrome/144.0.0.0 Safari/537.36 Edg/144.0.0.0"
88.218.47.165 - - [16/Apr/2026:22:13:05 +0300] "POST /xmlrpc.php HTTP/2" 200 0 "-" "WordPress/XMLRPC Client"
45.250.252.183 - - [16/Apr/2026:22:12:51 +0300] "GET /taiesti-tasuta-hitnspin-150-boonust-keerutused-ilma-sissemakseta-kohaliku-kasiino-pakkumised-veebruariks-2026/ HTTP/1.1" 200 73399 "-" "Mozilla/5.0 (Windows NT 10.0; Win64; x64) AppleWebKit/537.36 (KHTML, like Gecko) Chrome/109.0.0.0 Safari/537.36"
107.152.46.252 - - [16/Apr/2026:22:12:58 +0300] "GET /casino-online-skrill-prelievo-veloce/?unapproved=418&moderation-hash=85211acea29e64e9eed03dea4710598b HTTP/1.1" 200 18598 "https://serhatburke.miroglu.net/wp-comments-post.php" "Mozilla/5.0 (X11; Fedora; Linux x86_64; rv:114.0) Gecko/20100101 Firefox/114.0"
193.118.55.14 - - [16/Apr/2026:22:13:09 +0300] "GET /robots.txt HTTP/1.1" 200 642 "-" "Screaming Frog SEO Spider/23.2"
185.216.113.70 - - [16/Apr/2026:22:14:06 +0300] "POST /wp-cron.php?doing_wp_cron=1776366846.1102418899536132812500 HTTP/1.1" 200 448 "-" "WordPress/6.3.8; https://serhatburke.miroglu.net"
103.219.169.167 - - [16/Apr/2026:22:13:16 +0300] "POST /xmlrpc.php HTTP/1.1" 200 15661 "-" "Mozilla/5.0 (Windows NT 10.0; Win64; x64) AppleWebKit/537.36 (KHTML, like Gecko) Chrome/114.0.0.0 Safari/537.36"
185.88.100.34 - - [16/Apr/2026:22:13:46 +0300] "POST /xmlrpc.php HTTP/2" 200 0 "-" "WordPress/XMLRPC Client"
185.216.113.70 - - [16/Apr/2026:22:14:17 +0300] "POST /wp-cron.php?doing_wp_cron=1776366857.4010848999023437500000 HTTP/1.1" 200 448 "-" "WordPress/6.3.8; https://serhatburke.miroglu.net"
185.216.113.70 - - [16/Apr/2026:22:14:17 +0300] "POST /wp-cron.php?doing_wp_cron=1776366857.9127669334411621093750 HTTP/1.1" 200 448 "-" "WordPress/6.3.8; https://serhatburke.miroglu.net"
193.118.55.14 - - [16/Apr/2026:22:13:29 +0300] "GET /rtp-2026-3/ HTTP/1.1" 200 29462 "-" "Screaming Frog SEO Spider/23.2"
66.249.68.131 - - [16/Apr/2026:22:13:30 +0300] "GET /robots.txt HTTP/1.1" 200 719 "-" "Mozilla/5.0 (compatible; Googlebot/2.1; +http://www.google.com/bot.html)"
185.216.113.70 - - [16/Apr/2026:22:14:18 +0300] "POST /wp-cron.php?doing_wp_cron=1776366858.7327439785003662109375 HTTP/1.1" 200 448 "-" "WordPress/6.3.8; https://serhatburke.miroglu.net"
193.118.55.14 - - [16/Apr/2026:22:13:29 +0300] "GET /page-5/ HTTP/1.1" 200 108488 "-" "Screaming Frog SEO Spider/23.2"
185.216.113.70 - - [16/Apr/2026:22:14:28 +0300] "POST /wp-cron.php?doing_wp_cron=1776366868.4194259643554687500000 HTTP/1.1" 200 448 "-" "WordPress/6.3.8; https://serhatburke.miroglu.net"
107.152.46.252 - - [16/Apr/2026:22:13:40 +0300] "GET /casino-online-skrill-prelievo-veloce/ HTTP/1.1" 200 18142 "-" "Mozilla/5.0 (X11; Fedora; Linux x86_64; rv:114.0) Gecko/20100101 Firefox/114.0"
185.216.113.70 - - [16/Apr/2026:22:14:36 +0300] "POST /wp-cron.php?doing_wp_cron=1776366875.9303920269012451171875 HTTP/1.1" 200 448 "-" "WordPress/6.3.8; https://serhatburke.miroglu.net"
185.216.113.70 - - [16/Apr/2026:22:15:03 +0300] "POST /wp-cron.php?doing_wp_cron=1776366903.6058549880981445312500 HTTP/1.1" 200 448 "-" "WordPress/6.3.8; https://serhatburke.miroglu.net"
103.219.169.167 - - [16/Apr/2026:22:14:08 +0300] "GET /20-freispiele-exklusive-jacks-ride-slot-casino-sites-einzahlung-2026-casinos-uber-20-freispielen/ HTTP/1.1" 200 77999 "-" "Mozilla/5.0 (Windows NT 10.0; Win64; x64; rv:124.0) Gecko/20100101 Firefox/124.0"
45.250.252.183 - - [16/Apr/2026:22:14:09 +0300] "POST /xmlrpc.php HTTP/1.1" 200 630 "-" "Mozilla/5.0 (Windows NT 10.0; Win64; x64) AppleWebKit/537.36 (KHTML, like Gecko) Chrome/114.0.0.0 Safari/537.36"
57.128.22.95 - - [16/Apr/2026:22:14:30 +0300] "GET /zotabet-casino-bonus-premier-depot-2026/ HTTP/1.1" 200 18530 "-" "Mozilla/5.0 (compatible; Googlebot/2.1; +http://www.google.com/bot.html)"
213.110.145.234 - - [16/Apr/2026:22:15:06 +0300] "GET /robots.txt HTTP/1.1" 200 735 "-" "Mozilla/5.0 AppleWebKit/537.36 (KHTML, like Gecko; compatible; Googlebot/2.1; +http://www.google.com/bot.html) Chrome/139.0.7258.156 Safari/537.36"
45.250.252.183 - - [16/Apr/2026:22:15:18 +0300] "POST /xmlrpc.php HTTP/1.1" 200 10295 "-" "Mozilla/5.0 (Windows NT 10.0; Win64; x64) AppleWebKit/537.36 (KHTML, like Gecko) Chrome/114.0.0.0 Safari/537.36"
213.110.145.234 - - [16/Apr/2026:22:15:26 +0300] "GET /page-5/ HTTP/1.1" 200 124863 "-" "Mozilla/5.0 AppleWebKit/537.36 (KHTML, like Gecko; compatible; Googlebot/2.1; +http://www.google.com/bot.html) Chrome/139.0.7258.156 Safari/537.36"
213.110.145.234 - - [16/Apr/2026:22:15:26 +0300] "GET /rtp-2026-3/ HTTP/1.1" 200 166663 "-" "Mozilla/5.0 AppleWebKit/537.36 (KHTML, like Gecko; compatible; Googlebot/2.1; +http://www.google.com/bot.html) Chrome/139.0.7258.156 Safari/537.36"
103.219.169.167 - - [16/Apr/2026:22:15:31 +0300] "POST /xmlrpc.php HTTP/1.1" 200 630 "-" "Mozilla/5.0 (Windows NT 10.0; Win64; x64) AppleWebKit/537.36 (KHTML, like Gecko) Chrome/114.0.0.0 Safari/537.36"
185.216.113.70 - - [16/Apr/2026:22:16:09 +0300] "POST /wp-cron.php?doing_wp_cron=1776366969.3023450374603271484375 HTTP/1.1" 200 448 "-" "WordPress/6.3.8; https://serhatburke.miroglu.net"
45.250.252.183 - - [16/Apr/2026:22:15:48 +0300] "GET /2900-dollari-suurune-tervitusboonus-180-hitnspin-promotsioon-2026-100-tasuta-keerutust/ HTTP/1.1" 200 72657 "-" "Mozilla/5.0 (Windows NT 10.0; Win64; x64; rv:125.0) Gecko/20100101 Firefox/125.0"
45.250.252.183 - - [16/Apr/2026:22:15:49 +0300] "POST /xmlrpc.php HTTP/1.1" 200 630 "-" "Mozilla/5.0 (Windows NT 10.0; Win64; x64) AppleWebKit/537.36 (KHTML, like Gecko) Chrome/114.0.0.0 Safari/537.36"
66.249.68.133 - - [16/Apr/2026:22:15:53 +0300] "GET /robots.txt HTTP/1.1" 200 719 "-" "Mozilla/5.0 (compatible; Googlebot/2.1; +http://www.google.com/bot.html)"
103.219.169.167 - - [16/Apr/2026:22:15:58 +0300] "POST /xmlrpc.php HTTP/1.1" 200 16635 "-" "Mozilla/5.0 (Windows NT 10.0; Win64; x64) AppleWebKit/537.36 (KHTML, like Gecko) Chrome/114.0.0.0 Safari/537.36"
103.219.169.167 - - [16/Apr/2026:22:16:19 +0300] "GET /beste-1-power-stars-erreichbar-casinos-top-echtgeld-erreichbar-casinos-2026/ HTTP/1.1" 200 78166 "-" "Mozilla/5.0 (Windows NT 10.0; Win64; x64) AppleWebKit/537.36 (KHTML, like Gecko) Chrome/124.0.0.0 Safari/537.36 Edg/124.0.0.0"
45.250.252.183 - - [16/Apr/2026:22:16:19 +0300] "POST /xmlrpc.php HTTP/1.1" 200 10196 "-" "Mozilla/5.0 (Windows NT 10.0; Win64; x64) AppleWebKit/537.36 (KHTML, like Gecko) Chrome/114.0.0.0 Safari/537.36"
185.216.113.70 - - [16/Apr/2026:22:16:45 +0300] "POST /wp-cron.php?doing_wp_cron=1776367005.5608239173889160156250 HTTP/1.1" 200 448 "-" "WordPress/6.3.8; https://serhatburke.miroglu.net"
193.118.55.24 - - [16/Apr/2026:22:16:33 +0300] "GET /robots.txt HTTP/1.1" 200 735 "-" "Mozilla/5.0 AppleWebKit/537.36 (KHTML, like Gecko; compatible; Googlebot/2.1; +http://www.google.com/bot.html) Chrome/139.0.7258.156 Safari/537.36"
45.250.252.183 - - [16/Apr/2026:22:16:39 +0300] "GET /paremad-online-pokies-nz-i-ice-casino-spordiboonus-online-slodid-uusim-meremaa/ HTTP/1.1" 200 72449 "-" "Mozilla/5.0 (Windows NT 10.0; Win64; x64) AppleWebKit/537.36 (KHTML, like Gecko) Chrome/109.0.0.0 Safari/537.36"
193.118.55.24 - - [16/Apr/2026:22:16:45 +0300] "GET /page-5/ HTTP/1.1" 200 124685 "-" "Mozilla/5.0 AppleWebKit/537.36 (KHTML, like Gecko; compatible; Googlebot/2.1; +http://www.google.com/bot.html) Chrome/139.0.7258.156 Safari/537.36"
193.118.55.24 - - [16/Apr/2026:22:16:46 +0300] "GET /rtp-2026-3/ HTTP/1.1" 200 101127 "-" "Mozilla/5.0 AppleWebKit/537.36 (KHTML, like Gecko; compatible; Googlebot/2.1; +http://www.google.com/bot.html) Chrome/139.0.7258.156 Safari/537.36"
185.216.113.70 - - [16/Apr/2026:22:17:45 +0300] "POST /wp-cron.php?doing_wp_cron=1776367065.4179649353027343750000 HTTP/1.1" 200 448 "-" "WordPress/6.3.8; https://serhatburke.miroglu.net"
45.250.252.183 - - [16/Apr/2026:22:17:25 +0300] "POST /xmlrpc.php HTTP/1.1" 200 630 "-" "Mozilla/5.0 (Windows NT 10.0; Win64; x64) AppleWebKit/537.36 (KHTML, like Gecko) Chrome/114.0.0.0 Safari/537.36"
193.118.55.24 - - [16/Apr/2026:22:17:32 +0300] "GET /robots.txt HTTP/1.1" 200 642 "-" "Mozilla/5.0 AppleWebKit/537.36 (KHTML, like Gecko; compatible; ClaudeBot/1.0; +claudebot@anthropic.com)"
192.198.100.205 - - [16/Apr/2026:22:17:31 +0300] "GET /beste-casino-site-belgie-hoge-inzet/ HTTP/1.1" 200 18595 "https://serhatburke.miroglu.net/" "Mozilla/5.0 (X11; Linux x86_64; rv:144.0) Gecko/20100101 Firefox/144.0"
85.56.201.196 - - [16/Apr/2026:22:17:44 +0300] "POST /xmlrpc.php HTTP/2" 200 204 "-" "XML-RPC for PHP 4.11.1"
185.231.205.241 - - [16/Apr/2026:22:17:56 +0300] "GET /beste-casino-site-belgie-hoge-inzet/ HTTP/1.1" 200 0 "-" "Mozilla/5.0 (Windows NT 10.0; Win64; x64) AppleWebKit/537.36 (KHTML, like Gecko) Chrome/114.0.0.0 Safari/537.36"
193.118.55.24 - - [16/Apr/2026:22:17:49 +0300] "GET /page-5/ HTTP/1.1" 200 124685 "-" "Mozilla/5.0 AppleWebKit/537.36 (KHTML, like Gecko; compatible; ClaudeBot/1.0; +claudebot@anthropic.com)"
193.118.55.24 - - [16/Apr/2026:22:17:50 +0300] "GET /rtp-2026-3/ HTTP/1.1" 200 89390 "-" "Mozilla/5.0 AppleWebKit/537.36 (KHTML, like Gecko; compatible; ClaudeBot/1.0; +claudebot@anthropic.com)"
45.250.252.183 - - [16/Apr/2026:22:17:53 +0300] "POST /xmlrpc.php HTTP/1.1" 200 9460 "-" "Mozilla/5.0 (Windows NT 10.0; Win64; x64) AppleWebKit/537.36 (KHTML, like Gecko) Chrome/114.0.0.0 Safari/537.36"
192.198.100.205 - - [16/Apr/2026:22:18:00 +0300] "GET /wp-login.php?action=register HTTP/1.1" 302 702 "https://serhatburke.miroglu.net/beste-casino-site-belgie-hoge-inzet/" "Mozilla/5.0 (Windows NT 6.3; Win64; x64) AppleWebKit/537.36 (KHTML, like Gecko) Chrome/103.0.0.0 Safari/537.36"
185.216.113.70 - - [16/Apr/2026:22:18:45 +0300] "POST /wp-cron.php?doing_wp_cron=1776367125.4448258876800537109375 HTTP/1.1" 200 448 "-" "WordPress/6.3.8; https://serhatburke.miroglu.net"
213.110.145.234 - - [16/Apr/2026:22:18:16 +0300] "GET /robots.txt HTTP/1.1" 200 642 "-" "Mozilla/5.0 AppleWebKit/537.36 (KHTML, like Gecko; compatible; ClaudeBot/1.0; +claudebot@anthropic.com)"
185.216.113.70 - - [16/Apr/2026:22:18:48 +0300] "POST /wp-cron.php?doing_wp_cron=1776367128.0302491188049316406250 HTTP/1.1" 200 448 "-" "WordPress/6.3.8; https://serhatburke.miroglu.net"
103.219.169.167 - - [16/Apr/2026:22:18:19 +0300] "POST /xmlrpc.php HTTP/1.1" 200 630 "-" "Mozilla/5.0 (Windows NT 10.0; Win64; x64) AppleWebKit/537.36 (KHTML, like Gecko) Chrome/114.0.0.0 Safari/537.36"
213.110.145.234 - - [16/Apr/2026:22:18:36 +0300] "GET /rtp-2026-3/ HTTP/1.1" 200 166663 "-" "Mozilla/5.0 AppleWebKit/537.36 (KHTML, like Gecko; compatible; ClaudeBot/1.0; +claudebot@anthropic.com)"
213.110.145.234 - - [16/Apr/2026:22:18:36 +0300] "GET /page-5/ HTTP/1.1" 200 141218 "-" "Mozilla/5.0 AppleWebKit/537.36 (KHTML, like Gecko; compatible; ClaudeBot/1.0; +claudebot@anthropic.com)"
45.250.252.183 - - [16/Apr/2026:22:18:41 +0300] "GET /2026-kahekordne-hasartmanguasutus-kommentaar-200-ice-casino-promokoodid-lisa-100-tasuta-keerutust/ HTTP/1.1" 200 72616 "-" "Mozilla/5.0 (Windows NT 10.0; rv:125.0) Gecko/20100101 Firefox/125.0"
103.219.169.167 - - [16/Apr/2026:22:18:55 +0300] "POST /xmlrpc.php HTTP/1.1" 200 15636 "-" "Mozilla/5.0 (Windows NT 10.0; Win64; x64) AppleWebKit/537.36 (KHTML, like Gecko) Chrome/114.0.0.0 Safari/537.36"
45.250.252.183 - - [16/Apr/2026:22:19:01 +0300] "POST /xmlrpc.php HTTP/1.1" 200 630 "-" "Mozilla/5.0 (Windows NT 10.0; Win64; x64) AppleWebKit/537.36 (KHTML, like Gecko) Chrome/114.0.0.0 Safari/537.36"
66.249.68.133 - - [16/Apr/2026:22:19:24 +0300] "GET /betonred-casino-apostas-mais-menos-e-a-experiencia-para-jogadores-em-portugal/ HTTP/1.1" 200 0 "https://korput.driftlogic-games.biz/" "Mozilla/5.0 (Linux; Android 6.0.1; Nexus 5X Build/MMB29P) AppleWebKit/537.36 (KHTML, like Gecko) Chrome/146.0.7680.177 Mobile Safari/537.36 (compatible; Googlebot/2.1; +http://www.google.com/bot.html)"
185.216.113.70 - - [16/Apr/2026:22:19:46 +0300] "POST /wp-cron.php?doing_wp_cron=1776367186.3166620731353759765625 HTTP/1.1" 200 448 "-" "WordPress/6.3.8; https://serhatburke.miroglu.net"
66.249.68.131 - - [16/Apr/2026:22:19:23 +0300] "GET /robots.txt HTTP/1.1" 200 719 "-" "Mozilla/5.0 (compatible; Googlebot/2.1; +http://www.google.com/bot.html)"
103.219.169.167 - - [16/Apr/2026:22:19:24 +0300] "GET /beste-slot-anksunamun-the-queen-of-egypt-casinos-exklusive-einzahlungsbonus-inside-deutschland-2026-vollstandige-aktualisierte-verkettete-liste/ HTTP/1.1" 200 78992 "-" "Mozilla/5.0 (Windows NT 10.0; Win64; x64) AppleWebKit/537.36 (KHTML, like Gecko) Chrome/109.0.0.0 Safari/537.36"
192.186.174.172 - - [16/Apr/2026:22:19:32 +0300] "GET /wp-login.php?action=register HTTP/1.1" 302 702 "https://serhatburke.miroglu.net/wp-login.php?action=register" "Mozilla/5.0 (Windows NT 6.3; Win64; x64) AppleWebKit/537.36 (KHTML, like Gecko) Chrome/103.0.0.0 Safari/537.36"
45.250.252.183 - - [16/Apr/2026:22:19:36 +0300] "POST /xmlrpc.php HTTP/1.1" 200 9511 "-" "Mozilla/5.0 (Windows NT 10.0; Win64; x64) AppleWebKit/537.36 (KHTML, like Gecko) Chrome/114.0.0.0 Safari/537.36"
192.186.174.172 - - [16/Apr/2026:22:19:58 +0300] "GET /wp-login.php?registration=disabled HTTP/1.1" 200 3806 "https://serhatburke.miroglu.net/wp-login.php?action=register" "Mozilla/5.0 (Windows NT 6.3; Win64; x64) AppleWebKit/537.36 (KHTML, like Gecko) Chrome/103.0.0.0 Safari/537.36"
192.186.174.172 - - [16/Apr/2026:22:20:15 +0300] "GET /wp-includes/css/dashicons.min.css?ver=6.3.8 HTTP/1.1" 200 35725 "https://serhatburke.miroglu.net/wp-login.php?registration=disabled" "Mozilla/5.0 (Windows NT 10.0; Win64; x64) AppleWebKit/537.36 (KHTML, like Gecko) Chrome/145.0.0.0 Safari/537.36"
192.186.174.172 - - [16/Apr/2026:22:20:17 +0300] "GET /wp-includes/css/buttons.min.css?ver=6.3.8 HTTP/1.1" 200 1869 "https://serhatburke.miroglu.net/wp-login.php?registration=disabled" "Mozilla/5.0 (Windows NT 10.0; Win64; x64) AppleWebKit/537.36 (KHTML, like Gecko) Chrome/145.0.0.0 Safari/537.36"
192.186.174.172 - - [16/Apr/2026:22:20:23 +0300] "GET /wp-admin/css/forms.min.css?ver=6.3.8 HTTP/1.1" 200 6823 "https://serhatburke.miroglu.net/wp-login.php?registration=disabled" "Mozilla/5.0 (Windows NT 10.0; Win64; x64) AppleWebKit/537.36 (KHTML, like Gecko) Chrome/145.0.0.0 Safari/537.36"
45.250.252.183 - - [16/Apr/2026:22:20:05 +0300] "GET /parimad-mobiilikasiinod-2026-aastaks-ule-vaadatud-ice-casino-registreerumisboonus-ja-hinnatud/ HTTP/1.1" 200 72206 "-" "Mozilla/5.0 (Windows NT 10.0; rv:109.0) Gecko/20100101 Firefox/115.0"
192.186.174.172 - - [16/Apr/2026:22:20:26 +0300] "GET /wp-admin/css/l10n.min.css?ver=6.3.8 HTTP/1.1" 200 1208 "https://serhatburke.miroglu.net/wp-login.php?registration=disabled" "Mozilla/5.0 (Windows NT 10.0; Win64; x64) AppleWebKit/537.36 (KHTML, like Gecko) Chrome/145.0.0.0 Safari/537.36"
192.186.174.172 - - [16/Apr/2026:22:20:28 +0300] "GET /wp-admin/css/login.min.css?ver=6.3.8 HTTP/1.1" 200 2562 "https://serhatburke.miroglu.net/wp-login.php?registration=disabled" "Mozilla/5.0 (Windows NT 10.0; Win64; x64) AppleWebKit/537.36 (KHTML, like Gecko) Chrome/145.0.0.0 Safari/537.36"
185.216.113.70 - - [16/Apr/2026:22:20:44 +0300] "POST /wp-cron.php?doing_wp_cron=1776367244.5729429721832275390625 HTTP/1.1" 200 448 "-" "WordPress/6.3.8; https://serhatburke.miroglu.net"
192.186.174.172 - - [16/Apr/2026:22:20:30 +0300] "GET /beste-casino-site-belgie-hoge-inzet/ HTTP/1.1" 200 18613 "https://serhatburke.miroglu.net/beste-casino-site-belgie-hoge-inzet/" "Mozilla/5.0 (Windows NT 6.3; Win64; x64) AppleWebKit/537.36 (KHTML, like Gecko) Chrome/103.0.0.0 Safari/537.36"
192.186.174.172 - - [16/Apr/2026:22:20:46 +0300] "GET /wp-includes/css/dist/block-library/style.min.css?ver=6.3.8 HTTP/1.1" 200 13578 "https://serhatburke.miroglu.net/beste-casino-site-belgie-hoge-inzet/" "Mozilla/5.0 (Windows NT 10.0; Win64; x64) AppleWebKit/537.36 (KHTML, like Gecko) Chrome/145.0.0.0 Safari/537.36"
192.186.174.172 - - [16/Apr/2026:22:20:49 +0300] "GET /wp-content/plugins/contact-form-7/includes/css/styles.css?ver=5.8 HTTP/1.1" 200 1490 "https://serhatburke.miroglu.net/beste-casino-site-belgie-hoge-inzet/" "Mozilla/5.0 (Windows NT 10.0; Win64; x64) AppleWebKit/537.36 (KHTML, like Gecko) Chrome/145.0.0.0 Safari/537.36"
192.186.174.172 - - [16/Apr/2026:22:20:51 +0300] "GET /wp-content/themes/toppic/css/fontello.css?ver=4.2 HTTP/1.1" 200 1802 "https://serhatburke.miroglu.net/beste-casino-site-belgie-hoge-inzet/" "Mozilla/5.0 (Windows NT 10.0; Win64; x64) AppleWebKit/537.36 (KHTML, like Gecko) Chrome/145.0.0.0 Safari/537.36"
45.250.252.183 - - [16/Apr/2026:22:20:41 +0300] "POST /xmlrpc.php HTTP/1.1" 200 630 "-" "Mozilla/5.0 (Windows NT 10.0; Win64; x64) AppleWebKit/537.36 (KHTML, like Gecko) Chrome/114.0.0.0 Safari/537.36"
192.186.174.172 - - [16/Apr/2026:22:21:01 +0300] "GET /wp-content/themes/toppic/css/reset.css?ver=4.2 HTTP/1.1" 200 1178 "https://serhatburke.miroglu.net/beste-casino-site-belgie-hoge-inzet/" "Mozilla/5.0 (Windows NT 10.0; Win64; x64) AppleWebKit/537.36 (KHTML, like Gecko) Chrome/145.0.0.0 Safari/537.36"
103.219.169.167 - - [16/Apr/2026:22:20:56 +0300] "POST /xmlrpc.php HTTP/1.1" 200 630 "-" "Mozilla/5.0 (Windows NT 10.0; Win64; x64) AppleWebKit/537.36 (KHTML, like Gecko) Chrome/114.0.0.0 Safari/537.36"
192.186.174.172 - - [16/Apr/2026:22:21:10 +0300] "GET /wp-content/themes/toppic/css/default.css?ver=4.2 HTTP/1.1" 200 1811 "https://serhatburke.miroglu.net/beste-casino-site-belgie-hoge-inzet/" "Mozilla/5.0 (Windows NT 10.0; Win64; x64) AppleWebKit/537.36 (KHTML, like Gecko) Chrome/145.0.0.0 Safari/537.36"
192.186.174.172 - - [16/Apr/2026:22:21:12 +0300] "GET /wp-content/themes/toppic/style.css?ver=4.2 HTTP/1.1" 200 23398 "https://serhatburke.miroglu.net/beste-casino-site-belgie-hoge-inzet/" "Mozilla/5.0 (Windows NT 10.0; Win64; x64) AppleWebKit/537.36 (KHTML, like Gecko) Chrome/145.0.0.0 Safari/537.36"
192.186.174.172 - - [16/Apr/2026:22:21:16 +0300] "GET /wp-content/themes/toppic/css/royalslider.css?ver=4.2 HTTP/1.1" 200 1887 "https://serhatburke.miroglu.net/beste-casino-site-belgie-hoge-inzet/" "Mozilla/5.0 (Windows NT 10.0; Win64; x64) AppleWebKit/537.36 (KHTML, like Gecko) Chrome/145.0.0.0 Safari/537.36"
192.186.174.172 - - [16/Apr/2026:22:21:17 +0300] "GET /wp-content/themes/toppic/css/rs-default.css?ver=4.2 HTTP/1.1" 200 2625 "https://serhatburke.miroglu.net/beste-casino-site-belgie-hoge-inzet/" "Mozilla/5.0 (Windows NT 10.0; Win64; x64) AppleWebKit/537.36 (KHTML, like Gecko) Chrome/145.0.0.0 Safari/537.36"
192.186.174.172 - - [16/Apr/2026:22:21:19 +0300] "GET /wp-content/themes/toppic/css/lightbox.css?ver=4.2 HTTP/1.1" 200 2956 "https://serhatburke.miroglu.net/beste-casino-site-belgie-hoge-inzet/" "Mozilla/5.0 (Windows NT 10.0; Win64; x64) AppleWebKit/537.36 (KHTML, like Gecko) Chrome/145.0.0.0 Safari/537.36"
185.216.113.70 - - [16/Apr/2026:22:21:21 +0300] "POST /wp-cron.php?doing_wp_cron=1776367281.5329959392547607421875 HTTP/1.1" 200 448 "-" "WordPress/6.3.8; https://serhatburke.miroglu.net"
45.250.252.183 - - [16/Apr/2026:22:21:05 +0300] "POST /xmlrpc.php HTTP/1.1" 200 10589 "-" "Mozilla/5.0 (Windows NT 10.0; Win64; x64) AppleWebKit/537.36 (KHTML, like Gecko) Chrome/114.0.0.0 Safari/537.36"
192.186.174.172 - - [16/Apr/2026:22:21:21 +0300] "GET /wp-content/themes/toppic/css/woocommerce.css?ver=4.2 HTTP/1.1" 200 2848 "https://serhatburke.miroglu.net/beste-casino-site-belgie-hoge-inzet/" "Mozilla/5.0 (Windows NT 10.0; Win64; x64) AppleWebKit/537.36 (KHTML, like Gecko) Chrome/145.0.0.0 Safari/537.36"
192.186.174.172 - - [16/Apr/2026:22:21:23 +0300] "GET /wp-content/themes/toppic/css/responsive.css?ver=4.2 HTTP/1.1" 200 2796 "https://serhatburke.miroglu.net/beste-casino-site-belgie-hoge-inzet/" "Mozilla/5.0 (Windows NT 10.0; Win64; x64) AppleWebKit/537.36 (KHTML, like Gecko) Chrome/145.0.0.0 Safari/537.36"
103.219.169.167 - - [16/Apr/2026:22:21:14 +0300] "POST /xmlrpc.php HTTP/1.1" 200 16873 "-" "Mozilla/5.0 (Windows NT 10.0; Win64; x64) AppleWebKit/537.36 (KHTML, like Gecko) Chrome/114.0.0.0 Safari/537.36"
45.250.252.183 - - [16/Apr/2026:22:21:23 +0300] "GET /varske-geenius-ozist-ice-casino-sissemakseta-kasiino-eemal-1939-aastal/ HTTP/1.1" 200 72237 "-" "Mozilla/5.0 (Windows NT 10.0; Win64; x64; rv:124.0) Gecko/20100101 Firefox/124.0"
138.199.12.89 - - [16/Apr/2026:22:21:27 +0300] "POST /xmlrpc.php HTTP/1.1" 200 87894 "-" "Mozilla/5.0 (Windows NT 10.0; Win64; x64) AppleWebKit/537.36 (KHTML, like Gecko) Chrome/116.0.0.0 Safari/537.36"
192.186.174.172 - - [16/Apr/2026:22:21:30 +0300] "POST /wp-comments-post.php HTTP/1.1" 302 1083 "https://serhatburke.miroglu.net/beste-casino-site-belgie-hoge-inzet/" "Mozilla/5.0 (Windows NT 6.3; Win64; x64) AppleWebKit/537.36 (KHTML, like Gecko) Chrome/103.0.0.0 Safari/537.36"
103.219.169.167 - - [16/Apr/2026:22:21:30 +0300] "GET /verbunden-mr-bet-50-kostenlose-spins-keine-einzahlung-spielsaal-tests-online-casinos-boni-inoffizieller-mitarbeiter-kollation/ HTTP/1.1" 200 79800 "-" "Mozilla/5.0 (Windows NT 10.0; rv:109.0) Gecko/20100101 Firefox/115.0"
138.199.12.89 - - [16/Apr/2026:22:21:55 +0300] "POST /xmlrpc.php HTTP/1.1" 200 725 "-" "Mozilla/5.0 (Windows NT 10.0; Win64; x64) AppleWebKit/537.36 (KHTML, like Gecko) Chrome/116.0.0.0 Safari/537.36"
192.186.174.172 - - [16/Apr/2026:22:21:56 +0300] "GET /beste-casino-site-belgie-hoge-inzet/?unapproved=419&moderation-hash=5a3214be1d283bde9a876d5b202cab70 HTTP/1.1" 200 19028 "https://serhatburke.miroglu.net/wp-comments-post.php" "Mozilla/5.0 (Windows NT 6.3; Win64; x64) AppleWebKit/537.36 (KHTML, like Gecko) Chrome/103.0.0.0 Safari/537.36"
138.199.12.89 - - [16/Apr/2026:22:22:09 +0300] "POST /xmlrpc.php HTTP/1.1" 200 489 "-" "Mozilla/5.0 (Windows NT 10.0; Win64; x64) AppleWebKit/537.36 (KHTML, like Gecko) Chrome/116.0.0.0 Safari/537.36"
107.152.46.252 - - [16/Apr/2026:22:22:11 +0300] "GET /casino-online-skrill-prelievo-veloce/ HTTP/1.1" 200 18142 "-" "Mozilla/5.0 (Windows NT 10.0; Win64; x64) AppleWebKit/537.36 (KHTML, like Gecko) Chrome/114.0.0.0 Safari/537.36"
192.186.174.172 - - [16/Apr/2026:22:22:14 +0300] "GET /beste-casino-site-belgie-hoge-inzet/ HTTP/1.1" 200 18613 "-" "Mozilla/5.0 (compatible; Googlebot/2.1; +http://www.google.com/bot.html)"
185.216.113.70 - - [16/Apr/2026:22:22:41 +0300] "POST /wp-cron.php?doing_wp_cron=1776367361.5979139804840087890625 HTTP/1.1" 200 448 "-" "WordPress/6.3.8; https://serhatburke.miroglu.net"
138.199.12.89 - - [16/Apr/2026:22:22:27 +0300] "POST /xmlrpc.php HTTP/1.1" 200 188697 "-" "Mozilla/5.0 (Windows NT 10.0; Win64; x64) AppleWebKit/537.36 (KHTML, like Gecko) Chrome/116.0.0.0 Safari/537.36"
45.250.252.183 - - [16/Apr/2026:22:22:25 +0300] "POST /xmlrpc.php HTTP/1.1" 200 630 "-" "Mozilla/5.0 (Windows NT 10.0; Win64; x64) AppleWebKit/537.36 (KHTML, like Gecko) Chrome/114.0.0.0 Safari/537.36"
45.250.252.183 - - [16/Apr/2026:22:22:53 +0300] "POST /xmlrpc.php HTTP/1.1" 200 10607 "-" "Mozilla/5.0 (Windows NT 10.0; Win64; x64) AppleWebKit/537.36 (KHTML, like Gecko) Chrome/114.0.0.0 Safari/537.36"
45.250.252.183 - - [16/Apr/2026:22:23:11 +0300] "GET /10-parimat-meetodit-veebipohises-blackjackis-edu-verde-casino-ametlik-rakenduse-allalaadimine-saavutamiseks-professionaalsed-nipid-ja-nouanded/ HTTP/1.1" 200 74637 "-" "Mozilla/5.0 (Windows NT 10.0; rv:109.0) Gecko/20100101 Firefox/115.0"
185.216.113.70 - - [16/Apr/2026:22:23:50 +0300] "POST /wp-cron.php?doing_wp_cron=1776367430.5487420558929443359375 HTTP/1.1" 200 448 "-" "WordPress/6.3.8; https://serhatburke.miroglu.net"
103.219.169.167 - - [16/Apr/2026:22:23:39 +0300] "POST /xmlrpc.php HTTP/1.1" 200 630 "-" "Mozilla/5.0 (Windows NT 10.0; Win64; x64) AppleWebKit/537.36 (KHTML, like Gecko) Chrome/114.0.0.0 Safari/537.36"
103.219.169.167 - - [16/Apr/2026:22:23:57 +0300] "POST /xmlrpc.php HTTP/1.1" 200 15478 "-" "Mozilla/5.0 (Windows NT 10.0; Win64; x64) AppleWebKit/537.36 (KHTML, like Gecko) Chrome/114.0.0.0 Safari/537.36"
103.219.169.167 - - [16/Apr/2026:22:24:13 +0300] "GET /seriose-erreichbar-casinos-2026-legale-casinos-inside-hot-gems-slot-free-spins-land-der-dichter-und-denker/ HTTP/1.1" 200 78300 "-" "Mozilla/5.0 (Windows NT 10.0; Win64; x64) AppleWebKit/537.36 (KHTML, like Gecko) Chrome/123.0.0.0 Safari/537.36 OPR/109.0.0.0"
45.250.252.183 - - [16/Apr/2026:22:24:16 +0300] "POST /xmlrpc.php HTTP/1.1" 200 630 "-" "Mozilla/5.0 (Windows NT 10.0; Win64; x64) AppleWebKit/537.36 (KHTML, like Gecko) Chrome/114.0.0.0 Safari/537.36"
185.216.113.70 - - [16/Apr/2026:22:24:56 +0300] "POST /wp-cron.php?doing_wp_cron=1776367496.4134340286254882812500 HTTP/1.1" 200 448 "-" "WordPress/6.3.8; https://serhatburke.miroglu.net"
45.250.252.183 - - [16/Apr/2026:22:24:40 +0300] "POST /xmlrpc.php HTTP/1.1" 200 10291 "-" "Mozilla/5.0 (Windows NT 10.0; Win64; x64) AppleWebKit/537.36 (KHTML, like Gecko) Chrome/114.0.0.0 Safari/537.36"
45.250.252.183 - - [16/Apr/2026:22:24:57 +0300] "GET /austa-eeliseid-ja-verde-casino-vorgus-sisselogimine-sa-void-saada-vegase-toostusharu-liigadeks-las-vegase-maailma/ HTTP/1.1" 200 73457 "-" "Mozilla/5.0 (Windows NT 10.0; Win64; x64; rv:124.0) Gecko/20100101 Firefox/124.0"
185.216.113.70 - - [16/Apr/2026:22:26:24 +0300] "POST /wp-cron.php?doing_wp_cron=1776367584.7165598869323730468750 HTTP/1.1" 200 448 "-" "WordPress/6.3.8; https://serhatburke.miroglu.net"
45.250.252.183 - - [16/Apr/2026:22:26:09 +0300] "POST /xmlrpc.php HTTP/1.1" 200 630 "-" "Mozilla/5.0 (Windows NT 10.0; Win64; x64) AppleWebKit/537.36 (KHTML, like Gecko) Chrome/114.0.0.0 Safari/537.36"
103.219.169.167 - - [16/Apr/2026:22:26:32 +0300] "POST /xmlrpc.php HTTP/1.1" 200 630 "-" "Mozilla/5.0 (Windows NT 10.0; Win64; x64) AppleWebKit/537.36 (KHTML, like Gecko) Chrome/114.0.0.0 Safari/537.36"
192.186.174.172 - - [16/Apr/2026:22:26:36 +0300] "GET /beste-casino-site-belgie-hoge-inzet/ HTTP/1.1" 200 18613 "-" "Mozilla/5.0 (compatible; Googlebot/2.1; +http://www.google.com/bot.html)"
45.250.252.183 - - [16/Apr/2026:22:26:32 +0300] "POST /xmlrpc.php HTTP/1.1" 200 9945 "-" "Mozilla/5.0 (Windows NT 10.0; Win64; x64) AppleWebKit/537.36 (KHTML, like Gecko) Chrome/114.0.0.0 Safari/537.36"
185.216.113.70 - - [16/Apr/2026:22:27:10 +0300] "POST /wp-cron.php?doing_wp_cron=1776367630.2097749710083007812500 HTTP/1.1" 200 448 "-" "WordPress/6.3.8; https://serhatburke.miroglu.net"
103.219.169.167 - - [16/Apr/2026:22:26:57 +0300] "POST /xmlrpc.php HTTP/1.1" 200 16385 "-" "Mozilla/5.0 (Windows NT 10.0; Win64; x64) AppleWebKit/537.36 (KHTML, like Gecko) Chrome/114.0.0.0 Safari/537.36"
45.250.252.183 - - [16/Apr/2026:22:26:57 +0300] "GET /paremad-online-kasiinode-boonused-verde-casino-eesti-usa-s-2026-aasta-veebruaris/ HTTP/1.1" 200 72515 "-" "Mozilla/5.0 (Windows NT 10.0; Win64; x64) AppleWebKit/537.36 (KHTML, like Gecko) Chrome/123.0.0.0 Safari/537.36"
103.219.169.167 - - [16/Apr/2026:22:27:12 +0300] "GET /20-champions-of-rome-slotspiel-fur-echtes-geld-beste-echtgeld-verbunden-casinos-2026-aktuelle-verkettete-liste/ HTTP/1.1" 200 79008 "-" "Mozilla/5.0 (Windows NT 10.0; Win64; x64) AppleWebKit/537.36 (KHTML, like Gecko) Chrome/123.0.0.0 Safari/537.36"
185.216.113.70 - - [16/Apr/2026:22:27:55 +0300] "POST /wp-cron.php?doing_wp_cron=1776367674.8834760189056396484375 HTTP/1.1" 200 448 "-" "WordPress/6.3.8; https://serhatburke.miroglu.net"
57.128.22.95 - - [16/Apr/2026:22:27:42 +0300] "GET /zotabet-casino-bonus-premier-depot-2026/ HTTP/1.1" 200 18537 "https://serhatburke.miroglu.net/" "Mozilla/5.0 (Macintosh; Intel Mac OS X 10.15; rv:147.0) Gecko/20100101 Firefox/147.0"
192.3.59.35 - - [16/Apr/2026:22:27:57 +0300] "GET /wp-includes/css/dist/block-library/style.min.css?ver=6.3.8 HTTP/1.1" 200 13578 "https://serhatburke.miroglu.net/zotabet-casino-bonus-premier-depot-2026/" "Mozilla/5.0 (Windows NT 10.0; Win64; x64) AppleWebKit/537.36 (KHTML, like Gecko) Chrome/145.0.0.0 Safari/537.36"
192.3.59.35 - - [16/Apr/2026:22:27:59 +0300] "GET /wp-content/plugins/contact-form-7/includes/css/styles.css?ver=5.8 HTTP/1.1" 200 1490 "https://serhatburke.miroglu.net/zotabet-casino-bonus-premier-depot-2026/" "Mozilla/5.0 (Windows NT 10.0; Win64; x64) AppleWebKit/537.36 (KHTML, like Gecko) Chrome/145.0.0.0 Safari/537.36"
192.3.59.35 - - [16/Apr/2026:22:28:01 +0300] "GET /wp-content/themes/toppic/css/fontello.css?ver=4.2 HTTP/1.1" 200 1802 "https://serhatburke.miroglu.net/zotabet-casino-bonus-premier-depot-2026/" "Mozilla/5.0 (Windows NT 10.0; Win64; x64) AppleWebKit/537.36 (KHTML, like Gecko) Chrome/145.0.0.0 Safari/537.36"
192.3.59.35 - - [16/Apr/2026:22:28:02 +0300] "GET /wp-content/themes/toppic/css/reset.css?ver=4.2 HTTP/1.1" 200 1178 "https://serhatburke.miroglu.net/zotabet-casino-bonus-premier-depot-2026/" "Mozilla/5.0 (Windows NT 10.0; Win64; x64) AppleWebKit/537.36 (KHTML, like Gecko) Chrome/145.0.0.0 Safari/537.36"
192.3.59.35 - - [16/Apr/2026:22:28:04 +0300] "GET /wp-content/themes/toppic/css/default.css?ver=4.2 HTTP/1.1" 200 1811 "https://serhatburke.miroglu.net/zotabet-casino-bonus-premier-depot-2026/" "Mozilla/5.0 (Windows NT 10.0; Win64; x64) AppleWebKit/537.36 (KHTML, like Gecko) Chrome/145.0.0.0 Safari/537.36"
192.3.59.35 - - [16/Apr/2026:22:28:05 +0300] "GET /wp-content/themes/toppic/style.css?ver=4.2 HTTP/1.1" 200 23398 "https://serhatburke.miroglu.net/zotabet-casino-bonus-premier-depot-2026/" "Mozilla/5.0 (Windows NT 10.0; Win64; x64) AppleWebKit/537.36 (KHTML, like Gecko) Chrome/145.0.0.0 Safari/537.36"
192.3.59.35 - - [16/Apr/2026:22:28:07 +0300] "GET /wp-content/themes/toppic/css/royalslider.css?ver=4.2 HTTP/1.1" 200 1887 "https://serhatburke.miroglu.net/zotabet-casino-bonus-premier-depot-2026/" "Mozilla/5.0 (Windows NT 10.0; Win64; x64) AppleWebKit/537.36 (KHTML, like Gecko) Chrome/145.0.0.0 Safari/537.36"
192.3.59.35 - - [16/Apr/2026:22:28:08 +0300] "GET /wp-content/themes/toppic/css/rs-default.css?ver=4.2 HTTP/1.1" 200 2625 "https://serhatburke.miroglu.net/zotabet-casino-bonus-premier-depot-2026/" "Mozilla/5.0 (Windows NT 10.0; Win64; x64) AppleWebKit/537.36 (KHTML, like Gecko) Chrome/145.0.0.0 Safari/537.36"
192.3.59.35 - - [16/Apr/2026:22:28:10 +0300] "GET /wp-content/themes/toppic/css/lightbox.css?ver=4.2 HTTP/1.1" 200 2956 "https://serhatburke.miroglu.net/zotabet-casino-bonus-premier-depot-2026/" "Mozilla/5.0 (Windows NT 10.0; Win64; x64) AppleWebKit/537.36 (KHTML, like Gecko) Chrome/145.0.0.0 Safari/537.36"
192.3.59.35 - - [16/Apr/2026:22:28:11 +0300] "GET /wp-content/themes/toppic/css/woocommerce.css?ver=4.2 HTTP/1.1" 200 2848 "https://serhatburke.miroglu.net/zotabet-casino-bonus-premier-depot-2026/" "Mozilla/5.0 (Windows NT 10.0; Win64; x64) AppleWebKit/537.36 (KHTML, like Gecko) Chrome/145.0.0.0 Safari/537.36"
192.3.59.35 - - [16/Apr/2026:22:28:13 +0300] "GET /wp-content/themes/toppic/css/responsive.css?ver=4.2 HTTP/1.1" 200 2796 "https://serhatburke.miroglu.net/zotabet-casino-bonus-premier-depot-2026/" "Mozilla/5.0 (Windows NT 10.0; Win64; x64) AppleWebKit/537.36 (KHTML, like Gecko) Chrome/145.0.0.0 Safari/537.36"
45.250.252.183 - - [16/Apr/2026:22:28:06 +0300] "POST /xmlrpc.php HTTP/1.1" 200 630 "-" "Mozilla/5.0 (Windows NT 10.0; Win64; x64) AppleWebKit/537.36 (KHTML, like Gecko) Chrome/114.0.0.0 Safari/537.36"
192.3.59.35 - - [16/Apr/2026:22:28:15 +0300] "POST /wp-comments-post.php HTTP/1.1" 302 1087 "https://serhatburke.miroglu.net/zotabet-casino-bonus-premier-depot-2026/" "Mozilla/5.0 (Macintosh; Intel Mac OS X 10.15; rv:147.0) Gecko/20100101 Firefox/147.0"
185.216.113.70 - - [16/Apr/2026:22:28:41 +0300] "POST /wp-cron.php?doing_wp_cron=1776367721.5064210891723632812500 HTTP/1.1" 200 448 "-" "WordPress/6.3.8; https://serhatburke.miroglu.net"
192.3.59.35 - - [16/Apr/2026:22:28:28 +0300] "GET /zotabet-casino-bonus-premier-depot-2026/?unapproved=420&moderation-hash=bbdf1e2874a7526b6e1e12297560f969 HTTP/1.1" 200 18983 "https://serhatburke.miroglu.net/wp-comments-post.php" "Mozilla/5.0 (Macintosh; Intel Mac OS X 10.15; rv:147.0) Gecko/20100101 Firefox/147.0"
45.250.252.183 - - [16/Apr/2026:22:28:30 +0300] "POST /xmlrpc.php HTTP/1.1" 200 10142 "-" "Mozilla/5.0 (Windows NT 10.0; Win64; x64) AppleWebKit/537.36 (KHTML, like Gecko) Chrome/114.0.0.0 Safari/537.36"
57.128.22.95 - - [16/Apr/2026:22:28:43 +0300] "GET /zotabet-casino-bonus-premier-depot-2026/ HTTP/1.1" 200 18530 "-" "Mozilla/5.0 (compatible; Googlebot/2.1; +http://www.google.com/bot.html)"
45.250.252.183 - - [16/Apr/2026:22:28:49 +0300] "GET /parimad-online-slotimangud-ameerika-uhendriikides-1-parimad-verde-casino-reedese-boonuse-reeglid-parisrahaga-veebispordid-2026-aastal/ HTTP/1.1" 200 74054 "-" "Mozilla/5.0 (Windows NT 10.0; Win64; x64) AppleWebKit/537.36 (KHTML, like Gecko) Chrome/123.0.0.0 Safari/537.36"
57.128.22.95 - - [16/Apr/2026:22:29:08 +0300] "GET /zotabet-casino-bonus-premier-depot-2026/ HTTP/1.1" 200 18530 "-" "Mozilla/5.0 (compatible; Googlebot/2.1; +http://www.google.com/bot.html)"
185.216.113.70 - - [16/Apr/2026:22:29:53 +0300] "POST /wp-cron.php?doing_wp_cron=1776367793.8924469947814941406250 HTTP/1.1" 200 448 "-" "WordPress/6.3.8; https://serhatburke.miroglu.net"
45.250.252.183 - - [16/Apr/2026:22:29:37 +0300] "POST /xmlrpc.php HTTP/1.1" 200 630 "-" "Mozilla/5.0 (Windows NT 10.0; Win64; x64) AppleWebKit/537.36 (KHTML, like Gecko) Chrome/114.0.0.0 Safari/537.36"
45.250.252.183 - - [16/Apr/2026:22:30:00 +0300] "POST /xmlrpc.php HTTP/1.1" 200 10293 "-" "Mozilla/5.0 (Windows NT 10.0; Win64; x64) AppleWebKit/537.36 (KHTML, like Gecko) Chrome/114.0.0.0 Safari/537.36"
45.250.252.183 - - [16/Apr/2026:22:30:20 +0300] "GET /blackjacki-lahenemine-parimad-verde-kasiino-promotsioon-ressursid-ja-voimalused-blackjacki-mangijatele/ HTTP/1.1" 200 73073 "-" "Mozilla/5.0 (Windows NT 10.0; Win64; x64) AppleWebKit/537.36 (KHTML, like Gecko) Chrome/109.0.0.0 Safari/537.36"
185.216.113.70 - - [16/Apr/2026:22:31:18 +0300] "POST /wp-cron.php?doing_wp_cron=1776367878.2079410552978515625000 HTTP/1.1" 200 448 "-" "WordPress/6.3.8; https://serhatburke.miroglu.net"
45.250.252.183 - - [16/Apr/2026:22:31:01 +0300] "POST /xmlrpc.php HTTP/1.1" 200 630 "-" "Mozilla/5.0 (Windows NT 10.0; Win64; x64) AppleWebKit/537.36 (KHTML, like Gecko) Chrome/114.0.0.0 Safari/537.36"
45.250.252.183 - - [16/Apr/2026:22:31:25 +0300] "POST /xmlrpc.php HTTP/1.1" 200 10103 "-" "Mozilla/5.0 (Windows NT 10.0; Win64; x64) AppleWebKit/537.36 (KHTML, like Gecko) Chrome/114.0.0.0 Safari/537.36"
185.216.113.70 - - [16/Apr/2026:22:31:58 +0300] "POST /wp-cron.php?doing_wp_cron=1776367918.9346210956573486328125 HTTP/1.1" 200 448 "-" "WordPress/6.3.8; https://serhatburke.miroglu.net"
45.250.252.183 - - [16/Apr/2026:22:31:43 +0300] "GET /wolf-work-at-gold-veebislotimangu-ulevaade-2026-sissemakseta-boonus-kasiino-goldbet-3-tasuta-keerutustsuklit/ HTTP/1.1" 200 72949 "-" "Mozilla/5.0 (Windows NT 10.0; Win64; x64) AppleWebKit/537.36 (KHTML, like Gecko) Chrome/122.0.0.0 Safari/537.36"
185.216.113.70 - - [16/Apr/2026:22:32:47 +0300] "POST /wp-cron.php?doing_wp_cron=1776367967.8314199447631835937500 HTTP/1.1" 200 448 "-" "WordPress/6.3.8; https://serhatburke.miroglu.net"
45.250.252.183 - - [16/Apr/2026:22:32:31 +0300] "POST /xmlrpc.php HTTP/1.1" 200 630 "-" "Mozilla/5.0 (Windows NT 10.0; Win64; x64) AppleWebKit/537.36 (KHTML, like Gecko) Chrome/114.0.0.0 Safari/537.36"
45.250.252.183 - - [16/Apr/2026:22:32:55 +0300] "POST /xmlrpc.php HTTP/1.1" 200 10261 "-" "Mozilla/5.0 (Windows NT 10.0; Win64; x64) AppleWebKit/537.36 (KHTML, like Gecko) Chrome/114.0.0.0 Safari/537.36"
45.250.252.183 - - [16/Apr/2026:22:33:13 +0300] "GET /10-korgeima-vulkan-spiele-sisselogimise-registreerimine-reitinguga-hasartmanguettevotet/ HTTP/1.1" 200 73051 "-" "Mozilla/5.0 (Windows NT 10.0; rv:109.0) Gecko/20100101 Firefox/115.0"
185.216.113.70 - - [16/Apr/2026:22:34:15 +0300] "POST /wp-cron.php?doing_wp_cron=1776368055.1862819194793701171875 HTTP/1.1" 200 448 "-" "WordPress/6.3.8; https://serhatburke.miroglu.net"
45.250.252.183 - - [16/Apr/2026:22:33:59 +0300] "POST /xmlrpc.php HTTP/1.1" 200 630 "-" "Mozilla/5.0 (Windows NT 10.0; Win64; x64) AppleWebKit/537.36 (KHTML, like Gecko) Chrome/114.0.0.0 Safari/537.36"
45.250.252.183 - - [16/Apr/2026:22:34:23 +0300] "POST /xmlrpc.php HTTP/1.1" 200 9696 "-" "Mozilla/5.0 (Windows NT 10.0; Win64; x64) AppleWebKit/537.36 (KHTML, like Gecko) Chrome/114.0.0.0 Safari/537.36"
