67.227.14.212 - - [16/Apr/2026:14:08:08 +0300] "GET /shiny-wilds-casino-schnelle-gewinne-und-blitzschne/ HTTP/1.1" 200 22630 "-" "Python/3.14 aiohttp/3.13.3"
185.216.113.70 - - [16/Apr/2026:14:09:15 +0300] "POST /wp-cron.php?doing_wp_cron=1776337755.4316821098327636718750 HTTP/1.1" 200 448 "-" "WordPress/6.3.8; https://serhatburke.miroglu.net"
98.98.9.26 - - [16/Apr/2026:14:09:02 +0300] "POST /xmlrpc.php HTTP/1.1" 500 1102 "-" "Mozilla/5.0 (Windows NT 10.0; Win64; x64) AppleWebKit/537.36 (KHTML, like Gecko) Chrome/114.0.0.0 Safari/537.36"
185.216.113.70 - - [16/Apr/2026:14:16:29 +0300] "POST /wp-cron.php?doing_wp_cron=1776338188.9866759777069091796875 HTTP/1.1" 200 448 "-" "WordPress/6.3.8; https://serhatburke.miroglu.net"
151.244.111.202 - - [16/Apr/2026:14:16:15 +0300] "GET /best-online-pokies-in-australia-2026-real-pokies-25/ HTTP/1.1" 200 21358 "-" "Screaming Frog SEO Spider/16.7"
84.200.80.218 - - [16/Apr/2026:14:16:51 +0300] "POST /xmlrpc.php HTTP/1.1" 200 87245 "-" "Mozilla/5.0 (Windows NT 10.0; Win64; x64) AppleWebKit/537.36 (KHTML, like Gecko) Chrome/114.0.0.0 Safari/537.36 Vivaldi/5.3.2679.68"
84.200.80.218 - - [16/Apr/2026:14:17:05 +0300] "POST /xmlrpc.php HTTP/1.1" 200 489 "-" "Mozilla/5.0 (Windows NT 10.0; Win64; x64) AppleWebKit/537.36 (KHTML, like Gecko) Chrome/114.0.0.0 Safari/537.36 Vivaldi/5.3.2679.68"
185.216.113.70 - - [16/Apr/2026:14:17:33 +0300] "POST /wp-cron.php?doing_wp_cron=1776338252.9124219417572021484375 HTTP/1.1" 200 448 "-" "WordPress/6.3.8; https://serhatburke.miroglu.net"
84.200.80.218 - - [16/Apr/2026:14:17:19 +0300] "POST /xmlrpc.php HTTP/1.1" 200 189070 "-" "Mozilla/5.0 (Windows NT 10.0; Win64; x64) AppleWebKit/537.36 (KHTML, like Gecko) Chrome/114.0.0.0 Safari/537.36 Vivaldi/5.3.2679.68"
185.216.113.70 - - [16/Apr/2026:14:20:08 +0300] "POST /wp-cron.php?doing_wp_cron=1776338408.6258020401000976562500 HTTP/1.1" 200 448 "-" "WordPress/6.3.8; https://serhatburke.miroglu.net"
78.190.232.123 - - [16/Apr/2026:14:19:54 +0300] "GET /wp-login.php HTTP/2" 200 3091 "-" "Mozilla/5.0 (Windows NT 10.0; Win64; x64) AppleWebKit/537.36 (KHTML, like Gecko) Chrome/124.0.0.0 Safari/537.36"
78.190.232.123 - - [16/Apr/2026:14:20:10 +0300] "POST /xmlrpc.php HTTP/2" 200 314 "-" "Mozilla/5.0 (Windows NT 10.0; Win64; x64) AppleWebKit/537.36 (KHTML, like Gecko) Chrome/124.0.0.0 Safari/537.36"
78.190.232.123 - - [16/Apr/2026:14:20:24 +0300] "GET /wp-login.php HTTP/2" 200 3091 "-" "Mozilla/5.0 (Macintosh; Intel Mac OS X 10_15_7) AppleWebKit/605.1.15 (KHTML, like Gecko) Version/18.0 Safari/605.1.15"
185.216.113.70 - - [16/Apr/2026:14:20:48 +0300] "POST /wp-cron.php?doing_wp_cron=1776338448.3517029285430908203125 HTTP/1.1" 200 448 "-" "WordPress/6.3.8; https://serhatburke.miroglu.net"
78.190.232.123 - - [16/Apr/2026:14:20:36 +0300] "POST /wp-login.php HTTP/2" 302 0 "https://serhatburke.miroglu.net/wp-login.php" "Mozilla/5.0 (Macintosh; Intel Mac OS X 10_15_7) AppleWebKit/605.1.15 (KHTML, like Gecko) Version/18.0 Safari/605.1.15"
128.1.218.179 - - [16/Apr/2026:14:20:49 +0300] "POST /xmlrpc.php HTTP/1.1" 200 630 "-" "Mozilla/5.0 (Windows NT 10.0; Win64; x64) AppleWebKit/537.36 (KHTML, like Gecko) Chrome/114.0.0.0 Safari/537.36"
78.190.232.123 - - [16/Apr/2026:14:20:48 +0300] "GET /wp-admin/ HTTP/2" 200 212723 "https://serhatburke.miroglu.net/wp-login.php" "Mozilla/5.0 (Macintosh; Intel Mac OS X 10_15_7) AppleWebKit/605.1.15 (KHTML, like Gecko) Version/18.0 Safari/605.1.15"
185.216.113.70 - - [16/Apr/2026:14:21:27 +0300] "POST /wp-cron.php?doing_wp_cron=1776338487.3219969272613525390625 HTTP/1.1" 200 448 "-" "WordPress/6.3.8; https://serhatburke.miroglu.net"
128.1.218.179 - - [16/Apr/2026:14:21:14 +0300] "POST /xmlrpc.php HTTP/1.1" 200 14529 "-" "Mozilla/5.0 (Windows NT 10.0; Win64; x64) AppleWebKit/537.36 (KHTML, like Gecko) Chrome/114.0.0.0 Safari/537.36"
92.207.129.31 - - [16/Apr/2026:14:21:20 +0300] "GET /wp-login.php HTTP/2" 200 3091 "-" "Mozilla/5.0 (Macintosh; Intel Mac OS X 10_15_7) AppleWebKit/605.1.15 (KHTML, like Gecko) Version/18.0 Safari/605.1.15"
128.1.218.179 - - [16/Apr/2026:14:21:29 +0300] "GET /savannah-thunderstruck-11-free-slots-guthrie-now-offers-one-million-prize-to-have-parents-go-back-the-fresh-york-moments/ HTTP/1.1" 200 77004 "-" "Mozilla/5.0 (Windows NT 10.0; Win64; x64) AppleWebKit/537.36 (KHTML, like Gecko) Chrome/123.0.0.0 Safari/537.36"
92.207.129.31 - - [16/Apr/2026:14:21:35 +0300] "POST /wp-login.php HTTP/2" 302 0 "https://serhatburke.miroglu.net/wp-login.php" "Mozilla/5.0 (Macintosh; Intel Mac OS X 10_15_7) AppleWebKit/605.1.15 (KHTML, like Gecko) Version/18.0 Safari/605.1.15"
92.207.129.31 - - [16/Apr/2026:14:21:54 +0300] "GET /wp-admin/ HTTP/2" 200 212851 "https://serhatburke.miroglu.net/wp-login.php" "Mozilla/5.0 (Macintosh; Intel Mac OS X 10_15_7) AppleWebKit/605.1.15 (KHTML, like Gecko) Version/18.0 Safari/605.1.15"
92.207.129.31 - - [16/Apr/2026:14:22:09 +0300] "GET /wp-admin/admin-ajax.php?action=rest-nonce HTTP/2" 200 0 "-" "Mozilla/5.0 (Macintosh; Intel Mac OS X 10_15_7) AppleWebKit/605.1.15 (KHTML, like Gecko) Version/18.0 Safari/605.1.15"
185.216.113.70 - - [16/Apr/2026:14:26:40 +0300] "POST /wp-cron.php?doing_wp_cron=1776338800.3597490787506103515625 HTTP/1.1" 200 448 "-" "WordPress/6.3.8; https://serhatburke.miroglu.net"
128.1.218.179 - - [16/Apr/2026:14:26:26 +0300] "POST /xmlrpc.php HTTP/1.1" 200 630 "-" "Mozilla/5.0 (Windows NT 10.0; Win64; x64) AppleWebKit/537.36 (KHTML, like Gecko) Chrome/114.0.0.0 Safari/537.36"
51.161.37.140 - - [16/Apr/2026:14:26:47 +0300] "GET /discover-the-cutting-edge-features-of-safepal-wallet/ HTTP/2" 200 16966 "-" "Mozilla/5.0 (compatible; AhrefsBot/7.0; +http://ahrefs.com/robot/)"
128.1.218.179 - - [16/Apr/2026:14:26:47 +0300] "POST /xmlrpc.php HTTP/1.1" 200 14422 "-" "Mozilla/5.0 (Windows NT 10.0; Win64; x64) AppleWebKit/537.36 (KHTML, like Gecko) Chrome/114.0.0.0 Safari/537.36"
128.1.218.179 - - [16/Apr/2026:14:27:07 +0300] "GET /fifty-100-percent-pokies-online-australia-free-twist-no-deposit/ HTTP/1.1" 200 75339 "-" "Mozilla/5.0 (Windows NT 10.0; Win64; x64) AppleWebKit/537.36 (KHTML, like Gecko) Chrome/109.0.0.0 Safari/537.36"
185.216.113.70 - - [16/Apr/2026:14:28:59 +0300] "POST /wp-cron.php?doing_wp_cron=1776338939.6136279106140136718750 HTTP/1.1" 200 448 "-" "WordPress/6.3.8; https://serhatburke.miroglu.net"
151.244.111.202 - - [16/Apr/2026:14:28:43 +0300] "POST /xmlrpc.php HTTP/1.1" 200 87245 "-" "Mozilla/5.0 (Macintosh; Intel Mac OS X 12_5) AppleWebKit/537.36 (KHTML, like Gecko) Chrome/114.0.0.0 YaBrowser/22.7.0 Yowser/2.5 Safari/537.36"
128.1.218.179 - - [16/Apr/2026:14:28:48 +0300] "POST /xmlrpc.php HTTP/1.1" 200 630 "-" "Mozilla/5.0 (Windows NT 10.0; Win64; x64) AppleWebKit/537.36 (KHTML, like Gecko) Chrome/114.0.0.0 Safari/537.36"
79.117.58.115 - - [16/Apr/2026:14:28:53 +0300] "GET /wp-login.php HTTP/2" 200 3091 "-" "Mozilla/5.0 (Windows NT 10.0; Win64; x64) AppleWebKit/537.36 (KHTML, like Gecko) Chrome/124.0.0.0 Safari/537.36"
151.244.111.202 - - [16/Apr/2026:14:29:00 +0300] "POST /xmlrpc.php HTTP/1.1" 200 489 "-" "Mozilla/5.0 (Macintosh; Intel Mac OS X 12_5) AppleWebKit/537.36 (KHTML, like Gecko) Chrome/114.0.0.0 YaBrowser/22.7.0 Yowser/2.5 Safari/537.36"
128.1.218.179 - - [16/Apr/2026:14:29:11 +0300] "POST /xmlrpc.php HTTP/1.1" 200 14296 "-" "Mozilla/5.0 (Windows NT 10.0; Win64; x64) AppleWebKit/537.36 (KHTML, like Gecko) Chrome/114.0.0.0 Safari/537.36"
79.117.58.115 - - [16/Apr/2026:14:29:14 +0300] "POST /xmlrpc.php HTTP/2" 200 314 "-" "Mozilla/5.0 (Windows NT 10.0; Win64; x64) AppleWebKit/537.36 (KHTML, like Gecko) Chrome/124.0.0.0 Safari/537.36"
185.216.113.70 - - [16/Apr/2026:14:29:40 +0300] "POST /wp-cron.php?doing_wp_cron=1776338980.3123309612274169921875 HTTP/1.1" 200 448 "-" "WordPress/6.3.8; https://serhatburke.miroglu.net"
151.244.111.202 - - [16/Apr/2026:14:29:22 +0300] "POST /xmlrpc.php HTTP/1.1" 200 10649 "-" "Mozilla/5.0 (Macintosh; Intel Mac OS X 12_5) AppleWebKit/537.36 (KHTML, like Gecko) Chrome/114.0.0.0 YaBrowser/22.7.0 Yowser/2.5 Safari/537.36"
79.117.58.115 - - [16/Apr/2026:14:29:34 +0300] "GET /wp-login.php HTTP/2" 200 3091 "-" "Mozilla/5.0 (Windows NT 10.0; Win64; x64; rv:133.0) Gecko/20100101 Firefox/133.0"
128.1.218.179 - - [16/Apr/2026:14:29:34 +0300] "GET /bet365-incentive-password-mybetcode-get-bruce-lee-casino-30-inside-largest-league-100-percent-free-wagers/ HTTP/1.1" 200 76522 "-" "Mozilla/5.0 (Windows NT 10.0; Win64; x64) AppleWebKit/537.36 (KHTML, like Gecko) Chrome/124.0.0.0 Safari/537.36"
79.117.58.115 - - [16/Apr/2026:14:29:52 +0300] "POST /wp-login.php HTTP/2" 302 0 "https://serhatburke.miroglu.net/wp-login.php" "Mozilla/5.0 (Windows NT 10.0; Win64; x64; rv:133.0) Gecko/20100101 Firefox/133.0"
79.117.58.115 - - [16/Apr/2026:14:30:05 +0300] "GET /wp-admin/ HTTP/2" 200 0 "https://serhatburke.miroglu.net/wp-login.php" "Mozilla/5.0 (Windows NT 10.0; Win64; x64; rv:133.0) Gecko/20100101 Firefox/133.0"
5.78.159.87 - - [16/Apr/2026:14:30:12 +0300] "POST /xmlrpc.php HTTP/1.1" 200 0 "-" "Mozilla/5.0 (Windows NT 10.0; Win64; x64) AppleWebKit/537.36 (KHTML, like Gecko) Chrome/108.0.0.0 Safari/537.36"
185.216.113.70 - - [16/Apr/2026:14:30:49 +0300] "POST /wp-cron.php?doing_wp_cron=1776339049.6981670856475830078125 HTTP/1.1" 200 448 "-" "WordPress/6.3.8; https://serhatburke.miroglu.net"
197.159.75.35 - - [16/Apr/2026:14:30:35 +0300] "GET /wp-login.php HTTP/2" 200 3091 "-" "Mozilla/5.0 (Macintosh; Intel Mac OS X 10_15_7) AppleWebKit/605.1.15 (KHTML, like Gecko) Version/18.0 Safari/605.1.15"
66.249.68.131 - - [16/Apr/2026:14:30:36 +0300] "GET /no-title/ HTTP/1.1" 200 19088 "-" "Mozilla/5.0 (Linux; Android 6.0.1; Nexus 5X Build/MMB29P) AppleWebKit/537.36 (KHTML, like Gecko) Chrome/146.0.7680.177 Mobile Safari/537.36 (compatible; Googlebot/2.1; +http://www.google.com/bot.html)"
197.159.75.35 - - [16/Apr/2026:14:30:50 +0300] "POST /wp-login.php HTTP/2" 302 0 "https://serhatburke.miroglu.net/wp-login.php" "Mozilla/5.0 (Macintosh; Intel Mac OS X 10_15_7) AppleWebKit/605.1.15 (KHTML, like Gecko) Version/18.0 Safari/605.1.15"
197.159.75.35 - - [16/Apr/2026:14:31:06 +0300] "GET /wp-admin/ HTTP/2" 200 0 "https://serhatburke.miroglu.net/wp-login.php" "Mozilla/5.0 (Macintosh; Intel Mac OS X 10_15_7) AppleWebKit/605.1.15 (KHTML, like Gecko) Version/18.0 Safari/605.1.15"
128.1.218.179 - - [16/Apr/2026:14:31:00 +0300] "POST /xmlrpc.php HTTP/1.1" 200 630 "-" "Mozilla/5.0 (Windows NT 10.0; Win64; x64) AppleWebKit/537.36 (KHTML, like Gecko) Chrome/114.0.0.0 Safari/537.36"
185.216.113.70 - - [16/Apr/2026:14:31:33 +0300] "POST /wp-cron.php?doing_wp_cron=1776339093.9279689788818359375000 HTTP/1.1" 200 448 "-" "WordPress/6.3.8; https://serhatburke.miroglu.net"
128.1.218.179 - - [16/Apr/2026:14:31:21 +0300] "POST /xmlrpc.php HTTP/1.1" 200 14590 "-" "Mozilla/5.0 (Windows NT 10.0; Win64; x64) AppleWebKit/537.36 (KHTML, like Gecko) Chrome/114.0.0.0 Safari/537.36"
128.1.218.179 - - [16/Apr/2026:14:31:35 +0300] "GET /household-cleopatra-pyramids-slot/ HTTP/1.1" 200 74847 "-" "Mozilla/5.0 (Windows NT 10.0; Win64; x64) AppleWebKit/537.36 (KHTML, like Gecko) Chrome/124.0.0.0 Safari/537.36 Edg/124.0.0.0"
185.216.113.70 - - [16/Apr/2026:14:33:27 +0300] "POST /wp-cron.php?doing_wp_cron=1776339206.9939110279083251953125 HTTP/1.1" 200 448 "-" "WordPress/6.3.8; https://serhatburke.miroglu.net"
128.1.218.179 - - [16/Apr/2026:14:33:13 +0300] "POST /xmlrpc.php HTTP/1.1" 200 630 "-" "Mozilla/5.0 (Windows NT 10.0; Win64; x64) AppleWebKit/537.36 (KHTML, like Gecko) Chrome/114.0.0.0 Safari/537.36"
165.73.240.153 - - [16/Apr/2026:14:33:16 +0300] "POST /xmlrpc.php HTTP/1.1" 200 630 "-" "Mozilla/5.0 (Windows NT 10.0; Win64; x64) AppleWebKit/537.36 (KHTML, like Gecko) Chrome/114.0.0.0 Safari/537.36"
128.1.218.179 - - [16/Apr/2026:14:33:34 +0300] "POST /xmlrpc.php HTTP/1.1" 200 14892 "-" "Mozilla/5.0 (Windows NT 10.0; Win64; x64) AppleWebKit/537.36 (KHTML, like Gecko) Chrome/114.0.0.0 Safari/537.36"
165.73.240.153 - - [16/Apr/2026:14:33:36 +0300] "POST /xmlrpc.php HTTP/1.1" 200 12549 "-" "Mozilla/5.0 (Windows NT 10.0; Win64; x64) AppleWebKit/537.36 (KHTML, like Gecko) Chrome/114.0.0.0 Safari/537.36"
128.1.218.179 - - [16/Apr/2026:14:33:50 +0300] "GET /best-totally-funky-fruits-slots-pay-with-paypal-free-spins-no-deposit-extra-also-provides-within-the-casinos-on-the-internet-2026/ HTTP/1.1" 200 77582 "-" "Mozilla/5.0 (Windows NT 10.0; Win64; x64) AppleWebKit/537.36 (KHTML, like Gecko) Chrome/123.0.0.0 Safari/537.36 OPR/109.0.0.0"
165.73.240.153 - - [16/Apr/2026:14:33:52 +0300] "GET /mr-cashman-casino-slot-games-play-attack-of-the-zombies-slot-machine-gamble-classic-on-the-internet-pokie-by-the-aristocrat/ HTTP/1.1" 200 75281 "-" "Mozilla/5.0 (Windows NT 10.0; rv:125.0) Gecko/20100101 Firefox/125.0"
185.216.113.70 - - [16/Apr/2026:14:35:26 +0300] "POST /wp-cron.php?doing_wp_cron=1776339325.8626279830932617187500 HTTP/1.1" 200 448 "-" "WordPress/6.3.8; https://serhatburke.miroglu.net"
128.1.218.179 - - [16/Apr/2026:14:35:14 +0300] "POST /xmlrpc.php HTTP/1.1" 200 630 "-" "Mozilla/5.0 (Windows NT 10.0; Win64; x64) AppleWebKit/537.36 (KHTML, like Gecko) Chrome/114.0.0.0 Safari/537.36"
103.219.169.133 - - [16/Apr/2026:14:35:27 +0300] "POST /xmlrpc.php HTTP/1.1" 200 630 "-" "Mozilla/5.0 (Windows NT 10.0; Win64; x64) AppleWebKit/537.36 (KHTML, like Gecko) Chrome/114.0.0.0 Safari/537.36"
128.1.218.179 - - [16/Apr/2026:14:35:32 +0300] "POST /xmlrpc.php HTTP/1.1" 200 14685 "-" "Mozilla/5.0 (Windows NT 10.0; Win64; x64) AppleWebKit/537.36 (KHTML, like Gecko) Chrome/114.0.0.0 Safari/537.36"
103.219.169.133 - - [16/Apr/2026:14:35:50 +0300] "POST /xmlrpc.php HTTP/1.1" 200 16280 "-" "Mozilla/5.0 (Windows NT 10.0; Win64; x64) AppleWebKit/537.36 (KHTML, like Gecko) Chrome/114.0.0.0 Safari/537.36"
128.1.218.179 - - [16/Apr/2026:14:35:50 +0300] "GET /better-casinos-online-slot-games-the-incredible-hulk-having-one-hundred-100-percent-free-spins-no-deposit-incentives-within-the-sa/ HTTP/1.1" 200 77478 "-" "Mozilla/5.0 (Windows NT 10.0; Win64; x64) AppleWebKit/537.36 (KHTML, like Gecko) Chrome/123.0.0.0 Safari/537.36"
103.219.169.133 - - [16/Apr/2026:14:36:05 +0300] "GET /slots-live-spiele-betsson-casino-um-echtes-geld-auffuhren/ HTTP/1.1" 200 77802 "-" "Mozilla/5.0 (Windows NT 10.0; Win64; x64) AppleWebKit/537.36 (KHTML, like Gecko) Chrome/123.0.0.0 Safari/537.36 OPR/109.0.0.0"
185.216.113.70 - - [16/Apr/2026:14:36:50 +0300] "POST /wp-cron.php?doing_wp_cron=1776339410.3591110706329345703125 HTTP/1.1" 200 448 "-" "WordPress/6.3.8; https://serhatburke.miroglu.net"
148.135.195.139 - - [16/Apr/2026:14:36:38 +0300] "POST /xmlrpc.php HTTP/1.1" 200 87245 "-" "Mozilla/5.0 (Windows NT 6.1) AppleWebKit/537.36 (KHTML, like Gecko) Chrome/80.0.3987.132 Safari/537.36"
148.135.195.139 - - [16/Apr/2026:14:36:51 +0300] "POST /xmlrpc.php HTTP/1.1" 200 489 "-" "Mozilla/5.0 (Windows NT 6.1) AppleWebKit/537.36 (KHTML, like Gecko) Chrome/80.0.3987.132 Safari/537.36"
185.216.113.70 - - [16/Apr/2026:14:37:18 +0300] "POST /wp-cron.php?doing_wp_cron=1776339437.8610711097717285156250 HTTP/1.1" 200 448 "-" "WordPress/6.3.8; https://serhatburke.miroglu.net"
148.135.195.139 - - [16/Apr/2026:14:37:05 +0300] "POST /xmlrpc.php HTTP/1.1" 200 250112 "-" "Mozilla/5.0 (Windows NT 6.1) AppleWebKit/537.36 (KHTML, like Gecko) Chrome/80.0.3987.132 Safari/537.36"
128.1.218.179 - - [16/Apr/2026:14:37:19 +0300] "POST /xmlrpc.php HTTP/1.1" 200 630 "-" "Mozilla/5.0 (Windows NT 10.0; Win64; x64) AppleWebKit/537.36 (KHTML, like Gecko) Chrome/114.0.0.0 Safari/537.36"
128.1.218.179 - - [16/Apr/2026:14:37:40 +0300] "POST /xmlrpc.php HTTP/1.1" 200 13329 "-" "Mozilla/5.0 (Windows NT 10.0; Win64; x64) AppleWebKit/537.36 (KHTML, like Gecko) Chrome/114.0.0.0 Safari/537.36"
185.216.113.70 - - [16/Apr/2026:14:38:07 +0300] "POST /wp-cron.php?doing_wp_cron=1776339487.8566629886627197265625 HTTP/1.1" 200 448 "-" "WordPress/6.3.8; https://serhatburke.miroglu.net"
185.244.180.165 - - [16/Apr/2026:14:37:54 +0300] "POST /xmlrpc.php HTTP/1.1" 200 87245 "-" "Mozilla/5.0 (Windows NT 10.0; Win64; x64) AppleWebKit/537.36 (KHTML, like Gecko) Chrome/122.0.0.0 Safari/537.36"
128.1.218.179 - - [16/Apr/2026:14:37:54 +0300] "GET /free-harbors-zero-obtain-no-subscription-totally-free-slots-quick-online-casino-25-free-spins-no-deposit-enjoy/ HTTP/1.1" 200 75628 "-" "Mozilla/5.0 (Windows NT 10.0; Win64; x64) AppleWebKit/537.36 (KHTML, like Gecko) Chrome/123.0.0.0 Safari/537.36"
185.244.180.165 - - [16/Apr/2026:14:38:09 +0300] "POST /xmlrpc.php HTTP/1.1" 200 725 "-" "Mozilla/5.0 (Windows NT 10.0; Win64; x64) AppleWebKit/537.36 (KHTML, like Gecko) Chrome/122.0.0.0 Safari/537.36"
185.231.205.241 - - [16/Apr/2026:14:38:18 +0300] "GET /beste-casino-site-belgie-hoge-inzet/ HTTP/1.1" 200 18613 "-" "Mozilla/5.0 (Windows NT 10.0; Win64; x64) AppleWebKit/537.36 (KHTML, like Gecko) Chrome/114.0.0.0 Safari/537.36"
185.244.180.165 - - [16/Apr/2026:14:38:24 +0300] "POST /xmlrpc.php HTTP/1.1" 200 489 "-" "Mozilla/5.0 (Windows NT 10.0; Win64; x64) AppleWebKit/537.36 (KHTML, like Gecko) Chrome/122.0.0.0 Safari/537.36"
185.216.113.70 - - [16/Apr/2026:14:38:52 +0300] "POST /wp-cron.php?doing_wp_cron=1776339532.6704308986663818359375 HTTP/1.1" 200 448 "-" "WordPress/6.3.8; https://serhatburke.miroglu.net"
185.244.180.165 - - [16/Apr/2026:14:38:38 +0300] "POST /xmlrpc.php HTTP/1.1" 200 315260 "-" "Mozilla/5.0 (Windows NT 10.0; Win64; x64) AppleWebKit/537.36 (KHTML, like Gecko) Chrome/122.0.0.0 Safari/537.36"
128.1.218.179 - - [16/Apr/2026:14:39:15 +0300] "POST /xmlrpc.php HTTP/1.1" 200 630 "-" "Mozilla/5.0 (Windows NT 10.0; Win64; x64) AppleWebKit/537.36 (KHTML, like Gecko) Chrome/114.0.0.0 Safari/537.36"
185.216.113.70 - - [16/Apr/2026:14:39:49 +0300] "POST /wp-cron.php?doing_wp_cron=1776339589.6708040237426757812500 HTTP/1.1" 200 448 "-" "WordPress/6.3.8; https://serhatburke.miroglu.net"
128.1.218.179 - - [16/Apr/2026:14:39:35 +0300] "POST /xmlrpc.php HTTP/1.1" 200 14021 "-" "Mozilla/5.0 (Windows NT 10.0; Win64; x64) AppleWebKit/537.36 (KHTML, like Gecko) Chrome/114.0.0.0 Safari/537.36"
128.1.218.179 - - [16/Apr/2026:14:39:51 +0300] "GET /hot-shot-position-games-trial-enjoy-big-red-online-pokie-100-percent-free-revolves/ HTTP/1.1" 200 75578 "-" "Mozilla/5.0 (Windows NT 10.0; Win64; x64) AppleWebKit/537.36 (KHTML, like Gecko) Chrome/123.0.0.0 Safari/537.36"
185.216.113.70 - - [16/Apr/2026:14:41:14 +0300] "POST /wp-cron.php?doing_wp_cron=1776339674.1284921169281005859375 HTTP/1.1" 200 448 "-" "WordPress/6.3.8; https://serhatburke.miroglu.net"
128.1.218.179 - - [16/Apr/2026:14:41:01 +0300] "POST /xmlrpc.php HTTP/1.1" 200 630 "-" "Mozilla/5.0 (Windows NT 10.0; Win64; x64) AppleWebKit/537.36 (KHTML, like Gecko) Chrome/114.0.0.0 Safari/537.36"
128.1.218.179 - - [16/Apr/2026:14:41:20 +0300] "POST /xmlrpc.php HTTP/1.1" 200 14349 "-" "Mozilla/5.0 (Windows NT 10.0; Win64; x64) AppleWebKit/537.36 (KHTML, like Gecko) Chrome/114.0.0.0 Safari/537.36"
185.216.113.70 - - [16/Apr/2026:14:41:42 +0300] "POST /wp-cron.php?doing_wp_cron=1776339702.1145260334014892578125 HTTP/1.1" 200 448 "-" "WordPress/6.3.8; https://serhatburke.miroglu.net"
103.219.169.133 - - [16/Apr/2026:14:41:29 +0300] "POST /xmlrpc.php HTTP/1.1" 200 630 "-" "Mozilla/5.0 (Windows NT 10.0; Win64; x64) AppleWebKit/537.36 (KHTML, like Gecko) Chrome/114.0.0.0 Safari/537.36"
128.1.218.179 - - [16/Apr/2026:14:41:34 +0300] "GET /a-real-income-casinos-on-casino-break-da-bank-again-the-internet-greatest-web-sites-to-possess-2026/ HTTP/1.1" 200 76052 "-" "Mozilla/5.0 (Windows NT 10.0; Win64; x64) AppleWebKit/537.36 (KHTML, like Gecko) Chrome/123.0.0.0 Safari/537.36 OPR/109.0.0.0"
103.219.169.133 - - [16/Apr/2026:14:41:48 +0300] "POST /xmlrpc.php HTTP/1.1" 200 15613 "-" "Mozilla/5.0 (Windows NT 10.0; Win64; x64) AppleWebKit/537.36 (KHTML, like Gecko) Chrome/114.0.0.0 Safari/537.36"
103.219.169.133 - - [16/Apr/2026:14:42:02 +0300] "GET /online-casinos-pharaohs-fortune-spielautomat-abzuglich-registrierung-anmeldung/ HTTP/1.1" 200 77661 "-" "Mozilla/5.0 (Windows NT 10.0; Win64; x64) AppleWebKit/537.36 (KHTML, like Gecko) Chrome/122.0.0.0 Safari/537.36"
185.216.113.70 - - [16/Apr/2026:14:43:04 +0300] "POST /wp-cron.php?doing_wp_cron=1776339784.4637689590454101562500 HTTP/1.1" 200 448 "-" "WordPress/6.3.8; https://serhatburke.miroglu.net"
128.1.218.179 - - [16/Apr/2026:14:42:50 +0300] "POST /xmlrpc.php HTTP/1.1" 200 630 "-" "Mozilla/5.0 (Windows NT 10.0; Win64; x64) AppleWebKit/537.36 (KHTML, like Gecko) Chrome/114.0.0.0 Safari/537.36"
66.249.68.131 - - [16/Apr/2026:14:42:51 +0300] "GET /discover-the-top-games-to-play-at-casinos-for-2/ HTTP/1.1" 200 18244 "-" "Mozilla/5.0 (Linux; Android 6.0.1; Nexus 5X Build/MMB29P) AppleWebKit/537.36 (KHTML, like Gecko) Chrome/146.0.7680.177 Mobile Safari/537.36 (compatible; Googlebot/2.1; +http://www.google.com/bot.html)"
66.249.68.133 - - [16/Apr/2026:14:43:10 +0300] "GET /wp-content/themes/toppic/css/responsive.css?ver=4.2 HTTP/1.1" 200 2796 "https://serhatburke.miroglu.net/discover-the-top-games-to-play-at-casinos-for-2/" "Mozilla/5.0 (Linux; Android 6.0.1; Nexus 5X Build/MMB29P) AppleWebKit/537.36 (KHTML, like Gecko) Chrome/146.0.7680.177 Mobile Safari/537.36 (compatible; Googlebot/2.1; +http://www.google.com/bot.html)"
128.1.218.179 - - [16/Apr/2026:14:43:12 +0300] "POST /xmlrpc.php HTTP/1.1" 200 13655 "-" "Mozilla/5.0 (Windows NT 10.0; Win64; x64) AppleWebKit/537.36 (KHTML, like Gecko) Chrome/114.0.0.0 Safari/537.36"
185.216.113.70 - - [16/Apr/2026:14:43:39 +0300] "POST /wp-cron.php?doing_wp_cron=1776339819.7764348983764648437500 HTTP/1.1" 200 448 "-" "WordPress/6.3.8; https://serhatburke.miroglu.net"
128.1.218.179 - - [16/Apr/2026:14:43:28 +0300] "GET /family-from-fun-vegas-world-slot-game-personal-gambling-enterprise-review-totally-free-coins/ HTTP/1.1" 200 75441 "-" "Mozilla/5.0 (Windows NT 10.0; Win64; x64) AppleWebKit/537.36 (KHTML, like Gecko) Chrome/123.0.0.0 Safari/537.36 OPR/109.0.0.0"
165.73.240.153 - - [16/Apr/2026:14:43:50 +0300] "POST /xmlrpc.php HTTP/1.1" 200 630 "-" "Mozilla/5.0 (Windows NT 10.0; Win64; x64) AppleWebKit/537.36 (KHTML, like Gecko) Chrome/114.0.0.0 Safari/537.36"
185.216.113.70 - - [16/Apr/2026:14:44:24 +0300] "POST /wp-cron.php?doing_wp_cron=1776339864.1110489368438720703125 HTTP/1.1" 200 448 "-" "WordPress/6.3.8; https://serhatburke.miroglu.net"
165.73.240.153 - - [16/Apr/2026:14:44:10 +0300] "POST /xmlrpc.php HTTP/1.1" 200 13042 "-" "Mozilla/5.0 (Windows NT 10.0; Win64; x64) AppleWebKit/537.36 (KHTML, like Gecko) Chrome/114.0.0.0 Safari/537.36"
165.73.240.153 - - [16/Apr/2026:14:44:25 +0300] "GET /finest-harbors-to-play-on-the-internet-magic-portals-slot-for-real-money-in-the-fresh-u-s-march-2026/ HTTP/1.1" 200 74954 "-" "Mozilla/5.0 (Windows NT 10.0; Win64; x64) AppleWebKit/537.36 (KHTML, like Gecko) Chrome/123.0.0.0 Safari/537.36"
128.1.218.179 - - [16/Apr/2026:14:44:37 +0300] "POST /xmlrpc.php HTTP/1.1" 200 630 "-" "Mozilla/5.0 (Windows NT 10.0; Win64; x64) AppleWebKit/537.36 (KHTML, like Gecko) Chrome/114.0.0.0 Safari/537.36"
128.1.218.179 - - [16/Apr/2026:14:44:56 +0300] "POST /xmlrpc.php HTTP/1.1" 200 13709 "-" "Mozilla/5.0 (Windows NT 10.0; Win64; x64) AppleWebKit/537.36 (KHTML, like Gecko) Chrome/114.0.0.0 Safari/537.36"
185.216.113.70 - - [16/Apr/2026:14:45:21 +0300] "POST /wp-cron.php?doing_wp_cron=1776339921.4599161148071289062500 HTTP/1.1" 200 448 "-" "WordPress/6.3.8; https://serhatburke.miroglu.net"
157.90.114.254 - - [16/Apr/2026:14:45:08 +0300] "POST /xmlrpc.php HTTP/1.1" 200 604 "-" "Mozilla/5.0 (Windows NT 10.0; Win64; x64) AppleWebKit/537.36 (KHTML, like Gecko) Chrome/108.0.0.0 Safari/537.36"
128.1.218.179 - - [16/Apr/2026:14:45:11 +0300] "GET /play-whales-pearl-on-twin-spin-slot-machine-the-internet-totally-free/ HTTP/1.1" 200 74818 "-" "Mozilla/5.0 (Windows NT 10.0; Win64; x64) AppleWebKit/537.36 (KHTML, like Gecko) Chrome/123.0.0.0 Safari/537.36"
157.90.114.254 - - [16/Apr/2026:14:45:22 +0300] "POST /xmlrpc.php HTTP/1.1" 200 3529 "-" "Mozilla/5.0 (Windows NT 10.0; Win64; x64) AppleWebKit/537.36 (KHTML, like Gecko) Chrome/108.0.0.0 Safari/537.36"
185.216.113.70 - - [16/Apr/2026:14:45:51 +0300] "POST /wp-cron.php?doing_wp_cron=1776339951.0461699962615966796875 HTTP/1.1" 200 448 "-" "WordPress/6.3.8; https://serhatburke.miroglu.net"
165.73.240.153 - - [16/Apr/2026:14:45:38 +0300] "POST /xmlrpc.php HTTP/1.1" 200 630 "-" "Mozilla/5.0 (Windows NT 10.0; Win64; x64) AppleWebKit/537.36 (KHTML, like Gecko) Chrome/114.0.0.0 Safari/537.36"
157.90.114.254 - - [16/Apr/2026:14:45:39 +0300] "GET /spinmama-casino-espana-analisis-completo-y-experiencia-real/ HTTP/1.1" 200 18158 "-" "Mozilla/5.0 (Windows NT 10.0; Win64; x64) AppleWebKit/537.36 (KHTML, like Gecko) Chrome/108.0.0.0 Safari/537.36"
165.73.240.153 - - [16/Apr/2026:14:45:58 +0300] "POST /xmlrpc.php HTTP/1.1" 200 12825 "-" "Mozilla/5.0 (Windows NT 10.0; Win64; x64) AppleWebKit/537.36 (KHTML, like Gecko) Chrome/114.0.0.0 Safari/537.36"
165.73.240.153 - - [16/Apr/2026:14:46:12 +0300] "GET /mayan-princess-ports-comment-no-download-casinos-5-deposit-casino-crystal-ball-on-the-internet/ HTTP/1.1" 200 74658 "-" "Mozilla/5.0 (Windows NT 10.0; Win64; x64) AppleWebKit/537.36 (KHTML, like Gecko) Chrome/123.0.0.0 Safari/537.36"
103.219.169.133 - - [16/Apr/2026:14:46:19 +0300] "POST /xmlrpc.php HTTP/1.1" 200 630 "-" "Mozilla/5.0 (Windows NT 10.0; Win64; x64) AppleWebKit/537.36 (KHTML, like Gecko) Chrome/114.0.0.0 Safari/537.36"
185.216.113.70 - - [16/Apr/2026:14:46:51 +0300] "POST /wp-cron.php?doing_wp_cron=1776340011.0889699459075927734375 HTTP/1.1" 200 448 "-" "WordPress/6.3.8; https://serhatburke.miroglu.net"
103.219.169.133 - - [16/Apr/2026:14:46:38 +0300] "POST /xmlrpc.php HTTP/1.1" 200 16143 "-" "Mozilla/5.0 (Windows NT 10.0; Win64; x64) AppleWebKit/537.36 (KHTML, like Gecko) Chrome/114.0.0.0 Safari/537.36"
128.1.218.179 - - [16/Apr/2026:14:46:45 +0300] "POST /xmlrpc.php HTTP/1.1" 200 630 "-" "Mozilla/5.0 (Windows NT 10.0; Win64; x64) AppleWebKit/537.36 (KHTML, like Gecko) Chrome/114.0.0.0 Safari/537.36"
103.219.169.133 - - [16/Apr/2026:14:46:53 +0300] "GET /ladbrokes-spielbank-100-kostenlose-spins-keine-einzahlung-book-of-tombs-bonus-code-50-freispiele/ HTTP/1.1" 200 78338 "-" "Mozilla/5.0 (Windows NT 10.0; Win64; x64) AppleWebKit/537.36 (KHTML, like Gecko) Chrome/123.0.0.0 Safari/537.36 OPR/109.0.0.0"
128.1.218.179 - - [16/Apr/2026:14:47:09 +0300] "POST /xmlrpc.php HTTP/1.1" 200 13565 "-" "Mozilla/5.0 (Windows NT 10.0; Win64; x64) AppleWebKit/537.36 (KHTML, like Gecko) Chrome/114.0.0.0 Safari/537.36"
185.216.113.70 - - [16/Apr/2026:14:47:39 +0300] "POST /wp-cron.php?doing_wp_cron=1776340059.6458480358123779296875 HTTP/1.1" 200 448 "-" "WordPress/6.3.8; https://serhatburke.miroglu.net"
128.1.218.179 - - [16/Apr/2026:14:47:25 +0300] "GET /with-well-over-2-hundred-ports-games-and-you-may-endless-themes-boredom-doesnt-exist-right-here-twist-for-fun-twist-to-own-grand-jackpots-spin-for-the-greatest-harbors-50-dragons-slot-fr/ HTTP/1.1" 200 79182 "-" "Mozilla/5.0 (Windows NT 10.0; Win64; x64) AppleWebKit/537.36 (KHTML, like Gecko) Chrome/123.0.0.0 Safari/537.36"
165.73.240.153 - - [16/Apr/2026:14:47:30 +0300] "POST /xmlrpc.php HTTP/1.1" 200 630 "-" "Mozilla/5.0 (Windows NT 10.0; Win64; x64) AppleWebKit/537.36 (KHTML, like Gecko) Chrome/114.0.0.0 Safari/537.36"
165.73.240.153 - - [16/Apr/2026:14:47:50 +0300] "POST /xmlrpc.php HTTP/1.1" 200 12767 "-" "Mozilla/5.0 (Windows NT 10.0; Win64; x64) AppleWebKit/537.36 (KHTML, like Gecko) Chrome/114.0.0.0 Safari/537.36"
128.1.218.179 - - [16/Apr/2026:14:47:59 +0300] "POST /xmlrpc.php HTTP/1.1" 200 630 "-" "Mozilla/5.0 (Windows NT 10.0; Win64; x64) AppleWebKit/537.36 (KHTML, like Gecko) Chrome/114.0.0.0 Safari/537.36"
165.73.240.153 - - [16/Apr/2026:14:48:06 +0300] "GET /android-os-applications-golden-grimoire-win-on-google-gamble/ HTTP/1.1" 200 73733 "-" "Mozilla/5.0 (Windows NT 10.0; Win64; x64; rv:125.0) Gecko/20100101 Firefox/125.0"
185.216.113.70 - - [16/Apr/2026:14:48:32 +0300] "POST /wp-cron.php?doing_wp_cron=1776340112.8792030811309814453125 HTTP/1.1" 200 448 "-" "WordPress/6.3.8; https://serhatburke.miroglu.net"
128.1.218.179 - - [16/Apr/2026:14:48:19 +0300] "POST /xmlrpc.php HTTP/1.1" 200 13248 "-" "Mozilla/5.0 (Windows NT 10.0; Win64; x64) AppleWebKit/537.36 (KHTML, like Gecko) Chrome/114.0.0.0 Safari/537.36"
128.1.218.179 - - [16/Apr/2026:14:48:34 +0300] "GET /dr-casino-two-up-dre-%E7%9F%A5%E4%B9%8E/ HTTP/1.1" 200 73687 "-" "Mozilla/5.0 (Windows NT 10.0; Win64; x64) AppleWebKit/537.36 (KHTML, like Gecko) Chrome/123.0.0.0 Safari/537.36"
165.73.240.153 - - [16/Apr/2026:14:49:05 +0300] "POST /xmlrpc.php HTTP/1.1" 200 630 "-" "Mozilla/5.0 (Windows NT 10.0; Win64; x64) AppleWebKit/537.36 (KHTML, like Gecko) Chrome/114.0.0.0 Safari/537.36"
185.216.113.70 - - [16/Apr/2026:14:49:39 +0300] "POST /wp-cron.php?doing_wp_cron=1776340179.6042969226837158203125 HTTP/1.1" 200 448 "-" "WordPress/6.3.8; https://serhatburke.miroglu.net"
165.73.240.153 - - [16/Apr/2026:14:49:26 +0300] "POST /xmlrpc.php HTTP/1.1" 200 13194 "-" "Mozilla/5.0 (Windows NT 10.0; Win64; x64) AppleWebKit/537.36 (KHTML, like Gecko) Chrome/114.0.0.0 Safari/537.36"
128.1.218.179 - - [16/Apr/2026:14:49:37 +0300] "POST /xmlrpc.php HTTP/1.1" 200 630 "-" "Mozilla/5.0 (Windows NT 10.0; Win64; x64) AppleWebKit/537.36 (KHTML, like Gecko) Chrome/114.0.0.0 Safari/537.36"
98.98.9.27 - - [16/Apr/2026:14:49:42 +0300] "POST /xmlrpc.php HTTP/1.1" 200 630 "-" "Mozilla/5.0 (Windows NT 10.0; Win64; x64) AppleWebKit/537.36 (KHTML, like Gecko) Chrome/114.0.0.0 Safari/537.36"
165.73.240.153 - - [16/Apr/2026:14:49:41 +0300] "GET /not-so-long-ago-position-game-play-online-the-real-deal-odds-of-winning-polar-paws-money/ HTTP/1.1" 200 74637 "-" "Mozilla/5.0 (Windows NT 10.0; Win64; x64) AppleWebKit/537.36 (KHTML, like Gecko) Chrome/124.0.0.0 Safari/537.36"
128.1.218.179 - - [16/Apr/2026:14:50:03 +0300] "POST /xmlrpc.php HTTP/1.1" 200 14143 "-" "Mozilla/5.0 (Windows NT 10.0; Win64; x64) AppleWebKit/537.36 (KHTML, like Gecko) Chrome/114.0.0.0 Safari/537.36"
98.98.9.27 - - [16/Apr/2026:14:50:10 +0300] "POST /xmlrpc.php HTTP/1.1" 200 12919 "-" "Mozilla/5.0 (Windows NT 10.0; Win64; x64) AppleWebKit/537.36 (KHTML, like Gecko) Chrome/114.0.0.0 Safari/537.36"
128.1.218.179 - - [16/Apr/2026:14:50:18 +0300] "GET /better-online-casino-no-deposit-incentive-casino-superlines-rules-2026/ HTTP/1.1" 200 75422 "-" "Mozilla/5.0 (Windows NT 10.0; Win64; x64) AppleWebKit/537.36 (KHTML, like Gecko) Chrome/123.0.0.0 Safari/537.36"
185.216.113.70 - - [16/Apr/2026:14:50:39 +0300] "POST /wp-cron.php?doing_wp_cron=1776340239.8160018920898437500000 HTTP/1.1" 200 448 "-" "WordPress/6.3.8; https://serhatburke.miroglu.net"
98.98.9.27 - - [16/Apr/2026:14:50:27 +0300] "GET /goldilocks-and-also-play-6-reel-slots-real-money-the-wild-carries-slot-100-percent-free-gamble-and-review-rtp-96-84/ HTTP/1.1" 200 75220 "-" "Mozilla/5.0 (Windows NT 10.0; Win64; x64) AppleWebKit/537.36 (KHTML, like Gecko) Chrome/123.0.0.0 Safari/537.36 OPR/109.0.0.0"
165.73.240.153 - - [16/Apr/2026:14:50:34 +0300] "POST /xmlrpc.php HTTP/1.1" 200 630 "-" "Mozilla/5.0 (Windows NT 10.0; Win64; x64) AppleWebKit/537.36 (KHTML, like Gecko) Chrome/114.0.0.0 Safari/537.36"
165.73.240.153 - - [16/Apr/2026:14:50:54 +0300] "POST /xmlrpc.php HTTP/1.1" 200 12665 "-" "Mozilla/5.0 (Windows NT 10.0; Win64; x64) AppleWebKit/537.36 (KHTML, like Gecko) Chrome/114.0.0.0 Safari/537.36"
128.1.218.179 - - [16/Apr/2026:14:51:10 +0300] "POST /xmlrpc.php HTTP/1.1" 200 630 "-" "Mozilla/5.0 (Windows NT 10.0; Win64; x64) AppleWebKit/537.36 (KHTML, like Gecko) Chrome/114.0.0.0 Safari/537.36"
165.73.240.153 - - [16/Apr/2026:14:51:08 +0300] "GET /play-free-position-video-game-zero-50s-pinup-hd-casino-game-down-load-no-membership/ HTTP/1.1" 200 74112 "-" "Mozilla/5.0 (Windows NT 10.0; rv:125.0) Gecko/20100101 Firefox/125.0"
103.219.169.133 - - [16/Apr/2026:14:51:23 +0300] "POST /xmlrpc.php HTTP/1.1" 200 630 "-" "Mozilla/5.0 (Windows NT 10.0; Win64; x64) AppleWebKit/537.36 (KHTML, like Gecko) Chrome/114.0.0.0 Safari/537.36"
185.216.113.70 - - [16/Apr/2026:14:51:43 +0300] "POST /wp-cron.php?doing_wp_cron=1776340302.9356060028076171875000 HTTP/1.1" 200 448 "-" "WordPress/6.3.8; https://serhatburke.miroglu.net"
128.1.218.179 - - [16/Apr/2026:14:51:29 +0300] "POST /xmlrpc.php HTTP/1.1" 200 13689 "-" "Mozilla/5.0 (Windows NT 10.0; Win64; x64) AppleWebKit/537.36 (KHTML, like Gecko) Chrome/114.0.0.0 Safari/537.36"
103.219.169.133 - - [16/Apr/2026:14:51:42 +0300] "POST /xmlrpc.php HTTP/1.1" 200 16087 "-" "Mozilla/5.0 (Windows NT 10.0; Win64; x64) AppleWebKit/537.36 (KHTML, like Gecko) Chrome/114.0.0.0 Safari/537.36"
128.1.218.179 - - [16/Apr/2026:14:51:44 +0300] "GET /bet-horse-racing-that-play-ariana-slot-online-have-better-couples-drf-associates/ HTTP/1.1" 200 75247 "-" "Mozilla/5.0 (Windows NT 10.0; Win64; x64; rv:125.0) Gecko/20100101 Firefox/125.0"
165.73.240.153 - - [16/Apr/2026:14:52:00 +0300] "POST /xmlrpc.php HTTP/1.1" 200 630 "-" "Mozilla/5.0 (Windows NT 10.0; Win64; x64) AppleWebKit/537.36 (KHTML, like Gecko) Chrome/114.0.0.0 Safari/537.36"
103.219.169.133 - - [16/Apr/2026:14:52:05 +0300] "GET /online-spielbank-paypal-verkettete-liste-das-online-casinos-unter-einsatz-von-paypal-sizzling-hot-trick-einzahlung/ HTTP/1.1" 200 78987 "-" "Mozilla/5.0 (Windows NT 10.0; Win64; x64) AppleWebKit/537.36 (KHTML, like Gecko) Chrome/109.0.0.0 Safari/537.36"
165.73.240.153 - - [16/Apr/2026:14:52:22 +0300] "POST /xmlrpc.php HTTP/1.1" 200 12924 "-" "Mozilla/5.0 (Windows NT 10.0; Win64; x64) AppleWebKit/537.36 (KHTML, like Gecko) Chrome/114.0.0.0 Safari/537.36"
185.216.113.70 - - [16/Apr/2026:14:52:42 +0300] "POST /wp-cron.php?doing_wp_cron=1776340362.0996160507202148437500 HTTP/1.1" 200 448 "-" "WordPress/6.3.8; https://serhatburke.miroglu.net"
128.1.218.179 - - [16/Apr/2026:14:52:28 +0300] "POST /xmlrpc.php HTTP/1.1" 200 630 "-" "Mozilla/5.0 (Windows NT 10.0; Win64; x64) AppleWebKit/537.36 (KHTML, like Gecko) Chrome/114.0.0.0 Safari/537.36"
165.73.240.153 - - [16/Apr/2026:14:52:36 +0300] "GET /greatest-online-casinos-the-real-deal-money-picking-strip-to-win-casino-the-big-on-line-casino-for-2026/ HTTP/1.1" 200 75003 "-" "Mozilla/5.0 (Windows NT 10.0; rv:109.0) Gecko/20100101 Firefox/115.0"
128.1.218.179 - - [16/Apr/2026:14:52:49 +0300] "POST /xmlrpc.php HTTP/1.1" 200 14071 "-" "Mozilla/5.0 (Windows NT 10.0; Win64; x64) AppleWebKit/537.36 (KHTML, like Gecko) Chrome/114.0.0.0 Safari/537.36"
128.1.218.179 - - [16/Apr/2026:14:53:04 +0300] "GET /dragon-dancing-position-totally-free-gamble-game-free-lucky-88-slot-review/ HTTP/1.1" 200 75605 "-" "Mozilla/5.0 (Windows NT 10.0; Win64; x64; rv:125.0) Gecko/20100101 Firefox/125.0"
165.73.240.153 - - [16/Apr/2026:14:53:18 +0300] "POST /xmlrpc.php HTTP/1.1" 200 630 "-" "Mozilla/5.0 (Windows NT 10.0; Win64; x64) AppleWebKit/537.36 (KHTML, like Gecko) Chrome/114.0.0.0 Safari/537.36"
185.216.113.70 - - [16/Apr/2026:14:53:48 +0300] "POST /wp-cron.php?doing_wp_cron=1776340428.2385549545288085937500 HTTP/1.1" 200 448 "-" "WordPress/6.3.8; https://serhatburke.miroglu.net"
64.137.96.115 - - [16/Apr/2026:14:53:31 +0300] "POST /xmlrpc.php HTTP/1.1" 200 730 "-" "axios/1.11.0"
128.1.218.179 - - [16/Apr/2026:14:53:34 +0300] "POST /xmlrpc.php HTTP/1.1" 200 630 "-" "Mozilla/5.0 (Windows NT 10.0; Win64; x64) AppleWebKit/537.36 (KHTML, like Gecko) Chrome/114.0.0.0 Safari/537.36"
165.73.240.153 - - [16/Apr/2026:14:53:37 +0300] "POST /xmlrpc.php HTTP/1.1" 200 12718 "-" "Mozilla/5.0 (Windows NT 10.0; Win64; x64) AppleWebKit/537.36 (KHTML, like Gecko) Chrome/114.0.0.0 Safari/537.36"
45.151.161.88 - - [16/Apr/2026:14:53:41 +0300] "POST /xmlrpc.php HTTP/1.1" 200 730 "-" "axios/1.11.0"
82.24.247.55 - - [16/Apr/2026:14:53:51 +0300] "POST /xmlrpc.php HTTP/1.1" 200 730 "-" "axios/1.11.0"
128.1.218.179 - - [16/Apr/2026:14:54:02 +0300] "POST /xmlrpc.php HTTP/1.1" 200 14881 "-" "Mozilla/5.0 (Windows NT 10.0; Win64; x64) AppleWebKit/537.36 (KHTML, like Gecko) Chrome/114.0.0.0 Safari/537.36"
165.73.240.153 - - [16/Apr/2026:14:54:05 +0300] "GET /50-count-effortless-english-corrida-romance-slot-free-spins-wikipedia-the-brand-new-totally-free-encyclopedia/ HTTP/1.1" 200 74940 "-" "Mozilla/5.0 (Windows NT 10.0; Win64; x64) AppleWebKit/537.36 (KHTML, like Gecko) Chrome/109.0.0.0 Safari/537.36"
128.1.218.179 - - [16/Apr/2026:14:54:23 +0300] "GET /moving-dragons-slots-remark-casino-true-blue-100-free-spins-free-online-trial-game/ HTTP/1.1" 200 76452 "-" "Mozilla/5.0 (Windows NT 10.0; Win64; x64; rv:125.0) Gecko/20100101 Firefox/125.0"
185.216.113.70 - - [16/Apr/2026:14:54:53 +0300] "POST /wp-cron.php?doing_wp_cron=1776340493.2883319854736328125000 HTTP/1.1" 200 448 "-" "WordPress/6.3.8; https://serhatburke.miroglu.net"
165.73.240.153 - - [16/Apr/2026:14:54:39 +0300] "POST /xmlrpc.php HTTP/1.1" 200 630 "-" "Mozilla/5.0 (Windows NT 10.0; Win64; x64) AppleWebKit/537.36 (KHTML, like Gecko) Chrome/114.0.0.0 Safari/537.36"
128.1.218.179 - - [16/Apr/2026:14:54:42 +0300] "POST /xmlrpc.php HTTP/1.1" 200 630 "-" "Mozilla/5.0 (Windows NT 10.0; Win64; x64) AppleWebKit/537.36 (KHTML, like Gecko) Chrome/114.0.0.0 Safari/537.36"
66.249.68.133 - - [16/Apr/2026:14:55:11 +0300] "GET /no-title/ HTTP/1.1" 200 0 "https://odcjy.frostpulse-games.biz/" "Mozilla/5.0 (Linux; Android 6.0.1; Nexus 5X Build/MMB29P) AppleWebKit/537.36 (KHTML, like Gecko) Chrome/146.0.7680.177 Mobile Safari/537.36 (compatible; Googlebot/2.1; +http://www.google.com/bot.html)"
165.73.240.153 - - [16/Apr/2026:14:55:00 +0300] "POST /xmlrpc.php HTTP/1.1" 200 13125 "-" "Mozilla/5.0 (Windows NT 10.0; Win64; x64) AppleWebKit/537.36 (KHTML, like Gecko) Chrome/114.0.0.0 Safari/537.36"
128.1.218.179 - - [16/Apr/2026:14:55:02 +0300] "POST /xmlrpc.php HTTP/1.1" 200 13836 "-" "Mozilla/5.0 (Windows NT 10.0; Win64; x64) AppleWebKit/537.36 (KHTML, like Gecko) Chrome/114.0.0.0 Safari/537.36"
66.249.68.133 - - [16/Apr/2026:14:55:06 +0300] "GET /robots.txt HTTP/1.1" 200 719 "-" "Mozilla/5.0 (compatible; Googlebot/2.1; +http://www.google.com/bot.html)"
185.216.113.70 - - [16/Apr/2026:14:55:45 +0300] "POST /wp-cron.php?doing_wp_cron=1776340545.1882491111755371093750 HTTP/1.1" 200 448 "-" "WordPress/6.3.8; https://serhatburke.miroglu.net"
165.73.240.153 - - [16/Apr/2026:14:55:29 +0300] "GET /free-buffalo-slot-so-much-candy-mobile-machine-game-gamble-online-trial-by-aristocrat/ HTTP/1.1" 200 74546 "-" "Mozilla/5.0 (Windows NT 10.0; rv:109.0) Gecko/20100101 Firefox/115.0"
128.1.218.179 - - [16/Apr/2026:14:55:37 +0300] "GET /dragon-7-sins-slot-no-deposit-shrine/ HTTP/1.1" 200 74077 "-" "Mozilla/5.0 (Windows NT 10.0; Win64; x64; rv:125.0) Gecko/20100101 Firefox/125.0"
128.1.218.179 - - [16/Apr/2026:14:55:49 +0300] "POST /xmlrpc.php HTTP/1.1" 200 630 "-" "Mozilla/5.0 (Windows NT 10.0; Win64; x64) AppleWebKit/537.36 (KHTML, like Gecko) Chrome/114.0.0.0 Safari/537.36"
185.216.113.70 - - [16/Apr/2026:14:56:15 +0300] "POST /wp-cron.php?doing_wp_cron=1776340575.9008378982543945312500 HTTP/1.1" 200 448 "-" "WordPress/6.3.8; https://serhatburke.miroglu.net"
165.73.240.153 - - [16/Apr/2026:14:56:03 +0300] "POST /xmlrpc.php HTTP/1.1" 200 630 "-" "Mozilla/5.0 (Windows NT 10.0; Win64; x64) AppleWebKit/537.36 (KHTML, like Gecko) Chrome/114.0.0.0 Safari/537.36"
128.1.218.179 - - [16/Apr/2026:14:56:08 +0300] "POST /xmlrpc.php HTTP/1.1" 200 14311 "-" "Mozilla/5.0 (Windows NT 10.0; Win64; x64) AppleWebKit/537.36 (KHTML, like Gecko) Chrome/114.0.0.0 Safari/537.36"
103.219.169.133 - - [16/Apr/2026:14:56:23 +0300] "POST /xmlrpc.php HTTP/1.1" 200 630 "-" "Mozilla/5.0 (Windows NT 10.0; Win64; x64) AppleWebKit/537.36 (KHTML, like Gecko) Chrome/114.0.0.0 Safari/537.36"
165.73.240.153 - - [16/Apr/2026:14:56:23 +0300] "POST /xmlrpc.php HTTP/1.1" 200 13184 "-" "Mozilla/5.0 (Windows NT 10.0; Win64; x64) AppleWebKit/537.36 (KHTML, like Gecko) Chrome/114.0.0.0 Safari/537.36"
128.1.218.179 - - [16/Apr/2026:14:56:22 +0300] "GET /50-free-spins-no-deposit-zero-hot-seven-no-deposit-choice-british-also-offers-only/ HTTP/1.1" 200 75840 "-" "Mozilla/5.0 (Windows NT 10.0; Win64; x64) AppleWebKit/537.36 (KHTML, like Gecko) Chrome/124.0.0.0 Safari/537.36"
185.216.113.70 - - [16/Apr/2026:14:56:58 +0300] "POST /wp-cron.php?doing_wp_cron=1776340618.3719921112060546875000 HTTP/1.1" 200 448 "-" "WordPress/6.3.8; https://serhatburke.miroglu.net"
165.73.240.153 - - [16/Apr/2026:14:56:45 +0300] "GET /monkey-mart-enjoy-on-the-cleopatra-pyramids-120-free-spins-internet-free-of-charge/ HTTP/1.1" 200 74702 "-" "Mozilla/5.0 (Windows NT 10.0; rv:109.0) Gecko/20100101 Firefox/115.0"
103.219.169.133 - - [16/Apr/2026:14:56:50 +0300] "POST /xmlrpc.php HTTP/1.1" 200 15086 "-" "Mozilla/5.0 (Windows NT 10.0; Win64; x64) AppleWebKit/537.36 (KHTML, like Gecko) Chrome/114.0.0.0 Safari/537.36"
128.1.218.179 - - [16/Apr/2026:14:56:58 +0300] "POST /xmlrpc.php HTTP/1.1" 200 630 "-" "Mozilla/5.0 (Windows NT 10.0; Win64; x64) AppleWebKit/537.36 (KHTML, like Gecko) Chrome/114.0.0.0 Safari/537.36"
103.219.169.133 - - [16/Apr/2026:14:57:06 +0300] "GET /ladbrokes-spielsaal-app-as-kritischer-hyperlink-part-of-brd-sorgt-inzwischen-pro-fairplay/ HTTP/1.1" 200 77395 "-" "Mozilla/5.0 (Windows NT 10.0; rv:125.0) Gecko/20100101 Firefox/125.0"
98.98.9.26 - - [16/Apr/2026:14:57:14 +0300] "POST /xmlrpc.php HTTP/1.1" 200 630 "-" "Mozilla/5.0 (Windows NT 10.0; Win64; x64) AppleWebKit/537.36 (KHTML, like Gecko) Chrome/114.0.0.0 Safari/537.36"
165.73.240.153 - - [16/Apr/2026:14:57:15 +0300] "POST /xmlrpc.php HTTP/1.1" 200 630 "-" "Mozilla/5.0 (Windows NT 10.0; Win64; x64) AppleWebKit/537.36 (KHTML, like Gecko) Chrome/114.0.0.0 Safari/537.36"
185.216.113.70 - - [16/Apr/2026:14:57:41 +0300] "POST /wp-cron.php?doing_wp_cron=1776340661.0260789394378662109375 HTTP/1.1" 200 448 "-" "WordPress/6.3.8; https://serhatburke.miroglu.net"
128.1.218.179 - - [16/Apr/2026:14:57:23 +0300] "POST /xmlrpc.php HTTP/1.1" 200 14570 "-" "Mozilla/5.0 (Windows NT 10.0; Win64; x64) AppleWebKit/537.36 (KHTML, like Gecko) Chrome/114.0.0.0 Safari/537.36"
84.200.80.218 - - [16/Apr/2026:14:57:27 +0300] "POST /xmlrpc.php HTTP/1.1" 200 87245 "-" "Mozilla/5.0 (X11; Linux x86_64) AppleWebKit/537.36 (KHTML, like Gecko) Chrome/114.0.0.0 Safari/537.36 Vivaldi/5.3.2679.68"
98.98.9.26 - - [16/Apr/2026:14:57:41 +0300] "POST /xmlrpc.php HTTP/1.1" 200 14318 "-" "Mozilla/5.0 (Windows NT 10.0; Win64; x64) AppleWebKit/537.36 (KHTML, like Gecko) Chrome/114.0.0.0 Safari/537.36"
165.73.240.153 - - [16/Apr/2026:14:57:42 +0300] "POST /xmlrpc.php HTTP/1.1" 200 12635 "-" "Mozilla/5.0 (Windows NT 10.0; Win64; x64) AppleWebKit/537.36 (KHTML, like Gecko) Chrome/114.0.0.0 Safari/537.36"
128.1.218.179 - - [16/Apr/2026:14:57:42 +0300] "GET /eyes-out-of-horus-gambling-enterprises-merkur-klassiker-verbunden-zum-besten-who-would-like-to-end-funky-fruits-for-mobile-phones-up-being-a-millionaire-step-1-kaution-geben-mercantile-work-enviro/ HTTP/1.1" 200 79287 "-" "Mozilla/5.0 (Windows NT 10.0; rv:125.0) Gecko/20100101 Firefox/125.0"
84.200.80.218 - - [16/Apr/2026:14:57:46 +0300] "POST /xmlrpc.php HTTP/1.1" 200 489 "-" "Mozilla/5.0 (X11; Linux x86_64) AppleWebKit/537.36 (KHTML, like Gecko) Chrome/114.0.0.0 Safari/537.36 Vivaldi/5.3.2679.68"
66.249.68.132 - - [16/Apr/2026:14:57:48 +0300] "GET /robots.txt HTTP/1.1" 200 719 "-" "Mozilla/5.0 (compatible; Googlebot/2.1; +http://www.google.com/bot.html)"
128.1.218.179 - - [16/Apr/2026:14:58:02 +0300] "POST /xmlrpc.php HTTP/1.1" 200 630 "-" "Mozilla/5.0 (Windows NT 10.0; Win64; x64) AppleWebKit/537.36 (KHTML, like Gecko) Chrome/114.0.0.0 Safari/537.36"
185.216.113.70 - - [16/Apr/2026:14:58:49 +0300] "POST /wp-cron.php?doing_wp_cron=1776340729.8328890800476074218750 HTTP/1.1" 200 448 "-" "WordPress/6.3.8; https://serhatburke.miroglu.net"
98.98.9.27 - - [16/Apr/2026:14:58:18 +0300] "POST /xmlrpc.php HTTP/1.1" 200 630 "-" "Mozilla/5.0 (Windows NT 10.0; Win64; x64) AppleWebKit/537.36 (KHTML, like Gecko) Chrome/114.0.0.0 Safari/537.36"
185.216.113.70 - - [16/Apr/2026:14:58:55 +0300] "POST /wp-cron.php?doing_wp_cron=1776340735.1906270980834960937500 HTTP/1.1" 200 448 "-" "WordPress/6.3.8; https://serhatburke.miroglu.net"
185.216.113.70 - - [16/Apr/2026:14:58:56 +0300] "POST /wp-cron.php?doing_wp_cron=1776340736.4279930591583251953125 HTTP/1.1" 200 448 "-" "WordPress/6.3.8; https://serhatburke.miroglu.net"
165.73.240.153 - - [16/Apr/2026:14:58:21 +0300] "GET /gamble-sheer-rare-metal-slot-2026-position-opinion-added-bonus-booming-seven-slot-has/ HTTP/1.1" 200 74148 "-" "Mozilla/5.0 (Windows NT 10.0; rv:125.0) Gecko/20100101 Firefox/125.0"
98.98.9.26 - - [16/Apr/2026:14:58:20 +0300] "GET /56-priyatni-i-mozhete-da-uvlekatelni-analitichni-tochki-100-protsenta-bezplatni-pdf-goldbet-bonus-za-dobre-doshli-faylove/ HTTP/1.1" 200 82025 "-" "Mozilla/5.0 (Windows NT 10.0; Win64; x64; rv:125.0) Gecko/20100101 Firefox/125.0"
185.216.113.70 - - [16/Apr/2026:14:58:59 +0300] "POST /wp-cron.php?doing_wp_cron=1776340738.9182250499725341796875 HTTP/1.1" 200 448 "-" "WordPress/6.3.8; https://serhatburke.miroglu.net"
84.200.80.218 - - [16/Apr/2026:14:58:24 +0300] "POST /xmlrpc.php HTTP/1.1" 200 209816 "-" "Mozilla/5.0 (X11; Linux x86_64) AppleWebKit/537.36 (KHTML, like Gecko) Chrome/114.0.0.0 Safari/537.36 Vivaldi/5.3.2679.68"
185.216.113.70 - - [16/Apr/2026:14:59:14 +0300] "POST /wp-cron.php?doing_wp_cron=1776340754.8048069477081298828125 HTTP/1.1" 200 448 "-" "WordPress/6.3.8; https://serhatburke.miroglu.net"
165.73.240.153 - - [16/Apr/2026:14:58:36 +0300] "POST /xmlrpc.php HTTP/1.1" 200 630 "-" "Mozilla/5.0 (Windows NT 10.0; Win64; x64) AppleWebKit/537.36 (KHTML, like Gecko) Chrome/114.0.0.0 Safari/537.36"
128.1.218.179 - - [16/Apr/2026:14:58:44 +0300] "POST /xmlrpc.php HTTP/1.1" 200 15003 "-" "Mozilla/5.0 (Windows NT 10.0; Win64; x64) AppleWebKit/537.36 (KHTML, like Gecko) Chrome/114.0.0.0 Safari/537.36"
98.98.9.27 - - [16/Apr/2026:14:58:57 +0300] "POST /xmlrpc.php HTTP/1.1" 200 13054 "-" "Mozilla/5.0 (Windows NT 10.0; Win64; x64) AppleWebKit/537.36 (KHTML, like Gecko) Chrome/114.0.0.0 Safari/537.36"
128.1.218.179 - - [16/Apr/2026:14:59:09 +0300] "POST /xmlrpc.php HTTP/1.1" 200 630 "-" "Mozilla/5.0 (Windows NT 10.0; Win64; x64) AppleWebKit/537.36 (KHTML, like Gecko) Chrome/114.0.0.0 Safari/537.36"
165.73.240.153 - - [16/Apr/2026:14:59:22 +0300] "POST /xmlrpc.php HTTP/1.1" 200 13521 "-" "Mozilla/5.0 (Windows NT 10.0; Win64; x64) AppleWebKit/537.36 (KHTML, like Gecko) Chrome/114.0.0.0 Safari/537.36"
128.1.218.179 - - [16/Apr/2026:14:59:28 +0300] "GET /neue-angeschlossen-gambling-enterprises-2026-funky-fruits-slots-download-50-freispiele-attention-of-horus-courtroom-bei-der-registrierung-ohne-einzahlung-within-this-deutschland/ HTTP/1.1" 200 79021 "-" "Mozilla/5.0 (Windows NT 10.0; Win64; x64) AppleWebKit/537.36 (KHTML, like Gecko) Chrome/122.0.0.0 Safari/537.36"
185.216.113.70 - - [16/Apr/2026:15:00:17 +0300] "POST /wp-cron.php?doing_wp_cron=1776340817.7491359710693359375000 HTTP/1.1" 200 448 "-" "WordPress/6.3.8; https://serhatburke.miroglu.net"
98.98.9.27 - - [16/Apr/2026:14:59:48 +0300] "GET /best-merchant-away-from-ports-live-gambling-establishment-black-diamond-online-casino-cash-advance-rng-games/ HTTP/1.1" 200 75265 "-" "Mozilla/5.0 (Windows NT 10.0; Win64; x64) AppleWebKit/537.36 (KHTML, like Gecko) Chrome/123.0.0.0 Safari/537.36 OPR/109.0.0.0"
185.216.113.70 - - [16/Apr/2026:15:00:24 +0300] "POST /wp-cron.php?doing_wp_cron=1776340823.9840641021728515625000 HTTP/1.1" 200 448 "-" "WordPress/6.3.8; https://serhatburke.miroglu.net"
165.73.240.153 - - [16/Apr/2026:14:59:54 +0300] "POST /xmlrpc.php HTTP/1.1" 200 630 "-" "Mozilla/5.0 (Windows NT 10.0; Win64; x64) AppleWebKit/537.36 (KHTML, like Gecko) Chrome/114.0.0.0 Safari/537.36"
128.1.218.179 - - [16/Apr/2026:15:00:01 +0300] "POST /xmlrpc.php HTTP/1.1" 200 14508 "-" "Mozilla/5.0 (Windows NT 10.0; Win64; x64) AppleWebKit/537.36 (KHTML, like Gecko) Chrome/114.0.0.0 Safari/537.36"
165.73.240.153 - - [16/Apr/2026:15:00:02 +0300] "GET /aristocrat-pokies-play-for-fun-zero-subscription-no-card-details-free-spins-expected/ HTTP/1.1" 200 75179 "-" "Mozilla/5.0 (Windows NT 10.0; Win64; x64) AppleWebKit/537.36 (KHTML, like Gecko) Chrome/123.0.0.0 Safari/537.36 OPR/109.0.0.0"
165.73.240.153 - - [16/Apr/2026:15:00:31 +0300] "POST /xmlrpc.php HTTP/1.1" 200 13126 "-" "Mozilla/5.0 (Windows NT 10.0; Win64; x64) AppleWebKit/537.36 (KHTML, like Gecko) Chrome/114.0.0.0 Safari/537.36"
185.216.113.70 - - [16/Apr/2026:15:00:56 +0300] "POST /wp-cron.php?doing_wp_cron=1776340843.4471089839935302734375 HTTP/1.1" 200 448 "-" "WordPress/6.3.8; https://serhatburke.miroglu.net"
128.1.218.179 - - [16/Apr/2026:15:00:12 +0300] "POST /xmlrpc.php HTTP/1.1" 200 630 "-" "Mozilla/5.0 (Windows NT 10.0; Win64; x64) AppleWebKit/537.36 (KHTML, like Gecko) Chrome/114.0.0.0 Safari/537.36"
128.1.218.179 - - [16/Apr/2026:15:00:33 +0300] "GET /javascript-is-casino-cryptowild-no-deposit-not-available/ HTTP/1.1" 200 75349 "-" "Mozilla/5.0 (Windows NT 10.0; Win64; x64) AppleWebKit/537.36 (KHTML, like Gecko) Chrome/124.0.0.0 Safari/537.36 Edg/124.0.0.0"
165.73.240.153 - - [16/Apr/2026:15:00:56 +0300] "GET /ramses-book-online-online-casino-arctic-adventures-position-because-of-the-merkur/ HTTP/1.1" 200 74477 "-" "Mozilla/5.0 (Windows NT 10.0; Win64; x64) AppleWebKit/537.36 (KHTML, like Gecko) Chrome/124.0.0.0 Safari/537.36 Edg/124.0.0.0"
128.1.218.179 - - [16/Apr/2026:15:01:04 +0300] "POST /xmlrpc.php HTTP/1.1" 200 13949 "-" "Mozilla/5.0 (Windows NT 10.0; Win64; x64) AppleWebKit/537.36 (KHTML, like Gecko) Chrome/114.0.0.0 Safari/537.36"
165.73.240.153 - - [16/Apr/2026:15:01:10 +0300] "POST /xmlrpc.php HTTP/1.1" 200 630 "-" "Mozilla/5.0 (Windows NT 10.0; Win64; x64) AppleWebKit/537.36 (KHTML, like Gecko) Chrome/114.0.0.0 Safari/537.36"
128.1.218.179 - - [16/Apr/2026:15:01:17 +0300] "POST /xmlrpc.php HTTP/1.1" 200 630 "-" "Mozilla/5.0 (Windows NT 10.0; Win64; x64) AppleWebKit/537.36 (KHTML, like Gecko) Chrome/114.0.0.0 Safari/537.36"
