103.219.169.167 - - [17/Apr/2026:05:12:08 +0300] "POST /xmlrpc.php HTTP/1.1" 200 16523 "-" "Mozilla/5.0 (Windows NT 10.0; Win64; x64) AppleWebKit/537.36 (KHTML, like Gecko) Chrome/114.0.0.0 Safari/537.36"
185.216.113.70 - - [17/Apr/2026:05:12:40 +0300] "POST /wp-cron.php?doing_wp_cron=1776391960.7832911014556884765625 HTTP/1.1" 200 448 "-" "WordPress/6.3.8; https://serhatburke.miroglu.net"
103.219.169.167 - - [17/Apr/2026:05:12:27 +0300] "GET /eye-of-horus-slot-spiele-damit-echtgeld-mr-bet-60-spins-frei-gratis/ HTTP/1.1" 200 77761 "-" "Mozilla/5.0 (Windows NT 10.0; Win64; x64) AppleWebKit/537.36 (KHTML, like Gecko) Chrome/124.0.0.0 Safari/537.36 Edg/124.0.0.0"
185.216.113.70 - - [17/Apr/2026:05:13:44 +0300] "POST /wp-cron.php?doing_wp_cron=1776392024.2448420524597167968750 HTTP/1.1" 200 448 "-" "WordPress/6.3.8; https://serhatburke.miroglu.net"
165.73.240.122 - - [17/Apr/2026:05:13:32 +0300] "POST /xmlrpc.php HTTP/1.1" 200 630 "-" "Mozilla/5.0 (Windows NT 10.0; Win64; x64) AppleWebKit/537.36 (KHTML, like Gecko) Chrome/114.0.0.0 Safari/537.36"
165.73.240.122 - - [17/Apr/2026:05:13:50 +0300] "POST /xmlrpc.php HTTP/1.1" 200 15012 "-" "Mozilla/5.0 (Windows NT 10.0; Win64; x64) AppleWebKit/537.36 (KHTML, like Gecko) Chrome/114.0.0.0 Safari/537.36"
217.181.92.95 - - [17/Apr/2026:05:13:52 +0300] "GET /wp-login.php HTTP/2" 200 3093 "-" "Mozilla/5.0 (Macintosh; Intel Mac OS X 13_5) AppleWebKit/605.1.15 (KHTML, like Gecko) Version/17.5 Safari/605.1.15"
217.181.92.95 - - [17/Apr/2026:05:14:07 +0300] "POST /xmlrpc.php HTTP/2" 200 109 "-" "Mozilla/5.0 (Macintosh; Intel Mac OS X 13_5) AppleWebKit/605.1.15 (KHTML, like Gecko) Version/17.5 Safari/605.1.15"
165.73.240.122 - - [17/Apr/2026:05:14:06 +0300] "GET /neue-online-casinos-2026-%EF%B8%8F-tag-divine-fortune-jackpot-slot-fur-tag-aktuelle-topliste/ HTTP/1.1" 200 77434 "-" "Mozilla/5.0 (Windows NT 10.0; rv:109.0) Gecko/20100101 Firefox/115.0"
185.216.113.70 - - [17/Apr/2026:05:15:10 +0300] "POST /wp-cron.php?doing_wp_cron=1776392110.6669108867645263671875 HTTP/1.1" 200 448 "-" "WordPress/6.3.8; https://serhatburke.miroglu.net"
62.12.118.35 - - [17/Apr/2026:05:14:57 +0300] "POST /xmlrpc.php HTTP/1.1" 200 630 "-" "Mozilla/5.0 (Windows NT 10.0; Win64; x64) AppleWebKit/537.36 (KHTML, like Gecko) Chrome/114.0.0.0 Safari/537.36"
165.73.240.122 - - [17/Apr/2026:05:15:13 +0300] "POST /xmlrpc.php HTTP/1.1" 200 630 "-" "Mozilla/5.0 (Windows NT 10.0; Win64; x64) AppleWebKit/537.36 (KHTML, like Gecko) Chrome/114.0.0.0 Safari/537.36"
62.12.118.35 - - [17/Apr/2026:05:15:17 +0300] "POST /xmlrpc.php HTTP/1.1" 200 13030 "-" "Mozilla/5.0 (Windows NT 10.0; Win64; x64) AppleWebKit/537.36 (KHTML, like Gecko) Chrome/114.0.0.0 Safari/537.36"
62.12.118.35 - - [17/Apr/2026:05:15:34 +0300] "GET /finest-2026-ports-to-play-the-real-elementals-slot-play-for-real-money-deal-online/ HTTP/1.1" 200 74453 "-" "Mozilla/5.0 (Windows NT 10.0; Win64; x64) AppleWebKit/537.36 (KHTML, like Gecko) Chrome/124.0.0.0 Safari/537.36"
165.73.240.122 - - [17/Apr/2026:05:15:36 +0300] "POST /xmlrpc.php HTTP/1.1" 200 15297 "-" "Mozilla/5.0 (Windows NT 10.0; Win64; x64) AppleWebKit/537.36 (KHTML, like Gecko) Chrome/114.0.0.0 Safari/537.36"
165.73.240.122 - - [17/Apr/2026:05:15:51 +0300] "GET /die-exotic-fruit-freie-spins-besten-online-casinos-2026-fur-deutsche-gamer/ HTTP/1.1" 200 77225 "-" "Mozilla/5.0 (Windows NT 10.0; Win64; x64) AppleWebKit/537.36 (KHTML, like Gecko) Chrome/123.0.0.0 Safari/537.36 OPR/109.0.0.0"
185.216.113.70 - - [17/Apr/2026:05:16:55 +0300] "POST /wp-cron.php?doing_wp_cron=1776392215.6222169399261474609375 HTTP/1.1" 200 448 "-" "WordPress/6.3.8; https://serhatburke.miroglu.net"
62.12.118.35 - - [17/Apr/2026:05:16:43 +0300] "POST /xmlrpc.php HTTP/1.1" 200 630 "-" "Mozilla/5.0 (Windows NT 10.0; Win64; x64) AppleWebKit/537.36 (KHTML, like Gecko) Chrome/114.0.0.0 Safari/537.36"
165.73.240.122 - - [17/Apr/2026:05:16:47 +0300] "POST /xmlrpc.php HTTP/1.1" 200 630 "-" "Mozilla/5.0 (Windows NT 10.0; Win64; x64) AppleWebKit/537.36 (KHTML, like Gecko) Chrome/114.0.0.0 Safari/537.36"
103.219.169.167 - - [17/Apr/2026:05:16:54 +0300] "POST /xmlrpc.php HTTP/1.1" 200 630 "-" "Mozilla/5.0 (Windows NT 10.0; Win64; x64) AppleWebKit/537.36 (KHTML, like Gecko) Chrome/114.0.0.0 Safari/537.36"
62.12.118.35 - - [17/Apr/2026:05:17:02 +0300] "POST /xmlrpc.php HTTP/1.1" 200 13962 "-" "Mozilla/5.0 (Windows NT 10.0; Win64; x64) AppleWebKit/537.36 (KHTML, like Gecko) Chrome/114.0.0.0 Safari/537.36"
165.73.240.122 - - [17/Apr/2026:05:17:08 +0300] "POST /xmlrpc.php HTTP/1.1" 200 14155 "-" "Mozilla/5.0 (Windows NT 10.0; Win64; x64) AppleWebKit/537.36 (KHTML, like Gecko) Chrome/114.0.0.0 Safari/537.36"
103.219.169.167 - - [17/Apr/2026:05:17:20 +0300] "POST /xmlrpc.php HTTP/1.1" 200 16262 "-" "Mozilla/5.0 (Windows NT 10.0; Win64; x64) AppleWebKit/537.36 (KHTML, like Gecko) Chrome/114.0.0.0 Safari/537.36"
62.12.118.35 - - [17/Apr/2026:05:17:21 +0300] "GET /play-triple-diamond-in-the-live-joker-poker-online-casinos-betmgm/ HTTP/1.1" 200 75136 "-" "Mozilla/5.0 (Windows NT 10.0; Win64; x64) AppleWebKit/537.36 (KHTML, like Gecko) Chrome/124.0.0.0 Safari/537.36"
185.216.113.70 - - [17/Apr/2026:05:17:42 +0300] "POST /wp-cron.php?doing_wp_cron=1776392261.8784279823303222656250 HTTP/1.1" 200 448 "-" "WordPress/6.3.8; https://serhatburke.miroglu.net"
165.73.240.122 - - [17/Apr/2026:05:17:26 +0300] "GET /neue-online-casinos-2026-uber-traktandum-boni-neusten-erste-seite-auffuhren/ HTTP/1.1" 200 76138 "-" "Mozilla/5.0 (Windows NT 10.0; Win64; x64) AppleWebKit/537.36 (KHTML, like Gecko) Chrome/122.0.0.0 Safari/537.36"
103.219.169.167 - - [17/Apr/2026:05:17:39 +0300] "GET /eye-of-horus-gebuhrenfrei-casino-reel-rush-verbunden-damit-echtgeld-vortragen-2026/ HTTP/1.1" 200 78188 "-" "Mozilla/5.0 (Windows NT 10.0; Win64; x64; rv:125.0) Gecko/20100101 Firefox/125.0"
45.3.42.34 - - [17/Apr/2026:05:17:41 +0300] "GET /wp-login.php HTTP/2" 200 3093 "-" "Mozilla/5.0 (Macintosh; Intel Mac OS X 13_5) AppleWebKit/605.1.15 (KHTML, like Gecko) Version/17.5 Safari/605.1.15"
104.207.39.189 - - [17/Apr/2026:05:18:04 +0300] "GET /wp-login.php HTTP/2" 200 3093 "-" "Mozilla/5.0 (Macintosh; Intel Mac OS X 13_5) AppleWebKit/605.1.15 (KHTML, like Gecko) Version/17.5 Safari/605.1.15"
165.73.240.122 - - [17/Apr/2026:05:18:15 +0300] "POST /xmlrpc.php HTTP/1.1" 200 630 "-" "Mozilla/5.0 (Windows NT 10.0; Win64; x64) AppleWebKit/537.36 (KHTML, like Gecko) Chrome/114.0.0.0 Safari/537.36"
185.216.113.70 - - [17/Apr/2026:05:18:41 +0300] "POST /wp-cron.php?doing_wp_cron=1776392321.1593990325927734375000 HTTP/1.1" 200 448 "-" "WordPress/6.3.8; https://serhatburke.miroglu.net"
209.50.189.57 - - [17/Apr/2026:05:18:26 +0300] "POST /xmlrpc.php HTTP/2" 200 110 "-" "Mozilla/5.0 (Windows NT 10.0; Win64; x64; rv:127.0) Gecko/20100101 Firefox/127.0"
62.12.118.35 - - [17/Apr/2026:05:18:27 +0300] "POST /xmlrpc.php HTTP/1.1" 200 630 "-" "Mozilla/5.0 (Windows NT 10.0; Win64; x64) AppleWebKit/537.36 (KHTML, like Gecko) Chrome/114.0.0.0 Safari/537.36"
165.73.240.122 - - [17/Apr/2026:05:18:34 +0300] "POST /xmlrpc.php HTTP/1.1" 200 15869 "-" "Mozilla/5.0 (Windows NT 10.0; Win64; x64) AppleWebKit/537.36 (KHTML, like Gecko) Chrome/114.0.0.0 Safari/537.36"
62.12.118.35 - - [17/Apr/2026:05:18:47 +0300] "POST /xmlrpc.php HTTP/1.1" 200 13121 "-" "Mozilla/5.0 (Windows NT 10.0; Win64; x64) AppleWebKit/537.36 (KHTML, like Gecko) Chrome/114.0.0.0 Safari/537.36"
192.198.107.248 - - [17/Apr/2026:05:18:46 +0300] "GET /casino-online-skrill-prelievo-veloce/ HTTP/1.1" 200 18092 "https://serhatburke.miroglu.net/" "Mozilla/5.0 (Macintosh; Intel Mac OS X 10_15_7) AppleWebKit/605.1.15 (KHTML, like Gecko) Version/26.2 Safari/605.1.15"
209.50.189.57 - - [17/Apr/2026:05:18:52 +0300] "POST /xmlrpc.php HTTP/2" 200 2688 "-" "Mozilla/5.0 (Macintosh; Intel Mac OS X 13_5) AppleWebKit/605.1.15 (KHTML, like Gecko) Version/17.5 Safari/605.1.15"
165.73.240.122 - - [17/Apr/2026:05:18:51 +0300] "GET /neue-online-casinos-2026-tagesordnungspunkt-versorger-secret-of-the-stones-120-freie-spins-inoffizieller-mitarbeiter-test/ HTTP/1.1" 200 78653 "-" "Mozilla/5.0 (Windows NT 10.0; Win64; x64) AppleWebKit/537.36 (KHTML, like Gecko) Chrome/123.0.0.0 Safari/537.36 OPR/109.0.0.0"
62.12.118.35 - - [17/Apr/2026:05:19:14 +0300] "GET /totally-50-free-spins-on-joan-of-arc-no-deposit-free-multiple-diamond-slots/ HTTP/1.1" 200 74400 "-" "Mozilla/5.0 (Windows NT 10.0; rv:109.0) Gecko/20100101 Firefox/115.0"
192.198.107.248 - - [17/Apr/2026:05:19:19 +0300] "GET /wp-login.php?action=register HTTP/1.1" 302 702 "https://serhatburke.miroglu.net/casino-online-skrill-prelievo-veloce/" "Mozilla/5.0 (Windows NT 6.3; Win64; x64) AppleWebKit/537.36 (KHTML, like Gecko) Chrome/103.0.0.0 Safari/537.36"
185.216.113.70 - - [17/Apr/2026:05:19:45 +0300] "POST /wp-cron.php?doing_wp_cron=1776392385.4535579681396484375000 HTTP/1.1" 200 448 "-" "WordPress/6.3.8; https://serhatburke.miroglu.net"
192.198.107.248 - - [17/Apr/2026:05:19:33 +0300] "GET /wp-login.php?registration=disabled HTTP/1.1" 200 3808 "https://serhatburke.miroglu.net/wp-login.php?action=register" "Mozilla/5.0 (Windows NT 6.3; Win64; x64) AppleWebKit/537.36 (KHTML, like Gecko) Chrome/103.0.0.0 Safari/537.36"
165.73.240.122 - - [17/Apr/2026:05:19:40 +0300] "POST /xmlrpc.php HTTP/1.1" 200 630 "-" "Mozilla/5.0 (Windows NT 10.0; Win64; x64) AppleWebKit/537.36 (KHTML, like Gecko) Chrome/114.0.0.0 Safari/537.36"
62.12.118.35 - - [17/Apr/2026:05:19:55 +0300] "POST /xmlrpc.php HTTP/1.1" 200 630 "-" "Mozilla/5.0 (Windows NT 10.0; Win64; x64) AppleWebKit/537.36 (KHTML, like Gecko) Chrome/114.0.0.0 Safari/537.36"
165.73.240.122 - - [17/Apr/2026:05:19:59 +0300] "POST /xmlrpc.php HTTP/1.1" 200 12643 "-" "Mozilla/5.0 (Windows NT 10.0; Win64; x64) AppleWebKit/537.36 (KHTML, like Gecko) Chrome/114.0.0.0 Safari/537.36"
62.12.118.35 - - [17/Apr/2026:05:20:15 +0300] "POST /xmlrpc.php HTTP/1.1" 200 12642 "-" "Mozilla/5.0 (Windows NT 10.0; Win64; x64) AppleWebKit/537.36 (KHTML, like Gecko) Chrome/114.0.0.0 Safari/537.36"
165.73.240.122 - - [17/Apr/2026:05:20:14 +0300] "GET /champion-spielbank-slot-legacy-of-egypt-bonus-2026-kollationieren-ein-besten-spielsaal-boni/ HTTP/1.1" 200 74871 "-" "Mozilla/5.0 (Windows NT 10.0; Win64; x64) AppleWebKit/537.36 (KHTML, like Gecko) Chrome/124.0.0.0 Safari/537.36"
185.216.113.70 - - [17/Apr/2026:05:20:40 +0300] "POST /wp-cron.php?doing_wp_cron=1776392440.3025679588317871093750 HTTP/1.1" 200 448 "-" "WordPress/6.3.8; https://serhatburke.miroglu.net"
62.12.118.35 - - [17/Apr/2026:05:20:28 +0300] "GET /trolls-cherry-trio-casino-game-position-information-free-spins-and-much-more/ HTTP/1.1" 200 74004 "-" "Mozilla/5.0 (Windows NT 10.0; Win64; x64) AppleWebKit/537.36 (KHTML, like Gecko) Chrome/123.0.0.0 Safari/537.36"
165.73.240.122 - - [17/Apr/2026:05:21:04 +0300] "POST /xmlrpc.php HTTP/1.1" 200 630 "-" "Mozilla/5.0 (Windows NT 10.0; Win64; x64) AppleWebKit/537.36 (KHTML, like Gecko) Chrome/114.0.0.0 Safari/537.36"
62.12.118.35 - - [17/Apr/2026:05:21:13 +0300] "POST /xmlrpc.php HTTP/1.1" 200 630 "-" "Mozilla/5.0 (Windows NT 10.0; Win64; x64) AppleWebKit/537.36 (KHTML, like Gecko) Chrome/114.0.0.0 Safari/537.36"
196.196.160.110 - - [17/Apr/2026:05:21:14 +0300] "GET /?p=115116 HTTP/1.1" 404 14185 "-" "Mozilla/5.0 (compatible; Googlebot/2.1; +http://www.google.com/bot.html)"
185.216.113.70 - - [17/Apr/2026:05:21:37 +0300] "POST /wp-cron.php?doing_wp_cron=1776392497.3625340461730957031250 HTTP/1.1" 200 448 "-" "WordPress/6.3.8; https://serhatburke.miroglu.net"
104.166.164.67 - - [17/Apr/2026:05:21:18 +0300] "POST /xmlrpc.php HTTP/1.1" 200 630 "-" "Mozilla/5.0 (Windows NT 10.0; Win64; x64) AppleWebKit/537.36 (KHTML, like Gecko) Chrome/114.0.0.0 Safari/537.36"
165.73.240.122 - - [17/Apr/2026:05:21:24 +0300] "POST /xmlrpc.php HTTP/1.1" 200 12367 "-" "Mozilla/5.0 (Windows NT 10.0; Win64; x64) AppleWebKit/537.36 (KHTML, like Gecko) Chrome/114.0.0.0 Safari/537.36"
62.12.118.35 - - [17/Apr/2026:05:21:40 +0300] "POST /xmlrpc.php HTTP/1.1" 200 13068 "-" "Mozilla/5.0 (Windows NT 10.0; Win64; x64) AppleWebKit/537.36 (KHTML, like Gecko) Chrome/114.0.0.0 Safari/537.36"
104.166.164.67 - - [17/Apr/2026:05:21:44 +0300] "POST /xmlrpc.php HTTP/1.1" 200 12919 "-" "Mozilla/5.0 (Windows NT 10.0; Win64; x64) AppleWebKit/537.36 (KHTML, like Gecko) Chrome/114.0.0.0 Safari/537.36"
165.73.240.122 - - [17/Apr/2026:05:21:43 +0300] "GET /top-online-casinos-inoffizieller-mitarbeiter-monat-mafia-casino-login-deutschland-des-fruhlingsbeginns-2026-nachfolgende-besten-online-casinos/ HTTP/1.1" 200 75768 "-" "Mozilla/5.0 (Windows NT 10.0; rv:125.0) Gecko/20100101 Firefox/125.0"
103.219.169.167 - - [17/Apr/2026:05:22:00 +0300] "POST /xmlrpc.php HTTP/1.1" 200 630 "-" "Mozilla/5.0 (Windows NT 10.0; Win64; x64) AppleWebKit/537.36 (KHTML, like Gecko) Chrome/114.0.0.0 Safari/537.36"
62.12.118.35 - - [17/Apr/2026:05:22:02 +0300] "GET /play-totally-free-position-games-so-casino-el-torero-you-can-receive-cash-prizes/ HTTP/1.1" 200 74560 "-" "Mozilla/5.0 (Windows NT 10.0; rv:125.0) Gecko/20100101 Firefox/125.0"
104.166.164.67 - - [17/Apr/2026:05:22:09 +0300] "GET /thunderstruck-online-game-gamble-microgaming-totally-free-slot-games-best-slot-machines-online-on-line-no-obtain/ HTTP/1.1" 200 75307 "-" "Mozilla/5.0 (Windows NT 10.0; Win64; x64) AppleWebKit/537.36 (KHTML, like Gecko) Chrome/123.0.0.0 Safari/537.36"
185.216.113.70 - - [17/Apr/2026:05:22:38 +0300] "POST /wp-cron.php?doing_wp_cron=1776392558.6820209026336669921875 HTTP/1.1" 200 448 "-" "WordPress/6.3.8; https://serhatburke.miroglu.net"
165.73.240.122 - - [17/Apr/2026:05:22:23 +0300] "POST /xmlrpc.php HTTP/1.1" 200 630 "-" "Mozilla/5.0 (Windows NT 10.0; Win64; x64) AppleWebKit/537.36 (KHTML, like Gecko) Chrome/114.0.0.0 Safari/537.36"
103.219.169.167 - - [17/Apr/2026:05:22:26 +0300] "POST /xmlrpc.php HTTP/1.1" 200 16677 "-" "Mozilla/5.0 (Windows NT 10.0; Win64; x64) AppleWebKit/537.36 (KHTML, like Gecko) Chrome/114.0.0.0 Safari/537.36"
62.12.118.35 - - [17/Apr/2026:05:22:29 +0300] "POST /xmlrpc.php HTTP/1.1" 200 630 "-" "Mozilla/5.0 (Windows NT 10.0; Win64; x64) AppleWebKit/537.36 (KHTML, like Gecko) Chrome/114.0.0.0 Safari/537.36"
165.73.240.122 - - [17/Apr/2026:05:22:45 +0300] "POST /xmlrpc.php HTTP/1.1" 200 13161 "-" "Mozilla/5.0 (Windows NT 10.0; Win64; x64) AppleWebKit/537.36 (KHTML, like Gecko) Chrome/114.0.0.0 Safari/537.36"
103.219.169.167 - - [17/Apr/2026:05:22:46 +0300] "GET /eye-150-moglichkeiten-alchimist-of-horus-cheats-pc-tipps-and-hugo-1-valley-of-the-gods-1-sicherheit-stake7-casino-promo-inanspruchnahme-tricks-my-blog/ HTTP/1.1" 200 80299 "-" "Mozilla/5.0 (Windows NT 10.0; Win64; x64) AppleWebKit/537.36 (KHTML, like Gecko) Chrome/124.0.0.0 Safari/537.36 Edg/124.0.0.0"
62.12.118.35 - - [17/Apr/2026:05:22:53 +0300] "POST /xmlrpc.php HTTP/1.1" 200 13047 "-" "Mozilla/5.0 (Windows NT 10.0; Win64; x64) AppleWebKit/537.36 (KHTML, like Gecko) Chrome/114.0.0.0 Safari/537.36"
165.73.240.122 - - [17/Apr/2026:05:23:06 +0300] "GET /nordicbet-erlebnis-kundenbewertung-goldbet-deutschland-login-testbericht-2026/ HTTP/1.1" 200 74914 "-" "Mozilla/5.0 (Windows NT 10.0; Win64; x64) AppleWebKit/537.36 (KHTML, like Gecko) Chrome/122.0.0.0 Safari/537.36"
62.12.118.35 - - [17/Apr/2026:05:23:11 +0300] "GET /dual-jackpot-builders-slot-free-spins-winnings-slot-totally-free-highest-5-game-on-the-web/ HTTP/1.1" 200 74583 "-" "Mozilla/5.0 (Windows NT 10.0; Win64; x64) AppleWebKit/537.36 (KHTML, like Gecko) Chrome/123.0.0.0 Safari/537.36 OPR/109.0.0.0"
185.216.113.70 - - [17/Apr/2026:05:23:51 +0300] "POST /wp-cron.php?doing_wp_cron=1776392631.4247639179229736328125 HTTP/1.1" 200 448 "-" "WordPress/6.3.8; https://serhatburke.miroglu.net"
62.12.118.35 - - [17/Apr/2026:05:23:39 +0300] "POST /xmlrpc.php HTTP/1.1" 200 630 "-" "Mozilla/5.0 (Windows NT 10.0; Win64; x64) AppleWebKit/537.36 (KHTML, like Gecko) Chrome/114.0.0.0 Safari/537.36"
165.73.240.122 - - [17/Apr/2026:05:23:46 +0300] "POST /xmlrpc.php HTTP/1.1" 200 630 "-" "Mozilla/5.0 (Windows NT 10.0; Win64; x64) AppleWebKit/537.36 (KHTML, like Gecko) Chrome/114.0.0.0 Safari/537.36"
62.12.118.35 - - [17/Apr/2026:05:23:58 +0300] "POST /xmlrpc.php HTTP/1.1" 200 12252 "-" "Mozilla/5.0 (Windows NT 10.0; Win64; x64) AppleWebKit/537.36 (KHTML, like Gecko) Chrome/114.0.0.0 Safari/537.36"
165.73.240.122 - - [17/Apr/2026:05:24:05 +0300] "POST /xmlrpc.php HTTP/1.1" 200 12929 "-" "Mozilla/5.0 (Windows NT 10.0; Win64; x64) AppleWebKit/537.36 (KHTML, like Gecko) Chrome/114.0.0.0 Safari/537.36"
62.12.118.35 - - [17/Apr/2026:05:24:12 +0300] "GET /300percent-put-bonuses-2026-full-list-of-40-flaming-lines-slot-for-money-3-hundredpercent-gambling-enterprise-bonuses/ HTTP/1.1" 200 74762 "-" "Mozilla/5.0 (Windows NT 10.0; Win64; x64) AppleWebKit/537.36 (KHTML, like Gecko) Chrome/123.0.0.0 Safari/537.36 OPR/109.0.0.0"
165.73.240.122 - - [17/Apr/2026:05:24:19 +0300] "GET /nachfolgende-cobber-casino-app-download-fur-android-besten-blackjack-spiele-2026-costa-rica/ HTTP/1.1" 200 75071 "-" "Mozilla/5.0 (Windows NT 10.0; Win64; x64) AppleWebKit/537.36 (KHTML, like Gecko) Chrome/123.0.0.0 Safari/537.36 OPR/109.0.0.0"
185.216.113.70 - - [17/Apr/2026:05:25:00 +0300] "POST /wp-cron.php?doing_wp_cron=1776392700.7527360916137695312500 HTTP/1.1" 200 448 "-" "WordPress/6.3.8; https://serhatburke.miroglu.net"
62.12.118.35 - - [17/Apr/2026:05:24:48 +0300] "POST /xmlrpc.php HTTP/1.1" 200 630 "-" "Mozilla/5.0 (Windows NT 10.0; Win64; x64) AppleWebKit/537.36 (KHTML, like Gecko) Chrome/114.0.0.0 Safari/537.36"
165.73.240.122 - - [17/Apr/2026:05:25:02 +0300] "POST /xmlrpc.php HTTP/1.1" 200 630 "-" "Mozilla/5.0 (Windows NT 10.0; Win64; x64) AppleWebKit/537.36 (KHTML, like Gecko) Chrome/114.0.0.0 Safari/537.36"
62.12.118.35 - - [17/Apr/2026:05:25:07 +0300] "POST /xmlrpc.php HTTP/1.1" 200 12957 "-" "Mozilla/5.0 (Windows NT 10.0; Win64; x64) AppleWebKit/537.36 (KHTML, like Gecko) Chrome/114.0.0.0 Safari/537.36"
165.73.240.122 - - [17/Apr/2026:05:25:23 +0300] "POST /xmlrpc.php HTTP/1.1" 200 14758 "-" "Mozilla/5.0 (Windows NT 10.0; Win64; x64) AppleWebKit/537.36 (KHTML, like Gecko) Chrome/114.0.0.0 Safari/537.36"
62.12.118.35 - - [17/Apr/2026:05:25:23 +0300] "GET /better-online-casino-incentives-to-bonus-slot-house-of-fun-have-2026-allege-your-own-now/ HTTP/1.1" 200 74441 "-" "Mozilla/5.0 (Windows NT 10.0; Win64; x64) AppleWebKit/537.36 (KHTML, like Gecko) Chrome/123.0.0.0 Safari/537.36 OPR/109.0.0.0"
185.216.113.70 - - [17/Apr/2026:05:25:49 +0300] "POST /wp-cron.php?doing_wp_cron=1776392749.6387081146240234375000 HTTP/1.1" 200 448 "-" "WordPress/6.3.8; https://serhatburke.miroglu.net"
165.73.240.122 - - [17/Apr/2026:05:25:37 +0300] "GET /verbunden-blackjack-regeln-tipps-tabellen-ferner-golden-tiger-slot-free-spins-masterplan/ HTTP/1.1" 200 76945 "-" "Mozilla/5.0 (Windows NT 10.0; Win64; x64) AppleWebKit/537.36 (KHTML, like Gecko) Chrome/124.0.0.0 Safari/537.36"
62.12.118.35 - - [17/Apr/2026:05:25:58 +0300] "POST /xmlrpc.php HTTP/1.1" 200 630 "-" "Mozilla/5.0 (Windows NT 10.0; Win64; x64) AppleWebKit/537.36 (KHTML, like Gecko) Chrome/114.0.0.0 Safari/537.36"
185.216.113.70 - - [17/Apr/2026:05:26:32 +0300] "POST /wp-cron.php?doing_wp_cron=1776392792.2996439933776855468750 HTTP/1.1" 200 448 "-" "WordPress/6.3.8; https://serhatburke.miroglu.net"
62.12.118.35 - - [17/Apr/2026:05:26:19 +0300] "POST /xmlrpc.php HTTP/1.1" 200 13158 "-" "Mozilla/5.0 (Windows NT 10.0; Win64; x64) AppleWebKit/537.36 (KHTML, like Gecko) Chrome/114.0.0.0 Safari/537.36"
165.73.240.122 - - [17/Apr/2026:05:26:18 +0300] "POST /xmlrpc.php HTTP/1.1" 200 630 "-" "Mozilla/5.0 (Windows NT 10.0; Win64; x64) AppleWebKit/537.36 (KHTML, like Gecko) Chrome/114.0.0.0 Safari/537.36"
62.12.118.35 - - [17/Apr/2026:05:26:34 +0300] "GET /dual-winnings-slot-free-fire-hawk-online-casinos-highest-5-video-game-online/ HTTP/1.1" 200 74553 "-" "Mozilla/5.0 (Windows NT 10.0; Win64; x64) AppleWebKit/537.36 (KHTML, like Gecko) Chrome/123.0.0.0 Safari/537.36"
165.73.240.122 - - [17/Apr/2026:05:26:39 +0300] "POST /xmlrpc.php HTTP/1.1" 200 14298 "-" "Mozilla/5.0 (Windows NT 10.0; Win64; x64) AppleWebKit/537.36 (KHTML, like Gecko) Chrome/114.0.0.0 Safari/537.36"
17.246.19.102 - - [17/Apr/2026:05:26:52 +0300] "GET /beste-live-casinos-as-part-of-deutschland-inoffizieller-mitarbeiter-vergleich-2026/ HTTP/1.1" 200 23818 "-" "Mozilla/5.0 (Macintosh; Intel Mac OS X 10_15_7) AppleWebKit/605.1.15 (KHTML, like Gecko) Version/17.4 Safari/605.1.15 (Applebot/0.1; +http://www.apple.com/go/applebot)"
165.73.240.122 - - [17/Apr/2026:05:26:55 +0300] "GET /angeschlossen-blackjack-unser-arriva-arriva-spielautomat-tagesordnungspunkt-mentor-pro-echtgeld-blackjack-2026/ HTTP/1.1" 200 76969 "-" "Mozilla/5.0 (Windows NT 10.0; Win64; x64) AppleWebKit/537.36 (KHTML, like Gecko) Chrome/109.0.0.0 Safari/537.36"
103.219.169.167 - - [17/Apr/2026:05:26:57 +0300] "POST /xmlrpc.php HTTP/1.1" 200 630 "-" "Mozilla/5.0 (Windows NT 10.0; Win64; x64) AppleWebKit/537.36 (KHTML, like Gecko) Chrome/114.0.0.0 Safari/537.36"
62.12.118.35 - - [17/Apr/2026:05:27:09 +0300] "POST /xmlrpc.php HTTP/1.1" 200 630 "-" "Mozilla/5.0 (Windows NT 10.0; Win64; x64) AppleWebKit/537.36 (KHTML, like Gecko) Chrome/114.0.0.0 Safari/537.36"
185.216.113.70 - - [17/Apr/2026:05:27:32 +0300] "POST /wp-cron.php?doing_wp_cron=1776392852.0129470825195312500000 HTTP/1.1" 200 448 "-" "WordPress/6.3.8; https://serhatburke.miroglu.net"
103.219.169.167 - - [17/Apr/2026:05:27:19 +0300] "POST /xmlrpc.php HTTP/1.1" 200 16061 "-" "Mozilla/5.0 (Windows NT 10.0; Win64; x64) AppleWebKit/537.36 (KHTML, like Gecko) Chrome/114.0.0.0 Safari/537.36"
62.12.118.35 - - [17/Apr/2026:05:27:28 +0300] "POST /xmlrpc.php HTTP/1.1" 200 12568 "-" "Mozilla/5.0 (Windows NT 10.0; Win64; x64) AppleWebKit/537.36 (KHTML, like Gecko) Chrome/114.0.0.0 Safari/537.36"
165.73.240.122 - - [17/Apr/2026:05:27:30 +0300] "POST /xmlrpc.php HTTP/1.1" 200 630 "-" "Mozilla/5.0 (Windows NT 10.0; Win64; x64) AppleWebKit/537.36 (KHTML, like Gecko) Chrome/114.0.0.0 Safari/537.36"
103.219.169.167 - - [17/Apr/2026:05:27:33 +0300] "GET /perfekte-eye-download-sizzling-hot-mobile-of-horus-tipps-auf-anderem-tricks/ HTTP/1.1" 200 77332 "-" "Mozilla/5.0 (Windows NT 10.0; Win64; x64; rv:124.0) Gecko/20100101 Firefox/124.0"
62.12.118.35 - - [17/Apr/2026:05:27:51 +0300] "GET /300percent-slot-2by2-gaming-bonus-earliest-put-gambling-enterprise-now-offers-maneki-pro-picks/ HTTP/1.1" 200 74318 "-" "Mozilla/5.0 (Windows NT 10.0; Win64; x64) AppleWebKit/537.36 (KHTML, like Gecko) Chrome/109.0.0.0 Safari/537.36"
165.73.240.122 - - [17/Apr/2026:05:27:59 +0300] "POST /xmlrpc.php HTTP/1.1" 200 11811 "-" "Mozilla/5.0 (Windows NT 10.0; Win64; x64) AppleWebKit/537.36 (KHTML, like Gecko) Chrome/114.0.0.0 Safari/537.36"
62.12.118.35 - - [17/Apr/2026:05:28:12 +0300] "POST /xmlrpc.php HTTP/1.1" 200 630 "-" "Mozilla/5.0 (Windows NT 10.0; Win64; x64) AppleWebKit/537.36 (KHTML, like Gecko) Chrome/114.0.0.0 Safari/537.36"
85.208.96.203 - - [17/Apr/2026:05:28:13 +0300] "GET /best-spybet-slots-promo-totally-free-spin-bonuses-to-own-2026-all-the-100-percent-free-twist-provide/ HTTP/1.1" 200 20869 "-" "Mozilla/5.0 (compatible; SemrushBot/7~bl; +http://www.semrush.com/bot.html)"
165.73.240.122 - - [17/Apr/2026:05:28:13 +0300] "GET /blackjack-angeschlossen-vortragen-jolly-online-casinos-1-einzahlung-roger-via-echtgeld-betriebsanleitung/ HTTP/1.1" 200 74321 "-" "Mozilla/5.0 (Windows NT 10.0; Win64; x64) AppleWebKit/537.36 (KHTML, like Gecko) Chrome/109.0.0.0 Safari/537.36"
185.216.113.70 - - [17/Apr/2026:05:28:49 +0300] "POST /wp-cron.php?doing_wp_cron=1776392929.5913300514221191406250 HTTP/1.1" 200 448 "-" "WordPress/6.3.8; https://serhatburke.miroglu.net"
62.12.118.35 - - [17/Apr/2026:05:28:36 +0300] "POST /xmlrpc.php HTTP/1.1" 200 12900 "-" "Mozilla/5.0 (Windows NT 10.0; Win64; x64) AppleWebKit/537.36 (KHTML, like Gecko) Chrome/114.0.0.0 Safari/537.36"
165.73.240.122 - - [17/Apr/2026:05:28:37 +0300] "POST /xmlrpc.php HTTP/1.1" 200 630 "-" "Mozilla/5.0 (Windows NT 10.0; Win64; x64) AppleWebKit/537.36 (KHTML, like Gecko) Chrome/114.0.0.0 Safari/537.36"
62.12.118.35 - - [17/Apr/2026:05:28:50 +0300] "GET /vegas-industry-boomerang-bonanza-bonus-game-gambling-establishment-applications-on-the-internet-gamble/ HTTP/1.1" 200 75051 "-" "Mozilla/5.0 (Windows NT 10.0; Win64; x64) AppleWebKit/537.36 (KHTML, like Gecko) Chrome/109.0.0.0 Safari/537.36"
165.73.240.122 - - [17/Apr/2026:05:28:56 +0300] "POST /xmlrpc.php HTTP/1.1" 200 12175 "-" "Mozilla/5.0 (Windows NT 10.0; Win64; x64) AppleWebKit/537.36 (KHTML, like Gecko) Chrome/114.0.0.0 Safari/537.36"
104.166.164.67 - - [17/Apr/2026:05:29:04 +0300] "POST /xmlrpc.php HTTP/1.1" 200 630 "-" "Mozilla/5.0 (Windows NT 10.0; Win64; x64) AppleWebKit/537.36 (KHTML, like Gecko) Chrome/114.0.0.0 Safari/537.36"
165.73.240.122 - - [17/Apr/2026:05:29:13 +0300] "GET /erreichbar-blackjack-unter-einsatz-von-echtgeld-playn-go-slots-fur-das-iphone-beste-blackjack-casinos-2026/ HTTP/1.1" 200 74703 "-" "Mozilla/5.0 (Windows NT 10.0; Win64; x64) AppleWebKit/537.36 (KHTML, like Gecko) Chrome/123.0.0.0 Safari/537.36 OPR/109.0.0.0"
62.12.118.35 - - [17/Apr/2026:05:29:16 +0300] "POST /xmlrpc.php HTTP/1.1" 200 630 "-" "Mozilla/5.0 (Windows NT 10.0; Win64; x64) AppleWebKit/537.36 (KHTML, like Gecko) Chrome/114.0.0.0 Safari/537.36"
185.216.113.70 - - [17/Apr/2026:05:29:37 +0300] "POST /wp-cron.php?doing_wp_cron=1776392977.3882091045379638671875 HTTP/1.1" 200 448 "-" "WordPress/6.3.8; https://serhatburke.miroglu.net"
104.166.164.67 - - [17/Apr/2026:05:29:24 +0300] "POST /xmlrpc.php HTTP/1.1" 200 12490 "-" "Mozilla/5.0 (Windows NT 10.0; Win64; x64) AppleWebKit/537.36 (KHTML, like Gecko) Chrome/114.0.0.0 Safari/537.36"
62.12.118.35 - - [17/Apr/2026:05:29:36 +0300] "POST /xmlrpc.php HTTP/1.1" 200 12988 "-" "Mozilla/5.0 (Windows NT 10.0; Win64; x64) AppleWebKit/537.36 (KHTML, like Gecko) Chrome/114.0.0.0 Safari/537.36"
104.166.164.67 - - [17/Apr/2026:05:29:39 +0300] "GET /greatest-two-hundred-gold-rush-slot-big-win-no-deposit-incentive-2-hundred-100-percent-free-spins-casinos/ HTTP/1.1" 200 74709 "-" "Mozilla/5.0 (Windows NT 10.0; Win64; x64) AppleWebKit/537.36 (KHTML, like Gecko) Chrome/123.0.0.0 Safari/537.36"
165.73.240.122 - - [17/Apr/2026:05:29:48 +0300] "POST /xmlrpc.php HTTP/1.1" 200 630 "-" "Mozilla/5.0 (Windows NT 10.0; Win64; x64) AppleWebKit/537.36 (KHTML, like Gecko) Chrome/114.0.0.0 Safari/537.36"
62.12.118.35 - - [17/Apr/2026:05:29:55 +0300] "GET /free-ports-on-no-account-casino-app-line-enjoy-10000-slots-for-free/ HTTP/1.1" 200 73979 "-" "Mozilla/5.0 (Windows NT 10.0; Win64; x64) AppleWebKit/537.36 (KHTML, like Gecko) Chrome/124.0.0.0 Safari/537.36"
165.73.240.122 - - [17/Apr/2026:05:30:12 +0300] "POST /xmlrpc.php HTTP/1.1" 200 12687 "-" "Mozilla/5.0 (Windows NT 10.0; Win64; x64) AppleWebKit/537.36 (KHTML, like Gecko) Chrome/114.0.0.0 Safari/537.36"
62.12.118.35 - - [17/Apr/2026:05:30:20 +0300] "POST /xmlrpc.php HTTP/1.1" 200 630 "-" "Mozilla/5.0 (Windows NT 10.0; Win64; x64) AppleWebKit/537.36 (KHTML, like Gecko) Chrome/114.0.0.0 Safari/537.36"
185.216.113.70 - - [17/Apr/2026:05:30:40 +0300] "POST /wp-cron.php?doing_wp_cron=1776393040.5661809444427490234375 HTTP/1.1" 200 448 "-" "WordPress/6.3.8; https://serhatburke.miroglu.net"
165.73.240.122 - - [17/Apr/2026:05:30:27 +0300] "GET /spielpsychologie-pragmatic-play-casino-spiele-denkweise-ferner-konzentration-bei-dem-angeschlossen-blackjack/ HTTP/1.1" 200 75354 "-" "Mozilla/5.0 (Windows NT 10.0; rv:109.0) Gecko/20100101 Firefox/115.0"
151.123.176.194 - - [17/Apr/2026:05:30:31 +0300] "GET /wp-login.php HTTP/2" 200 3093 "-" "Mozilla/5.0 (Macintosh; Intel Mac OS X 13_5) AppleWebKit/605.1.15 (KHTML, like Gecko) Version/17.5 Safari/605.1.15"
62.12.118.35 - - [17/Apr/2026:05:30:40 +0300] "POST /xmlrpc.php HTTP/1.1" 200 12578 "-" "Mozilla/5.0 (Windows NT 10.0; Win64; x64) AppleWebKit/537.36 (KHTML, like Gecko) Chrome/114.0.0.0 Safari/537.36"
62.12.118.35 - - [17/Apr/2026:05:30:58 +0300] "GET /unbelievable-jackpot-rakin-bacon-luxury-wonderful-blessings-slot-movies-never-inside-5-lucky-lions-slot-my-life/ HTTP/1.1" 200 74852 "-" "Mozilla/5.0 (Windows NT 10.0; Win64; x64; rv:125.0) Gecko/20100101 Firefox/125.0"
165.73.240.122 - - [17/Apr/2026:05:31:01 +0300] "POST /xmlrpc.php HTTP/1.1" 200 630 "-" "Mozilla/5.0 (Windows NT 10.0; Win64; x64) AppleWebKit/537.36 (KHTML, like Gecko) Chrome/114.0.0.0 Safari/537.36"
185.216.113.70 - - [17/Apr/2026:05:31:35 +0300] "POST /wp-cron.php?doing_wp_cron=1776393095.7356739044189453125000 HTTP/1.1" 200 448 "-" "WordPress/6.3.8; https://serhatburke.miroglu.net"
62.12.118.35 - - [17/Apr/2026:05:31:22 +0300] "POST /xmlrpc.php HTTP/1.1" 200 630 "-" "Mozilla/5.0 (Windows NT 10.0; Win64; x64) AppleWebKit/537.36 (KHTML, like Gecko) Chrome/114.0.0.0 Safari/537.36"
165.73.240.122 - - [17/Apr/2026:05:31:22 +0300] "POST /xmlrpc.php HTTP/1.1" 200 13862 "-" "Mozilla/5.0 (Windows NT 10.0; Win64; x64) AppleWebKit/537.36 (KHTML, like Gecko) Chrome/114.0.0.0 Safari/537.36"
165.73.240.122 - - [17/Apr/2026:05:31:37 +0300] "GET /rocken-sie-nun-qua-das-empfohlen-zu-lesen-richtigen-blackjack-strategie-nicht-eher-als/ HTTP/1.1" 200 76067 "-" "Mozilla/5.0 (Windows NT 10.0; rv:125.0) Gecko/20100101 Firefox/125.0"
62.12.118.35 - - [17/Apr/2026:05:31:42 +0300] "POST /xmlrpc.php HTTP/1.1" 200 12821 "-" "Mozilla/5.0 (Windows NT 10.0; Win64; x64) AppleWebKit/537.36 (KHTML, like Gecko) Chrome/114.0.0.0 Safari/537.36"
62.12.118.35 - - [17/Apr/2026:05:31:58 +0300] "GET /finest-slots-to-try-out-and-winnings-online-for-real-blood-suckers-jackpot-slot-cash-in-2026/ HTTP/1.1" 200 74648 "-" "Mozilla/5.0 (Windows NT 10.0; Win64; x64) AppleWebKit/537.36 (KHTML, like Gecko) Chrome/109.0.0.0 Safari/537.36"
165.73.240.122 - - [17/Apr/2026:05:32:05 +0300] "POST /xmlrpc.php HTTP/1.1" 200 630 "-" "Mozilla/5.0 (Windows NT 10.0; Win64; x64) AppleWebKit/537.36 (KHTML, like Gecko) Chrome/114.0.0.0 Safari/537.36"
151.123.178.96 - - [17/Apr/2026:05:32:13 +0300] "GET /wp-login.php HTTP/2" 200 3093 "-" "Mozilla/5.0 (Windows NT 10.0; Win64; x64; rv:127.0) Gecko/20100101 Firefox/127.0"
185.216.113.70 - - [17/Apr/2026:05:32:37 +0300] "POST /wp-cron.php?doing_wp_cron=1776393156.9365139007568359375000 HTTP/1.1" 200 448 "-" "WordPress/6.3.8; https://serhatburke.miroglu.net"
165.73.240.122 - - [17/Apr/2026:05:32:23 +0300] "POST /xmlrpc.php HTTP/1.1" 200 12867 "-" "Mozilla/5.0 (Windows NT 10.0; Win64; x64) AppleWebKit/537.36 (KHTML, like Gecko) Chrome/114.0.0.0 Safari/537.36"
62.12.118.35 - - [17/Apr/2026:05:32:24 +0300] "POST /xmlrpc.php HTTP/1.1" 200 630 "-" "Mozilla/5.0 (Windows NT 10.0; Win64; x64) AppleWebKit/537.36 (KHTML, like Gecko) Chrome/114.0.0.0 Safari/537.36"
104.166.164.67 - - [17/Apr/2026:05:32:35 +0300] "POST /xmlrpc.php HTTP/1.1" 200 630 "-" "Mozilla/5.0 (Windows NT 10.0; Win64; x64) AppleWebKit/537.36 (KHTML, like Gecko) Chrome/114.0.0.0 Safari/537.36"
165.73.240.122 - - [17/Apr/2026:05:32:38 +0300] "GET /achtung-neue-geltend-machen-in-uberweisungen-nicht-vor-rizk-casino-oktober-2025-bundesverband-privater-versorger-sozialer-dienste-eulersche-zahl-v/ HTTP/1.1" 200 76729 "-" "Mozilla/5.0 (Windows NT 10.0; rv:125.0) Gecko/20100101 Firefox/125.0"
62.12.118.35 - - [17/Apr/2026:05:32:44 +0300] "POST /xmlrpc.php HTTP/1.1" 200 12812 "-" "Mozilla/5.0 (Windows NT 10.0; Win64; x64) AppleWebKit/537.36 (KHTML, like Gecko) Chrome/114.0.0.0 Safari/537.36"
104.166.164.67 - - [17/Apr/2026:05:33:03 +0300] "POST /xmlrpc.php HTTP/1.1" 200 12808 "-" "Mozilla/5.0 (Windows NT 10.0; Win64; x64) AppleWebKit/537.36 (KHTML, like Gecko) Chrome/114.0.0.0 Safari/537.36"
62.12.118.35 - - [17/Apr/2026:05:33:04 +0300] "GET /no-deposit-extra-requirements-exclusive-totally-luchadora-mobile-play-free-now-offers-in-the-2026/ HTTP/1.1" 200 74599 "-" "Mozilla/5.0 (Windows NT 10.0; rv:125.0) Gecko/20100101 Firefox/125.0"
165.73.240.122 - - [17/Apr/2026:05:33:16 +0300] "POST /xmlrpc.php HTTP/1.1" 200 630 "-" "Mozilla/5.0 (Windows NT 10.0; Win64; x64) AppleWebKit/537.36 (KHTML, like Gecko) Chrome/114.0.0.0 Safari/537.36"
185.216.113.70 - - [17/Apr/2026:05:33:40 +0300] "POST /wp-cron.php?doing_wp_cron=1776393220.5793058872222900390625 HTTP/1.1" 200 448 "-" "WordPress/6.3.8; https://serhatburke.miroglu.net"
216.26.253.250 - - [17/Apr/2026:05:33:18 +0300] "POST /xmlrpc.php HTTP/2" 200 110 "-" "Mozilla/5.0 (Windows NT 10.0; Win64; x64; rv:127.0) Gecko/20100101 Firefox/127.0"
104.166.164.67 - - [17/Apr/2026:05:33:17 +0300] "GET /tips-earn-to-the-pokie-servers-nz-info-and-burning-hot-casino-you-will-approach/ HTTP/1.1" 200 74398 "-" "Mozilla/5.0 (Windows NT 10.0; Win64; x64) AppleWebKit/537.36 (KHTML, like Gecko) Chrome/123.0.0.0 Safari/537.36"
62.12.118.35 - - [17/Apr/2026:05:33:25 +0300] "POST /xmlrpc.php HTTP/1.1" 200 630 "-" "Mozilla/5.0 (Windows NT 10.0; Win64; x64) AppleWebKit/537.36 (KHTML, like Gecko) Chrome/114.0.0.0 Safari/537.36"
209.50.188.249 - - [17/Apr/2026:05:33:35 +0300] "GET /wp-login.php HTTP/2" 200 3093 "-" "Mozilla/5.0 (Windows NT 10.0; Win64; x64) AppleWebKit/537.36 (KHTML, like Gecko) Chrome/124.0.6367.207 Safari/537.36"
98.98.9.58 - - [17/Apr/2026:05:33:44 +0300] "POST /xmlrpc.php HTTP/1.1" 200 630 "-" "Mozilla/5.0 (Windows NT 10.0; Win64; x64) AppleWebKit/537.36 (KHTML, like Gecko) Chrome/114.0.0.0 Safari/537.36"
165.73.240.122 - - [17/Apr/2026:05:33:44 +0300] "POST /xmlrpc.php HTTP/1.1" 200 15477 "-" "Mozilla/5.0 (Windows NT 10.0; Win64; x64) AppleWebKit/537.36 (KHTML, like Gecko) Chrome/114.0.0.0 Safari/537.36"
62.12.118.35 - - [17/Apr/2026:05:33:57 +0300] "POST /xmlrpc.php HTTP/1.1" 200 12882 "-" "Mozilla/5.0 (Windows NT 10.0; Win64; x64) AppleWebKit/537.36 (KHTML, like Gecko) Chrome/114.0.0.0 Safari/537.36"
165.73.240.122 - - [17/Apr/2026:05:34:12 +0300] "GET /unser-werfen-sie-einen-blick-auf-diese-jungs-7-besten-verbunden-craps-sites-unter-einsatz-von-echtgeld-2026/ HTTP/1.1" 200 77945 "-" "Mozilla/5.0 (Windows NT 10.0; rv:109.0) Gecko/20100101 Firefox/115.0"
185.216.113.70 - - [17/Apr/2026:05:34:40 +0300] "POST /wp-cron.php?doing_wp_cron=1776393280.0036358833312988281250 HTTP/1.1" 200 448 "-" "WordPress/6.3.8; https://serhatburke.miroglu.net"
62.12.118.35 - - [17/Apr/2026:05:34:17 +0300] "GET /buck-slot-jam-casino-ports-versus-vp/ HTTP/1.1" 200 73151 "-" "Mozilla/5.0 (Windows NT 10.0; Win64; x64; rv:124.0) Gecko/20100101 Firefox/124.0"
98.98.9.58 - - [17/Apr/2026:05:34:17 +0300] "POST /xmlrpc.php HTTP/1.1" 200 12126 "-" "Mozilla/5.0 (Windows NT 10.0; Win64; x64) AppleWebKit/537.36 (KHTML, like Gecko) Chrome/114.0.0.0 Safari/537.36"
165.73.240.122 - - [17/Apr/2026:05:34:22 +0300] "POST /xmlrpc.php HTTP/1.1" 200 630 "-" "Mozilla/5.0 (Windows NT 10.0; Win64; x64) AppleWebKit/537.36 (KHTML, like Gecko) Chrome/114.0.0.0 Safari/537.36"
62.12.118.35 - - [17/Apr/2026:05:34:25 +0300] "POST /xmlrpc.php HTTP/1.1" 200 630 "-" "Mozilla/5.0 (Windows NT 10.0; Win64; x64) AppleWebKit/537.36 (KHTML, like Gecko) Chrome/114.0.0.0 Safari/537.36"
98.98.9.58 - - [17/Apr/2026:05:34:43 +0300] "GET /wolf-work-on-slots%E3%80%81%E3%83%AA%E3%82%A2%E3%83%AB%E3%81%AA%E5%8F%8E%E5%85%A5%E3%81%8C%E5%BE%97%E3%82%89%E3%82%8C%E3%82%8B%E3%82%B9%E3%83%AD%E3%83%83%E3%83%88%E3%83%9E%E3%82%B7%E3%83%B3%E3%82%B2/ HTTP/1.1" 200 120521 "-" "Mozilla/5.0 (Windows NT 10.0; Win64; x64) AppleWebKit/537.36 (KHTML, like Gecko) Chrome/124.0.0.0 Safari/537.36"
66.249.68.132 - - [17/Apr/2026:05:35:13 +0300] "GET /wp-content/themes/toppic/js/jquery.modernizr.custom.js?ver=4.2 HTTP/1.1" 200 3520 "https://serhatburke.miroglu.net/sugar-rush-1000-a-sweet-spin-experience-for-aussie-players/" "Mozilla/5.0 (Linux; Android 6.0.1; Nexus 5X Build/MMB29P) AppleWebKit/537.36 (KHTML, like Gecko) Chrome/146.0.7680.177 Mobile Safari/537.36 (compatible; Googlebot/2.1; +http://www.google.com/bot.html)"
165.73.240.122 - - [17/Apr/2026:05:34:54 +0300] "POST /xmlrpc.php HTTP/1.1" 200 15230 "-" "Mozilla/5.0 (Windows NT 10.0; Win64; x64) AppleWebKit/537.36 (KHTML, like Gecko) Chrome/114.0.0.0 Safari/537.36"
62.12.118.35 - - [17/Apr/2026:05:34:56 +0300] "POST /xmlrpc.php HTTP/1.1" 200 12853 "-" "Mozilla/5.0 (Windows NT 10.0; Win64; x64) AppleWebKit/537.36 (KHTML, like Gecko) Chrome/114.0.0.0 Safari/537.36"
104.166.164.67 - - [17/Apr/2026:05:35:02 +0300] "POST /xmlrpc.php HTTP/1.1" 200 630 "-" "Mozilla/5.0 (Windows NT 10.0; Win64; x64) AppleWebKit/537.36 (KHTML, like Gecko) Chrome/114.0.0.0 Safari/537.36"
66.249.68.133 - - [17/Apr/2026:05:35:07 +0300] "GET /robots.txt HTTP/1.1" 200 719 "-" "Mozilla/5.0 (compatible; Googlebot/2.1; +http://www.google.com/bot.html)"
185.216.113.70 - - [17/Apr/2026:05:35:51 +0300] "POST /wp-cron.php?doing_wp_cron=1776393351.6742799282073974609375 HTTP/1.1" 200 448 "-" "WordPress/6.3.8; https://serhatburke.miroglu.net"
165.73.240.122 - - [17/Apr/2026:05:35:16 +0300] "GET /freispiele-blos-einzahlung-innovativ-cool-jewels-casino-verkettete-liste-2026/ HTTP/1.1" 200 77363 "-" "Mozilla/5.0 (Windows NT 10.0; Win64; x64) AppleWebKit/537.36 (KHTML, like Gecko) Chrome/122.0.0.0 Safari/537.36"
62.12.118.35 - - [17/Apr/2026:05:35:18 +0300] "GET /finest-buffalo-king-2-online-slot-5-deposit-casinos-within-the-canada-get-totally-free-spins-for-5/ HTTP/1.1" 200 74822 "-" "Mozilla/5.0 (Windows NT 10.0; Win64; x64) AppleWebKit/537.36 (KHTML, like Gecko) Chrome/124.0.0.0 Safari/537.36 Edg/124.0.0.0"
62.12.118.35 - - [17/Apr/2026:05:35:23 +0300] "POST /xmlrpc.php HTTP/1.1" 200 630 "-" "Mozilla/5.0 (Windows NT 10.0; Win64; x64) AppleWebKit/537.36 (KHTML, like Gecko) Chrome/114.0.0.0 Safari/537.36"
40.77.167.235 - - [17/Apr/2026:05:35:16 +0300] "GET /post-sitemap54.xml HTTP/2" 200 68647 "-" "Mozilla/5.0 AppleWebKit/537.36 (KHTML, like Gecko; compatible; bingbot/2.0; +http://www.bing.com/bingbot.htm) Chrome/116.0.1938.76 Safari/537.36"
165.73.240.122 - - [17/Apr/2026:05:35:29 +0300] "POST /xmlrpc.php HTTP/1.1" 200 630 "-" "Mozilla/5.0 (Windows NT 10.0; Win64; x64) AppleWebKit/537.36 (KHTML, like Gecko) Chrome/114.0.0.0 Safari/537.36"
104.166.164.67 - - [17/Apr/2026:05:35:35 +0300] "POST /xmlrpc.php HTTP/1.1" 200 12194 "-" "Mozilla/5.0 (Windows NT 10.0; Win64; x64) AppleWebKit/537.36 (KHTML, like Gecko) Chrome/114.0.0.0 Safari/537.36"
62.12.118.35 - - [17/Apr/2026:05:36:04 +0300] "POST /xmlrpc.php HTTP/1.1" 200 12501 "-" "Mozilla/5.0 (Windows NT 10.0; Win64; x64) AppleWebKit/537.36 (KHTML, like Gecko) Chrome/114.0.0.0 Safari/537.36"
165.73.240.122 - - [17/Apr/2026:05:36:07 +0300] "POST /xmlrpc.php HTTP/1.1" 200 13272 "-" "Mozilla/5.0 (Windows NT 10.0; Win64; x64) AppleWebKit/537.36 (KHTML, like Gecko) Chrome/114.0.0.0 Safari/537.36"
104.166.164.67 - - [17/Apr/2026:05:36:05 +0300] "GET /better-february-2026-lion-dance-1-deposit-added-bonus-rules/ HTTP/1.1" 200 73060 "-" "Mozilla/5.0 (Windows NT 10.0; Win64; x64) AppleWebKit/537.36 (KHTML, like Gecko) Chrome/124.0.0.0 Safari/537.36 Edg/124.0.0.0"
62.12.118.35 - - [17/Apr/2026:05:36:18 +0300] "POST /xmlrpc.php HTTP/1.1" 200 630 "-" "Mozilla/5.0 (Windows NT 10.0; Win64; x64) AppleWebKit/537.36 (KHTML, like Gecko) Chrome/114.0.0.0 Safari/537.36"
185.216.113.70 - - [17/Apr/2026:05:36:54 +0300] "POST /wp-cron.php?doing_wp_cron=1776393414.2028229236602783203125 HTTP/1.1" 200 448 "-" "WordPress/6.3.8; https://serhatburke.miroglu.net"
62.12.118.35 - - [17/Apr/2026:05:36:32 +0300] "GET /mastercard-casinos-2026-finest-gambling-enterprise-internet-sites-one-take-get-free-coins-for-monopoly-on-cards/ HTTP/1.1" 200 74844 "-" "Mozilla/5.0 (Windows NT 10.0; Win64; x64; rv:124.0) Gecko/20100101 Firefox/124.0"
185.216.113.70 - - [17/Apr/2026:05:36:56 +0300] "POST /wp-cron.php?doing_wp_cron=1776393416.7911798954010009765625 HTTP/1.1" 200 448 "-" "WordPress/6.3.8; https://serhatburke.miroglu.net"
165.73.240.122 - - [17/Apr/2026:05:36:34 +0300] "GET /lapalingo-provision-kode-intense-casino-partner-app-apk-herunterladen-2026-testbericht-auswertung-infos/ HTTP/1.1" 200 75792 "-" "Mozilla/5.0 (Windows NT 10.0; Win64; x64; rv:125.0) Gecko/20100101 Firefox/125.0"
185.216.113.70 - - [17/Apr/2026:05:36:59 +0300] "POST /wp-cron.php?doing_wp_cron=1776393419.7080819606781005859375 HTTP/1.1" 200 448 "-" "WordPress/6.3.8; https://serhatburke.miroglu.net"
165.73.240.122 - - [17/Apr/2026:05:36:37 +0300] "POST /xmlrpc.php HTTP/1.1" 200 630 "-" "Mozilla/5.0 (Windows NT 10.0; Win64; x64) AppleWebKit/537.36 (KHTML, like Gecko) Chrome/114.0.0.0 Safari/537.36"
185.216.113.70 - - [17/Apr/2026:05:37:17 +0300] "POST /wp-cron.php?doing_wp_cron=1776393437.4991610050201416015625 HTTP/1.1" 200 448 "-" "WordPress/6.3.8; https://serhatburke.miroglu.net"
62.12.118.35 - - [17/Apr/2026:05:36:48 +0300] "POST /xmlrpc.php HTTP/1.1" 200 12747 "-" "Mozilla/5.0 (Windows NT 10.0; Win64; x64) AppleWebKit/537.36 (KHTML, like Gecko) Chrome/114.0.0.0 Safari/537.36"
165.73.240.122 - - [17/Apr/2026:05:37:06 +0300] "POST /xmlrpc.php HTTP/1.1" 200 14206 "-" "Mozilla/5.0 (Windows NT 10.0; Win64; x64) AppleWebKit/537.36 (KHTML, like Gecko) Chrome/114.0.0.0 Safari/537.36"
103.219.169.167 - - [17/Apr/2026:05:37:11 +0300] "POST /xmlrpc.php HTTP/1.1" 200 630 "-" "Mozilla/5.0 (Windows NT 10.0; Win64; x64) AppleWebKit/537.36 (KHTML, like Gecko) Chrome/114.0.0.0 Safari/537.36"
62.12.118.35 - - [17/Apr/2026:05:37:13 +0300] "POST /xmlrpc.php HTTP/1.1" 200 630 "-" "Mozilla/5.0 (Windows NT 10.0; Win64; x64) AppleWebKit/537.36 (KHTML, like Gecko) Chrome/114.0.0.0 Safari/537.36"
62.12.118.35 - - [17/Apr/2026:05:37:19 +0300] "GET /bitcoin-casino-multiple-leading-play-jackpot-jester-200000-crypto-casino/ HTTP/1.1" 200 74104 "-" "Mozilla/5.0 (Windows NT 10.0; Win64; x64) AppleWebKit/537.36 (KHTML, like Gecko) Chrome/124.0.0.0 Safari/537.36"
98.98.9.58 - - [17/Apr/2026:05:37:31 +0300] "POST /xmlrpc.php HTTP/1.1" 200 630 "-" "Mozilla/5.0 (Windows NT 10.0; Win64; x64) AppleWebKit/537.36 (KHTML, like Gecko) Chrome/114.0.0.0 Safari/537.36"
185.216.113.70 - - [17/Apr/2026:05:38:20 +0300] "POST /wp-cron.php?doing_wp_cron=1776393500.3867070674896240234375 HTTP/1.1" 200 448 "-" "WordPress/6.3.8; https://serhatburke.miroglu.net"
165.73.240.122 - - [17/Apr/2026:05:37:45 +0300] "POST /xmlrpc.php HTTP/1.1" 200 630 "-" "Mozilla/5.0 (Windows NT 10.0; Win64; x64) AppleWebKit/537.36 (KHTML, like Gecko) Chrome/114.0.0.0 Safari/537.36"
185.216.113.70 - - [17/Apr/2026:05:38:31 +0300] "POST /wp-cron.php?doing_wp_cron=1776393511.3980529308319091796875 HTTP/1.1" 200 448 "-" "WordPress/6.3.8; https://serhatburke.miroglu.net"
165.73.240.122 - - [17/Apr/2026:05:37:49 +0300] "GET /chargeback-toki-time-slot-rtp-auf-diese-weise-stornierst-respons-die-eine-kreditkartenzahlung/ HTTP/1.1" 200 69484 "-" "Mozilla/5.0 (Windows NT 10.0; Win64; x64) AppleWebKit/537.36 (KHTML, like Gecko) Chrome/123.0.0.0 Safari/537.36 OPR/109.0.0.0"
185.216.113.70 - - [17/Apr/2026:05:38:41 +0300] "POST /wp-cron.php?doing_wp_cron=1776393521.6722469329833984375000 HTTP/1.1" 200 448 "-" "WordPress/6.3.8; https://serhatburke.miroglu.net"
103.219.169.214 - - [17/Apr/2026:05:38:01 +0300] "POST /xmlrpc.php HTTP/1.1" 200 630 "-" "Mozilla/5.0 (Windows NT 10.0; Win64; x64) AppleWebKit/537.36 (KHTML, like Gecko) Chrome/114.0.0.0 Safari/537.36"
185.216.113.70 - - [17/Apr/2026:05:38:44 +0300] "POST /wp-cron.php?doing_wp_cron=1776393524.1698720455169677734375 HTTP/1.1" 200 448 "-" "WordPress/6.3.8; https://serhatburke.miroglu.net"
103.219.169.167 - - [17/Apr/2026:05:38:01 +0300] "POST /xmlrpc.php HTTP/1.1" 200 16671 "-" "Mozilla/5.0 (Windows NT 10.0; Win64; x64) AppleWebKit/537.36 (KHTML, like Gecko) Chrome/114.0.0.0 Safari/537.36"
185.216.113.70 - - [17/Apr/2026:05:38:46 +0300] "POST /wp-cron.php?doing_wp_cron=1776393526.7960579395294189453125 HTTP/1.1" 200 448 "-" "WordPress/6.3.8; https://serhatburke.miroglu.net"
62.12.118.35 - - [17/Apr/2026:05:38:03 +0300] "POST /xmlrpc.php HTTP/1.1" 200 13085 "-" "Mozilla/5.0 (Windows NT 10.0; Win64; x64) AppleWebKit/537.36 (KHTML, like Gecko) Chrome/114.0.0.0 Safari/537.36"
185.216.113.70 - - [17/Apr/2026:05:38:59 +0300] "POST /wp-cron.php?doing_wp_cron=1776393539.6806240081787109375000 HTTP/1.1" 200 448 "-" "WordPress/6.3.8; https://serhatburke.miroglu.net"
62.12.118.35 - - [17/Apr/2026:05:38:11 +0300] "POST /xmlrpc.php HTTP/1.1" 200 630 "-" "Mozilla/5.0 (Windows NT 10.0; Win64; x64) AppleWebKit/537.36 (KHTML, like Gecko) Chrome/114.0.0.0 Safari/537.36"
185.216.113.70 - - [17/Apr/2026:05:39:22 +0300] "POST /wp-cron.php?doing_wp_cron=1776393562.6868588924407958984375 HTTP/1.1" 200 448 "-" "WordPress/6.3.8; https://serhatburke.miroglu.net"
98.98.9.58 - - [17/Apr/2026:05:38:16 +0300] "POST /xmlrpc.php HTTP/1.1" 200 10375 "-" "Mozilla/5.0 (Windows NT 10.0; Win64; x64) AppleWebKit/537.36 (KHTML, like Gecko) Chrome/114.0.0.0 Safari/537.36"
185.191.171.9 - - [17/Apr/2026:05:38:48 +0300] "GET /discover-why-traders-love-raydium-for-crypto-swaps/ HTTP/1.1" 200 0 "-" "Mozilla/5.0 (compatible; SemrushBot/7~bl; +http://www.semrush.com/bot.html)"
185.216.113.70 - - [17/Apr/2026:05:39:46 +0300] "POST /wp-cron.php?doing_wp_cron=1776393585.8768999576568603515625 HTTP/1.1" 200 448 "-" "WordPress/6.3.8; https://serhatburke.miroglu.net"
165.73.240.122 - - [17/Apr/2026:05:38:27 +0300] "POST /xmlrpc.php HTTP/1.1" 200 13124 "-" "Mozilla/5.0 (Windows NT 10.0; Win64; x64) AppleWebKit/537.36 (KHTML, like Gecko) Chrome/114.0.0.0 Safari/537.36"
185.216.113.70 - - [17/Apr/2026:05:40:13 +0300] "POST /wp-cron.php?doing_wp_cron=1776393613.1901509761810302734375 HTTP/1.1" 200 448 "-" "WordPress/6.3.8; https://serhatburke.miroglu.net"
104.166.164.67 - - [17/Apr/2026:05:38:50 +0300] "POST /xmlrpc.php HTTP/1.1" 200 630 "-" "Mozilla/5.0 (Windows NT 10.0; Win64; x64) AppleWebKit/537.36 (KHTML, like Gecko) Chrome/114.0.0.0 Safari/537.36"
185.216.113.70 - - [17/Apr/2026:05:40:19 +0300] "POST /wp-cron.php?doing_wp_cron=1776393618.9230000972747802734375 HTTP/1.1" 200 448 "-" "WordPress/6.3.8; https://serhatburke.miroglu.net"
103.219.169.167 - - [17/Apr/2026:05:38:50 +0300] "GET /eye-of-horus-gratis-online-sizzling-hot-hack-app-damit-echtgeld-vortragen-2026/ HTTP/1.1" 200 78287 "-" "Mozilla/5.0 (Windows NT 10.0; Win64; x64) AppleWebKit/537.36 (KHTML, like Gecko) Chrome/122.0.0.0 Safari/537.36"
185.216.113.70 - - [17/Apr/2026:05:40:23 +0300] "POST /wp-cron.php?doing_wp_cron=1776393623.4073650836944580078125 HTTP/1.1" 200 448 "-" "WordPress/6.3.8; https://serhatburke.miroglu.net"
103.219.169.214 - - [17/Apr/2026:05:38:48 +0300] "POST /xmlrpc.php HTTP/1.1" 200 16651 "-" "Mozilla/5.0 (Windows NT 10.0; Win64; x64) AppleWebKit/537.36 (KHTML, like Gecko) Chrome/114.0.0.0 Safari/537.36"
185.216.113.70 - - [17/Apr/2026:05:40:30 +0300] "POST /wp-cron.php?doing_wp_cron=1776393629.9881360530853271484375 HTTP/1.1" 200 448 "-" "WordPress/6.3.8; https://serhatburke.miroglu.net"
185.191.171.9 - - [17/Apr/2026:05:39:40 +0300] "GET /discover-why-traders-love-raydium-for-crypto-swaps/ HTTP/1.1" 200 0 "-" "Mozilla/5.0 (compatible; SemrushBot/7~bl; +http://www.semrush.com/bot.html)"
185.216.113.70 - - [17/Apr/2026:05:40:43 +0300] "POST /wp-cron.php?doing_wp_cron=1776393643.1910319328308105468750 HTTP/1.1" 200 448 "-" "WordPress/6.3.8; https://serhatburke.miroglu.net"
98.98.9.58 - - [17/Apr/2026:05:39:24 +0300] "GET /%E3%83%8F%E3%83%BC%E3%83%90%E3%83%BC%E3%82%BA%E3%83%8B%E3%83%B3%E3%82%B8%E3%83%A3%E3%82%AB%E3%82%B8%E3%83%8E%E3%81%A7%E3%83%97%E3%83%AC%E3%82%A4%EF%BC%9A40%E3%83%8E%E3%83%BC%E5%85%A5%E9%87%91/ HTTP/1.1" 200 108499 "-" "Mozilla/5.0 (Windows NT 10.0; Win64; x64) AppleWebKit/537.36 (KHTML, like Gecko) Chrome/122.0.0.0 Safari/537.36"
185.216.113.70 - - [17/Apr/2026:05:40:47 +0300] "POST /wp-cron.php?doing_wp_cron=1776393647.1851160526275634765625 HTTP/1.1" 200 448 "-" "WordPress/6.3.8; https://serhatburke.miroglu.net"
62.12.118.35 - - [17/Apr/2026:05:38:48 +0300] "GET /better-online-casinos-us-play-emerald-diamond-slots-2026-real-cash-judge-local-casino-web-sites/ HTTP/1.1" 500 745 "-" "Mozilla/5.0 (Windows NT 10.0; Win64; x64) AppleWebKit/537.36 (KHTML, like Gecko) Chrome/124.0.0.0 Safari/537.36 Edg/124.0.0.0"
165.73.240.122 - - [17/Apr/2026:05:38:53 +0300] "POST /xmlrpc.php HTTP/1.1" 500 745 "-" "Mozilla/5.0 (Windows NT 10.0; Win64; x64) AppleWebKit/537.36 (KHTML, like Gecko) Chrome/114.0.0.0 Safari/537.36"
62.12.118.35 - - [17/Apr/2026:05:39:05 +0300] "POST /xmlrpc.php HTTP/1.1" 500 745 "-" "Mozilla/5.0 (Windows NT 10.0; Win64; x64) AppleWebKit/537.36 (KHTML, like Gecko) Chrome/114.0.0.0 Safari/537.36"
62.12.118.35 - - [17/Apr/2026:05:39:07 +0300] "POST /xmlrpc.php HTTP/1.1" 500 745 "-" "Mozilla/5.0 (Windows NT 10.0; Win64; x64) AppleWebKit/537.36 (KHTML, like Gecko) Chrome/114.0.0.0 Safari/537.36"
185.216.113.70 - - [17/Apr/2026:05:41:41 +0300] "POST /wp-cron.php?doing_wp_cron=1776393701.2772479057312011718750 HTTP/1.1" 200 448 "-" "WordPress/6.3.8; https://serhatburke.miroglu.net"
165.73.240.122 - - [17/Apr/2026:05:39:47 +0300] "GET /kasino-spielautomaten-gladiator-online-ohne-oasis-slots-guide-fur-jedes-land-der-dichter-und-denker/ HTTP/1.1" 200 75926 "-" "Mozilla/5.0 (Windows NT 10.0; Win64; x64) AppleWebKit/537.36 (KHTML, like Gecko) Chrome/123.0.0.0 Safari/537.36 OPR/109.0.0.0"
185.216.113.70 - - [17/Apr/2026:05:41:54 +0300] "POST /wp-cron.php?doing_wp_cron=1776393714.0031020641326904296875 HTTP/1.1" 200 448 "-" "WordPress/6.3.8; https://serhatburke.miroglu.net"
62.12.118.35 - - [17/Apr/2026:05:40:01 +0300] "POST /xmlrpc.php HTTP/1.1" 200 630 "-" "Mozilla/5.0 (Windows NT 10.0; Win64; x64) AppleWebKit/537.36 (KHTML, like Gecko) Chrome/114.0.0.0 Safari/537.36"
185.216.113.70 - - [17/Apr/2026:05:41:57 +0300] "POST /wp-cron.php?doing_wp_cron=1776393717.4978430271148681640625 HTTP/1.1" 200 448 "-" "WordPress/6.3.8; https://serhatburke.miroglu.net"
62.12.118.35 - - [17/Apr/2026:05:40:28 +0300] "POST /xmlrpc.php HTTP/1.1" 200 627 "-" "Mozilla/5.0 (Windows NT 10.0; Win64; x64) AppleWebKit/537.36 (KHTML, like Gecko) Chrome/114.0.0.0 Safari/537.36"
165.73.240.122 - - [17/Apr/2026:05:39:59 +0300] "POST /xmlrpc.php HTTP/1.1" 500 745 "-" "Mozilla/5.0 (Windows NT 10.0; Win64; x64) AppleWebKit/537.36 (KHTML, like Gecko) Chrome/114.0.0.0 Safari/537.36"
