98.98.9.18 - - [16/Apr/2026:09:57:00 +0300] "POST /xmlrpc.php HTTP/1.1" 200 12286 "-" "Mozilla/5.0 (Windows NT 10.0; Win64; x64) AppleWebKit/537.36 (KHTML, like Gecko) Chrome/114.0.0.0 Safari/537.36"
165.73.240.153 - - [16/Apr/2026:09:57:04 +0300] "POST /xmlrpc.php HTTP/1.1" 200 630 "-" "Mozilla/5.0 (Windows NT 10.0; Win64; x64) AppleWebKit/537.36 (KHTML, like Gecko) Chrome/114.0.0.0 Safari/537.36"
128.1.218.166 - - [16/Apr/2026:09:57:11 +0300] "GET /on-line-bit-kingz-casino-casino-you-to-definitely-will-pay-away-australia/ HTTP/1.1" 200 75092 "-" "Mozilla/5.0 (Windows NT 10.0; Win64; x64) AppleWebKit/537.36 (KHTML, like Gecko) Chrome/109.0.0.0 Safari/537.36"
185.216.113.70 - - [16/Apr/2026:09:57:43 +0300] "POST /wp-cron.php?doing_wp_cron=1776322663.5634319782257080078125 HTTP/1.1" 200 448 "-" "WordPress/6.3.8; https://serhatburke.miroglu.net"
128.1.218.166 - - [16/Apr/2026:09:57:21 +0300] "POST /xmlrpc.php HTTP/1.1" 200 630 "-" "Mozilla/5.0 (Windows NT 10.0; Win64; x64) AppleWebKit/537.36 (KHTML, like Gecko) Chrome/114.0.0.0 Safari/537.36"
98.98.9.18 - - [16/Apr/2026:09:57:22 +0300] "GET /tips-for-play-three-cards-poker-online-avoiding-withdrawal-waits-at-the-southern-area-african-betting-sites-south-african-playing-forum/ HTTP/1.1" 200 75364 "-" "Mozilla/5.0 (Windows NT 10.0; Win64; x64) AppleWebKit/537.36 (KHTML, like Gecko) Chrome/124.0.0.0 Safari/537.36 Edg/124.0.0.0"
98.98.9.27 - - [16/Apr/2026:09:57:27 +0300] "POST /xmlrpc.php HTTP/1.1" 200 630 "-" "Mozilla/5.0 (Windows NT 10.0; Win64; x64) AppleWebKit/537.36 (KHTML, like Gecko) Chrome/114.0.0.0 Safari/537.36"
165.73.240.153 - - [16/Apr/2026:09:57:28 +0300] "POST /xmlrpc.php HTTP/1.1" 200 13413 "-" "Mozilla/5.0 (Windows NT 10.0; Win64; x64) AppleWebKit/537.36 (KHTML, like Gecko) Chrome/114.0.0.0 Safari/537.36"
128.1.218.166 - - [16/Apr/2026:09:57:50 +0300] "POST /xmlrpc.php HTTP/1.1" 200 13651 "-" "Mozilla/5.0 (Windows NT 10.0; Win64; x64) AppleWebKit/537.36 (KHTML, like Gecko) Chrome/114.0.0.0 Safari/537.36"
98.98.9.18 - - [16/Apr/2026:09:57:51 +0300] "POST /xmlrpc.php HTTP/1.1" 200 630 "-" "Mozilla/5.0 (Windows NT 10.0; Win64; x64) AppleWebKit/537.36 (KHTML, like Gecko) Chrome/114.0.0.0 Safari/537.36"
165.73.240.153 - - [16/Apr/2026:09:57:52 +0300] "GET /bokep-barat-mommy-imhotep-manuscript-casino-and-you-will-son-blazer/ HTTP/1.1" 200 74341 "-" "Mozilla/5.0 (Windows NT 10.0; Win64; x64) AppleWebKit/537.36 (KHTML, like Gecko) Chrome/109.0.0.0 Safari/537.36"
98.98.9.27 - - [16/Apr/2026:09:57:56 +0300] "POST /xmlrpc.php HTTP/1.1" 200 13295 "-" "Mozilla/5.0 (Windows NT 10.0; Win64; x64) AppleWebKit/537.36 (KHTML, like Gecko) Chrome/114.0.0.0 Safari/537.36"
185.216.113.70 - - [16/Apr/2026:09:58:49 +0300] "POST /wp-cron.php?doing_wp_cron=1776322729.6335539817810058593750 HTTP/1.1" 200 448 "-" "WordPress/6.3.8; https://serhatburke.miroglu.net"
128.1.218.166 - - [16/Apr/2026:09:58:15 +0300] "POST /xmlrpc.php HTTP/1.1" 200 630 "-" "Mozilla/5.0 (Windows NT 10.0; Win64; x64) AppleWebKit/537.36 (KHTML, like Gecko) Chrome/114.0.0.0 Safari/537.36"
165.73.240.153 - - [16/Apr/2026:09:58:16 +0300] "POST /xmlrpc.php HTTP/1.1" 200 630 "-" "Mozilla/5.0 (Windows NT 10.0; Win64; x64) AppleWebKit/537.36 (KHTML, like Gecko) Chrome/114.0.0.0 Safari/537.36"
128.1.218.166 - - [16/Apr/2026:09:58:18 +0300] "GET /150-best-web-based-casinos-one-undertake-casino-7sultans-mobile-australian-bucks/ HTTP/1.1" 200 75011 "-" "Mozilla/5.0 (Windows NT 10.0; Win64; x64) AppleWebKit/537.36 (KHTML, like Gecko) Chrome/123.0.0.0 Safari/537.36 OPR/109.0.0.0"
151.244.111.202 - - [16/Apr/2026:09:58:22 +0300] "GET /best-australian-online-slots-reviews-read-customer-28/ HTTP/1.1" 200 22213 "-" "Screaming Frog SEO Spider/16.7"
98.98.9.18 - - [16/Apr/2026:09:58:23 +0300] "POST /xmlrpc.php HTTP/1.1" 200 12620 "-" "Mozilla/5.0 (Windows NT 10.0; Win64; x64) AppleWebKit/537.36 (KHTML, like Gecko) Chrome/114.0.0.0 Safari/537.36"
98.98.9.27 - - [16/Apr/2026:09:58:26 +0300] "GET /fairy-entry-spin-and-win-casino-offer-code-harbors/ HTTP/1.1" 200 73814 "-" "Mozilla/5.0 (Windows NT 10.0; Win64; x64) AppleWebKit/537.36 (KHTML, like Gecko) Chrome/123.0.0.0 Safari/537.36"
98.98.9.18 - - [16/Apr/2026:09:58:56 +0300] "POST /xmlrpc.php HTTP/1.1" 200 630 "-" "Mozilla/5.0 (Windows NT 10.0; Win64; x64) AppleWebKit/537.36 (KHTML, like Gecko) Chrome/114.0.0.0 Safari/537.36"
165.73.240.153 - - [16/Apr/2026:09:58:56 +0300] "POST /xmlrpc.php HTTP/1.1" 200 13130 "-" "Mozilla/5.0 (Windows NT 10.0; Win64; x64) AppleWebKit/537.36 (KHTML, like Gecko) Chrome/114.0.0.0 Safari/537.36"
128.1.218.166 - - [16/Apr/2026:09:58:57 +0300] "POST /xmlrpc.php HTTP/1.1" 200 14092 "-" "Mozilla/5.0 (Windows NT 10.0; Win64; x64) AppleWebKit/537.36 (KHTML, like Gecko) Chrome/114.0.0.0 Safari/537.36"
98.98.9.18 - - [16/Apr/2026:09:59:00 +0300] "GET /claim-750-deposit-bonus-150-casino-cats-royal-totally-free-revolves/ HTTP/1.1" 200 73731 "-" "Mozilla/5.0 (Windows NT 10.0; Win64; x64) AppleWebKit/537.36 (KHTML, like Gecko) Chrome/122.0.0.0 Safari/537.36"
128.1.218.166 - - [16/Apr/2026:09:59:10 +0300] "POST /xmlrpc.php HTTP/1.1" 200 630 "-" "Mozilla/5.0 (Windows NT 10.0; Win64; x64) AppleWebKit/537.36 (KHTML, like Gecko) Chrome/114.0.0.0 Safari/537.36"
17.22.237.152 - - [16/Apr/2026:09:59:43 +0300] "GET /wp-content/themes/toppic/css/woocommerce.css?ver=4.2 HTTP/1.1" 200 2994 "https://serhatburke.miroglu.net/online-kasino-bonus-umsatzbedingungen-samtliche-begriffe-festgelegt/" "Mozilla/5.0 (Macintosh; Intel Mac OS X 10_15_7) AppleWebKit/605.1.15 (KHTML, like Gecko) Version/17.4 Safari/605.1.15 (Applebot/0.1; +http://www.apple.com/go/applebot)"
17.22.245.74 - - [16/Apr/2026:09:59:44 +0300] "GET /wp-content/themes/toppic/css/responsive.css?ver=4.2 HTTP/1.1" 200 2938 "https://serhatburke.miroglu.net/online-kasino-bonus-umsatzbedingungen-samtliche-begriffe-festgelegt/" "Mozilla/5.0 (Macintosh; Intel Mac OS X 10_15_7) AppleWebKit/605.1.15 (KHTML, like Gecko) Version/17.4 Safari/605.1.15 (Applebot/0.1; +http://www.apple.com/go/applebot)"
17.22.237.125 - - [16/Apr/2026:09:59:46 +0300] "GET /wp-includes/js/jquery/jquery.min.js?ver=3.7.0 HTTP/1.1" 200 31019 "https://serhatburke.miroglu.net/online-kasino-bonus-umsatzbedingungen-samtliche-begriffe-festgelegt/" "Mozilla/5.0 (Macintosh; Intel Mac OS X 10_15_7) AppleWebKit/605.1.15 (KHTML, like Gecko) Version/17.4 Safari/605.1.15 (Applebot/0.1; +http://www.apple.com/go/applebot)"
185.216.113.70 - - [16/Apr/2026:09:59:53 +0300] "POST /wp-cron.php?doing_wp_cron=1776322793.2964339256286621093750 HTTP/1.1" 200 448 "-" "WordPress/6.3.8; https://serhatburke.miroglu.net"
165.73.240.153 - - [16/Apr/2026:09:59:27 +0300] "POST /xmlrpc.php HTTP/1.1" 200 630 "-" "Mozilla/5.0 (Windows NT 10.0; Win64; x64) AppleWebKit/537.36 (KHTML, like Gecko) Chrome/114.0.0.0 Safari/537.36"
165.73.240.153 - - [16/Apr/2026:09:59:33 +0300] "GET /more-in-depth-super-hamster-slot-online-remark/ HTTP/1.1" 200 73609 "-" "Mozilla/5.0 (Windows NT 10.0; Win64; x64) AppleWebKit/537.36 (KHTML, like Gecko) Chrome/124.0.0.0 Safari/537.36"
128.1.218.166 - - [16/Apr/2026:09:59:33 +0300] "GET /online-mr-bet-10-e-pokies-australian-continent-real-money-2026/ HTTP/1.1" 200 74871 "-" "Mozilla/5.0 (Windows NT 10.0; rv:109.0) Gecko/20100101 Firefox/115.0"
98.98.9.18 - - [16/Apr/2026:09:59:38 +0300] "POST /xmlrpc.php HTTP/1.1" 200 11523 "-" "Mozilla/5.0 (Windows NT 10.0; Win64; x64) AppleWebKit/537.36 (KHTML, like Gecko) Chrome/114.0.0.0 Safari/537.36"
128.1.218.166 - - [16/Apr/2026:09:59:48 +0300] "POST /xmlrpc.php HTTP/1.1" 200 14757 "-" "Mozilla/5.0 (Windows NT 10.0; Win64; x64) AppleWebKit/537.36 (KHTML, like Gecko) Chrome/114.0.0.0 Safari/537.36"
165.73.240.153 - - [16/Apr/2026:10:00:00 +0300] "POST /xmlrpc.php HTTP/1.1" 200 13154 "-" "Mozilla/5.0 (Windows NT 10.0; Win64; x64) AppleWebKit/537.36 (KHTML, like Gecko) Chrome/114.0.0.0 Safari/537.36"
128.1.218.166 - - [16/Apr/2026:10:00:01 +0300] "POST /xmlrpc.php HTTP/1.1" 200 630 "-" "Mozilla/5.0 (Windows NT 10.0; Win64; x64) AppleWebKit/537.36 (KHTML, like Gecko) Chrome/114.0.0.0 Safari/537.36"
98.98.9.18 - - [16/Apr/2026:10:00:08 +0300] "POST /xmlrpc.php HTTP/1.1" 200 630 "-" "Mozilla/5.0 (Windows NT 10.0; Win64; x64) AppleWebKit/537.36 (KHTML, like Gecko) Chrome/114.0.0.0 Safari/537.36"
98.98.9.18 - - [16/Apr/2026:10:00:10 +0300] "GET /time-casino-best-2026-tom-horn-games-list-on-the-web-overview-of-best-incentive-promos/ HTTP/1.1" 200 73146 "-" "Mozilla/5.0 (Windows NT 10.0; Win64; x64) AppleWebKit/537.36 (KHTML, like Gecko) Chrome/122.0.0.0 Safari/537.36"
128.1.218.166 - - [16/Apr/2026:10:00:26 +0300] "GET /wager-big-bass-bonanza-slot-real-money/ HTTP/1.1" 200 75010 "-" "Mozilla/5.0 (Windows NT 10.0; Win64; x64) AppleWebKit/537.36 (KHTML, like Gecko) Chrome/122.0.0.0 Safari/537.36"
185.216.113.70 - - [16/Apr/2026:10:00:59 +0300] "POST /wp-cron.php?doing_wp_cron=1776322859.5915009975433349609375 HTTP/1.1" 200 448 "-" "WordPress/6.3.8; https://serhatburke.miroglu.net"
165.73.240.153 - - [16/Apr/2026:10:00:35 +0300] "GET /enjoy-lord-of-the-sea-free-zero-free-casino-bust-the-bank-download-demonstration/ HTTP/1.1" 200 74561 "-" "Mozilla/5.0 (Windows NT 10.0; Win64; x64) AppleWebKit/537.36 (KHTML, like Gecko) Chrome/123.0.0.0 Safari/537.36"
165.73.240.153 - - [16/Apr/2026:10:00:39 +0300] "POST /xmlrpc.php HTTP/1.1" 200 630 "-" "Mozilla/5.0 (Windows NT 10.0; Win64; x64) AppleWebKit/537.36 (KHTML, like Gecko) Chrome/114.0.0.0 Safari/537.36"
128.1.218.166 - - [16/Apr/2026:10:00:41 +0300] "POST /xmlrpc.php HTTP/1.1" 200 14830 "-" "Mozilla/5.0 (Windows NT 10.0; Win64; x64) AppleWebKit/537.36 (KHTML, like Gecko) Chrome/114.0.0.0 Safari/537.36"
98.98.9.18 - - [16/Apr/2026:10:00:51 +0300] "POST /xmlrpc.php HTTP/1.1" 200 11867 "-" "Mozilla/5.0 (Windows NT 10.0; Win64; x64) AppleWebKit/537.36 (KHTML, like Gecko) Chrome/114.0.0.0 Safari/537.36"
128.1.218.166 - - [16/Apr/2026:10:00:53 +0300] "POST /xmlrpc.php HTTP/1.1" 200 630 "-" "Mozilla/5.0 (Windows NT 10.0; Win64; x64) AppleWebKit/537.36 (KHTML, like Gecko) Chrome/114.0.0.0 Safari/537.36"
98.98.9.18 - - [16/Apr/2026:10:01:08 +0300] "POST /xmlrpc.php HTTP/1.1" 200 630 "-" "Mozilla/5.0 (Windows NT 10.0; Win64; x64) AppleWebKit/537.36 (KHTML, like Gecko) Chrome/114.0.0.0 Safari/537.36"
165.73.240.153 - - [16/Apr/2026:10:01:11 +0300] "POST /xmlrpc.php HTTP/1.1" 200 13025 "-" "Mozilla/5.0 (Windows NT 10.0; Win64; x64) AppleWebKit/537.36 (KHTML, like Gecko) Chrome/114.0.0.0 Safari/537.36"
128.1.218.166 - - [16/Apr/2026:10:01:11 +0300] "GET /greatest-gambling-inferno-slot-establishment-put-incentives-2026-specialist-rated-also-provides/ HTTP/1.1" 200 76658 "-" "Mozilla/5.0 (Windows NT 10.0; Win64; x64) AppleWebKit/537.36 (KHTML, like Gecko) Chrome/109.0.0.0 Safari/537.36"
185.216.113.70 - - [16/Apr/2026:10:02:09 +0300] "POST /wp-cron.php?doing_wp_cron=1776322929.8074750900268554687500 HTTP/1.1" 200 448 "-" "WordPress/6.3.8; https://serhatburke.miroglu.net"
185.216.113.70 - - [16/Apr/2026:10:02:10 +0300] "POST /wp-cron.php?doing_wp_cron=1776322930.6176080703735351562500 HTTP/1.1" 200 448 "-" "WordPress/6.3.8; https://serhatburke.miroglu.net"
128.1.218.148 - - [16/Apr/2026:10:01:26 +0300] "POST /xmlrpc.php HTTP/1.1" 200 630 "-" "Mozilla/5.0 (Windows NT 10.0; Win64; x64) AppleWebKit/537.36 (KHTML, like Gecko) Chrome/114.0.0.0 Safari/537.36"
98.98.9.18 - - [16/Apr/2026:10:01:27 +0300] "GET /better-online-casino-british-incentive-lightning-link-win-to-500/ HTTP/1.1" 200 72981 "-" "Mozilla/5.0 (Windows NT 10.0; Win64; x64; rv:125.0) Gecko/20100101 Firefox/125.0"
185.216.113.70 - - [16/Apr/2026:10:02:19 +0300] "POST /wp-cron.php?doing_wp_cron=1776322939.3356521129608154296875 HTTP/1.1" 200 448 "-" "WordPress/6.3.8; https://serhatburke.miroglu.net"
128.1.218.166 - - [16/Apr/2026:10:01:32 +0300] "POST /xmlrpc.php HTTP/1.1" 200 14575 "-" "Mozilla/5.0 (Windows NT 10.0; Win64; x64) AppleWebKit/537.36 (KHTML, like Gecko) Chrome/114.0.0.0 Safari/537.36"
185.216.113.70 - - [16/Apr/2026:10:02:28 +0300] "POST /wp-cron.php?doing_wp_cron=1776322948.7017860412597656250000 HTTP/1.1" 200 448 "-" "WordPress/6.3.8; https://serhatburke.miroglu.net"
37.27.132.190 - - [16/Apr/2026:10:01:37 +0300] "GET / HTTP/1.1" 200 17061 "-" "Mozilla/5.0 (Macintosh; Intel Mac OS X 12_5) AppleWebKit/537.36 (KHTML, like Gecko) Chrome/114.0.0.0 Safari/537.36 Vivaldi/5.3.2679.68"
128.1.218.166 - - [16/Apr/2026:10:01:46 +0300] "POST /xmlrpc.php HTTP/1.1" 200 630 "-" "Mozilla/5.0 (Windows NT 10.0; Win64; x64) AppleWebKit/537.36 (KHTML, like Gecko) Chrome/114.0.0.0 Safari/537.36"
165.73.240.153 - - [16/Apr/2026:10:01:43 +0300] "POST /xmlrpc.php HTTP/1.1" 200 630 "-" "Mozilla/5.0 (Windows NT 10.0; Win64; x64) AppleWebKit/537.36 (KHTML, like Gecko) Chrome/114.0.0.0 Safari/537.36"
165.73.240.153 - - [16/Apr/2026:10:01:48 +0300] "GET /lord-of-the-doctor-love-bonus-game-water-slot-totally-free-play-internet-casino-slots-zero-down-load/ HTTP/1.1" 200 75003 "-" "Mozilla/5.0 (Windows NT 10.0; Win64; x64) AppleWebKit/537.36 (KHTML, like Gecko) Chrome/124.0.0.0 Safari/537.36 Edg/124.0.0.0"
98.98.9.18 - - [16/Apr/2026:10:01:50 +0300] "POST /xmlrpc.php HTTP/1.1" 200 11634 "-" "Mozilla/5.0 (Windows NT 10.0; Win64; x64) AppleWebKit/537.36 (KHTML, like Gecko) Chrome/114.0.0.0 Safari/537.36"
185.216.113.70 - - [16/Apr/2026:10:03:37 +0300] "POST /wp-cron.php?doing_wp_cron=1776323017.6089570522308349609375 HTTP/1.1" 200 448 "-" "WordPress/6.3.8; https://serhatburke.miroglu.net"
37.27.132.190 - - [16/Apr/2026:10:02:07 +0300] "GET / HTTP/1.1" 200 17177 "-" "Mozilla/5.0 (Macintosh; Intel Mac OS X 12_5) AppleWebKit/537.36 (KHTML, like Gecko) Chrome/114.0.0.0 Safari/537.36 Vivaldi/5.3.2679.68"
98.98.9.18 - - [16/Apr/2026:10:02:09 +0300] "POST /xmlrpc.php HTTP/1.1" 200 630 "-" "Mozilla/5.0 (Windows NT 10.0; Win64; x64) AppleWebKit/537.36 (KHTML, like Gecko) Chrome/114.0.0.0 Safari/537.36"
128.1.218.148 - - [16/Apr/2026:10:02:18 +0300] "POST /xmlrpc.php HTTP/1.1" 200 15013 "-" "Mozilla/5.0 (Windows NT 10.0; Win64; x64) AppleWebKit/537.36 (KHTML, like Gecko) Chrome/114.0.0.0 Safari/537.36"
185.216.113.70 - - [16/Apr/2026:10:04:05 +0300] "POST /wp-cron.php?doing_wp_cron=1776323044.8110380172729492187500 HTTP/1.1" 200 448 "-" "WordPress/6.3.8; https://serhatburke.miroglu.net"
37.27.132.190 - - [16/Apr/2026:10:02:37 +0300] "GET / HTTP/1.1" 200 17072 "-" "Mozilla/5.0 (Macintosh; Intel Mac OS X 12_5) AppleWebKit/537.36 (KHTML, like Gecko) Chrome/114.0.0.0 Safari/537.36 Vivaldi/5.3.2679.68"
128.1.218.166 - - [16/Apr/2026:10:02:22 +0300] "GET /top-ten-australian-casinos4u-app-download-apk-ireland-casinos-on-the-internet-for-real-currency-games-2025-mercantile-office-systems-pvt-ltd/ HTTP/1.1" 200 77547 "-" "Mozilla/5.0 (Windows NT 10.0; rv:125.0) Gecko/20100101 Firefox/125.0"
185.216.113.70 - - [16/Apr/2026:10:04:21 +0300] "POST /wp-cron.php?doing_wp_cron=1776323061.5959250926971435546875 HTTP/1.1" 200 448 "-" "WordPress/6.3.8; https://serhatburke.miroglu.net"
128.1.218.166 - - [16/Apr/2026:10:02:40 +0300] "POST /xmlrpc.php HTTP/1.1" 200 630 "-" "Mozilla/5.0 (Windows NT 10.0; Win64; x64) AppleWebKit/537.36 (KHTML, like Gecko) Chrome/114.0.0.0 Safari/537.36"
185.216.113.70 - - [16/Apr/2026:10:04:25 +0300] "POST /wp-cron.php?doing_wp_cron=1776323064.8078858852386474609375 HTTP/1.1" 200 448 "-" "WordPress/6.3.8; https://serhatburke.miroglu.net"
98.98.9.27 - - [16/Apr/2026:10:03:09 +0300] "POST /xmlrpc.php HTTP/1.1" 200 630 "-" "Mozilla/5.0 (Windows NT 10.0; Win64; x64) AppleWebKit/537.36 (KHTML, like Gecko) Chrome/114.0.0.0 Safari/537.36"
185.216.113.70 - - [16/Apr/2026:10:04:41 +0300] "POST /wp-cron.php?doing_wp_cron=1776323081.4969470500946044921875 HTTP/1.1" 200 448 "-" "WordPress/6.3.8; https://serhatburke.miroglu.net"
128.1.218.166 - - [16/Apr/2026:10:02:55 +0300] "POST /xmlrpc.php HTTP/1.1" 200 14566 "-" "Mozilla/5.0 (Windows NT 10.0; Win64; x64) AppleWebKit/537.36 (KHTML, like Gecko) Chrome/114.0.0.0 Safari/537.36"
185.216.113.70 - - [16/Apr/2026:10:04:46 +0300] "POST /wp-cron.php?doing_wp_cron=1776323086.5969378948211669921875 HTTP/1.1" 200 448 "-" "WordPress/6.3.8; https://serhatburke.miroglu.net"
165.73.240.153 - - [16/Apr/2026:10:03:07 +0300] "POST /xmlrpc.php HTTP/1.1" 200 13208 "-" "Mozilla/5.0 (Windows NT 10.0; Win64; x64) AppleWebKit/537.36 (KHTML, like Gecko) Chrome/114.0.0.0 Safari/537.36"
185.216.113.70 - - [16/Apr/2026:10:04:49 +0300] "POST /wp-cron.php?doing_wp_cron=1776323089.2873299121856689453125 HTTP/1.1" 200 448 "-" "WordPress/6.3.8; https://serhatburke.miroglu.net"
185.216.113.70 - - [16/Apr/2026:10:04:49 +0300] "POST /wp-cron.php?doing_wp_cron=1776323089.6060829162597656250000 HTTP/1.1" 200 448 "-" "WordPress/6.3.8; https://serhatburke.miroglu.net"
98.98.9.18 - - [16/Apr/2026:10:03:03 +0300] "POST /xmlrpc.php HTTP/1.1" 200 630 "-" "Mozilla/5.0 (Windows NT 10.0; Win64; x64) AppleWebKit/537.36 (KHTML, like Gecko) Chrome/114.0.0.0 Safari/537.36"
165.73.240.153 - - [16/Apr/2026:10:02:54 +0300] "POST /xmlrpc.php HTTP/1.1" 200 630 "-" "Mozilla/5.0 (Windows NT 10.0; Win64; x64) AppleWebKit/537.36 (KHTML, like Gecko) Chrome/114.0.0.0 Safari/537.36"
185.216.113.70 - - [16/Apr/2026:10:05:13 +0300] "POST /wp-cron.php?doing_wp_cron=1776323113.0075590610504150390625 HTTP/1.1" 200 448 "-" "WordPress/6.3.8; https://serhatburke.miroglu.net"
128.1.218.166 - - [16/Apr/2026:10:03:34 +0300] "POST /xmlrpc.php HTTP/1.1" 200 630 "-" "Mozilla/5.0 (Windows NT 10.0; Win64; x64) AppleWebKit/537.36 (KHTML, like Gecko) Chrome/114.0.0.0 Safari/537.36"
98.98.9.18 - - [16/Apr/2026:10:03:18 +0300] "GET /gamble-22800-100-percent-free-online-casino-games-online-casino-for-real-money-harbors-no-down-load/ HTTP/1.1" 500 745 "-" "Mozilla/5.0 (Windows NT 10.0; Win64; x64) AppleWebKit/537.36 (KHTML, like Gecko) Chrome/122.0.0.0 Safari/537.36"
98.98.9.18 - - [16/Apr/2026:10:03:46 +0300] "POST /xmlrpc.php HTTP/1.1" 500 745 "-" "Mozilla/5.0 (Windows NT 10.0; Win64; x64) AppleWebKit/537.36 (KHTML, like Gecko) Chrome/114.0.0.0 Safari/537.36"
128.1.218.148 - - [16/Apr/2026:10:03:52 +0300] "GET /neue-spielsaal-casinos-abzuglich-einzahlung-2026-herr-bet-casino-bonus-fortschrittlich-inoffizieller-mitarbeiter-marz/ HTTP/1.1" 500 745 "-" "Mozilla/5.0 (Windows NT 10.0; rv:125.0) Gecko/20100101 Firefox/125.0"
98.98.9.18 - - [16/Apr/2026:10:03:53 +0300] "POST /xmlrpc.php HTTP/1.1" 500 745 "-" "Mozilla/5.0 (Windows NT 10.0; Win64; x64) AppleWebKit/537.36 (KHTML, like Gecko) Chrome/114.0.0.0 Safari/537.36"
185.216.113.70 - - [16/Apr/2026:10:05:55 +0300] "POST /wp-cron.php?doing_wp_cron=1776323155.5389740467071533203125 HTTP/1.1" 200 448 "-" "WordPress/6.3.8; https://serhatburke.miroglu.net"
128.1.218.166 - - [16/Apr/2026:10:04:02 +0300] "POST /xmlrpc.php HTTP/1.1" 200 627 "-" "Mozilla/5.0 (Windows NT 10.0; Win64; x64) AppleWebKit/537.36 (KHTML, like Gecko) Chrome/114.0.0.0 Safari/537.36"
185.216.113.70 - - [16/Apr/2026:10:05:59 +0300] "POST /wp-cron.php?doing_wp_cron=1776323159.3873040676116943359375 HTTP/1.1" 200 448 "-" "WordPress/6.3.8; https://serhatburke.miroglu.net"
165.73.240.153 - - [16/Apr/2026:10:04:01 +0300] "POST /xmlrpc.php HTTP/1.1" 500 745 "-" "Mozilla/5.0 (Windows NT 10.0; Win64; x64) AppleWebKit/537.36 (KHTML, like Gecko) Chrome/114.0.0.0 Safari/537.36"
128.1.218.166 - - [16/Apr/2026:10:04:21 +0300] "POST /xmlrpc.php HTTP/1.1" 500 745 "-" "Mozilla/5.0 (Windows NT 10.0; Win64; x64) AppleWebKit/537.36 (KHTML, like Gecko) Chrome/114.0.0.0 Safari/537.36"
128.1.218.166 - - [16/Apr/2026:10:04:21 +0300] "POST /xmlrpc.php HTTP/1.1" 500 745 "-" "Mozilla/5.0 (Windows NT 10.0; Win64; x64) AppleWebKit/537.36 (KHTML, like Gecko) Chrome/114.0.0.0 Safari/537.36"
185.216.113.70 - - [16/Apr/2026:10:06:22 +0300] "POST /wp-cron.php?doing_wp_cron=1776323182.7052090167999267578125 HTTP/1.1" 200 448 "-" "WordPress/6.3.8; https://serhatburke.miroglu.net"
98.98.9.27 - - [16/Apr/2026:10:04:32 +0300] "POST /xmlrpc.php HTTP/1.1" 500 745 "-" "Mozilla/5.0 (Windows NT 10.0; Win64; x64) AppleWebKit/537.36 (KHTML, like Gecko) Chrome/114.0.0.0 Safari/537.36"
165.73.240.153 - - [16/Apr/2026:10:04:35 +0300] "POST /xmlrpc.php HTTP/1.1" 500 745 "-" "Mozilla/5.0 (Windows NT 10.0; Win64; x64) AppleWebKit/537.36 (KHTML, like Gecko) Chrome/114.0.0.0 Safari/537.36"
128.1.218.166 - - [16/Apr/2026:10:04:40 +0300] "POST /xmlrpc.php HTTP/1.1" 500 745 "-" "Mozilla/5.0 (Windows NT 10.0; Win64; x64) AppleWebKit/537.36 (KHTML, like Gecko) Chrome/114.0.0.0 Safari/537.36"
98.98.9.18 - - [16/Apr/2026:10:04:42 +0300] "POST /xmlrpc.php HTTP/1.1" 500 745 "-" "Mozilla/5.0 (Windows NT 10.0; Win64; x64) AppleWebKit/537.36 (KHTML, like Gecko) Chrome/114.0.0.0 Safari/537.36"
98.98.9.18 - - [16/Apr/2026:10:04:50 +0300] "POST /xmlrpc.php HTTP/1.1" 500 745 "-" "Mozilla/5.0 (Windows NT 10.0; Win64; x64) AppleWebKit/537.36 (KHTML, like Gecko) Chrome/114.0.0.0 Safari/537.36"
165.73.240.153 - - [16/Apr/2026:10:04:52 +0300] "POST /xmlrpc.php HTTP/1.1" 500 745 "-" "Mozilla/5.0 (Windows NT 10.0; Win64; x64) AppleWebKit/537.36 (KHTML, like Gecko) Chrome/114.0.0.0 Safari/537.36"
98.98.9.18 - - [16/Apr/2026:10:04:58 +0300] "POST /xmlrpc.php HTTP/1.1" 500 745 "-" "Mozilla/5.0 (Windows NT 10.0; Win64; x64) AppleWebKit/537.36 (KHTML, like Gecko) Chrome/114.0.0.0 Safari/537.36"
128.1.218.166 - - [16/Apr/2026:10:05:14 +0300] "POST /xmlrpc.php HTTP/1.1" 500 745 "-" "Mozilla/5.0 (Windows NT 10.0; Win64; x64) AppleWebKit/537.36 (KHTML, like Gecko) Chrome/114.0.0.0 Safari/537.36"
128.1.218.166 - - [16/Apr/2026:10:05:14 +0300] "POST /xmlrpc.php HTTP/1.1" 500 745 "-" "Mozilla/5.0 (Windows NT 10.0; Win64; x64) AppleWebKit/537.36 (KHTML, like Gecko) Chrome/114.0.0.0 Safari/537.36"
165.73.240.153 - - [16/Apr/2026:10:05:15 +0300] "POST /xmlrpc.php HTTP/1.1" 500 745 "-" "Mozilla/5.0 (Windows NT 10.0; Win64; x64) AppleWebKit/537.36 (KHTML, like Gecko) Chrome/114.0.0.0 Safari/537.36"
98.98.9.18 - - [16/Apr/2026:10:05:31 +0300] "POST /xmlrpc.php HTTP/1.1" 500 745 "-" "Mozilla/5.0 (Windows NT 10.0; Win64; x64) AppleWebKit/537.36 (KHTML, like Gecko) Chrome/114.0.0.0 Safari/537.36"
98.98.9.18 - - [16/Apr/2026:10:05:33 +0300] "POST /xmlrpc.php HTTP/1.1" 500 745 "-" "Mozilla/5.0 (Windows NT 10.0; Win64; x64) AppleWebKit/537.36 (KHTML, like Gecko) Chrome/114.0.0.0 Safari/537.36"
128.1.218.148 - - [16/Apr/2026:10:05:32 +0300] "POST /xmlrpc.php HTTP/1.1" 500 745 "-" "Mozilla/5.0 (Windows NT 10.0; Win64; x64) AppleWebKit/537.36 (KHTML, like Gecko) Chrome/114.0.0.0 Safari/537.36"
165.73.240.153 - - [16/Apr/2026:10:05:41 +0300] "POST /xmlrpc.php HTTP/1.1" 500 745 "-" "Mozilla/5.0 (Windows NT 10.0; Win64; x64) AppleWebKit/537.36 (KHTML, like Gecko) Chrome/114.0.0.0 Safari/537.36"
98.98.9.18 - - [16/Apr/2026:10:05:44 +0300] "POST /xmlrpc.php HTTP/1.1" 500 745 "-" "Mozilla/5.0 (Windows NT 10.0; Win64; x64) AppleWebKit/537.36 (KHTML, like Gecko) Chrome/114.0.0.0 Safari/537.36"
128.1.218.166 - - [16/Apr/2026:10:06:02 +0300] "POST /xmlrpc.php HTTP/1.1" 500 745 "-" "Mozilla/5.0 (Windows NT 10.0; Win64; x64) AppleWebKit/537.36 (KHTML, like Gecko) Chrome/114.0.0.0 Safari/537.36"
128.1.218.166 - - [16/Apr/2026:10:06:06 +0300] "POST /xmlrpc.php HTTP/1.1" 500 745 "-" "Mozilla/5.0 (Windows NT 10.0; Win64; x64) AppleWebKit/537.36 (KHTML, like Gecko) Chrome/114.0.0.0 Safari/537.36"
98.98.9.27 - - [16/Apr/2026:10:06:17 +0300] "POST /xmlrpc.php HTTP/1.1" 500 745 "-" "Mozilla/5.0 (Windows NT 10.0; Win64; x64) AppleWebKit/537.36 (KHTML, like Gecko) Chrome/114.0.0.0 Safari/537.36"
165.73.240.153 - - [16/Apr/2026:10:06:20 +0300] "POST /xmlrpc.php HTTP/1.1" 500 745 "-" "Mozilla/5.0 (Windows NT 10.0; Win64; x64) AppleWebKit/537.36 (KHTML, like Gecko) Chrome/114.0.0.0 Safari/537.36"
128.1.218.166 - - [16/Apr/2026:10:06:20 +0300] "GET /?p=113317 HTTP/1.1" 500 745 "-" "Mozilla/5.0 (Windows NT 10.0; Win64; x64) AppleWebKit/537.36 (KHTML, like Gecko) Chrome/122.0.0.0 Safari/537.36"
165.73.240.153 - - [16/Apr/2026:10:06:23 +0300] "POST /xmlrpc.php HTTP/1.1" 500 745 "-" "Mozilla/5.0 (Windows NT 10.0; Win64; x64) AppleWebKit/537.36 (KHTML, like Gecko) Chrome/114.0.0.0 Safari/537.36"
98.98.9.18 - - [16/Apr/2026:10:06:32 +0300] "POST /xmlrpc.php HTTP/1.1" 500 745 "-" "Mozilla/5.0 (Windows NT 10.0; Win64; x64) AppleWebKit/537.36 (KHTML, like Gecko) Chrome/114.0.0.0 Safari/537.36"
165.73.240.153 - - [16/Apr/2026:10:06:32 +0300] "GET /?p=113319 HTTP/1.1" 500 745 "-" "Mozilla/5.0 (Windows NT 10.0; Win64; x64) AppleWebKit/537.36 (KHTML, like Gecko) Chrome/123.0.0.0 Safari/537.36 OPR/109.0.0.0"
98.98.9.18 - - [16/Apr/2026:10:06:32 +0300] "POST /xmlrpc.php HTTP/1.1" 500 745 "-" "Mozilla/5.0 (Windows NT 10.0; Win64; x64) AppleWebKit/537.36 (KHTML, like Gecko) Chrome/114.0.0.0 Safari/537.36"
185.216.113.70 - - [16/Apr/2026:10:08:40 +0300] "POST /wp-cron.php?doing_wp_cron=1776323320.5118870735168457031250 HTTP/1.1" 200 448 "-" "WordPress/6.3.8; https://serhatburke.miroglu.net"
128.1.218.166 - - [16/Apr/2026:10:06:54 +0300] "POST /xmlrpc.php HTTP/1.1" 500 1102 "-" "Mozilla/5.0 (Windows NT 10.0; Win64; x64) AppleWebKit/537.36 (KHTML, like Gecko) Chrome/114.0.0.0 Safari/537.36"
165.73.240.153 - - [16/Apr/2026:10:06:55 +0300] "POST /xmlrpc.php HTTP/1.1" 500 745 "-" "Mozilla/5.0 (Windows NT 10.0; Win64; x64) AppleWebKit/537.36 (KHTML, like Gecko) Chrome/114.0.0.0 Safari/537.36"
128.1.218.166 - - [16/Apr/2026:10:06:59 +0300] "POST /xmlrpc.php HTTP/1.1" 500 745 "-" "Mozilla/5.0 (Windows NT 10.0; Win64; x64) AppleWebKit/537.36 (KHTML, like Gecko) Chrome/114.0.0.0 Safari/537.36"
98.98.9.18 - - [16/Apr/2026:10:07:12 +0300] "GET /?p=113321 HTTP/1.1" 500 745 "-" "Mozilla/5.0 (Windows NT 10.0; Win64; x64) AppleWebKit/537.36 (KHTML, like Gecko) Chrome/123.0.0.0 Safari/537.36"
185.216.113.70 - - [16/Apr/2026:10:09:13 +0300] "POST /wp-cron.php?doing_wp_cron=1776323353.5010190010070800781250 HTTP/1.1" 200 448 "-" "WordPress/6.3.8; https://serhatburke.miroglu.net"
98.98.9.18 - - [16/Apr/2026:10:07:24 +0300] "POST /xmlrpc.php HTTP/1.1" 500 1102 "-" "Mozilla/5.0 (Windows NT 10.0; Win64; x64) AppleWebKit/537.36 (KHTML, like Gecko) Chrome/114.0.0.0 Safari/537.36"
185.216.113.70 - - [16/Apr/2026:10:09:23 +0300] "POST /wp-cron.php?doing_wp_cron=1776323362.8950340747833251953125 HTTP/1.1" 200 448 "-" "WordPress/6.3.8; https://serhatburke.miroglu.net"
98.98.9.27 - - [16/Apr/2026:10:07:58 +0300] "GET /?p=113325 HTTP/1.1" 301 663 "-" "Mozilla/5.0 (Windows NT 10.0; Win64; x64; rv:124.0) Gecko/20100101 Firefox/124.0"
185.216.113.70 - - [16/Apr/2026:10:09:29 +0300] "POST /wp-cron.php?doing_wp_cron=1776323369.2020990848541259765625 HTTP/1.1" 200 448 "-" "WordPress/6.3.8; https://serhatburke.miroglu.net"
128.1.218.166 - - [16/Apr/2026:10:07:50 +0300] "POST /xmlrpc.php HTTP/1.1" 200 13510 "-" "Mozilla/5.0 (Windows NT 10.0; Win64; x64) AppleWebKit/537.36 (KHTML, like Gecko) Chrome/114.0.0.0 Safari/537.36"
185.216.113.70 - - [16/Apr/2026:10:09:35 +0300] "POST /wp-cron.php?doing_wp_cron=1776323375.6124730110168457031250 HTTP/1.1" 200 448 "-" "WordPress/6.3.8; https://serhatburke.miroglu.net"
128.1.218.166 - - [16/Apr/2026:10:08:00 +0300] "POST /xmlrpc.php HTTP/1.1" 200 861 "-" "Mozilla/5.0 (Windows NT 10.0; Win64; x64) AppleWebKit/537.36 (KHTML, like Gecko) Chrome/114.0.0.0 Safari/537.36"
185.216.113.70 - - [16/Apr/2026:10:09:38 +0300] "POST /wp-cron.php?doing_wp_cron=1776323378.2905609607696533203125 HTTP/1.1" 200 448 "-" "WordPress/6.3.8; https://serhatburke.miroglu.net"
98.98.9.18 - - [16/Apr/2026:10:08:17 +0300] "POST /xmlrpc.php HTTP/1.1" 200 11635 "-" "Mozilla/5.0 (Windows NT 10.0; Win64; x64) AppleWebKit/537.36 (KHTML, like Gecko) Chrome/114.0.0.0 Safari/537.36"
185.216.113.70 - - [16/Apr/2026:10:09:40 +0300] "POST /wp-cron.php?doing_wp_cron=1776323380.1873030662536621093750 HTTP/1.1" 200 448 "-" "WordPress/6.3.8; https://serhatburke.miroglu.net"
165.73.240.153 - - [16/Apr/2026:10:08:04 +0300] "POST /xmlrpc.php HTTP/1.1" 200 12106 "-" "Mozilla/5.0 (Windows NT 10.0; Win64; x64) AppleWebKit/537.36 (KHTML, like Gecko) Chrome/114.0.0.0 Safari/537.36"
185.216.113.70 - - [16/Apr/2026:10:09:43 +0300] "POST /wp-cron.php?doing_wp_cron=1776323383.5077259540557861328125 HTTP/1.1" 200 448 "-" "WordPress/6.3.8; https://serhatburke.miroglu.net"
165.73.240.153 - - [16/Apr/2026:10:08:12 +0300] "POST /xmlrpc.php HTTP/1.1" 200 861 "-" "Mozilla/5.0 (Windows NT 10.0; Win64; x64) AppleWebKit/537.36 (KHTML, like Gecko) Chrome/114.0.0.0 Safari/537.36"
185.216.113.70 - - [16/Apr/2026:10:10:10 +0300] "POST /wp-cron.php?doing_wp_cron=1776323410.5034990310668945312500 HTTP/1.1" 200 448 "-" "WordPress/6.3.8; https://serhatburke.miroglu.net"
128.1.218.166 - - [16/Apr/2026:10:08:44 +0300] "POST /xmlrpc.php HTTP/1.1" 200 13060 "-" "Mozilla/5.0 (Windows NT 10.0; Win64; x64) AppleWebKit/537.36 (KHTML, like Gecko) Chrome/114.0.0.0 Safari/537.36"
185.216.113.70 - - [16/Apr/2026:10:10:24 +0300] "POST /wp-cron.php?doing_wp_cron=1776323424.2994379997253417968750 HTTP/1.1" 200 448 "-" "WordPress/6.3.8; https://serhatburke.miroglu.net"
98.98.9.27 - - [16/Apr/2026:10:09:03 +0300] "POST /xmlrpc.php HTTP/1.1" 200 630 "-" "Mozilla/5.0 (Windows NT 10.0; Win64; x64) AppleWebKit/537.36 (KHTML, like Gecko) Chrome/114.0.0.0 Safari/537.36"
185.216.113.70 - - [16/Apr/2026:10:10:32 +0300] "POST /wp-cron.php?doing_wp_cron=1776323431.9038228988647460937500 HTTP/1.1" 200 448 "-" "WordPress/6.3.8; https://serhatburke.miroglu.net"
98.98.9.18 - - [16/Apr/2026:10:08:52 +0300] "POST /xmlrpc.php HTTP/1.1" 200 861 "-" "Mozilla/5.0 (Windows NT 10.0; Win64; x64) AppleWebKit/537.36 (KHTML, like Gecko) Chrome/114.0.0.0 Safari/537.36"
185.216.113.70 - - [16/Apr/2026:10:10:45 +0300] "POST /wp-cron.php?doing_wp_cron=1776323445.4893310070037841796875 HTTP/1.1" 200 448 "-" "WordPress/6.3.8; https://serhatburke.miroglu.net"
128.1.218.166 - - [16/Apr/2026:10:09:30 +0300] "GET /?p=113323 HTTP/1.1" 301 665 "-" "Mozilla/5.0 (Windows NT 10.0; Win64; x64) AppleWebKit/537.36 (KHTML, like Gecko) Chrome/124.0.0.0 Safari/537.36 Edg/124.0.0.0"
185.216.113.70 - - [16/Apr/2026:10:11:11 +0300] "POST /wp-cron.php?doing_wp_cron=1776323471.0929510593414306640625 HTTP/1.1" 200 448 "-" "WordPress/6.3.8; https://serhatburke.miroglu.net"
185.216.113.70 - - [16/Apr/2026:10:11:11 +0300] "POST /wp-cron.php?doing_wp_cron=1776323470.9919829368591308593750 HTTP/1.1" 200 448 "-" "WordPress/6.3.8; https://serhatburke.miroglu.net"
98.98.9.27 - - [16/Apr/2026:10:09:26 +0300] "GET /gonzos-casino-bodog-real-money-quest-opinion-netents-epic-position-thrill/ HTTP/1.1" 200 74069 "-" "Mozilla/5.0 (Windows NT 10.0; Win64; x64; rv:124.0) Gecko/20100101 Firefox/124.0"
98.98.9.18 - - [16/Apr/2026:10:09:40 +0300] "GET /100-percent-free-slots-top-dogecoin-casino-play-instantaneously-5000-online-game-enjoyment-at-the-gambling-establishment-pearls/ HTTP/1.1" 200 75038 "-" "Mozilla/5.0 (Windows NT 10.0; Win64; x64) AppleWebKit/537.36 (KHTML, like Gecko) Chrome/109.0.0.0 Safari/537.36"
185.216.113.70 - - [16/Apr/2026:10:11:25 +0300] "POST /wp-cron.php?doing_wp_cron=1776323484.9924929141998291015625 HTTP/1.1" 200 448 "-" "WordPress/6.3.8; https://serhatburke.miroglu.net"
185.216.113.70 - - [16/Apr/2026:10:11:27 +0300] "POST /wp-cron.php?doing_wp_cron=1776323487.7892849445343017578125 HTTP/1.1" 200 448 "-" "WordPress/6.3.8; https://serhatburke.miroglu.net"
165.73.240.153 - - [16/Apr/2026:10:09:42 +0300] "GET /totally-free-printable-noahs-ark-focus-for-cribbage-1-deposit-children/ HTTP/1.1" 200 74119 "-" "Mozilla/5.0 (Windows NT 10.0; Win64; x64) AppleWebKit/537.36 (KHTML, like Gecko) Chrome/123.0.0.0 Safari/537.36 OPR/109.0.0.0"
98.98.9.27 - - [16/Apr/2026:10:09:38 +0300] "POST /xmlrpc.php HTTP/1.1" 200 627 "-" "Mozilla/5.0 (Windows NT 10.0; Win64; x64) AppleWebKit/537.36 (KHTML, like Gecko) Chrome/114.0.0.0 Safari/537.36"
185.216.113.70 - - [16/Apr/2026:10:11:57 +0300] "POST /wp-cron.php?doing_wp_cron=1776323517.5882070064544677734375 HTTP/1.1" 200 448 "-" "WordPress/6.3.8; https://serhatburke.miroglu.net"
128.1.218.166 - - [16/Apr/2026:10:10:12 +0300] "GET /better-web-based-casinos-australia-2025-better-real-cash-casino-next-websites-for-aussie-people-investing-news/ HTTP/1.1" 200 76274 "-" "Mozilla/5.0 (Windows NT 10.0; Win64; x64) AppleWebKit/537.36 (KHTML, like Gecko) Chrome/123.0.0.0 Safari/537.36"
185.216.113.70 - - [16/Apr/2026:10:12:09 +0300] "POST /wp-cron.php?doing_wp_cron=1776323529.8152239322662353515625 HTTP/1.1" 200 448 "-" "WordPress/6.3.8; https://serhatburke.miroglu.net"
98.98.9.27 - - [16/Apr/2026:10:10:32 +0300] "POST /xmlrpc.php HTTP/1.1" 200 13044 "-" "Mozilla/5.0 (Windows NT 10.0; Win64; x64) AppleWebKit/537.36 (KHTML, like Gecko) Chrome/114.0.0.0 Safari/537.36"
185.216.113.70 - - [16/Apr/2026:10:12:25 +0300] "POST /wp-cron.php?doing_wp_cron=1776323545.4921910762786865234375 HTTP/1.1" 200 448 "-" "WordPress/6.3.8; https://serhatburke.miroglu.net"
128.1.218.166 - - [16/Apr/2026:10:10:50 +0300] "GET /online-pokies-australia-play-totally-aquarium-slot-free-pokies-no-down-load/ HTTP/1.1" 200 75562 "-" "Mozilla/5.0 (Windows NT 10.0; Win64; x64) AppleWebKit/537.36 (KHTML, like Gecko) Chrome/124.0.0.0 Safari/537.36 Edg/124.0.0.0"
185.216.113.70 - - [16/Apr/2026:10:12:41 +0300] "POST /wp-cron.php?doing_wp_cron=1776323560.9884750843048095703125 HTTP/1.1" 200 448 "-" "WordPress/6.3.8; https://serhatburke.miroglu.net"
128.1.218.166 - - [16/Apr/2026:10:11:11 +0300] "POST /xmlrpc.php HTTP/1.1" 200 861 "-" "Mozilla/5.0 (Windows NT 10.0; Win64; x64) AppleWebKit/537.36 (KHTML, like Gecko) Chrome/114.0.0.0 Safari/537.36"
185.216.113.70 - - [16/Apr/2026:10:12:47 +0300] "POST /wp-cron.php?doing_wp_cron=1776323567.8971140384674072265625 HTTP/1.1" 200 448 "-" "WordPress/6.3.8; https://serhatburke.miroglu.net"
165.73.240.153 - - [16/Apr/2026:10:11:22 +0300] "POST /xmlrpc.php HTTP/1.1" 200 861 "-" "Mozilla/5.0 (Windows NT 10.0; Win64; x64) AppleWebKit/537.36 (KHTML, like Gecko) Chrome/114.0.0.0 Safari/537.36"
151.244.111.202 - - [16/Apr/2026:10:11:58 +0300] "POST /xmlrpc.php HTTP/1.1" 200 0 "-" "Mozilla/5.0 (Windows NT 10.0; Win64; x64) AppleWebKit/537.36 (KHTML, like Gecko) Chrome/121.0.0.0 Safari/537.36 Edg/121.0.0.0"
185.216.113.70 - - [16/Apr/2026:10:13:04 +0300] "POST /wp-cron.php?doing_wp_cron=1776323584.5109310150146484375000 HTTP/1.1" 200 448 "-" "WordPress/6.3.8; https://serhatburke.miroglu.net"
128.1.218.166 - - [16/Apr/2026:10:11:52 +0300] "POST /xmlrpc.php HTTP/1.1" 200 861 "-" "Mozilla/5.0 (Windows NT 10.0; Win64; x64) AppleWebKit/537.36 (KHTML, like Gecko) Chrome/114.0.0.0 Safari/537.36"
185.216.113.70 - - [16/Apr/2026:10:13:16 +0300] "POST /wp-cron.php?doing_wp_cron=1776323596.3363308906555175781250 HTTP/1.1" 200 448 "-" "WordPress/6.3.8; https://serhatburke.miroglu.net"
98.98.9.27 - - [16/Apr/2026:10:12:17 +0300] "POST /xmlrpc.php HTTP/1.1" 200 13044 "-" "Mozilla/5.0 (Windows NT 10.0; Win64; x64) AppleWebKit/537.36 (KHTML, like Gecko) Chrome/114.0.0.0 Safari/537.36"
151.244.111.202 - - [16/Apr/2026:10:12:59 +0300] "POST /xmlrpc.php HTTP/1.1" 200 903 "-" "Mozilla/5.0 (Windows NT 10.0; Win64; x64) AppleWebKit/537.36 (KHTML, like Gecko) Chrome/121.0.0.0 Safari/537.36 Edg/121.0.0.0"
98.98.9.27 - - [16/Apr/2026:10:13:20 +0300] "GET /best-ports-playing-on-agent-jane-blonde-slot-online-the-web-the-real-deal-currency-march-2026-greatest-rtp-gambling-enterprises-games-recently/ HTTP/1.1" 200 75970 "-" "Mozilla/5.0 (Windows NT 10.0; Win64; x64) AppleWebKit/537.36 (KHTML, like Gecko) Chrome/109.0.0.0 Safari/537.36"
151.244.111.202 - - [16/Apr/2026:10:13:33 +0300] "POST /xmlrpc.php HTTP/1.1" 200 489 "-" "Mozilla/5.0 (Windows NT 10.0; Win64; x64) AppleWebKit/537.36 (KHTML, like Gecko) Chrome/121.0.0.0 Safari/537.36 Edg/121.0.0.0"
185.216.113.70 - - [16/Apr/2026:10:14:07 +0300] "POST /wp-cron.php?doing_wp_cron=1776323647.0079810619354248046875 HTTP/1.1" 200 448 "-" "WordPress/6.3.8; https://serhatburke.miroglu.net"
151.244.111.202 - - [16/Apr/2026:10:13:48 +0300] "POST /xmlrpc.php HTTP/1.1" 200 14126 "-" "Mozilla/5.0 (Windows NT 10.0; Win64; x64) AppleWebKit/537.36 (KHTML, like Gecko) Chrome/121.0.0.0 Safari/537.36 Edg/121.0.0.0"
185.216.113.70 - - [16/Apr/2026:10:21:13 +0300] "POST /wp-cron.php?doing_wp_cron=1776324072.9949300289154052734375 HTTP/1.1" 200 448 "-" "WordPress/6.3.8; https://serhatburke.miroglu.net"
128.1.218.166 - - [16/Apr/2026:10:20:59 +0300] "POST /xmlrpc.php HTTP/1.1" 200 630 "-" "Mozilla/5.0 (Windows NT 10.0; Win64; x64) AppleWebKit/537.36 (KHTML, like Gecko) Chrome/114.0.0.0 Safari/537.36"
128.1.218.166 - - [16/Apr/2026:10:21:19 +0300] "POST /xmlrpc.php HTTP/1.1" 200 13880 "-" "Mozilla/5.0 (Windows NT 10.0; Win64; x64) AppleWebKit/537.36 (KHTML, like Gecko) Chrome/114.0.0.0 Safari/537.36"
185.216.113.70 - - [16/Apr/2026:10:21:45 +0300] "POST /wp-cron.php?doing_wp_cron=1776324105.2323820590972900390625 HTTP/1.1" 200 448 "-" "WordPress/6.3.8; https://serhatburke.miroglu.net"
128.1.218.166 - - [16/Apr/2026:10:21:33 +0300] "GET /play-on-the-top-step-one-bitkingz-sign-up-bonus-code-minimum-put-casinos/ HTTP/1.1" 200 75334 "-" "Mozilla/5.0 (Windows NT 10.0; rv:109.0) Gecko/20100101 Firefox/115.0"
185.216.113.70 - - [16/Apr/2026:10:26:44 +0300] "POST /wp-cron.php?doing_wp_cron=1776324404.0739440917968750000000 HTTP/1.1" 200 448 "-" "WordPress/6.3.8; https://serhatburke.miroglu.net"
128.1.218.166 - - [16/Apr/2026:10:26:30 +0300] "POST /xmlrpc.php HTTP/1.1" 200 630 "-" "Mozilla/5.0 (Windows NT 10.0; Win64; x64) AppleWebKit/537.36 (KHTML, like Gecko) Chrome/114.0.0.0 Safari/537.36"
128.1.218.166 - - [16/Apr/2026:10:26:52 +0300] "POST /xmlrpc.php HTTP/1.1" 200 14095 "-" "Mozilla/5.0 (Windows NT 10.0; Win64; x64) AppleWebKit/537.36 (KHTML, like Gecko) Chrome/114.0.0.0 Safari/537.36"
128.1.218.166 - - [16/Apr/2026:10:27:12 +0300] "GET /best-on-line-pokies-australian-casino-casilando-100-free-spins-continent-2026-enjoy-real-money-pokies/ HTTP/1.1" 200 76063 "-" "Mozilla/5.0 (Windows NT 10.0; rv:125.0) Gecko/20100101 Firefox/125.0"
185.216.113.70 - - [16/Apr/2026:10:28:10 +0300] "POST /wp-cron.php?doing_wp_cron=1776324490.4727549552917480468750 HTTP/1.1" 200 448 "-" "WordPress/6.3.8; https://serhatburke.miroglu.net"
128.1.218.166 - - [16/Apr/2026:10:27:58 +0300] "POST /xmlrpc.php HTTP/1.1" 200 630 "-" "Mozilla/5.0 (Windows NT 10.0; Win64; x64) AppleWebKit/537.36 (KHTML, like Gecko) Chrome/114.0.0.0 Safari/537.36"
128.1.218.166 - - [16/Apr/2026:10:28:17 +0300] "POST /xmlrpc.php HTTP/1.1" 200 13475 "-" "Mozilla/5.0 (Windows NT 10.0; Win64; x64) AppleWebKit/537.36 (KHTML, like Gecko) Chrome/114.0.0.0 Safari/537.36"
185.216.113.70 - - [16/Apr/2026:10:28:44 +0300] "POST /wp-cron.php?doing_wp_cron=1776324524.5943861007690429687500 HTTP/1.1" 200 448 "-" "WordPress/6.3.8; https://serhatburke.miroglu.net"
128.1.218.166 - - [16/Apr/2026:10:28:32 +0300] "GET /no-deposit-1-dollar-deposit-casinos-pokies-bonuses-march-2026/ HTTP/1.1" 200 74573 "-" "Mozilla/5.0 (Windows NT 10.0; Win64; x64) AppleWebKit/537.36 (KHTML, like Gecko) Chrome/123.0.0.0 Safari/537.36"
128.1.218.166 - - [16/Apr/2026:10:29:21 +0300] "POST /xmlrpc.php HTTP/1.1" 200 630 "-" "Mozilla/5.0 (Windows NT 10.0; Win64; x64) AppleWebKit/537.36 (KHTML, like Gecko) Chrome/114.0.0.0 Safari/537.36"
185.216.113.70 - - [16/Apr/2026:10:29:54 +0300] "POST /wp-cron.php?doing_wp_cron=1776324594.3357560634613037109375 HTTP/1.1" 200 448 "-" "WordPress/6.3.8; https://serhatburke.miroglu.net"
128.1.218.166 - - [16/Apr/2026:10:29:41 +0300] "POST /xmlrpc.php HTTP/1.1" 200 13970 "-" "Mozilla/5.0 (Windows NT 10.0; Win64; x64) AppleWebKit/537.36 (KHTML, like Gecko) Chrome/114.0.0.0 Safari/537.36"
128.1.218.166 - - [16/Apr/2026:10:29:56 +0300] "GET /5-deposit-gambling-enterprises-united-kingdom-2026-greatest-5-minimum-deposit-web-based-real-money-online-casino-no-deposit-new-casinos-onlinecasinopulse/ HTTP/1.1" 200 77366 "-" "Mozilla/5.0 (Windows NT 10.0; Win64; x64) AppleWebKit/537.36 (KHTML, like Gecko) Chrome/124.0.0.0 Safari/537.36"
88.209.245.37 - - [16/Apr/2026:10:30:17 +0300] "GET /casino-online-skrill-prelievo-veloce/ HTTP/1.1" 200 18092 "https://serhatburke.miroglu.net/" "Mozilla/5.0 (X11; Ubuntu; Linux x86_64; rv:147.0) Gecko/20100101 Firefox/147.0"
185.216.113.70 - - [16/Apr/2026:10:30:45 +0300] "POST /wp-cron.php?doing_wp_cron=1776324645.8266470432281494140625 HTTP/1.1" 200 448 "-" "WordPress/6.3.8; https://serhatburke.miroglu.net"
128.1.218.166 - - [16/Apr/2026:10:30:33 +0300] "POST /xmlrpc.php HTTP/1.1" 200 630 "-" "Mozilla/5.0 (Windows NT 10.0; Win64; x64) AppleWebKit/537.36 (KHTML, like Gecko) Chrome/114.0.0.0 Safari/537.36"
88.209.245.37 - - [16/Apr/2026:10:30:34 +0300] "GET /wp-login.php?action=register HTTP/1.1" 302 702 "https://serhatburke.miroglu.net/casino-online-skrill-prelievo-veloce/" "Mozilla/5.0 (Windows NT 6.3; Win64; x64) AppleWebKit/537.36 (KHTML, like Gecko) Chrome/103.0.0.0 Safari/537.36"
88.209.245.37 - - [16/Apr/2026:10:30:48 +0300] "GET /wp-login.php?registration=disabled HTTP/1.1" 200 3805 "https://serhatburke.miroglu.net/wp-login.php?action=register" "Mozilla/5.0 (Windows NT 6.3; Win64; x64) AppleWebKit/537.36 (KHTML, like Gecko) Chrome/103.0.0.0 Safari/537.36"
128.1.218.166 - - [16/Apr/2026:10:30:53 +0300] "POST /xmlrpc.php HTTP/1.1" 200 13602 "-" "Mozilla/5.0 (Windows NT 10.0; Win64; x64) AppleWebKit/537.36 (KHTML, like Gecko) Chrome/114.0.0.0 Safari/537.36"
128.1.218.166 - - [16/Apr/2026:10:31:10 +0300] "GET /finest-the-new-online-slots-games-finest-the-fresh-video-game-within-the-courtroom-cleopatra-pyramids-play-slot-united-states-slot-casinos-march/ HTTP/1.1" 200 76876 "-" "Mozilla/5.0 (Windows NT 10.0; rv:125.0) Gecko/20100101 Firefox/125.0"
185.216.113.70 - - [16/Apr/2026:10:31:56 +0300] "POST /wp-cron.php?doing_wp_cron=1776324716.1617550849914550781250 HTTP/1.1" 200 448 "-" "WordPress/6.3.8; https://serhatburke.miroglu.net"
128.1.218.166 - - [16/Apr/2026:10:31:44 +0300] "POST /xmlrpc.php HTTP/1.1" 200 630 "-" "Mozilla/5.0 (Windows NT 10.0; Win64; x64) AppleWebKit/537.36 (KHTML, like Gecko) Chrome/114.0.0.0 Safari/537.36"
128.1.218.166 - - [16/Apr/2026:10:32:03 +0300] "POST /xmlrpc.php HTTP/1.1" 200 14069 "-" "Mozilla/5.0 (Windows NT 10.0; Win64; x64) AppleWebKit/537.36 (KHTML, like Gecko) Chrome/114.0.0.0 Safari/537.36"
128.1.218.166 - - [16/Apr/2026:10:32:17 +0300] "GET /top-online-casinos-2026-7000-real-money-internet-african-spirit-slot-real-money-sites-examined/ HTTP/1.1" 200 75754 "-" "Mozilla/5.0 (Windows NT 10.0; Win64; x64) AppleWebKit/537.36 (KHTML, like Gecko) Chrome/124.0.0.0 Safari/537.36 Edg/124.0.0.0"
185.216.113.70 - - [16/Apr/2026:10:33:02 +0300] "POST /wp-cron.php?doing_wp_cron=1776324782.1034140586853027343750 HTTP/1.1" 200 448 "-" "WordPress/6.3.8; https://serhatburke.miroglu.net"
128.1.218.166 - - [16/Apr/2026:10:32:49 +0300] "POST /xmlrpc.php HTTP/1.1" 200 630 "-" "Mozilla/5.0 (Windows NT 10.0; Win64; x64) AppleWebKit/537.36 (KHTML, like Gecko) Chrome/114.0.0.0 Safari/537.36"
165.73.240.153 - - [16/Apr/2026:10:32:56 +0300] "POST /xmlrpc.php HTTP/1.1" 200 630 "-" "Mozilla/5.0 (Windows NT 10.0; Win64; x64) AppleWebKit/537.36 (KHTML, like Gecko) Chrome/114.0.0.0 Safari/537.36"
128.1.218.166 - - [16/Apr/2026:10:33:09 +0300] "POST /xmlrpc.php HTTP/1.1" 200 14437 "-" "Mozilla/5.0 (Windows NT 10.0; Win64; x64) AppleWebKit/537.36 (KHTML, like Gecko) Chrome/114.0.0.0 Safari/537.36"
165.73.240.153 - - [16/Apr/2026:10:33:16 +0300] "POST /xmlrpc.php HTTP/1.1" 200 12836 "-" "Mozilla/5.0 (Windows NT 10.0; Win64; x64) AppleWebKit/537.36 (KHTML, like Gecko) Chrome/114.0.0.0 Safari/537.36"
128.1.218.166 - - [16/Apr/2026:10:33:23 +0300] "GET /play-21000-totally-free-pokies-on-the-web-inside-the-nz-no-400-bonus-casino-2026-down-load-no-deposit/ HTTP/1.1" 200 76324 "-" "Mozilla/5.0 (Windows NT 10.0; Win64; x64) AppleWebKit/537.36 (KHTML, like Gecko) Chrome/124.0.0.0 Safari/537.36 Edg/124.0.0.0"
185.216.113.70 - - [16/Apr/2026:10:33:42 +0300] "POST /wp-cron.php?doing_wp_cron=1776324822.2579689025878906250000 HTTP/1.1" 200 448 "-" "WordPress/6.3.8; https://serhatburke.miroglu.net"
165.73.240.153 - - [16/Apr/2026:10:33:29 +0300] "GET /better-step-3-put-gambling-slot-machine-red-panda-paradise-enterprises-nz-fool-around-with-step-3-online-casinos/ HTTP/1.1" 200 75157 "-" "Mozilla/5.0 (Windows NT 10.0; Win64; x64) AppleWebKit/537.36 (KHTML, like Gecko) Chrome/122.0.0.0 Safari/537.36"
128.1.218.166 - - [16/Apr/2026:10:33:54 +0300] "POST /xmlrpc.php HTTP/1.1" 200 630 "-" "Mozilla/5.0 (Windows NT 10.0; Win64; x64) AppleWebKit/537.36 (KHTML, like Gecko) Chrome/114.0.0.0 Safari/537.36"
185.216.113.70 - - [16/Apr/2026:10:34:25 +0300] "POST /wp-cron.php?doing_wp_cron=1776324865.9096469879150390625000 HTTP/1.1" 200 448 "-" "WordPress/6.3.8; https://serhatburke.miroglu.net"
128.1.218.166 - - [16/Apr/2026:10:34:13 +0300] "POST /xmlrpc.php HTTP/1.1" 200 14412 "-" "Mozilla/5.0 (Windows NT 10.0; Win64; x64) AppleWebKit/537.36 (KHTML, like Gecko) Chrome/114.0.0.0 Safari/537.36"
128.1.218.166 - - [16/Apr/2026:10:34:28 +0300] "GET /greatest-cellular-casinos-best-united-states-of-america-cellular-new-australia-no-deposit-casino-bonus-codes-casinos-programs-for-2026/ HTTP/1.1" 200 77402 "-" "Mozilla/5.0 (Windows NT 10.0; Win64; x64; rv:124.0) Gecko/20100101 Firefox/124.0"
128.1.218.166 - - [16/Apr/2026:10:34:57 +0300] "POST /xmlrpc.php HTTP/1.1" 200 630 "-" "Mozilla/5.0 (Windows NT 10.0; Win64; x64) AppleWebKit/537.36 (KHTML, like Gecko) Chrome/114.0.0.0 Safari/537.36"
185.216.113.70 - - [16/Apr/2026:10:35:33 +0300] "POST /wp-cron.php?doing_wp_cron=1776324933.5377209186553955078125 HTTP/1.1" 200 448 "-" "WordPress/6.3.8; https://serhatburke.miroglu.net"
128.1.218.166 - - [16/Apr/2026:10:35:20 +0300] "POST /xmlrpc.php HTTP/1.1" 200 13838 "-" "Mozilla/5.0 (Windows NT 10.0; Win64; x64) AppleWebKit/537.36 (KHTML, like Gecko) Chrome/114.0.0.0 Safari/537.36"
128.1.218.166 - - [16/Apr/2026:10:35:35 +0300] "GET /greatest-pixies-of-the-forest-free-play-15-the-new-online-casinos-2025/ HTTP/1.1" 200 75046 "-" "Mozilla/5.0 (Windows NT 10.0; rv:125.0) Gecko/20100101 Firefox/125.0"
128.1.218.166 - - [16/Apr/2026:10:35:54 +0300] "POST /xmlrpc.php HTTP/1.1" 200 630 "-" "Mozilla/5.0 (Windows NT 10.0; Win64; x64) AppleWebKit/537.36 (KHTML, like Gecko) Chrome/114.0.0.0 Safari/537.36"
185.216.113.70 - - [16/Apr/2026:10:36:23 +0300] "POST /wp-cron.php?doing_wp_cron=1776324983.9203329086303710937500 HTTP/1.1" 200 448 "-" "WordPress/6.3.8; https://serhatburke.miroglu.net"
128.1.218.166 - - [16/Apr/2026:10:36:12 +0300] "POST /xmlrpc.php HTTP/1.1" 200 14292 "-" "Mozilla/5.0 (Windows NT 10.0; Win64; x64) AppleWebKit/537.36 (KHTML, like Gecko) Chrome/114.0.0.0 Safari/537.36"
95.217.195.67 - - [16/Apr/2026:10:36:11 +0300] "GET /zotabet-casino-bonus-premier-depot-2026/ HTTP/1.1" 200 18537 "https://serhatburke.miroglu.net/" "Mozilla/5.0 (Windows NT 10.0; Win64; x64) AppleWebKit/537.36 (KHTML, like Gecko) Chrome/137.0.0.0 Safari/537.36"
95.217.195.67 - - [16/Apr/2026:10:36:29 +0300] "GET /wp-includes/css/dist/block-library/style.min.css?ver=6.3.8 HTTP/1.1" 200 13578 "https://serhatburke.miroglu.net/zotabet-casino-bonus-premier-depot-2026/" "Mozilla/5.0 (Windows NT 10.0; Win64; x64) AppleWebKit/537.36 (KHTML, like Gecko) Chrome/145.0.0.0 Safari/537.36"
95.217.195.67 - - [16/Apr/2026:10:36:29 +0300] "GET /wp-content/plugins/contact-form-7/includes/css/styles.css?ver=5.8 HTTP/1.1" 200 1490 "https://serhatburke.miroglu.net/zotabet-casino-bonus-premier-depot-2026/" "Mozilla/5.0 (Windows NT 10.0; Win64; x64) AppleWebKit/537.36 (KHTML, like Gecko) Chrome/145.0.0.0 Safari/537.36"
95.217.195.67 - - [16/Apr/2026:10:36:29 +0300] "GET /wp-content/themes/toppic/css/fontello.css?ver=4.2 HTTP/1.1" 200 1802 "https://serhatburke.miroglu.net/zotabet-casino-bonus-premier-depot-2026/" "Mozilla/5.0 (Windows NT 10.0; Win64; x64) AppleWebKit/537.36 (KHTML, like Gecko) Chrome/145.0.0.0 Safari/537.36"
95.217.195.67 - - [16/Apr/2026:10:36:30 +0300] "GET /wp-content/themes/toppic/css/reset.css?ver=4.2 HTTP/1.1" 200 1178 "https://serhatburke.miroglu.net/zotabet-casino-bonus-premier-depot-2026/" "Mozilla/5.0 (Windows NT 10.0; Win64; x64) AppleWebKit/537.36 (KHTML, like Gecko) Chrome/145.0.0.0 Safari/537.36"
95.217.195.67 - - [16/Apr/2026:10:36:30 +0300] "GET /wp-content/themes/toppic/css/default.css?ver=4.2 HTTP/1.1" 200 1811 "https://serhatburke.miroglu.net/zotabet-casino-bonus-premier-depot-2026/" "Mozilla/5.0 (Windows NT 10.0; Win64; x64) AppleWebKit/537.36 (KHTML, like Gecko) Chrome/145.0.0.0 Safari/537.36"
95.217.195.67 - - [16/Apr/2026:10:36:30 +0300] "GET /wp-content/themes/toppic/style.css?ver=4.2 HTTP/1.1" 200 23398 "https://serhatburke.miroglu.net/zotabet-casino-bonus-premier-depot-2026/" "Mozilla/5.0 (Windows NT 10.0; Win64; x64) AppleWebKit/537.36 (KHTML, like Gecko) Chrome/145.0.0.0 Safari/537.36"
95.217.195.67 - - [16/Apr/2026:10:36:31 +0300] "GET /wp-content/themes/toppic/css/royalslider.css?ver=4.2 HTTP/1.1" 200 1887 "https://serhatburke.miroglu.net/zotabet-casino-bonus-premier-depot-2026/" "Mozilla/5.0 (Windows NT 10.0; Win64; x64) AppleWebKit/537.36 (KHTML, like Gecko) Chrome/145.0.0.0 Safari/537.36"
95.217.195.67 - - [16/Apr/2026:10:36:31 +0300] "GET /wp-content/themes/toppic/css/rs-default.css?ver=4.2 HTTP/1.1" 200 2625 "https://serhatburke.miroglu.net/zotabet-casino-bonus-premier-depot-2026/" "Mozilla/5.0 (Windows NT 10.0; Win64; x64) AppleWebKit/537.36 (KHTML, like Gecko) Chrome/145.0.0.0 Safari/537.36"
95.217.195.67 - - [16/Apr/2026:10:36:31 +0300] "GET /wp-content/themes/toppic/css/lightbox.css?ver=4.2 HTTP/1.1" 200 2956 "https://serhatburke.miroglu.net/zotabet-casino-bonus-premier-depot-2026/" "Mozilla/5.0 (Windows NT 10.0; Win64; x64) AppleWebKit/537.36 (KHTML, like Gecko) Chrome/145.0.0.0 Safari/537.36"
95.217.195.67 - - [16/Apr/2026:10:36:31 +0300] "GET /wp-content/themes/toppic/css/woocommerce.css?ver=4.2 HTTP/1.1" 200 2848 "https://serhatburke.miroglu.net/zotabet-casino-bonus-premier-depot-2026/" "Mozilla/5.0 (Windows NT 10.0; Win64; x64) AppleWebKit/537.36 (KHTML, like Gecko) Chrome/145.0.0.0 Safari/537.36"
