185.216.113.70 - - [16/Apr/2026:12:00:41 +0300] "POST /wp-cron.php?doing_wp_cron=1776330041.1063768863677978515625 HTTP/1.1" 200 448 "-" "WordPress/6.3.8; https://serhatburke.miroglu.net"
165.73.240.153 - - [16/Apr/2026:11:58:56 +0300] "POST /xmlrpc.php HTTP/1.1" 500 1102 "-" "Mozilla/5.0 (Windows NT 10.0; Win64; x64) AppleWebKit/537.36 (KHTML, like Gecko) Chrome/114.0.0.0 Safari/537.36"
185.216.113.70 - - [16/Apr/2026:12:00:52 +0300] "POST /wp-cron.php?doing_wp_cron=1776330051.8982729911804199218750 HTTP/1.1" 200 448 "-" "WordPress/6.3.8; https://serhatburke.miroglu.net"
185.216.113.70 - - [16/Apr/2026:12:00:52 +0300] "POST /wp-cron.php?doing_wp_cron=1776330051.9872219562530517578125 HTTP/1.1" 200 448 "-" "WordPress/6.3.8; https://serhatburke.miroglu.net"
185.216.113.70 - - [16/Apr/2026:12:00:52 +0300] "POST /wp-cron.php?doing_wp_cron=1776330052.1131451129913330078125 HTTP/1.1" 200 448 "-" "WordPress/6.3.8; https://serhatburke.miroglu.net"
128.1.218.148 - - [16/Apr/2026:11:59:26 +0300] "POST /xmlrpc.php HTTP/1.1" 500 1102 "-" "Mozilla/5.0 (Windows NT 10.0; Win64; x64) AppleWebKit/537.36 (KHTML, like Gecko) Chrome/114.0.0.0 Safari/537.36"
98.98.9.27 - - [16/Apr/2026:11:59:25 +0300] "POST /xmlrpc.php HTTP/1.1" 200 630 "-" "Mozilla/5.0 (Windows NT 10.0; Win64; x64) AppleWebKit/537.36 (KHTML, like Gecko) Chrome/114.0.0.0 Safari/537.36"
128.1.218.166 - - [16/Apr/2026:11:59:07 +0300] "GET /?p=113535 HTTP/1.1" 301 676 "-" "Mozilla/5.0 (Windows NT 10.0; rv:109.0) Gecko/20100101 Firefox/115.0"
185.216.113.70 - - [16/Apr/2026:12:01:14 +0300] "POST /wp-cron.php?doing_wp_cron=1776330074.2129900455474853515625 HTTP/1.1" 200 448 "-" "WordPress/6.3.8; https://serhatburke.miroglu.net"
128.1.218.166 - - [16/Apr/2026:11:59:25 +0300] "POST /xmlrpc.php HTTP/1.1" 200 13862 "-" "Mozilla/5.0 (Windows NT 10.0; Win64; x64) AppleWebKit/537.36 (KHTML, like Gecko) Chrome/114.0.0.0 Safari/537.36"
185.216.113.70 - - [16/Apr/2026:12:01:20 +0300] "POST /wp-cron.php?doing_wp_cron=1776330080.6026821136474609375000 HTTP/1.1" 200 448 "-" "WordPress/6.3.8; https://serhatburke.miroglu.net"
165.73.240.153 - - [16/Apr/2026:11:59:53 +0300] "POST /xmlrpc.php HTTP/1.1" 200 627 "-" "Mozilla/5.0 (Windows NT 10.0; Win64; x64) AppleWebKit/537.36 (KHTML, like Gecko) Chrome/114.0.0.0 Safari/537.36"
185.216.113.70 - - [16/Apr/2026:12:01:31 +0300] "POST /wp-cron.php?doing_wp_cron=1776330091.3114850521087646484375 HTTP/1.1" 200 448 "-" "WordPress/6.3.8; https://serhatburke.miroglu.net"
98.98.9.18 - - [16/Apr/2026:11:59:43 +0300] "POST /xmlrpc.php HTTP/1.1" 500 1102 "-" "Mozilla/5.0 (Windows NT 10.0; Win64; x64) AppleWebKit/537.36 (KHTML, like Gecko) Chrome/114.0.0.0 Safari/537.36"
185.216.113.70 - - [16/Apr/2026:12:01:46 +0300] "POST /wp-cron.php?doing_wp_cron=1776330106.5627410411834716796875 HTTP/1.1" 200 448 "-" "WordPress/6.3.8; https://serhatburke.miroglu.net"
128.1.218.166 - - [16/Apr/2026:12:00:13 +0300] "GET /?p=113533 HTTP/1.1" 301 669 "-" "Mozilla/5.0 (Windows NT 10.0; Win64; x64; rv:124.0) Gecko/20100101 Firefox/124.0"
185.216.113.70 - - [16/Apr/2026:12:02:06 +0300] "POST /wp-cron.php?doing_wp_cron=1776330126.1951520442962646484375 HTTP/1.1" 200 448 "-" "WordPress/6.3.8; https://serhatburke.miroglu.net"
98.98.9.18 - - [16/Apr/2026:12:00:18 +0300] "POST /xmlrpc.php HTTP/1.1" 200 630 "-" "Mozilla/5.0 (Windows NT 10.0; Win64; x64) AppleWebKit/537.36 (KHTML, like Gecko) Chrome/114.0.0.0 Safari/537.36"
185.216.113.70 - - [16/Apr/2026:12:02:10 +0300] "POST /wp-cron.php?doing_wp_cron=1776330130.1279029846191406250000 HTTP/1.1" 200 448 "-" "WordPress/6.3.8; https://serhatburke.miroglu.net"
128.1.218.166 - - [16/Apr/2026:12:00:17 +0300] "POST /xmlrpc.php HTTP/1.1" 200 13728 "-" "Mozilla/5.0 (Windows NT 10.0; Win64; x64) AppleWebKit/537.36 (KHTML, like Gecko) Chrome/114.0.0.0 Safari/537.36"
185.216.113.70 - - [16/Apr/2026:12:02:34 +0300] "POST /wp-cron.php?doing_wp_cron=1776330154.1880660057067871093750 HTTP/1.1" 200 448 "-" "WordPress/6.3.8; https://serhatburke.miroglu.net"
128.1.218.166 - - [16/Apr/2026:12:00:56 +0300] "GET /playing-with-skrill-to-casinos4u-app-download-update-possess-on-line-casino-repayments/ HTTP/1.1" 200 75748 "-" "Mozilla/5.0 (Windows NT 10.0; rv:109.0) Gecko/20100101 Firefox/115.0"
185.216.113.70 - - [16/Apr/2026:12:02:42 +0300] "POST /wp-cron.php?doing_wp_cron=1776330162.2867410182952880859375 HTTP/1.1" 200 448 "-" "WordPress/6.3.8; https://serhatburke.miroglu.net"
128.1.218.166 - - [16/Apr/2026:12:00:47 +0300] "POST /xmlrpc.php HTTP/1.1" 200 861 "-" "Mozilla/5.0 (Windows NT 10.0; Win64; x64) AppleWebKit/537.36 (KHTML, like Gecko) Chrome/114.0.0.0 Safari/537.36"
185.216.113.70 - - [16/Apr/2026:12:02:47 +0300] "POST /wp-cron.php?doing_wp_cron=1776330167.7972550392150878906250 HTTP/1.1" 200 448 "-" "WordPress/6.3.8; https://serhatburke.miroglu.net"
128.1.218.166 - - [16/Apr/2026:12:01:11 +0300] "POST /xmlrpc.php HTTP/1.1" 200 13862 "-" "Mozilla/5.0 (Windows NT 10.0; Win64; x64) AppleWebKit/537.36 (KHTML, like Gecko) Chrome/114.0.0.0 Safari/537.36"
98.98.9.27 - - [16/Apr/2026:12:00:59 +0300] "POST /xmlrpc.php HTTP/1.1" 500 745 "-" "Mozilla/5.0 (Windows NT 10.0; Win64; x64) AppleWebKit/537.36 (KHTML, like Gecko) Chrome/114.0.0.0 Safari/537.36"
185.216.113.70 - - [16/Apr/2026:12:03:29 +0300] "POST /wp-cron.php?doing_wp_cron=1776330208.8100759983062744140625 HTTP/1.1" 200 448 "-" "WordPress/6.3.8; https://serhatburke.miroglu.net"
128.1.218.166 - - [16/Apr/2026:12:01:49 +0300] "GET /on-line-casino-incentives-best-bonus-web-thunderstruck-big-win-sites-march-2026/ HTTP/1.1" 200 75103 "-" "Mozilla/5.0 (Windows NT 10.0; Win64; x64; rv:124.0) Gecko/20100101 Firefox/124.0"
185.216.113.70 - - [16/Apr/2026:12:03:33 +0300] "POST /wp-cron.php?doing_wp_cron=1776330212.8338990211486816406250 HTTP/1.1" 200 448 "-" "WordPress/6.3.8; https://serhatburke.miroglu.net"
128.1.218.166 - - [16/Apr/2026:12:01:57 +0300] "GET /?p=113538 HTTP/1.1" 301 646 "-" "Mozilla/5.0 (Windows NT 10.0; Win64; x64; rv:125.0) Gecko/20100101 Firefox/125.0"
185.216.113.70 - - [16/Apr/2026:12:03:37 +0300] "POST /wp-cron.php?doing_wp_cron=1776330217.6959850788116455078125 HTTP/1.1" 200 448 "-" "WordPress/6.3.8; https://serhatburke.miroglu.net"
128.1.218.166 - - [16/Apr/2026:12:01:53 +0300] "POST /xmlrpc.php HTTP/1.1" 200 861 "-" "Mozilla/5.0 (Windows NT 10.0; Win64; x64) AppleWebKit/537.36 (KHTML, like Gecko) Chrome/114.0.0.0 Safari/537.36"
185.216.113.70 - - [16/Apr/2026:12:03:52 +0300] "POST /wp-cron.php?doing_wp_cron=1776330232.5000739097595214843750 HTTP/1.1" 200 448 "-" "WordPress/6.3.8; https://serhatburke.miroglu.net"
98.98.9.18 - - [16/Apr/2026:12:01:58 +0300] "POST /xmlrpc.php HTTP/1.1" 500 1102 "-" "Mozilla/5.0 (Windows NT 10.0; Win64; x64) AppleWebKit/537.36 (KHTML, like Gecko) Chrome/114.0.0.0 Safari/537.36"
185.216.113.70 - - [16/Apr/2026:12:04:09 +0300] "POST /wp-cron.php?doing_wp_cron=1776330249.6651639938354492187500 HTTP/1.1" 200 448 "-" "WordPress/6.3.8; https://serhatburke.miroglu.net"
98.98.9.27 - - [16/Apr/2026:12:02:44 +0300] "POST /xmlrpc.php HTTP/1.1" 200 12952 "-" "Mozilla/5.0 (Windows NT 10.0; Win64; x64) AppleWebKit/537.36 (KHTML, like Gecko) Chrome/114.0.0.0 Safari/537.36"
185.216.113.70 - - [16/Apr/2026:12:04:15 +0300] "POST /wp-cron.php?doing_wp_cron=1776330255.2042849063873291015625 HTTP/1.1" 200 448 "-" "WordPress/6.3.8; https://serhatburke.miroglu.net"
128.1.218.166 - - [16/Apr/2026:12:02:50 +0300] "GET /agt-100-funky-fruits-real-money-online-percent-free-revolves-accumulator/ HTTP/1.1" 200 75738 "-" "Mozilla/5.0 (Windows NT 10.0; Win64; x64) AppleWebKit/537.36 (KHTML, like Gecko) Chrome/123.0.0.0 Safari/537.36 OPR/109.0.0.0"
185.216.113.70 - - [16/Apr/2026:12:04:45 +0300] "POST /wp-cron.php?doing_wp_cron=1776330285.2019131183624267578125 HTTP/1.1" 200 448 "-" "WordPress/6.3.8; https://serhatburke.miroglu.net"
64.188.100.153 - - [16/Apr/2026:12:03:11 +0300] "GET /nv-casino-quickhit-slots-rapid-roulette-dlya-sucha/ HTTP/1.1" 200 24170 "-" "Python/3.14 aiohttp/3.13.3"
174.138.16.211 - - [16/Apr/2026:12:04:19 +0300] "GET /casino-online-skrill-prelievo-veloce/ HTTP/1.1" 200 0 "-" "Mozilla/5.0 (compatible; Googlebot/2.1; +http://www.google.com/bot.html)"
185.216.113.70 - - [16/Apr/2026:12:04:50 +0300] "POST /wp-cron.php?doing_wp_cron=1776330289.9254000186920166015625 HTTP/1.1" 200 448 "-" "WordPress/6.3.8; https://serhatburke.miroglu.net"
45.14.83.89 - - [16/Apr/2026:12:03:21 +0300] "GET /nv-casino-quickhit-slots-rapid-roulette-dlya-sucha/ HTTP/1.1" 200 24170 "-" "Python/3.14 aiohttp/3.13.3"
185.216.113.70 - - [16/Apr/2026:12:05:06 +0300] "POST /wp-cron.php?doing_wp_cron=1776330306.2500278949737548828125 HTTP/1.1" 200 448 "-" "WordPress/6.3.8; https://serhatburke.miroglu.net"
128.1.218.166 - - [16/Apr/2026:12:03:36 +0300] "GET /is-there-how-to-win-thunderstruck-betting-in-the-branson/ HTTP/1.1" 200 75271 "-" "Mozilla/5.0 (Windows NT 10.0; Win64; x64; rv:125.0) Gecko/20100101 Firefox/125.0"
185.216.113.70 - - [16/Apr/2026:12:05:09 +0300] "POST /wp-cron.php?doing_wp_cron=1776330309.3200259208679199218750 HTTP/1.1" 200 448 "-" "WordPress/6.3.8; https://serhatburke.miroglu.net"
128.1.218.166 - - [16/Apr/2026:12:03:38 +0300] "POST /xmlrpc.php HTTP/1.1" 200 861 "-" "Mozilla/5.0 (Windows NT 10.0; Win64; x64) AppleWebKit/537.36 (KHTML, like Gecko) Chrome/114.0.0.0 Safari/537.36"
185.216.113.70 - - [16/Apr/2026:12:05:12 +0300] "POST /wp-cron.php?doing_wp_cron=1776330312.0372180938720703125000 HTTP/1.1" 200 448 "-" "WordPress/6.3.8; https://serhatburke.miroglu.net"
98.98.9.18 - - [16/Apr/2026:12:03:46 +0300] "POST /xmlrpc.php HTTP/1.1" 200 11570 "-" "Mozilla/5.0 (Windows NT 10.0; Win64; x64) AppleWebKit/537.36 (KHTML, like Gecko) Chrome/114.0.0.0 Safari/537.36"
185.216.113.70 - - [16/Apr/2026:12:05:22 +0300] "POST /wp-cron.php?doing_wp_cron=1776330322.0189690589904785156250 HTTP/1.1" 200 448 "-" "WordPress/6.3.8; https://serhatburke.miroglu.net"
98.98.9.27 - - [16/Apr/2026:12:04:12 +0300] "GET /totally-free-slots-play-over-3000-position-games-on-the-royal-vegas-casino-paypal-web-at-no-cost/ HTTP/1.1" 200 74849 "-" "Mozilla/5.0 (Windows NT 10.0; Win64; x64) AppleWebKit/537.36 (KHTML, like Gecko) Chrome/124.0.0.0 Safari/537.36"
151.244.111.202 - - [16/Apr/2026:12:05:09 +0300] "GET /nab-personal-banking-loans-accounts-credit-cards-6/ HTTP/1.1" 200 22309 "-" "Screaming Frog SEO Spider/16.7"
98.98.9.18 - - [16/Apr/2026:12:05:19 +0300] "GET /50-bet365-casino-promo-codes-2023-free-spins-no-deposit-southern-africa-fifty-sign-right-up-bonuses-2026/ HTTP/1.1" 200 74405 "-" "Mozilla/5.0 (Windows NT 10.0; Win64; x64) AppleWebKit/537.36 (KHTML, like Gecko) Chrome/123.0.0.0 Safari/537.36 OPR/109.0.0.0"
57.128.22.95 - - [16/Apr/2026:12:05:29 +0300] "GET /zotabet-casino-bonus-premier-depot-2026/ HTTP/1.1" 200 18537 "https://serhatburke.miroglu.net/" "Mozilla/5.0 (X11; CrOS x86_64 14541.0.0) AppleWebKit/537.36 (KHTML, like Gecko) Chrome/145.0.0.0 Safari/537.36"
196.51.130.38 - - [16/Apr/2026:12:06:13 +0300] "GET /wp-includes/css/dist/block-library/style.min.css?ver=6.3.8 HTTP/1.1" 200 13578 "https://serhatburke.miroglu.net/zotabet-casino-bonus-premier-depot-2026/" "Mozilla/5.0 (Windows NT 10.0; Win64; x64) AppleWebKit/537.36 (KHTML, like Gecko) Chrome/145.0.0.0 Safari/537.36"
196.51.130.38 - - [16/Apr/2026:12:06:16 +0300] "GET /wp-content/plugins/contact-form-7/includes/css/styles.css?ver=5.8 HTTP/1.1" 200 1490 "https://serhatburke.miroglu.net/zotabet-casino-bonus-premier-depot-2026/" "Mozilla/5.0 (Windows NT 10.0; Win64; x64) AppleWebKit/537.36 (KHTML, like Gecko) Chrome/145.0.0.0 Safari/537.36"
196.51.130.38 - - [16/Apr/2026:12:06:17 +0300] "GET /wp-content/themes/toppic/css/fontello.css?ver=4.2 HTTP/1.1" 200 1802 "https://serhatburke.miroglu.net/zotabet-casino-bonus-premier-depot-2026/" "Mozilla/5.0 (Windows NT 10.0; Win64; x64) AppleWebKit/537.36 (KHTML, like Gecko) Chrome/145.0.0.0 Safari/537.36"
196.51.130.38 - - [16/Apr/2026:12:06:19 +0300] "GET /wp-content/themes/toppic/css/reset.css?ver=4.2 HTTP/1.1" 200 1178 "https://serhatburke.miroglu.net/zotabet-casino-bonus-premier-depot-2026/" "Mozilla/5.0 (Windows NT 10.0; Win64; x64) AppleWebKit/537.36 (KHTML, like Gecko) Chrome/145.0.0.0 Safari/537.36"
196.51.130.38 - - [16/Apr/2026:12:06:21 +0300] "GET /wp-content/themes/toppic/css/default.css?ver=4.2 HTTP/1.1" 200 1811 "https://serhatburke.miroglu.net/zotabet-casino-bonus-premier-depot-2026/" "Mozilla/5.0 (Windows NT 10.0; Win64; x64) AppleWebKit/537.36 (KHTML, like Gecko) Chrome/145.0.0.0 Safari/537.36"
196.51.130.38 - - [16/Apr/2026:12:06:22 +0300] "GET /wp-content/themes/toppic/style.css?ver=4.2 HTTP/1.1" 200 23398 "https://serhatburke.miroglu.net/zotabet-casino-bonus-premier-depot-2026/" "Mozilla/5.0 (Windows NT 10.0; Win64; x64) AppleWebKit/537.36 (KHTML, like Gecko) Chrome/145.0.0.0 Safari/537.36"
196.51.130.38 - - [16/Apr/2026:12:06:24 +0300] "GET /wp-content/themes/toppic/css/royalslider.css?ver=4.2 HTTP/1.1" 200 1887 "https://serhatburke.miroglu.net/zotabet-casino-bonus-premier-depot-2026/" "Mozilla/5.0 (Windows NT 10.0; Win64; x64) AppleWebKit/537.36 (KHTML, like Gecko) Chrome/145.0.0.0 Safari/537.36"
196.51.130.38 - - [16/Apr/2026:12:06:25 +0300] "GET /wp-content/themes/toppic/css/rs-default.css?ver=4.2 HTTP/1.1" 200 2625 "https://serhatburke.miroglu.net/zotabet-casino-bonus-premier-depot-2026/" "Mozilla/5.0 (Windows NT 10.0; Win64; x64) AppleWebKit/537.36 (KHTML, like Gecko) Chrome/145.0.0.0 Safari/537.36"
196.51.130.38 - - [16/Apr/2026:12:06:27 +0300] "GET /wp-content/themes/toppic/css/lightbox.css?ver=4.2 HTTP/1.1" 200 2956 "https://serhatburke.miroglu.net/zotabet-casino-bonus-premier-depot-2026/" "Mozilla/5.0 (Windows NT 10.0; Win64; x64) AppleWebKit/537.36 (KHTML, like Gecko) Chrome/145.0.0.0 Safari/537.36"
196.51.130.38 - - [16/Apr/2026:12:06:28 +0300] "GET /wp-content/themes/toppic/css/woocommerce.css?ver=4.2 HTTP/1.1" 200 2848 "https://serhatburke.miroglu.net/zotabet-casino-bonus-premier-depot-2026/" "Mozilla/5.0 (Windows NT 10.0; Win64; x64) AppleWebKit/537.36 (KHTML, like Gecko) Chrome/145.0.0.0 Safari/537.36"
196.51.130.38 - - [16/Apr/2026:12:06:30 +0300] "GET /wp-content/themes/toppic/css/responsive.css?ver=4.2 HTTP/1.1" 200 2796 "https://serhatburke.miroglu.net/zotabet-casino-bonus-premier-depot-2026/" "Mozilla/5.0 (Windows NT 10.0; Win64; x64) AppleWebKit/537.36 (KHTML, like Gecko) Chrome/145.0.0.0 Safari/537.36"
185.216.113.70 - - [16/Apr/2026:12:06:42 +0300] "POST /wp-cron.php?doing_wp_cron=1776330402.8605139255523681640625 HTTP/1.1" 200 448 "-" "WordPress/6.3.8; https://serhatburke.miroglu.net"
98.98.9.27 - - [16/Apr/2026:12:06:30 +0300] "POST /xmlrpc.php HTTP/1.1" 200 630 "-" "Mozilla/5.0 (Windows NT 10.0; Win64; x64) AppleWebKit/537.36 (KHTML, like Gecko) Chrome/114.0.0.0 Safari/537.36"
196.51.130.38 - - [16/Apr/2026:12:06:31 +0300] "POST /wp-comments-post.php HTTP/1.1" 302 1087 "https://serhatburke.miroglu.net/zotabet-casino-bonus-premier-depot-2026/" "Mozilla/5.0 (X11; CrOS x86_64 14541.0.0) AppleWebKit/537.36 (KHTML, like Gecko) Chrome/145.0.0.0 Safari/537.36"
196.51.130.38 - - [16/Apr/2026:12:06:46 +0300] "GET /zotabet-casino-bonus-premier-depot-2026/?unapproved=409&moderation-hash=86c53a5c5f9a016796ca9e8158c1c381 HTTP/1.1" 200 18960 "https://serhatburke.miroglu.net/wp-comments-post.php" "Mozilla/5.0 (X11; CrOS x86_64 14541.0.0) AppleWebKit/537.36 (KHTML, like Gecko) Chrome/145.0.0.0 Safari/537.36"
98.98.9.27 - - [16/Apr/2026:12:06:50 +0300] "POST /xmlrpc.php HTTP/1.1" 200 13108 "-" "Mozilla/5.0 (Windows NT 10.0; Win64; x64) AppleWebKit/537.36 (KHTML, like Gecko) Chrome/114.0.0.0 Safari/537.36"
57.128.22.95 - - [16/Apr/2026:12:07:03 +0300] "GET /zotabet-casino-bonus-premier-depot-2026/ HTTP/1.1" 200 18530 "-" "Mozilla/5.0 (compatible; Googlebot/2.1; +http://www.google.com/bot.html)"
5.39.1.253 - - [16/Apr/2026:12:07:07 +0300] "GET /robots.txt HTTP/2" 200 110 "-" "Mozilla/5.0 (compatible; AhrefsBot/7.0; +http://ahrefs.com/robot/)"
98.98.9.27 - - [16/Apr/2026:12:07:08 +0300] "GET /finest-step-three-bingo-for-money-online-put-casino-nz-away-from-2026-rating-100-percent-free-spins-today/ HTTP/1.1" 200 75122 "-" "Mozilla/5.0 (Windows NT 10.0; Win64; x64) AppleWebKit/537.36 (KHTML, like Gecko) Chrome/123.0.0.0 Safari/537.36 OPR/109.0.0.0"
185.216.113.70 - - [16/Apr/2026:12:07:39 +0300] "POST /wp-cron.php?doing_wp_cron=1776330459.9191980361938476562500 HTTP/1.1" 200 448 "-" "WordPress/6.3.8; https://serhatburke.miroglu.net"
54.39.136.87 - - [16/Apr/2026:12:07:28 +0300] "GET /eye-of-horus-50-freispiele-blos-einzahlung-originell/ HTTP/2" 200 17607 "-" "Mozilla/5.0 (compatible; AhrefsBot/7.0; +http://ahrefs.com/robot/)"
185.216.113.70 - - [16/Apr/2026:12:10:11 +0300] "POST /wp-cron.php?doing_wp_cron=1776330610.9835159778594970703125 HTTP/1.1" 200 448 "-" "WordPress/6.3.8; https://serhatburke.miroglu.net"
107.152.46.202 - - [16/Apr/2026:12:09:55 +0300] "GET /beste-casino-site-belgie-hoge-inzet/ HTTP/1.1" 200 18613 "-" "Mozilla/5.0 (Windows NT 10.0; Win64; x64) AppleWebKit/537.36 (KHTML, like Gecko) Chrome/114.0.0.0 Safari/537.36"
185.216.113.70 - - [16/Apr/2026:12:11:14 +0300] "POST /wp-cron.php?doing_wp_cron=1776330674.3797619342803955078125 HTTP/1.1" 200 448 "-" "WordPress/6.3.8; https://serhatburke.miroglu.net"
148.135.195.139 - - [16/Apr/2026:12:11:01 +0300] "GET /bitcoin-news-recent-updates-price-and-analysis/ HTTP/1.1" 200 216702 "-" "Screaming Frog SEO Spider/16.7"
107.152.46.202 - - [16/Apr/2026:12:11:04 +0300] "GET /beste-casino-site-belgie-hoge-inzet/ HTTP/1.1" 200 18613 "-" "Mozilla/5.0 (Windows NT 10.0; Win64; x64) AppleWebKit/537.36 (KHTML, like Gecko) Chrome/114.0.0.0 Safari/537.36"
142.44.225.72 - - [16/Apr/2026:12:11:14 +0300] "GET /elevate-your-dex-trading-experience-with-dexscreener/ HTTP/2" 200 17146 "-" "Mozilla/5.0 (compatible; AhrefsBot/7.0; +http://ahrefs.com/robot/)"
185.216.113.70 - - [16/Apr/2026:12:12:09 +0300] "POST /wp-cron.php?doing_wp_cron=1776330729.1947460174560546875000 HTTP/1.1" 200 448 "-" "WordPress/6.3.8; https://serhatburke.miroglu.net"
66.249.68.132 - - [16/Apr/2026:12:11:56 +0300] "GET /robots.txt HTTP/1.1" 200 719 "-" "Mozilla/5.0 (compatible; Googlebot/2.1; +http://www.google.com/bot.html)"
66.249.68.133 - - [16/Apr/2026:12:12:02 +0300] "GET /no-title/ HTTP/1.1" 200 0 "https://korput.driftlogic-games.biz/" "Mozilla/5.0 (Linux; Android 6.0.1; Nexus 5X Build/MMB29P) AppleWebKit/537.36 (KHTML, like Gecko) Chrome/146.0.7680.177 Mobile Safari/537.36 (compatible; Googlebot/2.1; +http://www.google.com/bot.html)"
98.98.9.27 - - [16/Apr/2026:12:12:07 +0300] "POST /xmlrpc.php HTTP/1.1" 200 630 "-" "Mozilla/5.0 (Windows NT 10.0; Win64; x64) AppleWebKit/537.36 (KHTML, like Gecko) Chrome/114.0.0.0 Safari/537.36"
66.249.68.131 - - [16/Apr/2026:12:12:09 +0300] "GET /betonred-casino-apostas-mais-menos-e-a-experiencia-para-jogadores-em-portugal/ HTTP/1.1" 200 18614 "-" "Mozilla/5.0 (Linux; Android 6.0.1; Nexus 5X Build/MMB29P) AppleWebKit/537.36 (KHTML, like Gecko) Chrome/146.0.7680.177 Mobile Safari/537.36 (compatible; Googlebot/2.1; +http://www.google.com/bot.html)"
185.216.113.70 - - [16/Apr/2026:12:12:45 +0300] "POST /wp-cron.php?doing_wp_cron=1776330765.4059660434722900390625 HTTP/1.1" 200 448 "-" "WordPress/6.3.8; https://serhatburke.miroglu.net"
57.128.22.95 - - [16/Apr/2026:12:12:33 +0300] "GET /zotabet-casino-bonus-premier-depot-2026/ HTTP/1.1" 200 18530 "-" "Mozilla/5.0 (compatible; Googlebot/2.1; +http://www.google.com/bot.html)"
98.98.9.27 - - [16/Apr/2026:12:12:35 +0300] "POST /xmlrpc.php HTTP/1.1" 200 13170 "-" "Mozilla/5.0 (Windows NT 10.0; Win64; x64) AppleWebKit/537.36 (KHTML, like Gecko) Chrome/114.0.0.0 Safari/537.36"
98.98.9.27 - - [16/Apr/2026:12:12:50 +0300] "GET /pharaohs-luck-jackpotcity-casino-sign-up-bonus-position-demonstration-igt/ HTTP/1.1" 200 74518 "-" "Mozilla/5.0 (Windows NT 10.0; Win64; x64) AppleWebKit/537.36 (KHTML, like Gecko) Chrome/124.0.0.0 Safari/537.36 Edg/124.0.0.0"
66.249.68.133 - - [16/Apr/2026:12:13:19 +0300] "GET /betonred-casino-apostas-mais-menos-e-a-experiencia-para-jogadores-em-portugal/ HTTP/1.1" 200 0 "https://hqlwr.emberpath-games.info/" "Mozilla/5.0 (Linux; Android 6.0.1; Nexus 5X Build/MMB29P) AppleWebKit/537.36 (KHTML, like Gecko) Chrome/146.0.7680.177 Mobile Safari/537.36 (compatible; Googlebot/2.1; +http://www.google.com/bot.html)"
66.249.68.131 - - [16/Apr/2026:12:13:19 +0300] "GET /robots.txt HTTP/1.1" 200 719 "-" "Mozilla/5.0 (compatible; Googlebot/2.1; +http://www.google.com/bot.html)"
148.113.128.128 - - [16/Apr/2026:12:15:25 +0300] "GET /elevate-your-crypto-experience-with-raydium-exchange/ HTTP/2" 200 17041 "-" "Mozilla/5.0 (compatible; AhrefsBot/7.0; +http://ahrefs.com/robot/)"
145.223.57.242 - - [16/Apr/2026:12:15:40 +0300] "GET /quickwin-casino-juegos-rpidos-para-emociones-insta/ HTTP/1.1" 200 21637 "-" "Python/3.14 aiohttp/3.13.3"
192.241.125.34 - - [16/Apr/2026:12:16:00 +0300] "GET /quickwin-casino-juegos-rpidos-para-emociones-insta/ HTTP/1.1" 200 21637 "-" "Python/3.14 aiohttp/3.13.3"
66.249.68.132 - - [16/Apr/2026:12:16:22 +0300] "GET /robots.txt HTTP/1.1" 200 719 "-" "Mozilla/5.0 (compatible; Googlebot/2.1; +http://www.google.com/bot.html)"
185.216.113.70 - - [16/Apr/2026:12:17:42 +0300] "POST /wp-cron.php?doing_wp_cron=1776331062.6812820434570312500000 HTTP/1.1" 200 448 "-" "WordPress/6.3.8; https://serhatburke.miroglu.net"
98.98.9.27 - - [16/Apr/2026:12:17:30 +0300] "POST /xmlrpc.php HTTP/1.1" 200 630 "-" "Mozilla/5.0 (Windows NT 10.0; Win64; x64) AppleWebKit/537.36 (KHTML, like Gecko) Chrome/114.0.0.0 Safari/537.36"
185.216.113.70 - - [16/Apr/2026:12:17:52 +0300] "POST /wp-cron.php?doing_wp_cron=1776331072.2109580039978027343750 HTTP/1.1" 200 448 "-" "WordPress/6.3.8; https://serhatburke.miroglu.net"
185.231.205.241 - - [16/Apr/2026:12:17:38 +0300] "GET /beste-casino-site-belgie-hoge-inzet/ HTTP/1.1" 200 18613 "-" "Mozilla/5.0 (Windows NT 10.0; Win64; x64) AppleWebKit/537.36 (KHTML, like Gecko) Chrome/114.0.0.0 Safari/537.36"
98.98.9.27 - - [16/Apr/2026:12:17:49 +0300] "POST /xmlrpc.php HTTP/1.1" 200 13245 "-" "Mozilla/5.0 (Windows NT 10.0; Win64; x64) AppleWebKit/537.36 (KHTML, like Gecko) Chrome/114.0.0.0 Safari/537.36"
98.98.9.27 - - [16/Apr/2026:12:18:09 +0300] "GET /pharaohs-fortune-slot-100-percent-free-wizard-online-slot-enjoy-internet-casino-harbors-no-install/ HTTP/1.1" 200 75291 "-" "Mozilla/5.0 (Windows NT 10.0; rv:125.0) Gecko/20100101 Firefox/125.0"
185.216.113.70 - - [16/Apr/2026:12:19:42 +0300] "POST /wp-cron.php?doing_wp_cron=1776331182.0958070755004882812500 HTTP/1.1" 200 448 "-" "WordPress/6.3.8; https://serhatburke.miroglu.net"
148.113.130.196 - - [16/Apr/2026:12:19:29 +0300] "GET /dobre-kasyno/ HTTP/2" 200 16208 "-" "Mozilla/5.0 (compatible; AhrefsBot/7.0; +http://ahrefs.com/robot/)"
37.139.53.240 - - [16/Apr/2026:12:19:49 +0300] "POST / HTTP/2" 200 16289 "-" "Mozilla/5.0 (Macintosh; Intel Mac OS X 10_15_7) AppleWebKit/605.1.15 (KHTML, like Gecko) Version/18.0 Safari/605.1.15"
66.249.68.132 - - [16/Apr/2026:12:20:16 +0300] "GET /no-title/ HTTP/1.1" 200 0 "https://korput.driftlogic-games.biz/" "Mozilla/5.0 (Linux; Android 6.0.1; Nexus 5X Build/MMB29P) AppleWebKit/537.36 (KHTML, like Gecko) Chrome/146.0.7680.177 Mobile Safari/537.36 (compatible; Googlebot/2.1; +http://www.google.com/bot.html)"
128.1.218.166 - - [16/Apr/2026:12:20:13 +0300] "POST /xmlrpc.php HTTP/1.1" 200 630 "-" "Mozilla/5.0 (Windows NT 10.0; Win64; x64) AppleWebKit/537.36 (KHTML, like Gecko) Chrome/114.0.0.0 Safari/537.36"
66.249.68.132 - - [16/Apr/2026:12:20:15 +0300] "GET /robots.txt HTTP/1.1" 200 719 "-" "Mozilla/5.0 (compatible; Googlebot/2.1; +http://www.google.com/bot.html)"
185.216.113.70 - - [16/Apr/2026:12:20:49 +0300] "POST /wp-cron.php?doing_wp_cron=1776331249.7342660427093505859375 HTTP/1.1" 200 448 "-" "WordPress/6.3.8; https://serhatburke.miroglu.net"
128.1.218.166 - - [16/Apr/2026:12:20:36 +0300] "POST /xmlrpc.php HTTP/1.1" 200 14747 "-" "Mozilla/5.0 (Windows NT 10.0; Win64; x64) AppleWebKit/537.36 (KHTML, like Gecko) Chrome/114.0.0.0 Safari/537.36"
128.1.218.166 - - [16/Apr/2026:12:20:51 +0300] "GET /enjoy-on-the-web-slingo-casino-casino-betchaser-bonus-codes-games/ HTTP/1.1" 200 75754 "-" "Mozilla/5.0 (Windows NT 10.0; rv:109.0) Gecko/20100101 Firefox/115.0"
185.216.113.70 - - [16/Apr/2026:12:23:39 +0300] "POST /wp-cron.php?doing_wp_cron=1776331419.6120100021362304687500 HTTP/1.1" 200 448 "-" "WordPress/6.3.8; https://serhatburke.miroglu.net"
98.98.9.27 - - [16/Apr/2026:12:23:26 +0300] "POST /xmlrpc.php HTTP/1.1" 200 630 "-" "Mozilla/5.0 (Windows NT 10.0; Win64; x64) AppleWebKit/537.36 (KHTML, like Gecko) Chrome/114.0.0.0 Safari/537.36"
54.39.6.113 - - [16/Apr/2026:12:23:29 +0300] "GET /discovering-bscscan-a-gateway-to-blockchain-insights/ HTTP/2" 200 17194 "-" "Mozilla/5.0 (compatible; AhrefsBot/7.0; +http://ahrefs.com/robot/)"
98.98.9.27 - - [16/Apr/2026:12:23:46 +0300] "POST /xmlrpc.php HTTP/1.1" 200 12611 "-" "Mozilla/5.0 (Windows NT 10.0; Win64; x64) AppleWebKit/537.36 (KHTML, like Gecko) Chrome/114.0.0.0 Safari/537.36"
98.98.9.27 - - [16/Apr/2026:12:24:02 +0300] "GET /cat-glitter-slot-machine-conquer-casino-game-free-online-game-by-the-igt/ HTTP/1.1" 200 73836 "-" "Mozilla/5.0 (Windows NT 10.0; Win64; x64) AppleWebKit/537.36 (KHTML, like Gecko) Chrome/124.0.0.0 Safari/537.36"
171.4.218.174 - - [16/Apr/2026:12:24:08 +0300] "GET / HTTP/1.1" 200 19137 "-" "Mozilla/5.0 (Windows NT 10.0; Win64; x64) AppleWebKit/537.36 (KHTML, like Gecko) Chrome/120.0.0.0 Safari/537.36"
185.216.113.70 - - [16/Apr/2026:12:25:52 +0300] "POST /wp-cron.php?doing_wp_cron=1776331552.1190240383148193359375 HTTP/1.1" 200 448 "-" "WordPress/6.3.8; https://serhatburke.miroglu.net"
128.1.218.166 - - [16/Apr/2026:12:25:38 +0300] "POST /xmlrpc.php HTTP/1.1" 200 630 "-" "Mozilla/5.0 (Windows NT 10.0; Win64; x64) AppleWebKit/537.36 (KHTML, like Gecko) Chrome/114.0.0.0 Safari/537.36"
128.1.218.166 - - [16/Apr/2026:12:25:59 +0300] "POST /xmlrpc.php HTTP/1.1" 200 13286 "-" "Mozilla/5.0 (Windows NT 10.0; Win64; x64) AppleWebKit/537.36 (KHTML, like Gecko) Chrome/114.0.0.0 Safari/537.36"
128.1.218.166 - - [16/Apr/2026:12:26:13 +0300] "GET /play-greatest-ports-get-25-pound-free-no-deposit-casinos-private-bonuses/ HTTP/1.1" 200 74682 "-" "Mozilla/5.0 (Windows NT 10.0; Win64; x64) AppleWebKit/537.36 (KHTML, like Gecko) Chrome/109.0.0.0 Safari/537.36"
185.216.113.70 - - [16/Apr/2026:12:27:24 +0300] "POST /wp-cron.php?doing_wp_cron=1776331644.6210169792175292968750 HTTP/1.1" 200 448 "-" "WordPress/6.3.8; https://serhatburke.miroglu.net"
128.1.218.166 - - [16/Apr/2026:12:27:12 +0300] "POST /xmlrpc.php HTTP/1.1" 200 630 "-" "Mozilla/5.0 (Windows NT 10.0; Win64; x64) AppleWebKit/537.36 (KHTML, like Gecko) Chrome/114.0.0.0 Safari/537.36"
128.1.218.166 - - [16/Apr/2026:12:27:31 +0300] "POST /xmlrpc.php HTTP/1.1" 200 14680 "-" "Mozilla/5.0 (Windows NT 10.0; Win64; x64) AppleWebKit/537.36 (KHTML, like Gecko) Chrome/114.0.0.0 Safari/537.36"
186.84.20.186 - - [16/Apr/2026:12:27:32 +0300] "GET /die-wirkung-von-primobolan-metenolon-injektionen-was-sie-wissen-sollten/ HTTP/1.1" 200 69595 "-" "GuzzleHttp/7"
66.249.68.131 - - [16/Apr/2026:12:27:44 +0300] "GET /betonred-casino-apostas-mais-menos-e-a-experiencia-para-jogadores-em-portugal/ HTTP/1.1" 200 0 "https://korput.driftlogic-games.biz/" "Mozilla/5.0 (Linux; Android 6.0.1; Nexus 5X Build/MMB29P) AppleWebKit/537.36 (KHTML, like Gecko) Chrome/146.0.7680.177 Mobile Safari/537.36 (compatible; Googlebot/2.1; +http://www.google.com/bot.html)"
142.44.220.27 - - [16/Apr/2026:12:27:37 +0300] "GET /discover-the-unmatched-capabilities-of-sushiswap-dex/ HTTP/2" 200 17342 "-" "Mozilla/5.0 (compatible; AhrefsBot/7.0; +http://ahrefs.com/robot/)"
185.216.113.70 - - [16/Apr/2026:12:28:01 +0300] "POST /wp-cron.php?doing_wp_cron=1776331681.5777180194854736328125 HTTP/1.1" 200 448 "-" "WordPress/6.3.8; https://serhatburke.miroglu.net"
128.1.218.166 - - [16/Apr/2026:12:27:54 +0300] "GET /best-local-casino-web-sites-gate-777-contact-in-nz-february-2026/ HTTP/1.1" 200 75754 "-" "Mozilla/5.0 (Windows NT 10.0; Win64; x64; rv:124.0) Gecko/20100101 Firefox/124.0"
185.216.113.70 - - [16/Apr/2026:12:28:40 +0300] "POST /wp-cron.php?doing_wp_cron=1776331720.5398681163787841796875 HTTP/1.1" 200 448 "-" "WordPress/6.3.8; https://serhatburke.miroglu.net"
128.1.218.166 - - [16/Apr/2026:12:28:28 +0300] "POST /xmlrpc.php HTTP/1.1" 200 630 "-" "Mozilla/5.0 (Windows NT 10.0; Win64; x64) AppleWebKit/537.36 (KHTML, like Gecko) Chrome/114.0.0.0 Safari/537.36"
128.1.218.166 - - [16/Apr/2026:12:28:47 +0300] "POST /xmlrpc.php HTTP/1.1" 200 14288 "-" "Mozilla/5.0 (Windows NT 10.0; Win64; x64) AppleWebKit/537.36 (KHTML, like Gecko) Chrome/114.0.0.0 Safari/537.36"
128.1.218.166 - - [16/Apr/2026:12:29:02 +0300] "GET /huge-5-casino-incentive-render-2025-expert-casino-30-free-spins-no-deposit-review-guide/ HTTP/1.1" 200 75992 "-" "Mozilla/5.0 (Windows NT 10.0; Win64; x64) AppleWebKit/537.36 (KHTML, like Gecko) Chrome/124.0.0.0 Safari/537.36 Edg/124.0.0.0"
98.98.9.27 - - [16/Apr/2026:12:29:25 +0300] "POST /xmlrpc.php HTTP/1.1" 200 630 "-" "Mozilla/5.0 (Windows NT 10.0; Win64; x64) AppleWebKit/537.36 (KHTML, like Gecko) Chrome/114.0.0.0 Safari/537.36"
185.216.113.70 - - [16/Apr/2026:12:29:50 +0300] "POST /wp-cron.php?doing_wp_cron=1776331790.5000600814819335937500 HTTP/1.1" 200 448 "-" "WordPress/6.3.8; https://serhatburke.miroglu.net"
128.1.218.166 - - [16/Apr/2026:12:29:38 +0300] "POST /xmlrpc.php HTTP/1.1" 200 630 "-" "Mozilla/5.0 (Windows NT 10.0; Win64; x64) AppleWebKit/537.36 (KHTML, like Gecko) Chrome/114.0.0.0 Safari/537.36"
98.98.9.27 - - [16/Apr/2026:12:29:43 +0300] "POST /xmlrpc.php HTTP/1.1" 200 13095 "-" "Mozilla/5.0 (Windows NT 10.0; Win64; x64) AppleWebKit/537.36 (KHTML, like Gecko) Chrome/114.0.0.0 Safari/537.36"
128.1.218.166 - - [16/Apr/2026:12:29:57 +0300] "POST /xmlrpc.php HTTP/1.1" 200 15051 "-" "Mozilla/5.0 (Windows NT 10.0; Win64; x64) AppleWebKit/537.36 (KHTML, like Gecko) Chrome/114.0.0.0 Safari/537.36"
98.98.9.27 - - [16/Apr/2026:12:29:58 +0300] "GET /beginners-help-guide-slot-machine-online-dead-or-alive-2-to-le-pharaoh-slot-video-game-simple-tips-to-gamble-win/ HTTP/1.1" 200 75439 "-" "Mozilla/5.0 (Windows NT 10.0; rv:109.0) Gecko/20100101 Firefox/115.0"
128.1.218.166 - - [16/Apr/2026:12:30:16 +0300] "GET /while-you-are-casino-com-uses-the-newest-encryption-technology-to-keep-your-private-investigation-safe-its-still-crucial-that-you-take-steps-to-thunderstruck-real-money-online-safeguard-your-web-de/ HTTP/1.1" 200 85498 "-" "Mozilla/5.0 (Windows NT 10.0; Win64; x64) AppleWebKit/537.36 (KHTML, like Gecko) Chrome/109.0.0.0 Safari/537.36"
185.216.113.70 - - [16/Apr/2026:12:30:56 +0300] "POST /wp-cron.php?doing_wp_cron=1776331856.3325710296630859375000 HTTP/1.1" 200 448 "-" "WordPress/6.3.8; https://serhatburke.miroglu.net"
128.1.218.166 - - [16/Apr/2026:12:30:44 +0300] "POST /xmlrpc.php HTTP/1.1" 200 630 "-" "Mozilla/5.0 (Windows NT 10.0; Win64; x64) AppleWebKit/537.36 (KHTML, like Gecko) Chrome/114.0.0.0 Safari/537.36"
128.1.218.166 - - [16/Apr/2026:12:31:03 +0300] "POST /xmlrpc.php HTTP/1.1" 200 14488 "-" "Mozilla/5.0 (Windows NT 10.0; Win64; x64) AppleWebKit/537.36 (KHTML, like Gecko) Chrome/114.0.0.0 Safari/537.36"
51.222.95.41 - - [16/Apr/2026:12:31:11 +0300] "GET /discover-the-unique-advantages-of-using-solscan/ HTTP/2" 200 17824 "-" "Mozilla/5.0 (compatible; AhrefsBot/7.0; +http://ahrefs.com/robot/)"
128.1.218.166 - - [16/Apr/2026:12:31:17 +0300] "GET /400-local-casino-bonuses-for-you-s-participants-400-mustang-money-slot-free-spins-casino-incentives/ HTTP/1.1" 200 76360 "-" "Mozilla/5.0 (Windows NT 10.0; rv:125.0) Gecko/20100101 Firefox/125.0"
185.216.113.70 - - [16/Apr/2026:12:31:56 +0300] "POST /wp-cron.php?doing_wp_cron=1776331916.0121469497680664062500 HTTP/1.1" 200 448 "-" "WordPress/6.3.8; https://serhatburke.miroglu.net"
128.1.218.166 - - [16/Apr/2026:12:31:44 +0300] "POST /xmlrpc.php HTTP/1.1" 200 630 "-" "Mozilla/5.0 (Windows NT 10.0; Win64; x64) AppleWebKit/537.36 (KHTML, like Gecko) Chrome/114.0.0.0 Safari/537.36"
128.1.218.166 - - [16/Apr/2026:12:32:03 +0300] "POST /xmlrpc.php HTTP/1.1" 200 14469 "-" "Mozilla/5.0 (Windows NT 10.0; Win64; x64) AppleWebKit/537.36 (KHTML, like Gecko) Chrome/114.0.0.0 Safari/537.36"
128.1.218.166 - - [16/Apr/2026:12:32:16 +0300] "GET /steeped-dragon-shrine-slot-for-real-money-nuts-guide-out-of-inactive-position-remark-rtp-totally-free-spins-demonstration/ HTTP/1.1" 200 76807 "-" "Mozilla/5.0 (Windows NT 10.0; Win64; x64) AppleWebKit/537.36 (KHTML, like Gecko) Chrome/123.0.0.0 Safari/537.36 OPR/109.0.0.0"
185.216.113.70 - - [16/Apr/2026:12:33:00 +0300] "POST /wp-cron.php?doing_wp_cron=1776331980.0880520343780517578125 HTTP/1.1" 200 448 "-" "WordPress/6.3.8; https://serhatburke.miroglu.net"
128.1.218.166 - - [16/Apr/2026:12:32:48 +0300] "POST /xmlrpc.php HTTP/1.1" 200 630 "-" "Mozilla/5.0 (Windows NT 10.0; Win64; x64) AppleWebKit/537.36 (KHTML, like Gecko) Chrome/114.0.0.0 Safari/537.36"
165.73.240.153 - - [16/Apr/2026:12:33:04 +0300] "POST /xmlrpc.php HTTP/1.1" 200 630 "-" "Mozilla/5.0 (Windows NT 10.0; Win64; x64) AppleWebKit/537.36 (KHTML, like Gecko) Chrome/114.0.0.0 Safari/537.36"
128.1.218.166 - - [16/Apr/2026:12:33:07 +0300] "POST /xmlrpc.php HTTP/1.1" 200 14027 "-" "Mozilla/5.0 (Windows NT 10.0; Win64; x64) AppleWebKit/537.36 (KHTML, like Gecko) Chrome/114.0.0.0 Safari/537.36"
185.216.113.70 - - [16/Apr/2026:12:33:39 +0300] "POST /wp-cron.php?doing_wp_cron=1776332019.1998059749603271484375 HTTP/1.1" 200 448 "-" "WordPress/6.3.8; https://serhatburke.miroglu.net"
165.73.240.153 - - [16/Apr/2026:12:33:25 +0300] "POST /xmlrpc.php HTTP/1.1" 200 13061 "-" "Mozilla/5.0 (Windows NT 10.0; Win64; x64) AppleWebKit/537.36 (KHTML, like Gecko) Chrome/114.0.0.0 Safari/537.36"
128.1.218.166 - - [16/Apr/2026:12:33:23 +0300] "GET /javascript-lucky-88-pokie-online-isnt-readily-available/ HTTP/1.1" 200 74764 "-" "Mozilla/5.0 (Windows NT 10.0; Win64; x64) AppleWebKit/537.36 (KHTML, like Gecko) Chrome/109.0.0.0 Safari/537.36"
165.73.240.153 - - [16/Apr/2026:12:33:40 +0300] "GET /zimpler-gambling-enterprises-better-web-based-excalibur-slot-free-spins-casinos-that-have-zimpler/ HTTP/1.1" 200 74785 "-" "Mozilla/5.0 (Windows NT 10.0; Win64; x64) AppleWebKit/537.36 (KHTML, like Gecko) Chrome/124.0.0.0 Safari/537.36"
151.244.111.202 - - [16/Apr/2026:12:33:51 +0300] "POST /xmlrpc.php HTTP/1.1" 200 87245 "-" "Mozilla/5.0 (Macintosh; Intel Mac OS X 12_5) AppleWebKit/537.36 (KHTML, like Gecko) Chrome/114.0.0.0 Safari/537.36 OPR/89.0.4447.51"
128.1.218.166 - - [16/Apr/2026:12:33:52 +0300] "POST /xmlrpc.php HTTP/1.1" 200 630 "-" "Mozilla/5.0 (Windows NT 10.0; Win64; x64) AppleWebKit/537.36 (KHTML, like Gecko) Chrome/114.0.0.0 Safari/537.36"
151.244.111.202 - - [16/Apr/2026:12:34:04 +0300] "POST /xmlrpc.php HTTP/1.1" 200 489 "-" "Mozilla/5.0 (Macintosh; Intel Mac OS X 12_5) AppleWebKit/537.36 (KHTML, like Gecko) Chrome/114.0.0.0 Safari/537.36 OPR/89.0.4447.51"
185.216.113.70 - - [16/Apr/2026:12:34:24 +0300] "POST /wp-cron.php?doing_wp_cron=1776332064.4138629436492919921875 HTTP/1.1" 200 448 "-" "WordPress/6.3.8; https://serhatburke.miroglu.net"
128.1.218.166 - - [16/Apr/2026:12:34:11 +0300] "POST /xmlrpc.php HTTP/1.1" 200 13606 "-" "Mozilla/5.0 (Windows NT 10.0; Win64; x64) AppleWebKit/537.36 (KHTML, like Gecko) Chrome/114.0.0.0 Safari/537.36"
151.244.111.202 - - [16/Apr/2026:12:34:17 +0300] "POST /xmlrpc.php HTTP/1.1" 200 11057 "-" "Mozilla/5.0 (Macintosh; Intel Mac OS X 12_5) AppleWebKit/537.36 (KHTML, like Gecko) Chrome/114.0.0.0 Safari/537.36 OPR/89.0.4447.51"
128.1.218.166 - - [16/Apr/2026:12:34:26 +0300] "GET /best-eight-hundred-put-bonus-gambling-enterprises-the-real-extra-chilli-casino-deal-money-gambling-2026/ HTTP/1.1" 200 75873 "-" "Mozilla/5.0 (Windows NT 10.0; Win64; x64; rv:124.0) Gecko/20100101 Firefox/124.0"
128.1.218.166 - - [16/Apr/2026:12:34:52 +0300] "POST /xmlrpc.php HTTP/1.1" 200 630 "-" "Mozilla/5.0 (Windows NT 10.0; Win64; x64) AppleWebKit/537.36 (KHTML, like Gecko) Chrome/114.0.0.0 Safari/537.36"
98.98.9.27 - - [16/Apr/2026:12:34:54 +0300] "POST /xmlrpc.php HTTP/1.1" 200 630 "-" "Mozilla/5.0 (Windows NT 10.0; Win64; x64) AppleWebKit/537.36 (KHTML, like Gecko) Chrome/114.0.0.0 Safari/537.36"
185.216.113.70 - - [16/Apr/2026:12:35:15 +0300] "POST /wp-cron.php?doing_wp_cron=1776332115.0172998905181884765625 HTTP/1.1" 200 448 "-" "WordPress/6.3.8; https://serhatburke.miroglu.net"
142.44.228.9 - - [16/Apr/2026:12:35:00 +0300] "GET /discover-the-ultimate-potential-of-dexscreener-tools/ HTTP/2" 200 16875 "-" "Mozilla/5.0 (compatible; AhrefsBot/7.0; +http://ahrefs.com/robot/)"
128.1.218.166 - - [16/Apr/2026:12:35:13 +0300] "POST /xmlrpc.php HTTP/1.1" 200 13896 "-" "Mozilla/5.0 (Windows NT 10.0; Win64; x64) AppleWebKit/537.36 (KHTML, like Gecko) Chrome/114.0.0.0 Safari/537.36"
98.98.9.27 - - [16/Apr/2026:12:35:19 +0300] "POST /xmlrpc.php HTTP/1.1" 200 12898 "-" "Mozilla/5.0 (Windows NT 10.0; Win64; x64) AppleWebKit/537.36 (KHTML, like Gecko) Chrome/114.0.0.0 Safari/537.36"
128.1.218.166 - - [16/Apr/2026:12:35:31 +0300] "GET /have-there-what-is-unique-casino-been-gambling-enterprises-within-the-otherwise-close-branson/ HTTP/1.1" 200 75705 "-" "Mozilla/5.0 (Windows NT 10.0; Win64; x64) AppleWebKit/537.36 (KHTML, like Gecko) Chrome/124.0.0.0 Safari/537.36 Edg/124.0.0.0"
185.216.113.70 - - [16/Apr/2026:12:35:48 +0300] "POST /wp-cron.php?doing_wp_cron=1776332148.9307289123535156250000 HTTP/1.1" 200 448 "-" "WordPress/6.3.8; https://serhatburke.miroglu.net"
98.98.9.27 - - [16/Apr/2026:12:35:36 +0300] "GET /enjoy-pharaos-money-free-of-charge-during-the-very-slots-golden-tiger-slot-machine-hurry/ HTTP/1.1" 200 74618 "-" "Mozilla/5.0 (Windows NT 10.0; Win64; x64) AppleWebKit/537.36 (KHTML, like Gecko) Chrome/109.0.0.0 Safari/537.36"
128.1.218.166 - - [16/Apr/2026:12:35:53 +0300] "POST /xmlrpc.php HTTP/1.1" 200 630 "-" "Mozilla/5.0 (Windows NT 10.0; Win64; x64) AppleWebKit/537.36 (KHTML, like Gecko) Chrome/114.0.0.0 Safari/537.36"
185.216.113.70 - - [16/Apr/2026:12:36:25 +0300] "POST /wp-cron.php?doing_wp_cron=1776332185.4297010898590087890625 HTTP/1.1" 200 448 "-" "WordPress/6.3.8; https://serhatburke.miroglu.net"
128.1.218.166 - - [16/Apr/2026:12:36:12 +0300] "POST /xmlrpc.php HTTP/1.1" 200 14312 "-" "Mozilla/5.0 (Windows NT 10.0; Win64; x64) AppleWebKit/537.36 (KHTML, like Gecko) Chrome/114.0.0.0 Safari/537.36"
128.1.218.166 - - [16/Apr/2026:12:36:27 +0300] "GET /head-chefs-canada-local-casino-buffalo-80-free-spins-extra-one-hundred-totally-free-revolves-to-have-5/ HTTP/1.1" 200 76408 "-" "Mozilla/5.0 (Windows NT 10.0; Win64; x64) AppleWebKit/537.36 (KHTML, like Gecko) Chrome/123.0.0.0 Safari/537.36 OPR/109.0.0.0"
185.216.113.70 - - [16/Apr/2026:12:37:04 +0300] "POST /wp-cron.php?doing_wp_cron=1776332224.5488920211791992187500 HTTP/1.1" 200 448 "-" "WordPress/6.3.8; https://serhatburke.miroglu.net"
128.1.218.166 - - [16/Apr/2026:12:36:52 +0300] "POST /xmlrpc.php HTTP/1.1" 200 630 "-" "Mozilla/5.0 (Windows NT 10.0; Win64; x64) AppleWebKit/537.36 (KHTML, like Gecko) Chrome/114.0.0.0 Safari/537.36"
128.1.218.166 - - [16/Apr/2026:12:37:11 +0300] "POST /xmlrpc.php HTTP/1.1" 200 14002 "-" "Mozilla/5.0 (Windows NT 10.0; Win64; x64) AppleWebKit/537.36 (KHTML, like Gecko) Chrome/114.0.0.0 Safari/537.36"
128.1.218.166 - - [16/Apr/2026:12:37:25 +0300] "GET /casilando-casino-review-10-totally-free-revolves-no-deposit-100-up-to-400-bonus-online-casino-300/ HTTP/1.1" 200 75834 "-" "Mozilla/5.0 (Windows NT 10.0; Win64; x64) AppleWebKit/537.36 (KHTML, like Gecko) Chrome/123.0.0.0 Safari/537.36"
185.216.113.70 - - [16/Apr/2026:12:38:04 +0300] "POST /wp-cron.php?doing_wp_cron=1776332284.8085060119628906250000 HTTP/1.1" 200 448 "-" "WordPress/6.3.8; https://serhatburke.miroglu.net"
128.1.218.166 - - [16/Apr/2026:12:37:52 +0300] "POST /xmlrpc.php HTTP/1.1" 200 630 "-" "Mozilla/5.0 (Windows NT 10.0; Win64; x64) AppleWebKit/537.36 (KHTML, like Gecko) Chrome/114.0.0.0 Safari/537.36"
128.1.218.166 - - [16/Apr/2026:12:38:12 +0300] "POST /xmlrpc.php HTTP/1.1" 200 13981 "-" "Mozilla/5.0 (Windows NT 10.0; Win64; x64) AppleWebKit/537.36 (KHTML, like Gecko) Chrome/114.0.0.0 Safari/537.36"
103.219.169.133 - - [16/Apr/2026:12:38:13 +0300] "POST /xmlrpc.php HTTP/1.1" 200 630 "-" "Mozilla/5.0 (Windows NT 10.0; Win64; x64) AppleWebKit/537.36 (KHTML, like Gecko) Chrome/114.0.0.0 Safari/537.36"
185.216.113.70 - - [16/Apr/2026:12:38:43 +0300] "POST /wp-cron.php?doing_wp_cron=1776332323.3789510726928710937500 HTTP/1.1" 200 448 "-" "WordPress/6.3.8; https://serhatburke.miroglu.net"
128.1.218.166 - - [16/Apr/2026:12:38:28 +0300] "GET /extra-wagering-download-funky-fruits-slots-standards-in-the-on-line-casino/ HTTP/1.1" 200 75478 "-" "Mozilla/5.0 (Windows NT 10.0; Win64; x64) AppleWebKit/537.36 (KHTML, like Gecko) Chrome/109.0.0.0 Safari/537.36"
23.95.150.29 - - [16/Apr/2026:12:38:32 +0300] "GET /leon-casino-quickplay-slots-rapid-wins-on-the-go/ HTTP/1.1" 200 21864 "-" "Python/3.14 aiohttp/3.13.3"
103.219.169.133 - - [16/Apr/2026:12:38:35 +0300] "POST /xmlrpc.php HTTP/1.1" 200 16515 "-" "Mozilla/5.0 (Windows NT 10.0; Win64; x64) AppleWebKit/537.36 (KHTML, like Gecko) Chrome/114.0.0.0 Safari/537.36"
15.235.98.190 - - [16/Apr/2026:12:38:42 +0300] "GET /discover-the-power-of-sushiswap-for-crypto-trading-2/ HTTP/2" 200 0 "-" "Mozilla/5.0 (compatible; AhrefsBot/7.0; +http://ahrefs.com/robot/)"
67.227.119.137 - - [16/Apr/2026:12:38:43 +0300] "GET /leon-casino-quickplay-slots-rapid-wins-on-the-go/ HTTP/1.1" 200 21765 "-" "Python/3.14 aiohttp/3.13.3"
128.1.218.166 - - [16/Apr/2026:12:38:45 +0300] "POST /xmlrpc.php HTTP/1.1" 200 630 "-" "Mozilla/5.0 (Windows NT 10.0; Win64; x64) AppleWebKit/537.36 (KHTML, like Gecko) Chrome/114.0.0.0 Safari/537.36"
188.68.1.196 - - [16/Apr/2026:12:38:53 +0300] "GET /leon-casino-quickplay-slots-rapid-wins-on-the-go/ HTTP/1.1" 200 21864 "-" "Python/3.14 aiohttp/3.13.3"
103.219.169.133 - - [16/Apr/2026:12:39:06 +0300] "GET /unser-100-000-pyramid-slot-online-casino-besten-echtgeld-erreichbar-casinos-inoffizieller-mitarbeiter-test-2025/ HTTP/1.1" 200 79023 "-" "Mozilla/5.0 (Windows NT 10.0; Win64; x64; rv:124.0) Gecko/20100101 Firefox/124.0"
185.216.113.70 - - [16/Apr/2026:12:39:39 +0300] "POST /wp-cron.php?doing_wp_cron=1776332379.5753839015960693359375 HTTP/1.1" 200 448 "-" "WordPress/6.3.8; https://serhatburke.miroglu.net"
128.1.218.166 - - [16/Apr/2026:12:39:26 +0300] "POST /xmlrpc.php HTTP/1.1" 200 14441 "-" "Mozilla/5.0 (Windows NT 10.0; Win64; x64) AppleWebKit/537.36 (KHTML, like Gecko) Chrome/114.0.0.0 Safari/537.36"
128.1.218.166 - - [16/Apr/2026:12:39:40 +0300] "POST /xmlrpc.php HTTP/1.1" 200 630 "-" "Mozilla/5.0 (Windows NT 10.0; Win64; x64) AppleWebKit/537.36 (KHTML, like Gecko) Chrome/114.0.0.0 Safari/537.36"
128.1.218.166 - - [16/Apr/2026:12:39:41 +0300] "GET /are-there-ninja-magic-slot-payout-casinos-within-the-or-close-branson/ HTTP/1.1" 200 75649 "-" "Mozilla/5.0 (Windows NT 10.0; rv:109.0) Gecko/20100101 Firefox/115.0"
128.1.218.166 - - [16/Apr/2026:12:40:04 +0300] "POST /xmlrpc.php HTTP/1.1" 200 14218 "-" "Mozilla/5.0 (Windows NT 10.0; Win64; x64) AppleWebKit/537.36 (KHTML, like Gecko) Chrome/114.0.0.0 Safari/537.36"
128.1.218.166 - - [16/Apr/2026:12:40:18 +0300] "GET /crazy-fox-casino-play-50-lions-slot-machine-comment-2026/ HTTP/1.1" 200 75125 "-" "Mozilla/5.0 (Windows NT 10.0; Win64; x64) AppleWebKit/537.36 (KHTML, like Gecko) Chrome/124.0.0.0 Safari/537.36"
185.216.113.70 - - [16/Apr/2026:12:40:45 +0300] "POST /wp-cron.php?doing_wp_cron=1776332445.1043829917907714843750 HTTP/1.1" 200 448 "-" "WordPress/6.3.8; https://serhatburke.miroglu.net"
128.1.218.166 - - [16/Apr/2026:12:40:33 +0300] "POST /xmlrpc.php HTTP/1.1" 200 630 "-" "Mozilla/5.0 (Windows NT 10.0; Win64; x64) AppleWebKit/537.36 (KHTML, like Gecko) Chrome/114.0.0.0 Safari/537.36"
128.1.218.166 - - [16/Apr/2026:12:40:52 +0300] "POST /xmlrpc.php HTTP/1.1" 200 13624 "-" "Mozilla/5.0 (Windows NT 10.0; Win64; x64) AppleWebKit/537.36 (KHTML, like Gecko) Chrome/114.0.0.0 Safari/537.36"
128.1.218.166 - - [16/Apr/2026:12:41:06 +0300] "GET /georgia-the-site-casino/ HTTP/1.1" 200 73323 "-" "Mozilla/5.0 (Windows NT 10.0; rv:109.0) Gecko/20100101 Firefox/115.0"
185.216.113.70 - - [16/Apr/2026:12:41:39 +0300] "POST /wp-cron.php?doing_wp_cron=1776332499.1983199119567871093750 HTTP/1.1" 200 448 "-" "WordPress/6.3.8; https://serhatburke.miroglu.net"
128.1.218.166 - - [16/Apr/2026:12:41:27 +0300] "POST /xmlrpc.php HTTP/1.1" 200 630 "-" "Mozilla/5.0 (Windows NT 10.0; Win64; x64) AppleWebKit/537.36 (KHTML, like Gecko) Chrome/114.0.0.0 Safari/537.36"
128.1.218.166 - - [16/Apr/2026:12:41:46 +0300] "POST /xmlrpc.php HTTP/1.1" 200 13536 "-" "Mozilla/5.0 (Windows NT 10.0; Win64; x64) AppleWebKit/537.36 (KHTML, like Gecko) Chrome/114.0.0.0 Safari/537.36"
128.1.218.166 - - [16/Apr/2026:12:41:59 +0300] "GET /the-new-2026-casino-ariana-online-game-all-of-our-discharge-time-calendar/ HTTP/1.1" 200 74934 "-" "Mozilla/5.0 (Windows NT 10.0; Win64; x64; rv:124.0) Gecko/20100101 Firefox/124.0"
128.1.218.166 - - [16/Apr/2026:12:42:19 +0300] "POST /xmlrpc.php HTTP/1.1" 200 630 "-" "Mozilla/5.0 (Windows NT 10.0; Win64; x64) AppleWebKit/537.36 (KHTML, like Gecko) Chrome/114.0.0.0 Safari/537.36"
185.216.113.70 - - [16/Apr/2026:12:42:49 +0300] "POST /wp-cron.php?doing_wp_cron=1776332569.6440548896789550781250 HTTP/1.1" 200 448 "-" "WordPress/6.3.8; https://serhatburke.miroglu.net"
128.1.218.166 - - [16/Apr/2026:12:42:37 +0300] "POST /xmlrpc.php HTTP/1.1" 200 13428 "-" "Mozilla/5.0 (Windows NT 10.0; Win64; x64) AppleWebKit/537.36 (KHTML, like Gecko) Chrome/114.0.0.0 Safari/537.36"
128.1.218.166 - - [16/Apr/2026:12:42:51 +0300] "GET /250-matched-free-coins-on-lightning-link-up-extra-around-1btc/ HTTP/1.1" 200 74456 "-" "Mozilla/5.0 (Windows NT 10.0; Win64; x64) AppleWebKit/537.36 (KHTML, like Gecko) Chrome/122.0.0.0 Safari/537.36"
128.1.218.166 - - [16/Apr/2026:12:43:09 +0300] "POST /xmlrpc.php HTTP/1.1" 200 630 "-" "Mozilla/5.0 (Windows NT 10.0; Win64; x64) AppleWebKit/537.36 (KHTML, like Gecko) Chrome/114.0.0.0 Safari/537.36"
185.216.113.70 - - [16/Apr/2026:12:43:40 +0300] "POST /wp-cron.php?doing_wp_cron=1776332620.8977150917053222656250 HTTP/1.1" 200 448 "-" "WordPress/6.3.8; https://serhatburke.miroglu.net"
128.1.218.166 - - [16/Apr/2026:12:43:28 +0300] "POST /xmlrpc.php HTTP/1.1" 200 13764 "-" "Mozilla/5.0 (Windows NT 10.0; Win64; x64) AppleWebKit/537.36 (KHTML, like Gecko) Chrome/114.0.0.0 Safari/537.36"
128.1.218.166 - - [16/Apr/2026:12:43:42 +0300] "GET /10-better-crypto-gambling-enterprise-sites-inside-march-goldbet-new-zealand-bonuses-2026-award-winning/ HTTP/1.1" 200 75854 "-" "Mozilla/5.0 (Windows NT 10.0; rv:125.0) Gecko/20100101 Firefox/125.0"
128.1.218.166 - - [16/Apr/2026:12:44:00 +0300] "POST /xmlrpc.php HTTP/1.1" 200 630 "-" "Mozilla/5.0 (Windows NT 10.0; Win64; x64) AppleWebKit/537.36 (KHTML, like Gecko) Chrome/114.0.0.0 Safari/537.36"
165.73.240.153 - - [16/Apr/2026:12:44:03 +0300] "POST /xmlrpc.php HTTP/1.1" 200 630 "-" "Mozilla/5.0 (Windows NT 10.0; Win64; x64) AppleWebKit/537.36 (KHTML, like Gecko) Chrome/114.0.0.0 Safari/537.36"
185.216.113.70 - - [16/Apr/2026:12:44:35 +0300] "POST /wp-cron.php?doing_wp_cron=1776332675.1117808818817138671875 HTTP/1.1" 200 448 "-" "WordPress/6.3.8; https://serhatburke.miroglu.net"
128.1.218.166 - - [16/Apr/2026:12:44:21 +0300] "POST /xmlrpc.php HTTP/1.1" 200 14096 "-" "Mozilla/5.0 (Windows NT 10.0; Win64; x64) AppleWebKit/537.36 (KHTML, like Gecko) Chrome/114.0.0.0 Safari/537.36"
165.73.240.153 - - [16/Apr/2026:12:44:23 +0300] "POST /xmlrpc.php HTTP/1.1" 200 13036 "-" "Mozilla/5.0 (Windows NT 10.0; Win64; x64) AppleWebKit/537.36 (KHTML, like Gecko) Chrome/114.0.0.0 Safari/537.36"
188.68.1.196 - - [16/Apr/2026:12:44:32 +0300] "GET /truefortune-casino-quick-wins-for-the-busy-player/ HTTP/1.1" 200 22310 "-" "Python/3.14 aiohttp/3.13.3"
128.1.218.166 - - [16/Apr/2026:12:44:37 +0300] "GET /cryptowild-gambling-enterprise-review-current-added-bonus-australian-real-money-online-casinos-knowledge/ HTTP/1.1" 200 76327 "-" "Mozilla/5.0 (Windows NT 10.0; rv:125.0) Gecko/20100101 Firefox/125.0"
154.73.249.126 - - [16/Apr/2026:12:44:44 +0300] "GET /truefortune-casino-quick-wins-for-the-busy-player/ HTTP/1.1" 200 22310 "-" "Python/3.14 aiohttp/3.13.3"
165.73.240.153 - - [16/Apr/2026:12:44:39 +0300] "GET /is-on-the-net-casino-courtroom-in-australia-newest-the-riches-in-the-rough-slot-machine-laws-explained/ HTTP/1.1" 200 75028 "-" "Mozilla/5.0 (Windows NT 10.0; Win64; x64; rv:124.0) Gecko/20100101 Firefox/124.0"
128.1.218.166 - - [16/Apr/2026:12:44:50 +0300] "POST /xmlrpc.php HTTP/1.1" 200 630 "-" "Mozilla/5.0 (Windows NT 10.0; Win64; x64) AppleWebKit/537.36 (KHTML, like Gecko) Chrome/114.0.0.0 Safari/537.36"
185.216.113.70 - - [16/Apr/2026:12:45:48 +0300] "POST /wp-cron.php?doing_wp_cron=1776332748.3963079452514648437500 HTTP/1.1" 200 448 "-" "WordPress/6.3.8; https://serhatburke.miroglu.net"
185.216.113.70 - - [16/Apr/2026:12:45:49 +0300] "POST /wp-cron.php?doing_wp_cron=1776332749.3049919605255126953125 HTTP/1.1" 200 448 "-" "WordPress/6.3.8; https://serhatburke.miroglu.net"
185.216.113.70 - - [16/Apr/2026:12:45:50 +0300] "POST /wp-cron.php?doing_wp_cron=1776332750.7512929439544677734375 HTTP/1.1" 200 448 "-" "WordPress/6.3.8; https://serhatburke.miroglu.net"
84.200.80.218 - - [16/Apr/2026:12:45:17 +0300] "GET /online-casino-met-snelle-uitbetaling-2026-snelste-47/ HTTP/1.1" 200 108056 "-" "Screaming Frog SEO Spider/18.1"
84.200.80.218 - - [16/Apr/2026:12:45:17 +0300] "GET /10-gokkasten-uit-de-speelhallen-die-je-online-kunt-16/ HTTP/1.1" 200 108403 "-" "Screaming Frog SEO Spider/18.1"
84.200.80.218 - - [16/Apr/2026:12:45:17 +0300] "GET /speel-online-bingo-en-maak-kans-op-grote-prijzen-89/ HTTP/1.1" 200 98275 "-" "Screaming Frog SEO Spider/18.1"
185.216.113.70 - - [16/Apr/2026:12:45:56 +0300] "POST /wp-cron.php?doing_wp_cron=1776332756.5264029502868652343750 HTTP/1.1" 200 448 "-" "WordPress/6.3.8; https://serhatburke.miroglu.net"
