128.1.218.148 - - [16/Apr/2026:08:09:33 +0300] "POST /xmlrpc.php HTTP/1.1" 500 745 "-" "Mozilla/5.0 (Windows NT 10.0; Win64; x64) AppleWebKit/537.36 (KHTML, like Gecko) Chrome/114.0.0.0 Safari/537.36"
128.1.218.148 - - [16/Apr/2026:08:09:36 +0300] "POST /xmlrpc.php HTTP/1.1" 500 745 "-" "Mozilla/5.0 (Windows NT 10.0; Win64; x64) AppleWebKit/537.36 (KHTML, like Gecko) Chrome/114.0.0.0 Safari/537.36"
128.1.218.148 - - [16/Apr/2026:08:09:41 +0300] "GET /welches-sei-ein-verknupfung-bestimmung-unter-queen-of-gold-slot-anderem-beispiele/ HTTP/1.1" 500 745 "-" "Mozilla/5.0 (Windows NT 10.0; Win64; x64) AppleWebKit/537.36 (KHTML, like Gecko) Chrome/124.0.0.0 Safari/537.36 Edg/124.0.0.0"
165.73.240.153 - - [16/Apr/2026:08:09:46 +0300] "POST /xmlrpc.php HTTP/1.1" 500 745 "-" "Mozilla/5.0 (Windows NT 10.0; Win64; x64) AppleWebKit/537.36 (KHTML, like Gecko) Chrome/114.0.0.0 Safari/537.36"
128.1.218.148 - - [16/Apr/2026:08:10:11 +0300] "POST /xmlrpc.php HTTP/1.1" 200 16151 "-" "Mozilla/5.0 (Windows NT 10.0; Win64; x64) AppleWebKit/537.36 (KHTML, like Gecko) Chrome/114.0.0.0 Safari/537.36"
52.167.144.187 - - [16/Apr/2026:08:10:58 +0300] "GET /post-sitemap2.xml HTTP/2" 200 0 "-" "Mozilla/5.0 AppleWebKit/537.36 (KHTML, like Gecko; compatible; bingbot/2.0; +http://www.bing.com/bingbot.htm) Chrome/116.0.1938.76 Safari/537.36"
185.216.113.70 - - [16/Apr/2026:08:11:38 +0300] "POST /wp-cron.php?doing_wp_cron=1776316298.5077428817749023437500 HTTP/1.1" 200 448 "-" "WordPress/6.3.8; https://serhatburke.miroglu.net"
52.167.144.203 - - [16/Apr/2026:08:11:08 +0300] "GET /post-sitemap42.xml HTTP/2" 200 0 "-" "Mozilla/5.0 AppleWebKit/537.36 (KHTML, like Gecko; compatible; bingbot/2.0; +http://www.bing.com/bingbot.htm) Chrome/116.0.1938.76 Safari/537.36"
185.216.113.70 - - [16/Apr/2026:08:11:44 +0300] "POST /wp-cron.php?doing_wp_cron=1776316304.3199179172515869140625 HTTP/1.1" 200 448 "-" "WordPress/6.3.8; https://serhatburke.miroglu.net"
185.216.113.70 - - [16/Apr/2026:08:11:47 +0300] "POST /wp-cron.php?doing_wp_cron=1776316306.8056681156158447265625 HTTP/1.1" 200 448 "-" "WordPress/6.3.8; https://serhatburke.miroglu.net"
52.167.144.187 - - [16/Apr/2026:08:11:27 +0300] "GET /post-sitemap7.xml HTTP/2" 200 0 "-" "Mozilla/5.0 AppleWebKit/537.36 (KHTML, like Gecko; compatible; bingbot/2.0; +http://www.bing.com/bingbot.htm) Chrome/116.0.1938.76 Safari/537.36"
98.98.9.18 - - [16/Apr/2026:08:10:16 +0300] "POST /xmlrpc.php HTTP/1.1" 500 745 "-" "Mozilla/5.0 (Windows NT 10.0; Win64; x64) AppleWebKit/537.36 (KHTML, like Gecko) Chrome/114.0.0.0 Safari/537.36"
128.1.218.148 - - [16/Apr/2026:08:10:19 +0300] "POST /xmlrpc.php HTTP/1.1" 500 745 "-" "Mozilla/5.0 (Windows NT 10.0; Win64; x64) AppleWebKit/537.36 (KHTML, like Gecko) Chrome/114.0.0.0 Safari/537.36"
165.73.240.153 - - [16/Apr/2026:08:10:19 +0300] "POST /xmlrpc.php HTTP/1.1" 500 745 "-" "Mozilla/5.0 (Windows NT 10.0; Win64; x64) AppleWebKit/537.36 (KHTML, like Gecko) Chrome/114.0.0.0 Safari/537.36"
52.167.144.203 - - [16/Apr/2026:08:11:32 +0300] "GET /post-sitemap3.xml HTTP/2" 200 0 "-" "Mozilla/5.0 AppleWebKit/537.36 (KHTML, like Gecko; compatible; bingbot/2.0; +http://www.bing.com/bingbot.htm) Chrome/116.0.1938.76 Safari/537.36"
98.98.9.18 - - [16/Apr/2026:08:10:22 +0300] "POST /xmlrpc.php HTTP/1.1" 500 745 "-" "Mozilla/5.0 (Windows NT 10.0; Win64; x64) AppleWebKit/537.36 (KHTML, like Gecko) Chrome/114.0.0.0 Safari/537.36"
52.167.144.16 - - [16/Apr/2026:08:11:40 +0300] "GET /post-sitemap.xml HTTP/2" 200 0 "-" "Mozilla/5.0 AppleWebKit/537.36 (KHTML, like Gecko; compatible; bingbot/2.0; +http://www.bing.com/bingbot.htm) Chrome/116.0.1938.76 Safari/537.36"
165.73.240.153 - - [16/Apr/2026:08:10:32 +0300] "GET /gonzos-mrbet-casino-bonus-quest-slot-earn-up-to-2500x-their-bet/ HTTP/1.1" 500 745 "-" "Mozilla/5.0 (Windows NT 10.0; Win64; x64) AppleWebKit/537.36 (KHTML, like Gecko) Chrome/122.0.0.0 Safari/537.36"
52.167.144.203 - - [16/Apr/2026:08:11:47 +0300] "GET /post-sitemap46.xml HTTP/2" 200 0 "-" "Mozilla/5.0 AppleWebKit/537.36 (KHTML, like Gecko; compatible; bingbot/2.0; +http://www.bing.com/bingbot.htm) Chrome/116.0.1938.76 Safari/537.36"
98.98.9.18 - - [16/Apr/2026:08:10:38 +0300] "POST /xmlrpc.php HTTP/1.1" 500 745 "-" "Mozilla/5.0 (Windows NT 10.0; Win64; x64) AppleWebKit/537.36 (KHTML, like Gecko) Chrome/114.0.0.0 Safari/537.36"
52.167.144.187 - - [16/Apr/2026:08:11:58 +0300] "GET /post-sitemap32.xml HTTP/2" 200 0 "-" "Mozilla/5.0 AppleWebKit/537.36 (KHTML, like Gecko; compatible; bingbot/2.0; +http://www.bing.com/bingbot.htm) Chrome/116.0.1938.76 Safari/537.36"
165.73.240.153 - - [16/Apr/2026:08:10:50 +0300] "POST /xmlrpc.php HTTP/1.1" 500 745 "-" "Mozilla/5.0 (Windows NT 10.0; Win64; x64) AppleWebKit/537.36 (KHTML, like Gecko) Chrome/114.0.0.0 Safari/537.36"
128.1.218.148 - - [16/Apr/2026:08:11:12 +0300] "POST /xmlrpc.php HTTP/1.1" 500 1102 "-" "Mozilla/5.0 (Windows NT 10.0; Win64; x64) AppleWebKit/537.36 (KHTML, like Gecko) Chrome/114.0.0.0 Safari/537.36"
128.1.218.148 - - [16/Apr/2026:08:11:07 +0300] "POST /xmlrpc.php HTTP/1.1" 500 745 "-" "Mozilla/5.0 (Windows NT 10.0; Win64; x64) AppleWebKit/537.36 (KHTML, like Gecko) Chrome/114.0.0.0 Safari/537.36"
52.167.144.203 - - [16/Apr/2026:08:12:28 +0300] "GET /post-sitemap44.xml HTTP/2" 200 0 "-" "Mozilla/5.0 AppleWebKit/537.36 (KHTML, like Gecko; compatible; bingbot/2.0; +http://www.bing.com/bingbot.htm) Chrome/116.0.1938.76 Safari/537.36"
185.216.113.70 - - [16/Apr/2026:08:12:47 +0300] "POST /wp-cron.php?doing_wp_cron=1776316367.7128748893737792968750 HTTP/1.1" 200 448 "-" "WordPress/6.3.8; https://serhatburke.miroglu.net"
128.1.218.148 - - [16/Apr/2026:08:11:21 +0300] "POST /xmlrpc.php HTTP/1.1" 500 745 "-" "Mozilla/5.0 (Windows NT 10.0; Win64; x64) AppleWebKit/537.36 (KHTML, like Gecko) Chrome/114.0.0.0 Safari/537.36"
128.1.218.148 - - [16/Apr/2026:08:11:21 +0300] "POST /xmlrpc.php HTTP/1.1" 500 745 "-" "Mozilla/5.0 (Windows NT 10.0; Win64; x64) AppleWebKit/537.36 (KHTML, like Gecko) Chrome/114.0.0.0 Safari/537.36"
52.167.144.187 - - [16/Apr/2026:08:12:34 +0300] "GET /post-sitemap10.xml HTTP/2" 200 0 "-" "Mozilla/5.0 AppleWebKit/537.36 (KHTML, like Gecko; compatible; bingbot/2.0; +http://www.bing.com/bingbot.htm) Chrome/116.0.1938.76 Safari/537.36"
165.73.240.153 - - [16/Apr/2026:08:11:25 +0300] "POST /xmlrpc.php HTTP/1.1" 500 745 "-" "Mozilla/5.0 (Windows NT 10.0; Win64; x64) AppleWebKit/537.36 (KHTML, like Gecko) Chrome/114.0.0.0 Safari/537.36"
185.216.113.70 - - [16/Apr/2026:08:13:03 +0300] "POST /wp-cron.php?doing_wp_cron=1776316383.3001101016998291015625 HTTP/1.1" 200 448 "-" "WordPress/6.3.8; https://serhatburke.miroglu.net"
52.167.144.16 - - [16/Apr/2026:08:12:41 +0300] "GET /gallery-sitemap.xml HTTP/2" 200 0 "-" "Mozilla/5.0 AppleWebKit/537.36 (KHTML, like Gecko; compatible; bingbot/2.0; +http://www.bing.com/bingbot.htm) Chrome/116.0.1938.76 Safari/537.36"
52.167.144.203 - - [16/Apr/2026:08:12:47 +0300] "GET /post-sitemap35.xml HTTP/2" 200 0 "-" "Mozilla/5.0 AppleWebKit/537.36 (KHTML, like Gecko; compatible; bingbot/2.0; +http://www.bing.com/bingbot.htm) Chrome/116.0.1938.76 Safari/537.36"
98.98.9.18 - - [16/Apr/2026:08:11:44 +0300] "POST /xmlrpc.php HTTP/1.1" 500 745 "-" "Mozilla/5.0 (Windows NT 10.0; Win64; x64) AppleWebKit/537.36 (KHTML, like Gecko) Chrome/114.0.0.0 Safari/537.36"
52.167.144.187 - - [16/Apr/2026:08:12:58 +0300] "GET /post-sitemap45.xml HTTP/2" 200 0 "-" "Mozilla/5.0 AppleWebKit/537.36 (KHTML, like Gecko; compatible; bingbot/2.0; +http://www.bing.com/bingbot.htm) Chrome/116.0.1938.76 Safari/537.36"
128.1.218.148 - - [16/Apr/2026:08:11:49 +0300] "GET /traktandum-boni-exklusive-einzahlungen-2026-casino-internet-casinos-bonus-codes-sichern/ HTTP/1.1" 500 745 "-" "Mozilla/5.0 (Windows NT 10.0; rv:109.0) Gecko/20100101 Firefox/115.0"
128.1.218.148 - - [16/Apr/2026:08:11:52 +0300] "POST /xmlrpc.php HTTP/1.1" 500 745 "-" "Mozilla/5.0 (Windows NT 10.0; Win64; x64) AppleWebKit/537.36 (KHTML, like Gecko) Chrome/114.0.0.0 Safari/537.36"
98.98.9.18 - - [16/Apr/2026:08:11:56 +0300] "GET /?p=113029 HTTP/1.1" 500 745 "-" "Mozilla/5.0 (Windows NT 10.0; Win64; x64; rv:124.0) Gecko/20100101 Firefox/124.0"
165.73.240.153 - - [16/Apr/2026:08:11:57 +0300] "POST /xmlrpc.php HTTP/1.1" 500 745 "-" "Mozilla/5.0 (Windows NT 10.0; Win64; x64) AppleWebKit/537.36 (KHTML, like Gecko) Chrome/114.0.0.0 Safari/537.36"
128.1.218.148 - - [16/Apr/2026:08:11:59 +0300] "POST /xmlrpc.php HTTP/1.1" 500 745 "-" "Mozilla/5.0 (Windows NT 10.0; Win64; x64) AppleWebKit/537.36 (KHTML, like Gecko) Chrome/114.0.0.0 Safari/537.36"
98.98.9.18 - - [16/Apr/2026:08:12:02 +0300] "POST /xmlrpc.php HTTP/1.1" 500 745 "-" "Mozilla/5.0 (Windows NT 10.0; Win64; x64) AppleWebKit/537.36 (KHTML, like Gecko) Chrome/114.0.0.0 Safari/537.36"
165.73.240.153 - - [16/Apr/2026:08:12:05 +0300] "POST /xmlrpc.php HTTP/1.1" 500 745 "-" "Mozilla/5.0 (Windows NT 10.0; Win64; x64) AppleWebKit/537.36 (KHTML, like Gecko) Chrome/114.0.0.0 Safari/537.36"
165.73.240.153 - - [16/Apr/2026:08:12:12 +0300] "POST /xmlrpc.php HTTP/1.1" 500 745 "-" "Mozilla/5.0 (Windows NT 10.0; Win64; x64) AppleWebKit/537.36 (KHTML, like Gecko) Chrome/114.0.0.0 Safari/537.36"
52.167.144.203 - - [16/Apr/2026:08:13:28 +0300] "GET /post-sitemap23.xml HTTP/2" 200 0 "-" "Mozilla/5.0 AppleWebKit/537.36 (KHTML, like Gecko; compatible; bingbot/2.0; +http://www.bing.com/bingbot.htm) Chrome/116.0.1938.76 Safari/537.36"
52.167.144.187 - - [16/Apr/2026:08:13:32 +0300] "GET /post-sitemap19.xml HTTP/2" 200 0 "-" "Mozilla/5.0 AppleWebKit/537.36 (KHTML, like Gecko; compatible; bingbot/2.0; +http://www.bing.com/bingbot.htm) Chrome/116.0.1938.76 Safari/537.36"
185.216.113.70 - - [16/Apr/2026:08:14:24 +0300] "POST /wp-cron.php?doing_wp_cron=1776316463.9087629318237304687500 HTTP/1.1" 200 448 "-" "WordPress/6.3.8; https://serhatburke.miroglu.net"
52.167.144.16 - - [16/Apr/2026:08:13:41 +0300] "GET /post-sitemap6.xml HTTP/2" 200 0 "-" "Mozilla/5.0 AppleWebKit/537.36 (KHTML, like Gecko; compatible; bingbot/2.0; +http://www.bing.com/bingbot.htm) Chrome/116.0.1938.76 Safari/537.36"
165.73.240.153 - - [16/Apr/2026:08:12:30 +0300] "POST /xmlrpc.php HTTP/1.1" 500 745 "-" "Mozilla/5.0 (Windows NT 10.0; Win64; x64) AppleWebKit/537.36 (KHTML, like Gecko) Chrome/114.0.0.0 Safari/537.36"
98.98.9.27 - - [16/Apr/2026:08:12:34 +0300] "POST /xmlrpc.php HTTP/1.1" 500 745 "-" "Mozilla/5.0 (Windows NT 10.0; Win64; x64) AppleWebKit/537.36 (KHTML, like Gecko) Chrome/114.0.0.0 Safari/537.36"
128.1.218.148 - - [16/Apr/2026:08:12:37 +0300] "POST /xmlrpc.php HTTP/1.1" 500 745 "-" "Mozilla/5.0 (Windows NT 10.0; Win64; x64) AppleWebKit/537.36 (KHTML, like Gecko) Chrome/114.0.0.0 Safari/537.36"
52.167.144.203 - - [16/Apr/2026:08:13:48 +0300] "GET /post-sitemap39.xml HTTP/2" 200 0 "-" "Mozilla/5.0 AppleWebKit/537.36 (KHTML, like Gecko; compatible; bingbot/2.0; +http://www.bing.com/bingbot.htm) Chrome/116.0.1938.76 Safari/537.36"
185.216.113.70 - - [16/Apr/2026:08:14:40 +0300] "POST /wp-cron.php?doing_wp_cron=1776316480.0949640274047851562500 HTTP/1.1" 200 448 "-" "WordPress/6.3.8; https://serhatburke.miroglu.net"
128.1.218.148 - - [16/Apr/2026:08:12:47 +0300] "POST /xmlrpc.php HTTP/1.1" 500 745 "-" "Mozilla/5.0 (Windows NT 10.0; Win64; x64) AppleWebKit/537.36 (KHTML, like Gecko) Chrome/114.0.0.0 Safari/537.36"
52.167.144.222 - - [16/Apr/2026:08:13:58 +0300] "GET /post-sitemap15.xml HTTP/2" 200 0 "-" "Mozilla/5.0 AppleWebKit/537.36 (KHTML, like Gecko; compatible; bingbot/2.0; +http://www.bing.com/bingbot.htm) Chrome/116.0.1938.76 Safari/537.36"
185.216.113.70 - - [16/Apr/2026:08:14:52 +0300] "POST /wp-cron.php?doing_wp_cron=1776316492.3019769191741943359375 HTTP/1.1" 200 448 "-" "WordPress/6.3.8; https://serhatburke.miroglu.net"
128.1.218.148 - - [16/Apr/2026:08:13:01 +0300] "GET /?p=113033 HTTP/1.1" 500 745 "-" "Mozilla/5.0 (Windows NT 10.0; Win64; x64) AppleWebKit/537.36 (KHTML, like Gecko) Chrome/109.0.0.0 Safari/537.36"
165.73.240.153 - - [16/Apr/2026:08:13:01 +0300] "POST /xmlrpc.php HTTP/1.1" 500 745 "-" "Mozilla/5.0 (Windows NT 10.0; Win64; x64) AppleWebKit/537.36 (KHTML, like Gecko) Chrome/114.0.0.0 Safari/537.36"
52.167.144.203 - - [16/Apr/2026:08:14:28 +0300] "GET /post-sitemap24.xml HTTP/2" 200 0 "-" "Mozilla/5.0 AppleWebKit/537.36 (KHTML, like Gecko; compatible; bingbot/2.0; +http://www.bing.com/bingbot.htm) Chrome/116.0.1938.76 Safari/537.36"
52.167.144.222 - - [16/Apr/2026:08:14:33 +0300] "GET /post-sitemap48.xml HTTP/2" 200 0 "-" "Mozilla/5.0 AppleWebKit/537.36 (KHTML, like Gecko; compatible; bingbot/2.0; +http://www.bing.com/bingbot.htm) Chrome/116.0.1938.76 Safari/537.36"
98.98.9.18 - - [16/Apr/2026:08:13:24 +0300] "POST /xmlrpc.php HTTP/1.1" 500 745 "-" "Mozilla/5.0 (Windows NT 10.0; Win64; x64) AppleWebKit/537.36 (KHTML, like Gecko) Chrome/114.0.0.0 Safari/537.36"
185.216.113.70 - - [16/Apr/2026:08:15:28 +0300] "POST /wp-cron.php?doing_wp_cron=1776316528.2088930606842041015625 HTTP/1.1" 200 448 "-" "WordPress/6.3.8; https://serhatburke.miroglu.net"
98.98.9.18 - - [16/Apr/2026:08:13:36 +0300] "POST /xmlrpc.php HTTP/1.1" 200 627 "-" "Mozilla/5.0 (Windows NT 10.0; Win64; x64) AppleWebKit/537.36 (KHTML, like Gecko) Chrome/114.0.0.0 Safari/537.36"
52.167.144.16 - - [16/Apr/2026:08:14:41 +0300] "GET /post_tag-sitemap.xml HTTP/2" 200 0 "-" "Mozilla/5.0 AppleWebKit/537.36 (KHTML, like Gecko; compatible; bingbot/2.0; +http://www.bing.com/bingbot.htm) Chrome/116.0.1938.76 Safari/537.36"
128.1.218.148 - - [16/Apr/2026:08:13:29 +0300] "POST /xmlrpc.php HTTP/1.1" 500 745 "-" "Mozilla/5.0 (Windows NT 10.0; Win64; x64) AppleWebKit/537.36 (KHTML, like Gecko) Chrome/114.0.0.0 Safari/537.36"
128.1.218.148 - - [16/Apr/2026:08:13:32 +0300] "POST /xmlrpc.php HTTP/1.1" 500 745 "-" "Mozilla/5.0 (Windows NT 10.0; Win64; x64) AppleWebKit/537.36 (KHTML, like Gecko) Chrome/114.0.0.0 Safari/537.36"
52.167.144.203 - - [16/Apr/2026:08:14:48 +0300] "GET /slider-sitemap.xml HTTP/2" 200 0 "-" "Mozilla/5.0 AppleWebKit/537.36 (KHTML, like Gecko; compatible; bingbot/2.0; +http://www.bing.com/bingbot.htm) Chrome/116.0.1938.76 Safari/537.36"
165.73.240.153 - - [16/Apr/2026:08:13:37 +0300] "POST /xmlrpc.php HTTP/1.1" 500 745 "-" "Mozilla/5.0 (Windows NT 10.0; Win64; x64) AppleWebKit/537.36 (KHTML, like Gecko) Chrome/114.0.0.0 Safari/537.36"
165.73.240.153 - - [16/Apr/2026:08:13:45 +0300] "GET /?p=113037 HTTP/1.1" 500 745 "-" "Mozilla/5.0 (Windows NT 10.0; Win64; x64) AppleWebKit/537.36 (KHTML, like Gecko) Chrome/124.0.0.0 Safari/537.36 Edg/124.0.0.0"
185.216.113.70 - - [16/Apr/2026:08:15:55 +0300] "POST /wp-cron.php?doing_wp_cron=1776316555.2109489440917968750000 HTTP/1.1" 200 448 "-" "WordPress/6.3.8; https://serhatburke.miroglu.net"
98.98.9.27 - - [16/Apr/2026:08:14:14 +0300] "POST /xmlrpc.php HTTP/1.1" 500 1102 "-" "Mozilla/5.0 (Windows NT 10.0; Win64; x64) AppleWebKit/537.36 (KHTML, like Gecko) Chrome/114.0.0.0 Safari/537.36"
185.216.113.70 - - [16/Apr/2026:08:16:17 +0300] "POST /wp-cron.php?doing_wp_cron=1776316577.4010550975799560546875 HTTP/1.1" 200 448 "-" "WordPress/6.3.8; https://serhatburke.miroglu.net"
52.167.144.203 - - [16/Apr/2026:08:15:28 +0300] "GET /post-sitemap31.xml HTTP/2" 200 0 "-" "Mozilla/5.0 AppleWebKit/537.36 (KHTML, like Gecko; compatible; bingbot/2.0; +http://www.bing.com/bingbot.htm) Chrome/116.0.1938.76 Safari/537.36"
128.1.218.148 - - [16/Apr/2026:08:14:41 +0300] "POST /xmlrpc.php HTTP/1.1" 200 627 "-" "Mozilla/5.0 (Windows NT 10.0; Win64; x64) AppleWebKit/537.36 (KHTML, like Gecko) Chrome/114.0.0.0 Safari/537.36"
128.1.218.148 - - [16/Apr/2026:08:14:17 +0300] "POST /xmlrpc.php HTTP/1.1" 500 745 "-" "Mozilla/5.0 (Windows NT 10.0; Win64; x64) AppleWebKit/537.36 (KHTML, like Gecko) Chrome/114.0.0.0 Safari/537.36"
185.216.113.70 - - [16/Apr/2026:08:16:19 +0300] "POST /wp-cron.php?doing_wp_cron=1776316579.5991520881652832031250 HTTP/1.1" 200 448 "-" "WordPress/6.3.8; https://serhatburke.miroglu.net"
165.73.240.153 - - [16/Apr/2026:08:14:41 +0300] "POST /xmlrpc.php HTTP/1.1" 500 1102 "-" "Mozilla/5.0 (Windows NT 10.0; Win64; x64) AppleWebKit/537.36 (KHTML, like Gecko) Chrome/114.0.0.0 Safari/537.36"
52.167.144.222 - - [16/Apr/2026:08:15:32 +0300] "GET /post-sitemap51.xml HTTP/2" 200 0 "-" "Mozilla/5.0 AppleWebKit/537.36 (KHTML, like Gecko; compatible; bingbot/2.0; +http://www.bing.com/bingbot.htm) Chrome/116.0.1938.76 Safari/537.36"
52.167.144.16 - - [16/Apr/2026:08:15:41 +0300] "GET /post-sitemap49.xml HTTP/2" 200 0 "-" "Mozilla/5.0 AppleWebKit/537.36 (KHTML, like Gecko; compatible; bingbot/2.0; +http://www.bing.com/bingbot.htm) Chrome/116.0.1938.76 Safari/537.36"
52.167.144.203 - - [16/Apr/2026:08:15:48 +0300] "GET /post-sitemap30.xml HTTP/2" 200 0 "-" "Mozilla/5.0 AppleWebKit/537.36 (KHTML, like Gecko; compatible; bingbot/2.0; +http://www.bing.com/bingbot.htm) Chrome/116.0.1938.76 Safari/537.36"
52.167.144.16 - - [16/Apr/2026:08:15:53 +0300] "GET /post-sitemap52.xml HTTP/2" 200 0 "-" "Mozilla/5.0 AppleWebKit/537.36 (KHTML, like Gecko; compatible; bingbot/2.0; +http://www.bing.com/bingbot.htm) Chrome/116.0.1938.76 Safari/537.36"
185.216.113.70 - - [16/Apr/2026:08:16:44 +0300] "POST /wp-cron.php?doing_wp_cron=1776316604.4042949676513671875000 HTTP/1.1" 200 448 "-" "WordPress/6.3.8; https://serhatburke.miroglu.net"
66.249.73.14 - - [16/Apr/2026:08:15:07 +0300] "GET /betonred-casino-apostas-mais-menos-e-a-experiencia-para-jogadores-em-portugal/ HTTP/1.1" 200 18614 "-" "Mozilla/5.0 (Linux; Android 6.0.1; Nexus 5X Build/MMB29P) AppleWebKit/537.36 (KHTML, like Gecko) Chrome/146.0.7680.177 Mobile Safari/537.36 (compatible; Googlebot/2.1; +http://www.google.com/bot.html)"
185.216.113.70 - - [16/Apr/2026:08:16:49 +0300] "POST /wp-cron.php?doing_wp_cron=1776316609.0984380245208740234375 HTTP/1.1" 200 448 "-" "WordPress/6.3.8; https://serhatburke.miroglu.net"
165.73.240.153 - - [16/Apr/2026:08:15:25 +0300] "POST /xmlrpc.php HTTP/1.1" 200 627 "-" "Mozilla/5.0 (Windows NT 10.0; Win64; x64) AppleWebKit/537.36 (KHTML, like Gecko) Chrome/114.0.0.0 Safari/537.36"
52.167.144.203 - - [16/Apr/2026:08:16:28 +0300] "GET /post-sitemap26.xml HTTP/2" 200 0 "-" "Mozilla/5.0 AppleWebKit/537.36 (KHTML, like Gecko; compatible; bingbot/2.0; +http://www.bing.com/bingbot.htm) Chrome/116.0.1938.76 Safari/537.36"
52.167.144.222 - - [16/Apr/2026:08:16:33 +0300] "GET /post-sitemap16.xml HTTP/2" 200 0 "-" "Mozilla/5.0 AppleWebKit/537.36 (KHTML, like Gecko; compatible; bingbot/2.0; +http://www.bing.com/bingbot.htm) Chrome/116.0.1938.76 Safari/537.36"
185.216.113.70 - - [16/Apr/2026:08:17:26 +0300] "POST /wp-cron.php?doing_wp_cron=1776316646.3188989162445068359375 HTTP/1.1" 200 448 "-" "WordPress/6.3.8; https://serhatburke.miroglu.net"
66.249.73.15 - - [16/Apr/2026:08:17:17 +0300] "GET /no-title/ HTTP/1.1" 200 0 "https://korput.driftlogic-games.biz/" "Mozilla/5.0 (Linux; Android 6.0.1; Nexus 5X Build/MMB29P) AppleWebKit/537.36 (KHTML, like Gecko) Chrome/146.0.7680.177 Mobile Safari/537.36 (compatible; Googlebot/2.1; +http://www.google.com/bot.html)"
40.77.167.55 - - [16/Apr/2026:08:16:42 +0300] "GET /post-sitemap40.xml HTTP/2" 200 0 "-" "Mozilla/5.0 AppleWebKit/537.36 (KHTML, like Gecko; compatible; bingbot/2.0; +http://www.bing.com/bingbot.htm) Chrome/116.0.1938.76 Safari/537.36"
40.77.167.75 - - [16/Apr/2026:08:16:48 +0300] "GET /post-sitemap9.xml HTTP/2" 200 0 "-" "Mozilla/5.0 AppleWebKit/537.36 (KHTML, like Gecko; compatible; bingbot/2.0; +http://www.bing.com/bingbot.htm) Chrome/116.0.1938.76 Safari/537.36"
186.168.246.194 - - [16/Apr/2026:08:16:51 +0300] "POST /xmlrpc.php HTTP/2" 200 204 "-" "XML-RPC for PHP 4.11.1"
40.77.167.55 - - [16/Apr/2026:08:17:01 +0300] "GET /post-sitemap41.xml HTTP/2" 200 0 "-" "Mozilla/5.0 AppleWebKit/537.36 (KHTML, like Gecko; compatible; bingbot/2.0; +http://www.bing.com/bingbot.htm) Chrome/116.0.1938.76 Safari/537.36"
40.77.167.55 - - [16/Apr/2026:08:17:42 +0300] "GET /portfolio-sitemap.xml HTTP/2" 200 606 "-" "Mozilla/5.0 AppleWebKit/537.36 (KHTML, like Gecko; compatible; bingbot/2.0; +http://www.bing.com/bingbot.htm) Chrome/116.0.1938.76 Safari/537.36"
52.167.144.222 - - [16/Apr/2026:08:17:28 +0300] "GET /post-sitemap25.xml HTTP/2" 200 102284 "-" "Mozilla/5.0 AppleWebKit/537.36 (KHTML, like Gecko; compatible; bingbot/2.0; +http://www.bing.com/bingbot.htm) Chrome/116.0.1938.76 Safari/537.36"
40.77.167.75 - - [16/Apr/2026:08:17:33 +0300] "GET /post-sitemap47.xml HTTP/2" 200 71136 "-" "Mozilla/5.0 AppleWebKit/537.36 (KHTML, like Gecko; compatible; bingbot/2.0; +http://www.bing.com/bingbot.htm) Chrome/116.0.1938.76 Safari/537.36"
40.77.167.75 - - [16/Apr/2026:08:17:48 +0300] "GET /post-sitemap27.xml HTTP/2" 200 111723 "-" "Mozilla/5.0 AppleWebKit/537.36 (KHTML, like Gecko; compatible; bingbot/2.0; +http://www.bing.com/bingbot.htm) Chrome/116.0.1938.76 Safari/537.36"
40.77.167.55 - - [16/Apr/2026:08:18:22 +0300] "GET /post-sitemap28.xml HTTP/2" 200 95953 "-" "Mozilla/5.0 AppleWebKit/537.36 (KHTML, like Gecko; compatible; bingbot/2.0; +http://www.bing.com/bingbot.htm) Chrome/116.0.1938.76 Safari/537.36"
40.77.167.75 - - [16/Apr/2026:08:18:29 +0300] "GET /post-sitemap38.xml HTTP/2" 200 80060 "-" "Mozilla/5.0 AppleWebKit/537.36 (KHTML, like Gecko; compatible; bingbot/2.0; +http://www.bing.com/bingbot.htm) Chrome/116.0.1938.76 Safari/537.36"
52.167.144.222 - - [16/Apr/2026:08:18:33 +0300] "GET /post-sitemap13.xml HTTP/2" 200 66725 "-" "Mozilla/5.0 AppleWebKit/537.36 (KHTML, like Gecko; compatible; bingbot/2.0; +http://www.bing.com/bingbot.htm) Chrome/116.0.1938.76 Safari/537.36"
40.77.167.55 - - [16/Apr/2026:08:18:43 +0300] "GET /post-sitemap33.xml HTTP/2" 200 119341 "-" "Mozilla/5.0 AppleWebKit/537.36 (KHTML, like Gecko; compatible; bingbot/2.0; +http://www.bing.com/bingbot.htm) Chrome/116.0.1938.76 Safari/537.36"
40.77.167.75 - - [16/Apr/2026:08:18:47 +0300] "GET /post-sitemap14.xml HTTP/2" 200 88875 "-" "Mozilla/5.0 AppleWebKit/537.36 (KHTML, like Gecko; compatible; bingbot/2.0; +http://www.bing.com/bingbot.htm) Chrome/116.0.1938.76 Safari/537.36"
185.216.113.70 - - [16/Apr/2026:08:19:21 +0300] "POST /wp-cron.php?doing_wp_cron=1776316761.8263659477233886718750 HTTP/1.1" 200 448 "-" "WordPress/6.3.8; https://serhatburke.miroglu.net"
185.216.113.70 - - [16/Apr/2026:08:19:25 +0300] "POST /wp-cron.php?doing_wp_cron=1776316765.6093139648437500000000 HTTP/1.1" 200 448 "-" "WordPress/6.3.8; https://serhatburke.miroglu.net"
40.77.167.75 - - [16/Apr/2026:08:19:09 +0300] "GET /post-sitemap12.xml HTTP/2" 200 85638 "-" "Mozilla/5.0 AppleWebKit/537.36 (KHTML, like Gecko; compatible; bingbot/2.0; +http://www.bing.com/bingbot.htm) Chrome/116.0.1938.76 Safari/537.36"
40.77.167.55 - - [16/Apr/2026:08:19:12 +0300] "GET /post-sitemap18.xml HTTP/2" 200 97897 "-" "Mozilla/5.0 AppleWebKit/537.36 (KHTML, like Gecko; compatible; bingbot/2.0; +http://www.bing.com/bingbot.htm) Chrome/116.0.1938.76 Safari/537.36"
40.77.167.75 - - [16/Apr/2026:08:19:38 +0300] "GET /portfolio-type-sitemap.xml HTTP/2" 200 479 "-" "Mozilla/5.0 AppleWebKit/537.36 (KHTML, like Gecko; compatible; bingbot/2.0; +http://www.bing.com/bingbot.htm) Chrome/116.0.1938.76 Safari/537.36"
185.216.113.70 - - [16/Apr/2026:08:19:55 +0300] "POST /wp-cron.php?doing_wp_cron=1776316795.7769958972930908203125 HTTP/1.1" 200 448 "-" "WordPress/6.3.8; https://serhatburke.miroglu.net"
40.77.167.55 - - [16/Apr/2026:08:19:43 +0300] "GET /post-sitemap11.xml HTTP/2" 200 112172 "-" "Mozilla/5.0 AppleWebKit/537.36 (KHTML, like Gecko; compatible; bingbot/2.0; +http://www.bing.com/bingbot.htm) Chrome/116.0.1938.76 Safari/537.36"
66.249.73.14 - - [16/Apr/2026:08:19:56 +0300] "GET /betonred-casino-apostas-mais-menos-e-a-experiencia-para-jogadores-em-portugal/ HTTP/1.1" 200 0 "https://korput.driftlogic-games.biz/" "Mozilla/5.0 (Linux; Android 6.0.1; Nexus 5X Build/MMB29P) AppleWebKit/537.36 (KHTML, like Gecko) Chrome/146.0.7680.177 Mobile Safari/537.36 (compatible; Googlebot/2.1; +http://www.google.com/bot.html)"
52.167.144.222 - - [16/Apr/2026:08:19:49 +0300] "GET /post-sitemap34.xml HTTP/2" 200 71550 "-" "Mozilla/5.0 AppleWebKit/537.36 (KHTML, like Gecko; compatible; bingbot/2.0; +http://www.bing.com/bingbot.htm) Chrome/116.0.1938.76 Safari/537.36"
40.77.167.75 - - [16/Apr/2026:08:19:58 +0300] "GET /gallery-type-sitemap.xml HTTP/2" 200 522 "-" "Mozilla/5.0 AppleWebKit/537.36 (KHTML, like Gecko; compatible; bingbot/2.0; +http://www.bing.com/bingbot.htm) Chrome/116.0.1938.76 Safari/537.36"
40.77.167.75 - - [16/Apr/2026:08:20:18 +0300] "GET /post-sitemap43.xml HTTP/2" 200 82435 "-" "Mozilla/5.0 AppleWebKit/537.36 (KHTML, like Gecko; compatible; bingbot/2.0; +http://www.bing.com/bingbot.htm) Chrome/116.0.1938.76 Safari/537.36"
185.216.113.70 - - [16/Apr/2026:08:21:01 +0300] "POST /wp-cron.php?doing_wp_cron=1776316861.8691918849945068359375 HTTP/1.1" 200 448 "-" "WordPress/6.3.8; https://serhatburke.miroglu.net"
40.77.167.75 - - [16/Apr/2026:08:20:49 +0300] "GET /post-sitemap17.xml HTTP/2" 200 93986 "-" "Mozilla/5.0 AppleWebKit/537.36 (KHTML, like Gecko; compatible; bingbot/2.0; +http://www.bing.com/bingbot.htm) Chrome/116.0.1938.76 Safari/537.36"
185.216.113.70 - - [16/Apr/2026:08:21:47 +0300] "POST /wp-cron.php?doing_wp_cron=1776316907.4021070003509521484375 HTTP/1.1" 200 448 "-" "WordPress/6.3.8; https://serhatburke.miroglu.net"
128.1.218.166 - - [16/Apr/2026:08:21:34 +0300] "POST /xmlrpc.php HTTP/1.1" 200 630 "-" "Mozilla/5.0 (Windows NT 10.0; Win64; x64) AppleWebKit/537.36 (KHTML, like Gecko) Chrome/114.0.0.0 Safari/537.36"
40.77.167.75 - - [16/Apr/2026:08:21:38 +0300] "GET /category-sitemap.xml HTTP/2" 200 2180 "-" "Mozilla/5.0 AppleWebKit/537.36 (KHTML, like Gecko; compatible; bingbot/2.0; +http://www.bing.com/bingbot.htm) Chrome/116.0.1938.76 Safari/537.36"
128.1.218.166 - - [16/Apr/2026:08:21:56 +0300] "POST /xmlrpc.php HTTP/1.1" 200 14530 "-" "Mozilla/5.0 (Windows NT 10.0; Win64; x64) AppleWebKit/537.36 (KHTML, like Gecko) Chrome/114.0.0.0 Safari/537.36"
52.167.144.222 - - [16/Apr/2026:08:21:49 +0300] "GET /post-sitemap29.xml HTTP/2" 200 104831 "-" "Mozilla/5.0 AppleWebKit/537.36 (KHTML, like Gecko; compatible; bingbot/2.0; +http://www.bing.com/bingbot.htm) Chrome/116.0.1938.76 Safari/537.36"
128.1.218.166 - - [16/Apr/2026:08:22:16 +0300] "GET /thunderstruck-davinci-diamonds-game-ii-ports-opinion-able-to-play-gambling-enterprise-games/ HTTP/1.1" 200 76332 "-" "Mozilla/5.0 (Windows NT 10.0; Win64; x64; rv:125.0) Gecko/20100101 Firefox/125.0"
185.216.113.70 - - [16/Apr/2026:08:22:44 +0300] "POST /wp-cron.php?doing_wp_cron=1776316964.4813320636749267578125 HTTP/1.1" 200 448 "-" "WordPress/6.3.8; https://serhatburke.miroglu.net"
185.101.21.87 - - [16/Apr/2026:08:22:33 +0300] "GET / HTTP/2" 200 18374 "-" "Mozilla/5.0 (Macintosh; Intel Mac OS X 10_15_7) AppleWebKit/537.36 (KHTML, like Gecko) Chrome/120.0.0.0 Safari/537.36"
185.216.113.70 - - [16/Apr/2026:08:23:40 +0300] "POST /wp-cron.php?doing_wp_cron=1776317020.8430919647216796875000 HTTP/1.1" 200 448 "-" "WordPress/6.3.8; https://serhatburke.miroglu.net"
40.77.167.75 - - [16/Apr/2026:08:23:29 +0300] "GET /post-sitemap37.xml HTTP/2" 200 72643 "-" "Mozilla/5.0 AppleWebKit/537.36 (KHTML, like Gecko; compatible; bingbot/2.0; +http://www.bing.com/bingbot.htm) Chrome/116.0.1938.76 Safari/537.36"
40.77.167.55 - - [16/Apr/2026:08:23:41 +0300] "GET /post-sitemap20.xml HTTP/2" 200 98134 "-" "Mozilla/5.0 AppleWebKit/537.36 (KHTML, like Gecko; compatible; bingbot/2.0; +http://www.bing.com/bingbot.htm) Chrome/116.0.1938.76 Safari/537.36"
52.167.144.222 - - [16/Apr/2026:08:23:49 +0300] "GET /page-sitemap.xml HTTP/2" 200 794 "-" "Mozilla/5.0 AppleWebKit/537.36 (KHTML, like Gecko; compatible; bingbot/2.0; +http://www.bing.com/bingbot.htm) Chrome/116.0.1938.76 Safari/537.36"
185.216.113.70 - - [16/Apr/2026:08:27:29 +0300] "POST /wp-cron.php?doing_wp_cron=1776317249.8621668815612792968750 HTTP/1.1" 200 448 "-" "WordPress/6.3.8; https://serhatburke.miroglu.net"
107.152.46.252 - - [16/Apr/2026:08:27:14 +0300] "GET /beste-casino-site-belgie-hoge-inzet/ HTTP/1.1" 200 18595 "https://serhatburke.miroglu.net/" "Mozilla/5.0 (X11; Fedora; Linux x86_64; rv:114.0) Gecko/20100101 Firefox/114.0"
107.152.46.252 - - [16/Apr/2026:08:27:33 +0300] "POST /wp-comments-post.php HTTP/1.1" 302 1083 "https://serhatburke.miroglu.net/beste-casino-site-belgie-hoge-inzet/" "Mozilla/5.0 (X11; Fedora; Linux x86_64; rv:114.0) Gecko/20100101 Firefox/114.0"
107.152.46.252 - - [16/Apr/2026:08:27:46 +0300] "GET /beste-casino-site-belgie-hoge-inzet/?unapproved=405&moderation-hash=f6134e88647b12336c4ee943d56e2ccc HTTP/1.1" 200 19050 "https://serhatburke.miroglu.net/wp-comments-post.php" "Mozilla/5.0 (X11; Fedora; Linux x86_64; rv:114.0) Gecko/20100101 Firefox/114.0"
107.152.46.252 - - [16/Apr/2026:08:28:00 +0300] "GET /beste-casino-site-belgie-hoge-inzet/ HTTP/1.1" 200 18613 "-" "Mozilla/5.0 (X11; Fedora; Linux x86_64; rv:114.0) Gecko/20100101 Firefox/114.0"
185.216.113.70 - - [16/Apr/2026:08:29:01 +0300] "POST /wp-cron.php?doing_wp_cron=1776317340.9065430164337158203125 HTTP/1.1" 200 448 "-" "WordPress/6.3.8; https://serhatburke.miroglu.net"
128.1.218.166 - - [16/Apr/2026:08:28:48 +0300] "POST /xmlrpc.php HTTP/1.1" 200 630 "-" "Mozilla/5.0 (Windows NT 10.0; Win64; x64) AppleWebKit/537.36 (KHTML, like Gecko) Chrome/114.0.0.0 Safari/537.36"
128.1.218.166 - - [16/Apr/2026:08:29:08 +0300] "POST /xmlrpc.php HTTP/1.1" 200 14403 "-" "Mozilla/5.0 (Windows NT 10.0; Win64; x64) AppleWebKit/537.36 (KHTML, like Gecko) Chrome/114.0.0.0 Safari/537.36"
128.1.218.166 - - [16/Apr/2026:08:29:21 +0300] "GET /roblox-discounts-and-you-may-totally-free-things-listing-how-to-get-bonus-in-goldbet-to-have-2026/ HTTP/1.1" 200 76392 "-" "Mozilla/5.0 (Windows NT 10.0; Win64; x64) AppleWebKit/537.36 (KHTML, like Gecko) Chrome/124.0.0.0 Safari/537.36"
185.216.113.70 - - [16/Apr/2026:08:30:52 +0300] "POST /wp-cron.php?doing_wp_cron=1776317451.9794600009918212890625 HTTP/1.1" 200 448 "-" "WordPress/6.3.8; https://serhatburke.miroglu.net"
95.217.195.67 - - [16/Apr/2026:08:30:39 +0300] "GET /casino-online-skrill-prelievo-veloce/ HTTP/1.1" 200 18142 "-" "Mozilla/5.0 (compatible; Googlebot/2.1; +http://www.google.com/bot.html)"
107.152.46.252 - - [16/Apr/2026:08:30:57 +0300] "GET /beste-casino-site-belgie-hoge-inzet/ HTTP/1.1" 200 18613 "-" "Mozilla/5.0 (Windows NT 10.0) AppleWebKit/537.36 (KHTML, like Gecko) Chrome/114.0.0.0 Safari/537.36"
185.216.113.70 - - [16/Apr/2026:08:32:15 +0300] "POST /wp-cron.php?doing_wp_cron=1776317535.4155681133270263671875 HTTP/1.1" 200 448 "-" "WordPress/6.3.8; https://serhatburke.miroglu.net"
128.1.218.166 - - [16/Apr/2026:08:32:03 +0300] "POST /xmlrpc.php HTTP/1.1" 200 630 "-" "Mozilla/5.0 (Windows NT 10.0; Win64; x64) AppleWebKit/537.36 (KHTML, like Gecko) Chrome/114.0.0.0 Safari/537.36"
128.1.218.166 - - [16/Apr/2026:08:32:22 +0300] "POST /xmlrpc.php HTTP/1.1" 200 14128 "-" "Mozilla/5.0 (Windows NT 10.0; Win64; x64) AppleWebKit/537.36 (KHTML, like Gecko) Chrome/114.0.0.0 Safari/537.36"
35.224.168.243 - - [16/Apr/2026:08:32:22 +0300] "GET /wp-admin/options-reading.php HTTP/2" 302 0 "-" "Mozilla/5.0 (X11; Linux x86_64) AppleWebKit/537.36 (KHTML, like Gecko) HeadlessChrome/136.0.7103.25 Safari/537.36"
35.224.168.243 - - [16/Apr/2026:08:32:36 +0300] "GET /wp-login.php?redirect_to=https%3A%2F%2Fserhatburke.miroglu.net%2Fwp-admin%2Foptions-reading.php&reauth=1 HTTP/2" 200 0 "-" "Mozilla/5.0 (X11; Linux x86_64) AppleWebKit/537.36 (KHTML, like Gecko) HeadlessChrome/136.0.7103.25 Safari/537.36"
185.216.113.70 - - [16/Apr/2026:08:32:55 +0300] "POST /wp-cron.php?doing_wp_cron=1776317574.9933090209960937500000 HTTP/1.1" 200 448 "-" "WordPress/6.3.8; https://serhatburke.miroglu.net"
35.224.168.243 - - [16/Apr/2026:08:32:38 +0300] "GET /wp-admin/options-reading.php HTTP/2" 302 0 "-" "Mozilla/5.0 (X11; Linux x86_64) AppleWebKit/537.36 (KHTML, like Gecko) HeadlessChrome/136.0.7103.25 Safari/537.36"
165.73.240.153 - - [16/Apr/2026:08:32:38 +0300] "POST /xmlrpc.php HTTP/1.1" 200 630 "-" "Mozilla/5.0 (Windows NT 10.0; Win64; x64) AppleWebKit/537.36 (KHTML, like Gecko) Chrome/114.0.0.0 Safari/537.36"
128.1.218.166 - - [16/Apr/2026:08:32:38 +0300] "GET /thunderstruck-ii-deposit-10-casinos-slot-remark/ HTTP/1.1" 200 74626 "-" "Mozilla/5.0 (Windows NT 10.0; Win64; x64) AppleWebKit/537.36 (KHTML, like Gecko) Chrome/122.0.0.0 Safari/537.36"
35.224.168.243 - - [16/Apr/2026:08:32:55 +0300] "GET /wp-admin/options-reading.php HTTP/2" 302 0 "-" "Mozilla/5.0 (X11; Linux x86_64) AppleWebKit/537.36 (KHTML, like Gecko) HeadlessChrome/136.0.7103.25 Safari/537.36"
35.224.168.243 - - [16/Apr/2026:08:33:09 +0300] "GET /wp-login.php?redirect_to=https%3A%2F%2Fserhatburke.miroglu.net%2Fwp-admin%2Foptions-reading.php&reauth=1 HTTP/2" 200 0 "-" "Mozilla/5.0 (X11; Linux x86_64) AppleWebKit/537.36 (KHTML, like Gecko) HeadlessChrome/136.0.7103.25 Safari/537.36"
165.73.240.153 - - [16/Apr/2026:08:33:04 +0300] "POST /xmlrpc.php HTTP/1.1" 200 12499 "-" "Mozilla/5.0 (Windows NT 10.0; Win64; x64) AppleWebKit/537.36 (KHTML, like Gecko) Chrome/114.0.0.0 Safari/537.36"
165.73.240.153 - - [16/Apr/2026:08:33:19 +0300] "GET /family-from-fun-free-coins-starscape-mobile-and-revolves-february-2026/ HTTP/1.1" 200 73960 "-" "Mozilla/5.0 (Windows NT 10.0; Win64; x64; rv:124.0) Gecko/20100101 Firefox/124.0"
185.216.113.70 - - [16/Apr/2026:08:35:16 +0300] "POST /wp-cron.php?doing_wp_cron=1776317716.3588979244232177734375 HTTP/1.1" 200 448 "-" "WordPress/6.3.8; https://serhatburke.miroglu.net"
128.1.218.166 - - [16/Apr/2026:08:35:03 +0300] "POST /xmlrpc.php HTTP/1.1" 200 630 "-" "Mozilla/5.0 (Windows NT 10.0; Win64; x64) AppleWebKit/537.36 (KHTML, like Gecko) Chrome/114.0.0.0 Safari/537.36"
128.1.218.166 - - [16/Apr/2026:08:35:23 +0300] "POST /xmlrpc.php HTTP/1.1" 200 14485 "-" "Mozilla/5.0 (Windows NT 10.0; Win64; x64) AppleWebKit/537.36 (KHTML, like Gecko) Chrome/114.0.0.0 Safari/537.36"
185.216.113.70 - - [16/Apr/2026:08:35:49 +0300] "POST /wp-cron.php?doing_wp_cron=1776317749.4908750057220458984375 HTTP/1.1" 200 448 "-" "WordPress/6.3.8; https://serhatburke.miroglu.net"
128.1.218.166 - - [16/Apr/2026:08:35:38 +0300] "GET /while-you-are-a-first-time-guest-wed-like-to-extend-for-your-requirements-a-large-first-deposit-gambling-enterprise-invited-extra-as-high-as-r11five-hundred-just-for-signing-up-to-play-from-the-sp/ HTTP/1.1" 200 81860 "-" "Mozilla/5.0 (Windows NT 10.0; rv:125.0) Gecko/20100101 Firefox/125.0"
128.1.218.148 - - [16/Apr/2026:08:35:50 +0300] "POST /xmlrpc.php HTTP/1.1" 200 630 "-" "Mozilla/5.0 (Windows NT 10.0; Win64; x64) AppleWebKit/537.36 (KHTML, like Gecko) Chrome/114.0.0.0 Safari/537.36"
185.216.113.70 - - [16/Apr/2026:08:36:20 +0300] "POST /wp-cron.php?doing_wp_cron=1776317780.8852519989013671875000 HTTP/1.1" 200 448 "-" "WordPress/6.3.8; https://serhatburke.miroglu.net"
128.1.218.148 - - [16/Apr/2026:08:36:08 +0300] "POST /xmlrpc.php HTTP/1.1" 200 15317 "-" "Mozilla/5.0 (Windows NT 10.0; Win64; x64) AppleWebKit/537.36 (KHTML, like Gecko) Chrome/114.0.0.0 Safari/537.36"
128.1.218.148 - - [16/Apr/2026:08:36:22 +0300] "GET /blackjack-angeschlossen-2026-jetzt-gehen-beherrschen-gratis-echtgeld-partie/ HTTP/1.1" 200 77169 "-" "Mozilla/5.0 (Windows NT 10.0; Win64; x64) AppleWebKit/537.36 (KHTML, like Gecko) Chrome/123.0.0.0 Safari/537.36 OPR/109.0.0.0"
185.216.113.70 - - [16/Apr/2026:08:37:43 +0300] "POST /wp-cron.php?doing_wp_cron=1776317863.0587000846862792968750 HTTP/1.1" 200 448 "-" "WordPress/6.3.8; https://serhatburke.miroglu.net"
128.1.218.166 - - [16/Apr/2026:08:37:30 +0300] "POST /xmlrpc.php HTTP/1.1" 200 630 "-" "Mozilla/5.0 (Windows NT 10.0; Win64; x64) AppleWebKit/537.36 (KHTML, like Gecko) Chrome/114.0.0.0 Safari/537.36"
128.1.218.166 - - [16/Apr/2026:08:37:50 +0300] "POST /xmlrpc.php HTTP/1.1" 200 14422 "-" "Mozilla/5.0 (Windows NT 10.0; Win64; x64) AppleWebKit/537.36 (KHTML, like Gecko) Chrome/114.0.0.0 Safari/537.36"
128.1.218.166 - - [16/Apr/2026:08:38:07 +0300] "GET /thunderstruck-position-incentives-queen-of-the-nile-slot-free-spins-totally-free-play/ HTTP/1.1" 200 75911 "-" "Mozilla/5.0 (Windows NT 10.0; Win64; x64) AppleWebKit/537.36 (KHTML, like Gecko) Chrome/124.0.0.0 Safari/537.36"
185.216.113.70 - - [16/Apr/2026:08:39:35 +0300] "POST /wp-cron.php?doing_wp_cron=1776317975.2931020259857177734375 HTTP/1.1" 200 448 "-" "WordPress/6.3.8; https://serhatburke.miroglu.net"
128.1.218.166 - - [16/Apr/2026:08:39:23 +0300] "POST /xmlrpc.php HTTP/1.1" 200 630 "-" "Mozilla/5.0 (Windows NT 10.0; Win64; x64) AppleWebKit/537.36 (KHTML, like Gecko) Chrome/114.0.0.0 Safari/537.36"
128.1.218.166 - - [16/Apr/2026:08:39:41 +0300] "POST /xmlrpc.php HTTP/1.1" 200 14038 "-" "Mozilla/5.0 (Windows NT 10.0; Win64; x64) AppleWebKit/537.36 (KHTML, like Gecko) Chrome/114.0.0.0 Safari/537.36"
128.1.218.166 - - [16/Apr/2026:08:39:55 +0300] "GET /tips-casino-all-slots-login-winnings-from-the-black-jack/ HTTP/1.1" 200 74771 "-" "Mozilla/5.0 (Windows NT 10.0; Win64; x64) AppleWebKit/537.36 (KHTML, like Gecko) Chrome/124.0.0.0 Safari/537.36 Edg/124.0.0.0"
185.216.113.70 - - [16/Apr/2026:08:41:20 +0300] "POST /wp-cron.php?doing_wp_cron=1776318080.4705109596252441406250 HTTP/1.1" 200 448 "-" "WordPress/6.3.8; https://serhatburke.miroglu.net"
128.1.218.166 - - [16/Apr/2026:08:41:08 +0300] "POST /xmlrpc.php HTTP/1.1" 200 630 "-" "Mozilla/5.0 (Windows NT 10.0; Win64; x64) AppleWebKit/537.36 (KHTML, like Gecko) Chrome/114.0.0.0 Safari/537.36"
128.1.218.166 - - [16/Apr/2026:08:41:27 +0300] "POST /xmlrpc.php HTTP/1.1" 200 14141 "-" "Mozilla/5.0 (Windows NT 10.0; Win64; x64) AppleWebKit/537.36 (KHTML, like Gecko) Chrome/114.0.0.0 Safari/537.36"
66.249.73.1 - - [16/Apr/2026:08:41:29 +0300] "GET /robots.txt HTTP/1.1" 200 719 "-" "Mozilla/5.0 (compatible; Googlebot/2.1; +http://www.google.com/bot.html)"
185.216.113.70 - - [16/Apr/2026:08:41:55 +0300] "POST /wp-cron.php?doing_wp_cron=1776318115.0669929981231689453125 HTTP/1.1" 200 448 "-" "WordPress/6.3.8; https://serhatburke.miroglu.net"
128.1.218.166 - - [16/Apr/2026:08:41:43 +0300] "GET /thunderstruck-online-game-enjoy-top-500-first-deposit-bonus-casino-microgaming-totally-free-slot-video-game-on-the-web-zero-download/ HTTP/1.1" 200 77050 "-" "Mozilla/5.0 (Windows NT 10.0; Win64; x64) AppleWebKit/537.36 (KHTML, like Gecko) Chrome/123.0.0.0 Safari/537.36 OPR/109.0.0.0"
128.1.218.148 - - [16/Apr/2026:08:41:57 +0300] "POST /xmlrpc.php HTTP/1.1" 200 630 "-" "Mozilla/5.0 (Windows NT 10.0; Win64; x64) AppleWebKit/537.36 (KHTML, like Gecko) Chrome/114.0.0.0 Safari/537.36"
185.216.113.70 - - [16/Apr/2026:08:42:24 +0300] "POST /wp-cron.php?doing_wp_cron=1776318144.1568620204925537109375 HTTP/1.1" 200 448 "-" "WordPress/6.3.8; https://serhatburke.miroglu.net"
66.249.73.15 - - [16/Apr/2026:08:42:12 +0300] "GET /ghid-avansat-pentru-inelegerea-jocurilor-de-noroc-9/ HTTP/1.1" 200 18651 "-" "Mozilla/5.0 (Linux; Android 6.0.1; Nexus 5X Build/MMB29P) AppleWebKit/537.36 (KHTML, like Gecko) Chrome/146.0.7680.177 Mobile Safari/537.36 (compatible; Googlebot/2.1; +http://www.google.com/bot.html)"
128.1.218.148 - - [16/Apr/2026:08:42:16 +0300] "POST /xmlrpc.php HTTP/1.1" 200 17162 "-" "Mozilla/5.0 (Windows NT 10.0; Win64; x64) AppleWebKit/537.36 (KHTML, like Gecko) Chrome/114.0.0.0 Safari/537.36"
66.249.73.15 - - [16/Apr/2026:08:42:29 +0300] "GET /wp-content/plugins/google-analytics-for-wordpress/assets/js/frontend-gtag.min.js?ver=10.1.2 HTTP/1.1" 200 3521 "https://serhatburke.miroglu.net/ghid-avansat-pentru-inelegerea-jocurilor-de-noroc-9/" "Mozilla/5.0 (Linux; Android 6.0.1; Nexus 5X Build/MMB29P) AppleWebKit/537.36 (KHTML, like Gecko) Chrome/146.0.7680.177 Mobile Safari/537.36 (compatible; Googlebot/2.1; +http://www.google.com/bot.html)"
128.1.218.148 - - [16/Apr/2026:08:42:30 +0300] "GET /diese-grundeigenschaften-sphinx-casino-von-5-einzahlungs-casinos-entsprechend-man-ubertragt-hitnspin-pramie-nach-hauptkonto-eye-of-horus-app/ HTTP/1.1" 200 80448 "-" "Mozilla/5.0 (Windows NT 10.0; Win64; x64) AppleWebKit/537.36 (KHTML, like Gecko) Chrome/109.0.0.0 Safari/537.36"
128.1.218.166 - - [16/Apr/2026:08:42:48 +0300] "POST /xmlrpc.php HTTP/1.1" 200 630 "-" "Mozilla/5.0 (Windows NT 10.0; Win64; x64) AppleWebKit/537.36 (KHTML, like Gecko) Chrome/114.0.0.0 Safari/537.36"
185.216.113.70 - - [16/Apr/2026:08:43:12 +0300] "POST /wp-cron.php?doing_wp_cron=1776318192.8828940391540527343750 HTTP/1.1" 200 448 "-" "WordPress/6.3.8; https://serhatburke.miroglu.net"
165.73.240.153 - - [16/Apr/2026:08:42:58 +0300] "POST /xmlrpc.php HTTP/1.1" 200 630 "-" "Mozilla/5.0 (Windows NT 10.0; Win64; x64) AppleWebKit/537.36 (KHTML, like Gecko) Chrome/114.0.0.0 Safari/537.36"
128.1.218.166 - - [16/Apr/2026:08:43:10 +0300] "POST /xmlrpc.php HTTP/1.1" 200 14208 "-" "Mozilla/5.0 (Windows NT 10.0; Win64; x64) AppleWebKit/537.36 (KHTML, like Gecko) Chrome/114.0.0.0 Safari/537.36"
165.73.240.153 - - [16/Apr/2026:08:43:19 +0300] "POST /xmlrpc.php HTTP/1.1" 200 12866 "-" "Mozilla/5.0 (Windows NT 10.0; Win64; x64) AppleWebKit/537.36 (KHTML, like Gecko) Chrome/114.0.0.0 Safari/537.36"
128.1.218.166 - - [16/Apr/2026:08:43:25 +0300] "GET /titanic-slot-online-remark-play-santas-farm-real-money-totally-free-gamble/ HTTP/1.1" 200 75654 "-" "Mozilla/5.0 (Windows NT 10.0; Win64; x64) AppleWebKit/537.36 (KHTML, like Gecko) Chrome/123.0.0.0 Safari/537.36 OPR/109.0.0.0"
165.73.240.153 - - [16/Apr/2026:08:43:35 +0300] "GET /you-ought-to-be-sure-to-return-to-the-reception-all-the-samba-carnival-bonus-hour-to-get-house-out-of-fun-free-coins-as-well-after-you-join-family-of-fun-you-will-end-up-credited-having-free-gold-co/ HTTP/1.1" 200 79350 "-" "Mozilla/5.0 (Windows NT 10.0; rv:109.0) Gecko/20100101 Firefox/115.0"
185.216.113.70 - - [16/Apr/2026:08:44:41 +0300] "POST /wp-cron.php?doing_wp_cron=1776318281.8209140300750732421875 HTTP/1.1" 200 448 "-" "WordPress/6.3.8; https://serhatburke.miroglu.net"
128.1.218.166 - - [16/Apr/2026:08:44:21 +0300] "POST /xmlrpc.php HTTP/1.1" 200 630 "-" "Mozilla/5.0 (Windows NT 10.0; Win64; x64) AppleWebKit/537.36 (KHTML, like Gecko) Chrome/114.0.0.0 Safari/537.36"
165.73.240.153 - - [16/Apr/2026:08:44:42 +0300] "POST /xmlrpc.php HTTP/1.1" 200 630 "-" "Mozilla/5.0 (Windows NT 10.0; Win64; x64) AppleWebKit/537.36 (KHTML, like Gecko) Chrome/114.0.0.0 Safari/537.36"
128.1.218.166 - - [16/Apr/2026:08:44:48 +0300] "POST /xmlrpc.php HTTP/1.1" 200 14996 "-" "Mozilla/5.0 (Windows NT 10.0; Win64; x64) AppleWebKit/537.36 (KHTML, like Gecko) Chrome/114.0.0.0 Safari/537.36"
165.73.240.153 - - [16/Apr/2026:08:45:03 +0300] "POST /xmlrpc.php HTTP/1.1" 200 12323 "-" "Mozilla/5.0 (Windows NT 10.0; Win64; x64) AppleWebKit/537.36 (KHTML, like Gecko) Chrome/114.0.0.0 Safari/537.36"
128.1.218.166 - - [16/Apr/2026:08:45:05 +0300] "GET /tomb-raider-spinsy-casino-bonuses-position-comment-2025-play-free-demo/ HTTP/1.1" 200 76009 "-" "Mozilla/5.0 (Windows NT 10.0; Win64; x64; rv:124.0) Gecko/20100101 Firefox/124.0"
165.73.240.153 - - [16/Apr/2026:08:45:17 +0300] "GET /tips-gamble-and-you-may-win-huge-within-the-cool-fruits-slot-jackpot-raiders-big-win-cellular-type/ HTTP/1.1" 200 74188 "-" "Mozilla/5.0 (Windows NT 10.0; Win64; x64) AppleWebKit/537.36 (KHTML, like Gecko) Chrome/124.0.0.0 Safari/537.36 Edg/124.0.0.0"
185.216.113.70 - - [16/Apr/2026:08:46:17 +0300] "POST /wp-cron.php?doing_wp_cron=1776318377.0770521163940429687500 HTTP/1.1" 200 448 "-" "WordPress/6.3.8; https://serhatburke.miroglu.net"
128.1.218.166 - - [16/Apr/2026:08:46:00 +0300] "POST /xmlrpc.php HTTP/1.1" 200 630 "-" "Mozilla/5.0 (Windows NT 10.0; Win64; x64) AppleWebKit/537.36 (KHTML, like Gecko) Chrome/114.0.0.0 Safari/537.36"
165.73.240.153 - - [16/Apr/2026:08:46:22 +0300] "POST /xmlrpc.php HTTP/1.1" 200 630 "-" "Mozilla/5.0 (Windows NT 10.0; Win64; x64) AppleWebKit/537.36 (KHTML, like Gecko) Chrome/114.0.0.0 Safari/537.36"
128.1.218.166 - - [16/Apr/2026:08:46:24 +0300] "POST /xmlrpc.php HTTP/1.1" 200 13892 "-" "Mozilla/5.0 (Windows NT 10.0; Win64; x64) AppleWebKit/537.36 (KHTML, like Gecko) Chrome/114.0.0.0 Safari/537.36"
111.67.96.99 - - [16/Apr/2026:08:46:22 +0300] "GET /beste-casino-site-belgie-hoge-inzet/ HTTP/1.1" 200 18613 "-" "Mozilla/5.0 (Windows NT 10.0; Win64; x64) AppleWebKit/537.36 (KHTML, like Gecko) Chrome/114.0.0.0 Safari/537.36"
185.216.113.70 - - [16/Apr/2026:08:46:57 +0300] "POST /wp-cron.php?doing_wp_cron=1776318417.9050700664520263671875 HTTP/1.1" 200 448 "-" "WordPress/6.3.8; https://serhatburke.miroglu.net"
128.1.218.166 - - [16/Apr/2026:08:46:46 +0300] "GET /finest-betting-internet-sites-the-real-deal-money-casino-canada-online-casino-games-2026/ HTTP/1.1" 200 75745 "-" "Mozilla/5.0 (Windows NT 10.0; Win64; x64; rv:125.0) Gecko/20100101 Firefox/125.0"
165.73.240.153 - - [16/Apr/2026:08:46:50 +0300] "POST /xmlrpc.php HTTP/1.1" 200 13134 "-" "Mozilla/5.0 (Windows NT 10.0; Win64; x64) AppleWebKit/537.36 (KHTML, like Gecko) Chrome/114.0.0.0 Safari/537.36"
165.73.240.153 - - [16/Apr/2026:08:47:04 +0300] "GET /online-abrasion-sugar-parade-slot-free-spins-offs-play-scrape-cards-the-real-deal-currency/ HTTP/1.1" 200 74845 "-" "Mozilla/5.0 (Windows NT 10.0; rv:125.0) Gecko/20100101 Firefox/125.0"
185.216.113.70 - - [16/Apr/2026:08:47:49 +0300] "POST /wp-cron.php?doing_wp_cron=1776318469.8182818889617919921875 HTTP/1.1" 200 448 "-" "WordPress/6.3.8; https://serhatburke.miroglu.net"
128.1.218.148 - - [16/Apr/2026:08:47:35 +0300] "POST /xmlrpc.php HTTP/1.1" 200 630 "-" "Mozilla/5.0 (Windows NT 10.0; Win64; x64) AppleWebKit/537.36 (KHTML, like Gecko) Chrome/114.0.0.0 Safari/537.36"
128.1.218.166 - - [16/Apr/2026:08:47:43 +0300] "POST /xmlrpc.php HTTP/1.1" 200 630 "-" "Mozilla/5.0 (Windows NT 10.0; Win64; x64) AppleWebKit/537.36 (KHTML, like Gecko) Chrome/114.0.0.0 Safari/537.36"
165.73.240.153 - - [16/Apr/2026:08:47:56 +0300] "POST /xmlrpc.php HTTP/1.1" 200 630 "-" "Mozilla/5.0 (Windows NT 10.0; Win64; x64) AppleWebKit/537.36 (KHTML, like Gecko) Chrome/114.0.0.0 Safari/537.36"
128.1.218.148 - - [16/Apr/2026:08:47:57 +0300] "POST /xmlrpc.php HTTP/1.1" 200 15342 "-" "Mozilla/5.0 (Windows NT 10.0; Win64; x64) AppleWebKit/537.36 (KHTML, like Gecko) Chrome/114.0.0.0 Safari/537.36"
128.1.218.166 - - [16/Apr/2026:08:48:06 +0300] "POST /xmlrpc.php HTTP/1.1" 200 13362 "-" "Mozilla/5.0 (Windows NT 10.0; Win64; x64) AppleWebKit/537.36 (KHTML, like Gecko) Chrome/114.0.0.0 Safari/537.36"
128.1.218.148 - - [16/Apr/2026:08:48:18 +0300] "GET /inter-city-express-casino-spielbank-app-echtgeld-casino-app-cleopatra-ii-slotspiel-fur-echtes-geld-mobile-spielbank/ HTTP/1.1" 200 78424 "-" "Mozilla/5.0 (Windows NT 10.0; rv:109.0) Gecko/20100101 Firefox/115.0"
165.73.240.153 - - [16/Apr/2026:08:48:21 +0300] "POST /xmlrpc.php HTTP/1.1" 200 12856 "-" "Mozilla/5.0 (Windows NT 10.0; Win64; x64) AppleWebKit/537.36 (KHTML, like Gecko) Chrome/114.0.0.0 Safari/537.36"
185.216.113.70 - - [16/Apr/2026:08:48:39 +0300] "POST /wp-cron.php?doing_wp_cron=1776318519.3569591045379638671875 HTTP/1.1" 200 448 "-" "WordPress/6.3.8; https://serhatburke.miroglu.net"
128.1.218.166 - - [16/Apr/2026:08:48:23 +0300] "GET /finest-on-line-casino-analysis-and-you-will-top-10-casino-frank-fred-no-deposit-bonus-2023-websites/ HTTP/1.1" 200 75166 "-" "Mozilla/5.0 (Windows NT 10.0; Win64; x64) AppleWebKit/537.36 (KHTML, like Gecko) Chrome/123.0.0.0 Safari/537.36"
185.216.113.70 - - [16/Apr/2026:08:48:56 +0300] "POST /wp-cron.php?doing_wp_cron=1776318536.5998029708862304687500 HTTP/1.1" 200 448 "-" "WordPress/6.3.8; https://serhatburke.miroglu.net"
165.73.240.153 - - [16/Apr/2026:08:48:39 +0300] "GET /immortal-romance-mega-moolah-progressive-jackpot-promo-mr-bet-position/ HTTP/1.1" 200 74083 "-" "Mozilla/5.0 (Windows NT 10.0; Win64; x64) AppleWebKit/537.36 (KHTML, like Gecko) Chrome/123.0.0.0 Safari/537.36"
128.1.218.166 - - [16/Apr/2026:08:49:06 +0300] "POST /xmlrpc.php HTTP/1.1" 200 630 "-" "Mozilla/5.0 (Windows NT 10.0; Win64; x64) AppleWebKit/537.36 (KHTML, like Gecko) Chrome/114.0.0.0 Safari/537.36"
98.98.9.27 - - [16/Apr/2026:08:49:18 +0300] "POST /xmlrpc.php HTTP/1.1" 200 630 "-" "Mozilla/5.0 (Windows NT 10.0; Win64; x64) AppleWebKit/537.36 (KHTML, like Gecko) Chrome/114.0.0.0 Safari/537.36"
128.1.218.166 - - [16/Apr/2026:08:49:25 +0300] "POST /xmlrpc.php HTTP/1.1" 200 14088 "-" "Mozilla/5.0 (Windows NT 10.0; Win64; x64) AppleWebKit/537.36 (KHTML, like Gecko) Chrome/114.0.0.0 Safari/537.36"
165.73.240.153 - - [16/Apr/2026:08:49:27 +0300] "POST /xmlrpc.php HTTP/1.1" 200 630 "-" "Mozilla/5.0 (Windows NT 10.0; Win64; x64) AppleWebKit/537.36 (KHTML, like Gecko) Chrome/114.0.0.0 Safari/537.36"
98.98.9.27 - - [16/Apr/2026:08:49:39 +0300] "POST /xmlrpc.php HTTP/1.1" 200 13390 "-" "Mozilla/5.0 (Windows NT 10.0; Win64; x64) AppleWebKit/537.36 (KHTML, like Gecko) Chrome/114.0.0.0 Safari/537.36"
185.216.113.70 - - [16/Apr/2026:08:49:57 +0300] "POST /wp-cron.php?doing_wp_cron=1776318597.1127119064331054687500 HTTP/1.1" 200 448 "-" "WordPress/6.3.8; https://serhatburke.miroglu.net"
128.1.218.166 - - [16/Apr/2026:08:49:42 +0300] "GET /playojo-baccarat-draw-rules-british-gambling-games-score-fifty-free-revolves/ HTTP/1.1" 200 75430 "-" "Mozilla/5.0 (Windows NT 10.0; Win64; x64) AppleWebKit/537.36 (KHTML, like Gecko) Chrome/124.0.0.0 Safari/537.36 Edg/124.0.0.0"
185.216.113.70 - - [16/Apr/2026:08:50:07 +0300] "POST /wp-cron.php?doing_wp_cron=1776318607.7962501049041748046875 HTTP/1.1" 200 448 "-" "WordPress/6.3.8; https://serhatburke.miroglu.net"
165.73.240.153 - - [16/Apr/2026:08:49:49 +0300] "POST /xmlrpc.php HTTP/1.1" 200 13375 "-" "Mozilla/5.0 (Windows NT 10.0; Win64; x64) AppleWebKit/537.36 (KHTML, like Gecko) Chrome/114.0.0.0 Safari/537.36"
185.216.113.70 - - [16/Apr/2026:08:50:15 +0300] "POST /wp-cron.php?doing_wp_cron=1776318615.7074840068817138671875 HTTP/1.1" 200 448 "-" "WordPress/6.3.8; https://serhatburke.miroglu.net"
98.98.9.27 - - [16/Apr/2026:08:49:56 +0300] "GET /finest-step-one-penny-online-slots-games-in-ladylucks-casino-the-all-of-us-gambling-enterprises/ HTTP/1.1" 200 75100 "-" "Mozilla/5.0 (Windows NT 10.0; Win64; x64) AppleWebKit/537.36 (KHTML, like Gecko) Chrome/109.0.0.0 Safari/537.36"
