216.73.217.121 - - [21/Apr/2026:08:26:54 +0300] "GET /%22,t+=%22%3C%22+e.getAttribute(%22src%22?path=%2Fvar%2Fwww%2Fvhosts%2Fmiroglu.net%2Fhttpdocs%2Fwp-content%2Fplugins%2Fakismet%2F_inc HTTP/2" 200 3335 "-" "Mozilla/5.0 AppleWebKit/537.36 (KHTML, like Gecko; compatible; ClaudeBot/1.0; +claudebot@anthropic.com)"
216.73.217.121 - - [21/Apr/2026:08:26:54 +0300] "GET /%22,t+=%22%3C%22+e.getAttribute(%22src%22?fileloc=%2Fvar%2Fwww%2Fvhosts%2Fmiroglu.net%2Fhttpdocs%2Fwp-content%2Fuploads%2Fmiroglu.net%2Fyeni-g%C3%BCvenli-web-casino.html&path=%2Fvar%2Fwww%2Fvhosts%2Fmiroglu.net%2Fhttpdocs%2Fwp-content%2Fuploads%2Fmiroglu.net HTTP/2" 200 4627 "-" "Mozilla/5.0 AppleWebKit/537.36 (KHTML, like Gecko; compatible; ClaudeBot/1.0; +claudebot@anthropic.com)"
216.73.217.121 - - [21/Apr/2026:08:26:54 +0300] "GET /%22,t+=%22%3C%22+e.getAttribute(%22src%22?fileloc=%2Fvar%2Fwww%2Fvhosts%2Fmiroglu.net%2Fhttpdocs%2Fwp-content%2Fuploads%2Fmiroglu.net%2Fslot-b%C3%BCy%C3%BCk-kazan%C3%A7.html&path=%2Fvar%2Fwww%2Fvhosts%2Fmiroglu.net%2Fhttpdocs%2Fwp-content%2Fuploads%2Fmiroglu.net HTTP/2" 200 4673 "-" "Mozilla/5.0 AppleWebKit/537.36 (KHTML, like Gecko; compatible; ClaudeBot/1.0; +claudebot@anthropic.com)"
216.73.217.121 - - [21/Apr/2026:08:26:54 +0300] "GET /%22,t+=%22%3C%22+e.getAttribute(%22src%22?fileloc=%2Fvar%2Fwww%2Fvhosts%2Fmiroglu.net%2Fhttpdocs%2Fwp-content%2Fuploads%2Fmiroglu.net%2Fslot-oyna-online.html&path=%2Fvar%2Fwww%2Fvhosts%2Fmiroglu.net%2Fhttpdocs%2Fwp-content%2Fuploads%2Fmiroglu.net HTTP/2" 200 4500 "-" "Mozilla/5.0 AppleWebKit/537.36 (KHTML, like Gecko; compatible; ClaudeBot/1.0; +claudebot@anthropic.com)"
66.249.73.172 - - [21/Apr/2026:08:26:55 +0300] "GET /?detail/160272682 HTTP/1.1" 200 29177 "-" "Mozilla/5.0 (Linux; Android 6.0.1; Nexus 5X Build/MMB29P) AppleWebKit/537.36 (KHTML, like Gecko) Chrome/146.0.7680.177 Mobile Safari/537.36 (compatible; Googlebot/2.1; +http://www.google.com/bot.html)"
216.73.217.121 - - [21/Apr/2026:08:26:54 +0300] "GET /%22,t+=%22%3C%22+e.getAttribute(%22src%22?fileloc=%2Fvar%2Fwww%2Fvhosts%2Fmiroglu.net%2Fhttpdocs%2Fwp-content%2Fuploads%2Fmiroglu.net%2Frulet-depozito-yok-%C3%A7al%C4%B1m%C4%B1.html&path=%2Fvar%2Fwww%2Fvhosts%2Fmiroglu.net%2Fhttpdocs%2Fwp-content%2Fuploads%2Fmiroglu.net HTTP/2" 200 4578 "-" "Mozilla/5.0 AppleWebKit/537.36 (KHTML, like Gecko; compatible; ClaudeBot/1.0; +claudebot@anthropic.com)"
216.73.217.121 - - [21/Apr/2026:08:26:55 +0300] "GET /%22,t+=%22%3C%22+e.getAttribute(%22src%22?fileloc=%2Fvar%2Fwww%2Fvhosts%2Fmiroglu.net%2Fhttpdocs%2Fwp-content%2Fuploads%2Fmiroglu.net%2Fjet-casino-tr-2026-review.html&path=%2Fvar%2Fwww%2Fvhosts%2Fmiroglu.net%2Fhttpdocs%2Fwp-content%2Fuploads%2Fmiroglu.net HTTP/2" 200 4791 "-" "Mozilla/5.0 AppleWebKit/537.36 (KHTML, like Gecko; compatible; ClaudeBot/1.0; +claudebot@anthropic.com)"
216.73.217.121 - - [21/Apr/2026:08:26:54 +0300] "GET /%22,t+=%22%3C%22+e.getAttribute(%22src%22?fileloc=%2Fvar%2Fwww%2Fvhosts%2Fmiroglu.net%2Fhttpdocs%2Fwp-content%2Fuploads%2Fmiroglu.net%2Fslot-oyunlar%C4%B1-kazanma.html&path=%2Fvar%2Fwww%2Fvhosts%2Fmiroglu.net%2Fhttpdocs%2Fwp-content%2Fuploads%2Fmiroglu.net HTTP/2" 200 4547 "-" "Mozilla/5.0 AppleWebKit/537.36 (KHTML, like Gecko; compatible; ClaudeBot/1.0; +claudebot@anthropic.com)"
216.73.217.121 - - [21/Apr/2026:08:26:55 +0300] "GET /%22,t+=%22%3C%22+e.getAttribute(%22src%22?fileloc=%2Fvar%2Fwww%2Fvhosts%2Fmiroglu.net%2Fhttpdocs%2Fwp-includes%2Fimages%2Fmedia%2Fdefault.png&path=%2Fvar%2Fwww%2Fvhosts%2Fmiroglu.net%2Fhttpdocs%2Fwp-includes%2Fimages%2Fmedia HTTP/2" 200 2843 "-" "Mozilla/5.0 AppleWebKit/537.36 (KHTML, like Gecko; compatible; ClaudeBot/1.0; +claudebot@anthropic.com)"
216.73.217.121 - - [21/Apr/2026:08:26:55 +0300] "GET /%22,t+=%22%3C%22+e.getAttribute(%22src%22?fileloc=%2Fvar%2Fwww%2Fvhosts%2Fmiroglu.net%2Fhttpdocs%2Fwp-content%2Fuploads%2Fmiroglu.net%2Fonline-slot-oyna.html&path=%2Fvar%2Fwww%2Fvhosts%2Fmiroglu.net%2Fhttpdocs%2Fwp-content%2Fuploads%2Fmiroglu.net HTTP/2" 200 4729 "-" "Mozilla/5.0 AppleWebKit/537.36 (KHTML, like Gecko; compatible; ClaudeBot/1.0; +claudebot@anthropic.com)"
216.73.217.121 - - [21/Apr/2026:08:26:56 +0300] "GET /%22,t+=%22%3C%22+e.getAttribute(%22src%22?fileloc=%2Fvar%2Fwww%2Fvhosts%2Fmiroglu.net%2Fhttpdocs%2Fwp-content%2Fuploads%2Fmiroglu.net%2Fen-iyi-rulet-yaz%C4%B1l%C4%B1mlar%C4%B1.html&path=%2Fvar%2Fwww%2Fvhosts%2Fmiroglu.net%2Fhttpdocs%2Fwp-content%2Fuploads%2Fmiroglu.net HTTP/2" 200 4591 "-" "Mozilla/5.0 AppleWebKit/537.36 (KHTML, like Gecko; compatible; ClaudeBot/1.0; +claudebot@anthropic.com)"
216.73.217.121 - - [21/Apr/2026:08:26:56 +0300] "GET /%22,t+=%22%3C%22+e.getAttribute(%22src%22?fileloc=%2Fvar%2Fwww%2Fvhosts%2Fmiroglu.net%2Fhttpdocs%2Fwp-content%2Fuploads%2Fmiroglu.net%2F21-casino-tr-2026-review.html&path=%2Fvar%2Fwww%2Fvhosts%2Fmiroglu.net%2Fhttpdocs%2Fwp-content%2Fuploads%2Fmiroglu.net HTTP/2" 200 4965 "-" "Mozilla/5.0 AppleWebKit/537.36 (KHTML, like Gecko; compatible; ClaudeBot/1.0; +claudebot@anthropic.com)"
216.73.217.121 - - [21/Apr/2026:08:26:57 +0300] "GET /%22,t+=%22%3C%22+e.getAttribute(%22src%22?path=%2Fvar%2Fwww%2Fvhosts%2Fmiroglu.net%2Fhttpdocs%2Fwp-includes%2Frest-api%2Fsearch%2Fsearch HTTP/2" 200 3319 "-" "Mozilla/5.0 AppleWebKit/537.36 (KHTML, like Gecko; compatible; ClaudeBot/1.0; +claudebot@anthropic.com)"
216.73.217.121 - - [21/Apr/2026:08:26:57 +0300] "GET /%22,t+=%22%3C%22+e.getAttribute(%22src%22?path=%2Fvar%2Fwww%2Fvhosts%2Fmiroglu.net%2Fhttpdocs%2Fwp-content%2Fthemes%2Ftwentytwentytwo%2Finc HTTP/2" 200 3283 "-" "Mozilla/5.0 AppleWebKit/537.36 (KHTML, like Gecko; compatible; ClaudeBot/1.0; +claudebot@anthropic.com)"
216.73.217.121 - - [21/Apr/2026:08:26:56 +0300] "GET /%22,t+=%22%3C%22+e.getAttribute(%22src%22?fileloc=%2Fvar%2Fwww%2Fvhosts%2Fmiroglu.net%2Fhttpdocs%2Fwp-content%2Fuploads%2Fmiroglu.net%2Fyeni-casino-slot-siteleri.html&path=%2Fvar%2Fwww%2Fvhosts%2Fmiroglu.net%2Fhttpdocs%2Fwp-content%2Fuploads%2Fmiroglu.net HTTP/2" 200 4395 "-" "Mozilla/5.0 AppleWebKit/537.36 (KHTML, like Gecko; compatible; ClaudeBot/1.0; +claudebot@anthropic.com)"
66.249.73.172 - - [21/Apr/2026:08:26:59 +0300] "GET /?detail/21500608632473 HTTP/1.1" 200 28445 "-" "Mozilla/5.0 (Linux; Android 6.0.1; Nexus 5X Build/MMB29P) AppleWebKit/537.36 (KHTML, like Gecko) Chrome/146.0.7680.177 Mobile Safari/537.36 (compatible; Googlebot/2.1; +http://www.google.com/bot.html)"
216.73.217.121 - - [21/Apr/2026:08:26:54 +0300] "GET /%22,t+=%22%3C%22+e.getAttribute(%22src%22?path=%2Fvar%2Fwww%2Fvhosts%2Fmiroglu.net%2Fhttpdocs%2Fwp-content%2Fuploads%2Fmiroglu.net%2Fimported HTTP/2" 200 47614 "-" "Mozilla/5.0 AppleWebKit/537.36 (KHTML, like Gecko; compatible; ClaudeBot/1.0; +claudebot@anthropic.com)"
66.249.73.172 - - [21/Apr/2026:08:27:04 +0300] "GET /?detail/28803067692750 HTTP/1.1" 200 30077 "-" "Mozilla/5.0 (Linux; Android 6.0.1; Nexus 5X Build/MMB29P) AppleWebKit/537.36 (KHTML, like Gecko) Chrome/146.0.7680.177 Mobile Safari/537.36 (compatible; Googlebot/2.1; +http://www.google.com/bot.html)"
167.63.181.229 - - [21/Apr/2026:08:27:05 +0300] "GET /?detail/355424542 HTTP/1.1" 200 7542 "-" "Mozilla/5.0 (Windows NT 10.0; Win64; x64) AppleWebKit/537.36 (KHTML, like Gecko) Chrome/107.0.0.0 Safari/537.36"
66.249.73.172 - - [21/Apr/2026:08:27:09 +0300] "GET /shop/waymark/stade25220450167.html HTTP/1.1" 200 30363 "-" "Mozilla/5.0 (Linux; Android 6.0.1; Nexus 5X Build/MMB29P) AppleWebKit/537.36 (KHTML, like Gecko) Chrome/146.0.7680.177 Mobile Safari/537.36 (compatible; Googlebot/2.1; +http://www.google.com/bot.html)"
66.249.73.172 - - [21/Apr/2026:08:27:10 +0300] "GET /?detail/764336753 HTTP/1.1" 200 30873 "-" "Mozilla/5.0 (Linux; Android 6.0.1; Nexus 5X Build/MMB29P) AppleWebKit/537.36 (KHTML, like Gecko) Chrome/146.0.7680.177 Mobile Safari/537.36 (compatible; Googlebot/2.1; +http://www.google.com/bot.html)"
198.244.240.115 - - [21/Apr/2026:08:27:15 +0300] "GET /detail/500026657 HTTP/2" 200 7107 "-" "Mozilla/5.0 (compatible; AhrefsBot/7.0; +http://ahrefs.com/robot/)"
66.249.73.172 - - [21/Apr/2026:08:27:15 +0300] "GET /?detail/861342949 HTTP/1.1" 200 28860 "-" "Mozilla/5.0 (Linux; Android 6.0.1; Nexus 5X Build/MMB29P) AppleWebKit/537.36 (KHTML, like Gecko) Chrome/146.0.7680.177 Mobile Safari/537.36 (compatible; Googlebot/2.1; +http://www.google.com/bot.html)"
66.249.73.172 - - [21/Apr/2026:08:27:20 +0300] "GET /?detail/233692049 HTTP/1.1" 200 28664 "-" "Mozilla/5.0 (Linux; Android 6.0.1; Nexus 5X Build/MMB29P) AppleWebKit/537.36 (KHTML, like Gecko) Chrome/146.0.7680.177 Mobile Safari/537.36 (compatible; Googlebot/2.1; +http://www.google.com/bot.html)"
66.249.73.172 - - [21/Apr/2026:08:27:29 +0300] "GET /?detail/201528869 HTTP/1.1" 200 29698 "-" "Mozilla/5.0 (Linux; Android 6.0.1; Nexus 5X Build/MMB29P) AppleWebKit/537.36 (KHTML, like Gecko) Chrome/146.0.7680.177 Mobile Safari/537.36 (compatible; Googlebot/2.1; +http://www.google.com/bot.html)"
66.249.73.172 - - [21/Apr/2026:08:27:33 +0300] "GET /?detail/140382262 HTTP/1.1" 200 29240 "-" "Mozilla/5.0 (Linux; Android 6.0.1; Nexus 5X Build/MMB29P) AppleWebKit/537.36 (KHTML, like Gecko) Chrome/146.0.7680.177 Mobile Safari/537.36 (compatible; Googlebot/2.1; +http://www.google.com/bot.html)"
66.249.73.172 - - [21/Apr/2026:08:27:39 +0300] "GET /?detail/369672875 HTTP/1.1" 200 28689 "-" "Mozilla/5.0 (Linux; Android 6.0.1; Nexus 5X Build/MMB29P) AppleWebKit/537.36 (KHTML, like Gecko) Chrome/146.0.7680.177 Mobile Safari/537.36 (compatible; Googlebot/2.1; +http://www.google.com/bot.html)"
66.249.73.172 - - [21/Apr/2026:08:27:42 +0300] "GET /?detail/38509550 HTTP/1.1" 200 29531 "-" "Mozilla/5.0 (Linux; Android 6.0.1; Nexus 5X Build/MMB29P) AppleWebKit/537.36 (KHTML, like Gecko) Chrome/146.0.7680.177 Mobile Safari/537.36 (compatible; Googlebot/2.1; +http://www.google.com/bot.html)"
66.249.73.172 - - [21/Apr/2026:08:27:47 +0300] "GET /?detail/225889184 HTTP/1.1" 200 28082 "-" "Mozilla/5.0 (Linux; Android 6.0.1; Nexus 5X Build/MMB29P) AppleWebKit/537.36 (KHTML, like Gecko) Chrome/146.0.7680.177 Mobile Safari/537.36 (compatible; Googlebot/2.1; +http://www.google.com/bot.html)"
198.244.226.172 - - [21/Apr/2026:08:27:48 +0300] "GET /detail/418756545 HTTP/2" 200 7106 "-" "Mozilla/5.0 (compatible; AhrefsBot/7.0; +http://ahrefs.com/robot/)"
66.249.73.172 - - [21/Apr/2026:08:27:53 +0300] "GET /?detail/660174200 HTTP/1.1" 200 31161 "-" "Mozilla/5.0 (Linux; Android 6.0.1; Nexus 5X Build/MMB29P) AppleWebKit/537.36 (KHTML, like Gecko) Chrome/146.0.7680.177 Mobile Safari/537.36 (compatible; Googlebot/2.1; +http://www.google.com/bot.html)"
66.249.73.173 - - [21/Apr/2026:08:27:59 +0300] "GET /?detail/289867109 HTTP/1.1" 200 28715 "-" "Mozilla/5.0 (Linux; Android 6.0.1; Nexus 5X Build/MMB29P) AppleWebKit/537.36 (KHTML, like Gecko) Chrome/146.0.7680.177 Mobile Safari/537.36 (compatible; Googlebot/2.1; +http://www.google.com/bot.html)"
66.249.73.160 - - [21/Apr/2026:08:28:04 +0300] "GET /?detail/274881316 HTTP/1.1" 200 29146 "-" "Mozilla/5.0 (Linux; Android 6.0.1; Nexus 5X Build/MMB29P) AppleWebKit/537.36 (KHTML, like Gecko) Chrome/146.0.7680.177 Mobile Safari/537.36 (compatible; Googlebot/2.1; +http://www.google.com/bot.html)"
66.249.73.172 - - [21/Apr/2026:08:28:12 +0300] "GET /?detail/380099219 HTTP/1.1" 200 28525 "-" "Mozilla/5.0 (Linux; Android 6.0.1; Nexus 5X Build/MMB29P) AppleWebKit/537.36 (KHTML, like Gecko) Chrome/146.0.7680.177 Mobile Safari/537.36 (compatible; Googlebot/2.1; +http://www.google.com/bot.html)"
198.244.168.169 - - [21/Apr/2026:08:28:14 +0300] "GET /detail/342135918 HTTP/2" 200 7084 "-" "Mozilla/5.0 (compatible; AhrefsBot/7.0; +http://ahrefs.com/robot/)"
66.249.73.172 - - [21/Apr/2026:08:28:16 +0300] "GET /?detail/864045014 HTTP/1.1" 200 29092 "-" "Mozilla/5.0 (Linux; Android 6.0.1; Nexus 5X Build/MMB29P) AppleWebKit/537.36 (KHTML, like Gecko) Chrome/146.0.7680.177 Mobile Safari/537.36 (compatible; Googlebot/2.1; +http://www.google.com/bot.html)"
66.249.73.172 - - [21/Apr/2026:08:28:22 +0300] "GET /?detail/938457101 HTTP/1.1" 200 29941 "-" "Mozilla/5.0 (Linux; Android 6.0.1; Nexus 5X Build/MMB29P) AppleWebKit/537.36 (KHTML, like Gecko) Chrome/146.0.7680.177 Mobile Safari/537.36 (compatible; Googlebot/2.1; +http://www.google.com/bot.html)"
66.249.73.172 - - [21/Apr/2026:08:28:26 +0300] "GET /?detail/736104105 HTTP/1.1" 200 29564 "-" "Mozilla/5.0 (Linux; Android 6.0.1; Nexus 5X Build/MMB29P) AppleWebKit/537.36 (KHTML, like Gecko) Chrome/146.0.7680.177 Mobile Safari/537.36 (compatible; Googlebot/2.1; +http://www.google.com/bot.html)"
66.249.73.172 - - [21/Apr/2026:08:28:31 +0300] "GET /?detail/601499108 HTTP/1.1" 200 29254 "-" "Mozilla/5.0 (Linux; Android 6.0.1; Nexus 5X Build/MMB29P) AppleWebKit/537.36 (KHTML, like Gecko) Chrome/146.0.7680.177 Mobile Safari/537.36 (compatible; Googlebot/2.1; +http://www.google.com/bot.html)"
66.249.73.172 - - [21/Apr/2026:08:28:36 +0300] "GET /?detail/791035976 HTTP/1.1" 200 29663 "-" "Mozilla/5.0 (Linux; Android 6.0.1; Nexus 5X Build/MMB29P) AppleWebKit/537.36 (KHTML, like Gecko) Chrome/146.0.7680.177 Mobile Safari/537.36 (compatible; Googlebot/2.1; +http://www.google.com/bot.html)"
66.249.73.172 - - [21/Apr/2026:08:28:39 +0300] "GET /?detail/423167858 HTTP/1.1" 200 29484 "-" "Mozilla/5.0 (Linux; Android 6.0.1; Nexus 5X Build/MMB29P) AppleWebKit/537.36 (KHTML, like Gecko) Chrome/146.0.7680.177 Mobile Safari/537.36 (compatible; Googlebot/2.1; +http://www.google.com/bot.html)"
51.195.215.151 - - [21/Apr/2026:08:28:40 +0300] "GET /detail/270703302 HTTP/2" 200 7082 "-" "Mozilla/5.0 (compatible; AhrefsBot/7.0; +http://ahrefs.com/robot/)"
103.134.1.75 - - [21/Apr/2026:08:28:40 +0300] "GET /?prizes/102682616 HTTP/1.1" 200 7546 "-" "Mozilla/5.0 (Windows NT 10.0; Win64; x64) AppleWebKit/537.36 (KHTML, like Gecko) Chrome/99.0.4844.51 Safari/537.36"
66.249.73.172 - - [21/Apr/2026:08:28:41 +0300] "GET /?p=9467 HTTP/1.1" 200 31082 "-" "Mozilla/5.0 (Linux; Android 6.0.1; Nexus 5X Build/MMB29P) AppleWebKit/537.36 (KHTML, like Gecko) Chrome/146.0.7680.177 Mobile Safari/537.36 (compatible; Googlebot/2.1; +http://www.google.com/bot.html)"
66.249.73.172 - - [21/Apr/2026:08:28:49 +0300] "GET /?detail/873206921 HTTP/1.1" 200 28855 "-" "Mozilla/5.0 (Linux; Android 6.0.1; Nexus 5X Build/MMB29P) AppleWebKit/537.36 (KHTML, like Gecko) Chrome/146.0.7680.177 Mobile Safari/537.36 (compatible; Googlebot/2.1; +http://www.google.com/bot.html)"
66.249.73.173 - - [21/Apr/2026:08:28:53 +0300] "GET /?detail/237043502 HTTP/1.1" 200 30292 "-" "Mozilla/5.0 (Linux; Android 6.0.1; Nexus 5X Build/MMB29P) AppleWebKit/537.36 (KHTML, like Gecko) Chrome/146.0.7680.177 Mobile Safari/537.36 (compatible; Googlebot/2.1; +http://www.google.com/bot.html)"
66.249.73.173 - - [21/Apr/2026:08:28:58 +0300] "GET /?detail/151322510 HTTP/1.1" 200 30532 "-" "Mozilla/5.0 (Linux; Android 6.0.1; Nexus 5X Build/MMB29P) AppleWebKit/537.36 (KHTML, like Gecko) Chrome/146.0.7680.177 Mobile Safari/537.36 (compatible; Googlebot/2.1; +http://www.google.com/bot.html)"
66.249.73.172 - - [21/Apr/2026:08:29:03 +0300] "GET /?detail/224571518 HTTP/1.1" 200 29285 "-" "Mozilla/5.0 (Linux; Android 6.0.1; Nexus 5X Build/MMB29P) AppleWebKit/537.36 (KHTML, like Gecko) Chrome/146.0.7680.177 Mobile Safari/537.36 (compatible; Googlebot/2.1; +http://www.google.com/bot.html)"
66.249.73.172 - - [21/Apr/2026:08:29:04 +0300] "GET /shop/bareass/portise724106208300.html HTTP/1.1" 200 30275 "-" "Mozilla/5.0 (compatible; Googlebot/2.1; +http://www.google.com/bot.html)"
66.249.73.172 - - [21/Apr/2026:08:29:08 +0300] "GET /?detail/103330183 HTTP/1.1" 200 29320 "-" "Mozilla/5.0 (Linux; Android 6.0.1; Nexus 5X Build/MMB29P) AppleWebKit/537.36 (KHTML, like Gecko) Chrome/146.0.7680.177 Mobile Safari/537.36 (compatible; Googlebot/2.1; +http://www.google.com/bot.html)"
198.244.183.55 - - [21/Apr/2026:08:29:08 +0300] "GET /detail/184824746 HTTP/2" 200 7067 "-" "Mozilla/5.0 (compatible; AhrefsBot/7.0; +http://ahrefs.com/robot/)"
66.249.73.172 - - [21/Apr/2026:08:29:14 +0300] "GET /?detail/860582758 HTTP/1.1" 200 28374 "-" "Mozilla/5.0 (Linux; Android 6.0.1; Nexus 5X Build/MMB29P) AppleWebKit/537.36 (KHTML, like Gecko) Chrome/146.0.7680.177 Mobile Safari/537.36 (compatible; Googlebot/2.1; +http://www.google.com/bot.html)"
66.249.73.172 - - [21/Apr/2026:08:29:19 +0300] "GET /?detail/736930312 HTTP/1.1" 200 30403 "-" "Mozilla/5.0 (Linux; Android 6.0.1; Nexus 5X Build/MMB29P) AppleWebKit/537.36 (KHTML, like Gecko) Chrome/146.0.7680.177 Mobile Safari/537.36 (compatible; Googlebot/2.1; +http://www.google.com/bot.html)"
66.249.73.172 - - [21/Apr/2026:08:29:25 +0300] "GET /?detail/210632752 HTTP/1.1" 200 29621 "-" "Mozilla/5.0 (Linux; Android 6.0.1; Nexus 5X Build/MMB29P) AppleWebKit/537.36 (KHTML, like Gecko) Chrome/146.0.7680.177 Mobile Safari/537.36 (compatible; Googlebot/2.1; +http://www.google.com/bot.html)"
66.249.73.172 - - [21/Apr/2026:08:29:30 +0300] "GET /?detail/359193298 HTTP/1.1" 200 29702 "-" "Mozilla/5.0 (Linux; Android 6.0.1; Nexus 5X Build/MMB29P) AppleWebKit/537.36 (KHTML, like Gecko) Chrome/146.0.7680.177 Mobile Safari/537.36 (compatible; Googlebot/2.1; +http://www.google.com/bot.html)"
66.249.73.172 - - [21/Apr/2026:08:29:33 +0300] "GET /?detail/207064878 HTTP/1.1" 200 29259 "-" "Mozilla/5.0 (Linux; Android 6.0.1; Nexus 5X Build/MMB29P) AppleWebKit/537.36 (KHTML, like Gecko) Chrome/146.0.7680.177 Mobile Safari/537.36 (compatible; Googlebot/2.1; +http://www.google.com/bot.html)"
66.249.73.172 - - [21/Apr/2026:08:29:35 +0300] "GET /?detail/265324661 HTTP/1.1" 200 30694 "-" "Mozilla/5.0 (Linux; Android 6.0.1; Nexus 5X Build/MMB29P) AppleWebKit/537.36 (KHTML, like Gecko) Chrome/146.0.7680.177 Mobile Safari/537.36 (compatible; Googlebot/2.1; +http://www.google.com/bot.html)"
51.195.215.70 - - [21/Apr/2026:08:29:35 +0300] "GET /shop/cynanchica/usualness061663713496.html HTTP/2" 200 7079 "-" "Mozilla/5.0 (compatible; AhrefsBot/7.0; +http://ahrefs.com/robot/)"
66.249.73.173 - - [21/Apr/2026:08:29:39 +0300] "GET /?detail/358376872 HTTP/1.1" 200 29775 "-" "Mozilla/5.0 (Linux; Android 6.0.1; Nexus 5X Build/MMB29P) AppleWebKit/537.36 (KHTML, like Gecko) Chrome/146.0.7680.177 Mobile Safari/537.36 (compatible; Googlebot/2.1; +http://www.google.com/bot.html)"
66.249.73.173 - - [21/Apr/2026:08:29:41 +0300] "GET /?detail/897001111 HTTP/1.1" 200 29792 "-" "Mozilla/5.0 (Linux; Android 6.0.1; Nexus 5X Build/MMB29P) AppleWebKit/537.36 (KHTML, like Gecko) Chrome/146.0.7680.177 Mobile Safari/537.36 (compatible; Googlebot/2.1; +http://www.google.com/bot.html)"
66.249.73.172 - - [21/Apr/2026:08:29:44 +0300] "GET /?detail/653365382 HTTP/1.1" 200 28980 "-" "Mozilla/5.0 (Linux; Android 6.0.1; Nexus 5X Build/MMB29P) AppleWebKit/537.36 (KHTML, like Gecko) Chrome/146.0.7680.177 Mobile Safari/537.36 (compatible; Googlebot/2.1; +http://www.google.com/bot.html)"
66.249.73.172 - - [21/Apr/2026:08:29:46 +0300] "GET /?detail/892053951 HTTP/1.1" 200 28557 "-" "Mozilla/5.0 (Linux; Android 6.0.1; Nexus 5X Build/MMB29P) AppleWebKit/537.36 (KHTML, like Gecko) Chrome/146.0.7680.177 Mobile Safari/537.36 (compatible; Googlebot/2.1; +http://www.google.com/bot.html)"
66.249.73.172 - - [21/Apr/2026:08:29:49 +0300] "GET /?detail/607402115 HTTP/1.1" 200 28828 "-" "Mozilla/5.0 (Linux; Android 6.0.1; Nexus 5X Build/MMB29P) AppleWebKit/537.36 (KHTML, like Gecko) Chrome/146.0.7680.177 Mobile Safari/537.36 (compatible; Googlebot/2.1; +http://www.google.com/bot.html)"
66.249.73.172 - - [21/Apr/2026:08:29:52 +0300] "GET /?detail/382249028 HTTP/1.1" 200 29556 "-" "Mozilla/5.0 (Linux; Android 6.0.1; Nexus 5X Build/MMB29P) AppleWebKit/537.36 (KHTML, like Gecko) Chrome/146.0.7680.177 Mobile Safari/537.36 (compatible; Googlebot/2.1; +http://www.google.com/bot.html)"
51.89.129.167 - - [21/Apr/2026:08:30:06 +0300] "GET /shop/admortization/incommutability004084430164.html HTTP/2" 200 7068 "-" "Mozilla/5.0 (compatible; AhrefsBot/7.0; +http://ahrefs.com/robot/)"
66.249.73.160 - - [21/Apr/2026:08:30:09 +0300] "GET /shop/calculating/physiced89497447755.html HTTP/1.1" 200 29769 "-" "Mozilla/5.0 (Linux; Android 6.0.1; Nexus 5X Build/MMB29P) AppleWebKit/537.36 (KHTML, like Gecko) Chrome/146.0.7680.177 Mobile Safari/537.36 (compatible; GoogleOther)"
66.249.73.173 - - [21/Apr/2026:08:31:35 +0300] "GET /shop/anaerobes/plantain41138848759.html HTTP/1.1" 200 28517 "-" "Mozilla/5.0 (compatible; Googlebot/2.1; +http://www.google.com/bot.html)"
77.65.214.113 - - [21/Apr/2026:08:31:38 +0300] "POST /xmlrpc.php HTTP/1.1" 200 6312 "-" "Mozilla/5.0 (Windows NT 10.0; WOW64) AppleWebKit/537.43 (KHTML, like Gecko) Chrome/139.0.0.0 Safari/537.36 OPR/123.0.0.0"
38.154.206.54 - - [21/Apr/2026:08:31:53 +0300] "POST /xmlrpc.php HTTP/1.1" 200 5025 "-" "undici"
66.249.73.173 - - [21/Apr/2026:08:31:53 +0300] "GET /?detail/432849718 HTTP/1.1" 200 29566 "-" "Mozilla/5.0 (Linux; Android 6.0.1; Nexus 5X Build/MMB29P) AppleWebKit/537.36 (KHTML, like Gecko) Chrome/146.0.7680.177 Mobile Safari/537.36 (compatible; Googlebot/2.1; +http://www.google.com/bot.html)"
66.249.73.172 - - [21/Apr/2026:08:32:21 +0300] "GET /?detail/82994728 HTTP/1.1" 200 28594 "-" "Mozilla/5.0 (Linux; Android 6.0.1; Nexus 5X Build/MMB29P) AppleWebKit/537.36 (KHTML, like Gecko) Chrome/146.0.7680.177 Mobile Safari/537.36 (compatible; Googlebot/2.1; +http://www.google.com/bot.html)"
66.249.73.160 - - [21/Apr/2026:08:33:10 +0300] "GET /?detail/24906611 HTTP/1.1" 200 30088 "-" "Mozilla/5.0 (Linux; Android 6.0.1; Nexus 5X Build/MMB29P) AppleWebKit/537.36 (KHTML, like Gecko) Chrome/146.0.7680.177 Mobile Safari/537.36 (compatible; Googlebot/2.1; +http://www.google.com/bot.html)"
198.244.242.227 - - [21/Apr/2026:08:33:39 +0300] "GET /shop/topman/conceitedness001439379002.html HTTP/2" 200 7112 "-" "Mozilla/5.0 (compatible; AhrefsBot/7.0; +http://ahrefs.com/robot/)"
186.75.62.218 - - [21/Apr/2026:08:33:45 +0300] "GET /?detail/884290076 HTTP/1.1" 200 7529 "-" "Mozilla/5.0 (Windows NT 10.0; Win64; x64) AppleWebKit/537.36 (KHTML, like Gecko) Chrome/110.0.0.0 Safari/537.36"
66.249.73.172 - - [21/Apr/2026:08:33:46 +0300] "GET /?detail/705945001 HTTP/1.1" 200 29469 "-" "Mozilla/5.0 (compatible; Googlebot/2.1; +http://www.google.com/bot.html)"
47.82.10.153 - - [21/Apr/2026:08:33:52 +0300] "GET /dexscreener-the-ultimate-tool-for-dex-traders-in-2026/ HTTP/1.1" 200 7535 "https://miroglu.net/" "Mozilla/5.0 (Windows NT 10.0; Win64; x64) AppleWebKit/537.36 (KHTML, like Gecko) Chrome/135.0.0.0 Safari/537.36 Edg/135.0.0.0"
198.244.242.206 - - [21/Apr/2026:08:34:06 +0300] "GET /shop/systaltic/picraena061513933908.html HTTP/2" 200 7100 "-" "Mozilla/5.0 (compatible; AhrefsBot/7.0; +http://ahrefs.com/robot/)"
66.249.73.160 - - [21/Apr/2026:08:34:05 +0300] "GET /shop/tobogan/fantails47986148771.html HTTP/1.1" 200 29916 "-" "Mozilla/5.0 (compatible; Googlebot/2.1; +http://www.google.com/bot.html)"
198.244.226.172 - - [21/Apr/2026:08:34:32 +0300] "GET /shop/resiege/morganianum063128680993.html HTTP/2" 200 7083 "-" "Mozilla/5.0 (compatible; AhrefsBot/7.0; +http://ahrefs.com/robot/)"
66.249.73.173 - - [21/Apr/2026:08:34:36 +0300] "GET /?detail/592118721 HTTP/1.1" 200 30042 "-" "Mozilla/5.0 (Linux; Android 6.0.1; Nexus 5X Build/MMB29P) AppleWebKit/537.36 (KHTML, like Gecko) Chrome/146.0.7680.177 Mobile Safari/537.36 (compatible; Googlebot/2.1; +http://www.google.com/bot.html)"
66.249.73.172 - - [21/Apr/2026:08:34:36 +0300] "GET /shop/morate/anathematism142457814033.html HTTP/1.1" 200 28838 "-" "Mozilla/5.0 (compatible; Googlebot/2.1; +http://www.google.com/bot.html)"
66.249.73.172 - - [21/Apr/2026:08:34:45 +0300] "GET /shop/cuculus/fibulae163617738800.html HTTP/1.1" 200 30319 "-" "Mozilla/5.0 (Linux; Android 6.0.1; Nexus 5X Build/MMB29P) AppleWebKit/537.36 (KHTML, like Gecko) Chrome/146.0.7680.177 Mobile Safari/537.36 (compatible; Googlebot/2.1; +http://www.google.com/bot.html)"
66.249.73.172 - - [21/Apr/2026:08:34:57 +0300] "GET /shop/adipocerous/foreseize283175213866.html HTTP/1.1" 200 28989 "-" "Mozilla/5.0 (Linux; Android 6.0.1; Nexus 5X Build/MMB29P) AppleWebKit/537.36 (KHTML, like Gecko) Chrome/146.0.7680.177 Mobile Safari/537.36 (compatible; GoogleOther)"
198.244.168.162 - - [21/Apr/2026:08:35:04 +0300] "GET /shop/represent/rettery063639098355.html HTTP/2" 200 7062 "-" "Mozilla/5.0 (compatible; AhrefsBot/7.0; +http://ahrefs.com/robot/)"
51.89.129.90 - - [21/Apr/2026:08:35:34 +0300] "GET /shop/ostent/nondenominational001726178255.html HTTP/2" 200 7079 "-" "Mozilla/5.0 (compatible; AhrefsBot/7.0; +http://ahrefs.com/robot/)"
66.249.73.173 - - [21/Apr/2026:08:35:39 +0300] "GET /?detail/981630665 HTTP/1.1" 200 30161 "-" "Mozilla/5.0 (compatible; Googlebot/2.1; +http://www.google.com/bot.html)"
51.195.215.135 - - [21/Apr/2026:08:36:07 +0300] "GET /shop/naevus/consociational013418424100.html HTTP/2" 200 7064 "-" "Mozilla/5.0 (compatible; AhrefsBot/7.0; +http://ahrefs.com/robot/)"
54.38.147.42 - - [21/Apr/2026:08:36:35 +0300] "GET /shop/epanaphora/trioecious05606289711.html HTTP/2" 200 7068 "-" "Mozilla/5.0 (compatible; AhrefsBot/7.0; +http://ahrefs.com/robot/)"
198.244.240.188 - - [21/Apr/2026:08:37:04 +0300] "GET /shop/developpement/tetrarchies052173539794.html HTTP/2" 200 7078 "-" "Mozilla/5.0 (compatible; AhrefsBot/7.0; +http://ahrefs.com/robot/)"
66.249.73.172 - - [21/Apr/2026:08:37:24 +0300] "GET /?detail/73757596 HTTP/1.1" 200 29069 "-" "Mozilla/5.0 (Linux; Android 6.0.1; Nexus 5X Build/MMB29P) AppleWebKit/537.36 (KHTML, like Gecko) Chrome/146.0.7680.177 Mobile Safari/537.36 (compatible; Googlebot/2.1; +http://www.google.com/bot.html)"
51.195.183.40 - - [21/Apr/2026:08:37:31 +0300] "GET /shop/detruncated/stonesmitch053364498160.html HTTP/2" 200 7089 "-" "Mozilla/5.0 (compatible; AhrefsBot/7.0; +http://ahrefs.com/robot/)"
216.73.217.121 - - [21/Apr/2026:08:37:32 +0300] "GET /'?fileloc=%2Fvar%2Fwww%2Fvhosts%2Fmiroglu.net%2Fhttpdocs%2Fwp-includes%2Fblocks%2Fquery-pagination%2Fstyle-rtl.css&path=%2Fvar%2Fwww%2Fvhosts%2Fmiroglu.net%2Fhttpdocs%2Fwp-includes%2Fblocks%2Fquery-pagination HTTP/2" 200 3761 "-" "Mozilla/5.0 AppleWebKit/537.36 (KHTML, like Gecko; compatible; ClaudeBot/1.0; +claudebot@anthropic.com)"
216.73.217.121 - - [21/Apr/2026:08:37:32 +0300] "GET /'?fileloc=%2Fvar%2Fwww%2Fvhosts%2Fmiroglu.net%2Fhttpdocs%2Fwp-includes%2Fblocks%2Fpost-template%2Fstyle-rtl.css&path=%2Fvar%2Fwww%2Fvhosts%2Fmiroglu.net%2Fhttpdocs%2Fwp-includes%2Fblocks%2Fpost-template HTTP/2" 200 3734 "-" "Mozilla/5.0 AppleWebKit/537.36 (KHTML, like Gecko; compatible; ClaudeBot/1.0; +claudebot@anthropic.com)"
216.73.217.121 - - [21/Apr/2026:08:37:32 +0300] "GET /'?fileloc=%2Fvar%2Fwww%2Fvhosts%2Fmiroglu.net%2Fhttpdocs%2Fwp-includes%2Fblocks%2Fpost-template%2Feditor-rtl.css&path=%2Fvar%2Fwww%2Fvhosts%2Fmiroglu.net%2Fhttpdocs%2Fwp-includes%2Fblocks%2Fpost-template HTTP/2" 200 3574 "-" "Mozilla/5.0 AppleWebKit/537.36 (KHTML, like Gecko; compatible; ClaudeBot/1.0; +claudebot@anthropic.com)"
216.73.217.121 - - [21/Apr/2026:08:37:32 +0300] "GET /'?fileloc=%2Fvar%2Fwww%2Fvhosts%2Fmiroglu.net%2Fhttpdocs%2Fwp-includes%2Fblocks%2Ffile%2Feditor-rtl.min.css&path=%2Fvar%2Fwww%2Fvhosts%2Fmiroglu.net%2Fhttpdocs%2Fwp-includes%2Fblocks%2Ffile HTTP/2" 200 3078 "-" "Mozilla/5.0 AppleWebKit/537.36 (KHTML, like Gecko; compatible; ClaudeBot/1.0; +claudebot@anthropic.com)"
216.73.217.121 - - [21/Apr/2026:08:37:32 +0300] "GET /'?fileloc=%2Fvar%2Fwww%2Fvhosts%2Fmiroglu.net%2Fhttpdocs%2Fwp-includes%2Fblocks%2Fcover%2Fblock.json&path=%2Fvar%2Fwww%2Fvhosts%2Fmiroglu.net%2Fhttpdocs%2Fwp-includes%2Fblocks%2Fcover HTTP/2" 200 3639 "-" "Mozilla/5.0 AppleWebKit/537.36 (KHTML, like Gecko; compatible; ClaudeBot/1.0; +claudebot@anthropic.com)"
216.73.217.121 - - [21/Apr/2026:08:37:32 +0300] "GET /'?fileloc=%2Fvar%2Fwww%2Fvhosts%2Fmiroglu.net%2Fhttpdocs%2Fwp-includes%2Fblocks%2Fspacer%2Feditor.min.css&path=%2Fvar%2Fwww%2Fvhosts%2Fmiroglu.net%2Fhttpdocs%2Fwp-includes%2Fblocks%2Fspacer HTTP/2" 200 3105 "-" "Mozilla/5.0 AppleWebKit/537.36 (KHTML, like Gecko; compatible; ClaudeBot/1.0; +claudebot@anthropic.com)"
216.73.217.121 - - [21/Apr/2026:08:37:32 +0300] "GET /'?fileloc=%2Fvar%2Fwww%2Fvhosts%2Fmiroglu.net%2Fhttpdocs%2Fwp-includes%2Fblocks%2Fcover%2Feditor.css&path=%2Fvar%2Fwww%2Fvhosts%2Fmiroglu.net%2Fhttpdocs%2Fwp-includes%2Fblocks%2Fcover HTTP/2" 200 4131 "-" "Mozilla/5.0 AppleWebKit/537.36 (KHTML, like Gecko; compatible; ClaudeBot/1.0; +claudebot@anthropic.com)"
216.73.217.121 - - [21/Apr/2026:08:37:32 +0300] "GET /'?fileloc=%2Fvar%2Fwww%2Fvhosts%2Fmiroglu.net%2Fhttpdocs%2Fwp-includes%2Fblocks%2Fcomments-pagination%2Feditor-rtl.css&path=%2Fvar%2Fwww%2Fvhosts%2Fmiroglu.net%2Fhttpdocs%2Fwp-includes%2Fblocks%2Fcomments-pagination HTTP/2" 200 3709 "-" "Mozilla/5.0 AppleWebKit/537.36 (KHTML, like Gecko; compatible; ClaudeBot/1.0; +claudebot@anthropic.com)"
216.73.217.121 - - [21/Apr/2026:08:37:32 +0300] "GET /'?fileloc=%2Fvar%2Fwww%2Fvhosts%2Fmiroglu.net%2Fhttpdocs%2Fwp-includes%2Fblocks%2Fpreformatted%2Fstyle-rtl.min.css&path=%2Fvar%2Fwww%2Fvhosts%2Fmiroglu.net%2Fhttpdocs%2Fwp-includes%2Fblocks%2Fpreformatted HTTP/2" 200 2900 "-" "Mozilla/5.0 AppleWebKit/537.36 (KHTML, like Gecko; compatible; ClaudeBot/1.0; +claudebot@anthropic.com)"
216.73.217.121 - - [21/Apr/2026:08:37:32 +0300] "GET /'?fileloc=%2Fvar%2Fwww%2Fvhosts%2Fmiroglu.net%2Fhttpdocs%2Fwp-includes%2Fblocks%2Fparagraph%2Feditor-rtl.min.css&path=%2Fvar%2Fwww%2Fvhosts%2Fmiroglu.net%2Fhttpdocs%2Fwp-includes%2Fblocks%2Fparagraph HTTP/2" 200 2971 "-" "Mozilla/5.0 AppleWebKit/537.36 (KHTML, like Gecko; compatible; ClaudeBot/1.0; +claudebot@anthropic.com)"
216.73.217.121 - - [21/Apr/2026:08:37:33 +0300] "GET /'?fileloc=%2Fvar%2Fwww%2Fvhosts%2Fmiroglu.net%2Fhttpdocs%2Fwp-includes%2Fblocks%2Ffile%2Fstyle-rtl.min.css&path=%2Fvar%2Fwww%2Fvhosts%2Fmiroglu.net%2Fhttpdocs%2Fwp-includes%2Fblocks%2Ffile HTTP/2" 200 3031 "-" "Mozilla/5.0 AppleWebKit/537.36 (KHTML, like Gecko; compatible; ClaudeBot/1.0; +claudebot@anthropic.com)"
216.73.217.121 - - [21/Apr/2026:08:37:33 +0300] "GET /'?fileloc=%2Fvar%2Fwww%2Fvhosts%2Fmiroglu.net%2Fhttpdocs%2Fwp-includes%2Fblocks%2Fcategories%2Feditor.css&path=%2Fvar%2Fwww%2Fvhosts%2Fmiroglu.net%2Fhttpdocs%2Fwp-includes%2Fblocks%2Fcategories HTTP/2" 200 3567 "-" "Mozilla/5.0 AppleWebKit/537.36 (KHTML, like Gecko; compatible; ClaudeBot/1.0; +claudebot@anthropic.com)"
216.73.217.121 - - [21/Apr/2026:08:37:33 +0300] "GET /'?fileloc=%2Fvar%2Fwww%2Fvhosts%2Fmiroglu.net%2Fhttpdocs%2Fwp-includes%2Fblocks%2Favatar%2Feditor-rtl.min.css&path=%2Fvar%2Fwww%2Fvhosts%2Fmiroglu.net%2Fhttpdocs%2Fwp-includes%2Fblocks%2Favatar HTTP/2" 200 2917 "-" "Mozilla/5.0 AppleWebKit/537.36 (KHTML, like Gecko; compatible; ClaudeBot/1.0; +claudebot@anthropic.com)"
216.73.217.121 - - [21/Apr/2026:08:37:33 +0300] "GET /'?fileloc=%2Fvar%2Fwww%2Fvhosts%2Fmiroglu.net%2Fhttpdocs%2Fwp-includes%2Fblocks%2Fnavigation-submenu%2Feditor-rtl.min.css&path=%2Fvar%2Fwww%2Fvhosts%2Fmiroglu.net%2Fhttpdocs%2Fwp-includes%2Fblocks%2Fnavigation-submenu HTTP/2" 200 3070 "-" "Mozilla/5.0 AppleWebKit/537.36 (KHTML, like Gecko; compatible; ClaudeBot/1.0; +claudebot@anthropic.com)"
216.73.217.121 - - [21/Apr/2026:08:37:33 +0300] "GET /'?fileloc=%2Fvar%2Fwww%2Fvhosts%2Fmiroglu.net%2Fhttpdocs%2Fwp-includes%2Fblocks%2Flist%2Fstyle-rtl.css&path=%2Fvar%2Fwww%2Fvhosts%2Fmiroglu.net%2Fhttpdocs%2Fwp-includes%2Fblocks%2Flist HTTP/2" 200 3574 "-" "Mozilla/5.0 AppleWebKit/537.36 (KHTML, like Gecko; compatible; ClaudeBot/1.0; +claudebot@anthropic.com)"
216.73.217.121 - - [21/Apr/2026:08:37:33 +0300] "GET /'?fileloc=%2Fvar%2Fwww%2Fvhosts%2Fmiroglu.net%2Fhttpdocs%2Fwp-includes%2Fblocks%2Fcomments-pagination%2Fstyle-rtl.css&path=%2Fvar%2Fwww%2Fvhosts%2Fmiroglu.net%2Fhttpdocs%2Fwp-includes%2Fblocks%2Fcomments-pagination HTTP/2" 200 3722 "-" "Mozilla/5.0 AppleWebKit/537.36 (KHTML, like Gecko; compatible; ClaudeBot/1.0; +claudebot@anthropic.com)"
216.73.217.121 - - [21/Apr/2026:08:37:33 +0300] "GET /'?fileloc=%2Fvar%2Fwww%2Fvhosts%2Fmiroglu.net%2Fhttpdocs%2Fwp-includes%2Fblocks%2Fpost-author%2Fstyle-rtl.css&path=%2Fvar%2Fwww%2Fvhosts%2Fmiroglu.net%2Fhttpdocs%2Fwp-includes%2Fblocks%2Fpost-author HTTP/2" 200 3653 "-" "Mozilla/5.0 AppleWebKit/537.36 (KHTML, like Gecko; compatible; ClaudeBot/1.0; +claudebot@anthropic.com)"
216.73.217.121 - - [21/Apr/2026:08:37:33 +0300] "GET /'?fileloc=%2Fvar%2Fwww%2Fvhosts%2Fmiroglu.net%2Fhttpdocs%2Fwp-includes%2Fblocks%2Fpost-terms%2Fblock.json&path=%2Fvar%2Fwww%2Fvhosts%2Fmiroglu.net%2Fhttpdocs%2Fwp-includes%2Fblocks%2Fpost-terms HTTP/2" 200 3266 "-" "Mozilla/5.0 AppleWebKit/537.36 (KHTML, like Gecko; compatible; ClaudeBot/1.0; +claudebot@anthropic.com)"
216.73.217.121 - - [21/Apr/2026:08:37:33 +0300] "GET /'?fileloc=%2Fvar%2Fwww%2Fvhosts%2Fmiroglu.net%2Fhttpdocs%2Fwp-includes%2Fblocks%2Favatar%2Fstyle-rtl.min.css&path=%2Fvar%2Fwww%2Fvhosts%2Fmiroglu.net%2Fhttpdocs%2Fwp-includes%2Fblocks%2Favatar HTTP/2" 200 2887 "-" "Mozilla/5.0 AppleWebKit/537.36 (KHTML, like Gecko; compatible; ClaudeBot/1.0; +claudebot@anthropic.com)"
216.73.217.121 - - [21/Apr/2026:08:37:34 +0300] "GET /'?fileloc=%2Fvar%2Fwww%2Fvhosts%2Fmiroglu.net%2Fhttpdocs%2Fwp-includes%2Fblocks%2Fparagraph%2Fstyle-rtl.min.css&path=%2Fvar%2Fwww%2Fvhosts%2Fmiroglu.net%2Fhttpdocs%2Fwp-includes%2Fblocks%2Fparagraph HTTP/2" 200 3056 "-" "Mozilla/5.0 AppleWebKit/537.36 (KHTML, like Gecko; compatible; ClaudeBot/1.0; +claudebot@anthropic.com)"
216.73.217.121 - - [21/Apr/2026:08:37:34 +0300] "GET /'?fileloc=%2Fvar%2Fwww%2Fvhosts%2Fmiroglu.net%2Fhttpdocs%2Fwp-includes%2Fblocks%2Fverse%2Fstyle.min.css&path=%2Fvar%2Fwww%2Fvhosts%2Fmiroglu.net%2Fhttpdocs%2Fwp-includes%2Fblocks%2Fverse HTTP/2" 200 2881 "-" "Mozilla/5.0 AppleWebKit/537.36 (KHTML, like Gecko; compatible; ClaudeBot/1.0; +claudebot@anthropic.com)"
216.73.217.121 - - [21/Apr/2026:08:37:34 +0300] "GET /'?fileloc=%2Fvar%2Fwww%2Fvhosts%2Fmiroglu.net%2Fhttpdocs%2Fwp-content%2Fplugins%2Fcontact-form-7%2Fload.php&path=%2Fvar%2Fwww%2Fvhosts%2Fmiroglu.net%2Fhttpdocs%2Fwp-content%2Fplugins%2Fcontact-form-7 HTTP/2" 200 4381 "-" "Mozilla/5.0 AppleWebKit/537.36 (KHTML, like Gecko; compatible; ClaudeBot/1.0; +claudebot@anthropic.com)"
216.73.217.121 - - [21/Apr/2026:08:37:34 +0300] "GET /'?fileloc=%2Fvar%2Fwww%2Fvhosts%2Fmiroglu.net%2Fhttpdocs%2Fwp-content%2Fthemes%2Fhello-elementor%2Feditor.css&path=%2Fvar%2Fwww%2Fvhosts%2Fmiroglu.net%2Fhttpdocs%2Fwp-content%2Fthemes%2Fhello-elementor HTTP/2" 200 2993 "-" "Mozilla/5.0 AppleWebKit/537.36 (KHTML, like Gecko; compatible; ClaudeBot/1.0; +claudebot@anthropic.com)"
216.73.217.121 - - [21/Apr/2026:08:37:34 +0300] "GET /'?fileloc=%2Fvar%2Fwww%2Fvhosts%2Fmiroglu.net%2Fhttpdocs%2Fwp-includes%2Fblocks%2Fsite-logo%2Feditor-rtl.min.css&path=%2Fvar%2Fwww%2Fvhosts%2Fmiroglu.net%2Fhttpdocs%2Fwp-includes%2Fblocks%2Fsite-logo HTTP/2" 200 3231 "-" "Mozilla/5.0 AppleWebKit/537.36 (KHTML, like Gecko; compatible; ClaudeBot/1.0; +claudebot@anthropic.com)"
216.73.217.121 - - [21/Apr/2026:08:37:34 +0300] "GET /'?fileloc=%2Fvar%2Fwww%2Fvhosts%2Fmiroglu.net%2Fhttpdocs%2Fwp-includes%2Fblocks%2Faudio%2Feditor-rtl.min.css&path=%2Fvar%2Fwww%2Fvhosts%2Fmiroglu.net%2Fhttpdocs%2Fwp-includes%2Fblocks%2Faudio HTTP/2" 200 2953 "-" "Mozilla/5.0 AppleWebKit/537.36 (KHTML, like Gecko; compatible; ClaudeBot/1.0; +claudebot@anthropic.com)"
216.73.217.121 - - [21/Apr/2026:08:37:34 +0300] "GET /'?fileloc=%2Fvar%2Fwww%2Fvhosts%2Fmiroglu.net%2Fhttpdocs%2Fwp-includes%2Fblocks%2Fpreformatted%2Fstyle.css&path=%2Fvar%2Fwww%2Fvhosts%2Fmiroglu.net%2Fhttpdocs%2Fwp-includes%2Fblocks%2Fpreformatted HTTP/2" 200 3587 "-" "Mozilla/5.0 AppleWebKit/537.36 (KHTML, like Gecko; compatible; ClaudeBot/1.0; +claudebot@anthropic.com)"
216.73.217.121 - - [21/Apr/2026:08:37:34 +0300] "GET /'?fileloc=%2Fvar%2Fwww%2Fvhosts%2Fmiroglu.net%2Fhttpdocs%2Fwp-includes%2Fblocks%2Fquote%2Ftheme.min.css&path=%2Fvar%2Fwww%2Fvhosts%2Fmiroglu.net%2Fhttpdocs%2Fwp-includes%2Fblocks%2Fquote HTTP/2" 200 3001 "-" "Mozilla/5.0 AppleWebKit/537.36 (KHTML, like Gecko; compatible; ClaudeBot/1.0; +claudebot@anthropic.com)"
216.73.217.121 - - [21/Apr/2026:08:37:34 +0300] "GET /'?fileloc=%2Fvar%2Fwww%2Fvhosts%2Fmiroglu.net%2Fhttpdocs%2Fwp-includes%2Fblocks%2Ffile%2Fstyle.css&path=%2Fvar%2Fwww%2Fvhosts%2Fmiroglu.net%2Fhttpdocs%2Fwp-includes%2Fblocks%2Ffile HTTP/2" 200 3727 "-" "Mozilla/5.0 AppleWebKit/537.36 (KHTML, like Gecko; compatible; ClaudeBot/1.0; +claudebot@anthropic.com)"
216.73.217.121 - - [21/Apr/2026:08:37:34 +0300] "GET /'?fileloc=%2Fvar%2Fwww%2Fvhosts%2Fmiroglu.net%2Fhttpdocs%2Fwp-includes%2Fblocks%2Ftemplate-part%2Ftheme-rtl.css&path=%2Fvar%2Fwww%2Fvhosts%2Fmiroglu.net%2Fhttpdocs%2Fwp-includes%2Fblocks%2Ftemplate-part HTTP/2" 200 3577 "-" "Mozilla/5.0 AppleWebKit/537.36 (KHTML, like Gecko; compatible; ClaudeBot/1.0; +claudebot@anthropic.com)"
216.73.217.121 - - [21/Apr/2026:08:37:34 +0300] "GET /'?fileloc=%2Fvar%2Fwww%2Fvhosts%2Fmiroglu.net%2Fhttpdocs%2Fwp-includes%2Fblocks%2Fpost-date%2Fstyle-rtl.min.css&path=%2Fvar%2Fwww%2Fvhosts%2Fmiroglu.net%2Fhttpdocs%2Fwp-includes%2Fblocks%2Fpost-date HTTP/2" 200 2870 "-" "Mozilla/5.0 AppleWebKit/537.36 (KHTML, like Gecko; compatible; ClaudeBot/1.0; +claudebot@anthropic.com)"
216.73.217.121 - - [21/Apr/2026:08:37:35 +0300] "GET /'?fileloc=%2Fvar%2Fwww%2Fvhosts%2Fmiroglu.net%2Fhttpdocs%2Fwp-includes%2Fblocks%2Fsite-logo%2Fstyle-rtl.min.css&path=%2Fvar%2Fwww%2Fvhosts%2Fmiroglu.net%2Fhttpdocs%2Fwp-includes%2Fblocks%2Fsite-logo HTTP/2" 200 2984 "-" "Mozilla/5.0 AppleWebKit/537.36 (KHTML, like Gecko; compatible; ClaudeBot/1.0; +claudebot@anthropic.com)"
216.73.217.121 - - [21/Apr/2026:08:37:35 +0300] "GET /'?fileloc=%2Fvar%2Fwww%2Fvhosts%2Fmiroglu.net%2Fhttpdocs%2Fwp-includes%2Fblocks%2Fparagraph%2Fstyle.css&path=%2Fvar%2Fwww%2Fvhosts%2Fmiroglu.net%2Fhttpdocs%2Fwp-includes%2Fblocks%2Fparagraph HTTP/2" 200 3744 "-" "Mozilla/5.0 AppleWebKit/537.36 (KHTML, like Gecko; compatible; ClaudeBot/1.0; +claudebot@anthropic.com)"
216.73.217.121 - - [21/Apr/2026:08:37:35 +0300] "GET /'?fileloc=%2Fvar%2Fwww%2Fvhosts%2Fmiroglu.net%2Fhttpdocs%2Fwp-includes%2Fblocks%2Fcategories%2Fblock.json&path=%2Fvar%2Fwww%2Fvhosts%2Fmiroglu.net%2Fhttpdocs%2Fwp-includes%2Fblocks%2Fcategories HTTP/2" 200 3269 "-" "Mozilla/5.0 AppleWebKit/537.36 (KHTML, like Gecko; compatible; ClaudeBot/1.0; +claudebot@anthropic.com)"
216.73.217.121 - - [21/Apr/2026:08:37:35 +0300] "GET /'?fileloc=%2Fvar%2Fwww%2Fvhosts%2Fmiroglu.net%2Fhttpdocs%2Fwp-includes%2Fblocks%2Faudio%2Fstyle-rtl.min.css&path=%2Fvar%2Fwww%2Fvhosts%2Fmiroglu.net%2Fhttpdocs%2Fwp-includes%2Fblocks%2Faudio HTTP/2" 200 2909 "-" "Mozilla/5.0 AppleWebKit/537.36 (KHTML, like Gecko; compatible; ClaudeBot/1.0; +claudebot@anthropic.com)"
216.73.217.121 - - [21/Apr/2026:08:37:35 +0300] "GET /'?fileloc=%2Fvar%2Fwww%2Fvhosts%2Fmiroglu.net%2Fhttpdocs%2Fwp-includes%2Fblocks%2Fmore%2Feditor.min.css&path=%2Fvar%2Fwww%2Fvhosts%2Fmiroglu.net%2Fhttpdocs%2Fwp-includes%2Fblocks%2Fmore HTTP/2" 200 3177 "-" "Mozilla/5.0 AppleWebKit/537.36 (KHTML, like Gecko; compatible; ClaudeBot/1.0; +claudebot@anthropic.com)"
216.73.217.121 - - [21/Apr/2026:08:37:35 +0300] "GET /'?fileloc=%2Fvar%2Fwww%2Fvhosts%2Fmiroglu.net%2Fhttpdocs%2Fwp-includes%2Fblocks%2Ftemplate-part%2Feditor.css&path=%2Fvar%2Fwww%2Fvhosts%2Fmiroglu.net%2Fhttpdocs%2Fwp-includes%2Fblocks%2Ftemplate-part HTTP/2" 200 3704 "-" "Mozilla/5.0 AppleWebKit/537.36 (KHTML, like Gecko; compatible; ClaudeBot/1.0; +claudebot@anthropic.com)"
216.73.217.121 - - [21/Apr/2026:08:37:35 +0300] "GET /'?fileloc=%2Fvar%2Fwww%2Fvhosts%2Fmiroglu.net%2Fhttpdocs%2Fwp-includes%2Fblocks%2Farchives%2Feditor.css&path=%2Fvar%2Fwww%2Fvhosts%2Fmiroglu.net%2Fhttpdocs%2Fwp-includes%2Fblocks%2Farchives HTTP/2" 200 3561 "-" "Mozilla/5.0 AppleWebKit/537.36 (KHTML, like Gecko; compatible; ClaudeBot/1.0; +claudebot@anthropic.com)"
216.73.217.121 - - [21/Apr/2026:08:37:35 +0300] "GET /url%20=%3Cwidth%3Ex%3Cheight%3E%20%22optional%20title%22?fileloc=%2Fvar%2Fwww%2Fvhosts%2Fmiroglu.net%2Fhttpdocs%2Fwp-admin%2Fincludes%2Fincludes%2Fcache.php&path=%2Fvar%2Fwww%2Fvhosts%2Fmiroglu.net%2Fhttpdocs%2Fwp-admin%2Fincludes%2Fincludes HTTP/2" 200 7215 "-" "Mozilla/5.0 AppleWebKit/537.36 (KHTML, like Gecko; compatible; ClaudeBot/1.0; +claudebot@anthropic.com)"
216.73.217.121 - - [21/Apr/2026:08:37:35 +0300] "GET /'?fileloc=%2Fvar%2Fwww%2Fvhosts%2Fmiroglu.net%2Fhttpdocs%2Fwp-includes%2Fblocks%2Fpost-title%2Fstyle-rtl.min.css&path=%2Fvar%2Fwww%2Fvhosts%2Fmiroglu.net%2Fhttpdocs%2Fwp-includes%2Fblocks%2Fpost-title HTTP/2" 200 2895 "-" "Mozilla/5.0 AppleWebKit/537.36 (KHTML, like Gecko; compatible; ClaudeBot/1.0; +claudebot@anthropic.com)"
216.73.217.121 - - [21/Apr/2026:08:37:35 +0300] "GET /'?fileloc=%2Fvar%2Fwww%2Fvhosts%2Fmiroglu.net%2Fhttpdocs%2Fwp-includes%2Fblocks%2Fread-more%2Fstyle.min.css&path=%2Fvar%2Fwww%2Fvhosts%2Fmiroglu.net%2Fhttpdocs%2Fwp-includes%2Fblocks%2Fread-more HTTP/2" 200 2922 "-" "Mozilla/5.0 AppleWebKit/537.36 (KHTML, like Gecko; compatible; ClaudeBot/1.0; +claudebot@anthropic.com)"
216.73.217.121 - - [21/Apr/2026:08:37:35 +0300] "GET /'?fileloc=%2Fvar%2Fwww%2Fvhosts%2Fmiroglu.net%2Fhttpdocs%2Fwp-includes%2Fblocks%2Ftemplate-part%2Fblock.json&path=%2Fvar%2Fwww%2Fvhosts%2Fmiroglu.net%2Fhttpdocs%2Fwp-includes%2Fblocks%2Ftemplate-part HTTP/2" 200 3143 "-" "Mozilla/5.0 AppleWebKit/537.36 (KHTML, like Gecko; compatible; ClaudeBot/1.0; +claudebot@anthropic.com)"
216.73.217.121 - - [21/Apr/2026:08:37:36 +0300] "GET /'?fileloc=%2Fvar%2Fwww%2Fvhosts%2Fmiroglu.net%2Fhttpdocs%2Fwp-includes%2Fblocks%2Fquery-pagination%2Feditor-rtl.min.css&path=%2Fvar%2Fwww%2Fvhosts%2Fmiroglu.net%2Fhttpdocs%2Fwp-includes%2Fblocks%2Fquery-pagination HTTP/2" 200 3016 "-" "Mozilla/5.0 AppleWebKit/537.36 (KHTML, like Gecko; compatible; ClaudeBot/1.0; +claudebot@anthropic.com)"
216.73.217.121 - - [21/Apr/2026:08:37:36 +0300] "GET /'?fileloc=%2Fvar%2Fwww%2Fvhosts%2Fmiroglu.net%2Fhttpdocs%2Fwp-includes%2Fblocks%2Fpost-template%2Feditor-rtl.min.css&path=%2Fvar%2Fwww%2Fvhosts%2Fmiroglu.net%2Fhttpdocs%2Fwp-includes%2Fblocks%2Fpost-template HTTP/2" 200 2901 "-" "Mozilla/5.0 AppleWebKit/537.36 (KHTML, like Gecko; compatible; ClaudeBot/1.0; +claudebot@anthropic.com)"
216.73.217.121 - - [21/Apr/2026:08:37:36 +0300] "GET /'?fileloc=%2Fvar%2Fwww%2Fvhosts%2Fmiroglu.net%2Fhttpdocs%2Fwp-includes%2Fblocks%2Favatar%2Fstyle.css&path=%2Fvar%2Fwww%2Fvhosts%2Fmiroglu.net%2Fhttpdocs%2Fwp-includes%2Fblocks%2Favatar HTTP/2" 200 3554 "-" "Mozilla/5.0 AppleWebKit/537.36 (KHTML, like Gecko; compatible; ClaudeBot/1.0; +claudebot@anthropic.com)"
216.73.217.121 - - [21/Apr/2026:08:37:36 +0300] "GET /'?fileloc=%2Fvar%2Fwww%2Fvhosts%2Fmiroglu.net%2Fhttpdocs%2Fwp-includes%2Fblocks%2Fcomments-pagination%2Feditor-rtl.min.css&path=%2Fvar%2Fwww%2Fvhosts%2Fmiroglu.net%2Fhttpdocs%2Fwp-includes%2Fblocks%2Fcomments-pagination HTTP/2" 200 3013 "-" "Mozilla/5.0 AppleWebKit/537.36 (KHTML, like Gecko; compatible; ClaudeBot/1.0; +claudebot@anthropic.com)"
216.73.217.121 - - [21/Apr/2026:08:37:36 +0300] "GET /'?fileloc=%2Fvar%2Fwww%2Fvhosts%2Fmiroglu.net%2Fhttpdocs%2Fwp-includes%2Fblocks%2Farchives%2Fblock.json&path=%2Fvar%2Fwww%2Fvhosts%2Fmiroglu.net%2Fhttpdocs%2Fwp-includes%2Fblocks%2Farchives HTTP/2" 200 3267 "-" "Mozilla/5.0 AppleWebKit/537.36 (KHTML, like Gecko; compatible; ClaudeBot/1.0; +claudebot@anthropic.com)"
216.73.217.121 - - [21/Apr/2026:08:37:36 +0300] "GET /'?fileloc=%2Fvar%2Fwww%2Fvhosts%2Fmiroglu.net%2Fhttpdocs%2Fwp-includes%2Fblocks%2Fpost-template%2Fstyle-rtl.min.css&path=%2Fvar%2Fwww%2Fvhosts%2Fmiroglu.net%2Fhttpdocs%2Fwp-includes%2Fblocks%2Fpost-template HTTP/2" 200 3065 "-" "Mozilla/5.0 AppleWebKit/537.36 (KHTML, like Gecko; compatible; ClaudeBot/1.0; +claudebot@anthropic.com)"
216.73.217.121 - - [21/Apr/2026:08:37:36 +0300] "GET /'?fileloc=%2Fvar%2Fwww%2Fvhosts%2Fmiroglu.net%2Fhttpdocs%2Fwp-includes%2Fblocks%2Fquery-pagination%2Fstyle-rtl.min.css&path=%2Fvar%2Fwww%2Fvhosts%2Fmiroglu.net%2Fhttpdocs%2Fwp-includes%2Fblocks%2Fquery-pagination HTTP/2" 200 3084 "-" "Mozilla/5.0 AppleWebKit/537.36 (KHTML, like Gecko; compatible; ClaudeBot/1.0; +claudebot@anthropic.com)"
216.73.217.121 - - [21/Apr/2026:08:37:36 +0300] "GET /'?fileloc=%2Fvar%2Fwww%2Fvhosts%2Fmiroglu.net%2Fhttpdocs%2Fwp-includes%2Fblocks%2Fcover%2Feditor.min.css&path=%2Fvar%2Fwww%2Fvhosts%2Fmiroglu.net%2Fhttpdocs%2Fwp-includes%2Fblocks%2Fcover HTTP/2" 200 3359 "-" "Mozilla/5.0 AppleWebKit/537.36 (KHTML, like Gecko; compatible; ClaudeBot/1.0; +claudebot@anthropic.com)"
216.73.217.121 - - [21/Apr/2026:08:37:36 +0300] "GET /'?fileloc=%2Fvar%2Fwww%2Fvhosts%2Fmiroglu.net%2Fhttpdocs%2Fwp-includes%2Fblocks%2Fcomments-pagination%2Fstyle-rtl.min.css&path=%2Fvar%2Fwww%2Fvhosts%2Fmiroglu.net%2Fhttpdocs%2Fwp-includes%2Fblocks%2Fcomments-pagination HTTP/2" 200 3031 "-" "Mozilla/5.0 AppleWebKit/537.36 (KHTML, like Gecko; compatible; ClaudeBot/1.0; +claudebot@anthropic.com)"
216.73.217.121 - - [21/Apr/2026:08:37:36 +0300] "GET /'?fileloc=%2Fvar%2Fwww%2Fvhosts%2Fmiroglu.net%2Fhttpdocs%2Fwp-includes%2Fblocks%2Faudio%2Fstyle.css&path=%2Fvar%2Fwww%2Fvhosts%2Fmiroglu.net%2Fhttpdocs%2Fwp-includes%2Fblocks%2Faudio HTTP/2" 200 3581 "-" "Mozilla/5.0 AppleWebKit/537.36 (KHTML, like Gecko; compatible; ClaudeBot/1.0; +claudebot@anthropic.com)"
216.73.217.121 - - [21/Apr/2026:08:37:36 +0300] "GET /'?fileloc=%2Fvar%2Fwww%2Fvhosts%2Fmiroglu.net%2Fhttpdocs%2Fwp-includes%2Fblocks%2Fpost-date%2Fstyle.css&path=%2Fvar%2Fwww%2Fvhosts%2Fmiroglu.net%2Fhttpdocs%2Fwp-includes%2Fblocks%2Fpost-date HTTP/2" 200 3540 "-" "Mozilla/5.0 AppleWebKit/537.36 (KHTML, like Gecko; compatible; ClaudeBot/1.0; +claudebot@anthropic.com)"
216.73.217.121 - - [21/Apr/2026:08:37:37 +0300] "GET /'?fileloc=%2Fvar%2Fwww%2Fvhosts%2Fmiroglu.net%2Fhttpdocs%2Fwp-content%2Fthemes%2Ftwentytwentytwo%2Freadme.txt&path=%2Fvar%2Fwww%2Fvhosts%2Fmiroglu.net%2Fhttpdocs%2Fwp-content%2Fthemes%2Ftwentytwentytwo HTTP/2" 200 4613 "-" "Mozilla/5.0 AppleWebKit/537.36 (KHTML, like Gecko; compatible; ClaudeBot/1.0; +claudebot@anthropic.com)"
216.73.217.121 - - [21/Apr/2026:08:37:37 +0300] "GET /'?fileloc=%2Fvar%2Fwww%2Fvhosts%2Fmiroglu.net%2Fhttpdocs%2Fwp-includes%2Fblocks%2Flist%2Fstyle-rtl.min.css&path=%2Fvar%2Fwww%2Fvhosts%2Fmiroglu.net%2Fhttpdocs%2Fwp-includes%2Fblocks%2Flist HTTP/2" 200 2895 "-" "Mozilla/5.0 AppleWebKit/537.36 (KHTML, like Gecko; compatible; ClaudeBot/1.0; +claudebot@anthropic.com)"
216.73.217.121 - - [21/Apr/2026:08:37:37 +0300] "GET /'?fileloc=%2Fvar%2Fwww%2Fvhosts%2Fmiroglu.net%2Fhttpdocs%2Fwp-includes%2Fblocks%2Fsite-logo%2Fstyle.css&path=%2Fvar%2Fwww%2Fvhosts%2Fmiroglu.net%2Fhttpdocs%2Fwp-includes%2Fblocks%2Fsite-logo HTTP/2" 200 3657 "-" "Mozilla/5.0 AppleWebKit/537.36 (KHTML, like Gecko; compatible; ClaudeBot/1.0; +claudebot@anthropic.com)"
216.73.217.121 - - [21/Apr/2026:08:37:37 +0300] "GET /'?fileloc=%2Fvar%2Fwww%2Fvhosts%2Fmiroglu.net%2Fhttpdocs%2Fwp-includes%2Fblocks%2Fpost-author%2Fstyle-rtl.min.css&path=%2Fvar%2Fwww%2Fvhosts%2Fmiroglu.net%2Fhttpdocs%2Fwp-includes%2Fblocks%2Fpost-author HTTP/2" 200 2968 "-" "Mozilla/5.0 AppleWebKit/537.36 (KHTML, like Gecko; compatible; ClaudeBot/1.0; +claudebot@anthropic.com)"
216.73.217.121 - - [21/Apr/2026:08:37:37 +0300] "GET /'?fileloc=%2Fvar%2Fwww%2Fvhosts%2Fmiroglu.net%2Fhttpdocs%2Fwp-includes%2Fblocks%2Fpost-title%2Fstyle.css&path=%2Fvar%2Fwww%2Fvhosts%2Fmiroglu.net%2Fhttpdocs%2Fwp-includes%2Fblocks%2Fpost-title HTTP/2" 200 3571 "-" "Mozilla/5.0 AppleWebKit/537.36 (KHTML, like Gecko; compatible; ClaudeBot/1.0; +claudebot@anthropic.com)"
216.73.217.121 - - [21/Apr/2026:08:37:37 +0300] "GET /'?fileloc=%2Fvar%2Fwww%2Fvhosts%2Fmiroglu.net%2Fhttpdocs%2Fwp-content%2Fthemes%2Fhello-elementor%2Feditor.min.css&path=%2Fvar%2Fwww%2Fvhosts%2Fmiroglu.net%2Fhttpdocs%2Fwp-content%2Fthemes%2Fhello-elementor HTTP/2" 200 2960 "-" "Mozilla/5.0 AppleWebKit/537.36 (KHTML, like Gecko; compatible; ClaudeBot/1.0; +claudebot@anthropic.com)"
216.73.217.121 - - [21/Apr/2026:08:37:37 +0300] "GET /'?fileloc=%2Fvar%2Fwww%2Fvhosts%2Fmiroglu.net%2Fhttpdocs%2Fwp-includes%2Fblocks%2Fcategories%2Feditor.min.css&path=%2Fvar%2Fwww%2Fvhosts%2Fmiroglu.net%2Fhttpdocs%2Fwp-includes%2Fblocks%2Fcategories HTTP/2" 200 2884 "-" "Mozilla/5.0 AppleWebKit/537.36 (KHTML, like Gecko; compatible; ClaudeBot/1.0; +claudebot@anthropic.com)"
216.73.217.121 - - [21/Apr/2026:08:37:37 +0300] "GET /'?fileloc=%2Fvar%2Fwww%2Fvhosts%2Fmiroglu.net%2Fhttpdocs%2Fwp-includes%2Fblocks%2Fquery-pagination%2Fstyle.css&path=%2Fvar%2Fwww%2Fvhosts%2Fmiroglu.net%2Fhttpdocs%2Fwp-includes%2Fblocks%2Fquery-pagination HTTP/2" 200 3784 "-" "Mozilla/5.0 AppleWebKit/537.36 (KHTML, like Gecko; compatible; ClaudeBot/1.0; +claudebot@anthropic.com)"
216.73.217.121 - - [21/Apr/2026:08:37:37 +0300] "GET /'?fileloc=%2Fvar%2Fwww%2Fvhosts%2Fmiroglu.net%2Fhttpdocs%2Fwp-includes%2Fblocks%2Ftemplate-part%2Ftheme-rtl.min.css&path=%2Fvar%2Fwww%2Fvhosts%2Fmiroglu.net%2Fhttpdocs%2Fwp-includes%2Fblocks%2Ftemplate-part HTTP/2" 200 2895 "-" "Mozilla/5.0 AppleWebKit/537.36 (KHTML, like Gecko; compatible; ClaudeBot/1.0; +claudebot@anthropic.com)"
216.73.217.121 - - [21/Apr/2026:08:37:37 +0300] "GET /'?fileloc=%2Fvar%2Fwww%2Fvhosts%2Fmiroglu.net%2Fhttpdocs%2Fwp-includes%2Fblocks%2Fpost-template%2Fstyle.css&path=%2Fvar%2Fwww%2Fvhosts%2Fmiroglu.net%2Fhttpdocs%2Fwp-includes%2Fblocks%2Fpost-template HTTP/2" 200 3739 "-" "Mozilla/5.0 AppleWebKit/537.36 (KHTML, like Gecko; compatible; ClaudeBot/1.0; +claudebot@anthropic.com)"
216.73.217.121 - - [21/Apr/2026:08:37:37 +0300] "GET /'?fileloc=%2Fvar%2Fwww%2Fvhosts%2Fmiroglu.net%2Fhttpdocs%2Fwp-includes%2Fblocks%2Fembed%2Feditor-rtl.css&path=%2Fvar%2Fwww%2Fvhosts%2Fmiroglu.net%2Fhttpdocs%2Fwp-includes%2Fblocks%2Fembed HTTP/2" 200 3776 "-" "Mozilla/5.0 AppleWebKit/537.36 (KHTML, like Gecko; compatible; ClaudeBot/1.0; +claudebot@anthropic.com)"
216.73.217.121 - - [21/Apr/2026:08:37:38 +0300] "GET /'?fileloc=%2Fvar%2Fwww%2Fvhosts%2Fmiroglu.net%2Fhttpdocs%2Fwp-includes%2Fblocks%2Fpreformatted%2Fstyle.min.css&path=%2Fvar%2Fwww%2Fvhosts%2Fmiroglu.net%2Fhttpdocs%2Fwp-includes%2Fblocks%2Fpreformatted HTTP/2" 200 2898 "-" "Mozilla/5.0 AppleWebKit/537.36 (KHTML, like Gecko; compatible; ClaudeBot/1.0; +claudebot@anthropic.com)"
