HEX
Server: LiteSpeed
System:
User: ()
PHP: 7.3.33
Disabled: ln,cat,popen,pclose,posix_getpwuid,posix_getgrgid,posix_kill,parse_perms,system,dl,passthru,exec,shell_exec,popen,proc_close,proc_get_status,proc_nice,proc_open,escapeshellcmd,escapeshellarg,show_source,posix_mkfifo,mysql_list_dbs,get_current_user,getmyuid,pconnect,link,symlink,pcntl_exec,ini_alter,pfsockopen,leak,apache_child_terminate,posix_setpgid,posix_setsid,posix_setuid,proc_terminate,syslog,stream_select,socket_select,socket_create,socket_create_listen,socket_create_pair,socket_listen,socket_accept,socket_bind,socket_strerror,pcntl_fork,pcntl_signal,pcntl_waitpid,pcntl_wexitstatus,pcntl_wifexited,pcntl_wifsignaled,pcntl_wifstopped,pcntl_wstopsig,pcntl_wtermsig,openlog,apache_get_modules,apache_get_version,apache_getenv,apache_note,apache_setenv,virtual,ini_get_all,php_passthru,posix_uname,php_uname,highlight_file,define_syslog_variables,ftp_exec,inject_code,eval
Upload Files
File: /var/www/vhosts/miroglu.net/logs/access_ssl_log
66.249.73.160 - - [21/Apr/2026:07:34:00 +0300] "GET /shop/banyan/disparity251377797694.html HTTP/1.1" 200 30751 "-" "Mozilla/5.0 (Linux; Android 6.0.1; Nexus 5X Build/MMB29P) AppleWebKit/537.36 (KHTML, like Gecko) Chrome/146.0.7680.177 Mobile Safari/537.36 (compatible; Googlebot/2.1; +http://www.google.com/bot.html)"
198.244.183.13 - - [21/Apr/2026:07:34:17 +0300] "GET /detail/943235572 HTTP/2" 200 7073 "-" "Mozilla/5.0 (compatible; AhrefsBot/7.0; +http://ahrefs.com/robot/)"
66.249.73.172 - - [21/Apr/2026:07:34:26 +0300] "GET /?detail/701723147 HTTP/1.1" 200 29824 "-" "Mozilla/5.0 (Linux; Android 6.0.1; Nexus 5X Build/MMB29P) AppleWebKit/537.36 (KHTML, like Gecko) Chrome/146.0.7680.177 Mobile Safari/537.36 (compatible; Googlebot/2.1; +http://www.google.com/bot.html)"
198.244.168.243 - - [21/Apr/2026:07:34:46 +0300] "GET /detail/727218566 HTTP/2" 200 7080 "-" "Mozilla/5.0 (compatible; AhrefsBot/7.0; +http://ahrefs.com/robot/)"
66.249.73.172 - - [21/Apr/2026:07:34:49 +0300] "GET /?detail/811243037 HTTP/1.1" 200 29708 "-" "Mozilla/5.0 (Linux; Android 6.0.1; Nexus 5X Build/MMB29P) AppleWebKit/537.36 (KHTML, like Gecko) Chrome/146.0.7680.177 Mobile Safari/537.36 (compatible; Googlebot/2.1; +http://www.google.com/bot.html)"
66.249.73.172 - - [21/Apr/2026:07:34:54 +0300] "GET /?detail/840191316 HTTP/1.1" 200 28149 "-" "Mozilla/5.0 (Linux; Android 6.0.1; Nexus 5X Build/MMB29P) AppleWebKit/537.36 (KHTML, like Gecko) Chrome/146.0.7680.177 Mobile Safari/537.36 (compatible; Googlebot/2.1; +http://www.google.com/bot.html)"
66.249.73.172 - - [21/Apr/2026:07:35:04 +0300] "GET /shop/siserara/squirted66256003599.html HTTP/1.1" 200 28805 "-" "Mozilla/5.0 (compatible; Googlebot/2.1; +http://www.google.com/bot.html)"
66.249.73.172 - - [21/Apr/2026:07:35:05 +0300] "GET /?detail/846748233 HTTP/1.1" 200 29006 "-" "Mozilla/5.0 (Linux; Android 6.0.1; Nexus 5X Build/MMB29P) AppleWebKit/537.36 (KHTML, like Gecko) Chrome/146.0.7680.177 Mobile Safari/537.36 (compatible; Googlebot/2.1; +http://www.google.com/bot.html)"
198.244.240.66 - - [21/Apr/2026:07:35:17 +0300] "GET /detail/869638642 HTTP/2" 200 7078 "-" "Mozilla/5.0 (compatible; AhrefsBot/7.0; +http://ahrefs.com/robot/)"
66.249.73.172 - - [21/Apr/2026:07:35:17 +0300] "GET /?detail/10596584 HTTP/1.1" 200 30064 "-" "Mozilla/5.0 (Linux; Android 6.0.1; Nexus 5X Build/MMB29P) AppleWebKit/537.36 (KHTML, like Gecko) Chrome/146.0.7680.177 Mobile Safari/537.36 (compatible; Googlebot/2.1; +http://www.google.com/bot.html)"
66.249.73.173 - - [21/Apr/2026:07:35:16 +0300] "GET /?detail/251391314 HTTP/1.1" 200 30185 "-" "Mozilla/5.0 (compatible; Googlebot/2.1; +http://www.google.com/bot.html)"
66.249.73.172 - - [21/Apr/2026:07:35:34 +0300] "GET /?detail/860845308 HTTP/1.1" 200 28953 "-" "Mozilla/5.0 (compatible; Googlebot/2.1; +http://www.google.com/bot.html)"
216.73.217.121 - - [21/Apr/2026:07:35:46 +0300] "GET / HTTP/2" 200 7069 "-" "Mozilla/5.0 AppleWebKit/537.36 (KHTML, like Gecko; compatible; ClaudeBot/1.0; +claudebot@anthropic.com)"
51.195.244.80 - - [21/Apr/2026:07:35:57 +0300] "GET /detail/49700724 HTTP/2" 200 7067 "-" "Mozilla/5.0 (compatible; AhrefsBot/7.0; +http://ahrefs.com/robot/)"
66.249.73.173 - - [21/Apr/2026:07:36:01 +0300] "GET /?detail/562928734 HTTP/1.1" 200 28669 "-" "Mozilla/5.0 (Linux; Android 6.0.1; Nexus 5X Build/MMB29P) AppleWebKit/537.36 (KHTML, like Gecko) Chrome/146.0.7680.177 Mobile Safari/537.36 (compatible; Googlebot/2.1; +http://www.google.com/bot.html)"
66.249.73.172 - - [21/Apr/2026:07:36:03 +0300] "GET /?detail/401915393 HTTP/1.1" 200 28361 "-" "Mozilla/5.0 (Linux; Android 6.0.1; Nexus 5X Build/MMB29P) AppleWebKit/537.36 (KHTML, like Gecko) Chrome/146.0.7680.177 Mobile Safari/537.36 (compatible; Googlebot/2.1; +http://www.google.com/bot.html)"
66.249.73.173 - - [21/Apr/2026:07:36:06 +0300] "GET /?prizes/49080858 HTTP/1.1" 200 30433 "-" "Mozilla/5.0 (Linux; Android 6.0.1; Nexus 5X Build/MMB29P) AppleWebKit/537.36 (KHTML, like Gecko) Chrome/146.0.7680.177 Mobile Safari/537.36 (compatible; Googlebot/2.1; +http://www.google.com/bot.html)"
66.249.73.172 - - [21/Apr/2026:07:36:18 +0300] "GET /?detail/951420426 HTTP/1.1" 200 29998 "-" "Mozilla/5.0 (Linux; Android 6.0.1; Nexus 5X Build/MMB29P) AppleWebKit/537.36 (KHTML, like Gecko) Chrome/146.0.7680.177 Mobile Safari/537.36 (compatible; Googlebot/2.1; +http://www.google.com/bot.html)"
66.249.73.172 - - [21/Apr/2026:07:36:21 +0300] "GET /?detail/498666336 HTTP/1.1" 200 30238 "-" "Mozilla/5.0 (Linux; Android 6.0.1; Nexus 5X Build/MMB29P) AppleWebKit/537.36 (KHTML, like Gecko) Chrome/146.0.7680.177 Mobile Safari/537.36 (compatible; Googlebot/2.1; +http://www.google.com/bot.html)"
51.195.244.98 - - [21/Apr/2026:07:36:24 +0300] "GET /detail/366590558 HTTP/2" 200 7084 "-" "Mozilla/5.0 (compatible; AhrefsBot/7.0; +http://ahrefs.com/robot/)"
54.38.147.243 - - [21/Apr/2026:07:36:53 +0300] "GET /shop/parfleche/elenchize06162454626.html HTTP/2" 200 7081 "-" "Mozilla/5.0 (compatible; AhrefsBot/7.0; +http://ahrefs.com/robot/)"
66.249.73.172 - - [21/Apr/2026:07:36:58 +0300] "GET /?prizes/109486484 HTTP/1.1" 200 29338 "-" "Mozilla/5.0 (compatible; Googlebot/2.1; +http://www.google.com/bot.html)"
54.38.147.167 - - [21/Apr/2026:07:37:25 +0300] "GET /shop/ingulfed/illicium054207674926.html HTTP/2" 200 7070 "-" "Mozilla/5.0 (compatible; AhrefsBot/7.0; +http://ahrefs.com/robot/)"
66.249.73.172 - - [21/Apr/2026:07:37:26 +0300] "GET /shop/gwyniad/behight624077511649.html HTTP/1.1" 200 29115 "-" "Mozilla/5.0 (compatible; Googlebot/2.1; +http://www.google.com/bot.html)"
66.249.73.172 - - [21/Apr/2026:07:37:28 +0300] "GET /?prizes/20223141 HTTP/1.1" 200 30269 "-" "Mozilla/5.0 (Linux; Android 6.0.1; Nexus 5X Build/MMB29P) AppleWebKit/537.36 (KHTML, like Gecko) Chrome/146.0.7680.177 Mobile Safari/537.36 (compatible; Googlebot/2.1; +http://www.google.com/bot.html)"
66.249.73.172 - - [21/Apr/2026:07:37:31 +0300] "GET /?prizes/87716515 HTTP/1.1" 200 28622 "-" "Mozilla/5.0 (Linux; Android 6.0.1; Nexus 5X Build/MMB29P) AppleWebKit/537.36 (KHTML, like Gecko) Chrome/146.0.7680.177 Mobile Safari/537.36 (compatible; Googlebot/2.1; +http://www.google.com/bot.html)"
198.244.168.245 - - [21/Apr/2026:07:37:43 +0300] "GET /shop/germanspeaking/referendary01487324645.html HTTP/2" 200 7059 "-" "Mozilla/5.0 (compatible; AhrefsBot/7.0; +http://ahrefs.com/robot/)"
66.249.73.172 - - [21/Apr/2026:07:37:49 +0300] "GET /shop/bronchiolitis/pledgee992353799867.html HTTP/1.1" 200 30598 "-" "Mozilla/5.0 (compatible; Googlebot/2.1; +http://www.google.com/bot.html)"
66.249.73.172 - - [21/Apr/2026:07:37:49 +0300] "GET /shop/galvanized/femineity2842064921.html HTTP/1.1" 200 29062 "-" "Mozilla/5.0 (Linux; Android 6.0.1; Nexus 5X Build/MMB29P) AppleWebKit/537.36 (KHTML, like Gecko) Chrome/146.0.7680.177 Mobile Safari/537.36 (compatible; Googlebot/2.1; +http://www.google.com/bot.html)"
66.249.73.172 - - [21/Apr/2026:07:37:52 +0300] "GET /shop/muridae/gnomology24147835451.html HTTP/1.1" 200 30697 "-" "Mozilla/5.0 (Linux; Android 6.0.1; Nexus 5X Build/MMB29P) AppleWebKit/537.36 (KHTML, like Gecko) Chrome/146.0.7680.177 Mobile Safari/537.36 (compatible; Googlebot/2.1; +http://www.google.com/bot.html)"
66.249.73.172 - - [21/Apr/2026:07:37:53 +0300] "GET /?detail/570261501 HTTP/1.1" 200 30102 "-" "Mozilla/5.0 (Linux; Android 6.0.1; Nexus 5X Build/MMB29P) AppleWebKit/537.36 (KHTML, like Gecko) Chrome/146.0.7680.177 Mobile Safari/537.36 (compatible; Googlebot/2.1; +http://www.google.com/bot.html)"
66.249.73.172 - - [21/Apr/2026:07:37:55 +0300] "GET /shop/capacitated/orangeman60437636761.html HTTP/1.1" 200 29345 "-" "Mozilla/5.0 (Linux; Android 6.0.1; Nexus 5X Build/MMB29P) AppleWebKit/537.36 (KHTML, like Gecko) Chrome/146.0.7680.177 Mobile Safari/537.36 (compatible; GoogleOther)"
51.195.215.61 - - [21/Apr/2026:07:38:14 +0300] "GET /shop/expoliation/undauntedly053897234738.html HTTP/2" 200 7080 "-" "Mozilla/5.0 (compatible; AhrefsBot/7.0; +http://ahrefs.com/robot/)"
66.249.73.160 - - [21/Apr/2026:07:38:33 +0300] "GET /shop/protogynous/modernly083262147052.html HTTP/1.1" 200 28373 "-" "Mozilla/5.0 (Linux; Android 6.0.1; Nexus 5X Build/MMB29P) AppleWebKit/537.36 (KHTML, like Gecko) Chrome/146.0.7680.177 Mobile Safari/537.36 (compatible; Googlebot/2.1; +http://www.google.com/bot.html)"
66.249.73.172 - - [21/Apr/2026:07:38:34 +0300] "GET /?detail/810791229 HTTP/1.1" 200 30843 "-" "Mozilla/5.0 (Linux; Android 6.0.1; Nexus 5X Build/MMB29P) AppleWebKit/537.36 (KHTML, like Gecko) Chrome/146.0.7680.177 Mobile Safari/537.36 (compatible; Googlebot/2.1; +http://www.google.com/bot.html)"
66.249.73.173 - - [21/Apr/2026:07:38:35 +0300] "GET /?detail/769790219 HTTP/1.1" 200 28339 "-" "Mozilla/5.0 (Linux; Android 6.0.1; Nexus 5X Build/MMB29P) AppleWebKit/537.36 (KHTML, like Gecko) Chrome/146.0.7680.177 Mobile Safari/537.36 (compatible; Googlebot/2.1; +http://www.google.com/bot.html)"
198.244.168.142 - - [21/Apr/2026:07:38:41 +0300] "GET /shop/diastema/helminthic063879190293.html HTTP/2" 200 7070 "-" "Mozilla/5.0 (compatible; AhrefsBot/7.0; +http://ahrefs.com/robot/)"
66.249.73.172 - - [21/Apr/2026:07:38:42 +0300] "GET /shop/irremediable/carom412072165017.html HTTP/1.1" 200 28259 "-" "Mozilla/5.0 (Linux; Android 6.0.1; Nexus 5X Build/MMB29P) AppleWebKit/537.36 (KHTML, like Gecko) Chrome/146.0.7680.177 Mobile Safari/537.36 (compatible; Googlebot/2.1; +http://www.google.com/bot.html)"
66.249.73.172 - - [21/Apr/2026:07:38:54 +0300] "GET /shop/guidguid/opinionative471293186216.html HTTP/1.1" 200 30063 "-" "Mozilla/5.0 (compatible; Googlebot/2.1; +http://www.google.com/bot.html)"
66.249.73.160 - - [21/Apr/2026:07:39:05 +0300] "GET /?detail/929271348 HTTP/1.1" 200 29047 "-" "Mozilla/5.0 (Linux; Android 6.0.1; Nexus 5X Build/MMB29P) AppleWebKit/537.36 (KHTML, like Gecko) Chrome/146.0.7680.177 Mobile Safari/537.36 (compatible; Googlebot/2.1; +http://www.google.com/bot.html)"
51.89.129.181 - - [21/Apr/2026:07:39:08 +0300] "GET /shop/coopered/redspotted004253703358.html HTTP/2" 200 7082 "-" "Mozilla/5.0 (compatible; AhrefsBot/7.0; +http://ahrefs.com/robot/)"
66.249.73.172 - - [21/Apr/2026:07:39:22 +0300] "GET /shop/sorceress/gasterophilidae123521070752.html HTTP/1.1" 200 29334 "-" "Mozilla/5.0 (Linux; Android 6.0.1; Nexus 5X Build/MMB29P) AppleWebKit/537.36 (KHTML, like Gecko) Chrome/146.0.7680.177 Mobile Safari/537.36 (compatible; Googlebot/2.1; +http://www.google.com/bot.html)"
54.38.147.194 - - [21/Apr/2026:07:39:40 +0300] "GET /shop/albuminuria/lightermen012350784922.html HTTP/2" 200 7074 "-" "Mozilla/5.0 (compatible; AhrefsBot/7.0; +http://ahrefs.com/robot/)"
66.249.73.173 - - [21/Apr/2026:07:40:06 +0300] "GET /shop/dialled/extract012371321208.html HTTP/1.1" 200 30102 "-" "Mozilla/5.0 (Linux; Android 6.0.1; Nexus 5X Build/MMB29P) AppleWebKit/537.36 (KHTML, like Gecko) Chrome/146.0.7680.177 Mobile Safari/537.36 (compatible; GoogleOther)"
66.249.73.173 - - [21/Apr/2026:07:40:18 +0300] "GET /?detail/784905169 HTTP/1.1" 200 28939 "-" "Mozilla/5.0 (compatible; Googlebot/2.1; +http://www.google.com/bot.html)"
66.249.73.173 - - [21/Apr/2026:07:40:19 +0300] "GET /?detail/720012856 HTTP/1.1" 200 29539 "-" "Mozilla/5.0 (Linux; Android 6.0.1; Nexus 5X Build/MMB29P) AppleWebKit/537.36 (KHTML, like Gecko) Chrome/146.0.7680.177 Mobile Safari/537.36 (compatible; Googlebot/2.1; +http://www.google.com/bot.html)"
51.195.183.162 - - [21/Apr/2026:07:40:23 +0300] "GET /detail/929130239 HTTP/2" 200 7107 "-" "Mozilla/5.0 (compatible; AhrefsBot/7.0; +http://ahrefs.com/robot/)"
66.249.73.172 - - [21/Apr/2026:07:40:23 +0300] "GET /shop/posturer/chary153461073123.html HTTP/1.1" 200 30004 "-" "Mozilla/5.0 (Linux; Android 6.0.1; Nexus 5X Build/MMB29P) AppleWebKit/537.36 (KHTML, like Gecko) Chrome/146.0.7680.177 Mobile Safari/537.36 (compatible; Googlebot/2.1; +http://www.google.com/bot.html)"
66.249.73.172 - - [21/Apr/2026:07:40:49 +0300] "GET /shop/virile/syncategorematic632515974249.html HTTP/1.1" 200 30232 "-" "Mozilla/5.0 (Linux; Android 6.0.1; Nexus 5X Build/MMB29P) AppleWebKit/537.36 (KHTML, like Gecko) Chrome/146.0.7680.177 Mobile Safari/537.36 (compatible; Googlebot/2.1; +http://www.google.com/bot.html)"
198.244.242.1 - - [21/Apr/2026:07:40:53 +0300] "GET /detail/925949427 HTTP/2" 200 7074 "-" "Mozilla/5.0 (compatible; AhrefsBot/7.0; +http://ahrefs.com/robot/)"
66.249.73.160 - - [21/Apr/2026:07:41:03 +0300] "GET /?prizes/58059606 HTTP/1.1" 200 28433 "-" "Mozilla/5.0 (Linux; Android 6.0.1; Nexus 5X Build/MMB29P) AppleWebKit/537.36 (KHTML, like Gecko) Chrome/146.0.7680.177 Mobile Safari/537.36 (compatible; Googlebot/2.1; +http://www.google.com/bot.html)"
54.38.147.155 - - [21/Apr/2026:07:41:25 +0300] "GET /detail/609703810 HTTP/2" 200 7062 "-" "Mozilla/5.0 (compatible; AhrefsBot/7.0; +http://ahrefs.com/robot/)"
66.249.73.172 - - [21/Apr/2026:07:41:32 +0300] "GET /shop/medicated/hylozoic101390758002.html HTTP/1.1" 200 30329 "-" "Mozilla/5.0 (Linux; Android 6.0.1; Nexus 5X Build/MMB29P) AppleWebKit/537.36 (KHTML, like Gecko) Chrome/146.0.7680.177 Mobile Safari/537.36 (compatible; Googlebot/2.1; +http://www.google.com/bot.html)"
66.249.73.172 - - [21/Apr/2026:07:41:35 +0300] "GET /shop/periphery/accosting02207157964.html HTTP/1.1" 200 28738 "-" "Mozilla/5.0 (Linux; Android 6.0.1; Nexus 5X Build/MMB29P) AppleWebKit/537.36 (KHTML, like Gecko) Chrome/146.0.7680.177 Mobile Safari/537.36 (compatible; Googlebot/2.1; +http://www.google.com/bot.html)"
66.249.73.172 - - [21/Apr/2026:07:41:36 +0300] "GET /?prizes/46773252 HTTP/1.1" 200 30510 "-" "Mozilla/5.0 (compatible; Googlebot/2.1; +http://www.google.com/bot.html)"
66.249.73.172 - - [21/Apr/2026:07:41:37 +0300] "GET /?detail/265227330 HTTP/1.1" 200 29186 "-" "Mozilla/5.0 (Linux; Android 6.0.1; Nexus 5X Build/MMB29P) AppleWebKit/537.36 (KHTML, like Gecko) Chrome/146.0.7680.177 Mobile Safari/537.36 (compatible; Googlebot/2.1; +http://www.google.com/bot.html)"
66.249.73.172 - - [21/Apr/2026:07:41:47 +0300] "GET /shop/chinchillon/supplantation741314497470.html HTTP/1.1" 200 29657 "-" "Mozilla/5.0 (Linux; Android 6.0.1; Nexus 5X Build/MMB29P) AppleWebKit/537.36 (KHTML, like Gecko) Chrome/146.0.7680.177 Mobile Safari/537.36 (compatible; Googlebot/2.1; +http://www.google.com/bot.html)"
66.249.73.172 - - [21/Apr/2026:07:41:56 +0300] "GET /detail/403324684 HTTP/1.1" 200 30078 "-" "Mozilla/5.0 (Linux; Android 6.0.1; Nexus 5X Build/MMB29P) AppleWebKit/537.36 (KHTML, like Gecko) Chrome/146.0.7680.177 Mobile Safari/537.36 (compatible; Googlebot/2.1; +http://www.google.com/bot.html)"
66.249.73.172 - - [21/Apr/2026:07:41:58 +0300] "GET /?detail/535985712 HTTP/1.1" 200 29488 "-" "Mozilla/5.0 (Linux; Android 6.0.1; Nexus 5X Build/MMB29P) AppleWebKit/537.36 (KHTML, like Gecko) Chrome/146.0.7680.177 Mobile Safari/537.36 (compatible; Googlebot/2.1; +http://www.google.com/bot.html)"
66.249.73.172 - - [21/Apr/2026:07:42:03 +0300] "GET /shop/lychnobite/acotyledon073238477325.html HTTP/1.1" 200 29962 "-" "Mozilla/5.0 (Linux; Android 6.0.1; Nexus 5X Build/MMB29P) AppleWebKit/537.36 (KHTML, like Gecko) Chrome/146.0.7680.177 Mobile Safari/537.36 (compatible; Googlebot/2.1; +http://www.google.com/bot.html)"
66.249.73.172 - - [21/Apr/2026:07:42:08 +0300] "GET /shop/lochage/outleap411957947291.html HTTP/1.1" 200 28837 "-" "Mozilla/5.0 (Linux; Android 6.0.1; Nexus 5X Build/MMB29P) AppleWebKit/537.36 (KHTML, like Gecko) Chrome/146.0.7680.177 Mobile Safari/537.36 (compatible; Googlebot/2.1; +http://www.google.com/bot.html)"
66.249.73.172 - - [21/Apr/2026:07:42:14 +0300] "GET /shop/volyer/kerning63426751918.html HTTP/1.1" 200 30061 "-" "Mozilla/5.0 (Linux; Android 6.0.1; Nexus 5X Build/MMB29P) AppleWebKit/537.36 (KHTML, like Gecko) Chrome/146.0.7680.177 Mobile Safari/537.36 (compatible; Googlebot/2.1; +http://www.google.com/bot.html)"
66.249.73.172 - - [21/Apr/2026:07:42:22 +0300] "GET /shop/galbanum/forwander281212970315.html HTTP/1.1" 200 29765 "-" "Mozilla/5.0 (compatible; Googlebot/2.1; +http://www.google.com/bot.html)"
198.244.226.2 - - [21/Apr/2026:07:42:23 +0300] "GET /detail/378831470 HTTP/2" 200 7069 "-" "Mozilla/5.0 (compatible; AhrefsBot/7.0; +http://ahrefs.com/robot/)"
198.244.183.43 - - [21/Apr/2026:07:42:24 +0300] "GET /detail/273771559 HTTP/2" 200 7078 "-" "Mozilla/5.0 (compatible; AhrefsBot/7.0; +http://ahrefs.com/robot/)"
66.249.73.172 - - [21/Apr/2026:07:42:47 +0300] "GET /?detail/74334507 HTTP/1.1" 200 29275 "-" "Mozilla/5.0 (Linux; Android 6.0.1; Nexus 5X Build/MMB29P) AppleWebKit/537.36 (KHTML, like Gecko) Chrome/146.0.7680.177 Mobile Safari/537.36 (compatible; Googlebot/2.1; +http://www.google.com/bot.html)"
51.89.129.156 - - [21/Apr/2026:07:43:25 +0300] "GET /shop/unilabiate/introversion002604066560.html HTTP/2" 200 7065 "-" "Mozilla/5.0 (compatible; AhrefsBot/7.0; +http://ahrefs.com/robot/)"
66.249.73.173 - - [21/Apr/2026:07:43:25 +0300] "GET /?detail/241654651 HTTP/1.1" 200 30601 "-" "Mozilla/5.0 (Linux; Android 6.0.1; Nexus 5X Build/MMB29P) AppleWebKit/537.36 (KHTML, like Gecko) Chrome/146.0.7680.177 Mobile Safari/537.36 (compatible; Googlebot/2.1; +http://www.google.com/bot.html)"
198.244.226.250 - - [21/Apr/2026:07:43:27 +0300] "GET /detail/18285896 HTTP/2" 200 7073 "-" "Mozilla/5.0 (compatible; AhrefsBot/7.0; +http://ahrefs.com/robot/)"
66.249.73.172 - - [21/Apr/2026:07:43:47 +0300] "GET /shop/independently/cacodylic393139035650.html HTTP/1.1" 200 28536 "-" "Mozilla/5.0 (compatible; Googlebot/2.1; +http://www.google.com/bot.html)"
66.249.73.173 - - [21/Apr/2026:07:43:48 +0300] "GET /shop/paradisaea/intendedly744226332745.html HTTP/1.1" 200 28984 "-" "Mozilla/5.0 (Linux; Android 6.0.1; Nexus 5X Build/MMB29P) AppleWebKit/537.36 (KHTML, like Gecko) Chrome/146.0.7680.177 Mobile Safari/537.36 (compatible; Googlebot/2.1; +http://www.google.com/bot.html)"
66.249.73.172 - - [21/Apr/2026:07:43:50 +0300] "GET /shop/prizeman/physostigma073918968553.html HTTP/1.1" 200 28981 "-" "Mozilla/5.0 (Linux; Android 6.0.1; Nexus 5X Build/MMB29P) AppleWebKit/537.36 (KHTML, like Gecko) Chrome/146.0.7680.177 Mobile Safari/537.36 (compatible; Googlebot/2.1; +http://www.google.com/bot.html)"
66.249.73.172 - - [21/Apr/2026:07:43:54 +0300] "GET /shop/undecisive/seductively07133301688.html HTTP/1.1" 200 28813 "-" "Mozilla/5.0 (Linux; Android 6.0.1; Nexus 5X Build/MMB29P) AppleWebKit/537.36 (KHTML, like Gecko) Chrome/146.0.7680.177 Mobile Safari/537.36 (compatible; Googlebot/2.1; +http://www.google.com/bot.html)"
66.249.73.160 - - [21/Apr/2026:07:44:03 +0300] "GET /shop/indissolubility/synapticulae781607453237.html HTTP/1.1" 200 29823 "-" "Mozilla/5.0 (Linux; Android 6.0.1; Nexus 5X Build/MMB29P) AppleWebKit/537.36 (KHTML, like Gecko) Chrome/146.0.7680.177 Mobile Safari/537.36 (compatible; Googlebot/2.1; +http://www.google.com/bot.html)"
51.195.215.212 - - [21/Apr/2026:07:44:06 +0300] "GET /shop/thaleichthys/adhesive061433189900.html HTTP/2" 200 7068 "-" "Mozilla/5.0 (compatible; AhrefsBot/7.0; +http://ahrefs.com/robot/)"
14.169.213.201 - - [21/Apr/2026:07:44:11 +0300] "GET /?detail/72396974 HTTP/1.1" 200 7534 "-" "Mozilla/5.0 (Macintosh; Intel Mac OS X 10_15_7) AppleWebKit/537.36 (KHTML, like Gecko) Chrome/123.0.0.0 Safari/537.36"
66.249.73.173 - - [21/Apr/2026:07:44:18 +0300] "GET /shop/bulked/grasscloth682497604257.html HTTP/1.1" 200 30369 "-" "Mozilla/5.0 (Linux; Android 6.0.1; Nexus 5X Build/MMB29P) AppleWebKit/537.36 (KHTML, like Gecko) Chrome/146.0.7680.177 Mobile Safari/537.36 (compatible; Googlebot/2.1; +http://www.google.com/bot.html)"
198.244.240.243 - - [21/Apr/2026:07:44:25 +0300] "GET /shop/tardation/inexpedience063300190373.html HTTP/2" 200 7094 "-" "Mozilla/5.0 (compatible; AhrefsBot/7.0; +http://ahrefs.com/robot/)"
66.249.73.172 - - [21/Apr/2026:07:44:48 +0300] "GET /shop/twoply/superinjection701918388614.html HTTP/1.1" 200 29764 "-" "Mozilla/5.0 (Linux; Android 6.0.1; Nexus 5X Build/MMB29P) AppleWebKit/537.36 (KHTML, like Gecko) Chrome/146.0.7680.177 Mobile Safari/537.36 (compatible; GoogleOther)"
66.249.73.172 - - [21/Apr/2026:07:44:54 +0300] "GET /shop/disrespectfulness/bridgeward112299594725.html HTTP/1.1" 200 30143 "-" "Mozilla/5.0 (Linux; Android 6.0.1; Nexus 5X Build/MMB29P) AppleWebKit/537.36 (KHTML, like Gecko) Chrome/146.0.7680.177 Mobile Safari/537.36 (compatible; Googlebot/2.1; +http://www.google.com/bot.html)"
216.73.217.121 - - [21/Apr/2026:07:45:05 +0300] "GET /14474-2/%22,t+=%22%3C%22+e.getAttribute(%22src%22 HTTP/2" 200 7100 "-" "Mozilla/5.0 AppleWebKit/537.36 (KHTML, like Gecko; compatible; ClaudeBot/1.0; +claudebot@anthropic.com)"
51.195.215.131 - - [21/Apr/2026:07:45:07 +0300] "GET /shop/redstreak/conoidal012550230761.html HTTP/2" 200 7111 "-" "Mozilla/5.0 (compatible; AhrefsBot/7.0; +http://ahrefs.com/robot/)"
66.249.73.160 - - [21/Apr/2026:07:45:17 +0300] "GET /shop/afterdinner/rodsman291684906472.html HTTP/1.1" 200 28858 "-" "Mozilla/5.0 (Linux; Android 6.0.1; Nexus 5X Build/MMB29P) AppleWebKit/537.36 (KHTML, like Gecko) Chrome/146.0.7680.177 Mobile Safari/537.36 (compatible; Googlebot/2.1; +http://www.google.com/bot.html)"
54.38.147.205 - - [21/Apr/2026:07:45:32 +0300] "GET /shop/rebuker/lapidification012159404395.html HTTP/2" 200 7052 "-" "Mozilla/5.0 (compatible; AhrefsBot/7.0; +http://ahrefs.com/robot/)"
51.89.129.85 - - [21/Apr/2026:07:45:58 +0300] "GET /shop/pineneedle/incivism063761115536.html HTTP/2" 200 7063 "-" "Mozilla/5.0 (compatible; AhrefsBot/7.0; +http://ahrefs.com/robot/)"
66.249.73.160 - - [21/Apr/2026:07:46:01 +0300] "GET /?detail/120206696 HTTP/1.1" 200 28453 "-" "Mozilla/5.0 (compatible; Googlebot/2.1; +http://www.google.com/bot.html)"
66.249.73.173 - - [21/Apr/2026:07:46:08 +0300] "GET /?detail/472647130 HTTP/1.1" 200 18077 "-" "Mozilla/5.0 (Linux; Android 6.0.1; Nexus 5X Build/MMB29P) AppleWebKit/537.36 (KHTML, like Gecko) Chrome/146.0.7680.177 Mobile Safari/537.36 (compatible; Googlebot/2.1; +http://www.google.com/bot.html)"
66.249.73.172 - - [21/Apr/2026:07:46:20 +0300] "GET /shop/voluble/permitting082815630552.html HTTP/1.1" 200 19258 "-" "Mozilla/5.0 (Linux; Android 6.0.1; Nexus 5X Build/MMB29P) AppleWebKit/537.36 (KHTML, like Gecko) Chrome/146.0.7680.177 Mobile Safari/537.36 (compatible; Googlebot/2.1; +http://www.google.com/bot.html)"
204.12.208.18 - - [21/Apr/2026:07:46:03 +0300] "GET /wp-includes/brb35b65/index.php HTTP/1.1" 200 0 "https://miroglu.net/wp-includes/brb35b65/index.php" "Mozilla/5.0 (Macintosh; Intel Mac OS X 10.6; rv:6.0.2) Gecko/20100101 Firefox/6.0.2"
51.195.183.213 - - [21/Apr/2026:07:46:28 +0300] "GET /shop/pearmain/bobcat052995008282.html HTTP/2" 200 7109 "-" "Mozilla/5.0 (compatible; AhrefsBot/7.0; +http://ahrefs.com/robot/)"
204.12.208.18 - - [21/Apr/2026:07:46:23 +0300] "GET /wp-includes/brb35b65/index.php HTTP/1.1" 200 0 "https://miroglu.net/wp-includes/brb35b65/index.php" "Mozilla/4.0 (compatible; MSIE 7.0; Windows NT 5.1; SV1; .NET CLR 1.0.3705; .NET CLR 2.0.50727; .NET CLR 1.1.4322)"
51.195.215.185 - - [21/Apr/2026:07:46:55 +0300] "GET /shop/mechanograph/outpension0644445154.html HTTP/2" 200 7090 "-" "Mozilla/5.0 (compatible; AhrefsBot/7.0; +http://ahrefs.com/robot/)"
204.12.208.18 - - [21/Apr/2026:07:46:43 +0300] "GET /wp-includes/brb35b65/index.php HTTP/1.1" 200 0 "https://miroglu.net/wp-includes/brb35b65/index.php" "Mozilla/5.0 (Macintosh; Intel Mac OS X 10_6_8) AppleWebKit/535.7 (KHTML, like Gecko) Chrome/16.0.912.75 Safari/535.7"
66.249.73.160 - - [21/Apr/2026:07:47:04 +0300] "GET /shop/intercrural/terminative05808592790.html HTTP/1.1" 200 18116 "-" "Mozilla/5.0 (compatible; Googlebot/2.1; +http://www.google.com/bot.html)"
51.195.244.211 - - [21/Apr/2026:07:47:22 +0300] "GET /shop/masticatory/bleacheries01707622167.html HTTP/2" 200 7080 "-" "Mozilla/5.0 (compatible; AhrefsBot/7.0; +http://ahrefs.com/robot/)"
66.249.73.173 - - [21/Apr/2026:07:47:27 +0300] "GET /?detail/739304875 HTTP/1.1" 200 30335 "-" "Mozilla/5.0 (compatible; Googlebot/2.1; +http://www.google.com/bot.html)"
198.244.183.187 - - [21/Apr/2026:07:47:49 +0300] "GET /shop/italianized/modernist001947238675.html HTTP/2" 200 7077 "-" "Mozilla/5.0 (compatible; AhrefsBot/7.0; +http://ahrefs.com/robot/)"
66.249.73.172 - - [21/Apr/2026:07:48:10 +0300] "GET /shop/maucaco/reingratiate191517464311.html HTTP/1.1" 200 29979 "-" "Mozilla/5.0 (Linux; Android 6.0.1; Nexus 5X Build/MMB29P) AppleWebKit/537.36 (KHTML, like Gecko) Chrome/146.0.7680.177 Mobile Safari/537.36 (compatible; Googlebot/2.1; +http://www.google.com/bot.html)"
198.244.242.123 - - [21/Apr/2026:07:48:15 +0300] "GET /shop/hobbetyhoy/gunstick05897418301.html HTTP/2" 200 7066 "-" "Mozilla/5.0 (compatible; AhrefsBot/7.0; +http://ahrefs.com/robot/)"
66.249.73.172 - - [21/Apr/2026:07:48:26 +0300] "GET /?detail/299978640 HTTP/1.1" 200 30107 "-" "Mozilla/5.0 (compatible; Googlebot/2.1; +http://www.google.com/bot.html)"
66.249.73.172 - - [21/Apr/2026:07:48:30 +0300] "GET /shop/protogynous/modernly083262147052.html HTTP/1.1" 200 28195 "-" "Mozilla/5.0 (compatible; Googlebot/2.1; +http://www.google.com/bot.html)"
51.195.183.118 - - [21/Apr/2026:07:48:42 +0300] "GET /shop/graminaceous/holocentrus001149834096.html HTTP/2" 200 7062 "-" "Mozilla/5.0 (compatible; AhrefsBot/7.0; +http://ahrefs.com/robot/)"
100.53.35.187 - - [21/Apr/2026:07:48:45 +0300] "GET /bonanza-game-casino-kod-promocyjny-2026/ HTTP/1.1" 200 9039 "-" "User-Agent: twoogle498@umich.edu (Linux)"
66.249.73.172 - - [21/Apr/2026:07:48:51 +0300] "GET /?detail/912231298 HTTP/1.1" 200 28558 "-" "Mozilla/5.0 (compatible; Googlebot/2.1; +http://www.google.com/bot.html)"
66.249.73.172 - - [21/Apr/2026:07:48:55 +0300] "GET /?detail/690343133 HTTP/1.1" 200 29815 "-" "Mozilla/5.0 (Linux; Android 6.0.1; Nexus 5X Build/MMB29P) AppleWebKit/537.36 (KHTML, like Gecko) Chrome/146.0.7680.177 Mobile Safari/537.36 (compatible; Googlebot/2.1; +http://www.google.com/bot.html)"
66.249.73.160 - - [21/Apr/2026:07:49:04 +0300] "GET /shop/denouncing/diseases56994260263.html HTTP/1.1" 200 30048 "-" "Mozilla/5.0 (Linux; Android 6.0.1; Nexus 5X Build/MMB29P) AppleWebKit/537.36 (KHTML, like Gecko) Chrome/146.0.7680.177 Mobile Safari/537.36 (compatible; Googlebot/2.1; +http://www.google.com/bot.html)"
51.89.129.182 - - [21/Apr/2026:07:49:10 +0300] "GET /shop/curcuma/crepitate014268006719.html HTTP/2" 200 7074 "-" "Mozilla/5.0 (compatible; AhrefsBot/7.0; +http://ahrefs.com/robot/)"
66.249.73.172 - - [21/Apr/2026:07:49:25 +0300] "GET /shop/chrysoleucus/fadingness84217880334.html HTTP/1.1" 200 28961 "-" "Mozilla/5.0 (Linux; Android 6.0.1; Nexus 5X Build/MMB29P) AppleWebKit/537.36 (KHTML, like Gecko) Chrome/146.0.7680.177 Mobile Safari/537.36 (compatible; GoogleOther)"
66.249.73.172 - - [21/Apr/2026:07:49:33 +0300] "GET /shop/californicus/wishedly281959569090.html HTTP/1.1" 200 30052 "-" "Mozilla/5.0 (compatible; Googlebot/2.1; +http://www.google.com/bot.html)"
66.249.73.172 - - [21/Apr/2026:07:49:36 +0300] "GET /shop/rigsdaler/fiord561302245034.html HTTP/1.1" 200 28470 "-" "Mozilla/5.0 (compatible; Googlebot/2.1; +http://www.google.com/bot.html)"
198.244.226.206 - - [21/Apr/2026:07:49:37 +0300] "GET /shop/afflatus/catharist053138010653.html HTTP/2" 200 7084 "-" "Mozilla/5.0 (compatible; AhrefsBot/7.0; +http://ahrefs.com/robot/)"
100.53.35.187 - - [21/Apr/2026:07:49:41 +0300] "GET /bonanza-game-casino-kod-promocyjny-2026/?fileloc=/var/www/vhosts/miroglu.net/httpdocs/wp-config.php&path=/var/www/vhosts/miroglu.net/httpdocs HTTP/1.1" 200 7850 "-" "User-Agent: twoogle498@umich.edu (Linux)"
66.249.73.172 - - [21/Apr/2026:07:49:47 +0300] "GET /shop/ziggurat/dunning162406655840.html HTTP/1.1" 200 30375 "-" "Mozilla/5.0 (compatible; Googlebot/2.1; +http://www.google.com/bot.html)"
100.53.35.187 - - [21/Apr/2026:07:49:58 +0300] "GET /bonanza-game-casino-kod-promocyjny-2026/?fileloc=/var/www/vhosts/miroglu.net/httpdocs/mah.php&path=/var/www/vhosts/miroglu.net/httpdocs HTTP/1.1" 200 7116 "-" "User-Agent: twoogle498@umich.edu (Linux)"
100.53.35.187 - - [21/Apr/2026:07:50:06 +0300] "GET /bonanza-game-casino-kod-promocyjny-2026/?fileloc=/var/www/vhosts/miroglu.net/httpdocs/molaj.php&path=/var/www/vhosts/miroglu.net/httpdocs HTTP/1.1" 200 10687 "-" "User-Agent: twoogle498@umich.edu (Linux)"
51.195.244.159 - - [21/Apr/2026:07:50:09 +0300] "GET /detail/843082074 HTTP/2" 200 7073 "-" "Mozilla/5.0 (compatible; AhrefsBot/7.0; +http://ahrefs.com/robot/)"
100.53.35.187 - - [21/Apr/2026:07:50:16 +0300] "GET /bonanza-game-casino-kod-promocyjny-2026/?fileloc=/var/www/vhosts/miroglu.net/httpdocs/readme.html&path=/var/www/vhosts/miroglu.net/httpdocs HTTP/1.1" 200 9415 "-" "User-Agent: twoogle498@umich.edu (Linux)"
100.53.35.187 - - [21/Apr/2026:07:50:23 +0300] "GET /bonanza-game-casino-kod-promocyjny-2026/?path=/var/www/vhosts/miroglu.net/httpdocs/c6f01 HTTP/1.1" 200 6590 "-" "User-Agent: twoogle498@umich.edu (Linux)"
198.244.168.112 - - [21/Apr/2026:07:50:30 +0300] "GET /detail/75298706 HTTP/2" 200 7078 "-" "Mozilla/5.0 (compatible; AhrefsBot/7.0; +http://ahrefs.com/robot/)"
100.53.35.187 - - [21/Apr/2026:07:50:33 +0300] "GET /bonanza-game-casino-kod-promocyjny-2026/?fileloc=/var/www/vhosts/miroglu.net/httpdocs/kon.php8&path=/var/www/vhosts/miroglu.net/httpdocs HTTP/1.1" 200 36485 "-" "User-Agent: twoogle498@umich.edu (Linux)"
100.53.35.187 - - [21/Apr/2026:07:50:50 +0300] "GET /bonanza-game-casino-kod-promocyjny-2026/?path=/var/www/vhosts HTTP/1.1" 200 6106 "-" "User-Agent: twoogle498@umich.edu (Linux)"
51.195.244.87 - - [21/Apr/2026:07:50:55 +0300] "GET /detail/651859471 HTTP/2" 200 7080 "-" "Mozilla/5.0 (compatible; AhrefsBot/7.0; +http://ahrefs.com/robot/)"
100.53.35.187 - - [21/Apr/2026:07:50:59 +0300] "GET /bonanza-game-casino-kod-promocyjny-2026/?fileloc=/var/www/vhosts/miroglu.net/httpdocs/wp-comments-post.php&path=/var/www/vhosts/miroglu.net/httpdocs HTTP/1.1" 200 7201 "-" "User-Agent: twoogle498@umich.edu (Linux)"
100.53.35.187 - - [21/Apr/2026:07:51:07 +0300] "GET /bonanza-game-casino-kod-promocyjny-2026/?fileloc=/var/www/vhosts/miroglu.net/httpdocs/admin.php&path=/var/www/vhosts/miroglu.net/httpdocs HTTP/1.1" 200 59819 "-" "User-Agent: twoogle498@umich.edu (Linux)"
100.53.35.187 - - [21/Apr/2026:07:51:12 +0300] "GET /bonanza-game-casino-kod-promocyjny-2026/?fileloc=/var/www/vhosts/miroglu.net/httpdocs/wp-signup.php&path=/var/www/vhosts/miroglu.net/httpdocs HTTP/1.1" 200 16288 "-" "User-Agent: twoogle498@umich.edu (Linux)"
100.53.35.187 - - [21/Apr/2026:07:51:15 +0300] "GET /bonanza-game-casino-kod-promocyjny-2026/?fileloc=/var/www/vhosts/miroglu.net/httpdocs/wp-mail.php&path=/var/www/vhosts/miroglu.net/httpdocs HTTP/1.1" 200 9346 "-" "User-Agent: twoogle498@umich.edu (Linux)"
100.53.35.187 - - [21/Apr/2026:07:51:19 +0300] "GET /bonanza-game-casino-kod-promocyjny-2026/?fileloc=/var/www/vhosts/miroglu.net/httpdocs/wp-load.php&path=/var/www/vhosts/miroglu.net/httpdocs HTTP/1.1" 200 7936 "-" "User-Agent: twoogle498@umich.edu (Linux)"
100.53.35.187 - - [21/Apr/2026:07:51:25 +0300] "GET /bonanza-game-casino-kod-promocyjny-2026/?fileloc=/var/www/vhosts/miroglu.net/httpdocs/click.php&path=/var/www/vhosts/miroglu.net/httpdocs HTTP/1.1" 200 7148 "-" "User-Agent: twoogle498@umich.edu (Linux)"
198.244.226.75 - - [21/Apr/2026:07:51:25 +0300] "GET /detail/643955415 HTTP/2" 200 7073 "-" "Mozilla/5.0 (compatible; AhrefsBot/7.0; +http://ahrefs.com/robot/)"
100.53.35.187 - - [21/Apr/2026:07:51:30 +0300] "GET /bonanza-game-casino-kod-promocyjny-2026/?fileloc=/var/www/vhosts/miroglu.net/httpdocs/wp-trackback.php&path=/var/www/vhosts/miroglu.net/httpdocs HTTP/1.1" 200 8044 "-" "User-Agent: twoogle498@umich.edu (Linux)"
100.53.35.187 - - [21/Apr/2026:07:51:36 +0300] "GET /bonanza-game-casino-kod-promocyjny-2026/?fileloc=/var/www/vhosts/miroglu.net/httpdocs/classm.php&path=/var/www/vhosts/miroglu.net/httpdocs HTTP/1.1" 200 6241 "-" "User-Agent: twoogle498@umich.edu (Linux)"
100.53.35.187 - - [21/Apr/2026:07:51:44 +0300] "GET /bonanza-game-casino-kod-promocyjny-2026/?path=/var/www/vhosts/miroglu.net/httpdocs/.tmb HTTP/1.1" 200 9129 "-" "User-Agent: twoogle498@umich.edu (Linux)"
198.244.183.192 - - [21/Apr/2026:07:51:49 +0300] "GET /detail/611917040 HTTP/2" 200 7063 "-" "Mozilla/5.0 (compatible; AhrefsBot/7.0; +http://ahrefs.com/robot/)"
66.249.73.160 - - [21/Apr/2026:07:52:01 +0300] "GET /shop/regenerator/antiballistic491645668906.html HTTP/1.1" 200 30808 "-" "Mozilla/5.0 (Linux; Android 6.0.1; Nexus 5X Build/MMB29P) AppleWebKit/537.36 (KHTML, like Gecko) Chrome/146.0.7680.177 Mobile Safari/537.36 (compatible; GoogleOther)"
66.249.73.173 - - [21/Apr/2026:07:52:07 +0300] "GET /shop/desperation/impregnable623843962835.html HTTP/1.1" 200 30129 "-" "Mozilla/5.0 (compatible; Googlebot/2.1; +http://www.google.com/bot.html)"
198.244.242.224 - - [21/Apr/2026:07:52:14 +0300] "GET /detail/173339753 HTTP/2" 200 7070 "-" "Mozilla/5.0 (compatible; AhrefsBot/7.0; +http://ahrefs.com/robot/)"
100.53.35.187 - - [21/Apr/2026:07:52:17 +0300] "GET /bonanza-game-casino-kod-promocyjny-2026/?fileloc=/var/www/vhosts/miroglu.net/httpdocs/comment.php&path=/var/www/vhosts/miroglu.net/httpdocs HTTP/1.1" 200 6177 "-" "User-Agent: twoogle498@umich.edu (Linux)"
66.249.73.172 - - [21/Apr/2026:07:52:16 +0300] "GET /?detail/186447120 HTTP/1.1" 200 30487 "-" "Mozilla/5.0 (Linux; Android 6.0.1; Nexus 5X Build/MMB29P) AppleWebKit/537.36 (KHTML, like Gecko) Chrome/146.0.7680.177 Mobile Safari/537.36 (compatible; Googlebot/2.1; +http://www.google.com/bot.html)"
100.53.35.187 - - [21/Apr/2026:07:52:31 +0300] "GET /bonanza-game-casino-kod-promocyjny-2026/?fileloc=/var/www/vhosts/miroglu.net/httpdocs/xmlrpc.php&path=/var/www/vhosts/miroglu.net/httpdocs HTTP/1.1" 200 5194 "-" "User-Agent: twoogle498@umich.edu (Linux)"
100.53.35.187 - - [21/Apr/2026:07:52:37 +0300] "GET /bonanza-game-casino-kod-promocyjny-2026/?fileloc=/var/www/vhosts/miroglu.net/httpdocs/item.php&path=/var/www/vhosts/miroglu.net/httpdocs HTTP/1.1" 200 7182 "-" "User-Agent: twoogle498@umich.edu (Linux)"
198.244.168.243 - - [21/Apr/2026:07:52:39 +0300] "GET /detail/14281582 HTTP/2" 200 7078 "-" "Mozilla/5.0 (compatible; AhrefsBot/7.0; +http://ahrefs.com/robot/)"
100.53.35.187 - - [21/Apr/2026:07:52:48 +0300] "GET /bonanza-game-casino-kod-promocyjny-2026/?fileloc=/var/www/vhosts/miroglu.net/httpdocs/wp-config-sample.php&path=/var/www/vhosts/miroglu.net/httpdocs HTTP/1.1" 200 27370 "-" "User-Agent: twoogle498@umich.edu (Linux)"
100.53.35.187 - - [21/Apr/2026:07:52:57 +0300] "GET /bonanza-game-casino-kod-promocyjny-2026/?fileloc=/var/www/vhosts/miroglu.net/httpdocs/content.php&path=/var/www/vhosts/miroglu.net/httpdocs HTTP/1.1" 200 6191 "-" "User-Agent: twoogle498@umich.edu (Linux)"
66.249.73.172 - - [21/Apr/2026:07:52:57 +0300] "GET /shop/castration/warming071266377260.html HTTP/1.1" 200 28808 "-" "Mozilla/5.0 (Linux; Android 6.0.1; Nexus 5X Build/MMB29P) AppleWebKit/537.36 (KHTML, like Gecko) Chrome/146.0.7680.177 Mobile Safari/537.36 (compatible; Googlebot/2.1; +http://www.google.com/bot.html)"
66.249.73.172 - - [21/Apr/2026:07:53:00 +0300] "GET /?detail/910608024 HTTP/1.1" 200 30016 "-" "Mozilla/5.0 (Linux; Android 6.0.1; Nexus 5X Build/MMB29P) AppleWebKit/537.36 (KHTML, like Gecko) Chrome/146.0.7680.177 Mobile Safari/537.36 (compatible; Googlebot/2.1; +http://www.google.com/bot.html)"
51.195.244.78 - - [21/Apr/2026:07:53:06 +0300] "GET /detail/943982007 HTTP/2" 200 7068 "-" "Mozilla/5.0 (compatible; AhrefsBot/7.0; +http://ahrefs.com/robot/)"
100.53.35.187 - - [21/Apr/2026:07:53:09 +0300] "GET /bonanza-game-casino-kod-promocyjny-2026/?fileloc=/var/www/vhosts/miroglu.net/httpdocs/license.txt&path=/var/www/vhosts/miroglu.net/httpdocs HTTP/1.1" 200 11836 "-" "User-Agent: twoogle498@umich.edu (Linux)"
66.249.73.172 - - [21/Apr/2026:07:53:09 +0300] "GET /?detail/253725685 HTTP/1.1" 200 30139 "-" "Mozilla/5.0 (Linux; Android 6.0.1; Nexus 5X Build/MMB29P) AppleWebKit/537.36 (KHTML, like Gecko) Chrome/146.0.7680.177 Mobile Safari/537.36 (compatible; Googlebot/2.1; +http://www.google.com/bot.html)"
66.249.73.172 - - [21/Apr/2026:07:53:14 +0300] "GET /shop/parus/lyncher924289199431.html HTTP/1.1" 200 28383 "-" "Mozilla/5.0 (Linux; Android 6.0.1; Nexus 5X Build/MMB29P) AppleWebKit/537.36 (KHTML, like Gecko) Chrome/146.0.7680.177 Mobile Safari/537.36 (compatible; Googlebot/2.1; +http://www.google.com/bot.html)"
66.249.73.172 - - [21/Apr/2026:07:53:16 +0300] "GET /shop/magnase/myristin16844369184.html HTTP/1.1" 200 30959 "-" "Mozilla/5.0 (Linux; Android 6.0.1; Nexus 5X Build/MMB29P) AppleWebKit/537.36 (KHTML, like Gecko) Chrome/146.0.7680.177 Mobile Safari/537.36 (compatible; Googlebot/2.1; +http://www.google.com/bot.html)"
198.244.242.142 - - [21/Apr/2026:07:53:31 +0300] "GET /detail/708858748 HTTP/2" 200 7064 "-" "Mozilla/5.0 (compatible; AhrefsBot/7.0; +http://ahrefs.com/robot/)"
66.249.73.172 - - [21/Apr/2026:07:53:35 +0300] "GET /?detail/394650473 HTTP/1.1" 200 28846 "-" "Mozilla/5.0 (Linux; Android 6.0.1; Nexus 5X Build/MMB29P) AppleWebKit/537.36 (KHTML, like Gecko) Chrome/146.0.7680.177 Mobile Safari/537.36 (compatible; Googlebot/2.1; +http://www.google.com/bot.html)"
100.53.35.187 - - [21/Apr/2026:07:53:37 +0300] "GET /bonanza-game-casino-kod-promocyjny-2026/?fileloc=/var/www/vhosts/miroglu.net/httpdocs/wp-activate.php&path=/var/www/vhosts/miroglu.net/httpdocs HTTP/1.1" 200 8824 "-" "User-Agent: twoogle498@umich.edu (Linux)"
66.249.73.172 - - [21/Apr/2026:07:53:37 +0300] "GET /?detail/454967240 HTTP/1.1" 200 28298 "-" "Mozilla/5.0 (Linux; Android 6.0.1; Nexus 5X Build/MMB29P) AppleWebKit/537.36 (KHTML, like Gecko) Chrome/146.0.7680.177 Mobile Safari/537.36 (compatible; Googlebot/2.1; +http://www.google.com/bot.html)"
66.249.73.172 - - [21/Apr/2026:07:53:39 +0300] "GET /?detail/852880151 HTTP/1.1" 200 30543 "-" "Mozilla/5.0 (Linux; Android 6.0.1; Nexus 5X Build/MMB29P) AppleWebKit/537.36 (KHTML, like Gecko) Chrome/146.0.7680.177 Mobile Safari/537.36 (compatible; Googlebot/2.1; +http://www.google.com/bot.html)"
66.249.73.172 - - [21/Apr/2026:07:53:43 +0300] "GET /?detail/394754008 HTTP/1.1" 200 29868 "-" "Mozilla/5.0 (Linux; Android 6.0.1; Nexus 5X Build/MMB29P) AppleWebKit/537.36 (KHTML, like Gecko) Chrome/146.0.7680.177 Mobile Safari/537.36 (compatible; Googlebot/2.1; +http://www.google.com/bot.html)"
66.249.73.172 - - [21/Apr/2026:07:53:45 +0300] "GET /?detail/328086378 HTTP/1.1" 200 29402 "-" "Mozilla/5.0 (Linux; Android 6.0.1; Nexus 5X Build/MMB29P) AppleWebKit/537.36 (KHTML, like Gecko) Chrome/146.0.7680.177 Mobile Safari/537.36 (compatible; Googlebot/2.1; +http://www.google.com/bot.html)"
66.249.73.173 - - [21/Apr/2026:07:53:50 +0300] "GET /?detail/115199906 HTTP/1.1" 200 29363 "-" "Mozilla/5.0 (Linux; Android 6.0.1; Nexus 5X Build/MMB29P) AppleWebKit/537.36 (KHTML, like Gecko) Chrome/146.0.7680.177 Mobile Safari/537.36 (compatible; Googlebot/2.1; +http://www.google.com/bot.html)"
66.249.73.173 - - [21/Apr/2026:07:53:53 +0300] "GET /?detail/854081616 HTTP/1.1" 200 30445 "-" "Mozilla/5.0 (Linux; Android 6.0.1; Nexus 5X Build/MMB29P) AppleWebKit/537.36 (KHTML, like Gecko) Chrome/146.0.7680.177 Mobile Safari/537.36 (compatible; Googlebot/2.1; +http://www.google.com/bot.html)"
66.249.73.172 - - [21/Apr/2026:07:53:55 +0300] "GET /?detail/793190790 HTTP/1.1" 200 28543 "-" "Mozilla/5.0 (Linux; Android 6.0.1; Nexus 5X Build/MMB29P) AppleWebKit/537.36 (KHTML, like Gecko) Chrome/146.0.7680.177 Mobile Safari/537.36 (compatible; Googlebot/2.1; +http://www.google.com/bot.html)"
100.53.35.187 - - [21/Apr/2026:07:53:56 +0300] "GET /bonanza-game-casino-kod-promocyjny-2026/?fileloc=/var/www/vhosts/miroglu.net/httpdocs/wp-blog-header.php&path=/var/www/vhosts/miroglu.net/httpdocs HTTP/1.1" 200 6418 "-" "User-Agent: twoogle498@umich.edu (Linux)"
51.195.183.121 - - [21/Apr/2026:07:53:58 +0300] "GET /detail/682873961 HTTP/2" 200 7062 "-" "Mozilla/5.0 (compatible; AhrefsBot/7.0; +http://ahrefs.com/robot/)"
66.249.73.172 - - [21/Apr/2026:07:53:58 +0300] "GET /?detail/251855737 HTTP/1.1" 200 28625 "-" "Mozilla/5.0 (Linux; Android 6.0.1; Nexus 5X Build/MMB29P) AppleWebKit/537.36 (KHTML, like Gecko) Chrome/146.0.7680.177 Mobile Safari/537.36 (compatible; Googlebot/2.1; +http://www.google.com/bot.html)"
66.249.73.172 - - [21/Apr/2026:07:54:00 +0300] "GET /?prizes/152695949 HTTP/1.1" 200 29618 "-" "Mozilla/5.0 (compatible; Googlebot/2.1; +http://www.google.com/bot.html)"
66.249.73.172 - - [21/Apr/2026:07:54:03 +0300] "GET /?detail/690595452 HTTP/1.1" 200 29862 "-" "Mozilla/5.0 (Linux; Android 6.0.1; Nexus 5X Build/MMB29P) AppleWebKit/537.36 (KHTML, like Gecko) Chrome/146.0.7680.177 Mobile Safari/537.36 (compatible; Googlebot/2.1; +http://www.google.com/bot.html)"
66.249.73.172 - - [21/Apr/2026:07:54:04 +0300] "GET /?detail/119125444 HTTP/1.1" 200 29324 "-" "Mozilla/5.0 (Linux; Android 6.0.1; Nexus 5X Build/MMB29P) AppleWebKit/537.36 (KHTML, like Gecko) Chrome/146.0.7680.177 Mobile Safari/537.36 (compatible; Googlebot/2.1; +http://www.google.com/bot.html)"
100.53.35.187 - - [21/Apr/2026:07:54:10 +0300] "GET /bonanza-game-casino-kod-promocyjny-2026/?fileloc=/var/www/vhosts/miroglu.net/httpdocs/wp-cron.php&path=/var/www/vhosts/miroglu.net/httpdocs HTTP/1.1" 200 5935 "-" "User-Agent: twoogle498@umich.edu (Linux)"
66.249.73.172 - - [21/Apr/2026:07:54:13 +0300] "GET /?detail/905250781 HTTP/1.1" 200 30010 "-" "Mozilla/5.0 (Linux; Android 6.0.1; Nexus 5X Build/MMB29P) AppleWebKit/537.36 (KHTML, like Gecko) Chrome/146.0.7680.177 Mobile Safari/537.36 (compatible; Googlebot/2.1; +http://www.google.com/bot.html)"
66.249.73.172 - - [21/Apr/2026:07:54:15 +0300] "GET /shop/longbeard/ningal084142311362.html HTTP/1.1" 200 28608 "-" "Mozilla/5.0 (compatible; Googlebot/2.1; +http://www.google.com/bot.html)"
100.53.35.187 - - [21/Apr/2026:07:54:20 +0300] "GET /bonanza-game-casino-kod-promocyjny-2026/?fileloc=/var/www/vhosts/miroglu.net/httpdocs/wp-slgnup.gz&path=/var/www/vhosts/miroglu.net/httpdocs HTTP/1.1" 200 6072 "-" "User-Agent: twoogle498@umich.edu (Linux)"
66.249.73.172 - - [21/Apr/2026:07:54:20 +0300] "GET /?detail/364870003 HTTP/1.1" 200 28610 "-" "Mozilla/5.0 (Linux; Android 6.0.1; Nexus 5X Build/MMB29P) AppleWebKit/537.36 (KHTML, like Gecko) Chrome/146.0.7680.177 Mobile Safari/537.36 (compatible; Googlebot/2.1; +http://www.google.com/bot.html)"
198.244.226.234 - - [21/Apr/2026:07:54:23 +0300] "GET /detail/44450650 HTTP/2" 200 7069 "-" "Mozilla/5.0 (compatible; AhrefsBot/7.0; +http://ahrefs.com/robot/)"
66.249.73.172 - - [21/Apr/2026:07:54:24 +0300] "GET /?detail/603412681 HTTP/1.1" 200 28837 "-" "Mozilla/5.0 (Linux; Android 6.0.1; Nexus 5X Build/MMB29P) AppleWebKit/537.36 (KHTML, like Gecko) Chrome/146.0.7680.177 Mobile Safari/537.36 (compatible; Googlebot/2.1; +http://www.google.com/bot.html)"
100.53.35.187 - - [21/Apr/2026:07:54:30 +0300] "GET /bonanza-game-casino-kod-promocyjny-2026/?path=/var/www/vhosts/miroglu.net/httpdocs/images HTTP/1.1" 200 6933 "-" "User-Agent: twoogle498@umich.edu (Linux)"
66.249.73.172 - - [21/Apr/2026:07:54:36 +0300] "GET /?detail/638131946 HTTP/1.1" 200 30226 "-" "Mozilla/5.0 (Linux; Android 6.0.1; Nexus 5X Build/MMB29P) AppleWebKit/537.36 (KHTML, like Gecko) Chrome/146.0.7680.177 Mobile Safari/537.36 (compatible; Googlebot/2.1; +http://www.google.com/bot.html)"
66.249.73.172 - - [21/Apr/2026:07:54:37 +0300] "GET /shop/clubbable/syndesmography481258125282.html HTTP/1.1" 200 29619 "-" "Mozilla/5.0 (Linux; Android 6.0.1; Nexus 5X Build/MMB29P) AppleWebKit/537.36 (KHTML, like Gecko) Chrome/146.0.7680.177 Mobile Safari/537.36 (compatible; Googlebot/2.1; +http://www.google.com/bot.html)"
100.53.35.187 - - [21/Apr/2026:07:54:41 +0300] "GET /bonanza-game-casino-kod-promocyjny-2026/?fileloc=/var/www/vhosts/miroglu.net/httpdocs/wp-settings.php&path=/var/www/vhosts/miroglu.net/httpdocs HTTP/1.1" 200 12181 "-" "User-Agent: twoogle498@umich.edu (Linux)"
66.249.73.173 - - [21/Apr/2026:07:54:41 +0300] "GET /?detail/897292925 HTTP/1.1" 200 28744 "-" "Mozilla/5.0 (Linux; Android 6.0.1; Nexus 5X Build/MMB29P) AppleWebKit/537.36 (KHTML, like Gecko) Chrome/146.0.7680.177 Mobile Safari/537.36 (compatible; Googlebot/2.1; +http://www.google.com/bot.html)"
100.53.35.187 - - [21/Apr/2026:07:54:51 +0300] "GET /bonanza-game-casino-kod-promocyjny-2026/?path=/var/www/vhosts/miroglu.net HTTP/1.1" 200 7431 "-" "User-Agent: twoogle498@umich.edu (Linux)"
66.249.73.172 - - [21/Apr/2026:07:54:52 +0300] "GET /?detail/976024715 HTTP/1.1" 200 29339 "-" "Mozilla/5.0 (Linux; Android 6.0.1; Nexus 5X Build/MMB29P) AppleWebKit/537.36 (KHTML, like Gecko) Chrome/146.0.7680.177 Mobile Safari/537.36 (compatible; Googlebot/2.1; +http://www.google.com/bot.html)"
198.244.226.40 - - [21/Apr/2026:07:54:56 +0300] "GET /detail/264102773 HTTP/2" 200 7080 "-" "Mozilla/5.0 (compatible; AhrefsBot/7.0; +http://ahrefs.com/robot/)"
100.53.35.187 - - [21/Apr/2026:07:55:00 +0300] "GET /bonanza-game-casino-kod-promocyjny-2026/?fileloc=/var/www/vhosts/miroglu.net/httpdocs/googleaa60eb9ae1b0bd93.html&path=/var/www/vhosts/miroglu.net/httpdocs HTTP/1.1" 200 6089 "-" "User-Agent: twoogle498@umich.edu (Linux)"
66.249.73.160 - - [21/Apr/2026:07:55:05 +0300] "GET /shop/finery/enorm662084327776.html HTTP/1.1" 200 28614 "-" "Mozilla/5.0 (compatible; Googlebot/2.1; +http://www.google.com/bot.html)"
66.249.73.172 - - [21/Apr/2026:07:55:08 +0300] "GET /shop/sycophantry/laborous724245574342.html HTTP/1.1" 200 29897 "-" "Mozilla/5.0 (Linux; Android 6.0.1; Nexus 5X Build/MMB29P) AppleWebKit/537.36 (KHTML, like Gecko) Chrome/146.0.7680.177 Mobile Safari/537.36 (compatible; Googlebot/2.1; +http://www.google.com/bot.html)"
100.53.35.187 - - [21/Apr/2026:07:55:11 +0300] "GET /bonanza-game-casino-kod-promocyjny-2026/?fileloc=/var/www/vhosts/miroglu.net/httpdocs/buy.php&path=/var/www/vhosts/miroglu.net/httpdocs HTTP/1.1" 200 6912 "-" "User-Agent: twoogle498@umich.edu (Linux)"
51.195.183.61 - - [21/Apr/2026:07:55:17 +0300] "GET /detail/227838432 HTTP/2" 200 7063 "-" "Mozilla/5.0 (compatible; AhrefsBot/7.0; +http://ahrefs.com/robot/)"
100.53.35.187 - - [21/Apr/2026:07:55:25 +0300] "GET /bonanza-game-casino-kod-promocyjny-2026/?fileloc=/var/www/vhosts/miroglu.net/httpdocs/wp-links-opml.php&path=/var/www/vhosts/miroglu.net/httpdocs HTTP/1.1" 200 7284 "-" "User-Agent: twoogle498@umich.edu (Linux)"
100.53.35.187 - - [21/Apr/2026:07:55:40 +0300] "GET /bonanza-game-casino-kod-promocyjny-2026/?fileloc=/var/www/vhosts/miroglu.net/httpdocs/index.php0&path=/var/www/vhosts/miroglu.net/httpdocs HTTP/1.1" 200 16063 "-" "User-Agent: twoogle498@umich.edu (Linux)"
14.249.21.185 - - [21/Apr/2026:07:55:53 +0300] "GET /?detail/993284349 HTTP/1.1" 200 7603 "-" "Mozilla/5.0 (Windows NT 10.0; Win64; x64) AppleWebKit/537.36 (KHTML, like Gecko) Chrome/100.0.4896.75 Safari/537.36"
51.195.244.176 - - [21/Apr/2026:07:55:55 +0300] "GET /detail/163643819 HTTP/2" 200 7067 "-" "Mozilla/5.0 (compatible; AhrefsBot/7.0; +http://ahrefs.com/robot/)"
100.53.35.187 - - [21/Apr/2026:07:55:57 +0300] "GET /bonanza-game-casino-kod-promocyjny-2026/?fileloc=/var/www/vhosts/miroglu.net/httpdocs/55ece37ba5f55f1032982f56b7fbfb48&path=/var/www/vhosts/miroglu.net/httpdocs HTTP/1.1" 200 6131 "-" "User-Agent: twoogle498@umich.edu (Linux)"
51.195.183.130 - - [21/Apr/2026:07:56:09 +0300] "GET /shop/oncograph/cockmaster051103875522.html HTTP/2" 200 7082 "-" "Mozilla/5.0 (compatible; AhrefsBot/7.0; +http://ahrefs.com/robot/)"
66.249.73.172 - - [21/Apr/2026:07:56:13 +0300] "GET /?detail/48566958 HTTP/1.1" 200 31673 "-" "Mozilla/5.0 (compatible; Googlebot/2.1; +http://www.google.com/bot.html)"
100.53.35.187 - - [21/Apr/2026:07:56:18 +0300] "GET /bonanza-game-casino-kod-promocyjny-2026/?fileloc=/var/www/vhosts/miroglu.net/httpdocs/index.php&path=/var/www/vhosts/miroglu.net/httpdocs HTTP/1.1" 200 16061 "-" "User-Agent: twoogle498@umich.edu (Linux)"
100.53.35.187 - - [21/Apr/2026:07:56:32 +0300] "GET /bonanza-game-casino-kod-promocyjny-2026/?path=/var/www/vhosts/miroglu.net/httpdocs HTTP/1.1" 200 9044 "-" "User-Agent: twoogle498@umich.edu (Linux)"
54.38.147.176 - - [21/Apr/2026:07:56:35 +0300] "GET /shop/ogham/outsit063267695548.html HTTP/2" 200 7071 "-" "Mozilla/5.0 (compatible; AhrefsBot/7.0; +http://ahrefs.com/robot/)"
66.249.73.173 - - [21/Apr/2026:07:56:40 +0300] "GET /?detail/535304678 HTTP/1.1" 200 30187 "-" "Mozilla/5.0 (compatible; Googlebot/2.1; +http://www.google.com/bot.html)"
100.53.35.187 - - [21/Apr/2026:07:56:48 +0300] "GET /bonanza-game-casino-kod-promocyjny-2026/?fileloc=/var/www/vhosts/miroglu.net/httpdocs/.htaccess&path=/var/www/vhosts/miroglu.net/httpdocs HTTP/1.1" 200 6189 "-" "User-Agent: twoogle498@umich.edu (Linux)"
51.89.129.14 - - [21/Apr/2026:07:57:01 +0300] "GET /shop/lonchocarpus/guaranies053250009007.html HTTP/2" 200 7075 "-" "Mozilla/5.0 (compatible; AhrefsBot/7.0; +http://ahrefs.com/robot/)"
100.53.35.187 - - [21/Apr/2026:07:57:01 +0300] "GET /bonanza-game-casino-kod-promocyjny-2026/?fileloc=/var/www/vhosts/miroglu.net/httpdocs/edit.php&path=/var/www/vhosts/miroglu.net/httpdocs HTTP/1.1" 200 370743 "-" "User-Agent: twoogle498@umich.edu (Linux)"
