100.53.35.187 - - [21/Apr/2026:07:57:14 +0300] "GET /bonanza-game-casino-kod-promocyjny-2026/?fileloc=/var/www/vhosts/miroglu.net/httpdocs/robots.txt&path=/var/www/vhosts/miroglu.net/httpdocs HTTP/1.1" 200 3786 "-" "User-Agent: twoogle498@umich.edu (Linux)"
54.38.147.235 - - [21/Apr/2026:07:57:27 +0300] "GET /shop/krone/inmost004045574910.html HTTP/2" 200 7069 "-" "Mozilla/5.0 (compatible; AhrefsBot/7.0; +http://ahrefs.com/robot/)"
100.53.35.187 - - [21/Apr/2026:07:57:29 +0300] "GET /bonanza-game-casino-kod-promocyjny-2026/?fileloc=/var/www/vhosts/miroglu.net/httpdocs/goods.php&path=/var/www/vhosts/miroglu.net/httpdocs HTTP/1.1" 200 6936 "-" "User-Agent: twoogle498@umich.edu (Linux)"
172.204.27.24 - - [21/Apr/2026:07:57:31 +0300] "GET /?detail/700254122= HTTP/2" 200 7067 "-" "Mozilla/5.0 AppleWebKit/537.36 (KHTML, like Gecko); compatible; ChatGPT-User/1.0; +https://openai.com/bot"
100.53.35.187 - - [21/Apr/2026:07:57:39 +0300] "GET /bonanza-game-casino-kod-promocyjny-2026/?path=/var/www HTTP/1.1" 200 6094 "-" "User-Agent: twoogle498@umich.edu (Linux)"
100.53.35.187 - - [21/Apr/2026:07:57:49 +0300] "GET /bonanza-game-casino-kod-promocyjny-2026/?path=/var HTTP/1.1" 200 6075 "-" "User-Agent: twoogle498@umich.edu (Linux)"
198.244.240.162 - - [21/Apr/2026:07:57:53 +0300] "GET /shop/interdome/moonlighter001618656664.html HTTP/2" 200 7066 "-" "Mozilla/5.0 (compatible; AhrefsBot/7.0; +http://ahrefs.com/robot/)"
100.53.35.187 - - [21/Apr/2026:07:58:00 +0300] "GET /14474-2/ HTTP/1.1" 200 9040 "-" "User-Agent: twoogle498@umich.edu (Linux)"
66.249.73.173 - - [21/Apr/2026:07:58:04 +0300] "GET /?detail/871322696 HTTP/1.1" 200 28852 "-" "Mozilla/5.0 (Linux; Android 6.0.1; Nexus 5X Build/MMB29P) AppleWebKit/537.36 (KHTML, like Gecko) Chrome/146.0.7680.177 Mobile Safari/537.36 (compatible; Googlebot/2.1; +http://www.google.com/bot.html)"
100.53.35.187 - - [21/Apr/2026:07:58:17 +0300] "GET /14474-2/?fileloc=/var/www/vhosts/miroglu.net/httpdocs/xmlrpc.php&path=/var/www/vhosts/miroglu.net/httpdocs HTTP/1.1" 200 5194 "-" "User-Agent: twoogle498@umich.edu (Linux)"
198.244.240.140 - - [21/Apr/2026:07:58:17 +0300] "GET /shop/imputable/benching013250986283.html HTTP/2" 200 7108 "-" "Mozilla/5.0 (compatible; AhrefsBot/7.0; +http://ahrefs.com/robot/)"
172.204.27.17 - - [21/Apr/2026:07:58:27 +0300] "GET / HTTP/2" 200 7069 "-" "Mozilla/5.0 AppleWebKit/537.36 (KHTML, like Gecko); compatible; ChatGPT-User/1.0; +https://openai.com/bot"
94.236.131.104 - - [21/Apr/2026:07:58:27 +0300] "GET /?detail/381027814 HTTP/1.1" 200 7555 "-" "Mozilla/5.0 (Macintosh; Intel Mac OS X 10_15_7) AppleWebKit/537.36 (KHTML, like Gecko) Chrome/119.0.0.0 Safari/537.36"
66.249.73.173 - - [21/Apr/2026:07:58:33 +0300] "GET /shop/stive/erstwhile492271112031.html HTTP/1.1" 200 30435 "-" "Mozilla/5.0 (Linux; Android 6.0.1; Nexus 5X Build/MMB29P) AppleWebKit/537.36 (KHTML, like Gecko) Chrome/146.0.7680.177 Mobile Safari/537.36 (compatible; GoogleOther)"
100.53.35.187 - - [21/Apr/2026:07:58:37 +0300] "GET /14474-2/?path=/var/www HTTP/1.1" 200 6086 "-" "User-Agent: twoogle498@umich.edu (Linux)"
198.244.240.38 - - [21/Apr/2026:07:58:42 +0300] "GET /shop/dominicide/sagging003520245138.html HTTP/2" 200 7077 "-" "Mozilla/5.0 (compatible; AhrefsBot/7.0; +http://ahrefs.com/robot/)"
66.249.73.172 - - [21/Apr/2026:07:58:44 +0300] "GET /shop/dissertationist/devolving844032777341.html HTTP/1.1" 200 29538 "-" "Mozilla/5.0 (Linux; Android 6.0.1; Nexus 5X Build/MMB29P) AppleWebKit/537.36 (KHTML, like Gecko) Chrome/146.0.7680.177 Mobile Safari/537.36 (compatible; GoogleOther)"
66.249.73.172 - - [21/Apr/2026:07:58:44 +0300] "GET /shop/besnuff/damson083456101854.html HTTP/1.1" 200 30418 "-" "Mozilla/5.0 (Linux; Android 6.0.1; Nexus 5X Build/MMB29P) AppleWebKit/537.36 (KHTML, like Gecko) Chrome/146.0.7680.177 Mobile Safari/537.36 (compatible; Googlebot/2.1; +http://www.google.com/bot.html)"
85.208.96.201 - - [21/Apr/2026:07:58:47 +0300] "GET /robots.txt HTTP/1.1" 200 626 "-" "Mozilla/5.0 (compatible; SemrushBot/7~bl; +http://www.semrush.com/bot.html)"
185.191.171.12 - - [21/Apr/2026:07:58:49 +0300] "GET /10545-2/2 HTTP/1.1" 200 9043 "-" "Mozilla/5.0 (compatible; SemrushBot/7~bl; +http://www.semrush.com/bot.html)"
100.53.35.187 - - [21/Apr/2026:07:58:49 +0300] "GET /14474-2/?fileloc=/var/www/vhosts/miroglu.net/httpdocs/comment.php&path=/var/www/vhosts/miroglu.net/httpdocs HTTP/1.1" 200 6171 "-" "User-Agent: twoogle498@umich.edu (Linux)"
66.249.73.172 - - [21/Apr/2026:07:58:49 +0300] "GET /?detail/779593561 HTTP/1.1" 200 30956 "-" "Mozilla/5.0 (Linux; Android 6.0.1; Nexus 5X Build/MMB29P) AppleWebKit/537.36 (KHTML, like Gecko) Chrome/146.0.7680.177 Mobile Safari/537.36 (compatible; Googlebot/2.1; +http://www.google.com/bot.html)"
66.249.73.172 - - [21/Apr/2026:07:58:52 +0300] "GET /?detail/783825038 HTTP/1.1" 200 29457 "-" "Mozilla/5.0 (Linux; Android 6.0.1; Nexus 5X Build/MMB29P) AppleWebKit/537.36 (KHTML, like Gecko) Chrome/146.0.7680.177 Mobile Safari/537.36 (compatible; Googlebot/2.1; +http://www.google.com/bot.html)"
100.53.35.187 - - [21/Apr/2026:07:58:56 +0300] "GET /14474-2/?fileloc=/var/www/vhosts/miroglu.net/httpdocs/wp-links-opml.php&path=/var/www/vhosts/miroglu.net/httpdocs HTTP/1.1" 200 7275 "-" "User-Agent: twoogle498@umich.edu (Linux)"
100.53.35.187 - - [21/Apr/2026:07:59:03 +0300] "GET /14474-2/?fileloc=/var/www/vhosts/miroglu.net/httpdocs/.htaccess&path=/var/www/vhosts/miroglu.net/httpdocs HTTP/1.1" 200 6193 "-" "User-Agent: twoogle498@umich.edu (Linux)"
66.249.73.172 - - [21/Apr/2026:07:59:03 +0300] "GET /?detail/821640134 HTTP/1.1" 200 28691 "-" "Mozilla/5.0 (Linux; Android 6.0.1; Nexus 5X Build/MMB29P) AppleWebKit/537.36 (KHTML, like Gecko) Chrome/146.0.7680.177 Mobile Safari/537.36 (compatible; Googlebot/2.1; +http://www.google.com/bot.html)"
198.244.226.157 - - [21/Apr/2026:07:59:07 +0300] "GET /shop/betime/oxiodic062604563304.html HTTP/2" 200 7087 "-" "Mozilla/5.0 (compatible; AhrefsBot/7.0; +http://ahrefs.com/robot/)"
100.53.35.187 - - [21/Apr/2026:07:59:10 +0300] "GET /14474-2/?fileloc=/var/www/vhosts/miroglu.net/httpdocs/wp-trackback.php&path=/var/www/vhosts/miroglu.net/httpdocs HTTP/1.1" 200 8044 "-" "User-Agent: twoogle498@umich.edu (Linux)"
172.204.27.26 - - [21/Apr/2026:07:59:18 +0300] "GET / HTTP/2" 200 7069 "-" "Mozilla/5.0 AppleWebKit/537.36 (KHTML, like Gecko); compatible; ChatGPT-User/1.0; +https://openai.com/bot"
172.204.27.31 - - [21/Apr/2026:07:59:18 +0300] "GET / HTTP/2" 200 7069 "-" "Mozilla/5.0 AppleWebKit/537.36 (KHTML, like Gecko); compatible; ChatGPT-User/1.0; +https://openai.com/bot"
172.204.27.31 - - [21/Apr/2026:07:59:18 +0300] "GET / HTTP/2" 200 7068 "-" "Mozilla/5.0 AppleWebKit/537.36 (KHTML, like Gecko); compatible; ChatGPT-User/1.0; +https://openai.com/bot"
172.204.27.31 - - [21/Apr/2026:07:59:18 +0300] "GET / HTTP/2" 200 7069 "-" "Mozilla/5.0 AppleWebKit/537.36 (KHTML, like Gecko); compatible; ChatGPT-User/1.0; +https://openai.com/bot"
100.53.35.187 - - [21/Apr/2026:07:59:19 +0300] "GET /14474-2/?fileloc=/var/www/vhosts/miroglu.net/httpdocs/goods.php&path=/var/www/vhosts/miroglu.net/httpdocs HTTP/1.1" 200 6929 "-" "User-Agent: twoogle498@umich.edu (Linux)"
66.249.73.173 - - [21/Apr/2026:07:59:21 +0300] "GET /?detail/833685683 HTTP/1.1" 200 30181 "-" "Mozilla/5.0 (Linux; Android 6.0.1; Nexus 5X Build/MMB29P) AppleWebKit/537.36 (KHTML, like Gecko) Chrome/146.0.7680.177 Mobile Safari/537.36 (compatible; Googlebot/2.1; +http://www.google.com/bot.html)"
100.53.35.187 - - [21/Apr/2026:07:59:24 +0300] "GET /14474-2/?fileloc=/var/www/vhosts/miroglu.net/httpdocs/kon.php8&path=/var/www/vhosts/miroglu.net/httpdocs HTTP/1.1" 200 36475 "-" "User-Agent: twoogle498@umich.edu (Linux)"
66.249.73.172 - - [21/Apr/2026:07:59:27 +0300] "GET /?detail/189563733 HTTP/1.1" 200 29515 "-" "Mozilla/5.0 (Linux; Android 6.0.1; Nexus 5X Build/MMB29P) AppleWebKit/537.36 (KHTML, like Gecko) Chrome/146.0.7680.177 Mobile Safari/537.36 (compatible; Googlebot/2.1; +http://www.google.com/bot.html)"
198.244.240.144 - - [21/Apr/2026:07:59:29 +0300] "GET /shop/amatorious/puerility05323009290.html HTTP/2" 200 7066 "-" "Mozilla/5.0 (compatible; AhrefsBot/7.0; +http://ahrefs.com/robot/)"
66.249.73.172 - - [21/Apr/2026:07:59:29 +0300] "GET /?detail/868206411 HTTP/1.1" 200 30258 "-" "Mozilla/5.0 (Linux; Android 6.0.1; Nexus 5X Build/MMB29P) AppleWebKit/537.36 (KHTML, like Gecko) Chrome/146.0.7680.177 Mobile Safari/537.36 (compatible; Googlebot/2.1; +http://www.google.com/bot.html)"
66.249.73.172 - - [21/Apr/2026:07:59:31 +0300] "GET /?detail/636196404 HTTP/1.1" 200 28153 "-" "Mozilla/5.0 (Linux; Android 6.0.1; Nexus 5X Build/MMB29P) AppleWebKit/537.36 (KHTML, like Gecko) Chrome/146.0.7680.177 Mobile Safari/537.36 (compatible; Googlebot/2.1; +http://www.google.com/bot.html)"
100.53.35.187 - - [21/Apr/2026:07:59:32 +0300] "GET /14474-2/?fileloc=/var/www/vhosts/miroglu.net/httpdocs/wp-settings.php&path=/var/www/vhosts/miroglu.net/httpdocs HTTP/1.1" 200 12144 "-" "User-Agent: twoogle498@umich.edu (Linux)"
100.53.35.187 - - [21/Apr/2026:07:59:38 +0300] "GET /14474-2/?fileloc=/var/www/vhosts/miroglu.net/httpdocs/wp-comments-post.php&path=/var/www/vhosts/miroglu.net/httpdocs HTTP/1.1" 200 7198 "-" "User-Agent: twoogle498@umich.edu (Linux)"
66.249.73.172 - - [21/Apr/2026:07:59:40 +0300] "GET /?detail/275802036 HTTP/1.1" 200 29567 "-" "Mozilla/5.0 (Linux; Android 6.0.1; Nexus 5X Build/MMB29P) AppleWebKit/537.36 (KHTML, like Gecko) Chrome/146.0.7680.177 Mobile Safari/537.36 (compatible; Googlebot/2.1; +http://www.google.com/bot.html)"
100.53.35.187 - - [21/Apr/2026:07:59:44 +0300] "GET /14474-2/?path=/var HTTP/1.1" 200 6076 "-" "User-Agent: twoogle498@umich.edu (Linux)"
100.53.35.187 - - [21/Apr/2026:07:59:50 +0300] "GET /14474-2/?fileloc=/var/www/vhosts/miroglu.net/httpdocs/wp-cron.php&path=/var/www/vhosts/miroglu.net/httpdocs HTTP/1.1" 200 5935 "-" "User-Agent: twoogle498@umich.edu (Linux)"
100.53.35.187 - - [21/Apr/2026:07:59:56 +0300] "GET /14474-2/?fileloc=/var/www/vhosts/miroglu.net/httpdocs/wp-config.php&path=/var/www/vhosts/miroglu.net/httpdocs HTTP/1.1" 200 7844 "-" "User-Agent: twoogle498@umich.edu (Linux)"
100.53.35.187 - - [21/Apr/2026:08:00:03 +0300] "GET /14474-2/?fileloc=/var/www/vhosts/miroglu.net/httpdocs/wp-activate.php&path=/var/www/vhosts/miroglu.net/httpdocs HTTP/1.1" 200 8820 "-" "User-Agent: twoogle498@umich.edu (Linux)"
100.53.35.187 - - [21/Apr/2026:08:00:09 +0300] "GET /14474-2/?path=/var/www/vhosts/miroglu.net/httpdocs HTTP/1.1" 200 9039 "-" "User-Agent: twoogle498@umich.edu (Linux)"
100.53.35.187 - - [21/Apr/2026:08:00:13 +0300] "GET /14474-2/?path=/var/www/vhosts/miroglu.net/httpdocs/c6f01 HTTP/1.1" 200 6590 "-" "User-Agent: twoogle498@umich.edu (Linux)"
100.53.35.187 - - [21/Apr/2026:08:00:18 +0300] "GET /14474-2/?fileloc=/var/www/vhosts/miroglu.net/httpdocs/license.txt&path=/var/www/vhosts/miroglu.net/httpdocs HTTP/1.1" 200 11836 "-" "User-Agent: twoogle498@umich.edu (Linux)"
66.249.73.172 - - [21/Apr/2026:08:00:19 +0300] "GET /shop/evulsion/investment191929487718.html HTTP/1.1" 200 29964 "-" "Mozilla/5.0 (Linux; Android 6.0.1; Nexus 5X Build/MMB29P) AppleWebKit/537.36 (KHTML, like Gecko) Chrome/146.0.7680.177 Mobile Safari/537.36 (compatible; Googlebot/2.1; +http://www.google.com/bot.html)"
100.53.35.187 - - [21/Apr/2026:08:00:23 +0300] "GET /14474-2/?fileloc=/var/www/vhosts/miroglu.net/httpdocs/readme.html&path=/var/www/vhosts/miroglu.net/httpdocs HTTP/1.1" 200 9419 "-" "User-Agent: twoogle498@umich.edu (Linux)"
100.53.35.187 - - [21/Apr/2026:08:00:30 +0300] "GET /14474-2/?fileloc=/var/www/vhosts/miroglu.net/httpdocs/robots.txt&path=/var/www/vhosts/miroglu.net/httpdocs HTTP/1.1" 200 3786 "-" "User-Agent: twoogle498@umich.edu (Linux)"
100.53.35.187 - - [21/Apr/2026:08:00:37 +0300] "GET /14474-2/?fileloc=/var/www/vhosts/miroglu.net/httpdocs/mah.php&path=/var/www/vhosts/miroglu.net/httpdocs HTTP/1.1" 200 7111 "-" "User-Agent: twoogle498@umich.edu (Linux)"
100.53.35.187 - - [21/Apr/2026:08:00:41 +0300] "GET /14474-2/?path=/var/www/vhosts/miroglu.net/httpdocs/images HTTP/1.1" 200 6935 "-" "User-Agent: twoogle498@umich.edu (Linux)"
66.249.73.173 - - [21/Apr/2026:08:00:41 +0300] "GET /shop/caerulescens/exampler02713364111.html HTTP/1.1" 200 29402 "-" "Mozilla/5.0 (Linux; Android 6.0.1; Nexus 5X Build/MMB29P) AppleWebKit/537.36 (KHTML, like Gecko) Chrome/146.0.7680.177 Mobile Safari/537.36 (compatible; Googlebot/2.1; +http://www.google.com/bot.html)"
172.204.27.27 - - [21/Apr/2026:08:00:48 +0300] "GET / HTTP/2" 200 7069 "-" "Mozilla/5.0 AppleWebKit/537.36 (KHTML, like Gecko); compatible; ChatGPT-User/1.0; +https://openai.com/bot"
172.204.27.30 - - [21/Apr/2026:08:00:48 +0300] "GET / HTTP/2" 200 7069 "-" "Mozilla/5.0 AppleWebKit/537.36 (KHTML, like Gecko); compatible; ChatGPT-User/1.0; +https://openai.com/bot"
100.53.35.187 - - [21/Apr/2026:08:00:52 +0300] "GET /14474-2/?fileloc=/var/www/vhosts/miroglu.net/httpdocs/index.php0&path=/var/www/vhosts/miroglu.net/httpdocs HTTP/1.1" 200 16063 "-" "User-Agent: twoogle498@umich.edu (Linux)"
100.53.35.187 - - [21/Apr/2026:08:00:57 +0300] "GET /14474-2/?fileloc=/var/www/vhosts/miroglu.net/httpdocs/classm.php&path=/var/www/vhosts/miroglu.net/httpdocs HTTP/1.1" 200 6246 "-" "User-Agent: twoogle498@umich.edu (Linux)"
100.53.35.187 - - [21/Apr/2026:08:01:06 +0300] "GET /14474-2/?fileloc=/var/www/vhosts/miroglu.net/httpdocs/wp-slgnup.gz&path=/var/www/vhosts/miroglu.net/httpdocs HTTP/1.1" 200 6063 "-" "User-Agent: twoogle498@umich.edu (Linux)"
100.53.35.187 - - [21/Apr/2026:08:01:18 +0300] "GET /14474-2/?fileloc=/var/www/vhosts/miroglu.net/httpdocs/wp-blog-header.php&path=/var/www/vhosts/miroglu.net/httpdocs HTTP/1.1" 200 6420 "-" "User-Agent: twoogle498@umich.edu (Linux)"
66.249.73.172 - - [21/Apr/2026:08:01:24 +0300] "GET /?detail/267250612 HTTP/1.1" 200 30102 "-" "Mozilla/5.0 (Linux; Android 6.0.1; Nexus 5X Build/MMB29P) AppleWebKit/537.36 (KHTML, like Gecko) Chrome/146.0.7680.177 Mobile Safari/537.36 (compatible; Googlebot/2.1; +http://www.google.com/bot.html)"
100.53.35.187 - - [21/Apr/2026:08:01:29 +0300] "GET /14474-2/?fileloc=/var/www/vhosts/miroglu.net/httpdocs/wp-mail.php&path=/var/www/vhosts/miroglu.net/httpdocs HTTP/1.1" 200 9380 "-" "User-Agent: twoogle498@umich.edu (Linux)"
66.249.73.172 - - [21/Apr/2026:08:01:33 +0300] "GET /shop/pampre/serenely203419704965.html HTTP/1.1" 200 28843 "-" "Mozilla/5.0 (compatible; Googlebot/2.1; +http://www.google.com/bot.html)"
66.249.73.172 - - [21/Apr/2026:08:01:33 +0300] "GET /?detail/272638263 HTTP/1.1" 200 28995 "-" "Mozilla/5.0 (Linux; Android 6.0.1; Nexus 5X Build/MMB29P) AppleWebKit/537.36 (KHTML, like Gecko) Chrome/146.0.7680.177 Mobile Safari/537.36 (compatible; Googlebot/2.1; +http://www.google.com/bot.html)"
66.249.73.172 - - [21/Apr/2026:08:01:42 +0300] "GET /?detail/378270981 HTTP/1.1" 200 29183 "-" "Mozilla/5.0 (Linux; Android 6.0.1; Nexus 5X Build/MMB29P) AppleWebKit/537.36 (KHTML, like Gecko) Chrome/146.0.7680.177 Mobile Safari/537.36 (compatible; Googlebot/2.1; +http://www.google.com/bot.html)"
100.53.35.187 - - [21/Apr/2026:08:01:45 +0300] "GET /14474-2/?fileloc=/var/www/vhosts/miroglu.net/httpdocs/wp-signup.php&path=/var/www/vhosts/miroglu.net/httpdocs HTTP/1.1" 200 16289 "-" "User-Agent: twoogle498@umich.edu (Linux)"
100.53.35.187 - - [21/Apr/2026:08:02:04 +0300] "GET /14474-2/?fileloc=/var/www/vhosts/miroglu.net/httpdocs/item.php&path=/var/www/vhosts/miroglu.net/httpdocs HTTP/1.1" 200 7194 "-" "User-Agent: twoogle498@umich.edu (Linux)"
66.249.73.173 - - [21/Apr/2026:08:02:04 +0300] "GET /shop/divisibility/persuasibly90261287264.html HTTP/1.1" 200 30700 "-" "Mozilla/5.0 (Linux; Android 6.0.1; Nexus 5X Build/MMB29P) AppleWebKit/537.36 (KHTML, like Gecko) Chrome/146.0.7680.177 Mobile Safari/537.36 (compatible; Googlebot/2.1; +http://www.google.com/bot.html)"
66.249.73.160 - - [21/Apr/2026:08:02:05 +0300] "GET /?detail/195146194 HTTP/1.1" 200 30038 "-" "Mozilla/5.0 (Linux; Android 6.0.1; Nexus 5X Build/MMB29P) AppleWebKit/537.36 (KHTML, like Gecko) Chrome/146.0.7680.177 Mobile Safari/537.36 (compatible; Googlebot/2.1; +http://www.google.com/bot.html)"
100.53.35.187 - - [21/Apr/2026:08:02:11 +0300] "GET /14474-2/?fileloc=/var/www/vhosts/miroglu.net/httpdocs/wp-load.php&path=/var/www/vhosts/miroglu.net/httpdocs HTTP/1.1" 200 7935 "-" "User-Agent: twoogle498@umich.edu (Linux)"
66.249.73.173 - - [21/Apr/2026:08:02:13 +0300] "GET /?detail/372004672 HTTP/1.1" 200 30124 "-" "Mozilla/5.0 (Linux; Android 6.0.1; Nexus 5X Build/MMB29P) AppleWebKit/537.36 (KHTML, like Gecko) Chrome/146.0.7680.177 Mobile Safari/537.36 (compatible; Googlebot/2.1; +http://www.google.com/bot.html)"
66.249.73.172 - - [21/Apr/2026:08:02:19 +0300] "GET /?prizes/89625858 HTTP/1.1" 200 29585 "-" "Mozilla/5.0 (Linux; Android 6.0.1; Nexus 5X Build/MMB29P) AppleWebKit/537.36 (KHTML, like Gecko) Chrome/146.0.7680.177 Mobile Safari/537.36 (compatible; Googlebot/2.1; +http://www.google.com/bot.html)"
100.53.35.187 - - [21/Apr/2026:08:02:20 +0300] "GET /14474-2/?fileloc=/var/www/vhosts/miroglu.net/httpdocs/content.php&path=/var/www/vhosts/miroglu.net/httpdocs HTTP/1.1" 200 6185 "-" "User-Agent: twoogle498@umich.edu (Linux)"
66.249.73.172 - - [21/Apr/2026:08:02:26 +0300] "GET /shop/codon/farry472945886974.html HTTP/1.1" 200 28445 "-" "Mozilla/5.0 (Linux; Android 6.0.1; Nexus 5X Build/MMB29P) AppleWebKit/537.36 (KHTML, like Gecko) Chrome/146.0.7680.177 Mobile Safari/537.36 (compatible; GoogleOther)"
100.53.35.187 - - [21/Apr/2026:08:02:29 +0300] "GET /14474-2/?fileloc=/var/www/vhosts/miroglu.net/httpdocs/55ece37ba5f55f1032982f56b7fbfb48&path=/var/www/vhosts/miroglu.net/httpdocs HTTP/1.1" 200 6135 "-" "User-Agent: twoogle498@umich.edu (Linux)"
100.53.35.187 - - [21/Apr/2026:08:02:37 +0300] "GET /14474-2/?path=/var/www/vhosts/miroglu.net/httpdocs/.tmb HTTP/1.1" 200 9113 "-" "User-Agent: twoogle498@umich.edu (Linux)"
51.195.215.211 - - [21/Apr/2026:08:02:44 +0300] "GET /shop/vitriolated/cloveroot054089273976.html HTTP/2" 200 7082 "-" "Mozilla/5.0 (compatible; AhrefsBot/7.0; +http://ahrefs.com/robot/)"
66.249.73.172 - - [21/Apr/2026:08:02:45 +0300] "GET /?detail/46080983 HTTP/1.1" 200 30639 "-" "Mozilla/5.0 (Linux; Android 6.0.1; Nexus 5X Build/MMB29P) AppleWebKit/537.36 (KHTML, like Gecko) Chrome/146.0.7680.177 Mobile Safari/537.36 (compatible; Googlebot/2.1; +http://www.google.com/bot.html)"
66.249.73.172 - - [21/Apr/2026:08:02:49 +0300] "GET /?detail/655948344 HTTP/1.1" 200 29816 "-" "Mozilla/5.0 (Linux; Android 6.0.1; Nexus 5X Build/MMB29P) AppleWebKit/537.36 (KHTML, like Gecko) Chrome/146.0.7680.177 Mobile Safari/537.36 (compatible; Googlebot/2.1; +http://www.google.com/bot.html)"
100.53.35.187 - - [21/Apr/2026:08:02:48 +0300] "GET /14474-2/?fileloc=/var/www/vhosts/miroglu.net/httpdocs/edit.php&path=/var/www/vhosts/miroglu.net/httpdocs HTTP/1.1" 200 370825 "-" "User-Agent: twoogle498@umich.edu (Linux)"
100.53.35.187 - - [21/Apr/2026:08:02:52 +0300] "GET /14474-2/?fileloc=/var/www/vhosts/miroglu.net/httpdocs/wp-config-sample.php&path=/var/www/vhosts/miroglu.net/httpdocs HTTP/1.1" 200 27336 "-" "User-Agent: twoogle498@umich.edu (Linux)"
66.249.73.172 - - [21/Apr/2026:08:02:58 +0300] "GET /?detail/902258610 HTTP/1.1" 200 29832 "-" "Mozilla/5.0 (Linux; Android 6.0.1; Nexus 5X Build/MMB29P) AppleWebKit/537.36 (KHTML, like Gecko) Chrome/146.0.7680.177 Mobile Safari/537.36 (compatible; Googlebot/2.1; +http://www.google.com/bot.html)"
100.53.35.187 - - [21/Apr/2026:08:03:01 +0300] "GET /14474-2/?path=/var/www/vhosts HTTP/1.1" 200 6104 "-" "User-Agent: twoogle498@umich.edu (Linux)"
66.249.73.172 - - [21/Apr/2026:08:03:00 +0300] "GET /?detail/414383753 HTTP/1.1" 200 28844 "-" "Mozilla/5.0 (Linux; Android 6.0.1; Nexus 5X Build/MMB29P) AppleWebKit/537.36 (KHTML, like Gecko) Chrome/146.0.7680.177 Mobile Safari/537.36 (compatible; Googlebot/2.1; +http://www.google.com/bot.html)"
66.249.73.172 - - [21/Apr/2026:08:03:02 +0300] "GET /?detail/905358105 HTTP/1.1" 200 28183 "-" "Mozilla/5.0 (Linux; Android 6.0.1; Nexus 5X Build/MMB29P) AppleWebKit/537.36 (KHTML, like Gecko) Chrome/146.0.7680.177 Mobile Safari/537.36 (compatible; Googlebot/2.1; +http://www.google.com/bot.html)"
66.249.73.172 - - [21/Apr/2026:08:03:04 +0300] "GET /?detail/263277907 HTTP/1.1" 200 28846 "-" "Mozilla/5.0 (Linux; Android 6.0.1; Nexus 5X Build/MMB29P) AppleWebKit/537.36 (KHTML, like Gecko) Chrome/146.0.7680.177 Mobile Safari/537.36 (compatible; Googlebot/2.1; +http://www.google.com/bot.html)"
100.53.35.187 - - [21/Apr/2026:08:03:09 +0300] "GET /14474-2/?fileloc=/var/www/vhosts/miroglu.net/httpdocs/click.php&path=/var/www/vhosts/miroglu.net/httpdocs HTTP/1.1" 200 7138 "-" "User-Agent: twoogle498@umich.edu (Linux)"
198.244.183.171 - - [21/Apr/2026:08:03:11 +0300] "GET /shop/tachymeter/injuria013724716943.html HTTP/2" 200 7095 "-" "Mozilla/5.0 (compatible; AhrefsBot/7.0; +http://ahrefs.com/robot/)"
100.53.35.187 - - [21/Apr/2026:08:03:15 +0300] "GET /14474-2/?fileloc=/var/www/vhosts/miroglu.net/httpdocs/index.php&path=/var/www/vhosts/miroglu.net/httpdocs HTTP/1.1" 200 16070 "-" "User-Agent: twoogle498@umich.edu (Linux)"
66.249.73.172 - - [21/Apr/2026:08:03:20 +0300] "GET /?detail/340013401 HTTP/1.1" 200 30001 "-" "Mozilla/5.0 (Linux; Android 6.0.1; Nexus 5X Build/MMB29P) AppleWebKit/537.36 (KHTML, like Gecko) Chrome/146.0.7680.177 Mobile Safari/537.36 (compatible; Googlebot/2.1; +http://www.google.com/bot.html)"
100.53.35.187 - - [21/Apr/2026:08:03:23 +0300] "GET /14474-2/?fileloc=/var/www/vhosts/miroglu.net/httpdocs/molaj.php&path=/var/www/vhosts/miroglu.net/httpdocs HTTP/1.1" 200 10708 "-" "User-Agent: twoogle498@umich.edu (Linux)"
66.249.73.172 - - [21/Apr/2026:08:03:24 +0300] "GET /?detail/43140770 HTTP/1.1" 200 28434 "-" "Mozilla/5.0 (Linux; Android 6.0.1; Nexus 5X Build/MMB29P) AppleWebKit/537.36 (KHTML, like Gecko) Chrome/146.0.7680.177 Mobile Safari/537.36 (compatible; Googlebot/2.1; +http://www.google.com/bot.html)"
66.249.73.172 - - [21/Apr/2026:08:03:26 +0300] "GET /?detail/665430650 HTTP/1.1" 200 29351 "-" "Mozilla/5.0 (Linux; Android 6.0.1; Nexus 5X Build/MMB29P) AppleWebKit/537.36 (KHTML, like Gecko) Chrome/146.0.7680.177 Mobile Safari/537.36 (compatible; Googlebot/2.1; +http://www.google.com/bot.html)"
66.249.73.172 - - [21/Apr/2026:08:03:28 +0300] "GET /?detail/257316271 HTTP/1.1" 200 30205 "-" "Mozilla/5.0 (Linux; Android 6.0.1; Nexus 5X Build/MMB29P) AppleWebKit/537.36 (KHTML, like Gecko) Chrome/146.0.7680.177 Mobile Safari/537.36 (compatible; Googlebot/2.1; +http://www.google.com/bot.html)"
100.53.35.187 - - [21/Apr/2026:08:03:35 +0300] "GET /14474-2/?fileloc=/var/www/vhosts/miroglu.net/httpdocs/admin.php&path=/var/www/vhosts/miroglu.net/httpdocs HTTP/1.1" 200 59824 "-" "User-Agent: twoogle498@umich.edu (Linux)"
100.53.35.187 - - [21/Apr/2026:08:03:44 +0300] "GET /14474-2/?fileloc=/var/www/vhosts/miroglu.net/httpdocs/googleaa60eb9ae1b0bd93.html&path=/var/www/vhosts/miroglu.net/httpdocs HTTP/1.1" 200 6101 "-" "User-Agent: twoogle498@umich.edu (Linux)"
51.195.244.40 - - [21/Apr/2026:08:03:45 +0300] "GET /shop/sightseer/othergates051316574462.html HTTP/2" 200 7075 "-" "Mozilla/5.0 (compatible; AhrefsBot/7.0; +http://ahrefs.com/robot/)"
100.53.35.187 - - [21/Apr/2026:08:03:51 +0300] "GET /14474-2/?fileloc=/var/www/vhosts/miroglu.net/httpdocs/buy.php&path=/var/www/vhosts/miroglu.net/httpdocs HTTP/1.1" 200 6901 "-" "User-Agent: twoogle498@umich.edu (Linux)"
66.249.73.172 - - [21/Apr/2026:08:03:54 +0300] "GET /?prizes/98021383 HTTP/1.1" 200 30330 "-" "Mozilla/5.0 (Linux; Android 6.0.1; Nexus 5X Build/MMB29P) AppleWebKit/537.36 (KHTML, like Gecko) Chrome/146.0.7680.177 Mobile Safari/537.36 (compatible; Googlebot/2.1; +http://www.google.com/bot.html)"
100.53.35.187 - - [21/Apr/2026:08:03:56 +0300] "GET /14474-2/?path=/var/www/vhosts/miroglu.net HTTP/1.1" 200 7418 "-" "User-Agent: twoogle498@umich.edu (Linux)"
66.249.73.172 - - [21/Apr/2026:08:03:58 +0300] "GET /?detail/592331872 HTTP/1.1" 200 29461 "-" "Mozilla/5.0 (Linux; Android 6.0.1; Nexus 5X Build/MMB29P) AppleWebKit/537.36 (KHTML, like Gecko) Chrome/146.0.7680.177 Mobile Safari/537.36 (compatible; Googlebot/2.1; +http://www.google.com/bot.html)"
51.195.215.90 - - [21/Apr/2026:08:04:17 +0300] "GET /shop/physocalymna/punitory053594897480.html HTTP/2" 200 7066 "-" "Mozilla/5.0 (compatible; AhrefsBot/7.0; +http://ahrefs.com/robot/)"
66.249.73.172 - - [21/Apr/2026:08:04:21 +0300] "GET /shop/saxatile/wobble242991273707.html HTTP/1.1" 200 28723 "-" "Mozilla/5.0 (compatible; Googlebot/2.1; +http://www.google.com/bot.html)"
66.249.73.172 - - [21/Apr/2026:08:04:25 +0300] "GET /?detail/630940636 HTTP/1.1" 200 28569 "-" "Mozilla/5.0 (Linux; Android 6.0.1; Nexus 5X Build/MMB29P) AppleWebKit/537.36 (KHTML, like Gecko) Chrome/146.0.7680.177 Mobile Safari/537.36 (compatible; Googlebot/2.1; +http://www.google.com/bot.html)"
66.249.73.172 - - [21/Apr/2026:08:04:28 +0300] "GET /?detail/330830828 HTTP/1.1" 200 30462 "-" "Mozilla/5.0 (Linux; Android 6.0.1; Nexus 5X Build/MMB29P) AppleWebKit/537.36 (KHTML, like Gecko) Chrome/146.0.7680.177 Mobile Safari/537.36 (compatible; Googlebot/2.1; +http://www.google.com/bot.html)"
66.249.73.172 - - [21/Apr/2026:08:04:42 +0300] "GET /?detail/364200136 HTTP/1.1" 200 28459 "-" "Mozilla/5.0 (Linux; Android 6.0.1; Nexus 5X Build/MMB29P) AppleWebKit/537.36 (KHTML, like Gecko) Chrome/146.0.7680.177 Mobile Safari/537.36 (compatible; Googlebot/2.1; +http://www.google.com/bot.html)"
51.89.129.240 - - [21/Apr/2026:08:04:44 +0300] "GET /shop/ouakari/spoliative05963529266.html HTTP/2" 200 7068 "-" "Mozilla/5.0 (compatible; AhrefsBot/7.0; +http://ahrefs.com/robot/)"
66.249.73.172 - - [21/Apr/2026:08:05:13 +0300] "GET /?detail/373032581 HTTP/1.1" 200 29575 "-" "Mozilla/5.0 (Linux; Android 6.0.1; Nexus 5X Build/MMB29P) AppleWebKit/537.36 (KHTML, like Gecko) Chrome/146.0.7680.177 Mobile Safari/537.36 (compatible; Googlebot/2.1; +http://www.google.com/bot.html)"
51.195.244.185 - - [21/Apr/2026:08:05:14 +0300] "GET /shop/orangetawny/lexiphanic061350036303.html HTTP/2" 200 7084 "-" "Mozilla/5.0 (compatible; AhrefsBot/7.0; +http://ahrefs.com/robot/)"
54.38.147.179 - - [21/Apr/2026:08:06:00 +0300] "GET /detail/621370528 HTTP/2" 200 7081 "-" "Mozilla/5.0 (compatible; AhrefsBot/7.0; +http://ahrefs.com/robot/)"
216.73.217.121 - - [21/Apr/2026:08:06:03 +0300] "GET /robots.txt HTTP/2" 200 102 "-" "Mozilla/5.0 AppleWebKit/537.36 (KHTML, like Gecko; compatible; ClaudeBot/1.0; +claudebot@anthropic.com)"
216.73.217.121 - - [21/Apr/2026:08:06:03 +0300] "GET /url%20=%3Cwidth%3Ex%3Cheight%3E%20%22optional%20title%22?fileloc=%2Fvar%2Fwww%2Fvhosts%2Fmiroglu.net%2Fhttpdocs%2Fwp-includes%2Fcss%2Fwp-pointer.min.css&path=%2Fvar%2Fwww%2Fvhosts%2Fmiroglu.net%2Fhttpdocs%2Fwp-includes%2Fcss HTTP/2" 200 3652 "-" "Mozilla/5.0 AppleWebKit/537.36 (KHTML, like Gecko; compatible; ClaudeBot/1.0; +claudebot@anthropic.com)"
216.73.217.121 - - [21/Apr/2026:08:06:04 +0300] "GET /url%20=%3Cwidth%3Ex%3Cheight%3E%20%22optional%20title%22?fileloc=%2Fvar%2Fwww%2Fvhosts%2Fmiroglu.net%2Fhttpdocs%2Fwp-includes%2Fcss%2Fadmin-bar.min.css&path=%2Fvar%2Fwww%2Fvhosts%2Fmiroglu.net%2Fhttpdocs%2Fwp-includes%2Fcss HTTP/2" 200 6776 "-" "Mozilla/5.0 AppleWebKit/537.36 (KHTML, like Gecko; compatible; ClaudeBot/1.0; +claudebot@anthropic.com)"
216.73.217.121 - - [21/Apr/2026:08:06:04 +0300] "GET /'?fileloc=%2Fvar%2Fwww%2Fvhosts%2Fmiroglu.net%2Ferror_docs%2Fproxy_authentication_required.html&path=%2Fvar%2Fwww%2Fvhosts%2Fmiroglu.net%2Ferror_docs HTTP/2" 200 3243 "-" "Mozilla/5.0 AppleWebKit/537.36 (KHTML, like Gecko; compatible; ClaudeBot/1.0; +claudebot@anthropic.com)"
66.249.73.160 - - [21/Apr/2026:08:06:04 +0300] "GET /?detail/903592618 HTTP/1.1" 200 31901 "-" "Mozilla/5.0 (Linux; Android 6.0.1; Nexus 5X Build/MMB29P) AppleWebKit/537.36 (KHTML, like Gecko) Chrome/146.0.7680.177 Mobile Safari/537.36 (compatible; Googlebot/2.1; +http://www.google.com/bot.html)"
66.249.73.160 - - [21/Apr/2026:08:06:07 +0300] "GET /?detail/72871447 HTTP/1.1" 200 29401 "-" "Mozilla/5.0 (Linux; Android 6.0.1; Nexus 5X Build/MMB29P) AppleWebKit/537.36 (KHTML, like Gecko) Chrome/146.0.7680.177 Mobile Safari/537.36 (compatible; Googlebot/2.1; +http://www.google.com/bot.html)"
216.73.217.121 - - [21/Apr/2026:08:06:09 +0300] "GET /url%20=%3Cwidth%3Ex%3Cheight%3E%20%22optional%20title%22?fileloc=%2Fvar%2Fwww%2Fvhosts%2Fmiroglu.net%2Fhttpdocs%2Fwp-includes%2Fcss%2Fwp-pointer.css&path=%2Fvar%2Fwww%2Fvhosts%2Fmiroglu.net%2Fhttpdocs%2Fwp-includes%2Fcss HTTP/2" 200 3811 "-" "Mozilla/5.0 AppleWebKit/537.36 (KHTML, like Gecko; compatible; ClaudeBot/1.0; +claudebot@anthropic.com)"
216.73.217.121 - - [21/Apr/2026:08:06:09 +0300] "GET /url%20=%3Cwidth%3Ex%3Cheight%3E%20%22optional%20title%22?fileloc=%2Fvar%2Fwww%2Fvhosts%2Fmiroglu.net%2Fhttpdocs%2Fwp-includes%2Fcss%2Fadmin-bar-rtl.min.css&path=%2Fvar%2Fwww%2Fvhosts%2Fmiroglu.net%2Fhttpdocs%2Fwp-includes%2Fcss HTTP/2" 200 6773 "-" "Mozilla/5.0 AppleWebKit/537.36 (KHTML, like Gecko; compatible; ClaudeBot/1.0; +claudebot@anthropic.com)"
216.73.217.121 - - [21/Apr/2026:08:06:10 +0300] "GET /url%20=%3Cwidth%3Ex%3Cheight%3E%20%22optional%20title%22?fileloc=%2Fvar%2Fwww%2Fvhosts%2Fmiroglu.net%2Fhttpdocs%2Fwp-includes%2Fcss%2Fadmin-bar.css&path=%2Fvar%2Fwww%2Fvhosts%2Fmiroglu.net%2Fhttpdocs%2Fwp-includes%2Fcss HTTP/2" 200 7787 "-" "Mozilla/5.0 AppleWebKit/537.36 (KHTML, like Gecko; compatible; ClaudeBot/1.0; +claudebot@anthropic.com)"
66.249.73.172 - - [21/Apr/2026:08:06:12 +0300] "GET /?detail/430802822 HTTP/1.1" 200 29004 "-" "Mozilla/5.0 (Linux; Android 6.0.1; Nexus 5X Build/MMB29P) AppleWebKit/537.36 (KHTML, like Gecko) Chrome/146.0.7680.177 Mobile Safari/537.36 (compatible; Googlebot/2.1; +http://www.google.com/bot.html)"
66.249.73.172 - - [21/Apr/2026:08:06:24 +0300] "GET /?detail/781872238 HTTP/1.1" 200 29141 "-" "Mozilla/5.0 (Linux; Android 6.0.1; Nexus 5X Build/MMB29P) AppleWebKit/537.36 (KHTML, like Gecko) Chrome/146.0.7680.177 Mobile Safari/537.36 (compatible; Googlebot/2.1; +http://www.google.com/bot.html)"
51.195.215.105 - - [21/Apr/2026:08:06:25 +0300] "GET /detail/532769414 HTTP/2" 200 7079 "-" "Mozilla/5.0 (compatible; AhrefsBot/7.0; +http://ahrefs.com/robot/)"
216.73.217.121 - - [21/Apr/2026:08:06:30 +0300] "GET /url%20=%3Cwidth%3Ex%3Cheight%3E%20%22optional%20title%22?fileloc=%2Fvar%2Fwww%2Fvhosts%2Fmiroglu.net%2Fhttpdocs%2Fwp-includes%2Fcss%2Fadmin-bar-rtl.css&path=%2Fvar%2Fwww%2Fvhosts%2Fmiroglu.net%2Fhttpdocs%2Fwp-includes%2Fcss HTTP/2" 200 7833 "-" "Mozilla/5.0 AppleWebKit/537.36 (KHTML, like Gecko; compatible; ClaudeBot/1.0; +claudebot@anthropic.com)"
216.73.217.121 - - [21/Apr/2026:08:06:30 +0300] "GET /url%20=%3Cwidth%3Ex%3Cheight%3E%20%22optional%20title%22?fileloc=%2Fvar%2Fwww%2Fvhosts%2Fmiroglu.net%2Fhttpdocs%2Fwp-includes%2Fcss%2Feditor.min.css&path=%2Fvar%2Fwww%2Fvhosts%2Fmiroglu.net%2Fhttpdocs%2Fwp-includes%2Fcss HTTP/2" 200 8966 "-" "Mozilla/5.0 AppleWebKit/537.36 (KHTML, like Gecko; compatible; ClaudeBot/1.0; +claudebot@anthropic.com)"
216.73.217.121 - - [21/Apr/2026:08:06:31 +0300] "GET /url%20=%3Cwidth%3Ex%3Cheight%3E%20%22optional%20title%22?fileloc=%2Fvar%2Fwww%2Fvhosts%2Fmiroglu.net%2Fhttpdocs%2Fwp-includes%2Fcss%2Fwp-pointer-rtl.min.css&path=%2Fvar%2Fwww%2Fvhosts%2Fmiroglu.net%2Fhttpdocs%2Fwp-includes%2Fcss HTTP/2" 200 3667 "-" "Mozilla/5.0 AppleWebKit/537.36 (KHTML, like Gecko; compatible; ClaudeBot/1.0; +claudebot@anthropic.com)"
66.249.73.172 - - [21/Apr/2026:08:06:36 +0300] "GET /?detail/792467724 HTTP/1.1" 200 29676 "-" "Mozilla/5.0 (Linux; Android 6.0.1; Nexus 5X Build/MMB29P) AppleWebKit/537.36 (KHTML, like Gecko) Chrome/146.0.7680.177 Mobile Safari/537.36 (compatible; Googlebot/2.1; +http://www.google.com/bot.html)"
66.249.73.172 - - [21/Apr/2026:08:06:38 +0300] "GET /?detail/107564188 HTTP/1.1" 200 29762 "-" "Mozilla/5.0 (Linux; Android 6.0.1; Nexus 5X Build/MMB29P) AppleWebKit/537.36 (KHTML, like Gecko) Chrome/146.0.7680.177 Mobile Safari/537.36 (compatible; Googlebot/2.1; +http://www.google.com/bot.html)"
51.195.183.193 - - [21/Apr/2026:08:07:11 +0300] "GET /detail/479936015 HTTP/2" 200 7073 "-" "Mozilla/5.0 (compatible; AhrefsBot/7.0; +http://ahrefs.com/robot/)"
216.73.217.121 - - [21/Apr/2026:08:07:22 +0300] "GET /url%20=%3Cwidth%3Ex%3Cheight%3E%20%22optional%20title%22?fileloc=%2Fvar%2Fwww%2Fvhosts%2Fmiroglu.net%2Fhttpdocs%2Fwp-includes%2Fassets%2Fscript-loader-react-refresh-runtime.min.php&path=%2Fvar%2Fwww%2Fvhosts%2Fmiroglu.net%2Fhttpdocs%2Fwp-includes%2Fassets HTTP/2" 200 2910 "-" "Mozilla/5.0 AppleWebKit/537.36 (KHTML, like Gecko; compatible; ClaudeBot/1.0; +claudebot@anthropic.com)"
216.73.217.121 - - [21/Apr/2026:08:07:22 +0300] "GET /url%20=%3Cwidth%3Ex%3Cheight%3E%20%22optional%20title%22?fileloc=%2Fvar%2Fwww%2Fvhosts%2Fmiroglu.net%2Fhttpdocs%2Fwp-includes%2Fcss%2Feditor.css&path=%2Fvar%2Fwww%2Fvhosts%2Fmiroglu.net%2Fhttpdocs%2Fwp-includes%2Fcss HTTP/2" 200 9827 "-" "Mozilla/5.0 AppleWebKit/537.36 (KHTML, like Gecko; compatible; ClaudeBot/1.0; +claudebot@anthropic.com)"
216.73.217.121 - - [21/Apr/2026:08:07:22 +0300] "GET /url%20=%3Cwidth%3Ex%3Cheight%3E%20%22optional%20title%22?fileloc=%2Fvar%2Fwww%2Fvhosts%2Fmiroglu.net%2Fhttpdocs%2Fwp-includes%2Fcss%2Fwp-pointer-rtl.css&path=%2Fvar%2Fwww%2Fvhosts%2Fmiroglu.net%2Fhttpdocs%2Fwp-includes%2Fcss HTTP/2" 200 3828 "-" "Mozilla/5.0 AppleWebKit/537.36 (KHTML, like Gecko; compatible; ClaudeBot/1.0; +claudebot@anthropic.com)"
66.249.73.172 - - [21/Apr/2026:08:07:25 +0300] "GET /shop/poculent/lazulite413864762034.html HTTP/1.1" 200 28500 "-" "Mozilla/5.0 (Linux; Android 6.0.1; Nexus 5X Build/MMB29P) AppleWebKit/537.36 (KHTML, like Gecko) Chrome/146.0.7680.177 Mobile Safari/537.36 (compatible; Googlebot/2.1; +http://www.google.com/bot.html)"
66.249.73.173 - - [21/Apr/2026:08:07:27 +0300] "GET /?detail/440827117 HTTP/1.1" 200 32033 "-" "Mozilla/5.0 (Linux; Android 6.0.1; Nexus 5X Build/MMB29P) AppleWebKit/537.36 (KHTML, like Gecko) Chrome/146.0.7680.177 Mobile Safari/537.36 (compatible; Googlebot/2.1; +http://www.google.com/bot.html)"
66.249.73.172 - - [21/Apr/2026:08:07:29 +0300] "GET /?detail/821405615 HTTP/1.1" 200 29379 "-" "Mozilla/5.0 (Linux; Android 6.0.1; Nexus 5X Build/MMB29P) AppleWebKit/537.36 (KHTML, like Gecko) Chrome/146.0.7680.177 Mobile Safari/537.36 (compatible; Googlebot/2.1; +http://www.google.com/bot.html)"
216.73.217.121 - - [21/Apr/2026:08:07:37 +0300] "GET /url%20=%3Cwidth%3Ex%3Cheight%3E%20%22optional%20title%22?fileloc=%2Fvar%2Fwww%2Fvhosts%2Fmiroglu.net%2Fhttpdocs%2Fwp-includes%2Fcss%2Fjquery-ui-dialog.min.css&path=%2Fvar%2Fwww%2Fvhosts%2Fmiroglu.net%2Fhttpdocs%2Fwp-includes%2Fcss HTTP/2" 200 4285 "-" "Mozilla/5.0 AppleWebKit/537.36 (KHTML, like Gecko; compatible; ClaudeBot/1.0; +claudebot@anthropic.com)"
216.73.217.121 - - [21/Apr/2026:08:07:37 +0300] "GET /url%20=%3Cwidth%3Ex%3Cheight%3E%20%22optional%20title%22?fileloc=%2Fvar%2Fwww%2Fvhosts%2Fmiroglu.net%2Fhttpdocs%2Fwp-includes%2Fassets%2Fscript-loader-react-refresh-runtime.php&path=%2Fvar%2Fwww%2Fvhosts%2Fmiroglu.net%2Fhttpdocs%2Fwp-includes%2Fassets HTTP/2" 200 2909 "-" "Mozilla/5.0 AppleWebKit/537.36 (KHTML, like Gecko; compatible; ClaudeBot/1.0; +claudebot@anthropic.com)"
216.73.217.121 - - [21/Apr/2026:08:07:38 +0300] "GET /url%20=%3Cwidth%3Ex%3Cheight%3E%20%22optional%20title%22?fileloc=%2Fvar%2Fwww%2Fvhosts%2Fmiroglu.net%2Fhttpdocs%2Fwp-includes%2Frandom_compat%2Frandom_bytes_dev_urandom.php&path=%2Fvar%2Fwww%2Fvhosts%2Fmiroglu.net%2Fhttpdocs%2Fwp-includes%2Frandom_compat HTTP/2" 200 5209 "-" "Mozilla/5.0 AppleWebKit/537.36 (KHTML, like Gecko; compatible; ClaudeBot/1.0; +claudebot@anthropic.com)"
66.249.73.172 - - [21/Apr/2026:08:07:38 +0300] "GET /?detail/823785443 HTTP/1.1" 200 30422 "-" "Mozilla/5.0 (Linux; Android 6.0.1; Nexus 5X Build/MMB29P) AppleWebKit/537.36 (KHTML, like Gecko) Chrome/146.0.7680.177 Mobile Safari/537.36 (compatible; Googlebot/2.1; +http://www.google.com/bot.html)"
66.249.73.172 - - [21/Apr/2026:08:07:39 +0300] "GET /?detail/368909453 HTTP/1.1" 200 28859 "-" "Mozilla/5.0 (compatible; Googlebot/2.1; +http://www.google.com/bot.html)"
66.249.73.172 - - [21/Apr/2026:08:07:40 +0300] "GET /?detail/988153709 HTTP/1.1" 200 28978 "-" "Mozilla/5.0 (Linux; Android 6.0.1; Nexus 5X Build/MMB29P) AppleWebKit/537.36 (KHTML, like Gecko) Chrome/146.0.7680.177 Mobile Safari/537.36 (compatible; Googlebot/2.1; +http://www.google.com/bot.html)"
216.73.217.121 - - [21/Apr/2026:08:07:43 +0300] "GET /url%20=%3Cwidth%3Ex%3Cheight%3E%20%22optional%20title%22?fileloc=%2Fvar%2Fwww%2Fvhosts%2Fmiroglu.net%2Fhttpdocs%2Fwp-includes%2Fcss%2Fcustomize-preview.min.css&path=%2Fvar%2Fwww%2Fvhosts%2Fmiroglu.net%2Fhttpdocs%2Fwp-includes%2Fcss HTTP/2" 200 3575 "-" "Mozilla/5.0 AppleWebKit/537.36 (KHTML, like Gecko; compatible; ClaudeBot/1.0; +claudebot@anthropic.com)"
216.73.217.121 - - [21/Apr/2026:08:07:43 +0300] "GET /url%20=%3Cwidth%3Ex%3Cheight%3E%20%22optional%20title%22?fileloc=%2Fvar%2Fwww%2Fvhosts%2Fmiroglu.net%2Fhttpdocs%2Fwp-includes%2Fcss%2Fwp-auth-check.min.css&path=%2Fvar%2Fwww%2Fvhosts%2Fmiroglu.net%2Fhttpdocs%2Fwp-includes%2Fcss HTTP/2" 200 3502 "-" "Mozilla/5.0 AppleWebKit/537.36 (KHTML, like Gecko; compatible; ClaudeBot/1.0; +claudebot@anthropic.com)"
216.73.217.121 - - [21/Apr/2026:08:07:44 +0300] "GET /url%20=%3Cwidth%3Ex%3Cheight%3E%20%22optional%20title%22?fileloc=%2Fvar%2Fwww%2Fvhosts%2Fmiroglu.net%2Fhttpdocs%2Fwp-includes%2Fcss%2Fjquery-ui-dialog.css&path=%2Fvar%2Fwww%2Fvhosts%2Fmiroglu.net%2Fhttpdocs%2Fwp-includes%2Fcss HTTP/2" 200 4551 "-" "Mozilla/5.0 AppleWebKit/537.36 (KHTML, like Gecko; compatible; ClaudeBot/1.0; +claudebot@anthropic.com)"
66.249.73.172 - - [21/Apr/2026:08:07:45 +0300] "GET /shop/taxicab/inconcluding163428800751.html HTTP/1.1" 200 30152 "-" "Mozilla/5.0 (Linux; Android 6.0.1; Nexus 5X Build/MMB29P) AppleWebKit/537.36 (KHTML, like Gecko) Chrome/146.0.7680.177 Mobile Safari/537.36 (compatible; Googlebot/2.1; +http://www.google.com/bot.html)"
66.249.73.172 - - [21/Apr/2026:08:07:46 +0300] "GET /?prizes/51622343 HTTP/1.1" 200 29765 "-" "Mozilla/5.0 (Linux; Android 6.0.1; Nexus 5X Build/MMB29P) AppleWebKit/537.36 (KHTML, like Gecko) Chrome/146.0.7680.177 Mobile Safari/537.36 (compatible; Googlebot/2.1; +http://www.google.com/bot.html)"
66.249.73.172 - - [21/Apr/2026:08:07:47 +0300] "GET /?detail/864172565 HTTP/1.1" 200 28125 "-" "Mozilla/5.0 (Linux; Android 6.0.1; Nexus 5X Build/MMB29P) AppleWebKit/537.36 (KHTML, like Gecko) Chrome/146.0.7680.177 Mobile Safari/537.36 (compatible; Googlebot/2.1; +http://www.google.com/bot.html)"
66.249.73.172 - - [21/Apr/2026:08:07:48 +0300] "GET /?detail/281636856 HTTP/1.1" 200 29666 "-" "Mozilla/5.0 (Linux; Android 6.0.1; Nexus 5X Build/MMB29P) AppleWebKit/537.36 (KHTML, like Gecko) Chrome/146.0.7680.177 Mobile Safari/537.36 (compatible; Googlebot/2.1; +http://www.google.com/bot.html)"
198.244.168.139 - - [21/Apr/2026:08:07:49 +0300] "GET /detail/449684889 HTTP/2" 200 7073 "-" "Mozilla/5.0 (compatible; AhrefsBot/7.0; +http://ahrefs.com/robot/)"
66.249.73.173 - - [21/Apr/2026:08:07:52 +0300] "GET /?detail/91223182 HTTP/1.1" 200 30328 "-" "Mozilla/5.0 (Linux; Android 6.0.1; Nexus 5X Build/MMB29P) AppleWebKit/537.36 (KHTML, like Gecko) Chrome/146.0.7680.177 Mobile Safari/537.36 (compatible; Googlebot/2.1; +http://www.google.com/bot.html)"
216.73.217.121 - - [21/Apr/2026:08:07:57 +0300] "GET /url%20=%3Cwidth%3Ex%3Cheight%3E%20%22optional%20title%22?fileloc=%2Fvar%2Fwww%2Fvhosts%2Fmiroglu.net%2Fhttpdocs%2Fwp-includes%2Fassets%2Fscript-loader-react-refresh-entry.min.php&path=%2Fvar%2Fwww%2Fvhosts%2Fmiroglu.net%2Fhttpdocs%2Fwp-includes%2Fassets HTTP/2" 200 2921 "-" "Mozilla/5.0 AppleWebKit/537.36 (KHTML, like Gecko; compatible; ClaudeBot/1.0; +claudebot@anthropic.com)"
216.73.217.121 - - [21/Apr/2026:08:07:57 +0300] "GET /url%20=%3Cwidth%3Ex%3Cheight%3E%20%22optional%20title%22?fileloc=%2Fvar%2Fwww%2Fvhosts%2Fmiroglu.net%2Fhttpdocs%2Fwp-includes%2Fcss%2Fwp-embed-template.min.css&path=%2Fvar%2Fwww%2Fvhosts%2Fmiroglu.net%2Fhttpdocs%2Fwp-includes%2Fcss HTTP/2" 200 4698 "-" "Mozilla/5.0 AppleWebKit/537.36 (KHTML, like Gecko; compatible; ClaudeBot/1.0; +claudebot@anthropic.com)"
66.249.73.172 - - [21/Apr/2026:08:07:56 +0300] "GET /?detail/736576788 HTTP/1.1" 200 29893 "-" "Mozilla/5.0 (Linux; Android 6.0.1; Nexus 5X Build/MMB29P) AppleWebKit/537.36 (KHTML, like Gecko) Chrome/146.0.7680.177 Mobile Safari/537.36 (compatible; Googlebot/2.1; +http://www.google.com/bot.html)"
66.249.73.173 - - [21/Apr/2026:08:08:06 +0300] "GET /shop/distemperate/unproselyte16599431925.html HTTP/1.1" 200 29865 "-" "Mozilla/5.0 (Linux; Android 6.0.1; Nexus 5X Build/MMB29P) AppleWebKit/537.36 (KHTML, like Gecko) Chrome/146.0.7680.177 Mobile Safari/537.36 (compatible; Googlebot/2.1; +http://www.google.com/bot.html)"
66.249.73.173 - - [21/Apr/2026:08:08:07 +0300] "GET /?detail/429781474 HTTP/1.1" 200 29882 "-" "Mozilla/5.0 (compatible; Googlebot/2.1; +http://www.google.com/bot.html)"
66.249.73.160 - - [21/Apr/2026:08:08:10 +0300] "GET /shop/satiety/individualism16671689135.html HTTP/1.1" 200 30505 "-" "Mozilla/5.0 (Linux; Android 6.0.1; Nexus 5X Build/MMB29P) AppleWebKit/537.36 (KHTML, like Gecko) Chrome/146.0.7680.177 Mobile Safari/537.36 (compatible; Googlebot/2.1; +http://www.google.com/bot.html)"
198.244.242.0 - - [21/Apr/2026:08:08:27 +0300] "GET /shop/rhaetizite/supernatant063643687143.html HTTP/2" 200 7094 "-" "Mozilla/5.0 (compatible; AhrefsBot/7.0; +http://ahrefs.com/robot/)"
66.249.73.172 - - [21/Apr/2026:08:08:28 +0300] "GET /shop/essonite/sowing253755352864.html HTTP/1.1" 200 30504 "-" "Mozilla/5.0 (Linux; Android 6.0.1; Nexus 5X Build/MMB29P) AppleWebKit/537.36 (KHTML, like Gecko) Chrome/146.0.7680.177 Mobile Safari/537.36 (compatible; Googlebot/2.1; +http://www.google.com/bot.html)"
66.249.73.172 - - [21/Apr/2026:08:08:34 +0300] "GET /shop/burion/asterope254230321677.html HTTP/1.1" 200 30445 "-" "Mozilla/5.0 (Linux; Android 6.0.1; Nexus 5X Build/MMB29P) AppleWebKit/537.36 (KHTML, like Gecko) Chrome/146.0.7680.177 Mobile Safari/537.36 (compatible; Googlebot/2.1; +http://www.google.com/bot.html)"
66.249.73.172 - - [21/Apr/2026:08:08:52 +0300] "GET /shop/holocrystalline/mauritiana16711756488.html HTTP/1.1" 200 30333 "-" "Mozilla/5.0 (Linux; Android 6.0.1; Nexus 5X Build/MMB29P) AppleWebKit/537.36 (KHTML, like Gecko) Chrome/146.0.7680.177 Mobile Safari/537.36 (compatible; Googlebot/2.1; +http://www.google.com/bot.html)"
216.73.217.121 - - [21/Apr/2026:08:08:54 +0300] "GET /url%20=%3Cwidth%3Ex%3Cheight%3E%20%22optional%20title%22?fileloc=%2Fvar%2Fwww%2Fvhosts%2Fmiroglu.net%2Fhttpdocs%2Fwp-includes%2Fblock-patterns%2Fquery-medium-posts.php&path=%2Fvar%2Fwww%2Fvhosts%2Fmiroglu.net%2Fhttpdocs%2Fwp-includes%2Fblock-patterns HTTP/2" 200 3298 "-" "Mozilla/5.0 AppleWebKit/537.36 (KHTML, like Gecko; compatible; ClaudeBot/1.0; +claudebot@anthropic.com)"
216.73.217.121 - - [21/Apr/2026:08:08:54 +0300] "GET /url%20=%3Cwidth%3Ex%3Cheight%3E%20%22optional%20title%22?fileloc=%2Fvar%2Fwww%2Fvhosts%2Fmiroglu.net%2Fhttpdocs%2Fwp-includes%2Fcss%2Fjquery-ui-dialog-rtl.min.css&path=%2Fvar%2Fwww%2Fvhosts%2Fmiroglu.net%2Fhttpdocs%2Fwp-includes%2Fcss HTTP/2" 200 4285 "-" "Mozilla/5.0 AppleWebKit/537.36 (KHTML, like Gecko; compatible; ClaudeBot/1.0; +claudebot@anthropic.com)"
66.249.73.172 - - [21/Apr/2026:08:08:56 +0300] "GET /shop/ungrate/myrmotherine16665933640.html HTTP/1.1" 200 30685 "-" "Mozilla/5.0 (Linux; Android 6.0.1; Nexus 5X Build/MMB29P) AppleWebKit/537.36 (KHTML, like Gecko) Chrome/146.0.7680.177 Mobile Safari/537.36 (compatible; Googlebot/2.1; +http://www.google.com/bot.html)"
198.244.168.195 - - [21/Apr/2026:08:08:58 +0300] "GET /shop/limacon/electroetching05604237066.html HTTP/2" 200 7082 "-" "Mozilla/5.0 (compatible; AhrefsBot/7.0; +http://ahrefs.com/robot/)"
66.249.73.172 - - [21/Apr/2026:08:08:58 +0300] "GET /shop/opinionatively/brownest162328388828.html HTTP/1.1" 200 29776 "-" "Mozilla/5.0 (Linux; Android 6.0.1; Nexus 5X Build/MMB29P) AppleWebKit/537.36 (KHTML, like Gecko) Chrome/146.0.7680.177 Mobile Safari/537.36 (compatible; Googlebot/2.1; +http://www.google.com/bot.html)"
66.249.73.172 - - [21/Apr/2026:08:09:04 +0300] "GET /shop/telescopist/arrogantly16223250753.html HTTP/1.1" 200 29864 "-" "Mozilla/5.0 (Linux; Android 6.0.1; Nexus 5X Build/MMB29P) AppleWebKit/537.36 (KHTML, like Gecko) Chrome/146.0.7680.177 Mobile Safari/537.36 (compatible; Googlebot/2.1; +http://www.google.com/bot.html)"
216.73.217.121 - - [21/Apr/2026:08:09:09 +0300] "GET /url%20=%3Cwidth%3Ex%3Cheight%3E%20%22optional%20title%22?fileloc=%2Fvar%2Fwww%2Fvhosts%2Fmiroglu.net%2Fhttpdocs%2Fwp-includes%2Fcss%2Fcustomize-preview.css&path=%2Fvar%2Fwww%2Fvhosts%2Fmiroglu.net%2Fhttpdocs%2Fwp-includes%2Fcss HTTP/2" 200 3794 "-" "Mozilla/5.0 AppleWebKit/537.36 (KHTML, like Gecko; compatible; ClaudeBot/1.0; +claudebot@anthropic.com)"
216.73.217.121 - - [21/Apr/2026:08:09:09 +0300] "GET /url%20=%3Cwidth%3Ex%3Cheight%3E%20%22optional%20title%22?fileloc=%2Fvar%2Fwww%2Fvhosts%2Fmiroglu.net%2Fhttpdocs%2Fwp-includes%2Fcss%2Fwp-auth-check.css&path=%2Fvar%2Fwww%2Fvhosts%2Fmiroglu.net%2Fhttpdocs%2Fwp-includes%2Fcss HTTP/2" 200 3601 "-" "Mozilla/5.0 AppleWebKit/537.36 (KHTML, like Gecko; compatible; ClaudeBot/1.0; +claudebot@anthropic.com)"
216.73.217.121 - - [21/Apr/2026:08:09:24 +0300] "GET /url%20=%3Cwidth%3Ex%3Cheight%3E%20%22optional%20title%22?fileloc=%2Fvar%2Fwww%2Fvhosts%2Fmiroglu.net%2Fhttpdocs%2Fwp-includes%2Fcss%2Fjquery-ui-dialog-rtl.css&path=%2Fvar%2Fwww%2Fvhosts%2Fmiroglu.net%2Fhttpdocs%2Fwp-includes%2Fcss HTTP/2" 200 4565 "-" "Mozilla/5.0 AppleWebKit/537.36 (KHTML, like Gecko; compatible; ClaudeBot/1.0; +claudebot@anthropic.com)"
216.73.217.121 - - [21/Apr/2026:08:09:24 +0300] "GET /url%20=%3Cwidth%3Ex%3Cheight%3E%20%22optional%20title%22?fileloc=%2Fvar%2Fwww%2Fvhosts%2Fmiroglu.net%2Fhttpdocs%2Fwp-includes%2Fcss%2Fwp-embed-template.css&path=%2Fvar%2Fwww%2Fvhosts%2Fmiroglu.net%2Fhttpdocs%2Fwp-includes%2Fcss HTTP/2" 200 4800 "-" "Mozilla/5.0 AppleWebKit/537.36 (KHTML, like Gecko; compatible; ClaudeBot/1.0; +claudebot@anthropic.com)"
198.244.240.155 - - [21/Apr/2026:08:09:26 +0300] "GET /shop/hereof/houris013414883904.html HTTP/2" 200 7058 "-" "Mozilla/5.0 (compatible; AhrefsBot/7.0; +http://ahrefs.com/robot/)"
66.249.73.172 - - [21/Apr/2026:08:09:26 +0300] "GET /shop/petroleur/squash163973043002.html HTTP/1.1" 200 29833 "-" "Mozilla/5.0 (Linux; Android 6.0.1; Nexus 5X Build/MMB29P) AppleWebKit/537.36 (KHTML, like Gecko) Chrome/146.0.7680.177 Mobile Safari/537.36 (compatible; Googlebot/2.1; +http://www.google.com/bot.html)"
66.249.73.172 - - [21/Apr/2026:08:09:42 +0300] "GET /shop/pondweed/acinos063177922937.html HTTP/1.1" 200 30621 "-" "Mozilla/5.0 (Linux; Android 6.0.1; Nexus 5X Build/MMB29P) AppleWebKit/537.36 (KHTML, like Gecko) Chrome/146.0.7680.177 Mobile Safari/537.36 (compatible; Googlebot/2.1; +http://www.google.com/bot.html)"
45.227.253.15 - - [21/Apr/2026:08:09:45 +0300] "GET /index.php/jk HTTP/1.1" 200 466 "-" "Mozilla/5.0 (Macintosh; Intel Mac OS X 10.14; rv:103.0) Gecko/20100101 Firefox/102.0"
66.249.73.172 - - [21/Apr/2026:08:09:48 +0300] "GET /shop/hangmen/desmology161033536643.html HTTP/1.1" 200 30255 "-" "Mozilla/5.0 (Linux; Android 6.0.1; Nexus 5X Build/MMB29P) AppleWebKit/537.36 (KHTML, like Gecko) Chrome/146.0.7680.177 Mobile Safari/537.36 (compatible; Googlebot/2.1; +http://www.google.com/bot.html)"
66.249.73.172 - - [21/Apr/2026:08:09:50 +0300] "GET /shop/glyptics/prefect161888736489.html HTTP/1.1" 200 29306 "-" "Mozilla/5.0 (Linux; Android 6.0.1; Nexus 5X Build/MMB29P) AppleWebKit/537.36 (KHTML, like Gecko) Chrome/146.0.7680.177 Mobile Safari/537.36 (compatible; Googlebot/2.1; +http://www.google.com/bot.html)"
66.249.73.172 - - [21/Apr/2026:08:09:52 +0300] "GET /?detail/371425991 HTTP/1.1" 200 28234 "-" "Mozilla/5.0 (compatible; Googlebot/2.1; +http://www.google.com/bot.html)"
66.249.73.172 - - [21/Apr/2026:08:09:56 +0300] "GET /shop/pinion/assoilzie161587611362.html HTTP/1.1" 200 30290 "-" "Mozilla/5.0 (Linux; Android 6.0.1; Nexus 5X Build/MMB29P) AppleWebKit/537.36 (KHTML, like Gecko) Chrome/146.0.7680.177 Mobile Safari/537.36 (compatible; Googlebot/2.1; +http://www.google.com/bot.html)"
51.89.129.11 - - [21/Apr/2026:08:09:57 +0300] "GET /shop/funereal/shorea012775949264.html HTTP/2" 200 7066 "-" "Mozilla/5.0 (compatible; AhrefsBot/7.0; +http://ahrefs.com/robot/)"
66.249.73.172 - - [21/Apr/2026:08:09:58 +0300] "GET /shop/levirate/punchin163367214854.html HTTP/1.1" 200 30732 "-" "Mozilla/5.0 (Linux; Android 6.0.1; Nexus 5X Build/MMB29P) AppleWebKit/537.36 (KHTML, like Gecko) Chrome/146.0.7680.177 Mobile Safari/537.36 (compatible; Googlebot/2.1; +http://www.google.com/bot.html)"
66.249.73.172 - - [21/Apr/2026:08:10:06 +0300] "GET /shop/futurological/papaer162627716260.html HTTP/1.1" 200 30051 "-" "Mozilla/5.0 (Linux; Android 6.0.1; Nexus 5X Build/MMB29P) AppleWebKit/537.36 (KHTML, like Gecko) Chrome/146.0.7680.177 Mobile Safari/537.36 (compatible; Googlebot/2.1; +http://www.google.com/bot.html)"
66.249.73.172 - - [21/Apr/2026:08:10:08 +0300] "GET /shop/trendle/goofy161563175884.html HTTP/1.1" 200 29930 "-" "Mozilla/5.0 (Linux; Android 6.0.1; Nexus 5X Build/MMB29P) AppleWebKit/537.36 (KHTML, like Gecko) Chrome/146.0.7680.177 Mobile Safari/537.36 (compatible; Googlebot/2.1; +http://www.google.com/bot.html)"
216.73.217.121 - - [21/Apr/2026:08:10:11 +0300] "GET /url%20=%3Cwidth%3Ex%3Cheight%3E%20%22optional%20title%22?fileloc=%2Fvar%2Fwww%2Fvhosts%2Fmiroglu.net%2Fhttpdocs%2Fwp-includes%2Fblock-patterns%2Fquery-offset-posts.php&path=%2Fvar%2Fwww%2Fvhosts%2Fmiroglu.net%2Fhttpdocs%2Fwp-includes%2Fblock-patterns HTTP/2" 200 3420 "-" "Mozilla/5.0 AppleWebKit/537.36 (KHTML, like Gecko; compatible; ClaudeBot/1.0; +claudebot@anthropic.com)"
