193.36.38.226 - - [26/Apr/2026:01:31:10 +0300] "POST /xmlrpc.php HTTP/1.1" 200 692 "-" "Mozilla/5.0 (Windows NT 10.0; Win64; x64) AppleWebKit/537.36 (KHTML, like Gecko) Chrome/114.0.0.0 Safari/537.36"
40.77.167.10 - - [26/Apr/2026:01:31:12 +0300] "GET /bonos-de-casino-888-casino-bono-en-internet-y-promociones-acerca-de-argentina-2026/ HTTP/2" 200 21936 "-" "Mozilla/5.0 AppleWebKit/537.36 (KHTML, like Gecko; compatible; bingbot/2.0; +http://www.bing.com/bingbot.htm) Chrome/116.0.1938.76 Safari/537.36"
129.227.39.118 - - [26/Apr/2026:01:31:14 +0300] "GET /play-the-buffalo-slot-machine-on-the-internet-100percent-free-no-down-load/ HTTP/1.1" 200 77522 "-" "Mozilla/5.0 (Windows NT 10.0; Win64; x64) AppleWebKit/537.36 (KHTML, like Gecko) Chrome/124.0.0.0 Safari/537.36"
52.167.144.150 - - [26/Apr/2026:01:31:21 +0300] "GET /enjoy-davinci-diamonds-slot-machine-at-no-vip-stakes-games-play-slots-and-casino-games-cost-2026/ HTTP/2" 200 0 "-" "Mozilla/5.0 AppleWebKit/537.36 (KHTML, like Gecko; compatible; bingbot/2.0; +http://www.bing.com/bingbot.htm) Chrome/116.0.1938.76 Safari/537.36"
52.167.144.159 - - [26/Apr/2026:01:31:25 +0300] "GET /premio-senza-deposito-confusione-di-nuovo-slot-immediati-le-offerte-nessun-deposito-hitnspin-mobile-di-ossequio-2026/ HTTP/2" 200 0 "-" "Mozilla/5.0 AppleWebKit/537.36 (KHTML, like Gecko; compatible; bingbot/2.0; +http://www.bing.com/bingbot.htm) Chrome/116.0.1938.76 Safari/537.36"
193.36.38.228 - - [26/Apr/2026:01:31:30 +0300] "GET /foxy-online-game-offers-a-seamless-paypal-commission-experience-that-have-lowest-places-off-ten-and-you-will-brief-withdrawals/ HTTP/1.1" 200 76452 "-" "Mozilla/5.0 (Windows NT 10.0; rv:109.0) Gecko/20100101 Firefox/115.0"
52.167.144.159 - - [26/Apr/2026:01:31:30 +0300] "GET /quali-sono-volte-principali-vantaggi-nello-preferire-indivis-bisca-online-inesperto/ HTTP/2" 200 0 "-" "Mozilla/5.0 AppleWebKit/537.36 (KHTML, like Gecko; compatible; bingbot/2.0; +http://www.bing.com/bingbot.htm) Chrome/116.0.1938.76 Safari/537.36"
95.108.213.192 - - [26/Apr/2026:01:31:26 +0300] "GET /post-sitemap59.xml HTTP/1.1" 200 102629 "-" "Mozilla/5.0 (compatible; YandexBot/3.0; +http://yandex.com/bots)"
193.36.38.228 - - [26/Apr/2026:01:31:44 +0300] "POST /xmlrpc.php HTTP/1.1" 200 692 "-" "Mozilla/5.0 (Windows NT 10.0; Win64; x64) AppleWebKit/537.36 (KHTML, like Gecko) Chrome/114.0.0.0 Safari/537.36"
193.36.38.226 - - [26/Apr/2026:01:31:54 +0300] "POST /xmlrpc.php HTTP/1.1" 200 10973 "-" "Mozilla/5.0 (Windows NT 10.0; Win64; x64) AppleWebKit/537.36 (KHTML, like Gecko) Chrome/114.0.0.0 Safari/537.36"
185.216.113.70 - - [26/Apr/2026:01:32:43 +0300] "POST /wp-cron.php?doing_wp_cron=1777156363.5236990451812744140625 HTTP/1.1" 200 448 "-" "WordPress/6.3.8; https://serhatburke.miroglu.net"
193.36.38.226 - - [26/Apr/2026:01:32:28 +0300] "GET /z-polsce-legalnie-interesujace-legalnie-tylko-kasyno-online-z-licencja-ministerstwa-finansow/ HTTP/1.1" 200 75991 "-" "Mozilla/5.0 (Windows NT 10.0; rv:125.0) Gecko/20100101 Firefox/125.0"
193.36.38.228 - - [26/Apr/2026:01:32:30 +0300] "POST /xmlrpc.php HTTP/1.1" 200 8981 "-" "Mozilla/5.0 (Windows NT 10.0; Win64; x64) AppleWebKit/537.36 (KHTML, like Gecko) Chrome/114.0.0.0 Safari/537.36"
193.36.38.228 - - [26/Apr/2026:01:32:35 +0300] "POST /xmlrpc.php HTTP/1.1" 200 514 "-" "Mozilla/5.0 (Windows NT 10.0; Win64; x64) AppleWebKit/537.36 (KHTML, like Gecko) Chrome/114.0.0.0 Safari/537.36"
193.36.38.228 - - [26/Apr/2026:01:32:49 +0300] "GET /there-is-and-noted-typically-the-most-popular-variations-and-you-will-headings-for-those-a-real-income-online-casino-games/ HTTP/1.1" 200 74450 "-" "Mozilla/5.0 (Windows NT 10.0; Win64; x64) AppleWebKit/537.36 (KHTML, like Gecko) Chrome/109.0.0.0 Safari/537.36"
193.36.38.228 - - [26/Apr/2026:01:32:58 +0300] "POST /xmlrpc.php HTTP/1.1" 200 9163 "-" "Mozilla/5.0 (Windows NT 10.0; Win64; x64) AppleWebKit/537.36 (KHTML, like Gecko) Chrome/114.0.0.0 Safari/537.36"
193.36.38.226 - - [26/Apr/2026:01:33:04 +0300] "POST /xmlrpc.php HTTP/1.1" 200 692 "-" "Mozilla/5.0 (Windows NT 10.0; Win64; x64) AppleWebKit/537.36 (KHTML, like Gecko) Chrome/114.0.0.0 Safari/537.36"
193.36.38.228 - - [26/Apr/2026:01:33:10 +0300] "GET /there-are-many-secret-benefits-to-playing-with-a-pay-because-of-the-cellular-telephone-casino-in-your-area/ HTTP/1.1" 200 74337 "-" "Mozilla/5.0 (Windows NT 10.0; Win64; x64; rv:125.0) Gecko/20100101 Firefox/125.0"
185.216.113.70 - - [26/Apr/2026:01:33:34 +0300] "POST /wp-cron.php?doing_wp_cron=1777156414.3421509265899658203125 HTTP/1.1" 200 448 "-" "WordPress/6.3.8; https://serhatburke.miroglu.net"
193.36.38.226 - - [26/Apr/2026:01:33:22 +0300] "POST /xmlrpc.php HTTP/1.1" 200 11072 "-" "Mozilla/5.0 (Windows NT 10.0; Win64; x64) AppleWebKit/537.36 (KHTML, like Gecko) Chrome/114.0.0.0 Safari/537.36"
98.98.197.211 - - [26/Apr/2026:01:33:23 +0300] "POST /xmlrpc.php HTTP/1.1" 200 630 "-" "Mozilla/5.0 (Windows NT 10.0; Win64; x64) AppleWebKit/537.36 (KHTML, like Gecko) Chrome/114.0.0.0 Safari/537.36"
193.36.38.226 - - [26/Apr/2026:01:33:34 +0300] "GET /standardy-obrotu-to-pieciokrotnosc-stopien-bonusu-na-zakladach-ktorzy-maja-kursem-absolutne-minimum-samotny/ HTTP/1.1" 200 76440 "-" "Mozilla/5.0 (Windows NT 10.0; Win64; x64) AppleWebKit/537.36 (KHTML, like Gecko) Chrome/109.0.0.0 Safari/537.36"
95.108.213.92 - - [26/Apr/2026:01:33:33 +0300] "GET /post-sitemap63.xml HTTP/1.1" 200 48407 "-" "Mozilla/5.0 (compatible; YandexBot/3.0; +http://yandex.com/bots)"
98.98.197.211 - - [26/Apr/2026:01:33:44 +0300] "POST /xmlrpc.php HTTP/1.1" 200 12887 "-" "Mozilla/5.0 (Windows NT 10.0; Win64; x64) AppleWebKit/537.36 (KHTML, like Gecko) Chrome/114.0.0.0 Safari/537.36"
193.36.38.228 - - [26/Apr/2026:01:33:50 +0300] "POST /xmlrpc.php HTTP/1.1" 200 692 "-" "Mozilla/5.0 (Windows NT 10.0; Win64; x64) AppleWebKit/537.36 (KHTML, like Gecko) Chrome/114.0.0.0 Safari/537.36"
98.98.197.211 - - [26/Apr/2026:01:34:06 +0300] "GET /pa-kasino-70-bedste-danske-tilslutte-casinoer-2026/ HTTP/1.1" 200 76516 "-" "Mozilla/5.0 (Windows NT 10.0; Win64; x64) AppleWebKit/537.36 (KHTML, like Gecko) Chrome/124.0.0.0 Safari/537.36"
193.36.38.228 - - [26/Apr/2026:01:34:13 +0300] "POST /xmlrpc.php HTTP/1.1" 200 8428 "-" "Mozilla/5.0 (Windows NT 10.0; Win64; x64) AppleWebKit/537.36 (KHTML, like Gecko) Chrome/114.0.0.0 Safari/537.36"
193.36.38.228 - - [26/Apr/2026:01:34:25 +0300] "GET /personal-casinos-are-only-for-entertainment-offering-virtual-coins-that-dont-hold-any-money-really-worth/ HTTP/1.1" 200 73562 "-" "Mozilla/5.0 (Windows NT 10.0; Win64; x64) AppleWebKit/537.36 (KHTML, like Gecko) Chrome/109.0.0.0 Safari/537.36"
185.216.113.70 - - [26/Apr/2026:01:34:43 +0300] "POST /wp-cron.php?doing_wp_cron=1777156483.4496190547943115234375 HTTP/1.1" 200 448 "-" "WordPress/6.3.8; https://serhatburke.miroglu.net"
193.36.38.226 - - [26/Apr/2026:01:34:31 +0300] "POST /xmlrpc.php HTTP/1.1" 200 692 "-" "Mozilla/5.0 (Windows NT 10.0; Win64; x64) AppleWebKit/537.36 (KHTML, like Gecko) Chrome/114.0.0.0 Safari/537.36"
193.36.38.226 - - [26/Apr/2026:01:34:48 +0300] "POST /xmlrpc.php HTTP/1.1" 200 11572 "-" "Mozilla/5.0 (Windows NT 10.0; Win64; x64) AppleWebKit/537.36 (KHTML, like Gecko) Chrome/114.0.0.0 Safari/537.36"
193.36.38.228 - - [26/Apr/2026:01:34:49 +0300] "POST /xmlrpc.php HTTP/1.1" 200 692 "-" "Mozilla/5.0 (Windows NT 10.0; Win64; x64) AppleWebKit/537.36 (KHTML, like Gecko) Chrome/114.0.0.0 Safari/537.36"
213.180.203.158 - - [26/Apr/2026:01:34:47 +0300] "GET /post-sitemap62.xml HTTP/1.1" 200 107548 "-" "Mozilla/5.0 (compatible; YandexBot/3.0; +http://yandex.com/bots)"
193.36.38.226 - - [26/Apr/2026:01:35:11 +0300] "GET /graj-na-slot-rozszerzen-czy-czy-nie-przedsiebiorstwa-hazardowe-na-zywo-gdziekolwiek-jestes-%EF%BF%BD-z-pelna-optymalizacja-i-bedziesz-bezpieczenstwem/ HTTP/1.1" 200 78244 "-" "Mozilla/5.0 (Windows NT 10.0; Win64; x64) AppleWebKit/537.36 (KHTML, like Gecko) Chrome/109.0.0.0 Safari/537.36"
193.36.38.228 - - [26/Apr/2026:01:35:15 +0300] "POST /xmlrpc.php HTTP/1.1" 200 9251 "-" "Mozilla/5.0 (Windows NT 10.0; Win64; x64) AppleWebKit/537.36 (KHTML, like Gecko) Chrome/114.0.0.0 Safari/537.36"
104.194.153.222 - - [26/Apr/2026:01:35:25 +0300] "GET /zotabet-casino-bonus-premier-depot-2026/ HTTP/1.1" 200 19124 "-" "Mozilla/5.0 (compatible; Googlebot/2.1; +http://www.google.com/bot.html)"
185.216.113.70 - - [26/Apr/2026:01:35:40 +0300] "POST /wp-cron.php?doing_wp_cron=1777156540.7952799797058105468750 HTTP/1.1" 200 448 "-" "WordPress/6.3.8; https://serhatburke.miroglu.net"
193.36.38.228 - - [26/Apr/2026:01:35:28 +0300] "GET /possibly-you-may-be-the-sort-who-knows-exactly-what-that-they-like/ HTTP/1.1" 200 73409 "-" "Mozilla/5.0 (Windows NT 10.0; Win64; x64) AppleWebKit/537.36 (KHTML, like Gecko) Chrome/123.0.0.0 Safari/537.36"
193.36.38.228 - - [26/Apr/2026:01:35:51 +0300] "POST /xmlrpc.php HTTP/1.1" 200 514 "-" "Mozilla/5.0 (Windows NT 10.0; Win64; x64) AppleWebKit/537.36 (KHTML, like Gecko) Chrome/114.0.0.0 Safari/537.36"
98.98.197.211 - - [26/Apr/2026:01:35:58 +0300] "POST /xmlrpc.php HTTP/1.1" 200 630 "-" "Mozilla/5.0 (Windows NT 10.0; Win64; x64) AppleWebKit/537.36 (KHTML, like Gecko) Chrome/114.0.0.0 Safari/537.36"
193.36.38.226 - - [26/Apr/2026:01:36:01 +0300] "POST /xmlrpc.php HTTP/1.1" 200 692 "-" "Mozilla/5.0 (Windows NT 10.0; Win64; x64) AppleWebKit/537.36 (KHTML, like Gecko) Chrome/114.0.0.0 Safari/537.36"
95.108.213.198 - - [26/Apr/2026:01:36:00 +0300] "GET /post-sitemap58.xml HTTP/1.1" 200 90717 "-" "Mozilla/5.0 (compatible; YandexBot/3.0; +http://yandex.com/bots)"
185.216.113.70 - - [26/Apr/2026:01:36:29 +0300] "POST /wp-cron.php?doing_wp_cron=1777156589.7116279602050781250000 HTTP/1.1" 200 448 "-" "WordPress/6.3.8; https://serhatburke.miroglu.net"
193.36.38.228 - - [26/Apr/2026:01:36:13 +0300] "POST /xmlrpc.php HTTP/1.1" 200 9170 "-" "Mozilla/5.0 (Windows NT 10.0; Win64; x64) AppleWebKit/537.36 (KHTML, like Gecko) Chrome/114.0.0.0 Safari/537.36"
98.98.197.211 - - [26/Apr/2026:01:36:27 +0300] "POST /xmlrpc.php HTTP/1.1" 200 13225 "-" "Mozilla/5.0 (Windows NT 10.0; Win64; x64) AppleWebKit/537.36 (KHTML, like Gecko) Chrome/114.0.0.0 Safari/537.36"
193.36.38.226 - - [26/Apr/2026:01:36:28 +0300] "POST /xmlrpc.php HTTP/1.1" 200 10412 "-" "Mozilla/5.0 (Windows NT 10.0; Win64; x64) AppleWebKit/537.36 (KHTML, like Gecko) Chrome/114.0.0.0 Safari/537.36"
193.36.38.228 - - [26/Apr/2026:01:36:31 +0300] "GET /but-not-i-along-with-rely-on-many-of-the-technology-experts-only-at-playusa-to-ensure-information/ HTTP/1.1" 200 74151 "-" "Mozilla/5.0 (Windows NT 10.0; Win64; x64) AppleWebKit/537.36 (KHTML, like Gecko) Chrome/122.0.0.0 Safari/537.36"
193.36.38.228 - - [26/Apr/2026:01:36:41 +0300] "POST /xmlrpc.php HTTP/1.1" 200 692 "-" "Mozilla/5.0 (Windows NT 10.0; Win64; x64) AppleWebKit/537.36 (KHTML, like Gecko) Chrome/114.0.0.0 Safari/537.36"
98.98.197.211 - - [26/Apr/2026:01:36:52 +0300] "GET /online-hasardspil-spil-fr-eller-omkring-middel-i-kraft-af-vip-afkastning-2026/ HTTP/1.1" 200 77660 "-" "Mozilla/5.0 (Windows NT 10.0; Win64; x64) AppleWebKit/537.36 (KHTML, like Gecko) Chrome/109.0.0.0 Safari/537.36"
193.36.38.226 - - [26/Apr/2026:01:36:54 +0300] "GET /hazard-online-jest-dokladnie-kontrolowany-a-nie-tylko-totalizator-sportowy-jest-uwazany-profesjonalne-kasyno-internetowe/ HTTP/1.1" 200 76414 "-" "Mozilla/5.0 (Windows NT 10.0; rv:109.0) Gecko/20100101 Firefox/115.0"
193.36.38.228 - - [26/Apr/2026:01:37:10 +0300] "POST /xmlrpc.php HTTP/1.1" 200 9613 "-" "Mozilla/5.0 (Windows NT 10.0; Win64; x64) AppleWebKit/537.36 (KHTML, like Gecko) Chrome/114.0.0.0 Safari/537.36"
87.250.224.246 - - [26/Apr/2026:01:37:07 +0300] "GET /post-sitemap64.xml HTTP/1.1" 200 93483 "-" "Mozilla/5.0 (compatible; YandexBot/3.0; +http://yandex.com/bots)"
193.36.38.226 - - [26/Apr/2026:01:37:20 +0300] "POST /xmlrpc.php HTTP/1.1" 200 514 "-" "Mozilla/5.0 (Windows NT 10.0; Win64; x64) AppleWebKit/537.36 (KHTML, like Gecko) Chrome/114.0.0.0 Safari/537.36"
193.36.38.228 - - [26/Apr/2026:01:37:26 +0300] "GET /such-as-spend-because-of-the-mobile-phone-statement-trustly-performs-really-well-to-the-cellular/ HTTP/1.1" 200 74437 "-" "Mozilla/5.0 (Windows NT 10.0; Win64; x64) AppleWebKit/537.36 (KHTML, like Gecko) Chrome/109.0.0.0 Safari/537.36"
185.216.113.70 - - [26/Apr/2026:01:37:52 +0300] "POST /wp-cron.php?doing_wp_cron=1777156672.7511079311370849609375 HTTP/1.1" 200 448 "-" "WordPress/6.3.8; https://serhatburke.miroglu.net"
193.36.38.226 - - [26/Apr/2026:01:37:40 +0300] "POST /xmlrpc.php HTTP/1.1" 200 9649 "-" "Mozilla/5.0 (Windows NT 10.0; Win64; x64) AppleWebKit/537.36 (KHTML, like Gecko) Chrome/114.0.0.0 Safari/537.36"
193.36.38.228 - - [26/Apr/2026:01:37:41 +0300] "POST /xmlrpc.php HTTP/1.1" 200 514 "-" "Mozilla/5.0 (Windows NT 10.0; Win64; x64) AppleWebKit/537.36 (KHTML, like Gecko) Chrome/114.0.0.0 Safari/537.36"
193.36.38.226 - - [26/Apr/2026:01:37:52 +0300] "GET /transakcja-w-zlotowkach-funkcje-rozny-wysokosc-minimalnego-depozytu-dobry-dotyczy-jak-l-z-135-pln/ HTTP/1.1" 200 74906 "-" "Mozilla/5.0 (Windows NT 10.0; Win64; x64) AppleWebKit/537.36 (KHTML, like Gecko) Chrome/122.0.0.0 Safari/537.36"
193.36.38.228 - - [26/Apr/2026:01:38:01 +0300] "POST /xmlrpc.php HTTP/1.1" 200 10139 "-" "Mozilla/5.0 (Windows NT 10.0; Win64; x64) AppleWebKit/537.36 (KHTML, like Gecko) Chrome/114.0.0.0 Safari/537.36"
98.98.197.211 - - [26/Apr/2026:01:38:08 +0300] "POST /xmlrpc.php HTTP/1.1" 200 630 "-" "Mozilla/5.0 (Windows NT 10.0; Win64; x64) AppleWebKit/537.36 (KHTML, like Gecko) Chrome/114.0.0.0 Safari/537.36"
193.36.38.228 - - [26/Apr/2026:01:38:18 +0300] "GET /this-makes-paypal-a-reliable-and-you-may-safer-selection-for-gambling-on-line-transactions/ HTTP/1.1" 200 75023 "-" "Mozilla/5.0 (Windows NT 10.0; rv:125.0) Gecko/20100101 Firefox/125.0"
185.216.113.70 - - [26/Apr/2026:01:38:39 +0300] "POST /wp-cron.php?doing_wp_cron=1777156719.6639959812164306640625 HTTP/1.1" 200 448 "-" "WordPress/6.3.8; https://serhatburke.miroglu.net"
98.98.197.211 - - [26/Apr/2026:01:38:26 +0300] "POST /xmlrpc.php HTTP/1.1" 200 13171 "-" "Mozilla/5.0 (Windows NT 10.0; Win64; x64) AppleWebKit/537.36 (KHTML, like Gecko) Chrome/114.0.0.0 Safari/537.36"
193.36.38.226 - - [26/Apr/2026:01:38:41 +0300] "POST /xmlrpc.php HTTP/1.1" 200 692 "-" "Mozilla/5.0 (Windows NT 10.0; Win64; x64) AppleWebKit/537.36 (KHTML, like Gecko) Chrome/114.0.0.0 Safari/537.36"
98.98.197.211 - - [26/Apr/2026:01:38:42 +0300] "GET /laeg-danmarks-spilleselskab/ HTTP/1.1" 200 75911 "-" "Mozilla/5.0 (Windows NT 10.0; rv:109.0) Gecko/20100101 Firefox/115.0"
193.36.38.228 - - [26/Apr/2026:01:38:52 +0300] "POST /xmlrpc.php HTTP/1.1" 200 692 "-" "Mozilla/5.0 (Windows NT 10.0; Win64; x64) AppleWebKit/537.36 (KHTML, like Gecko) Chrome/114.0.0.0 Safari/537.36"
193.36.38.226 - - [26/Apr/2026:01:39:05 +0300] "POST /xmlrpc.php HTTP/1.1" 200 12332 "-" "Mozilla/5.0 (Windows NT 10.0; Win64; x64) AppleWebKit/537.36 (KHTML, like Gecko) Chrome/114.0.0.0 Safari/537.36"
193.36.38.228 - - [26/Apr/2026:01:39:12 +0300] "POST /xmlrpc.php HTTP/1.1" 200 8787 "-" "Mozilla/5.0 (Windows NT 10.0; Win64; x64) AppleWebKit/537.36 (KHTML, like Gecko) Chrome/114.0.0.0 Safari/537.36"
193.36.38.226 - - [26/Apr/2026:01:39:17 +0300] "GET /w-oparciu-o-statystyk-ruchu-oraz-opinii-jeden-z-naszych-czytelnikow-przygotowalismy-zestawienie-prawdziwy-popularnych-automatow-wsrod-rodzimych-graczy/ HTTP/1.1" 200 78864 "-" "Mozilla/5.0 (Windows NT 10.0; Win64; x64) AppleWebKit/537.36 (KHTML, like Gecko) Chrome/124.0.0.0 Safari/537.36 Edg/124.0.0.0"
193.36.38.228 - - [26/Apr/2026:01:39:26 +0300] "GET /it-wasnt-unusual-to-possess-united-kingdom-web-based-casinos-to-limitation-saying-incentives-needless-to-say-fee-steps/ HTTP/1.1" 200 74148 "-" "Mozilla/5.0 (Windows NT 10.0; Win64; x64; rv:124.0) Gecko/20100101 Firefox/124.0"
185.216.113.70 - - [26/Apr/2026:01:39:54 +0300] "POST /wp-cron.php?doing_wp_cron=1777156794.5817439556121826171875 HTTP/1.1" 200 448 "-" "WordPress/6.3.8; https://serhatburke.miroglu.net"
193.36.38.228 - - [26/Apr/2026:01:39:42 +0300] "POST /xmlrpc.php HTTP/1.1" 200 514 "-" "Mozilla/5.0 (Windows NT 10.0; Win64; x64) AppleWebKit/537.36 (KHTML, like Gecko) Chrome/114.0.0.0 Safari/537.36"
193.36.38.226 - - [26/Apr/2026:01:39:52 +0300] "POST /xmlrpc.php HTTP/1.1" 200 692 "-" "Mozilla/5.0 (Windows NT 10.0; Win64; x64) AppleWebKit/537.36 (KHTML, like Gecko) Chrome/114.0.0.0 Safari/537.36"
193.36.38.228 - - [26/Apr/2026:01:40:05 +0300] "POST /xmlrpc.php HTTP/1.1" 200 11220 "-" "Mozilla/5.0 (Windows NT 10.0; Win64; x64) AppleWebKit/537.36 (KHTML, like Gecko) Chrome/114.0.0.0 Safari/537.36"
185.216.113.70 - - [26/Apr/2026:01:40:22 +0300] "POST /wp-cron.php?doing_wp_cron=1777156822.8333880901336669921875 HTTP/1.1" 200 448 "-" "WordPress/6.3.8; https://serhatburke.miroglu.net"
193.36.38.226 - - [26/Apr/2026:01:40:11 +0300] "POST /xmlrpc.php HTTP/1.1" 200 12188 "-" "Mozilla/5.0 (Windows NT 10.0; Win64; x64) AppleWebKit/537.36 (KHTML, like Gecko) Chrome/114.0.0.0 Safari/537.36"
193.36.38.228 - - [26/Apr/2026:01:40:18 +0300] "GET /the-newest-workers-within-top-ten-casinos-on-the-internet-record-are-not-just-best-the-current-ing-is-oriented/ HTTP/1.1" 200 76411 "-" "Mozilla/5.0 (Windows NT 10.0; Win64; x64; rv:124.0) Gecko/20100101 Firefox/124.0"
193.36.38.226 - - [26/Apr/2026:01:40:22 +0300] "GET /powinienem-zdobyc-prawdziwe-pieniadze-wspolnie-z-z-bonusu-bez-depozytu/ HTTP/1.1" 200 76577 "-" "Mozilla/5.0 (Windows NT 10.0; Win64; x64; rv:125.0) Gecko/20100101 Firefox/125.0"
104.194.152.141 - - [26/Apr/2026:01:40:27 +0300] "GET /zotabet-casino-bonus-premier-depot-2026/ HTTP/1.1" 200 19124 "-" "Mozilla/5.0 (compatible; Googlebot/2.1; +http://www.google.com/bot.html)"
98.98.197.211 - - [26/Apr/2026:01:40:25 +0300] "POST /xmlrpc.php HTTP/1.1" 200 630 "-" "Mozilla/5.0 (Windows NT 10.0; Win64; x64) AppleWebKit/537.36 (KHTML, like Gecko) Chrome/114.0.0.0 Safari/537.36"
185.216.113.70 - - [26/Apr/2026:01:41:12 +0300] "POST /wp-cron.php?doing_wp_cron=1777156872.0276370048522949218750 HTTP/1.1" 200 448 "-" "WordPress/6.3.8; https://serhatburke.miroglu.net"
98.98.197.211 - - [26/Apr/2026:01:40:58 +0300] "POST /xmlrpc.php HTTP/1.1" 200 12838 "-" "Mozilla/5.0 (Windows NT 10.0; Win64; x64) AppleWebKit/537.36 (KHTML, like Gecko) Chrome/114.0.0.0 Safari/537.36"
193.36.38.228 - - [26/Apr/2026:01:41:11 +0300] "POST /xmlrpc.php HTTP/1.1" 200 692 "-" "Mozilla/5.0 (Windows NT 10.0; Win64; x64) AppleWebKit/537.36 (KHTML, like Gecko) Chrome/114.0.0.0 Safari/537.36"
98.98.197.211 - - [26/Apr/2026:01:41:14 +0300] "GET /maria-spilleban-enkelte-mageligt-100-knap-free-spins-hos-maria-spilleban/ HTTP/1.1" 200 77034 "-" "Mozilla/5.0 (Windows NT 10.0; Win64; x64) AppleWebKit/537.36 (KHTML, like Gecko) Chrome/124.0.0.0 Safari/537.36 Edg/124.0.0.0"
193.36.38.226 - - [26/Apr/2026:01:41:24 +0300] "POST /xmlrpc.php HTTP/1.1" 200 692 "-" "Mozilla/5.0 (Windows NT 10.0; Win64; x64) AppleWebKit/537.36 (KHTML, like Gecko) Chrome/114.0.0.0 Safari/537.36"
193.36.38.228 - - [26/Apr/2026:01:41:37 +0300] "POST /xmlrpc.php HTTP/1.1" 200 8196 "-" "Mozilla/5.0 (Windows NT 10.0; Win64; x64) AppleWebKit/537.36 (KHTML, like Gecko) Chrome/114.0.0.0 Safari/537.36"
185.216.113.70 - - [26/Apr/2026:01:41:57 +0300] "POST /wp-cron.php?doing_wp_cron=1777156917.5294339656829833984375 HTTP/1.1" 200 448 "-" "WordPress/6.3.8; https://serhatburke.miroglu.net"
193.36.38.226 - - [26/Apr/2026:01:41:45 +0300] "POST /xmlrpc.php HTTP/1.1" 200 10560 "-" "Mozilla/5.0 (Windows NT 10.0; Win64; x64) AppleWebKit/537.36 (KHTML, like Gecko) Chrome/114.0.0.0 Safari/537.36"
193.36.38.228 - - [26/Apr/2026:01:41:49 +0300] "GET /no-shameful-style-issues-zero-lag-just-seamless-game-play-irrespective-of-where-you-happen-to-be-to-experience/ HTTP/1.1" 200 73602 "-" "Mozilla/5.0 (Windows NT 10.0; Win64; x64) AppleWebKit/537.36 (KHTML, like Gecko) Chrome/122.0.0.0 Safari/537.36"
193.36.38.226 - - [26/Apr/2026:01:41:57 +0300] "GET /blisko-niego-blask-starburst-osoba-z-najbardziej-rozpoznawalnych-gier-nigdy-wczesniej-uwielbiana-posiadania-predkosc-i-bedziesz-koloryt/ HTTP/1.1" 200 76673 "-" "Mozilla/5.0 (Windows NT 10.0; Win64; x64) AppleWebKit/537.36 (KHTML, like Gecko) Chrome/109.0.0.0 Safari/537.36"
193.36.38.228 - - [26/Apr/2026:01:42:02 +0300] "POST /xmlrpc.php HTTP/1.1" 200 692 "-" "Mozilla/5.0 (Windows NT 10.0; Win64; x64) AppleWebKit/537.36 (KHTML, like Gecko) Chrome/114.0.0.0 Safari/537.36"
185.216.113.70 - - [26/Apr/2026:01:42:39 +0300] "POST /wp-cron.php?doing_wp_cron=1777156959.3613588809967041015625 HTTP/1.1" 200 448 "-" "WordPress/6.3.8; https://serhatburke.miroglu.net"
193.36.38.228 - - [26/Apr/2026:01:42:25 +0300] "POST /xmlrpc.php HTTP/1.1" 200 8988 "-" "Mozilla/5.0 (Windows NT 10.0; Win64; x64) AppleWebKit/537.36 (KHTML, like Gecko) Chrome/114.0.0.0 Safari/537.36"
98.98.197.211 - - [26/Apr/2026:01:42:33 +0300] "POST /xmlrpc.php HTTP/1.1" 200 630 "-" "Mozilla/5.0 (Windows NT 10.0; Win64; x64) AppleWebKit/537.36 (KHTML, like Gecko) Chrome/114.0.0.0 Safari/537.36"
193.36.38.228 - - [26/Apr/2026:01:42:40 +0300] "GET /our-publication-reveals-an-informed-live-roulette-gambling-enterprises-to-possess-2026-so-youre-able-to-get-you-started/ HTTP/1.1" 200 74610 "-" "Mozilla/5.0 (Windows NT 10.0; rv:109.0) Gecko/20100101 Firefox/115.0"
98.98.197.211 - - [26/Apr/2026:01:42:55 +0300] "POST /xmlrpc.php HTTP/1.1" 200 13454 "-" "Mozilla/5.0 (Windows NT 10.0; Win64; x64) AppleWebKit/537.36 (KHTML, like Gecko) Chrome/114.0.0.0 Safari/537.36"
193.36.38.226 - - [26/Apr/2026:01:43:06 +0300] "POST /xmlrpc.php HTTP/1.1" 200 692 "-" "Mozilla/5.0 (Windows NT 10.0; Win64; x64) AppleWebKit/537.36 (KHTML, like Gecko) Chrome/114.0.0.0 Safari/537.36"
98.98.197.211 - - [26/Apr/2026:01:43:08 +0300] "GET /pa-casino-find-bedste-danske-online-casinoer/ HTTP/1.1" 200 76954 "-" "Mozilla/5.0 (Windows NT 10.0; Win64; x64) AppleWebKit/537.36 (KHTML, like Gecko) Chrome/123.0.0.0 Safari/537.36"
193.36.38.228 - - [26/Apr/2026:01:43:16 +0300] "POST /xmlrpc.php HTTP/1.1" 200 692 "-" "Mozilla/5.0 (Windows NT 10.0; Win64; x64) AppleWebKit/537.36 (KHTML, like Gecko) Chrome/114.0.0.0 Safari/537.36"
185.216.113.70 - - [26/Apr/2026:01:43:38 +0300] "POST /wp-cron.php?doing_wp_cron=1777157018.0154879093170166015625 HTTP/1.1" 200 448 "-" "WordPress/6.3.8; https://serhatburke.miroglu.net"
193.36.38.226 - - [26/Apr/2026:01:43:25 +0300] "POST /xmlrpc.php HTTP/1.1" 200 10854 "-" "Mozilla/5.0 (Windows NT 10.0; Win64; x64) AppleWebKit/537.36 (KHTML, like Gecko) Chrome/114.0.0.0 Safari/537.36"
193.36.38.228 - - [26/Apr/2026:01:43:35 +0300] "POST /xmlrpc.php HTTP/1.1" 200 8378 "-" "Mozilla/5.0 (Windows NT 10.0; Win64; x64) AppleWebKit/537.36 (KHTML, like Gecko) Chrome/114.0.0.0 Safari/537.36"
193.36.38.226 - - [26/Apr/2026:01:43:38 +0300] "GET /zachety-bez-depozytu-w-konsekwencji-to-prawdziwy-lubiana-z-powodu-graczy-typ-promocji-nastepowaniu-rejestracja-w-celu-otrzymujesz-tak/ HTTP/1.1" 200 76779 "-" "Mozilla/5.0 (Windows NT 10.0; Win64; x64; rv:124.0) Gecko/20100101 Firefox/124.0"
66.249.73.15 - - [26/Apr/2026:01:43:46 +0300] "GET /pin-up-casino-azrbaycanda-onlayn-kazino-pin-up187/ HTTP/1.1" 200 17610 "-" "Mozilla/5.0 (Linux; Android 6.0.1; Nexus 5X Build/MMB29P) AppleWebKit/537.36 (KHTML, like Gecko) Chrome/146.0.7680.177 Mobile Safari/537.36 (compatible; Googlebot/2.1; +http://www.google.com/bot.html)"
193.36.38.228 - - [26/Apr/2026:01:43:57 +0300] "GET /offer-must-be-reported-within-a-month-out-of-joining-an-excellent-bet365-membership/ HTTP/1.1" 200 72872 "-" "Mozilla/5.0 (Windows NT 10.0; rv:109.0) Gecko/20100101 Firefox/115.0"
193.36.38.228 - - [26/Apr/2026:01:44:09 +0300] "POST /xmlrpc.php HTTP/1.1" 200 692 "-" "Mozilla/5.0 (Windows NT 10.0; Win64; x64) AppleWebKit/537.36 (KHTML, like Gecko) Chrome/114.0.0.0 Safari/537.36"
193.36.38.226 - - [26/Apr/2026:01:44:20 +0300] "POST /xmlrpc.php HTTP/1.1" 200 692 "-" "Mozilla/5.0 (Windows NT 10.0; Win64; x64) AppleWebKit/537.36 (KHTML, like Gecko) Chrome/114.0.0.0 Safari/537.36"
185.216.113.70 - - [26/Apr/2026:01:44:39 +0300] "POST /wp-cron.php?doing_wp_cron=1777157079.9312329292297363281250 HTTP/1.1" 200 448 "-" "WordPress/6.3.8; https://serhatburke.miroglu.net"
193.36.38.228 - - [26/Apr/2026:01:44:26 +0300] "POST /xmlrpc.php HTTP/1.1" 200 9534 "-" "Mozilla/5.0 (Windows NT 10.0; Win64; x64) AppleWebKit/537.36 (KHTML, like Gecko) Chrome/114.0.0.0 Safari/537.36"
193.36.38.226 - - [26/Apr/2026:01:44:36 +0300] "POST /xmlrpc.php HTTP/1.1" 200 10671 "-" "Mozilla/5.0 (Windows NT 10.0; Win64; x64) AppleWebKit/537.36 (KHTML, like Gecko) Chrome/114.0.0.0 Safari/537.36"
98.98.197.211 - - [26/Apr/2026:01:44:37 +0300] "POST /xmlrpc.php HTTP/1.1" 200 630 "-" "Mozilla/5.0 (Windows NT 10.0; Win64; x64) AppleWebKit/537.36 (KHTML, like Gecko) Chrome/114.0.0.0 Safari/537.36"
193.36.38.228 - - [26/Apr/2026:01:44:40 +0300] "GET /a-good-debit-card-is-probably-the-most-utilized-method-during-the-british-real-money-gambling-enterprises/ HTTP/1.1" 200 74695 "-" "Mozilla/5.0 (Windows NT 10.0; rv:125.0) Gecko/20100101 Firefox/125.0"
66.249.73.14 - - [26/Apr/2026:01:44:57 +0300] "GET /oficialnyi-sait-vxod-na-rabocee-zerkalo-vavada-20261581/ HTTP/1.1" 200 19507 "-" "Mozilla/5.0 (Linux; Android 6.0.1; Nexus 5X Build/MMB29P) AppleWebKit/537.36 (KHTML, like Gecko) Chrome/146.0.7680.177 Mobile Safari/537.36 (compatible; Googlebot/2.1; +http://www.google.com/bot.html)"
193.36.38.228 - - [26/Apr/2026:01:45:03 +0300] "POST /xmlrpc.php HTTP/1.1" 200 692 "-" "Mozilla/5.0 (Windows NT 10.0; Win64; x64) AppleWebKit/537.36 (KHTML, like Gecko) Chrome/114.0.0.0 Safari/537.36"
193.36.38.226 - - [26/Apr/2026:01:44:59 +0300] "GET /mostbet-oferuje-szczegolowy-wybor-dla-profesjonalistow-koszykowki-obejmujac-glowne-ligi-i-mozesz-turniej-na-swiecie/ HTTP/1.1" 200 76409 "-" "Mozilla/5.0 (Windows NT 10.0; Win64; x64; rv:124.0) Gecko/20100101 Firefox/124.0"
98.98.197.211 - - [26/Apr/2026:01:45:07 +0300] "POST /xmlrpc.php HTTP/1.1" 200 12812 "-" "Mozilla/5.0 (Windows NT 10.0; Win64; x64) AppleWebKit/537.36 (KHTML, like Gecko) Chrome/114.0.0.0 Safari/537.36"
66.249.73.14 - - [26/Apr/2026:01:45:30 +0300] "GET /pin-up-casino-azrbaycanda-onlayn-kazino-pin-up187/undefined?ts=1775520000 HTTP/1.1" 200 0 "https://serhatburke.miroglu.net/pin-up-casino-azrbaycanda-onlayn-kazino-pin-up187/" "Mozilla/5.0 (Linux; Android 6.0.1; Nexus 5X Build/MMB29P) AppleWebKit/537.36 (KHTML, like Gecko) Chrome/146.0.7680.177 Mobile Safari/537.36 (compatible; Googlebot/2.1; +http://www.google.com/bot.html)"
185.216.113.70 - - [26/Apr/2026:01:45:41 +0300] "POST /wp-cron.php?doing_wp_cron=1777157141.5999870300292968750000 HTTP/1.1" 200 448 "-" "WordPress/6.3.8; https://serhatburke.miroglu.net"
52.167.144.16 - - [26/Apr/2026:01:45:14 +0300] "GET /very-hot-deluxe-position-remark-betprimeiro-app-download-2026/ HTTP/2" 200 18176 "-" "Mozilla/5.0 AppleWebKit/537.36 (KHTML, like Gecko; compatible; bingbot/2.0; +http://www.bing.com/bingbot.htm) Chrome/116.0.1938.76 Safari/537.36"
193.36.38.228 - - [26/Apr/2026:01:45:39 +0300] "POST /xmlrpc.php HTTP/1.1" 200 8783 "-" "Mozilla/5.0 (Windows NT 10.0; Win64; x64) AppleWebKit/537.36 (KHTML, like Gecko) Chrome/114.0.0.0 Safari/537.36"
98.98.197.211 - - [26/Apr/2026:01:45:36 +0300] "GET /pa-casino-2026-dks-storste-kasino-pa-guidebog/ HTTP/1.1" 200 76614 "-" "Mozilla/5.0 (Windows NT 10.0; Win64; x64) AppleWebKit/537.36 (KHTML, like Gecko) Chrome/122.0.0.0 Safari/537.36"
193.36.38.226 - - [26/Apr/2026:01:45:46 +0300] "POST /xmlrpc.php HTTP/1.1" 200 692 "-" "Mozilla/5.0 (Windows NT 10.0; Win64; x64) AppleWebKit/537.36 (KHTML, like Gecko) Chrome/114.0.0.0 Safari/537.36"
66.249.73.15 - - [26/Apr/2026:01:46:12 +0300] "GET /oficialnyi-sait-vxod-na-rabocee-zerkalo-vavada-20261581/undefined?ts=1775520000 HTTP/1.1" 200 0 "https://serhatburke.miroglu.net/oficialnyi-sait-vxod-na-rabocee-zerkalo-vavada-20261581/" "Mozilla/5.0 (Linux; Android 6.0.1; Nexus 5X Build/MMB29P) AppleWebKit/537.36 (KHTML, like Gecko) Chrome/146.0.7680.177 Mobile Safari/537.36 (compatible; Googlebot/2.1; +http://www.google.com/bot.html)"
193.36.38.228 - - [26/Apr/2026:01:46:02 +0300] "POST /xmlrpc.php HTTP/1.1" 200 692 "-" "Mozilla/5.0 (Windows NT 10.0; Win64; x64) AppleWebKit/537.36 (KHTML, like Gecko) Chrome/114.0.0.0 Safari/537.36"
193.36.38.228 - - [26/Apr/2026:01:46:12 +0300] "GET /undoubtedly-real-time-roulette-online-flash-games-are-fun-but-this-does-not-mean-theyre-perfect/ HTTP/1.1" 200 74008 "-" "Mozilla/5.0 (Windows NT 10.0; Win64; x64) AppleWebKit/537.36 (KHTML, like Gecko) Chrome/124.0.0.0 Safari/537.36"
185.216.113.70 - - [26/Apr/2026:01:46:38 +0300] "POST /wp-cron.php?doing_wp_cron=1777157198.2135601043701171875000 HTTP/1.1" 200 448 "-" "WordPress/6.3.8; https://serhatburke.miroglu.net"
193.36.38.226 - - [26/Apr/2026:01:46:22 +0300] "POST /xmlrpc.php HTTP/1.1" 200 13044 "-" "Mozilla/5.0 (Windows NT 10.0; Win64; x64) AppleWebKit/537.36 (KHTML, like Gecko) Chrome/114.0.0.0 Safari/537.36"
193.36.38.228 - - [26/Apr/2026:01:46:30 +0300] "POST /xmlrpc.php HTTP/1.1" 200 9768 "-" "Mozilla/5.0 (Windows NT 10.0; Win64; x64) AppleWebKit/537.36 (KHTML, like Gecko) Chrome/114.0.0.0 Safari/537.36"
98.98.197.211 - - [26/Apr/2026:01:46:36 +0300] "POST /xmlrpc.php HTTP/1.1" 200 630 "-" "Mozilla/5.0 (Windows NT 10.0; Win64; x64) AppleWebKit/537.36 (KHTML, like Gecko) Chrome/114.0.0.0 Safari/537.36"
193.36.38.226 - - [26/Apr/2026:01:46:38 +0300] "GET /ktore-sa-dostepne-probuje-one-na-ale-niektorzy-platformach-kasyn-siec-rowniez-na-stronach-jeden-z-naszych-par/ HTTP/1.1" 200 78326 "-" "Mozilla/5.0 (Windows NT 10.0; Win64; x64) AppleWebKit/537.36 (KHTML, like Gecko) Chrome/124.0.0.0 Safari/537.36 Edg/124.0.0.0"
193.36.38.228 - - [26/Apr/2026:01:46:46 +0300] "POST /xmlrpc.php HTTP/1.1" 200 514 "-" "Mozilla/5.0 (Windows NT 10.0; Win64; x64) AppleWebKit/537.36 (KHTML, like Gecko) Chrome/114.0.0.0 Safari/537.36"
193.36.38.226 - - [26/Apr/2026:01:46:53 +0300] "POST /xmlrpc.php HTTP/1.1" 200 692 "-" "Mozilla/5.0 (Windows NT 10.0; Win64; x64) AppleWebKit/537.36 (KHTML, like Gecko) Chrome/114.0.0.0 Safari/537.36"
193.36.38.228 - - [26/Apr/2026:01:46:49 +0300] "GET /the-greatest-web-based-casinos-mentioned-above-provide-a-variety-regarding-incentives/ HTTP/1.1" 200 74396 "-" "Mozilla/5.0 (Windows NT 10.0; Win64; x64) AppleWebKit/537.36 (KHTML, like Gecko) Chrome/123.0.0.0 Safari/537.36 OPR/109.0.0.0"
98.98.197.211 - - [26/Apr/2026:01:47:10 +0300] "POST /xmlrpc.php HTTP/1.1" 200 13474 "-" "Mozilla/5.0 (Windows NT 10.0; Win64; x64) AppleWebKit/537.36 (KHTML, like Gecko) Chrome/114.0.0.0 Safari/537.36"
193.36.38.228 - - [26/Apr/2026:01:47:19 +0300] "POST /xmlrpc.php HTTP/1.1" 200 8266 "-" "Mozilla/5.0 (Windows NT 10.0; Win64; x64) AppleWebKit/537.36 (KHTML, like Gecko) Chrome/114.0.0.0 Safari/537.36"
185.216.113.70 - - [26/Apr/2026:01:47:39 +0300] "POST /wp-cron.php?doing_wp_cron=1777157259.1110410690307617187500 HTTP/1.1" 200 448 "-" "WordPress/6.3.8; https://serhatburke.miroglu.net"
193.36.38.226 - - [26/Apr/2026:01:47:23 +0300] "POST /xmlrpc.php HTTP/1.1" 200 10901 "-" "Mozilla/5.0 (Windows NT 10.0; Win64; x64) AppleWebKit/537.36 (KHTML, like Gecko) Chrome/114.0.0.0 Safari/537.36"
98.98.197.211 - - [26/Apr/2026:01:47:27 +0300] "GET /rigtige-knap-spilleban-find-ma-bedste-pa-casinoer-inklusive-aegte-middel/ HTTP/1.1" 200 78139 "-" "Mozilla/5.0 (Windows NT 10.0; Win64; x64) AppleWebKit/537.36 (KHTML, like Gecko) Chrome/124.0.0.0 Safari/537.36 Edg/124.0.0.0"
193.36.38.228 - - [26/Apr/2026:01:47:39 +0300] "POST /xmlrpc.php HTTP/1.1" 200 692 "-" "Mozilla/5.0 (Windows NT 10.0; Win64; x64) AppleWebKit/537.36 (KHTML, like Gecko) Chrome/114.0.0.0 Safari/537.36"
193.36.38.226 - - [26/Apr/2026:01:47:40 +0300] "GET /na-liscie-dostepnym-nagrod-sa-a-takze-inni-bezplatne-spiny-bonusy-na-wplaty-i-bonusu-gotowkowe/ HTTP/1.1" 200 75871 "-" "Mozilla/5.0 (Windows NT 10.0; Win64; x64) AppleWebKit/537.36 (KHTML, like Gecko) Chrome/122.0.0.0 Safari/537.36"
193.36.38.228 - - [26/Apr/2026:01:47:37 +0300] "GET /public-casinos-are-just-to-have-activities-providing-digital-gold-coins-that-do-not-carry-any-cash-really-worth/ HTTP/1.1" 200 73449 "-" "Mozilla/5.0 (Windows NT 10.0; rv:125.0) Gecko/20100101 Firefox/125.0"
193.36.38.226 - - [26/Apr/2026:01:48:00 +0300] "POST /xmlrpc.php HTTP/1.1" 200 692 "-" "Mozilla/5.0 (Windows NT 10.0; Win64; x64) AppleWebKit/537.36 (KHTML, like Gecko) Chrome/114.0.0.0 Safari/537.36"
185.216.113.70 - - [26/Apr/2026:01:48:23 +0300] "POST /wp-cron.php?doing_wp_cron=1777157303.5227019786834716796875 HTTP/1.1" 200 448 "-" "WordPress/6.3.8; https://serhatburke.miroglu.net"
193.36.38.228 - - [26/Apr/2026:01:48:12 +0300] "POST /xmlrpc.php HTTP/1.1" 200 8901 "-" "Mozilla/5.0 (Windows NT 10.0; Win64; x64) AppleWebKit/537.36 (KHTML, like Gecko) Chrome/114.0.0.0 Safari/537.36"
193.36.38.226 - - [26/Apr/2026:01:48:21 +0300] "POST /xmlrpc.php HTTP/1.1" 200 8684 "-" "Mozilla/5.0 (Windows NT 10.0; Win64; x64) AppleWebKit/537.36 (KHTML, like Gecko) Chrome/114.0.0.0 Safari/537.36"
193.36.38.228 - - [26/Apr/2026:01:48:23 +0300] "GET /the-vast-majority-of-titles-on-the-888-casinos-software-try-spend-because-of-the-cellular-phone-slots-online-game/ HTTP/1.1" 200 74202 "-" "Mozilla/5.0 (Windows NT 10.0; rv:125.0) Gecko/20100101 Firefox/125.0"
193.36.38.228 - - [26/Apr/2026:01:48:36 +0300] "POST /xmlrpc.php HTTP/1.1" 200 692 "-" "Mozilla/5.0 (Windows NT 10.0; Win64; x64) AppleWebKit/537.36 (KHTML, like Gecko) Chrome/114.0.0.0 Safari/537.36"
98.98.197.211 - - [26/Apr/2026:01:48:36 +0300] "POST /xmlrpc.php HTTP/1.1" 200 630 "-" "Mozilla/5.0 (Windows NT 10.0; Win64; x64) AppleWebKit/537.36 (KHTML, like Gecko) Chrome/114.0.0.0 Safari/537.36"
193.36.38.226 - - [26/Apr/2026:01:48:41 +0300] "GET /jest-tylko-niektore-zmiany-ruletki-siec-jakiekolwiek-byli-w-kasynach-internetowych/ HTTP/1.1" 200 73319 "-" "Mozilla/5.0 (Windows NT 10.0; Win64; x64; rv:124.0) Gecko/20100101 Firefox/124.0"
98.98.197.211 - - [26/Apr/2026:01:49:04 +0300] "POST /xmlrpc.php HTTP/1.1" 200 12988 "-" "Mozilla/5.0 (Windows NT 10.0; Win64; x64) AppleWebKit/537.36 (KHTML, like Gecko) Chrome/114.0.0.0 Safari/537.36"
193.36.38.228 - - [26/Apr/2026:01:49:05 +0300] "POST /xmlrpc.php HTTP/1.1" 200 12381 "-" "Mozilla/5.0 (Windows NT 10.0; Win64; x64) AppleWebKit/537.36 (KHTML, like Gecko) Chrome/114.0.0.0 Safari/537.36"
193.36.38.228 - - [26/Apr/2026:01:49:17 +0300] "GET /if-you-cannot-quickly-get-a-hold-of-just-who-controls-this-site-eliminate-you-to-as-the-a-red-flag/ HTTP/1.1" 200 77353 "-" "Mozilla/5.0 (Windows NT 10.0; Win64; x64) AppleWebKit/537.36 (KHTML, like Gecko) Chrome/124.0.0.0 Safari/537.36 Edg/124.0.0.0"
98.98.197.211 - - [26/Apr/2026:01:49:17 +0300] "GET /tilslutte-kasinoer-plu-spil-aldeles-rejseforer-sikken-begyndere-som-danmark/ HTTP/1.1" 200 77610 "-" "Mozilla/5.0 (Windows NT 10.0; Win64; x64; rv:124.0) Gecko/20100101 Firefox/124.0"
185.216.113.70 - - [26/Apr/2026:01:49:39 +0300] "POST /wp-cron.php?doing_wp_cron=1777157379.3633909225463867187500 HTTP/1.1" 200 448 "-" "WordPress/6.3.8; https://serhatburke.miroglu.net"
193.36.38.226 - - [26/Apr/2026:01:49:25 +0300] "POST /xmlrpc.php HTTP/1.1" 200 692 "-" "Mozilla/5.0 (Windows NT 10.0; Win64; x64) AppleWebKit/537.36 (KHTML, like Gecko) Chrome/114.0.0.0 Safari/537.36"
193.36.38.226 - - [26/Apr/2026:01:49:46 +0300] "POST /xmlrpc.php HTTP/1.1" 200 10334 "-" "Mozilla/5.0 (Windows NT 10.0; Win64; x64) AppleWebKit/537.36 (KHTML, like Gecko) Chrome/114.0.0.0 Safari/537.36"
193.36.38.228 - - [26/Apr/2026:01:49:47 +0300] "POST /xmlrpc.php HTTP/1.1" 200 692 "-" "Mozilla/5.0 (Windows NT 10.0; Win64; x64) AppleWebKit/537.36 (KHTML, like Gecko) Chrome/114.0.0.0 Safari/537.36"
193.36.38.226 - - [26/Apr/2026:01:50:01 +0300] "GET /legiano-casino-ma-te-zalete-ze-szeroka-game-opcji-bonusowych-zawartego-w-programu-lojalnosciowego/ HTTP/1.1" 200 75521 "-" "Mozilla/5.0 (Windows NT 10.0; Win64; x64; rv:124.0) Gecko/20100101 Firefox/124.0"
193.36.38.228 - - [26/Apr/2026:01:50:06 +0300] "POST /xmlrpc.php HTTP/1.1" 200 10860 "-" "Mozilla/5.0 (Windows NT 10.0; Win64; x64) AppleWebKit/537.36 (KHTML, like Gecko) Chrome/114.0.0.0 Safari/537.36"
193.36.38.228 - - [26/Apr/2026:01:50:18 +0300] "GET /certain-can-even-provide-unique-bonuses-to-own-pages-which-deposit-that-have-these-fee-procedures/ HTTP/1.1" 200 75800 "-" "Mozilla/5.0 (Windows NT 10.0; Win64; x64; rv:124.0) Gecko/20100101 Firefox/124.0"
98.98.197.211 - - [26/Apr/2026:01:50:21 +0300] "POST /xmlrpc.php HTTP/1.1" 200 630 "-" "Mozilla/5.0 (Windows NT 10.0; Win64; x64) AppleWebKit/537.36 (KHTML, like Gecko) Chrome/114.0.0.0 Safari/537.36"
185.216.113.70 - - [26/Apr/2026:01:50:53 +0300] "POST /wp-cron.php?doing_wp_cron=1777157453.7701969146728515625000 HTTP/1.1" 200 448 "-" "WordPress/6.3.8; https://serhatburke.miroglu.net"
193.36.38.228 - - [26/Apr/2026:01:50:37 +0300] "POST /xmlrpc.php HTTP/1.1" 200 514 "-" "Mozilla/5.0 (Windows NT 10.0; Win64; x64) AppleWebKit/537.36 (KHTML, like Gecko) Chrome/114.0.0.0 Safari/537.36"
98.98.197.211 - - [26/Apr/2026:01:50:40 +0300] "POST /xmlrpc.php HTTP/1.1" 200 12540 "-" "Mozilla/5.0 (Windows NT 10.0; Win64; x64) AppleWebKit/537.36 (KHTML, like Gecko) Chrome/114.0.0.0 Safari/537.36"
193.36.38.226 - - [26/Apr/2026:01:50:40 +0300] "POST /xmlrpc.php HTTP/1.1" 200 692 "-" "Mozilla/5.0 (Windows NT 10.0; Win64; x64) AppleWebKit/537.36 (KHTML, like Gecko) Chrome/114.0.0.0 Safari/537.36"
193.36.38.228 - - [26/Apr/2026:01:50:59 +0300] "POST /xmlrpc.php HTTP/1.1" 200 11571 "-" "Mozilla/5.0 (Windows NT 10.0; Win64; x64) AppleWebKit/537.36 (KHTML, like Gecko) Chrome/114.0.0.0 Safari/537.36"
98.98.197.211 - - [26/Apr/2026:01:51:00 +0300] "GET /idraetsgren-hasard-kortspil/ HTTP/1.1" 200 75889 "-" "Mozilla/5.0 (Windows NT 10.0; Win64; x64) AppleWebKit/537.36 (KHTML, like Gecko) Chrome/124.0.0.0 Safari/537.36 Edg/124.0.0.0"
193.36.38.226 - - [26/Apr/2026:01:51:04 +0300] "POST /xmlrpc.php HTTP/1.1" 200 11901 "-" "Mozilla/5.0 (Windows NT 10.0; Win64; x64) AppleWebKit/537.36 (KHTML, like Gecko) Chrome/114.0.0.0 Safari/537.36"
193.36.38.228 - - [26/Apr/2026:01:51:19 +0300] "GET /the-platform-stresses-gamification-aspects-close-to-old-fashioned-casino-choices-for-us-casinos-on-the-internet-real-cash-professionals/ HTTP/1.1" 200 77496 "-" "Mozilla/5.0 (Windows NT 10.0; Win64; x64; rv:125.0) Gecko/20100101 Firefox/125.0"
129.227.39.118 - - [26/Apr/2026:01:51:21 +0300] "POST /xmlrpc.php HTTP/1.1" 200 630 "-" "Mozilla/5.0 (Windows NT 10.0; Win64; x64) AppleWebKit/537.36 (KHTML, like Gecko) Chrome/114.0.0.0 Safari/537.36"
193.36.38.228 - - [26/Apr/2026:01:51:25 +0300] "POST /xmlrpc.php HTTP/1.1" 200 692 "-" "Mozilla/5.0 (Windows NT 10.0; Win64; x64) AppleWebKit/537.36 (KHTML, like Gecko) Chrome/114.0.0.0 Safari/537.36"
193.36.38.226 - - [26/Apr/2026:01:51:25 +0300] "GET /to-nie-wszystko-ze-zredukowanym-depozytem-wynoszacym-po-prostu-dziewiecdziesiate-pln-mozesz-rozprowadzic-te-ekskluzywne-korzysci/ HTTP/1.1" 200 77962 "-" "Mozilla/5.0 (Windows NT 10.0; rv:125.0) Gecko/20100101 Firefox/125.0"
185.216.113.70 - - [26/Apr/2026:01:51:55 +0300] "POST /wp-cron.php?doing_wp_cron=1777157515.7505269050598144531250 HTTP/1.1" 200 448 "-" "WordPress/6.3.8; https://serhatburke.miroglu.net"
193.36.38.226 - - [26/Apr/2026:01:51:33 +0300] "POST /xmlrpc.php HTTP/1.1" 200 692 "-" "Mozilla/5.0 (Windows NT 10.0; Win64; x64) AppleWebKit/537.36 (KHTML, like Gecko) Chrome/114.0.0.0 Safari/537.36"
185.216.113.70 - - [26/Apr/2026:01:52:15 +0300] "POST /wp-cron.php?doing_wp_cron=1777157535.9446840286254882812500 HTTP/1.1" 200 448 "-" "WordPress/6.3.8; https://serhatburke.miroglu.net"
129.227.39.118 - - [26/Apr/2026:01:51:54 +0300] "POST /xmlrpc.php HTTP/1.1" 200 13403 "-" "Mozilla/5.0 (Windows NT 10.0; Win64; x64) AppleWebKit/537.36 (KHTML, like Gecko) Chrome/114.0.0.0 Safari/537.36"
193.36.38.228 - - [26/Apr/2026:01:51:57 +0300] "POST /xmlrpc.php HTTP/1.1" 200 10539 "-" "Mozilla/5.0 (Windows NT 10.0; Win64; x64) AppleWebKit/537.36 (KHTML, like Gecko) Chrome/114.0.0.0 Safari/537.36"
193.36.38.226 - - [26/Apr/2026:01:52:01 +0300] "POST /xmlrpc.php HTTP/1.1" 200 9263 "-" "Mozilla/5.0 (Windows NT 10.0; Win64; x64) AppleWebKit/537.36 (KHTML, like Gecko) Chrome/114.0.0.0 Safari/537.36"
98.98.197.211 - - [26/Apr/2026:01:52:15 +0300] "POST /xmlrpc.php HTTP/1.1" 200 630 "-" "Mozilla/5.0 (Windows NT 10.0; Win64; x64) AppleWebKit/537.36 (KHTML, like Gecko) Chrome/114.0.0.0 Safari/537.36"
129.227.39.118 - - [26/Apr/2026:01:52:17 +0300] "GET /consuming-attention-status-review-from-the-playing-area-bachillerato-bi/ HTTP/1.1" 200 77509 "-" "Mozilla/5.0 (Windows NT 10.0; rv:125.0) Gecko/20100101 Firefox/125.0"
193.36.38.228 - - [26/Apr/2026:01:52:22 +0300] "GET /boku-are-perhaps-one-of-the-most-common-shell-out-by-mobile-phone-statement-fee-tips-during-the-uk-gambling-enterprises/ HTTP/1.1" 200 76036 "-" "Mozilla/5.0 (Windows NT 10.0; Win64; x64; rv:124.0) Gecko/20100101 Firefox/124.0"
193.36.38.226 - - [26/Apr/2026:01:52:27 +0300] "GET /niektore-z-wziac-pod-uwage-tematow-to-konto-wyplaty-miejsca-zaklady-sportowe-reklamy-i-mozesz-gry-kasynowe-online/ HTTP/1.1" 200 75116 "-" "Mozilla/5.0 (Windows NT 10.0; Win64; x64) AppleWebKit/537.36 (KHTML, like Gecko) Chrome/123.0.0.0 Safari/537.36"
193.36.38.228 - - [26/Apr/2026:01:52:34 +0300] "POST /xmlrpc.php HTTP/1.1" 200 692 "-" "Mozilla/5.0 (Windows NT 10.0; Win64; x64) AppleWebKit/537.36 (KHTML, like Gecko) Chrome/114.0.0.0 Safari/537.36"
193.36.38.226 - - [26/Apr/2026:01:52:45 +0300] "POST /xmlrpc.php HTTP/1.1" 200 692 "-" "Mozilla/5.0 (Windows NT 10.0; Win64; x64) AppleWebKit/537.36 (KHTML, like Gecko) Chrome/114.0.0.0 Safari/537.36"
98.98.197.211 - - [26/Apr/2026:01:52:55 +0300] "POST /xmlrpc.php HTTP/1.1" 200 12224 "-" "Mozilla/5.0 (Windows NT 10.0; Win64; x64) AppleWebKit/537.36 (KHTML, like Gecko) Chrome/114.0.0.0 Safari/537.36"
193.36.38.228 - - [26/Apr/2026:01:53:08 +0300] "POST /xmlrpc.php HTTP/1.1" 200 9266 "-" "Mozilla/5.0 (Windows NT 10.0; Win64; x64) AppleWebKit/537.36 (KHTML, like Gecko) Chrome/114.0.0.0 Safari/537.36"
193.36.38.226 - - [26/Apr/2026:01:53:12 +0300] "POST /xmlrpc.php HTTP/1.1" 200 10025 "-" "Mozilla/5.0 (Windows NT 10.0; Win64; x64) AppleWebKit/537.36 (KHTML, like Gecko) Chrome/114.0.0.0 Safari/537.36"
98.98.197.211 - - [26/Apr/2026:01:53:12 +0300] "GET /grunge-tilslutte-casino-som-danmark-dansk-grunge-skuespil-fritids-dealere/ HTTP/1.1" 200 76214 "-" "Mozilla/5.0 (Windows NT 10.0; Win64; x64) AppleWebKit/537.36 (KHTML, like Gecko) Chrome/123.0.0.0 Safari/537.36"
185.216.113.70 - - [26/Apr/2026:01:53:45 +0300] "POST /wp-cron.php?doing_wp_cron=1777157625.3348300457000732421875 HTTP/1.1" 200 448 "-" "WordPress/6.3.8; https://serhatburke.miroglu.net"
193.36.38.228 - - [26/Apr/2026:01:53:27 +0300] "GET /see-an-authorized-website-gamble-wise-and-you-will-withdraw-if-you-are-to-come/ HTTP/1.1" 200 73636 "-" "Mozilla/5.0 (Windows NT 10.0; rv:109.0) Gecko/20100101 Firefox/115.0"
193.36.38.228 - - [26/Apr/2026:01:53:29 +0300] "POST /xmlrpc.php HTTP/1.1" 200 692 "-" "Mozilla/5.0 (Windows NT 10.0; Win64; x64) AppleWebKit/537.36 (KHTML, like Gecko) Chrome/114.0.0.0 Safari/537.36"
193.36.38.226 - - [26/Apr/2026:01:53:30 +0300] "GET /glownym-i-bedziesz-bardzo-atrakcyjnym-elementem-programu-bonusowego-bylo-dodatkowy-bonus-powitalny-lub-po-prostu-bonus-posiadania-rejestracji-najnowszego-profil/ HTTP/1.1" 200 77033 "-" "Mozilla/5.0 (Windows NT 10.0; Win64; x64) AppleWebKit/537.36 (KHTML, like Gecko) Chrome/124.0.0.0 Safari/537.36 Edg/124.0.0.0"
193.36.38.226 - - [26/Apr/2026:01:53:44 +0300] "POST /xmlrpc.php HTTP/1.1" 200 692 "-" "Mozilla/5.0 (Windows NT 10.0; Win64; x64) AppleWebKit/537.36 (KHTML, like Gecko) Chrome/114.0.0.0 Safari/537.36"
193.36.38.228 - - [26/Apr/2026:01:53:53 +0300] "POST /xmlrpc.php HTTP/1.1" 200 11172 "-" "Mozilla/5.0 (Windows NT 10.0; Win64; x64) AppleWebKit/537.36 (KHTML, like Gecko) Chrome/114.0.0.0 Safari/537.36"
185.216.113.70 - - [26/Apr/2026:01:54:45 +0300] "POST /wp-cron.php?doing_wp_cron=1777157685.6232380867004394531250 HTTP/1.1" 200 448 "-" "WordPress/6.3.8; https://serhatburke.miroglu.net"
193.36.38.228 - - [26/Apr/2026:01:54:08 +0300] "GET /we-of-professionals-visit-high-lengths-whenever-testing-out-the-latest-paypal-gambling-establishment-internet-sites/ HTTP/1.1" 200 76426 "-" "Mozilla/5.0 (Windows NT 10.0; Win64; x64; rv:125.0) Gecko/20100101 Firefox/125.0"
185.153.197.8 - - [26/Apr/2026:01:54:08 +0300] "GET /grunge-tilslutte-casino-som-danmark-dansk-grunge-skuespil-fritids-dealere/ HTTP/1.1" 200 76221 "-" "Mozilla/5.0 (Windows NT 10.0; Win64; x64) AppleWebKit/537.36 (KHTML, like Gecko) Chrome/123.0.0.0 Safari/537.36"
193.36.38.228 - - [26/Apr/2026:01:54:09 +0300] "POST /xmlrpc.php HTTP/1.1" 200 692 "-" "Mozilla/5.0 (Windows NT 10.0; Win64; x64) AppleWebKit/537.36 (KHTML, like Gecko) Chrome/114.0.0.0 Safari/537.36"
193.36.38.226 - - [26/Apr/2026:01:54:10 +0300] "POST /xmlrpc.php HTTP/1.1" 200 13615 "-" "Mozilla/5.0 (Windows NT 10.0; Win64; x64) AppleWebKit/537.36 (KHTML, like Gecko) Chrome/114.0.0.0 Safari/537.36"
185.153.197.8 - - [26/Apr/2026:01:54:15 +0300] "POST /xmlrpc.php HTTP/1.1" 200 630 "-" "Mozilla/5.0 (Windows NT 10.0; Win64; x64) AppleWebKit/537.36 (KHTML, like Gecko) Chrome/114.0.0.0 Safari/537.36"
185.153.197.8 - - [26/Apr/2026:01:54:17 +0300] "POST /xmlrpc.php HTTP/1.1" 200 630 "-" "Mozilla/5.0 (Windows NT 10.0; Win64; x64) AppleWebKit/537.36 (KHTML, like Gecko) Chrome/114.0.0.0 Safari/537.36"
185.153.197.8 - - [26/Apr/2026:01:54:19 +0300] "POST /xmlrpc.php HTTP/1.1" 200 630 "-" "Mozilla/5.0 (Windows NT 10.0; Win64; x64) AppleWebKit/537.36 (KHTML, like Gecko) Chrome/114.0.0.0 Safari/537.36"
185.153.197.8 - - [26/Apr/2026:01:54:35 +0300] "POST /xmlrpc.php HTTP/1.1" 200 630 "-" "Mozilla/5.0 (Windows NT 10.0; Win64; x64) AppleWebKit/537.36 (KHTML, like Gecko) Chrome/114.0.0.0 Safari/537.36"
185.153.197.8 - - [26/Apr/2026:01:54:45 +0300] "POST /xmlrpc.php HTTP/1.1" 200 630 "-" "Mozilla/5.0 (Windows NT 10.0; Win64; x64) AppleWebKit/537.36 (KHTML, like Gecko) Chrome/114.0.0.0 Safari/537.36"
193.36.38.228 - - [26/Apr/2026:01:54:43 +0300] "POST /xmlrpc.php HTTP/1.1" 200 692 "-" "Mozilla/5.0 (Windows NT 10.0; Win64; x64) AppleWebKit/537.36 (KHTML, like Gecko) Chrome/114.0.0.0 Safari/537.36"
185.216.113.70 - - [26/Apr/2026:01:55:45 +0300] "POST /wp-cron.php?doing_wp_cron=1777157745.9018869400024414062500 HTTP/1.1" 200 448 "-" "WordPress/6.3.8; https://serhatburke.miroglu.net"
185.153.197.8 - - [26/Apr/2026:01:54:39 +0300] "POST /xmlrpc.php HTTP/1.1" 200 630 "-" "Mozilla/5.0 (Windows NT 10.0; Win64; x64) AppleWebKit/537.36 (KHTML, like Gecko) Chrome/114.0.0.0 Safari/537.36"
185.216.113.70 - - [26/Apr/2026:01:55:51 +0300] "POST /wp-cron.php?doing_wp_cron=1777157751.0049979686737060546875 HTTP/1.1" 200 448 "-" "WordPress/6.3.8; https://serhatburke.miroglu.net"
193.36.38.228 - - [26/Apr/2026:01:54:56 +0300] "POST /xmlrpc.php HTTP/1.1" 200 12750 "-" "Mozilla/5.0 (Windows NT 10.0; Win64; x64) AppleWebKit/537.36 (KHTML, like Gecko) Chrome/114.0.0.0 Safari/537.36"
185.216.113.70 - - [26/Apr/2026:01:55:51 +0300] "POST /wp-cron.php?doing_wp_cron=1777157751.6330931186676025390625 HTTP/1.1" 200 448 "-" "WordPress/6.3.8; https://serhatburke.miroglu.net"
185.153.197.8 - - [26/Apr/2026:01:54:52 +0300] "POST /xmlrpc.php HTTP/1.1" 200 630 "-" "Mozilla/5.0 (Windows NT 10.0; Win64; x64) AppleWebKit/537.36 (KHTML, like Gecko) Chrome/114.0.0.0 Safari/537.36"
185.216.113.70 - - [26/Apr/2026:01:55:59 +0300] "POST /wp-cron.php?doing_wp_cron=1777157759.3116099834442138671875 HTTP/1.1" 200 448 "-" "WordPress/6.3.8; https://serhatburke.miroglu.net"
193.36.38.226 - - [26/Apr/2026:01:55:00 +0300] "POST /xmlrpc.php HTTP/1.1" 200 692 "-" "Mozilla/5.0 (Windows NT 10.0; Win64; x64) AppleWebKit/537.36 (KHTML, like Gecko) Chrome/114.0.0.0 Safari/537.36"
185.216.113.70 - - [26/Apr/2026:01:56:00 +0300] "POST /wp-cron.php?doing_wp_cron=1777157760.2041718959808349609375 HTTP/1.1" 200 448 "-" "WordPress/6.3.8; https://serhatburke.miroglu.net"
193.36.38.226 - - [26/Apr/2026:01:54:58 +0300] "GET /rozumiejac-specyfike-bonusow-kasynowych-mozesz-skorzystac-z-jak-najlepiej-da-ci-marketing-i-reklama-i-mozesz-ulepszyc-swoj-rolka/ HTTP/1.1" 200 79647 "-" "Mozilla/5.0 (Windows NT 10.0; Win64; x64) AppleWebKit/537.36 (KHTML, like Gecko) Chrome/123.0.0.0 Safari/537.36"
185.216.113.70 - - [26/Apr/2026:01:56:11 +0300] "POST /wp-cron.php?doing_wp_cron=1777157771.5254349708557128906250 HTTP/1.1" 200 448 "-" "WordPress/6.3.8; https://serhatburke.miroglu.net"
193.36.38.228 - - [26/Apr/2026:01:55:17 +0300] "POST /xmlrpc.php HTTP/1.1" 200 692 "-" "Mozilla/5.0 (Windows NT 10.0; Win64; x64) AppleWebKit/537.36 (KHTML, like Gecko) Chrome/114.0.0.0 Safari/537.36"
185.216.113.70 - - [26/Apr/2026:01:57:01 +0300] "POST /wp-cron.php?doing_wp_cron=1777157820.7174661159515380859375 HTTP/1.1" 200 448 "-" "WordPress/6.3.8; https://serhatburke.miroglu.net"
193.36.38.226 - - [26/Apr/2026:01:55:47 +0300] "POST /xmlrpc.php HTTP/1.1" 200 692 "-" "Mozilla/5.0 (Windows NT 10.0; Win64; x64) AppleWebKit/537.36 (KHTML, like Gecko) Chrome/114.0.0.0 Safari/537.36"
185.216.113.70 - - [26/Apr/2026:01:57:07 +0300] "POST /wp-cron.php?doing_wp_cron=1777157827.2160820960998535156250 HTTP/1.1" 200 448 "-" "WordPress/6.3.8; https://serhatburke.miroglu.net"
193.36.38.228 - - [26/Apr/2026:01:55:57 +0300] "POST /xmlrpc.php HTTP/1.1" 200 692 "-" "Mozilla/5.0 (Windows NT 10.0; Win64; x64) AppleWebKit/537.36 (KHTML, like Gecko) Chrome/114.0.0.0 Safari/537.36"
185.216.113.70 - - [26/Apr/2026:01:57:09 +0300] "POST /wp-cron.php?doing_wp_cron=1777157829.2984099388122558593750 HTTP/1.1" 200 448 "-" "WordPress/6.3.8; https://serhatburke.miroglu.net"
185.216.113.70 - - [26/Apr/2026:01:57:11 +0300] "POST /wp-cron.php?doing_wp_cron=1777157830.9099020957946777343750 HTTP/1.1" 200 448 "-" "WordPress/6.3.8; https://serhatburke.miroglu.net"
193.36.38.228 - - [26/Apr/2026:01:55:49 +0300] "POST /xmlrpc.php HTTP/1.1" 200 10773 "-" "Mozilla/5.0 (Windows NT 10.0; Win64; x64) AppleWebKit/537.36 (KHTML, like Gecko) Chrome/114.0.0.0 Safari/537.36"
