200.25.47.112 - - [25/Apr/2026:12:44:45 +0300] "POST /xmlrpc.php HTTP/1.1" 200 630 "-" "Mozilla/5.0 (Windows NT 10.0; Win64; x64) AppleWebKit/537.36 (KHTML, like Gecko) Chrome/114.0.0.0 Safari/537.36"
212.34.148.156 - - [25/Apr/2026:12:44:51 +0300] "GET /zotabet-casino-bonus-premier-depot-2026/ HTTP/1.1" 200 19065 "-" "Mozilla/5.0 (compatible; Googlebot/2.1; +http://www.google.com/bot.html)"
165.140.118.5 - - [25/Apr/2026:12:44:54 +0300] "GET /zotabet-casino-bonus-premier-depot-2026/ HTTP/1.1" 200 19065 "https://serhatburke.miroglu.net/zotabet-casino-bonus-premier-depot-2026/" "Mozilla/5.0 (Windows NT 6.3; Win64; x64) AppleWebKit/537.36 (KHTML, like Gecko) Chrome/103.0.0.0 Safari/537.36"
178.175.140.148 - - [25/Apr/2026:12:45:06 +0300] "POST /xmlrpc.php HTTP/1.1" 200 9225 "-" "Mozilla/5.0 (Windows NT 10.0; Win64; x64) AppleWebKit/537.36 (KHTML, like Gecko) Chrome/114.0.0.0 Safari/537.36"
165.140.118.5 - - [25/Apr/2026:12:45:21 +0300] "POST /wp-comments-post.php HTTP/1.1" 302 1087 "https://serhatburke.miroglu.net/zotabet-casino-bonus-premier-depot-2026/" "Mozilla/5.0 (Windows NT 6.3; Win64; x64) AppleWebKit/537.36 (KHTML, like Gecko) Chrome/103.0.0.0 Safari/537.36"
200.25.47.112 - - [25/Apr/2026:12:45:23 +0300] "POST /xmlrpc.php HTTP/1.1" 200 16525 "-" "Mozilla/5.0 (Windows NT 10.0; Win64; x64) AppleWebKit/537.36 (KHTML, like Gecko) Chrome/114.0.0.0 Safari/537.36"
178.175.140.148 - - [25/Apr/2026:12:45:28 +0300] "GET /glissez-au-crible-effectuer-une-amitie-au-sein-passe-temps-aviator/ HTTP/1.1" 200 73384 "-" "Mozilla/5.0 (Windows NT 10.0; Win64; x64) AppleWebKit/537.36 (KHTML, like Gecko) Chrome/109.0.0.0 Safari/537.36"
165.140.118.5 - - [25/Apr/2026:12:45:43 +0300] "GET /zotabet-casino-bonus-premier-depot-2026/?unapproved=645&moderation-hash=2f2793d8c3811470e764cb308354b4e7 HTTP/1.1" 200 19480 "https://serhatburke.miroglu.net/wp-comments-post.php" "Mozilla/5.0 (Windows NT 6.3; Win64; x64) AppleWebKit/537.36 (KHTML, like Gecko) Chrome/103.0.0.0 Safari/537.36"
200.25.47.112 - - [25/Apr/2026:12:45:45 +0300] "GET /lights-beizebu-slot-puerilidade-netent-jogue-dado-aquele-apreciacao/ HTTP/1.1" 200 80739 "-" "Mozilla/5.0 (Windows NT 10.0; rv:109.0) Gecko/20100101 Firefox/115.0"
185.216.113.70 - - [25/Apr/2026:12:46:17 +0300] "POST /wp-cron.php?doing_wp_cron=1777110377.9083240032196044921875 HTTP/1.1" 200 448 "-" "WordPress/6.3.8; https://serhatburke.miroglu.net"
165.140.118.5 - - [25/Apr/2026:12:46:00 +0300] "GET /zotabet-casino-bonus-premier-depot-2026/ HTTP/1.1" 200 19065 "-" "Mozilla/5.0 (Windows NT 6.3; Win64; x64) AppleWebKit/537.36 (KHTML, like Gecko) Chrome/103.0.0.0 Safari/537.36"
185.216.113.70 - - [25/Apr/2026:12:46:24 +0300] "POST /wp-cron.php?doing_wp_cron=1777110384.3400158882141113281250 HTTP/1.1" 200 448 "-" "WordPress/6.3.8; https://serhatburke.miroglu.net"
178.175.140.148 - - [25/Apr/2026:12:46:09 +0300] "POST /xmlrpc.php HTTP/1.1" 200 630 "-" "Mozilla/5.0 (Windows NT 10.0; Win64; x64) AppleWebKit/537.36 (KHTML, like Gecko) Chrome/114.0.0.0 Safari/537.36"
178.175.140.148 - - [25/Apr/2026:12:46:29 +0300] "POST /xmlrpc.php HTTP/1.1" 200 8816 "-" "Mozilla/5.0 (Windows NT 10.0; Win64; x64) AppleWebKit/537.36 (KHTML, like Gecko) Chrome/114.0.0.0 Safari/537.36"
178.175.140.148 - - [25/Apr/2026:12:46:42 +0300] "GET /de-cette-facon-dans-le-additionnel-archive-nous-sommes-alloue-du-bonus-a-l%EF%BF%BDegard-de-50-sur-elevation-en-tenant-75%EF%BF%BD/ HTTP/1.1" 200 74515 "-" "Mozilla/5.0 (Windows NT 10.0; rv:125.0) Gecko/20100101 Firefox/125.0"
185.216.113.70 - - [25/Apr/2026:12:47:33 +0300] "POST /wp-cron.php?doing_wp_cron=1777110453.7280919551849365234375 HTTP/1.1" 200 448 "-" "WordPress/6.3.8; https://serhatburke.miroglu.net"
40.77.167.16 - - [25/Apr/2026:12:47:19 +0300] "GET /50-giros-regalado-desprovisto-tanque-2026-retiro-de-cuenta-de-bonificacion-1xslot-bonos-verificados-y-no-ha-transpirado-legales/ HTTP/2" 200 20749 "-" "Mozilla/5.0 AppleWebKit/537.36 (KHTML, like Gecko; compatible; bingbot/2.0; +http://www.bing.com/bingbot.htm) Chrome/116.0.1938.76 Safari/537.36"
207.46.13.7 - - [25/Apr/2026:12:47:24 +0300] "GET /standard-advice-traffic-studies-was-accumulated-once-you-read-the-gulfside-websites/ HTTP/2" 200 17697 "-" "Mozilla/5.0 AppleWebKit/537.36 (KHTML, like Gecko; compatible; bingbot/2.0; +http://www.bing.com/bingbot.htm) Chrome/116.0.1938.76 Safari/537.36"
165.140.118.5 - - [25/Apr/2026:12:47:25 +0300] "GET /zotabet-casino-bonus-premier-depot-2026/ HTTP/1.1" 200 19065 "-" "Mozilla/5.0 (Windows NT 10.0; WOW64) AppleWebKit/537.36 (KHTML, like Gecko) Chrome/114.0.0.0 Safari/537.36 Vivaldi/5.3.2679.68"
178.175.140.148 - - [25/Apr/2026:12:47:36 +0300] "POST /xmlrpc.php HTTP/1.1" 200 630 "-" "Mozilla/5.0 (Windows NT 10.0; Win64; x64) AppleWebKit/537.36 (KHTML, like Gecko) Chrome/114.0.0.0 Safari/537.36"
185.216.113.70 - - [25/Apr/2026:12:48:16 +0300] "POST /wp-cron.php?doing_wp_cron=1777110496.2605960369110107421875 HTTP/1.1" 200 448 "-" "WordPress/6.3.8; https://serhatburke.miroglu.net"
207.46.13.7 - - [25/Apr/2026:12:47:58 +0300] "GET /%E4%BA%94%E5%8D%81%E7%99%BE%E5%88%86%E7%99%BE%E5%85%8D%E8%B2%BB%E5%BE%AA%E7%92%B0%E5%86%87%E5%AD%98%E6%AC%BE%E7%8D%8E%E5%8B%B5%E8%A6%81%E6%9C%892026%E5%B9%B42%E6%9C%88/ HTTP/2" 200 24674 "-" "Mozilla/5.0 AppleWebKit/537.36 (KHTML, like Gecko; compatible; bingbot/2.0; +http://www.bing.com/bingbot.htm) Chrome/116.0.1938.76 Safari/537.36"
178.175.140.148 - - [25/Apr/2026:12:47:59 +0300] "POST /xmlrpc.php HTTP/1.1" 200 9140 "-" "Mozilla/5.0 (Windows NT 10.0; Win64; x64) AppleWebKit/537.36 (KHTML, like Gecko) Chrome/114.0.0.0 Safari/537.36"
185.191.171.14 - - [25/Apr/2026:12:48:00 +0300] "GET /mybet-untersuchung-2026-sportwetten-erfahrungen-was-ist-vulkan-vegas-casino-85-100-punkte/ HTTP/1.1" 200 22163 "-" "Mozilla/5.0 (compatible; SemrushBot/7~bl; +http://www.semrush.com/bot.html)"
178.175.140.148 - - [25/Apr/2026:12:48:18 +0300] "GET /cette-version-versatile-du-blog-reproduis-larticle-vos-textes-avec-lapp-sans-avoir-de-telechargement/ HTTP/1.1" 200 74402 "-" "Mozilla/5.0 (Windows NT 10.0; Win64; x64) AppleWebKit/537.36 (KHTML, like Gecko) Chrome/122.0.0.0 Safari/537.36"
185.216.113.70 - - [25/Apr/2026:12:49:03 +0300] "POST /wp-cron.php?doing_wp_cron=1777110542.9421999454498291015625 HTTP/1.1" 200 448 "-" "WordPress/6.3.8; https://serhatburke.miroglu.net"
178.175.140.148 - - [25/Apr/2026:12:48:51 +0300] "POST /xmlrpc.php HTTP/1.1" 200 630 "-" "Mozilla/5.0 (Windows NT 10.0; Win64; x64) AppleWebKit/537.36 (KHTML, like Gecko) Chrome/114.0.0.0 Safari/537.36"
178.175.140.148 - - [25/Apr/2026:12:49:08 +0300] "POST /xmlrpc.php HTTP/1.1" 200 9467 "-" "Mozilla/5.0 (Windows NT 10.0; Win64; x64) AppleWebKit/537.36 (KHTML, like Gecko) Chrome/114.0.0.0 Safari/537.36"
178.175.140.148 - - [25/Apr/2026:12:49:20 +0300] "GET /avant-tout-assurez-votre-part-de-devenir-branche-dans-un-calcul-au-casino/ HTTP/1.1" 200 73612 "-" "Mozilla/5.0 (Windows NT 10.0; Win64; x64) AppleWebKit/537.36 (KHTML, like Gecko) Chrome/123.0.0.0 Safari/537.36"
185.216.113.70 - - [25/Apr/2026:12:50:34 +0300] "POST /wp-cron.php?doing_wp_cron=1777110634.3356909751892089843750 HTTP/1.1" 200 448 "-" "WordPress/6.3.8; https://serhatburke.miroglu.net"
178.175.140.148 - - [25/Apr/2026:12:50:22 +0300] "POST /xmlrpc.php HTTP/1.1" 200 630 "-" "Mozilla/5.0 (Windows NT 10.0; Win64; x64) AppleWebKit/537.36 (KHTML, like Gecko) Chrome/114.0.0.0 Safari/537.36"
178.175.140.148 - - [25/Apr/2026:12:50:41 +0300] "POST /xmlrpc.php HTTP/1.1" 200 8970 "-" "Mozilla/5.0 (Windows NT 10.0; Win64; x64) AppleWebKit/537.36 (KHTML, like Gecko) Chrome/114.0.0.0 Safari/537.36"
178.175.140.148 - - [25/Apr/2026:12:50:54 +0300] "GET /rtp-en-ce-qui-concerne-nine-salle-de-jeu-maximisez-les-possibiltes-en-compagnie-de-gestions/ HTTP/1.1" 200 73470 "-" "Mozilla/5.0 (Windows NT 10.0; Win64; x64) AppleWebKit/537.36 (KHTML, like Gecko) Chrome/109.0.0.0 Safari/537.36"
165.73.240.150 - - [25/Apr/2026:12:51:19 +0300] "POST /xmlrpc.php HTTP/1.1" 200 630 "-" "Mozilla/5.0 (Windows NT 10.0; Win64; x64) AppleWebKit/537.36 (KHTML, like Gecko) Chrome/114.0.0.0 Safari/537.36"
185.216.113.70 - - [25/Apr/2026:12:51:58 +0300] "POST /wp-cron.php?doing_wp_cron=1777110718.0475940704345703125000 HTTP/1.1" 200 448 "-" "WordPress/6.3.8; https://serhatburke.miroglu.net"
207.46.13.7 - - [25/Apr/2026:12:51:36 +0300] "GET /volte-vantaggi-pero-di-contare-insieme-a-noi-sono-innumerevoli/ HTTP/2" 200 17721 "-" "Mozilla/5.0 AppleWebKit/537.36 (KHTML, like Gecko; compatible; bingbot/2.0; +http://www.bing.com/bingbot.htm) Chrome/116.0.1938.76 Safari/537.36"
185.216.113.70 - - [25/Apr/2026:12:52:00 +0300] "POST /wp-cron.php?doing_wp_cron=1777110720.3316659927368164062500 HTTP/1.1" 200 448 "-" "WordPress/6.3.8; https://serhatburke.miroglu.net"
165.73.240.150 - - [25/Apr/2026:12:51:37 +0300] "POST /xmlrpc.php HTTP/1.1" 200 13460 "-" "Mozilla/5.0 (Windows NT 10.0; Win64; x64) AppleWebKit/537.36 (KHTML, like Gecko) Chrome/114.0.0.0 Safari/537.36"
185.216.113.70 - - [25/Apr/2026:12:52:13 +0300] "POST /wp-cron.php?doing_wp_cron=1777110733.5382258892059326171875 HTTP/1.1" 200 448 "-" "WordPress/6.3.8; https://serhatburke.miroglu.net"
52.167.144.230 - - [25/Apr/2026:12:51:41 +0300] "GET /greatest-real-money-casinos-have-a-glimpse-at-this-site-on-the-internet-in-the-canada-february-2026/ HTTP/2" 200 18288 "-" "Mozilla/5.0 AppleWebKit/537.36 (KHTML, like Gecko; compatible; bingbot/2.0; +http://www.bing.com/bingbot.htm) Chrome/116.0.1938.76 Safari/537.36"
185.216.113.70 - - [25/Apr/2026:12:52:15 +0300] "POST /wp-cron.php?doing_wp_cron=1777110735.3075630664825439453125 HTTP/1.1" 200 448 "-" "WordPress/6.3.8; https://serhatburke.miroglu.net"
40.77.167.16 - - [25/Apr/2026:12:51:41 +0300] "GET /how-bscscan-enhances-your-crypto-trading-experience/ HTTP/2" 200 17912 "-" "Mozilla/5.0 AppleWebKit/537.36 (KHTML, like Gecko; compatible; bingbot/2.0; +http://www.bing.com/bingbot.htm) Chrome/116.0.1938.76 Safari/537.36"
185.216.113.70 - - [25/Apr/2026:12:52:25 +0300] "POST /wp-cron.php?doing_wp_cron=1777110744.9052419662475585937500 HTTP/1.1" 200 448 "-" "WordPress/6.3.8; https://serhatburke.miroglu.net"
178.175.140.148 - - [25/Apr/2026:12:51:47 +0300] "POST /xmlrpc.php HTTP/1.1" 200 630 "-" "Mozilla/5.0 (Windows NT 10.0; Win64; x64) AppleWebKit/537.36 (KHTML, like Gecko) Chrome/114.0.0.0 Safari/537.36"
165.73.240.150 - - [25/Apr/2026:12:52:02 +0300] "GET /thunderstruck-ii-position-comment-96-65-rtp-microgaming-2026/ HTTP/1.1" 200 76952 "-" "Mozilla/5.0 (Windows NT 10.0; Win64; x64) AppleWebKit/537.36 (KHTML, like Gecko) Chrome/124.0.0.0 Safari/537.36"
178.175.140.148 - - [25/Apr/2026:12:52:31 +0300] "POST /xmlrpc.php HTTP/1.1" 200 9374 "-" "Mozilla/5.0 (Windows NT 10.0; Win64; x64) AppleWebKit/537.36 (KHTML, like Gecko) Chrome/114.0.0.0 Safari/537.36"
52.167.144.230 - - [25/Apr/2026:12:52:31 +0300] "GET /top-15-casinos-com-bonus-sem-rollover-portugal-2-4/ HTTP/2" 200 19592 "-" "Mozilla/5.0 AppleWebKit/537.36 (KHTML, like Gecko; compatible; bingbot/2.0; +http://www.bing.com/bingbot.htm) Chrome/116.0.1938.76 Safari/537.36"
207.46.13.7 - - [25/Apr/2026:12:52:36 +0300] "GET /maximize-your-crypto-experience-with-raydium-today/ HTTP/2" 200 18056 "-" "Mozilla/5.0 AppleWebKit/537.36 (KHTML, like Gecko; compatible; bingbot/2.0; +http://www.bing.com/bingbot.htm) Chrome/116.0.1938.76 Safari/537.36"
200.25.47.112 - - [25/Apr/2026:12:52:50 +0300] "POST /xmlrpc.php HTTP/1.1" 200 630 "-" "Mozilla/5.0 (Windows NT 10.0; Win64; x64) AppleWebKit/537.36 (KHTML, like Gecko) Chrome/114.0.0.0 Safari/537.36"
185.216.113.70 - - [25/Apr/2026:12:53:25 +0300] "POST /wp-cron.php?doing_wp_cron=1777110805.5793030261993408203125 HTTP/1.1" 200 448 "-" "WordPress/6.3.8; https://serhatburke.miroglu.net"
178.175.140.148 - - [25/Apr/2026:12:53:05 +0300] "POST /xmlrpc.php HTTP/1.1" 200 630 "-" "Mozilla/5.0 (Windows NT 10.0; Win64; x64) AppleWebKit/537.36 (KHTML, like Gecko) Chrome/114.0.0.0 Safari/537.36"
185.216.113.70 - - [25/Apr/2026:12:53:30 +0300] "POST /wp-cron.php?doing_wp_cron=1777110810.0376539230346679687500 HTTP/1.1" 200 448 "-" "WordPress/6.3.8; https://serhatburke.miroglu.net"
178.175.140.148 - - [25/Apr/2026:12:53:11 +0300] "GET /lun-des-atouts-cruciaux-daviator-sachete-en-son-image-evasee/ HTTP/1.1" 200 73385 "-" "Mozilla/5.0 (Windows NT 10.0; Win64; x64) AppleWebKit/537.36 (KHTML, like Gecko) Chrome/123.0.0.0 Safari/537.36"
185.216.113.70 - - [25/Apr/2026:12:53:39 +0300] "POST /wp-cron.php?doing_wp_cron=1777110819.8178670406341552734375 HTTP/1.1" 200 448 "-" "WordPress/6.3.8; https://serhatburke.miroglu.net"
52.167.144.230 - - [25/Apr/2026:12:53:17 +0300] "GET /retirer-des-gains-vers-partir-les-50-tours-abusifs-parmi-des-etapes-intelligibles/ HTTP/2" 200 17850 "-" "Mozilla/5.0 AppleWebKit/537.36 (KHTML, like Gecko; compatible; bingbot/2.0; +http://www.bing.com/bingbot.htm) Chrome/116.0.1938.76 Safari/537.36"
200.25.47.112 - - [25/Apr/2026:12:53:25 +0300] "POST /xmlrpc.php HTTP/1.1" 200 16365 "-" "Mozilla/5.0 (Windows NT 10.0; Win64; x64) AppleWebKit/537.36 (KHTML, like Gecko) Chrome/114.0.0.0 Safari/537.36"
178.175.140.148 - - [25/Apr/2026:12:53:32 +0300] "POST /xmlrpc.php HTTP/1.1" 200 8583 "-" "Mozilla/5.0 (Windows NT 10.0; Win64; x64) AppleWebKit/537.36 (KHTML, like Gecko) Chrome/114.0.0.0 Safari/537.36"
200.25.47.112 - - [25/Apr/2026:12:53:56 +0300] "GET /slots-com-algum-efetivo-as-slots-e-mais-pagam-rtp-97/ HTTP/1.1" 200 79977 "-" "Mozilla/5.0 (Windows NT 10.0; rv:109.0) Gecko/20100101 Firefox/115.0"
178.175.140.148 - - [25/Apr/2026:12:53:59 +0300] "GET /redoublements-de-grands-sportifs-gouvernant-de-jeu-commandant/ HTTP/1.1" 200 72450 "-" "Mozilla/5.0 (Windows NT 10.0; Win64; x64; rv:124.0) Gecko/20100101 Firefox/124.0"
185.216.113.70 - - [25/Apr/2026:12:54:43 +0300] "POST /wp-cron.php?doing_wp_cron=1777110883.2850670814514160156250 HTTP/1.1" 200 448 "-" "WordPress/6.3.8; https://serhatburke.miroglu.net"
178.175.140.148 - - [25/Apr/2026:12:54:31 +0300] "POST /xmlrpc.php HTTP/1.1" 200 630 "-" "Mozilla/5.0 (Windows NT 10.0; Win64; x64) AppleWebKit/537.36 (KHTML, like Gecko) Chrome/114.0.0.0 Safari/537.36"
178.175.140.148 - - [25/Apr/2026:12:54:50 +0300] "POST /xmlrpc.php HTTP/1.1" 200 9314 "-" "Mozilla/5.0 (Windows NT 10.0; Win64; x64) AppleWebKit/537.36 (KHTML, like Gecko) Chrome/114.0.0.0 Safari/537.36"
178.175.140.148 - - [25/Apr/2026:12:55:03 +0300] "GET /en-je-me-de-gaming-est-alles-notion-pour-combler-vos-dossiers-parmi-mignon-selon-le-en-amoureux/ HTTP/1.1" 200 73964 "-" "Mozilla/5.0 (Windows NT 10.0; rv:125.0) Gecko/20100101 Firefox/125.0"
185.216.113.70 - - [25/Apr/2026:12:55:50 +0300] "POST /wp-cron.php?doing_wp_cron=1777110950.6182301044464111328125 HTTP/1.1" 200 448 "-" "WordPress/6.3.8; https://serhatburke.miroglu.net"
178.175.140.148 - - [25/Apr/2026:12:55:38 +0300] "POST /xmlrpc.php HTTP/1.1" 200 630 "-" "Mozilla/5.0 (Windows NT 10.0; Win64; x64) AppleWebKit/537.36 (KHTML, like Gecko) Chrome/114.0.0.0 Safari/537.36"
178.175.140.148 - - [25/Apr/2026:12:55:56 +0300] "POST /xmlrpc.php HTTP/1.1" 200 8582 "-" "Mozilla/5.0 (Windows NT 10.0; Win64; x64) AppleWebKit/537.36 (KHTML, like Gecko) Chrome/114.0.0.0 Safari/537.36"
178.175.140.148 - - [25/Apr/2026:12:56:10 +0300] "GET /accomplissez-des-rebuts-instantanes-il-y-a-ma-espagne-dans-pur-destinee/ HTTP/1.1" 200 72597 "-" "Mozilla/5.0 (Windows NT 10.0; rv:109.0) Gecko/20100101 Firefox/115.0"
157.55.39.63 - - [25/Apr/2026:12:56:18 +0300] "GET /un-900-tragamonedas-videos-de-stock-asi-como-peliculas-libres-de-derechos/ HTTP/2" 200 19168 "-" "Mozilla/5.0 AppleWebKit/537.36 (KHTML, like Gecko; compatible; bingbot/2.0; +http://www.bing.com/bingbot.htm) Chrome/116.0.1938.76 Safari/537.36"
185.216.113.70 - - [25/Apr/2026:12:56:44 +0300] "POST /wp-cron.php?doing_wp_cron=1777111004.5152521133422851562500 HTTP/1.1" 200 448 "-" "WordPress/6.3.8; https://serhatburke.miroglu.net"
157.55.39.63 - - [25/Apr/2026:12:56:22 +0300] "GET /rushbet-codigos-promocionales-bananas-go-bahamas-narcos-maquina-tragamonedas-ningun-deposito-las-codigos-actualizados/ HTTP/2" 200 21608 "-" "Mozilla/5.0 AppleWebKit/537.36 (KHTML, like Gecko; compatible; bingbot/2.0; +http://www.bing.com/bingbot.htm) Chrome/116.0.1938.76 Safari/537.36"
185.191.171.3 - - [25/Apr/2026:12:56:25 +0300] "GET /internet-casino-bonuses-april-2026-get-the-best-gambling-enterprise-bonuses/ HTTP/1.1" 200 20725 "-" "Mozilla/5.0 (compatible; SemrushBot/7~bl; +http://www.semrush.com/bot.html)"
165.73.240.150 - - [25/Apr/2026:12:56:27 +0300] "POST /xmlrpc.php HTTP/1.1" 200 630 "-" "Mozilla/5.0 (Windows NT 10.0; Win64; x64) AppleWebKit/537.36 (KHTML, like Gecko) Chrome/114.0.0.0 Safari/537.36"
200.25.47.112 - - [25/Apr/2026:12:56:32 +0300] "POST /xmlrpc.php HTTP/1.1" 200 630 "-" "Mozilla/5.0 (Windows NT 10.0; Win64; x64) AppleWebKit/537.36 (KHTML, like Gecko) Chrome/114.0.0.0 Safari/537.36"
178.175.140.148 - - [25/Apr/2026:12:56:51 +0300] "POST /xmlrpc.php HTTP/1.1" 200 630 "-" "Mozilla/5.0 (Windows NT 10.0; Win64; x64) AppleWebKit/537.36 (KHTML, like Gecko) Chrome/114.0.0.0 Safari/537.36"
103.221.232.222 - - [25/Apr/2026:12:56:50 +0300] "GET /zotabet-casino-bonus-premier-depot-2026/ HTTP/1.1" 200 19091 "https://serhatburke.miroglu.net/" "Mozilla/5.0 (Macintosh; Intel Mac OS X 10.15; rv:148.0) Gecko/20100101 Firefox/148.0"
165.73.240.150 - - [25/Apr/2026:12:57:00 +0300] "POST /xmlrpc.php HTTP/1.1" 200 13807 "-" "Mozilla/5.0 (Windows NT 10.0; Win64; x64) AppleWebKit/537.36 (KHTML, like Gecko) Chrome/114.0.0.0 Safari/537.36"
200.25.47.112 - - [25/Apr/2026:12:57:03 +0300] "POST /xmlrpc.php HTTP/1.1" 200 15960 "-" "Mozilla/5.0 (Windows NT 10.0; Win64; x64) AppleWebKit/537.36 (KHTML, like Gecko) Chrome/114.0.0.0 Safari/537.36"
185.216.113.70 - - [25/Apr/2026:12:57:36 +0300] "POST /wp-cron.php?doing_wp_cron=1777111056.0097539424896240234375 HTTP/1.1" 200 448 "-" "WordPress/6.3.8; https://serhatburke.miroglu.net"
178.175.140.148 - - [25/Apr/2026:12:57:19 +0300] "POST /xmlrpc.php HTTP/1.1" 200 9305 "-" "Mozilla/5.0 (Windows NT 10.0; Win64; x64) AppleWebKit/537.36 (KHTML, like Gecko) Chrome/114.0.0.0 Safari/537.36"
165.73.240.150 - - [25/Apr/2026:12:57:22 +0300] "GET /video-slot-opinion-2/ HTTP/1.1" 200 76286 "-" "Mozilla/5.0 (Windows NT 10.0; Win64; x64; rv:125.0) Gecko/20100101 Firefox/125.0"
200.25.47.112 - - [25/Apr/2026:12:57:23 +0300] "GET /15-jogos-para-alcancar-arame-puerilidade-autenticidade-sobre-2026-pix/ HTTP/1.1" 200 80030 "-" "Mozilla/5.0 (Windows NT 10.0; Win64; x64) AppleWebKit/537.36 (KHTML, like Gecko) Chrome/109.0.0.0 Safari/537.36"
178.175.140.148 - - [25/Apr/2026:12:57:37 +0300] "GET /132-partenaires-collaborateurs-en-tenant-applications-qui-affiche-les-gaming-en-ce-qui-concerne-malina-salle-de-jeu/ HTTP/1.1" 200 74581 "-" "Mozilla/5.0 (Windows NT 10.0; Win64; x64) AppleWebKit/537.36 (KHTML, like Gecko) Chrome/123.0.0.0 Safari/537.36 OPR/109.0.0.0"
103.221.232.222 - - [25/Apr/2026:12:57:44 +0300] "GET /zotabet-casino-bonus-premier-depot-2026/ HTTP/1.1" 200 19065 "https://serhatburke.miroglu.net/zotabet-casino-bonus-premier-depot-2026/" "Mozilla/5.0 (Windows NT 6.3; Win64; x64) AppleWebKit/537.36 (KHTML, like Gecko) Chrome/103.0.0.0 Safari/537.36"
103.221.232.222 - - [25/Apr/2026:12:58:03 +0300] "GET /wp-includes/css/dist/block-library/style.min.css?ver=6.3.8 HTTP/1.1" 200 13578 "https://serhatburke.miroglu.net/zotabet-casino-bonus-premier-depot-2026/" "Mozilla/5.0 (Windows NT 10.0; Win64; x64) AppleWebKit/537.36 (KHTML, like Gecko) Chrome/145.0.0.0 Safari/537.36"
103.221.232.222 - - [25/Apr/2026:12:58:06 +0300] "GET /wp-content/plugins/contact-form-7/includes/css/styles.css?ver=5.8 HTTP/1.1" 200 1490 "https://serhatburke.miroglu.net/zotabet-casino-bonus-premier-depot-2026/" "Mozilla/5.0 (Windows NT 10.0; Win64; x64) AppleWebKit/537.36 (KHTML, like Gecko) Chrome/145.0.0.0 Safari/537.36"
103.221.232.222 - - [25/Apr/2026:12:58:07 +0300] "GET /wp-content/themes/toppic/css/fontello.css?ver=4.2 HTTP/1.1" 200 1802 "https://serhatburke.miroglu.net/zotabet-casino-bonus-premier-depot-2026/" "Mozilla/5.0 (Windows NT 10.0; Win64; x64) AppleWebKit/537.36 (KHTML, like Gecko) Chrome/145.0.0.0 Safari/537.36"
103.221.232.222 - - [25/Apr/2026:12:58:09 +0300] "GET /wp-content/themes/toppic/css/reset.css?ver=4.2 HTTP/1.1" 200 1178 "https://serhatburke.miroglu.net/zotabet-casino-bonus-premier-depot-2026/" "Mozilla/5.0 (Windows NT 10.0; Win64; x64) AppleWebKit/537.36 (KHTML, like Gecko) Chrome/145.0.0.0 Safari/537.36"
103.221.232.222 - - [25/Apr/2026:12:58:11 +0300] "GET /wp-content/themes/toppic/css/default.css?ver=4.2 HTTP/1.1" 200 1811 "https://serhatburke.miroglu.net/zotabet-casino-bonus-premier-depot-2026/" "Mozilla/5.0 (Windows NT 10.0; Win64; x64) AppleWebKit/537.36 (KHTML, like Gecko) Chrome/145.0.0.0 Safari/537.36"
103.221.232.222 - - [25/Apr/2026:12:58:12 +0300] "GET /wp-content/themes/toppic/style.css?ver=4.2 HTTP/1.1" 200 23398 "https://serhatburke.miroglu.net/zotabet-casino-bonus-premier-depot-2026/" "Mozilla/5.0 (Windows NT 10.0; Win64; x64) AppleWebKit/537.36 (KHTML, like Gecko) Chrome/145.0.0.0 Safari/537.36"
103.221.232.222 - - [25/Apr/2026:12:58:14 +0300] "GET /wp-content/themes/toppic/css/royalslider.css?ver=4.2 HTTP/1.1" 200 1887 "https://serhatburke.miroglu.net/zotabet-casino-bonus-premier-depot-2026/" "Mozilla/5.0 (Windows NT 10.0; Win64; x64) AppleWebKit/537.36 (KHTML, like Gecko) Chrome/145.0.0.0 Safari/537.36"
103.221.232.222 - - [25/Apr/2026:12:58:15 +0300] "GET /wp-content/themes/toppic/css/rs-default.css?ver=4.2 HTTP/1.1" 200 2625 "https://serhatburke.miroglu.net/zotabet-casino-bonus-premier-depot-2026/" "Mozilla/5.0 (Windows NT 10.0; Win64; x64) AppleWebKit/537.36 (KHTML, like Gecko) Chrome/145.0.0.0 Safari/537.36"
103.221.232.222 - - [25/Apr/2026:12:58:17 +0300] "GET /wp-content/themes/toppic/css/lightbox.css?ver=4.2 HTTP/1.1" 200 2956 "https://serhatburke.miroglu.net/zotabet-casino-bonus-premier-depot-2026/" "Mozilla/5.0 (Windows NT 10.0; Win64; x64) AppleWebKit/537.36 (KHTML, like Gecko) Chrome/145.0.0.0 Safari/537.36"
178.175.140.148 - - [25/Apr/2026:12:58:06 +0300] "POST /xmlrpc.php HTTP/1.1" 200 630 "-" "Mozilla/5.0 (Windows NT 10.0; Win64; x64) AppleWebKit/537.36 (KHTML, like Gecko) Chrome/114.0.0.0 Safari/537.36"
103.221.232.222 - - [25/Apr/2026:12:58:19 +0300] "GET /wp-content/themes/toppic/css/woocommerce.css?ver=4.2 HTTP/1.1" 200 2848 "https://serhatburke.miroglu.net/zotabet-casino-bonus-premier-depot-2026/" "Mozilla/5.0 (Windows NT 10.0; Win64; x64) AppleWebKit/537.36 (KHTML, like Gecko) Chrome/145.0.0.0 Safari/537.36"
103.221.232.222 - - [25/Apr/2026:12:58:21 +0300] "GET /wp-content/themes/toppic/css/responsive.css?ver=4.2 HTTP/1.1" 200 2796 "https://serhatburke.miroglu.net/zotabet-casino-bonus-premier-depot-2026/" "Mozilla/5.0 (Windows NT 10.0; Win64; x64) AppleWebKit/537.36 (KHTML, like Gecko) Chrome/145.0.0.0 Safari/537.36"
185.216.113.70 - - [25/Apr/2026:12:58:35 +0300] "POST /wp-cron.php?doing_wp_cron=1777111115.0547170639038085937500 HTTP/1.1" 200 448 "-" "WordPress/6.3.8; https://serhatburke.miroglu.net"
103.221.232.222 - - [25/Apr/2026:12:58:22 +0300] "POST /wp-comments-post.php HTTP/1.1" 302 1087 "https://serhatburke.miroglu.net/zotabet-casino-bonus-premier-depot-2026/" "Mozilla/5.0 (Windows NT 6.3; Win64; x64) AppleWebKit/537.36 (KHTML, like Gecko) Chrome/103.0.0.0 Safari/537.36"
178.175.140.148 - - [25/Apr/2026:12:58:24 +0300] "POST /xmlrpc.php HTTP/1.1" 200 8718 "-" "Mozilla/5.0 (Windows NT 10.0; Win64; x64) AppleWebKit/537.36 (KHTML, like Gecko) Chrome/114.0.0.0 Safari/537.36"
103.221.232.222 - - [25/Apr/2026:12:58:36 +0300] "GET /zotabet-casino-bonus-premier-depot-2026/?unapproved=646&moderation-hash=f3a3587fbeca9ce1b788e8da09cbb944 HTTP/1.1" 200 19493 "https://serhatburke.miroglu.net/wp-comments-post.php" "Mozilla/5.0 (Windows NT 6.3; Win64; x64) AppleWebKit/537.36 (KHTML, like Gecko) Chrome/103.0.0.0 Safari/537.36"
178.175.140.148 - - [25/Apr/2026:12:58:37 +0300] "GET /rebondissements-dheureux-competiteurs-gouvernant-de-gaming-commandant/ HTTP/1.1" 200 72898 "-" "Mozilla/5.0 (Windows NT 10.0; Win64; x64; rv:124.0) Gecko/20100101 Firefox/124.0"
103.221.232.222 - - [25/Apr/2026:12:58:56 +0300] "GET /zotabet-casino-bonus-premier-depot-2026/ HTTP/1.1" 200 19065 "-" "Mozilla/5.0 (compatible; Googlebot/2.1; +http://www.google.com/bot.html)"
178.175.140.148 - - [25/Apr/2026:12:59:13 +0300] "POST /xmlrpc.php HTTP/1.1" 200 630 "-" "Mozilla/5.0 (Windows NT 10.0; Win64; x64) AppleWebKit/537.36 (KHTML, like Gecko) Chrome/114.0.0.0 Safari/537.36"
185.216.113.70 - - [25/Apr/2026:12:59:43 +0300] "POST /wp-cron.php?doing_wp_cron=1777111183.0060729980468750000000 HTTP/1.1" 200 448 "-" "WordPress/6.3.8; https://serhatburke.miroglu.net"
178.175.140.148 - - [25/Apr/2026:12:59:31 +0300] "POST /xmlrpc.php HTTP/1.1" 200 8875 "-" "Mozilla/5.0 (Windows NT 10.0; Win64; x64) AppleWebKit/537.36 (KHTML, like Gecko) Chrome/114.0.0.0 Safari/537.36"
103.221.232.222 - - [25/Apr/2026:12:59:40 +0300] "GET /zotabet-casino-bonus-premier-depot-2026/ HTTP/1.1" 200 19065 "-" "Mozilla/5.0 (compatible; Googlebot/2.1; +http://www.google.com/bot.html)"
178.175.140.148 - - [25/Apr/2026:12:59:43 +0300] "GET /des-explications-avec-rentabiliser-lensemble-de-ses-possibilites-pour-recevoir-selon-le-plinko/ HTTP/1.1" 200 73485 "-" "Mozilla/5.0 (Windows NT 10.0; rv:125.0) Gecko/20100101 Firefox/125.0"
200.25.47.112 - - [25/Apr/2026:13:00:04 +0300] "POST /xmlrpc.php HTTP/1.1" 200 630 "-" "Mozilla/5.0 (Windows NT 10.0; Win64; x64) AppleWebKit/537.36 (KHTML, like Gecko) Chrome/114.0.0.0 Safari/537.36"
77.119.188.175 - - [25/Apr/2026:13:00:12 +0300] "GET /casino-online-skrill-prelievo-veloce/ HTTP/1.1" 200 18818 "-" "Mozilla/5.0 (compatible; Googlebot/2.1; +http://www.google.com/bot.html)"
185.216.113.70 - - [25/Apr/2026:13:00:43 +0300] "POST /wp-cron.php?doing_wp_cron=1777111243.1098859310150146484375 HTTP/1.1" 200 448 "-" "WordPress/6.3.8; https://serhatburke.miroglu.net"
200.25.47.112 - - [25/Apr/2026:13:00:24 +0300] "POST /xmlrpc.php HTTP/1.1" 200 16657 "-" "Mozilla/5.0 (Windows NT 10.0; Win64; x64) AppleWebKit/537.36 (KHTML, like Gecko) Chrome/114.0.0.0 Safari/537.36"
178.175.140.148 - - [25/Apr/2026:13:00:25 +0300] "POST /xmlrpc.php HTTP/1.1" 200 630 "-" "Mozilla/5.0 (Windows NT 10.0; Win64; x64) AppleWebKit/537.36 (KHTML, like Gecko) Chrome/114.0.0.0 Safari/537.36"
185.191.171.14 - - [25/Apr/2026:13:00:27 +0300] "GET /gallery/gallery-grid-portrait/ HTTP/1.1" 200 19175 "-" "Mozilla/5.0 (compatible; SemrushBot/7~bl; +http://www.semrush.com/bot.html)"
178.175.140.148 - - [25/Apr/2026:13:00:49 +0300] "POST /xmlrpc.php HTTP/1.1" 200 9161 "-" "Mozilla/5.0 (Windows NT 10.0; Win64; x64) AppleWebKit/537.36 (KHTML, like Gecko) Chrome/114.0.0.0 Safari/537.36"
200.25.47.112 - - [25/Apr/2026:13:00:45 +0300] "GET /microgaming-online-casinos-portugal-melhores-pokies-criancice-microgaming/ HTTP/1.1" 200 80775 "-" "Mozilla/5.0 (Windows NT 10.0; Win64; x64) AppleWebKit/537.36 (KHTML, like Gecko) Chrome/123.0.0.0 Safari/537.36"
85.208.96.208 - - [25/Apr/2026:13:00:57 +0300] "GET /wino-casino-review-a-premier-destination-for-uk-players/ HTTP/1.1" 200 20834 "-" "Mozilla/5.0 (compatible; SemrushBot/7~bl; +http://www.semrush.com/bot.html)"
178.175.140.148 - - [25/Apr/2026:13:01:07 +0300] "GET /ineluctable-i%EF%BF%BD-propos-des-inattendus-de-jeux-en-tenant-casino/ HTTP/1.1" 200 73250 "-" "Mozilla/5.0 (Windows NT 10.0; Win64; x64) AppleWebKit/537.36 (KHTML, like Gecko) Chrome/124.0.0.0 Safari/537.36"
185.216.113.70 - - [25/Apr/2026:13:01:53 +0300] "POST /wp-cron.php?doing_wp_cron=1777111313.2771449089050292968750 HTTP/1.1" 200 448 "-" "WordPress/6.3.8; https://serhatburke.miroglu.net"
178.175.140.148 - - [25/Apr/2026:13:01:40 +0300] "POST /xmlrpc.php HTTP/1.1" 200 630 "-" "Mozilla/5.0 (Windows NT 10.0; Win64; x64) AppleWebKit/537.36 (KHTML, like Gecko) Chrome/114.0.0.0 Safari/537.36"
178.175.140.148 - - [25/Apr/2026:13:01:59 +0300] "POST /xmlrpc.php HTTP/1.1" 200 9138 "-" "Mozilla/5.0 (Windows NT 10.0; Win64; x64) AppleWebKit/537.36 (KHTML, like Gecko) Chrome/114.0.0.0 Safari/537.36"
52.167.144.161 - - [25/Apr/2026:13:02:12 +0300] "GET /best-high-give-deals-accounts-out-of-march-2026/ HTTP/2" 200 20110 "-" "Mozilla/5.0 AppleWebKit/537.36 (KHTML, like Gecko; compatible; bingbot/2.0; +http://www.bing.com/bingbot.htm) Chrome/116.0.1938.76 Safari/537.36"
178.175.140.148 - - [25/Apr/2026:13:02:13 +0300] "GET /dans-de-nombreux-cas-il-est-fortement-recommande-de-prendre-mon-plateforme-avec-affection-en-tenant-fideliser-leurs-joueurs/ HTTP/1.1" 200 74524 "-" "Mozilla/5.0 (Windows NT 10.0; Win64; x64) AppleWebKit/537.36 (KHTML, like Gecko) Chrome/124.0.0.0 Safari/537.36"
52.167.144.161 - - [25/Apr/2026:13:02:22 +0300] "GET /raging-casino-big-bad-wolf-rhino-status-goldbet-comment-2026-income-as-much-as-250100-limit-%E9%81%A0%E8%A6%8B%E4%B8%8D%E5%8B%95%E7%94%A2%E4%BC%B0%E5%83%B9%E5%B8%AB%E4%BA%8B%E5%8B%99%E6%89%80-comp420/ HTTP/2" 200 19789 "-" "Mozilla/5.0 AppleWebKit/537.36 (KHTML, like Gecko; compatible; bingbot/2.0; +http://www.bing.com/bingbot.htm) Chrome/116.0.1938.76 Safari/537.36"
185.216.113.70 - - [25/Apr/2026:13:03:00 +0300] "POST /wp-cron.php?doing_wp_cron=1777111380.0373160839080810546875 HTTP/1.1" 200 448 "-" "WordPress/6.3.8; https://serhatburke.miroglu.net"
157.55.39.63 - - [25/Apr/2026:13:02:41 +0300] "GET /eastside-cannery-implosion-livestream-resident-bonus-game-from-the-las-vegas-advantage/ HTTP/2" 200 19613 "-" "Mozilla/5.0 AppleWebKit/537.36 (KHTML, like Gecko; compatible; bingbot/2.0; +http://www.bing.com/bingbot.htm) Chrome/116.0.1938.76 Safari/537.36"
178.175.140.148 - - [25/Apr/2026:13:02:43 +0300] "POST /xmlrpc.php HTTP/1.1" 200 630 "-" "Mozilla/5.0 (Windows NT 10.0; Win64; x64) AppleWebKit/537.36 (KHTML, like Gecko) Chrome/114.0.0.0 Safari/537.36"
52.167.144.161 - - [25/Apr/2026:13:02:45 +0300] "GET /discovering-bscscan-your-comprehensive-tool-for-crypto-analysis/ HTTP/2" 200 18168 "-" "Mozilla/5.0 AppleWebKit/537.36 (KHTML, like Gecko; compatible; bingbot/2.0; +http://www.bing.com/bingbot.htm) Chrome/116.0.1938.76 Safari/537.36"
157.55.39.63 - - [25/Apr/2026:13:02:50 +0300] "GET /las-criptomonedas-posibilitan-elaborar-transferencias-rapidas-desplazandolo-hacia-el-pelo-en-compania-de-mayor-privacidad-acerca-de-las-sitios-sobre-poker-en-internet/ HTTP/2" 200 17762 "-" "Mozilla/5.0 AppleWebKit/537.36 (KHTML, like Gecko; compatible; bingbot/2.0; +http://www.bing.com/bingbot.htm) Chrome/116.0.1938.76 Safari/537.36"
165.73.240.150 - - [25/Apr/2026:13:03:00 +0300] "POST /xmlrpc.php HTTP/1.1" 200 630 "-" "Mozilla/5.0 (Windows NT 10.0; Win64; x64) AppleWebKit/537.36 (KHTML, like Gecko) Chrome/114.0.0.0 Safari/537.36"
98.98.197.163 - - [25/Apr/2026:13:03:10 +0300] "POST /xmlrpc.php HTTP/1.1" 200 630 "-" "Mozilla/5.0 (Windows NT 10.0; Win64; x64) AppleWebKit/537.36 (KHTML, like Gecko) Chrome/114.0.0.0 Safari/537.36"
178.175.140.148 - - [25/Apr/2026:13:03:14 +0300] "POST /xmlrpc.php HTTP/1.1" 200 8996 "-" "Mozilla/5.0 (Windows NT 10.0; Win64; x64) AppleWebKit/537.36 (KHTML, like Gecko) Chrome/114.0.0.0 Safari/537.36"
200.25.47.112 - - [25/Apr/2026:13:03:20 +0300] "POST /xmlrpc.php HTTP/1.1" 200 630 "-" "Mozilla/5.0 (Windows NT 10.0; Win64; x64) AppleWebKit/537.36 (KHTML, like Gecko) Chrome/114.0.0.0 Safari/537.36"
52.167.144.161 - - [25/Apr/2026:13:03:20 +0300] "GET /discover-the-power-of-safepal-wallet-for-crypto-investors/ HTTP/2" 200 18010 "-" "Mozilla/5.0 AppleWebKit/537.36 (KHTML, like Gecko; compatible; bingbot/2.0; +http://www.bing.com/bingbot.htm) Chrome/116.0.1938.76 Safari/537.36"
52.167.144.161 - - [25/Apr/2026:13:03:25 +0300] "GET /game-for-example-home-off-fun-are-built-to-possess-devices-basic-giving-a-smoother-consumer-experience/ HTTP/2" 200 17566 "-" "Mozilla/5.0 AppleWebKit/537.36 (KHTML, like Gecko; compatible; bingbot/2.0; +http://www.bing.com/bingbot.htm) Chrome/116.0.1938.76 Safari/537.36"
185.216.113.70 - - [25/Apr/2026:13:04:06 +0300] "POST /wp-cron.php?doing_wp_cron=1777111446.3435449600219726562500 HTTP/1.1" 200 448 "-" "WordPress/6.3.8; https://serhatburke.miroglu.net"
178.175.140.148 - - [25/Apr/2026:13:03:35 +0300] "POST /xmlrpc.php HTTP/1.1" 200 630 "-" "Mozilla/5.0 (Windows NT 10.0; Win64; x64) AppleWebKit/537.36 (KHTML, like Gecko) Chrome/114.0.0.0 Safari/537.36"
165.73.240.150 - - [25/Apr/2026:13:03:37 +0300] "POST /xmlrpc.php HTTP/1.1" 200 13666 "-" "Mozilla/5.0 (Windows NT 10.0; Win64; x64) AppleWebKit/537.36 (KHTML, like Gecko) Chrome/114.0.0.0 Safari/537.36"
178.175.140.148 - - [25/Apr/2026:13:03:49 +0300] "GET /et-des-conseils-leur-degre-vivent-abandonnes-de-se-divertir-au-niveau-des-accoutumances-avec-lart/ HTTP/1.1" 200 73639 "-" "Mozilla/5.0 (Windows NT 10.0; Win64; x64; rv:125.0) Gecko/20100101 Firefox/125.0"
98.98.197.163 - - [25/Apr/2026:13:04:01 +0300] "POST /xmlrpc.php HTTP/1.1" 200 13833 "-" "Mozilla/5.0 (Windows NT 10.0; Win64; x64) AppleWebKit/537.36 (KHTML, like Gecko) Chrome/114.0.0.0 Safari/537.36"
200.25.47.112 - - [25/Apr/2026:13:04:03 +0300] "POST /xmlrpc.php HTTP/1.1" 200 16315 "-" "Mozilla/5.0 (Windows NT 10.0; Win64; x64) AppleWebKit/537.36 (KHTML, like Gecko) Chrome/114.0.0.0 Safari/537.36"
165.73.240.150 - - [25/Apr/2026:13:04:10 +0300] "GET /the-meaning-on-the-thunderstruck-because-of-the-ac-dc/ HTTP/1.1" 200 77111 "-" "Mozilla/5.0 (Windows NT 10.0; rv:109.0) Gecko/20100101 Firefox/115.0"
178.175.140.148 - - [25/Apr/2026:13:04:12 +0300] "POST /xmlrpc.php HTTP/1.1" 200 8915 "-" "Mozilla/5.0 (Windows NT 10.0; Win64; x64) AppleWebKit/537.36 (KHTML, like Gecko) Chrome/114.0.0.0 Safari/537.36"
52.167.144.161 - - [25/Apr/2026:13:04:15 +0300] "GET /automaty-hot-spot-na-rzetelne-kapital-jak-i-rowniez-sloty-przez-internet-zbytnio-kase/ HTTP/2" 200 19654 "-" "Mozilla/5.0 AppleWebKit/537.36 (KHTML, like Gecko; compatible; bingbot/2.0; +http://www.bing.com/bingbot.htm) Chrome/116.0.1938.76 Safari/537.36"
178.175.140.148 - - [25/Apr/2026:13:04:19 +0300] "POST /xmlrpc.php HTTP/1.1" 200 630 "-" "Mozilla/5.0 (Windows NT 10.0; Win64; x64) AppleWebKit/537.36 (KHTML, like Gecko) Chrome/114.0.0.0 Safari/537.36"
52.167.144.159 - - [25/Apr/2026:13:04:29 +0300] "GET /so-it-certification-promises-that-all-issues-comply-with-globally-requirements-bringing-participants-with-a-trusting-program-to-own-enjoyment/ HTTP/2" 200 17988 "-" "Mozilla/5.0 AppleWebKit/537.36 (KHTML, like Gecko; compatible; bingbot/2.0; +http://www.bing.com/bingbot.htm) Chrome/116.0.1938.76 Safari/537.36"
185.216.113.70 - - [25/Apr/2026:13:05:12 +0300] "POST /wp-cron.php?doing_wp_cron=1777111511.9443109035491943359375 HTTP/1.1" 200 448 "-" "WordPress/6.3.8; https://serhatburke.miroglu.net"
200.25.47.112 - - [25/Apr/2026:13:04:45 +0300] "GET /slots-da-nextgen-gaming-jogue-todos-os-demos-gratis-c/ HTTP/1.1" 200 80149 "-" "Mozilla/5.0 (Windows NT 10.0; rv:125.0) Gecko/20100101 Firefox/125.0"
98.98.197.163 - - [25/Apr/2026:13:04:48 +0300] "GET /betvictor-comment-2026-bet-10-score-40-within-the-totally-free-bets/ HTTP/1.1" 200 77525 "-" "Mozilla/5.0 (Windows NT 10.0; Win64; x64; rv:125.0) Gecko/20100101 Firefox/125.0"
178.175.140.148 - - [25/Apr/2026:13:05:10 +0300] "POST /xmlrpc.php HTTP/1.1" 200 9233 "-" "Mozilla/5.0 (Windows NT 10.0; Win64; x64) AppleWebKit/537.36 (KHTML, like Gecko) Chrome/114.0.0.0 Safari/537.36"
178.175.140.148 - - [25/Apr/2026:13:05:00 +0300] "GET /pourtant-integraux-non-sug-nt-pas-du-tout-des-prestations-a-la-eminence-les-esperances-vos-competiteurs-francais/ HTTP/1.1" 200 74087 "-" "Mozilla/5.0 (Windows NT 10.0; rv:125.0) Gecko/20100101 Firefox/125.0"
178.175.140.148 - - [25/Apr/2026:13:05:26 +0300] "GET /la-somme-maximum-que-cela-vous-permettra-de-annuler-est-de-2-000-%EF%BF%BD-avec-journee/ HTTP/1.1" 200 73644 "-" "Mozilla/5.0 (Windows NT 10.0; Win64; x64; rv:124.0) Gecko/20100101 Firefox/124.0"
185.216.113.70 - - [25/Apr/2026:13:06:31 +0300] "POST /wp-cron.php?doing_wp_cron=1777111591.0730149745941162109375 HTTP/1.1" 200 448 "-" "WordPress/6.3.8; https://serhatburke.miroglu.net"
200.25.47.112 - - [25/Apr/2026:13:06:18 +0300] "POST /xmlrpc.php HTTP/1.1" 200 630 "-" "Mozilla/5.0 (Windows NT 10.0; Win64; x64) AppleWebKit/537.36 (KHTML, like Gecko) Chrome/114.0.0.0 Safari/537.36"
200.25.47.112 - - [25/Apr/2026:13:06:37 +0300] "POST /xmlrpc.php HTTP/1.1" 200 16387 "-" "Mozilla/5.0 (Windows NT 10.0; Win64; x64) AppleWebKit/537.36 (KHTML, like Gecko) Chrome/114.0.0.0 Safari/537.36"
200.25.47.112 - - [25/Apr/2026:13:06:52 +0300] "GET /slots-a-qualquer-real-jogue-as-melhores-slots-acimade-2026/ HTTP/1.1" 200 80013 "-" "Mozilla/5.0 (Windows NT 10.0; Win64; x64) AppleWebKit/537.36 (KHTML, like Gecko) Chrome/109.0.0.0 Safari/537.36"
185.216.113.70 - - [25/Apr/2026:13:08:42 +0300] "POST /wp-cron.php?doing_wp_cron=1777111722.3630149364471435546875 HTTP/1.1" 200 448 "-" "WordPress/6.3.8; https://serhatburke.miroglu.net"
37.139.53.240 - - [25/Apr/2026:13:08:22 +0300] "POST / HTTP/2" 200 18274 "-" "Mozilla/5.0 (Macintosh; Intel Mac OS X 10_15_7) AppleWebKit/605.1.15 (KHTML, like Gecko) Version/18.0 Safari/605.1.15"
178.175.140.148 - - [25/Apr/2026:13:08:37 +0300] "POST /xmlrpc.php HTTP/1.1" 200 630 "-" "Mozilla/5.0 (Windows NT 10.0; Win64; x64) AppleWebKit/537.36 (KHTML, like Gecko) Chrome/114.0.0.0 Safari/537.36"
207.46.13.78 - - [25/Apr/2026:13:08:39 +0300] "GET /kraken-bezopasnyi-dostup-k-onion-ssylkam-2026-42/ HTTP/2" 200 18545 "-" "Mozilla/5.0 AppleWebKit/537.36 (KHTML, like Gecko; compatible; bingbot/2.0; +http://www.bing.com/bingbot.htm) Chrome/116.0.1938.76 Safari/537.36"
178.175.140.148 - - [25/Apr/2026:13:09:00 +0300] "POST /xmlrpc.php HTTP/1.1" 200 9200 "-" "Mozilla/5.0 (Windows NT 10.0; Win64; x64) AppleWebKit/537.36 (KHTML, like Gecko) Chrome/114.0.0.0 Safari/537.36"
165.73.240.150 - - [25/Apr/2026:13:09:05 +0300] "POST /xmlrpc.php HTTP/1.1" 200 630 "-" "Mozilla/5.0 (Windows NT 10.0; Win64; x64) AppleWebKit/537.36 (KHTML, like Gecko) Chrome/114.0.0.0 Safari/537.36"
178.175.140.148 - - [25/Apr/2026:13:09:13 +0300] "GET /132-camarades-avec-qui-affiche-les-jeux-en-surfant-sur-malina-salle-de-jeu/ HTTP/1.1" 200 73325 "-" "Mozilla/5.0 (Windows NT 10.0; Win64; x64; rv:125.0) Gecko/20100101 Firefox/125.0"
200.25.47.112 - - [25/Apr/2026:13:09:15 +0300] "POST /xmlrpc.php HTTP/1.1" 200 630 "-" "Mozilla/5.0 (Windows NT 10.0; Win64; x64) AppleWebKit/537.36 (KHTML, like Gecko) Chrome/114.0.0.0 Safari/537.36"
185.216.113.70 - - [25/Apr/2026:13:09:41 +0300] "POST /wp-cron.php?doing_wp_cron=1777111781.1467769145965576171875 HTTP/1.1" 200 448 "-" "WordPress/6.3.8; https://serhatburke.miroglu.net"
165.73.240.150 - - [25/Apr/2026:13:09:25 +0300] "POST /xmlrpc.php HTTP/1.1" 200 13721 "-" "Mozilla/5.0 (Windows NT 10.0; Win64; x64) AppleWebKit/537.36 (KHTML, like Gecko) Chrome/114.0.0.0 Safari/537.36"
200.25.47.112 - - [25/Apr/2026:13:09:37 +0300] "POST /xmlrpc.php HTTP/1.1" 200 16178 "-" "Mozilla/5.0 (Windows NT 10.0; Win64; x64) AppleWebKit/537.36 (KHTML, like Gecko) Chrome/114.0.0.0 Safari/537.36"
165.73.240.150 - - [25/Apr/2026:13:09:43 +0300] "GET /black-jack-method-come-across-finest-tricks-and-tips-casino-glimmer-a-hundred-totally-free-spins-here-ministere-de-los-angeles-sante-publique/ HTTP/1.1" 200 79232 "-" "Mozilla/5.0 (Windows NT 10.0; Win64; x64) AppleWebKit/537.36 (KHTML, like Gecko) Chrome/124.0.0.0 Safari/537.36"
200.25.47.112 - - [25/Apr/2026:13:09:56 +0300] "GET /pragmatic-play-e-barulho-superior-provedor-infantilidade-software-que-slots-jogos/ HTTP/1.1" 200 80781 "-" "Mozilla/5.0 (Windows NT 10.0; Win64; x64; rv:124.0) Gecko/20100101 Firefox/124.0"
185.216.113.70 - - [25/Apr/2026:13:10:41 +0300] "POST /wp-cron.php?doing_wp_cron=1777111841.8575289249420166015625 HTTP/1.1" 200 448 "-" "WordPress/6.3.8; https://serhatburke.miroglu.net"
52.167.144.159 - - [25/Apr/2026:13:10:29 +0300] "GET /wie-gleichfalls-holt-male-gegenseitig-diesseitigen-feuer-speiender-berg-las-vegas-promo-code/ HTTP/2" 200 18101 "-" "Mozilla/5.0 AppleWebKit/537.36 (KHTML, like Gecko; compatible; bingbot/2.0; +http://www.bing.com/bingbot.htm) Chrome/116.0.1938.76 Safari/537.36"
207.46.13.78 - - [25/Apr/2026:13:11:21 +0300] "GET /you-unlock-picks-forecasts-possibility-to-have-2025-pga-journey-feel/ HTTP/2" 200 18611 "-" "Mozilla/5.0 AppleWebKit/537.36 (KHTML, like Gecko; compatible; bingbot/2.0; +http://www.bing.com/bingbot.htm) Chrome/116.0.1938.76 Safari/537.36"
185.216.113.70 - - [25/Apr/2026:13:11:45 +0300] "POST /wp-cron.php?doing_wp_cron=1777111905.5075509548187255859375 HTTP/1.1" 200 448 "-" "WordPress/6.3.8; https://serhatburke.miroglu.net"
52.167.144.159 - - [25/Apr/2026:13:11:31 +0300] "GET /403-inte-tillganglig-94/ HTTP/2" 200 151805 "-" "Mozilla/5.0 AppleWebKit/537.36 (KHTML, like Gecko; compatible; bingbot/2.0; +http://www.bing.com/bingbot.htm) Chrome/116.0.1938.76 Safari/537.36"
40.77.167.14 - - [25/Apr/2026:13:11:36 +0300] "GET /directory-of-300-casino-added-bonus-also-offers-energetic-as-of-february-2026/ HTTP/2" 200 19779 "-" "Mozilla/5.0 AppleWebKit/537.36 (KHTML, like Gecko; compatible; bingbot/2.0; +http://www.bing.com/bingbot.htm) Chrome/116.0.1938.76 Safari/537.36"
207.46.13.78 - - [25/Apr/2026:13:11:41 +0300] "GET /lucaswychan-dj-wild-online-triviaqa-pairs-hard-neg-reasoning-embedding/ HTTP/2" 200 18794 "-" "Mozilla/5.0 AppleWebKit/537.36 (KHTML, like Gecko; compatible; bingbot/2.0; +http://www.bing.com/bingbot.htm) Chrome/116.0.1938.76 Safari/537.36"
207.46.13.78 - - [25/Apr/2026:13:11:58 +0300] "GET /post-sitemap59.xml HTTP/2" 200 94662 "-" "Mozilla/5.0 AppleWebKit/537.36 (KHTML, like Gecko; compatible; bingbot/2.0; +http://www.bing.com/bingbot.htm) Chrome/116.0.1938.76 Safari/537.36"
62.57.150.121 - - [25/Apr/2026:13:12:04 +0300] "POST /xmlrpc.php HTTP/2" 200 141 "-" "WordPress/XMLRPC Client"
40.77.167.14 - - [25/Apr/2026:13:12:05 +0300] "GET /microgaming-wird-einer-das-altesten-unter-anderem-bekanntesten-versorger-von-moglich-casino-applikation-bei-der-tatigkeit/ HTTP/2" 200 17712 "-" "Mozilla/5.0 AppleWebKit/537.36 (KHTML, like Gecko; compatible; bingbot/2.0; +http://www.bing.com/bingbot.htm) Chrome/116.0.1938.76 Safari/537.36"
185.216.113.70 - - [25/Apr/2026:13:12:33 +0300] "POST /wp-cron.php?doing_wp_cron=1777111953.3355369567871093750000 HTTP/1.1" 200 448 "-" "WordPress/6.3.8; https://serhatburke.miroglu.net"
62.57.150.121 - - [25/Apr/2026:13:12:20 +0300] "GET /?p=135402 HTTP/2" 301 0 "-" "Mozilla/5.0 (Windows NT 10.0; Win64; x64) AppleWebKit/537.36 (KHTML, like Gecko) Chrome/120.0.0.0 Safari/537.36"
200.25.47.112 - - [25/Apr/2026:13:12:36 +0300] "POST /xmlrpc.php HTTP/1.1" 200 630 "-" "Mozilla/5.0 (Windows NT 10.0; Win64; x64) AppleWebKit/537.36 (KHTML, like Gecko) Chrome/114.0.0.0 Safari/537.36"
200.25.47.112 - - [25/Apr/2026:13:12:55 +0300] "POST /xmlrpc.php HTTP/1.1" 200 15636 "-" "Mozilla/5.0 (Windows NT 10.0; Win64; x64) AppleWebKit/537.36 (KHTML, like Gecko) Chrome/114.0.0.0 Safari/537.36"
200.25.47.112 - - [25/Apr/2026:13:13:10 +0300] "GET /acrescentar-classe-mario-quintana-e-uma-classe-especial-sobre-pelotas-rs/ HTTP/1.1" 200 79796 "-" "Mozilla/5.0 (Windows NT 10.0; Win64; x64) AppleWebKit/537.36 (KHTML, like Gecko) Chrome/123.0.0.0 Safari/537.36 OPR/109.0.0.0"
185.216.113.70 - - [25/Apr/2026:13:14:12 +0300] "POST /wp-cron.php?doing_wp_cron=1777112052.7860939502716064453125 HTTP/1.1" 200 448 "-" "WordPress/6.3.8; https://serhatburke.miroglu.net"
66.249.73.1 - - [25/Apr/2026:13:14:01 +0300] "GET /robots.txt HTTP/1.1" 200 719 "-" "Mozilla/5.0 (compatible; Googlebot/2.1; +http://www.google.com/bot.html)"
66.249.73.14 - - [25/Apr/2026:13:14:15 +0300] "GET /wp-includes/css/dist/block-library/style.min.css?ver=6.3.8 HTTP/1.1" 200 13578 "https://serhatburke.miroglu.net/" "Mozilla/5.0 (compatible; Googlebot/2.1; +http://www.google.com/bot.html)"
66.249.73.14 - - [25/Apr/2026:13:14:24 +0300] "GET /wp-content/themes/toppic/css/fontello.css?ver=4.2 HTTP/1.1" 200 1802 "https://serhatburke.miroglu.net/" "Mozilla/5.0 (compatible; Googlebot/2.1; +http://www.google.com/bot.html)"
66.249.73.14 - - [25/Apr/2026:13:14:40 +0300] "GET /wp-content/themes/toppic/css/woocommerce.css?ver=4.2 HTTP/1.1" 200 2848 "https://serhatburke.miroglu.net/" "Mozilla/5.0 (compatible; Googlebot/2.1; +http://www.google.com/bot.html)"
66.249.73.14 - - [25/Apr/2026:13:14:45 +0300] "GET /wp-includes/css/dist/block-library/style.min.css?ver=6.3.8 HTTP/1.1" 200 13578 "https://serhatburke.miroglu.net/" "Mozilla/5.0 (compatible; Googlebot/2.1; +http://www.google.com/bot.html)"
66.249.73.14 - - [25/Apr/2026:13:14:54 +0300] "GET /wp-content/themes/toppic/js/jquery.parallax.custom.js?ver=4.2 HTTP/1.1" 200 1346 "https://serhatburke.miroglu.net/" "Mozilla/5.0 (compatible; Googlebot/2.1; +http://www.google.com/bot.html)"
66.249.73.1 - - [25/Apr/2026:13:15:01 +0300] "GET /wp-content/themes/toppic/js/jquery.mtree.js?ver=4.2 HTTP/1.1" 200 1509 "https://serhatburke.miroglu.net/" "Mozilla/5.0 (compatible; Googlebot/2.1; +http://www.google.com/bot.html)"
185.216.113.70 - - [25/Apr/2026:13:15:09 +0300] "POST /wp-cron.php?doing_wp_cron=1777112109.6933460235595703125000 HTTP/1.1" 200 448 "-" "WordPress/6.3.8; https://serhatburke.miroglu.net"
165.73.240.150 - - [25/Apr/2026:13:14:57 +0300] "POST /xmlrpc.php HTTP/1.1" 200 630 "-" "Mozilla/5.0 (Windows NT 10.0; Win64; x64) AppleWebKit/537.36 (KHTML, like Gecko) Chrome/114.0.0.0 Safari/537.36"
66.249.73.14 - - [25/Apr/2026:13:15:25 +0300] "GET /wp-content/themes/toppic/css/responsive.css?ver=4.2 HTTP/1.1" 200 2796 "https://serhatburke.miroglu.net/" "Mozilla/5.0 (compatible; Googlebot/2.1; +http://www.google.com/bot.html)"
165.73.240.150 - - [25/Apr/2026:13:15:17 +0300] "POST /xmlrpc.php HTTP/1.1" 200 13716 "-" "Mozilla/5.0 (Windows NT 10.0; Win64; x64) AppleWebKit/537.36 (KHTML, like Gecko) Chrome/114.0.0.0 Safari/537.36"
66.249.73.14 - - [25/Apr/2026:13:15:38 +0300] "GET /wp-content/themes/toppic/css/rs-default.css?ver=4.2 HTTP/1.1" 200 2625 "https://serhatburke.miroglu.net/" "Mozilla/5.0 (compatible; Googlebot/2.1; +http://www.google.com/bot.html)"
185.216.113.70 - - [25/Apr/2026:13:15:43 +0300] "POST /wp-cron.php?doing_wp_cron=1777112143.6143729686737060546875 HTTP/1.1" 200 448 "-" "WordPress/6.3.8; https://serhatburke.miroglu.net"
66.249.73.14 - - [25/Apr/2026:13:15:45 +0300] "GET /wp-content/plugins/contact-form-7/includes/js/index.js?ver=5.8 HTTP/1.1" 200 4546 "https://serhatburke.miroglu.net/" "Mozilla/5.0 (compatible; Googlebot/2.1; +http://www.google.com/bot.html)"
165.73.240.150 - - [25/Apr/2026:13:15:31 +0300] "GET /leading-casino-gambling-publication-to-own-30-decades/ HTTP/1.1" 200 76853 "-" "Mozilla/5.0 (Windows NT 10.0; rv:109.0) Gecko/20100101 Firefox/115.0"
200.25.47.112 - - [25/Apr/2026:13:15:39 +0300] "POST /xmlrpc.php HTTP/1.1" 200 630 "-" "Mozilla/5.0 (Windows NT 10.0; Win64; x64) AppleWebKit/537.36 (KHTML, like Gecko) Chrome/114.0.0.0 Safari/537.36"
66.249.73.14 - - [25/Apr/2026:13:15:57 +0300] "GET /wp-content/themes/toppic/js/jquery.tipsy.js?ver=4.2 HTTP/1.1" 200 1455 "https://serhatburke.miroglu.net/" "Mozilla/5.0 (compatible; Googlebot/2.1; +http://www.google.com/bot.html)"
66.249.73.15 - - [25/Apr/2026:13:16:09 +0300] "GET /wp-content/themes/toppic/js/lazysizes.min.js?ver=4.2 HTTP/1.1" 200 3803 "https://serhatburke.miroglu.net/" "Mozilla/5.0 (compatible; Googlebot/2.1; +http://www.google.com/bot.html)"
200.25.47.112 - - [25/Apr/2026:13:15:59 +0300] "POST /xmlrpc.php HTTP/1.1" 200 16391 "-" "Mozilla/5.0 (Windows NT 10.0; Win64; x64) AppleWebKit/537.36 (KHTML, like Gecko) Chrome/114.0.0.0 Safari/537.36"
66.249.73.14 - - [25/Apr/2026:13:16:29 +0300] "GET /wp-content/themes/toppic/css/reset.css?ver=4.2 HTTP/1.1" 200 1178 "https://serhatburke.miroglu.net/" "Mozilla/5.0 (compatible; Googlebot/2.1; +http://www.google.com/bot.html)"
200.25.47.112 - - [25/Apr/2026:13:16:13 +0300] "GET /tommy-slingshot-aparelhamento-online-engano-acercade-minijogos-magic-ball-giros-livres-infantilidade-slot-com-br/ HTTP/1.1" 200 81375 "-" "Mozilla/5.0 (Windows NT 10.0; rv:109.0) Gecko/20100101 Firefox/115.0"
66.249.73.14 - - [25/Apr/2026:13:16:40 +0300] "GET /wp-content/plugins/contact-form-7/includes/swv/js/index.js?ver=5.8 HTTP/1.1" 200 3689 "https://serhatburke.miroglu.net/" "Mozilla/5.0 (compatible; Googlebot/2.1; +http://www.google.com/bot.html)"
66.249.73.14 - - [25/Apr/2026:13:16:49 +0300] "GET /wp-includes/js/jquery/jquery-migrate.min.js?ver=3.4.1 HTTP/1.1" 200 5306 "https://serhatburke.miroglu.net/" "Mozilla/5.0 (compatible; Googlebot/2.1; +http://www.google.com/bot.html)"
66.249.73.14 - - [25/Apr/2026:13:16:58 +0300] "GET /wp-content/themes/toppic/js/scrollMonitor.js?ver=4.2 HTTP/1.1" 200 3166 "https://serhatburke.miroglu.net/" "Mozilla/5.0 (compatible; Googlebot/2.1; +http://www.google.com/bot.html)"
66.249.73.1 - - [25/Apr/2026:13:17:10 +0300] "GET /wp-content/themes/toppic/js/jquery.touchswipe.js?ver=4.2 HTTP/1.1" 200 5362 "https://serhatburke.miroglu.net/" "Mozilla/5.0 (compatible; Googlebot/2.1; +http://www.google.com/bot.html)"
66.249.73.14 - - [25/Apr/2026:13:17:19 +0300] "GET /wp-content/themes/toppic/js/scrollMonitor.js?ver=4.2 HTTP/1.1" 200 3166 "https://serhatburke.miroglu.net/" "Mozilla/5.0 (compatible; Googlebot/2.1; +http://www.google.com/bot.html)"
66.249.73.14 - - [25/Apr/2026:13:17:30 +0300] "GET /celebrate-9casino-uk-big-slot-wins-with-us/ HTTP/1.1" 200 0 "https://gqsca.driftengine-games.info/" "Mozilla/5.0 (Linux; Android 6.0.1; Nexus 5X Build/MMB29P) AppleWebKit/537.36 (KHTML, like Gecko) Chrome/146.0.7680.177 Mobile Safari/537.36 (compatible; Googlebot/2.1; +http://www.google.com/bot.html)"
185.216.113.70 - - [25/Apr/2026:13:17:47 +0300] "POST /wp-cron.php?doing_wp_cron=1777112267.5123460292816162109375 HTTP/1.1" 200 448 "-" "WordPress/6.3.8; https://serhatburke.miroglu.net"
178.175.140.148 - - [25/Apr/2026:13:17:32 +0300] "POST /xmlrpc.php HTTP/1.1" 200 630 "-" "Mozilla/5.0 (Windows NT 10.0; Win64; x64) AppleWebKit/537.36 (KHTML, like Gecko) Chrome/114.0.0.0 Safari/537.36"
178.175.140.148 - - [25/Apr/2026:13:17:53 +0300] "POST /xmlrpc.php HTTP/1.1" 200 9085 "-" "Mozilla/5.0 (Windows NT 10.0; Win64; x64) AppleWebKit/537.36 (KHTML, like Gecko) Chrome/114.0.0.0 Safari/537.36"
