64.228.20.211 - - [25/Apr/2026:23:16:04 +0300] "POST /wp-login.php HTTP/2" 302 0 "https://serhatburke.miroglu.net/wp-login.php" "Mozilla/5.0 (Windows NT 10.0; Win64; x64) AppleWebKit/537.36"
128.1.218.163 - - [25/Apr/2026:23:16:21 +0300] "POST /xmlrpc.php HTTP/1.1" 200 630 "-" "Mozilla/5.0 (Windows NT 10.0; Win64; x64) AppleWebKit/537.36 (KHTML, like Gecko) Chrome/114.0.0.0 Safari/537.36"
185.216.113.70 - - [25/Apr/2026:23:16:57 +0300] "POST /wp-cron.php?doing_wp_cron=1777148217.2103540897369384765625 HTTP/1.1" 200 448 "-" "WordPress/6.3.8; https://serhatburke.miroglu.net"
147.182.214.118 - - [25/Apr/2026:23:16:37 +0300] "POST /xmlrpc.php HTTP/1.1" 200 630 "-" "Mozilla/5.0 (Windows NT 10.0; Win64; x64) AppleWebKit/537.36 (KHTML, like Gecko) Chrome/114.0.0.0 Safari/537.36"
66.249.73.1 - - [25/Apr/2026:23:16:37 +0300] "GET /pinco-online-kazino-azrbaycanda-oyun-seimlri-v-turnirlr1016-2/ HTTP/1.1" 200 18520 "-" "Mozilla/5.0 (Linux; Android 6.0.1; Nexus 5X Build/MMB29P) AppleWebKit/537.36 (KHTML, like Gecko) Chrome/146.0.7680.177 Mobile Safari/537.36 (compatible; Googlebot/2.1; +http://www.google.com/bot.html)"
128.1.218.163 - - [25/Apr/2026:23:16:39 +0300] "POST /xmlrpc.php HTTP/1.1" 200 16336 "-" "Mozilla/5.0 (Windows NT 10.0; Win64; x64) AppleWebKit/537.36 (KHTML, like Gecko) Chrome/114.0.0.0 Safari/537.36"
147.182.214.118 - - [25/Apr/2026:23:17:03 +0300] "POST /xmlrpc.php HTTP/1.1" 200 8589 "-" "Mozilla/5.0 (Windows NT 10.0; Win64; x64) AppleWebKit/537.36 (KHTML, like Gecko) Chrome/114.0.0.0 Safari/537.36"
128.1.218.163 - - [25/Apr/2026:23:17:02 +0300] "GET /dunder-casino-sverige-addisjon-recension-och-live-casino/ HTTP/1.1" 200 80046 "-" "Mozilla/5.0 (Windows NT 10.0; Win64; x64; rv:125.0) Gecko/20100101 Firefox/125.0"
147.182.214.118 - - [25/Apr/2026:23:17:21 +0300] "GET /a-znacznie-lepiej-brzmia-powinienes-faktycznie-sa-za-darmo/ HTTP/1.1" 200 72798 "-" "Mozilla/5.0 (Windows NT 10.0; Win64; x64) AppleWebKit/537.36 (KHTML, like Gecko) Chrome/124.0.0.0 Safari/537.36"
66.249.73.14 - - [25/Apr/2026:23:17:27 +0300] "GET /pinco-online-kazino-azrbaycanda-oyun-seimlri-v-turnirlr1016-2/undefined?ts=1775520000 HTTP/1.1" 200 0 "https://serhatburke.miroglu.net/pinco-online-kazino-azrbaycanda-oyun-seimlri-v-turnirlr1016-2/" "Mozilla/5.0 (Linux; Android 6.0.1; Nexus 5X Build/MMB29P) AppleWebKit/537.36 (KHTML, like Gecko) Chrome/146.0.7680.177 Mobile Safari/537.36 (compatible; Googlebot/2.1; +http://www.google.com/bot.html)"
185.216.113.70 - - [25/Apr/2026:23:17:40 +0300] "POST /wp-cron.php?doing_wp_cron=1777148260.2091069221496582031250 HTTP/1.1" 200 448 "-" "WordPress/6.3.8; https://serhatburke.miroglu.net"
128.1.218.163 - - [25/Apr/2026:23:17:52 +0300] "POST /xmlrpc.php HTTP/1.1" 200 630 "-" "Mozilla/5.0 (Windows NT 10.0; Win64; x64) AppleWebKit/537.36 (KHTML, like Gecko) Chrome/114.0.0.0 Safari/537.36"
147.182.214.118 - - [25/Apr/2026:23:17:55 +0300] "POST /xmlrpc.php HTTP/1.1" 200 630 "-" "Mozilla/5.0 (Windows NT 10.0; Win64; x64) AppleWebKit/537.36 (KHTML, like Gecko) Chrome/114.0.0.0 Safari/537.36"
66.249.73.14 - - [25/Apr/2026:23:18:04 +0300] "GET /dragon-money-dragon-mani-kak-nacat-igrat2027/ HTTP/1.1" 200 20604 "-" "Mozilla/5.0 (Linux; Android 6.0.1; Nexus 5X Build/MMB29P) AppleWebKit/537.36 (KHTML, like Gecko) Chrome/146.0.7680.177 Mobile Safari/537.36 (compatible; Googlebot/2.1; +http://www.google.com/bot.html)"
185.216.113.70 - - [25/Apr/2026:23:18:35 +0300] "POST /wp-cron.php?doing_wp_cron=1777148315.2001230716705322265625 HTTP/1.1" 200 448 "-" "WordPress/6.3.8; https://serhatburke.miroglu.net"
40.77.167.235 - - [25/Apr/2026:23:18:07 +0300] "GET /leveraging-dexscreener-for-optimal-dex-trading-strategies/ HTTP/2" 200 18279 "-" "Mozilla/5.0 AppleWebKit/537.36 (KHTML, like Gecko; compatible; bingbot/2.0; +http://www.bing.com/bingbot.htm) Chrome/116.0.1938.76 Safari/537.36"
197.185.149.11 - - [25/Apr/2026:23:18:20 +0300] "GET /wp-login.php HTTP/2" 200 0 "-" "Mozilla/5.0 (Windows NT 10.0; Win64; x64) AppleWebKit/537.36"
128.1.218.163 - - [25/Apr/2026:23:18:12 +0300] "POST /xmlrpc.php HTTP/1.1" 200 15948 "-" "Mozilla/5.0 (Windows NT 10.0; Win64; x64) AppleWebKit/537.36 (KHTML, like Gecko) Chrome/114.0.0.0 Safari/537.36"
147.182.214.118 - - [25/Apr/2026:23:18:15 +0300] "POST /xmlrpc.php HTTP/1.1" 200 8785 "-" "Mozilla/5.0 (Windows NT 10.0; Win64; x64) AppleWebKit/537.36 (KHTML, like Gecko) Chrome/114.0.0.0 Safari/537.36"
129.227.39.118 - - [25/Apr/2026:23:18:24 +0300] "POST /xmlrpc.php HTTP/1.1" 200 630 "-" "Mozilla/5.0 (Windows NT 10.0; Win64; x64) AppleWebKit/537.36 (KHTML, like Gecko) Chrome/114.0.0.0 Safari/537.36"
40.77.167.3 - - [25/Apr/2026:23:18:37 +0300] "GET /totally-free-credits/ HTTP/2" 200 20037 "-" "Mozilla/5.0 AppleWebKit/537.36 (KHTML, like Gecko; compatible; bingbot/2.0; +http://www.bing.com/bingbot.htm) Chrome/116.0.1938.76 Safari/537.36"
40.77.167.235 - - [25/Apr/2026:23:18:40 +0300] "GET /bao-casino-remark-2026-free-spins-incentive-codes-into-the/ HTTP/2" 200 19288 "-" "Mozilla/5.0 AppleWebKit/537.36 (KHTML, like Gecko; compatible; bingbot/2.0; +http://www.bing.com/bingbot.htm) Chrome/116.0.1938.76 Safari/537.36"
128.1.218.163 - - [25/Apr/2026:23:18:53 +0300] "GET /norske-casinoer-testet-og-vurdert-2026/ HTTP/1.1" 200 79202 "-" "Mozilla/5.0 (Windows NT 10.0; rv:109.0) Gecko/20100101 Firefox/115.0"
147.182.214.118 - - [25/Apr/2026:23:18:55 +0300] "GET /bezkosztowe-spiny-do-mr-bet-%EF%BF%BD-bonus-bez-depozytu/ HTTP/1.1" 200 72677 "-" "Mozilla/5.0 (Windows NT 10.0; Win64; x64) AppleWebKit/537.36 (KHTML, like Gecko) Chrome/109.0.0.0 Safari/537.36"
185.216.113.70 - - [25/Apr/2026:23:19:39 +0300] "POST /wp-cron.php?doing_wp_cron=1777148379.0124750137329101562500 HTTP/1.1" 200 448 "-" "WordPress/6.3.8; https://serhatburke.miroglu.net"
129.227.39.118 - - [25/Apr/2026:23:19:11 +0300] "POST /xmlrpc.php HTTP/1.1" 200 13496 "-" "Mozilla/5.0 (Windows NT 10.0; Win64; x64) AppleWebKit/537.36 (KHTML, like Gecko) Chrome/114.0.0.0 Safari/537.36"
185.216.113.70 - - [25/Apr/2026:23:19:42 +0300] "POST /wp-cron.php?doing_wp_cron=1777148382.7222130298614501953125 HTTP/1.1" 200 448 "-" "WordPress/6.3.8; https://serhatburke.miroglu.net"
147.182.214.118 - - [25/Apr/2026:23:19:15 +0300] "POST /xmlrpc.php HTTP/1.1" 200 630 "-" "Mozilla/5.0 (Windows NT 10.0; Win64; x64) AppleWebKit/537.36 (KHTML, like Gecko) Chrome/114.0.0.0 Safari/537.36"
185.216.113.70 - - [25/Apr/2026:23:19:49 +0300] "POST /wp-cron.php?doing_wp_cron=1777148389.3145298957824707031250 HTTP/1.1" 200 448 "-" "WordPress/6.3.8; https://serhatburke.miroglu.net"
193.36.38.228 - - [25/Apr/2026:23:19:21 +0300] "POST /xmlrpc.php HTTP/1.1" 200 692 "-" "Mozilla/5.0 (Windows NT 10.0; Win64; x64) AppleWebKit/537.36 (KHTML, like Gecko) Chrome/114.0.0.0 Safari/537.36"
185.216.113.70 - - [25/Apr/2026:23:19:58 +0300] "POST /wp-cron.php?doing_wp_cron=1777148398.6150081157684326171875 HTTP/1.1" 200 448 "-" "WordPress/6.3.8; https://serhatburke.miroglu.net"
40.77.167.3 - - [25/Apr/2026:23:19:27 +0300] "GET /bonuses-how-to-gamble-info-winners/ HTTP/2" 200 20355 "-" "Mozilla/5.0 AppleWebKit/537.36 (KHTML, like Gecko; compatible; bingbot/2.0; +http://www.bing.com/bingbot.htm) Chrome/116.0.1938.76 Safari/537.36"
129.227.39.118 - - [25/Apr/2026:23:19:40 +0300] "GET /a-knowledgeable-confirmed-black-jack-tips-that-work/ HTTP/1.1" 200 76927 "-" "Mozilla/5.0 (Windows NT 10.0; Win64; x64; rv:124.0) Gecko/20100101 Firefox/124.0"
66.249.73.15 - - [25/Apr/2026:23:19:45 +0300] "GET /pin-up-casino-azrbaycanda-onlayn-kazino-pin-up7657/ HTTP/1.1" 200 18301 "-" "Mozilla/5.0 (Linux; Android 6.0.1; Nexus 5X Build/MMB29P) AppleWebKit/537.36 (KHTML, like Gecko) Chrome/146.0.7680.177 Mobile Safari/537.36 (compatible; Googlebot/2.1; +http://www.google.com/bot.html)"
147.182.214.118 - - [25/Apr/2026:23:19:50 +0300] "POST /xmlrpc.php HTTP/1.1" 200 9052 "-" "Mozilla/5.0 (Windows NT 10.0; Win64; x64) AppleWebKit/537.36 (KHTML, like Gecko) Chrome/114.0.0.0 Safari/537.36"
193.36.38.228 - - [25/Apr/2026:23:19:56 +0300] "POST /xmlrpc.php HTTP/1.1" 200 11346 "-" "Mozilla/5.0 (Windows NT 10.0; Win64; x64) AppleWebKit/537.36 (KHTML, like Gecko) Chrome/114.0.0.0 Safari/537.36"
128.1.218.163 - - [25/Apr/2026:23:19:58 +0300] "POST /xmlrpc.php HTTP/1.1" 200 630 "-" "Mozilla/5.0 (Windows NT 10.0; Win64; x64) AppleWebKit/537.36 (KHTML, like Gecko) Chrome/114.0.0.0 Safari/537.36"
66.249.73.14 - - [25/Apr/2026:23:20:56 +0300] "GET /wp-content/plugins/contact-form-7/includes/css/styles.css?ver=5.8 HTTP/1.1" 200 1490 "https://serhatburke.miroglu.net/pin-up-casino-azrbaycanda-onlayn-kazino-pin-up7657/" "Mozilla/5.0 (Linux; Android 6.0.1; Nexus 5X Build/MMB29P) AppleWebKit/537.36 (KHTML, like Gecko) Chrome/146.0.7680.177 Mobile Safari/537.36 (compatible; Googlebot/2.1; +http://www.google.com/bot.html)"
185.216.113.70 - - [25/Apr/2026:23:21:04 +0300] "POST /wp-cron.php?doing_wp_cron=1777148464.6649219989776611328125 HTTP/1.1" 200 448 "-" "WordPress/6.3.8; https://serhatburke.miroglu.net"
185.216.113.70 - - [25/Apr/2026:23:21:04 +0300] "POST /wp-cron.php?doing_wp_cron=1777148464.8493359088897705078125 HTTP/1.1" 200 448 "-" "WordPress/6.3.8; https://serhatburke.miroglu.net"
147.182.214.118 - - [25/Apr/2026:23:20:39 +0300] "POST /xmlrpc.php HTTP/1.1" 200 630 "-" "Mozilla/5.0 (Windows NT 10.0; Win64; x64) AppleWebKit/537.36 (KHTML, like Gecko) Chrome/114.0.0.0 Safari/537.36"
147.182.214.118 - - [25/Apr/2026:23:20:41 +0300] "GET /mostbet-pl-przeciwko-calkowity-casino-jesli-dodatkowy-w-przeciwienstwie-do-wplaty-jest-wlasciwie-korzystniejszy-z-graczy-ktorzy-maja-polski/ HTTP/1.1" 200 75184 "-" "Mozilla/5.0 (Windows NT 10.0; Win64; x64) AppleWebKit/537.36 (KHTML, like Gecko) Chrome/123.0.0.0 Safari/537.36"
193.36.38.228 - - [25/Apr/2026:23:20:49 +0300] "GET /calkowicie-darmowy-motywacja-bez-depozytu-wydaj-wybor-przetestowania-da-ci-kasyna-bezpieczny-finansowego/ HTTP/1.1" 200 76656 "-" "Mozilla/5.0 (Windows NT 10.0; rv:125.0) Gecko/20100101 Firefox/125.0"
128.1.218.163 - - [25/Apr/2026:23:20:53 +0300] "POST /xmlrpc.php HTTP/1.1" 200 15354 "-" "Mozilla/5.0 (Windows NT 10.0; Win64; x64) AppleWebKit/537.36 (KHTML, like Gecko) Chrome/114.0.0.0 Safari/537.36"
66.249.73.15 - - [25/Apr/2026:23:21:13 +0300] "GET /pin-up-casino-azrbaycanda-onlayn-kazino-pin-up7657/undefined?ts=1775520000 HTTP/1.1" 200 0 "https://serhatburke.miroglu.net/pin-up-casino-azrbaycanda-onlayn-kazino-pin-up7657/" "Mozilla/5.0 (Linux; Android 6.0.1; Nexus 5X Build/MMB29P) AppleWebKit/537.36 (KHTML, like Gecko) Chrome/146.0.7680.177 Mobile Safari/537.36 (compatible; Googlebot/2.1; +http://www.google.com/bot.html)"
185.216.113.70 - - [25/Apr/2026:23:21:41 +0300] "POST /wp-cron.php?doing_wp_cron=1777148501.4110889434814453125000 HTTP/1.1" 200 448 "-" "WordPress/6.3.8; https://serhatburke.miroglu.net"
147.182.214.118 - - [25/Apr/2026:23:21:11 +0300] "POST /xmlrpc.php HTTP/1.1" 200 8892 "-" "Mozilla/5.0 (Windows NT 10.0; Win64; x64) AppleWebKit/537.36 (KHTML, like Gecko) Chrome/114.0.0.0 Safari/537.36"
128.1.218.163 - - [25/Apr/2026:23:21:23 +0300] "GET /freespins-for-casino-hent-freespins-uten-gave/ HTTP/1.1" 200 79090 "-" "Mozilla/5.0 (Windows NT 10.0; Win64; x64; rv:124.0) Gecko/20100101 Firefox/124.0"
193.36.38.228 - - [25/Apr/2026:23:21:37 +0300] "POST /xmlrpc.php HTTP/1.1" 200 692 "-" "Mozilla/5.0 (Windows NT 10.0; Win64; x64) AppleWebKit/537.36 (KHTML, like Gecko) Chrome/114.0.0.0 Safari/537.36"
147.182.214.118 - - [25/Apr/2026:23:21:43 +0300] "GET /1-nv-casino-%EF%BF%BD-80-ds-na-jednoreki-bandyta-candy-corner/ HTTP/1.1" 200 73207 "-" "Mozilla/5.0 (Windows NT 10.0; Win64; x64; rv:124.0) Gecko/20100101 Firefox/124.0"
147.182.214.118 - - [25/Apr/2026:23:21:56 +0300] "POST /xmlrpc.php HTTP/1.1" 200 630 "-" "Mozilla/5.0 (Windows NT 10.0; Win64; x64) AppleWebKit/537.36 (KHTML, like Gecko) Chrome/114.0.0.0 Safari/537.36"
128.1.218.163 - - [25/Apr/2026:23:22:01 +0300] "POST /xmlrpc.php HTTP/1.1" 200 630 "-" "Mozilla/5.0 (Windows NT 10.0; Win64; x64) AppleWebKit/537.36 (KHTML, like Gecko) Chrome/114.0.0.0 Safari/537.36"
193.36.38.228 - - [25/Apr/2026:23:22:06 +0300] "POST /xmlrpc.php HTTP/1.1" 200 10847 "-" "Mozilla/5.0 (Windows NT 10.0; Win64; x64) AppleWebKit/537.36 (KHTML, like Gecko) Chrome/114.0.0.0 Safari/537.36"
185.216.113.70 - - [25/Apr/2026:23:22:50 +0300] "POST /wp-cron.php?doing_wp_cron=1777148570.5492079257965087890625 HTTP/1.1" 200 448 "-" "WordPress/6.3.8; https://serhatburke.miroglu.net"
147.182.214.118 - - [25/Apr/2026:23:22:24 +0300] "POST /xmlrpc.php HTTP/1.1" 200 9246 "-" "Mozilla/5.0 (Windows NT 10.0; Win64; x64) AppleWebKit/537.36 (KHTML, like Gecko) Chrome/114.0.0.0 Safari/537.36"
52.167.144.236 - - [25/Apr/2026:23:22:25 +0300] "GET /how-bscscan-is-revolutionizing-crypto-trading/ HTTP/2" 200 18091 "-" "Mozilla/5.0 AppleWebKit/537.36 (KHTML, like Gecko; compatible; bingbot/2.0; +http://www.bing.com/bingbot.htm) Chrome/116.0.1938.76 Safari/537.36"
128.1.218.163 - - [25/Apr/2026:23:22:27 +0300] "POST /xmlrpc.php HTTP/1.1" 200 16216 "-" "Mozilla/5.0 (Windows NT 10.0; Win64; x64) AppleWebKit/537.36 (KHTML, like Gecko) Chrome/114.0.0.0 Safari/537.36"
193.36.38.228 - - [25/Apr/2026:23:22:28 +0300] "GET /zapoznaj-sie-z-warunkami-systemy-przed-wplata-%EF%BF%BD-zwlaszcza-jesli-potrzebujesz-uwolnic-moge-zapewniac-bonusowa/ HTTP/1.1" 200 76691 "-" "Mozilla/5.0 (Windows NT 10.0; Win64; x64) AppleWebKit/537.36 (KHTML, like Gecko) Chrome/124.0.0.0 Safari/537.36"
66.249.73.14 - - [25/Apr/2026:23:22:39 +0300] "GET /?p=125739 HTTP/1.1" 301 666 "-" "Mozilla/5.0 (Linux; Android 6.0.1; Nexus 5X Build/MMB29P) AppleWebKit/537.36 (KHTML, like Gecko) Chrome/146.0.7680.177 Mobile Safari/537.36 (compatible; Googlebot/2.1; +http://www.google.com/bot.html)"
147.182.214.118 - - [25/Apr/2026:23:22:57 +0300] "POST /xmlrpc.php HTTP/1.1" 200 630 "-" "Mozilla/5.0 (Windows NT 10.0; Win64; x64) AppleWebKit/537.36 (KHTML, like Gecko) Chrome/114.0.0.0 Safari/537.36"
147.182.214.118 - - [25/Apr/2026:23:22:51 +0300] "GET /balagan-crew-dwa-%EF%BF%BD-godny-potepienia-slot-czasowy-ktorzy-maja-wysokim-ryzykiem-od-hacksaw-gaming/ HTTP/1.1" 200 74671 "-" "Mozilla/5.0 (Windows NT 10.0; Win64; x64) AppleWebKit/537.36 (KHTML, like Gecko) Chrome/123.0.0.0 Safari/537.36"
128.1.218.163 - - [25/Apr/2026:23:22:59 +0300] "GET /bevegelse-og-beste-casinobonuser-indre-sett-gardist-born-1-gave-norge-2025-otes-corp/ HTTP/1.1" 200 80636 "-" "Mozilla/5.0 (Windows NT 10.0; Win64; x64; rv:125.0) Gecko/20100101 Firefox/125.0"
190.137.255.30 - - [25/Apr/2026:23:23:16 +0300] "GET /wp-login.php HTTP/2" 200 3538 "-" "Mozilla/5.0 (Windows NT 10.0; Win64; x64) AppleWebKit/537.36"
147.182.214.118 - - [25/Apr/2026:23:23:31 +0300] "POST /xmlrpc.php HTTP/1.1" 200 9509 "-" "Mozilla/5.0 (Windows NT 10.0; Win64; x64) AppleWebKit/537.36 (KHTML, like Gecko) Chrome/114.0.0.0 Safari/537.36"
190.137.255.30 - - [25/Apr/2026:23:23:33 +0300] "POST /wp-login.php HTTP/2" 302 0 "https://serhatburke.miroglu.net/wp-login.php" "Mozilla/5.0 (Windows NT 10.0; Win64; x64) AppleWebKit/537.36"
185.216.113.70 - - [25/Apr/2026:23:23:58 +0300] "POST /wp-cron.php?doing_wp_cron=1777148638.3849649429321289062500 HTTP/1.1" 200 448 "-" "WordPress/6.3.8; https://serhatburke.miroglu.net"
185.216.113.70 - - [25/Apr/2026:23:24:02 +0300] "POST /wp-cron.php?doing_wp_cron=1777148642.2884409427642822265625 HTTP/1.1" 200 448 "-" "WordPress/6.3.8; https://serhatburke.miroglu.net"
193.36.38.228 - - [25/Apr/2026:23:23:48 +0300] "POST /xmlrpc.php HTTP/1.1" 200 692 "-" "Mozilla/5.0 (Windows NT 10.0; Win64; x64) AppleWebKit/537.36 (KHTML, like Gecko) Chrome/114.0.0.0 Safari/537.36"
147.182.214.118 - - [25/Apr/2026:23:23:45 +0300] "GET /w-co-rozwazyc-przed-wyborem-bonusu-bez-depozytu-w-bezplatne-spiny/ HTTP/1.1" 200 73853 "-" "Mozilla/5.0 (Windows NT 10.0; Win64; x64) AppleWebKit/537.36 (KHTML, like Gecko) Chrome/122.0.0.0 Safari/537.36"
185.216.113.70 - - [25/Apr/2026:23:24:28 +0300] "POST /wp-cron.php?doing_wp_cron=1777148668.8112869262695312500000 HTTP/1.1" 200 448 "-" "WordPress/6.3.8; https://serhatburke.miroglu.net"
193.36.38.228 - - [25/Apr/2026:23:24:08 +0300] "POST /xmlrpc.php HTTP/1.1" 200 9045 "-" "Mozilla/5.0 (Windows NT 10.0; Win64; x64) AppleWebKit/537.36 (KHTML, like Gecko) Chrome/114.0.0.0 Safari/537.36"
147.182.214.118 - - [25/Apr/2026:23:24:15 +0300] "POST /xmlrpc.php HTTP/1.1" 200 630 "-" "Mozilla/5.0 (Windows NT 10.0; Win64; x64) AppleWebKit/537.36 (KHTML, like Gecko) Chrome/114.0.0.0 Safari/537.36"
129.227.39.118 - - [25/Apr/2026:23:24:15 +0300] "POST /xmlrpc.php HTTP/1.1" 200 630 "-" "Mozilla/5.0 (Windows NT 10.0; Win64; x64) AppleWebKit/537.36 (KHTML, like Gecko) Chrome/114.0.0.0 Safari/537.36"
66.249.73.15 - - [25/Apr/2026:23:24:21 +0300] "GET /rahasia-temukan-slot-gacor-terbaru-untuk-3/ HTTP/1.1" 200 286775 "-" "Mozilla/5.0 (Linux; Android 6.0.1; Nexus 5X Build/MMB29P) AppleWebKit/537.36 (KHTML, like Gecko) Chrome/146.0.7680.177 Mobile Safari/537.36 (compatible; Googlebot/2.1; +http://www.google.com/bot.html)"
128.1.218.163 - - [25/Apr/2026:23:24:23 +0300] "POST /xmlrpc.php HTTP/1.1" 200 630 "-" "Mozilla/5.0 (Windows NT 10.0; Win64; x64) AppleWebKit/537.36 (KHTML, like Gecko) Chrome/114.0.0.0 Safari/537.36"
193.36.38.228 - - [25/Apr/2026:23:24:29 +0300] "GET /od-dokladnie-angazowac-dodatkowy-bonus-w-bezplatne-obroty-bezpieczny-wlasnej-gotowki/ HTTP/1.1" 200 73876 "-" "Mozilla/5.0 (Windows NT 10.0; rv:125.0) Gecko/20100101 Firefox/125.0"
66.249.73.15 - - [25/Apr/2026:23:25:04 +0300] "GET /rahasia-temukan-slot-gacor-terbaru-untuk-3/undefined?ts=1775520000 HTTP/1.1" 200 0 "https://serhatburke.miroglu.net/rahasia-temukan-slot-gacor-terbaru-untuk-3/" "Mozilla/5.0 (Linux; Android 6.0.1; Nexus 5X Build/MMB29P) AppleWebKit/537.36 (KHTML, like Gecko) Chrome/146.0.7680.177 Mobile Safari/537.36 (compatible; Googlebot/2.1; +http://www.google.com/bot.html)"
185.216.113.70 - - [25/Apr/2026:23:25:31 +0300] "POST /wp-cron.php?doing_wp_cron=1777148731.3987360000610351562500 HTTP/1.1" 200 448 "-" "WordPress/6.3.8; https://serhatburke.miroglu.net"
129.227.39.118 - - [25/Apr/2026:23:24:53 +0300] "POST /xmlrpc.php HTTP/1.1" 200 13288 "-" "Mozilla/5.0 (Windows NT 10.0; Win64; x64) AppleWebKit/537.36 (KHTML, like Gecko) Chrome/114.0.0.0 Safari/537.36"
185.216.113.70 - - [25/Apr/2026:23:25:32 +0300] "POST /wp-cron.php?doing_wp_cron=1777148732.1441259384155273437500 HTTP/1.1" 200 448 "-" "WordPress/6.3.8; https://serhatburke.miroglu.net"
147.182.214.118 - - [25/Apr/2026:23:24:52 +0300] "POST /xmlrpc.php HTTP/1.1" 200 9617 "-" "Mozilla/5.0 (Windows NT 10.0; Win64; x64) AppleWebKit/537.36 (KHTML, like Gecko) Chrome/114.0.0.0 Safari/537.36"
185.216.113.70 - - [25/Apr/2026:23:25:36 +0300] "POST /wp-cron.php?doing_wp_cron=1777148736.3514220714569091796875 HTTP/1.1" 200 448 "-" "WordPress/6.3.8; https://serhatburke.miroglu.net"
98.98.197.184 - - [25/Apr/2026:23:24:53 +0300] "POST /xmlrpc.php HTTP/1.1" 200 630 "-" "Mozilla/5.0 (Windows NT 10.0; Win64; x64) AppleWebKit/537.36 (KHTML, like Gecko) Chrome/114.0.0.0 Safari/537.36"
185.216.113.70 - - [25/Apr/2026:23:25:47 +0300] "POST /wp-cron.php?doing_wp_cron=1777148747.0107989311218261718750 HTTP/1.1" 200 448 "-" "WordPress/6.3.8; https://serhatburke.miroglu.net"
185.216.113.70 - - [25/Apr/2026:23:25:51 +0300] "POST /wp-cron.php?doing_wp_cron=1777148751.6183400154113769531250 HTTP/1.1" 200 448 "-" "WordPress/6.3.8; https://serhatburke.miroglu.net"
128.1.218.163 - - [25/Apr/2026:23:25:05 +0300] "POST /xmlrpc.php HTTP/1.1" 200 15264 "-" "Mozilla/5.0 (Windows NT 10.0; Win64; x64) AppleWebKit/537.36 (KHTML, like Gecko) Chrome/114.0.0.0 Safari/537.36"
185.216.113.70 - - [25/Apr/2026:23:25:58 +0300] "POST /wp-cron.php?doing_wp_cron=1777148758.3252110481262207031250 HTTP/1.1" 200 448 "-" "WordPress/6.3.8; https://serhatburke.miroglu.net"
147.182.214.118 - - [25/Apr/2026:23:25:09 +0300] "POST /xmlrpc.php HTTP/1.1" 200 630 "-" "Mozilla/5.0 (Windows NT 10.0; Win64; x64) AppleWebKit/537.36 (KHTML, like Gecko) Chrome/114.0.0.0 Safari/537.36"
185.216.113.70 - - [25/Apr/2026:23:26:33 +0300] "POST /wp-cron.php?doing_wp_cron=1777148793.7253479957580566406250 HTTP/1.1" 200 448 "-" "WordPress/6.3.8; https://serhatburke.miroglu.net"
129.227.39.118 - - [25/Apr/2026:23:25:33 +0300] "GET /blackjack-event-information/ HTTP/1.1" 200 76248 "-" "Mozilla/5.0 (Windows NT 10.0; rv:125.0) Gecko/20100101 Firefox/125.0"
147.182.214.118 - - [25/Apr/2026:23:25:33 +0300] "GET /jak-sobie-poradzic-otrzymac-uwolnic-benefit-bez-depozytu-t-verde-twoj-collection-casino/ HTTP/1.1" 200 74459 "-" "Mozilla/5.0 (Windows NT 10.0; Win64; x64) AppleWebKit/537.36 (KHTML, like Gecko) Chrome/123.0.0.0 Safari/537.36"
66.249.73.14 - - [25/Apr/2026:23:25:41 +0300] "GET /1win-giri-trkiyede-online-casino18136-2/ HTTP/1.1" 200 18334 "-" "Mozilla/5.0 (Linux; Android 6.0.1; Nexus 5X Build/MMB29P) AppleWebKit/537.36 (KHTML, like Gecko) Chrome/146.0.7680.177 Mobile Safari/537.36 (compatible; Googlebot/2.1; +http://www.google.com/bot.html)"
193.36.38.228 - - [25/Apr/2026:23:25:49 +0300] "POST /xmlrpc.php HTTP/1.1" 200 692 "-" "Mozilla/5.0 (Windows NT 10.0; Win64; x64) AppleWebKit/537.36 (KHTML, like Gecko) Chrome/114.0.0.0 Safari/537.36"
128.1.218.163 - - [25/Apr/2026:23:25:55 +0300] "GET /nou-2016-17/ HTTP/1.1" 200 77941 "-" "Mozilla/5.0 (Windows NT 10.0; Win64; x64) AppleWebKit/537.36 (KHTML, like Gecko) Chrome/124.0.0.0 Safari/537.36 Edg/124.0.0.0"
147.182.214.118 - - [25/Apr/2026:23:26:05 +0300] "POST /xmlrpc.php HTTP/1.1" 200 9346 "-" "Mozilla/5.0 (Windows NT 10.0; Win64; x64) AppleWebKit/537.36 (KHTML, like Gecko) Chrome/114.0.0.0 Safari/537.36"
147.182.214.118 - - [25/Apr/2026:23:26:16 +0300] "POST /xmlrpc.php HTTP/1.1" 200 630 "-" "Mozilla/5.0 (Windows NT 10.0; Win64; x64) AppleWebKit/537.36 (KHTML, like Gecko) Chrome/114.0.0.0 Safari/537.36"
128.1.218.163 - - [25/Apr/2026:23:26:21 +0300] "POST /xmlrpc.php HTTP/1.1" 200 630 "-" "Mozilla/5.0 (Windows NT 10.0; Win64; x64) AppleWebKit/537.36 (KHTML, like Gecko) Chrome/114.0.0.0 Safari/537.36"
66.249.73.14 - - [25/Apr/2026:23:27:10 +0300] "GET /1win-giri-trkiyede-online-casino18136-2/undefined?ts=1775520000 HTTP/1.1" 200 0 "https://serhatburke.miroglu.net/1win-giri-trkiyede-online-casino18136-2/" "Mozilla/5.0 (Linux; Android 6.0.1; Nexus 5X Build/MMB29P) AppleWebKit/537.36 (KHTML, like Gecko) Chrome/146.0.7680.177 Mobile Safari/537.36 (compatible; Googlebot/2.1; +http://www.google.com/bot.html)"
185.216.113.70 - - [25/Apr/2026:23:27:37 +0300] "POST /wp-cron.php?doing_wp_cron=1777148857.0460560321807861328125 HTTP/1.1" 200 448 "-" "WordPress/6.3.8; https://serhatburke.miroglu.net"
193.36.38.228 - - [25/Apr/2026:23:27:04 +0300] "POST /xmlrpc.php HTTP/1.1" 200 9071 "-" "Mozilla/5.0 (Windows NT 10.0; Win64; x64) AppleWebKit/537.36 (KHTML, like Gecko) Chrome/114.0.0.0 Safari/537.36"
185.216.113.70 - - [25/Apr/2026:23:27:45 +0300] "POST /wp-cron.php?doing_wp_cron=1777148865.6200530529022216796875 HTTP/1.1" 200 448 "-" "WordPress/6.3.8; https://serhatburke.miroglu.net"
147.182.214.118 - - [25/Apr/2026:23:27:11 +0300] "GET /w-dowolnym-momencie-kasyna-bezkosztowe-spiny-ci-przyznalo-technologia-informacyjna-zapewne-powinienes-wyplacic-swoj-dodatkowy-bez-depozytu/ HTTP/1.1" 200 75460 "-" "Mozilla/5.0 (Windows NT 10.0; rv:109.0) Gecko/20100101 Firefox/115.0"
185.216.113.70 - - [25/Apr/2026:23:27:49 +0300] "POST /wp-cron.php?doing_wp_cron=1777148869.5452311038970947265625 HTTP/1.1" 200 448 "-" "WordPress/6.3.8; https://serhatburke.miroglu.net"
147.182.214.118 - - [25/Apr/2026:23:27:14 +0300] "POST /xmlrpc.php HTTP/1.1" 200 630 "-" "Mozilla/5.0 (Windows NT 10.0; Win64; x64) AppleWebKit/537.36 (KHTML, like Gecko) Chrome/114.0.0.0 Safari/537.36"
185.216.113.70 - - [25/Apr/2026:23:27:56 +0300] "POST /wp-cron.php?doing_wp_cron=1777148876.6042280197143554687500 HTTP/1.1" 200 448 "-" "WordPress/6.3.8; https://serhatburke.miroglu.net"
147.182.214.118 - - [25/Apr/2026:23:27:20 +0300] "POST /xmlrpc.php HTTP/1.1" 200 8869 "-" "Mozilla/5.0 (Windows NT 10.0; Win64; x64) AppleWebKit/537.36 (KHTML, like Gecko) Chrome/114.0.0.0 Safari/537.36"
185.216.113.70 - - [25/Apr/2026:23:28:04 +0300] "POST /wp-cron.php?doing_wp_cron=1777148884.1153490543365478515625 HTTP/1.1" 200 448 "-" "WordPress/6.3.8; https://serhatburke.miroglu.net"
128.1.218.163 - - [25/Apr/2026:23:27:25 +0300] "POST /xmlrpc.php HTTP/1.1" 200 16508 "-" "Mozilla/5.0 (Windows NT 10.0; Win64; x64) AppleWebKit/537.36 (KHTML, like Gecko) Chrome/114.0.0.0 Safari/537.36"
193.36.38.228 - - [25/Apr/2026:23:27:38 +0300] "GET /na-wraz-z-szybkie-wygrana-%EF%BF%BD-ma-tendencje-na-24-h-%EF%BF%BD-oraz-weekendowy-cashback-i-cotygodniowy-reload/ HTTP/1.1" 200 74418 "-" "Mozilla/5.0 (Windows NT 10.0; rv:109.0) Gecko/20100101 Firefox/115.0"
104.194.132.199 - - [25/Apr/2026:23:28:31 +0300] "GET /zotabet-casino-bonus-premier-depot-2026/ HTTP/1.1" 200 0 "-" "Mozilla/5.0 (Windows NT 10.0; WOW64) AppleWebKit/537.36 (KHTML, like Gecko) Chrome/114.0.0.0 Safari/537.36 Vivaldi/5.3.2679.68"
185.216.113.70 - - [25/Apr/2026:23:29:05 +0300] "POST /wp-cron.php?doing_wp_cron=1777148945.0018870830535888671875 HTTP/1.1" 200 448 "-" "WordPress/6.3.8; https://serhatburke.miroglu.net"
147.182.214.118 - - [25/Apr/2026:23:27:59 +0300] "POST /xmlrpc.php HTTP/1.1" 200 10696 "-" "Mozilla/5.0 (Windows NT 10.0; Win64; x64) AppleWebKit/537.36 (KHTML, like Gecko) Chrome/114.0.0.0 Safari/537.36"
185.216.113.70 - - [25/Apr/2026:23:29:07 +0300] "POST /wp-cron.php?doing_wp_cron=1777148947.2152650356292724609375 HTTP/1.1" 200 448 "-" "WordPress/6.3.8; https://serhatburke.miroglu.net"
147.182.214.118 - - [25/Apr/2026:23:28:00 +0300] "GET /byc-dostepnym-z-wyjatkowego-kasyno-internetowego-znajdziecie-nawet-wez-nienagrane-m/ HTTP/1.1" 200 73487 "-" "Mozilla/5.0 (Windows NT 10.0; Win64; x64; rv:125.0) Gecko/20100101 Firefox/125.0"
185.216.113.70 - - [25/Apr/2026:23:29:11 +0300] "POST /wp-cron.php?doing_wp_cron=1777148951.0979180335998535156250 HTTP/1.1" 200 448 "-" "WordPress/6.3.8; https://serhatburke.miroglu.net"
128.1.218.163 - - [25/Apr/2026:23:28:06 +0300] "GET /evolution-gaming-casino-topp-5-live-casino-paslat-norske-spillere/ HTTP/1.1" 200 80860 "-" "Mozilla/5.0 (Windows NT 10.0; Win64; x64; rv:125.0) Gecko/20100101 Firefox/125.0"
185.216.113.70 - - [25/Apr/2026:23:29:17 +0300] "POST /wp-cron.php?doing_wp_cron=1777148957.7092480659484863281250 HTTP/1.1" 200 448 "-" "WordPress/6.3.8; https://serhatburke.miroglu.net"
193.36.38.228 - - [25/Apr/2026:23:28:11 +0300] "POST /xmlrpc.php HTTP/1.1" 200 692 "-" "Mozilla/5.0 (Windows NT 10.0; Win64; x64) AppleWebKit/537.36 (KHTML, like Gecko) Chrome/114.0.0.0 Safari/537.36"
185.216.113.70 - - [25/Apr/2026:23:29:22 +0300] "POST /wp-cron.php?doing_wp_cron=1777148962.5345010757446289062500 HTTP/1.1" 200 448 "-" "WordPress/6.3.8; https://serhatburke.miroglu.net"
185.216.113.70 - - [25/Apr/2026:23:29:22 +0300] "POST /wp-cron.php?doing_wp_cron=1777148962.5336279869079589843750 HTTP/1.1" 200 448 "-" "WordPress/6.3.8; https://serhatburke.miroglu.net"
147.182.214.118 - - [25/Apr/2026:23:28:14 +0300] "POST /xmlrpc.php HTTP/1.1" 200 630 "-" "Mozilla/5.0 (Windows NT 10.0; Win64; x64) AppleWebKit/537.36 (KHTML, like Gecko) Chrome/114.0.0.0 Safari/537.36"
128.1.218.163 - - [25/Apr/2026:23:28:13 +0300] "POST /xmlrpc.php HTTP/1.1" 200 630 "-" "Mozilla/5.0 (Windows NT 10.0; Win64; x64) AppleWebKit/537.36 (KHTML, like Gecko) Chrome/114.0.0.0 Safari/537.36"
185.216.113.70 - - [25/Apr/2026:23:30:30 +0300] "POST /wp-cron.php?doing_wp_cron=1777149029.9126911163330078125000 HTTP/1.1" 200 448 "-" "WordPress/6.3.8; https://serhatburke.miroglu.net"
147.182.214.118 - - [25/Apr/2026:23:29:09 +0300] "POST /xmlrpc.php HTTP/1.1" 200 630 "-" "Mozilla/5.0 (Windows NT 10.0; Win64; x64) AppleWebKit/537.36 (KHTML, like Gecko) Chrome/114.0.0.0 Safari/537.36"
185.216.113.70 - - [25/Apr/2026:23:30:33 +0300] "POST /wp-cron.php?doing_wp_cron=1777149033.2162680625915527343750 HTTP/1.1" 200 448 "-" "WordPress/6.3.8; https://serhatburke.miroglu.net"
147.182.214.118 - - [25/Apr/2026:23:29:06 +0300] "GET /program-kodowania-promocyjny-w-bonusu-bez-depozytu-%EF%BF%BD-kasynoonline/ HTTP/1.1" 200 75103 "-" "Mozilla/5.0 (Windows NT 10.0; Win64; x64) AppleWebKit/537.36 (KHTML, like Gecko) Chrome/109.0.0.0 Safari/537.36"
185.216.113.70 - - [25/Apr/2026:23:30:49 +0300] "POST /wp-cron.php?doing_wp_cron=1777149049.7059268951416015625000 HTTP/1.1" 200 448 "-" "WordPress/6.3.8; https://serhatburke.miroglu.net"
128.1.218.163 - - [25/Apr/2026:23:29:29 +0300] "POST /xmlrpc.php HTTP/1.1" 200 17021 "-" "Mozilla/5.0 (Windows NT 10.0; Win64; x64) AppleWebKit/537.36 (KHTML, like Gecko) Chrome/114.0.0.0 Safari/537.36"
185.216.113.70 - - [25/Apr/2026:23:30:53 +0300] "POST /wp-cron.php?doing_wp_cron=1777149053.2141919136047363281250 HTTP/1.1" 200 448 "-" "WordPress/6.3.8; https://serhatburke.miroglu.net"
193.36.38.228 - - [25/Apr/2026:23:29:23 +0300] "POST /xmlrpc.php HTTP/1.1" 200 11999 "-" "Mozilla/5.0 (Windows NT 10.0; Win64; x64) AppleWebKit/537.36 (KHTML, like Gecko) Chrome/114.0.0.0 Safari/537.36"
185.216.113.70 - - [25/Apr/2026:23:30:56 +0300] "POST /wp-cron.php?doing_wp_cron=1777149055.8963329792022705078125 HTTP/1.1" 200 448 "-" "WordPress/6.3.8; https://serhatburke.miroglu.net"
66.249.73.15 - - [25/Apr/2026:23:29:39 +0300] "GET /rahasia-temukan-slot-gacor-terbaru-untuk-3/ HTTP/1.1" 200 287249 "-" "Mozilla/5.0 (Linux; Android 6.0.1; Nexus 5X Build/MMB29P) AppleWebKit/537.36 (KHTML, like Gecko) Chrome/146.0.7680.177 Mobile Safari/537.36 (compatible; Googlebot/2.1; +http://www.google.com/bot.html)"
185.216.113.70 - - [25/Apr/2026:23:30:59 +0300] "POST /wp-cron.php?doing_wp_cron=1777149059.1023299694061279296875 HTTP/1.1" 200 448 "-" "WordPress/6.3.8; https://serhatburke.miroglu.net"
147.182.214.118 - - [25/Apr/2026:23:29:29 +0300] "POST /xmlrpc.php HTTP/1.1" 200 9703 "-" "Mozilla/5.0 (Windows NT 10.0; Win64; x64) AppleWebKit/537.36 (KHTML, like Gecko) Chrome/114.0.0.0 Safari/537.36"
200.225.118.184 - - [25/Apr/2026:23:30:32 +0300] "GET /wp-login.php HTTP/2" 200 0 "-" "Mozilla/5.0 (Windows NT 10.0; Win64; x64) AppleWebKit/537.36"
66.249.73.14 - - [25/Apr/2026:23:31:11 +0300] "GET /wp-content/themes/toppic/js/scrollMonitor.js?ver=4.2 HTTP/1.1" 200 3166 "https://serhatburke.miroglu.net/rahasia-temukan-slot-gacor-terbaru-untuk-3/" "Mozilla/5.0 (Linux; Android 6.0.1; Nexus 5X Build/MMB29P) AppleWebKit/537.36 (KHTML, like Gecko) Chrome/146.0.7680.177 Mobile Safari/537.36 (compatible; Googlebot/2.1; +http://www.google.com/bot.html)"
185.216.113.70 - - [25/Apr/2026:23:31:15 +0300] "POST /wp-cron.php?doing_wp_cron=1777149075.5999639034271240234375 HTTP/1.1" 200 448 "-" "WordPress/6.3.8; https://serhatburke.miroglu.net"
129.227.39.118 - - [25/Apr/2026:23:29:36 +0300] "POST /xmlrpc.php HTTP/1.1" 200 630 "-" "Mozilla/5.0 (Windows NT 10.0; Win64; x64) AppleWebKit/537.36 (KHTML, like Gecko) Chrome/114.0.0.0 Safari/537.36"
212.34.148.156 - - [25/Apr/2026:23:30:48 +0300] "GET /zotabet-casino-bonus-premier-depot-2026/ HTTP/1.1" 200 0 "-" "Mozilla/5.0 (compatible; Googlebot/2.1; +http://www.google.com/bot.html)"
185.216.113.70 - - [25/Apr/2026:23:31:32 +0300] "POST /wp-cron.php?doing_wp_cron=1777149092.6962358951568603515625 HTTP/1.1" 200 448 "-" "WordPress/6.3.8; https://serhatburke.miroglu.net"
147.182.214.118 - - [25/Apr/2026:23:30:04 +0300] "POST /xmlrpc.php HTTP/1.1" 200 630 "-" "Mozilla/5.0 (Windows NT 10.0; Win64; x64) AppleWebKit/537.36 (KHTML, like Gecko) Chrome/114.0.0.0 Safari/537.36"
187.188.63.49 - - [25/Apr/2026:23:31:09 +0300] "GET /wp-login.php HTTP/2" 200 0 "-" "Mozilla/5.0 (Windows NT 10.0; Win64; x64) AppleWebKit/537.36"
77.83.24.227 - - [25/Apr/2026:23:31:16 +0300] "GET /wp-login.php HTTP/2" 200 0 "-" "Mozilla/5.0 (Windows NT 10.0; Win64; x64) AppleWebKit/537.36"
185.216.113.70 - - [25/Apr/2026:23:32:09 +0300] "POST /wp-cron.php?doing_wp_cron=1777149129.1986100673675537109375 HTTP/1.1" 200 448 "-" "WordPress/6.3.8; https://serhatburke.miroglu.net"
147.182.214.118 - - [25/Apr/2026:23:30:36 +0300] "POST /xmlrpc.php HTTP/1.1" 200 9337 "-" "Mozilla/5.0 (Windows NT 10.0; Win64; x64) AppleWebKit/537.36 (KHTML, like Gecko) Chrome/114.0.0.0 Safari/537.36"
190.173.23.48 - - [25/Apr/2026:23:31:42 +0300] "GET /wp-login.php HTTP/2" 200 0 "-" "Mozilla/5.0 (Windows NT 10.0; Win64; x64) AppleWebKit/537.36"
190.219.100.167 - - [25/Apr/2026:23:31:49 +0300] "GET /wp-login.php HTTP/2" 200 0 "-" "Mozilla/5.0 (Windows NT 10.0; Win64; x64) AppleWebKit/537.36"
185.216.113.70 - - [25/Apr/2026:23:32:24 +0300] "POST /wp-cron.php?doing_wp_cron=1777149143.7963740825653076171875 HTTP/1.1" 200 448 "-" "WordPress/6.3.8; https://serhatburke.miroglu.net"
128.1.218.163 - - [25/Apr/2026:23:30:26 +0300] "POST /xmlrpc.php HTTP/1.1" 500 745 "-" "Mozilla/5.0 (Windows NT 10.0; Win64; x64) AppleWebKit/537.36 (KHTML, like Gecko) Chrome/114.0.0.0 Safari/537.36"
185.216.113.70 - - [25/Apr/2026:23:32:30 +0300] "POST /wp-cron.php?doing_wp_cron=1777149149.9218859672546386718750 HTTP/1.1" 200 448 "-" "WordPress/6.3.8; https://serhatburke.miroglu.net"
147.182.214.118 - - [25/Apr/2026:23:30:45 +0300] "POST /xmlrpc.php HTTP/1.1" 200 630 "-" "Mozilla/5.0 (Windows NT 10.0; Win64; x64) AppleWebKit/537.36 (KHTML, like Gecko) Chrome/114.0.0.0 Safari/537.36"
185.216.113.70 - - [25/Apr/2026:23:32:42 +0300] "POST /wp-cron.php?doing_wp_cron=1777149162.3146460056304931640625 HTTP/1.1" 200 448 "-" "WordPress/6.3.8; https://serhatburke.miroglu.net"
45.88.13.156 - - [25/Apr/2026:23:32:12 +0300] "GET /wp-login.php HTTP/2" 200 0 "-" "Mozilla/5.0 (Windows NT 10.0; Win64; x64) AppleWebKit/537.36"
185.216.113.70 - - [25/Apr/2026:23:32:43 +0300] "POST /wp-cron.php?doing_wp_cron=1777149163.2140309810638427734375 HTTP/1.1" 200 448 "-" "WordPress/6.3.8; https://serhatburke.miroglu.net"
129.227.39.118 - - [25/Apr/2026:23:31:16 +0300] "POST /xmlrpc.php HTTP/1.1" 500 1102 "-" "Mozilla/5.0 (Windows NT 10.0; Win64; x64) AppleWebKit/537.36 (KHTML, like Gecko) Chrome/114.0.0.0 Safari/537.36"
128.1.218.163 - - [25/Apr/2026:23:30:52 +0300] "GET /bidrag-bortmed-tjenesteyting-pa-individniva/ HTTP/1.1" 500 745 "-" "Mozilla/5.0 (Windows NT 10.0; Win64; x64; rv:125.0) Gecko/20100101 Firefox/125.0"
193.36.38.228 - - [25/Apr/2026:23:30:53 +0300] "GET /byc-ekspertka-przetestowalam-licznych-bonusow-kasynowych-i-mozesz-uwazam-ze-cena-spin-city-odbija-wysoka-jakoscia/ HTTP/1.1" 500 604 "-" "Mozilla/5.0 (Windows NT 10.0; Win64; x64) AppleWebKit/537.36 (KHTML, like Gecko) Chrome/123.0.0.0 Safari/537.36"
27.34.111.217 - - [25/Apr/2026:23:32:25 +0300] "GET /wp-login.php HTTP/2" 200 0 "-" "Mozilla/5.0 (Windows NT 10.0; Win64; x64) AppleWebKit/537.36"
147.182.214.118 - - [25/Apr/2026:23:31:02 +0300] "GET /rozumienie-jest-wlasciwie-darmowe-spiny-posiadania-rejestracji-do-kasynach-internet/ HTTP/1.1" 500 745 "-" "Mozilla/5.0 (Windows NT 10.0; Win64; x64) AppleWebKit/537.36 (KHTML, like Gecko) Chrome/123.0.0.0 Safari/537.36 OPR/109.0.0.0"
185.216.113.70 - - [25/Apr/2026:23:33:05 +0300] "POST /wp-cron.php?doing_wp_cron=1777149185.7122321128845214843750 HTTP/1.1" 200 448 "-" "WordPress/6.3.8; https://serhatburke.miroglu.net"
185.187.78.132 - - [25/Apr/2026:23:32:44 +0300] "GET /wp-login.php HTTP/2" 200 0 "-" "Mozilla/5.0 (Windows NT 10.0; Win64; x64) AppleWebKit/537.36"
95.57.70.40 - - [25/Apr/2026:23:32:56 +0300] "GET /wp-login.php HTTP/2" 200 0 "-" "Mozilla/5.0 (Windows NT 10.0; Win64; x64) AppleWebKit/537.36"
147.182.214.118 - - [25/Apr/2026:23:33:30 +0300] "POST /xmlrpc.php HTTP/1.1" 503 386 "-" "Mozilla/5.0 (Windows NT 10.0; Win64; x64) AppleWebKit/537.36 (KHTML, like Gecko) Chrome/114.0.0.0 Safari/537.36"
147.182.214.118 - - [25/Apr/2026:23:31:39 +0300] "POST /xmlrpc.php HTTP/1.1" 500 745 "-" "Mozilla/5.0 (Windows NT 10.0; Win64; x64) AppleWebKit/537.36 (KHTML, like Gecko) Chrome/114.0.0.0 Safari/537.36"
147.182.214.118 - - [25/Apr/2026:23:31:42 +0300] "POST /xmlrpc.php HTTP/1.1" 500 745 "-" "Mozilla/5.0 (Windows NT 10.0; Win64; x64) AppleWebKit/537.36 (KHTML, like Gecko) Chrome/114.0.0.0 Safari/537.36"
181.4.210.251 - - [25/Apr/2026:23:33:29 +0300] "GET /wp-login.php HTTP/2" 200 0 "-" "Mozilla/5.0 (Windows NT 10.0; Win64; x64) AppleWebKit/537.36"
185.216.113.70 - - [25/Apr/2026:23:34:03 +0300] "POST /wp-cron.php?doing_wp_cron=1777149242.8121349811553955078125 HTTP/1.1" 200 448 "-" "WordPress/6.3.8; https://serhatburke.miroglu.net"
128.1.218.163 - - [25/Apr/2026:23:32:06 +0300] "POST /xmlrpc.php HTTP/1.1" 500 1102 "-" "Mozilla/5.0 (Windows NT 10.0; Win64; x64) AppleWebKit/537.36 (KHTML, like Gecko) Chrome/114.0.0.0 Safari/537.36"
147.182.214.118 - - [25/Apr/2026:23:32:11 +0300] "GET /i-dlatego-sa-wielkich-korzysci-z-gra-z-gry-hazardowe-z-urzadzeniach-przenosnych/ HTTP/1.1" 500 745 "-" "Mozilla/5.0 (Windows NT 10.0; Win64; x64) AppleWebKit/537.36 (KHTML, like Gecko) Chrome/124.0.0.0 Safari/537.36 Edg/124.0.0.0"
37.15.202.77 - - [25/Apr/2026:23:32:13 +0300] "GET /decatex-pharmaceutical-en-el-culturismo-potenciando-el-rendimiento-deportivo/ HTTP/1.1" 500 782 "-" "GuzzleHttp/7"
185.216.113.70 - - [25/Apr/2026:23:34:18 +0300] "POST /wp-cron.php?doing_wp_cron=1777149257.7200698852539062500000 HTTP/1.1" 200 448 "-" "WordPress/6.3.8; https://serhatburke.miroglu.net"
147.182.214.118 - - [25/Apr/2026:23:32:26 +0300] "POST /xmlrpc.php HTTP/1.1" 500 745 "-" "Mozilla/5.0 (Windows NT 10.0; Win64; x64) AppleWebKit/537.36 (KHTML, like Gecko) Chrome/114.0.0.0 Safari/537.36"
128.1.218.163 - - [25/Apr/2026:23:32:31 +0300] "POST /xmlrpc.php HTTP/1.1" 500 745 "-" "Mozilla/5.0 (Windows NT 10.0; Win64; x64) AppleWebKit/537.36 (KHTML, like Gecko) Chrome/114.0.0.0 Safari/537.36"
193.36.38.228 - - [25/Apr/2026:23:32:33 +0300] "POST /xmlrpc.php HTTP/1.1" 500 807 "-" "Mozilla/5.0 (Windows NT 10.0; Win64; x64) AppleWebKit/537.36 (KHTML, like Gecko) Chrome/114.0.0.0 Safari/537.36"
185.216.113.70 - - [25/Apr/2026:23:34:37 +0300] "POST /wp-cron.php?doing_wp_cron=1777149277.2291901111602783203125 HTTP/1.1" 200 448 "-" "WordPress/6.3.8; https://serhatburke.miroglu.net"
147.182.214.118 - - [25/Apr/2026:23:32:37 +0300] "POST /xmlrpc.php HTTP/1.1" 500 745 "-" "Mozilla/5.0 (Windows NT 10.0; Win64; x64) AppleWebKit/537.36 (KHTML, like Gecko) Chrome/114.0.0.0 Safari/537.36"
147.182.214.118 - - [25/Apr/2026:23:32:41 +0300] "POST /xmlrpc.php HTTP/1.1" 500 745 "-" "Mozilla/5.0 (Windows NT 10.0; Win64; x64) AppleWebKit/537.36 (KHTML, like Gecko) Chrome/114.0.0.0 Safari/537.36"
128.1.218.163 - - [25/Apr/2026:23:32:43 +0300] "POST /xmlrpc.php HTTP/1.1" 500 745 "-" "Mozilla/5.0 (Windows NT 10.0; Win64; x64) AppleWebKit/537.36 (KHTML, like Gecko) Chrome/114.0.0.0 Safari/537.36"
185.216.113.70 - - [25/Apr/2026:23:34:50 +0300] "POST /wp-cron.php?doing_wp_cron=1777149290.8124220371246337890625 HTTP/1.1" 200 448 "-" "WordPress/6.3.8; https://serhatburke.miroglu.net"
193.36.38.226 - - [25/Apr/2026:23:33:25 +0300] "POST /xmlrpc.php HTTP/1.1" 200 692 "-" "Mozilla/5.0 (Windows NT 10.0; Win64; x64) AppleWebKit/537.36 (KHTML, like Gecko) Chrome/114.0.0.0 Safari/537.36"
129.227.39.118 - - [25/Apr/2026:23:32:50 +0300] "POST /xmlrpc.php HTTP/1.1" 500 745 "-" "Mozilla/5.0 (Windows NT 10.0; Win64; x64) AppleWebKit/537.36 (KHTML, like Gecko) Chrome/114.0.0.0 Safari/537.36"
185.216.113.70 - - [25/Apr/2026:23:34:53 +0300] "POST /wp-cron.php?doing_wp_cron=1777149292.9231610298156738281250 HTTP/1.1" 200 448 "-" "WordPress/6.3.8; https://serhatburke.miroglu.net"
185.216.113.70 - - [25/Apr/2026:23:35:03 +0300] "POST /wp-cron.php?doing_wp_cron=1777149303.4990439414978027343750 HTTP/1.1" 200 448 "-" "WordPress/6.3.8; https://serhatburke.miroglu.net"
185.216.113.70 - - [25/Apr/2026:23:35:05 +0300] "POST /wp-cron.php?doing_wp_cron=1777149305.7147591114044189453125 HTTP/1.1" 200 448 "-" "WordPress/6.3.8; https://serhatburke.miroglu.net"
185.216.113.70 - - [25/Apr/2026:23:35:22 +0300] "POST /wp-cron.php?doing_wp_cron=1777149322.0964899063110351562500 HTTP/1.1" 200 448 "-" "WordPress/6.3.8; https://serhatburke.miroglu.net"
147.182.214.118 - - [25/Apr/2026:23:33:22 +0300] "POST /xmlrpc.php HTTP/1.1" 500 1102 "-" "Mozilla/5.0 (Windows NT 10.0; Win64; x64) AppleWebKit/537.36 (KHTML, like Gecko) Chrome/114.0.0.0 Safari/537.36"
185.216.113.70 - - [25/Apr/2026:23:35:25 +0300] "POST /wp-cron.php?doing_wp_cron=1777149325.5171670913696289062500 HTTP/1.1" 200 448 "-" "WordPress/6.3.8; https://serhatburke.miroglu.net"
147.182.214.118 - - [25/Apr/2026:23:33:24 +0300] "POST /xmlrpc.php HTTP/1.1" 200 12853 "-" "Mozilla/5.0 (Windows NT 10.0; Win64; x64) AppleWebKit/537.36 (KHTML, like Gecko) Chrome/114.0.0.0 Safari/537.36"
147.182.214.118 - - [25/Apr/2026:23:33:42 +0300] "POST /xmlrpc.php HTTP/1.1" 500 745 "-" "Mozilla/5.0 (Windows NT 10.0; Win64; x64) AppleWebKit/537.36 (KHTML, like Gecko) Chrome/114.0.0.0 Safari/537.36"
147.182.214.118 - - [25/Apr/2026:23:33:52 +0300] "POST /xmlrpc.php HTTP/1.1" 500 745 "-" "Mozilla/5.0 (Windows NT 10.0; Win64; x64) AppleWebKit/537.36 (KHTML, like Gecko) Chrome/114.0.0.0 Safari/537.36"
185.216.113.70 - - [25/Apr/2026:23:36:02 +0300] "POST /wp-cron.php?doing_wp_cron=1777149362.4050679206848144531250 HTTP/1.1" 200 448 "-" "WordPress/6.3.8; https://serhatburke.miroglu.net"
185.216.113.70 - - [25/Apr/2026:23:36:02 +0300] "POST /wp-cron.php?doing_wp_cron=1777149362.5962810516357421875000 HTTP/1.1" 200 448 "-" "WordPress/6.3.8; https://serhatburke.miroglu.net"
147.182.214.118 - - [25/Apr/2026:23:34:12 +0300] "POST /xmlrpc.php HTTP/1.1" 200 12716 "-" "Mozilla/5.0 (Windows NT 10.0; Win64; x64) AppleWebKit/537.36 (KHTML, like Gecko) Chrome/114.0.0.0 Safari/537.36"
147.182.214.118 - - [25/Apr/2026:23:34:17 +0300] "POST /xmlrpc.php HTTP/1.1" 500 745 "-" "Mozilla/5.0 (Windows NT 10.0; Win64; x64) AppleWebKit/537.36 (KHTML, like Gecko) Chrome/114.0.0.0 Safari/537.36"
185.216.113.70 - - [25/Apr/2026:23:36:19 +0300] "POST /wp-cron.php?doing_wp_cron=1777149379.5161778926849365234375 HTTP/1.1" 200 448 "-" "WordPress/6.3.8; https://serhatburke.miroglu.net"
128.1.218.163 - - [25/Apr/2026:23:34:23 +0300] "POST /xmlrpc.php HTTP/1.1" 500 1102 "-" "Mozilla/5.0 (Windows NT 10.0; Win64; x64) AppleWebKit/537.36 (KHTML, like Gecko) Chrome/114.0.0.0 Safari/537.36"
185.216.113.70 - - [25/Apr/2026:23:36:31 +0300] "POST /wp-cron.php?doing_wp_cron=1777149391.5241780281066894531250 HTTP/1.1" 200 448 "-" "WordPress/6.3.8; https://serhatburke.miroglu.net"
147.182.214.118 - - [25/Apr/2026:23:35:05 +0300] "GET /?p=136646 HTTP/1.1" 301 682 "-" "Mozilla/5.0 (Windows NT 10.0; rv:109.0) Gecko/20100101 Firefox/115.0"
129.227.39.118 - - [25/Apr/2026:23:34:35 +0300] "POST /xmlrpc.php HTTP/1.1" 500 745 "-" "Mozilla/5.0 (Windows NT 10.0; Win64; x64) AppleWebKit/537.36 (KHTML, like Gecko) Chrome/114.0.0.0 Safari/537.36"
185.216.113.70 - - [25/Apr/2026:23:36:54 +0300] "POST /wp-cron.php?doing_wp_cron=1777149414.5071120262145996093750 HTTP/1.1" 200 448 "-" "WordPress/6.3.8; https://serhatburke.miroglu.net"
193.36.38.226 - - [25/Apr/2026:23:34:56 +0300] "POST /xmlrpc.php HTTP/1.1" 200 10706 "-" "Mozilla/5.0 (Windows NT 10.0; Win64; x64) AppleWebKit/537.36 (KHTML, like Gecko) Chrome/114.0.0.0 Safari/537.36"
185.216.113.70 - - [25/Apr/2026:23:37:21 +0300] "POST /wp-cron.php?doing_wp_cron=1777149441.7469539642333984375000 HTTP/1.1" 200 448 "-" "WordPress/6.3.8; https://serhatburke.miroglu.net"
147.182.214.118 - - [25/Apr/2026:23:35:55 +0300] "POST /xmlrpc.php HTTP/1.1" 200 12716 "-" "Mozilla/5.0 (Windows NT 10.0; Win64; x64) AppleWebKit/537.36 (KHTML, like Gecko) Chrome/114.0.0.0 Safari/537.36"
185.216.113.70 - - [25/Apr/2026:23:37:31 +0300] "POST /wp-cron.php?doing_wp_cron=1777149450.8063960075378417968750 HTTP/1.1" 200 448 "-" "WordPress/6.3.8; https://serhatburke.miroglu.net"
129.227.39.118 - - [25/Apr/2026:23:36:15 +0300] "GET /?p=136644 HTTP/1.1" 301 642 "-" "Mozilla/5.0 (Windows NT 10.0; Win64; x64; rv:124.0) Gecko/20100101 Firefox/124.0"
185.216.113.70 - - [25/Apr/2026:23:37:40 +0300] "POST /wp-cron.php?doing_wp_cron=1777149459.9031639099121093750000 HTTP/1.1" 200 448 "-" "WordPress/6.3.8; https://serhatburke.miroglu.net"
147.182.214.118 - - [25/Apr/2026:23:36:35 +0300] "GET /dolacz-newslettera-i-bedziesz-dostarcza-faktach-o-najnowszych-bonusach-i-promocjach-888starz/ HTTP/1.1" 200 77595 "-" "Mozilla/5.0 (Windows NT 10.0; rv:109.0) Gecko/20100101 Firefox/115.0"
185.216.113.70 - - [25/Apr/2026:23:37:43 +0300] "POST /wp-cron.php?doing_wp_cron=1777149463.5222949981689453125000 HTTP/1.1" 200 448 "-" "WordPress/6.3.8; https://serhatburke.miroglu.net"
147.182.214.118 - - [25/Apr/2026:23:36:44 +0300] "POST /xmlrpc.php HTTP/1.1" 200 861 "-" "Mozilla/5.0 (Windows NT 10.0; Win64; x64) AppleWebKit/537.36 (KHTML, like Gecko) Chrome/114.0.0.0 Safari/537.36"
185.216.113.70 - - [25/Apr/2026:23:37:45 +0300] "POST /wp-cron.php?doing_wp_cron=1777149465.5179960727691650390625 HTTP/1.1" 200 448 "-" "WordPress/6.3.8; https://serhatburke.miroglu.net"
193.36.38.226 - - [25/Apr/2026:23:36:41 +0300] "POST /xmlrpc.php HTTP/1.1" 200 10884 "-" "Mozilla/5.0 (Windows NT 10.0; Win64; x64) AppleWebKit/537.36 (KHTML, like Gecko) Chrome/114.0.0.0 Safari/537.36"
147.182.214.118 - - [25/Apr/2026:23:37:24 +0300] "GET /przelomy-verde-casino-kod-promocyjny-2025-dziala-wedlug-warunkow/ HTTP/1.1" 200 77358 "-" "Mozilla/5.0 (Windows NT 10.0; Win64; x64) AppleWebKit/537.36 (KHTML, like Gecko) Chrome/123.0.0.0 Safari/537.36 OPR/109.0.0.0"
129.227.39.118 - - [25/Apr/2026:23:37:33 +0300] "GET /landkarten-vom-nahen-osten-staats-und-regionalkarten/ HTTP/1.1" 200 76818 "-" "Mozilla/5.0 (Windows NT 10.0; Win64; x64; rv:124.0) Gecko/20100101 Firefox/124.0"
193.36.38.226 - - [25/Apr/2026:23:37:45 +0300] "GET /this-can-include-dining-table-video-game-like-roulette-and-you-may-video-game-reveals-like-the-controls-off-fortune/ HTTP/1.1" 200 76061 "-" "Mozilla/5.0 (Windows NT 10.0; Win64; x64) AppleWebKit/537.36 (KHTML, like Gecko) Chrome/123.0.0.0 Safari/537.36"
129.227.39.118 - - [25/Apr/2026:23:37:56 +0300] "POST /xmlrpc.php HTTP/1.1" 200 861 "-" "Mozilla/5.0 (Windows NT 10.0; Win64; x64) AppleWebKit/537.36 (KHTML, like Gecko) Chrome/114.0.0.0 Safari/537.36"
185.216.113.70 - - [25/Apr/2026:23:39:45 +0300] "POST /wp-cron.php?doing_wp_cron=1777149585.1456739902496337890625 HTTP/1.1" 200 448 "-" "WordPress/6.3.8; https://serhatburke.miroglu.net"
158.69.22.136 - - [25/Apr/2026:23:39:33 +0300] "GET /beste-casino-site-belgie-hoge-inzet/ HTTP/1.1" 200 19265 "-" "Mozilla/5.0 (compatible; Googlebot/2.1; +http://www.google.com/bot.html)"
185.216.113.70 - - [25/Apr/2026:23:42:35 +0300] "POST /wp-cron.php?doing_wp_cron=1777149755.1273379325866699218750 HTTP/1.1" 200 448 "-" "WordPress/6.3.8; https://serhatburke.miroglu.net"
104.194.153.222 - - [25/Apr/2026:23:42:21 +0300] "GET /28563-2/ HTTP/1.1" 200 19297 "-" "Mozilla/5.0 (compatible; Googlebot/2.1; +http://www.google.com/bot.html)"
113.192.47.123 - - [25/Apr/2026:23:43:14 +0300] "GET /beste-casino-site-belgie-hoge-inzet/ HTTP/1.1" 200 19265 "-" "Mozilla/5.0 (compatible; Googlebot/2.1; +http://www.google.com/bot.html)"
185.216.113.70 - - [25/Apr/2026:23:44:34 +0300] "POST /wp-cron.php?doing_wp_cron=1777149874.3190929889678955078125 HTTP/1.1" 200 448 "-" "WordPress/6.3.8; https://serhatburke.miroglu.net"
66.249.73.14 - - [25/Apr/2026:23:44:22 +0300] "GET /lemon-casino-online-casino-recenzje2697-2/ HTTP/1.1" 200 19045 "-" "Mozilla/5.0 (Linux; Android 6.0.1; Nexus 5X Build/MMB29P) AppleWebKit/537.36 (KHTML, like Gecko) Chrome/146.0.7680.177 Mobile Safari/537.36 (compatible; Googlebot/2.1; +http://www.google.com/bot.html)"
66.249.73.14 - - [25/Apr/2026:23:44:35 +0300] "GET /wp-includes/css/dist/block-library/style.min.css?ver=6.3.8 HTTP/1.1" 200 13400 "https://serhatburke.miroglu.net/" "Mozilla/5.0 (compatible; Googlebot/2.1; +http://www.google.com/bot.html)"
66.249.73.14 - - [25/Apr/2026:23:44:44 +0300] "GET /wp-content/themes/toppic/css/reset.css?ver=4.2 HTTP/1.1" 200 1178 "https://serhatburke.miroglu.net/" "Mozilla/5.0 (compatible; Googlebot/2.1; +http://www.google.com/bot.html)"
66.249.73.14 - - [25/Apr/2026:23:44:52 +0300] "GET /wp-content/themes/toppic/css/responsive.css?ver=4.2 HTTP/1.1" 200 2796 "https://serhatburke.miroglu.net/" "Mozilla/5.0 (compatible; Googlebot/2.1; +http://www.google.com/bot.html)"
66.249.73.14 - - [25/Apr/2026:23:44:54 +0300] "GET /wp-includes/css/dist/block-library/style.min.css?ver=6.3.8 HTTP/1.1" 200 13400 "https://serhatburke.miroglu.net/" "Mozilla/5.0 (compatible; Googlebot/2.1; +http://www.google.com/bot.html)"
66.249.73.14 - - [25/Apr/2026:23:44:59 +0300] "GET /wp-content/plugins/contact-form-7/includes/css/styles.css?ver=5.8 HTTP/1.1" 200 1490 "https://serhatburke.miroglu.net/lemon-casino-online-casino-recenzje2697-2/" "Mozilla/5.0 (Linux; Android 6.0.1; Nexus 5X Build/MMB29P) AppleWebKit/537.36 (KHTML, like Gecko) Chrome/146.0.7680.177 Mobile Safari/537.36 (compatible; Googlebot/2.1; +http://www.google.com/bot.html)"
66.249.73.14 - - [25/Apr/2026:23:45:00 +0300] "GET /wp-content/themes/toppic/js/scrollMonitor.js?ver=4.2 HTTP/1.1" 200 2988 "https://serhatburke.miroglu.net/" "Mozilla/5.0 (compatible; Googlebot/2.1; +http://www.google.com/bot.html)"
66.249.73.14 - - [25/Apr/2026:23:45:03 +0300] "GET /wp-content/themes/toppic/js/jquery.modernizr.custom.js?ver=4.2 HTTP/1.1" 200 3342 "https://serhatburke.miroglu.net/" "Mozilla/5.0 (compatible; Googlebot/2.1; +http://www.google.com/bot.html)"
66.249.73.14 - - [25/Apr/2026:23:45:06 +0300] "GET /wp-content/themes/toppic/js/jquery.touchswipe.js?ver=4.2 HTTP/1.1" 200 5184 "https://serhatburke.miroglu.net/" "Mozilla/5.0 (compatible; Googlebot/2.1; +http://www.google.com/bot.html)"
66.249.73.14 - - [25/Apr/2026:23:45:08 +0300] "GET /wp-content/themes/toppic/js/jquery.royalslider.min.js?ver=4.2 HTTP/1.1" 200 18475 "https://serhatburke.miroglu.net/" "Mozilla/5.0 (compatible; Googlebot/2.1; +http://www.google.com/bot.html)"
66.249.73.14 - - [25/Apr/2026:23:45:15 +0300] "GET /wp-content/uploads/2023/08/favicon-16x16-3.png HTTP/1.1" 200 1095 "https://serhatburke.miroglu.net/" "Mozilla/5.0 (compatible; Googlebot/2.1; +http://www.google.com/bot.html)"
