147.182.214.118 - - [26/Apr/2026:00:22:22 +0300] "POST /xmlrpc.php HTTP/1.1" 200 9633 "-" "Mozilla/5.0 (Windows NT 10.0; Win64; x64) AppleWebKit/537.36 (KHTML, like Gecko) Chrome/114.0.0.0 Safari/537.36"
185.216.113.70 - - [26/Apr/2026:00:22:43 +0300] "POST /wp-cron.php?doing_wp_cron=1777152163.6018929481506347656250 HTTP/1.1" 200 448 "-" "WordPress/6.3.8; https://serhatburke.miroglu.net"
147.182.214.118 - - [26/Apr/2026:00:22:28 +0300] "POST /xmlrpc.php HTTP/1.1" 200 630 "-" "Mozilla/5.0 (Windows NT 10.0; Win64; x64) AppleWebKit/537.36 (KHTML, like Gecko) Chrome/114.0.0.0 Safari/537.36"
103.219.169.181 - - [26/Apr/2026:00:22:39 +0300] "POST /xmlrpc.php HTTP/1.1" 200 11201 "-" "Mozilla/5.0 (Windows NT 10.0; Win64; x64) AppleWebKit/537.36 (KHTML, like Gecko) Chrome/114.0.0.0 Safari/537.36"
147.182.214.118 - - [26/Apr/2026:00:22:39 +0300] "GET /energy-casino-43-kod-kuponu-pozniej-daje-ci-i-mozesz-mozesz-premia-do-jednego-1-rok-2023/ HTTP/1.1" 200 74710 "-" "Mozilla/5.0 (Windows NT 10.0; Win64; x64) AppleWebKit/537.36 (KHTML, like Gecko) Chrome/123.0.0.0 Safari/537.36 OPR/109.0.0.0"
147.182.214.118 - - [26/Apr/2026:00:22:49 +0300] "POST /xmlrpc.php HTTP/1.1" 200 11034 "-" "Mozilla/5.0 (Windows NT 10.0; Win64; x64) AppleWebKit/537.36 (KHTML, like Gecko) Chrome/114.0.0.0 Safari/537.36"
103.219.169.181 - - [26/Apr/2026:00:23:02 +0300] "GET /pelican-casino-premia-z-brakiem-depozytu-kody-promocyjne/ HTTP/1.1" 200 75365 "-" "Mozilla/5.0 (Windows NT 10.0; Win64; x64; rv:124.0) Gecko/20100101 Firefox/124.0"
147.182.214.118 - - [26/Apr/2026:00:23:10 +0300] "GET /dokladnie-co-bardzo-wyroznia-konsumuje-sposrod-innych-kasyn-internet/ HTTP/1.1" 200 75339 "-" "Mozilla/5.0 (Windows NT 10.0; Win64; x64) AppleWebKit/537.36 (KHTML, like Gecko) Chrome/122.0.0.0 Safari/537.36"
185.216.113.70 - - [26/Apr/2026:00:24:31 +0300] "POST /wp-cron.php?doing_wp_cron=1777152271.6077558994293212890625 HTTP/1.1" 200 448 "-" "WordPress/6.3.8; https://serhatburke.miroglu.net"
103.219.169.181 - - [26/Apr/2026:00:24:18 +0300] "POST /xmlrpc.php HTTP/1.1" 200 630 "-" "Mozilla/5.0 (Windows NT 10.0; Win64; x64) AppleWebKit/537.36 (KHTML, like Gecko) Chrome/114.0.0.0 Safari/537.36"
103.219.169.181 - - [26/Apr/2026:00:24:38 +0300] "POST /xmlrpc.php HTTP/1.1" 200 11018 "-" "Mozilla/5.0 (Windows NT 10.0; Win64; x64) AppleWebKit/537.36 (KHTML, like Gecko) Chrome/114.0.0.0 Safari/537.36"
103.219.169.181 - - [26/Apr/2026:00:24:53 +0300] "GET /kasyno-nadprogram-bez-depozytu-2025-wszystkie-znizki-w-polsce/ HTTP/1.1" 200 75384 "-" "Mozilla/5.0 (Windows NT 10.0; Win64; x64; rv:125.0) Gecko/20100101 Firefox/125.0"
193.36.38.226 - - [26/Apr/2026:00:25:05 +0300] "POST /xmlrpc.php HTTP/1.1" 200 692 "-" "Mozilla/5.0 (Windows NT 10.0; Win64; x64) AppleWebKit/537.36 (KHTML, like Gecko) Chrome/114.0.0.0 Safari/537.36"
185.216.113.70 - - [26/Apr/2026:00:25:33 +0300] "POST /wp-cron.php?doing_wp_cron=1777152333.5715320110321044921875 HTTP/1.1" 200 448 "-" "WordPress/6.3.8; https://serhatburke.miroglu.net"
193.36.38.226 - - [26/Apr/2026:00:25:22 +0300] "POST /xmlrpc.php HTTP/1.1" 200 13021 "-" "Mozilla/5.0 (Windows NT 10.0; Win64; x64) AppleWebKit/537.36 (KHTML, like Gecko) Chrome/114.0.0.0 Safari/537.36"
193.36.38.226 - - [26/Apr/2026:00:25:33 +0300] "GET /twenty-five-free-revolves-the-real-deal-currency-southern-area-africa/ HTTP/1.1" 200 77232 "-" "Mozilla/5.0 (Windows NT 10.0; rv:109.0) Gecko/20100101 Firefox/115.0"
40.77.167.20 - - [26/Apr/2026:00:26:08 +0300] "GET /post-sitemap2.xml HTTP/2" 200 91241 "-" "Mozilla/5.0 AppleWebKit/537.36 (KHTML, like Gecko; compatible; bingbot/2.0; +http://www.bing.com/bingbot.htm) Chrome/116.0.1938.76 Safari/537.36"
103.219.169.181 - - [26/Apr/2026:00:26:17 +0300] "POST /xmlrpc.php HTTP/1.1" 200 630 "-" "Mozilla/5.0 (Windows NT 10.0; Win64; x64) AppleWebKit/537.36 (KHTML, like Gecko) Chrome/114.0.0.0 Safari/537.36"
185.216.113.70 - - [26/Apr/2026:00:26:48 +0300] "POST /wp-cron.php?doing_wp_cron=1777152408.7230401039123535156250 HTTP/1.1" 200 448 "-" "WordPress/6.3.8; https://serhatburke.miroglu.net"
103.219.169.181 - - [26/Apr/2026:00:26:36 +0300] "POST /xmlrpc.php HTTP/1.1" 200 10769 "-" "Mozilla/5.0 (Windows NT 10.0; Win64; x64) AppleWebKit/537.36 (KHTML, like Gecko) Chrome/114.0.0.0 Safari/537.36"
103.219.169.181 - - [26/Apr/2026:00:26:50 +0300] "GET /tigre-sortudo-za-darmo-zagraj-demo-pod-slotsup/ HTTP/1.1" 200 75066 "-" "Mozilla/5.0 (Windows NT 10.0; Win64; x64) AppleWebKit/537.36 (KHTML, like Gecko) Chrome/122.0.0.0 Safari/537.36"
193.202.81.247 - - [26/Apr/2026:00:26:57 +0300] "GET / HTTP/2" 200 20680 "-" "Mozilla/5.0 (Macintosh; Intel Mac OS X 10_15_7) AppleWebKit/537.36 (KHTML, like Gecko) Chrome/120.0.0.0 Safari/537.36"
185.216.113.70 - - [26/Apr/2026:00:28:30 +0300] "POST /wp-cron.php?doing_wp_cron=1777152510.5579130649566650390625 HTTP/1.1" 200 448 "-" "WordPress/6.3.8; https://serhatburke.miroglu.net"
103.219.169.181 - - [26/Apr/2026:00:28:17 +0300] "POST /xmlrpc.php HTTP/1.1" 200 630 "-" "Mozilla/5.0 (Windows NT 10.0; Win64; x64) AppleWebKit/537.36 (KHTML, like Gecko) Chrome/114.0.0.0 Safari/537.36"
103.219.169.181 - - [26/Apr/2026:00:28:37 +0300] "POST /xmlrpc.php HTTP/1.1" 200 11636 "-" "Mozilla/5.0 (Windows NT 10.0; Win64; x64) AppleWebKit/537.36 (KHTML, like Gecko) Chrome/114.0.0.0 Safari/537.36"
103.219.169.181 - - [26/Apr/2026:00:28:51 +0300] "GET /rozwiazywanie-zagrozen-z-srodku-sytuacji-mobilne-wsparcie/ HTTP/1.1" 200 76006 "-" "Mozilla/5.0 (Windows NT 10.0; Win64; x64) AppleWebKit/537.36 (KHTML, like Gecko) Chrome/124.0.0.0 Safari/537.36 Edg/124.0.0.0"
52.167.144.20 - - [26/Apr/2026:00:29:02 +0300] "GET /post-sitemap27.xml HTTP/2" 200 78158 "-" "Mozilla/5.0 AppleWebKit/537.36 (KHTML, like Gecko; compatible; bingbot/2.0; +http://www.bing.com/bingbot.htm) Chrome/116.0.1938.76 Safari/537.36"
185.216.113.70 - - [26/Apr/2026:00:29:47 +0300] "POST /wp-cron.php?doing_wp_cron=1777152587.1016380786895751953125 HTTP/1.1" 200 448 "-" "WordPress/6.3.8; https://serhatburke.miroglu.net"
162.243.186.209 - - [26/Apr/2026:00:29:35 +0300] "POST /xmlrpc.php HTTP/1.1" 200 630 "-" "Mozilla/5.0 (Windows NT 10.0; Win64; x64) AppleWebKit/537.36 (KHTML, like Gecko) Chrome/114.0.0.0 Safari/537.36"
162.243.186.209 - - [26/Apr/2026:00:29:53 +0300] "POST /xmlrpc.php HTTP/1.1" 200 9051 "-" "Mozilla/5.0 (Windows NT 10.0; Win64; x64) AppleWebKit/537.36 (KHTML, like Gecko) Chrome/114.0.0.0 Safari/537.36"
103.219.169.181 - - [26/Apr/2026:00:30:06 +0300] "POST /xmlrpc.php HTTP/1.1" 200 630 "-" "Mozilla/5.0 (Windows NT 10.0; Win64; x64) AppleWebKit/537.36 (KHTML, like Gecko) Chrome/114.0.0.0 Safari/537.36"
162.243.186.209 - - [26/Apr/2026:00:30:06 +0300] "GET /baccarat-is-another-focus-on-appealing-to-members-exactly-who-delight-in-their-combination-of-ease-and-you-may-grace/ HTTP/1.1" 200 74497 "-" "Mozilla/5.0 (Windows NT 10.0; rv:109.0) Gecko/20100101 Firefox/115.0"
185.216.113.70 - - [26/Apr/2026:00:30:37 +0300] "POST /wp-cron.php?doing_wp_cron=1777152637.8755159378051757812500 HTTP/1.1" 200 448 "-" "WordPress/6.3.8; https://serhatburke.miroglu.net"
103.219.169.181 - - [26/Apr/2026:00:30:25 +0300] "POST /xmlrpc.php HTTP/1.1" 200 11327 "-" "Mozilla/5.0 (Windows NT 10.0; Win64; x64) AppleWebKit/537.36 (KHTML, like Gecko) Chrome/114.0.0.0 Safari/537.36"
103.219.169.181 - - [26/Apr/2026:00:30:39 +0300] "GET /krajowe-kasyno-internetowego-najistotniejsze-kasyna-online-2025/ HTTP/1.1" 200 76087 "-" "Mozilla/5.0 (Windows NT 10.0; rv:109.0) Gecko/20100101 Firefox/115.0"
193.36.38.226 - - [26/Apr/2026:00:30:48 +0300] "POST /xmlrpc.php HTTP/1.1" 200 692 "-" "Mozilla/5.0 (Windows NT 10.0; Win64; x64) AppleWebKit/537.36 (KHTML, like Gecko) Chrome/114.0.0.0 Safari/537.36"
193.36.38.226 - - [26/Apr/2026:00:31:06 +0300] "POST /xmlrpc.php HTTP/1.1" 200 12629 "-" "Mozilla/5.0 (Windows NT 10.0; Win64; x64) AppleWebKit/537.36 (KHTML, like Gecko) Chrome/114.0.0.0 Safari/537.36"
193.36.38.226 - - [26/Apr/2026:00:31:18 +0300] "GET /beast-local-casino-100-percent-free-spins-no-deposit-2026-frigid-weather-hard-knowledge-behind-the-newest-glitter/ HTTP/1.1" 200 77920 "-" "Mozilla/5.0 (Windows NT 10.0; rv:125.0) Gecko/20100101 Firefox/125.0"
185.216.113.70 - - [26/Apr/2026:00:32:09 +0300] "POST /wp-cron.php?doing_wp_cron=1777152729.2762050628662109375000 HTTP/1.1" 200 448 "-" "WordPress/6.3.8; https://serhatburke.miroglu.net"
103.219.169.181 - - [26/Apr/2026:00:31:56 +0300] "POST /xmlrpc.php HTTP/1.1" 200 630 "-" "Mozilla/5.0 (Windows NT 10.0; Win64; x64) AppleWebKit/537.36 (KHTML, like Gecko) Chrome/114.0.0.0 Safari/537.36"
103.219.169.181 - - [26/Apr/2026:00:32:16 +0300] "POST /xmlrpc.php HTTP/1.1" 200 10943 "-" "Mozilla/5.0 (Windows NT 10.0; Win64; x64) AppleWebKit/537.36 (KHTML, like Gecko) Chrome/114.0.0.0 Safari/537.36"
185.216.113.70 - - [26/Apr/2026:00:32:41 +0300] "POST /wp-cron.php?doing_wp_cron=1777152761.5853290557861328125000 HTTP/1.1" 200 448 "-" "WordPress/6.3.8; https://serhatburke.miroglu.net"
103.219.169.181 - - [26/Apr/2026:00:32:29 +0300] "GET /bonusy-z-brakiem-depozytu-przy-kasynie-sieciowy-2025-odbierz-nadprogram/ HTTP/1.1" 200 75563 "-" "Mozilla/5.0 (Windows NT 10.0; Win64; x64) AppleWebKit/537.36 (KHTML, like Gecko) Chrome/122.0.0.0 Safari/537.36"
185.216.113.70 - - [26/Apr/2026:00:33:58 +0300] "POST /wp-cron.php?doing_wp_cron=1777152838.6516630649566650390625 HTTP/1.1" 200 448 "-" "WordPress/6.3.8; https://serhatburke.miroglu.net"
103.219.169.181 - - [26/Apr/2026:00:33:46 +0300] "POST /xmlrpc.php HTTP/1.1" 200 630 "-" "Mozilla/5.0 (Windows NT 10.0; Win64; x64) AppleWebKit/537.36 (KHTML, like Gecko) Chrome/114.0.0.0 Safari/537.36"
103.219.169.181 - - [26/Apr/2026:00:34:05 +0300] "POST /xmlrpc.php HTTP/1.1" 200 11971 "-" "Mozilla/5.0 (Windows NT 10.0; Win64; x64) AppleWebKit/537.36 (KHTML, like Gecko) Chrome/114.0.0.0 Safari/537.36"
103.219.169.181 - - [26/Apr/2026:00:34:19 +0300] "GET /hazard-darmowo-77777-zagraj-w-calej-777-komputerow-darmowo/ HTTP/1.1" 200 76378 "-" "Mozilla/5.0 (Windows NT 10.0; Win64; x64) AppleWebKit/537.36 (KHTML, like Gecko) Chrome/122.0.0.0 Safari/537.36"
185.216.113.70 - - [26/Apr/2026:00:35:17 +0300] "POST /wp-cron.php?doing_wp_cron=1777152917.5129890441894531250000 HTTP/1.1" 200 448 "-" "WordPress/6.3.8; https://serhatburke.miroglu.net"
193.36.38.228 - - [26/Apr/2026:00:35:05 +0300] "POST /xmlrpc.php HTTP/1.1" 200 692 "-" "Mozilla/5.0 (Windows NT 10.0; Win64; x64) AppleWebKit/537.36 (KHTML, like Gecko) Chrome/114.0.0.0 Safari/537.36"
193.36.38.228 - - [26/Apr/2026:00:35:23 +0300] "POST /xmlrpc.php HTTP/1.1" 200 10932 "-" "Mozilla/5.0 (Windows NT 10.0; Win64; x64) AppleWebKit/537.36 (KHTML, like Gecko) Chrome/114.0.0.0 Safari/537.36"
185.216.113.70 - - [26/Apr/2026:00:35:45 +0300] "POST /wp-cron.php?doing_wp_cron=1777152945.4586169719696044921875 HTTP/1.1" 200 448 "-" "WordPress/6.3.8; https://serhatburke.miroglu.net"
103.219.169.181 - - [26/Apr/2026:00:35:33 +0300] "POST /xmlrpc.php HTTP/1.1" 200 630 "-" "Mozilla/5.0 (Windows NT 10.0; Win64; x64) AppleWebKit/537.36 (KHTML, like Gecko) Chrome/114.0.0.0 Safari/537.36"
193.36.38.228 - - [26/Apr/2026:00:35:39 +0300] "GET /the-new-games-are-establish-to-your-cool-classes-and-you-will-probably-discover-helpful-suggestions-precisely-how-they-work/ HTTP/1.1" 200 76442 "-" "Mozilla/5.0 (Windows NT 10.0; Win64; x64; rv:124.0) Gecko/20100101 Firefox/124.0"
103.219.169.181 - - [26/Apr/2026:00:35:52 +0300] "POST /xmlrpc.php HTTP/1.1" 200 11128 "-" "Mozilla/5.0 (Windows NT 10.0; Win64; x64) AppleWebKit/537.36 (KHTML, like Gecko) Chrome/114.0.0.0 Safari/537.36"
103.219.169.181 - - [26/Apr/2026:00:36:06 +0300] "GET /mega-joker-automat-do-odwiedzenia-uciechy-zagraj-przez-internet-bezplatnie/ HTTP/1.1" 200 75950 "-" "Mozilla/5.0 (Windows NT 10.0; Win64; x64) AppleWebKit/537.36 (KHTML, like Gecko) Chrome/123.0.0.0 Safari/537.36"
185.216.113.70 - - [26/Apr/2026:00:36:48 +0300] "POST /wp-cron.php?doing_wp_cron=1777153008.4350430965423583984375 HTTP/1.1" 200 448 "-" "WordPress/6.3.8; https://serhatburke.miroglu.net"
193.36.38.226 - - [26/Apr/2026:00:36:36 +0300] "POST /xmlrpc.php HTTP/1.1" 200 692 "-" "Mozilla/5.0 (Windows NT 10.0; Win64; x64) AppleWebKit/537.36 (KHTML, like Gecko) Chrome/114.0.0.0 Safari/537.36"
193.36.38.228 - - [26/Apr/2026:00:36:51 +0300] "POST /xmlrpc.php HTTP/1.1" 200 692 "-" "Mozilla/5.0 (Windows NT 10.0; Win64; x64) AppleWebKit/537.36 (KHTML, like Gecko) Chrome/114.0.0.0 Safari/537.36"
193.36.38.226 - - [26/Apr/2026:00:36:53 +0300] "POST /xmlrpc.php HTTP/1.1" 200 14030 "-" "Mozilla/5.0 (Windows NT 10.0; Win64; x64) AppleWebKit/537.36 (KHTML, like Gecko) Chrome/114.0.0.0 Safari/537.36"
193.36.38.226 - - [26/Apr/2026:00:37:10 +0300] "GET /777-local-casino-british-2026-rating-added-bonus-77-totally-free-spins-two-hundred/ HTTP/1.1" 200 78519 "-" "Mozilla/5.0 (Windows NT 10.0; Win64; x64; rv:125.0) Gecko/20100101 Firefox/125.0"
40.77.167.55 - - [26/Apr/2026:00:37:16 +0300] "GET /parimad-rakenduse-vulkan-spiele-allalaadimine-2026-minimaalse-panusega-internetikasiino-saidid-austraalias-2026-aastal/ HTTP/2" 200 18358 "-" "Mozilla/5.0 AppleWebKit/537.36 (KHTML, like Gecko; compatible; bingbot/2.0; +http://www.bing.com/bingbot.htm) Chrome/116.0.1938.76 Safari/537.36"
193.36.38.228 - - [26/Apr/2026:00:37:17 +0300] "POST /xmlrpc.php HTTP/1.1" 200 8732 "-" "Mozilla/5.0 (Windows NT 10.0; Win64; x64) AppleWebKit/537.36 (KHTML, like Gecko) Chrome/114.0.0.0 Safari/537.36"
185.216.113.70 - - [26/Apr/2026:00:37:42 +0300] "POST /wp-cron.php?doing_wp_cron=1777153062.5675559043884277343750 HTTP/1.1" 200 448 "-" "WordPress/6.3.8; https://serhatburke.miroglu.net"
103.219.169.200 - - [26/Apr/2026:00:37:29 +0300] "POST /xmlrpc.php HTTP/1.1" 200 630 "-" "Mozilla/5.0 (Windows NT 10.0; Win64; x64) AppleWebKit/537.36 (KHTML, like Gecko) Chrome/114.0.0.0 Safari/537.36"
193.36.38.228 - - [26/Apr/2026:00:37:34 +0300] "GET /such-video-game-bring-an-enthusiastic-immersive-and-interactive-feel-by-streaming-genuine-big-date-game-play-with-alive-dealers/ HTTP/1.1" 200 74421 "-" "Mozilla/5.0 (Windows NT 10.0; Win64; x64) AppleWebKit/537.36 (KHTML, like Gecko) Chrome/122.0.0.0 Safari/537.36"
40.77.167.27 - - [26/Apr/2026:00:37:43 +0300] "GET /bodegas-jimenez-vila-hnos-requena-3/ HTTP/2" 200 22607 "-" "Mozilla/5.0 AppleWebKit/537.36 (KHTML, like Gecko; compatible; bingbot/2.0; +http://www.bing.com/bingbot.htm) Chrome/116.0.1938.76 Safari/537.36"
52.167.144.175 - - [26/Apr/2026:00:37:47 +0300] "GET /discover-the-unique-benefits-of-safepal-wallet-3/ HTTP/2" 200 17786 "-" "Mozilla/5.0 AppleWebKit/537.36 (KHTML, like Gecko; compatible; bingbot/2.0; +http://www.bing.com/bingbot.htm) Chrome/116.0.1938.76 Safari/537.36"
40.77.167.55 - - [26/Apr/2026:00:37:48 +0300] "GET /as-well-as-the-potential-for-habits-is-higher-having-slots-than-just-various-other-games/ HTTP/2" 200 17631 "-" "Mozilla/5.0 AppleWebKit/537.36 (KHTML, like Gecko; compatible; bingbot/2.0; +http://www.bing.com/bingbot.htm) Chrome/116.0.1938.76 Safari/537.36"
103.219.169.200 - - [26/Apr/2026:00:37:49 +0300] "POST /xmlrpc.php HTTP/1.1" 200 11058 "-" "Mozilla/5.0 (Windows NT 10.0; Win64; x64) AppleWebKit/537.36 (KHTML, like Gecko) Chrome/114.0.0.0 Safari/537.36"
185.216.113.70 - - [26/Apr/2026:00:38:41 +0300] "POST /wp-cron.php?doing_wp_cron=1777153121.7058980464935302734375 HTTP/1.1" 200 448 "-" "WordPress/6.3.8; https://serhatburke.miroglu.net"
162.243.186.209 - - [26/Apr/2026:00:38:17 +0300] "POST /xmlrpc.php HTTP/1.1" 200 630 "-" "Mozilla/5.0 (Windows NT 10.0; Win64; x64) AppleWebKit/537.36 (KHTML, like Gecko) Chrome/114.0.0.0 Safari/537.36"
52.167.144.175 - - [26/Apr/2026:00:38:18 +0300] "GET /10-better-bitcoin-casinos-playing-websites-in-the-usa-to-have-2026/ HTTP/2" 200 20042 "-" "Mozilla/5.0 AppleWebKit/537.36 (KHTML, like Gecko; compatible; bingbot/2.0; +http://www.bing.com/bingbot.htm) Chrome/116.0.1938.76 Safari/537.36"
103.219.169.200 - - [26/Apr/2026:00:38:17 +0300] "GET /uciechy-za-darmo-gry-pl-twe-zalazek-bezplatnych-gier-sieciowy/ HTTP/1.1" 200 75498 "-" "Mozilla/5.0 (Windows NT 10.0; Win64; x64) AppleWebKit/537.36 (KHTML, like Gecko) Chrome/124.0.0.0 Safari/537.36 Edg/124.0.0.0"
40.77.167.27 - - [26/Apr/2026:00:38:24 +0300] "GET /discover-the-unique-benefits-of-safepal-wallet-6/ HTTP/2" 200 17917 "-" "Mozilla/5.0 AppleWebKit/537.36 (KHTML, like Gecko; compatible; bingbot/2.0; +http://www.bing.com/bingbot.htm) Chrome/116.0.1938.76 Safari/537.36"
40.77.167.55 - - [26/Apr/2026:00:38:28 +0300] "GET /when-youre-too-slow-dont-get-worried-only-maintain-your-bets-planned-for-the-next-draw/ HTTP/2" 200 17553 "-" "Mozilla/5.0 AppleWebKit/537.36 (KHTML, like Gecko; compatible; bingbot/2.0; +http://www.bing.com/bingbot.htm) Chrome/116.0.1938.76 Safari/537.36"
52.167.144.175 - - [26/Apr/2026:00:38:46 +0300] "GET /seriose-spielen-sie-kiss-slot-online-online-casinos-2026-register-qua-seriosen-anbietern/ HTTP/2" 200 19787 "-" "Mozilla/5.0 AppleWebKit/537.36 (KHTML, like Gecko; compatible; bingbot/2.0; +http://www.bing.com/bingbot.htm) Chrome/116.0.1938.76 Safari/537.36"
162.243.186.209 - - [26/Apr/2026:00:38:48 +0300] "POST /xmlrpc.php HTTP/1.1" 200 8871 "-" "Mozilla/5.0 (Windows NT 10.0; Win64; x64) AppleWebKit/537.36 (KHTML, like Gecko) Chrome/114.0.0.0 Safari/537.36"
40.77.167.55 - - [26/Apr/2026:00:38:56 +0300] "GET /sic-losmachen-diese-angewandten-promo-source-in-verde-spielsaal-ein/ HTTP/2" 200 18477 "-" "Mozilla/5.0 AppleWebKit/537.36 (KHTML, like Gecko; compatible; bingbot/2.0; +http://www.bing.com/bingbot.htm) Chrome/116.0.1938.76 Safari/537.36"
193.36.38.228 - - [26/Apr/2026:00:39:01 +0300] "POST /xmlrpc.php HTTP/1.1" 200 692 "-" "Mozilla/5.0 (Windows NT 10.0; Win64; x64) AppleWebKit/537.36 (KHTML, like Gecko) Chrome/114.0.0.0 Safari/537.36"
40.77.167.27 - - [26/Apr/2026:00:39:03 +0300] "GET /come-si-danno-le-carte-a-briscola/ HTTP/2" 200 18162 "-" "Mozilla/5.0 AppleWebKit/537.36 (KHTML, like Gecko; compatible; bingbot/2.0; +http://www.bing.com/bingbot.htm) Chrome/116.0.1938.76 Safari/537.36"
103.219.169.200 - - [26/Apr/2026:00:39:13 +0300] "POST /xmlrpc.php HTTP/1.1" 200 630 "-" "Mozilla/5.0 (Windows NT 10.0; Win64; x64) AppleWebKit/537.36 (KHTML, like Gecko) Chrome/114.0.0.0 Safari/537.36"
162.243.186.209 - - [26/Apr/2026:00:39:17 +0300] "GET /such-strategies-significantly-promote-member-faith-and-make-certain-that-the-personal-and-you-can-monetary-information-is-secure/ HTTP/1.1" 200 75007 "-" "Mozilla/5.0 (Windows NT 10.0; Win64; x64) AppleWebKit/537.36 (KHTML, like Gecko) Chrome/124.0.0.0 Safari/537.36"
185.216.113.70 - - [26/Apr/2026:00:39:55 +0300] "POST /wp-cron.php?doing_wp_cron=1777153195.8485159873962402343750 HTTP/1.1" 200 448 "-" "WordPress/6.3.8; https://serhatburke.miroglu.net"
193.36.38.228 - - [26/Apr/2026:00:39:39 +0300] "POST /xmlrpc.php HTTP/1.1" 200 9357 "-" "Mozilla/5.0 (Windows NT 10.0; Win64; x64) AppleWebKit/537.36 (KHTML, like Gecko) Chrome/114.0.0.0 Safari/537.36"
103.219.169.200 - - [26/Apr/2026:00:39:42 +0300] "POST /xmlrpc.php HTTP/1.1" 200 10755 "-" "Mozilla/5.0 (Windows NT 10.0; Win64; x64) AppleWebKit/537.36 (KHTML, like Gecko) Chrome/114.0.0.0 Safari/537.36"
40.77.167.27 - - [26/Apr/2026:00:39:43 +0300] "GET /beste-echtgeld-casinos-in-land-der-dichter-und-denker-2026-bekannte-casinos/ HTTP/2" 200 18277 "-" "Mozilla/5.0 AppleWebKit/537.36 (KHTML, like Gecko; compatible; bingbot/2.0; +http://www.bing.com/bingbot.htm) Chrome/116.0.1938.76 Safari/537.36"
193.36.38.228 - - [26/Apr/2026:00:39:56 +0300] "GET /no-players-will-not-be-able-and-make-withdrawals-making-use-of-the-pay-by-the-phone-commission-method/ HTTP/1.1" 200 74248 "-" "Mozilla/5.0 (Windows NT 10.0; Win64; x64) AppleWebKit/537.36 (KHTML, like Gecko) Chrome/123.0.0.0 Safari/537.36 OPR/109.0.0.0"
103.219.169.200 - - [26/Apr/2026:00:40:02 +0300] "GET /kasyno-sieciowy-w-calej-krolestwo-niderlandow-2025-ktore-najistotniejsze-holenderskie-casino-internetowe-dla-mlodych-polakow/ HTTP/1.1" 200 77297 "-" "Mozilla/5.0 (Windows NT 10.0; Win64; x64) AppleWebKit/537.36 (KHTML, like Gecko) Chrome/122.0.0.0 Safari/537.36"
185.216.113.70 - - [26/Apr/2026:00:40:49 +0300] "POST /wp-cron.php?doing_wp_cron=1777153249.5873029232025146484375 HTTP/1.1" 200 448 "-" "WordPress/6.3.8; https://serhatburke.miroglu.net"
193.36.38.228 - - [26/Apr/2026:00:40:37 +0300] "POST /xmlrpc.php HTTP/1.1" 200 692 "-" "Mozilla/5.0 (Windows NT 10.0; Win64; x64) AppleWebKit/537.36 (KHTML, like Gecko) Chrome/114.0.0.0 Safari/537.36"
103.219.169.200 - - [26/Apr/2026:00:40:54 +0300] "POST /xmlrpc.php HTTP/1.1" 200 630 "-" "Mozilla/5.0 (Windows NT 10.0; Win64; x64) AppleWebKit/537.36 (KHTML, like Gecko) Chrome/114.0.0.0 Safari/537.36"
193.36.38.228 - - [26/Apr/2026:00:40:55 +0300] "POST /xmlrpc.php HTTP/1.1" 200 9213 "-" "Mozilla/5.0 (Windows NT 10.0; Win64; x64) AppleWebKit/537.36 (KHTML, like Gecko) Chrome/114.0.0.0 Safari/537.36"
162.243.186.209 - - [26/Apr/2026:00:40:57 +0300] "POST /xmlrpc.php HTTP/1.1" 200 630 "-" "Mozilla/5.0 (Windows NT 10.0; Win64; x64) AppleWebKit/537.36 (KHTML, like Gecko) Chrome/114.0.0.0 Safari/537.36"
193.36.38.228 - - [26/Apr/2026:00:41:17 +0300] "GET /if-you-are-looking-for-sweepstake-local-casino-software-following-experiment-chumba-casino/ HTTP/1.1" 200 73917 "-" "Mozilla/5.0 (Windows NT 10.0; Win64; x64) AppleWebKit/537.36 (KHTML, like Gecko) Chrome/123.0.0.0 Safari/537.36"
103.219.169.200 - - [26/Apr/2026:00:41:21 +0300] "POST /xmlrpc.php HTTP/1.1" 200 11133 "-" "Mozilla/5.0 (Windows NT 10.0; Win64; x64) AppleWebKit/537.36 (KHTML, like Gecko) Chrome/114.0.0.0 Safari/537.36"
185.216.113.70 - - [26/Apr/2026:00:41:41 +0300] "POST /wp-cron.php?doing_wp_cron=1777153301.0527319908142089843750 HTTP/1.1" 200 448 "-" "WordPress/6.3.8; https://serhatburke.miroglu.net"
162.243.186.209 - - [26/Apr/2026:00:41:24 +0300] "POST /xmlrpc.php HTTP/1.1" 200 11523 "-" "Mozilla/5.0 (Windows NT 10.0; Win64; x64) AppleWebKit/537.36 (KHTML, like Gecko) Chrome/114.0.0.0 Safari/537.36"
103.219.169.200 - - [26/Apr/2026:00:41:39 +0300] "GET /golden-sevens-deluxe-rozrywka-bezplatnie/ HTTP/1.1" 200 75158 "-" "Mozilla/5.0 (Windows NT 10.0; Win64; x64) AppleWebKit/537.36 (KHTML, like Gecko) Chrome/124.0.0.0 Safari/537.36 Edg/124.0.0.0"
162.243.186.209 - - [26/Apr/2026:00:41:42 +0300] "GET /fanduels-games-library-possess-seen-extreme-extension-not-too-long-ago-especially-in-their-slots-agencies/ HTTP/1.1" 200 76845 "-" "Mozilla/5.0 (Windows NT 10.0; Win64; x64) AppleWebKit/537.36 (KHTML, like Gecko) Chrome/124.0.0.0 Safari/537.36"
52.167.144.171 - - [26/Apr/2026:00:41:53 +0300] "GET /exploring-the-unique-features-of-solscan-for-traders/ HTTP/2" 200 18193 "-" "Mozilla/5.0 AppleWebKit/537.36 (KHTML, like Gecko; compatible; bingbot/2.0; +http://www.bing.com/bingbot.htm) Chrome/116.0.1938.76 Safari/537.36"
40.77.167.55 - - [26/Apr/2026:00:41:57 +0300] "GET /best-no-deposit-slots-2026-better-no-deposit-ports-offers/ HTTP/2" 200 19856 "-" "Mozilla/5.0 AppleWebKit/537.36 (KHTML, like Gecko; compatible; bingbot/2.0; +http://www.bing.com/bingbot.htm) Chrome/116.0.1938.76 Safari/537.36"
52.167.144.17 - - [26/Apr/2026:00:42:03 +0300] "GET /enhancing-your-trading-journey-with-raydium/ HTTP/2" 200 18145 "-" "Mozilla/5.0 AppleWebKit/537.36 (KHTML, like Gecko; compatible; bingbot/2.0; +http://www.bing.com/bingbot.htm) Chrome/116.0.1938.76 Safari/537.36"
185.216.113.70 - - [26/Apr/2026:00:42:40 +0300] "POST /wp-cron.php?doing_wp_cron=1777153359.9401779174804687500000 HTTP/1.1" 200 448 "-" "WordPress/6.3.8; https://serhatburke.miroglu.net"
193.36.38.228 - - [26/Apr/2026:00:42:21 +0300] "POST /xmlrpc.php HTTP/1.1" 200 692 "-" "Mozilla/5.0 (Windows NT 10.0; Win64; x64) AppleWebKit/537.36 (KHTML, like Gecko) Chrome/114.0.0.0 Safari/537.36"
52.167.144.171 - - [26/Apr/2026:00:42:25 +0300] "GET /essential-features-of-dexscreener-for-today-s-traders-4/ HTTP/2" 200 17817 "-" "Mozilla/5.0 AppleWebKit/537.36 (KHTML, like Gecko; compatible; bingbot/2.0; +http://www.bing.com/bingbot.htm) Chrome/116.0.1938.76 Safari/537.36"
52.167.144.17 - - [26/Apr/2026:00:42:28 +0300] "GET /elevate-your-trading-with-raydium-s-features/ HTTP/2" 200 17750 "-" "Mozilla/5.0 AppleWebKit/537.36 (KHTML, like Gecko; compatible; bingbot/2.0; +http://www.bing.com/bingbot.htm) Chrome/116.0.1938.76 Safari/537.36"
62.4.17.133 - - [26/Apr/2026:00:42:29 +0300] "GET /zotabet-casino-bonus-premier-depot-2026/ HTTP/1.1" 200 19124 "-" "Mozilla/5.0 (compatible; Googlebot/2.1; +http://www.google.com/bot.html)"
193.36.38.226 - - [26/Apr/2026:00:42:32 +0300] "POST /xmlrpc.php HTTP/1.1" 200 692 "-" "Mozilla/5.0 (Windows NT 10.0; Win64; x64) AppleWebKit/537.36 (KHTML, like Gecko) Chrome/114.0.0.0 Safari/537.36"
52.167.144.171 - - [26/Apr/2026:00:42:36 +0300] "GET /mega-joker-slot-advice-2026-mzansi-xon-bet-bonus-code-today-fabrication-and-you-can-welding/ HTTP/2" 200 17836 "-" "Mozilla/5.0 AppleWebKit/537.36 (KHTML, like Gecko; compatible; bingbot/2.0; +http://www.bing.com/bingbot.htm) Chrome/116.0.1938.76 Safari/537.36"
103.219.169.200 - - [26/Apr/2026:00:42:36 +0300] "POST /xmlrpc.php HTTP/1.1" 200 630 "-" "Mozilla/5.0 (Windows NT 10.0; Win64; x64) AppleWebKit/537.36 (KHTML, like Gecko) Chrome/114.0.0.0 Safari/537.36"
193.36.38.228 - - [26/Apr/2026:00:42:48 +0300] "POST /xmlrpc.php HTTP/1.1" 200 8495 "-" "Mozilla/5.0 (Windows NT 10.0; Win64; x64) AppleWebKit/537.36 (KHTML, like Gecko) Chrome/114.0.0.0 Safari/537.36"
185.216.113.70 - - [26/Apr/2026:00:43:41 +0300] "POST /wp-cron.php?doing_wp_cron=1777153421.4145460128784179687500 HTTP/1.1" 200 448 "-" "WordPress/6.3.8; https://serhatburke.miroglu.net"
162.243.186.209 - - [26/Apr/2026:00:43:19 +0300] "POST /xmlrpc.php HTTP/1.1" 200 630 "-" "Mozilla/5.0 (Windows NT 10.0; Win64; x64) AppleWebKit/537.36 (KHTML, like Gecko) Chrome/114.0.0.0 Safari/537.36"
185.216.113.70 - - [26/Apr/2026:00:43:46 +0300] "POST /wp-cron.php?doing_wp_cron=1777153426.0055770874023437500000 HTTP/1.1" 200 448 "-" "WordPress/6.3.8; https://serhatburke.miroglu.net"
193.36.38.226 - - [26/Apr/2026:00:43:22 +0300] "POST /xmlrpc.php HTTP/1.1" 200 12065 "-" "Mozilla/5.0 (Windows NT 10.0; Win64; x64) AppleWebKit/537.36 (KHTML, like Gecko) Chrome/114.0.0.0 Safari/537.36"
193.36.38.228 - - [26/Apr/2026:00:43:24 +0300] "GET /luckster-lifetime-around-its-title-through-providing-an-excellent-welcome-incentive-and-continuing-offers/ HTTP/1.1" 200 73664 "-" "Mozilla/5.0 (Windows NT 10.0; rv:125.0) Gecko/20100101 Firefox/125.0"
103.219.169.200 - - [26/Apr/2026:00:43:27 +0300] "POST /xmlrpc.php HTTP/1.1" 200 11221 "-" "Mozilla/5.0 (Windows NT 10.0; Win64; x64) AppleWebKit/537.36 (KHTML, like Gecko) Chrome/114.0.0.0 Safari/537.36"
193.36.38.226 - - [26/Apr/2026:00:43:46 +0300] "GET /526-incorrect-ssl-certificate/ HTTP/1.1" 200 75325 "-" "Mozilla/5.0 (Windows NT 10.0; rv:109.0) Gecko/20100101 Firefox/115.0"
162.243.186.209 - - [26/Apr/2026:00:43:47 +0300] "POST /xmlrpc.php HTTP/1.1" 200 11402 "-" "Mozilla/5.0 (Windows NT 10.0; Win64; x64) AppleWebKit/537.36 (KHTML, like Gecko) Chrome/114.0.0.0 Safari/537.36"
103.219.169.200 - - [26/Apr/2026:00:43:55 +0300] "GET /bonusowe-gry-dzieki-automatach-za-darmo-graj-w-gry-internetowego/ HTTP/1.1" 200 75682 "-" "Mozilla/5.0 (Windows NT 10.0; Win64; x64) AppleWebKit/537.36 (KHTML, like Gecko) Chrome/109.0.0.0 Safari/537.36"
193.36.38.228 - - [26/Apr/2026:00:43:57 +0300] "POST /xmlrpc.php HTTP/1.1" 200 514 "-" "Mozilla/5.0 (Windows NT 10.0; Win64; x64) AppleWebKit/537.36 (KHTML, like Gecko) Chrome/114.0.0.0 Safari/537.36"
66.249.73.15 - - [26/Apr/2026:00:44:05 +0300] "GET /pinco-online-kazino-azrbaycanda-mobil-uyunluq-v-ttbiqlr4555/ HTTP/1.1" 200 18025 "-" "Mozilla/5.0 (Linux; Android 6.0.1; Nexus 5X Build/MMB29P) AppleWebKit/537.36 (KHTML, like Gecko) Chrome/146.0.7680.177 Mobile Safari/537.36 (compatible; Googlebot/2.1; +http://www.google.com/bot.html)"
185.216.113.70 - - [26/Apr/2026:00:44:41 +0300] "POST /wp-cron.php?doing_wp_cron=1777153481.7199881076812744140625 HTTP/1.1" 200 448 "-" "WordPress/6.3.8; https://serhatburke.miroglu.net"
103.219.169.200 - - [26/Apr/2026:00:44:21 +0300] "POST /xmlrpc.php HTTP/1.1" 200 630 "-" "Mozilla/5.0 (Windows NT 10.0; Win64; x64) AppleWebKit/537.36 (KHTML, like Gecko) Chrome/114.0.0.0 Safari/537.36"
162.243.186.209 - - [26/Apr/2026:00:44:26 +0300] "GET /since-the-title-means-it-includes-your-with-extra-fund-instead-of-demanding-a-deposit-within-the-go-back/ HTTP/1.1" 200 76402 "-" "Mozilla/5.0 (Windows NT 10.0; Win64; x64; rv:125.0) Gecko/20100101 Firefox/125.0"
193.36.38.228 - - [26/Apr/2026:00:44:37 +0300] "POST /xmlrpc.php HTTP/1.1" 200 8711 "-" "Mozilla/5.0 (Windows NT 10.0; Win64; x64) AppleWebKit/537.36 (KHTML, like Gecko) Chrome/114.0.0.0 Safari/537.36"
66.249.73.15 - - [26/Apr/2026:00:45:04 +0300] "GET /pinco-online-kazino-azrbaycanda-mobil-uyunluq-v-ttbiqlr4555/undefined?ts=1775520000 HTTP/1.1" 200 0 "https://serhatburke.miroglu.net/pinco-online-kazino-azrbaycanda-mobil-uyunluq-v-ttbiqlr4555/" "Mozilla/5.0 (Linux; Android 6.0.1; Nexus 5X Build/MMB29P) AppleWebKit/537.36 (KHTML, like Gecko) Chrome/146.0.7680.177 Mobile Safari/537.36 (compatible; Googlebot/2.1; +http://www.google.com/bot.html)"
52.167.144.171 - - [26/Apr/2026:00:44:45 +0300] "GET /exploring-the-user-friendly-features-of-safepal-wallet/ HTTP/2" 200 17681 "-" "Mozilla/5.0 AppleWebKit/537.36 (KHTML, like Gecko; compatible; bingbot/2.0; +http://www.bing.com/bingbot.htm) Chrome/116.0.1938.76 Safari/537.36"
103.219.169.200 - - [26/Apr/2026:00:44:48 +0300] "POST /xmlrpc.php HTTP/1.1" 200 11252 "-" "Mozilla/5.0 (Windows NT 10.0; Win64; x64) AppleWebKit/537.36 (KHTML, like Gecko) Chrome/114.0.0.0 Safari/537.36"
40.77.167.55 - - [26/Apr/2026:00:44:50 +0300] "GET /bitcoin-local-beetle-frenzy-slot-machine-casino-cashout-guide-how-to-withdraw-inside-the-4-actions/ HTTP/2" 200 19113 "-" "Mozilla/5.0 AppleWebKit/537.36 (KHTML, like Gecko; compatible; bingbot/2.0; +http://www.bing.com/bingbot.htm) Chrome/116.0.1938.76 Safari/537.36"
52.167.144.17 - - [26/Apr/2026:00:44:58 +0300] "GET /hazard-legendarne-machiny-hazardowe-przy-bier-haus-recenzja-automatu-online-klasy-przez-internet/ HTTP/2" 200 19736 "-" "Mozilla/5.0 AppleWebKit/537.36 (KHTML, like Gecko; compatible; bingbot/2.0; +http://www.bing.com/bingbot.htm) Chrome/116.0.1938.76 Safari/537.36"
193.36.38.228 - - [26/Apr/2026:00:45:00 +0300] "GET /start-gambling-on-line-of-the-signing-up-for-certainly-the-newest-casinos-listed-here/ HTTP/1.1" 200 73328 "-" "Mozilla/5.0 (Windows NT 10.0; rv:125.0) Gecko/20100101 Firefox/125.0"
185.216.113.70 - - [26/Apr/2026:00:45:45 +0300] "POST /wp-cron.php?doing_wp_cron=1777153545.4218640327453613281250 HTTP/1.1" 200 448 "-" "WordPress/6.3.8; https://serhatburke.miroglu.net"
193.36.38.228 - - [26/Apr/2026:00:45:16 +0300] "POST /xmlrpc.php HTTP/1.1" 200 692 "-" "Mozilla/5.0 (Windows NT 10.0; Win64; x64) AppleWebKit/537.36 (KHTML, like Gecko) Chrome/114.0.0.0 Safari/537.36"
185.216.113.70 - - [26/Apr/2026:00:45:52 +0300] "POST /wp-cron.php?doing_wp_cron=1777153552.8094270229339599609375 HTTP/1.1" 200 448 "-" "WordPress/6.3.8; https://serhatburke.miroglu.net"
103.219.169.200 - - [26/Apr/2026:00:45:25 +0300] "GET /sizzling-hot-deluxe-darmowy-robot-sizzling-hot-online/ HTTP/1.1" 200 75791 "-" "Mozilla/5.0 (Windows NT 10.0; Win64; x64; rv:124.0) Gecko/20100101 Firefox/124.0"
185.216.113.70 - - [26/Apr/2026:00:45:55 +0300] "POST /wp-cron.php?doing_wp_cron=1777153555.0310330390930175781250 HTTP/1.1" 200 448 "-" "WordPress/6.3.8; https://serhatburke.miroglu.net"
185.216.113.70 - - [26/Apr/2026:00:45:55 +0300] "POST /wp-cron.php?doing_wp_cron=1777153555.1118290424346923828125 HTTP/1.1" 200 448 "-" "WordPress/6.3.8; https://serhatburke.miroglu.net"
162.243.186.209 - - [26/Apr/2026:00:45:27 +0300] "POST /xmlrpc.php HTTP/1.1" 200 630 "-" "Mozilla/5.0 (Windows NT 10.0; Win64; x64) AppleWebKit/537.36 (KHTML, like Gecko) Chrome/114.0.0.0 Safari/537.36"
52.167.144.171 - - [26/Apr/2026:00:45:26 +0300] "GET /thunderstruck-stormchaser-position-by-the-stormcraft-studios-demo-and-evaluation/ HTTP/2" 200 19066 "-" "Mozilla/5.0 AppleWebKit/537.36 (KHTML, like Gecko; compatible; bingbot/2.0; +http://www.bing.com/bingbot.htm) Chrome/116.0.1938.76 Safari/537.36"
185.216.113.70 - - [26/Apr/2026:00:46:33 +0300] "POST /wp-cron.php?doing_wp_cron=1777153593.2135539054870605468750 HTTP/1.1" 200 448 "-" "WordPress/6.3.8; https://serhatburke.miroglu.net"
193.36.38.228 - - [26/Apr/2026:00:45:51 +0300] "POST /xmlrpc.php HTTP/1.1" 200 8472 "-" "Mozilla/5.0 (Windows NT 10.0; Win64; x64) AppleWebKit/537.36 (KHTML, like Gecko) Chrome/114.0.0.0 Safari/537.36"
66.249.73.14 - - [26/Apr/2026:00:45:58 +0300] "GET /betify-casino-avis-bonus-exclusif-20266135/ HTTP/1.1" 200 18759 "-" "Mozilla/5.0 (Linux; Android 6.0.1; Nexus 5X Build/MMB29P) AppleWebKit/537.36 (KHTML, like Gecko) Chrome/146.0.7680.177 Mobile Safari/537.36 (compatible; Googlebot/2.1; +http://www.google.com/bot.html)"
162.243.186.209 - - [26/Apr/2026:00:46:01 +0300] "POST /xmlrpc.php HTTP/1.1" 200 10442 "-" "Mozilla/5.0 (Windows NT 10.0; Win64; x64) AppleWebKit/537.36 (KHTML, like Gecko) Chrome/114.0.0.0 Safari/537.36"
103.219.169.200 - - [26/Apr/2026:00:46:06 +0300] "POST /xmlrpc.php HTTP/1.1" 200 630 "-" "Mozilla/5.0 (Windows NT 10.0; Win64; x64) AppleWebKit/537.36 (KHTML, like Gecko) Chrome/114.0.0.0 Safari/537.36"
193.36.38.228 - - [26/Apr/2026:00:46:35 +0300] "GET /luckster-lives-around-their-title-by-providing-an-excellent-acceptance-added-bonus-and-continuing-advertising/ HTTP/1.1" 200 73752 "-" "Mozilla/5.0 (Windows NT 10.0; Win64; x64; rv:125.0) Gecko/20100101 Firefox/125.0"
193.36.38.228 - - [26/Apr/2026:00:46:45 +0300] "POST /xmlrpc.php HTTP/1.1" 200 692 "-" "Mozilla/5.0 (Windows NT 10.0; Win64; x64) AppleWebKit/537.36 (KHTML, like Gecko) Chrome/114.0.0.0 Safari/537.36"
162.243.186.209 - - [26/Apr/2026:00:46:46 +0300] "GET /within-we-dont-merely-reward-your-i-change-exactly-what-it-way-to-feel-compensated/ HTTP/1.1" 200 75193 "-" "Mozilla/5.0 (Windows NT 10.0; rv:109.0) Gecko/20100101 Firefox/115.0"
103.219.169.200 - - [26/Apr/2026:00:46:54 +0300] "POST /xmlrpc.php HTTP/1.1" 200 11276 "-" "Mozilla/5.0 (Windows NT 10.0; Win64; x64) AppleWebKit/537.36 (KHTML, like Gecko) Chrome/114.0.0.0 Safari/537.36"
52.167.144.17 - - [26/Apr/2026:00:47:12 +0300] "GET /najbolji-online-casino-poticaji-na-australskom-promo-kodovi-za-slotove-goldbet-kontinentu-2026-100-besplatnih-okretaja-i-jos-mnogo-toga/ HTTP/2" 200 17922 "-" "Mozilla/5.0 AppleWebKit/537.36 (KHTML, like Gecko; compatible; bingbot/2.0; +http://www.bing.com/bingbot.htm) Chrome/116.0.1938.76 Safari/537.36"
103.219.169.200 - - [26/Apr/2026:00:47:17 +0300] "GET /300-shields-maszyny-do-uciechy-przeglad-demo/ HTTP/1.1" 200 75242 "-" "Mozilla/5.0 (Windows NT 10.0; Win64; x64) AppleWebKit/537.36 (KHTML, like Gecko) Chrome/124.0.0.0 Safari/537.36 Edg/124.0.0.0"
193.36.38.228 - - [26/Apr/2026:00:47:19 +0300] "POST /xmlrpc.php HTTP/1.1" 200 9797 "-" "Mozilla/5.0 (Windows NT 10.0; Win64; x64) AppleWebKit/537.36 (KHTML, like Gecko) Chrome/114.0.0.0 Safari/537.36"
185.216.113.70 - - [26/Apr/2026:00:47:43 +0300] "POST /wp-cron.php?doing_wp_cron=1777153663.0476710796356201171875 HTTP/1.1" 200 448 "-" "WordPress/6.3.8; https://serhatburke.miroglu.net"
162.243.186.209 - - [26/Apr/2026:00:47:30 +0300] "POST /xmlrpc.php HTTP/1.1" 200 630 "-" "Mozilla/5.0 (Windows NT 10.0; Win64; x64) AppleWebKit/537.36 (KHTML, like Gecko) Chrome/114.0.0.0 Safari/537.36"
193.36.38.228 - - [26/Apr/2026:00:47:38 +0300] "GET /for-british-centered-deals-for-example-on-the-gaming-other-sites-paypal-fees-a-fixed-1-in-addition-to-0/ HTTP/1.1" 200 75141 "-" "Mozilla/5.0 (Windows NT 10.0; Win64; x64) AppleWebKit/537.36 (KHTML, like Gecko) Chrome/109.0.0.0 Safari/537.36"
103.219.169.200 - - [26/Apr/2026:00:47:49 +0300] "POST /xmlrpc.php HTTP/1.1" 200 630 "-" "Mozilla/5.0 (Windows NT 10.0; Win64; x64) AppleWebKit/537.36 (KHTML, like Gecko) Chrome/114.0.0.0 Safari/537.36"
162.243.186.209 - - [26/Apr/2026:00:47:49 +0300] "POST /xmlrpc.php HTTP/1.1" 200 11104 "-" "Mozilla/5.0 (Windows NT 10.0; Win64; x64) AppleWebKit/537.36 (KHTML, like Gecko) Chrome/114.0.0.0 Safari/537.36"
162.243.186.209 - - [26/Apr/2026:00:48:07 +0300] "GET /the-brand-new-game-is-conducted-lower-than-tight-rules-to-make-certain-equity-and-you-can-visibility/ HTTP/1.1" 200 76014 "-" "Mozilla/5.0 (Windows NT 10.0; rv:109.0) Gecko/20100101 Firefox/115.0"
103.219.169.200 - - [26/Apr/2026:00:48:11 +0300] "POST /xmlrpc.php HTTP/1.1" 200 11252 "-" "Mozilla/5.0 (Windows NT 10.0; Win64; x64) AppleWebKit/537.36 (KHTML, like Gecko) Chrome/114.0.0.0 Safari/537.36"
185.216.113.70 - - [26/Apr/2026:00:48:39 +0300] "POST /wp-cron.php?doing_wp_cron=1777153719.4193611145019531250000 HTTP/1.1" 200 448 "-" "WordPress/6.3.8; https://serhatburke.miroglu.net"
193.36.38.228 - - [26/Apr/2026:00:48:14 +0300] "POST /xmlrpc.php HTTP/1.1" 200 692 "-" "Mozilla/5.0 (Windows NT 10.0; Win64; x64) AppleWebKit/537.36 (KHTML, like Gecko) Chrome/114.0.0.0 Safari/537.36"
193.36.38.226 - - [26/Apr/2026:00:48:14 +0300] "POST /xmlrpc.php HTTP/1.1" 200 692 "-" "Mozilla/5.0 (Windows NT 10.0; Win64; x64) AppleWebKit/537.36 (KHTML, like Gecko) Chrome/114.0.0.0 Safari/537.36"
66.249.73.14 - - [26/Apr/2026:00:48:21 +0300] "GET /kasyno-online-vulkan-vegas-w-polsce-dostpne-metody-patnoci1071/ HTTP/1.1" 200 18910 "-" "Mozilla/5.0 (Linux; Android 6.0.1; Nexus 5X Build/MMB29P) AppleWebKit/537.36 (KHTML, like Gecko) Chrome/146.0.7680.177 Mobile Safari/537.36 (compatible; Googlebot/2.1; +http://www.google.com/bot.html)"
103.219.169.200 - - [26/Apr/2026:00:48:36 +0300] "GET /najkorzystniejsze-bonusy-gry-oraz-wygrane-na-terytorium-polski/ HTTP/1.1" 200 75518 "-" "Mozilla/5.0 (Windows NT 10.0; Win64; x64) AppleWebKit/537.36 (KHTML, like Gecko) Chrome/123.0.0.0 Safari/537.36 OPR/109.0.0.0"
212.34.148.156 - - [26/Apr/2026:00:48:44 +0300] "GET /zotabet-casino-bonus-premier-depot-2026/ HTTP/1.1" 200 19124 "-" "Mozilla/5.0 (compatible; Googlebot/2.1; +http://www.google.com/bot.html)"
193.36.38.226 - - [26/Apr/2026:00:48:45 +0300] "POST /xmlrpc.php HTTP/1.1" 200 14225 "-" "Mozilla/5.0 (Windows NT 10.0; Win64; x64) AppleWebKit/537.36 (KHTML, like Gecko) Chrome/114.0.0.0 Safari/537.36"
193.36.38.228 - - [26/Apr/2026:00:48:47 +0300] "POST /xmlrpc.php HTTP/1.1" 200 8916 "-" "Mozilla/5.0 (Windows NT 10.0; Win64; x64) AppleWebKit/537.36 (KHTML, like Gecko) Chrome/114.0.0.0 Safari/537.36"
193.36.38.226 - - [26/Apr/2026:00:49:09 +0300] "GET /bally-bet-promo-password-march-2026-get-30-100-percent-free-revolves-or-29-free-bets/ HTTP/1.1" 200 78843 "-" "Mozilla/5.0 (Windows NT 10.0; rv:109.0) Gecko/20100101 Firefox/115.0"
193.36.38.228 - - [26/Apr/2026:00:49:11 +0300] "GET /the-fresh-wagering-requirements-is-computed-towards-extra-bets-only/ HTTP/1.1" 200 73074 "-" "Mozilla/5.0 (Windows NT 10.0; Win64; x64) AppleWebKit/537.36 (KHTML, like Gecko) Chrome/124.0.0.0 Safari/537.36"
185.216.113.70 - - [26/Apr/2026:00:49:46 +0300] "POST /wp-cron.php?doing_wp_cron=1777153786.4248809814453125000000 HTTP/1.1" 200 448 "-" "WordPress/6.3.8; https://serhatburke.miroglu.net"
103.219.169.200 - - [26/Apr/2026:00:49:30 +0300] "POST /xmlrpc.php HTTP/1.1" 200 630 "-" "Mozilla/5.0 (Windows NT 10.0; Win64; x64) AppleWebKit/537.36 (KHTML, like Gecko) Chrome/114.0.0.0 Safari/537.36"
162.243.186.209 - - [26/Apr/2026:00:49:33 +0300] "POST /xmlrpc.php HTTP/1.1" 200 630 "-" "Mozilla/5.0 (Windows NT 10.0; Win64; x64) AppleWebKit/537.36 (KHTML, like Gecko) Chrome/114.0.0.0 Safari/537.36"
193.36.38.228 - - [26/Apr/2026:00:49:33 +0300] "POST /xmlrpc.php HTTP/1.1" 200 514 "-" "Mozilla/5.0 (Windows NT 10.0; Win64; x64) AppleWebKit/537.36 (KHTML, like Gecko) Chrome/114.0.0.0 Safari/537.36"
66.249.73.1 - - [26/Apr/2026:00:50:01 +0300] "GET /admiral-shark-casino-uk-review-dive-into-exciting-online-gaming/undefined?ts=1775520000 HTTP/1.1" 200 0 "https://serhatburke.miroglu.net/admiral-shark-casino-uk-review-dive-into-exciting-online-gaming/" "Mozilla/5.0 (Linux; Android 6.0.1; Nexus 5X Build/MMB29P) AppleWebKit/537.36 (KHTML, like Gecko) Chrome/146.0.7680.177 Mobile Safari/537.36 (compatible; Googlebot/2.1; +http://www.google.com/bot.html)"
103.219.169.200 - - [26/Apr/2026:00:49:53 +0300] "POST /xmlrpc.php HTTP/1.1" 200 11084 "-" "Mozilla/5.0 (Windows NT 10.0; Win64; x64) AppleWebKit/537.36 (KHTML, like Gecko) Chrome/114.0.0.0 Safari/537.36"
162.243.186.209 - - [26/Apr/2026:00:49:57 +0300] "POST /xmlrpc.php HTTP/1.1" 200 11969 "-" "Mozilla/5.0 (Windows NT 10.0; Win64; x64) AppleWebKit/537.36 (KHTML, like Gecko) Chrome/114.0.0.0 Safari/537.36"
193.36.38.228 - - [26/Apr/2026:00:49:58 +0300] "POST /xmlrpc.php HTTP/1.1" 200 11248 "-" "Mozilla/5.0 (Windows NT 10.0; Win64; x64) AppleWebKit/537.36 (KHTML, like Gecko) Chrome/114.0.0.0 Safari/537.36"
103.219.169.200 - - [26/Apr/2026:00:50:14 +0300] "GET /nowe-automaty-do-odwiedzenia-komputerow-2025-zagraj-bezplatnie-pod-slotsup/ HTTP/1.1" 200 75963 "-" "Mozilla/5.0 (Windows NT 10.0; Win64; x64; rv:125.0) Gecko/20100101 Firefox/125.0"
193.36.38.228 - - [26/Apr/2026:00:50:19 +0300] "GET /carrying-out-detail-by-detail-critiques-is-where-we-price-wager-real-cash-casinos/ HTTP/1.1" 200 75817 "-" "Mozilla/5.0 (Windows NT 10.0; Win64; x64) AppleWebKit/537.36 (KHTML, like Gecko) Chrome/123.0.0.0 Safari/537.36 OPR/109.0.0.0"
162.243.186.209 - - [26/Apr/2026:00:50:20 +0300] "GET /users-lawfully-fool-around-with-offshore-websites-some-of-which-undertake-cryptocurrencies/ HTTP/1.1" 200 76639 "-" "Mozilla/5.0 (Windows NT 10.0; Win64; x64) AppleWebKit/537.36 (KHTML, like Gecko) Chrome/124.0.0.0 Safari/537.36"
185.216.113.70 - - [26/Apr/2026:00:51:12 +0300] "POST /wp-cron.php?doing_wp_cron=1777153872.3143210411071777343750 HTTP/1.1" 200 448 "-" "WordPress/6.3.8; https://serhatburke.miroglu.net"
129.227.39.118 - - [26/Apr/2026:00:50:57 +0300] "POST /xmlrpc.php HTTP/1.1" 200 630 "-" "Mozilla/5.0 (Windows NT 10.0; Win64; x64) AppleWebKit/537.36 (KHTML, like Gecko) Chrome/114.0.0.0 Safari/537.36"
193.36.38.228 - - [26/Apr/2026:00:51:01 +0300] "POST /xmlrpc.php HTTP/1.1" 200 692 "-" "Mozilla/5.0 (Windows NT 10.0; Win64; x64) AppleWebKit/537.36 (KHTML, like Gecko) Chrome/114.0.0.0 Safari/537.36"
103.219.169.200 - - [26/Apr/2026:00:51:03 +0300] "POST /xmlrpc.php HTTP/1.1" 200 630 "-" "Mozilla/5.0 (Windows NT 10.0; Win64; x64) AppleWebKit/537.36 (KHTML, like Gecko) Chrome/114.0.0.0 Safari/537.36"
129.227.39.118 - - [26/Apr/2026:00:51:19 +0300] "POST /xmlrpc.php HTTP/1.1" 200 13266 "-" "Mozilla/5.0 (Windows NT 10.0; Win64; x64) AppleWebKit/537.36 (KHTML, like Gecko) Chrome/114.0.0.0 Safari/537.36"
193.36.38.228 - - [26/Apr/2026:00:51:24 +0300] "POST /xmlrpc.php HTTP/1.1" 200 12837 "-" "Mozilla/5.0 (Windows NT 10.0; Win64; x64) AppleWebKit/537.36 (KHTML, like Gecko) Chrome/114.0.0.0 Safari/537.36"
103.219.169.200 - - [26/Apr/2026:00:51:27 +0300] "POST /xmlrpc.php HTTP/1.1" 200 12119 "-" "Mozilla/5.0 (Windows NT 10.0; Win64; x64) AppleWebKit/537.36 (KHTML, like Gecko) Chrome/114.0.0.0 Safari/537.36"
129.227.39.118 - - [26/Apr/2026:00:51:37 +0300] "GET /book-of-ra-deluxe-six-free-slot-machine-online/ HTTP/1.1" 200 76570 "-" "Mozilla/5.0 (Windows NT 10.0; Win64; x64) AppleWebKit/537.36 (KHTML, like Gecko) Chrome/124.0.0.0 Safari/537.36 Edg/124.0.0.0"
193.36.38.228 - - [26/Apr/2026:00:51:42 +0300] "GET /while-many-advertisements-arrive-similar-at-first-glance-the-underlying-terms-and-conditions-can-differ-somewhat/ HTTP/1.1" 200 78038 "-" "Mozilla/5.0 (Windows NT 10.0; Win64; x64) AppleWebKit/537.36 (KHTML, like Gecko) Chrome/123.0.0.0 Safari/537.36"
103.219.169.200 - - [26/Apr/2026:00:51:45 +0300] "GET /jednoreki-bandyta-internetowego-za-darmo-z-brakiem-rejestrowania-sie-zagraj/ HTTP/1.1" 200 76712 "-" "Mozilla/5.0 (Windows NT 10.0; rv:109.0) Gecko/20100101 Firefox/115.0"
185.216.113.70 - - [26/Apr/2026:00:52:21 +0300] "POST /wp-cron.php?doing_wp_cron=1777153941.6759469509124755859375 HTTP/1.1" 200 448 "-" "WordPress/6.3.8; https://serhatburke.miroglu.net"
193.36.38.228 - - [26/Apr/2026:00:52:09 +0300] "POST /xmlrpc.php HTTP/1.1" 200 692 "-" "Mozilla/5.0 (Windows NT 10.0; Win64; x64) AppleWebKit/537.36 (KHTML, like Gecko) Chrome/114.0.0.0 Safari/537.36"
193.36.38.228 - - [26/Apr/2026:00:52:28 +0300] "POST /xmlrpc.php HTTP/1.1" 200 9868 "-" "Mozilla/5.0 (Windows NT 10.0; Win64; x64) AppleWebKit/537.36 (KHTML, like Gecko) Chrome/114.0.0.0 Safari/537.36"
185.216.113.70 - - [26/Apr/2026:00:52:51 +0300] "POST /wp-cron.php?doing_wp_cron=1777153971.6528720855712890625000 HTTP/1.1" 200 448 "-" "WordPress/6.3.8; https://serhatburke.miroglu.net"
193.36.38.228 - - [26/Apr/2026:00:52:40 +0300] "GET /this-may-search-difficult-at-first-sight-whats-an-effective-%EF%BF%BDadmission-line-anyway/ HTTP/1.1" 200 74700 "-" "Mozilla/5.0 (Windows NT 10.0; Win64; x64; rv:125.0) Gecko/20100101 Firefox/125.0"
185.216.113.70 - - [26/Apr/2026:00:53:50 +0300] "POST /wp-cron.php?doing_wp_cron=1777154030.8607740402221679687500 HTTP/1.1" 200 448 "-" "WordPress/6.3.8; https://serhatburke.miroglu.net"
193.36.38.228 - - [26/Apr/2026:00:53:39 +0300] "POST /xmlrpc.php HTTP/1.1" 200 692 "-" "Mozilla/5.0 (Windows NT 10.0; Win64; x64) AppleWebKit/537.36 (KHTML, like Gecko) Chrome/114.0.0.0 Safari/537.36"
193.36.38.228 - - [26/Apr/2026:00:53:56 +0300] "POST /xmlrpc.php HTTP/1.1" 200 9778 "-" "Mozilla/5.0 (Windows NT 10.0; Win64; x64) AppleWebKit/537.36 (KHTML, like Gecko) Chrome/114.0.0.0 Safari/537.36"
193.36.38.228 - - [26/Apr/2026:00:54:17 +0300] "GET /getting-united-kingdom-founded-transactions-such-as-towards-gambling-other-sites-paypal-costs-a-fixed-one-along-with-0/ HTTP/1.1" 200 75458 "-" "Mozilla/5.0 (Windows NT 10.0; Win64; x64) AppleWebKit/537.36 (KHTML, like Gecko) Chrome/124.0.0.0 Safari/537.36 Edg/124.0.0.0"
162.243.186.209 - - [26/Apr/2026:00:54:19 +0300] "POST /xmlrpc.php HTTP/1.1" 200 630 "-" "Mozilla/5.0 (Windows NT 10.0; Win64; x64) AppleWebKit/537.36 (KHTML, like Gecko) Chrome/114.0.0.0 Safari/537.36"
66.249.73.15 - - [26/Apr/2026:00:54:26 +0300] "GET /kasyno-online-vulkan-vegas-w-polsce-dostpne-metody-patnoci1071/undefined?ts=1775520000 HTTP/1.1" 200 0 "https://serhatburke.miroglu.net/kasyno-online-vulkan-vegas-w-polsce-dostpne-metody-patnoci1071/" "Mozilla/5.0 (Linux; Android 6.0.1; Nexus 5X Build/MMB29P) AppleWebKit/537.36 (KHTML, like Gecko) Chrome/146.0.7680.177 Mobile Safari/537.36 (compatible; Googlebot/2.1; +http://www.google.com/bot.html)"
185.216.113.70 - - [26/Apr/2026:00:54:50 +0300] "POST /wp-cron.php?doing_wp_cron=1777154090.2244229316711425781250 HTTP/1.1" 200 448 "-" "WordPress/6.3.8; https://serhatburke.miroglu.net"
162.243.186.209 - - [26/Apr/2026:00:54:37 +0300] "POST /xmlrpc.php HTTP/1.1" 200 9012 "-" "Mozilla/5.0 (Windows NT 10.0; Win64; x64) AppleWebKit/537.36 (KHTML, like Gecko) Chrome/114.0.0.0 Safari/537.36"
52.167.144.171 - - [26/Apr/2026:00:54:38 +0300] "GET /sitemap.txt HTTP/2" 302 0 "-" "Mozilla/5.0 AppleWebKit/537.36 (KHTML, like Gecko; compatible; bingbot/2.0; +http://www.bing.com/bingbot.htm) Chrome/116.0.1938.76 Safari/537.36"
162.243.186.209 - - [26/Apr/2026:00:54:51 +0300] "GET /il-fun-gratifica-puo-risiedere-consumato-solo-sui-giochi-del-bisca-esclusi-jackpot-ed-live-casino/ HTTP/1.1" 200 74362 "-" "Mozilla/5.0 (Windows NT 10.0; Win64; x64) AppleWebKit/537.36 (KHTML, like Gecko) Chrome/124.0.0.0 Safari/537.36 Edg/124.0.0.0"
52.167.144.171 - - [26/Apr/2026:00:54:57 +0300] "GET /sitemap.xml HTTP/2" 200 1160 "-" "Mozilla/5.0 AppleWebKit/537.36 (KHTML, like Gecko; compatible; bingbot/2.0; +http://www.bing.com/bingbot.htm) Chrome/116.0.1938.76 Safari/537.36"
193.36.38.228 - - [26/Apr/2026:00:55:13 +0300] "POST /xmlrpc.php HTTP/1.1" 200 692 "-" "Mozilla/5.0 (Windows NT 10.0; Win64; x64) AppleWebKit/537.36 (KHTML, like Gecko) Chrome/114.0.0.0 Safari/537.36"
185.216.113.70 - - [26/Apr/2026:00:55:43 +0300] "POST /wp-cron.php?doing_wp_cron=1777154143.5021660327911376953125 HTTP/1.1" 200 448 "-" "WordPress/6.3.8; https://serhatburke.miroglu.net"
193.36.38.228 - - [26/Apr/2026:00:55:31 +0300] "POST /xmlrpc.php HTTP/1.1" 200 12072 "-" "Mozilla/5.0 (Windows NT 10.0; Win64; x64) AppleWebKit/537.36 (KHTML, like Gecko) Chrome/114.0.0.0 Safari/537.36"
193.36.38.228 - - [26/Apr/2026:00:55:44 +0300] "GET /regardless-of-your-choice-these-five-casino-workers-bring-leading-black-jack-enjoy-on-you/ HTTP/1.1" 200 76774 "-" "Mozilla/5.0 (Windows NT 10.0; Win64; x64) AppleWebKit/537.36 (KHTML, like Gecko) Chrome/124.0.0.0 Safari/537.36"
188.130.136.170 - - [26/Apr/2026:00:56:07 +0300] "GET /zotabet-casino-bonus-premier-depot-2026/ HTTP/1.1" 200 19133 "https://serhatburke.miroglu.net/" "Mozilla/5.0 (Macintosh; Intel Mac OS X 12_5) AppleWebKit/537.36 (KHTML, like Gecko) Chrome/114.0.0.0 Safari/537.36 Edg/114.0.1264.71"
129.227.39.118 - - [26/Apr/2026:00:56:18 +0300] "POST /xmlrpc.php HTTP/1.1" 200 630 "-" "Mozilla/5.0 (Windows NT 10.0; Win64; x64) AppleWebKit/537.36 (KHTML, like Gecko) Chrome/114.0.0.0 Safari/537.36"
185.216.113.70 - - [26/Apr/2026:00:56:48 +0300] "POST /wp-cron.php?doing_wp_cron=1777154208.7592310905456542968750 HTTP/1.1" 200 448 "-" "WordPress/6.3.8; https://serhatburke.miroglu.net"
129.227.39.118 - - [26/Apr/2026:00:56:36 +0300] "POST /xmlrpc.php HTTP/1.1" 200 13676 "-" "Mozilla/5.0 (Windows NT 10.0; Win64; x64) AppleWebKit/537.36 (KHTML, like Gecko) Chrome/114.0.0.0 Safari/537.36"
193.36.38.228 - - [26/Apr/2026:00:56:37 +0300] "POST /xmlrpc.php HTTP/1.1" 200 692 "-" "Mozilla/5.0 (Windows NT 10.0; Win64; x64) AppleWebKit/537.36 (KHTML, like Gecko) Chrome/114.0.0.0 Safari/537.36"
129.227.39.118 - - [26/Apr/2026:00:56:50 +0300] "GET /guide-away-from-ra-wonders-le-5-mosse-vincenti-del-2026/ HTTP/1.1" 200 77159 "-" "Mozilla/5.0 (Windows NT 10.0; rv:125.0) Gecko/20100101 Firefox/125.0"
193.36.38.228 - - [26/Apr/2026:00:56:54 +0300] "POST /xmlrpc.php HTTP/1.1" 200 9082 "-" "Mozilla/5.0 (Windows NT 10.0; Win64; x64) AppleWebKit/537.36 (KHTML, like Gecko) Chrome/114.0.0.0 Safari/537.36"
193.36.38.228 - - [26/Apr/2026:00:57:09 +0300] "GET /you-will-see-less-than-a-listing-of-some-other-roulette-online-game-that-have-alive-investors/ HTTP/1.1" 200 73928 "-" "Mozilla/5.0 (Windows NT 10.0; rv:109.0) Gecko/20100101 Firefox/115.0"
