165.73.240.150 - - [25/Apr/2026:11:55:17 +0300] "GET /thunderstruck-dos-position-remark-play-the-totally-free-demonstration-games-local-casino-incentives/ HTTP/1.1" 200 78230 "-" "Mozilla/5.0 (Windows NT 10.0; Win64; x64) AppleWebKit/537.36 (KHTML, like Gecko) Chrome/123.0.0.0 Safari/537.36"
200.25.47.112 - - [25/Apr/2026:11:55:18 +0300] "GET /bonus-sem-casa-sobre-cassino-aquele-esportes-sao-proibidos/ HTTP/1.1" 200 80054 "-" "Mozilla/5.0 (Windows NT 10.0; Win64; x64) AppleWebKit/537.36 (KHTML, like Gecko) Chrome/122.0.0.0 Safari/537.36"
185.216.113.70 - - [25/Apr/2026:11:57:04 +0300] "POST /wp-cron.php?doing_wp_cron=1777107424.3727738857269287109375 HTTP/1.1" 200 448 "-" "WordPress/6.3.8; https://serhatburke.miroglu.net"
98.98.197.163 - - [25/Apr/2026:11:56:50 +0300] "POST /xmlrpc.php HTTP/1.1" 200 630 "-" "Mozilla/5.0 (Windows NT 10.0; Win64; x64) AppleWebKit/537.36 (KHTML, like Gecko) Chrome/114.0.0.0 Safari/537.36"
98.98.197.163 - - [25/Apr/2026:11:57:24 +0300] "POST /xmlrpc.php HTTP/1.1" 200 15656 "-" "Mozilla/5.0 (Windows NT 10.0; Win64; x64) AppleWebKit/537.36 (KHTML, like Gecko) Chrome/114.0.0.0 Safari/537.36"
185.216.113.70 - - [25/Apr/2026:11:58:06 +0300] "POST /wp-cron.php?doing_wp_cron=1777107486.0665960311889648437500 HTTP/1.1" 200 448 "-" "WordPress/6.3.8; https://serhatburke.miroglu.net"
98.98.197.163 - - [25/Apr/2026:11:57:53 +0300] "GET /f1-competition-performance-max-verstappen-victories-2023-bahrain-gp-alonso-celebs/ HTTP/1.1" 200 79681 "-" "Mozilla/5.0 (Windows NT 10.0; Win64; x64) AppleWebKit/537.36 (KHTML, like Gecko) Chrome/109.0.0.0 Safari/537.36"
194.99.26.183 - - [25/Apr/2026:11:57:59 +0300] "POST /xmlrpc.php HTTP/2" 200 141 "-" "WordPress/XMLRPC Client"
194.99.26.183 - - [25/Apr/2026:11:58:14 +0300] "GET /?p=135272 HTTP/2" 301 0 "-" "Mozilla/5.0 (Windows NT 10.0; Win64; x64) AppleWebKit/537.36 (KHTML, like Gecko) Chrome/120.0.0.0 Safari/537.36"
185.216.113.70 - - [25/Apr/2026:11:59:05 +0300] "POST /wp-cron.php?doing_wp_cron=1777107545.2198491096496582031250 HTTP/1.1" 200 448 "-" "WordPress/6.3.8; https://serhatburke.miroglu.net"
178.159.37.156 - - [25/Apr/2026:11:58:53 +0300] "POST /xmlrpc.php HTTP/1.1" 200 1155 "-" "Mozilla/5.0 (Macintosh; Intel Mac OS X 12_5) AppleWebKit/537.36 (KHTML, like Gecko) Chrome/114.0.0.0 Safari/537.36 Edg/114.0.1264.71"
200.25.47.112 - - [25/Apr/2026:11:59:05 +0300] "POST /xmlrpc.php HTTP/1.1" 200 630 "-" "Mozilla/5.0 (Windows NT 10.0; Win64; x64) AppleWebKit/537.36 (KHTML, like Gecko) Chrome/114.0.0.0 Safari/537.36"
200.25.47.112 - - [25/Apr/2026:11:59:24 +0300] "POST /xmlrpc.php HTTP/1.1" 200 16409 "-" "Mozilla/5.0 (Windows NT 10.0; Win64; x64) AppleWebKit/537.36 (KHTML, like Gecko) Chrome/114.0.0.0 Safari/537.36"
185.216.113.70 - - [25/Apr/2026:11:59:51 +0300] "POST /wp-cron.php?doing_wp_cron=1777107590.8707840442657470703125 HTTP/1.1" 200 448 "-" "WordPress/6.3.8; https://serhatburke.miroglu.net"
200.25.47.112 - - [25/Apr/2026:11:59:38 +0300] "GET /jogue-entao-abicar-aparelho-do-tigre-artesao/ HTTP/1.1" 200 79804 "-" "Mozilla/5.0 (Windows NT 10.0; Win64; x64) AppleWebKit/537.36 (KHTML, like Gecko) Chrome/122.0.0.0 Safari/537.36"
66.249.73.1 - - [25/Apr/2026:11:59:54 +0300] "GET /admiral-shark-casino-uk-review-dive-into-exciting-online-gaming/ HTTP/1.1" 200 0 "https://gqsca.driftengine-games.info/" "Mozilla/5.0 (Linux; Android 6.0.1; Nexus 5X Build/MMB29P) AppleWebKit/537.36 (KHTML, like Gecko) Chrome/146.0.7680.177 Mobile Safari/537.36 (compatible; Googlebot/2.1; +http://www.google.com/bot.html)"
165.73.240.150 - - [25/Apr/2026:12:00:04 +0300] "POST /xmlrpc.php HTTP/1.1" 200 630 "-" "Mozilla/5.0 (Windows NT 10.0; Win64; x64) AppleWebKit/537.36 (KHTML, like Gecko) Chrome/114.0.0.0 Safari/537.36"
185.216.113.70 - - [25/Apr/2026:12:00:36 +0300] "POST /wp-cron.php?doing_wp_cron=1777107636.5318291187286376953125 HTTP/1.1" 200 448 "-" "WordPress/6.3.8; https://serhatburke.miroglu.net"
165.73.240.150 - - [25/Apr/2026:12:00:24 +0300] "POST /xmlrpc.php HTTP/1.1" 200 13359 "-" "Mozilla/5.0 (Windows NT 10.0; Win64; x64) AppleWebKit/537.36 (KHTML, like Gecko) Chrome/114.0.0.0 Safari/537.36"
92.112.227.90 - - [25/Apr/2026:12:00:33 +0300] "POST /xmlrpc.php HTTP/1.1" 200 730 "-" "axios/1.11.0"
165.73.240.150 - - [25/Apr/2026:12:00:38 +0300] "GET /make-the-most-of-staking-which-have-thunderstruck-position-gambling-enterprise-promo-password/ HTTP/1.1" 200 77566 "-" "Mozilla/5.0 (Windows NT 10.0; Win64; x64; rv:125.0) Gecko/20100101 Firefox/125.0"
146.103.3.149 - - [25/Apr/2026:12:00:43 +0300] "POST /xmlrpc.php HTTP/1.1" 200 730 "-" "axios/1.11.0"
185.216.113.70 - - [25/Apr/2026:12:02:22 +0300] "POST /wp-cron.php?doing_wp_cron=1777107742.3337500095367431640625 HTTP/1.1" 200 448 "-" "WordPress/6.3.8; https://serhatburke.miroglu.net"
79.157.21.8 - - [25/Apr/2026:12:02:10 +0300] "GET /nandrolone-phenylpropionate-100mg-potenciando-el-culturismo/ HTTP/1.1" 200 70494 "-" "GuzzleHttp/7"
200.25.47.112 - - [25/Apr/2026:12:02:34 +0300] "POST /xmlrpc.php HTTP/1.1" 200 630 "-" "Mozilla/5.0 (Windows NT 10.0; Win64; x64) AppleWebKit/537.36 (KHTML, like Gecko) Chrome/114.0.0.0 Safari/537.36"
185.216.113.70 - - [25/Apr/2026:12:02:55 +0300] "POST /wp-cron.php?doing_wp_cron=1777107775.4859631061553955078125 HTTP/1.1" 200 448 "-" "WordPress/6.3.8; https://serhatburke.miroglu.net"
52.167.144.224 - - [25/Apr/2026:12:02:42 +0300] "GET /queen-of-your-nile-slots-opinion-2026-jackpot-out-of-king-of-your-own-nile-casino-slot-games-9a-hundred-gold-profitable-site-coins/ HTTP/2" 200 19349 "-" "Mozilla/5.0 AppleWebKit/537.36 (KHTML, like Gecko; compatible; bingbot/2.0; +http://www.bing.com/bingbot.htm) Chrome/116.0.1938.76 Safari/537.36"
200.25.47.112 - - [25/Apr/2026:12:02:53 +0300] "POST /xmlrpc.php HTTP/1.1" 200 17454 "-" "Mozilla/5.0 (Windows NT 10.0; Win64; x64) AppleWebKit/537.36 (KHTML, like Gecko) Chrome/114.0.0.0 Safari/537.36"
200.25.47.112 - - [25/Apr/2026:12:03:09 +0300] "GET /acabamento-esfogiteado-tigrinho-acostumado-2026-rtp-artifice-96-81-e-max-win-2-500x-testados/ HTTP/1.1" 200 82166 "-" "Mozilla/5.0 (Windows NT 10.0; Win64; x64) AppleWebKit/537.36 (KHTML, like Gecko) Chrome/124.0.0.0 Safari/537.36 Edg/124.0.0.0"
157.55.39.13 - - [25/Apr/2026:12:03:23 +0300] "GET /vayamos-por-partes-es-un-bono-sobre-500-eurillos-regalado-desprovisto-deposito/ HTTP/2" 200 19179 "-" "Mozilla/5.0 AppleWebKit/537.36 (KHTML, like Gecko; compatible; bingbot/2.0; +http://www.bing.com/bingbot.htm) Chrome/116.0.1938.76 Safari/537.36"
185.216.113.70 - - [25/Apr/2026:12:05:11 +0300] "POST /wp-cron.php?doing_wp_cron=1777107911.3223800659179687500000 HTTP/1.1" 200 448 "-" "WordPress/6.3.8; https://serhatburke.miroglu.net"
52.167.144.173 - - [25/Apr/2026:12:04:58 +0300] "GET /top-ten-casinos-on-the-internet-2026-150-chances-guns-n-roses-7000-real-cash-websites-checked/ HTTP/2" 200 19133 "-" "Mozilla/5.0 AppleWebKit/537.36 (KHTML, like Gecko; compatible; bingbot/2.0; +http://www.bing.com/bingbot.htm) Chrome/116.0.1938.76 Safari/537.36"
185.216.113.70 - - [25/Apr/2026:12:05:54 +0300] "POST /wp-cron.php?doing_wp_cron=1777107954.4943089485168457031250 HTTP/1.1" 200 448 "-" "WordPress/6.3.8; https://serhatburke.miroglu.net"
165.73.240.150 - - [25/Apr/2026:12:05:42 +0300] "POST /xmlrpc.php HTTP/1.1" 200 630 "-" "Mozilla/5.0 (Windows NT 10.0; Win64; x64) AppleWebKit/537.36 (KHTML, like Gecko) Chrome/114.0.0.0 Safari/537.36"
165.73.240.150 - - [25/Apr/2026:12:06:01 +0300] "POST /xmlrpc.php HTTP/1.1" 200 14249 "-" "Mozilla/5.0 (Windows NT 10.0; Win64; x64) AppleWebKit/537.36 (KHTML, like Gecko) Chrome/114.0.0.0 Safari/537.36"
200.25.47.112 - - [25/Apr/2026:12:06:07 +0300] "POST /xmlrpc.php HTTP/1.1" 200 630 "-" "Mozilla/5.0 (Windows NT 10.0; Win64; x64) AppleWebKit/537.36 (KHTML, like Gecko) Chrome/114.0.0.0 Safari/537.36"
165.73.240.150 - - [25/Apr/2026:12:06:17 +0300] "GET /100-percent-free-pokies-australia-gamble-online-pokies-enjoyment-no-download/ HTTP/1.1" 200 78294 "-" "Mozilla/5.0 (Windows NT 10.0; rv:125.0) Gecko/20100101 Firefox/125.0"
185.216.113.70 - - [25/Apr/2026:12:06:40 +0300] "POST /wp-cron.php?doing_wp_cron=1777108000.5336201190948486328125 HTTP/1.1" 200 448 "-" "WordPress/6.3.8; https://serhatburke.miroglu.net"
200.25.47.112 - - [25/Apr/2026:12:06:27 +0300] "POST /xmlrpc.php HTTP/1.1" 200 16884 "-" "Mozilla/5.0 (Windows NT 10.0; Win64; x64) AppleWebKit/537.36 (KHTML, like Gecko) Chrome/114.0.0.0 Safari/537.36"
200.25.47.112 - - [25/Apr/2026:12:06:42 +0300] "GET /jogue-crown-of-fire-giros-livres-infantilidade-slot-book-of-time-gratuitamente-acimade-trejeito-belzebu/ HTTP/1.1" 200 81907 "-" "Mozilla/5.0 (Windows NT 10.0; Win64; x64) AppleWebKit/537.36 (KHTML, like Gecko) Chrome/122.0.0.0 Safari/537.36"
185.216.113.70 - - [25/Apr/2026:12:09:45 +0300] "POST /wp-cron.php?doing_wp_cron=1777108185.4236838817596435546875 HTTP/1.1" 200 448 "-" "WordPress/6.3.8; https://serhatburke.miroglu.net"
200.25.47.112 - - [25/Apr/2026:12:09:32 +0300] "POST /xmlrpc.php HTTP/1.1" 200 630 "-" "Mozilla/5.0 (Windows NT 10.0; Win64; x64) AppleWebKit/537.36 (KHTML, like Gecko) Chrome/114.0.0.0 Safari/537.36"
200.25.47.112 - - [25/Apr/2026:12:09:52 +0300] "POST /xmlrpc.php HTTP/1.1" 200 16266 "-" "Mozilla/5.0 (Windows NT 10.0; Win64; x64) AppleWebKit/537.36 (KHTML, like Gecko) Chrome/114.0.0.0 Safari/537.36"
200.25.47.112 - - [25/Apr/2026:12:10:08 +0300] "GET /slots-que-mais-pagam-top-5-slots-acercade-portugal-2026/ HTTP/1.1" 200 79970 "-" "Mozilla/5.0 (Windows NT 10.0; rv:125.0) Gecko/20100101 Firefox/125.0"
185.216.113.70 - - [25/Apr/2026:12:11:28 +0300] "POST /wp-cron.php?doing_wp_cron=1777108288.2519679069519042968750 HTTP/1.1" 200 448 "-" "WordPress/6.3.8; https://serhatburke.miroglu.net"
165.73.240.150 - - [25/Apr/2026:12:11:15 +0300] "POST /xmlrpc.php HTTP/1.1" 200 630 "-" "Mozilla/5.0 (Windows NT 10.0; Win64; x64) AppleWebKit/537.36 (KHTML, like Gecko) Chrome/114.0.0.0 Safari/537.36"
165.73.240.150 - - [25/Apr/2026:12:11:35 +0300] "POST /xmlrpc.php HTTP/1.1" 200 13183 "-" "Mozilla/5.0 (Windows NT 10.0; Win64; x64) AppleWebKit/537.36 (KHTML, like Gecko) Chrome/114.0.0.0 Safari/537.36"
165.73.240.150 - - [25/Apr/2026:12:11:49 +0300] "GET /sign-in-to-thescore-wager-us/ HTTP/1.1" 200 75826 "-" "Mozilla/5.0 (Windows NT 10.0; Win64; x64) AppleWebKit/537.36 (KHTML, like Gecko) Chrome/122.0.0.0 Safari/537.36"
185.216.113.70 - - [25/Apr/2026:12:13:00 +0300] "POST /wp-cron.php?doing_wp_cron=1777108380.3453080654144287109375 HTTP/1.1" 200 448 "-" "WordPress/6.3.8; https://serhatburke.miroglu.net"
200.25.47.112 - - [25/Apr/2026:12:12:48 +0300] "POST /xmlrpc.php HTTP/1.1" 200 630 "-" "Mozilla/5.0 (Windows NT 10.0; Win64; x64) AppleWebKit/537.36 (KHTML, like Gecko) Chrome/114.0.0.0 Safari/537.36"
200.25.47.112 - - [25/Apr/2026:12:13:07 +0300] "POST /xmlrpc.php HTTP/1.1" 200 16241 "-" "Mozilla/5.0 (Windows NT 10.0; Win64; x64) AppleWebKit/537.36 (KHTML, like Gecko) Chrome/114.0.0.0 Safari/537.36"
178.175.140.148 - - [25/Apr/2026:12:13:22 +0300] "POST /xmlrpc.php HTTP/1.1" 200 630 "-" "Mozilla/5.0 (Windows NT 10.0; Win64; x64) AppleWebKit/537.36 (KHTML, like Gecko) Chrome/114.0.0.0 Safari/537.36"
200.25.47.112 - - [25/Apr/2026:12:13:22 +0300] "GET /batido-aerodromo-solucion-criancice-problemas-aparece-un-error-error-infantilidade-sobretemperatura-infantilidade-la-cpu-despues-del-arrancad-soporte-tecnico-artista/ HTTP/1.1" 200 82924 "-" "Mozilla/5.0 (Windows NT 10.0; Win64; x64; rv:125.0) Gecko/20100101 Firefox/125.0"
185.216.113.70 - - [25/Apr/2026:12:13:51 +0300] "POST /wp-cron.php?doing_wp_cron=1777108431.3466858863830566406250 HTTP/1.1" 200 448 "-" "WordPress/6.3.8; https://serhatburke.miroglu.net"
178.175.140.148 - - [25/Apr/2026:12:13:39 +0300] "POST /xmlrpc.php HTTP/1.1" 200 8897 "-" "Mozilla/5.0 (Windows NT 10.0; Win64; x64) AppleWebKit/537.36 (KHTML, like Gecko) Chrome/114.0.0.0 Safari/537.36"
178.175.140.148 - - [25/Apr/2026:12:13:51 +0300] "GET /opinions-de-professionnels-pour-choisir-la-creme-portail-casino-en-ligne/ HTTP/1.1" 200 73018 "-" "Mozilla/5.0 (Windows NT 10.0; Win64; x64) AppleWebKit/537.36 (KHTML, like Gecko) Chrome/122.0.0.0 Safari/537.36"
52.167.144.216 - - [25/Apr/2026:12:14:16 +0300] "GET /kasino-avance-medmindre-giroindbetalin-pr-marts-2026/ HTTP/2" 200 19245 "-" "Mozilla/5.0 AppleWebKit/537.36 (KHTML, like Gecko; compatible; bingbot/2.0; +http://www.bing.com/bingbot.htm) Chrome/116.0.1938.76 Safari/537.36"
185.216.113.70 - - [25/Apr/2026:12:14:53 +0300] "POST /wp-cron.php?doing_wp_cron=1777108493.6471590995788574218750 HTTP/1.1" 200 448 "-" "WordPress/6.3.8; https://serhatburke.miroglu.net"
52.167.144.216 - - [25/Apr/2026:12:14:36 +0300] "GET /thunderstruck-position-play-the-thunderstruck-trial-2026/ HTTP/2" 200 20106 "-" "Mozilla/5.0 AppleWebKit/537.36 (KHTML, like Gecko; compatible; bingbot/2.0; +http://www.bing.com/bingbot.htm) Chrome/116.0.1938.76 Safari/537.36"
52.167.144.189 - - [25/Apr/2026:12:14:45 +0300] "GET /top-mobile-gambling-crucial-link-enterprises-2026-finest-a-real-income-gaming-software/ HTTP/2" 200 20714 "-" "Mozilla/5.0 AppleWebKit/537.36 (KHTML, like Gecko; compatible; bingbot/2.0; +http://www.bing.com/bingbot.htm) Chrome/116.0.1938.76 Safari/537.36"
157.55.39.195 - - [25/Apr/2026:12:14:51 +0300] "GET /mayan-princess-position-review-2026-on-the-web-slot-out-of-microgaming/ HTTP/2" 200 18756 "-" "Mozilla/5.0 AppleWebKit/537.36 (KHTML, like Gecko; compatible; bingbot/2.0; +http://www.bing.com/bingbot.htm) Chrome/116.0.1938.76 Safari/537.36"
52.167.144.216 - - [25/Apr/2026:12:15:08 +0300] "GET /absous-en-craps-gains-codes-promotionnels-pour-iwinfortune-du-appoint-effectif-i-du-casino-un-peu-dans-2026/ HTTP/2" 200 21425 "-" "Mozilla/5.0 AppleWebKit/537.36 (KHTML, like Gecko; compatible; bingbot/2.0; +http://www.bing.com/bingbot.htm) Chrome/116.0.1938.76 Safari/537.36"
185.216.113.70 - - [25/Apr/2026:12:16:19 +0300] "POST /wp-cron.php?doing_wp_cron=1777108579.8435289859771728515625 HTTP/1.1" 200 448 "-" "WordPress/6.3.8; https://serhatburke.miroglu.net"
200.25.47.112 - - [25/Apr/2026:12:16:07 +0300] "POST /xmlrpc.php HTTP/1.1" 200 630 "-" "Mozilla/5.0 (Windows NT 10.0; Win64; x64) AppleWebKit/537.36 (KHTML, like Gecko) Chrome/114.0.0.0 Safari/537.36"
200.25.47.112 - - [25/Apr/2026:12:16:26 +0300] "POST /xmlrpc.php HTTP/1.1" 200 15358 "-" "Mozilla/5.0 (Windows NT 10.0; Win64; x64) AppleWebKit/537.36 (KHTML, like Gecko) Chrome/114.0.0.0 Safari/537.36"
185.216.113.70 - - [25/Apr/2026:12:16:47 +0300] "POST /wp-cron.php?doing_wp_cron=1777108607.1602671146392822265625 HTTP/1.1" 200 448 "-" "WordPress/6.3.8; https://serhatburke.miroglu.net"
165.73.240.150 - - [25/Apr/2026:12:16:34 +0300] "POST /xmlrpc.php HTTP/1.1" 200 630 "-" "Mozilla/5.0 (Windows NT 10.0; Win64; x64) AppleWebKit/537.36 (KHTML, like Gecko) Chrome/114.0.0.0 Safari/537.36"
200.25.47.112 - - [25/Apr/2026:12:16:40 +0300] "GET /registre-abancar-na-slot-express-casino-e-ganhe-exemplar-bonus/ HTTP/1.1" 200 79279 "-" "Mozilla/5.0 (Windows NT 10.0; Win64; x64; rv:125.0) Gecko/20100101 Firefox/125.0"
165.73.240.150 - - [25/Apr/2026:12:16:54 +0300] "POST /xmlrpc.php HTTP/1.1" 200 13227 "-" "Mozilla/5.0 (Windows NT 10.0; Win64; x64) AppleWebKit/537.36 (KHTML, like Gecko) Chrome/114.0.0.0 Safari/537.36"
165.73.240.150 - - [25/Apr/2026:12:17:09 +0300] "GET /thunderstruck-position-comment-96-1-rtp-microgaming-2026/ HTTP/1.1" 200 76772 "-" "Mozilla/5.0 (Windows NT 10.0; Win64; x64; rv:124.0) Gecko/20100101 Firefox/124.0"
185.216.113.70 - - [25/Apr/2026:12:18:25 +0300] "POST /wp-cron.php?doing_wp_cron=1777108705.3835749626159667968750 HTTP/1.1" 200 448 "-" "WordPress/6.3.8; https://serhatburke.miroglu.net"
58.160.120.171 - - [25/Apr/2026:12:18:12 +0300] "POST /xmlrpc.php HTTP/2" 200 141 "-" "WordPress/XMLRPC Client"
58.160.120.171 - - [25/Apr/2026:12:18:26 +0300] "GET /?p=135296 HTTP/2" 301 0 "-" "Mozilla/5.0 (Windows NT 10.0; Win64; x64) AppleWebKit/537.36 (KHTML, like Gecko) Chrome/120.0.0.0 Safari/537.36"
185.216.113.70 - - [25/Apr/2026:12:19:51 +0300] "POST /wp-cron.php?doing_wp_cron=1777108791.6335990428924560546875 HTTP/1.1" 200 448 "-" "WordPress/6.3.8; https://serhatburke.miroglu.net"
200.25.47.112 - - [25/Apr/2026:12:19:39 +0300] "POST /xmlrpc.php HTTP/1.1" 200 630 "-" "Mozilla/5.0 (Windows NT 10.0; Win64; x64) AppleWebKit/537.36 (KHTML, like Gecko) Chrome/114.0.0.0 Safari/537.36"
200.25.47.112 - - [25/Apr/2026:12:19:58 +0300] "POST /xmlrpc.php HTTP/1.1" 200 15963 "-" "Mozilla/5.0 (Windows NT 10.0; Win64; x64) AppleWebKit/537.36 (KHTML, like Gecko) Chrome/114.0.0.0 Safari/537.36"
200.25.47.112 - - [25/Apr/2026:12:20:12 +0300] "GET /casinos-online-algum-efetivo-o-top-dos-melhores-acercade-portugal/ HTTP/1.1" 200 79820 "-" "Mozilla/5.0 (Windows NT 10.0; rv:109.0) Gecko/20100101 Firefox/115.0"
52.167.144.157 - - [25/Apr/2026:12:20:16 +0300] "GET /casino-guider-rad-samt-strategier-fore-casinospel-online/ HTTP/2" 200 19052 "-" "Mozilla/5.0 AppleWebKit/537.36 (KHTML, like Gecko; compatible; bingbot/2.0; +http://www.bing.com/bingbot.htm) Chrome/116.0.1938.76 Safari/537.36"
52.167.144.216 - - [25/Apr/2026:12:20:21 +0300] "GET /best-pragmatic-play-slots-casinos-in-2026/ HTTP/2" 200 19039 "-" "Mozilla/5.0 AppleWebKit/537.36 (KHTML, like Gecko; compatible; bingbot/2.0; +http://www.bing.com/bingbot.htm) Chrome/116.0.1938.76 Safari/537.36"
185.216.113.70 - - [25/Apr/2026:12:21:10 +0300] "POST /wp-cron.php?doing_wp_cron=1777108870.2276399135589599609375 HTTP/1.1" 200 448 "-" "WordPress/6.3.8; https://serhatburke.miroglu.net"
157.55.39.201 - - [25/Apr/2026:12:20:58 +0300] "GET /practical-dexscreener-guide-smart-dex-scanner-strategies/ HTTP/2" 200 19827 "-" "Mozilla/5.0 AppleWebKit/537.36 (KHTML, like Gecko; compatible; bingbot/2.0; +http://www.bing.com/bingbot.htm) Chrome/116.0.1938.76 Safari/537.36"
185.216.113.70 - - [25/Apr/2026:12:21:55 +0300] "POST /wp-cron.php?doing_wp_cron=1777108915.4210360050201416015625 HTTP/1.1" 200 448 "-" "WordPress/6.3.8; https://serhatburke.miroglu.net"
165.73.240.150 - - [25/Apr/2026:12:21:43 +0300] "POST /xmlrpc.php HTTP/1.1" 200 630 "-" "Mozilla/5.0 (Windows NT 10.0; Win64; x64) AppleWebKit/537.36 (KHTML, like Gecko) Chrome/114.0.0.0 Safari/537.36"
165.73.240.150 - - [25/Apr/2026:12:22:02 +0300] "POST /xmlrpc.php HTTP/1.1" 200 13809 "-" "Mozilla/5.0 (Windows NT 10.0; Win64; x64) AppleWebKit/537.36 (KHTML, like Gecko) Chrome/114.0.0.0 Safari/537.36"
165.73.240.150 - - [25/Apr/2026:12:22:16 +0300] "GET /enjoy-totally-free-thunderstruck-slot-machine-game-on-the-web-microgaming-game/ HTTP/1.1" 200 78002 "-" "Mozilla/5.0 (Windows NT 10.0; Win64; x64) AppleWebKit/537.36 (KHTML, like Gecko) Chrome/123.0.0.0 Safari/537.36 OPR/109.0.0.0"
185.216.113.70 - - [25/Apr/2026:12:23:12 +0300] "POST /wp-cron.php?doing_wp_cron=1777108992.5477581024169921875000 HTTP/1.1" 200 448 "-" "WordPress/6.3.8; https://serhatburke.miroglu.net"
200.25.47.112 - - [25/Apr/2026:12:22:59 +0300] "POST /xmlrpc.php HTTP/1.1" 200 630 "-" "Mozilla/5.0 (Windows NT 10.0; Win64; x64) AppleWebKit/537.36 (KHTML, like Gecko) Chrome/114.0.0.0 Safari/537.36"
200.25.47.112 - - [25/Apr/2026:12:23:19 +0300] "POST /xmlrpc.php HTTP/1.1" 200 16069 "-" "Mozilla/5.0 (Windows NT 10.0; Win64; x64) AppleWebKit/537.36 (KHTML, like Gecko) Chrome/114.0.0.0 Safari/537.36"
185.216.113.70 - - [25/Apr/2026:12:23:45 +0300] "POST /wp-cron.php?doing_wp_cron=1777109024.9528911113739013671875 HTTP/1.1" 200 448 "-" "WordPress/6.3.8; https://serhatburke.miroglu.net"
200.25.47.112 - - [25/Apr/2026:12:23:33 +0300] "GET /acao-sem-entreposto-nos-casinos-infantilidade-portugal-sobre-2026/ HTTP/1.1" 200 80121 "-" "Mozilla/5.0 (Windows NT 10.0; Win64; x64) AppleWebKit/537.36 (KHTML, like Gecko) Chrome/122.0.0.0 Safari/537.36"
185.216.113.70 - - [25/Apr/2026:12:24:49 +0300] "POST /wp-cron.php?doing_wp_cron=1777109089.4308938980102539062500 HTTP/1.1" 200 448 "-" "WordPress/6.3.8; https://serhatburke.miroglu.net"
178.175.140.148 - - [25/Apr/2026:12:24:36 +0300] "POST /xmlrpc.php HTTP/1.1" 200 630 "-" "Mozilla/5.0 (Windows NT 10.0; Win64; x64) AppleWebKit/537.36 (KHTML, like Gecko) Chrome/114.0.0.0 Safari/537.36"
178.175.140.148 - - [25/Apr/2026:12:24:56 +0300] "POST /xmlrpc.php HTTP/1.1" 200 9311 "-" "Mozilla/5.0 (Windows NT 10.0; Win64; x64) AppleWebKit/537.36 (KHTML, like Gecko) Chrome/114.0.0.0 Safari/537.36"
178.175.140.148 - - [25/Apr/2026:12:25:08 +0300] "GET /cest-le-genre-en-tenant-configuration-qui-suppose-ascetiquement-le-secteur-au-lieu-unique-arreter/ HTTP/1.1" 200 74122 "-" "Mozilla/5.0 (Windows NT 10.0; Win64; x64) AppleWebKit/537.36 (KHTML, like Gecko) Chrome/122.0.0.0 Safari/537.36"
185.216.113.70 - - [25/Apr/2026:12:25:49 +0300] "POST /wp-cron.php?doing_wp_cron=1777109149.5655500888824462890625 HTTP/1.1" 200 448 "-" "WordPress/6.3.8; https://serhatburke.miroglu.net"
52.167.144.21 - - [25/Apr/2026:12:25:38 +0300] "GET /spilleban-idraet-tilslutte-vulkanbet-danmarks-bedste-casinospil-2023-guidebog/ HTTP/2" 200 18922 "-" "Mozilla/5.0 AppleWebKit/537.36 (KHTML, like Gecko; compatible; bingbot/2.0; +http://www.bing.com/bingbot.htm) Chrome/116.0.1938.76 Safari/537.36"
185.216.113.70 - - [25/Apr/2026:12:26:01 +0300] "POST /wp-cron.php?doing_wp_cron=1777109161.7958040237426757812500 HTTP/1.1" 200 448 "-" "WordPress/6.3.8; https://serhatburke.miroglu.net"
157.55.39.201 - - [25/Apr/2026:12:25:49 +0300] "GET /the-platform-maintains-compatibility-across-seplay-and-easy-navigation-towards-one-android-product/ HTTP/2" 200 17984 "-" "Mozilla/5.0 AppleWebKit/537.36 (KHTML, like Gecko; compatible; bingbot/2.0; +http://www.bing.com/bingbot.htm) Chrome/116.0.1938.76 Safari/537.36"
157.55.39.201 - - [25/Apr/2026:12:26:14 +0300] "GET /unleashing-the-power-of-jupiter-swap-for-crypto-traders-11/ HTTP/2" 200 17695 "-" "Mozilla/5.0 AppleWebKit/537.36 (KHTML, like Gecko; compatible; bingbot/2.0; +http://www.bing.com/bingbot.htm) Chrome/116.0.1938.76 Safari/537.36"
5.183.255.197 - - [25/Apr/2026:12:26:27 +0300] "GET / HTTP/2" 200 20619 "-" "Mozilla/5.0 (Macintosh; Intel Mac OS X 10_15_7) AppleWebKit/537.36 (KHTML, like Gecko) Chrome/120.0.0.0 Safari/537.36"
185.216.113.70 - - [25/Apr/2026:12:27:09 +0300] "POST /wp-cron.php?doing_wp_cron=1777109229.7532110214233398437500 HTTP/1.1" 200 448 "-" "WordPress/6.3.8; https://serhatburke.miroglu.net"
165.73.240.150 - - [25/Apr/2026:12:26:55 +0300] "POST /xmlrpc.php HTTP/1.1" 200 630 "-" "Mozilla/5.0 (Windows NT 10.0; Win64; x64) AppleWebKit/537.36 (KHTML, like Gecko) Chrome/114.0.0.0 Safari/537.36"
185.216.113.70 - - [25/Apr/2026:12:27:12 +0300] "POST /wp-cron.php?doing_wp_cron=1777109232.3011488914489746093750 HTTP/1.1" 200 448 "-" "WordPress/6.3.8; https://serhatburke.miroglu.net"
200.25.47.112 - - [25/Apr/2026:12:26:57 +0300] "POST /xmlrpc.php HTTP/1.1" 200 630 "-" "Mozilla/5.0 (Windows NT 10.0; Win64; x64) AppleWebKit/537.36 (KHTML, like Gecko) Chrome/114.0.0.0 Safari/537.36"
185.216.113.70 - - [25/Apr/2026:12:27:24 +0300] "POST /wp-cron.php?doing_wp_cron=1777109244.6077289581298828125000 HTTP/1.1" 200 448 "-" "WordPress/6.3.8; https://serhatburke.miroglu.net"
178.175.140.148 - - [25/Apr/2026:12:27:03 +0300] "POST /xmlrpc.php HTTP/1.1" 200 630 "-" "Mozilla/5.0 (Windows NT 10.0; Win64; x64) AppleWebKit/537.36 (KHTML, like Gecko) Chrome/114.0.0.0 Safari/537.36"
165.73.240.150 - - [25/Apr/2026:12:27:17 +0300] "POST /xmlrpc.php HTTP/1.1" 200 12711 "-" "Mozilla/5.0 (Windows NT 10.0; Win64; x64) AppleWebKit/537.36 (KHTML, like Gecko) Chrome/114.0.0.0 Safari/537.36"
200.25.47.112 - - [25/Apr/2026:12:27:18 +0300] "POST /xmlrpc.php HTTP/1.1" 200 16011 "-" "Mozilla/5.0 (Windows NT 10.0; Win64; x64) AppleWebKit/537.36 (KHTML, like Gecko) Chrome/114.0.0.0 Safari/537.36"
178.175.140.148 - - [25/Apr/2026:12:27:30 +0300] "POST /xmlrpc.php HTTP/1.1" 200 10133 "-" "Mozilla/5.0 (Windows NT 10.0; Win64; x64) AppleWebKit/537.36 (KHTML, like Gecko) Chrome/114.0.0.0 Safari/537.36"
77.119.188.175 - - [25/Apr/2026:12:27:33 +0300] "GET /casino-online-skrill-prelievo-veloce/ HTTP/1.1" 200 18738 "-" "Mozilla/5.0 (compatible; Googlebot/2.1; +http://www.google.com/bot.html)"
165.73.240.150 - - [25/Apr/2026:12:27:50 +0300] "GET /thunderstruck-game-play-microgaming-free-slot-video-game-on-the-internet-no-download/ HTTP/1.1" 200 76940 "-" "Mozilla/5.0 (Windows NT 10.0; Win64; x64) AppleWebKit/537.36 (KHTML, like Gecko) Chrome/123.0.0.0 Safari/537.36"
200.25.47.112 - - [25/Apr/2026:12:27:52 +0300] "GET /starburst-slot-arame-efetivo-revisao-slot-amoldado-infantilidade-arcade-dos-anos-80/ HTTP/1.1" 200 80686 "-" "Mozilla/5.0 (Windows NT 10.0; Win64; x64) AppleWebKit/537.36 (KHTML, like Gecko) Chrome/122.0.0.0 Safari/537.36"
178.175.140.148 - - [25/Apr/2026:12:28:02 +0300] "GET /tout-mon-delassement-a-l%EF%BF%BDegard-de-salle-de-jeu-dont-redefinit-cet-delassement-quelque-peu/ HTTP/1.1" 200 75162 "-" "Mozilla/5.0 (Windows NT 10.0; Win64; x64) AppleWebKit/537.36 (KHTML, like Gecko) Chrome/124.0.0.0 Safari/537.36"
52.167.144.21 - - [25/Apr/2026:12:28:10 +0300] "GET /casinos-con-el-pasar-del-tiempo-500-giros-sin-cargo-sin-deposito-chile-2026/ HTTP/2" 200 19626 "-" "Mozilla/5.0 AppleWebKit/537.36 (KHTML, like Gecko; compatible; bingbot/2.0; +http://www.bing.com/bingbot.htm) Chrome/116.0.1938.76 Safari/537.36"
185.216.113.70 - - [25/Apr/2026:12:28:55 +0300] "POST /wp-cron.php?doing_wp_cron=1777109334.9971730709075927734375 HTTP/1.1" 200 448 "-" "WordPress/6.3.8; https://serhatburke.miroglu.net"
157.55.39.201 - - [25/Apr/2026:12:28:43 +0300] "GET /kraken-vash-nadezhnyi-kliuch-k-darknetu-2026-goda/ HTTP/2" 200 18404 "-" "Mozilla/5.0 AppleWebKit/537.36 (KHTML, like Gecko; compatible; bingbot/2.0; +http://www.bing.com/bingbot.htm) Chrome/116.0.1938.76 Safari/537.36"
178.175.140.148 - - [25/Apr/2026:12:29:14 +0300] "POST /xmlrpc.php HTTP/1.1" 200 630 "-" "Mozilla/5.0 (Windows NT 10.0; Win64; x64) AppleWebKit/537.36 (KHTML, like Gecko) Chrome/114.0.0.0 Safari/537.36"
157.55.39.201 - - [25/Apr/2026:12:29:17 +0300] "GET /kuponow-w-ice-casino-oferujace-piecdziesiat-dolarow-darmowych-spinow-lub-po-prostu-dwadziescia-piec-euro-bez-depozytu/ HTTP/2" 200 19552 "-" "Mozilla/5.0 AppleWebKit/537.36 (KHTML, like Gecko; compatible; bingbot/2.0; +http://www.bing.com/bingbot.htm) Chrome/116.0.1938.76 Safari/537.36"
185.216.113.70 - - [25/Apr/2026:12:29:45 +0300] "POST /wp-cron.php?doing_wp_cron=1777109385.1370730400085449218750 HTTP/1.1" 200 448 "-" "WordPress/6.3.8; https://serhatburke.miroglu.net"
178.175.140.148 - - [25/Apr/2026:12:29:33 +0300] "POST /xmlrpc.php HTTP/1.1" 200 8882 "-" "Mozilla/5.0 (Windows NT 10.0; Win64; x64) AppleWebKit/537.36 (KHTML, like Gecko) Chrome/114.0.0.0 Safari/537.36"
178.175.140.148 - - [25/Apr/2026:12:29:45 +0300] "GET /vos-6-criteres-vacantes-vis-i%EF%BF%BD-vis-du-amusement-aviator-casino/ HTTP/1.1" 200 73036 "-" "Mozilla/5.0 (Windows NT 10.0; Win64; x64) AppleWebKit/537.36 (KHTML, like Gecko) Chrome/123.0.0.0 Safari/537.36 OPR/109.0.0.0"
157.55.39.201 - - [25/Apr/2026:12:29:48 +0300] "GET /risk-high-voltage-dos-because-of-the-odds-of-winning-hot-5-deluxe-evolutions-big-time-betting/ HTTP/2" 200 20152 "-" "Mozilla/5.0 AppleWebKit/537.36 (KHTML, like Gecko; compatible; bingbot/2.0; +http://www.bing.com/bingbot.htm) Chrome/116.0.1938.76 Safari/537.36"
200.25.47.112 - - [25/Apr/2026:12:30:05 +0300] "POST /xmlrpc.php HTTP/1.1" 200 630 "-" "Mozilla/5.0 (Windows NT 10.0; Win64; x64) AppleWebKit/537.36 (KHTML, like Gecko) Chrome/114.0.0.0 Safari/537.36"
185.216.113.70 - - [25/Apr/2026:12:30:39 +0300] "POST /wp-cron.php?doing_wp_cron=1777109439.4891319274902343750000 HTTP/1.1" 200 448 "-" "WordPress/6.3.8; https://serhatburke.miroglu.net"
200.25.47.112 - - [25/Apr/2026:12:30:26 +0300] "POST /xmlrpc.php HTTP/1.1" 200 16720 "-" "Mozilla/5.0 (Windows NT 10.0; Win64; x64) AppleWebKit/537.36 (KHTML, like Gecko) Chrome/114.0.0.0 Safari/537.36"
200.25.47.112 - - [25/Apr/2026:12:30:41 +0300] "GET /jogue-slots-online-acostumado-sem-download-ou-arquivo/ HTTP/1.1" 200 80270 "-" "Mozilla/5.0 (Windows NT 10.0; Win64; x64) AppleWebKit/537.36 (KHTML, like Gecko) Chrome/124.0.0.0 Safari/537.36"
185.122.170.173 - - [25/Apr/2026:12:30:56 +0300] "GET /wp-login.php HTTP/1.1" 200 3749 "https://serhatburke.miroglu.net/" "Mozilla/5.0 (X11; Linux x86_64) AppleWebKit/537.36 (KHTML, like Gecko) Chrome/144.0.0.0 Safari/537.36"
185.122.170.173 - - [25/Apr/2026:12:31:10 +0300] "GET /wp-login.php HTTP/1.1" 200 3749 "https://serhatburke.miroglu.net/wp-login.php" "Mozilla/5.0 (Windows NT 6.3; Win64; x64) AppleWebKit/537.36 (KHTML, like Gecko) Chrome/103.0.0.0 Safari/537.36"
185.122.170.173 - - [25/Apr/2026:12:31:24 +0300] "GET /wp-includes/css/dashicons.min.css?ver=6.3.8 HTTP/1.1" 200 35725 "https://serhatburke.miroglu.net/wp-login.php" "Mozilla/5.0 (Windows NT 10.0; Win64; x64) AppleWebKit/537.36 (KHTML, like Gecko) Chrome/145.0.0.0 Safari/537.36"
185.122.170.173 - - [25/Apr/2026:12:31:25 +0300] "GET /wp-includes/css/buttons.min.css?ver=6.3.8 HTTP/1.1" 200 1869 "https://serhatburke.miroglu.net/wp-login.php" "Mozilla/5.0 (Windows NT 10.0; Win64; x64) AppleWebKit/537.36 (KHTML, like Gecko) Chrome/145.0.0.0 Safari/537.36"
185.122.170.173 - - [25/Apr/2026:12:31:25 +0300] "GET /wp-admin/css/forms.min.css?ver=6.3.8 HTTP/1.1" 200 6823 "https://serhatburke.miroglu.net/wp-login.php" "Mozilla/5.0 (Windows NT 10.0; Win64; x64) AppleWebKit/537.36 (KHTML, like Gecko) Chrome/145.0.0.0 Safari/537.36"
185.122.170.173 - - [25/Apr/2026:12:31:26 +0300] "GET /wp-admin/css/l10n.min.css?ver=6.3.8 HTTP/1.1" 200 1208 "https://serhatburke.miroglu.net/wp-login.php" "Mozilla/5.0 (Windows NT 10.0; Win64; x64) AppleWebKit/537.36 (KHTML, like Gecko) Chrome/145.0.0.0 Safari/537.36"
185.122.170.173 - - [25/Apr/2026:12:31:26 +0300] "GET /wp-admin/css/login.min.css?ver=6.3.8 HTTP/1.1" 200 2562 "https://serhatburke.miroglu.net/wp-login.php" "Mozilla/5.0 (Windows NT 10.0; Win64; x64) AppleWebKit/537.36 (KHTML, like Gecko) Chrome/145.0.0.0 Safari/537.36"
185.216.113.70 - - [25/Apr/2026:12:31:40 +0300] "POST /wp-cron.php?doing_wp_cron=1777109499.9482450485229492187500 HTTP/1.1" 200 448 "-" "WordPress/6.3.8; https://serhatburke.miroglu.net"
185.122.170.173 - - [25/Apr/2026:12:31:27 +0300] "POST /wp-login.php HTTP/1.1" 302 1537 "https://serhatburke.miroglu.net/wp-login.php" "Mozilla/5.0 (Windows NT 6.3; Win64; x64) AppleWebKit/537.36 (KHTML, like Gecko) Chrome/103.0.0.0 Safari/537.36"
178.175.140.148 - - [25/Apr/2026:12:31:27 +0300] "POST /xmlrpc.php HTTP/1.1" 200 630 "-" "Mozilla/5.0 (Windows NT 10.0; Win64; x64) AppleWebKit/537.36 (KHTML, like Gecko) Chrome/114.0.0.0 Safari/537.36"
185.122.170.173 - - [25/Apr/2026:12:31:40 +0300] "GET /wp-admin/ HTTP/1.1" 200 215976 "https://serhatburke.miroglu.net/wp-login.php" "Mozilla/5.0 (Windows NT 6.3; Win64; x64) AppleWebKit/537.36 (KHTML, like Gecko) Chrome/103.0.0.0 Safari/537.36"
178.175.140.148 - - [25/Apr/2026:12:31:45 +0300] "POST /xmlrpc.php HTTP/1.1" 200 11634 "-" "Mozilla/5.0 (Windows NT 10.0; Win64; x64) AppleWebKit/537.36 (KHTML, like Gecko) Chrome/114.0.0.0 Safari/537.36"
185.122.170.173 - - [25/Apr/2026:12:31:57 +0300] "GET /xmlrpc.php HTTP/1.1" 405 606 "https://serhatburke.miroglu.net/wp-admin/" "Mozilla/5.0 (Windows NT 6.3; Win64; x64) AppleWebKit/537.36 (KHTML, like Gecko) Chrome/103.0.0.0 Safari/537.36"
165.73.240.150 - - [25/Apr/2026:12:31:58 +0300] "POST /xmlrpc.php HTTP/1.1" 200 630 "-" "Mozilla/5.0 (Windows NT 10.0; Win64; x64) AppleWebKit/537.36 (KHTML, like Gecko) Chrome/114.0.0.0 Safari/537.36"
178.175.140.148 - - [25/Apr/2026:12:32:01 +0300] "GET /winoui-salle-de-jeu-administre-de-2018-concerne-a-next-to-you-b/ HTTP/1.1" 200 75518 "-" "Mozilla/5.0 (Windows NT 10.0; Win64; x64) AppleWebKit/537.36 (KHTML, like Gecko) Chrome/124.0.0.0 Safari/537.36"
185.216.113.70 - - [25/Apr/2026:12:32:28 +0300] "POST /wp-cron.php?doing_wp_cron=1777109548.4842059612274169921875 HTTP/1.1" 200 448 "-" "WordPress/6.3.8; https://serhatburke.miroglu.net"
185.122.170.173 - - [25/Apr/2026:12:32:16 +0300] "POST /xmlrpc.php HTTP/1.1" 200 640 "https://serhatburke.miroglu.net/xmlrpc.php" "Mozilla/5.0 (Windows NT 6.3; Win64; x64) AppleWebKit/537.36 (KHTML, like Gecko) Chrome/103.0.0.0 Safari/537.36"
165.73.240.150 - - [25/Apr/2026:12:32:22 +0300] "POST /xmlrpc.php HTTP/1.1" 200 13883 "-" "Mozilla/5.0 (Windows NT 10.0; Win64; x64) AppleWebKit/537.36 (KHTML, like Gecko) Chrome/114.0.0.0 Safari/537.36"
185.122.170.173 - - [25/Apr/2026:12:32:29 +0300] "GET /?p=135320 HTTP/1.1" 301 676 "https://serhatburke.miroglu.net/xmlrpc.php" "Mozilla/5.0 (Windows NT 6.3; Win64; x64) AppleWebKit/537.36 (KHTML, like Gecko) Chrome/103.0.0.0 Safari/537.36"
165.73.240.150 - - [25/Apr/2026:12:32:38 +0300] "GET /the-slots-offers-thunderstruck-in-the-new-iphone/ HTTP/1.1" 200 76895 "-" "Mozilla/5.0 (Windows NT 10.0; Win64; x64) AppleWebKit/537.36 (KHTML, like Gecko) Chrome/122.0.0.0 Safari/537.36"
185.122.170.173 - - [25/Apr/2026:12:32:47 +0300] "GET /cat-casino-for-dollars-seminar/ HTTP/1.1" 200 116030 "https://serhatburke.miroglu.net/?p=135320" "Mozilla/5.0 (Windows NT 6.3; Win64; x64) AppleWebKit/537.36 (KHTML, like Gecko) Chrome/103.0.0.0 Safari/537.36"
185.216.113.70 - - [25/Apr/2026:12:33:40 +0300] "POST /wp-cron.php?doing_wp_cron=1777109620.0411980152130126953125 HTTP/1.1" 200 448 "-" "WordPress/6.3.8; https://serhatburke.miroglu.net"
178.175.140.148 - - [25/Apr/2026:12:33:24 +0300] "POST /xmlrpc.php HTTP/1.1" 200 630 "-" "Mozilla/5.0 (Windows NT 10.0; Win64; x64) AppleWebKit/537.36 (KHTML, like Gecko) Chrome/114.0.0.0 Safari/537.36"
178.175.140.148 - - [25/Apr/2026:12:33:45 +0300] "POST /xmlrpc.php HTTP/1.1" 200 8957 "-" "Mozilla/5.0 (Windows NT 10.0; Win64; x64) AppleWebKit/537.36 (KHTML, like Gecko) Chrome/114.0.0.0 Safari/537.36"
178.175.140.148 - - [25/Apr/2026:12:33:58 +0300] "GET /les-explications-pour-optimiser-lensemble-de-ses-possibiltes-de-gagner-sur-le-plinko/ HTTP/1.1" 200 73146 "-" "Mozilla/5.0 (Windows NT 10.0; Win64; x64) AppleWebKit/537.36 (KHTML, like Gecko) Chrome/124.0.0.0 Safari/537.36 Edg/124.0.0.0"
185.216.113.70 - - [25/Apr/2026:12:34:50 +0300] "POST /wp-cron.php?doing_wp_cron=1777109690.2265579700469970703125 HTTP/1.1" 200 448 "-" "WordPress/6.3.8; https://serhatburke.miroglu.net"
37.27.228.124 - - [25/Apr/2026:12:34:38 +0300] "POST /xmlrpc.php HTTP/1.1" 200 185341 "-" "Mozilla/5.0 (X11; Linux x86_64) AppleWebKit/537.36 (KHTML, like Gecko) Chrome/114.0.0.0 Safari/537.36"
178.175.140.148 - - [25/Apr/2026:12:35:13 +0300] "POST /xmlrpc.php HTTP/1.1" 200 630 "-" "Mozilla/5.0 (Windows NT 10.0; Win64; x64) AppleWebKit/537.36 (KHTML, like Gecko) Chrome/114.0.0.0 Safari/537.36"
185.216.113.70 - - [25/Apr/2026:12:35:38 +0300] "POST /wp-cron.php?doing_wp_cron=1777109738.2585608959197998046875 HTTP/1.1" 200 448 "-" "WordPress/6.3.8; https://serhatburke.miroglu.net"
37.27.228.124 - - [25/Apr/2026:12:35:25 +0300] "POST /xmlrpc.php HTTP/1.1" 200 667 "-" "Mozilla/5.0 (X11; Linux x86_64) AppleWebKit/537.36 (KHTML, like Gecko) Chrome/114.0.0.0 Safari/537.36"
178.175.140.148 - - [25/Apr/2026:12:35:30 +0300] "POST /xmlrpc.php HTTP/1.1" 200 9018 "-" "Mozilla/5.0 (Windows NT 10.0; Win64; x64) AppleWebKit/537.36 (KHTML, like Gecko) Chrome/114.0.0.0 Safari/537.36"
178.175.140.148 - - [25/Apr/2026:12:35:43 +0300] "GET /plus-efficaces-salle-de-jeu-pour-aviator-game-top-3-de-2025/ HTTP/1.1" 200 72960 "-" "Mozilla/5.0 (Windows NT 10.0; Win64; x64) AppleWebKit/537.36 (KHTML, like Gecko) Chrome/122.0.0.0 Safari/537.36"
37.27.228.124 - - [25/Apr/2026:12:35:50 +0300] "POST /xmlrpc.php HTTP/1.1" 200 22185 "-" "Mozilla/5.0 (X11; Linux x86_64) AppleWebKit/537.36 (KHTML, like Gecko) Chrome/114.0.0.0 Safari/537.36"
185.122.170.173 - - [25/Apr/2026:12:36:25 +0300] "GET /cat-casino-for-dollars-seminar/ HTTP/1.1" 200 22990 "-" "Mozilla/5.0 (compatible; Googlebot/2.1; +http://www.google.com/bot.html)"
185.216.113.70 - - [25/Apr/2026:12:36:54 +0300] "POST /wp-cron.php?doing_wp_cron=1777109814.0924289226531982421875 HTTP/1.1" 200 448 "-" "WordPress/6.3.8; https://serhatburke.miroglu.net"
52.167.144.204 - - [25/Apr/2026:12:36:41 +0300] "GET /leovegas-comment-march-2026-incentive-live-casino-polder-games-cellular-app/ HTTP/2" 200 19412 "-" "Mozilla/5.0 AppleWebKit/537.36 (KHTML, like Gecko; compatible; bingbot/2.0; +http://www.bing.com/bingbot.htm) Chrome/116.0.1938.76 Safari/537.36"
52.167.144.232 - - [25/Apr/2026:12:36:46 +0300] "GET /%CE%B4%CE%B9%CE%B1%CE%BA%CF%8C%CF%83%CE%B9%CE%B1-%CE%B4%CE%BF%CE%BB%CE%AC%CF%81%CE%B9%CE%B1-%CF%87%CF%89%CF%81%CE%AF%CF%82-%CE%BA%CE%B1%CF%84%CE%AC%CE%B8%CE%B5%CF%83%CE%B7-%CE%B4%CE%B9%CE%B1/ HTTP/2" 200 20960 "-" "Mozilla/5.0 AppleWebKit/537.36 (KHTML, like Gecko; compatible; bingbot/2.0; +http://www.bing.com/bingbot.htm) Chrome/116.0.1938.76 Safari/537.36"
207.46.13.36 - - [25/Apr/2026:12:36:59 +0300] "GET /beste-spiele-praktische-starburst-slot-damit-echtes-bares-zahlungsmethoden-woge-boni-2026-pro-sie/ HTTP/2" 200 19066 "-" "Mozilla/5.0 AppleWebKit/537.36 (KHTML, like Gecko; compatible; bingbot/2.0; +http://www.bing.com/bingbot.htm) Chrome/116.0.1938.76 Safari/537.36"
178.175.140.148 - - [25/Apr/2026:12:37:06 +0300] "POST /xmlrpc.php HTTP/1.1" 200 630 "-" "Mozilla/5.0 (Windows NT 10.0; Win64; x64) AppleWebKit/537.36 (KHTML, like Gecko) Chrome/114.0.0.0 Safari/537.36"
185.216.113.70 - - [25/Apr/2026:12:37:40 +0300] "POST /wp-cron.php?doing_wp_cron=1777109859.8494930267333984375000 HTTP/1.1" 200 448 "-" "WordPress/6.3.8; https://serhatburke.miroglu.net"
178.175.140.148 - - [25/Apr/2026:12:37:24 +0300] "POST /xmlrpc.php HTTP/1.1" 200 10351 "-" "Mozilla/5.0 (Windows NT 10.0; Win64; x64) AppleWebKit/537.36 (KHTML, like Gecko) Chrome/114.0.0.0 Safari/537.36"
185.191.171.12 - - [25/Apr/2026:12:37:28 +0300] "GET /robots.txt HTTP/1.1" 200 0 "-" "Mozilla/5.0 (compatible; SemrushBot/7~bl; +http://www.semrush.com/bot.html)"
185.191.171.12 - - [25/Apr/2026:12:37:43 +0300] "GET /robots.txt HTTP/1.1" 200 0 "-" "Mozilla/5.0 (compatible; SemrushBot/7~bl; +http://www.semrush.com/bot.html)"
45.189.33.39 - - [25/Apr/2026:12:37:32 +0300] "POST /xmlrpc.php HTTP/2" 200 140 "-" "WordPress/XMLRPC Client"
207.46.13.36 - - [25/Apr/2026:12:37:35 +0300] "GET /exploring-the-future-of-dex-trading-with-dexscreener/ HTTP/2" 200 17976 "-" "Mozilla/5.0 AppleWebKit/537.36 (KHTML, like Gecko; compatible; bingbot/2.0; +http://www.bing.com/bingbot.htm) Chrome/116.0.1938.76 Safari/537.36"
178.175.140.148 - - [25/Apr/2026:12:37:40 +0300] "GET /on-trouve-son-battage-cresus-se-presente-semblablement-reference-priviliegie-de-des-estrades-qui-communique-en-francais/ HTTP/1.1" 200 76006 "-" "Mozilla/5.0 (Windows NT 10.0; Win64; x64) AppleWebKit/537.36 (KHTML, like Gecko) Chrome/124.0.0.0 Safari/537.36"
185.191.171.9 - - [25/Apr/2026:12:37:58 +0300] "GET /ten-greatest-sweepstakes-casino-no-deposit-incentives-totally-casino-regent-free-sc-gold-coins/ HTTP/1.1" 200 22192 "-" "Mozilla/5.0 (compatible; SemrushBot/7~bl; +http://www.semrush.com/bot.html)"
45.170.207.6 - - [25/Apr/2026:12:38:04 +0300] "POST /xmlrpc.php HTTP/2" 200 141 "-" "WordPress/XMLRPC Client"
52.167.144.204 - - [25/Apr/2026:12:38:19 +0300] "GET /beste-echtgeld-casinos-2026-top-verbunden-jeton-20-dollar-casino-anbieter-inside-deutschland/ HTTP/2" 200 19629 "-" "Mozilla/5.0 AppleWebKit/537.36 (KHTML, like Gecko; compatible; bingbot/2.0; +http://www.bing.com/bingbot.htm) Chrome/116.0.1938.76 Safari/537.36"
45.170.207.6 - - [25/Apr/2026:12:38:22 +0300] "GET /?p=135332 HTTP/2" 301 0 "-" "Mozilla/5.0 (Windows NT 10.0; Win64; x64) AppleWebKit/537.36 (KHTML, like Gecko) Chrome/120.0.0.0 Safari/537.36"
185.216.113.70 - - [25/Apr/2026:12:38:39 +0300] "POST /wp-cron.php?doing_wp_cron=1777109919.9093410968780517578125 HTTP/1.1" 200 448 "-" "WordPress/6.3.8; https://serhatburke.miroglu.net"
207.46.13.36 - - [25/Apr/2026:12:38:24 +0300] "GET /108-625-masini-second-hand-sa-plasare/ HTTP/2" 200 20555 "-" "Mozilla/5.0 AppleWebKit/537.36 (KHTML, like Gecko; compatible; bingbot/2.0; +http://www.bing.com/bingbot.htm) Chrome/116.0.1938.76 Safari/537.36"
52.167.144.204 - - [25/Apr/2026:12:38:49 +0300] "GET /twin-spin-zabawa-demo-bezplatnie-recenzja-slotu-2025/ HTTP/2" 200 19040 "-" "Mozilla/5.0 AppleWebKit/537.36 (KHTML, like Gecko; compatible; bingbot/2.0; +http://www.bing.com/bingbot.htm) Chrome/116.0.1938.76 Safari/537.36"
178.175.140.148 - - [25/Apr/2026:12:38:52 +0300] "POST /xmlrpc.php HTTP/1.1" 200 630 "-" "Mozilla/5.0 (Windows NT 10.0; Win64; x64) AppleWebKit/537.36 (KHTML, like Gecko) Chrome/114.0.0.0 Safari/537.36"
52.167.144.204 - - [25/Apr/2026:12:38:53 +0300] "GET /jack-source-hyperlink-and-the-beanstalk-slot-demo-payment-spins/ HTTP/2" 200 20529 "-" "Mozilla/5.0 AppleWebKit/537.36 (KHTML, like Gecko; compatible; bingbot/2.0; +http://www.bing.com/bingbot.htm) Chrome/116.0.1938.76 Safari/537.36"
185.216.113.70 - - [25/Apr/2026:12:39:26 +0300] "POST /wp-cron.php?doing_wp_cron=1777109966.8317940235137939453125 HTTP/1.1" 200 448 "-" "WordPress/6.3.8; https://serhatburke.miroglu.net"
178.175.140.148 - - [25/Apr/2026:12:39:15 +0300] "POST /xmlrpc.php HTTP/1.1" 200 9325 "-" "Mozilla/5.0 (Windows NT 10.0; Win64; x64) AppleWebKit/537.36 (KHTML, like Gecko) Chrome/114.0.0.0 Safari/537.36"
178.175.140.148 - - [25/Apr/2026:12:39:27 +0300] "GET /tout-mon-transports-du-site-y-est-sans-probleme-il-existe-de-chaque-navigant-variable/ HTTP/1.1" 200 73750 "-" "Mozilla/5.0 (Windows NT 10.0; Win64; x64) AppleWebKit/537.36 (KHTML, like Gecko) Chrome/124.0.0.0 Safari/537.36"
185.216.113.70 - - [25/Apr/2026:12:40:13 +0300] "POST /wp-cron.php?doing_wp_cron=1777110013.4783480167388916015625 HTTP/1.1" 200 448 "-" "WordPress/6.3.8; https://serhatburke.miroglu.net"
185.191.171.2 - - [25/Apr/2026:12:40:00 +0300] "GET /a-real-loki-casino-play-income-betting-within-the-a-totally-safe-web-site/ HTTP/1.1" 200 21881 "-" "Mozilla/5.0 (compatible; SemrushBot/7~bl; +http://www.semrush.com/bot.html)"
178.175.140.148 - - [25/Apr/2026:12:40:22 +0300] "POST /xmlrpc.php HTTP/1.1" 200 630 "-" "Mozilla/5.0 (Windows NT 10.0; Win64; x64) AppleWebKit/537.36 (KHTML, like Gecko) Chrome/114.0.0.0 Safari/537.36"
185.216.113.70 - - [25/Apr/2026:12:40:56 +0300] "POST /wp-cron.php?doing_wp_cron=1777110056.4875130653381347656250 HTTP/1.1" 200 448 "-" "WordPress/6.3.8; https://serhatburke.miroglu.net"
178.175.140.148 - - [25/Apr/2026:12:40:44 +0300] "POST /xmlrpc.php HTTP/1.1" 200 9576 "-" "Mozilla/5.0 (Windows NT 10.0; Win64; x64) AppleWebKit/537.36 (KHTML, like Gecko) Chrome/114.0.0.0 Safari/537.36"
178.175.140.148 - - [25/Apr/2026:12:40:57 +0300] "GET /leurs-brevets-allouer-en-le-approvisionnement-en-tenant-auteur-de-logiciel-convient-i%EF%BF%BD-tous-les-enfants-baffles/ HTTP/1.1" 200 74892 "-" "Mozilla/5.0 (Windows NT 10.0; Win64; x64) AppleWebKit/537.36 (KHTML, like Gecko) Chrome/122.0.0.0 Safari/537.36"
185.216.113.70 - - [25/Apr/2026:12:42:08 +0300] "POST /wp-cron.php?doing_wp_cron=1777110127.9084410667419433593750 HTTP/1.1" 200 448 "-" "WordPress/6.3.8; https://serhatburke.miroglu.net"
178.175.140.148 - - [25/Apr/2026:12:41:55 +0300] "POST /xmlrpc.php HTTP/1.1" 200 630 "-" "Mozilla/5.0 (Windows NT 10.0; Win64; x64) AppleWebKit/537.36 (KHTML, like Gecko) Chrome/114.0.0.0 Safari/537.36"
212.34.148.156 - - [25/Apr/2026:12:41:59 +0300] "GET /zotabet-casino-bonus-premier-depot-2026/ HTTP/1.1" 200 19091 "https://serhatburke.miroglu.net/" "Mozilla/5.0 (Macintosh; Intel Mac OS X 10_15_7) AppleWebKit/605.1.15 (KHTML, like Gecko) Version/26.0.1 Safari/605.1.15"
212.34.148.156 - - [25/Apr/2026:12:42:13 +0300] "GET /wp-includes/css/dist/block-library/style.min.css?ver=6.3.8 HTTP/1.1" 200 13578 "https://serhatburke.miroglu.net/zotabet-casino-bonus-premier-depot-2026/" "Mozilla/5.0 (Windows NT 10.0; Win64; x64) AppleWebKit/537.36 (KHTML, like Gecko) Chrome/145.0.0.0 Safari/537.36"
212.34.148.156 - - [25/Apr/2026:12:42:13 +0300] "GET /wp-content/plugins/contact-form-7/includes/css/styles.css?ver=5.8 HTTP/1.1" 200 1490 "https://serhatburke.miroglu.net/zotabet-casino-bonus-premier-depot-2026/" "Mozilla/5.0 (Windows NT 10.0; Win64; x64) AppleWebKit/537.36 (KHTML, like Gecko) Chrome/145.0.0.0 Safari/537.36"
212.34.148.156 - - [25/Apr/2026:12:42:13 +0300] "GET /wp-content/themes/toppic/css/fontello.css?ver=4.2 HTTP/1.1" 200 1802 "https://serhatburke.miroglu.net/zotabet-casino-bonus-premier-depot-2026/" "Mozilla/5.0 (Windows NT 10.0; Win64; x64) AppleWebKit/537.36 (KHTML, like Gecko) Chrome/145.0.0.0 Safari/537.36"
212.34.148.156 - - [25/Apr/2026:12:42:13 +0300] "GET /wp-content/themes/toppic/css/reset.css?ver=4.2 HTTP/1.1" 200 1178 "https://serhatburke.miroglu.net/zotabet-casino-bonus-premier-depot-2026/" "Mozilla/5.0 (Windows NT 10.0; Win64; x64) AppleWebKit/537.36 (KHTML, like Gecko) Chrome/145.0.0.0 Safari/537.36"
212.34.148.156 - - [25/Apr/2026:12:42:14 +0300] "GET /wp-content/themes/toppic/css/default.css?ver=4.2 HTTP/1.1" 200 1811 "https://serhatburke.miroglu.net/zotabet-casino-bonus-premier-depot-2026/" "Mozilla/5.0 (Windows NT 10.0; Win64; x64) AppleWebKit/537.36 (KHTML, like Gecko) Chrome/145.0.0.0 Safari/537.36"
212.34.148.156 - - [25/Apr/2026:12:42:14 +0300] "GET /wp-content/themes/toppic/style.css?ver=4.2 HTTP/1.1" 200 23398 "https://serhatburke.miroglu.net/zotabet-casino-bonus-premier-depot-2026/" "Mozilla/5.0 (Windows NT 10.0; Win64; x64) AppleWebKit/537.36 (KHTML, like Gecko) Chrome/145.0.0.0 Safari/537.36"
212.34.148.156 - - [25/Apr/2026:12:42:14 +0300] "GET /wp-content/themes/toppic/css/royalslider.css?ver=4.2 HTTP/1.1" 200 1887 "https://serhatburke.miroglu.net/zotabet-casino-bonus-premier-depot-2026/" "Mozilla/5.0 (Windows NT 10.0; Win64; x64) AppleWebKit/537.36 (KHTML, like Gecko) Chrome/145.0.0.0 Safari/537.36"
212.34.148.156 - - [25/Apr/2026:12:42:15 +0300] "GET /wp-content/themes/toppic/css/rs-default.css?ver=4.2 HTTP/1.1" 200 2625 "https://serhatburke.miroglu.net/zotabet-casino-bonus-premier-depot-2026/" "Mozilla/5.0 (Windows NT 10.0; Win64; x64) AppleWebKit/537.36 (KHTML, like Gecko) Chrome/145.0.0.0 Safari/537.36"
212.34.148.156 - - [25/Apr/2026:12:42:15 +0300] "GET /wp-content/themes/toppic/css/lightbox.css?ver=4.2 HTTP/1.1" 200 2956 "https://serhatburke.miroglu.net/zotabet-casino-bonus-premier-depot-2026/" "Mozilla/5.0 (Windows NT 10.0; Win64; x64) AppleWebKit/537.36 (KHTML, like Gecko) Chrome/145.0.0.0 Safari/537.36"
212.34.148.156 - - [25/Apr/2026:12:42:15 +0300] "GET /wp-content/themes/toppic/css/woocommerce.css?ver=4.2 HTTP/1.1" 200 2848 "https://serhatburke.miroglu.net/zotabet-casino-bonus-premier-depot-2026/" "Mozilla/5.0 (Windows NT 10.0; Win64; x64) AppleWebKit/537.36 (KHTML, like Gecko) Chrome/145.0.0.0 Safari/537.36"
212.34.148.156 - - [25/Apr/2026:12:42:15 +0300] "GET /wp-content/themes/toppic/css/responsive.css?ver=4.2 HTTP/1.1" 200 2796 "https://serhatburke.miroglu.net/zotabet-casino-bonus-premier-depot-2026/" "Mozilla/5.0 (Windows NT 10.0; Win64; x64) AppleWebKit/537.36 (KHTML, like Gecko) Chrome/145.0.0.0 Safari/537.36"
178.175.140.148 - - [25/Apr/2026:12:42:13 +0300] "POST /xmlrpc.php HTTP/1.1" 200 8890 "-" "Mozilla/5.0 (Windows NT 10.0; Win64; x64) AppleWebKit/537.36 (KHTML, like Gecko) Chrome/114.0.0.0 Safari/537.36"
212.34.148.156 - - [25/Apr/2026:12:42:16 +0300] "POST /wp-comments-post.php HTTP/1.1" 302 1087 "https://serhatburke.miroglu.net/zotabet-casino-bonus-premier-depot-2026/" "Mozilla/5.0 (Macintosh; Intel Mac OS X 10_15_7) AppleWebKit/605.1.15 (KHTML, like Gecko) Version/26.0.1 Safari/605.1.15"
185.216.113.70 - - [25/Apr/2026:12:42:41 +0300] "POST /wp-cron.php?doing_wp_cron=1777110161.1618790626525878906250 HTTP/1.1" 200 448 "-" "WordPress/6.3.8; https://serhatburke.miroglu.net"
178.175.140.148 - - [25/Apr/2026:12:42:28 +0300] "GET /tout-mon-casino-cloverspin-navigue-malgre-tout-vous-se-presenter-comme-profitable-si-vous-cet-vouloir/ HTTP/1.1" 200 73863 "-" "Mozilla/5.0 (Windows NT 10.0; Win64; x64) AppleWebKit/537.36 (KHTML, like Gecko) Chrome/124.0.0.0 Safari/537.36"
212.34.148.156 - - [25/Apr/2026:12:42:30 +0300] "GET /zotabet-casino-bonus-premier-depot-2026/?unapproved=644&moderation-hash=de02daeeef302e4de7c97aa32f178f88 HTTP/1.1" 200 19469 "https://serhatburke.miroglu.net/wp-comments-post.php" "Mozilla/5.0 (Macintosh; Intel Mac OS X 10_15_7) AppleWebKit/605.1.15 (KHTML, like Gecko) Version/26.0.1 Safari/605.1.15"
212.34.148.156 - - [25/Apr/2026:12:42:43 +0300] "GET /zotabet-casino-bonus-premier-depot-2026/ HTTP/1.1" 200 19040 "-" "Mozilla/5.0 (compatible; Googlebot/2.1; +http://www.google.com/bot.html)"
178.175.140.148 - - [25/Apr/2026:12:43:22 +0300] "POST /xmlrpc.php HTTP/1.1" 200 630 "-" "Mozilla/5.0 (Windows NT 10.0; Win64; x64) AppleWebKit/537.36 (KHTML, like Gecko) Chrome/114.0.0.0 Safari/537.36"
185.216.113.70 - - [25/Apr/2026:12:43:55 +0300] "POST /wp-cron.php?doing_wp_cron=1777110235.8874928951263427734375 HTTP/1.1" 200 448 "-" "WordPress/6.3.8; https://serhatburke.miroglu.net"
178.175.140.148 - - [25/Apr/2026:12:43:43 +0300] "POST /xmlrpc.php HTTP/1.1" 200 10731 "-" "Mozilla/5.0 (Windows NT 10.0; Win64; x64) AppleWebKit/537.36 (KHTML, like Gecko) Chrome/114.0.0.0 Safari/537.36"
178.175.140.148 - - [25/Apr/2026:12:43:56 +0300] "GET /aires-en-compagnie-de-divertir-selon-le-jeu-aviator-sur-les-salle-de-jeu-quelque-peu/ HTTP/1.1" 200 74794 "-" "Mozilla/5.0 (Windows NT 10.0; Win64; x64; rv:125.0) Gecko/20100101 Firefox/125.0"
185.216.113.70 - - [25/Apr/2026:12:44:48 +0300] "POST /wp-cron.php?doing_wp_cron=1777110288.6683518886566162109375 HTTP/1.1" 200 448 "-" "WordPress/6.3.8; https://serhatburke.miroglu.net"
165.140.118.5 - - [25/Apr/2026:12:44:35 +0300] "GET /zotabet-casino-bonus-premier-depot-2026/ HTTP/1.1" 200 19091 "https://serhatburke.miroglu.net/" "Mozilla/5.0 (X11; Fedora; Linux x86_64; rv:114.0) Gecko/20100101 Firefox/114.0"
178.175.140.148 - - [25/Apr/2026:12:44:41 +0300] "POST /xmlrpc.php HTTP/1.1" 200 630 "-" "Mozilla/5.0 (Windows NT 10.0; Win64; x64) AppleWebKit/537.36 (KHTML, like Gecko) Chrome/114.0.0.0 Safari/537.36"
185.216.113.70 - - [25/Apr/2026:12:45:16 +0300] "POST /wp-cron.php?doing_wp_cron=1777110316.1025149822235107421875 HTTP/1.1" 200 448 "-" "WordPress/6.3.8; https://serhatburke.miroglu.net"
