128.1.234.60 - - [26/Apr/2026:04:55:34 +0300] "POST /xmlrpc.php HTTP/1.1" 200 630 "-" "Mozilla/5.0 (Windows NT 10.0; Win64; x64) AppleWebKit/537.36 (KHTML, like Gecko) Chrome/114.0.0.0 Safari/537.36"
128.1.234.60 - - [26/Apr/2026:04:55:54 +0300] "POST /xmlrpc.php HTTP/1.1" 200 15087 "-" "Mozilla/5.0 (Windows NT 10.0; Win64; x64) AppleWebKit/537.36 (KHTML, like Gecko) Chrome/114.0.0.0 Safari/537.36"
128.1.234.60 - - [26/Apr/2026:04:56:09 +0300] "GET /enjoy-slot-20-super-hot-slot-sheer-precious-metal-by-microgaming/ HTTP/1.1" 200 78764 "-" "Mozilla/5.0 (Windows NT 10.0; Win64; x64; rv:125.0) Gecko/20100101 Firefox/125.0"
66.249.73.1 - - [26/Apr/2026:04:56:42 +0300] "GET /admiral-shark-casino-uk-review-dive-into-exciting-online-gaming/ HTTP/1.1" 200 0 "https://pusyx.driftlogic-games.biz/" "Mozilla/5.0 (Linux; Android 6.0.1; Nexus 5X Build/MMB29P) AppleWebKit/537.36 (KHTML, like Gecko) Chrome/146.0.7680.177 Mobile Safari/537.36 (compatible; Googlebot/2.1; +http://www.google.com/bot.html)"
185.216.113.70 - - [26/Apr/2026:04:57:37 +0300] "POST /wp-cron.php?doing_wp_cron=1777168656.8913919925689697265625 HTTP/1.1" 200 448 "-" "WordPress/6.3.8; https://serhatburke.miroglu.net"
128.1.234.60 - - [26/Apr/2026:04:57:24 +0300] "POST /xmlrpc.php HTTP/1.1" 200 630 "-" "Mozilla/5.0 (Windows NT 10.0; Win64; x64) AppleWebKit/537.36 (KHTML, like Gecko) Chrome/114.0.0.0 Safari/537.36"
128.1.234.60 - - [26/Apr/2026:04:57:43 +0300] "POST /xmlrpc.php HTTP/1.1" 200 15530 "-" "Mozilla/5.0 (Windows NT 10.0; Win64; x64) AppleWebKit/537.36 (KHTML, like Gecko) Chrome/114.0.0.0 Safari/537.36"
128.1.234.60 - - [26/Apr/2026:04:57:59 +0300] "GET /natural-rare-metal-slot-machine-true-illusions-slot-free-spins-a-totally-free-to-play-microgaming-games/ HTTP/1.1" 200 80259 "-" "Mozilla/5.0 (Windows NT 10.0; Win64; x64; rv:124.0) Gecko/20100101 Firefox/124.0"
172.86.76.182 - - [26/Apr/2026:04:58:01 +0300] "GET /beste-casino-site-belgie-hoge-inzet/ HTTP/1.1" 200 19290 "https://serhatburke.miroglu.net/" "Mozilla/5.0 (X11; Linux i686) AppleWebKit/537.36 (KHTML, like Gecko) Chrome/114.0.0.0 Safari/537.36 Vivaldi/5.3.2679.68"
172.86.76.182 - - [26/Apr/2026:04:58:17 +0300] "GET /wp-includes/css/dist/block-library/style.min.css?ver=6.3.8 HTTP/1.1" 200 13578 "https://serhatburke.miroglu.net/beste-casino-site-belgie-hoge-inzet/" "Mozilla/5.0 (Windows NT 10.0; Win64; x64) AppleWebKit/537.36 (KHTML, like Gecko) Chrome/143.0.0.0 Safari/537.36"
172.86.76.182 - - [26/Apr/2026:04:58:19 +0300] "GET /wp-content/plugins/contact-form-7/includes/css/styles.css?ver=5.8 HTTP/1.1" 200 1490 "https://serhatburke.miroglu.net/beste-casino-site-belgie-hoge-inzet/" "Mozilla/5.0 (Windows NT 10.0; Win64; x64) AppleWebKit/537.36 (KHTML, like Gecko) Chrome/143.0.0.0 Safari/537.36"
172.86.76.182 - - [26/Apr/2026:04:58:19 +0300] "GET /wp-content/themes/toppic/css/fontello.css?ver=4.2 HTTP/1.1" 200 1802 "https://serhatburke.miroglu.net/beste-casino-site-belgie-hoge-inzet/" "Mozilla/5.0 (Windows NT 10.0; Win64; x64) AppleWebKit/537.36 (KHTML, like Gecko) Chrome/143.0.0.0 Safari/537.36"
172.86.76.182 - - [26/Apr/2026:04:58:21 +0300] "GET /wp-content/themes/toppic/css/reset.css?ver=4.2 HTTP/1.1" 200 1178 "https://serhatburke.miroglu.net/beste-casino-site-belgie-hoge-inzet/" "Mozilla/5.0 (Windows NT 10.0; Win64; x64) AppleWebKit/537.36 (KHTML, like Gecko) Chrome/143.0.0.0 Safari/537.36"
172.86.76.182 - - [26/Apr/2026:04:58:25 +0300] "GET /wp-content/themes/toppic/css/default.css?ver=4.2 HTTP/1.1" 200 1811 "https://serhatburke.miroglu.net/beste-casino-site-belgie-hoge-inzet/" "Mozilla/5.0 (Windows NT 10.0; Win64; x64) AppleWebKit/537.36 (KHTML, like Gecko) Chrome/143.0.0.0 Safari/537.36"
172.86.76.182 - - [26/Apr/2026:04:58:27 +0300] "GET /wp-content/themes/toppic/style.css?ver=4.2 HTTP/1.1" 200 23398 "https://serhatburke.miroglu.net/beste-casino-site-belgie-hoge-inzet/" "Mozilla/5.0 (Windows NT 10.0; Win64; x64) AppleWebKit/537.36 (KHTML, like Gecko) Chrome/143.0.0.0 Safari/537.36"
172.86.76.182 - - [26/Apr/2026:04:58:28 +0300] "GET /wp-content/themes/toppic/css/royalslider.css?ver=4.2 HTTP/1.1" 200 1887 "https://serhatburke.miroglu.net/beste-casino-site-belgie-hoge-inzet/" "Mozilla/5.0 (Windows NT 10.0; Win64; x64) AppleWebKit/537.36 (KHTML, like Gecko) Chrome/143.0.0.0 Safari/537.36"
172.86.76.182 - - [26/Apr/2026:04:58:29 +0300] "GET /wp-content/themes/toppic/css/rs-default.css?ver=4.2 HTTP/1.1" 200 2625 "https://serhatburke.miroglu.net/beste-casino-site-belgie-hoge-inzet/" "Mozilla/5.0 (Windows NT 10.0; Win64; x64) AppleWebKit/537.36 (KHTML, like Gecko) Chrome/143.0.0.0 Safari/537.36"
172.86.76.182 - - [26/Apr/2026:04:58:30 +0300] "GET /wp-content/themes/toppic/css/lightbox.css?ver=4.2 HTTP/1.1" 200 2956 "https://serhatburke.miroglu.net/beste-casino-site-belgie-hoge-inzet/" "Mozilla/5.0 (Windows NT 10.0; Win64; x64) AppleWebKit/537.36 (KHTML, like Gecko) Chrome/143.0.0.0 Safari/537.36"
172.86.76.182 - - [26/Apr/2026:04:58:34 +0300] "GET /wp-content/themes/toppic/css/woocommerce.css?ver=4.2 HTTP/1.1" 200 2848 "https://serhatburke.miroglu.net/beste-casino-site-belgie-hoge-inzet/" "Mozilla/5.0 (Windows NT 10.0; Win64; x64) AppleWebKit/537.36 (KHTML, like Gecko) Chrome/143.0.0.0 Safari/537.36"
172.86.76.182 - - [26/Apr/2026:04:58:36 +0300] "GET /wp-content/themes/toppic/css/responsive.css?ver=4.2 HTTP/1.1" 200 2796 "https://serhatburke.miroglu.net/beste-casino-site-belgie-hoge-inzet/" "Mozilla/5.0 (Windows NT 10.0; Win64; x64) AppleWebKit/537.36 (KHTML, like Gecko) Chrome/143.0.0.0 Safari/537.36"
185.216.113.70 - - [26/Apr/2026:04:58:53 +0300] "POST /wp-cron.php?doing_wp_cron=1777168733.0220611095428466796875 HTTP/1.1" 200 448 "-" "WordPress/6.3.8; https://serhatburke.miroglu.net"
172.86.76.182 - - [26/Apr/2026:04:58:40 +0300] "POST /wp-comments-post.php HTTP/1.1" 302 1083 "https://serhatburke.miroglu.net/beste-casino-site-belgie-hoge-inzet/" "Mozilla/5.0 (X11; Linux i686) AppleWebKit/537.36 (KHTML, like Gecko) Chrome/114.0.0.0 Safari/537.36 Vivaldi/5.3.2679.68"
172.86.76.182 - - [26/Apr/2026:04:58:54 +0300] "GET /beste-casino-site-belgie-hoge-inzet/?unapproved=661&moderation-hash=496814429d23e8ed28b1b6cab4dc533c HTTP/1.1" 200 19719 "https://serhatburke.miroglu.net/wp-comments-post.php" "Mozilla/5.0 (X11; Linux i686) AppleWebKit/537.36 (KHTML, like Gecko) Chrome/114.0.0.0 Safari/537.36 Vivaldi/5.3.2679.68"
172.86.76.182 - - [26/Apr/2026:04:59:09 +0300] "GET /beste-casino-site-belgie-hoge-inzet/ HTTP/1.1" 200 19282 "-" "Mozilla/5.0 (X11; Linux i686) AppleWebKit/537.36 (KHTML, like Gecko) Chrome/114.0.0.0 Safari/537.36 Vivaldi/5.3.2679.68"
128.1.234.60 - - [26/Apr/2026:04:59:13 +0300] "POST /xmlrpc.php HTTP/1.1" 200 630 "-" "Mozilla/5.0 (Windows NT 10.0; Win64; x64) AppleWebKit/537.36 (KHTML, like Gecko) Chrome/114.0.0.0 Safari/537.36"
185.216.113.70 - - [26/Apr/2026:04:59:44 +0300] "POST /wp-cron.php?doing_wp_cron=1777168784.7492320537567138671875 HTTP/1.1" 200 448 "-" "WordPress/6.3.8; https://serhatburke.miroglu.net"
128.1.234.60 - - [26/Apr/2026:04:59:32 +0300] "POST /xmlrpc.php HTTP/1.1" 200 15418 "-" "Mozilla/5.0 (Windows NT 10.0; Win64; x64) AppleWebKit/537.36 (KHTML, like Gecko) Chrome/114.0.0.0 Safari/537.36"
128.1.234.60 - - [26/Apr/2026:04:59:46 +0300] "GET /crown-wild-7-slot-payout-of-the-nile-cleopatras-options-to-the-vapor/ HTTP/1.1" 200 79064 "-" "Mozilla/5.0 (Windows NT 10.0; Win64; x64) AppleWebKit/537.36 (KHTML, like Gecko) Chrome/124.0.0.0 Safari/537.36 Edg/124.0.0.0"
129.227.39.118 - - [26/Apr/2026:04:59:48 +0300] "POST /xmlrpc.php HTTP/1.1" 200 630 "-" "Mozilla/5.0 (Windows NT 10.0; Win64; x64) AppleWebKit/537.36 (KHTML, like Gecko) Chrome/114.0.0.0 Safari/537.36"
129.227.39.118 - - [26/Apr/2026:05:00:18 +0300] "POST /xmlrpc.php HTTP/1.1" 200 12941 "-" "Mozilla/5.0 (Windows NT 10.0; Win64; x64) AppleWebKit/537.36 (KHTML, like Gecko) Chrome/114.0.0.0 Safari/537.36"
185.216.113.70 - - [26/Apr/2026:05:00:48 +0300] "POST /wp-cron.php?doing_wp_cron=1777168848.5164580345153808593750 HTTP/1.1" 200 448 "-" "WordPress/6.3.8; https://serhatburke.miroglu.net"
129.227.39.118 - - [26/Apr/2026:05:00:34 +0300] "GET /bovegas-local-casino-added-bonus-requirements-march-2026-updated-everyday/ HTTP/1.1" 200 76989 "-" "Mozilla/5.0 (Windows NT 10.0; Win64; x64) AppleWebKit/537.36 (KHTML, like Gecko) Chrome/123.0.0.0 Safari/537.36"
128.1.234.60 - - [26/Apr/2026:05:00:51 +0300] "POST /xmlrpc.php HTTP/1.1" 200 630 "-" "Mozilla/5.0 (Windows NT 10.0; Win64; x64) AppleWebKit/537.36 (KHTML, like Gecko) Chrome/114.0.0.0 Safari/537.36"
185.216.113.70 - - [26/Apr/2026:05:01:22 +0300] "POST /wp-cron.php?doing_wp_cron=1777168882.5343949794769287109375 HTTP/1.1" 200 448 "-" "WordPress/6.3.8; https://serhatburke.miroglu.net"
128.1.234.60 - - [26/Apr/2026:05:01:09 +0300] "POST /xmlrpc.php HTTP/1.1" 200 16080 "-" "Mozilla/5.0 (Windows NT 10.0; Win64; x64) AppleWebKit/537.36 (KHTML, like Gecko) Chrome/114.0.0.0 Safari/537.36"
128.1.234.60 - - [26/Apr/2026:05:01:24 +0300] "GET /2026-christmas-time-buffalo-online-slot-local-casino-offers-and-no-deposit-incentives/ HTTP/1.1" 200 80547 "-" "Mozilla/5.0 (Windows NT 10.0; Win64; x64) AppleWebKit/537.36 (KHTML, like Gecko) Chrome/123.0.0.0 Safari/537.36 OPR/109.0.0.0"
185.216.113.70 - - [26/Apr/2026:05:02:30 +0300] "POST /wp-cron.php?doing_wp_cron=1777168950.8501529693603515625000 HTTP/1.1" 200 448 "-" "WordPress/6.3.8; https://serhatburke.miroglu.net"
128.1.234.60 - - [26/Apr/2026:05:02:18 +0300] "POST /xmlrpc.php HTTP/1.1" 200 630 "-" "Mozilla/5.0 (Windows NT 10.0; Win64; x64) AppleWebKit/537.36 (KHTML, like Gecko) Chrome/114.0.0.0 Safari/537.36"
128.1.234.60 - - [26/Apr/2026:05:02:37 +0300] "POST /xmlrpc.php HTTP/1.1" 200 15872 "-" "Mozilla/5.0 (Windows NT 10.0; Win64; x64) AppleWebKit/537.36 (KHTML, like Gecko) Chrome/114.0.0.0 Safari/537.36"
185.216.113.70 - - [26/Apr/2026:05:03:45 +0300] "POST /wp-cron.php?doing_wp_cron=1777169024.8871560096740722656250 HTTP/1.1" 200 448 "-" "WordPress/6.3.8; https://serhatburke.miroglu.net"
128.1.234.60 - - [26/Apr/2026:05:03:32 +0300] "GET /queen-of-ones-nile-ports-a-free-and-flashdash-casino-coupon-codes-real-free-30-spins-no-deposit-required-cash-video-game-keller-williams-ministere-de-la-sante-publique/ HTTP/1.1" 200 82343 "-" "Mozilla/5.0 (Windows NT 10.0; Win64; x64) AppleWebKit/537.36 (KHTML, like Gecko) Chrome/123.0.0.0 Safari/537.36 OPR/109.0.0.0"
185.216.113.70 - - [26/Apr/2026:05:04:50 +0300] "POST /wp-cron.php?doing_wp_cron=1777169090.3551650047302246093750 HTTP/1.1" 200 448 "-" "WordPress/6.3.8; https://serhatburke.miroglu.net"
128.1.234.60 - - [26/Apr/2026:05:04:38 +0300] "POST /xmlrpc.php HTTP/1.1" 200 630 "-" "Mozilla/5.0 (Windows NT 10.0; Win64; x64) AppleWebKit/537.36 (KHTML, like Gecko) Chrome/114.0.0.0 Safari/537.36"
128.1.234.60 - - [26/Apr/2026:05:04:57 +0300] "POST /xmlrpc.php HTTP/1.1" 200 15921 "-" "Mozilla/5.0 (Windows NT 10.0; Win64; x64) AppleWebKit/537.36 (KHTML, like Gecko) Chrome/114.0.0.0 Safari/537.36"
128.1.234.60 - - [26/Apr/2026:05:05:12 +0300] "GET /king-of-casino-the-one-armed-bandit-ones-nile-pokie-game-features-trial-advice/ HTTP/1.1" 200 80033 "-" "Mozilla/5.0 (Windows NT 10.0; rv:109.0) Gecko/20100101 Firefox/115.0"
185.216.113.70 - - [26/Apr/2026:05:06:01 +0300] "POST /wp-cron.php?doing_wp_cron=1777169161.5729050636291503906250 HTTP/1.1" 200 448 "-" "WordPress/6.3.8; https://serhatburke.miroglu.net"
128.1.234.60 - - [26/Apr/2026:05:05:49 +0300] "POST /xmlrpc.php HTTP/1.1" 200 630 "-" "Mozilla/5.0 (Windows NT 10.0; Win64; x64) AppleWebKit/537.36 (KHTML, like Gecko) Chrome/114.0.0.0 Safari/537.36"
128.1.234.60 - - [26/Apr/2026:05:06:08 +0300] "POST /xmlrpc.php HTTP/1.1" 200 15820 "-" "Mozilla/5.0 (Windows NT 10.0; Win64; x64) AppleWebKit/537.36 (KHTML, like Gecko) Chrome/114.0.0.0 Safari/537.36"
172.86.76.182 - - [26/Apr/2026:05:06:22 +0300] "GET /beste-casino-site-belgie-hoge-inzet/ HTTP/1.1" 200 19282 "-" "Mozilla/5.0 (Windows NT 10.0; WOW64) AppleWebKit/537.36 (KHTML, like Gecko) Chrome/114.0.0.0 YaBrowser/22.7.0 Yowser/2.5 Safari/537.36"
128.1.234.60 - - [26/Apr/2026:05:06:23 +0300] "GET /king-of-your-nile-casino-emu-withdrawal-slot-comment-and-totally-free-enjoy-added-bonus/ HTTP/1.1" 200 80094 "-" "Mozilla/5.0 (Windows NT 10.0; Win64; x64; rv:124.0) Gecko/20100101 Firefox/124.0"
185.216.113.70 - - [26/Apr/2026:05:06:45 +0300] "POST /wp-cron.php?doing_wp_cron=1777169205.9140670299530029296875 HTTP/1.1" 200 448 "-" "WordPress/6.3.8; https://serhatburke.miroglu.net"
40.77.167.46 - - [26/Apr/2026:05:06:32 +0300] "GET /erster-spielsaal-provision-osterreich-bitkingz-osterreich-boni-februar-2026-aktuelle-codes/ HTTP/2" 200 19944 "-" "Mozilla/5.0 AppleWebKit/537.36 (KHTML, like Gecko; compatible; bingbot/2.0; +http://www.bing.com/bingbot.htm) Chrome/116.0.1938.76 Safari/537.36"
128.1.234.60 - - [26/Apr/2026:05:06:59 +0300] "POST /xmlrpc.php HTTP/1.1" 200 630 "-" "Mozilla/5.0 (Windows NT 10.0; Win64; x64) AppleWebKit/537.36 (KHTML, like Gecko) Chrome/114.0.0.0 Safari/537.36"
185.216.113.70 - - [26/Apr/2026:05:07:31 +0300] "POST /wp-cron.php?doing_wp_cron=1777169251.4129269123077392578125 HTTP/1.1" 200 448 "-" "WordPress/6.3.8; https://serhatburke.miroglu.net"
128.1.234.60 - - [26/Apr/2026:05:07:18 +0300] "POST /xmlrpc.php HTTP/1.1" 200 15580 "-" "Mozilla/5.0 (Windows NT 10.0; Win64; x64) AppleWebKit/537.36 (KHTML, like Gecko) Chrome/114.0.0.0 Safari/537.36"
129.227.39.118 - - [26/Apr/2026:05:07:22 +0300] "POST /xmlrpc.php HTTP/1.1" 200 630 "-" "Mozilla/5.0 (Windows NT 10.0; Win64; x64) AppleWebKit/537.36 (KHTML, like Gecko) Chrome/114.0.0.0 Safari/537.36"
128.1.234.60 - - [26/Apr/2026:05:07:33 +0300] "GET /brief-strike-ports-totally-free-gold-coins-top-online-casino-300-welcome-bonus-2026-february-2026/ HTTP/1.1" 200 80293 "-" "Mozilla/5.0 (Windows NT 10.0; Win64; x64; rv:125.0) Gecko/20100101 Firefox/125.0"
129.227.39.118 - - [26/Apr/2026:05:07:42 +0300] "POST /xmlrpc.php HTTP/1.1" 200 13847 "-" "Mozilla/5.0 (Windows NT 10.0; Win64; x64) AppleWebKit/537.36 (KHTML, like Gecko) Chrome/114.0.0.0 Safari/537.36"
129.227.39.118 - - [26/Apr/2026:05:07:58 +0300] "GET /best-no-deposit-gambling-establishment-bonuses-free-subscribe-also-offers-2026/ HTTP/1.1" 200 78051 "-" "Mozilla/5.0 (Windows NT 10.0; Win64; x64) AppleWebKit/537.36 (KHTML, like Gecko) Chrome/124.0.0.0 Safari/537.36"
128.1.234.60 - - [26/Apr/2026:05:08:10 +0300] "POST /xmlrpc.php HTTP/1.1" 200 630 "-" "Mozilla/5.0 (Windows NT 10.0; Win64; x64) AppleWebKit/537.36 (KHTML, like Gecko) Chrome/114.0.0.0 Safari/537.36"
185.216.113.70 - - [26/Apr/2026:05:08:43 +0300] "POST /wp-cron.php?doing_wp_cron=1777169323.1017150878906250000000 HTTP/1.1" 200 448 "-" "WordPress/6.3.8; https://serhatburke.miroglu.net"
128.1.234.60 - - [26/Apr/2026:05:08:31 +0300] "POST /xmlrpc.php HTTP/1.1" 200 16042 "-" "Mozilla/5.0 (Windows NT 10.0; Win64; x64) AppleWebKit/537.36 (KHTML, like Gecko) Chrome/114.0.0.0 Safari/537.36"
128.1.234.60 - - [26/Apr/2026:05:08:46 +0300] "GET /better-on-play-video-poker-online-line-pokies-for-real-money/ HTTP/1.1" 200 79589 "-" "Mozilla/5.0 (Windows NT 10.0; Win64; x64) AppleWebKit/537.36 (KHTML, like Gecko) Chrome/109.0.0.0 Safari/537.36"
128.1.234.60 - - [26/Apr/2026:05:09:09 +0300] "POST /xmlrpc.php HTTP/1.1" 200 630 "-" "Mozilla/5.0 (Windows NT 10.0; Win64; x64) AppleWebKit/537.36 (KHTML, like Gecko) Chrome/114.0.0.0 Safari/537.36"
185.216.113.70 - - [26/Apr/2026:05:09:40 +0300] "POST /wp-cron.php?doing_wp_cron=1777169380.8085589408874511718750 HTTP/1.1" 200 448 "-" "WordPress/6.3.8; https://serhatburke.miroglu.net"
128.1.234.60 - - [26/Apr/2026:05:09:28 +0300] "POST /xmlrpc.php HTTP/1.1" 200 15364 "-" "Mozilla/5.0 (Windows NT 10.0; Win64; x64) AppleWebKit/537.36 (KHTML, like Gecko) Chrome/114.0.0.0 Safari/537.36"
128.1.234.60 - - [26/Apr/2026:05:09:42 +0300] "GET /better-monty-python-casino-slot-australian-pokie-online-casino-totally-free-revolves-incentive-rules-game/ HTTP/1.1" 200 80260 "-" "Mozilla/5.0 (Windows NT 10.0; Win64; x64) AppleWebKit/537.36 (KHTML, like Gecko) Chrome/123.0.0.0 Safari/537.36"
128.1.234.60 - - [26/Apr/2026:05:10:14 +0300] "POST /xmlrpc.php HTTP/1.1" 200 630 "-" "Mozilla/5.0 (Windows NT 10.0; Win64; x64) AppleWebKit/537.36 (KHTML, like Gecko) Chrome/114.0.0.0 Safari/537.36"
185.216.113.70 - - [26/Apr/2026:05:10:45 +0300] "POST /wp-cron.php?doing_wp_cron=1777169445.0861160755157470703125 HTTP/1.1" 200 448 "-" "WordPress/6.3.8; https://serhatburke.miroglu.net"
128.1.234.60 - - [26/Apr/2026:05:10:32 +0300] "POST /xmlrpc.php HTTP/1.1" 200 15115 "-" "Mozilla/5.0 (Windows NT 10.0; Win64; x64) AppleWebKit/537.36 (KHTML, like Gecko) Chrome/114.0.0.0 Safari/537.36"
128.1.234.60 - - [26/Apr/2026:05:10:46 +0300] "GET /spinions-online-real-cash-slot-online-game-of-online-slot-games-light-racers-quickspin/ HTTP/1.1" 200 79472 "-" "Mozilla/5.0 (Windows NT 10.0; Win64; x64) AppleWebKit/537.36 (KHTML, like Gecko) Chrome/122.0.0.0 Safari/537.36"
128.1.234.60 - - [26/Apr/2026:05:11:23 +0300] "POST /xmlrpc.php HTTP/1.1" 200 630 "-" "Mozilla/5.0 (Windows NT 10.0; Win64; x64) AppleWebKit/537.36 (KHTML, like Gecko) Chrome/114.0.0.0 Safari/537.36"
185.216.113.70 - - [26/Apr/2026:05:11:55 +0300] "POST /wp-cron.php?doing_wp_cron=1777169515.8459689617156982421875 HTTP/1.1" 200 448 "-" "WordPress/6.3.8; https://serhatburke.miroglu.net"
128.1.234.60 - - [26/Apr/2026:05:11:43 +0300] "POST /xmlrpc.php HTTP/1.1" 200 15792 "-" "Mozilla/5.0 (Windows NT 10.0; Win64; x64) AppleWebKit/537.36 (KHTML, like Gecko) Chrome/114.0.0.0 Safari/537.36"
128.1.234.60 - - [26/Apr/2026:05:11:57 +0300] "GET /200-100-percent-casino-roxy-palace-online-free-spins-to-the-bass-baggin-bounty-at-the-yabby/ HTTP/1.1" 200 80426 "-" "Mozilla/5.0 (Windows NT 10.0; Win64; x64; rv:124.0) Gecko/20100101 Firefox/124.0"
128.1.234.60 - - [26/Apr/2026:05:12:30 +0300] "POST /xmlrpc.php HTTP/1.1" 200 630 "-" "Mozilla/5.0 (Windows NT 10.0; Win64; x64) AppleWebKit/537.36 (KHTML, like Gecko) Chrome/114.0.0.0 Safari/537.36"
185.216.113.70 - - [26/Apr/2026:05:13:06 +0300] "POST /wp-cron.php?doing_wp_cron=1777169586.2973940372467041015625 HTTP/1.1" 200 448 "-" "WordPress/6.3.8; https://serhatburke.miroglu.net"
128.1.234.60 - - [26/Apr/2026:05:12:50 +0300] "POST /xmlrpc.php HTTP/1.1" 200 15003 "-" "Mozilla/5.0 (Windows NT 10.0; Win64; x64) AppleWebKit/537.36 (KHTML, like Gecko) Chrome/114.0.0.0 Safari/537.36"
40.77.167.78 - - [26/Apr/2026:05:13:01 +0300] "GET /tronscan-the-comprehensive-platform-for-tron-insights/ HTTP/2" 200 17781 "-" "Mozilla/5.0 AppleWebKit/537.36 (KHTML, like Gecko; compatible; bingbot/2.0; +http://www.bing.com/bingbot.htm) Chrome/116.0.1938.76 Safari/537.36"
129.227.39.118 - - [26/Apr/2026:05:13:01 +0300] "POST /xmlrpc.php HTTP/1.1" 200 630 "-" "Mozilla/5.0 (Windows NT 10.0; Win64; x64) AppleWebKit/537.36 (KHTML, like Gecko) Chrome/114.0.0.0 Safari/537.36"
128.1.234.60 - - [26/Apr/2026:05:13:08 +0300] "GET /raging-rhino-free-50-spins-no-deposit-position-play-free-demonstration-online-game-review-2026/ HTTP/1.1" 200 79529 "-" "Mozilla/5.0 (Windows NT 10.0; Win64; x64) AppleWebKit/537.36 (KHTML, like Gecko) Chrome/109.0.0.0 Safari/537.36"
128.1.234.60 - - [26/Apr/2026:05:13:27 +0300] "POST /xmlrpc.php HTTP/1.1" 200 630 "-" "Mozilla/5.0 (Windows NT 10.0; Win64; x64) AppleWebKit/537.36 (KHTML, like Gecko) Chrome/114.0.0.0 Safari/537.36"
40.77.167.78 - - [26/Apr/2026:05:13:29 +0300] "GET /comme-abroger-nos-economies-provenant-de-ce-liberalite-sans-avoir-de-annales/ HTTP/2" 200 17962 "-" "Mozilla/5.0 AppleWebKit/537.36 (KHTML, like Gecko; compatible; bingbot/2.0; +http://www.bing.com/bingbot.htm) Chrome/116.0.1938.76 Safari/537.36"
129.227.39.118 - - [26/Apr/2026:05:13:32 +0300] "POST /xmlrpc.php HTTP/1.1" 200 12385 "-" "Mozilla/5.0 (Windows NT 10.0; Win64; x64) AppleWebKit/537.36 (KHTML, like Gecko) Chrome/114.0.0.0 Safari/537.36"
185.216.113.70 - - [26/Apr/2026:05:14:05 +0300] "POST /wp-cron.php?doing_wp_cron=1777169645.5641920566558837890625 HTTP/1.1" 200 448 "-" "WordPress/6.3.8; https://serhatburke.miroglu.net"
129.227.39.118 - - [26/Apr/2026:05:13:52 +0300] "GET /head-cooks-gambling-enterprise-comment-2026-chief-cook-casino-5-put/ HTTP/1.1" 200 76668 "-" "Mozilla/5.0 (Windows NT 10.0; Win64; x64) AppleWebKit/537.36 (KHTML, like Gecko) Chrome/124.0.0.0 Safari/537.36 Edg/124.0.0.0"
128.1.234.60 - - [26/Apr/2026:05:13:53 +0300] "POST /xmlrpc.php HTTP/1.1" 200 15947 "-" "Mozilla/5.0 (Windows NT 10.0; Win64; x64) AppleWebKit/537.36 (KHTML, like Gecko) Chrome/114.0.0.0 Safari/537.36"
128.1.234.60 - - [26/Apr/2026:05:14:08 +0300] "GET /take-pleasure-in-ramses-60-free-spins-no-deposit-bonuses-book-reputation-and-find-ancient-egypt-chung-nhan-iso/ HTTP/1.1" 200 80816 "-" "Mozilla/5.0 (Windows NT 10.0; Win64; x64; rv:125.0) Gecko/20100101 Firefox/125.0"
52.167.144.222 - - [26/Apr/2026:05:14:25 +0300] "GET /online-oder-offline-wo-spielt-man-besser-im-casino/ HTTP/2" 200 18058 "-" "Mozilla/5.0 AppleWebKit/537.36 (KHTML, like Gecko; compatible; bingbot/2.0; +http://www.bing.com/bingbot.htm) Chrome/116.0.1938.76 Safari/537.36"
185.216.113.70 - - [26/Apr/2026:05:14:44 +0300] "POST /wp-cron.php?doing_wp_cron=1777169684.3055219650268554687500 HTTP/1.1" 200 448 "-" "WordPress/6.3.8; https://serhatburke.miroglu.net"
128.1.234.60 - - [26/Apr/2026:05:14:31 +0300] "POST /xmlrpc.php HTTP/1.1" 200 630 "-" "Mozilla/5.0 (Windows NT 10.0; Win64; x64) AppleWebKit/537.36 (KHTML, like Gecko) Chrome/114.0.0.0 Safari/537.36"
128.1.234.60 - - [26/Apr/2026:05:14:51 +0300] "POST /xmlrpc.php HTTP/1.1" 200 15681 "-" "Mozilla/5.0 (Windows NT 10.0; Win64; x64) AppleWebKit/537.36 (KHTML, like Gecko) Chrome/114.0.0.0 Safari/537.36"
128.1.234.60 - - [26/Apr/2026:05:15:07 +0300] "GET /ramses-casino-jackpot-city-login-courses/ HTTP/1.1" 200 79062 "-" "Mozilla/5.0 (Windows NT 10.0; Win64; x64) AppleWebKit/537.36 (KHTML, like Gecko) Chrome/124.0.0.0 Safari/537.36"
185.216.113.70 - - [26/Apr/2026:05:15:40 +0300] "POST /wp-cron.php?doing_wp_cron=1777169740.7024719715118408203125 HTTP/1.1" 200 448 "-" "WordPress/6.3.8; https://serhatburke.miroglu.net"
128.1.234.60 - - [26/Apr/2026:05:15:28 +0300] "POST /xmlrpc.php HTTP/1.1" 200 630 "-" "Mozilla/5.0 (Windows NT 10.0; Win64; x64) AppleWebKit/537.36 (KHTML, like Gecko) Chrome/114.0.0.0 Safari/537.36"
128.1.234.60 - - [26/Apr/2026:05:15:47 +0300] "POST /xmlrpc.php HTTP/1.1" 200 15493 "-" "Mozilla/5.0 (Windows NT 10.0; Win64; x64) AppleWebKit/537.36 (KHTML, like Gecko) Chrome/114.0.0.0 Safari/537.36"
128.1.234.60 - - [26/Apr/2026:05:16:02 +0300] "GET /best-avalon78-casino-gambling-enterprise-software-one-spend-real-money-2026-finest-cellular-casinos/ HTTP/1.1" 200 80115 "-" "Mozilla/5.0 (Windows NT 10.0; Win64; x64; rv:125.0) Gecko/20100101 Firefox/125.0"
40.77.167.50 - - [26/Apr/2026:05:16:22 +0300] "GET /post-sitemap7.xml HTTP/2" 200 102101 "-" "Mozilla/5.0 AppleWebKit/537.36 (KHTML, like Gecko; compatible; bingbot/2.0; +http://www.bing.com/bingbot.htm) Chrome/116.0.1938.76 Safari/537.36"
185.216.113.70 - - [26/Apr/2026:05:16:41 +0300] "POST /wp-cron.php?doing_wp_cron=1777169801.8061680793762207031250 HTTP/1.1" 200 448 "-" "WordPress/6.3.8; https://serhatburke.miroglu.net"
128.1.234.60 - - [26/Apr/2026:05:16:29 +0300] "POST /xmlrpc.php HTTP/1.1" 200 630 "-" "Mozilla/5.0 (Windows NT 10.0; Win64; x64) AppleWebKit/537.36 (KHTML, like Gecko) Chrome/114.0.0.0 Safari/537.36"
128.1.234.60 - - [26/Apr/2026:05:16:48 +0300] "POST /xmlrpc.php HTTP/1.1" 200 14945 "-" "Mozilla/5.0 (Windows NT 10.0; Win64; x64) AppleWebKit/537.36 (KHTML, like Gecko) Chrome/114.0.0.0 Safari/537.36"
128.1.234.60 - - [26/Apr/2026:05:17:03 +0300] "GET /free-online-casino-tetri-mania-slot-games-on-the-web-zero-download-and-enjoy-now/ HTTP/1.1" 200 79162 "-" "Mozilla/5.0 (Windows NT 10.0; Win64; x64) AppleWebKit/537.36 (KHTML, like Gecko) Chrome/123.0.0.0 Safari/537.36 OPR/109.0.0.0"
40.77.167.78 - - [26/Apr/2026:05:17:08 +0300] "GET /beste-paysafecard-casinos-online-spielen-roulette-2026-ernsthaft-unter-allen-umstanden/ HTTP/2" 200 21059 "-" "Mozilla/5.0 AppleWebKit/537.36 (KHTML, like Gecko; compatible; bingbot/2.0; +http://www.bing.com/bingbot.htm) Chrome/116.0.1938.76 Safari/537.36"
40.77.167.78 - - [26/Apr/2026:05:17:11 +0300] "GET /beste-freispiele-pramie-aktionen-as-part-of-einen-battle-maidens-cleopatra-casino-bonus-verbunden-spielotheken-2026/ HTTP/2" 200 19230 "-" "Mozilla/5.0 AppleWebKit/537.36 (KHTML, like Gecko; compatible; bingbot/2.0; +http://www.bing.com/bingbot.htm) Chrome/116.0.1938.76 Safari/537.36"
40.77.167.78 - - [26/Apr/2026:05:17:12 +0300] "GET /przejrzyste-zasady-i-wysokie-wygrane-bdmbet-opinie-oraz/ HTTP/2" 200 19633 "-" "Mozilla/5.0 AppleWebKit/537.36 (KHTML, like Gecko; compatible; bingbot/2.0; +http://www.bing.com/bingbot.htm) Chrome/116.0.1938.76 Safari/537.36"
185.216.113.70 - - [26/Apr/2026:05:17:41 +0300] "POST /wp-cron.php?doing_wp_cron=1777169861.5658690929412841796875 HTTP/1.1" 200 448 "-" "WordPress/6.3.8; https://serhatburke.miroglu.net"
128.1.234.60 - - [26/Apr/2026:05:17:23 +0300] "POST /xmlrpc.php HTTP/1.1" 200 630 "-" "Mozilla/5.0 (Windows NT 10.0; Win64; x64) AppleWebKit/537.36 (KHTML, like Gecko) Chrome/114.0.0.0 Safari/537.36"
128.1.234.60 - - [26/Apr/2026:05:17:48 +0300] "POST /xmlrpc.php HTTP/1.1" 200 15673 "-" "Mozilla/5.0 (Windows NT 10.0; Win64; x64) AppleWebKit/537.36 (KHTML, like Gecko) Chrome/114.0.0.0 Safari/537.36"
128.1.234.60 - - [26/Apr/2026:05:18:03 +0300] "GET /ten-better-online-wild-888-slot-big-win-casinos-australian-continent-for-real-currency-gambling-inside-2026/ HTTP/1.1" 200 80699 "-" "Mozilla/5.0 (Windows NT 10.0; rv:125.0) Gecko/20100101 Firefox/125.0"
129.227.39.118 - - [26/Apr/2026:05:18:09 +0300] "POST /xmlrpc.php HTTP/1.1" 200 630 "-" "Mozilla/5.0 (Windows NT 10.0; Win64; x64) AppleWebKit/537.36 (KHTML, like Gecko) Chrome/114.0.0.0 Safari/537.36"
128.1.234.60 - - [26/Apr/2026:05:18:19 +0300] "POST /xmlrpc.php HTTP/1.1" 200 630 "-" "Mozilla/5.0 (Windows NT 10.0; Win64; x64) AppleWebKit/537.36 (KHTML, like Gecko) Chrome/114.0.0.0 Safari/537.36"
185.216.113.70 - - [26/Apr/2026:05:18:42 +0300] "POST /wp-cron.php?doing_wp_cron=1777169922.2056601047515869140625 HTTP/1.1" 200 448 "-" "WordPress/6.3.8; https://serhatburke.miroglu.net"
129.227.39.118 - - [26/Apr/2026:05:18:29 +0300] "POST /xmlrpc.php HTTP/1.1" 200 13855 "-" "Mozilla/5.0 (Windows NT 10.0; Win64; x64) AppleWebKit/537.36 (KHTML, like Gecko) Chrome/114.0.0.0 Safari/537.36"
128.1.234.60 - - [26/Apr/2026:05:18:38 +0300] "POST /xmlrpc.php HTTP/1.1" 200 15195 "-" "Mozilla/5.0 (Windows NT 10.0; Win64; x64) AppleWebKit/537.36 (KHTML, like Gecko) Chrome/114.0.0.0 Safari/537.36"
129.227.39.118 - - [26/Apr/2026:05:18:43 +0300] "GET /casilando-provides-a-private-50-totally-free-revolves-no-deposit-extra/ HTTP/1.1" 200 77860 "-" "Mozilla/5.0 (Windows NT 10.0; Win64; x64) AppleWebKit/537.36 (KHTML, like Gecko) Chrome/124.0.0.0 Safari/537.36 Edg/124.0.0.0"
128.1.234.60 - - [26/Apr/2026:05:18:56 +0300] "GET /better-5-minimal-deposit-dragon-wins-bonus-gambling-enterprises-united-kingdom-in-the-2026/ HTTP/1.1" 200 79494 "-" "Mozilla/5.0 (Windows NT 10.0; Win64; x64) AppleWebKit/537.36 (KHTML, like Gecko) Chrome/122.0.0.0 Safari/537.36"
128.1.234.60 - - [26/Apr/2026:05:19:15 +0300] "POST /xmlrpc.php HTTP/1.1" 200 630 "-" "Mozilla/5.0 (Windows NT 10.0; Win64; x64) AppleWebKit/537.36 (KHTML, like Gecko) Chrome/114.0.0.0 Safari/537.36"
185.216.113.70 - - [26/Apr/2026:05:19:49 +0300] "POST /wp-cron.php?doing_wp_cron=1777169989.2287449836730957031250 HTTP/1.1" 200 448 "-" "WordPress/6.3.8; https://serhatburke.miroglu.net"
128.1.234.60 - - [26/Apr/2026:05:19:36 +0300] "POST /xmlrpc.php HTTP/1.1" 200 15780 "-" "Mozilla/5.0 (Windows NT 10.0; Win64; x64) AppleWebKit/537.36 (KHTML, like Gecko) Chrome/114.0.0.0 Safari/537.36"
185.216.113.70 - - [26/Apr/2026:05:20:04 +0300] "POST /wp-cron.php?doing_wp_cron=1777170004.9115760326385498046875 HTTP/1.1" 200 448 "-" "WordPress/6.3.8; https://serhatburke.miroglu.net"
128.1.234.60 - - [26/Apr/2026:05:19:51 +0300] "GET /10-best-internet-casino-software-you-to-pay-a-casino-jackpot-free-chip-real-income-in-the-2026/ HTTP/1.1" 200 80414 "-" "Mozilla/5.0 (Windows NT 10.0; Win64; x64) AppleWebKit/537.36 (KHTML, like Gecko) Chrome/124.0.0.0 Safari/537.36 Edg/124.0.0.0"
128.1.234.60 - - [26/Apr/2026:05:20:04 +0300] "POST /xmlrpc.php HTTP/1.1" 200 630 "-" "Mozilla/5.0 (Windows NT 10.0; Win64; x64) AppleWebKit/537.36 (KHTML, like Gecko) Chrome/114.0.0.0 Safari/537.36"
65.109.104.153 - - [26/Apr/2026:05:20:12 +0300] "GET /beste-casino-site-belgie-hoge-inzet/ HTTP/1.1" 200 19282 "-" "Mozilla/5.0 (Windows NT 10.0; WOW64) AppleWebKit/537.36 (KHTML, like Gecko) Chrome/114.0.0.0 Safari/537.36 Vivaldi/5.3.2679.68"
128.1.234.60 - - [26/Apr/2026:05:20:24 +0300] "POST /xmlrpc.php HTTP/1.1" 200 15472 "-" "Mozilla/5.0 (Windows NT 10.0; Win64; x64) AppleWebKit/537.36 (KHTML, like Gecko) Chrome/114.0.0.0 Safari/537.36"
185.216.113.70 - - [26/Apr/2026:05:20:51 +0300] "POST /wp-cron.php?doing_wp_cron=1777170051.1372659206390380859375 HTTP/1.1" 200 448 "-" "WordPress/6.3.8; https://serhatburke.miroglu.net"
128.1.234.60 - - [26/Apr/2026:05:20:39 +0300] "GET /internet-zeus-the-thunderer-casino-bonus-casino-app-australian-continent-real-cash/ HTTP/1.1" 200 79826 "-" "Mozilla/5.0 (Windows NT 10.0; Win64; x64; rv:125.0) Gecko/20100101 Firefox/125.0"
128.1.234.60 - - [26/Apr/2026:05:20:53 +0300] "POST /xmlrpc.php HTTP/1.1" 200 630 "-" "Mozilla/5.0 (Windows NT 10.0; Win64; x64) AppleWebKit/537.36 (KHTML, like Gecko) Chrome/114.0.0.0 Safari/537.36"
185.216.113.70 - - [26/Apr/2026:05:21:25 +0300] "POST /wp-cron.php?doing_wp_cron=1777170085.7293410301208496093750 HTTP/1.1" 200 448 "-" "WordPress/6.3.8; https://serhatburke.miroglu.net"
128.1.234.60 - - [26/Apr/2026:05:21:12 +0300] "POST /xmlrpc.php HTTP/1.1" 200 15395 "-" "Mozilla/5.0 (Windows NT 10.0; Win64; x64) AppleWebKit/537.36 (KHTML, like Gecko) Chrome/114.0.0.0 Safari/537.36"
128.1.234.60 - - [26/Apr/2026:05:21:27 +0300] "GET /no-deposit-casino-amunra-no-deposit-bonus-gambling-establishment-extra-rules-2026/ HTTP/1.1" 200 79972 "-" "Mozilla/5.0 (Windows NT 10.0; Win64; x64) AppleWebKit/537.36 (KHTML, like Gecko) Chrome/123.0.0.0 Safari/537.36 OPR/109.0.0.0"
128.1.234.60 - - [26/Apr/2026:05:21:43 +0300] "POST /xmlrpc.php HTTP/1.1" 200 630 "-" "Mozilla/5.0 (Windows NT 10.0; Win64; x64) AppleWebKit/537.36 (KHTML, like Gecko) Chrome/114.0.0.0 Safari/537.36"
185.216.113.70 - - [26/Apr/2026:05:22:14 +0300] "POST /wp-cron.php?doing_wp_cron=1777170134.4302370548248291015625 HTTP/1.1" 200 448 "-" "WordPress/6.3.8; https://serhatburke.miroglu.net"
128.1.234.60 - - [26/Apr/2026:05:22:01 +0300] "POST /xmlrpc.php HTTP/1.1" 200 15429 "-" "Mozilla/5.0 (Windows NT 10.0; Win64; x64) AppleWebKit/537.36 (KHTML, like Gecko) Chrome/114.0.0.0 Safari/537.36"
128.1.234.60 - - [26/Apr/2026:05:22:16 +0300] "GET /finest-all-of-us-cellular-local-casino-apps-casino-games-real-money-2026-real-cash-gambling-enterprise-programs/ HTTP/1.1" 200 80667 "-" "Mozilla/5.0 (Windows NT 10.0; Win64; x64) AppleWebKit/537.36 (KHTML, like Gecko) Chrome/124.0.0.0 Safari/537.36"
185.216.113.70 - - [26/Apr/2026:05:22:51 +0300] "POST /wp-cron.php?doing_wp_cron=1777170171.5738570690155029296875 HTTP/1.1" 200 448 "-" "WordPress/6.3.8; https://serhatburke.miroglu.net"
128.1.234.60 - - [26/Apr/2026:05:22:39 +0300] "POST /xmlrpc.php HTTP/1.1" 200 630 "-" "Mozilla/5.0 (Windows NT 10.0; Win64; x64) AppleWebKit/537.36 (KHTML, like Gecko) Chrome/114.0.0.0 Safari/537.36"
128.1.234.60 - - [26/Apr/2026:05:22:58 +0300] "POST /xmlrpc.php HTTP/1.1" 200 15944 "-" "Mozilla/5.0 (Windows NT 10.0; Win64; x64) AppleWebKit/537.36 (KHTML, like Gecko) Chrome/114.0.0.0 Safari/537.36"
128.1.234.60 - - [26/Apr/2026:05:23:13 +0300] "GET /better-cellular-casinos-press-the-link-right-now-and-applications-the-real-deal-cash-in-2026/ HTTP/1.1" 200 80403 "-" "Mozilla/5.0 (Windows NT 10.0; Win64; x64) AppleWebKit/537.36 (KHTML, like Gecko) Chrome/123.0.0.0 Safari/537.36"
129.227.39.118 - - [26/Apr/2026:05:23:24 +0300] "POST /xmlrpc.php HTTP/1.1" 200 630 "-" "Mozilla/5.0 (Windows NT 10.0; Win64; x64) AppleWebKit/537.36 (KHTML, like Gecko) Chrome/114.0.0.0 Safari/537.36"
128.1.234.60 - - [26/Apr/2026:05:23:26 +0300] "POST /xmlrpc.php HTTP/1.1" 200 630 "-" "Mozilla/5.0 (Windows NT 10.0; Win64; x64) AppleWebKit/537.36 (KHTML, like Gecko) Chrome/114.0.0.0 Safari/537.36"
185.216.113.70 - - [26/Apr/2026:05:23:58 +0300] "POST /wp-cron.php?doing_wp_cron=1777170238.2458379268646240234375 HTTP/1.1" 200 448 "-" "WordPress/6.3.8; https://serhatburke.miroglu.net"
129.227.39.118 - - [26/Apr/2026:05:23:43 +0300] "POST /xmlrpc.php HTTP/1.1" 200 13628 "-" "Mozilla/5.0 (Windows NT 10.0; Win64; x64) AppleWebKit/537.36 (KHTML, like Gecko) Chrome/114.0.0.0 Safari/537.36"
128.1.234.60 - - [26/Apr/2026:05:23:45 +0300] "POST /xmlrpc.php HTTP/1.1" 200 15815 "-" "Mozilla/5.0 (Windows NT 10.0; Win64; x64) AppleWebKit/537.36 (KHTML, like Gecko) Chrome/114.0.0.0 Safari/537.36"
40.77.167.78 - - [26/Apr/2026:05:23:52 +0300] "GET /nazor-na-online-hru-thunderstruck-ii-rtp-2026-bonusy-ukazka/ HTTP/2" 200 18732 "-" "Mozilla/5.0 AppleWebKit/537.36 (KHTML, like Gecko; compatible; bingbot/2.0; +http://www.bing.com/bingbot.htm) Chrome/116.0.1938.76 Safari/537.36"
40.77.167.50 - - [26/Apr/2026:05:23:58 +0300] "GET /mastering-the-art-of-crypto-trading-with-raydium/ HTTP/2" 200 17830 "-" "Mozilla/5.0 AppleWebKit/537.36 (KHTML, like Gecko; compatible; bingbot/2.0; +http://www.bing.com/bingbot.htm) Chrome/116.0.1938.76 Safari/537.36"
129.227.39.118 - - [26/Apr/2026:05:24:00 +0300] "GET /greatest-all-of-us-casinos-on-the-internet-within-the-february-2026/ HTTP/1.1" 200 77550 "-" "Mozilla/5.0 (Windows NT 10.0; Win64; x64) AppleWebKit/537.36 (KHTML, like Gecko) Chrome/124.0.0.0 Safari/537.36 Edg/124.0.0.0"
128.1.234.60 - - [26/Apr/2026:05:24:03 +0300] "GET /better-gambling-enterprises-on-the-put-5-rating-80-totally-free-revolves-lucky-leprechaun-casino-game-2026-websites-canada-2026-top-10-genuine-money-gambling-enterprises/ HTTP/1.1" 200 82422 "-" "Mozilla/5.0 (Windows NT 10.0; Win64; x64) AppleWebKit/537.36 (KHTML, like Gecko) Chrome/123.0.0.0 Safari/537.36 OPR/109.0.0.0"
128.1.234.60 - - [26/Apr/2026:05:24:22 +0300] "POST /xmlrpc.php HTTP/1.1" 200 630 "-" "Mozilla/5.0 (Windows NT 10.0; Win64; x64) AppleWebKit/537.36 (KHTML, like Gecko) Chrome/114.0.0.0 Safari/537.36"
185.216.113.70 - - [26/Apr/2026:05:24:57 +0300] "POST /wp-cron.php?doing_wp_cron=1777170297.4550180435180664062500 HTTP/1.1" 200 448 "-" "WordPress/6.3.8; https://serhatburke.miroglu.net"
128.1.234.60 - - [26/Apr/2026:05:24:44 +0300] "POST /xmlrpc.php HTTP/1.1" 200 15436 "-" "Mozilla/5.0 (Windows NT 10.0; Win64; x64) AppleWebKit/537.36 (KHTML, like Gecko) Chrome/114.0.0.0 Safari/537.36"
85.208.96.199 - - [26/Apr/2026:05:24:49 +0300] "GET /robots.txt HTTP/1.1" 200 0 "-" "Mozilla/5.0 (compatible; SemrushBot/7~bl; +http://www.semrush.com/bot.html)"
85.208.96.199 - - [26/Apr/2026:05:25:04 +0300] "GET /robots.txt HTTP/1.1" 200 0 "-" "Mozilla/5.0 (compatible; SemrushBot/7~bl; +http://www.semrush.com/bot.html)"
40.77.167.2 - - [26/Apr/2026:05:24:54 +0300] "GET /urmariti-ora-la-care-discutati-daca-va-place-sa-vorbiti-cu-oamenii-2/ HTTP/2" 200 18269 "-" "Mozilla/5.0 AppleWebKit/537.36 (KHTML, like Gecko; compatible; bingbot/2.0; +http://www.bing.com/bingbot.htm) Chrome/116.0.1938.76 Safari/537.36"
128.1.234.60 - - [26/Apr/2026:05:24:59 +0300] "GET /aristocrat-harbors-enjoy-25-incentive-no-deposit-casino-totally-play-big-bad-wolf-free-aristocrat-pokies/ HTTP/1.1" 200 80234 "-" "Mozilla/5.0 (Windows NT 10.0; Win64; x64) AppleWebKit/537.36 (KHTML, like Gecko) Chrome/123.0.0.0 Safari/537.36"
128.1.234.60 - - [26/Apr/2026:05:25:12 +0300] "POST /xmlrpc.php HTTP/1.1" 200 630 "-" "Mozilla/5.0 (Windows NT 10.0; Win64; x64) AppleWebKit/537.36 (KHTML, like Gecko) Chrome/114.0.0.0 Safari/537.36"
85.208.96.194 - - [26/Apr/2026:05:25:19 +0300] "GET /automaty-hazard-online/ HTTP/1.1" 200 20583 "-" "Mozilla/5.0 (compatible; SemrushBot/7~bl; +http://www.semrush.com/bot.html)"
185.216.113.70 - - [26/Apr/2026:05:25:39 +0300] "POST /wp-cron.php?doing_wp_cron=1777170339.3940119743347167968750 HTTP/1.1" 200 448 "-" "WordPress/6.3.8; https://serhatburke.miroglu.net"
185.153.197.8 - - [26/Apr/2026:05:25:24 +0300] "POST /xmlrpc.php HTTP/1.1" 200 630 "-" "Mozilla/5.0 (Windows NT 10.0; Win64; x64) AppleWebKit/537.36 (KHTML, like Gecko) Chrome/114.0.0.0 Safari/537.36"
128.1.234.60 - - [26/Apr/2026:05:25:40 +0300] "POST /xmlrpc.php HTTP/1.1" 200 16132 "-" "Mozilla/5.0 (Windows NT 10.0; Win64; x64) AppleWebKit/537.36 (KHTML, like Gecko) Chrome/114.0.0.0 Safari/537.36"
185.153.197.8 - - [26/Apr/2026:05:25:44 +0300] "POST /xmlrpc.php HTTP/1.1" 200 16154 "-" "Mozilla/5.0 (Windows NT 10.0; Win64; x64) AppleWebKit/537.36 (KHTML, like Gecko) Chrome/114.0.0.0 Safari/537.36"
128.1.234.60 - - [26/Apr/2026:05:25:57 +0300] "GET /better-web-based-casinos-united-states-2026-real-big-dollar-promo-code-no-deposit-cash-judge-gambling-enterprise-web-sites/ HTTP/1.1" 200 81394 "-" "Mozilla/5.0 (Windows NT 10.0; Win64; x64) AppleWebKit/537.36 (KHTML, like Gecko) Chrome/123.0.0.0 Safari/537.36"
185.153.197.8 - - [26/Apr/2026:05:26:00 +0300] "GET /get-a-hundred-k-100-percent-free-gold-coins/ HTTP/1.1" 200 79209 "-" "Mozilla/5.0 (Windows NT 10.0; Win64; x64) AppleWebKit/537.36 (KHTML, like Gecko) Chrome/124.0.0.0 Safari/537.36 Edg/124.0.0.0"
128.1.234.60 - - [26/Apr/2026:05:26:06 +0300] "POST /xmlrpc.php HTTP/1.1" 200 630 "-" "Mozilla/5.0 (Windows NT 10.0; Win64; x64) AppleWebKit/537.36 (KHTML, like Gecko) Chrome/114.0.0.0 Safari/537.36"
185.216.113.70 - - [26/Apr/2026:05:26:43 +0300] "POST /wp-cron.php?doing_wp_cron=1777170403.1373639106750488281250 HTTP/1.1" 200 448 "-" "WordPress/6.3.8; https://serhatburke.miroglu.net"
128.1.234.60 - - [26/Apr/2026:05:26:26 +0300] "POST /xmlrpc.php HTTP/1.1" 200 15697 "-" "Mozilla/5.0 (Windows NT 10.0; Win64; x64) AppleWebKit/537.36 (KHTML, like Gecko) Chrome/114.0.0.0 Safari/537.36"
40.77.167.2 - - [26/Apr/2026:05:26:32 +0300] "GET /online-echtgeld-spielsaal-unser-casino-game-of-gladiators-spannendsten-plattformen-pro-echtgeld-spiele-02-2026/ HTTP/2" 200 19864 "-" "Mozilla/5.0 AppleWebKit/537.36 (KHTML, like Gecko; compatible; bingbot/2.0; +http://www.bing.com/bingbot.htm) Chrome/116.0.1938.76 Safari/537.36"
40.77.167.78 - - [26/Apr/2026:05:26:34 +0300] "GET /20-greatest-casino-programs-the-real-deal-currency-betting-2026/ HTTP/2" 200 18578 "-" "Mozilla/5.0 AppleWebKit/537.36 (KHTML, like Gecko; compatible; bingbot/2.0; +http://www.bing.com/bingbot.htm) Chrome/116.0.1938.76 Safari/537.36"
40.77.167.2 - - [26/Apr/2026:05:26:35 +0300] "GET /confira-os-cassino-spin-bonus-sem-deposito-melhores-slots-megaways-do-brasil-infantilidade-2026/ HTTP/2" 200 19698 "-" "Mozilla/5.0 AppleWebKit/537.36 (KHTML, like Gecko; compatible; bingbot/2.0; +http://www.bing.com/bingbot.htm) Chrome/116.0.1938.76 Safari/537.36"
128.1.234.60 - - [26/Apr/2026:05:26:45 +0300] "GET /finest-personal-gambling-enterprises-2026-victory-a-real-sloto-cash-promo-code-no-deposit-income-and-join-incentives/ HTTP/1.1" 200 80779 "-" "Mozilla/5.0 (Windows NT 10.0; rv:109.0) Gecko/20100101 Firefox/115.0"
128.1.234.60 - - [26/Apr/2026:05:27:00 +0300] "POST /xmlrpc.php HTTP/1.1" 200 630 "-" "Mozilla/5.0 (Windows NT 10.0; Win64; x64) AppleWebKit/537.36 (KHTML, like Gecko) Chrome/114.0.0.0 Safari/537.36"
40.77.167.2 - - [26/Apr/2026:05:27:14 +0300] "GET /mobiltelefoner-siberian-storm-slot-for-rigtige-penge-elektronik-indtil-skarpe-priser/ HTTP/2" 200 19899 "-" "Mozilla/5.0 AppleWebKit/537.36 (KHTML, like Gecko; compatible; bingbot/2.0; +http://www.bing.com/bingbot.htm) Chrome/116.0.1938.76 Safari/537.36"
128.1.234.60 - - [26/Apr/2026:05:27:22 +0300] "POST /xmlrpc.php HTTP/1.1" 200 16151 "-" "Mozilla/5.0 (Windows NT 10.0; Win64; x64) AppleWebKit/537.36 (KHTML, like Gecko) Chrome/114.0.0.0 Safari/537.36"
185.216.113.70 - - [26/Apr/2026:05:27:48 +0300] "POST /wp-cron.php?doing_wp_cron=1777170468.4728860855102539062500 HTTP/1.1" 200 448 "-" "WordPress/6.3.8; https://serhatburke.miroglu.net"
128.1.234.60 - - [26/Apr/2026:05:27:37 +0300] "GET /10-better-online-casinos-australia-the-real-deal-robin-hood-online-slot-money-gaming-inside-2026/ HTTP/1.1" 200 80902 "-" "Mozilla/5.0 (Windows NT 10.0; Win64; x64) AppleWebKit/537.36 (KHTML, like Gecko) Chrome/124.0.0.0 Safari/537.36 Edg/124.0.0.0"
128.1.234.60 - - [26/Apr/2026:05:27:49 +0300] "POST /xmlrpc.php HTTP/1.1" 200 630 "-" "Mozilla/5.0 (Windows NT 10.0; Win64; x64) AppleWebKit/537.36 (KHTML, like Gecko) Chrome/114.0.0.0 Safari/537.36"
185.216.113.70 - - [26/Apr/2026:05:28:19 +0300] "POST /wp-cron.php?doing_wp_cron=1777170499.2634499073028564453125 HTTP/1.1" 200 448 "-" "WordPress/6.3.8; https://serhatburke.miroglu.net"
128.1.234.60 - - [26/Apr/2026:05:28:07 +0300] "POST /xmlrpc.php HTTP/1.1" 200 15283 "-" "Mozilla/5.0 (Windows NT 10.0; Win64; x64) AppleWebKit/537.36 (KHTML, like Gecko) Chrome/114.0.0.0 Safari/537.36"
128.1.234.60 - - [26/Apr/2026:05:28:21 +0300] "GET /real-cash-on-the-web-pokies-around-australia-and-no-deposit-expected-greatest-no-deposit-incentives-slot-vikings-go-wild-to-own-bien-au-a-real-income-pokie-players/ HTTP/1.1" 200 81485 "-" "Mozilla/5.0 (Windows NT 10.0; rv:109.0) Gecko/20100101 Firefox/115.0"
129.227.39.118 - - [26/Apr/2026:05:28:21 +0300] "POST /xmlrpc.php HTTP/1.1" 200 630 "-" "Mozilla/5.0 (Windows NT 10.0; Win64; x64) AppleWebKit/537.36 (KHTML, like Gecko) Chrome/114.0.0.0 Safari/537.36"
128.1.234.60 - - [26/Apr/2026:05:28:34 +0300] "POST /xmlrpc.php HTTP/1.1" 200 630 "-" "Mozilla/5.0 (Windows NT 10.0; Win64; x64) AppleWebKit/537.36 (KHTML, like Gecko) Chrome/114.0.0.0 Safari/537.36"
129.227.39.118 - - [26/Apr/2026:05:28:46 +0300] "POST /xmlrpc.php HTTP/1.1" 200 13496 "-" "Mozilla/5.0 (Windows NT 10.0; Win64; x64) AppleWebKit/537.36 (KHTML, like Gecko) Chrome/114.0.0.0 Safari/537.36"
185.216.113.70 - - [26/Apr/2026:05:29:10 +0300] "POST /wp-cron.php?doing_wp_cron=1777170550.1092469692230224609375 HTTP/1.1" 200 448 "-" "WordPress/6.3.8; https://serhatburke.miroglu.net"
128.1.234.60 - - [26/Apr/2026:05:28:55 +0300] "POST /xmlrpc.php HTTP/1.1" 200 15851 "-" "Mozilla/5.0 (Windows NT 10.0; Win64; x64) AppleWebKit/537.36 (KHTML, like Gecko) Chrome/114.0.0.0 Safari/537.36"
129.227.39.118 - - [26/Apr/2026:05:29:00 +0300] "GET /greatest-internet-casino-apps-2026-cellular-programs-at-the-finest-casinos/ HTTP/1.1" 200 77872 "-" "Mozilla/5.0 (Windows NT 10.0; Win64; x64) AppleWebKit/537.36 (KHTML, like Gecko) Chrome/123.0.0.0 Safari/537.36"
40.77.167.1 - - [26/Apr/2026:05:29:02 +0300] "GET /maya-prinsessasatamat-richville-ensitalletusbonus/ HTTP/2" 200 18232 "-" "Mozilla/5.0 AppleWebKit/537.36 (KHTML, like Gecko; compatible; bingbot/2.0; +http://www.bing.com/bingbot.htm) Chrome/116.0.1938.76 Safari/537.36"
128.1.234.60 - - [26/Apr/2026:05:29:12 +0300] "GET /best-real-cash-australian-online-casino-triple-triple-chance-casino-slot-sites-to-help-you-50-100-percent-free-spins-for-the-zodiac-controls-no-deposit-have-2025/ HTTP/1.1" 200 82143 "-" "Mozilla/5.0 (Windows NT 10.0; Win64; x64) AppleWebKit/537.36 (KHTML, like Gecko) Chrome/122.0.0.0 Safari/537.36"
128.1.234.60 - - [26/Apr/2026:05:29:21 +0300] "POST /xmlrpc.php HTTP/1.1" 200 630 "-" "Mozilla/5.0 (Windows NT 10.0; Win64; x64) AppleWebKit/537.36 (KHTML, like Gecko) Chrome/114.0.0.0 Safari/537.36"
185.216.113.70 - - [26/Apr/2026:05:29:56 +0300] "POST /wp-cron.php?doing_wp_cron=1777170596.8533329963684082031250 HTTP/1.1" 200 448 "-" "WordPress/6.3.8; https://serhatburke.miroglu.net"
128.1.234.60 - - [26/Apr/2026:05:29:44 +0300] "POST /xmlrpc.php HTTP/1.1" 200 14962 "-" "Mozilla/5.0 (Windows NT 10.0; Win64; x64) AppleWebKit/537.36 (KHTML, like Gecko) Chrome/114.0.0.0 Safari/537.36"
128.1.234.60 - - [26/Apr/2026:05:29:58 +0300] "GET /finest-on-the-internet-casino-mr-green-casino-pokies-australian-continent-gamble-pokies-online-the-real-deal-currency/ HTTP/1.1" 200 80423 "-" "Mozilla/5.0 (Windows NT 10.0; Win64; x64) AppleWebKit/537.36 (KHTML, like Gecko) Chrome/109.0.0.0 Safari/537.36"
128.1.234.60 - - [26/Apr/2026:05:30:03 +0300] "POST /xmlrpc.php HTTP/1.1" 200 630 "-" "Mozilla/5.0 (Windows NT 10.0; Win64; x64) AppleWebKit/537.36 (KHTML, like Gecko) Chrome/114.0.0.0 Safari/537.36"
128.1.234.60 - - [26/Apr/2026:05:30:25 +0300] "POST /xmlrpc.php HTTP/1.1" 200 16059 "-" "Mozilla/5.0 (Windows NT 10.0; Win64; x64) AppleWebKit/537.36 (KHTML, like Gecko) Chrome/114.0.0.0 Safari/537.36"
185.216.113.70 - - [26/Apr/2026:05:30:50 +0300] "POST /wp-cron.php?doing_wp_cron=1777170650.2908549308776855468750 HTTP/1.1" 200 448 "-" "WordPress/6.3.8; https://serhatburke.miroglu.net"
128.1.234.60 - - [26/Apr/2026:05:30:38 +0300] "GET /100-percent-free-casino-games-you-to-definitely-40-free-spins-no-deposit-2026-pay-a-real-income-no-deposit/ HTTP/1.1" 200 80970 "-" "Mozilla/5.0 (Windows NT 10.0; rv:125.0) Gecko/20100101 Firefox/125.0"
128.1.234.60 - - [26/Apr/2026:05:30:50 +0300] "POST /xmlrpc.php HTTP/1.1" 200 630 "-" "Mozilla/5.0 (Windows NT 10.0; Win64; x64) AppleWebKit/537.36 (KHTML, like Gecko) Chrome/114.0.0.0 Safari/537.36"
185.216.113.70 - - [26/Apr/2026:05:31:21 +0300] "POST /wp-cron.php?doing_wp_cron=1777170681.9573230743408203125000 HTTP/1.1" 200 448 "-" "WordPress/6.3.8; https://serhatburke.miroglu.net"
128.1.234.60 - - [26/Apr/2026:05:31:09 +0300] "POST /xmlrpc.php HTTP/1.1" 200 15363 "-" "Mozilla/5.0 (Windows NT 10.0; Win64; x64) AppleWebKit/537.36 (KHTML, like Gecko) Chrome/114.0.0.0 Safari/537.36"
128.1.234.60 - - [26/Apr/2026:05:31:23 +0300] "GET /better-imp-source-free-spins-no-deposit-bonuses-2026/ HTTP/1.1" 200 78783 "-" "Mozilla/5.0 (Windows NT 10.0; Win64; x64) AppleWebKit/537.36 (KHTML, like Gecko) Chrome/124.0.0.0 Safari/537.36 Edg/124.0.0.0"
128.1.234.60 - - [26/Apr/2026:05:31:34 +0300] "POST /xmlrpc.php HTTP/1.1" 200 630 "-" "Mozilla/5.0 (Windows NT 10.0; Win64; x64) AppleWebKit/537.36 (KHTML, like Gecko) Chrome/114.0.0.0 Safari/537.36"
185.216.113.70 - - [26/Apr/2026:05:32:05 +0300] "POST /wp-cron.php?doing_wp_cron=1777170725.0661880970001220703125 HTTP/1.1" 200 448 "-" "WordPress/6.3.8; https://serhatburke.miroglu.net"
128.1.234.60 - - [26/Apr/2026:05:31:53 +0300] "POST /xmlrpc.php HTTP/1.1" 200 15592 "-" "Mozilla/5.0 (Windows NT 10.0; Win64; x64) AppleWebKit/537.36 (KHTML, like Gecko) Chrome/114.0.0.0 Safari/537.36"
128.1.234.60 - - [26/Apr/2026:05:32:06 +0300] "GET /greatest-starburst-slot-free-spins-trout-spinning-reels/ HTTP/1.1" 200 79220 "-" "Mozilla/5.0 (Windows NT 10.0; Win64; x64) AppleWebKit/537.36 (KHTML, like Gecko) Chrome/122.0.0.0 Safari/537.36"
128.1.234.60 - - [26/Apr/2026:05:32:23 +0300] "POST /xmlrpc.php HTTP/1.1" 200 630 "-" "Mozilla/5.0 (Windows NT 10.0; Win64; x64) AppleWebKit/537.36 (KHTML, like Gecko) Chrome/114.0.0.0 Safari/537.36"
185.216.113.70 - - [26/Apr/2026:05:32:54 +0300] "POST /wp-cron.php?doing_wp_cron=1777170774.7385499477386474609375 HTTP/1.1" 200 448 "-" "WordPress/6.3.8; https://serhatburke.miroglu.net"
128.1.234.60 - - [26/Apr/2026:05:32:42 +0300] "POST /xmlrpc.php HTTP/1.1" 200 15187 "-" "Mozilla/5.0 (Windows NT 10.0; Win64; x64) AppleWebKit/537.36 (KHTML, like Gecko) Chrome/114.0.0.0 Safari/537.36"
128.1.234.60 - - [26/Apr/2026:05:32:56 +0300] "GET /play-reel-spinner-100-percent-deposit-5-play-with-30-casino-free-inside-demonstration-and-read-review/ HTTP/1.1" 200 79944 "-" "Mozilla/5.0 (Windows NT 10.0; Win64; x64) AppleWebKit/537.36 (KHTML, like Gecko) Chrome/123.0.0.0 Safari/537.36"
128.1.234.60 - - [26/Apr/2026:05:33:09 +0300] "POST /xmlrpc.php HTTP/1.1" 200 630 "-" "Mozilla/5.0 (Windows NT 10.0; Win64; x64) AppleWebKit/537.36 (KHTML, like Gecko) Chrome/114.0.0.0 Safari/537.36"
129.227.39.118 - - [26/Apr/2026:05:33:15 +0300] "POST /xmlrpc.php HTTP/1.1" 200 630 "-" "Mozilla/5.0 (Windows NT 10.0; Win64; x64) AppleWebKit/537.36 (KHTML, like Gecko) Chrome/114.0.0.0 Safari/537.36"
185.216.113.70 - - [26/Apr/2026:05:33:41 +0300] "POST /wp-cron.php?doing_wp_cron=1777170821.4697670936584472656250 HTTP/1.1" 200 448 "-" "WordPress/6.3.8; https://serhatburke.miroglu.net"
128.1.234.60 - - [26/Apr/2026:05:33:29 +0300] "POST /xmlrpc.php HTTP/1.1" 200 15700 "-" "Mozilla/5.0 (Windows NT 10.0; Win64; x64) AppleWebKit/537.36 (KHTML, like Gecko) Chrome/114.0.0.0 Safari/537.36"
129.227.39.118 - - [26/Apr/2026:05:33:34 +0300] "POST /xmlrpc.php HTTP/1.1" 200 13521 "-" "Mozilla/5.0 (Windows NT 10.0; Win64; x64) AppleWebKit/537.36 (KHTML, like Gecko) Chrome/114.0.0.0 Safari/537.36"
128.1.234.60 - - [26/Apr/2026:05:33:43 +0300] "GET /reel-em-within-the-harbors-have-fun-with-the-free-to-play-trial-on-get-60-free-spins-no-deposit-the-internet/ HTTP/1.1" 200 80618 "-" "Mozilla/5.0 (Windows NT 10.0; Win64; x64) AppleWebKit/537.36 (KHTML, like Gecko) Chrome/124.0.0.0 Safari/537.36"
129.227.39.118 - - [26/Apr/2026:05:33:50 +0300] "GET /no-deposit-extra-requirements-personal-100-percent-free-now-offers-in-the-2026/ HTTP/1.1" 200 77971 "-" "Mozilla/5.0 (Windows NT 10.0; Win64; x64) AppleWebKit/537.36 (KHTML, like Gecko) Chrome/123.0.0.0 Safari/537.36"
128.1.234.60 - - [26/Apr/2026:05:33:52 +0300] "POST /xmlrpc.php HTTP/1.1" 200 630 "-" "Mozilla/5.0 (Windows NT 10.0; Win64; x64) AppleWebKit/537.36 (KHTML, like Gecko) Chrome/114.0.0.0 Safari/537.36"
185.153.197.8 - - [26/Apr/2026:05:33:57 +0300] "POST /xmlrpc.php HTTP/1.1" 200 630 "-" "Mozilla/5.0 (Windows NT 10.0; Win64; x64) AppleWebKit/537.36 (KHTML, like Gecko) Chrome/114.0.0.0 Safari/537.36"
128.1.234.60 - - [26/Apr/2026:05:34:19 +0300] "POST /xmlrpc.php HTTP/1.1" 200 16152 "-" "Mozilla/5.0 (Windows NT 10.0; Win64; x64) AppleWebKit/537.36 (KHTML, like Gecko) Chrome/114.0.0.0 Safari/537.36"
185.153.197.8 - - [26/Apr/2026:05:34:20 +0300] "POST /xmlrpc.php HTTP/1.1" 200 15889 "-" "Mozilla/5.0 (Windows NT 10.0; Win64; x64) AppleWebKit/537.36 (KHTML, like Gecko) Chrome/114.0.0.0 Safari/537.36"
185.216.113.70 - - [26/Apr/2026:05:34:45 +0300] "POST /wp-cron.php?doing_wp_cron=1777170885.6472420692443847656250 HTTP/1.1" 200 448 "-" "WordPress/6.3.8; https://serhatburke.miroglu.net"
