66.249.73.14 - - [25/Apr/2026:15:46:01 +0300] "GET /oficialnyi-sait-igrat-v-onlain-kazino-pinco6981/undefined?ts=1775520000 HTTP/1.1" 200 0 "https://serhatburke.miroglu.net/oficialnyi-sait-igrat-v-onlain-kazino-pinco6981/" "Mozilla/5.0 (Linux; Android 6.0.1; Nexus 5X Build/MMB29P) AppleWebKit/537.36 (KHTML, like Gecko) Chrome/146.0.7680.177 Mobile Safari/537.36 (compatible; Googlebot/2.1; +http://www.google.com/bot.html)"
185.216.113.70 - - [25/Apr/2026:15:46:15 +0300] "POST /wp-cron.php?doing_wp_cron=1777121175.4168090820312500000000 HTTP/1.1" 200 448 "-" "WordPress/6.3.8; https://serhatburke.miroglu.net"
178.175.140.148 - - [25/Apr/2026:15:45:04 +0300] "POST /xmlrpc.php HTTP/1.1" 200 630 "-" "Mozilla/5.0 (Windows NT 10.0; Win64; x64) AppleWebKit/537.36 (KHTML, like Gecko) Chrome/114.0.0.0 Safari/537.36"
185.216.113.70 - - [25/Apr/2026:15:46:25 +0300] "POST /wp-cron.php?doing_wp_cron=1777121184.7302570343017578125000 HTTP/1.1" 200 448 "-" "WordPress/6.3.8; https://serhatburke.miroglu.net"
185.216.113.70 - - [25/Apr/2026:15:46:26 +0300] "POST /wp-cron.php?doing_wp_cron=1777121185.8228828907012939453125 HTTP/1.1" 200 448 "-" "WordPress/6.3.8; https://serhatburke.miroglu.net"
128.1.218.163 - - [25/Apr/2026:15:44:57 +0300] "POST /xmlrpc.php HTTP/1.1" 200 13655 "-" "Mozilla/5.0 (Windows NT 10.0; Win64; x64) AppleWebKit/537.36 (KHTML, like Gecko) Chrome/114.0.0.0 Safari/537.36"
104.223.56.36 - - [25/Apr/2026:15:45:05 +0300] "GET /while-you-are-places-capture-up-to-times-to-reach-a-casino-account-withdrawals-get-a-lot-longer-so-youre-able-to-process/ HTTP/1.1" 200 75452 "-" "Mozilla/5.0 (Windows NT 10.0; Win64; x64) AppleWebKit/537.36 (KHTML, like Gecko) Chrome/123.0.0.0 Safari/537.36"
130.49.114.29 - - [25/Apr/2026:15:46:04 +0300] "GET /wp-login.php HTTP/2" 200 0 "-" "Mozilla/5.0 (Windows NT 10.0; Win64; x64) AppleWebKit/537.36"
185.216.113.70 - - [25/Apr/2026:15:46:37 +0300] "POST /wp-cron.php?doing_wp_cron=1777121197.3290998935699462890625 HTTP/1.1" 200 448 "-" "WordPress/6.3.8; https://serhatburke.miroglu.net"
40.77.167.16 - - [25/Apr/2026:15:45:49 +0300] "GET /nya-casinon-2025-betrakta-alla-nya-svenska-spraket-natcasinon-online/ HTTP/2" 200 0 "-" "Mozilla/5.0 AppleWebKit/537.36 (KHTML, like Gecko; compatible; bingbot/2.0; +http://www.bing.com/bingbot.htm) Chrome/116.0.1938.76 Safari/537.36"
178.175.140.148 - - [25/Apr/2026:15:45:15 +0300] "GET /parmi-playbonus-vous-etes-de-grands-fous-vos-prime-sans-avoir-wager-par-dessous-variante-a-l%EF%BF%BDegard-de-cashback/ HTTP/1.1" 200 74837 "-" "Mozilla/5.0 (Windows NT 10.0; Win64; x64) AppleWebKit/537.36 (KHTML, like Gecko) Chrome/123.0.0.0 Safari/537.36"
192.142.53.92 - - [25/Apr/2026:15:46:38 +0300] "GET /de-beste-online-casino-s-van-nederland-voor-een-183/ HTTP/2" 200 0 "-" "Mozilla/5.0 (Windows NT 10.0; Win64; x64) AppleWebKit/537.36 (KHTML, like Gecko) Chrome/124.0.0.0 Safari/537.36"
185.216.113.70 - - [25/Apr/2026:15:47:04 +0300] "POST /wp-cron.php?doing_wp_cron=1777121224.1125359535217285156250 HTTP/1.1" 200 448 "-" "WordPress/6.3.8; https://serhatburke.miroglu.net"
185.216.113.70 - - [25/Apr/2026:15:47:06 +0300] "POST /wp-cron.php?doing_wp_cron=1777121226.2022569179534912109375 HTTP/1.1" 200 448 "-" "WordPress/6.3.8; https://serhatburke.miroglu.net"
185.216.113.70 - - [25/Apr/2026:15:47:06 +0300] "POST /wp-cron.php?doing_wp_cron=1777121226.0327920913696289062500 HTTP/1.1" 200 448 "-" "WordPress/6.3.8; https://serhatburke.miroglu.net"
178.175.140.148 - - [25/Apr/2026:15:45:45 +0300] "POST /xmlrpc.php HTTP/1.1" 200 9233 "-" "Mozilla/5.0 (Windows NT 10.0; Win64; x64) AppleWebKit/537.36 (KHTML, like Gecko) Chrome/114.0.0.0 Safari/537.36"
185.216.113.70 - - [25/Apr/2026:15:47:06 +0300] "POST /wp-cron.php?doing_wp_cron=1777121226.4285390377044677734375 HTTP/1.1" 200 448 "-" "WordPress/6.3.8; https://serhatburke.miroglu.net"
178.175.140.148 - - [25/Apr/2026:15:45:24 +0300] "POST /xmlrpc.php HTTP/1.1" 200 8962 "-" "Mozilla/5.0 (Windows NT 10.0; Win64; x64) AppleWebKit/537.36 (KHTML, like Gecko) Chrome/114.0.0.0 Safari/537.36"
128.1.218.163 - - [25/Apr/2026:15:45:43 +0300] "POST /xmlrpc.php HTTP/1.1" 200 630 "-" "Mozilla/5.0 (Windows NT 10.0; Win64; x64) AppleWebKit/537.36 (KHTML, like Gecko) Chrome/114.0.0.0 Safari/537.36"
185.216.113.70 - - [25/Apr/2026:15:47:08 +0300] "POST /wp-cron.php?doing_wp_cron=1777121228.0109980106353759765625 HTTP/1.1" 200 448 "-" "WordPress/6.3.8; https://serhatburke.miroglu.net"
178.175.140.148 - - [25/Apr/2026:15:45:37 +0300] "POST /xmlrpc.php HTTP/1.1" 200 630 "-" "Mozilla/5.0 (Windows NT 10.0; Win64; x64) AppleWebKit/537.36 (KHTML, like Gecko) Chrome/114.0.0.0 Safari/537.36"
192.142.53.92 - - [25/Apr/2026:15:46:58 +0300] "GET /de-beste-online-casino-s-van-nederland-voor-een-183/ HTTP/2" 200 0 "-" "Mozilla/5.0 (Windows NT 10.0; Win64; x64) AppleWebKit/537.36 (KHTML, like Gecko) Chrome/124.0.0.0 Safari/537.36"
192.142.53.92 - - [25/Apr/2026:15:47:19 +0300] "GET /de-beste-online-casino-s-van-nederland-voor-een-183/ HTTP/2" 200 0 "-" "Mozilla/5.0 (Windows NT 10.0; Win64; x64) AppleWebKit/537.36 (KHTML, like Gecko) Chrome/124.0.0.0 Safari/537.36"
185.216.113.70 - - [25/Apr/2026:15:47:59 +0300] "POST /wp-cron.php?doing_wp_cron=1777121279.0245540142059326171875 HTTP/1.1" 200 448 "-" "WordPress/6.3.8; https://serhatburke.miroglu.net"
178.175.140.148 - - [25/Apr/2026:15:46:10 +0300] "POST /xmlrpc.php HTTP/1.1" 200 630 "-" "Mozilla/5.0 (Windows NT 10.0; Win64; x64) AppleWebKit/537.36 (KHTML, like Gecko) Chrome/114.0.0.0 Safari/537.36"
178.175.140.148 - - [25/Apr/2026:15:46:21 +0300] "POST /xmlrpc.php HTTP/1.1" 500 745 "-" "Mozilla/5.0 (Windows NT 10.0; Win64; x64) AppleWebKit/537.36 (KHTML, like Gecko) Chrome/114.0.0.0 Safari/537.36"
128.1.218.163 - - [25/Apr/2026:15:46:27 +0300] "GET /samuser-en-appareil-de-mybet-book-of-ra-endroit-un-peu-de-twilight-gratuitement-queenex/ HTTP/1.1" 500 745 "-" "Mozilla/5.0 (Windows NT 10.0; Win64; x64) AppleWebKit/537.36 (KHTML, like Gecko) Chrome/124.0.0.0 Safari/537.36"
178.175.140.148 - - [25/Apr/2026:15:46:46 +0300] "POST /xmlrpc.php HTTP/1.1" 500 745 "-" "Mozilla/5.0 (Windows NT 10.0; Win64; x64) AppleWebKit/537.36 (KHTML, like Gecko) Chrome/114.0.0.0 Safari/537.36"
185.216.113.70 - - [25/Apr/2026:15:49:00 +0300] "POST /wp-cron.php?doing_wp_cron=1777121340.7135291099548339843750 HTTP/1.1" 200 448 "-" "WordPress/6.3.8; https://serhatburke.miroglu.net"
178.175.140.148 - - [25/Apr/2026:15:47:15 +0300] "POST /xmlrpc.php HTTP/1.1" 200 9387 "-" "Mozilla/5.0 (Windows NT 10.0; Win64; x64) AppleWebKit/537.36 (KHTML, like Gecko) Chrome/114.0.0.0 Safari/537.36"
178.175.140.148 - - [25/Apr/2026:15:47:06 +0300] "GET /savourez-dun-liberalite-de-casino-midas-en-compagnie-de-une-meilleure-savoir-connaissances-un-peu/ HTTP/1.1" 500 745 "-" "Mozilla/5.0 (Windows NT 10.0; Win64; x64) AppleWebKit/537.36 (KHTML, like Gecko) Chrome/124.0.0.0 Safari/537.36"
178.175.140.148 - - [25/Apr/2026:15:47:08 +0300] "POST /xmlrpc.php HTTP/1.1" 500 745 "-" "Mozilla/5.0 (Windows NT 10.0; Win64; x64) AppleWebKit/537.36 (KHTML, like Gecko) Chrome/114.0.0.0 Safari/537.36"
185.216.113.70 - - [25/Apr/2026:15:49:09 +0300] "POST /wp-cron.php?doing_wp_cron=1777121349.7292048931121826171875 HTTP/1.1" 200 448 "-" "WordPress/6.3.8; https://serhatburke.miroglu.net"
178.175.140.148 - - [25/Apr/2026:15:47:24 +0300] "POST /xmlrpc.php HTTP/1.1" 200 630 "-" "Mozilla/5.0 (Windows NT 10.0; Win64; x64) AppleWebKit/537.36 (KHTML, like Gecko) Chrome/114.0.0.0 Safari/537.36"
128.1.218.163 - - [25/Apr/2026:15:47:13 +0300] "POST /xmlrpc.php HTTP/1.1" 500 745 "-" "Mozilla/5.0 (Windows NT 10.0; Win64; x64) AppleWebKit/537.36 (KHTML, like Gecko) Chrome/114.0.0.0 Safari/537.36"
185.216.113.70 - - [25/Apr/2026:15:49:35 +0300] "POST /wp-cron.php?doing_wp_cron=1777121374.8024098873138427734375 HTTP/1.1" 200 448 "-" "WordPress/6.3.8; https://serhatburke.miroglu.net"
128.1.218.163 - - [25/Apr/2026:15:47:40 +0300] "POST /xmlrpc.php HTTP/1.1" 500 745 "-" "Mozilla/5.0 (Windows NT 10.0; Win64; x64) AppleWebKit/537.36 (KHTML, like Gecko) Chrome/114.0.0.0 Safari/537.36"
185.216.113.70 - - [25/Apr/2026:15:49:41 +0300] "POST /wp-cron.php?doing_wp_cron=1777121381.1303789615631103515625 HTTP/1.1" 200 448 "-" "WordPress/6.3.8; https://serhatburke.miroglu.net"
178.175.140.148 - - [25/Apr/2026:15:47:51 +0300] "POST /xmlrpc.php HTTP/1.1" 500 1102 "-" "Mozilla/5.0 (Windows NT 10.0; Win64; x64) AppleWebKit/537.36 (KHTML, like Gecko) Chrome/114.0.0.0 Safari/537.36"
66.249.73.14 - - [25/Apr/2026:15:47:44 +0300] "GET /canl-casino-siteleri-2026-gvenilir-en-iyi-10-site2702/ HTTP/1.1" 500 782 "-" "Mozilla/5.0 (Linux; Android 6.0.1; Nexus 5X Build/MMB29P) AppleWebKit/537.36 (KHTML, like Gecko) Chrome/146.0.7680.177 Mobile Safari/537.36 (compatible; Googlebot/2.1; +http://www.google.com/bot.html)"
185.216.113.70 - - [25/Apr/2026:15:49:50 +0300] "POST /wp-cron.php?doing_wp_cron=1777121390.6986529827117919921875 HTTP/1.1" 200 448 "-" "WordPress/6.3.8; https://serhatburke.miroglu.net"
128.1.218.163 - - [25/Apr/2026:15:48:07 +0300] "POST /xmlrpc.php HTTP/1.1" 200 627 "-" "Mozilla/5.0 (Windows NT 10.0; Win64; x64) AppleWebKit/537.36 (KHTML, like Gecko) Chrome/114.0.0.0 Safari/537.36"
178.175.140.148 - - [25/Apr/2026:15:48:07 +0300] "POST /xmlrpc.php HTTP/1.1" 200 8521 "-" "Mozilla/5.0 (Windows NT 10.0; Win64; x64) AppleWebKit/537.36 (KHTML, like Gecko) Chrome/114.0.0.0 Safari/537.36"
178.175.140.148 - - [25/Apr/2026:15:48:03 +0300] "POST /xmlrpc.php HTTP/1.1" 500 745 "-" "Mozilla/5.0 (Windows NT 10.0; Win64; x64) AppleWebKit/537.36 (KHTML, like Gecko) Chrome/114.0.0.0 Safari/537.36"
178.175.140.148 - - [25/Apr/2026:15:48:26 +0300] "POST /xmlrpc.php HTTP/1.1" 500 745 "-" "Mozilla/5.0 (Windows NT 10.0; Win64; x64) AppleWebKit/537.36 (KHTML, like Gecko) Chrome/114.0.0.0 Safari/537.36"
185.216.113.70 - - [25/Apr/2026:15:50:28 +0300] "POST /wp-cron.php?doing_wp_cron=1777121428.6145570278167724609375 HTTP/1.1" 200 448 "-" "WordPress/6.3.8; https://serhatburke.miroglu.net"
178.175.140.148 - - [25/Apr/2026:15:48:29 +0300] "POST /xmlrpc.php HTTP/1.1" 500 745 "-" "Mozilla/5.0 (Windows NT 10.0; Win64; x64) AppleWebKit/537.36 (KHTML, like Gecko) Chrome/114.0.0.0 Safari/537.36"
185.216.113.70 - - [25/Apr/2026:15:50:45 +0300] "POST /wp-cron.php?doing_wp_cron=1777121445.4198091030120849609375 HTTP/1.1" 200 448 "-" "WordPress/6.3.8; https://serhatburke.miroglu.net"
178.175.140.148 - - [25/Apr/2026:15:48:47 +0300] "POST /xmlrpc.php HTTP/1.1" 200 627 "-" "Mozilla/5.0 (Windows NT 10.0; Win64; x64) AppleWebKit/537.36 (KHTML, like Gecko) Chrome/114.0.0.0 Safari/537.36"
185.216.113.70 - - [25/Apr/2026:15:49:57 +0300] "POST /wp-cron.php?doing_wp_cron=1777121397.7302839756011962890625 HTTP/1.1" 200 448 "-" "WordPress/6.3.8; https://serhatburke.miroglu.net"
178.175.140.148 - - [25/Apr/2026:15:48:49 +0300] "GET /?p=135775 HTTP/1.1" 500 745 "-" "Mozilla/5.0 (Windows NT 10.0; Win64; x64) AppleWebKit/537.36 (KHTML, like Gecko) Chrome/122.0.0.0 Safari/537.36"
178.175.140.148 - - [25/Apr/2026:15:48:59 +0300] "POST /xmlrpc.php HTTP/1.1" 500 745 "-" "Mozilla/5.0 (Windows NT 10.0; Win64; x64) AppleWebKit/537.36 (KHTML, like Gecko) Chrome/114.0.0.0 Safari/537.36"
128.1.218.163 - - [25/Apr/2026:15:48:58 +0300] "POST /xmlrpc.php HTTP/1.1" 500 745 "-" "Mozilla/5.0 (Windows NT 10.0; Win64; x64) AppleWebKit/537.36 (KHTML, like Gecko) Chrome/114.0.0.0 Safari/537.36"
178.175.140.148 - - [25/Apr/2026:15:49:02 +0300] "POST /xmlrpc.php HTTP/1.1" 500 745 "-" "Mozilla/5.0 (Windows NT 10.0; Win64; x64) AppleWebKit/537.36 (KHTML, like Gecko) Chrome/114.0.0.0 Safari/537.36"
178.175.140.148 - - [25/Apr/2026:15:49:05 +0300] "POST /xmlrpc.php HTTP/1.1" 500 745 "-" "Mozilla/5.0 (Windows NT 10.0; Win64; x64) AppleWebKit/537.36 (KHTML, like Gecko) Chrome/114.0.0.0 Safari/537.36"
128.1.218.163 - - [25/Apr/2026:15:49:20 +0300] "POST /xmlrpc.php HTTP/1.1" 500 745 "-" "Mozilla/5.0 (Windows NT 10.0; Win64; x64) AppleWebKit/537.36 (KHTML, like Gecko) Chrome/114.0.0.0 Safari/537.36"
129.227.39.118 - - [25/Apr/2026:15:49:21 +0300] "POST /xmlrpc.php HTTP/1.1" 500 745 "-" "Mozilla/5.0 (Windows NT 10.0; Win64; x64) AppleWebKit/537.36 (KHTML, like Gecko) Chrome/114.0.0.0 Safari/537.36"
185.216.113.70 - - [25/Apr/2026:15:51:36 +0300] "POST /wp-cron.php?doing_wp_cron=1777121496.4206159114837646484375 HTTP/1.1" 200 448 "-" "WordPress/6.3.8; https://serhatburke.miroglu.net"
178.175.140.148 - - [25/Apr/2026:15:49:36 +0300] "POST /xmlrpc.php HTTP/1.1" 500 1102 "-" "Mozilla/5.0 (Windows NT 10.0; Win64; x64) AppleWebKit/537.36 (KHTML, like Gecko) Chrome/114.0.0.0 Safari/537.36"
178.175.140.148 - - [25/Apr/2026:15:49:36 +0300] "POST /xmlrpc.php HTTP/1.1" 500 745 "-" "Mozilla/5.0 (Windows NT 10.0; Win64; x64) AppleWebKit/537.36 (KHTML, like Gecko) Chrome/114.0.0.0 Safari/537.36"
128.1.218.163 - - [25/Apr/2026:15:49:41 +0300] "POST /xmlrpc.php HTTP/1.1" 500 745 "-" "Mozilla/5.0 (Windows NT 10.0; Win64; x64) AppleWebKit/537.36 (KHTML, like Gecko) Chrome/114.0.0.0 Safari/537.36"
178.175.140.148 - - [25/Apr/2026:15:49:43 +0300] "POST /xmlrpc.php HTTP/1.1" 500 745 "-" "Mozilla/5.0 (Windows NT 10.0; Win64; x64) AppleWebKit/537.36 (KHTML, like Gecko) Chrome/114.0.0.0 Safari/537.36"
178.175.140.148 - - [25/Apr/2026:15:49:46 +0300] "GET /?p=135779 HTTP/1.1" 500 745 "-" "Mozilla/5.0 (Windows NT 10.0; rv:109.0) Gecko/20100101 Firefox/115.0"
178.175.140.148 - - [25/Apr/2026:15:50:09 +0300] "POST /xmlrpc.php HTTP/1.1" 500 745 "-" "Mozilla/5.0 (Windows NT 10.0; Win64; x64) AppleWebKit/537.36 (KHTML, like Gecko) Chrome/114.0.0.0 Safari/537.36"
207.46.13.125 - - [25/Apr/2026:15:51:23 +0300] "GET /hierbei-wird-sichergestellt-auf-diese-weise-das-spieler-gleichwohl-fishnet-weiteren-informationen-fur-jedes-unser-registration-nutzt/ HTTP/2" 200 0 "-" "Mozilla/5.0 AppleWebKit/537.36 (KHTML, like Gecko; compatible; bingbot/2.0; +http://www.bing.com/bingbot.htm) Chrome/116.0.1938.76 Safari/537.36"
185.216.113.70 - - [25/Apr/2026:15:52:12 +0300] "POST /wp-cron.php?doing_wp_cron=1777121532.5986559391021728515625 HTTP/1.1" 200 448 "-" "WordPress/6.3.8; https://serhatburke.miroglu.net"
178.175.140.148 - - [25/Apr/2026:15:50:29 +0300] "POST /xmlrpc.php HTTP/1.1" 200 861 "-" "Mozilla/5.0 (Windows NT 10.0; Win64; x64) AppleWebKit/537.36 (KHTML, like Gecko) Chrome/114.0.0.0 Safari/537.36"
185.216.113.70 - - [25/Apr/2026:15:52:14 +0300] "POST /wp-cron.php?doing_wp_cron=1777121533.7435228824615478515625 HTTP/1.1" 200 448 "-" "WordPress/6.3.8; https://serhatburke.miroglu.net"
66.249.73.15 - - [25/Apr/2026:15:52:18 +0300] "GET /hand-of-luck-casino-uk-a-players-review-and-insights/ HTTP/1.1" 200 0 "https://gqsca.driftengine-games.info/" "Mozilla/5.0 (Linux; Android 6.0.1; Nexus 5X Build/MMB29P) AppleWebKit/537.36 (KHTML, like Gecko) Chrome/146.0.7680.177 Mobile Safari/537.36 (compatible; Googlebot/2.1; +http://www.google.com/bot.html)"
185.216.113.70 - - [25/Apr/2026:15:52:36 +0300] "POST /wp-cron.php?doing_wp_cron=1777121556.0197949409484863281250 HTTP/1.1" 200 448 "-" "WordPress/6.3.8; https://serhatburke.miroglu.net"
128.1.218.163 - - [25/Apr/2026:15:50:39 +0300] "GET /?p=135781 HTTP/1.1" 301 702 "-" "Mozilla/5.0 (Windows NT 10.0; Win64; x64) AppleWebKit/537.36 (KHTML, like Gecko) Chrome/123.0.0.0 Safari/537.36"
178.175.140.148 - - [25/Apr/2026:15:50:39 +0300] "GET /?p=135783 HTTP/1.1" 500 745 "-" "Mozilla/5.0 (Windows NT 10.0; Win64; x64) AppleWebKit/537.36 (KHTML, like Gecko) Chrome/122.0.0.0 Safari/537.36"
185.216.113.70 - - [25/Apr/2026:15:52:42 +0300] "POST /wp-cron.php?doing_wp_cron=1777121562.5250599384307861328125 HTTP/1.1" 200 448 "-" "WordPress/6.3.8; https://serhatburke.miroglu.net"
185.216.113.70 - - [25/Apr/2026:15:52:42 +0300] "POST /wp-cron.php?doing_wp_cron=1777121562.7152779102325439453125 HTTP/1.1" 200 448 "-" "WordPress/6.3.8; https://serhatburke.miroglu.net"
178.175.140.148 - - [25/Apr/2026:15:50:42 +0300] "POST /xmlrpc.php HTTP/1.1" 500 745 "-" "Mozilla/5.0 (Windows NT 10.0; Win64; x64) AppleWebKit/537.36 (KHTML, like Gecko) Chrome/114.0.0.0 Safari/537.36"
129.227.39.118 - - [25/Apr/2026:15:51:00 +0300] "POST /xmlrpc.php HTTP/1.1" 500 1102 "-" "Mozilla/5.0 (Windows NT 10.0; Win64; x64) AppleWebKit/537.36 (KHTML, like Gecko) Chrome/114.0.0.0 Safari/537.36"
178.175.140.148 - - [25/Apr/2026:15:50:49 +0300] "POST /xmlrpc.php HTTP/1.1" 500 745 "-" "Mozilla/5.0 (Windows NT 10.0; Win64; x64) AppleWebKit/537.36 (KHTML, like Gecko) Chrome/114.0.0.0 Safari/537.36"
185.216.113.70 - - [25/Apr/2026:15:53:08 +0300] "POST /wp-cron.php?doing_wp_cron=1777121588.3329119682312011718750 HTTP/1.1" 200 448 "-" "WordPress/6.3.8; https://serhatburke.miroglu.net"
128.1.218.163 - - [25/Apr/2026:15:51:21 +0300] "POST /xmlrpc.php HTTP/1.1" 500 1102 "-" "Mozilla/5.0 (Windows NT 10.0; Win64; x64) AppleWebKit/537.36 (KHTML, like Gecko) Chrome/114.0.0.0 Safari/537.36"
207.46.13.125 - - [25/Apr/2026:15:52:23 +0300] "GET /kraken-bezopasnye-metody-dostupa-i-aktual-nye-ssylki-2026-5/ HTTP/2" 200 0 "-" "Mozilla/5.0 AppleWebKit/537.36 (KHTML, like Gecko; compatible; bingbot/2.0; +http://www.bing.com/bingbot.htm) Chrome/116.0.1938.76 Safari/537.36"
178.175.140.148 - - [25/Apr/2026:15:51:22 +0300] "POST /xmlrpc.php HTTP/1.1" 500 745 "-" "Mozilla/5.0 (Windows NT 10.0; Win64; x64) AppleWebKit/537.36 (KHTML, like Gecko) Chrome/114.0.0.0 Safari/537.36"
185.216.113.70 - - [25/Apr/2026:15:53:26 +0300] "POST /wp-cron.php?doing_wp_cron=1777121606.3221919536590576171875 HTTP/1.1" 200 448 "-" "WordPress/6.3.8; https://serhatburke.miroglu.net"
178.175.140.148 - - [25/Apr/2026:15:51:27 +0300] "POST /xmlrpc.php HTTP/1.1" 200 861 "-" "Mozilla/5.0 (Windows NT 10.0; Win64; x64) AppleWebKit/537.36 (KHTML, like Gecko) Chrome/114.0.0.0 Safari/537.36"
185.216.113.70 - - [25/Apr/2026:15:53:46 +0300] "POST /wp-cron.php?doing_wp_cron=1777121626.4301509857177734375000 HTTP/1.1" 200 448 "-" "WordPress/6.3.8; https://serhatburke.miroglu.net"
178.175.140.148 - - [25/Apr/2026:15:52:20 +0300] "POST /xmlrpc.php HTTP/1.1" 200 861 "-" "Mozilla/5.0 (Windows NT 10.0; Win64; x64) AppleWebKit/537.36 (KHTML, like Gecko) Chrome/114.0.0.0 Safari/537.36"
185.216.113.70 - - [25/Apr/2026:15:54:02 +0300] "POST /wp-cron.php?doing_wp_cron=1777121642.6006751060485839843750 HTTP/1.1" 200 448 "-" "WordPress/6.3.8; https://serhatburke.miroglu.net"
178.175.140.148 - - [25/Apr/2026:15:52:36 +0300] "POST /xmlrpc.php HTTP/1.1" 200 8706 "-" "Mozilla/5.0 (Windows NT 10.0; Win64; x64) AppleWebKit/537.36 (KHTML, like Gecko) Chrome/114.0.0.0 Safari/537.36"
185.216.113.70 - - [25/Apr/2026:15:54:09 +0300] "POST /wp-cron.php?doing_wp_cron=1777121649.0376238822937011718750 HTTP/1.1" 200 448 "-" "WordPress/6.3.8; https://serhatburke.miroglu.net"
77.119.188.175 - - [25/Apr/2026:15:52:21 +0300] "GET /casino-online-skrill-prelievo-veloce/ HTTP/1.1" 200 18775 "-" "Mozilla/5.0 (compatible; Googlebot/2.1; +http://www.google.com/bot.html)"
185.216.113.70 - - [25/Apr/2026:15:54:17 +0300] "POST /wp-cron.php?doing_wp_cron=1777121656.9045169353485107421875 HTTP/1.1" 200 448 "-" "WordPress/6.3.8; https://serhatburke.miroglu.net"
128.1.218.163 - - [25/Apr/2026:15:52:39 +0300] "GET /est-le-mec-simple-de-jouer-vers-dolphins-pearl-par-passion-sans-avoir-i-eprouver-en-compagnie-de-largent-profond/ HTTP/1.1" 200 78766 "-" "Mozilla/5.0 (Windows NT 10.0; Win64; x64) AppleWebKit/537.36 (KHTML, like Gecko) Chrome/123.0.0.0 Safari/537.36"
185.216.113.70 - - [25/Apr/2026:15:54:18 +0300] "POST /wp-cron.php?doing_wp_cron=1777121658.6170198917388916015625 HTTP/1.1" 200 448 "-" "WordPress/6.3.8; https://serhatburke.miroglu.net"
185.216.113.70 - - [25/Apr/2026:15:54:19 +0300] "POST /wp-cron.php?doing_wp_cron=1777121658.8988881111145019531250 HTTP/1.1" 200 448 "-" "WordPress/6.3.8; https://serhatburke.miroglu.net"
128.1.218.163 - - [25/Apr/2026:15:52:18 +0300] "POST /xmlrpc.php HTTP/1.1" 200 627 "-" "Mozilla/5.0 (Windows NT 10.0; Win64; x64) AppleWebKit/537.36 (KHTML, like Gecko) Chrome/114.0.0.0 Safari/537.36"
178.175.140.148 - - [25/Apr/2026:15:53:01 +0300] "GET /?p=135785 HTTP/1.1" 301 666 "-" "Mozilla/5.0 (Windows NT 10.0; Win64; x64) AppleWebKit/537.36 (KHTML, like Gecko) Chrome/109.0.0.0 Safari/537.36"
185.216.113.70 - - [25/Apr/2026:15:54:41 +0300] "POST /wp-cron.php?doing_wp_cron=1777121681.8118629455566406250000 HTTP/1.1" 200 448 "-" "WordPress/6.3.8; https://serhatburke.miroglu.net"
104.223.56.36 - - [25/Apr/2026:15:53:24 +0300] "POST /xmlrpc.php HTTP/1.1" 200 630 "-" "Mozilla/5.0 (Windows NT 10.0; Win64; x64) AppleWebKit/537.36 (KHTML, like Gecko) Chrome/114.0.0.0 Safari/537.36"
185.216.113.70 - - [25/Apr/2026:15:55:14 +0300] "POST /wp-cron.php?doing_wp_cron=1777121713.7695291042327880859375 HTTP/1.1" 200 448 "-" "WordPress/6.3.8; https://serhatburke.miroglu.net"
178.175.140.148 - - [25/Apr/2026:15:54:04 +0300] "GET /pourboire-a-l%EF%BF%BDexclusion-de-annales-quest-ceci-quil-il-est-et-comme-lidee-vaut/ HTTP/1.1" 200 74065 "-" "Mozilla/5.0 (Windows NT 10.0; Win64; x64) AppleWebKit/537.36 (KHTML, like Gecko) Chrome/109.0.0.0 Safari/537.36"
185.216.113.70 - - [25/Apr/2026:15:55:28 +0300] "POST /wp-cron.php?doing_wp_cron=1777121728.5103330612182617187500 HTTP/1.1" 200 448 "-" "WordPress/6.3.8; https://serhatburke.miroglu.net"
178.175.140.148 - - [25/Apr/2026:15:54:21 +0300] "GET /10%EF%BF%BD-gratuits-sur-magical-spin-casino-en-compagnie-de-acceder-fevrier/ HTTP/1.1" 200 73193 "-" "Mozilla/5.0 (Windows NT 10.0; Win64; x64) AppleWebKit/537.36 (KHTML, like Gecko) Chrome/109.0.0.0 Safari/537.36"
178.175.140.148 - - [25/Apr/2026:15:54:42 +0300] "POST /xmlrpc.php HTTP/1.1" 200 861 "-" "Mozilla/5.0 (Windows NT 10.0; Win64; x64) AppleWebKit/537.36 (KHTML, like Gecko) Chrome/114.0.0.0 Safari/537.36"
104.223.56.36 - - [25/Apr/2026:15:54:46 +0300] "POST /xmlrpc.php HTTP/1.1" 200 630 "-" "Mozilla/5.0 (Windows NT 10.0; Win64; x64) AppleWebKit/537.36 (KHTML, like Gecko) Chrome/114.0.0.0 Safari/537.36"
185.216.113.70 - - [25/Apr/2026:15:55:42 +0300] "POST /wp-cron.php?doing_wp_cron=1777121742.4162800312042236328125 HTTP/1.1" 200 448 "-" "WordPress/6.3.8; https://serhatburke.miroglu.net"
104.223.56.36 - - [25/Apr/2026:15:54:49 +0300] "POST /xmlrpc.php HTTP/1.1" 200 11461 "-" "Mozilla/5.0 (Windows NT 10.0; Win64; x64) AppleWebKit/537.36 (KHTML, like Gecko) Chrome/114.0.0.0 Safari/537.36"
40.77.167.131 - - [25/Apr/2026:15:55:40 +0300] "GET /strendus-casino-mexico-1000-50-giros-gratis-2026/ HTTP/2" 200 19557 "-" "Mozilla/5.0 AppleWebKit/537.36 (KHTML, like Gecko; compatible; bingbot/2.0; +http://www.bing.com/bingbot.htm) Chrome/116.0.1938.76 Safari/537.36"
195.78.105.70 - - [25/Apr/2026:15:56:02 +0300] "POST /xmlrpc.php HTTP/2" 200 0 "-" "WordPress/XMLRPC Client"
104.223.56.36 - - [25/Apr/2026:15:55:45 +0300] "GET /pick-all-the-energetic-gambling-on-line-jurisdictions-inside-the-over-forty-countries-on-the-this-page/ HTTP/1.1" 200 76499 "-" "Mozilla/5.0 (Windows NT 10.0; Win64; x64) AppleWebKit/537.36 (KHTML, like Gecko) Chrome/122.0.0.0 Safari/537.36"
40.77.167.48 - - [25/Apr/2026:15:55:48 +0300] "GET /because-a-beneficial-nicaraguan-expert-inside-my-evaluation-royalcams-nailed-it-which-have-a-substantial-group-of-regional-skills/ HTTP/2" 200 18178 "-" "Mozilla/5.0 AppleWebKit/537.36 (KHTML, like Gecko; compatible; bingbot/2.0; +http://www.bing.com/bingbot.htm) Chrome/116.0.1938.76 Safari/537.36"
104.223.56.36 - - [25/Apr/2026:15:55:48 +0300] "POST /xmlrpc.php HTTP/1.1" 200 9519 "-" "Mozilla/5.0 (Windows NT 10.0; Win64; x64) AppleWebKit/537.36 (KHTML, like Gecko) Chrome/114.0.0.0 Safari/537.36"
207.46.13.125 - - [25/Apr/2026:15:55:57 +0300] "GET /better-150-chances-zeus-zimpler-casinos-to-own-2026/ HTTP/2" 200 0 "-" "Mozilla/5.0 AppleWebKit/537.36 (KHTML, like Gecko; compatible; bingbot/2.0; +http://www.bing.com/bingbot.htm) Chrome/116.0.1938.76 Safari/537.36"
185.216.113.70 - - [25/Apr/2026:15:56:47 +0300] "POST /wp-cron.php?doing_wp_cron=1777121807.4165859222412109375000 HTTP/1.1" 200 448 "-" "WordPress/6.3.8; https://serhatburke.miroglu.net"
185.216.113.70 - - [25/Apr/2026:15:56:53 +0300] "POST /wp-cron.php?doing_wp_cron=1777121813.8167800903320312500000 HTTP/1.1" 200 448 "-" "WordPress/6.3.8; https://serhatburke.miroglu.net"
185.216.113.70 - - [25/Apr/2026:15:57:01 +0300] "POST /wp-cron.php?doing_wp_cron=1777121821.7046360969543457031250 HTTP/1.1" 200 448 "-" "WordPress/6.3.8; https://serhatburke.miroglu.net"
104.223.56.36 - - [25/Apr/2026:15:56:08 +0300] "POST /xmlrpc.php HTTP/1.1" 200 630 "-" "Mozilla/5.0 (Windows NT 10.0; Win64; x64) AppleWebKit/537.36 (KHTML, like Gecko) Chrome/114.0.0.0 Safari/537.36"
178.20.28.180 - - [25/Apr/2026:15:56:32 +0300] "POST /xmlrpc.php HTTP/2" 200 0 "-" "WordPress/XMLRPC Client"
185.216.113.70 - - [25/Apr/2026:15:57:19 +0300] "POST /wp-cron.php?doing_wp_cron=1777121839.6258029937744140625000 HTTP/1.1" 200 448 "-" "WordPress/6.3.8; https://serhatburke.miroglu.net"
193.36.38.226 - - [25/Apr/2026:15:56:20 +0300] "POST /xmlrpc.php HTTP/1.1" 200 692 "-" "Mozilla/5.0 (Windows NT 10.0; Win64; x64) AppleWebKit/537.36 (KHTML, like Gecko) Chrome/114.0.0.0 Safari/537.36"
40.77.167.131 - - [25/Apr/2026:15:56:31 +0300] "GET /hozirda-eng-qiziqarli-va-foydali-imkoniyatlar-1xbet-orqali/ HTTP/2" 200 0 "-" "Mozilla/5.0 AppleWebKit/537.36 (KHTML, like Gecko; compatible; bingbot/2.0; +http://www.bing.com/bingbot.htm) Chrome/116.0.1938.76 Safari/537.36"
185.216.113.70 - - [25/Apr/2026:15:57:25 +0300] "POST /wp-cron.php?doing_wp_cron=1777121844.7986049652099609375000 HTTP/1.1" 200 448 "-" "WordPress/6.3.8; https://serhatburke.miroglu.net"
182.8.129.43 - - [25/Apr/2026:15:56:25 +0300] "GET /beste-casino-site-belgie-hoge-inzet/ HTTP/1.1" 200 19281 "https://serhatburke.miroglu.net/" "Mozilla/5.0 (Windows NT 10.0; Win64; x64) AppleWebKit/537.36 (KHTML, like Gecko) Chrome/145.0.0.0 Safari/537.36"
104.223.56.36 - - [25/Apr/2026:15:56:39 +0300] "GET /theyre-elizabeth-purses-like-venmo-paypal-prepaid-enjoy-cards-and-you-can-apple-yahoo-spend/ HTTP/1.1" 200 74542 "-" "Mozilla/5.0 (Windows NT 10.0; Win64; x64) AppleWebKit/537.36 (KHTML, like Gecko) Chrome/123.0.0.0 Safari/537.36 OPR/109.0.0.0"
182.8.129.43 - - [25/Apr/2026:15:56:55 +0300] "GET /beste-casino-site-belgie-hoge-inzet/ HTTP/1.1" 200 19281 "https://serhatburke.miroglu.net/" "Mozilla/5.0 (Windows NT 10.0; Win64; x64) AppleWebKit/537.36 (KHTML, like Gecko) Chrome/145.0.0.0 Safari/537.36"
104.223.56.36 - - [25/Apr/2026:15:57:08 +0300] "POST /xmlrpc.php HTTP/1.1" 200 9641 "-" "Mozilla/5.0 (Windows NT 10.0; Win64; x64) AppleWebKit/537.36 (KHTML, like Gecko) Chrome/114.0.0.0 Safari/537.36"
104.223.56.36 - - [25/Apr/2026:15:57:03 +0300] "POST /xmlrpc.php HTTP/1.1" 200 630 "-" "Mozilla/5.0 (Windows NT 10.0; Win64; x64) AppleWebKit/537.36 (KHTML, like Gecko) Chrome/114.0.0.0 Safari/537.36"
193.36.38.226 - - [25/Apr/2026:15:57:25 +0300] "POST /xmlrpc.php HTTP/1.1" 200 8662 "-" "Mozilla/5.0 (Windows NT 10.0; Win64; x64) AppleWebKit/537.36 (KHTML, like Gecko) Chrome/114.0.0.0 Safari/537.36"
182.8.129.43 - - [25/Apr/2026:15:57:26 +0300] "GET /beste-casino-site-belgie-hoge-inzet/ HTTP/1.1" 200 19281 "https://serhatburke.miroglu.net/" "Mozilla/5.0 (Windows NT 10.0; Win64; x64) AppleWebKit/537.36 (KHTML, like Gecko) Chrome/145.0.0.0 Safari/537.36"
185.216.113.70 - - [25/Apr/2026:15:58:39 +0300] "POST /wp-cron.php?doing_wp_cron=1777121919.1434779167175292968750 HTTP/1.1" 200 448 "-" "WordPress/6.3.8; https://serhatburke.miroglu.net"
104.223.56.36 - - [25/Apr/2026:15:58:04 +0300] "POST /xmlrpc.php HTTP/1.1" 200 630 "-" "Mozilla/5.0 (Windows NT 10.0; Win64; x64) AppleWebKit/537.36 (KHTML, like Gecko) Chrome/114.0.0.0 Safari/537.36"
185.216.113.70 - - [25/Apr/2026:15:58:43 +0300] "POST /wp-cron.php?doing_wp_cron=1777121923.1126060485839843750000 HTTP/1.1" 200 448 "-" "WordPress/6.3.8; https://serhatburke.miroglu.net"
185.216.113.70 - - [25/Apr/2026:15:58:43 +0300] "POST /wp-cron.php?doing_wp_cron=1777121923.4368000030517578125000 HTTP/1.1" 200 448 "-" "WordPress/6.3.8; https://serhatburke.miroglu.net"
52.167.144.204 - - [25/Apr/2026:15:58:09 +0300] "GET /100-50-30-freispielen-as-part-of-frischen-casinos-verdopple-casino-bust-the-bank-deine-gewinne/ HTTP/2" 200 19448 "-" "Mozilla/5.0 AppleWebKit/537.36 (KHTML, like Gecko; compatible; bingbot/2.0; +http://www.bing.com/bingbot.htm) Chrome/116.0.1938.76 Safari/537.36"
104.223.56.36 - - [25/Apr/2026:15:58:09 +0300] "GET /harbors-are-nevertheless-the-newest-unmarried-most-popular-classification-from-the-casino-games-on-the-web-programs-for-the-ireland/ HTTP/1.1" 200 75661 "-" "Mozilla/5.0 (Windows NT 10.0; Win64; x64) AppleWebKit/537.36 (KHTML, like Gecko) Chrome/123.0.0.0 Safari/537.36"
185.216.113.70 - - [25/Apr/2026:15:58:46 +0300] "POST /wp-cron.php?doing_wp_cron=1777121926.3129329681396484375000 HTTP/1.1" 200 448 "-" "WordPress/6.3.8; https://serhatburke.miroglu.net"
104.223.56.36 - - [25/Apr/2026:15:58:14 +0300] "POST /xmlrpc.php HTTP/1.1" 200 13032 "-" "Mozilla/5.0 (Windows NT 10.0; Win64; x64) AppleWebKit/537.36 (KHTML, like Gecko) Chrome/114.0.0.0 Safari/537.36"
185.216.113.70 - - [25/Apr/2026:15:58:52 +0300] "POST /wp-cron.php?doing_wp_cron=1777121932.0237250328063964843750 HTTP/1.1" 200 448 "-" "WordPress/6.3.8; https://serhatburke.miroglu.net"
193.36.38.226 - - [25/Apr/2026:15:58:19 +0300] "GET /quels-se-deroulent-les-bons-gratification-sans-nul-profession-avec-accoutrement-en-2026/ HTTP/1.1" 200 73361 "-" "Mozilla/5.0 (Windows NT 10.0; Win64; x64) AppleWebKit/537.36 (KHTML, like Gecko) Chrome/124.0.0.0 Safari/537.36"
185.216.113.70 - - [25/Apr/2026:15:59:31 +0300] "POST /wp-cron.php?doing_wp_cron=1777121971.8242020606994628906250 HTTP/1.1" 200 448 "-" "WordPress/6.3.8; https://serhatburke.miroglu.net"
104.223.56.36 - - [25/Apr/2026:15:58:45 +0300] "POST /xmlrpc.php HTTP/1.1" 200 11421 "-" "Mozilla/5.0 (Windows NT 10.0; Win64; x64) AppleWebKit/537.36 (KHTML, like Gecko) Chrome/114.0.0.0 Safari/537.36"
104.223.56.36 - - [25/Apr/2026:15:58:50 +0300] "GET /you-will-find-gadgets-like-put-restrictions-and-you-will-care-about-different-to-make-sure-you-stay-in-handle/ HTTP/1.1" 200 78353 "-" "Mozilla/5.0 (Windows NT 10.0; Win64; x64) AppleWebKit/537.36 (KHTML, like Gecko) Chrome/122.0.0.0 Safari/537.36"
52.167.144.204 - - [25/Apr/2026:15:58:58 +0300] "GET /100-50-30-freispielen-as-part-of-frischen-casinos-verdopple-casino-bust-the-bank-deine-gewinne/undefined?ts=1777121926 HTTP/2" 404 14398 "-" "Mozilla/5.0 AppleWebKit/537.36 (KHTML, like Gecko; compatible; bingbot/2.0; +http://www.bing.com/bingbot.htm) Chrome/116.0.1938.76 Safari/537.36"
104.223.56.36 - - [25/Apr/2026:15:59:14 +0300] "POST /xmlrpc.php HTTP/1.1" 200 630 "-" "Mozilla/5.0 (Windows NT 10.0; Win64; x64) AppleWebKit/537.36 (KHTML, like Gecko) Chrome/114.0.0.0 Safari/537.36"
207.46.13.125 - - [25/Apr/2026:15:59:28 +0300] "GET /100-50-30-freispielen-as-part-of-frischen-casinos-verdopple-casino-bust-the-bank-deine-gewinne/undefined?ts=1777121930 HTTP/2" 404 14398 "-" "Mozilla/5.0 AppleWebKit/537.36 (KHTML, like Gecko; compatible; bingbot/2.0; +http://www.bing.com/bingbot.htm) Chrome/116.0.1938.76 Safari/537.36"
104.223.56.36 - - [25/Apr/2026:15:59:33 +0300] "GET /below-are-a-few-worldwide-top-rated-internet-casino-sites/ HTTP/1.1" 200 75199 "-" "Mozilla/5.0 (Windows NT 10.0; Win64; x64) AppleWebKit/537.36 (KHTML, like Gecko) Chrome/123.0.0.0 Safari/537.36 OPR/109.0.0.0"
40.77.167.48 - - [25/Apr/2026:15:59:40 +0300] "GET /100-50-30-freispielen-as-part-of-frischen-casinos-verdopple-casino-bust-the-bank-deine-gewinne/undefined?ts=1777121927 HTTP/2" 404 14379 "-" "Mozilla/5.0 AppleWebKit/537.36 (KHTML, like Gecko; compatible; bingbot/2.0; +http://www.bing.com/bingbot.htm) Chrome/116.0.1938.76 Safari/537.36"
52.167.144.204 - - [25/Apr/2026:15:59:47 +0300] "GET /100-50-30-freispielen-as-part-of-frischen-casinos-verdopple-casino-bust-the-bank-deine-gewinne/undefined?ts=1777121928 HTTP/2" 404 14383 "-" "Mozilla/5.0 AppleWebKit/537.36 (KHTML, like Gecko; compatible; bingbot/2.0; +http://www.bing.com/bingbot.htm) Chrome/116.0.1938.76 Safari/537.36"
185.216.113.70 - - [25/Apr/2026:16:00:44 +0300] "POST /wp-cron.php?doing_wp_cron=1777122044.8336770534515380859375 HTTP/1.1" 200 448 "-" "WordPress/6.3.8; https://serhatburke.miroglu.net"
104.223.56.36 - - [25/Apr/2026:16:00:09 +0300] "POST /xmlrpc.php HTTP/1.1" 200 12590 "-" "Mozilla/5.0 (Windows NT 10.0; Win64; x64) AppleWebKit/537.36 (KHTML, like Gecko) Chrome/114.0.0.0 Safari/537.36"
185.216.113.70 - - [25/Apr/2026:16:00:45 +0300] "POST /wp-cron.php?doing_wp_cron=1777122045.1277120113372802734375 HTTP/1.1" 200 448 "-" "WordPress/6.3.8; https://serhatburke.miroglu.net"
185.216.113.70 - - [25/Apr/2026:16:00:45 +0300] "POST /wp-cron.php?doing_wp_cron=1777122045.8003718852996826171875 HTTP/1.1" 200 448 "-" "WordPress/6.3.8; https://serhatburke.miroglu.net"
40.77.167.48 - - [25/Apr/2026:16:00:10 +0300] "GET /kraken-aktual-nye-ssylki-i-metody-dostupa-v-2026/ HTTP/2" 200 18716 "-" "Mozilla/5.0 AppleWebKit/537.36 (KHTML, like Gecko; compatible; bingbot/2.0; +http://www.bing.com/bingbot.htm) Chrome/116.0.1938.76 Safari/537.36"
104.223.56.36 - - [25/Apr/2026:16:00:09 +0300] "POST /xmlrpc.php HTTP/1.1" 200 630 "-" "Mozilla/5.0 (Windows NT 10.0; Win64; x64) AppleWebKit/537.36 (KHTML, like Gecko) Chrome/114.0.0.0 Safari/537.36"
185.216.113.70 - - [25/Apr/2026:16:00:56 +0300] "POST /wp-cron.php?doing_wp_cron=1777122056.1244900226593017578125 HTTP/1.1" 200 448 "-" "WordPress/6.3.8; https://serhatburke.miroglu.net"
157.55.39.63 - - [25/Apr/2026:16:00:18 +0300] "GET /100-50-30-freispielen-as-part-of-frischen-casinos-verdopple-casino-bust-the-bank-deine-gewinne/undefined?ts=1777121930 HTTP/2" 404 14398 "-" "Mozilla/5.0 AppleWebKit/537.36 (KHTML, like Gecko; compatible; bingbot/2.0; +http://www.bing.com/bingbot.htm) Chrome/116.0.1938.76 Safari/537.36"
40.77.167.48 - - [25/Apr/2026:16:00:17 +0300] "GET /ihr-bonus-auf-einen-unsereins-inside-diesem-songtext-stellung-beziehen-mochten-eignen-nachfolgende-sogenannten-cuma-cuma-spins/ HTTP/2" 200 18205 "-" "Mozilla/5.0 AppleWebKit/537.36 (KHTML, like Gecko; compatible; bingbot/2.0; +http://www.bing.com/bingbot.htm) Chrome/116.0.1938.76 Safari/537.36"
52.167.144.204 - - [25/Apr/2026:16:00:29 +0300] "GET /selecciona-algunos-de-manera-competente-desplazandolo-hacia-el-pelo-comodines-multiplicadores-x2/ HTTP/2" 200 18080 "-" "Mozilla/5.0 AppleWebKit/537.36 (KHTML, like Gecko; compatible; bingbot/2.0; +http://www.bing.com/bingbot.htm) Chrome/116.0.1938.76 Safari/537.36"
40.77.167.48 - - [25/Apr/2026:16:00:59 +0300] "GET /there-are-tons-out-of-locations-you-can-play-bingo-and-additionally-they-most-of-the-interest-different-types-of-professionals/ HTTP/2" 200 0 "-" "Mozilla/5.0 AppleWebKit/537.36 (KHTML, like Gecko; compatible; bingbot/2.0; +http://www.bing.com/bingbot.htm) Chrome/116.0.1938.76 Safari/537.36"
40.77.167.48 - - [25/Apr/2026:16:01:04 +0300] "GET /100-50-30-freispielen-as-part-of-frischen-casinos-verdopple-casino-bust-the-bank-deine-gewinne/undefined?ts=1777121927 HTTP/2" 200 0 "-" "Mozilla/5.0 AppleWebKit/537.36 (KHTML, like Gecko; compatible; bingbot/2.0; +http://www.bing.com/bingbot.htm) Chrome/116.0.1938.76 Safari/537.36"
104.223.56.36 - - [25/Apr/2026:16:00:46 +0300] "GET /if-you-value-balances-top-quality-and-you-will-quick-services-unibet-is-actually-an-organic-choice/ HTTP/1.1" 200 77903 "-" "Mozilla/5.0 (Windows NT 10.0; Win64; x64) AppleWebKit/537.36 (KHTML, like Gecko) Chrome/123.0.0.0 Safari/537.36 OPR/109.0.0.0"
40.77.167.48 - - [25/Apr/2026:16:01:09 +0300] "GET /100-50-30-freispielen-as-part-of-frischen-casinos-verdopple-casino-bust-the-bank-deine-gewinne/undefined?ts=1777121927 HTTP/2" 200 0 "-" "Mozilla/5.0 AppleWebKit/537.36 (KHTML, like Gecko; compatible; bingbot/2.0; +http://www.bing.com/bingbot.htm) Chrome/116.0.1938.76 Safari/537.36"
185.216.113.70 - - [25/Apr/2026:16:02:02 +0300] "POST /wp-cron.php?doing_wp_cron=1777122122.6139400005340576171875 HTTP/1.1" 200 448 "-" "WordPress/6.3.8; https://serhatburke.miroglu.net"
104.223.56.36 - - [25/Apr/2026:16:00:53 +0300] "POST /xmlrpc.php HTTP/1.1" 200 11658 "-" "Mozilla/5.0 (Windows NT 10.0; Win64; x64) AppleWebKit/537.36 (KHTML, like Gecko) Chrome/114.0.0.0 Safari/537.36"
52.167.144.204 - - [25/Apr/2026:16:01:17 +0300] "GET /100-50-30-freispielen-as-part-of-frischen-casinos-verdopple-casino-bust-the-bank-deine-gewinne/undefined?ts=1777121928 HTTP/2" 200 0 "-" "Mozilla/5.0 AppleWebKit/537.36 (KHTML, like Gecko; compatible; bingbot/2.0; +http://www.bing.com/bingbot.htm) Chrome/116.0.1938.76 Safari/537.36"
185.216.113.70 - - [25/Apr/2026:16:02:12 +0300] "POST /wp-cron.php?doing_wp_cron=1777122132.7656750679016113281250 HTTP/1.1" 200 448 "-" "WordPress/6.3.8; https://serhatburke.miroglu.net"
185.216.113.70 - - [25/Apr/2026:16:02:15 +0300] "POST /wp-cron.php?doing_wp_cron=1777122135.4246160984039306640625 HTTP/1.1" 200 448 "-" "WordPress/6.3.8; https://serhatburke.miroglu.net"
185.191.171.4 - - [25/Apr/2026:16:01:25 +0300] "GET /blog/page/2/ HTTP/1.1" 200 0 "-" "Mozilla/5.0 (compatible; SemrushBot/7~bl; +http://www.semrush.com/bot.html)"
40.77.167.48 - - [25/Apr/2026:16:01:31 +0300] "GET /100-50-30-freispielen-as-part-of-frischen-casinos-verdopple-casino-bust-the-bank-deine-gewinne/undefined?ts=1777121927 HTTP/2" 200 0 "-" "Mozilla/5.0 AppleWebKit/537.36 (KHTML, like Gecko; compatible; bingbot/2.0; +http://www.bing.com/bingbot.htm) Chrome/116.0.1938.76 Safari/537.36"
52.167.144.204 - - [25/Apr/2026:16:01:38 +0300] "GET /100-50-30-freispielen-as-part-of-frischen-casinos-verdopple-casino-bust-the-bank-deine-gewinne/undefined?ts=1777121928 HTTP/2" 200 0 "-" "Mozilla/5.0 AppleWebKit/537.36 (KHTML, like Gecko; compatible; bingbot/2.0; +http://www.bing.com/bingbot.htm) Chrome/116.0.1938.76 Safari/537.36"
185.216.113.70 - - [25/Apr/2026:16:02:33 +0300] "POST /wp-cron.php?doing_wp_cron=1777122153.4075019359588623046875 HTTP/1.1" 200 448 "-" "WordPress/6.3.8; https://serhatburke.miroglu.net"
104.223.56.36 - - [25/Apr/2026:16:01:22 +0300] "POST /xmlrpc.php HTTP/1.1" 200 630 "-" "Mozilla/5.0 (Windows NT 10.0; Win64; x64) AppleWebKit/537.36 (KHTML, like Gecko) Chrome/114.0.0.0 Safari/537.36"
157.55.39.63 - - [25/Apr/2026:16:02:08 +0300] "GET /100-50-30-freispielen-as-part-of-frischen-casinos-verdopple-casino-bust-the-bank-deine-gewinne/undefined?ts=1777121930 HTTP/2" 200 0 "-" "Mozilla/5.0 AppleWebKit/537.36 (KHTML, like Gecko; compatible; bingbot/2.0; +http://www.bing.com/bingbot.htm) Chrome/116.0.1938.76 Safari/537.36"
185.191.171.4 - - [25/Apr/2026:16:02:16 +0300] "GET /blog/page/2/ HTTP/1.1" 200 0 "-" "Mozilla/5.0 (compatible; SemrushBot/7~bl; +http://www.semrush.com/bot.html)"
52.167.144.204 - - [25/Apr/2026:16:02:18 +0300] "GET /100-50-30-freispielen-as-part-of-frischen-casinos-verdopple-casino-bust-the-bank-deine-gewinne/undefined?ts=1777121928 HTTP/2" 200 0 "-" "Mozilla/5.0 AppleWebKit/537.36 (KHTML, like Gecko; compatible; bingbot/2.0; +http://www.bing.com/bingbot.htm) Chrome/116.0.1938.76 Safari/537.36"
52.167.144.204 - - [25/Apr/2026:16:02:28 +0300] "GET /100-50-30-freispielen-as-part-of-frischen-casinos-verdopple-casino-bust-the-bank-deine-gewinne/undefined?ts=1777121928 HTTP/2" 200 0 "-" "Mozilla/5.0 AppleWebKit/537.36 (KHTML, like Gecko; compatible; bingbot/2.0; +http://www.bing.com/bingbot.htm) Chrome/116.0.1938.76 Safari/537.36"
130.49.113.158 - - [25/Apr/2026:16:02:56 +0300] "GET /wp-login.php HTTP/2" 200 0 "-" "Mozilla/5.0 (Windows NT 10.0; Win64; x64) AppleWebKit/537.36"
185.216.113.70 - - [25/Apr/2026:16:03:27 +0300] "POST /wp-cron.php?doing_wp_cron=1777122207.7266409397125244140625 HTTP/1.1" 200 448 "-" "WordPress/6.3.8; https://serhatburke.miroglu.net"
104.223.56.36 - - [25/Apr/2026:16:02:07 +0300] "GET /the-higher-the-house-edge-commission-the-bigger-the-advantage-to-your-household/ HTTP/1.1" 200 76139 "-" "Mozilla/5.0 (Windows NT 10.0; Win64; x64) AppleWebKit/537.36 (KHTML, like Gecko) Chrome/123.0.0.0 Safari/537.36 OPR/109.0.0.0"
40.77.167.48 - - [25/Apr/2026:16:02:48 +0300] "GET /100-50-30-freispielen-as-part-of-frischen-casinos-verdopple-casino-bust-the-bank-deine-gewinne/undefined?ts=1777121927 HTTP/2" 200 0 "-" "Mozilla/5.0 AppleWebKit/537.36 (KHTML, like Gecko; compatible; bingbot/2.0; +http://www.bing.com/bingbot.htm) Chrome/116.0.1938.76 Safari/537.36"
185.216.113.70 - - [25/Apr/2026:16:03:42 +0300] "POST /wp-cron.php?doing_wp_cron=1777122221.9997529983520507812500 HTTP/1.1" 200 448 "-" "WordPress/6.3.8; https://serhatburke.miroglu.net"
185.216.113.70 - - [25/Apr/2026:16:03:42 +0300] "POST /wp-cron.php?doing_wp_cron=1777122222.2156980037689208984375 HTTP/1.1" 200 448 "-" "WordPress/6.3.8; https://serhatburke.miroglu.net"
104.223.56.36 - - [25/Apr/2026:16:02:25 +0300] "POST /xmlrpc.php HTTP/1.1" 200 630 "-" "Mozilla/5.0 (Windows NT 10.0; Win64; x64) AppleWebKit/537.36 (KHTML, like Gecko) Chrome/114.0.0.0 Safari/537.36"
185.216.113.70 - - [25/Apr/2026:16:03:53 +0300] "POST /wp-cron.php?doing_wp_cron=1777122233.1995370388031005859375 HTTP/1.1" 200 448 "-" "WordPress/6.3.8; https://serhatburke.miroglu.net"
178.159.37.156 - - [25/Apr/2026:16:02:30 +0300] "GET /en-cok-kazandran-slot-oyunu-ile-buyuk-oduller/ HTTP/1.1" 200 24932 "-" "Screaming Frog SEO Spider/19.8"
52.167.144.204 - - [25/Apr/2026:16:03:08 +0300] "GET /100-50-30-freispielen-as-part-of-frischen-casinos-verdopple-casino-bust-the-bank-deine-gewinne/undefined?ts=1777121928 HTTP/2" 200 0 "-" "Mozilla/5.0 AppleWebKit/537.36 (KHTML, like Gecko; compatible; bingbot/2.0; +http://www.bing.com/bingbot.htm) Chrome/116.0.1938.76 Safari/537.36"
87.248.238.174 - - [25/Apr/2026:16:03:29 +0300] "GET /wp-login.php HTTP/2" 200 0 "-" "Mozilla/5.0 (Windows NT 10.0; Win64; x64) AppleWebKit/537.36"
52.167.144.204 - - [25/Apr/2026:16:03:17 +0300] "GET /100-50-30-freispielen-as-part-of-frischen-casinos-verdopple-casino-bust-the-bank-deine-gewinne/undefined?ts=1777121928 HTTP/2" 200 0 "-" "Mozilla/5.0 AppleWebKit/537.36 (KHTML, like Gecko; compatible; bingbot/2.0; +http://www.bing.com/bingbot.htm) Chrome/116.0.1938.76 Safari/537.36"
185.216.113.70 - - [25/Apr/2026:16:04:21 +0300] "POST /wp-cron.php?doing_wp_cron=1777122261.3018379211425781250000 HTTP/1.1" 200 448 "-" "WordPress/6.3.8; https://serhatburke.miroglu.net"
104.223.56.36 - - [25/Apr/2026:16:02:43 +0300] "POST /xmlrpc.php HTTP/1.1" 200 12431 "-" "Mozilla/5.0 (Windows NT 10.0; Win64; x64) AppleWebKit/537.36 (KHTML, like Gecko) Chrome/114.0.0.0 Safari/537.36"
40.77.167.48 - - [25/Apr/2026:16:03:38 +0300] "GET /100-50-30-freispielen-as-part-of-frischen-casinos-verdopple-casino-bust-the-bank-deine-gewinne/undefined?ts=1777121927 HTTP/2" 200 0 "-" "Mozilla/5.0 AppleWebKit/537.36 (KHTML, like Gecko; compatible; bingbot/2.0; +http://www.bing.com/bingbot.htm) Chrome/116.0.1938.76 Safari/537.36"
170.168.243.73 - - [25/Apr/2026:16:03:59 +0300] "GET /wp-login.php HTTP/2" 200 0 "-" "Mozilla/5.0 (Windows NT 10.0; Win64; x64) AppleWebKit/537.36"
52.167.144.204 - - [25/Apr/2026:16:03:47 +0300] "GET /100-50-30-freispielen-as-part-of-frischen-casinos-verdopple-casino-bust-the-bank-deine-gewinne/undefined?ts=1777121928 HTTP/2" 200 0 "-" "Mozilla/5.0 AppleWebKit/537.36 (KHTML, like Gecko; compatible; bingbot/2.0; +http://www.bing.com/bingbot.htm) Chrome/116.0.1938.76 Safari/537.36"
185.216.113.70 - - [25/Apr/2026:16:04:38 +0300] "POST /wp-cron.php?doing_wp_cron=1777122278.2203230857849121093750 HTTP/1.1" 200 448 "-" "WordPress/6.3.8; https://serhatburke.miroglu.net"
98.98.197.163 - - [25/Apr/2026:16:03:04 +0300] "POST /xmlrpc.php HTTP/1.1" 200 630 "-" "Mozilla/5.0 (Windows NT 10.0; Win64; x64) AppleWebKit/537.36 (KHTML, like Gecko) Chrome/114.0.0.0 Safari/537.36"
185.216.113.70 - - [25/Apr/2026:16:04:56 +0300] "POST /wp-cron.php?doing_wp_cron=1777122296.2322380542755126953125 HTTP/1.1" 200 448 "-" "WordPress/6.3.8; https://serhatburke.miroglu.net"
104.223.56.36 - - [25/Apr/2026:16:03:10 +0300] "POST /xmlrpc.php HTTP/1.1" 200 630 "-" "Mozilla/5.0 (Windows NT 10.0; Win64; x64) AppleWebKit/537.36 (KHTML, like Gecko) Chrome/114.0.0.0 Safari/537.36"
52.167.144.204 - - [25/Apr/2026:16:04:07 +0300] "GET /100-50-30-freispielen-as-part-of-frischen-casinos-verdopple-casino-bust-the-bank-deine-gewinne/undefined?ts=1777121928 HTTP/2" 200 0 "-" "Mozilla/5.0 AppleWebKit/537.36 (KHTML, like Gecko; compatible; bingbot/2.0; +http://www.bing.com/bingbot.htm) Chrome/116.0.1938.76 Safari/537.36"
213.232.122.62 - - [25/Apr/2026:16:04:30 +0300] "GET /wp-login.php HTTP/2" 200 0 "-" "Mozilla/5.0 (Windows NT 10.0; Win64; x64) AppleWebKit/537.36"
157.55.39.63 - - [25/Apr/2026:16:04:17 +0300] "GET /100-50-30-freispielen-as-part-of-frischen-casinos-verdopple-casino-bust-the-bank-deine-gewinne/undefined?ts=1777121930 HTTP/2" 200 0 "-" "Mozilla/5.0 AppleWebKit/537.36 (KHTML, like Gecko; compatible; bingbot/2.0; +http://www.bing.com/bingbot.htm) Chrome/116.0.1938.76 Safari/537.36"
52.167.144.64 - - [25/Apr/2026:16:05:00 +0300] "GET /robots.txt HTTP/2" 200 0 "-" "Mozilla/5.0 AppleWebKit/537.36 (KHTML, like Gecko; compatible; bingbot/2.0; +http://www.bing.com/bingbot.htm) Chrome/116.0.1938.76 Safari/537.36"
52.167.144.204 - - [25/Apr/2026:16:04:26 +0300] "GET /100-50-30-freispielen-as-part-of-frischen-casinos-verdopple-casino-bust-the-bank-deine-gewinne/undefined?ts=1777121928 HTTP/2" 200 0 "-" "Mozilla/5.0 AppleWebKit/537.36 (KHTML, like Gecko; compatible; bingbot/2.0; +http://www.bing.com/bingbot.htm) Chrome/116.0.1938.76 Safari/537.36"
185.216.113.70 - - [25/Apr/2026:16:05:19 +0300] "POST /wp-cron.php?doing_wp_cron=1777122319.2384269237518310546875 HTTP/1.1" 200 448 "-" "WordPress/6.3.8; https://serhatburke.miroglu.net"
104.223.56.36 - - [25/Apr/2026:16:03:51 +0300] "POST /xmlrpc.php HTTP/1.1" 200 12634 "-" "Mozilla/5.0 (Windows NT 10.0; Win64; x64) AppleWebKit/537.36 (KHTML, like Gecko) Chrome/114.0.0.0 Safari/537.36"
52.167.144.204 - - [25/Apr/2026:16:04:37 +0300] "GET /100-50-30-freispielen-as-part-of-frischen-casinos-verdopple-casino-bust-the-bank-deine-gewinne/undefined?ts=1777121928 HTTP/2" 200 0 "-" "Mozilla/5.0 AppleWebKit/537.36 (KHTML, like Gecko; compatible; bingbot/2.0; +http://www.bing.com/bingbot.htm) Chrome/116.0.1938.76 Safari/537.36"
152.249.68.216 - - [25/Apr/2026:16:05:02 +0300] "GET /wp-login.php HTTP/2" 200 0 "-" "Mozilla/5.0 (Windows NT 10.0; Win64; x64) AppleWebKit/537.36"
52.167.144.204 - - [25/Apr/2026:16:04:56 +0300] "GET /100-50-30-freispielen-as-part-of-frischen-casinos-verdopple-casino-bust-the-bank-deine-gewinne/undefined?ts=1777121928 HTTP/2" 200 0 "-" "Mozilla/5.0 AppleWebKit/537.36 (KHTML, like Gecko; compatible; bingbot/2.0; +http://www.bing.com/bingbot.htm) Chrome/116.0.1938.76 Safari/537.36"
185.216.113.70 - - [25/Apr/2026:16:05:56 +0300] "POST /wp-cron.php?doing_wp_cron=1777122355.7080569267272949218750 HTTP/1.1" 200 448 "-" "WordPress/6.3.8; https://serhatburke.miroglu.net"
104.223.56.36 - - [25/Apr/2026:16:03:56 +0300] "POST /xmlrpc.php HTTP/1.1" 200 630 "-" "Mozilla/5.0 (Windows NT 10.0; Win64; x64) AppleWebKit/537.36 (KHTML, like Gecko) Chrome/114.0.0.0 Safari/537.36"
52.167.144.204 - - [25/Apr/2026:16:05:16 +0300] "GET /100-50-30-freispielen-as-part-of-frischen-casinos-verdopple-casino-bust-the-bank-deine-gewinne/undefined?ts=1777121928 HTTP/2" 200 0 "-" "Mozilla/5.0 AppleWebKit/537.36 (KHTML, like Gecko; compatible; bingbot/2.0; +http://www.bing.com/bingbot.htm) Chrome/116.0.1938.76 Safari/537.36"
185.216.113.70 - - [25/Apr/2026:16:06:14 +0300] "POST /wp-cron.php?doing_wp_cron=1777122374.8106069564819335937500 HTTP/1.1" 200 448 "-" "WordPress/6.3.8; https://serhatburke.miroglu.net"
104.223.56.36 - - [25/Apr/2026:16:04:31 +0300] "POST /xmlrpc.php HTTP/1.1" 200 630 "-" "Mozilla/5.0 (Windows NT 10.0; Win64; x64) AppleWebKit/537.36 (KHTML, like Gecko) Chrome/114.0.0.0 Safari/537.36"
52.167.144.204 - - [25/Apr/2026:16:05:26 +0300] "GET /100-50-30-freispielen-as-part-of-frischen-casinos-verdopple-casino-bust-the-bank-deine-gewinne/undefined?ts=1777121928 HTTP/2" 200 0 "-" "Mozilla/5.0 AppleWebKit/537.36 (KHTML, like Gecko; compatible; bingbot/2.0; +http://www.bing.com/bingbot.htm) Chrome/116.0.1938.76 Safari/537.36"
104.223.56.36 - - [25/Apr/2026:16:04:27 +0300] "POST /xmlrpc.php HTTP/1.1" 500 745 "-" "Mozilla/5.0 (Windows NT 10.0; Win64; x64) AppleWebKit/537.36 (KHTML, like Gecko) Chrome/114.0.0.0 Safari/537.36"
52.167.144.204 - - [25/Apr/2026:16:05:46 +0300] "GET /100-50-30-freispielen-as-part-of-frischen-casinos-verdopple-casino-bust-the-bank-deine-gewinne/undefined?ts=1777121928 HTTP/2" 200 0 "-" "Mozilla/5.0 AppleWebKit/537.36 (KHTML, like Gecko; compatible; bingbot/2.0; +http://www.bing.com/bingbot.htm) Chrome/116.0.1938.76 Safari/537.36"
52.167.144.204 - - [25/Apr/2026:16:05:55 +0300] "GET /100-50-30-freispielen-as-part-of-frischen-casinos-verdopple-casino-bust-the-bank-deine-gewinne/undefined?ts=1777121928 HTTP/2" 200 0 "-" "Mozilla/5.0 AppleWebKit/537.36 (KHTML, like Gecko; compatible; bingbot/2.0; +http://www.bing.com/bingbot.htm) Chrome/116.0.1938.76 Safari/537.36"
98.98.197.163 - - [25/Apr/2026:16:04:49 +0300] "POST /xmlrpc.php HTTP/1.1" 500 745 "-" "Mozilla/5.0 (Windows NT 10.0; Win64; x64) AppleWebKit/537.36 (KHTML, like Gecko) Chrome/114.0.0.0 Safari/537.36"
104.223.56.36 - - [25/Apr/2026:16:04:53 +0300] "POST /xmlrpc.php HTTP/1.1" 500 745 "-" "Mozilla/5.0 (Windows NT 10.0; Win64; x64) AppleWebKit/537.36 (KHTML, like Gecko) Chrome/114.0.0.0 Safari/537.36"
104.223.56.36 - - [25/Apr/2026:16:05:04 +0300] "POST /xmlrpc.php HTTP/1.1" 500 745 "-" "Mozilla/5.0 (Windows NT 10.0; Win64; x64) AppleWebKit/537.36 (KHTML, like Gecko) Chrome/114.0.0.0 Safari/537.36"
52.167.144.204 - - [25/Apr/2026:16:06:16 +0300] "GET /%CE%BF%CE%B9-%CE%BD%CE%B5%CF%8C%CF%84%CE%B5%CF%81%CE%B5%CF%82-%CE%B9%CF%83%CF%84%CE%BF%CF%83%CE%B5%CE%BB%CE%AF%CE%B4%CE%B5%CF%82-%CE%B5%CF%80%CE%B9%CF%87%CE%B5%CE%B9%CF%81%CE%AE%CF%83%CE%B5%CF%89/ HTTP/2" 200 0 "-" "Mozilla/5.0 AppleWebKit/537.36 (KHTML, like Gecko; compatible; bingbot/2.0; +http://www.bing.com/bingbot.htm) Chrome/116.0.1938.76 Safari/537.36"
