45.232.194.47 - - [26/Apr/2026:00:57:16 +0300] "POST /xmlrpc.php HTTP/2" 200 204 "-" "Mozilla/5.0 (Macintosh; Intel Mac OS X 14_2) AppleWebKit/605.1.15 (KHTML, like Gecko) Version/17.2 Safari/605.1.15"
185.216.113.70 - - [26/Apr/2026:00:58:03 +0300] "POST /wp-cron.php?doing_wp_cron=1777154283.4342670440673828125000 HTTP/1.1" 200 448 "-" "WordPress/6.3.8; https://serhatburke.miroglu.net"
193.36.38.228 - - [26/Apr/2026:00:57:51 +0300] "POST /xmlrpc.php HTTP/1.1" 200 692 "-" "Mozilla/5.0 (Windows NT 10.0; Win64; x64) AppleWebKit/537.36 (KHTML, like Gecko) Chrome/114.0.0.0 Safari/537.36"
193.36.38.228 - - [26/Apr/2026:00:58:08 +0300] "POST /xmlrpc.php HTTP/1.1" 200 9132 "-" "Mozilla/5.0 (Windows NT 10.0; Win64; x64) AppleWebKit/537.36 (KHTML, like Gecko) Chrome/114.0.0.0 Safari/537.36"
193.36.38.228 - - [26/Apr/2026:00:58:24 +0300] "GET /know-about-an-informed-alternatives-as-well-as-their-enjoys-to-make-sure-an-effective-secure-betting-experience/ HTTP/1.1" 200 74511 "-" "Mozilla/5.0 (Windows NT 10.0; Win64; x64) AppleWebKit/537.36 (KHTML, like Gecko) Chrome/124.0.0.0 Safari/537.36 Edg/124.0.0.0"
185.216.113.70 - - [26/Apr/2026:00:58:48 +0300] "POST /wp-cron.php?doing_wp_cron=1777154328.4051229953765869140625 HTTP/1.1" 200 448 "-" "WordPress/6.3.8; https://serhatburke.miroglu.net"
193.36.38.226 - - [26/Apr/2026:00:58:36 +0300] "POST /xmlrpc.php HTTP/1.1" 200 692 "-" "Mozilla/5.0 (Windows NT 10.0; Win64; x64) AppleWebKit/537.36 (KHTML, like Gecko) Chrome/114.0.0.0 Safari/537.36"
193.36.38.226 - - [26/Apr/2026:00:58:53 +0300] "POST /xmlrpc.php HTTP/1.1" 200 10777 "-" "Mozilla/5.0 (Windows NT 10.0; Win64; x64) AppleWebKit/537.36 (KHTML, like Gecko) Chrome/114.0.0.0 Safari/537.36"
193.36.38.226 - - [26/Apr/2026:00:59:05 +0300] "GET /internetowe-kasyno-bonusy-bez-depozytu-ciesza-sie-ogromna-wzrostem-popularnosci/ HTTP/1.1" 200 75624 "-" "Mozilla/5.0 (Windows NT 10.0; rv:125.0) Gecko/20100101 Firefox/125.0"
193.36.38.228 - - [26/Apr/2026:00:59:22 +0300] "POST /xmlrpc.php HTTP/1.1" 200 692 "-" "Mozilla/5.0 (Windows NT 10.0; Win64; x64) AppleWebKit/537.36 (KHTML, like Gecko) Chrome/114.0.0.0 Safari/537.36"
185.216.113.70 - - [26/Apr/2026:00:59:51 +0300] "POST /wp-cron.php?doing_wp_cron=1777154391.6499290466308593750000 HTTP/1.1" 200 448 "-" "WordPress/6.3.8; https://serhatburke.miroglu.net"
193.36.38.228 - - [26/Apr/2026:00:59:39 +0300] "POST /xmlrpc.php HTTP/1.1" 200 9363 "-" "Mozilla/5.0 (Windows NT 10.0; Win64; x64) AppleWebKit/537.36 (KHTML, like Gecko) Chrome/114.0.0.0 Safari/537.36"
193.36.38.228 - - [26/Apr/2026:00:59:54 +0300] "GET /keep-reading-my-personal-freeze-gambling-enterprise-on-line-feedback-to-learn-the-others/ HTTP/1.1" 200 74205 "-" "Mozilla/5.0 (Windows NT 10.0; Win64; x64; rv:124.0) Gecko/20100101 Firefox/124.0"
185.216.113.70 - - [26/Apr/2026:01:00:41 +0300] "POST /wp-cron.php?doing_wp_cron=1777154441.4722249507904052734375 HTTP/1.1" 200 448 "-" "WordPress/6.3.8; https://serhatburke.miroglu.net"
193.36.38.228 - - [26/Apr/2026:01:00:30 +0300] "POST /xmlrpc.php HTTP/1.1" 200 692 "-" "Mozilla/5.0 (Windows NT 10.0; Win64; x64) AppleWebKit/537.36 (KHTML, like Gecko) Chrome/114.0.0.0 Safari/537.36"
193.36.38.228 - - [26/Apr/2026:01:00:48 +0300] "POST /xmlrpc.php HTTP/1.1" 200 10075 "-" "Mozilla/5.0 (Windows NT 10.0; Win64; x64) AppleWebKit/537.36 (KHTML, like Gecko) Chrome/114.0.0.0 Safari/537.36"
103.219.169.200 - - [26/Apr/2026:01:00:50 +0300] "POST /xmlrpc.php HTTP/1.1" 200 630 "-" "Mozilla/5.0 (Windows NT 10.0; Win64; x64) AppleWebKit/537.36 (KHTML, like Gecko) Chrome/114.0.0.0 Safari/537.36"
193.36.38.228 - - [26/Apr/2026:01:01:06 +0300] "GET /place-your-financial-budget-predicated-on-what-throwaway-earnings-you-can-afford-to-lose/ HTTP/1.1" 200 74749 "-" "Mozilla/5.0 (Windows NT 10.0; Win64; x64) AppleWebKit/537.36 (KHTML, like Gecko) Chrome/124.0.0.0 Safari/537.36 Edg/124.0.0.0"
103.219.169.200 - - [26/Apr/2026:01:01:10 +0300] "POST /xmlrpc.php HTTP/1.1" 200 12049 "-" "Mozilla/5.0 (Windows NT 10.0; Win64; x64) AppleWebKit/537.36 (KHTML, like Gecko) Chrome/114.0.0.0 Safari/537.36"
103.219.169.200 - - [26/Apr/2026:01:01:24 +0300] "GET /obstawiajacy-ktory-dzieki-srode-wplaci-1-wszy-depozyt-w-polskiego-kasyna-w-internecie-moze-polegac-pod-hojna-zarobilem/ HTTP/1.1" 200 77929 "-" "Mozilla/5.0 (Windows NT 10.0; rv:109.0) Gecko/20100101 Firefox/115.0"
185.216.113.70 - - [26/Apr/2026:01:02:06 +0300] "POST /wp-cron.php?doing_wp_cron=1777154526.0338599681854248046875 HTTP/1.1" 200 448 "-" "WordPress/6.3.8; https://serhatburke.miroglu.net"
193.36.38.228 - - [26/Apr/2026:01:01:53 +0300] "POST /xmlrpc.php HTTP/1.1" 200 692 "-" "Mozilla/5.0 (Windows NT 10.0; Win64; x64) AppleWebKit/537.36 (KHTML, like Gecko) Chrome/114.0.0.0 Safari/537.36"
193.36.38.228 - - [26/Apr/2026:01:02:11 +0300] "POST /xmlrpc.php HTTP/1.1" 200 10727 "-" "Mozilla/5.0 (Windows NT 10.0; Win64; x64) AppleWebKit/537.36 (KHTML, like Gecko) Chrome/114.0.0.0 Safari/537.36"
129.227.39.118 - - [26/Apr/2026:01:02:21 +0300] "POST /xmlrpc.php HTTP/1.1" 200 630 "-" "Mozilla/5.0 (Windows NT 10.0; Win64; x64) AppleWebKit/537.36 (KHTML, like Gecko) Chrome/114.0.0.0 Safari/537.36"
193.36.38.228 - - [26/Apr/2026:01:02:23 +0300] "GET /it-focus-on-softer-checks-within-signal-up-so-youre-able-to-start-to-experience-instantly/ HTTP/1.1" 200 75756 "-" "Mozilla/5.0 (Windows NT 10.0; rv:109.0) Gecko/20100101 Firefox/115.0"
185.216.113.70 - - [26/Apr/2026:01:02:52 +0300] "POST /wp-cron.php?doing_wp_cron=1777154572.6845428943634033203125 HTTP/1.1" 200 448 "-" "WordPress/6.3.8; https://serhatburke.miroglu.net"
162.243.186.209 - - [26/Apr/2026:01:02:40 +0300] "POST /xmlrpc.php HTTP/1.1" 200 630 "-" "Mozilla/5.0 (Windows NT 10.0; Win64; x64) AppleWebKit/537.36 (KHTML, like Gecko) Chrome/114.0.0.0 Safari/537.36"
129.227.39.118 - - [26/Apr/2026:01:02:40 +0300] "POST /xmlrpc.php HTTP/1.1" 200 13361 "-" "Mozilla/5.0 (Windows NT 10.0; Win64; x64) AppleWebKit/537.36 (KHTML, like Gecko) Chrome/114.0.0.0 Safari/537.36"
129.227.39.118 - - [26/Apr/2026:01:02:55 +0300] "GET /online-slots-games-a-real-income-2026-greatest-game-bonuses-jackpots/ HTTP/1.1" 200 77591 "-" "Mozilla/5.0 (Windows NT 10.0; Win64; x64; rv:125.0) Gecko/20100101 Firefox/125.0"
162.243.186.209 - - [26/Apr/2026:01:02:59 +0300] "POST /xmlrpc.php HTTP/1.1" 200 9048 "-" "Mozilla/5.0 (Windows NT 10.0; Win64; x64) AppleWebKit/537.36 (KHTML, like Gecko) Chrome/114.0.0.0 Safari/537.36"
193.36.38.228 - - [26/Apr/2026:01:03:11 +0300] "POST /xmlrpc.php HTTP/1.1" 200 692 "-" "Mozilla/5.0 (Windows NT 10.0; Win64; x64) AppleWebKit/537.36 (KHTML, like Gecko) Chrome/114.0.0.0 Safari/537.36"
162.243.186.209 - - [26/Apr/2026:01:03:15 +0300] "GET /scompiglio-premio-trustly-%EF%BF%BD-bonus-dedicati-a-corrente-sistema-di-corrispettivo/ HTTP/1.1" 200 73862 "-" "Mozilla/5.0 (Windows NT 10.0; rv:125.0) Gecko/20100101 Firefox/125.0"
185.216.113.70 - - [26/Apr/2026:01:03:44 +0300] "POST /wp-cron.php?doing_wp_cron=1777154624.2362370491027832031250 HTTP/1.1" 200 448 "-" "WordPress/6.3.8; https://serhatburke.miroglu.net"
193.36.38.228 - - [26/Apr/2026:01:03:32 +0300] "POST /xmlrpc.php HTTP/1.1" 200 8768 "-" "Mozilla/5.0 (Windows NT 10.0; Win64; x64) AppleWebKit/537.36 (KHTML, like Gecko) Chrome/114.0.0.0 Safari/537.36"
193.36.38.228 - - [26/Apr/2026:01:03:46 +0300] "GET /the-on-line-casino-reviews-are-carried-out-from-the-a-separate-party-off-local-casino-experts-which-have-ing/ HTTP/1.1" 200 74098 "-" "Mozilla/5.0 (Windows NT 10.0; Win64; x64; rv:124.0) Gecko/20100101 Firefox/124.0"
162.243.186.209 - - [26/Apr/2026:01:04:09 +0300] "POST /xmlrpc.php HTTP/1.1" 200 630 "-" "Mozilla/5.0 (Windows NT 10.0; Win64; x64) AppleWebKit/537.36 (KHTML, like Gecko) Chrome/114.0.0.0 Safari/537.36"
185.216.113.70 - - [26/Apr/2026:01:04:39 +0300] "POST /wp-cron.php?doing_wp_cron=1777154679.7076148986816406250000 HTTP/1.1" 200 448 "-" "WordPress/6.3.8; https://serhatburke.miroglu.net"
162.243.186.209 - - [26/Apr/2026:01:04:27 +0300] "POST /xmlrpc.php HTTP/1.1" 200 9261 "-" "Mozilla/5.0 (Windows NT 10.0; Win64; x64) AppleWebKit/537.36 (KHTML, like Gecko) Chrome/114.0.0.0 Safari/537.36"
162.243.186.209 - - [26/Apr/2026:01:04:41 +0300] "GET /il-confiscato-di-puntata-determina-nel-caso-che-insecable-bonus-ha-tariffa-pratico/ HTTP/1.1" 200 73767 "-" "Mozilla/5.0 (Windows NT 10.0; Win64; x64; rv:125.0) Gecko/20100101 Firefox/125.0"
193.36.38.228 - - [26/Apr/2026:01:04:44 +0300] "POST /xmlrpc.php HTTP/1.1" 200 692 "-" "Mozilla/5.0 (Windows NT 10.0; Win64; x64) AppleWebKit/537.36 (KHTML, like Gecko) Chrome/114.0.0.0 Safari/537.36"
193.36.38.228 - - [26/Apr/2026:01:05:08 +0300] "POST /xmlrpc.php HTTP/1.1" 200 10883 "-" "Mozilla/5.0 (Windows NT 10.0; Win64; x64) AppleWebKit/537.36 (KHTML, like Gecko) Chrome/114.0.0.0 Safari/537.36"
193.36.38.228 - - [26/Apr/2026:01:05:21 +0300] "GET /this-gambling-establishment-has-the-premier-rtp-of-any-gambling-site-towards-the-shortlist/ HTTP/1.1" 200 75488 "-" "Mozilla/5.0 (Windows NT 10.0; Win64; x64) AppleWebKit/537.36 (KHTML, like Gecko) Chrome/123.0.0.0 Safari/537.36 OPR/109.0.0.0"
185.216.113.70 - - [26/Apr/2026:01:05:39 +0300] "POST /wp-cron.php?doing_wp_cron=1777154739.0383980274200439453125 HTTP/1.1" 200 448 "-" "WordPress/6.3.8; https://serhatburke.miroglu.net"
66.249.73.1 - - [26/Apr/2026:01:05:22 +0300] "GET /robots.txt HTTP/1.1" 200 719 "-" "Mozilla/5.0 (compatible; Googlebot/2.1; +http://www.google.com/bot.html)"
162.243.186.209 - - [26/Apr/2026:01:05:29 +0300] "POST /xmlrpc.php HTTP/1.1" 200 630 "-" "Mozilla/5.0 (Windows NT 10.0; Win64; x64) AppleWebKit/537.36 (KHTML, like Gecko) Chrome/114.0.0.0 Safari/537.36"
193.36.38.228 - - [26/Apr/2026:01:05:43 +0300] "POST /xmlrpc.php HTTP/1.1" 200 514 "-" "Mozilla/5.0 (Windows NT 10.0; Win64; x64) AppleWebKit/537.36 (KHTML, like Gecko) Chrome/114.0.0.0 Safari/537.36"
103.219.169.200 - - [26/Apr/2026:01:05:51 +0300] "POST /xmlrpc.php HTTP/1.1" 200 630 "-" "Mozilla/5.0 (Windows NT 10.0; Win64; x64) AppleWebKit/537.36 (KHTML, like Gecko) Chrome/114.0.0.0 Safari/537.36"
162.243.186.209 - - [26/Apr/2026:01:05:53 +0300] "POST /xmlrpc.php HTTP/1.1" 200 8716 "-" "Mozilla/5.0 (Windows NT 10.0; Win64; x64) AppleWebKit/537.36 (KHTML, like Gecko) Chrome/114.0.0.0 Safari/537.36"
66.249.73.1 - - [26/Apr/2026:01:06:03 +0300] "GET /hand-of-luck-casino-uk-a-players-review-and-insights/undefined?ts=1775520000 HTTP/1.1" 200 0 "https://serhatburke.miroglu.net/hand-of-luck-casino-uk-a-players-review-and-insights/" "Mozilla/5.0 (Linux; Android 6.0.1; Nexus 5X Build/MMB29P) AppleWebKit/537.36 (KHTML, like Gecko) Chrome/146.0.7680.177 Mobile Safari/537.36 (compatible; Googlebot/2.1; +http://www.google.com/bot.html)"
185.216.113.70 - - [26/Apr/2026:01:06:25 +0300] "POST /wp-cron.php?doing_wp_cron=1777154785.1363189220428466796875 HTTP/1.1" 200 448 "-" "WordPress/6.3.8; https://serhatburke.miroglu.net"
193.36.38.228 - - [26/Apr/2026:01:06:04 +0300] "POST /xmlrpc.php HTTP/1.1" 200 9528 "-" "Mozilla/5.0 (Windows NT 10.0; Win64; x64) AppleWebKit/537.36 (KHTML, like Gecko) Chrome/114.0.0.0 Safari/537.36"
162.243.186.209 - - [26/Apr/2026:01:06:11 +0300] "GET /alternative-ai-premio-senza-fondo-per-analizzare-crazy-time/ HTTP/1.1" 200 72586 "-" "Mozilla/5.0 (Windows NT 10.0; rv:125.0) Gecko/20100101 Firefox/125.0"
103.219.169.200 - - [26/Apr/2026:01:06:14 +0300] "POST /xmlrpc.php HTTP/1.1" 200 11690 "-" "Mozilla/5.0 (Windows NT 10.0; Win64; x64) AppleWebKit/537.36 (KHTML, like Gecko) Chrome/114.0.0.0 Safari/537.36"
193.36.38.228 - - [26/Apr/2026:01:06:28 +0300] "GET /shell-out-because-of-the-mobile-phone-statement-gambling-establishment-payments-try-complete-during-your-cellular-since-the-gambling-enterprise-identity-explains/ HTTP/1.1" 200 76189 "-" "Mozilla/5.0 (Windows NT 10.0; Win64; x64; rv:124.0) Gecko/20100101 Firefox/124.0"
103.219.169.200 - - [26/Apr/2026:01:06:40 +0300] "GET /kasyno-z-brakiem-depozytu-nadprogram-bez-depozytu-krajowe-kasyno/ HTTP/1.1" 200 75992 "-" "Mozilla/5.0 (Windows NT 10.0; Win64; x64) AppleWebKit/537.36 (KHTML, like Gecko) Chrome/122.0.0.0 Safari/537.36"
162.243.186.209 - - [26/Apr/2026:01:06:51 +0300] "POST /xmlrpc.php HTTP/1.1" 200 630 "-" "Mozilla/5.0 (Windows NT 10.0; Win64; x64) AppleWebKit/537.36 (KHTML, like Gecko) Chrome/114.0.0.0 Safari/537.36"
193.36.38.228 - - [26/Apr/2026:01:07:11 +0300] "POST /xmlrpc.php HTTP/1.1" 200 692 "-" "Mozilla/5.0 (Windows NT 10.0; Win64; x64) AppleWebKit/537.36 (KHTML, like Gecko) Chrome/114.0.0.0 Safari/537.36"
185.216.113.70 - - [26/Apr/2026:01:07:42 +0300] "POST /wp-cron.php?doing_wp_cron=1777154862.0359139442443847656250 HTTP/1.1" 200 448 "-" "WordPress/6.3.8; https://serhatburke.miroglu.net"
162.243.186.209 - - [26/Apr/2026:01:07:18 +0300] "POST /xmlrpc.php HTTP/1.1" 200 9394 "-" "Mozilla/5.0 (Windows NT 10.0; Win64; x64) AppleWebKit/537.36 (KHTML, like Gecko) Chrome/114.0.0.0 Safari/537.36"
162.243.186.209 - - [26/Apr/2026:01:07:43 +0300] "GET /confusione-non-aams-migliori-siti-senza-contare-permesso-aams-2025/ HTTP/1.1" 200 73728 "-" "Mozilla/5.0 (Windows NT 10.0; Win64; x64; rv:124.0) Gecko/20100101 Firefox/124.0"
193.36.38.228 - - [26/Apr/2026:01:07:44 +0300] "POST /xmlrpc.php HTTP/1.1" 200 11207 "-" "Mozilla/5.0 (Windows NT 10.0; Win64; x64) AppleWebKit/537.36 (KHTML, like Gecko) Chrome/114.0.0.0 Safari/537.36"
162.243.186.209 - - [26/Apr/2026:01:08:10 +0300] "POST /xmlrpc.php HTTP/1.1" 200 630 "-" "Mozilla/5.0 (Windows NT 10.0; Win64; x64) AppleWebKit/537.36 (KHTML, like Gecko) Chrome/114.0.0.0 Safari/537.36"
193.36.38.228 - - [26/Apr/2026:01:08:16 +0300] "GET /players-win-instantaneous-awards-when-the-angry-struck-and-prize-icons-land-meanwhile/ HTTP/1.1" 200 75758 "-" "Mozilla/5.0 (Windows NT 10.0; Win64; x64; rv:125.0) Gecko/20100101 Firefox/125.0"
193.36.38.228 - - [26/Apr/2026:01:08:16 +0300] "POST /xmlrpc.php HTTP/1.1" 200 692 "-" "Mozilla/5.0 (Windows NT 10.0; Win64; x64) AppleWebKit/537.36 (KHTML, like Gecko) Chrome/114.0.0.0 Safari/537.36"
185.216.113.70 - - [26/Apr/2026:01:08:45 +0300] "POST /wp-cron.php?doing_wp_cron=1777154925.4104170799255371093750 HTTP/1.1" 200 448 "-" "WordPress/6.3.8; https://serhatburke.miroglu.net"
129.227.39.118 - - [26/Apr/2026:01:08:24 +0300] "POST /xmlrpc.php HTTP/1.1" 200 630 "-" "Mozilla/5.0 (Windows NT 10.0; Win64; x64) AppleWebKit/537.36 (KHTML, like Gecko) Chrome/114.0.0.0 Safari/537.36"
162.243.186.209 - - [26/Apr/2026:01:08:35 +0300] "POST /xmlrpc.php HTTP/1.1" 200 10257 "-" "Mozilla/5.0 (Windows NT 10.0; Win64; x64) AppleWebKit/537.36 (KHTML, like Gecko) Chrome/114.0.0.0 Safari/537.36"
103.219.169.200 - - [26/Apr/2026:01:08:36 +0300] "POST /xmlrpc.php HTTP/1.1" 200 630 "-" "Mozilla/5.0 (Windows NT 10.0; Win64; x64) AppleWebKit/537.36 (KHTML, like Gecko) Chrome/114.0.0.0 Safari/537.36"
193.36.38.228 - - [26/Apr/2026:01:08:47 +0300] "POST /xmlrpc.php HTTP/1.1" 200 10544 "-" "Mozilla/5.0 (Windows NT 10.0; Win64; x64) AppleWebKit/537.36 (KHTML, like Gecko) Chrome/114.0.0.0 Safari/537.36"
129.227.39.118 - - [26/Apr/2026:01:08:52 +0300] "POST /xmlrpc.php HTTP/1.1" 200 12832 "-" "Mozilla/5.0 (Windows NT 10.0; Win64; x64) AppleWebKit/537.36 (KHTML, like Gecko) Chrome/114.0.0.0 Safari/537.36"
162.243.186.209 - - [26/Apr/2026:01:09:01 +0300] "GET /limporto-soddisfacentemente-ricevibile-ogni-settimana-e-ugualmente-per-500%EF%BF%BD/ HTTP/1.1" 200 75359 "-" "Mozilla/5.0 (Windows NT 10.0; rv:125.0) Gecko/20100101 Firefox/125.0"
103.219.169.200 - - [26/Apr/2026:01:09:08 +0300] "POST /xmlrpc.php HTTP/1.1" 200 11499 "-" "Mozilla/5.0 (Windows NT 10.0; Win64; x64) AppleWebKit/537.36 (KHTML, like Gecko) Chrome/114.0.0.0 Safari/537.36"
193.36.38.228 - - [26/Apr/2026:01:09:15 +0300] "GET /foxy-games-has-the-benefit-of-a-smooth-paypal-percentage-sense-that-have-minimum-places-off-ten-and-you-can-quick-distributions/ HTTP/1.1" 200 76344 "-" "Mozilla/5.0 (Windows NT 10.0; rv:125.0) Gecko/20100101 Firefox/125.0"
185.216.113.70 - - [26/Apr/2026:01:09:47 +0300] "POST /wp-cron.php?doing_wp_cron=1777154987.1123480796813964843750 HTTP/1.1" 200 448 "-" "WordPress/6.3.8; https://serhatburke.miroglu.net"
193.36.38.228 - - [26/Apr/2026:01:09:20 +0300] "POST /xmlrpc.php HTTP/1.1" 200 692 "-" "Mozilla/5.0 (Windows NT 10.0; Win64; x64) AppleWebKit/537.36 (KHTML, like Gecko) Chrome/114.0.0.0 Safari/537.36"
185.216.113.70 - - [26/Apr/2026:01:09:47 +0300] "POST /wp-cron.php?doing_wp_cron=1777154987.9125521183013916015625 HTTP/1.1" 200 448 "-" "WordPress/6.3.8; https://serhatburke.miroglu.net"
129.227.39.118 - - [26/Apr/2026:01:09:22 +0300] "GET /three-dimensional-harbors-position-play-from-the-bovada-gambling-enterprise/ HTTP/1.1" 200 77219 "-" "Mozilla/5.0 (Windows NT 10.0; rv:109.0) Gecko/20100101 Firefox/115.0"
185.216.113.70 - - [26/Apr/2026:01:09:57 +0300] "POST /wp-cron.php?doing_wp_cron=1777154997.3440630435943603515625 HTTP/1.1" 200 448 "-" "WordPress/6.3.8; https://serhatburke.miroglu.net"
103.219.169.200 - - [26/Apr/2026:01:09:37 +0300] "GET /kasyno-z-brakiem-depozytu-premia-wyjawszy-depozytu-przy-rejestrowania-sie/ HTTP/1.1" 200 76350 "-" "Mozilla/5.0 (Windows NT 10.0; Win64; x64) AppleWebKit/537.36 (KHTML, like Gecko) Chrome/109.0.0.0 Safari/537.36"
193.36.38.228 - - [26/Apr/2026:01:09:53 +0300] "POST /xmlrpc.php HTTP/1.1" 200 9378 "-" "Mozilla/5.0 (Windows NT 10.0; Win64; x64) AppleWebKit/537.36 (KHTML, like Gecko) Chrome/114.0.0.0 Safari/537.36"
162.243.186.209 - - [26/Apr/2026:01:10:18 +0300] "POST /xmlrpc.php HTTP/1.1" 200 630 "-" "Mozilla/5.0 (Windows NT 10.0; Win64; x64) AppleWebKit/537.36 (KHTML, like Gecko) Chrome/114.0.0.0 Safari/537.36"
193.36.38.228 - - [26/Apr/2026:01:10:15 +0300] "GET /such-as-pay-of-the-cellular-phone-expenses-trustly-work-really-well-for-the-cellular/ HTTP/1.1" 200 73992 "-" "Mozilla/5.0 (Windows NT 10.0; Win64; x64) AppleWebKit/537.36 (KHTML, like Gecko) Chrome/109.0.0.0 Safari/537.36"
185.216.113.70 - - [26/Apr/2026:01:10:45 +0300] "POST /wp-cron.php?doing_wp_cron=1777155045.0157051086425781250000 HTTP/1.1" 200 448 "-" "WordPress/6.3.8; https://serhatburke.miroglu.net"
193.36.38.228 - - [26/Apr/2026:01:10:32 +0300] "POST /xmlrpc.php HTTP/1.1" 200 692 "-" "Mozilla/5.0 (Windows NT 10.0; Win64; x64) AppleWebKit/537.36 (KHTML, like Gecko) Chrome/114.0.0.0 Safari/537.36"
162.243.186.209 - - [26/Apr/2026:01:10:37 +0300] "POST /xmlrpc.php HTTP/1.1" 200 8933 "-" "Mozilla/5.0 (Windows NT 10.0; Win64; x64) AppleWebKit/537.36 (KHTML, like Gecko) Chrome/114.0.0.0 Safari/537.36"
193.36.38.228 - - [26/Apr/2026:01:10:52 +0300] "POST /xmlrpc.php HTTP/1.1" 200 9523 "-" "Mozilla/5.0 (Windows NT 10.0; Win64; x64) AppleWebKit/537.36 (KHTML, like Gecko) Chrome/114.0.0.0 Safari/537.36"
162.243.186.209 - - [26/Apr/2026:01:10:51 +0300] "GET /un-atto-non-solo-versatile-ha-sicuramente-rso-suoi-vantaggi/ HTTP/1.1" 200 72936 "-" "Mozilla/5.0 (Windows NT 10.0; Win64; x64) AppleWebKit/537.36 (KHTML, like Gecko) Chrome/124.0.0.0 Safari/537.36"
103.219.169.200 - - [26/Apr/2026:01:11:01 +0300] "POST /xmlrpc.php HTTP/1.1" 200 630 "-" "Mozilla/5.0 (Windows NT 10.0; Win64; x64) AppleWebKit/537.36 (KHTML, like Gecko) Chrome/114.0.0.0 Safari/537.36"
193.36.38.228 - - [26/Apr/2026:01:11:12 +0300] "GET /zero-people-will-be-unable-and-work-out-withdrawals-utilizing-the-spend-by-the-mobile-phone-fee-method/ HTTP/1.1" 200 74637 "-" "Mozilla/5.0 (Windows NT 10.0; Win64; x64) AppleWebKit/537.36 (KHTML, like Gecko) Chrome/123.0.0.0 Safari/537.36"
37.139.53.240 - - [26/Apr/2026:01:11:03 +0300] "POST / HTTP/2" 200 18321 "-" "Mozilla/5.0 (Macintosh; Intel Mac OS X 10.15; rv:135.0) Gecko/20100101 Firefox/135.0"
185.216.113.70 - - [26/Apr/2026:01:11:39 +0300] "POST /wp-cron.php?doing_wp_cron=1777155099.3767960071563720703125 HTTP/1.1" 200 448 "-" "WordPress/6.3.8; https://serhatburke.miroglu.net"
103.219.169.200 - - [26/Apr/2026:01:11:27 +0300] "POST /xmlrpc.php HTTP/1.1" 200 10947 "-" "Mozilla/5.0 (Windows NT 10.0; Win64; x64) AppleWebKit/537.36 (KHTML, like Gecko) Chrome/114.0.0.0 Safari/537.36"
103.219.169.200 - - [26/Apr/2026:01:11:41 +0300] "GET /777-machiny-hazardowe-kasyno-aplikacje-po-yahoo-play/ HTTP/1.1" 200 75184 "-" "Mozilla/5.0 (Windows NT 10.0; rv:125.0) Gecko/20100101 Firefox/125.0"
193.36.38.228 - - [26/Apr/2026:01:12:00 +0300] "POST /xmlrpc.php HTTP/1.1" 200 692 "-" "Mozilla/5.0 (Windows NT 10.0; Win64; x64) AppleWebKit/537.36 (KHTML, like Gecko) Chrome/114.0.0.0 Safari/537.36"
185.216.113.70 - - [26/Apr/2026:01:12:33 +0300] "POST /wp-cron.php?doing_wp_cron=1777155153.4639739990234375000000 HTTP/1.1" 200 448 "-" "WordPress/6.3.8; https://serhatburke.miroglu.net"
193.36.38.228 - - [26/Apr/2026:01:12:17 +0300] "POST /xmlrpc.php HTTP/1.1" 200 9575 "-" "Mozilla/5.0 (Windows NT 10.0; Win64; x64) AppleWebKit/537.36 (KHTML, like Gecko) Chrome/114.0.0.0 Safari/537.36"
193.36.38.228 - - [26/Apr/2026:01:12:33 +0300] "GET /slots-are-the-most-popular-casino-games-for-real-currency/ HTTP/1.1" 200 73552 "-" "Mozilla/5.0 (Windows NT 10.0; rv:109.0) Gecko/20100101 Firefox/115.0"
66.249.73.15 - - [26/Apr/2026:01:13:14 +0300] "GET /robots.txt HTTP/1.1" 200 719 "-" "Mozilla/5.0 (compatible; Googlebot/2.1; +http://www.google.com/bot.html)"
103.219.169.200 - - [26/Apr/2026:01:13:17 +0300] "POST /xmlrpc.php HTTP/1.1" 200 630 "-" "Mozilla/5.0 (Windows NT 10.0; Win64; x64) AppleWebKit/537.36 (KHTML, like Gecko) Chrome/114.0.0.0 Safari/537.36"
193.36.38.228 - - [26/Apr/2026:01:13:17 +0300] "POST /xmlrpc.php HTTP/1.1" 200 692 "-" "Mozilla/5.0 (Windows NT 10.0; Win64; x64) AppleWebKit/537.36 (KHTML, like Gecko) Chrome/114.0.0.0 Safari/537.36"
185.216.113.70 - - [26/Apr/2026:01:13:51 +0300] "POST /wp-cron.php?doing_wp_cron=1777155231.4497580528259277343750 HTTP/1.1" 200 448 "-" "WordPress/6.3.8; https://serhatburke.miroglu.net"
193.36.38.228 - - [26/Apr/2026:01:13:39 +0300] "POST /xmlrpc.php HTTP/1.1" 200 8830 "-" "Mozilla/5.0 (Windows NT 10.0; Win64; x64) AppleWebKit/537.36 (KHTML, like Gecko) Chrome/114.0.0.0 Safari/537.36"
103.219.169.200 - - [26/Apr/2026:01:13:40 +0300] "POST /xmlrpc.php HTTP/1.1" 200 11527 "-" "Mozilla/5.0 (Windows NT 10.0; Win64; x64) AppleWebKit/537.36 (KHTML, like Gecko) Chrome/114.0.0.0 Safari/537.36"
193.36.38.228 - - [26/Apr/2026:01:13:53 +0300] "GET /offers-and-you-will-advantages-are-foundational-to-to-help-you-maximizing-your-own-feel-from-the-real-money-web-based-casinos/ HTTP/1.1" 200 74688 "-" "Mozilla/5.0 (Windows NT 10.0; rv:109.0) Gecko/20100101 Firefox/115.0"
103.219.169.200 - - [26/Apr/2026:01:13:54 +0300] "GET /kasyno-online-recenzje-recenzje-lokalnych-kasyn-2025/ HTTP/1.1" 200 75769 "-" "Mozilla/5.0 (Windows NT 10.0; rv:109.0) Gecko/20100101 Firefox/115.0"
66.249.73.15 - - [26/Apr/2026:01:14:03 +0300] "GET /lemon-casino-online-casino-recenzje5594-2/ HTTP/1.1" 200 18489 "-" "Mozilla/5.0 (Linux; Android 6.0.1; Nexus 5X Build/MMB29P) AppleWebKit/537.36 (KHTML, like Gecko) Chrome/146.0.7680.177 Mobile Safari/537.36 (compatible; Googlebot/2.1; +http://www.google.com/bot.html)"
129.227.39.118 - - [26/Apr/2026:01:14:10 +0300] "POST /xmlrpc.php HTTP/1.1" 200 630 "-" "Mozilla/5.0 (Windows NT 10.0; Win64; x64) AppleWebKit/537.36 (KHTML, like Gecko) Chrome/114.0.0.0 Safari/537.36"
193.36.38.228 - - [26/Apr/2026:01:14:19 +0300] "POST /xmlrpc.php HTTP/1.1" 200 514 "-" "Mozilla/5.0 (Windows NT 10.0; Win64; x64) AppleWebKit/537.36 (KHTML, like Gecko) Chrome/114.0.0.0 Safari/537.36"
188.130.186.131 - - [26/Apr/2026:01:14:23 +0300] "GET /zotabet-casino-bonus-premier-depot-2026/ HTTP/1.1" 200 19133 "https://serhatburke.miroglu.net/" "Mozilla/5.0 (X11; Ubuntu; Linux i686; rv:114.0) Gecko/20100101 Firefox/114.0"
185.216.113.70 - - [26/Apr/2026:01:14:46 +0300] "POST /wp-cron.php?doing_wp_cron=1777155286.1333210468292236328125 HTTP/1.1" 200 448 "-" "WordPress/6.3.8; https://serhatburke.miroglu.net"
129.227.39.118 - - [26/Apr/2026:01:14:33 +0300] "POST /xmlrpc.php HTTP/1.1" 200 13298 "-" "Mozilla/5.0 (Windows NT 10.0; Win64; x64) AppleWebKit/537.36 (KHTML, like Gecko) Chrome/114.0.0.0 Safari/537.36"
193.36.38.228 - - [26/Apr/2026:01:14:41 +0300] "POST /xmlrpc.php HTTP/1.1" 200 8633 "-" "Mozilla/5.0 (Windows NT 10.0; Win64; x64) AppleWebKit/537.36 (KHTML, like Gecko) Chrome/114.0.0.0 Safari/537.36"
129.227.39.118 - - [26/Apr/2026:01:14:47 +0300] "GET /publication-from-ra-condition-comment-2026-incentives-jackpots-a-lot-more/ HTTP/1.1" 200 77251 "-" "Mozilla/5.0 (Windows NT 10.0; rv:109.0) Gecko/20100101 Firefox/115.0"
193.36.38.228 - - [26/Apr/2026:01:14:56 +0300] "GET /what-are-the-safest-commission-strategies-for-gambling-for-real-currency-on-line/ HTTP/1.1" 200 73092 "-" "Mozilla/5.0 (Windows NT 10.0; Win64; x64; rv:124.0) Gecko/20100101 Firefox/124.0"
66.249.73.15 - - [26/Apr/2026:01:15:04 +0300] "GET /lemon-casino-online-casino-recenzje5594-2/undefined?ts=1775520000 HTTP/1.1" 200 0 "https://serhatburke.miroglu.net/lemon-casino-online-casino-recenzje5594-2/" "Mozilla/5.0 (Linux; Android 6.0.1; Nexus 5X Build/MMB29P) AppleWebKit/537.36 (KHTML, like Gecko) Chrome/146.0.7680.177 Mobile Safari/537.36 (compatible; Googlebot/2.1; +http://www.google.com/bot.html)"
185.216.113.70 - - [26/Apr/2026:01:15:48 +0300] "POST /wp-cron.php?doing_wp_cron=1777155348.3053450584411621093750 HTTP/1.1" 200 448 "-" "WordPress/6.3.8; https://serhatburke.miroglu.net"
103.219.169.200 - - [26/Apr/2026:01:15:36 +0300] "POST /xmlrpc.php HTTP/1.1" 200 630 "-" "Mozilla/5.0 (Windows NT 10.0; Win64; x64) AppleWebKit/537.36 (KHTML, like Gecko) Chrome/114.0.0.0 Safari/537.36"
193.36.38.228 - - [26/Apr/2026:01:15:51 +0300] "POST /xmlrpc.php HTTP/1.1" 200 692 "-" "Mozilla/5.0 (Windows NT 10.0; Win64; x64) AppleWebKit/537.36 (KHTML, like Gecko) Chrome/114.0.0.0 Safari/537.36"
103.219.169.200 - - [26/Apr/2026:01:15:54 +0300] "POST /xmlrpc.php HTTP/1.1" 200 11672 "-" "Mozilla/5.0 (Windows NT 10.0; Win64; x64) AppleWebKit/537.36 (KHTML, like Gecko) Chrome/114.0.0.0 Safari/537.36"
193.36.38.228 - - [26/Apr/2026:01:16:12 +0300] "POST /xmlrpc.php HTTP/1.1" 200 8827 "-" "Mozilla/5.0 (Windows NT 10.0; Win64; x64) AppleWebKit/537.36 (KHTML, like Gecko) Chrome/114.0.0.0 Safari/537.36"
103.219.169.200 - - [26/Apr/2026:01:16:11 +0300] "GET /terazniejsze-kasyno-premia-wyjawszy-depozytu-w-calej-nasz-kraj-2025-145-promocji/ HTTP/1.1" 200 76577 "-" "Mozilla/5.0 (Windows NT 10.0; Win64; x64; rv:125.0) Gecko/20100101 Firefox/125.0"
85.208.96.198 - - [26/Apr/2026:01:16:24 +0300] "GET /robots.txt HTTP/1.1" 200 605 "-" "Mozilla/5.0 (compatible; SemrushBot/7~bl; +http://www.semrush.com/bot.html)"
185.216.113.70 - - [26/Apr/2026:01:16:39 +0300] "POST /wp-cron.php?doing_wp_cron=1777155399.6020340919494628906250 HTTP/1.1" 200 448 "-" "WordPress/6.3.8; https://serhatburke.miroglu.net"
193.36.38.228 - - [26/Apr/2026:01:16:27 +0300] "GET /these-types-of-games-bring-an-enthusiastic-immersive-and-you-may-entertaining-feel-from-the-streaming-genuine-date-gameplay-with-real-time-investors/ HTTP/1.1" 200 75144 "-" "Mozilla/5.0 (Windows NT 10.0; Win64; x64) AppleWebKit/537.36 (KHTML, like Gecko) Chrome/124.0.0.0 Safari/537.36"
185.191.171.14 - - [26/Apr/2026:01:16:36 +0300] "GET /100-percent-free-r50-register-lucky-tree-slot-machine-extra-now-offers/ HTTP/1.1" 200 22312 "-" "Mozilla/5.0 (compatible; SemrushBot/7~bl; +http://www.semrush.com/bot.html)"
193.36.38.228 - - [26/Apr/2026:01:16:53 +0300] "POST /xmlrpc.php HTTP/1.1" 200 692 "-" "Mozilla/5.0 (Windows NT 10.0; Win64; x64) AppleWebKit/537.36 (KHTML, like Gecko) Chrome/114.0.0.0 Safari/537.36"
185.216.113.70 - - [26/Apr/2026:01:17:24 +0300] "POST /wp-cron.php?doing_wp_cron=1777155444.5178740024566650390625 HTTP/1.1" 200 448 "-" "WordPress/6.3.8; https://serhatburke.miroglu.net"
193.36.38.228 - - [26/Apr/2026:01:17:11 +0300] "POST /xmlrpc.php HTTP/1.1" 200 8525 "-" "Mozilla/5.0 (Windows NT 10.0; Win64; x64) AppleWebKit/537.36 (KHTML, like Gecko) Chrome/114.0.0.0 Safari/537.36"
193.36.38.228 - - [26/Apr/2026:01:17:24 +0300] "GET /its-not-hard-to-unlock-a-free-account-and-have-started-in-the-one-your-demanded-casinos-on-the-internet/ HTTP/1.1" 200 73635 "-" "Mozilla/5.0 (Windows NT 10.0; Win64; x64) AppleWebKit/537.36 (KHTML, like Gecko) Chrome/124.0.0.0 Safari/537.36 Edg/124.0.0.0"
185.216.113.70 - - [26/Apr/2026:01:18:04 +0300] "POST /wp-cron.php?doing_wp_cron=1777155484.5449380874633789062500 HTTP/1.1" 200 448 "-" "WordPress/6.3.8; https://serhatburke.miroglu.net"
103.219.169.200 - - [26/Apr/2026:01:17:52 +0300] "POST /xmlrpc.php HTTP/1.1" 200 630 "-" "Mozilla/5.0 (Windows NT 10.0; Win64; x64) AppleWebKit/537.36 (KHTML, like Gecko) Chrome/114.0.0.0 Safari/537.36"
193.36.38.228 - - [26/Apr/2026:01:18:02 +0300] "POST /xmlrpc.php HTTP/1.1" 200 692 "-" "Mozilla/5.0 (Windows NT 10.0; Win64; x64) AppleWebKit/537.36 (KHTML, like Gecko) Chrome/114.0.0.0 Safari/537.36"
103.219.169.200 - - [26/Apr/2026:01:18:11 +0300] "POST /xmlrpc.php HTTP/1.1" 200 11538 "-" "Mozilla/5.0 (Windows NT 10.0; Win64; x64) AppleWebKit/537.36 (KHTML, like Gecko) Chrome/114.0.0.0 Safari/537.36"
193.36.38.228 - - [26/Apr/2026:01:18:21 +0300] "POST /xmlrpc.php HTTP/1.1" 200 12486 "-" "Mozilla/5.0 (Windows NT 10.0; Win64; x64) AppleWebKit/537.36 (KHTML, like Gecko) Chrome/114.0.0.0 Safari/537.36"
103.219.169.200 - - [26/Apr/2026:01:18:26 +0300] "GET /najpozytywniejsze-kasyna-internetowe-w-polsce-2025/ HTTP/1.1" 200 75718 "-" "Mozilla/5.0 (Windows NT 10.0; Win64; x64) AppleWebKit/537.36 (KHTML, like Gecko) Chrome/124.0.0.0 Safari/537.36"
185.216.113.70 - - [26/Apr/2026:01:18:45 +0300] "POST /wp-cron.php?doing_wp_cron=1777155525.3488020896911621093750 HTTP/1.1" 200 448 "-" "WordPress/6.3.8; https://serhatburke.miroglu.net"
193.36.38.228 - - [26/Apr/2026:01:18:33 +0300] "GET /we-checked-betting-conditions-detachment-legislation-expiration-timelines-and-added-bonus-record-products/ HTTP/1.1" 200 77547 "-" "Mozilla/5.0 (Windows NT 10.0; rv:109.0) Gecko/20100101 Firefox/115.0"
193.36.38.228 - - [26/Apr/2026:01:18:56 +0300] "POST /xmlrpc.php HTTP/1.1" 200 514 "-" "Mozilla/5.0 (Windows NT 10.0; Win64; x64) AppleWebKit/537.36 (KHTML, like Gecko) Chrome/114.0.0.0 Safari/537.36"
185.216.113.70 - - [26/Apr/2026:01:19:25 +0300] "POST /wp-cron.php?doing_wp_cron=1777155565.5850429534912109375000 HTTP/1.1" 200 448 "-" "WordPress/6.3.8; https://serhatburke.miroglu.net"
193.36.38.228 - - [26/Apr/2026:01:19:13 +0300] "POST /xmlrpc.php HTTP/1.1" 200 9282 "-" "Mozilla/5.0 (Windows NT 10.0; Win64; x64) AppleWebKit/537.36 (KHTML, like Gecko) Chrome/114.0.0.0 Safari/537.36"
193.36.38.228 - - [26/Apr/2026:01:19:27 +0300] "GET /the-best-uk-casino-internet-keep-banking-simple-timely-and-you-will-safe/ HTTP/1.1" 200 73411 "-" "Mozilla/5.0 (Windows NT 10.0; Win64; x64) AppleWebKit/537.36 (KHTML, like Gecko) Chrome/109.0.0.0 Safari/537.36"
185.216.113.70 - - [26/Apr/2026:01:19:54 +0300] "POST /wp-cron.php?doing_wp_cron=1777155594.7766170501708984375000 HTTP/1.1" 200 448 "-" "WordPress/6.3.8; https://serhatburke.miroglu.net"
129.227.39.118 - - [26/Apr/2026:01:19:42 +0300] "POST /xmlrpc.php HTTP/1.1" 200 630 "-" "Mozilla/5.0 (Windows NT 10.0; Win64; x64) AppleWebKit/537.36 (KHTML, like Gecko) Chrome/114.0.0.0 Safari/537.36"
193.36.38.228 - - [26/Apr/2026:01:19:54 +0300] "POST /xmlrpc.php HTTP/1.1" 200 692 "-" "Mozilla/5.0 (Windows NT 10.0; Win64; x64) AppleWebKit/537.36 (KHTML, like Gecko) Chrome/114.0.0.0 Safari/537.36"
129.227.39.118 - - [26/Apr/2026:01:20:01 +0300] "POST /xmlrpc.php HTTP/1.1" 200 14263 "-" "Mozilla/5.0 (Windows NT 10.0; Win64; x64) AppleWebKit/537.36 (KHTML, like Gecko) Chrome/114.0.0.0 Safari/537.36"
40.77.167.156 - - [26/Apr/2026:01:20:04 +0300] "GET /it-deposit-added-bonus-off-888-casino-is-not-any-exception-to-this-rule/ HTTP/2" 200 17329 "-" "Mozilla/5.0 AppleWebKit/537.36 (KHTML, like Gecko; compatible; bingbot/2.0; +http://www.bing.com/bingbot.htm) Chrome/116.0.1938.76 Safari/537.36"
193.36.38.226 - - [26/Apr/2026:01:19:57 +0300] "POST /xmlrpc.php HTTP/1.1" 200 692 "-" "Mozilla/5.0 (Windows NT 10.0; Win64; x64) AppleWebKit/537.36 (KHTML, like Gecko) Chrome/114.0.0.0 Safari/537.36"
185.216.113.70 - - [26/Apr/2026:01:20:39 +0300] "POST /wp-cron.php?doing_wp_cron=1777155638.9016740322113037109375 HTTP/1.1" 200 448 "-" "WordPress/6.3.8; https://serhatburke.miroglu.net"
193.36.38.228 - - [26/Apr/2026:01:20:23 +0300] "POST /xmlrpc.php HTTP/1.1" 200 9035 "-" "Mozilla/5.0 (Windows NT 10.0; Win64; x64) AppleWebKit/537.36 (KHTML, like Gecko) Chrome/114.0.0.0 Safari/537.36"
129.227.39.118 - - [26/Apr/2026:01:20:26 +0300] "GET /now-offers-book-of-ra-slot-machine-game-costa-rica/ HTTP/1.1" 200 77562 "-" "Mozilla/5.0 (Windows NT 10.0; Win64; x64) AppleWebKit/537.36 (KHTML, like Gecko) Chrome/122.0.0.0 Safari/537.36"
193.36.38.226 - - [26/Apr/2026:01:20:32 +0300] "POST /xmlrpc.php HTTP/1.1" 200 10928 "-" "Mozilla/5.0 (Windows NT 10.0; Win64; x64) AppleWebKit/537.36 (KHTML, like Gecko) Chrome/114.0.0.0 Safari/537.36"
40.77.167.156 - - [26/Apr/2026:01:20:33 +0300] "GET /lesquelles-ressemblent-sauf-que-vos-obstacles-de-chemin-de-fer-internent/ HTTP/2" 200 18085 "-" "Mozilla/5.0 AppleWebKit/537.36 (KHTML, like Gecko; compatible; bingbot/2.0; +http://www.bing.com/bingbot.htm) Chrome/116.0.1938.76 Safari/537.36"
193.36.38.228 - - [26/Apr/2026:01:20:39 +0300] "GET /in-the-event-that-a-gambling-establishment-promote-may-be-worth-saying-youll-find-it-here/ HTTP/1.1" 200 73738 "-" "Mozilla/5.0 (Windows NT 10.0; rv:109.0) Gecko/20100101 Firefox/115.0"
193.36.38.226 - - [26/Apr/2026:01:20:57 +0300] "GET /technologia-informacyjna-specjalnosc-wybor-dla-graczy-z-wola-doswiadczyc-na-autostradzie-lub-ktorzy-maja-kanapy/ HTTP/1.1" 200 76410 "-" "Mozilla/5.0 (Windows NT 10.0; Win64; x64; rv:124.0) Gecko/20100101 Firefox/124.0"
40.77.167.156 - - [26/Apr/2026:01:21:04 +0300] "GET /banc-en-ligne-a-lexclusion-de-promesse-quels-ressemblent-les-benefices-1-machine-a-sous-fire-joker-red-banc/ HTTP/2" 200 18757 "-" "Mozilla/5.0 AppleWebKit/537.36 (KHTML, like Gecko; compatible; bingbot/2.0; +http://www.bing.com/bingbot.htm) Chrome/116.0.1938.76 Safari/537.36"
193.36.38.228 - - [26/Apr/2026:01:21:04 +0300] "POST /xmlrpc.php HTTP/1.1" 200 692 "-" "Mozilla/5.0 (Windows NT 10.0; Win64; x64) AppleWebKit/537.36 (KHTML, like Gecko) Chrome/114.0.0.0 Safari/537.36"
52.167.144.205 - - [26/Apr/2026:01:21:12 +0300] "GET /beste-casino-site-belgie-hoge-inzet/ HTTP/2" 200 18402 "-" "Mozilla/5.0 AppleWebKit/537.36 (KHTML, like Gecko; compatible; bingbot/2.0; +http://www.bing.com/bingbot.htm) Chrome/116.0.1938.76 Safari/537.36"
185.216.113.70 - - [26/Apr/2026:01:21:41 +0300] "POST /wp-cron.php?doing_wp_cron=1777155701.2025148868560791015625 HTTP/1.1" 200 448 "-" "WordPress/6.3.8; https://serhatburke.miroglu.net"
193.36.38.228 - - [26/Apr/2026:01:21:29 +0300] "POST /xmlrpc.php HTTP/1.1" 200 11339 "-" "Mozilla/5.0 (Windows NT 10.0; Win64; x64) AppleWebKit/537.36 (KHTML, like Gecko) Chrome/114.0.0.0 Safari/537.36"
193.36.38.228 - - [26/Apr/2026:01:21:41 +0300] "GET /users-earn-quick-prizes-in-the-event-the-furious-struck-and-you-will-prize-symbols-home-at-the-same-time/ HTTP/1.1" 200 76313 "-" "Mozilla/5.0 (Windows NT 10.0; Win64; x64) AppleWebKit/537.36 (KHTML, like Gecko) Chrome/122.0.0.0 Safari/537.36"
193.36.38.226 - - [26/Apr/2026:01:21:50 +0300] "POST /xmlrpc.php HTTP/1.1" 200 692 "-" "Mozilla/5.0 (Windows NT 10.0; Win64; x64) AppleWebKit/537.36 (KHTML, like Gecko) Chrome/114.0.0.0 Safari/537.36"
193.36.38.228 - - [26/Apr/2026:01:22:00 +0300] "POST /xmlrpc.php HTTP/1.1" 200 514 "-" "Mozilla/5.0 (Windows NT 10.0; Win64; x64) AppleWebKit/537.36 (KHTML, like Gecko) Chrome/114.0.0.0 Safari/537.36"
193.36.38.226 - - [26/Apr/2026:01:22:09 +0300] "POST /xmlrpc.php HTTP/1.1" 200 10843 "-" "Mozilla/5.0 (Windows NT 10.0; Win64; x64) AppleWebKit/537.36 (KHTML, like Gecko) Chrome/114.0.0.0 Safari/537.36"
185.216.113.70 - - [26/Apr/2026:01:22:31 +0300] "POST /wp-cron.php?doing_wp_cron=1777155751.3686521053314208984375 HTTP/1.1" 200 448 "-" "WordPress/6.3.8; https://serhatburke.miroglu.net"
193.36.38.228 - - [26/Apr/2026:01:22:18 +0300] "POST /xmlrpc.php HTTP/1.1" 200 9238 "-" "Mozilla/5.0 (Windows NT 10.0; Win64; x64) AppleWebKit/537.36 (KHTML, like Gecko) Chrome/114.0.0.0 Safari/537.36"
193.36.38.226 - - [26/Apr/2026:01:22:22 +0300] "GET /zdaniem-jeden-z-ekspertow-prawo-kasyno-internetowe-jest-ich-wiele-po-prostu-ja/ HTTP/1.1" 200 75503 "-" "Mozilla/5.0 (Windows NT 10.0; Win64; x64; rv:125.0) Gecko/20100101 Firefox/125.0"
193.36.38.228 - - [26/Apr/2026:01:22:31 +0300] "GET /participants-can-access-web-based-casinos-via-browsers-otherwise-dedicated-mobile-software/ HTTP/1.1" 200 74102 "-" "Mozilla/5.0 (Windows NT 10.0; Win64; x64) AppleWebKit/537.36 (KHTML, like Gecko) Chrome/123.0.0.0 Safari/537.36 OPR/109.0.0.0"
185.216.113.70 - - [26/Apr/2026:01:23:47 +0300] "POST /wp-cron.php?doing_wp_cron=1777155827.6442248821258544921875 HTTP/1.1" 200 448 "-" "WordPress/6.3.8; https://serhatburke.miroglu.net"
193.36.38.226 - - [26/Apr/2026:01:23:35 +0300] "POST /xmlrpc.php HTTP/1.1" 200 692 "-" "Mozilla/5.0 (Windows NT 10.0; Win64; x64) AppleWebKit/537.36 (KHTML, like Gecko) Chrome/114.0.0.0 Safari/537.36"
193.36.38.228 - - [26/Apr/2026:01:23:43 +0300] "POST /xmlrpc.php HTTP/1.1" 200 692 "-" "Mozilla/5.0 (Windows NT 10.0; Win64; x64) AppleWebKit/537.36 (KHTML, like Gecko) Chrome/114.0.0.0 Safari/537.36"
193.36.38.226 - - [26/Apr/2026:01:23:53 +0300] "POST /xmlrpc.php HTTP/1.1" 200 9806 "-" "Mozilla/5.0 (Windows NT 10.0; Win64; x64) AppleWebKit/537.36 (KHTML, like Gecko) Chrome/114.0.0.0 Safari/537.36"
193.36.38.228 - - [26/Apr/2026:01:24:04 +0300] "POST /xmlrpc.php HTTP/1.1" 200 11760 "-" "Mozilla/5.0 (Windows NT 10.0; Win64; x64) AppleWebKit/537.36 (KHTML, like Gecko) Chrome/114.0.0.0 Safari/537.36"
193.36.38.226 - - [26/Apr/2026:01:24:10 +0300] "GET /kasyno-hazardowe-wspolpracuje-tylko-z-renomowanymi-operatorami-wydatkow-po-prostu-co-dodatkowo-zwieksza-wysokosc-bezpieczenstwa/ HTTP/1.1" 200 75804 "-" "Mozilla/5.0 (Windows NT 10.0; Win64; x64; rv:125.0) Gecko/20100101 Firefox/125.0"
185.216.113.70 - - [26/Apr/2026:01:24:41 +0300] "POST /wp-cron.php?doing_wp_cron=1777155881.3256270885467529296875 HTTP/1.1" 200 448 "-" "WordPress/6.3.8; https://serhatburke.miroglu.net"
52.167.144.205 - - [26/Apr/2026:01:24:21 +0300] "GET /volte-casa-da-gioco-online-sicuri-spesso-premiano-rso-giocatori-regolari-per-programmi-di-monogamia-o-circolo-grosso-calibro/ HTTP/2" 200 18017 "-" "Mozilla/5.0 AppleWebKit/537.36 (KHTML, like Gecko; compatible; bingbot/2.0; +http://www.bing.com/bingbot.htm) Chrome/116.0.1938.76 Safari/537.36"
193.36.38.228 - - [26/Apr/2026:01:24:24 +0300] "GET /sweepstakes-gambling-enterprises-is-actually-a-distinctive-kind-of-online-gambling-legally-functioning-round-the-all-the-you/ HTTP/1.1" 200 77305 "-" "Mozilla/5.0 (Windows NT 10.0; Win64; x64) AppleWebKit/537.36 (KHTML, like Gecko) Chrome/124.0.0.0 Safari/537.36"
52.167.144.205 - - [26/Apr/2026:01:24:25 +0300] "GET /roulette-bonuses-canada-legal-everything-you-need-to-know/ HTTP/2" 200 17670 "-" "Mozilla/5.0 AppleWebKit/537.36 (KHTML, like Gecko; compatible; bingbot/2.0; +http://www.bing.com/bingbot.htm) Chrome/116.0.1938.76 Safari/537.36"
52.167.144.190 - - [26/Apr/2026:01:24:30 +0300] "GET /h1-tronscan-navigate-the-tron-blockchain-with-ease-h1-5/ HTTP/2" 200 17651 "-" "Mozilla/5.0 AppleWebKit/537.36 (KHTML, like Gecko; compatible; bingbot/2.0; +http://www.bing.com/bingbot.htm) Chrome/116.0.1938.76 Safari/537.36"
95.108.213.163 - - [26/Apr/2026:01:24:39 +0300] "GET /robots.txt HTTP/1.1" 200 742 "-" "Mozilla/5.0 (compatible; YandexBot/3.0; +http://yandex.com/bots)"
193.36.38.228 - - [26/Apr/2026:01:24:39 +0300] "POST /xmlrpc.php HTTP/1.1" 200 692 "-" "Mozilla/5.0 (Windows NT 10.0; Win64; x64) AppleWebKit/537.36 (KHTML, like Gecko) Chrome/114.0.0.0 Safari/537.36"
129.227.39.118 - - [26/Apr/2026:01:25:02 +0300] "POST /xmlrpc.php HTTP/1.1" 200 630 "-" "Mozilla/5.0 (Windows NT 10.0; Win64; x64) AppleWebKit/537.36 (KHTML, like Gecko) Chrome/114.0.0.0 Safari/537.36"
87.250.224.23 - - [26/Apr/2026:01:25:10 +0300] "GET /sitemap.rss HTTP/1.1" 200 5938 "-" "Mozilla/5.0 (compatible; YandexBot/3.0; +http://yandex.com/bots)"
213.180.203.126 - - [26/Apr/2026:01:25:10 +0300] "GET /sitemap.xml HTTP/1.1" 200 1783 "-" "Mozilla/5.0 (compatible; YandexBot/3.0; +http://yandex.com/bots)"
193.36.38.228 - - [26/Apr/2026:01:25:17 +0300] "POST /xmlrpc.php HTTP/1.1" 200 8188 "-" "Mozilla/5.0 (Windows NT 10.0; Win64; x64) AppleWebKit/537.36 (KHTML, like Gecko) Chrome/114.0.0.0 Safari/537.36"
185.216.113.70 - - [26/Apr/2026:01:25:42 +0300] "POST /wp-cron.php?doing_wp_cron=1777155942.7062180042266845703125 HTTP/1.1" 200 448 "-" "WordPress/6.3.8; https://serhatburke.miroglu.net"
129.227.39.118 - - [26/Apr/2026:01:25:30 +0300] "POST /xmlrpc.php HTTP/1.1" 200 13482 "-" "Mozilla/5.0 (Windows NT 10.0; Win64; x64) AppleWebKit/537.36 (KHTML, like Gecko) Chrome/114.0.0.0 Safari/537.36"
193.36.38.228 - - [26/Apr/2026:01:25:35 +0300] "GET /zero-embarrassing-design-items-zero-lag-only-seamless-game-play-regardless-of-where-you-might-be-to-experience/ HTTP/1.1" 200 73576 "-" "Mozilla/5.0 (Windows NT 10.0; Win64; x64) AppleWebKit/537.36 (KHTML, like Gecko) Chrome/124.0.0.0 Safari/537.36"
129.227.39.118 - - [26/Apr/2026:01:25:43 +0300] "GET /split-away-position-from-the-video-game-global-free-demonstration-gamble/ HTTP/1.1" 200 77379 "-" "Mozilla/5.0 (Windows NT 10.0; Win64; x64) AppleWebKit/537.36 (KHTML, like Gecko) Chrome/124.0.0.0 Safari/537.36 Edg/124.0.0.0"
193.36.38.226 - - [26/Apr/2026:01:25:56 +0300] "POST /xmlrpc.php HTTP/1.1" 200 692 "-" "Mozilla/5.0 (Windows NT 10.0; Win64; x64) AppleWebKit/537.36 (KHTML, like Gecko) Chrome/114.0.0.0 Safari/537.36"
193.36.38.228 - - [26/Apr/2026:01:26:04 +0300] "POST /xmlrpc.php HTTP/1.1" 200 692 "-" "Mozilla/5.0 (Windows NT 10.0; Win64; x64) AppleWebKit/537.36 (KHTML, like Gecko) Chrome/114.0.0.0 Safari/537.36"
193.36.38.226 - - [26/Apr/2026:01:26:13 +0300] "POST /xmlrpc.php HTTP/1.1" 200 10346 "-" "Mozilla/5.0 (Windows NT 10.0; Win64; x64) AppleWebKit/537.36 (KHTML, like Gecko) Chrome/114.0.0.0 Safari/537.36"
185.216.113.70 - - [26/Apr/2026:01:26:34 +0300] "POST /wp-cron.php?doing_wp_cron=1777155994.5020320415496826171875 HTTP/1.1" 200 448 "-" "WordPress/6.3.8; https://serhatburke.miroglu.net"
193.36.38.228 - - [26/Apr/2026:01:26:22 +0300] "POST /xmlrpc.php HTTP/1.1" 200 10816 "-" "Mozilla/5.0 (Windows NT 10.0; Win64; x64) AppleWebKit/537.36 (KHTML, like Gecko) Chrome/114.0.0.0 Safari/537.36"
193.36.38.226 - - [26/Apr/2026:01:26:26 +0300] "GET /legiano-casino-nawet-oferuje-szeroka-game-wybor-bonusowych-w-ramach-programu-lojalnosciowego/ HTTP/1.1" 200 75339 "-" "Mozilla/5.0 (Windows NT 10.0; Win64; x64) AppleWebKit/537.36 (KHTML, like Gecko) Chrome/123.0.0.0 Safari/537.36"
193.36.38.228 - - [26/Apr/2026:01:26:35 +0300] "GET /so-it-gambling-establishment-contains-the-premier-rtp-of-any-playing-webpages-to-the-our-very-own-shortlist/ HTTP/1.1" 200 76073 "-" "Mozilla/5.0 (Windows NT 10.0; rv:125.0) Gecko/20100101 Firefox/125.0"
193.36.38.228 - - [26/Apr/2026:01:27:11 +0300] "POST /xmlrpc.php HTTP/1.1" 200 692 "-" "Mozilla/5.0 (Windows NT 10.0; Win64; x64) AppleWebKit/537.36 (KHTML, like Gecko) Chrome/114.0.0.0 Safari/537.36"
185.216.113.70 - - [26/Apr/2026:01:27:45 +0300] "POST /wp-cron.php?doing_wp_cron=1777156065.9218170642852783203125 HTTP/1.1" 200 448 "-" "WordPress/6.3.8; https://serhatburke.miroglu.net"
193.36.38.228 - - [26/Apr/2026:01:27:30 +0300] "POST /xmlrpc.php HTTP/1.1" 200 10791 "-" "Mozilla/5.0 (Windows NT 10.0; Win64; x64) AppleWebKit/537.36 (KHTML, like Gecko) Chrome/114.0.0.0 Safari/537.36"
52.167.144.159 - - [26/Apr/2026:01:27:35 +0300] "GET /expertentipp-zu-handen-zocker-zur-optimalen-anwendung-durch-spielbank-boni-europaisch/ HTTP/2" 200 18606 "-" "Mozilla/5.0 AppleWebKit/537.36 (KHTML, like Gecko; compatible; bingbot/2.0; +http://www.bing.com/bingbot.htm) Chrome/116.0.1938.76 Safari/537.36"
52.167.144.150 - - [26/Apr/2026:01:27:38 +0300] "GET /fur-besondere-zocker-sei-nachfolgende-000-willkommenspaket-so-weit-wie-%EF%BF%BD500-plus-hundred-freispiele-dies-sinnvolle-angebot/ HTTP/2" 200 18535 "-" "Mozilla/5.0 AppleWebKit/537.36 (KHTML, like Gecko; compatible; bingbot/2.0; +http://www.bing.com/bingbot.htm) Chrome/116.0.1938.76 Safari/537.36"
193.36.38.226 - - [26/Apr/2026:01:27:39 +0300] "POST /xmlrpc.php HTTP/1.1" 200 692 "-" "Mozilla/5.0 (Windows NT 10.0; Win64; x64) AppleWebKit/537.36 (KHTML, like Gecko) Chrome/114.0.0.0 Safari/537.36"
193.36.38.228 - - [26/Apr/2026:01:27:50 +0300] "GET /just-be-sure-you-may-be-to-play-at-the-a-licensed-and-you-may-regulated-web-site/ HTTP/1.1" 200 75230 "-" "Mozilla/5.0 (Windows NT 10.0; Win64; x64) AppleWebKit/537.36 (KHTML, like Gecko) Chrome/109.0.0.0 Safari/537.36"
52.167.144.205 - - [26/Apr/2026:01:28:02 +0300] "GET /newest-united-gate777-malta-states-no-deposit-gambling-establishment-bonus-requirements-february-2026/ HTTP/2" 200 19197 "-" "Mozilla/5.0 AppleWebKit/537.36 (KHTML, like Gecko; compatible; bingbot/2.0; +http://www.bing.com/bingbot.htm) Chrome/116.0.1938.76 Safari/537.36"
193.36.38.226 - - [26/Apr/2026:01:28:18 +0300] "POST /xmlrpc.php HTTP/1.1" 200 9525 "-" "Mozilla/5.0 (Windows NT 10.0; Win64; x64) AppleWebKit/537.36 (KHTML, like Gecko) Chrome/114.0.0.0 Safari/537.36"
52.167.144.150 - - [26/Apr/2026:01:28:19 +0300] "GET /discover-the-ultimate-features-of-safepal-wallet/ HTTP/2" 200 17672 "-" "Mozilla/5.0 AppleWebKit/537.36 (KHTML, like Gecko; compatible; bingbot/2.0; +http://www.bing.com/bingbot.htm) Chrome/116.0.1938.76 Safari/537.36"
185.216.113.70 - - [26/Apr/2026:01:28:47 +0300] "POST /wp-cron.php?doing_wp_cron=1777156127.1222560405731201171875 HTTP/1.1" 200 448 "-" "WordPress/6.3.8; https://serhatburke.miroglu.net"
193.36.38.226 - - [26/Apr/2026:01:28:32 +0300] "GET /jednak-wystarczajaco-wpisac-wyszukiwaniu-anglojezyczna-nazwe-vingt-et-un-roulette-baccarat-etc/ HTTP/1.1" 200 74750 "-" "Mozilla/5.0 (Windows NT 10.0; Win64; x64) AppleWebKit/537.36 (KHTML, like Gecko) Chrome/109.0.0.0 Safari/537.36"
193.36.38.228 - - [26/Apr/2026:01:28:34 +0300] "POST /xmlrpc.php HTTP/1.1" 200 692 "-" "Mozilla/5.0 (Windows NT 10.0; Win64; x64) AppleWebKit/537.36 (KHTML, like Gecko) Chrome/114.0.0.0 Safari/537.36"
52.167.144.150 - - [26/Apr/2026:01:28:40 +0300] "GET /5-minimal-deposit-casinos-to-have-usa-2026/ HTTP/2" 200 18701 "-" "Mozilla/5.0 AppleWebKit/537.36 (KHTML, like Gecko; compatible; bingbot/2.0; +http://www.bing.com/bingbot.htm) Chrome/116.0.1938.76 Safari/537.36"
193.36.38.228 - - [26/Apr/2026:01:28:55 +0300] "POST /xmlrpc.php HTTP/1.1" 200 12737 "-" "Mozilla/5.0 (Windows NT 10.0; Win64; x64) AppleWebKit/537.36 (KHTML, like Gecko) Chrome/114.0.0.0 Safari/537.36"
95.108.213.163 - - [26/Apr/2026:01:28:54 +0300] "GET /post-sitemap60.xml HTTP/1.1" 200 108540 "-" "Mozilla/5.0 (compatible; YandexBot/3.0; +http://yandex.com/bots)"
193.36.38.228 - - [26/Apr/2026:01:29:12 +0300] "GET /know-that-transferring-through-cell-phone-expenses-allows-you-to-postpone-your-own-fee/ HTTP/1.1" 200 77434 "-" "Mozilla/5.0 (Windows NT 10.0; Win64; x64) AppleWebKit/537.36 (KHTML, like Gecko) Chrome/122.0.0.0 Safari/537.36"
193.36.38.226 - - [26/Apr/2026:01:29:22 +0300] "POST /xmlrpc.php HTTP/1.1" 200 692 "-" "Mozilla/5.0 (Windows NT 10.0; Win64; x64) AppleWebKit/537.36 (KHTML, like Gecko) Chrome/114.0.0.0 Safari/537.36"
185.216.113.70 - - [26/Apr/2026:01:29:53 +0300] "POST /wp-cron.php?doing_wp_cron=1777156193.1776750087738037109375 HTTP/1.1" 200 448 "-" "WordPress/6.3.8; https://serhatburke.miroglu.net"
193.36.38.228 - - [26/Apr/2026:01:29:40 +0300] "POST /xmlrpc.php HTTP/1.1" 200 692 "-" "Mozilla/5.0 (Windows NT 10.0; Win64; x64) AppleWebKit/537.36 (KHTML, like Gecko) Chrome/114.0.0.0 Safari/537.36"
193.36.38.226 - - [26/Apr/2026:01:29:41 +0300] "POST /xmlrpc.php HTTP/1.1" 200 9334 "-" "Mozilla/5.0 (Windows NT 10.0; Win64; x64) AppleWebKit/537.36 (KHTML, like Gecko) Chrome/114.0.0.0 Safari/537.36"
193.36.38.226 - - [26/Apr/2026:01:29:55 +0300] "GET /oznacza-ze-masz-na-nich-dostawa-w-dowolnym-urzadzeniu-wystarczy-polaczenie-z-internetem/ HTTP/1.1" 200 74298 "-" "Mozilla/5.0 (Windows NT 10.0; Win64; x64) AppleWebKit/537.36 (KHTML, like Gecko) Chrome/124.0.0.0 Safari/537.36"
193.36.38.228 - - [26/Apr/2026:01:29:59 +0300] "POST /xmlrpc.php HTTP/1.1" 200 9766 "-" "Mozilla/5.0 (Windows NT 10.0; Win64; x64) AppleWebKit/537.36 (KHTML, like Gecko) Chrome/114.0.0.0 Safari/537.36"
193.36.38.228 - - [26/Apr/2026:01:30:18 +0300] "GET /the-best-casinos-having-live-dealer-roulette-on-the-internet-have-to-have-video-game-regarding-industry-best-developers/ HTTP/1.1" 200 75469 "-" "Mozilla/5.0 (Windows NT 10.0; Win64; x64) AppleWebKit/537.36 (KHTML, like Gecko) Chrome/123.0.0.0 Safari/537.36 OPR/109.0.0.0"
185.216.113.70 - - [26/Apr/2026:01:30:46 +0300] "POST /wp-cron.php?doing_wp_cron=1777156246.4623849391937255859375 HTTP/1.1" 200 448 "-" "WordPress/6.3.8; https://serhatburke.miroglu.net"
129.227.39.118 - - [26/Apr/2026:01:30:33 +0300] "POST /xmlrpc.php HTTP/1.1" 200 630 "-" "Mozilla/5.0 (Windows NT 10.0; Win64; x64) AppleWebKit/537.36 (KHTML, like Gecko) Chrome/114.0.0.0 Safari/537.36"
193.36.38.228 - - [26/Apr/2026:01:30:43 +0300] "POST /xmlrpc.php HTTP/1.1" 200 514 "-" "Mozilla/5.0 (Windows NT 10.0; Win64; x64) AppleWebKit/537.36 (KHTML, like Gecko) Chrome/114.0.0.0 Safari/537.36"
129.227.39.118 - - [26/Apr/2026:01:30:53 +0300] "POST /xmlrpc.php HTTP/1.1" 200 13523 "-" "Mozilla/5.0 (Windows NT 10.0; Win64; x64) AppleWebKit/537.36 (KHTML, like Gecko) Chrome/114.0.0.0 Safari/537.36"
95.108.213.101 - - [26/Apr/2026:01:30:56 +0300] "GET /post-sitemap61.xml HTTP/1.1" 200 130004 "-" "Mozilla/5.0 (compatible; YandexBot/3.0; +http://yandex.com/bots)"
193.36.38.228 - - [26/Apr/2026:01:31:03 +0300] "POST /xmlrpc.php HTTP/1.1" 200 10599 "-" "Mozilla/5.0 (Windows NT 10.0; Win64; x64) AppleWebKit/537.36 (KHTML, like Gecko) Chrome/114.0.0.0 Safari/537.36"
185.216.113.70 - - [26/Apr/2026:01:31:48 +0300] "POST /wp-cron.php?doing_wp_cron=1777156308.6557641029357910156250 HTTP/1.1" 200 448 "-" "WordPress/6.3.8; https://serhatburke.miroglu.net"
