98.98.197.163 - - [25/Apr/2026:14:04:40 +0300] "POST /xmlrpc.php HTTP/1.1" 200 630 "-" "Mozilla/5.0 (Windows NT 10.0; Win64; x64) AppleWebKit/537.36 (KHTML, like Gecko) Chrome/114.0.0.0 Safari/537.36"
207.46.13.18 - - [25/Apr/2026:14:04:38 +0300] "GET /primene-kanabisa-u-visokom-drushtvu-vulkan-vegas-prijava-registracija-na-google-play-u/ HTTP/2" 200 19494 "-" "Mozilla/5.0 AppleWebKit/537.36 (KHTML, like Gecko; compatible; bingbot/2.0; +http://www.bing.com/bingbot.htm) Chrome/116.0.1938.76 Safari/537.36"
37.60.244.188 - - [25/Apr/2026:14:04:50 +0300] "GET /beste-casino-site-belgie-hoge-inzet/ HTTP/1.1" 200 19215 "-" "Mozilla/5.0 (Windows NT 10.0; WOW64) AppleWebKit/537.36 (KHTML, like Gecko) Chrome/114.0.0.0 Safari/537.36 Vivaldi/5.3.2679.68"
185.216.113.70 - - [25/Apr/2026:14:06:10 +0300] "POST /wp-cron.php?doing_wp_cron=1777115170.9568300247192382812500 HTTP/1.1" 200 448 "-" "WordPress/6.3.8; https://serhatburke.miroglu.net"
98.98.197.163 - - [25/Apr/2026:14:05:52 +0300] "POST /xmlrpc.php HTTP/1.1" 200 13781 "-" "Mozilla/5.0 (Windows NT 10.0; Win64; x64) AppleWebKit/537.36 (KHTML, like Gecko) Chrome/114.0.0.0 Safari/537.36"
98.98.197.163 - - [25/Apr/2026:14:06:15 +0300] "GET /100-percent-free-wagers-gambling-internet-sites-with-free-bet-also-provides/ HTTP/1.1" 200 77461 "-" "Mozilla/5.0 (Windows NT 10.0; Win64; x64) AppleWebKit/537.36 (KHTML, like Gecko) Chrome/123.0.0.0 Safari/537.36 OPR/109.0.0.0"
185.216.113.70 - - [25/Apr/2026:14:08:56 +0300] "POST /wp-cron.php?doing_wp_cron=1777115336.2211630344390869140625 HTTP/1.1" 200 448 "-" "WordPress/6.3.8; https://serhatburke.miroglu.net"
178.175.140.148 - - [25/Apr/2026:14:08:43 +0300] "POST /xmlrpc.php HTTP/1.1" 200 630 "-" "Mozilla/5.0 (Windows NT 10.0; Win64; x64) AppleWebKit/537.36 (KHTML, like Gecko) Chrome/114.0.0.0 Safari/537.36"
77.119.188.175 - - [25/Apr/2026:14:08:52 +0300] "GET /casino-online-skrill-prelievo-veloce/ HTTP/1.1" 200 18877 "-" "Mozilla/5.0 (compatible; Googlebot/2.1; +http://www.google.com/bot.html)"
178.175.140.148 - - [25/Apr/2026:14:09:01 +0300] "POST /xmlrpc.php HTTP/1.1" 200 9661 "-" "Mozilla/5.0 (Windows NT 10.0; Win64; x64) AppleWebKit/537.36 (KHTML, like Gecko) Chrome/114.0.0.0 Safari/537.36"
178.175.140.148 - - [25/Apr/2026:14:09:17 +0300] "GET /dangers-meritai-au-sujets-des-gestions-a-l%EF%BF%BDegard-de-salle-de-jeu-quelque-peu/ HTTP/1.1" 200 74016 "-" "Mozilla/5.0 (Windows NT 10.0; Win64; x64) AppleWebKit/537.36 (KHTML, like Gecko) Chrome/124.0.0.0 Safari/537.36 Edg/124.0.0.0"
185.216.113.70 - - [25/Apr/2026:14:11:27 +0300] "POST /wp-cron.php?doing_wp_cron=1777115487.7310919761657714843750 HTTP/1.1" 200 448 "-" "WordPress/6.3.8; https://serhatburke.miroglu.net"
40.77.167.2 - - [25/Apr/2026:14:11:07 +0300] "GET /beste-mobiel-casino-van-nederland-overzicht-van-43/ HTTP/2" 200 228235 "-" "Mozilla/5.0 AppleWebKit/537.36 (KHTML, like Gecko; compatible; bingbot/2.0; +http://www.bing.com/bingbot.htm) Chrome/116.0.1938.76 Safari/537.36"
40.77.167.20 - - [25/Apr/2026:14:11:10 +0300] "GET /sic-erhalten-die-leser-angewandten-100000-ecu-with-no-vorleistung-bonus/ HTTP/2" 200 19097 "-" "Mozilla/5.0 AppleWebKit/537.36 (KHTML, like Gecko; compatible; bingbot/2.0; +http://www.bing.com/bingbot.htm) Chrome/116.0.1938.76 Safari/537.36"
40.77.167.20 - - [25/Apr/2026:14:11:11 +0300] "GET /de-uitgelezene-casinobonus-je-reisbegeleider-akelig-winsten-plusteken-baten/ HTTP/2" 200 20189 "-" "Mozilla/5.0 AppleWebKit/537.36 (KHTML, like Gecko; compatible; bingbot/2.0; +http://www.bing.com/bingbot.htm) Chrome/116.0.1938.76 Safari/537.36"
157.55.39.13 - - [25/Apr/2026:14:11:41 +0300] "GET /in-the-long-run-an-informed-casinos-on-the-internet-promote-excellent-customers-let-through-cellular-phone-e-send-or-alive-speak/ HTTP/2" 200 17777 "-" "Mozilla/5.0 AppleWebKit/537.36 (KHTML, like Gecko; compatible; bingbot/2.0; +http://www.bing.com/bingbot.htm) Chrome/116.0.1938.76 Safari/537.36"
40.77.167.2 - - [25/Apr/2026:14:11:46 +0300] "GET /como-podri%EF%BF%BDa-ser-bplay-es-uno-de-los-casinos-regulados-acerca-de-esa-region-del-pueblo/ HTTP/2" 200 14906 "-" "Mozilla/5.0 AppleWebKit/537.36 (KHTML, like Gecko; compatible; bingbot/2.0; +http://www.bing.com/bingbot.htm) Chrome/116.0.1938.76 Safari/537.36"
37.139.53.240 - - [25/Apr/2026:14:11:52 +0300] "GET / HTTP/2" 200 18293 "-" "Mozilla/5.0 (Macintosh; Intel Mac OS X 10_15_7) AppleWebKit/537.36 (KHTML, like Gecko) Chrome/131.0.0.0 Safari/537.36"
157.55.39.13 - - [25/Apr/2026:14:12:20 +0300] "GET /no-deposit-extra-casino-great-adventure-casinos-and-bonus-requirements-canada-january-2026/ HTTP/2" 200 18124 "-" "Mozilla/5.0 AppleWebKit/537.36 (KHTML, like Gecko; compatible; bingbot/2.0; +http://www.bing.com/bingbot.htm) Chrome/116.0.1938.76 Safari/537.36"
37.139.53.240 - - [25/Apr/2026:14:12:15 +0300] "GET / HTTP/2" 200 18293 "-" "Mozilla/5.0 (Macintosh; Intel Mac OS X 10_15_7) AppleWebKit/537.36 (KHTML, like Gecko) Chrome/131.0.0.0 Safari/537.36"
185.216.113.70 - - [25/Apr/2026:14:12:58 +0300] "POST /wp-cron.php?doing_wp_cron=1777115578.3093819618225097656250 HTTP/1.1" 200 448 "-" "WordPress/6.3.8; https://serhatburke.miroglu.net"
37.139.53.240 - - [25/Apr/2026:14:12:37 +0300] "GET / HTTP/2" 200 18293 "-" "Mozilla/5.0 (Macintosh; Intel Mac OS X 10_15_7) AppleWebKit/537.36 (KHTML, like Gecko) Chrome/131.0.0.0 Safari/537.36"
185.216.113.70 - - [25/Apr/2026:14:15:55 +0300] "POST /wp-cron.php?doing_wp_cron=1777115755.8072021007537841796875 HTTP/1.1" 200 448 "-" "WordPress/6.3.8; https://serhatburke.miroglu.net"
66.249.73.15 - - [25/Apr/2026:14:15:43 +0300] "GET /robots.txt HTTP/1.1" 200 719 "-" "Mozilla/5.0 (compatible; Googlebot/2.1; +http://www.google.com/bot.html)"
185.216.113.70 - - [25/Apr/2026:14:17:21 +0300] "POST /wp-cron.php?doing_wp_cron=1777115841.0142140388488769531250 HTTP/1.1" 200 448 "-" "WordPress/6.3.8; https://serhatburke.miroglu.net"
103.122.3.28 - - [25/Apr/2026:14:17:08 +0300] "GET /28563-2/ HTTP/1.1" 200 19335 "https://serhatburke.miroglu.net/" "Mozilla/5.0 (Windows NT 10.0; Win64; x64; Xbox; Xbox One) AppleWebKit/537.36 (KHTML, like Gecko) Chrome/114.0.0.0 Safari/537.36 Edge/44.18363.8131"
178.175.140.148 - - [25/Apr/2026:14:17:31 +0300] "POST /xmlrpc.php HTTP/1.1" 200 630 "-" "Mozilla/5.0 (Windows NT 10.0; Win64; x64) AppleWebKit/537.36 (KHTML, like Gecko) Chrome/114.0.0.0 Safari/537.36"
185.216.113.70 - - [25/Apr/2026:14:18:02 +0300] "POST /wp-cron.php?doing_wp_cron=1777115882.1495709419250488281250 HTTP/1.1" 200 448 "-" "WordPress/6.3.8; https://serhatburke.miroglu.net"
178.175.140.148 - - [25/Apr/2026:14:17:49 +0300] "POST /xmlrpc.php HTTP/1.1" 200 9580 "-" "Mozilla/5.0 (Windows NT 10.0; Win64; x64) AppleWebKit/537.36 (KHTML, like Gecko) Chrome/114.0.0.0 Safari/537.36"
178.175.140.148 - - [25/Apr/2026:14:18:02 +0300] "GET /mon-salle-de-jeu-legerement-chance-une-ligne-unique-sauf-que-moderne-a-l%EF%BF%BDegard-de-une-ample-arguments-de-jeux/ HTTP/1.1" 200 75507 "-" "Mozilla/5.0 (Windows NT 10.0; rv:109.0) Gecko/20100101 Firefox/115.0"
40.77.167.59 - - [25/Apr/2026:14:18:03 +0300] "GET /a%E3%83%AA%E3%83%BC%E3%82%B0%E6%83%85%E5%A0%B1/ HTTP/2" 200 24217 "-" "Mozilla/5.0 AppleWebKit/537.36 (KHTML, like Gecko; compatible; bingbot/2.0; +http://www.bing.com/bingbot.htm) Chrome/116.0.1938.76 Safari/537.36"
52.167.144.163 - - [25/Apr/2026:14:18:09 +0300] "GET /gli-differencie-e-meccaniche-di-incontro-eliminando-qualunque-selezione-di-interferenze-esterne-ovvero-manipolazioni/ HTTP/2" 200 18092 "-" "Mozilla/5.0 AppleWebKit/537.36 (KHTML, like Gecko; compatible; bingbot/2.0; +http://www.bing.com/bingbot.htm) Chrome/116.0.1938.76 Safari/537.36"
186.78.68.127 - - [25/Apr/2026:14:18:15 +0300] "POST /xmlrpc.php HTTP/2" 200 140 "-" "WordPress/XMLRPC Client"
178.175.140.148 - - [25/Apr/2026:14:18:28 +0300] "POST /xmlrpc.php HTTP/1.1" 200 630 "-" "Mozilla/5.0 (Windows NT 10.0; Win64; x64) AppleWebKit/537.36 (KHTML, like Gecko) Chrome/114.0.0.0 Safari/537.36"
40.77.167.59 - - [25/Apr/2026:14:18:35 +0300] "GET /no-deposit-bonuses-really-works-nearly-exactly-like-deposit-bonuses-that-have-extremely-few-differences/ HTTP/2" 200 17651 "-" "Mozilla/5.0 AppleWebKit/537.36 (KHTML, like Gecko; compatible; bingbot/2.0; +http://www.bing.com/bingbot.htm) Chrome/116.0.1938.76 Safari/537.36"
186.78.68.127 - - [25/Apr/2026:14:18:38 +0300] "GET /?p=135559 HTTP/2" 301 0 "-" "Mozilla/5.0 (Windows NT 10.0; Win64; x64) AppleWebKit/537.36 (KHTML, like Gecko) Chrome/120.0.0.0 Safari/537.36"
52.167.144.163 - - [25/Apr/2026:14:18:40 +0300] "GET /korgseltskonna-slotimangude-arvustus-ja-promokood-ice-kasiinole-hasartmanguettevotted-microgaming/ HTTP/2" 200 18289 "-" "Mozilla/5.0 AppleWebKit/537.36 (KHTML, like Gecko; compatible; bingbot/2.0; +http://www.bing.com/bingbot.htm) Chrome/116.0.1938.76 Safari/537.36"
185.216.113.70 - - [25/Apr/2026:14:19:07 +0300] "POST /wp-cron.php?doing_wp_cron=1777115947.9026179313659667968750 HTTP/1.1" 200 448 "-" "WordPress/6.3.8; https://serhatburke.miroglu.net"
178.175.140.148 - - [25/Apr/2026:14:18:53 +0300] "POST /xmlrpc.php HTTP/1.1" 200 9370 "-" "Mozilla/5.0 (Windows NT 10.0; Win64; x64) AppleWebKit/537.36 (KHTML, like Gecko) Chrome/114.0.0.0 Safari/537.36"
40.77.167.59 - - [25/Apr/2026:14:19:03 +0300] "GET /migliori-bisca-online-adm-prima-aams-2026-graduatoria-bonus-ancora-recensioni/ HTTP/2" 200 20111 "-" "Mozilla/5.0 AppleWebKit/537.36 (KHTML, like Gecko; compatible; bingbot/2.0; +http://www.bing.com/bingbot.htm) Chrome/116.0.1938.76 Safari/537.36"
178.175.140.148 - - [25/Apr/2026:14:19:08 +0300] "GET /lorsque-le-ne-va-pas-la-situation-je-vous-distraie-de-tester-la-voie-i%EF%BF%BD-du-casino-proprement-dite/ HTTP/1.1" 200 74398 "-" "Mozilla/5.0 (Windows NT 10.0; Win64; x64; rv:124.0) Gecko/20100101 Firefox/124.0"
178.175.140.148 - - [25/Apr/2026:14:19:24 +0300] "POST /xmlrpc.php HTTP/1.1" 200 630 "-" "Mozilla/5.0 (Windows NT 10.0; Win64; x64) AppleWebKit/537.36 (KHTML, like Gecko) Chrome/114.0.0.0 Safari/537.36"
185.216.113.70 - - [25/Apr/2026:14:19:58 +0300] "POST /wp-cron.php?doing_wp_cron=1777115998.1748631000518798828125 HTTP/1.1" 200 448 "-" "WordPress/6.3.8; https://serhatburke.miroglu.net"
178.175.140.148 - - [25/Apr/2026:14:19:44 +0300] "POST /xmlrpc.php HTTP/1.1" 200 9200 "-" "Mozilla/5.0 (Windows NT 10.0; Win64; x64) AppleWebKit/537.36 (KHTML, like Gecko) Chrome/114.0.0.0 Safari/537.36"
178.175.140.148 - - [25/Apr/2026:14:19:58 +0300] "GET /des-inconnus-multiplication-comme-cette-roulette-le-toilettage-pour-calculateur-administrees-par-exemple/ HTTP/1.1" 200 74538 "-" "Mozilla/5.0 (Windows NT 10.0; Win64; x64) AppleWebKit/537.36 (KHTML, like Gecko) Chrome/122.0.0.0 Safari/537.36"
178.175.140.148 - - [25/Apr/2026:14:20:18 +0300] "POST /xmlrpc.php HTTP/1.1" 200 630 "-" "Mozilla/5.0 (Windows NT 10.0; Win64; x64) AppleWebKit/537.36 (KHTML, like Gecko) Chrome/114.0.0.0 Safari/537.36"
185.216.113.70 - - [25/Apr/2026:14:20:50 +0300] "POST /wp-cron.php?doing_wp_cron=1777116049.9836609363555908203125 HTTP/1.1" 200 448 "-" "WordPress/6.3.8; https://serhatburke.miroglu.net"
178.175.140.148 - - [25/Apr/2026:14:20:36 +0300] "POST /xmlrpc.php HTTP/1.1" 200 9150 "-" "Mozilla/5.0 (Windows NT 10.0; Win64; x64) AppleWebKit/537.36 (KHTML, like Gecko) Chrome/114.0.0.0 Safari/537.36"
85.208.96.207 - - [25/Apr/2026:14:20:47 +0300] "GET /echtgeld-online-casinos-osterreich-hornung-2026/ HTTP/1.1" 200 22539 "-" "Mozilla/5.0 (compatible; SemrushBot/7~bl; +http://www.semrush.com/bot.html)"
178.175.140.148 - - [25/Apr/2026:14:20:50 +0300] "GET /dans-les-gaming-penalty-argent-un-champion-va-marquer-reellement-en-compagnie-de-3-ravissant/ HTTP/1.1" 200 73770 "-" "Mozilla/5.0 (Windows NT 10.0; Win64; x64) AppleWebKit/537.36 (KHTML, like Gecko) Chrome/109.0.0.0 Safari/537.36"
178.175.140.148 - - [25/Apr/2026:14:21:09 +0300] "POST /xmlrpc.php HTTP/1.1" 200 630 "-" "Mozilla/5.0 (Windows NT 10.0; Win64; x64) AppleWebKit/537.36 (KHTML, like Gecko) Chrome/114.0.0.0 Safari/537.36"
185.216.113.70 - - [25/Apr/2026:14:21:41 +0300] "POST /wp-cron.php?doing_wp_cron=1777116101.6182799339294433593750 HTTP/1.1" 200 448 "-" "WordPress/6.3.8; https://serhatburke.miroglu.net"
178.175.140.148 - - [25/Apr/2026:14:21:28 +0300] "POST /xmlrpc.php HTTP/1.1" 200 8867 "-" "Mozilla/5.0 (Windows NT 10.0; Win64; x64) AppleWebKit/537.36 (KHTML, like Gecko) Chrome/114.0.0.0 Safari/537.36"
178.175.140.148 - - [25/Apr/2026:14:21:41 +0300] "GET /lequel-recele-une-excellente-offre-pour-champions-entre-31bet-casino-et-betzino-salle-de-jeu/ HTTP/1.1" 200 73752 "-" "Mozilla/5.0 (Windows NT 10.0; Win64; x64) AppleWebKit/537.36 (KHTML, like Gecko) Chrome/122.0.0.0 Safari/537.36"
178.175.140.148 - - [25/Apr/2026:14:21:57 +0300] "POST /xmlrpc.php HTTP/1.1" 200 630 "-" "Mozilla/5.0 (Windows NT 10.0; Win64; x64) AppleWebKit/537.36 (KHTML, like Gecko) Chrome/114.0.0.0 Safari/537.36"
185.216.113.70 - - [25/Apr/2026:14:22:29 +0300] "POST /wp-cron.php?doing_wp_cron=1777116149.5520639419555664062500 HTTP/1.1" 200 448 "-" "WordPress/6.3.8; https://serhatburke.miroglu.net"
178.175.140.148 - - [25/Apr/2026:14:22:16 +0300] "POST /xmlrpc.php HTTP/1.1" 200 9085 "-" "Mozilla/5.0 (Windows NT 10.0; Win64; x64) AppleWebKit/537.36 (KHTML, like Gecko) Chrome/114.0.0.0 Safari/537.36"
178.175.140.148 - - [25/Apr/2026:14:22:29 +0300] "GET /est-il-simple-de-egayer-gratuite-parmi-mon-salle-de-jeu-un-brin/ HTTP/1.1" 200 73417 "-" "Mozilla/5.0 (Windows NT 10.0; Win64; x64) AppleWebKit/537.36 (KHTML, like Gecko) Chrome/124.0.0.0 Safari/537.36"
178.175.140.148 - - [25/Apr/2026:14:22:41 +0300] "POST /xmlrpc.php HTTP/1.1" 200 630 "-" "Mozilla/5.0 (Windows NT 10.0; Win64; x64) AppleWebKit/537.36 (KHTML, like Gecko) Chrome/114.0.0.0 Safari/537.36"
178.175.140.148 - - [25/Apr/2026:14:22:59 +0300] "POST /xmlrpc.php HTTP/1.1" 200 8851 "-" "Mozilla/5.0 (Windows NT 10.0; Win64; x64) AppleWebKit/537.36 (KHTML, like Gecko) Chrome/114.0.0.0 Safari/537.36"
178.175.140.148 - - [25/Apr/2026:14:23:12 +0300] "GET /casino-depot-2%EF%BF%BD-%EF%BF%BD-top-casinos-en-ligne-bonhomme-archive/ HTTP/1.1" 200 73037 "-" "Mozilla/5.0 (Windows NT 10.0; rv:109.0) Gecko/20100101 Firefox/115.0"
178.175.140.148 - - [25/Apr/2026:14:23:23 +0300] "POST /xmlrpc.php HTTP/1.1" 200 630 "-" "Mozilla/5.0 (Windows NT 10.0; Win64; x64) AppleWebKit/537.36 (KHTML, like Gecko) Chrome/114.0.0.0 Safari/537.36"
185.216.113.70 - - [25/Apr/2026:14:23:53 +0300] "POST /wp-cron.php?doing_wp_cron=1777116233.4943430423736572265625 HTTP/1.1" 200 448 "-" "WordPress/6.3.8; https://serhatburke.miroglu.net"
178.175.140.148 - - [25/Apr/2026:14:23:40 +0300] "POST /xmlrpc.php HTTP/1.1" 200 9013 "-" "Mozilla/5.0 (Windows NT 10.0; Win64; x64) AppleWebKit/537.36 (KHTML, like Gecko) Chrome/114.0.0.0 Safari/537.36"
178.175.140.148 - - [25/Apr/2026:14:23:53 +0300] "GET /espionnons-quoi-ce-paysage-detective-assemblee-un-connaissance-de-jeu-dans-notre-societe-terroir-communication/ HTTP/1.1" 200 74390 "-" "Mozilla/5.0 (Windows NT 10.0; Win64; x64) AppleWebKit/537.36 (KHTML, like Gecko) Chrome/124.0.0.0 Safari/537.36"
66.249.73.14 - - [25/Apr/2026:14:23:56 +0300] "GET /robots.txt HTTP/1.1" 200 719 "-" "Mozilla/5.0 (compatible; Googlebot/2.1; +http://www.google.com/bot.html)"
178.175.140.148 - - [25/Apr/2026:14:24:02 +0300] "POST /xmlrpc.php HTTP/1.1" 200 630 "-" "Mozilla/5.0 (Windows NT 10.0; Win64; x64) AppleWebKit/537.36 (KHTML, like Gecko) Chrome/114.0.0.0 Safari/537.36"
185.216.113.70 - - [25/Apr/2026:14:24:42 +0300] "POST /wp-cron.php?doing_wp_cron=1777116282.2210299968719482421875 HTTP/1.1" 200 448 "-" "WordPress/6.3.8; https://serhatburke.miroglu.net"
178.175.140.148 - - [25/Apr/2026:14:24:28 +0300] "POST /xmlrpc.php HTTP/1.1" 200 9775 "-" "Mozilla/5.0 (Windows NT 10.0; Win64; x64) AppleWebKit/537.36 (KHTML, like Gecko) Chrome/114.0.0.0 Safari/537.36"
178.175.140.148 - - [25/Apr/2026:14:24:40 +0300] "POST /xmlrpc.php HTTP/1.1" 200 630 "-" "Mozilla/5.0 (Windows NT 10.0; Win64; x64) AppleWebKit/537.36 (KHTML, like Gecko) Chrome/114.0.0.0 Safari/537.36"
178.175.140.148 - - [25/Apr/2026:14:24:42 +0300] "GET /appartenez-opportun-en-ce-qui-concerne-notre-page-adulte-au-sujets-des-mordus-avec-machine-a-par-dessous/ HTTP/1.1" 200 74987 "-" "Mozilla/5.0 (Windows NT 10.0; Win64; x64) AppleWebKit/537.36 (KHTML, like Gecko) Chrome/124.0.0.0 Safari/537.36"
178.175.140.148 - - [25/Apr/2026:14:25:09 +0300] "POST /xmlrpc.php HTTP/1.1" 200 9471 "-" "Mozilla/5.0 (Windows NT 10.0; Win64; x64) AppleWebKit/537.36 (KHTML, like Gecko) Chrome/114.0.0.0 Safari/537.36"
178.175.140.148 - - [25/Apr/2026:14:25:19 +0300] "POST /xmlrpc.php HTTP/1.1" 200 630 "-" "Mozilla/5.0 (Windows NT 10.0; Win64; x64) AppleWebKit/537.36 (KHTML, like Gecko) Chrome/114.0.0.0 Safari/537.36"
178.175.140.148 - - [25/Apr/2026:14:25:23 +0300] "GET /linscription-est-simple-et-rapide-meritant-des-precisions-standard-en-tenant-fabriquer-votre-calcul/ HTTP/1.1" 200 74556 "-" "Mozilla/5.0 (Windows NT 10.0; Win64; x64) AppleWebKit/537.36 (KHTML, like Gecko) Chrome/122.0.0.0 Safari/537.36"
185.216.113.70 - - [25/Apr/2026:14:25:46 +0300] "POST /wp-cron.php?doing_wp_cron=1777116345.9911949634552001953125 HTTP/1.1" 200 448 "-" "WordPress/6.3.8; https://serhatburke.miroglu.net"
223.74.7.150 - - [25/Apr/2026:14:25:31 +0300] "GET /beste-casino-site-belgie-hoge-inzet/ HTTP/1.1" 200 19214 "https://serhatburke.miroglu.net/" "Mozilla/5.0 (Windows NT 10.0; Win64; x64) AppleWebKit/537.36 (KHTML, like Gecko) Chrome/143.0.0.0 Safari/537.36 Edg/143.0.0.0"
178.175.140.148 - - [25/Apr/2026:14:25:37 +0300] "POST /xmlrpc.php HTTP/1.1" 200 8834 "-" "Mozilla/5.0 (Windows NT 10.0; Win64; x64) AppleWebKit/537.36 (KHTML, like Gecko) Chrome/114.0.0.0 Safari/537.36"
223.74.7.150 - - [25/Apr/2026:14:25:52 +0300] "GET /wp-includes/css/dist/block-library/style.min.css?ver=6.3.8 HTTP/1.1" 200 13578 "https://serhatburke.miroglu.net/beste-casino-site-belgie-hoge-inzet/" "Mozilla/5.0 (Windows NT 10.0; Win64; x64) AppleWebKit/537.36 (KHTML, like Gecko) Chrome/145.0.0.0 Safari/537.36"
178.175.140.148 - - [25/Apr/2026:14:25:49 +0300] "GET /en-outre-tout-mon-equipier-est-unique-en-domicile/ HTTP/1.1" 200 72761 "-" "Mozilla/5.0 (Windows NT 10.0; rv:125.0) Gecko/20100101 Firefox/125.0"
178.175.140.148 - - [25/Apr/2026:14:25:50 +0300] "POST /xmlrpc.php HTTP/1.1" 200 630 "-" "Mozilla/5.0 (Windows NT 10.0; Win64; x64) AppleWebKit/537.36 (KHTML, like Gecko) Chrome/114.0.0.0 Safari/537.36"
223.74.7.150 - - [25/Apr/2026:14:26:09 +0300] "GET /wp-content/plugins/contact-form-7/includes/css/styles.css?ver=5.8 HTTP/1.1" 200 1490 "https://serhatburke.miroglu.net/beste-casino-site-belgie-hoge-inzet/" "Mozilla/5.0 (Windows NT 10.0; Win64; x64) AppleWebKit/537.36 (KHTML, like Gecko) Chrome/145.0.0.0 Safari/537.36"
223.74.7.150 - - [25/Apr/2026:14:26:14 +0300] "GET /wp-content/themes/toppic/css/fontello.css?ver=4.2 HTTP/1.1" 200 1802 "https://serhatburke.miroglu.net/beste-casino-site-belgie-hoge-inzet/" "Mozilla/5.0 (Windows NT 10.0; Win64; x64) AppleWebKit/537.36 (KHTML, like Gecko) Chrome/145.0.0.0 Safari/537.36"
223.74.7.150 - - [25/Apr/2026:14:26:19 +0300] "GET /wp-content/themes/toppic/css/reset.css?ver=4.2 HTTP/1.1" 200 1178 "https://serhatburke.miroglu.net/beste-casino-site-belgie-hoge-inzet/" "Mozilla/5.0 (Windows NT 10.0; Win64; x64) AppleWebKit/537.36 (KHTML, like Gecko) Chrome/145.0.0.0 Safari/537.36"
223.74.7.150 - - [25/Apr/2026:14:26:23 +0300] "GET /wp-content/themes/toppic/css/default.css?ver=4.2 HTTP/1.1" 200 1811 "https://serhatburke.miroglu.net/beste-casino-site-belgie-hoge-inzet/" "Mozilla/5.0 (Windows NT 10.0; Win64; x64) AppleWebKit/537.36 (KHTML, like Gecko) Chrome/145.0.0.0 Safari/537.36"
178.175.140.148 - - [25/Apr/2026:14:26:13 +0300] "POST /xmlrpc.php HTTP/1.1" 200 8726 "-" "Mozilla/5.0 (Windows NT 10.0; Win64; x64) AppleWebKit/537.36 (KHTML, like Gecko) Chrome/114.0.0.0 Safari/537.36"
223.74.7.150 - - [25/Apr/2026:14:26:27 +0300] "GET /wp-content/themes/toppic/style.css?ver=4.2 HTTP/1.1" 200 23398 "https://serhatburke.miroglu.net/beste-casino-site-belgie-hoge-inzet/" "Mozilla/5.0 (Windows NT 10.0; Win64; x64) AppleWebKit/537.36 (KHTML, like Gecko) Chrome/145.0.0.0 Safari/537.36"
223.74.7.150 - - [25/Apr/2026:14:26:32 +0300] "GET /wp-content/themes/toppic/css/royalslider.css?ver=4.2 HTTP/1.1" 200 1887 "https://serhatburke.miroglu.net/beste-casino-site-belgie-hoge-inzet/" "Mozilla/5.0 (Windows NT 10.0; Win64; x64) AppleWebKit/537.36 (KHTML, like Gecko) Chrome/145.0.0.0 Safari/537.36"
223.74.7.150 - - [25/Apr/2026:14:26:37 +0300] "GET /wp-content/themes/toppic/css/rs-default.css?ver=4.2 HTTP/1.1" 200 2625 "https://serhatburke.miroglu.net/beste-casino-site-belgie-hoge-inzet/" "Mozilla/5.0 (Windows NT 10.0; Win64; x64) AppleWebKit/537.36 (KHTML, like Gecko) Chrome/145.0.0.0 Safari/537.36"
178.175.140.148 - - [25/Apr/2026:14:26:24 +0300] "POST /xmlrpc.php HTTP/1.1" 200 630 "-" "Mozilla/5.0 (Windows NT 10.0; Win64; x64) AppleWebKit/537.36 (KHTML, like Gecko) Chrome/114.0.0.0 Safari/537.36"
185.216.113.70 - - [25/Apr/2026:14:26:39 +0300] "POST /wp-cron.php?doing_wp_cron=1777116399.4591588973999023437500 HTTP/1.1" 200 448 "-" "WordPress/6.3.8; https://serhatburke.miroglu.net"
178.175.140.148 - - [25/Apr/2026:14:26:25 +0300] "GET /conditions-en-tenant-mise-sur-les-gratification-sans-avoir-i%EF%BF%BD-conserve/ HTTP/1.1" 200 73477 "-" "Mozilla/5.0 (Windows NT 10.0; Win64; x64) AppleWebKit/537.36 (KHTML, like Gecko) Chrome/124.0.0.0 Safari/537.36 Edg/124.0.0.0"
223.74.7.150 - - [25/Apr/2026:14:26:44 +0300] "GET /wp-content/themes/toppic/css/lightbox.css?ver=4.2 HTTP/1.1" 200 2956 "https://serhatburke.miroglu.net/beste-casino-site-belgie-hoge-inzet/" "Mozilla/5.0 (Windows NT 10.0; Win64; x64) AppleWebKit/537.36 (KHTML, like Gecko) Chrome/145.0.0.0 Safari/537.36"
223.74.7.150 - - [25/Apr/2026:14:26:48 +0300] "GET /wp-content/themes/toppic/css/woocommerce.css?ver=4.2 HTTP/1.1" 200 2848 "https://serhatburke.miroglu.net/beste-casino-site-belgie-hoge-inzet/" "Mozilla/5.0 (Windows NT 10.0; Win64; x64) AppleWebKit/537.36 (KHTML, like Gecko) Chrome/145.0.0.0 Safari/537.36"
223.74.7.150 - - [25/Apr/2026:14:26:53 +0300] "GET /wp-content/themes/toppic/css/responsive.css?ver=4.2 HTTP/1.1" 200 2796 "https://serhatburke.miroglu.net/beste-casino-site-belgie-hoge-inzet/" "Mozilla/5.0 (Windows NT 10.0; Win64; x64) AppleWebKit/537.36 (KHTML, like Gecko) Chrome/145.0.0.0 Safari/537.36"
178.175.140.148 - - [25/Apr/2026:14:26:43 +0300] "POST /xmlrpc.php HTTP/1.1" 200 8945 "-" "Mozilla/5.0 (Windows NT 10.0; Win64; x64) AppleWebKit/537.36 (KHTML, like Gecko) Chrome/114.0.0.0 Safari/537.36"
178.175.140.148 - - [25/Apr/2026:14:26:59 +0300] "POST /xmlrpc.php HTTP/1.1" 200 630 "-" "Mozilla/5.0 (Windows NT 10.0; Win64; x64) AppleWebKit/537.36 (KHTML, like Gecko) Chrome/114.0.0.0 Safari/537.36"
178.175.140.148 - - [25/Apr/2026:14:26:59 +0300] "GET /quest-votre-que-la-variance-la-instrument-dans-par-dessous/ HTTP/1.1" 200 73231 "-" "Mozilla/5.0 (Windows NT 10.0; rv:125.0) Gecko/20100101 Firefox/125.0"
223.74.7.150 - - [25/Apr/2026:14:27:00 +0300] "POST /wp-comments-post.php HTTP/1.1" 302 1083 "https://serhatburke.miroglu.net/beste-casino-site-belgie-hoge-inzet/" "Mozilla/5.0 (Windows NT 10.0; Win64; x64) AppleWebKit/537.36 (KHTML, like Gecko) Chrome/143.0.0.0 Safari/537.36 Edg/143.0.0.0"
185.216.113.70 - - [25/Apr/2026:14:27:39 +0300] "POST /wp-cron.php?doing_wp_cron=1777116459.4607670307159423828125 HTTP/1.1" 200 448 "-" "WordPress/6.3.8; https://serhatburke.miroglu.net"
178.175.140.148 - - [25/Apr/2026:14:27:25 +0300] "POST /xmlrpc.php HTTP/1.1" 200 8938 "-" "Mozilla/5.0 (Windows NT 10.0; Win64; x64) AppleWebKit/537.36 (KHTML, like Gecko) Chrome/114.0.0.0 Safari/537.36"
178.175.140.148 - - [25/Apr/2026:14:27:29 +0300] "POST /xmlrpc.php HTTP/1.1" 200 630 "-" "Mozilla/5.0 (Windows NT 10.0; Win64; x64) AppleWebKit/537.36 (KHTML, like Gecko) Chrome/114.0.0.0 Safari/537.36"
178.175.140.148 - - [25/Apr/2026:14:27:39 +0300] "GET /une-majorite-de-options-de-divertissement-en-tenant-loperateur-se-retrouvent-gratuitement-ou-sans-ecrit/ HTTP/1.1" 200 74033 "-" "Mozilla/5.0 (Windows NT 10.0; rv:109.0) Gecko/20100101 Firefox/115.0"
178.175.140.148 - - [25/Apr/2026:14:27:50 +0300] "POST /xmlrpc.php HTTP/1.1" 200 8502 "-" "Mozilla/5.0 (Windows NT 10.0; Win64; x64) AppleWebKit/537.36 (KHTML, like Gecko) Chrome/114.0.0.0 Safari/537.36"
223.74.7.150 - - [25/Apr/2026:14:27:53 +0300] "GET /beste-casino-site-belgie-hoge-inzet/?unapproved=649&moderation-hash=9a96dc157a95f7ccfa95f908ff95e66f HTTP/1.1" 200 19778 "https://serhatburke.miroglu.net/wp-comments-post.php" "Mozilla/5.0 (Windows NT 10.0; Win64; x64) AppleWebKit/537.36 (KHTML, like Gecko) Chrome/143.0.0.0 Safari/537.36 Edg/143.0.0.0"
178.175.140.148 - - [25/Apr/2026:14:28:00 +0300] "POST /xmlrpc.php HTTP/1.1" 200 630 "-" "Mozilla/5.0 (Windows NT 10.0; Win64; x64) AppleWebKit/537.36 (KHTML, like Gecko) Chrome/114.0.0.0 Safari/537.36"
178.175.140.148 - - [25/Apr/2026:14:28:10 +0300] "GET /comme-amuser-les-translation-de-en-compagnie-de-la-maille-profond/ HTTP/1.1" 200 72911 "-" "Mozilla/5.0 (Windows NT 10.0; Win64; x64; rv:125.0) Gecko/20100101 Firefox/125.0"
185.216.113.70 - - [25/Apr/2026:14:28:38 +0300] "POST /wp-cron.php?doing_wp_cron=1777116518.0565180778503417968750 HTTP/1.1" 200 448 "-" "WordPress/6.3.8; https://serhatburke.miroglu.net"
223.74.7.150 - - [25/Apr/2026:14:28:20 +0300] "GET /beste-casino-site-belgie-hoge-inzet/ HTTP/1.1" 200 19215 "-" "Mozilla/5.0 (compatible; Googlebot/2.1; +http://www.google.com/bot.html)"
178.175.140.148 - - [25/Apr/2026:14:28:24 +0300] "POST /xmlrpc.php HTTP/1.1" 200 9353 "-" "Mozilla/5.0 (Windows NT 10.0; Win64; x64) AppleWebKit/537.36 (KHTML, like Gecko) Chrome/114.0.0.0 Safari/537.36"
40.77.167.74 - - [25/Apr/2026:14:28:31 +0300] "GET /ultimate-guide-to-dexscreener-enhance-your-dex-trading-experience/ HTTP/2" 200 17828 "-" "Mozilla/5.0 AppleWebKit/537.36 (KHTML, like Gecko; compatible; bingbot/2.0; +http://www.bing.com/bingbot.htm) Chrome/116.0.1938.76 Safari/537.36"
178.175.140.148 - - [25/Apr/2026:14:28:32 +0300] "POST /xmlrpc.php HTTP/1.1" 200 630 "-" "Mozilla/5.0 (Windows NT 10.0; Win64; x64) AppleWebKit/537.36 (KHTML, like Gecko) Chrome/114.0.0.0 Safari/537.36"
178.175.140.148 - - [25/Apr/2026:14:28:44 +0300] "GET /la-raison-pour-la-quelle-distraire-en-mode-symbolique-en-surfant-sur-les-instrument-pour-au-dessous-immotivees/ HTTP/1.1" 200 74591 "-" "Mozilla/5.0 (Windows NT 10.0; Win64; x64) AppleWebKit/537.36 (KHTML, like Gecko) Chrome/122.0.0.0 Safari/537.36"
178.175.140.148 - - [25/Apr/2026:14:29:03 +0300] "POST /xmlrpc.php HTTP/1.1" 200 630 "-" "Mozilla/5.0 (Windows NT 10.0; Win64; x64) AppleWebKit/537.36 (KHTML, like Gecko) Chrome/114.0.0.0 Safari/537.36"
178.175.140.148 - - [25/Apr/2026:14:29:04 +0300] "POST /xmlrpc.php HTTP/1.1" 200 8976 "-" "Mozilla/5.0 (Windows NT 10.0; Win64; x64) AppleWebKit/537.36 (KHTML, like Gecko) Chrome/114.0.0.0 Safari/537.36"
185.216.113.70 - - [25/Apr/2026:14:29:32 +0300] "POST /wp-cron.php?doing_wp_cron=1777116572.1993761062622070312500 HTTP/1.1" 200 448 "-" "WordPress/6.3.8; https://serhatburke.miroglu.net"
178.175.140.148 - - [25/Apr/2026:14:29:18 +0300] "GET /en-1994-la-zone-geograpgique-avait-delivre-a-elle-autorisation-de-jeu-un-brin/ HTTP/1.1" 200 73435 "-" "Mozilla/5.0 (Windows NT 10.0; Win64; x64) AppleWebKit/537.36 (KHTML, like Gecko) Chrome/122.0.0.0 Safari/537.36"
178.175.140.148 - - [25/Apr/2026:14:29:22 +0300] "POST /xmlrpc.php HTTP/1.1" 200 9056 "-" "Mozilla/5.0 (Windows NT 10.0; Win64; x64) AppleWebKit/537.36 (KHTML, like Gecko) Chrome/114.0.0.0 Safari/537.36"
178.175.140.148 - - [25/Apr/2026:14:29:35 +0300] "POST /xmlrpc.php HTTP/1.1" 200 630 "-" "Mozilla/5.0 (Windows NT 10.0; Win64; x64) AppleWebKit/537.36 (KHTML, like Gecko) Chrome/114.0.0.0 Safari/537.36"
178.175.140.148 - - [25/Apr/2026:14:29:35 +0300] "GET /le-unique-salle-de-jeu-limpasse-en-france-a-ete-bati-en-2025/ HTTP/1.1" 200 73075 "-" "Mozilla/5.0 (Windows NT 10.0; Win64; x64) AppleWebKit/537.36 (KHTML, like Gecko) Chrome/123.0.0.0 Safari/537.36 OPR/109.0.0.0"
185.191.171.12 - - [25/Apr/2026:14:29:38 +0300] "GET /better-have-a-glimpse-at-this-site-all-of-us-web-based-casinos-top-10-casinos-compared-2026/ HTTP/1.1" 200 23293 "-" "Mozilla/5.0 (compatible; SemrushBot/7~bl; +http://www.semrush.com/bot.html)"
52.167.144.172 - - [25/Apr/2026:14:30:03 +0300] "GET /abbiamo-addirittura-confusione-non-aams-ad-caso-richiedono-excretion-gremito-minuscolo-di-2-ovvero-3/ HTTP/2" 200 18027 "-" "Mozilla/5.0 AppleWebKit/537.36 (KHTML, like Gecko; compatible; bingbot/2.0; +http://www.bing.com/bingbot.htm) Chrome/116.0.1938.76 Safari/537.36"
178.175.140.148 - - [25/Apr/2026:14:30:04 +0300] "POST /xmlrpc.php HTTP/1.1" 200 9101 "-" "Mozilla/5.0 (Windows NT 10.0; Win64; x64) AppleWebKit/537.36 (KHTML, like Gecko) Chrome/114.0.0.0 Safari/537.36"
193.36.38.226 - - [25/Apr/2026:14:30:07 +0300] "POST /xmlrpc.php HTTP/1.1" 200 692 "-" "Mozilla/5.0 (Windows NT 10.0; Win64; x64) AppleWebKit/537.36 (KHTML, like Gecko) Chrome/114.0.0.0 Safari/537.36"
178.175.140.148 - - [25/Apr/2026:14:30:12 +0300] "POST /xmlrpc.php HTTP/1.1" 200 630 "-" "Mozilla/5.0 (Windows NT 10.0; Win64; x64) AppleWebKit/537.36 (KHTML, like Gecko) Chrome/114.0.0.0 Safari/537.36"
185.216.113.70 - - [25/Apr/2026:14:30:52 +0300] "POST /wp-cron.php?doing_wp_cron=1777116652.1333689689636230468750 HTTP/1.1" 200 448 "-" "WordPress/6.3.8; https://serhatburke.miroglu.net"
178.175.140.148 - - [25/Apr/2026:14:30:26 +0300] "GET /vous-allez-avoir-de-cette-facon-complet-la-possibilite-de-de-profiter-de-ce-mois-en-compagnie-de-distraire-du-cette-relache/ HTTP/1.1" 200 74837 "-" "Mozilla/5.0 (Windows NT 10.0; Win64; x64) AppleWebKit/537.36 (KHTML, like Gecko) Chrome/124.0.0.0 Safari/537.36 Edg/124.0.0.0"
193.36.38.226 - - [25/Apr/2026:14:30:35 +0300] "POST /xmlrpc.php HTTP/1.1" 200 9058 "-" "Mozilla/5.0 (Windows NT 10.0; Win64; x64) AppleWebKit/537.36 (KHTML, like Gecko) Chrome/114.0.0.0 Safari/537.36"
178.175.140.148 - - [25/Apr/2026:14:30:40 +0300] "POST /xmlrpc.php HTTP/1.1" 200 9583 "-" "Mozilla/5.0 (Windows NT 10.0; Win64; x64) AppleWebKit/537.36 (KHTML, like Gecko) Chrome/114.0.0.0 Safari/537.36"
178.175.140.148 - - [25/Apr/2026:14:30:39 +0300] "POST /xmlrpc.php HTTP/1.1" 200 630 "-" "Mozilla/5.0 (Windows NT 10.0; Win64; x64) AppleWebKit/537.36 (KHTML, like Gecko) Chrome/114.0.0.0 Safari/537.36"
114.107.221.76 - - [25/Apr/2026:14:30:55 +0300] "GET /beste-casino-site-belgie-hoge-inzet/ HTTP/1.1" 200 0 "-" "Mozilla/5.0 (compatible; Googlebot/2.1; +http://www.google.com/bot.html)"
40.77.167.74 - - [25/Apr/2026:14:30:47 +0300] "GET /grand-mondial-casino-rules-provide-canadian-users-commitment-advantages/ HTTP/2" 200 17599 "-" "Mozilla/5.0 AppleWebKit/537.36 (KHTML, like Gecko; compatible; bingbot/2.0; +http://www.bing.com/bingbot.htm) Chrome/116.0.1938.76 Safari/537.36"
193.36.38.226 - - [25/Apr/2026:14:31:05 +0300] "GET /los-entusiastas-de-estas-apuestas-zapatillas-de-deporte-disfrutan-de-mercados-extensos-mientras-guardan-completa-anonimidad/ HTTP/1.1" 200 74979 "-" "Mozilla/5.0 (Windows NT 10.0; rv:109.0) Gecko/20100101 Firefox/115.0"
178.175.140.148 - - [25/Apr/2026:14:31:10 +0300] "POST /xmlrpc.php HTTP/1.1" 200 630 "-" "Mozilla/5.0 (Windows NT 10.0; Win64; x64) AppleWebKit/537.36 (KHTML, like Gecko) Chrome/114.0.0.0 Safari/537.36"
185.216.113.70 - - [25/Apr/2026:14:31:53 +0300] "POST /wp-cron.php?doing_wp_cron=1777116713.0358929634094238281250 HTTP/1.1" 200 448 "-" "WordPress/6.3.8; https://serhatburke.miroglu.net"
178.175.140.148 - - [25/Apr/2026:14:31:16 +0300] "GET /cet-salle-de-jeu-un-tantinet-aux-etats-unis-orient-comme-disponible-sans-cout/ HTTP/1.1" 200 73743 "-" "Mozilla/5.0 (Windows NT 10.0; Win64; x64) AppleWebKit/537.36 (KHTML, like Gecko) Chrome/124.0.0.0 Safari/537.36"
185.216.113.70 - - [25/Apr/2026:14:31:55 +0300] "POST /wp-cron.php?doing_wp_cron=1777116715.0090088844299316406250 HTTP/1.1" 200 448 "-" "WordPress/6.3.8; https://serhatburke.miroglu.net"
178.175.140.148 - - [25/Apr/2026:14:31:21 +0300] "POST /xmlrpc.php HTTP/1.1" 200 11523 "-" "Mozilla/5.0 (Windows NT 10.0; Win64; x64) AppleWebKit/537.36 (KHTML, like Gecko) Chrome/114.0.0.0 Safari/537.36"
185.216.113.70 - - [25/Apr/2026:14:32:09 +0300] "POST /wp-cron.php?doing_wp_cron=1777116729.0184700489044189453125 HTTP/1.1" 200 448 "-" "WordPress/6.3.8; https://serhatburke.miroglu.net"
178.175.140.148 - - [25/Apr/2026:14:31:39 +0300] "POST /xmlrpc.php HTTP/1.1" 200 630 "-" "Mozilla/5.0 (Windows NT 10.0; Win64; x64) AppleWebKit/537.36 (KHTML, like Gecko) Chrome/114.0.0.0 Safari/537.36"
178.175.140.148 - - [25/Apr/2026:14:31:55 +0300] "GET /les-techniques-consolident-lagent-dans-vegasplus-et-de-telles-competences-sportifs/ HTTP/1.1" 200 76358 "-" "Mozilla/5.0 (Windows NT 10.0; Win64; x64; rv:124.0) Gecko/20100101 Firefox/124.0"
178.175.140.148 - - [25/Apr/2026:14:31:55 +0300] "POST /xmlrpc.php HTTP/1.1" 200 9079 "-" "Mozilla/5.0 (Windows NT 10.0; Win64; x64) AppleWebKit/537.36 (KHTML, like Gecko) Chrome/114.0.0.0 Safari/537.36"
185.216.113.70 - - [25/Apr/2026:14:32:45 +0300] "POST /wp-cron.php?doing_wp_cron=1777116765.0321478843688964843750 HTTP/1.1" 200 448 "-" "WordPress/6.3.8; https://serhatburke.miroglu.net"
178.175.140.148 - - [25/Apr/2026:14:32:07 +0300] "POST /xmlrpc.php HTTP/1.1" 200 630 "-" "Mozilla/5.0 (Windows NT 10.0; Win64; x64) AppleWebKit/537.36 (KHTML, like Gecko) Chrome/114.0.0.0 Safari/537.36"
178.175.140.148 - - [25/Apr/2026:14:32:14 +0300] "POST /xmlrpc.php HTTP/1.1" 200 8694 "-" "Mozilla/5.0 (Windows NT 10.0; Win64; x64) AppleWebKit/537.36 (KHTML, like Gecko) Chrome/114.0.0.0 Safari/537.36"
178.175.140.148 - - [25/Apr/2026:14:32:38 +0300] "GET /vos-mecanique-a-avec-quelque-peu-representent-vos-nova-dans-casino-digitale/ HTTP/1.1" 200 73737 "-" "Mozilla/5.0 (Windows NT 10.0; Win64; x64; rv:125.0) Gecko/20100101 Firefox/125.0"
178.175.140.148 - - [25/Apr/2026:14:32:42 +0300] "POST /xmlrpc.php HTTP/1.1" 200 630 "-" "Mozilla/5.0 (Windows NT 10.0; Win64; x64) AppleWebKit/537.36 (KHTML, like Gecko) Chrome/114.0.0.0 Safari/537.36"
178.175.140.148 - - [25/Apr/2026:14:32:49 +0300] "GET /v-joue-souhaite-lacher-twin-salle-de-jeu-pour-le-vrai-evident-du-2025/ HTTP/1.1" 200 72869 "-" "Mozilla/5.0 (Windows NT 10.0; Win64; x64) AppleWebKit/537.36 (KHTML, like Gecko) Chrome/109.0.0.0 Safari/537.36"
178.175.140.148 - - [25/Apr/2026:14:32:51 +0300] "POST /xmlrpc.php HTTP/1.1" 200 8960 "-" "Mozilla/5.0 (Windows NT 10.0; Win64; x64) AppleWebKit/537.36 (KHTML, like Gecko) Chrome/114.0.0.0 Safari/537.36"
178.175.140.148 - - [25/Apr/2026:14:33:09 +0300] "POST /xmlrpc.php HTTP/1.1" 200 630 "-" "Mozilla/5.0 (Windows NT 10.0; Win64; x64) AppleWebKit/537.36 (KHTML, like Gecko) Chrome/114.0.0.0 Safari/537.36"
178.175.140.148 - - [25/Apr/2026:14:33:17 +0300] "POST /xmlrpc.php HTTP/1.1" 200 9231 "-" "Mozilla/5.0 (Windows NT 10.0; Win64; x64) AppleWebKit/537.36 (KHTML, like Gecko) Chrome/114.0.0.0 Safari/537.36"
66.249.73.1 - - [25/Apr/2026:14:33:28 +0300] "GET /superspinscasino-uk-free-games-a-review-for-british-players/ HTTP/1.1" 200 0 "https://pusyx.driftlogic-games.biz/" "Mozilla/5.0 (Linux; Android 6.0.1; Nexus 5X Build/MMB29P) AppleWebKit/537.36 (KHTML, like Gecko) Chrome/146.0.7680.177 Mobile Safari/537.36 (compatible; Googlebot/2.1; +http://www.google.com/bot.html)"
178.175.140.148 - - [25/Apr/2026:14:33:20 +0300] "GET /la-revente-representent-adaptees-i%EF%BF%BD-finis-leurs-effectues-attentes-caprices-et-necessites/ HTTP/1.1" 200 73868 "-" "Mozilla/5.0 (Windows NT 10.0; rv:125.0) Gecko/20100101 Firefox/125.0"
185.216.113.70 - - [25/Apr/2026:14:33:51 +0300] "POST /wp-cron.php?doing_wp_cron=1777116831.4310190677642822265625 HTTP/1.1" 200 448 "-" "WordPress/6.3.8; https://serhatburke.miroglu.net"
178.175.140.148 - - [25/Apr/2026:14:33:38 +0300] "POST /xmlrpc.php HTTP/1.1" 200 10666 "-" "Mozilla/5.0 (Windows NT 10.0; Win64; x64) AppleWebKit/537.36 (KHTML, like Gecko) Chrome/114.0.0.0 Safari/537.36"
178.175.140.148 - - [25/Apr/2026:14:33:38 +0300] "GET /prises-glisser-ma-spirale-afin-dacceder-i%EF%BF%BD-des-bonus-admirables/ HTTP/1.1" 200 73583 "-" "Mozilla/5.0 (Windows NT 10.0; Win64; x64; rv:125.0) Gecko/20100101 Firefox/125.0"
178.175.140.148 - - [25/Apr/2026:14:33:40 +0300] "POST /xmlrpc.php HTTP/1.1" 200 630 "-" "Mozilla/5.0 (Windows NT 10.0; Win64; x64) AppleWebKit/537.36 (KHTML, like Gecko) Chrome/114.0.0.0 Safari/537.36"
178.175.140.148 - - [25/Apr/2026:14:34:08 +0300] "GET /lesquelles-ressemblent-le-toilettage-de-casino-un-brin-veritablement-divertissants/ HTTP/1.1" 200 75110 "-" "Mozilla/5.0 (Windows NT 10.0; Win64; x64) AppleWebKit/537.36 (KHTML, like Gecko) Chrome/122.0.0.0 Safari/537.36"
178.175.140.148 - - [25/Apr/2026:14:34:10 +0300] "POST /xmlrpc.php HTTP/1.1" 200 630 "-" "Mozilla/5.0 (Windows NT 10.0; Win64; x64) AppleWebKit/537.36 (KHTML, like Gecko) Chrome/114.0.0.0 Safari/537.36"
178.175.140.148 - - [25/Apr/2026:14:34:13 +0300] "POST /xmlrpc.php HTTP/1.1" 200 9501 "-" "Mozilla/5.0 (Windows NT 10.0; Win64; x64) AppleWebKit/537.36 (KHTML, like Gecko) Chrome/114.0.0.0 Safari/537.36"
185.216.113.70 - - [25/Apr/2026:14:34:50 +0300] "POST /wp-cron.php?doing_wp_cron=1777116890.7334480285644531250000 HTTP/1.1" 200 448 "-" "WordPress/6.3.8; https://serhatburke.miroglu.net"
178.175.140.148 - - [25/Apr/2026:14:34:32 +0300] "GET /leovegas-appartient-des-plus-i%EF%BF%BD-tous-les-champions-lequel-c-ptent-la-qualite-tous-les-mecanisme-la-rapidite-nos-encaissages/ HTTP/1.1" 200 75418 "-" "Mozilla/5.0 (Windows NT 10.0; Win64; x64) AppleWebKit/537.36 (KHTML, like Gecko) Chrome/124.0.0.0 Safari/537.36"
178.175.140.148 - - [25/Apr/2026:14:34:34 +0300] "POST /xmlrpc.php HTTP/1.1" 200 630 "-" "Mozilla/5.0 (Windows NT 10.0; Win64; x64) AppleWebKit/537.36 (KHTML, like Gecko) Chrome/114.0.0.0 Safari/537.36"
178.175.140.148 - - [25/Apr/2026:14:34:34 +0300] "POST /xmlrpc.php HTTP/1.1" 200 8703 "-" "Mozilla/5.0 (Windows NT 10.0; Win64; x64) AppleWebKit/537.36 (KHTML, like Gecko) Chrome/114.0.0.0 Safari/537.36"
178.175.140.148 - - [25/Apr/2026:14:34:53 +0300] "GET /un-lequel-je-pense-vos-recompense-chez-casino-770/ HTTP/1.1" 200 72656 "-" "Mozilla/5.0 (Windows NT 10.0; Win64; x64) AppleWebKit/537.36 (KHTML, like Gecko) Chrome/109.0.0.0 Safari/537.36"
178.175.140.148 - - [25/Apr/2026:14:35:03 +0300] "POST /xmlrpc.php HTTP/1.1" 200 13265 "-" "Mozilla/5.0 (Windows NT 10.0; Win64; x64) AppleWebKit/537.36 (KHTML, like Gecko) Chrome/114.0.0.0 Safari/537.36"
178.175.140.148 - - [25/Apr/2026:14:35:06 +0300] "POST /xmlrpc.php HTTP/1.1" 200 630 "-" "Mozilla/5.0 (Windows NT 10.0; Win64; x64) AppleWebKit/537.36 (KHTML, like Gecko) Chrome/114.0.0.0 Safari/537.36"
178.175.140.148 - - [25/Apr/2026:14:35:17 +0300] "GET /qui-peut-impetrer-en-compagnie-de-hygiene-gratis-pareillement-cloison-accomplir-accueillir-sans-verser-dmonnaie-a-qui-secrire/ HTTP/1.1" 200 79685 "-" "Mozilla/5.0 (Windows NT 10.0; Win64; x64; rv:124.0) Gecko/20100101 Firefox/124.0"
185.216.113.70 - - [25/Apr/2026:14:35:37 +0300] "POST /wp-cron.php?doing_wp_cron=1777116937.1804680824279785156250 HTTP/1.1" 200 448 "-" "WordPress/6.3.8; https://serhatburke.miroglu.net"
178.175.140.148 - - [25/Apr/2026:14:35:24 +0300] "POST /xmlrpc.php HTTP/1.1" 200 9195 "-" "Mozilla/5.0 (Windows NT 10.0; Win64; x64) AppleWebKit/537.36 (KHTML, like Gecko) Chrome/114.0.0.0 Safari/537.36"
178.175.140.148 - - [25/Apr/2026:14:35:33 +0300] "POST /xmlrpc.php HTTP/1.1" 200 630 "-" "Mozilla/5.0 (Windows NT 10.0; Win64; x64) AppleWebKit/537.36 (KHTML, like Gecko) Chrome/114.0.0.0 Safari/537.36"
178.175.140.148 - - [25/Apr/2026:14:35:37 +0300] "GET /tous-les-preconisations-veritablement-pratiques-en-tenant-recevoir-en-compagnie-de-la-maille-sur-aviator/ HTTP/1.1" 200 74306 "-" "Mozilla/5.0 (Windows NT 10.0; Win64; x64) AppleWebKit/537.36 (KHTML, like Gecko) Chrome/124.0.0.0 Safari/537.36 Edg/124.0.0.0"
178.159.37.4 - - [25/Apr/2026:14:35:46 +0300] "GET /cat-casino-kazino-kjet-s-bonusami-za-registraciju-10/ HTTP/1.1" 200 24495 "-" "Screaming Frog SEO Spider/19.8"
178.175.140.148 - - [25/Apr/2026:14:35:59 +0300] "POST /xmlrpc.php HTTP/1.1" 200 9482 "-" "Mozilla/5.0 (Windows NT 10.0; Win64; x64) AppleWebKit/537.36 (KHTML, like Gecko) Chrome/114.0.0.0 Safari/537.36"
178.175.140.148 - - [25/Apr/2026:14:35:58 +0300] "POST /xmlrpc.php HTTP/1.1" 200 630 "-" "Mozilla/5.0 (Windows NT 10.0; Win64; x64) AppleWebKit/537.36 (KHTML, like Gecko) Chrome/114.0.0.0 Safari/537.36"
178.175.140.148 - - [25/Apr/2026:14:36:16 +0300] "GET /quelques-offres-offrent-la-possibilite-i%EF%BF%BD-ce-genre-de-type-de-parieurs-de-tenter-tous-les-plateformes-parmi-effectuer-une-apaisement/ HTTP/1.1" 200 75578 "-" "Mozilla/5.0 (Windows NT 10.0; rv:125.0) Gecko/20100101 Firefox/125.0"
185.216.113.70 - - [25/Apr/2026:14:36:39 +0300] "POST /wp-cron.php?doing_wp_cron=1777116999.2737839221954345703125 HTTP/1.1" 200 448 "-" "WordPress/6.3.8; https://serhatburke.miroglu.net"
178.175.140.148 - - [25/Apr/2026:14:36:23 +0300] "POST /xmlrpc.php HTTP/1.1" 200 9310 "-" "Mozilla/5.0 (Windows NT 10.0; Win64; x64) AppleWebKit/537.36 (KHTML, like Gecko) Chrome/114.0.0.0 Safari/537.36"
178.175.140.148 - - [25/Apr/2026:14:36:25 +0300] "POST /xmlrpc.php HTTP/1.1" 200 630 "-" "Mozilla/5.0 (Windows NT 10.0; Win64; x64) AppleWebKit/537.36 (KHTML, like Gecko) Chrome/114.0.0.0 Safari/537.36"
178.175.140.148 - - [25/Apr/2026:14:36:39 +0300] "GET /2-appareil-a-dessous-production-video-appareil-sur-thunes-liberalite/ HTTP/1.1" 200 73270 "-" "Mozilla/5.0 (Windows NT 10.0; Win64; x64; rv:125.0) Gecko/20100101 Firefox/125.0"
178.175.140.148 - - [25/Apr/2026:14:36:47 +0300] "POST /xmlrpc.php HTTP/1.1" 200 10010 "-" "Mozilla/5.0 (Windows NT 10.0; Win64; x64) AppleWebKit/537.36 (KHTML, like Gecko) Chrome/114.0.0.0 Safari/537.36"
178.175.140.148 - - [25/Apr/2026:14:36:49 +0300] "POST /xmlrpc.php HTTP/1.1" 200 630 "-" "Mozilla/5.0 (Windows NT 10.0; Win64; x64) AppleWebKit/537.36 (KHTML, like Gecko) Chrome/114.0.0.0 Safari/537.36"
178.175.140.148 - - [25/Apr/2026:14:37:07 +0300] "GET /quand-bien-meme-les-espaces-gratis-puissent-sembler-interpelles-en-tant-que-recompense-autonomes/ HTTP/1.1" 200 74780 "-" "Mozilla/5.0 (Windows NT 10.0; rv:125.0) Gecko/20100101 Firefox/125.0"
178.175.140.148 - - [25/Apr/2026:14:37:13 +0300] "POST /xmlrpc.php HTTP/1.1" 200 9300 "-" "Mozilla/5.0 (Windows NT 10.0; Win64; x64) AppleWebKit/537.36 (KHTML, like Gecko) Chrome/114.0.0.0 Safari/537.36"
178.175.140.148 - - [25/Apr/2026:14:37:16 +0300] "POST /xmlrpc.php HTTP/1.1" 200 630 "-" "Mozilla/5.0 (Windows NT 10.0; Win64; x64) AppleWebKit/537.36 (KHTML, like Gecko) Chrome/114.0.0.0 Safari/537.36"
185.216.113.70 - - [25/Apr/2026:14:37:46 +0300] "POST /wp-cron.php?doing_wp_cron=1777117065.9547569751739501953125 HTTP/1.1" 200 448 "-" "WordPress/6.3.8; https://serhatburke.miroglu.net"
52.167.144.172 - - [25/Apr/2026:14:37:28 +0300] "GET /recenzia-casei-din-ia-o-ansa-fortuna-palace-sport-efectuata-de-legalbet/ HTTP/2" 200 17907 "-" "Mozilla/5.0 AppleWebKit/537.36 (KHTML, like Gecko; compatible; bingbot/2.0; +http://www.bing.com/bingbot.htm) Chrome/116.0.1938.76 Safari/537.36"
178.175.140.148 - - [25/Apr/2026:14:37:29 +0300] "GET /bienfaits-et-desagrements-leurs-20-periodes-abusifs-sans-archive/ HTTP/1.1" 200 73506 "-" "Mozilla/5.0 (Windows NT 10.0; Win64; x64) AppleWebKit/537.36 (KHTML, like Gecko) Chrome/109.0.0.0 Safari/537.36"
178.175.140.148 - - [25/Apr/2026:14:37:39 +0300] "POST /xmlrpc.php HTTP/1.1" 200 8756 "-" "Mozilla/5.0 (Windows NT 10.0; Win64; x64) AppleWebKit/537.36 (KHTML, like Gecko) Chrome/114.0.0.0 Safari/537.36"
178.175.140.148 - - [25/Apr/2026:14:37:52 +0300] "POST /xmlrpc.php HTTP/1.1" 200 630 "-" "Mozilla/5.0 (Windows NT 10.0; Win64; x64) AppleWebKit/537.36 (KHTML, like Gecko) Chrome/114.0.0.0 Safari/537.36"
178.175.140.148 - - [25/Apr/2026:14:37:57 +0300] "GET /la-prestation-client-est-lun-mitan-important-de-casino-en-ligne/ HTTP/1.1" 200 73043 "-" "Mozilla/5.0 (Windows NT 10.0; Win64; x64) AppleWebKit/537.36 (KHTML, like Gecko) Chrome/123.0.0.0 Safari/537.36"
207.46.13.124 - - [25/Apr/2026:14:37:58 +0300] "GET /kraken-aktual-nye-ssylki-i-bezopasnyi-dostup-v-2026-godu-2/ HTTP/2" 200 19114 "-" "Mozilla/5.0 AppleWebKit/537.36 (KHTML, like Gecko; compatible; bingbot/2.0; +http://www.bing.com/bingbot.htm) Chrome/116.0.1938.76 Safari/537.36"
178.175.140.148 - - [25/Apr/2026:14:38:18 +0300] "POST /xmlrpc.php HTTP/1.1" 200 630 "-" "Mozilla/5.0 (Windows NT 10.0; Win64; x64) AppleWebKit/537.36 (KHTML, like Gecko) Chrome/114.0.0.0 Safari/537.36"
178.175.140.148 - - [25/Apr/2026:14:38:21 +0300] "POST /xmlrpc.php HTTP/1.1" 200 9089 "-" "Mozilla/5.0 (Windows NT 10.0; Win64; x64) AppleWebKit/537.36 (KHTML, like Gecko) Chrome/114.0.0.0 Safari/537.36"
185.216.113.70 - - [25/Apr/2026:14:38:49 +0300] "POST /wp-cron.php?doing_wp_cron=1777117129.5328459739685058593750 HTTP/1.1" 200 448 "-" "WordPress/6.3.8; https://serhatburke.miroglu.net"
170.168.96.218 - - [25/Apr/2026:14:38:31 +0300] "POST /xmlrpc.php HTTP/2" 200 141 "-" "WordPress/XMLRPC Client"
178.175.140.148 - - [25/Apr/2026:14:38:35 +0300] "GET /codifie-bonus-sans-avoir-conserve-caesars-palace-salle-de-jeu-100-free-spins/ HTTP/1.1" 200 73283 "-" "Mozilla/5.0 (Windows NT 10.0; rv:125.0) Gecko/20100101 Firefox/125.0"
178.175.140.148 - - [25/Apr/2026:14:38:36 +0300] "POST /xmlrpc.php HTTP/1.1" 200 9217 "-" "Mozilla/5.0 (Windows NT 10.0; Win64; x64) AppleWebKit/537.36 (KHTML, like Gecko) Chrome/114.0.0.0 Safari/537.36"
178.175.140.148 - - [25/Apr/2026:14:38:42 +0300] "POST /xmlrpc.php HTTP/1.1" 200 630 "-" "Mozilla/5.0 (Windows NT 10.0; Win64; x64) AppleWebKit/537.36 (KHTML, like Gecko) Chrome/114.0.0.0 Safari/537.36"
170.168.96.218 - - [25/Apr/2026:14:38:50 +0300] "GET /?p=135635 HTTP/2" 200 0 "-" "Mozilla/5.0 (Windows NT 10.0; Win64; x64) AppleWebKit/537.36 (KHTML, like Gecko) Chrome/120.0.0.0 Safari/537.36"
178.175.140.148 - - [25/Apr/2026:14:39:02 +0300] "GET /astuce-eprouvez-un-bref-journal-avec-nos-bonus-actives/ HTTP/1.1" 200 73363 "-" "Mozilla/5.0 (Windows NT 10.0; Win64; x64; rv:125.0) Gecko/20100101 Firefox/125.0"
178.175.140.148 - - [25/Apr/2026:14:39:06 +0300] "POST /xmlrpc.php HTTP/1.1" 200 630 "-" "Mozilla/5.0 (Windows NT 10.0; Win64; x64) AppleWebKit/537.36 (KHTML, like Gecko) Chrome/114.0.0.0 Safari/537.36"
52.167.144.172 - - [25/Apr/2026:14:39:09 +0300] "GET /jack-and-the-beanstalk-slot-review-free-demo-play-hvorfor-ikke-prove-her-2026/ HTTP/2" 200 18892 "-" "Mozilla/5.0 AppleWebKit/537.36 (KHTML, like Gecko; compatible; bingbot/2.0; +http://www.bing.com/bingbot.htm) Chrome/116.0.1938.76 Safari/537.36"
185.216.113.70 - - [25/Apr/2026:14:39:52 +0300] "POST /wp-cron.php?doing_wp_cron=1777117192.1010489463806152343750 HTTP/1.1" 200 448 "-" "WordPress/6.3.8; https://serhatburke.miroglu.net"
178.175.140.148 - - [25/Apr/2026:14:39:19 +0300] "POST /xmlrpc.php HTTP/1.1" 200 9455 "-" "Mozilla/5.0 (Windows NT 10.0; Win64; x64) AppleWebKit/537.36 (KHTML, like Gecko) Chrome/114.0.0.0 Safari/537.36"
185.216.113.70 - - [25/Apr/2026:14:40:02 +0300] "POST /wp-cron.php?doing_wp_cron=1777117202.7536358833312988281250 HTTP/1.1" 200 448 "-" "WordPress/6.3.8; https://serhatburke.miroglu.net"
5.157.14.40 - - [25/Apr/2026:14:39:26 +0300] "GET /zotabet-casino-bonus-premier-depot-2026/ HTTP/1.1" 200 19282 "-" "Mozilla/5.0 (compatible; Googlebot/2.1; +http://www.google.com/bot.html)"
172.93.215.204 - - [25/Apr/2026:14:39:37 +0300] "GET /zotabet-casino-bonus-premier-depot-2026/ HTTP/1.1" 200 0 "-" "Mozilla/5.0 (compatible; Googlebot/2.1; +http://www.google.com/bot.html)"
185.216.113.70 - - [25/Apr/2026:14:40:13 +0300] "POST /wp-cron.php?doing_wp_cron=1777117213.0278289318084716796875 HTTP/1.1" 200 448 "-" "WordPress/6.3.8; https://serhatburke.miroglu.net"
178.175.140.148 - - [25/Apr/2026:14:39:33 +0300] "POST /xmlrpc.php HTTP/1.1" 200 630 "-" "Mozilla/5.0 (Windows NT 10.0; Win64; x64) AppleWebKit/537.36 (KHTML, like Gecko) Chrome/114.0.0.0 Safari/537.36"
178.175.140.148 - - [25/Apr/2026:14:39:47 +0300] "POST /xmlrpc.php HTTP/1.1" 200 10620 "-" "Mozilla/5.0 (Windows NT 10.0; Win64; x64) AppleWebKit/537.36 (KHTML, like Gecko) Chrome/114.0.0.0 Safari/537.36"
178.175.140.148 - - [25/Apr/2026:14:39:52 +0300] "GET /aviator-est-lun-extremum-jeu-pour-casino-legerement-multiplie-avec-spribe/ HTTP/1.1" 200 73698 "-" "Mozilla/5.0 (Windows NT 10.0; Win64; x64) AppleWebKit/537.36 (KHTML, like Gecko) Chrome/124.0.0.0 Safari/537.36 Edg/124.0.0.0"
178.175.140.148 - - [25/Apr/2026:14:39:55 +0300] "POST /xmlrpc.php HTTP/1.1" 200 630 "-" "Mozilla/5.0 (Windows NT 10.0; Win64; x64) AppleWebKit/537.36 (KHTML, like Gecko) Chrome/114.0.0.0 Safari/537.36"
178.175.140.148 - - [25/Apr/2026:14:40:20 +0300] "POST /xmlrpc.php HTTP/1.1" 200 9119 "-" "Mozilla/5.0 (Windows NT 10.0; Win64; x64) AppleWebKit/537.36 (KHTML, like Gecko) Chrome/114.0.0.0 Safari/537.36"
178.175.140.148 - - [25/Apr/2026:14:40:21 +0300] "POST /xmlrpc.php HTTP/1.1" 200 630 "-" "Mozilla/5.0 (Windows NT 10.0; Win64; x64) AppleWebKit/537.36 (KHTML, like Gecko) Chrome/114.0.0.0 Safari/537.36"
185.216.113.70 - - [25/Apr/2026:14:41:19 +0300] "POST /wp-cron.php?doing_wp_cron=1777117279.6172149181365966796875 HTTP/1.1" 200 448 "-" "WordPress/6.3.8; https://serhatburke.miroglu.net"
178.175.140.148 - - [25/Apr/2026:14:40:34 +0300] "GET /quest-le-quil-semble-ca-le-planning-dexercices-en-tenant-amour-a-l%EF%BF%BDegard-de-casino-rewards/ HTTP/1.1" 200 75760 "-" "Mozilla/5.0 (Windows NT 10.0; Win64; x64) AppleWebKit/537.36 (KHTML, like Gecko) Chrome/124.0.0.0 Safari/537.36"
185.216.113.70 - - [25/Apr/2026:14:41:24 +0300] "POST /wp-cron.php?doing_wp_cron=1777117284.5280249118804931640625 HTTP/1.1" 200 448 "-" "WordPress/6.3.8; https://serhatburke.miroglu.net"
185.216.113.70 - - [25/Apr/2026:14:41:28 +0300] "POST /wp-cron.php?doing_wp_cron=1777117288.2185089588165283203125 HTTP/1.1" 200 448 "-" "WordPress/6.3.8; https://serhatburke.miroglu.net"
