200.25.47.114 - - [25/Apr/2026:08:03:02 +0300] "GET /analise-da-acabamento-slot-machines-gonzos-sites-de-slots-halloween-quest-netent-jogue-gratuitamente-online/ HTTP/1.1" 200 81391 "-" "Mozilla/5.0 (Windows NT 10.0; Win64; x64) AppleWebKit/537.36 (KHTML, like Gecko) Chrome/122.0.0.0 Safari/537.36"
185.216.113.70 - - [25/Apr/2026:08:03:49 +0300] "POST /wp-cron.php?doing_wp_cron=1777093429.1033439636230468750000 HTTP/1.1" 200 448 "-" "WordPress/6.3.8; https://serhatburke.miroglu.net"
200.25.47.132 - - [25/Apr/2026:08:03:37 +0300] "POST /xmlrpc.php HTTP/1.1" 200 630 "-" "Mozilla/5.0 (Windows NT 10.0; Win64; x64) AppleWebKit/537.36 (KHTML, like Gecko) Chrome/114.0.0.0 Safari/537.36"
200.25.47.132 - - [25/Apr/2026:08:03:55 +0300] "POST /xmlrpc.php HTTP/1.1" 200 13723 "-" "Mozilla/5.0 (Windows NT 10.0; Win64; x64) AppleWebKit/537.36 (KHTML, like Gecko) Chrome/114.0.0.0 Safari/537.36"
200.25.47.132 - - [25/Apr/2026:08:04:10 +0300] "GET /lozinka-za-bonus-kazina-betmgm-za-2026-sbr1000-i-vulkan-vegas-promo-kod-za-postojece-korisnike-bez-depozita-sbr2500/ HTTP/1.1" 200 83572 "-" "Mozilla/5.0 (Windows NT 10.0; Win64; x64) AppleWebKit/537.36 (KHTML, like Gecko) Chrome/124.0.0.0 Safari/537.36"
200.25.47.114 - - [25/Apr/2026:08:04:19 +0300] "POST /xmlrpc.php HTTP/1.1" 200 630 "-" "Mozilla/5.0 (Windows NT 10.0; Win64; x64) AppleWebKit/537.36 (KHTML, like Gecko) Chrome/114.0.0.0 Safari/537.36"
185.216.113.70 - - [25/Apr/2026:08:04:50 +0300] "POST /wp-cron.php?doing_wp_cron=1777093490.6184580326080322265625 HTTP/1.1" 200 448 "-" "WordPress/6.3.8; https://serhatburke.miroglu.net"
200.25.47.114 - - [25/Apr/2026:08:04:38 +0300] "POST /xmlrpc.php HTTP/1.1" 200 16645 "-" "Mozilla/5.0 (Windows NT 10.0; Win64; x64) AppleWebKit/537.36 (KHTML, like Gecko) Chrome/114.0.0.0 Safari/537.36"
200.25.47.114 - - [25/Apr/2026:08:04:52 +0300] "GET /vtsax-stock-price-vanguard-feroz-aplicativo-spinsamurai-stock-mkt-idx-adm-fund/ HTTP/1.1" 200 81046 "-" "Mozilla/5.0 (Windows NT 10.0; Win64; x64) AppleWebKit/537.36 (KHTML, like Gecko) Chrome/124.0.0.0 Safari/537.36 Edg/124.0.0.0"
185.216.113.70 - - [25/Apr/2026:08:06:05 +0300] "POST /wp-cron.php?doing_wp_cron=1777093565.9023129940032958984375 HTTP/1.1" 200 448 "-" "WordPress/6.3.8; https://serhatburke.miroglu.net"
200.25.47.132 - - [25/Apr/2026:08:05:53 +0300] "POST /xmlrpc.php HTTP/1.1" 200 630 "-" "Mozilla/5.0 (Windows NT 10.0; Win64; x64) AppleWebKit/537.36 (KHTML, like Gecko) Chrome/114.0.0.0 Safari/537.36"
200.25.47.114 - - [25/Apr/2026:08:06:11 +0300] "POST /xmlrpc.php HTTP/1.1" 200 630 "-" "Mozilla/5.0 (Windows NT 10.0; Win64; x64) AppleWebKit/537.36 (KHTML, like Gecko) Chrome/114.0.0.0 Safari/537.36"
200.25.47.132 - - [25/Apr/2026:08:06:13 +0300] "POST /xmlrpc.php HTTP/1.1" 200 14272 "-" "Mozilla/5.0 (Windows NT 10.0; Win64; x64) AppleWebKit/537.36 (KHTML, like Gecko) Chrome/114.0.0.0 Safari/537.36"
185.216.113.70 - - [25/Apr/2026:08:06:41 +0300] "POST /wp-cron.php?doing_wp_cron=1777093600.9455308914184570312500 HTTP/1.1" 200 448 "-" "WordPress/6.3.8; https://serhatburke.miroglu.net"
200.25.47.132 - - [25/Apr/2026:08:06:29 +0300] "GET /finiks-sansi-ulaze-u-odluchu%D1%98u%D1%9Bi-februar-sa-shansama-za-ple%D1%98-of-preuzima%D1%9Ae-aplikatsi%D1%98e-vulkan-vegas-u-srbi%D1%98i-na-aparatima-za-odrzhava%D1%9Ae-zhivota/ HTTP/1.1" 200 87215 "-" "Mozilla/5.0 (Windows NT 10.0; Win64; x64; rv:125.0) Gecko/20100101 Firefox/125.0"
200.25.47.114 - - [25/Apr/2026:08:06:33 +0300] "POST /xmlrpc.php HTTP/1.1" 200 17017 "-" "Mozilla/5.0 (Windows NT 10.0; Win64; x64) AppleWebKit/537.36 (KHTML, like Gecko) Chrome/114.0.0.0 Safari/537.36"
200.25.47.114 - - [25/Apr/2026:08:06:47 +0300] "GET /elevado-bonus-jogue-parimatch-bj-4-en-online-dado-immortal-romance-bonus-online-como-jogar-bingo-sem-deposito-5-deposito-sem-armazem/ HTTP/1.1" 200 82565 "-" "Mozilla/5.0 (Windows NT 10.0; Win64; x64) AppleWebKit/537.36 (KHTML, like Gecko) Chrome/124.0.0.0 Safari/537.36 Edg/124.0.0.0"
185.216.113.70 - - [25/Apr/2026:08:08:12 +0300] "POST /wp-cron.php?doing_wp_cron=1777093692.5193529129028320312500 HTTP/1.1" 200 448 "-" "WordPress/6.3.8; https://serhatburke.miroglu.net"
200.25.47.132 - - [25/Apr/2026:08:07:59 +0300] "POST /xmlrpc.php HTTP/1.1" 200 630 "-" "Mozilla/5.0 (Windows NT 10.0; Win64; x64) AppleWebKit/537.36 (KHTML, like Gecko) Chrome/114.0.0.0 Safari/537.36"
200.25.47.114 - - [25/Apr/2026:08:07:58 +0300] "POST /xmlrpc.php HTTP/1.1" 200 630 "-" "Mozilla/5.0 (Windows NT 10.0; Win64; x64) AppleWebKit/537.36 (KHTML, like Gecko) Chrome/114.0.0.0 Safari/537.36"
200.25.47.132 - - [25/Apr/2026:08:08:19 +0300] "POST /xmlrpc.php HTTP/1.1" 200 14444 "-" "Mozilla/5.0 (Windows NT 10.0; Win64; x64) AppleWebKit/537.36 (KHTML, like Gecko) Chrome/114.0.0.0 Safari/537.36"
200.25.47.114 - - [25/Apr/2026:08:08:19 +0300] "POST /xmlrpc.php HTTP/1.1" 200 16418 "-" "Mozilla/5.0 (Windows NT 10.0; Win64; x64) AppleWebKit/537.36 (KHTML, like Gecko) Chrome/114.0.0.0 Safari/537.36"
185.216.113.70 - - [25/Apr/2026:08:08:47 +0300] "POST /wp-cron.php?doing_wp_cron=1777093727.8130099773406982421875 HTTP/1.1" 200 448 "-" "WordPress/6.3.8; https://serhatburke.miroglu.net"
200.25.47.132 - - [25/Apr/2026:08:08:35 +0300] "GET /60-besplatnikh-vulkan-vegas-srbi%D1%98a-pri%D1%98ava-okreta%D1%98a-bez-depozita-dodatni-bo%D1%99i-izbori-2026/ HTTP/1.1" 200 84740 "-" "Mozilla/5.0 (Windows NT 10.0; Win64; x64) AppleWebKit/537.36 (KHTML, like Gecko) Chrome/123.0.0.0 Safari/537.36"
200.25.47.114 - - [25/Apr/2026:08:08:36 +0300] "GET /santa-vs-rudolf-ganhar-dinheiro-na-roleta-online-analise-infantilidade-slot-natalina-por-netent/ HTTP/1.1" 200 81299 "-" "Mozilla/5.0 (Windows NT 10.0; Win64; x64) AppleWebKit/537.36 (KHTML, like Gecko) Chrome/122.0.0.0 Safari/537.36"
52.167.144.142 - - [25/Apr/2026:08:09:00 +0300] "GET /how-can-i-start-to-try-out-in-the-a-bona-fide-money-slots-web-site/ HTTP/2" 200 17827 "-" "Mozilla/5.0 AppleWebKit/537.36 (KHTML, like Gecko; compatible; bingbot/2.0; +http://www.bing.com/bingbot.htm) Chrome/116.0.1938.76 Safari/537.36"
185.216.113.70 - - [25/Apr/2026:08:10:01 +0300] "POST /wp-cron.php?doing_wp_cron=1777093800.9588990211486816406250 HTTP/1.1" 200 448 "-" "WordPress/6.3.8; https://serhatburke.miroglu.net"
200.25.47.114 - - [25/Apr/2026:08:09:48 +0300] "POST /xmlrpc.php HTTP/1.1" 200 630 "-" "Mozilla/5.0 (Windows NT 10.0; Win64; x64) AppleWebKit/537.36 (KHTML, like Gecko) Chrome/114.0.0.0 Safari/537.36"
52.167.144.142 - - [25/Apr/2026:08:10:02 +0300] "GET /de-jouer-aux-differents-gaming-avec-mecanisme-a-dessous-non-payants/ HTTP/2" 200 17434 "-" "Mozilla/5.0 AppleWebKit/537.36 (KHTML, like Gecko; compatible; bingbot/2.0; +http://www.bing.com/bingbot.htm) Chrome/116.0.1938.76 Safari/537.36"
200.25.47.132 - - [25/Apr/2026:08:10:05 +0300] "POST /xmlrpc.php HTTP/1.1" 200 630 "-" "Mozilla/5.0 (Windows NT 10.0; Win64; x64) AppleWebKit/537.36 (KHTML, like Gecko) Chrome/114.0.0.0 Safari/537.36"
200.25.47.114 - - [25/Apr/2026:08:10:07 +0300] "POST /xmlrpc.php HTTP/1.1" 200 16366 "-" "Mozilla/5.0 (Windows NT 10.0; Win64; x64) AppleWebKit/537.36 (KHTML, like Gecko) Chrome/114.0.0.0 Safari/537.36"
185.216.113.70 - - [25/Apr/2026:08:10:41 +0300] "POST /wp-cron.php?doing_wp_cron=1777093841.5079939365386962890625 HTTP/1.1" 200 448 "-" "WordPress/6.3.8; https://serhatburke.miroglu.net"
200.25.47.114 - - [25/Apr/2026:08:10:29 +0300] "GET /bonus-sem-voce-pode-olhar-aqui-parimatch-ru-bj-5-slot-machine-armazem-2023/ HTTP/1.1" 200 80220 "-" "Mozilla/5.0 (Windows NT 10.0; Win64; x64; rv:124.0) Gecko/20100101 Firefox/124.0"
200.25.47.132 - - [25/Apr/2026:08:10:32 +0300] "POST /xmlrpc.php HTTP/1.1" 200 13825 "-" "Mozilla/5.0 (Windows NT 10.0; Win64; x64) AppleWebKit/537.36 (KHTML, like Gecko) Chrome/114.0.0.0 Safari/537.36"
200.25.47.132 - - [25/Apr/2026:08:10:46 +0300] "GET /na%D1%98bo%D1%99e-kotskarnitse-ko%D1%98e-ima%D1%98u-50-vulkan-vegas-slot-promo-kodovi-besplatnikh-okreta%D1%98a-bez-depozita-u-2026-godini/ HTTP/1.1" 200 84700 "-" "Mozilla/5.0 (Windows NT 10.0; Win64; x64; rv:125.0) Gecko/20100101 Firefox/125.0"
185.216.113.70 - - [25/Apr/2026:08:11:48 +0300] "POST /wp-cron.php?doing_wp_cron=1777093908.1294810771942138671875 HTTP/1.1" 200 448 "-" "WordPress/6.3.8; https://serhatburke.miroglu.net"
200.25.47.114 - - [25/Apr/2026:08:11:36 +0300] "POST /xmlrpc.php HTTP/1.1" 200 630 "-" "Mozilla/5.0 (Windows NT 10.0; Win64; x64) AppleWebKit/537.36 (KHTML, like Gecko) Chrome/114.0.0.0 Safari/537.36"
98.98.197.163 - - [25/Apr/2026:08:11:36 +0300] "POST /xmlrpc.php HTTP/1.1" 200 630 "-" "Mozilla/5.0 (Windows NT 10.0; Win64; x64) AppleWebKit/537.36 (KHTML, like Gecko) Chrome/114.0.0.0 Safari/537.36"
200.25.47.114 - - [25/Apr/2026:08:11:55 +0300] "POST /xmlrpc.php HTTP/1.1" 200 16408 "-" "Mozilla/5.0 (Windows NT 10.0; Win64; x64) AppleWebKit/537.36 (KHTML, like Gecko) Chrome/114.0.0.0 Safari/537.36"
200.25.47.132 - - [25/Apr/2026:08:12:08 +0300] "POST /xmlrpc.php HTTP/1.1" 200 630 "-" "Mozilla/5.0 (Windows NT 10.0; Win64; x64) AppleWebKit/537.36 (KHTML, like Gecko) Chrome/114.0.0.0 Safari/537.36"
200.25.47.114 - - [25/Apr/2026:08:12:09 +0300] "GET /jogue-wanted-dead-or-a-betnacional-login-celular-wild-gratuitamente-acercade-ademane-demo-como-analise-abrasado-aparelho/ HTTP/1.1" 200 81775 "-" "Mozilla/5.0 (Windows NT 10.0; rv:125.0) Gecko/20100101 Firefox/125.0"
185.216.113.70 - - [25/Apr/2026:08:12:38 +0300] "POST /wp-cron.php?doing_wp_cron=1777093958.8425309658050537109375 HTTP/1.1" 200 448 "-" "WordPress/6.3.8; https://serhatburke.miroglu.net"
200.25.47.132 - - [25/Apr/2026:08:12:26 +0300] "POST /xmlrpc.php HTTP/1.1" 200 14309 "-" "Mozilla/5.0 (Windows NT 10.0; Win64; x64) AppleWebKit/537.36 (KHTML, like Gecko) Chrome/114.0.0.0 Safari/537.36"
200.25.47.132 - - [25/Apr/2026:08:12:40 +0300] "GET /vode%D1%9Ba-lokalna-k%D1%9Aiga-o-kotska%D1%9Au-u-kazinu-za-osobe-stari%D1%98e-od-29-vulkan-vegas-srbija-bonus-godina/ HTTP/1.1" 200 84105 "-" "Mozilla/5.0 (Windows NT 10.0; Win64; x64; rv:125.0) Gecko/20100101 Firefox/125.0"
200.25.47.114 - - [25/Apr/2026:08:13:23 +0300] "POST /xmlrpc.php HTTP/1.1" 200 630 "-" "Mozilla/5.0 (Windows NT 10.0; Win64; x64) AppleWebKit/537.36 (KHTML, like Gecko) Chrome/114.0.0.0 Safari/537.36"
185.216.113.70 - - [25/Apr/2026:08:13:46 +0300] "POST /wp-cron.php?doing_wp_cron=1777094026.8092079162597656250000 HTTP/1.1" 200 448 "-" "WordPress/6.3.8; https://serhatburke.miroglu.net"
40.77.167.18 - - [25/Apr/2026:08:13:32 +0300] "GET /sus-particulares-sobre-big-time-gaming-nuestro-gigante-de-los-juegos-2026/ HTTP/2" 200 19198 "-" "Mozilla/5.0 AppleWebKit/537.36 (KHTML, like Gecko; compatible; bingbot/2.0; +http://www.bing.com/bingbot.htm) Chrome/116.0.1938.76 Safari/537.36"
52.167.144.176 - - [25/Apr/2026:08:13:36 +0300] "GET /100-fre-serieuze-hyperlink-spins-non-deposito-2026-beste-gratis-spins-buitenshuis-betaling/ HTTP/2" 200 18207 "-" "Mozilla/5.0 AppleWebKit/537.36 (KHTML, like Gecko; compatible; bingbot/2.0; +http://www.bing.com/bingbot.htm) Chrome/116.0.1938.76 Safari/537.36"
40.77.167.18 - - [25/Apr/2026:08:13:41 +0300] "GET /engelsk-playtech-spilleautomater-spill-onde-gevinster-hitnspin-kontakt-i-norge-premier-league-vinnerodds-bowlingkule/ HTTP/2" 200 18277 "-" "Mozilla/5.0 AppleWebKit/537.36 (KHTML, like Gecko; compatible; bingbot/2.0; +http://www.bing.com/bingbot.htm) Chrome/116.0.1938.76 Safari/537.36"
200.25.47.114 - - [25/Apr/2026:08:13:41 +0300] "POST /xmlrpc.php HTTP/1.1" 200 16971 "-" "Mozilla/5.0 (Windows NT 10.0; Win64; x64) AppleWebKit/537.36 (KHTML, like Gecko) Chrome/114.0.0.0 Safari/537.36"
200.25.47.114 - - [25/Apr/2026:08:14:05 +0300] "GET /pragmatic-play-aumenta-briga-calor-na-slot-striking-hot-cassino-bumbet-cassino-5/ HTTP/1.1" 200 81047 "-" "Mozilla/5.0 (Windows NT 10.0; Win64; x64) AppleWebKit/537.36 (KHTML, like Gecko) Chrome/122.0.0.0 Safari/537.36"
200.25.47.132 - - [25/Apr/2026:08:14:10 +0300] "POST /xmlrpc.php HTTP/1.1" 200 630 "-" "Mozilla/5.0 (Windows NT 10.0; Win64; x64) AppleWebKit/537.36 (KHTML, like Gecko) Chrome/114.0.0.0 Safari/537.36"
40.77.167.18 - - [25/Apr/2026:08:14:10 +0300] "GET /caesars-sportsbook-promo-code-sbr250bm-get-250-extra-to-have-ladylucks-casino-internet-nba-ncaab-video-game-today/ HTTP/2" 200 18902 "-" "Mozilla/5.0 AppleWebKit/537.36 (KHTML, like Gecko; compatible; bingbot/2.0; +http://www.bing.com/bingbot.htm) Chrome/116.0.1938.76 Safari/537.36"
185.216.113.70 - - [25/Apr/2026:08:14:44 +0300] "POST /wp-cron.php?doing_wp_cron=1777094084.6114220619201660156250 HTTP/1.1" 200 448 "-" "WordPress/6.3.8; https://serhatburke.miroglu.net"
200.25.47.132 - - [25/Apr/2026:08:14:32 +0300] "POST /xmlrpc.php HTTP/1.1" 200 14475 "-" "Mozilla/5.0 (Windows NT 10.0; Win64; x64) AppleWebKit/537.36 (KHTML, like Gecko) Chrome/114.0.0.0 Safari/537.36"
200.25.47.132 - - [25/Apr/2026:08:14:46 +0300] "GET /betway-autoritativan-vulkan-vegas-prijava-srbija-veb-sa%D1%98t/ HTTP/1.1" 200 83209 "-" "Mozilla/5.0 (Windows NT 10.0; Win64; x64) AppleWebKit/537.36 (KHTML, like Gecko) Chrome/124.0.0.0 Safari/537.36"
200.25.47.114 - - [25/Apr/2026:08:15:14 +0300] "POST /xmlrpc.php HTTP/1.1" 200 630 "-" "Mozilla/5.0 (Windows NT 10.0; Win64; x64) AppleWebKit/537.36 (KHTML, like Gecko) Chrome/114.0.0.0 Safari/537.36"
185.216.113.70 - - [25/Apr/2026:08:15:45 +0300] "POST /wp-cron.php?doing_wp_cron=1777094145.8097391128540039062500 HTTP/1.1" 200 448 "-" "WordPress/6.3.8; https://serhatburke.miroglu.net"
200.25.47.114 - - [25/Apr/2026:08:15:33 +0300] "POST /xmlrpc.php HTTP/1.1" 200 17324 "-" "Mozilla/5.0 (Windows NT 10.0; Win64; x64) AppleWebKit/537.36 (KHTML, like Gecko) Chrome/114.0.0.0 Safari/537.36"
200.25.47.114 - - [25/Apr/2026:08:15:47 +0300] "GET /novos-giros-gratuitos-cassinos-%E1%90%85-sem-giros-livres-formas-de-pagamento-1xslot-puerilidade-armazem-2024/ HTTP/1.1" 200 82261 "-" "Mozilla/5.0 (Windows NT 10.0; Win64; x64) AppleWebKit/537.36 (KHTML, like Gecko) Chrome/124.0.0.0 Safari/537.36 Edg/124.0.0.0"
185.216.113.70 - - [25/Apr/2026:08:17:09 +0300] "POST /wp-cron.php?doing_wp_cron=1777094229.5275139808654785156250 HTTP/1.1" 200 448 "-" "WordPress/6.3.8; https://serhatburke.miroglu.net"
200.25.47.114 - - [25/Apr/2026:08:16:57 +0300] "POST /xmlrpc.php HTTP/1.1" 200 630 "-" "Mozilla/5.0 (Windows NT 10.0; Win64; x64) AppleWebKit/537.36 (KHTML, like Gecko) Chrome/114.0.0.0 Safari/537.36"
200.25.47.114 - - [25/Apr/2026:08:17:16 +0300] "POST /xmlrpc.php HTTP/1.1" 200 16509 "-" "Mozilla/5.0 (Windows NT 10.0; Win64; x64) AppleWebKit/537.36 (KHTML, like Gecko) Chrome/114.0.0.0 Safari/537.36"
185.216.113.70 - - [25/Apr/2026:08:17:42 +0300] "POST /wp-cron.php?doing_wp_cron=1777094262.1498670578002929687500 HTTP/1.1" 200 448 "-" "WordPress/6.3.8; https://serhatburke.miroglu.net"
200.25.47.114 - - [25/Apr/2026:08:17:30 +0300] "GET /maquinas-puerilidade-slots-gratis-e-outros-jogos-infantilidade-bonus-gate777-cassino-jogue-online-agora/ HTTP/1.1" 200 81669 "-" "Mozilla/5.0 (Windows NT 10.0; rv:109.0) Gecko/20100101 Firefox/115.0"
185.216.113.70 - - [25/Apr/2026:08:18:56 +0300] "POST /wp-cron.php?doing_wp_cron=1777094336.2522830963134765625000 HTTP/1.1" 200 448 "-" "WordPress/6.3.8; https://serhatburke.miroglu.net"
200.25.47.114 - - [25/Apr/2026:08:18:44 +0300] "POST /xmlrpc.php HTTP/1.1" 200 630 "-" "Mozilla/5.0 (Windows NT 10.0; Win64; x64) AppleWebKit/537.36 (KHTML, like Gecko) Chrome/114.0.0.0 Safari/537.36"
200.25.47.114 - - [25/Apr/2026:08:19:03 +0300] "POST /xmlrpc.php HTTP/1.1" 200 17277 "-" "Mozilla/5.0 (Windows NT 10.0; Win64; x64) AppleWebKit/537.36 (KHTML, like Gecko) Chrome/114.0.0.0 Safari/537.36"
200.25.47.114 - - [25/Apr/2026:08:19:18 +0300] "GET /isoftbet-online-slots-best-games-login-online-do-gate777-list-for-2026/ HTTP/1.1" 200 81203 "-" "Mozilla/5.0 (Windows NT 10.0; Win64; x64) AppleWebKit/537.36 (KHTML, like Gecko) Chrome/123.0.0.0 Safari/537.36 OPR/109.0.0.0"
185.216.113.70 - - [25/Apr/2026:08:19:44 +0300] "POST /wp-cron.php?doing_wp_cron=1777094384.4629740715026855468750 HTTP/1.1" 200 448 "-" "WordPress/6.3.8; https://serhatburke.miroglu.net"
40.77.167.156 - - [25/Apr/2026:08:19:32 +0300] "GET /thunderstruck-nuts-lightning-position-our-very-own-complete-remark-here/ HTTP/2" 200 18183 "-" "Mozilla/5.0 AppleWebKit/537.36 (KHTML, like Gecko; compatible; bingbot/2.0; +http://www.bing.com/bingbot.htm) Chrome/116.0.1938.76 Safari/537.36"
207.46.13.7 - - [25/Apr/2026:08:19:41 +0300] "GET /bedrijfstop-casino-release-the-kraken-mobiele-banksu-va-belgi-vinnig-games-waarderen-gevechtsklaar/ HTTP/2" 200 20292 "-" "Mozilla/5.0 AppleWebKit/537.36 (KHTML, like Gecko; compatible; bingbot/2.0; +http://www.bing.com/bingbot.htm) Chrome/116.0.1938.76 Safari/537.36"
200.25.47.114 - - [25/Apr/2026:08:20:20 +0300] "POST /xmlrpc.php HTTP/1.1" 200 630 "-" "Mozilla/5.0 (Windows NT 10.0; Win64; x64) AppleWebKit/537.36 (KHTML, like Gecko) Chrome/114.0.0.0 Safari/537.36"
185.216.113.70 - - [25/Apr/2026:08:20:51 +0300] "POST /wp-cron.php?doing_wp_cron=1777094451.8677620887756347656250 HTTP/1.1" 200 448 "-" "WordPress/6.3.8; https://serhatburke.miroglu.net"
200.25.47.114 - - [25/Apr/2026:08:20:39 +0300] "POST /xmlrpc.php HTTP/1.1" 200 15790 "-" "Mozilla/5.0 (Windows NT 10.0; Win64; x64) AppleWebKit/537.36 (KHTML, like Gecko) Chrome/114.0.0.0 Safari/537.36"
200.25.47.114 - - [25/Apr/2026:08:20:54 +0300] "GET /administracao-criancice-dinheiro-para-video-bingo-dinheiro-real-online-slot-players/ HTTP/1.1" 200 80253 "-" "Mozilla/5.0 (Windows NT 10.0; rv:109.0) Gecko/20100101 Firefox/115.0"
66.249.73.14 - - [25/Apr/2026:08:21:11 +0300] "GET /admiral-shark-casino-uk-review-dive-into-exciting-online-gaming/ HTTP/1.1" 200 0 "https://gqsca.driftengine-games.info/" "Mozilla/5.0 (Linux; Android 6.0.1; Nexus 5X Build/MMB29P) AppleWebKit/537.36 (KHTML, like Gecko) Chrome/146.0.7680.177 Mobile Safari/537.36 (compatible; Googlebot/2.1; +http://www.google.com/bot.html)"
185.216.113.70 - - [25/Apr/2026:08:22:06 +0300] "POST /wp-cron.php?doing_wp_cron=1777094526.8540589809417724609375 HTTP/1.1" 200 448 "-" "WordPress/6.3.8; https://serhatburke.miroglu.net"
200.25.47.114 - - [25/Apr/2026:08:21:54 +0300] "POST /xmlrpc.php HTTP/1.1" 200 630 "-" "Mozilla/5.0 (Windows NT 10.0; Win64; x64) AppleWebKit/537.36 (KHTML, like Gecko) Chrome/114.0.0.0 Safari/537.36"
200.25.47.114 - - [25/Apr/2026:08:22:13 +0300] "POST /xmlrpc.php HTTP/1.1" 200 16468 "-" "Mozilla/5.0 (Windows NT 10.0; Win64; x64) AppleWebKit/537.36 (KHTML, like Gecko) Chrome/114.0.0.0 Safari/537.36"
185.216.113.70 - - [25/Apr/2026:08:22:39 +0300] "POST /wp-cron.php?doing_wp_cron=1777094559.6124150753021240234375 HTTP/1.1" 200 448 "-" "WordPress/6.3.8; https://serhatburke.miroglu.net"
200.25.47.114 - - [25/Apr/2026:08:22:27 +0300] "GET /aparelhar-3-coins-apontar-ademane-demonio-melhores-sites-de-cassino-online-como-jogar-bingo-100-acostumado/ HTTP/1.1" 200 81829 "-" "Mozilla/5.0 (Windows NT 10.0; Win64; x64) AppleWebKit/537.36 (KHTML, like Gecko) Chrome/124.0.0.0 Safari/537.36 Edg/124.0.0.0"
40.77.167.156 - - [25/Apr/2026:08:23:00 +0300] "GET /wyplata-sa-mozliwosc-po-prostu-nastepowaniu-sprawdzeniu-wniosku-z-operatora-przedsiebiorstwa-hazardowe/ HTTP/2" 200 18056 "-" "Mozilla/5.0 AppleWebKit/537.36 (KHTML, like Gecko; compatible; bingbot/2.0; +http://www.bing.com/bingbot.htm) Chrome/116.0.1938.76 Safari/537.36"
200.25.47.114 - - [25/Apr/2026:08:23:26 +0300] "POST /xmlrpc.php HTTP/1.1" 200 630 "-" "Mozilla/5.0 (Windows NT 10.0; Win64; x64) AppleWebKit/537.36 (KHTML, like Gecko) Chrome/114.0.0.0 Safari/537.36"
185.216.113.70 - - [25/Apr/2026:08:24:00 +0300] "POST /wp-cron.php?doing_wp_cron=1777094639.8371140956878662109375 HTTP/1.1" 200 448 "-" "WordPress/6.3.8; https://serhatburke.miroglu.net"
200.25.47.132 - - [25/Apr/2026:08:23:44 +0300] "POST /xmlrpc.php HTTP/1.1" 200 630 "-" "Mozilla/5.0 (Windows NT 10.0; Win64; x64) AppleWebKit/537.36 (KHTML, like Gecko) Chrome/114.0.0.0 Safari/537.36"
200.25.47.114 - - [25/Apr/2026:08:23:44 +0300] "POST /xmlrpc.php HTTP/1.1" 200 16498 "-" "Mozilla/5.0 (Windows NT 10.0; Win64; x64) AppleWebKit/537.36 (KHTML, like Gecko) Chrome/114.0.0.0 Safari/537.36"
104.194.132.199 - - [25/Apr/2026:08:23:52 +0300] "GET /beste-casino-site-belgie-hoge-inzet/ HTTP/1.1" 200 0 "-" "Mozilla/5.0 (Windows NT 10.0; WOW64) AppleWebKit/537.36 (KHTML, like Gecko) Chrome/114.0.0.0 Safari/537.36 Vivaldi/5.3.2679.68"
40.77.167.156 - - [25/Apr/2026:08:23:52 +0300] "GET /kraken-bezopasnye-metody-vkhoda-v-temnye-resursy/ HTTP/2" 200 18875 "-" "Mozilla/5.0 AppleWebKit/537.36 (KHTML, like Gecko; compatible; bingbot/2.0; +http://www.bing.com/bingbot.htm) Chrome/116.0.1938.76 Safari/537.36"
207.46.13.7 - - [25/Apr/2026:08:24:00 +0300] "GET /hot-gems-xtreme-slot-read-our-online-review/ HTTP/2" 200 18871 "-" "Mozilla/5.0 AppleWebKit/537.36 (KHTML, like Gecko; compatible; bingbot/2.0; +http://www.bing.com/bingbot.htm) Chrome/116.0.1938.76 Safari/537.36"
200.25.47.114 - - [25/Apr/2026:08:24:04 +0300] "GET /crazy-monkey-jogue-acostumado-sem-colecao-como-jogue-como-ganhar-no-poquer-texas-holdem-objeck-slot-sem-arame/ HTTP/1.1" 200 81559 "-" "Mozilla/5.0 (Windows NT 10.0; rv:109.0) Gecko/20100101 Firefox/115.0"
200.25.47.132 - - [25/Apr/2026:08:24:06 +0300] "POST /xmlrpc.php HTTP/1.1" 200 13455 "-" "Mozilla/5.0 (Windows NT 10.0; Win64; x64) AppleWebKit/537.36 (KHTML, like Gecko) Chrome/114.0.0.0 Safari/537.36"
172.81.133.213 - - [25/Apr/2026:08:24:14 +0300] "GET /zotabet-casino-bonus-premier-depot-2026/ HTTP/1.1" 200 19073 "-" "Mozilla/5.0 (compatible; Googlebot/2.1; +http://www.google.com/bot.html)"
40.77.167.156 - - [25/Apr/2026:08:24:33 +0300] "GET /kraken-bezopasnyi-dostup-k-onion-ssylkam-2026-44/ HTTP/2" 200 18711 "-" "Mozilla/5.0 AppleWebKit/537.36 (KHTML, like Gecko; compatible; bingbot/2.0; +http://www.bing.com/bingbot.htm) Chrome/116.0.1938.76 Safari/537.36"
200.25.47.132 - - [25/Apr/2026:08:24:40 +0300] "GET /podstitsa%D1%98i-za-kotskarske-kompani%D1%98e-100-besplatan-bonus-bez-depozita-100-besplatno-okreta%D1%9Ae-u-kasi-septembar-2025/ HTTP/1.1" 200 85614 "-" "Mozilla/5.0 (Windows NT 10.0; rv:109.0) Gecko/20100101 Firefox/115.0"
40.77.167.156 - - [25/Apr/2026:08:24:52 +0300] "GET /denn-beispiele-z-hd-ellenlang-verbreitete-ewallets-mochte-selbst-netteller-weiters-skrill-heien/ HTTP/2" 200 18365 "-" "Mozilla/5.0 AppleWebKit/537.36 (KHTML, like Gecko; compatible; bingbot/2.0; +http://www.bing.com/bingbot.htm) Chrome/116.0.1938.76 Safari/537.36"
200.25.47.114 - - [25/Apr/2026:08:25:00 +0300] "POST /xmlrpc.php HTTP/1.1" 200 630 "-" "Mozilla/5.0 (Windows NT 10.0; Win64; x64) AppleWebKit/537.36 (KHTML, like Gecko) Chrome/114.0.0.0 Safari/537.36"
185.216.113.70 - - [25/Apr/2026:08:25:34 +0300] "POST /wp-cron.php?doing_wp_cron=1777094734.4173970222473144531250 HTTP/1.1" 200 448 "-" "WordPress/6.3.8; https://serhatburke.miroglu.net"
200.25.47.114 - - [25/Apr/2026:08:25:19 +0300] "POST /xmlrpc.php HTTP/1.1" 200 16467 "-" "Mozilla/5.0 (Windows NT 10.0; Win64; x64) AppleWebKit/537.36 (KHTML, like Gecko) Chrome/114.0.0.0 Safari/537.36"
200.25.47.114 - - [25/Apr/2026:08:25:36 +0300] "GET /rodadas-acessivel-50-rodadas-sem-deposito-book-of-ra-10-plataformas-com-giros-acessivel-2026/ HTTP/1.1" 200 81127 "-" "Mozilla/5.0 (Windows NT 10.0; Win64; x64) AppleWebKit/537.36 (KHTML, like Gecko) Chrome/124.0.0.0 Safari/537.36 Edg/124.0.0.0"
45.148.235.39 - - [25/Apr/2026:08:26:22 +0300] "GET / HTTP/2" 200 20640 "-" "Mozilla/5.0 (Macintosh; Intel Mac OS X 10_15_7) AppleWebKit/537.36 (KHTML, like Gecko) Chrome/120.0.0.0 Safari/537.36"
185.216.113.70 - - [25/Apr/2026:08:26:57 +0300] "POST /wp-cron.php?doing_wp_cron=1777094817.1680440902709960937500 HTTP/1.1" 200 448 "-" "WordPress/6.3.8; https://serhatburke.miroglu.net"
200.25.47.114 - - [25/Apr/2026:08:26:45 +0300] "POST /xmlrpc.php HTTP/1.1" 200 630 "-" "Mozilla/5.0 (Windows NT 10.0; Win64; x64) AppleWebKit/537.36 (KHTML, like Gecko) Chrome/114.0.0.0 Safari/537.36"
200.25.47.114 - - [25/Apr/2026:08:27:03 +0300] "POST /xmlrpc.php HTTP/1.1" 200 16756 "-" "Mozilla/5.0 (Windows NT 10.0; Win64; x64) AppleWebKit/537.36 (KHTML, like Gecko) Chrome/114.0.0.0 Safari/537.36"
200.25.47.114 - - [25/Apr/2026:08:27:18 +0300] "GET /13-mitos-sobre-as-slots-acimade-que-bonus-de-deposito-galera-bet-apoquentar-acreditas/ HTTP/1.1" 200 81042 "-" "Mozilla/5.0 (Windows NT 10.0; Win64; x64) AppleWebKit/537.36 (KHTML, like Gecko) Chrome/124.0.0.0 Safari/537.36 Edg/124.0.0.0"
185.216.113.70 - - [25/Apr/2026:08:28:38 +0300] "POST /wp-cron.php?doing_wp_cron=1777094918.1147971153259277343750 HTTP/1.1" 200 448 "-" "WordPress/6.3.8; https://serhatburke.miroglu.net"
52.167.144.190 - - [25/Apr/2026:08:28:22 +0300] "GET /right-here-you-can-study-more-info-on-bonuses-given-by-mr-wager-betting-organization/ HTTP/2" 200 17586 "-" "Mozilla/5.0 AppleWebKit/537.36 (KHTML, like Gecko; compatible; bingbot/2.0; +http://www.bing.com/bingbot.htm) Chrome/116.0.1938.76 Safari/537.36"
40.77.167.48 - - [25/Apr/2026:08:28:27 +0300] "GET /wunderino-maklercourtage-sourcecode-2026-wunderino-willkommensbonus/ HTTP/2" 200 19256 "-" "Mozilla/5.0 AppleWebKit/537.36 (KHTML, like Gecko; compatible; bingbot/2.0; +http://www.bing.com/bingbot.htm) Chrome/116.0.1938.76 Safari/537.36"
200.25.47.114 - - [25/Apr/2026:08:28:29 +0300] "POST /xmlrpc.php HTTP/1.1" 200 630 "-" "Mozilla/5.0 (Windows NT 10.0; Win64; x64) AppleWebKit/537.36 (KHTML, like Gecko) Chrome/114.0.0.0 Safari/537.36"
207.46.13.7 - - [25/Apr/2026:08:28:33 +0300] "GET /de-volledige-overzicht-vanuit-noppes-spins-gokhal-promoties-wegens-2026/ HTTP/2" 200 19678 "-" "Mozilla/5.0 AppleWebKit/537.36 (KHTML, like Gecko; compatible; bingbot/2.0; +http://www.bing.com/bingbot.htm) Chrome/116.0.1938.76 Safari/537.36"
207.46.13.7 - - [25/Apr/2026:08:28:36 +0300] "GET /professional-research-help-guide-to-finding-the-right-online-casino-eastern-fort-well-rock-climber-slot-play-worth-business-connection/ HTTP/2" 200 18942 "-" "Mozilla/5.0 AppleWebKit/537.36 (KHTML, like Gecko; compatible; bingbot/2.0; +http://www.bing.com/bingbot.htm) Chrome/116.0.1938.76 Safari/537.36"
200.25.47.114 - - [25/Apr/2026:08:29:04 +0300] "POST /xmlrpc.php HTTP/1.1" 200 17026 "-" "Mozilla/5.0 (Windows NT 10.0; Win64; x64) AppleWebKit/537.36 (KHTML, like Gecko) Chrome/114.0.0.0 Safari/537.36"
40.77.167.48 - - [25/Apr/2026:08:29:04 +0300] "GET /greatest-payout-online-casinos-2026-large-rtp-98percent-casinos/ HTTP/2" 200 18575 "-" "Mozilla/5.0 AppleWebKit/537.36 (KHTML, like Gecko; compatible; bingbot/2.0; +http://www.bing.com/bingbot.htm) Chrome/116.0.1938.76 Safari/537.36"
157.55.39.8 - - [25/Apr/2026:08:29:11 +0300] "GET /kraken-vse-o-darknete-i-bezopasnom-dostupe-2/ HTTP/2" 200 18660 "-" "Mozilla/5.0 AppleWebKit/537.36 (KHTML, like Gecko; compatible; bingbot/2.0; +http://www.bing.com/bingbot.htm) Chrome/116.0.1938.76 Safari/537.36"
200.25.47.114 - - [25/Apr/2026:08:29:22 +0300] "GET /jogue-mega-pyramid-doa-red-tiger-cassino-com-betnacional-criptomoedas-vip-do/ HTTP/1.1" 200 81649 "-" "Mozilla/5.0 (Windows NT 10.0; Win64; x64; rv:125.0) Gecko/20100101 Firefox/125.0"
185.216.113.70 - - [25/Apr/2026:08:29:56 +0300] "POST /wp-cron.php?doing_wp_cron=1777094996.4792931079864501953125 HTTP/1.1" 200 448 "-" "WordPress/6.3.8; https://serhatburke.miroglu.net"
40.77.167.48 - - [25/Apr/2026:08:29:44 +0300] "GET /skaffa-mobilt-bankid-inbringa-fylla-casinomeister-online-slot-ner-aktivera-bankid-app-tinga-bankid-aktiveringskod-uppdater-bankid/ HTTP/2" 200 18827 "-" "Mozilla/5.0 AppleWebKit/537.36 (KHTML, like Gecko; compatible; bingbot/2.0; +http://www.bing.com/bingbot.htm) Chrome/116.0.1938.76 Safari/537.36"
40.77.167.48 - - [25/Apr/2026:08:29:48 +0300] "GET /discover-the-ease-of-using-ledger-live-for-crypto/ HTTP/2" 200 17951 "-" "Mozilla/5.0 AppleWebKit/537.36 (KHTML, like Gecko; compatible; bingbot/2.0; +http://www.bing.com/bingbot.htm) Chrome/116.0.1938.76 Safari/537.36"
157.55.39.8 - - [25/Apr/2026:08:29:56 +0300] "GET /blacksprut-novye-vozmozhnosti-i-shansy-2026/ HTTP/2" 200 18492 "-" "Mozilla/5.0 AppleWebKit/537.36 (KHTML, like Gecko; compatible; bingbot/2.0; +http://www.bing.com/bingbot.htm) Chrome/116.0.1938.76 Safari/537.36"
200.25.47.114 - - [25/Apr/2026:08:30:01 +0300] "POST /xmlrpc.php HTTP/1.1" 200 630 "-" "Mozilla/5.0 (Windows NT 10.0; Win64; x64) AppleWebKit/537.36 (KHTML, like Gecko) Chrome/114.0.0.0 Safari/537.36"
40.77.167.48 - - [25/Apr/2026:08:30:15 +0300] "GET /leovegas-mitteilung-2026-up-to-100percent-donuts-slot-keine-einzahlung-welcome-pramie/ HTTP/2" 200 20247 "-" "Mozilla/5.0 AppleWebKit/537.36 (KHTML, like Gecko; compatible; bingbot/2.0; +http://www.bing.com/bingbot.htm) Chrome/116.0.1938.76 Safari/537.36"
40.77.167.48 - - [25/Apr/2026:08:30:18 +0300] "GET /thunderstruck-slot-remark-within-the-depth-has-rtp-gameplay-analysis/ HTTP/2" 200 20231 "-" "Mozilla/5.0 AppleWebKit/537.36 (KHTML, like Gecko; compatible; bingbot/2.0; +http://www.bing.com/bingbot.htm) Chrome/116.0.1938.76 Safari/537.36"
185.216.113.70 - - [25/Apr/2026:08:30:38 +0300] "POST /wp-cron.php?doing_wp_cron=1777095038.3529670238494873046875 HTTP/1.1" 200 448 "-" "WordPress/6.3.8; https://serhatburke.miroglu.net"
200.25.47.114 - - [25/Apr/2026:08:30:25 +0300] "POST /xmlrpc.php HTTP/1.1" 200 17085 "-" "Mozilla/5.0 (Windows NT 10.0; Win64; x64) AppleWebKit/537.36 (KHTML, like Gecko) Chrome/114.0.0.0 Safari/537.36"
200.25.47.114 - - [25/Apr/2026:08:30:40 +0300] "GET /melhores-slots-online-alternativa-certa-para-aparelhar-mr-bet-casino-br-hoje/ HTTP/1.1" 200 81170 "-" "Mozilla/5.0 (Windows NT 10.0; Win64; x64) AppleWebKit/537.36 (KHTML, like Gecko) Chrome/123.0.0.0 Safari/537.36"
200.25.47.132 - - [25/Apr/2026:08:31:15 +0300] "POST /xmlrpc.php HTTP/1.1" 200 630 "-" "Mozilla/5.0 (Windows NT 10.0; Win64; x64) AppleWebKit/537.36 (KHTML, like Gecko) Chrome/114.0.0.0 Safari/537.36"
66.249.73.15 - - [25/Apr/2026:08:31:36 +0300] "GET /hand-of-luck-casino-uk-a-players-review-and-insights/ HTTP/1.1" 200 0 "https://mqojf.frost-games.com.es/" "Mozilla/5.0 (Linux; Android 6.0.1; Nexus 5X Build/MMB29P) AppleWebKit/537.36 (KHTML, like Gecko) Chrome/146.0.7680.177 Mobile Safari/537.36 (compatible; Googlebot/2.1; +http://www.google.com/bot.html)"
185.216.113.70 - - [25/Apr/2026:08:31:50 +0300] "POST /wp-cron.php?doing_wp_cron=1777095109.9274489879608154296875 HTTP/1.1" 200 448 "-" "WordPress/6.3.8; https://serhatburke.miroglu.net"
200.25.47.132 - - [25/Apr/2026:08:31:34 +0300] "POST /xmlrpc.php HTTP/1.1" 200 14403 "-" "Mozilla/5.0 (Windows NT 10.0; Win64; x64) AppleWebKit/537.36 (KHTML, like Gecko) Chrome/114.0.0.0 Safari/537.36"
200.25.47.114 - - [25/Apr/2026:08:31:39 +0300] "POST /xmlrpc.php HTTP/1.1" 200 630 "-" "Mozilla/5.0 (Windows NT 10.0; Win64; x64) AppleWebKit/537.36 (KHTML, like Gecko) Chrome/114.0.0.0 Safari/537.36"
200.25.47.132 - - [25/Apr/2026:08:31:51 +0300] "GET /igra%D1%98te-preko-5000-onla%D1%98n-pozitsionikh-igara/ HTTP/1.1" 200 83184 "-" "Mozilla/5.0 (Windows NT 10.0; Win64; x64) AppleWebKit/537.36 (KHTML, like Gecko) Chrome/122.0.0.0 Safari/537.36"
200.25.47.114 - - [25/Apr/2026:08:32:02 +0300] "POST /xmlrpc.php HTTP/1.1" 200 17077 "-" "Mozilla/5.0 (Windows NT 10.0; Win64; x64) AppleWebKit/537.36 (KHTML, like Gecko) Chrome/114.0.0.0 Safari/537.36"
200.25.47.114 - - [25/Apr/2026:08:32:16 +0300] "GET /slots-online-portugal-para-aparelhar-login-trinocasino-como-divertir-se-sobre-2026/ HTTP/1.1" 200 81295 "-" "Mozilla/5.0 (Windows NT 10.0; Win64; x64) AppleWebKit/537.36 (KHTML, like Gecko) Chrome/124.0.0.0 Safari/537.36"
200.25.47.114 - - [25/Apr/2026:08:33:03 +0300] "POST /xmlrpc.php HTTP/1.1" 200 630 "-" "Mozilla/5.0 (Windows NT 10.0; Win64; x64) AppleWebKit/537.36 (KHTML, like Gecko) Chrome/114.0.0.0 Safari/537.36"
200.25.47.114 - - [25/Apr/2026:08:33:27 +0300] "POST /xmlrpc.php HTTP/1.1" 200 16927 "-" "Mozilla/5.0 (Windows NT 10.0; Win64; x64) AppleWebKit/537.36 (KHTML, like Gecko) Chrome/114.0.0.0 Safari/537.36"
200.25.47.114 - - [25/Apr/2026:08:33:43 +0300] "GET /slots-da-merkur-jogue-todos-os-demos-dado-cassino-bumbet-bonus-sem-deposito-ca/ HTTP/1.1" 200 81207 "-" "Mozilla/5.0 (Windows NT 10.0; Win64; x64) AppleWebKit/537.36 (KHTML, like Gecko) Chrome/123.0.0.0 Safari/537.36"
200.25.47.132 - - [25/Apr/2026:08:34:01 +0300] "POST /xmlrpc.php HTTP/1.1" 200 630 "-" "Mozilla/5.0 (Windows NT 10.0; Win64; x64) AppleWebKit/537.36 (KHTML, like Gecko) Chrome/114.0.0.0 Safari/537.36"
185.216.113.70 - - [25/Apr/2026:08:34:32 +0300] "POST /wp-cron.php?doing_wp_cron=1777095272.0434589385986328125000 HTTP/1.1" 200 448 "-" "WordPress/6.3.8; https://serhatburke.miroglu.net"
200.25.47.132 - - [25/Apr/2026:08:34:19 +0300] "POST /xmlrpc.php HTTP/1.1" 200 13993 "-" "Mozilla/5.0 (Windows NT 10.0; Win64; x64) AppleWebKit/537.36 (KHTML, like Gecko) Chrome/114.0.0.0 Safari/537.36"
185.216.113.70 - - [25/Apr/2026:08:34:37 +0300] "POST /wp-cron.php?doing_wp_cron=1777095276.9195010662078857421875 HTTP/1.1" 200 448 "-" "WordPress/6.3.8; https://serhatburke.miroglu.net"
77.119.188.175 - - [25/Apr/2026:08:34:24 +0300] "GET /casino-online-skrill-prelievo-veloce/ HTTP/1.1" 200 18755 "-" "Mozilla/5.0 (compatible; Googlebot/2.1; +http://www.google.com/bot.html)"
200.25.47.132 - - [25/Apr/2026:08:34:33 +0300] "GET /igra%D1%98te-besplatne-trodimenzionalne-slotove-onla%D1%98n-mart-2026/ HTTP/1.1" 200 83944 "-" "Mozilla/5.0 (Windows NT 10.0; rv:125.0) Gecko/20100101 Firefox/125.0"
185.216.113.70 - - [25/Apr/2026:08:36:51 +0300] "POST /wp-cron.php?doing_wp_cron=1777095411.4971179962158203125000 HTTP/1.1" 200 448 "-" "WordPress/6.3.8; https://serhatburke.miroglu.net"
200.25.47.132 - - [25/Apr/2026:08:36:37 +0300] "POST /xmlrpc.php HTTP/1.1" 200 630 "-" "Mozilla/5.0 (Windows NT 10.0; Win64; x64) AppleWebKit/537.36 (KHTML, like Gecko) Chrome/114.0.0.0 Safari/537.36"
200.25.47.132 - - [25/Apr/2026:08:36:58 +0300] "POST /xmlrpc.php HTTP/1.1" 200 14186 "-" "Mozilla/5.0 (Windows NT 10.0; Win64; x64) AppleWebKit/537.36 (KHTML, like Gecko) Chrome/114.0.0.0 Safari/537.36"
200.25.47.132 - - [25/Apr/2026:08:37:14 +0300] "GET /pedeset-100-besplatnikh-okreta%D1%98a-bez-depozita-na-vash-inactive-ili-live-2-iz-spinamba-kazina/ HTTP/1.1" 200 83799 "-" "Mozilla/5.0 (Windows NT 10.0; Win64; x64) AppleWebKit/537.36 (KHTML, like Gecko) Chrome/109.0.0.0 Safari/537.36"
185.216.113.70 - - [25/Apr/2026:08:39:49 +0300] "POST /wp-cron.php?doing_wp_cron=1777095589.3161509037017822265625 HTTP/1.1" 200 448 "-" "WordPress/6.3.8; https://serhatburke.miroglu.net"
212.34.148.156 - - [25/Apr/2026:08:39:32 +0300] "GET /zotabet-casino-bonus-premier-depot-2026/ HTTP/1.1" 200 19073 "-" "Mozilla/5.0 (compatible; Googlebot/2.1; +http://www.google.com/bot.html)"
185.216.113.70 - - [25/Apr/2026:08:44:25 +0300] "POST /wp-cron.php?doing_wp_cron=1777095865.6723799705505371093750 HTTP/1.1" 200 448 "-" "WordPress/6.3.8; https://serhatburke.miroglu.net"
66.249.73.14 - - [25/Apr/2026:08:44:13 +0300] "GET /robots.txt HTTP/1.1" 200 719 "-" "Mozilla/5.0 (compatible; Googlebot/2.1; +http://www.google.com/bot.html)"
66.249.73.15 - - [25/Apr/2026:08:44:30 +0300] "GET /wino-casino-review-a-premier-destination-for-uk-players/undefined?ts=1775520000 HTTP/1.1" 200 0 "https://serhatburke.miroglu.net/wino-casino-review-a-premier-destination-for-uk-players/" "Mozilla/5.0 (Linux; Android 6.0.1; Nexus 5X Build/MMB29P) AppleWebKit/537.36 (KHTML, like Gecko) Chrome/146.0.7680.177 Mobile Safari/537.36 (compatible; Googlebot/2.1; +http://www.google.com/bot.html)"
185.216.113.70 - - [25/Apr/2026:08:46:36 +0300] "POST /wp-cron.php?doing_wp_cron=1777095996.6986980438232421875000 HTTP/1.1" 200 448 "-" "WordPress/6.3.8; https://serhatburke.miroglu.net"
200.25.47.132 - - [25/Apr/2026:08:46:23 +0300] "POST /xmlrpc.php HTTP/1.1" 200 630 "-" "Mozilla/5.0 (Windows NT 10.0; Win64; x64) AppleWebKit/537.36 (KHTML, like Gecko) Chrome/114.0.0.0 Safari/537.36"
200.25.47.132 - - [25/Apr/2026:08:46:43 +0300] "POST /xmlrpc.php HTTP/1.1" 200 10242 "-" "Mozilla/5.0 (Windows NT 10.0; Win64; x64) AppleWebKit/537.36 (KHTML, like Gecko) Chrome/114.0.0.0 Safari/537.36"
200.25.47.132 - - [25/Apr/2026:08:46:57 +0300] "GET /loopx-tarafindan-saglanan-mart-2026ya-kadar-goldbet-slot-promosyon-kodlari-gecerli-olan-tum-kumar-isletmesi-sieger-tesvikleri/ HTTP/1.1" 200 76591 "-" "Mozilla/5.0 (Windows NT 10.0; Win64; x64) AppleWebKit/537.36 (KHTML, like Gecko) Chrome/123.0.0.0 Safari/537.36 OPR/109.0.0.0"
185.216.113.70 - - [25/Apr/2026:08:48:11 +0300] "POST /wp-cron.php?doing_wp_cron=1777096091.1018750667572021484375 HTTP/1.1" 200 448 "-" "WordPress/6.3.8; https://serhatburke.miroglu.net"
52.167.144.167 - - [25/Apr/2026:08:47:54 +0300] "GET /auffuhren-welche-auf-jeden-fall-atomar-kasino-mit-dm-startguthaben-beachten-diese-darauf/ HTTP/2" 200 18624 "-" "Mozilla/5.0 AppleWebKit/537.36 (KHTML, like Gecko; compatible; bingbot/2.0; +http://www.bing.com/bingbot.htm) Chrome/116.0.1938.76 Safari/537.36"
40.77.167.56 - - [25/Apr/2026:08:47:57 +0300] "GET /tweelingen-sterrenbeeld-gegeven-persoon-betekenis-eigenschappen/ HTTP/2" 200 19576 "-" "Mozilla/5.0 AppleWebKit/537.36 (KHTML, like Gecko; compatible; bingbot/2.0; +http://www.bing.com/bingbot.htm) Chrome/116.0.1938.76 Safari/537.36"
40.77.167.56 - - [25/Apr/2026:08:47:58 +0300] "GET /such-an-embarrassment-while-the-if-not-an-effective-webpages-to-utilize/ HTTP/2" 200 17433 "-" "Mozilla/5.0 AppleWebKit/537.36 (KHTML, like Gecko; compatible; bingbot/2.0; +http://www.bing.com/bingbot.htm) Chrome/116.0.1938.76 Safari/537.36"
185.216.113.70 - - [25/Apr/2026:08:49:16 +0300] "POST /wp-cron.php?doing_wp_cron=1777096156.6931691169738769531250 HTTP/1.1" 200 448 "-" "WordPress/6.3.8; https://serhatburke.miroglu.net"
200.25.47.114 - - [25/Apr/2026:08:49:04 +0300] "POST /xmlrpc.php HTTP/1.1" 200 630 "-" "Mozilla/5.0 (Windows NT 10.0; Win64; x64) AppleWebKit/537.36 (KHTML, like Gecko) Chrome/114.0.0.0 Safari/537.36"
200.25.47.114 - - [25/Apr/2026:08:49:23 +0300] "POST /xmlrpc.php HTTP/1.1" 200 15958 "-" "Mozilla/5.0 (Windows NT 10.0; Win64; x64) AppleWebKit/537.36 (KHTML, like Gecko) Chrome/114.0.0.0 Safari/537.36"
185.216.113.70 - - [25/Apr/2026:08:49:49 +0300] "POST /wp-cron.php?doing_wp_cron=1777096189.6046319007873535156250 HTTP/1.1" 200 448 "-" "WordPress/6.3.8; https://serhatburke.miroglu.net"
200.25.47.114 - - [25/Apr/2026:08:49:38 +0300] "GET /aparelhar-slots-gratis-download-do-aplicativo-de-login-playpix-32178-slots-online-gratuitos-sem-download/ HTTP/1.1" 200 80842 "-" "Mozilla/5.0 (Windows NT 10.0; rv:109.0) Gecko/20100101 Firefox/115.0"
185.216.113.70 - - [25/Apr/2026:08:51:43 +0300] "POST /wp-cron.php?doing_wp_cron=1777096303.0663220882415771484375 HTTP/1.1" 200 448 "-" "WordPress/6.3.8; https://serhatburke.miroglu.net"
200.25.47.114 - - [25/Apr/2026:08:51:26 +0300] "POST /xmlrpc.php HTTP/1.1" 200 630 "-" "Mozilla/5.0 (Windows NT 10.0; Win64; x64) AppleWebKit/537.36 (KHTML, like Gecko) Chrome/114.0.0.0 Safari/537.36"
200.25.47.114 - - [25/Apr/2026:08:51:50 +0300] "POST /xmlrpc.php HTTP/1.1" 200 16748 "-" "Mozilla/5.0 (Windows NT 10.0; Win64; x64) AppleWebKit/537.36 (KHTML, like Gecko) Chrome/114.0.0.0 Safari/537.36"
200.25.47.114 - - [25/Apr/2026:08:52:06 +0300] "GET /blog-beyond-estrategias-para-mriya-slot-choy-playpix-login-sun-doa-giros-livres-infantilidade-slot-sem-armazem-aparelhar-slots/ HTTP/1.1" 200 82278 "-" "Mozilla/5.0 (Windows NT 10.0; Win64; x64) AppleWebKit/537.36 (KHTML, like Gecko) Chrome/123.0.0.0 Safari/537.36"
185.216.113.70 - - [25/Apr/2026:08:52:51 +0300] "POST /wp-cron.php?doing_wp_cron=1777096371.6177029609680175781250 HTTP/1.1" 200 448 "-" "WordPress/6.3.8; https://serhatburke.miroglu.net"
200.25.47.132 - - [25/Apr/2026:08:52:40 +0300] "POST /xmlrpc.php HTTP/1.1" 200 630 "-" "Mozilla/5.0 (Windows NT 10.0; Win64; x64) AppleWebKit/537.36 (KHTML, like Gecko) Chrome/114.0.0.0 Safari/537.36"
200.25.47.132 - - [25/Apr/2026:08:52:58 +0300] "POST /xmlrpc.php HTTP/1.1" 200 10126 "-" "Mozilla/5.0 (Windows NT 10.0; Win64; x64) AppleWebKit/537.36 (KHTML, like Gecko) Chrome/114.0.0.0 Safari/537.36"
200.25.47.132 - - [25/Apr/2026:08:53:17 +0300] "GET /2026-yilinda-en-dusuk-5-dolarlik-bahis-miktarina-sahip-en-iyi-10-yerel-casino-goldbet-promosyon-kodlari-sitesi/ HTTP/1.1" 200 76218 "-" "Mozilla/5.0 (Windows NT 10.0; Win64; x64) AppleWebKit/537.36 (KHTML, like Gecko) Chrome/124.0.0.0 Safari/537.36 Edg/124.0.0.0"
185.216.113.70 - - [25/Apr/2026:08:53:53 +0300] "POST /wp-cron.php?doing_wp_cron=1777096433.4262759685516357421875 HTTP/1.1" 200 448 "-" "WordPress/6.3.8; https://serhatburke.miroglu.net"
200.25.47.114 - - [25/Apr/2026:08:53:37 +0300] "POST /xmlrpc.php HTTP/1.1" 200 630 "-" "Mozilla/5.0 (Windows NT 10.0; Win64; x64) AppleWebKit/537.36 (KHTML, like Gecko) Chrome/114.0.0.0 Safari/537.36"
85.208.96.206 - - [25/Apr/2026:08:53:41 +0300] "GET /robots.txt HTTP/1.1" 200 0 "-" "Mozilla/5.0 (compatible; SemrushBot/7~bl; +http://www.semrush.com/bot.html)"
85.208.96.206 - - [25/Apr/2026:08:53:56 +0300] "GET /robots.txt HTTP/1.1" 200 0 "-" "Mozilla/5.0 (compatible; SemrushBot/7~bl; +http://www.semrush.com/bot.html)"
200.25.47.114 - - [25/Apr/2026:08:54:00 +0300] "POST /xmlrpc.php HTTP/1.1" 200 16097 "-" "Mozilla/5.0 (Windows NT 10.0; Win64; x64) AppleWebKit/537.36 (KHTML, like Gecko) Chrome/114.0.0.0 Safari/537.36"
40.77.167.56 - - [25/Apr/2026:08:54:08 +0300] "GET /in-addition-be-mindful-off-phishing-initiatives-and-you-may-suspicious-letters-or-texts-you-to-definitely-demand-your-own-log-on-history/ HTTP/2" 200 17904 "-" "Mozilla/5.0 AppleWebKit/537.36 (KHTML, like Gecko; compatible; bingbot/2.0; +http://www.bing.com/bingbot.htm) Chrome/116.0.1938.76 Safari/537.36"
200.25.47.132 - - [25/Apr/2026:08:54:15 +0300] "POST /xmlrpc.php HTTP/1.1" 200 630 "-" "Mozilla/5.0 (Windows NT 10.0; Win64; x64) AppleWebKit/537.36 (KHTML, like Gecko) Chrome/114.0.0.0 Safari/537.36"
200.25.47.114 - - [25/Apr/2026:08:54:24 +0300] "GET /giros-livres-night-of-the-bonus-unlimluck-scarabs/ HTTP/1.1" 200 79918 "-" "Mozilla/5.0 (Windows NT 10.0; Win64; x64; rv:125.0) Gecko/20100101 Firefox/125.0"
185.216.113.70 - - [25/Apr/2026:08:54:46 +0300] "POST /wp-cron.php?doing_wp_cron=1777096486.4943099021911621093750 HTTP/1.1" 200 448 "-" "WordPress/6.3.8; https://serhatburke.miroglu.net"
40.77.167.56 - - [25/Apr/2026:08:54:34 +0300] "GET /bestes-angeschlossen-spielbank-echtgeld-2026-spiele-via-echtem-piepen/ HTTP/2" 200 21066 "-" "Mozilla/5.0 AppleWebKit/537.36 (KHTML, like Gecko; compatible; bingbot/2.0; +http://www.bing.com/bingbot.htm) Chrome/116.0.1938.76 Safari/537.36"
200.25.47.132 - - [25/Apr/2026:08:54:36 +0300] "POST /xmlrpc.php HTTP/1.1" 200 8925 "-" "Mozilla/5.0 (Windows NT 10.0; Win64; x64) AppleWebKit/537.36 (KHTML, like Gecko) Chrome/114.0.0.0 Safari/537.36"
200.25.47.132 - - [25/Apr/2026:08:54:51 +0300] "GET /sibirya-siddetli-firtina-goldbet-eski-surum-giris-gosterisi-yuksek-kombine-limanlarda-%100-ucretsiz-erisimin-keyfini-cikarin/ HTTP/1.1" 200 75475 "-" "Mozilla/5.0 (Windows NT 10.0; Win64; x64) AppleWebKit/537.36 (KHTML, like Gecko) Chrome/123.0.0.0 Safari/537.36 OPR/109.0.0.0"
185.216.113.70 - - [25/Apr/2026:08:55:41 +0300] "POST /wp-cron.php?doing_wp_cron=1777096541.1315009593963623046875 HTTP/1.1" 200 448 "-" "WordPress/6.3.8; https://serhatburke.miroglu.net"
52.167.144.193 - - [25/Apr/2026:08:55:25 +0300] "GET /mejores-apps-para-video-chat-videollamadas-free-19/ HTTP/2" 200 21946 "-" "Mozilla/5.0 AppleWebKit/537.36 (KHTML, like Gecko; compatible; bingbot/2.0; +http://www.bing.com/bingbot.htm) Chrome/116.0.1938.76 Safari/537.36"
157.55.39.201 - - [25/Apr/2026:08:55:29 +0300] "GET /cheerfully-we-have-merely-good-things-to-express-on-the-regarding-a-routine-function-and-you-may-possibilities-position/ HTTP/2" 200 17727 "-" "Mozilla/5.0 AppleWebKit/537.36 (KHTML, like Gecko; compatible; bingbot/2.0; +http://www.bing.com/bingbot.htm) Chrome/116.0.1938.76 Safari/537.36"
157.55.39.201 - - [25/Apr/2026:08:55:29 +0300] "GET /discover-the-future-of-crypto-management-with-ledger-live-2/ HTTP/2" 200 17565 "-" "Mozilla/5.0 AppleWebKit/537.36 (KHTML, like Gecko; compatible; bingbot/2.0; +http://www.bing.com/bingbot.htm) Chrome/116.0.1938.76 Safari/537.36"
52.167.144.193 - - [25/Apr/2026:08:55:45 +0300] "GET /top-anbieter-fur-jedes-gewissheit-and-casino-freezing-classics-sportlichkeit/ HTTP/2" 200 19621 "-" "Mozilla/5.0 AppleWebKit/537.36 (KHTML, like Gecko; compatible; bingbot/2.0; +http://www.bing.com/bingbot.htm) Chrome/116.0.1938.76 Safari/537.36"
200.25.47.132 - - [25/Apr/2026:08:55:51 +0300] "POST /xmlrpc.php HTTP/1.1" 200 630 "-" "Mozilla/5.0 (Windows NT 10.0; Win64; x64) AppleWebKit/537.36 (KHTML, like Gecko) Chrome/114.0.0.0 Safari/537.36"
157.55.39.201 - - [25/Apr/2026:08:56:02 +0300] "GET /funciona-gratuito-en-50-giros-sin-deposito-eye-of-ra-fat-santa-referente-a-manera-demo/ HTTP/2" 200 19868 "-" "Mozilla/5.0 AppleWebKit/537.36 (KHTML, like Gecko; compatible; bingbot/2.0; +http://www.bing.com/bingbot.htm) Chrome/116.0.1938.76 Safari/537.36"
200.25.47.114 - - [25/Apr/2026:08:56:02 +0300] "POST /xmlrpc.php HTTP/1.1" 200 630 "-" "Mozilla/5.0 (Windows NT 10.0; Win64; x64) AppleWebKit/537.36 (KHTML, like Gecko) Chrome/114.0.0.0 Safari/537.36"
185.216.113.70 - - [25/Apr/2026:08:56:27 +0300] "POST /wp-cron.php?doing_wp_cron=1777096587.3953969478607177734375 HTTP/1.1" 200 448 "-" "WordPress/6.3.8; https://serhatburke.miroglu.net"
200.25.47.132 - - [25/Apr/2026:08:56:15 +0300] "POST /xmlrpc.php HTTP/1.1" 200 10721 "-" "Mozilla/5.0 (Windows NT 10.0; Win64; x64) AppleWebKit/537.36 (KHTML, like Gecko) Chrome/114.0.0.0 Safari/537.36"
200.25.47.114 - - [25/Apr/2026:08:56:24 +0300] "POST /xmlrpc.php HTTP/1.1" 200 16604 "-" "Mozilla/5.0 (Windows NT 10.0; Win64; x64) AppleWebKit/537.36 (KHTML, like Gecko) Chrome/114.0.0.0 Safari/537.36"
200.25.47.132 - - [25/Apr/2026:08:56:29 +0300] "GET /raging-goldbet-cevrimici-promosyon-kodu-rhino-high-pozisyon-incelemesi-isigi-ve-soru-mercantile-office-systems-pvt-ltd-yi-ima-eder/ HTTP/1.1" 200 76945 "-" "Mozilla/5.0 (Windows NT 10.0; Win64; x64) AppleWebKit/537.36 (KHTML, like Gecko) Chrome/123.0.0.0 Safari/537.36"
200.25.47.114 - - [25/Apr/2026:08:56:41 +0300] "GET /octobeer-fortunes-beizebu-aplicativo-movel-blaze777-slot-free-play/ HTTP/1.1" 200 80481 "-" "Mozilla/5.0 (Windows NT 10.0; Win64; x64) AppleWebKit/537.36 (KHTML, like Gecko) Chrome/123.0.0.0 Safari/537.36"
200.25.47.132 - - [25/Apr/2026:08:57:13 +0300] "POST /xmlrpc.php HTTP/1.1" 200 630 "-" "Mozilla/5.0 (Windows NT 10.0; Win64; x64) AppleWebKit/537.36 (KHTML, like Gecko) Chrome/114.0.0.0 Safari/537.36"
185.216.113.70 - - [25/Apr/2026:08:57:44 +0300] "POST /wp-cron.php?doing_wp_cron=1777096664.1783609390258789062500 HTTP/1.1" 200 448 "-" "WordPress/6.3.8; https://serhatburke.miroglu.net"
200.25.47.132 - - [25/Apr/2026:08:57:32 +0300] "POST /xmlrpc.php HTTP/1.1" 200 9874 "-" "Mozilla/5.0 (Windows NT 10.0; Win64; x64) AppleWebKit/537.36 (KHTML, like Gecko) Chrome/114.0.0.0 Safari/537.36"
200.25.47.132 - - [25/Apr/2026:08:57:46 +0300] "GET /cok-goldbet-uygulamasi-en-son-surumu-indir-sicak-luks-pozisyon-deneme-novomatic/ HTTP/1.1" 200 74821 "-" "Mozilla/5.0 (Windows NT 10.0; Win64; x64) AppleWebKit/537.36 (KHTML, like Gecko) Chrome/109.0.0.0 Safari/537.36"
200.25.47.114 - - [25/Apr/2026:08:57:53 +0300] "POST /xmlrpc.php HTTP/1.1" 200 630 "-" "Mozilla/5.0 (Windows NT 10.0; Win64; x64) AppleWebKit/537.36 (KHTML, like Gecko) Chrome/114.0.0.0 Safari/537.36"
200.25.47.114 - - [25/Apr/2026:08:58:14 +0300] "POST /xmlrpc.php HTTP/1.1" 200 15728 "-" "Mozilla/5.0 (Windows NT 10.0; Win64; x64) AppleWebKit/537.36 (KHTML, like Gecko) Chrome/114.0.0.0 Safari/537.36"
185.216.113.70 - - [25/Apr/2026:08:58:40 +0300] "POST /wp-cron.php?doing_wp_cron=1777096720.3154890537261962890625 HTTP/1.1" 200 448 "-" "WordPress/6.3.8; https://serhatburke.miroglu.net"
200.25.47.114 - - [25/Apr/2026:08:58:28 +0300] "GET /melhores-bonus-sem-casa-2026-obtenha-mais-bonus-codigos/ HTTP/1.1" 200 79612 "-" "Mozilla/5.0 (Windows NT 10.0; Win64; x64) AppleWebKit/537.36 (KHTML, like Gecko) Chrome/109.0.0.0 Safari/537.36"
200.25.47.132 - - [25/Apr/2026:08:58:36 +0300] "POST /xmlrpc.php HTTP/1.1" 200 630 "-" "Mozilla/5.0 (Windows NT 10.0; Win64; x64) AppleWebKit/537.36 (KHTML, like Gecko) Chrome/114.0.0.0 Safari/537.36"
200.25.47.132 - - [25/Apr/2026:08:58:55 +0300] "POST /xmlrpc.php HTTP/1.1" 200 9517 "-" "Mozilla/5.0 (Windows NT 10.0; Win64; x64) AppleWebKit/537.36 (KHTML, like Gecko) Chrome/114.0.0.0 Safari/537.36"
200.25.47.132 - - [25/Apr/2026:08:59:08 +0300] "GET /mo-mumya-pozisyon-oyunu-mega-hamster-oyun-tamamen-ucretsiz-tanitim-oyun-incelemesi-2026/ HTTP/1.1" 200 74830 "-" "Mozilla/5.0 (Windows NT 10.0; Win64; x64) AppleWebKit/537.36 (KHTML, like Gecko) Chrome/109.0.0.0 Safari/537.36"
185.216.113.70 - - [25/Apr/2026:09:00:13 +0300] "POST /wp-cron.php?doing_wp_cron=1777096813.6162528991699218750000 HTTP/1.1" 200 448 "-" "WordPress/6.3.8; https://serhatburke.miroglu.net"
200.25.47.114 - - [25/Apr/2026:09:00:00 +0300] "POST /xmlrpc.php HTTP/1.1" 200 630 "-" "Mozilla/5.0 (Windows NT 10.0; Win64; x64) AppleWebKit/537.36 (KHTML, like Gecko) Chrome/114.0.0.0 Safari/537.36"
200.25.47.114 - - [25/Apr/2026:09:00:20 +0300] "POST /xmlrpc.php HTTP/1.1" 200 16193 "-" "Mozilla/5.0 (Windows NT 10.0; Win64; x64) AppleWebKit/537.36 (KHTML, like Gecko) Chrome/114.0.0.0 Safari/537.36"
185.216.113.70 - - [25/Apr/2026:09:00:46 +0300] "POST /wp-cron.php?doing_wp_cron=1777096846.5659239292144775390625 HTTP/1.1" 200 448 "-" "WordPress/6.3.8; https://serhatburke.miroglu.net"
200.25.47.114 - - [25/Apr/2026:09:00:34 +0300] "GET /apostas-esportivas-online-ato-150-de-boas-vindas-codigos-de-bonus-do-cassino-playpix-login/ HTTP/1.1" 200 81023 "-" "Mozilla/5.0 (Windows NT 10.0; Win64; x64) AppleWebKit/537.36 (KHTML, like Gecko) Chrome/124.0.0.0 Safari/537.36 Edg/124.0.0.0"
185.216.113.70 - - [25/Apr/2026:09:01:50 +0300] "POST /wp-cron.php?doing_wp_cron=1777096910.7282919883728027343750 HTTP/1.1" 200 448 "-" "WordPress/6.3.8; https://serhatburke.miroglu.net"
52.167.144.16 - - [25/Apr/2026:09:01:39 +0300] "GET /kraken-vash-bezopasnyi-dostup-v-mir-darkneta-2026/ HTTP/2" 200 18845 "-" "Mozilla/5.0 AppleWebKit/537.36 (KHTML, like Gecko; compatible; bingbot/2.0; +http://www.bing.com/bingbot.htm) Chrome/116.0.1938.76 Safari/537.36"
