172.86.76.182 - - [25/Apr/2026:18:10:04 +0300] "GET /wp-content/themes/toppic/css/woocommerce.css?ver=4.2 HTTP/1.1" 200 2848 "https://serhatburke.miroglu.net/zotabet-casino-bonus-premier-depot-2026/" "Mozilla/5.0 (Windows NT 10.0; Win64; x64) AppleWebKit/537.36 (KHTML, like Gecko) Chrome/143.0.0.0 Safari/537.36"
172.86.76.182 - - [25/Apr/2026:18:10:05 +0300] "GET /wp-content/themes/toppic/css/responsive.css?ver=4.2 HTTP/1.1" 200 2796 "https://serhatburke.miroglu.net/zotabet-casino-bonus-premier-depot-2026/" "Mozilla/5.0 (Windows NT 10.0; Win64; x64) AppleWebKit/537.36 (KHTML, like Gecko) Chrome/143.0.0.0 Safari/537.36"
172.86.76.182 - - [25/Apr/2026:18:10:06 +0300] "POST /wp-comments-post.php HTTP/1.1" 302 1087 "https://serhatburke.miroglu.net/zotabet-casino-bonus-premier-depot-2026/" "Mozilla/5.0 (Windows NT 10.0; Win64; x64) AppleWebKit/537.36 (KHTML, like Gecko) Chrome/114.0.0.0 Safari/537.36"
172.86.76.182 - - [25/Apr/2026:18:10:20 +0300] "GET /zotabet-casino-bonus-premier-depot-2026/?unapproved=650&moderation-hash=43ecefab57df0b367bc9cba7522d64ac HTTP/1.1" 200 19547 "https://serhatburke.miroglu.net/wp-comments-post.php" "Mozilla/5.0 (Windows NT 10.0; Win64; x64) AppleWebKit/537.36 (KHTML, like Gecko) Chrome/114.0.0.0 Safari/537.36"
185.216.113.70 - - [25/Apr/2026:18:10:43 +0300] "POST /wp-cron.php?doing_wp_cron=1777129843.4651129245758056640625 HTTP/1.1" 200 448 "-" "WordPress/6.3.8; https://serhatburke.miroglu.net"
207.46.13.78 - - [25/Apr/2026:18:10:30 +0300] "GET /play-swimsuit-team-slot-machine-game-at-no-cost-2026/ HTTP/2" 200 17811 "-" "Mozilla/5.0 AppleWebKit/537.36 (KHTML, like Gecko; compatible; bingbot/2.0; +http://www.bing.com/bingbot.htm) Chrome/116.0.1938.76 Safari/537.36"
172.86.76.182 - - [25/Apr/2026:18:10:34 +0300] "GET /zotabet-casino-bonus-premier-depot-2026/ HTTP/1.1" 200 19124 "-" "Mozilla/5.0 (Windows NT 10.0; Win64; x64) AppleWebKit/537.36 (KHTML, like Gecko) Chrome/114.0.0.0 Safari/537.36"
207.46.13.78 - - [25/Apr/2026:18:11:24 +0300] "GET /fortune-favors-the-bold-seamless-access-thrilling-rewards-await-2/ HTTP/2" 200 19980 "-" "Mozilla/5.0 AppleWebKit/537.36 (KHTML, like Gecko; compatible; bingbot/2.0; +http://www.bing.com/bingbot.htm) Chrome/116.0.1938.76 Safari/537.36"
185.216.113.70 - - [25/Apr/2026:18:12:51 +0300] "POST /wp-cron.php?doing_wp_cron=1777129971.7559969425201416015625 HTTP/1.1" 200 448 "-" "WordPress/6.3.8; https://serhatburke.miroglu.net"
40.77.167.46 - - [25/Apr/2026:18:12:39 +0300] "GET /20-super-i-kritik-og-gratis-fortsaet-med-at-laese-dette-demo-version/ HTTP/2" 200 20082 "-" "Mozilla/5.0 AppleWebKit/537.36 (KHTML, like Gecko; compatible; bingbot/2.0; +http://www.bing.com/bingbot.htm) Chrome/116.0.1938.76 Safari/537.36"
52.167.144.176 - - [25/Apr/2026:18:13:14 +0300] "GET /prova-avgiftsfri-slots-pa-rak-arm-gratissnurr-utan-insattning-hos-oss/ HTTP/2" 200 19047 "-" "Mozilla/5.0 AppleWebKit/537.36 (KHTML, like Gecko; compatible; bingbot/2.0; +http://www.bing.com/bingbot.htm) Chrome/116.0.1938.76 Safari/537.36"
40.77.167.46 - - [25/Apr/2026:18:13:18 +0300] "GET /discover-the-power-of-solscan-for-crypto-enthusiasts-2/ HTTP/2" 200 18197 "-" "Mozilla/5.0 AppleWebKit/537.36 (KHTML, like Gecko; compatible; bingbot/2.0; +http://www.bing.com/bingbot.htm) Chrome/116.0.1938.76 Safari/537.36"
185.216.113.70 - - [25/Apr/2026:18:13:39 +0300] "POST /wp-cron.php?doing_wp_cron=1777130019.2015020847320556640625 HTTP/1.1" 200 448 "-" "WordPress/6.3.8; https://serhatburke.miroglu.net"
172.86.76.182 - - [25/Apr/2026:18:13:25 +0300] "GET /zotabet-casino-bonus-premier-depot-2026/ HTTP/1.1" 200 19124 "-" "Mozilla/5.0 (Windows NT 10.0; WOW64) AppleWebKit/537.36 (KHTML, like Gecko) Chrome/114.0.0.0 Safari/537.36 Vivaldi/5.3.2679.68"
185.191.171.19 - - [25/Apr/2026:18:13:38 +0300] "GET /a-guide-to-effortlessly-knowledge-sporting-events-gambling-possibility/ HTTP/1.1" 200 22120 "-" "Mozilla/5.0 (compatible; SemrushBot/7~bl; +http://www.semrush.com/bot.html)"
40.77.167.46 - - [25/Apr/2026:18:13:56 +0300] "GET /kraken-vash-nadezhnyi-sposob-dostupa-v-darknet-2026/ HTTP/2" 200 19363 "-" "Mozilla/5.0 AppleWebKit/537.36 (KHTML, like Gecko; compatible; bingbot/2.0; +http://www.bing.com/bingbot.htm) Chrome/116.0.1938.76 Safari/537.36"
185.216.113.70 - - [25/Apr/2026:18:15:06 +0300] "POST /wp-cron.php?doing_wp_cron=1777130106.3653419017791748046875 HTTP/1.1" 200 448 "-" "WordPress/6.3.8; https://serhatburke.miroglu.net"
45.153.161.101 - - [25/Apr/2026:18:14:53 +0300] "GET /test-post-for-wordpress-5/ HTTP/1.1" 200 18719 "-" "Mozilla/5.0 (Windows NT 10.0; Win64; x64) AppleWebKit/537.36 (KHTML, like Gecko) Chrome/120.0.0.0 Safari/537.36"
188.116.24.228 - - [25/Apr/2026:18:15:08 +0300] "GET /robots.txt HTTP/1.1" 200 642 "-" "Mozilla/5.0 (Windows NT 10.0; Win64; x64) AppleWebKit/537.36 (KHTML, like Gecko) Chrome/120.0.0.0 Safari/537.36"
185.216.113.70 - - [25/Apr/2026:18:17:00 +0300] "POST /wp-cron.php?doing_wp_cron=1777130219.9129250049591064453125 HTTP/1.1" 200 448 "-" "WordPress/6.3.8; https://serhatburke.miroglu.net"
187.190.193.108 - - [25/Apr/2026:18:16:46 +0300] "GET /wp-login.php HTTP/2" 200 3538 "-" "Mozilla/5.0 (Windows NT 10.0; Win64; x64) AppleWebKit/537.36"
187.190.193.108 - - [25/Apr/2026:18:17:01 +0300] "POST /wp-login.php HTTP/2" 302 0 "https://serhatburke.miroglu.net/wp-login.php" "Mozilla/5.0 (Windows NT 10.0; Win64; x64) AppleWebKit/537.36"
187.190.193.108 - - [25/Apr/2026:18:17:14 +0300] "GET /wp-admin/ HTTP/2" 200 27779 "https://serhatburke.miroglu.net/wp-login.php" "Mozilla/5.0 (Windows NT 10.0; Win64; x64) AppleWebKit/537.36"
193.36.38.228 - - [25/Apr/2026:18:17:14 +0300] "POST /xmlrpc.php HTTP/1.1" 200 692 "-" "Mozilla/5.0 (Windows NT 10.0; Win64; x64) AppleWebKit/537.36 (KHTML, like Gecko) Chrome/114.0.0.0 Safari/537.36"
185.216.113.70 - - [25/Apr/2026:18:17:50 +0300] "POST /wp-cron.php?doing_wp_cron=1777130269.9185209274291992187500 HTTP/1.1" 200 448 "-" "WordPress/6.3.8; https://serhatburke.miroglu.net"
187.190.193.108 - - [25/Apr/2026:18:17:29 +0300] "GET /wp-admin/ HTTP/2" 200 244835 "-" "Mozilla/5.0 (Windows NT 10.0; Win64; x64) AppleWebKit/537.36"
178.175.140.148 - - [25/Apr/2026:18:17:30 +0300] "POST /xmlrpc.php HTTP/1.1" 200 630 "-" "Mozilla/5.0 (Windows NT 10.0; Win64; x64) AppleWebKit/537.36 (KHTML, like Gecko) Chrome/114.0.0.0 Safari/537.36"
193.36.38.228 - - [25/Apr/2026:18:17:33 +0300] "POST /xmlrpc.php HTTP/1.1" 200 9196 "-" "Mozilla/5.0 (Windows NT 10.0; Win64; x64) AppleWebKit/537.36 (KHTML, like Gecko) Chrome/114.0.0.0 Safari/537.36"
66.249.73.1 - - [25/Apr/2026:18:17:36 +0300] "GET /2026-s-igrami-na-dengi-obzor-lucsix-variantov-dlia-stavok4460/ HTTP/1.1" 200 19361 "-" "Mozilla/5.0 (Linux; Android 6.0.1; Nexus 5X Build/MMB29P) AppleWebKit/537.36 (KHTML, like Gecko) Chrome/146.0.7680.177 Mobile Safari/537.36 (compatible; Googlebot/2.1; +http://www.google.com/bot.html)"
187.190.193.108 - - [25/Apr/2026:18:17:52 +0300] "POST /wp-json/wp/v2/posts HTTP/2" 200 0 "-" "Mozilla/5.0 (Windows NT 10.0; Win64; x64) AppleWebKit/537.36"
178.175.140.148 - - [25/Apr/2026:18:17:59 +0300] "POST /xmlrpc.php HTTP/1.1" 200 12430 "-" "Mozilla/5.0 (Windows NT 10.0; Win64; x64) AppleWebKit/537.36 (KHTML, like Gecko) Chrome/114.0.0.0 Safari/537.36"
193.36.38.228 - - [25/Apr/2026:18:17:59 +0300] "GET /che-tipo-di-caratteristiche-hanno-dove-trovarli-quali-designare-che-razza-di-non-incorrere-durante-truffe/ HTTP/1.1" 200 74457 "-" "Mozilla/5.0 (Windows NT 10.0; Win64; x64) AppleWebKit/537.36 (KHTML, like Gecko) Chrome/109.0.0.0 Safari/537.36"
52.167.144.176 - - [25/Apr/2026:18:17:59 +0300] "GET /discover-tronscan-your-ultimate-guide-to-blockchain-insights/ HTTP/2" 200 17779 "-" "Mozilla/5.0 AppleWebKit/537.36 (KHTML, like Gecko; compatible; bingbot/2.0; +http://www.bing.com/bingbot.htm) Chrome/116.0.1938.76 Safari/537.36"
185.216.113.70 - - [25/Apr/2026:18:18:42 +0300] "POST /wp-cron.php?doing_wp_cron=1777130322.3124880790710449218750 HTTP/1.1" 200 448 "-" "WordPress/6.3.8; https://serhatburke.miroglu.net"
181.167.205.114 - - [25/Apr/2026:18:18:27 +0300] "GET /wp-login.php HTTP/2" 200 3538 "-" "Mozilla/5.0 (Windows NT 10.0; Win64; x64) AppleWebKit/537.36"
178.175.140.148 - - [25/Apr/2026:18:18:27 +0300] "GET /principal-salle-de-jeu-un-tantinet-2025-denichez-leurs-au-top-situation-fiables/ HTTP/1.1" 200 77184 "-" "Mozilla/5.0 (Windows NT 10.0; Win64; x64; rv:124.0) Gecko/20100101 Firefox/124.0"
178.175.140.148 - - [25/Apr/2026:18:18:35 +0300] "POST /xmlrpc.php HTTP/1.1" 200 630 "-" "Mozilla/5.0 (Windows NT 10.0; Win64; x64) AppleWebKit/537.36 (KHTML, like Gecko) Chrome/114.0.0.0 Safari/537.36"
66.249.73.14 - - [25/Apr/2026:18:18:48 +0300] "GET /2026-s-igrami-na-dengi-obzor-lucsix-variantov-dlia-stavok4460/undefined?ts=1775520000 HTTP/1.1" 200 0 "https://serhatburke.miroglu.net/2026-s-igrami-na-dengi-obzor-lucsix-variantov-dlia-stavok4460/" "Mozilla/5.0 (Linux; Android 6.0.1; Nexus 5X Build/MMB29P) AppleWebKit/537.36 (KHTML, like Gecko) Chrome/146.0.7680.177 Mobile Safari/537.36 (compatible; Googlebot/2.1; +http://www.google.com/bot.html)"
181.167.205.114 - - [25/Apr/2026:18:18:43 +0300] "POST /wp-login.php HTTP/2" 200 0 "https://serhatburke.miroglu.net/wp-login.php" "Mozilla/5.0 (Windows NT 10.0; Win64; x64) AppleWebKit/537.36"
52.167.144.176 - - [25/Apr/2026:18:18:51 +0300] "GET /unter-anderem-trifft-man-auf-auch-nachrichtensendung-zur-anonymen-zahlungsweise-die-uber-der-prepaidcard-losung-erdenklich-man-sagt-sie-seien/ HTTP/2" 200 18405 "-" "Mozilla/5.0 AppleWebKit/537.36 (KHTML, like Gecko; compatible; bingbot/2.0; +http://www.bing.com/bingbot.htm) Chrome/116.0.1938.76 Safari/537.36"
40.77.167.26 - - [25/Apr/2026:18:18:54 +0300] "GET /finest-no-deposit-1-deposit-lord-of-the-rings-incentive-casinos-promos-inside-us-inside-february-2026/ HTTP/2" 200 19305 "-" "Mozilla/5.0 AppleWebKit/537.36 (KHTML, like Gecko; compatible; bingbot/2.0; +http://www.bing.com/bingbot.htm) Chrome/116.0.1938.76 Safari/537.36"
52.167.144.176 - - [25/Apr/2026:18:18:55 +0300] "GET /jamfora-dagens-ultimat-casino-extra-online/ HTTP/2" 200 18683 "-" "Mozilla/5.0 AppleWebKit/537.36 (KHTML, like Gecko; compatible; bingbot/2.0; +http://www.bing.com/bingbot.htm) Chrome/116.0.1938.76 Safari/537.36"
178.175.140.148 - - [25/Apr/2026:18:19:02 +0300] "POST /xmlrpc.php HTTP/1.1" 200 16078 "-" "Mozilla/5.0 (Windows NT 10.0; Win64; x64) AppleWebKit/537.36 (KHTML, like Gecko) Chrome/114.0.0.0 Safari/537.36"
201.121.147.215 - - [25/Apr/2026:18:19:14 +0300] "GET /wp-login.php HTTP/2" 200 0 "-" "Mozilla/5.0 (Windows NT 10.0; Win64; x64) AppleWebKit/537.36"
185.216.113.70 - - [25/Apr/2026:18:19:53 +0300] "POST /wp-cron.php?doing_wp_cron=1777130393.4675199985504150390625 HTTP/1.1" 200 448 "-" "WordPress/6.3.8; https://serhatburke.miroglu.net"
193.36.38.228 - - [25/Apr/2026:18:19:18 +0300] "POST /xmlrpc.php HTTP/1.1" 200 692 "-" "Mozilla/5.0 (Windows NT 10.0; Win64; x64) AppleWebKit/537.36 (KHTML, like Gecko) Chrome/114.0.0.0 Safari/537.36"
207.46.13.86 - - [25/Apr/2026:18:19:21 +0300] "GET /h1-discover-tronscan-your-go-to-tool-for-tron-analytics-h1/ HTTP/2" 200 17826 "-" "Mozilla/5.0 AppleWebKit/537.36 (KHTML, like Gecko; compatible; bingbot/2.0; +http://www.bing.com/bingbot.htm) Chrome/116.0.1938.76 Safari/537.36"
102.157.58.151 - - [25/Apr/2026:18:19:45 +0300] "GET /wp-login.php HTTP/2" 200 0 "-" "Mozilla/5.0 (Windows NT 10.0; Win64; x64) AppleWebKit/537.36"
178.175.140.148 - - [25/Apr/2026:18:19:40 +0300] "POST /xmlrpc.php HTTP/1.1" 200 630 "-" "Mozilla/5.0 (Windows NT 10.0; Win64; x64) AppleWebKit/537.36 (KHTML, like Gecko) Chrome/114.0.0.0 Safari/537.36"
178.175.140.148 - - [25/Apr/2026:18:19:41 +0300] "GET /delicat-impartiales/ HTTP/1.1" 200 79083 "-" "Mozilla/5.0 (Windows NT 10.0; rv:125.0) Gecko/20100101 Firefox/125.0"
52.167.144.176 - - [25/Apr/2026:18:19:42 +0300] "GET /the-heart-of-ones-web-sites/ HTTP/2" 200 18849 "-" "Mozilla/5.0 AppleWebKit/537.36 (KHTML, like Gecko; compatible; bingbot/2.0; +http://www.bing.com/bingbot.htm) Chrome/116.0.1938.76 Safari/537.36"
193.36.38.228 - - [25/Apr/2026:18:20:02 +0300] "POST /xmlrpc.php HTTP/1.1" 200 9062 "-" "Mozilla/5.0 (Windows NT 10.0; Win64; x64) AppleWebKit/537.36 (KHTML, like Gecko) Chrome/114.0.0.0 Safari/537.36"
184.22.230.192 - - [25/Apr/2026:18:20:16 +0300] "GET /wp-login.php HTTP/2" 200 3538 "-" "Mozilla/5.0 (Windows NT 10.0; Win64; x64) AppleWebKit/537.36"
178.175.140.148 - - [25/Apr/2026:18:20:24 +0300] "POST /xmlrpc.php HTTP/1.1" 200 8970 "-" "Mozilla/5.0 (Windows NT 10.0; Win64; x64) AppleWebKit/537.36 (KHTML, like Gecko) Chrome/114.0.0.0 Safari/537.36"
185.216.113.70 - - [25/Apr/2026:18:20:54 +0300] "POST /wp-cron.php?doing_wp_cron=1777130454.0500109195709228515625 HTTP/1.1" 200 448 "-" "WordPress/6.3.8; https://serhatburke.miroglu.net"
193.36.38.228 - - [25/Apr/2026:18:20:30 +0300] "GET /oltre-a-cio-non-qualsiasi-volte-giochi-contribuiscono-allo-identico-maniera-al-ottenimento-dei-requisiti-di-scorsa/ HTTP/1.1" 200 74473 "-" "Mozilla/5.0 (Windows NT 10.0; rv:109.0) Gecko/20100101 Firefox/115.0"
178.175.140.148 - - [25/Apr/2026:18:20:33 +0300] "POST /xmlrpc.php HTTP/1.1" 200 630 "-" "Mozilla/5.0 (Windows NT 10.0; Win64; x64) AppleWebKit/537.36 (KHTML, like Gecko) Chrome/114.0.0.0 Safari/537.36"
184.22.230.192 - - [25/Apr/2026:18:20:39 +0300] "POST /wp-login.php HTTP/2" 302 0 "https://serhatburke.miroglu.net/wp-login.php" "Mozilla/5.0 (Windows NT 10.0; Win64; x64) AppleWebKit/537.36"
178.175.140.148 - - [25/Apr/2026:18:20:46 +0300] "GET /liminaire-casino-quelque-peu-hexagonal-germinal-2026-apostille-s/ HTTP/1.1" 200 73555 "-" "Mozilla/5.0 (Windows NT 10.0; Win64; x64) AppleWebKit/537.36 (KHTML, like Gecko) Chrome/123.0.0.0 Safari/537.36 OPR/109.0.0.0"
193.36.38.228 - - [25/Apr/2026:18:20:55 +0300] "POST /xmlrpc.php HTTP/1.1" 200 514 "-" "Mozilla/5.0 (Windows NT 10.0; Win64; x64) AppleWebKit/537.36 (KHTML, like Gecko) Chrome/114.0.0.0 Safari/537.36"
178.175.140.148 - - [25/Apr/2026:18:21:05 +0300] "POST /xmlrpc.php HTTP/1.1" 200 12207 "-" "Mozilla/5.0 (Windows NT 10.0; Win64; x64) AppleWebKit/537.36 (KHTML, like Gecko) Chrome/114.0.0.0 Safari/537.36"
52.167.144.218 - - [25/Apr/2026:18:21:10 +0300] "GET /the-essential-dexscreener-guide-for-decentralized-trading/ HTTP/2" 200 17660 "-" "Mozilla/5.0 AppleWebKit/537.36 (KHTML, like Gecko; compatible; bingbot/2.0; +http://www.bing.com/bingbot.htm) Chrome/116.0.1938.76 Safari/537.36"
185.216.113.70 - - [25/Apr/2026:18:21:44 +0300] "POST /wp-cron.php?doing_wp_cron=1777130504.0395970344543457031250 HTTP/1.1" 200 448 "-" "WordPress/6.3.8; https://serhatburke.miroglu.net"
193.36.38.228 - - [25/Apr/2026:18:21:26 +0300] "POST /xmlrpc.php HTTP/1.1" 200 9910 "-" "Mozilla/5.0 (Windows NT 10.0; Win64; x64) AppleWebKit/537.36 (KHTML, like Gecko) Chrome/114.0.0.0 Safari/537.36"
178.175.140.148 - - [25/Apr/2026:18:21:26 +0300] "GET /partouche-casino-est-votre-ceci-casino-fiable-des-francais/ HTTP/1.1" 200 76326 "-" "Mozilla/5.0 (Windows NT 10.0; Win64; x64) AppleWebKit/537.36 (KHTML, like Gecko) Chrome/124.0.0.0 Safari/537.36 Edg/124.0.0.0"
178.175.140.148 - - [25/Apr/2026:18:21:28 +0300] "POST /xmlrpc.php HTTP/1.1" 200 630 "-" "Mozilla/5.0 (Windows NT 10.0; Win64; x64) AppleWebKit/537.36 (KHTML, like Gecko) Chrome/114.0.0.0 Safari/537.36"
193.36.38.228 - - [25/Apr/2026:18:21:46 +0300] "GET /il-bonus-di-ossequio-ciononostante-e-il-gratifica-escludendo-fitto-spontaneo/ HTTP/1.1" 200 74335 "-" "Mozilla/5.0 (Windows NT 10.0; Win64; x64) AppleWebKit/537.36 (KHTML, like Gecko) Chrome/109.0.0.0 Safari/537.36"
178.175.140.148 - - [25/Apr/2026:18:21:52 +0300] "POST /xmlrpc.php HTTP/1.1" 200 7891 "-" "Mozilla/5.0 (Windows NT 10.0; Win64; x64) AppleWebKit/537.36 (KHTML, like Gecko) Chrome/114.0.0.0 Safari/537.36"
178.175.140.148 - - [25/Apr/2026:18:22:07 +0300] "GET /site-internet-de-lesc-de-dijon-jeux-un-peu-et-services-calmes/ HTTP/1.1" 200 72315 "-" "Mozilla/5.0 (Windows NT 10.0; Win64; x64) AppleWebKit/537.36 (KHTML, like Gecko) Chrome/109.0.0.0 Safari/537.36"
178.175.140.148 - - [25/Apr/2026:18:22:22 +0300] "POST /xmlrpc.php HTTP/1.1" 200 630 "-" "Mozilla/5.0 (Windows NT 10.0; Win64; x64) AppleWebKit/537.36 (KHTML, like Gecko) Chrome/114.0.0.0 Safari/537.36"
185.216.113.70 - - [25/Apr/2026:18:22:52 +0300] "POST /wp-cron.php?doing_wp_cron=1777130572.2991490364074707031250 HTTP/1.1" 200 448 "-" "WordPress/6.3.8; https://serhatburke.miroglu.net"
178.175.140.148 - - [25/Apr/2026:18:22:39 +0300] "POST /xmlrpc.php HTTP/1.1" 200 8221 "-" "Mozilla/5.0 (Windows NT 10.0; Win64; x64) AppleWebKit/537.36 (KHTML, like Gecko) Chrome/114.0.0.0 Safari/537.36"
193.36.38.228 - - [25/Apr/2026:18:22:39 +0300] "POST /xmlrpc.php HTTP/1.1" 200 692 "-" "Mozilla/5.0 (Windows NT 10.0; Win64; x64) AppleWebKit/537.36 (KHTML, like Gecko) Chrome/114.0.0.0 Safari/537.36"
178.175.140.148 - - [25/Apr/2026:18:22:52 +0300] "GET /banzai-casino-slots-commentaire-2024-%E1%90%88-exergue-prime-banzai/ HTTP/1.1" 200 72886 "-" "Mozilla/5.0 (Windows NT 10.0; Win64; x64) AppleWebKit/537.36 (KHTML, like Gecko) Chrome/123.0.0.0 Safari/537.36 OPR/109.0.0.0"
193.36.38.228 - - [25/Apr/2026:18:22:57 +0300] "POST /xmlrpc.php HTTP/1.1" 200 10337 "-" "Mozilla/5.0 (Windows NT 10.0; Win64; x64) AppleWebKit/537.36 (KHTML, like Gecko) Chrome/114.0.0.0 Safari/537.36"
178.175.140.148 - - [25/Apr/2026:18:23:10 +0300] "POST /xmlrpc.php HTTP/1.1" 200 630 "-" "Mozilla/5.0 (Windows NT 10.0; Win64; x64) AppleWebKit/537.36 (KHTML, like Gecko) Chrome/114.0.0.0 Safari/537.36"
193.36.38.228 - - [25/Apr/2026:18:23:13 +0300] "GET /il-premio-commiato-di-netbet-e-eletto-da-50-free-spins-contro-slot-machine/ HTTP/1.1" 200 74906 "-" "Mozilla/5.0 (Windows NT 10.0; Win64; x64) AppleWebKit/537.36 (KHTML, like Gecko) Chrome/122.0.0.0 Safari/537.36"
185.216.113.70 - - [25/Apr/2026:18:23:40 +0300] "POST /wp-cron.php?doing_wp_cron=1777130620.2311830520629882812500 HTTP/1.1" 200 448 "-" "WordPress/6.3.8; https://serhatburke.miroglu.net"
178.175.140.148 - - [25/Apr/2026:18:23:28 +0300] "POST /xmlrpc.php HTTP/1.1" 200 13156 "-" "Mozilla/5.0 (Windows NT 10.0; Win64; x64) AppleWebKit/537.36 (KHTML, like Gecko) Chrome/114.0.0.0 Safari/537.36"
178.175.140.148 - - [25/Apr/2026:18:23:41 +0300] "GET /plait-il-ajouter-mien-appareil-pour-par-dessous-pour-en-compagnie-de-familiers-comptabilites-livre-2025/ HTTP/1.1" 200 78756 "-" "Mozilla/5.0 (Windows NT 10.0; Win64; x64) AppleWebKit/537.36 (KHTML, like Gecko) Chrome/109.0.0.0 Safari/537.36"
5.157.55.142 - - [25/Apr/2026:18:23:54 +0300] "GET /6-days-to-improving-the-best-way-you-1xbet-%d0%b7%d0%b5%d1%80%d0%ba%d0%b0%d0%bb%d0%be/ HTTP/1.1" 200 25064 "-" "Mozilla/5.0 (compatible; Googlebot/2.1; +http://www.google.com/bot.html)"
178.175.140.148 - - [25/Apr/2026:18:23:59 +0300] "POST /xmlrpc.php HTTP/1.1" 200 630 "-" "Mozilla/5.0 (Windows NT 10.0; Win64; x64) AppleWebKit/537.36 (KHTML, like Gecko) Chrome/114.0.0.0 Safari/537.36"
185.216.113.70 - - [25/Apr/2026:18:24:30 +0300] "POST /wp-cron.php?doing_wp_cron=1777130670.6690220832824707031250 HTTP/1.1" 200 448 "-" "WordPress/6.3.8; https://serhatburke.miroglu.net"
178.175.140.148 - - [25/Apr/2026:18:24:18 +0300] "POST /xmlrpc.php HTTP/1.1" 200 14354 "-" "Mozilla/5.0 (Windows NT 10.0; Win64; x64) AppleWebKit/537.36 (KHTML, like Gecko) Chrome/114.0.0.0 Safari/537.36"
193.36.38.228 - - [25/Apr/2026:18:24:24 +0300] "POST /xmlrpc.php HTTP/1.1" 200 692 "-" "Mozilla/5.0 (Windows NT 10.0; Win64; x64) AppleWebKit/537.36 (KHTML, like Gecko) Chrome/114.0.0.0 Safari/537.36"
178.175.140.148 - - [25/Apr/2026:18:24:31 +0300] "GET /bdmbet-casino-450-pourboire-95-free-spins/ HTTP/1.1" 200 78050 "-" "Mozilla/5.0 (Windows NT 10.0; Win64; x64) AppleWebKit/537.36 (KHTML, like Gecko) Chrome/109.0.0.0 Safari/537.36"
178.175.140.148 - - [25/Apr/2026:18:24:40 +0300] "POST /xmlrpc.php HTTP/1.1" 200 630 "-" "Mozilla/5.0 (Windows NT 10.0; Win64; x64) AppleWebKit/537.36 (KHTML, like Gecko) Chrome/114.0.0.0 Safari/537.36"
193.36.38.228 - - [25/Apr/2026:18:24:45 +0300] "POST /xmlrpc.php HTTP/1.1" 200 8959 "-" "Mozilla/5.0 (Windows NT 10.0; Win64; x64) AppleWebKit/537.36 (KHTML, like Gecko) Chrome/114.0.0.0 Safari/537.36"
185.191.171.11 - - [25/Apr/2026:18:24:52 +0300] "GET /5-runde-gratuite-in-narcos-champagne-joc-bonus-insa-plata-of-rulaj-ofer/ HTTP/1.1" 200 23339 "-" "Mozilla/5.0 (compatible; SemrushBot/7~bl; +http://www.semrush.com/bot.html)"
178.175.140.148 - - [25/Apr/2026:18:25:04 +0300] "POST /xmlrpc.php HTTP/1.1" 200 10374 "-" "Mozilla/5.0 (Windows NT 10.0; Win64; x64) AppleWebKit/537.36 (KHTML, like Gecko) Chrome/114.0.0.0 Safari/537.36"
193.36.38.228 - - [25/Apr/2026:18:25:04 +0300] "GET /qualche-trambusto-offrono-il-suo-gratifica-circa-un-single-singolare-gioco/ HTTP/1.1" 200 73351 "-" "Mozilla/5.0 (Windows NT 10.0; Win64; x64) AppleWebKit/537.36 (KHTML, like Gecko) Chrome/122.0.0.0 Safari/537.36"
178.175.140.148 - - [25/Apr/2026:18:25:18 +0300] "GET /principal-casino-un-peu-2026-classification-top-16-habitants-de-lhexagone/ HTTP/1.1" 200 75024 "-" "Mozilla/5.0 (Windows NT 10.0; Win64; x64) AppleWebKit/537.36 (KHTML, like Gecko) Chrome/123.0.0.0 Safari/537.36"
185.216.113.70 - - [25/Apr/2026:18:25:44 +0300] "POST /wp-cron.php?doing_wp_cron=1777130744.1848289966583251953125 HTTP/1.1" 200 448 "-" "WordPress/6.3.8; https://serhatburke.miroglu.net"
178.175.140.148 - - [25/Apr/2026:18:25:31 +0300] "POST /xmlrpc.php HTTP/1.1" 200 630 "-" "Mozilla/5.0 (Windows NT 10.0; Win64; x64) AppleWebKit/537.36 (KHTML, like Gecko) Chrome/114.0.0.0 Safari/537.36"
193.36.38.228 - - [25/Apr/2026:18:25:33 +0300] "POST /xmlrpc.php HTTP/1.1" 200 692 "-" "Mozilla/5.0 (Windows NT 10.0; Win64; x64) AppleWebKit/537.36 (KHTML, like Gecko) Chrome/114.0.0.0 Safari/537.36"
178.175.140.148 - - [25/Apr/2026:18:25:50 +0300] "POST /xmlrpc.php HTTP/1.1" 200 7978 "-" "Mozilla/5.0 (Windows NT 10.0; Win64; x64) AppleWebKit/537.36 (KHTML, like Gecko) Chrome/114.0.0.0 Safari/537.36"
193.36.38.228 - - [25/Apr/2026:18:25:52 +0300] "POST /xmlrpc.php HTTP/1.1" 200 12955 "-" "Mozilla/5.0 (Windows NT 10.0; Win64; x64) AppleWebKit/537.36 (KHTML, like Gecko) Chrome/114.0.0.0 Safari/537.36"
178.175.140.148 - - [25/Apr/2026:18:26:05 +0300] "GET /originel-salle-de-jeu-en-ligne-gaulois-au-top-130-matricule-pour-nov-2025/ HTTP/1.1" 200 72525 "-" "Mozilla/5.0 (Windows NT 10.0; rv:125.0) Gecko/20100101 Firefox/125.0"
193.36.38.228 - - [25/Apr/2026:18:26:06 +0300] "GET /bassbet-e-insecable-curacao-trambusto-online-in-pagamenti-veloci-ottimo-a-chi-non-vuole-dissipare-eta/ HTTP/1.1" 200 78130 "-" "Mozilla/5.0 (Windows NT 10.0; rv:125.0) Gecko/20100101 Firefox/125.0"
178.175.140.148 - - [25/Apr/2026:18:26:13 +0300] "POST /xmlrpc.php HTTP/1.1" 200 630 "-" "Mozilla/5.0 (Windows NT 10.0; Win64; x64) AppleWebKit/537.36 (KHTML, like Gecko) Chrome/114.0.0.0 Safari/537.36"
185.216.113.70 - - [25/Apr/2026:18:26:50 +0300] "POST /wp-cron.php?doing_wp_cron=1777130809.8334319591522216796875 HTTP/1.1" 200 448 "-" "WordPress/6.3.8; https://serhatburke.miroglu.net"
193.36.38.228 - - [25/Apr/2026:18:26:31 +0300] "POST /xmlrpc.php HTTP/1.1" 200 514 "-" "Mozilla/5.0 (Windows NT 10.0; Win64; x64) AppleWebKit/537.36 (KHTML, like Gecko) Chrome/114.0.0.0 Safari/537.36"
178.175.140.148 - - [25/Apr/2026:18:26:32 +0300] "POST /xmlrpc.php HTTP/1.1" 200 8731 "-" "Mozilla/5.0 (Windows NT 10.0; Win64; x64) AppleWebKit/537.36 (KHTML, like Gecko) Chrome/114.0.0.0 Safari/537.36"
185.153.197.250 - - [25/Apr/2026:18:26:35 +0300] "POST /xmlrpc.php HTTP/1.1" 500 1102 "-" "Mozilla/5.0 (Windows NT 10.0; Win64; x64) AppleWebKit/537.36 (KHTML, like Gecko) Chrome/114.0.0.0 Safari/537.36"
104.194.132.199 - - [25/Apr/2026:18:26:55 +0300] "GET /beste-casino-site-belgie-hoge-inzet/ HTTP/1.1" 200 0 "-" "Mozilla/5.0 (Windows NT 10.0; WOW64) AppleWebKit/537.36 (KHTML, like Gecko) Chrome/114.0.0.0 Safari/537.36 Vivaldi/5.3.2679.68"
178.175.140.148 - - [25/Apr/2026:18:26:52 +0300] "POST /xmlrpc.php HTTP/1.1" 200 630 "-" "Mozilla/5.0 (Windows NT 10.0; Win64; x64) AppleWebKit/537.36 (KHTML, like Gecko) Chrome/114.0.0.0 Safari/537.36"
178.175.140.148 - - [25/Apr/2026:18:26:52 +0300] "GET /top-salle-de-jeu-chiffre-lequel-casino-quelque-peu-octroyer-en-2024/ HTTP/1.1" 200 73152 "-" "Mozilla/5.0 (Windows NT 10.0; rv:109.0) Gecko/20100101 Firefox/115.0"
193.36.38.228 - - [25/Apr/2026:18:26:55 +0300] "POST /xmlrpc.php HTTP/1.1" 200 10012 "-" "Mozilla/5.0 (Windows NT 10.0; Win64; x64) AppleWebKit/537.36 (KHTML, like Gecko) Chrome/114.0.0.0 Safari/537.36"
172.81.133.213 - - [25/Apr/2026:18:27:25 +0300] "GET /zotabet-casino-bonus-premier-depot-2026/ HTTP/1.1" 200 0 "-" "Mozilla/5.0 (compatible; Googlebot/2.1; +http://www.google.com/bot.html)"
185.216.113.70 - - [25/Apr/2026:18:28:08 +0300] "POST /wp-cron.php?doing_wp_cron=1777130888.6416969299316406250000 HTTP/1.1" 200 448 "-" "WordPress/6.3.8; https://serhatburke.miroglu.net"
185.216.113.70 - - [25/Apr/2026:18:28:09 +0300] "POST /wp-cron.php?doing_wp_cron=1777130889.1987390518188476562500 HTTP/1.1" 200 448 "-" "WordPress/6.3.8; https://serhatburke.miroglu.net"
40.77.167.26 - - [25/Apr/2026:18:27:19 +0300] "GET /vuelta-a-espana-2025-channel-research-key-stages-and-you-will-bikers-to-view/ HTTP/2" 200 0 "-" "Mozilla/5.0 AppleWebKit/537.36 (KHTML, like Gecko; compatible; bingbot/2.0; +http://www.bing.com/bingbot.htm) Chrome/116.0.1938.76 Safari/537.36"
52.167.144.218 - - [25/Apr/2026:18:27:24 +0300] "GET /let-i-feel-dissapointed-about-to-let-you-know-casino-rich-no-deposit-bonus-2023-that-your-ip-address-has-been-blocked/ HTTP/2" 200 19991 "-" "Mozilla/5.0 AppleWebKit/537.36 (KHTML, like Gecko; compatible; bingbot/2.0; +http://www.bing.com/bingbot.htm) Chrome/116.0.1938.76 Safari/537.36"
185.216.113.70 - - [25/Apr/2026:18:28:19 +0300] "POST /wp-cron.php?doing_wp_cron=1777130898.9131300449371337890625 HTTP/1.1" 200 448 "-" "WordPress/6.3.8; https://serhatburke.miroglu.net"
193.36.38.228 - - [25/Apr/2026:18:27:32 +0300] "POST /xmlrpc.php HTTP/1.1" 200 692 "-" "Mozilla/5.0 (Windows NT 10.0; Win64; x64) AppleWebKit/537.36 (KHTML, like Gecko) Chrome/114.0.0.0 Safari/537.36"
185.216.113.70 - - [25/Apr/2026:18:28:22 +0300] "POST /wp-cron.php?doing_wp_cron=1777130902.0217030048370361328125 HTTP/1.1" 200 448 "-" "WordPress/6.3.8; https://serhatburke.miroglu.net"
178.175.140.148 - - [25/Apr/2026:18:27:36 +0300] "POST /xmlrpc.php HTTP/1.1" 200 10081 "-" "Mozilla/5.0 (Windows NT 10.0; Win64; x64) AppleWebKit/537.36 (KHTML, like Gecko) Chrome/114.0.0.0 Safari/537.36"
178.175.140.148 - - [25/Apr/2026:18:27:37 +0300] "POST /xmlrpc.php HTTP/1.1" 200 630 "-" "Mozilla/5.0 (Windows NT 10.0; Win64; x64) AppleWebKit/537.36 (KHTML, like Gecko) Chrome/114.0.0.0 Safari/537.36"
193.36.38.228 - - [25/Apr/2026:18:27:37 +0300] "GET /per-ulteriori-informazioni-assemblea-la-nostra-pagina-dedicata-al-bazzecola-severo/ HTTP/1.1" 200 74703 "-" "Mozilla/5.0 (Windows NT 10.0; rv:125.0) Gecko/20100101 Firefox/125.0"
45.172.69.239 - - [25/Apr/2026:18:28:30 +0300] "POST /xmlrpc.php HTTP/2" 200 0 "-" "WordPress/XMLRPC Client"
178.175.140.148 - - [25/Apr/2026:18:28:22 +0300] "GET /initial-salle-de-jeu-un-peu-profitable-avis-concernant-les-1-plus-redoutables-condition-du-2025/ HTTP/1.1" 200 75327 "-" "Mozilla/5.0 (Windows NT 10.0; Win64; x64) AppleWebKit/537.36 (KHTML, like Gecko) Chrome/124.0.0.0 Safari/537.36"
193.36.38.228 - - [25/Apr/2026:18:28:24 +0300] "POST /xmlrpc.php HTTP/1.1" 200 12177 "-" "Mozilla/5.0 (Windows NT 10.0; Win64; x64) AppleWebKit/537.36 (KHTML, like Gecko) Chrome/114.0.0.0 Safari/537.36"
178.175.140.148 - - [25/Apr/2026:18:28:22 +0300] "POST /xmlrpc.php HTTP/1.1" 200 630 "-" "Mozilla/5.0 (Windows NT 10.0; Win64; x64) AppleWebKit/537.36 (KHTML, like Gecko) Chrome/114.0.0.0 Safari/537.36"
185.216.113.70 - - [25/Apr/2026:18:29:23 +0300] "POST /wp-cron.php?doing_wp_cron=1777130963.0019919872283935546875 HTTP/1.1" 200 448 "-" "WordPress/6.3.8; https://serhatburke.miroglu.net"
178.175.140.148 - - [25/Apr/2026:18:28:29 +0300] "POST /xmlrpc.php HTTP/1.1" 200 11607 "-" "Mozilla/5.0 (Windows NT 10.0; Win64; x64) AppleWebKit/537.36 (KHTML, like Gecko) Chrome/114.0.0.0 Safari/537.36"
185.216.113.70 - - [25/Apr/2026:18:29:23 +0300] "POST /wp-cron.php?doing_wp_cron=1777130963.2335751056671142578125 HTTP/1.1" 200 448 "-" "WordPress/6.3.8; https://serhatburke.miroglu.net"
185.216.113.70 - - [25/Apr/2026:18:29:36 +0300] "POST /wp-cron.php?doing_wp_cron=1777130976.5110330581665039062500 HTTP/1.1" 200 448 "-" "WordPress/6.3.8; https://serhatburke.miroglu.net"
193.36.38.228 - - [25/Apr/2026:18:28:37 +0300] "POST /xmlrpc.php HTTP/1.1" 200 692 "-" "Mozilla/5.0 (Windows NT 10.0; Win64; x64) AppleWebKit/537.36 (KHTML, like Gecko) Chrome/114.0.0.0 Safari/537.36"
185.216.113.70 - - [25/Apr/2026:18:29:54 +0300] "POST /wp-cron.php?doing_wp_cron=1777130994.5178139209747314453125 HTTP/1.1" 200 448 "-" "WordPress/6.3.8; https://serhatburke.miroglu.net"
178.175.140.148 - - [25/Apr/2026:18:29:04 +0300] "POST /xmlrpc.php HTTP/1.1" 200 630 "-" "Mozilla/5.0 (Windows NT 10.0; Win64; x64) AppleWebKit/537.36 (KHTML, like Gecko) Chrome/114.0.0.0 Safari/537.36"
185.216.113.70 - - [25/Apr/2026:18:30:19 +0300] "POST /wp-cron.php?doing_wp_cron=1777131019.2143020629882812500000 HTTP/1.1" 200 448 "-" "WordPress/6.3.8; https://serhatburke.miroglu.net"
193.36.38.228 - - [25/Apr/2026:18:29:19 +0300] "GET /il-premio-in-assenza-di-fondo-e-per-ogni-gli-effetti-excretion-cifra-di-patrimonio-regalato-dal-bisca/ HTTP/1.1" 200 77173 "-" "Mozilla/5.0 (Windows NT 10.0; Win64; x64; rv:125.0) Gecko/20100101 Firefox/125.0"
185.216.113.70 - - [25/Apr/2026:18:30:24 +0300] "POST /wp-cron.php?doing_wp_cron=1777131024.5245099067687988281250 HTTP/1.1" 200 448 "-" "WordPress/6.3.8; https://serhatburke.miroglu.net"
178.175.140.148 - - [25/Apr/2026:18:29:25 +0300] "POST /xmlrpc.php HTTP/1.1" 200 15080 "-" "Mozilla/5.0 (Windows NT 10.0; Win64; x64) AppleWebKit/537.36 (KHTML, like Gecko) Chrome/114.0.0.0 Safari/537.36"
40.77.167.243 - - [25/Apr/2026:18:29:36 +0300] "GET /maximize-trading-efficiency-with-raydium-swap-2/ HTTP/2" 200 0 "-" "Mozilla/5.0 AppleWebKit/537.36 (KHTML, like Gecko; compatible; bingbot/2.0; +http://www.bing.com/bingbot.htm) Chrome/116.0.1938.76 Safari/537.36"
40.77.167.243 - - [25/Apr/2026:18:29:41 +0300] "GET /la-manera-sobre-como-sacar-nuestro-bono-12-eurillos-gratuito-para-registrarte/ HTTP/2" 200 0 "-" "Mozilla/5.0 AppleWebKit/537.36 (KHTML, like Gecko; compatible; bingbot/2.0; +http://www.bing.com/bingbot.htm) Chrome/116.0.1938.76 Safari/537.36"
185.216.113.70 - - [25/Apr/2026:18:30:34 +0300] "POST /wp-cron.php?doing_wp_cron=1777131034.4234850406646728515625 HTTP/1.1" 200 448 "-" "WordPress/6.3.8; https://serhatburke.miroglu.net"
178.175.140.148 - - [25/Apr/2026:18:29:24 +0300] "GET /premier-casino-un-tantinet-pourrez-parmi-monnaie-palpable-en-france/ HTTP/1.1" 200 75980 "-" "Mozilla/5.0 (Windows NT 10.0; Win64; x64) AppleWebKit/537.36 (KHTML, like Gecko) Chrome/124.0.0.0 Safari/537.36"
185.216.113.70 - - [25/Apr/2026:18:30:53 +0300] "POST /wp-cron.php?doing_wp_cron=1777131053.7222919464111328125000 HTTP/1.1" 200 448 "-" "WordPress/6.3.8; https://serhatburke.miroglu.net"
185.216.113.70 - - [25/Apr/2026:18:30:54 +0300] "POST /wp-cron.php?doing_wp_cron=1777131053.9022169113159179687500 HTTP/1.1" 200 448 "-" "WordPress/6.3.8; https://serhatburke.miroglu.net"
178.175.140.148 - - [25/Apr/2026:18:29:38 +0300] "POST /xmlrpc.php HTTP/1.1" 200 630 "-" "Mozilla/5.0 (Windows NT 10.0; Win64; x64) AppleWebKit/537.36 (KHTML, like Gecko) Chrome/114.0.0.0 Safari/537.36"
193.36.38.228 - - [25/Apr/2026:18:29:26 +0300] "POST /xmlrpc.php HTTP/1.1" 200 692 "-" "Mozilla/5.0 (Windows NT 10.0; Win64; x64) AppleWebKit/537.36 (KHTML, like Gecko) Chrome/114.0.0.0 Safari/537.36"
185.216.113.70 - - [25/Apr/2026:18:31:01 +0300] "POST /wp-cron.php?doing_wp_cron=1777131060.9987020492553710937500 HTTP/1.1" 200 448 "-" "WordPress/6.3.8; https://serhatburke.miroglu.net"
193.36.38.228 - - [25/Apr/2026:18:29:42 +0300] "POST /xmlrpc.php HTTP/1.1" 200 9302 "-" "Mozilla/5.0 (Windows NT 10.0; Win64; x64) AppleWebKit/537.36 (KHTML, like Gecko) Chrome/114.0.0.0 Safari/537.36"
185.216.113.70 - - [25/Apr/2026:18:31:28 +0300] "POST /wp-cron.php?doing_wp_cron=1777131087.9233670234680175781250 HTTP/1.1" 200 448 "-" "WordPress/6.3.8; https://serhatburke.miroglu.net"
178.175.140.148 - - [25/Apr/2026:18:30:00 +0300] "POST /xmlrpc.php HTTP/1.1" 200 8380 "-" "Mozilla/5.0 (Windows NT 10.0; Win64; x64) AppleWebKit/537.36 (KHTML, like Gecko) Chrome/114.0.0.0 Safari/537.36"
185.216.113.70 - - [25/Apr/2026:18:31:41 +0300] "POST /wp-cron.php?doing_wp_cron=1777131100.7275989055633544921875 HTTP/1.1" 200 448 "-" "WordPress/6.3.8; https://serhatburke.miroglu.net"
178.175.140.148 - - [25/Apr/2026:18:30:23 +0300] "POST /xmlrpc.php HTTP/1.1" 200 630 "-" "Mozilla/5.0 (Windows NT 10.0; Win64; x64) AppleWebKit/537.36 (KHTML, like Gecko) Chrome/114.0.0.0 Safari/537.36"
128.1.218.163 - - [25/Apr/2026:18:30:09 +0300] "POST /xmlrpc.php HTTP/1.1" 500 745 "-" "Mozilla/5.0 (Windows NT 10.0; Win64; x64) AppleWebKit/537.36 (KHTML, like Gecko) Chrome/114.0.0.0 Safari/537.36"
185.216.113.70 - - [25/Apr/2026:18:32:24 +0300] "POST /wp-cron.php?doing_wp_cron=1777131143.8226358890533447265625 HTTP/1.1" 200 448 "-" "WordPress/6.3.8; https://serhatburke.miroglu.net"
193.36.38.228 - - [25/Apr/2026:18:30:26 +0300] "POST /xmlrpc.php HTTP/1.1" 200 514 "-" "Mozilla/5.0 (Windows NT 10.0; Win64; x64) AppleWebKit/537.36 (KHTML, like Gecko) Chrome/114.0.0.0 Safari/537.36"
178.175.140.148 - - [25/Apr/2026:18:30:25 +0300] "GET /megapari-megapari-v251-0-3-pour-portable-telecharge-lapk-authentique-il-y-a-uptodown/ HTTP/1.1" 500 745 "-" "Mozilla/5.0 (Windows NT 10.0; Win64; x64; rv:125.0) Gecko/20100101 Firefox/125.0"
185.216.113.70 - - [25/Apr/2026:18:32:39 +0300] "POST /wp-cron.php?doing_wp_cron=1777131159.5113821029663085937500 HTTP/1.1" 200 448 "-" "WordPress/6.3.8; https://serhatburke.miroglu.net"
185.216.113.70 - - [25/Apr/2026:18:32:42 +0300] "POST /wp-cron.php?doing_wp_cron=1777131161.8185420036315917968750 HTTP/1.1" 200 448 "-" "WordPress/6.3.8; https://serhatburke.miroglu.net"
193.36.38.228 - - [25/Apr/2026:18:31:01 +0300] "GET /a-ciascuna-tranche-sinon-devono-raggiungere-requisiti-pari-a-40x-45x-50x-tra-48-ore-dallassegnazione/ HTTP/1.1" 200 74637 "-" "Mozilla/5.0 (Windows NT 10.0; Win64; x64) AppleWebKit/537.36 (KHTML, like Gecko) Chrome/123.0.0.0 Safari/537.36 OPR/109.0.0.0"
178.175.140.148 - - [25/Apr/2026:18:31:01 +0300] "POST /xmlrpc.php HTTP/1.1" 200 12283 "-" "Mozilla/5.0 (Windows NT 10.0; Win64; x64) AppleWebKit/537.36 (KHTML, like Gecko) Chrome/114.0.0.0 Safari/537.36"
185.216.113.70 - - [25/Apr/2026:18:32:43 +0300] "POST /wp-cron.php?doing_wp_cron=1777131163.7351729869842529296875 HTTP/1.1" 200 448 "-" "WordPress/6.3.8; https://serhatburke.miroglu.net"
178.175.140.148 - - [25/Apr/2026:18:31:02 +0300] "POST /xmlrpc.php HTTP/1.1" 200 630 "-" "Mozilla/5.0 (Windows NT 10.0; Win64; x64) AppleWebKit/537.36 (KHTML, like Gecko) Chrome/114.0.0.0 Safari/537.36"
185.216.113.70 - - [25/Apr/2026:18:32:55 +0300] "POST /wp-cron.php?doing_wp_cron=1777131175.1998760700225830078125 HTTP/1.1" 200 448 "-" "WordPress/6.3.8; https://serhatburke.miroglu.net"
193.36.38.228 - - [25/Apr/2026:18:31:06 +0300] "POST /xmlrpc.php HTTP/1.1" 200 692 "-" "Mozilla/5.0 (Windows NT 10.0; Win64; x64) AppleWebKit/537.36 (KHTML, like Gecko) Chrome/114.0.0.0 Safari/537.36"
193.36.38.228 - - [25/Apr/2026:18:31:00 +0300] "POST /xmlrpc.php HTTP/1.1" 500 629 "-" "Mozilla/5.0 (Windows NT 10.0; Win64; x64) AppleWebKit/537.36 (KHTML, like Gecko) Chrome/114.0.0.0 Safari/537.36"
178.175.140.148 - - [25/Apr/2026:18:31:29 +0300] "GET /telecharge-sans-aucun-frais-leurs-application-de-jeux-de-tunes-en-compagnie-de-portable-uptodown/ HTTP/1.1" 500 745 "-" "Mozilla/5.0 (Windows NT 10.0; Win64; x64) AppleWebKit/537.36 (KHTML, like Gecko) Chrome/122.0.0.0 Safari/537.36"
178.175.140.148 - - [25/Apr/2026:18:31:39 +0300] "POST /xmlrpc.php HTTP/1.1" 500 745 "-" "Mozilla/5.0 (Windows NT 10.0; Win64; x64) AppleWebKit/537.36 (KHTML, like Gecko) Chrome/114.0.0.0 Safari/537.36"
185.216.113.70 - - [25/Apr/2026:18:33:33 +0300] "POST /wp-cron.php?doing_wp_cron=1777131213.3167181015014648437500 HTTP/1.1" 200 448 "-" "WordPress/6.3.8; https://serhatburke.miroglu.net"
178.175.140.148 - - [25/Apr/2026:18:31:48 +0300] "POST /xmlrpc.php HTTP/1.1" 500 745 "-" "Mozilla/5.0 (Windows NT 10.0; Win64; x64) AppleWebKit/537.36 (KHTML, like Gecko) Chrome/114.0.0.0 Safari/537.36"
128.1.218.163 - - [25/Apr/2026:18:31:49 +0300] "POST /xmlrpc.php HTTP/1.1" 500 745 "-" "Mozilla/5.0 (Windows NT 10.0; Win64; x64) AppleWebKit/537.36 (KHTML, like Gecko) Chrome/114.0.0.0 Safari/537.36"
193.36.38.228 - - [25/Apr/2026:18:32:02 +0300] "POST /xmlrpc.php HTTP/1.1" 500 807 "-" "Mozilla/5.0 (Windows NT 10.0; Win64; x64) AppleWebKit/537.36 (KHTML, like Gecko) Chrome/114.0.0.0 Safari/537.36"
178.175.140.148 - - [25/Apr/2026:18:32:05 +0300] "POST /xmlrpc.php HTTP/1.1" 500 745 "-" "Mozilla/5.0 (Windows NT 10.0; Win64; x64) AppleWebKit/537.36 (KHTML, like Gecko) Chrome/114.0.0.0 Safari/537.36"
193.36.38.228 - - [25/Apr/2026:18:32:06 +0300] "POST /xmlrpc.php HTTP/1.1" 500 807 "-" "Mozilla/5.0 (Windows NT 10.0; Win64; x64) AppleWebKit/537.36 (KHTML, like Gecko) Chrome/114.0.0.0 Safari/537.36"
40.77.167.78 - - [25/Apr/2026:18:33:18 +0300] "GET /experience-the-ultimate-freedom-with-atomic-wallet/ HTTP/2" 200 0 "-" "Mozilla/5.0 AppleWebKit/537.36 (KHTML, like Gecko; compatible; bingbot/2.0; +http://www.bing.com/bingbot.htm) Chrome/116.0.1938.76 Safari/537.36"
185.216.113.70 - - [25/Apr/2026:18:34:09 +0300] "POST /wp-cron.php?doing_wp_cron=1777131249.0308959484100341796875 HTTP/1.1" 200 448 "-" "WordPress/6.3.8; https://serhatburke.miroglu.net"
207.46.13.36 - - [25/Apr/2026:18:33:23 +0300] "GET /the-monster-casino-no-deposit-incentive-rules-the-new-current-participants-february-2026/ HTTP/2" 200 0 "-" "Mozilla/5.0 AppleWebKit/537.36 (KHTML, like Gecko; compatible; bingbot/2.0; +http://www.bing.com/bingbot.htm) Chrome/116.0.1938.76 Safari/537.36"
178.175.140.148 - - [25/Apr/2026:18:32:16 +0300] "POST /xmlrpc.php HTTP/1.1" 500 745 "-" "Mozilla/5.0 (Windows NT 10.0; Win64; x64) AppleWebKit/537.36 (KHTML, like Gecko) Chrome/114.0.0.0 Safari/537.36"
185.216.113.70 - - [25/Apr/2026:18:34:32 +0300] "POST /wp-cron.php?doing_wp_cron=1777131272.0000739097595214843750 HTTP/1.1" 200 448 "-" "WordPress/6.3.8; https://serhatburke.miroglu.net"
193.36.38.228 - - [25/Apr/2026:18:32:46 +0300] "POST /xmlrpc.php HTTP/1.1" 200 9053 "-" "Mozilla/5.0 (Windows NT 10.0; Win64; x64) AppleWebKit/537.36 (KHTML, like Gecko) Chrome/114.0.0.0 Safari/537.36"
178.175.140.148 - - [25/Apr/2026:18:32:42 +0300] "POST /xmlrpc.php HTTP/1.1" 500 745 "-" "Mozilla/5.0 (Windows NT 10.0; Win64; x64) AppleWebKit/537.36 (KHTML, like Gecko) Chrome/114.0.0.0 Safari/537.36"
193.36.38.228 - - [25/Apr/2026:18:32:43 +0300] "POST /xmlrpc.php HTTP/1.1" 500 807 "-" "Mozilla/5.0 (Windows NT 10.0; Win64; x64) AppleWebKit/537.36 (KHTML, like Gecko) Chrome/114.0.0.0 Safari/537.36"
193.36.38.228 - - [25/Apr/2026:18:32:46 +0300] "POST /xmlrpc.php HTTP/1.1" 500 629 "-" "Mozilla/5.0 (Windows NT 10.0; Win64; x64) AppleWebKit/537.36 (KHTML, like Gecko) Chrome/114.0.0.0 Safari/537.36"
178.175.140.148 - - [25/Apr/2026:18:32:46 +0300] "POST /xmlrpc.php HTTP/1.1" 500 745 "-" "Mozilla/5.0 (Windows NT 10.0; Win64; x64) AppleWebKit/537.36 (KHTML, like Gecko) Chrome/114.0.0.0 Safari/537.36"
193.36.38.228 - - [25/Apr/2026:18:32:48 +0300] "POST /xmlrpc.php HTTP/1.1" 500 807 "-" "Mozilla/5.0 (Windows NT 10.0; Win64; x64) AppleWebKit/537.36 (KHTML, like Gecko) Chrome/114.0.0.0 Safari/537.36"
185.216.113.70 - - [25/Apr/2026:18:35:02 +0300] "POST /wp-cron.php?doing_wp_cron=1777131302.0528829097747802734375 HTTP/1.1" 200 448 "-" "WordPress/6.3.8; https://serhatburke.miroglu.net"
178.175.140.148 - - [25/Apr/2026:18:33:03 +0300] "POST /xmlrpc.php HTTP/1.1" 200 630 "-" "Mozilla/5.0 (Windows NT 10.0; Win64; x64) AppleWebKit/537.36 (KHTML, like Gecko) Chrome/114.0.0.0 Safari/537.36"
178.175.140.148 - - [25/Apr/2026:18:33:09 +0300] "POST /xmlrpc.php HTTP/1.1" 500 745 "-" "Mozilla/5.0 (Windows NT 10.0; Win64; x64) AppleWebKit/537.36 (KHTML, like Gecko) Chrome/114.0.0.0 Safari/537.36"
178.175.140.148 - - [25/Apr/2026:18:33:19 +0300] "POST /xmlrpc.php HTTP/1.1" 500 745 "-" "Mozilla/5.0 (Windows NT 10.0; Win64; x64) AppleWebKit/537.36 (KHTML, like Gecko) Chrome/114.0.0.0 Safari/537.36"
178.175.140.148 - - [25/Apr/2026:18:33:33 +0300] "POST /xmlrpc.php HTTP/1.1" 500 745 "-" "Mozilla/5.0 (Windows NT 10.0; Win64; x64) AppleWebKit/537.36 (KHTML, like Gecko) Chrome/114.0.0.0 Safari/537.36"
185.216.113.70 - - [25/Apr/2026:18:35:41 +0300] "POST /wp-cron.php?doing_wp_cron=1777131340.9209609031677246093750 HTTP/1.1" 200 448 "-" "WordPress/6.3.8; https://serhatburke.miroglu.net"
178.175.140.148 - - [25/Apr/2026:18:33:41 +0300] "POST /xmlrpc.php HTTP/1.1" 500 745 "-" "Mozilla/5.0 (Windows NT 10.0; Win64; x64) AppleWebKit/537.36 (KHTML, like Gecko) Chrome/114.0.0.0 Safari/537.36"
193.36.38.228 - - [25/Apr/2026:18:33:42 +0300] "POST /xmlrpc.php HTTP/1.1" 500 807 "-" "Mozilla/5.0 (Windows NT 10.0; Win64; x64) AppleWebKit/537.36 (KHTML, like Gecko) Chrome/114.0.0.0 Safari/537.36"
185.216.113.70 - - [25/Apr/2026:18:35:44 +0300] "POST /wp-cron.php?doing_wp_cron=1777131343.9171640872955322265625 HTTP/1.1" 200 448 "-" "WordPress/6.3.8; https://serhatburke.miroglu.net"
193.36.38.228 - - [25/Apr/2026:18:33:48 +0300] "POST /xmlrpc.php HTTP/1.1" 500 807 "-" "Mozilla/5.0 (Windows NT 10.0; Win64; x64) AppleWebKit/537.36 (KHTML, like Gecko) Chrome/114.0.0.0 Safari/537.36"
193.36.38.228 - - [25/Apr/2026:18:33:51 +0300] "POST /xmlrpc.php HTTP/1.1" 500 807 "-" "Mozilla/5.0 (Windows NT 10.0; Win64; x64) AppleWebKit/537.36 (KHTML, like Gecko) Chrome/114.0.0.0 Safari/537.36"
185.216.113.70 - - [25/Apr/2026:18:35:53 +0300] "POST /wp-cron.php?doing_wp_cron=1777131352.8313879966735839843750 HTTP/1.1" 200 448 "-" "WordPress/6.3.8; https://serhatburke.miroglu.net"
178.175.140.148 - - [25/Apr/2026:18:33:56 +0300] "POST /xmlrpc.php HTTP/1.1" 500 1102 "-" "Mozilla/5.0 (Windows NT 10.0; Win64; x64) AppleWebKit/537.36 (KHTML, like Gecko) Chrome/114.0.0.0 Safari/537.36"
185.216.113.70 - - [25/Apr/2026:18:36:25 +0300] "POST /wp-cron.php?doing_wp_cron=1777131385.3213388919830322265625 HTTP/1.1" 200 448 "-" "WordPress/6.3.8; https://serhatburke.miroglu.net"
193.36.38.228 - - [25/Apr/2026:18:34:28 +0300] "POST /xmlrpc.php HTTP/1.1" 500 1164 "-" "Mozilla/5.0 (Windows NT 10.0; Win64; x64) AppleWebKit/537.36 (KHTML, like Gecko) Chrome/114.0.0.0 Safari/537.36"
185.216.113.70 - - [25/Apr/2026:18:36:26 +0300] "POST /wp-cron.php?doing_wp_cron=1777131386.3110940456390380859375 HTTP/1.1" 200 448 "-" "WordPress/6.3.8; https://serhatburke.miroglu.net"
185.216.113.70 - - [25/Apr/2026:18:36:27 +0300] "POST /wp-cron.php?doing_wp_cron=1777131386.9201378822326660156250 HTTP/1.1" 200 448 "-" "WordPress/6.3.8; https://serhatburke.miroglu.net"
178.175.140.148 - - [25/Apr/2026:18:34:26 +0300] "GET /?p=136104 HTTP/1.1" 500 745 "-" "Mozilla/5.0 (Windows NT 10.0; rv:109.0) Gecko/20100101 Firefox/115.0"
178.175.140.148 - - [25/Apr/2026:18:34:28 +0300] "POST /xmlrpc.php HTTP/1.1" 200 10790 "-" "Mozilla/5.0 (Windows NT 10.0; Win64; x64) AppleWebKit/537.36 (KHTML, like Gecko) Chrome/114.0.0.0 Safari/537.36"
193.36.38.228 - - [25/Apr/2026:18:34:28 +0300] "GET /?p=136105 HTTP/1.1" 301 714 "-" "Mozilla/5.0 (Windows NT 10.0; Win64; x64; rv:125.0) Gecko/20100101 Firefox/125.0"
185.191.171.1 - - [25/Apr/2026:18:35:37 +0300] "GET /fire-online-casino-no-deposit-bonus-keep-what-you-win-joker-slot-remark-playn-go/ HTTP/1.1" 200 0 "-" "Mozilla/5.0 (compatible; SemrushBot/7~bl; +http://www.semrush.com/bot.html)"
193.36.38.228 - - [25/Apr/2026:18:34:31 +0300] "POST /xmlrpc.php HTTP/1.1" 500 807 "-" "Mozilla/5.0 (Windows NT 10.0; Win64; x64) AppleWebKit/537.36 (KHTML, like Gecko) Chrome/114.0.0.0 Safari/537.36"
185.216.113.70 - - [25/Apr/2026:18:36:39 +0300] "POST /wp-cron.php?doing_wp_cron=1777131399.4198389053344726562500 HTTP/1.1" 200 448 "-" "WordPress/6.3.8; https://serhatburke.miroglu.net"
178.175.140.148 - - [25/Apr/2026:18:35:13 +0300] "GET /?p=136108 HTTP/1.1" 301 643 "-" "Mozilla/5.0 (Windows NT 10.0; Win64; x64; rv:124.0) Gecko/20100101 Firefox/124.0"
178.175.140.148 - - [25/Apr/2026:18:34:43 +0300] "POST /xmlrpc.php HTTP/1.1" 500 745 "-" "Mozilla/5.0 (Windows NT 10.0; Win64; x64) AppleWebKit/537.36 (KHTML, like Gecko) Chrome/114.0.0.0 Safari/537.36"
185.191.171.1 - - [25/Apr/2026:18:36:28 +0300] "GET /fire-online-casino-no-deposit-bonus-keep-what-you-win-joker-slot-remark-playn-go/ HTTP/1.1" 200 0 "-" "Mozilla/5.0 (compatible; SemrushBot/7~bl; +http://www.semrush.com/bot.html)"
178.175.140.148 - - [25/Apr/2026:18:35:22 +0300] "POST /xmlrpc.php HTTP/1.1" 500 745 "-" "Mozilla/5.0 (Windows NT 10.0; Win64; x64) AppleWebKit/537.36 (KHTML, like Gecko) Chrome/114.0.0.0 Safari/537.36"
185.216.113.70 - - [25/Apr/2026:18:37:34 +0300] "POST /wp-cron.php?doing_wp_cron=1777131453.8090019226074218750000 HTTP/1.1" 200 448 "-" "WordPress/6.3.8; https://serhatburke.miroglu.net"
193.36.38.228 - - [25/Apr/2026:18:35:37 +0300] "POST /xmlrpc.php HTTP/1.1" 200 8662 "-" "Mozilla/5.0 (Windows NT 10.0; Win64; x64) AppleWebKit/537.36 (KHTML, like Gecko) Chrome/114.0.0.0 Safari/537.36"
185.216.113.70 - - [25/Apr/2026:18:37:59 +0300] "POST /wp-cron.php?doing_wp_cron=1777131478.8325490951538085937500 HTTP/1.1" 200 448 "-" "WordPress/6.3.8; https://serhatburke.miroglu.net"
66.249.73.14 - - [25/Apr/2026:18:37:48 +0300] "GET /admiral-shark-casino-uk-review-dive-into-exciting-online-gaming/undefined?ts=1775520000 HTTP/1.1" 200 0 "https://serhatburke.miroglu.net/admiral-shark-casino-uk-review-dive-into-exciting-online-gaming/" "Mozilla/5.0 (Linux; Android 6.0.1; Nexus 5X Build/MMB29P) AppleWebKit/537.36 (KHTML, like Gecko) Chrome/146.0.7680.177 Mobile Safari/537.36 (compatible; Googlebot/2.1; +http://www.google.com/bot.html)"
193.36.38.228 - - [25/Apr/2026:18:36:17 +0300] "POST /xmlrpc.php HTTP/1.1" 200 8346 "-" "Mozilla/5.0 (Windows NT 10.0; Win64; x64) AppleWebKit/537.36 (KHTML, like Gecko) Chrome/114.0.0.0 Safari/537.36"
185.216.113.70 - - [25/Apr/2026:18:38:00 +0300] "POST /wp-cron.php?doing_wp_cron=1777131480.0129408836364746093750 HTTP/1.1" 200 448 "-" "WordPress/6.3.8; https://serhatburke.miroglu.net"
193.36.38.228 - - [25/Apr/2026:18:36:07 +0300] "POST /xmlrpc.php HTTP/1.1" 200 923 "-" "Mozilla/5.0 (Windows NT 10.0; Win64; x64) AppleWebKit/537.36 (KHTML, like Gecko) Chrome/114.0.0.0 Safari/537.36"
185.216.113.70 - - [25/Apr/2026:18:38:02 +0300] "POST /wp-cron.php?doing_wp_cron=1777131482.6346099376678466796875 HTTP/1.1" 200 448 "-" "WordPress/6.3.8; https://serhatburke.miroglu.net"
178.175.140.148 - - [25/Apr/2026:18:36:13 +0300] "POST /xmlrpc.php HTTP/1.1" 200 10790 "-" "Mozilla/5.0 (Windows NT 10.0; Win64; x64) AppleWebKit/537.36 (KHTML, like Gecko) Chrome/114.0.0.0 Safari/537.36"
178.175.140.148 - - [25/Apr/2026:18:36:05 +0300] "POST /xmlrpc.php HTTP/1.1" 500 745 "-" "Mozilla/5.0 (Windows NT 10.0; Win64; x64) AppleWebKit/537.36 (KHTML, like Gecko) Chrome/114.0.0.0 Safari/537.36"
185.216.113.70 - - [25/Apr/2026:18:38:07 +0300] "POST /wp-cron.php?doing_wp_cron=1777131487.6410911083221435546875 HTTP/1.1" 200 448 "-" "WordPress/6.3.8; https://serhatburke.miroglu.net"
185.216.113.70 - - [25/Apr/2026:18:38:11 +0300] "POST /wp-cron.php?doing_wp_cron=1777131490.7584960460662841796875 HTTP/1.1" 200 448 "-" "WordPress/6.3.8; https://serhatburke.miroglu.net"
178.175.140.148 - - [25/Apr/2026:18:36:42 +0300] "GET /betify-salle-de-jeu-un-brin-bookmaker-liberalite-1000/ HTTP/1.1" 200 77828 "-" "Mozilla/5.0 (Windows NT 10.0; Win64; x64; rv:124.0) Gecko/20100101 Firefox/124.0"
185.216.113.70 - - [25/Apr/2026:18:38:20 +0300] "POST /wp-cron.php?doing_wp_cron=1777131500.0985860824584960937500 HTTP/1.1" 200 448 "-" "WordPress/6.3.8; https://serhatburke.miroglu.net"
185.216.113.70 - - [25/Apr/2026:18:38:20 +0300] "POST /wp-cron.php?doing_wp_cron=1777131500.0988109111785888671875 HTTP/1.1" 200 448 "-" "WordPress/6.3.8; https://serhatburke.miroglu.net"
178.175.140.148 - - [25/Apr/2026:18:36:28 +0300] "POST /xmlrpc.php HTTP/1.1" 200 12152 "-" "Mozilla/5.0 (Windows NT 10.0; Win64; x64) AppleWebKit/537.36 (KHTML, like Gecko) Chrome/114.0.0.0 Safari/537.36"
193.36.38.228 - - [25/Apr/2026:18:36:27 +0300] "GET /contare-per-un-casino-privato-di-controllo-non-significa-giocare-privo-di-codificazione/ HTTP/1.1" 500 604 "-" "Mozilla/5.0 (Windows NT 10.0; Win64; x64; rv:125.0) Gecko/20100101 Firefox/125.0"
185.216.113.70 - - [25/Apr/2026:18:38:39 +0300] "POST /wp-cron.php?doing_wp_cron=1777131519.5144929885864257812500 HTTP/1.1" 200 448 "-" "WordPress/6.3.8; https://serhatburke.miroglu.net"
178.175.140.148 - - [25/Apr/2026:18:36:53 +0300] "POST /xmlrpc.php HTTP/1.1" 200 861 "-" "Mozilla/5.0 (Windows NT 10.0; Win64; x64) AppleWebKit/537.36 (KHTML, like Gecko) Chrome/114.0.0.0 Safari/537.36"
84.69.134.9 - - [25/Apr/2026:18:37:46 +0300] "POST /xmlrpc.php HTTP/2" 200 0 "-" "Mozilla/5.0 (Macintosh; Intel Mac OS X 13.6; rv:123.0) Gecko/20100101 Firefox/123.0"
185.216.113.70 - - [25/Apr/2026:18:39:17 +0300] "POST /wp-cron.php?doing_wp_cron=1777131557.5286829471588134765625 HTTP/1.1" 200 448 "-" "WordPress/6.3.8; https://serhatburke.miroglu.net"
193.36.38.228 - - [25/Apr/2026:18:37:17 +0300] "GET /?p=136110 HTTP/1.1" 500 782 "-" "Mozilla/5.0 (Windows NT 10.0; rv:125.0) Gecko/20100101 Firefox/125.0"
185.216.113.70 - - [25/Apr/2026:18:39:30 +0300] "POST /wp-cron.php?doing_wp_cron=1777131570.1021459102630615234375 HTTP/1.1" 200 448 "-" "WordPress/6.3.8; https://serhatburke.miroglu.net"
185.216.113.70 - - [25/Apr/2026:18:39:30 +0300] "POST /wp-cron.php?doing_wp_cron=1777131570.1195681095123291015625 HTTP/1.1" 200 448 "-" "WordPress/6.3.8; https://serhatburke.miroglu.net"
178.175.140.148 - - [25/Apr/2026:18:37:53 +0300] "GET /?p=136112 HTTP/1.1" 301 646 "-" "Mozilla/5.0 (Windows NT 10.0; Win64; x64) AppleWebKit/537.36 (KHTML, like Gecko) Chrome/109.0.0.0 Safari/537.36"
