193.36.38.226 - - [25/Apr/2026:19:58:18 +0300] "POST /xmlrpc.php HTTP/1.1" 200 692 "-" "Mozilla/5.0 (Windows NT 10.0; Win64; x64) AppleWebKit/537.36 (KHTML, like Gecko) Chrome/114.0.0.0 Safari/537.36"
64.225.61.56 - - [25/Apr/2026:19:58:27 +0300] "GET /vincispin-technologia-informacyjna-kasyno-online-ktore-rowniez-oferuje-swoim-klientom-duzo-interesujacych-promocji/ HTTP/1.1" 200 74428 "-" "Mozilla/5.0 (Windows NT 10.0; rv:109.0) Gecko/20100101 Firefox/115.0"
64.225.61.56 - - [25/Apr/2026:19:58:31 +0300] "POST /xmlrpc.php HTTP/1.1" 200 630 "-" "Mozilla/5.0 (Windows NT 10.0; Win64; x64) AppleWebKit/537.36 (KHTML, like Gecko) Chrome/114.0.0.0 Safari/537.36"
52.167.144.173 - - [25/Apr/2026:19:58:36 +0300] "GET /troll-hunters-resultaat-play-troll-mogelijkheid-afwisselend-raging-rhino-te-overwinnen-hunters-demo-2025-pictureline/ HTTP/2" 200 20163 "-" "Mozilla/5.0 AppleWebKit/537.36 (KHTML, like Gecko; compatible; bingbot/2.0; +http://www.bing.com/bingbot.htm) Chrome/116.0.1938.76 Safari/537.36"
52.167.144.191 - - [25/Apr/2026:19:58:41 +0300] "GET /beste-erreichbar-blackjack-casinos-2026-grace-of-cleopatra-slotauszahlung-top-strategien/ HTTP/2" 200 19376 "-" "Mozilla/5.0 AppleWebKit/537.36 (KHTML, like Gecko; compatible; bingbot/2.0; +http://www.bing.com/bingbot.htm) Chrome/116.0.1938.76 Safari/537.36"
185.216.113.70 - - [25/Apr/2026:19:59:13 +0300] "POST /wp-cron.php?doing_wp_cron=1777136353.6136829853057861328125 HTTP/1.1" 200 448 "-" "WordPress/6.3.8; https://serhatburke.miroglu.net"
128.1.218.163 - - [25/Apr/2026:19:58:47 +0300] "GET /een-magazine-van-allemaal-offlin-casino-bonussen/ HTTP/1.1" 200 76012 "-" "Mozilla/5.0 (Windows NT 10.0; rv:125.0) Gecko/20100101 Firefox/125.0"
185.216.113.70 - - [25/Apr/2026:19:59:19 +0300] "POST /wp-cron.php?doing_wp_cron=1777136359.0436251163482666015625 HTTP/1.1" 200 448 "-" "WordPress/6.3.8; https://serhatburke.miroglu.net"
193.36.38.226 - - [25/Apr/2026:19:58:56 +0300] "POST /xmlrpc.php HTTP/1.1" 200 9045 "-" "Mozilla/5.0 (Windows NT 10.0; Win64; x64) AppleWebKit/537.36 (KHTML, like Gecko) Chrome/114.0.0.0 Safari/537.36"
185.216.113.70 - - [25/Apr/2026:19:59:40 +0300] "POST /wp-cron.php?doing_wp_cron=1777136380.3093950748443603515625 HTTP/1.1" 200 448 "-" "WordPress/6.3.8; https://serhatburke.miroglu.net"
64.225.61.56 - - [25/Apr/2026:19:59:12 +0300] "POST /xmlrpc.php HTTP/1.1" 200 8852 "-" "Mozilla/5.0 (Windows NT 10.0; Win64; x64) AppleWebKit/537.36 (KHTML, like Gecko) Chrome/114.0.0.0 Safari/537.36"
52.167.144.173 - - [25/Apr/2026:19:59:17 +0300] "GET /sanodelucas-cl-la-primera-plataforma-de-educacion-3/ HTTP/2" 200 20555 "-" "Mozilla/5.0 AppleWebKit/537.36 (KHTML, like Gecko; compatible; bingbot/2.0; +http://www.bing.com/bingbot.htm) Chrome/116.0.1938.76 Safari/537.36"
193.36.38.226 - - [25/Apr/2026:19:59:19 +0300] "GET /additionally-delight-in-doing-20-cashback-on-each-deposit-minimuma30-credited-day-after-day/ HTTP/1.1" 200 73880 "-" "Mozilla/5.0 (Windows NT 10.0; rv:125.0) Gecko/20100101 Firefox/125.0"
64.225.61.56 - - [25/Apr/2026:19:59:34 +0300] "POST /xmlrpc.php HTTP/1.1" 200 630 "-" "Mozilla/5.0 (Windows NT 10.0; Win64; x64) AppleWebKit/537.36 (KHTML, like Gecko) Chrome/114.0.0.0 Safari/537.36"
64.225.61.56 - - [25/Apr/2026:19:59:42 +0300] "GET /jakie-ktos-byli-w-stanie-uwolnic-verde-casino-bonusy-bez-depozytu/ HTTP/1.1" 200 73466 "-" "Mozilla/5.0 (Windows NT 10.0; Win64; x64) AppleWebKit/537.36 (KHTML, like Gecko) Chrome/123.0.0.0 Safari/537.36"
52.167.144.173 - - [25/Apr/2026:19:59:56 +0300] "GET /jack-es-roulettino-bejelentkezes-online-a-beanstalk-pozicio-netent-extra-ingyenes-porgetesek-rtp-sinbad-nyerogep-96-29-keller-williams/ HTTP/2" 200 19362 "-" "Mozilla/5.0 AppleWebKit/537.36 (KHTML, like Gecko; compatible; bingbot/2.0; +http://www.bing.com/bingbot.htm) Chrome/116.0.1938.76 Safari/537.36"
128.1.218.163 - - [25/Apr/2026:20:00:10 +0300] "POST /xmlrpc.php HTTP/1.1" 200 630 "-" "Mozilla/5.0 (Windows NT 10.0; Win64; x64) AppleWebKit/537.36 (KHTML, like Gecko) Chrome/114.0.0.0 Safari/537.36"
185.216.113.70 - - [25/Apr/2026:20:00:39 +0300] "POST /wp-cron.php?doing_wp_cron=1777136439.6373059749603271484375 HTTP/1.1" 200 448 "-" "WordPress/6.3.8; https://serhatburke.miroglu.net"
66.249.73.1 - - [25/Apr/2026:20:00:13 +0300] "GET /dare-to-test-your-luck-navigate-the-chicken-road-for-potential/ HTTP/1.1" 200 20960 "-" "Mozilla/5.0 (Linux; Android 6.0.1; Nexus 5X Build/MMB29P) AppleWebKit/537.36 (KHTML, like Gecko) Chrome/146.0.7680.177 Mobile Safari/537.36 (compatible; Googlebot/2.1; +http://www.google.com/bot.html)"
64.225.61.56 - - [25/Apr/2026:20:00:16 +0300] "POST /xmlrpc.php HTTP/1.1" 200 12452 "-" "Mozilla/5.0 (Windows NT 10.0; Win64; x64) AppleWebKit/537.36 (KHTML, like Gecko) Chrome/114.0.0.0 Safari/537.36"
193.36.38.226 - - [25/Apr/2026:20:00:22 +0300] "POST /xmlrpc.php HTTP/1.1" 200 692 "-" "Mozilla/5.0 (Windows NT 10.0; Win64; x64) AppleWebKit/537.36 (KHTML, like Gecko) Chrome/114.0.0.0 Safari/537.36"
129.227.39.118 - - [25/Apr/2026:20:00:37 +0300] "POST /xmlrpc.php HTTP/1.1" 200 630 "-" "Mozilla/5.0 (Windows NT 10.0; Win64; x64) AppleWebKit/537.36 (KHTML, like Gecko) Chrome/114.0.0.0 Safari/537.36"
128.1.218.163 - - [25/Apr/2026:20:00:43 +0300] "POST /xmlrpc.php HTTP/1.1" 200 12580 "-" "Mozilla/5.0 (Windows NT 10.0; Win64; x64) AppleWebKit/537.36 (KHTML, like Gecko) Chrome/114.0.0.0 Safari/537.36"
64.225.61.56 - - [25/Apr/2026:20:00:44 +0300] "GET /zalety-i-wady-wykorzystanie-bonusow-do-kasynie-vavada/ HTTP/1.1" 200 76405 "-" "Mozilla/5.0 (Windows NT 10.0; Win64; x64; rv:125.0) Gecko/20100101 Firefox/125.0"
64.225.61.56 - - [25/Apr/2026:20:00:47 +0300] "POST /xmlrpc.php HTTP/1.1" 200 630 "-" "Mozilla/5.0 (Windows NT 10.0; Win64; x64) AppleWebKit/537.36 (KHTML, like Gecko) Chrome/114.0.0.0 Safari/537.36"
193.36.38.226 - - [25/Apr/2026:20:00:51 +0300] "POST /xmlrpc.php HTTP/1.1" 200 12331 "-" "Mozilla/5.0 (Windows NT 10.0; Win64; x64) AppleWebKit/537.36 (KHTML, like Gecko) Chrome/114.0.0.0 Safari/537.36"
66.249.73.15 - - [25/Apr/2026:20:01:26 +0300] "GET /dare-to-test-your-luck-navigate-the-chicken-road-for-potential/undefined?ts=1775520000 HTTP/1.1" 200 0 "https://serhatburke.miroglu.net/dare-to-test-your-luck-navigate-the-chicken-road-for-potential/" "Mozilla/5.0 (Linux; Android 6.0.1; Nexus 5X Build/MMB29P) AppleWebKit/537.36 (KHTML, like Gecko) Chrome/146.0.7680.177 Mobile Safari/537.36 (compatible; Googlebot/2.1; +http://www.google.com/bot.html)"
103.161.123.133 - - [25/Apr/2026:20:01:07 +0300] "GET /beste-casino-site-belgie-hoge-inzet/ HTTP/1.1" 200 19265 "-" "Mozilla/5.0 (compatible; Googlebot/2.1; +http://www.google.com/bot.html)"
185.216.113.70 - - [25/Apr/2026:20:01:46 +0300] "POST /wp-cron.php?doing_wp_cron=1777136506.5137479305267333984375 HTTP/1.1" 200 448 "-" "WordPress/6.3.8; https://serhatburke.miroglu.net"
129.227.39.118 - - [25/Apr/2026:20:01:16 +0300] "POST /xmlrpc.php HTTP/1.1" 200 13182 "-" "Mozilla/5.0 (Windows NT 10.0; Win64; x64) AppleWebKit/537.36 (KHTML, like Gecko) Chrome/114.0.0.0 Safari/537.36"
185.216.113.70 - - [25/Apr/2026:20:01:47 +0300] "POST /wp-cron.php?doing_wp_cron=1777136507.7078330516815185546875 HTTP/1.1" 200 448 "-" "WordPress/6.3.8; https://serhatburke.miroglu.net"
128.1.218.163 - - [25/Apr/2026:20:01:18 +0300] "GET /offlin-bank-slots-optreden-reviews-va-slots-plu-voor-acteren/ HTTP/1.1" 200 76564 "-" "Mozilla/5.0 (Windows NT 10.0; Win64; x64) AppleWebKit/537.36 (KHTML, like Gecko) Chrome/109.0.0.0 Safari/537.36"
185.216.113.70 - - [25/Apr/2026:20:02:02 +0300] "POST /wp-cron.php?doing_wp_cron=1777136522.6347260475158691406250 HTTP/1.1" 200 448 "-" "WordPress/6.3.8; https://serhatburke.miroglu.net"
185.216.113.70 - - [25/Apr/2026:20:02:03 +0300] "POST /wp-cron.php?doing_wp_cron=1777136522.9182178974151611328125 HTTP/1.1" 200 448 "-" "WordPress/6.3.8; https://serhatburke.miroglu.net"
185.216.113.70 - - [25/Apr/2026:20:02:04 +0300] "POST /wp-cron.php?doing_wp_cron=1777136524.2123680114746093750000 HTTP/1.1" 200 448 "-" "WordPress/6.3.8; https://serhatburke.miroglu.net"
64.225.61.56 - - [25/Apr/2026:20:01:28 +0300] "POST /xmlrpc.php HTTP/1.1" 200 9160 "-" "Mozilla/5.0 (Windows NT 10.0; Win64; x64) AppleWebKit/537.36 (KHTML, like Gecko) Chrome/114.0.0.0 Safari/537.36"
193.36.38.226 - - [25/Apr/2026:20:01:26 +0300] "GET /this-enables-licensed-3rd-group-business-to-start-repayments-straight-from-your-money-having-their-permission/ HTTP/1.1" 200 77463 "-" "Mozilla/5.0 (Windows NT 10.0; Win64; x64) AppleWebKit/537.36 (KHTML, like Gecko) Chrome/123.0.0.0 Safari/537.36"
64.225.61.56 - - [25/Apr/2026:20:01:47 +0300] "POST /xmlrpc.php HTTP/1.1" 200 630 "-" "Mozilla/5.0 (Windows NT 10.0; Win64; x64) AppleWebKit/537.36 (KHTML, like Gecko) Chrome/114.0.0.0 Safari/537.36"
129.227.39.118 - - [25/Apr/2026:20:01:48 +0300] "GET /thatfeeling/ HTTP/1.1" 200 75728 "-" "Mozilla/5.0 (Windows NT 10.0; Win64; x64) AppleWebKit/537.36 (KHTML, like Gecko) Chrome/122.0.0.0 Safari/537.36"
185.216.113.70 - - [25/Apr/2026:20:02:54 +0300] "POST /wp-cron.php?doing_wp_cron=1777136574.3064689636230468750000 HTTP/1.1" 200 448 "-" "WordPress/6.3.8; https://serhatburke.miroglu.net"
128.1.218.163 - - [25/Apr/2026:20:02:09 +0300] "POST /xmlrpc.php HTTP/1.1" 200 630 "-" "Mozilla/5.0 (Windows NT 10.0; Win64; x64) AppleWebKit/537.36 (KHTML, like Gecko) Chrome/114.0.0.0 Safari/537.36"
64.225.61.56 - - [25/Apr/2026:20:02:05 +0300] "GET /czy-automat-wideo-na-kasynach-w-internecie-jest-legalna-z-polsce/ HTTP/1.1" 200 73121 "-" "Mozilla/5.0 (Windows NT 10.0; Win64; x64) AppleWebKit/537.36 (KHTML, like Gecko) Chrome/122.0.0.0 Safari/537.36"
52.167.144.173 - - [25/Apr/2026:20:02:39 +0300] "GET /kraken-vse-chto-nuzhno-dlia-dostupa-v-darknet-2026-2/ HTTP/2" 200 18489 "-" "Mozilla/5.0 AppleWebKit/537.36 (KHTML, like Gecko; compatible; bingbot/2.0; +http://www.bing.com/bingbot.htm) Chrome/116.0.1938.76 Safari/537.36"
64.225.61.56 - - [25/Apr/2026:20:02:43 +0300] "POST /xmlrpc.php HTTP/1.1" 200 14048 "-" "Mozilla/5.0 (Windows NT 10.0; Win64; x64) AppleWebKit/537.36 (KHTML, like Gecko) Chrome/114.0.0.0 Safari/537.36"
64.225.61.56 - - [25/Apr/2026:20:02:50 +0300] "POST /xmlrpc.php HTTP/1.1" 200 630 "-" "Mozilla/5.0 (Windows NT 10.0; Win64; x64) AppleWebKit/537.36 (KHTML, like Gecko) Chrome/114.0.0.0 Safari/537.36"
52.167.144.172 - - [25/Apr/2026:20:02:44 +0300] "GET /buffalo-thunder-losimo-automato-komentaras-ir-demonstracine-versija/ HTTP/2" 200 18563 "-" "Mozilla/5.0 AppleWebKit/537.36 (KHTML, like Gecko; compatible; bingbot/2.0; +http://www.bing.com/bingbot.htm) Chrome/116.0.1938.76 Safari/537.36"
193.36.38.226 - - [25/Apr/2026:20:02:59 +0300] "POST /xmlrpc.php HTTP/1.1" 200 692 "-" "Mozilla/5.0 (Windows NT 10.0; Win64; x64) AppleWebKit/537.36 (KHTML, like Gecko) Chrome/114.0.0.0 Safari/537.36"
128.1.218.163 - - [25/Apr/2026:20:03:03 +0300] "POST /xmlrpc.php HTTP/1.1" 200 12289 "-" "Mozilla/5.0 (Windows NT 10.0; Win64; x64) AppleWebKit/537.36 (KHTML, like Gecko) Chrome/114.0.0.0 Safari/537.36"
64.225.61.56 - - [25/Apr/2026:20:03:27 +0300] "GET /mozesz-uzyc-oczywiscie-zrelaksowac-sie-i-grac-nawet-z-ponadczasowe-gra-online-stolowe-takie-jak-chocby-salamander-jesli-bakarat/ HTTP/1.1" 200 79457 "-" "Mozilla/5.0 (Windows NT 10.0; Win64; x64) AppleWebKit/537.36 (KHTML, like Gecko) Chrome/124.0.0.0 Safari/537.36"
185.216.113.70 - - [25/Apr/2026:20:03:59 +0300] "POST /wp-cron.php?doing_wp_cron=1777136639.4056060314178466796875 HTTP/1.1" 200 448 "-" "WordPress/6.3.8; https://serhatburke.miroglu.net"
185.216.113.70 - - [25/Apr/2026:20:04:01 +0300] "POST /wp-cron.php?doing_wp_cron=1777136641.7138760089874267578125 HTTP/1.1" 200 448 "-" "WordPress/6.3.8; https://serhatburke.miroglu.net"
64.225.61.56 - - [25/Apr/2026:20:03:36 +0300] "POST /xmlrpc.php HTTP/1.1" 200 9616 "-" "Mozilla/5.0 (Windows NT 10.0; Win64; x64) AppleWebKit/537.36 (KHTML, like Gecko) Chrome/114.0.0.0 Safari/537.36"
185.216.113.70 - - [25/Apr/2026:20:04:03 +0300] "POST /wp-cron.php?doing_wp_cron=1777136643.5040500164031982421875 HTTP/1.1" 200 448 "-" "WordPress/6.3.8; https://serhatburke.miroglu.net"
193.36.38.226 - - [25/Apr/2026:20:03:38 +0300] "POST /xmlrpc.php HTTP/1.1" 200 9768 "-" "Mozilla/5.0 (Windows NT 10.0; Win64; x64) AppleWebKit/537.36 (KHTML, like Gecko) Chrome/114.0.0.0 Safari/537.36"
128.1.218.163 - - [25/Apr/2026:20:03:35 +0300] "GET /50-kosteloos-spins-buiten-betaling-gedurende-een-nederlands-online-bank/ HTTP/1.1" 200 76549 "-" "Mozilla/5.0 (Windows NT 10.0; Win64; x64) AppleWebKit/537.36 (KHTML, like Gecko) Chrome/123.0.0.0 Safari/537.36"
185.216.113.70 - - [25/Apr/2026:20:04:13 +0300] "POST /wp-cron.php?doing_wp_cron=1777136653.4172470569610595703125 HTTP/1.1" 200 448 "-" "WordPress/6.3.8; https://serhatburke.miroglu.net"
52.167.144.172 - - [25/Apr/2026:20:03:43 +0300] "GET /utforska-spanningen-med-online-gaming-varfor-unknown-sticker-ut-i-casinovarlden/ HTTP/2" 200 17785 "-" "Mozilla/5.0 AppleWebKit/537.36 (KHTML, like Gecko; compatible; bingbot/2.0; +http://www.bing.com/bingbot.htm) Chrome/116.0.1938.76 Safari/537.36"
185.216.113.70 - - [25/Apr/2026:20:04:48 +0300] "POST /wp-cron.php?doing_wp_cron=1777136687.8171629905700683593750 HTTP/1.1" 200 448 "-" "WordPress/6.3.8; https://serhatburke.miroglu.net"
64.225.61.56 - - [25/Apr/2026:20:03:56 +0300] "POST /xmlrpc.php HTTP/1.1" 200 630 "-" "Mozilla/5.0 (Windows NT 10.0; Win64; x64) AppleWebKit/537.36 (KHTML, like Gecko) Chrome/114.0.0.0 Safari/537.36"
64.225.61.56 - - [25/Apr/2026:20:04:03 +0300] "GET /dla-kazdej-ekskluzywnej-daje-ci-po-prostu-przejsc-strone-warunkow-jackpot-city-casino/ HTTP/1.1" 200 74343 "-" "Mozilla/5.0 (Windows NT 10.0; rv:125.0) Gecko/20100101 Firefox/125.0"
193.36.38.226 - - [25/Apr/2026:20:04:04 +0300] "GET /it-already-been-getting-people-such-mindplay-local-casino-areas-plus-complex-local-casino-solutions-businesses/ HTTP/1.1" 200 75117 "-" "Mozilla/5.0 (Windows NT 10.0; Win64; x64) AppleWebKit/537.36 (KHTML, like Gecko) Chrome/109.0.0.0 Safari/537.36"
52.167.144.173 - - [25/Apr/2026:20:04:28 +0300] "GET /discover-how-raydium-enhances-your-crypto-trading-experience/ HTTP/2" 200 0 "-" "Mozilla/5.0 AppleWebKit/537.36 (KHTML, like Gecko; compatible; bingbot/2.0; +http://www.bing.com/bingbot.htm) Chrome/116.0.1938.76 Safari/537.36"
193.36.38.228 - - [25/Apr/2026:20:04:15 +0300] "POST /xmlrpc.php HTTP/1.1" 200 692 "-" "Mozilla/5.0 (Windows NT 10.0; Win64; x64) AppleWebKit/537.36 (KHTML, like Gecko) Chrome/114.0.0.0 Safari/537.36"
128.1.218.163 - - [25/Apr/2026:20:04:09 +0300] "POST /xmlrpc.php HTTP/1.1" 200 630 "-" "Mozilla/5.0 (Windows NT 10.0; Win64; x64) AppleWebKit/537.36 (KHTML, like Gecko) Chrome/114.0.0.0 Safari/537.36"
52.167.144.173 - - [25/Apr/2026:20:04:32 +0300] "GET /revolutionizing-trade-analysis-with-dexscreener-tools/ HTTP/2" 200 0 "-" "Mozilla/5.0 AppleWebKit/537.36 (KHTML, like Gecko; compatible; bingbot/2.0; +http://www.bing.com/bingbot.htm) Chrome/116.0.1938.76 Safari/537.36"
52.167.144.172 - - [25/Apr/2026:20:04:33 +0300] "GET /just-how-j-j-spaun-taken-out-of-a-remarkable-2025-you-s-open-earn-in-the-oakmont-the-brand-new-sports/ HTTP/2" 200 0 "-" "Mozilla/5.0 AppleWebKit/537.36 (KHTML, like Gecko; compatible; bingbot/2.0; +http://www.bing.com/bingbot.htm) Chrome/116.0.1938.76 Safari/537.36"
52.167.144.172 - - [25/Apr/2026:20:04:52 +0300] "GET /new-matches-throughout-these-leagues-assistance-choice-brands-instance-user-props-parlays-futures-and-totals/ HTTP/2" 200 0 "-" "Mozilla/5.0 AppleWebKit/537.36 (KHTML, like Gecko; compatible; bingbot/2.0; +http://www.bing.com/bingbot.htm) Chrome/116.0.1938.76 Safari/537.36"
185.216.113.70 - - [25/Apr/2026:20:05:52 +0300] "POST /wp-cron.php?doing_wp_cron=1777136752.0038409233093261718750 HTTP/1.1" 200 448 "-" "WordPress/6.3.8; https://serhatburke.miroglu.net"
185.216.113.70 - - [25/Apr/2026:20:05:52 +0300] "POST /wp-cron.php?doing_wp_cron=1777136751.9180729389190673828125 HTTP/1.1" 200 448 "-" "WordPress/6.3.8; https://serhatburke.miroglu.net"
193.36.38.226 - - [25/Apr/2026:20:04:57 +0300] "POST /xmlrpc.php HTTP/1.1" 200 692 "-" "Mozilla/5.0 (Windows NT 10.0; Win64; x64) AppleWebKit/537.36 (KHTML, like Gecko) Chrome/114.0.0.0 Safari/537.36"
64.225.61.56 - - [25/Apr/2026:20:04:52 +0300] "POST /xmlrpc.php HTTP/1.1" 200 630 "-" "Mozilla/5.0 (Windows NT 10.0; Win64; x64) AppleWebKit/537.36 (KHTML, like Gecko) Chrome/114.0.0.0 Safari/537.36"
185.216.113.70 - - [25/Apr/2026:20:05:53 +0300] "POST /wp-cron.php?doing_wp_cron=1777136753.5229170322418212890625 HTTP/1.1" 200 448 "-" "WordPress/6.3.8; https://serhatburke.miroglu.net"
64.225.61.56 - - [25/Apr/2026:20:04:55 +0300] "POST /xmlrpc.php HTTP/1.1" 200 9079 "-" "Mozilla/5.0 (Windows NT 10.0; Win64; x64) AppleWebKit/537.36 (KHTML, like Gecko) Chrome/114.0.0.0 Safari/537.36"
185.216.113.70 - - [25/Apr/2026:20:06:17 +0300] "POST /wp-cron.php?doing_wp_cron=1777136776.9245829582214355468750 HTTP/1.1" 200 448 "-" "WordPress/6.3.8; https://serhatburke.miroglu.net"
193.36.38.228 - - [25/Apr/2026:20:05:26 +0300] "POST /xmlrpc.php HTTP/1.1" 200 11052 "-" "Mozilla/5.0 (Windows NT 10.0; Win64; x64) AppleWebKit/537.36 (KHTML, like Gecko) Chrome/114.0.0.0 Safari/537.36"
185.216.113.70 - - [25/Apr/2026:20:06:29 +0300] "POST /wp-cron.php?doing_wp_cron=1777136789.3269488811492919921875 HTTP/1.1" 200 448 "-" "WordPress/6.3.8; https://serhatburke.miroglu.net"
128.1.218.163 - - [25/Apr/2026:20:05:29 +0300] "POST /xmlrpc.php HTTP/1.1" 200 12549 "-" "Mozilla/5.0 (Windows NT 10.0; Win64; x64) AppleWebKit/537.36 (KHTML, like Gecko) Chrome/114.0.0.0 Safari/537.36"
185.216.113.70 - - [25/Apr/2026:20:06:34 +0300] "POST /wp-cron.php?doing_wp_cron=1777136794.7101960182189941406250 HTTP/1.1" 200 448 "-" "WordPress/6.3.8; https://serhatburke.miroglu.net"
64.225.61.56 - - [25/Apr/2026:20:05:37 +0300] "POST /xmlrpc.php HTTP/1.1" 200 630 "-" "Mozilla/5.0 (Windows NT 10.0; Win64; x64) AppleWebKit/537.36 (KHTML, like Gecko) Chrome/114.0.0.0 Safari/537.36"
185.216.113.70 - - [25/Apr/2026:20:06:51 +0300] "POST /wp-cron.php?doing_wp_cron=1777136811.5215229988098144531250 HTTP/1.1" 200 448 "-" "WordPress/6.3.8; https://serhatburke.miroglu.net"
193.36.38.228 - - [25/Apr/2026:20:05:45 +0300] "POST /xmlrpc.php HTTP/1.1" 200 692 "-" "Mozilla/5.0 (Windows NT 10.0; Win64; x64) AppleWebKit/537.36 (KHTML, like Gecko) Chrome/114.0.0.0 Safari/537.36"
185.216.113.70 - - [25/Apr/2026:20:07:17 +0300] "POST /wp-cron.php?doing_wp_cron=1777136837.2220630645751953125000 HTTP/1.1" 200 448 "-" "WordPress/6.3.8; https://serhatburke.miroglu.net"
129.227.39.118 - - [25/Apr/2026:20:05:55 +0300] "POST /xmlrpc.php HTTP/1.1" 200 630 "-" "Mozilla/5.0 (Windows NT 10.0; Win64; x64) AppleWebKit/537.36 (KHTML, like Gecko) Chrome/114.0.0.0 Safari/537.36"
64.225.61.56 - - [25/Apr/2026:20:05:59 +0300] "POST /xmlrpc.php HTTP/1.1" 200 9948 "-" "Mozilla/5.0 (Windows NT 10.0; Win64; x64) AppleWebKit/537.36 (KHTML, like Gecko) Chrome/114.0.0.0 Safari/537.36"
64.225.61.56 - - [25/Apr/2026:20:05:55 +0300] "GET /hotline-to-kasyno-online-stad-niedawno-wyszlo-na-rynku-polskim/ HTTP/1.1" 200 73144 "-" "Mozilla/5.0 (Windows NT 10.0; rv:125.0) Gecko/20100101 Firefox/125.0"
193.36.38.226 - - [25/Apr/2026:20:05:59 +0300] "POST /xmlrpc.php HTTP/1.1" 200 10289 "-" "Mozilla/5.0 (Windows NT 10.0; Win64; x64) AppleWebKit/537.36 (KHTML, like Gecko) Chrome/114.0.0.0 Safari/537.36"
190.226.105.170 - - [25/Apr/2026:20:07:44 +0300] "POST /xmlrpc.php HTTP/2" 200 0 "-" "WordPress/XMLRPC Client"
193.36.38.228 - - [25/Apr/2026:20:06:17 +0300] "GET /perche-i-numeri-grossi-fanno-effetto-ma-quello-che-enumerazione-e-afferrare-bene-significano-certamente/ HTTP/1.1" 200 76354 "-" "Mozilla/5.0 (Windows NT 10.0; Win64; x64) AppleWebKit/537.36 (KHTML, like Gecko) Chrome/122.0.0.0 Safari/537.36"
128.1.218.163 - - [25/Apr/2026:20:06:21 +0300] "POST /xmlrpc.php HTTP/1.1" 500 745 "-" "Mozilla/5.0 (Windows NT 10.0; Win64; x64) AppleWebKit/537.36 (KHTML, like Gecko) Chrome/114.0.0.0 Safari/537.36"
193.36.38.226 - - [25/Apr/2026:20:06:34 +0300] "POST /xmlrpc.php HTTP/1.1" 200 692 "-" "Mozilla/5.0 (Windows NT 10.0; Win64; x64) AppleWebKit/537.36 (KHTML, like Gecko) Chrome/114.0.0.0 Safari/537.36"
128.1.218.163 - - [25/Apr/2026:20:06:31 +0300] "GET /gratis-fre-spins-zonder-betaling-gedurende-offlin-casinos/ HTTP/1.1" 200 76572 "-" "Mozilla/5.0 (Windows NT 10.0; Win64; x64; rv:125.0) Gecko/20100101 Firefox/125.0"
185.216.113.70 - - [25/Apr/2026:20:08:22 +0300] "POST /wp-cron.php?doing_wp_cron=1777136902.6282300949096679687500 HTTP/1.1" 200 448 "-" "WordPress/6.3.8; https://serhatburke.miroglu.net"
64.225.61.56 - - [25/Apr/2026:20:06:35 +0300] "POST /xmlrpc.php HTTP/1.1" 500 745 "-" "Mozilla/5.0 (Windows NT 10.0; Win64; x64) AppleWebKit/537.36 (KHTML, like Gecko) Chrome/114.0.0.0 Safari/537.36"
98.98.197.163 - - [25/Apr/2026:20:06:38 +0300] "POST /xmlrpc.php HTTP/1.1" 200 630 "-" "Mozilla/5.0 (Windows NT 10.0; Win64; x64) AppleWebKit/537.36 (KHTML, like Gecko) Chrome/114.0.0.0 Safari/537.36"
64.225.61.56 - - [25/Apr/2026:20:06:43 +0300] "POST /xmlrpc.php HTTP/1.1" 200 9418 "-" "Mozilla/5.0 (Windows NT 10.0; Win64; x64) AppleWebKit/537.36 (KHTML, like Gecko) Chrome/114.0.0.0 Safari/537.36"
213.45.175.220 - - [25/Apr/2026:20:08:18 +0300] "POST /xmlrpc.php HTTP/2" 200 0 "-" "WordPress/XMLRPC Client"
193.36.38.228 - - [25/Apr/2026:20:07:16 +0300] "POST /xmlrpc.php HTTP/1.1" 200 692 "-" "Mozilla/5.0 (Windows NT 10.0; Win64; x64) AppleWebKit/537.36 (KHTML, like Gecko) Chrome/114.0.0.0 Safari/537.36"
158.69.22.136 - - [25/Apr/2026:20:08:28 +0300] "GET /beste-casino-site-belgie-hoge-inzet/ HTTP/1.1" 200 0 "-" "Mozilla/5.0 (compatible; Googlebot/2.1; +http://www.google.com/bot.html)"
193.36.38.228 - - [25/Apr/2026:20:06:59 +0300] "POST /xmlrpc.php HTTP/1.1" 500 629 "-" "Mozilla/5.0 (Windows NT 10.0; Win64; x64) AppleWebKit/537.36 (KHTML, like Gecko) Chrome/114.0.0.0 Safari/537.36"
85.138.124.32 - - [25/Apr/2026:20:08:51 +0300] "POST /xmlrpc.php HTTP/2" 200 0 "-" "WordPress/XMLRPC Client"
185.216.113.70 - - [25/Apr/2026:20:09:26 +0300] "POST /wp-cron.php?doing_wp_cron=1777136966.1052980422973632812500 HTTP/1.1" 200 448 "-" "WordPress/6.3.8; https://serhatburke.miroglu.net"
64.225.61.56 - - [25/Apr/2026:20:07:36 +0300] "POST /xmlrpc.php HTTP/1.1" 200 627 "-" "Mozilla/5.0 (Windows NT 10.0; Win64; x64) AppleWebKit/537.36 (KHTML, like Gecko) Chrome/114.0.0.0 Safari/537.36"
129.227.39.118 - - [25/Apr/2026:20:07:25 +0300] "POST /xmlrpc.php HTTP/1.1" 500 745 "-" "Mozilla/5.0 (Windows NT 10.0; Win64; x64) AppleWebKit/537.36 (KHTML, like Gecko) Chrome/114.0.0.0 Safari/537.36"
64.225.61.56 - - [25/Apr/2026:20:07:45 +0300] "POST /xmlrpc.php HTTP/1.1" 200 630 "-" "Mozilla/5.0 (Windows NT 10.0; Win64; x64) AppleWebKit/537.36 (KHTML, like Gecko) Chrome/114.0.0.0 Safari/537.36"
64.225.61.56 - - [25/Apr/2026:20:07:44 +0300] "POST /xmlrpc.php HTTP/1.1" 500 745 "-" "Mozilla/5.0 (Windows NT 10.0; Win64; x64) AppleWebKit/537.36 (KHTML, like Gecko) Chrome/114.0.0.0 Safari/537.36"
185.216.113.70 - - [25/Apr/2026:20:09:47 +0300] "POST /wp-cron.php?doing_wp_cron=1777136987.2096779346466064453125 HTTP/1.1" 200 448 "-" "WordPress/6.3.8; https://serhatburke.miroglu.net"
193.36.38.226 - - [25/Apr/2026:20:07:53 +0300] "POST /xmlrpc.php HTTP/1.1" 200 10467 "-" "Mozilla/5.0 (Windows NT 10.0; Win64; x64) AppleWebKit/537.36 (KHTML, like Gecko) Chrome/114.0.0.0 Safari/537.36"
187.49.12.221 - - [25/Apr/2026:20:09:24 +0300] "POST /xmlrpc.php HTTP/2" 200 0 "-" "WordPress/XMLRPC Client"
193.36.38.228 - - [25/Apr/2026:20:07:57 +0300] "POST /xmlrpc.php HTTP/1.1" 200 689 "-" "Mozilla/5.0 (Windows NT 10.0; Win64; x64) AppleWebKit/537.36 (KHTML, like Gecko) Chrome/114.0.0.0 Safari/537.36"
64.225.61.56 - - [25/Apr/2026:20:08:16 +0300] "POST /xmlrpc.php HTTP/1.1" 500 1102 "-" "Mozilla/5.0 (Windows NT 10.0; Win64; x64) AppleWebKit/537.36 (KHTML, like Gecko) Chrome/114.0.0.0 Safari/537.36"
185.216.113.70 - - [25/Apr/2026:20:09:39 +0300] "POST /wp-cron.php?doing_wp_cron=1777136979.2092120647430419921875 HTTP/1.1" 200 448 "-" "WordPress/6.3.8; https://serhatburke.miroglu.net"
185.216.113.70 - - [25/Apr/2026:20:09:56 +0300] "POST /wp-cron.php?doing_wp_cron=1777136996.2116050720214843750000 HTTP/1.1" 200 448 "-" "WordPress/6.3.8; https://serhatburke.miroglu.net"
128.1.218.163 - - [25/Apr/2026:20:08:01 +0300] "POST /xmlrpc.php HTTP/1.1" 500 745 "-" "Mozilla/5.0 (Windows NT 10.0; Win64; x64) AppleWebKit/537.36 (KHTML, like Gecko) Chrome/114.0.0.0 Safari/537.36"
185.216.113.70 - - [25/Apr/2026:20:09:59 +0300] "POST /wp-cron.php?doing_wp_cron=1777136999.5071899890899658203125 HTTP/1.1" 200 448 "-" "WordPress/6.3.8; https://serhatburke.miroglu.net"
185.216.113.70 - - [25/Apr/2026:20:10:08 +0300] "POST /wp-cron.php?doing_wp_cron=1777137007.8989760875701904296875 HTTP/1.1" 200 448 "-" "WordPress/6.3.8; https://serhatburke.miroglu.net"
193.36.38.226 - - [25/Apr/2026:20:08:16 +0300] "POST /xmlrpc.php HTTP/1.1" 500 1164 "-" "Mozilla/5.0 (Windows NT 10.0; Win64; x64) AppleWebKit/537.36 (KHTML, like Gecko) Chrome/114.0.0.0 Safari/537.36"
98.98.197.163 - - [25/Apr/2026:20:08:10 +0300] "POST /xmlrpc.php HTTP/1.1" 500 745 "-" "Mozilla/5.0 (Windows NT 10.0; Win64; x64) AppleWebKit/537.36 (KHTML, like Gecko) Chrome/114.0.0.0 Safari/537.36"
128.1.218.163 - - [25/Apr/2026:20:08:11 +0300] "POST /xmlrpc.php HTTP/1.1" 500 745 "-" "Mozilla/5.0 (Windows NT 10.0; Win64; x64) AppleWebKit/537.36 (KHTML, like Gecko) Chrome/114.0.0.0 Safari/537.36"
185.216.113.70 - - [25/Apr/2026:20:10:16 +0300] "POST /wp-cron.php?doing_wp_cron=1777137016.0747859477996826171875 HTTP/1.1" 200 448 "-" "WordPress/6.3.8; https://serhatburke.miroglu.net"
128.1.218.163 - - [25/Apr/2026:20:08:23 +0300] "POST /xmlrpc.php HTTP/1.1" 500 745 "-" "Mozilla/5.0 (Windows NT 10.0; Win64; x64) AppleWebKit/537.36 (KHTML, like Gecko) Chrome/114.0.0.0 Safari/537.36"
177.5.106.175 - - [25/Apr/2026:20:09:56 +0300] "POST /xmlrpc.php HTTP/2" 200 0 "-" "WordPress/XMLRPC Client"
193.36.38.228 - - [25/Apr/2026:20:08:28 +0300] "POST /xmlrpc.php HTTP/1.1" 500 807 "-" "Mozilla/5.0 (Windows NT 10.0; Win64; x64) AppleWebKit/537.36 (KHTML, like Gecko) Chrome/114.0.0.0 Safari/537.36"
64.225.61.56 - - [25/Apr/2026:20:08:28 +0300] "POST /xmlrpc.php HTTP/1.1" 500 745 "-" "Mozilla/5.0 (Windows NT 10.0; Win64; x64) AppleWebKit/537.36 (KHTML, like Gecko) Chrome/114.0.0.0 Safari/537.36"
64.225.61.56 - - [25/Apr/2026:20:08:30 +0300] "POST /xmlrpc.php HTTP/1.1" 500 745 "-" "Mozilla/5.0 (Windows NT 10.0; Win64; x64) AppleWebKit/537.36 (KHTML, like Gecko) Chrome/114.0.0.0 Safari/537.36"
193.36.38.228 - - [25/Apr/2026:20:08:44 +0300] "POST /xmlrpc.php HTTP/1.1" 500 807 "-" "Mozilla/5.0 (Windows NT 10.0; Win64; x64) AppleWebKit/537.36 (KHTML, like Gecko) Chrome/114.0.0.0 Safari/537.36"
193.36.38.226 - - [25/Apr/2026:20:08:47 +0300] "POST /xmlrpc.php HTTP/1.1" 500 807 "-" "Mozilla/5.0 (Windows NT 10.0; Win64; x64) AppleWebKit/537.36 (KHTML, like Gecko) Chrome/114.0.0.0 Safari/537.36"
193.36.38.228 - - [25/Apr/2026:20:08:59 +0300] "POST /xmlrpc.php HTTP/1.1" 500 807 "-" "Mozilla/5.0 (Windows NT 10.0; Win64; x64) AppleWebKit/537.36 (KHTML, like Gecko) Chrome/114.0.0.0 Safari/537.36"
129.227.39.118 - - [25/Apr/2026:20:09:10 +0300] "POST /xmlrpc.php HTTP/1.1" 500 745 "-" "Mozilla/5.0 (Windows NT 10.0; Win64; x64) AppleWebKit/537.36 (KHTML, like Gecko) Chrome/114.0.0.0 Safari/537.36"
64.225.61.56 - - [25/Apr/2026:20:09:25 +0300] "GET /?p=136298 HTTP/1.1" 500 745 "-" "Mozilla/5.0 (Windows NT 10.0; Win64; x64) AppleWebKit/537.36 (KHTML, like Gecko) Chrome/124.0.0.0 Safari/537.36 Edg/124.0.0.0"
193.36.38.226 - - [25/Apr/2026:20:09:25 +0300] "GET /?p=136299 HTTP/1.1" 500 782 "-" "Mozilla/5.0 (Windows NT 10.0; Win64; x64) AppleWebKit/537.36 (KHTML, like Gecko) Chrome/123.0.0.0 Safari/537.36"
64.225.61.56 - - [25/Apr/2026:20:09:26 +0300] "POST /xmlrpc.php HTTP/1.1" 500 745 "-" "Mozilla/5.0 (Windows NT 10.0; Win64; x64) AppleWebKit/537.36 (KHTML, like Gecko) Chrome/114.0.0.0 Safari/537.36"
98.98.197.163 - - [25/Apr/2026:20:09:58 +0300] "POST /xmlrpc.php HTTP/1.1" 500 745 "-" "Mozilla/5.0 (Windows NT 10.0; Win64; x64) AppleWebKit/537.36 (KHTML, like Gecko) Chrome/114.0.0.0 Safari/537.36"
193.36.38.226 - - [25/Apr/2026:20:10:01 +0300] "POST /xmlrpc.php HTTP/1.1" 500 807 "-" "Mozilla/5.0 (Windows NT 10.0; Win64; x64) AppleWebKit/537.36 (KHTML, like Gecko) Chrome/114.0.0.0 Safari/537.36"
128.1.218.163 - - [25/Apr/2026:20:10:03 +0300] "POST /xmlrpc.php HTTP/1.1" 500 745 "-" "Mozilla/5.0 (Windows NT 10.0; Win64; x64) AppleWebKit/537.36 (KHTML, like Gecko) Chrome/114.0.0.0 Safari/537.36"
64.225.61.56 - - [25/Apr/2026:20:10:09 +0300] "GET /?p=136302 HTTP/1.1" 500 745 "-" "Mozilla/5.0 (Windows NT 10.0; Win64; x64) AppleWebKit/537.36 (KHTML, like Gecko) Chrome/123.0.0.0 Safari/537.36 OPR/109.0.0.0"
193.36.38.228 - - [25/Apr/2026:20:10:08 +0300] "POST /xmlrpc.php HTTP/1.1" 500 629 "-" "Mozilla/5.0 (Windows NT 10.0; Win64; x64) AppleWebKit/537.36 (KHTML, like Gecko) Chrome/114.0.0.0 Safari/537.36"
64.225.61.56 - - [25/Apr/2026:20:10:10 +0300] "POST /xmlrpc.php HTTP/1.1" 500 745 "-" "Mozilla/5.0 (Windows NT 10.0; Win64; x64) AppleWebKit/537.36 (KHTML, like Gecko) Chrome/114.0.0.0 Safari/537.36"
193.36.38.226 - - [25/Apr/2026:20:10:21 +0300] "POST /xmlrpc.php HTTP/1.1" 500 807 "-" "Mozilla/5.0 (Windows NT 10.0; Win64; x64) AppleWebKit/537.36 (KHTML, like Gecko) Chrome/114.0.0.0 Safari/537.36"
185.216.113.70 - - [25/Apr/2026:20:12:24 +0300] "POST /wp-cron.php?doing_wp_cron=1777137144.2054359912872314453125 HTTP/1.1" 200 448 "-" "WordPress/6.3.8; https://serhatburke.miroglu.net"
193.36.38.228 - - [25/Apr/2026:20:10:24 +0300] "GET /?p=136304 HTTP/1.1" 500 782 "-" "Mozilla/5.0 (Windows NT 10.0; Win64; x64) AppleWebKit/537.36 (KHTML, like Gecko) Chrome/109.0.0.0 Safari/537.36"
185.216.113.70 - - [25/Apr/2026:20:12:28 +0300] "POST /wp-cron.php?doing_wp_cron=1777137147.9171020984649658203125 HTTP/1.1" 200 448 "-" "WordPress/6.3.8; https://serhatburke.miroglu.net"
193.36.38.228 - - [25/Apr/2026:20:10:42 +0300] "POST /xmlrpc.php HTTP/1.1" 200 8041 "-" "Mozilla/5.0 (Windows NT 10.0; Win64; x64) AppleWebKit/537.36 (KHTML, like Gecko) Chrome/114.0.0.0 Safari/537.36"
193.36.38.226 - - [25/Apr/2026:20:10:32 +0300] "POST /xmlrpc.php HTTP/1.1" 500 807 "-" "Mozilla/5.0 (Windows NT 10.0; Win64; x64) AppleWebKit/537.36 (KHTML, like Gecko) Chrome/114.0.0.0 Safari/537.36"
185.216.113.70 - - [25/Apr/2026:20:12:38 +0300] "POST /wp-cron.php?doing_wp_cron=1777137158.7019670009613037109375 HTTP/1.1" 200 448 "-" "WordPress/6.3.8; https://serhatburke.miroglu.net"
129.227.39.118 - - [25/Apr/2026:20:10:51 +0300] "GET /?p=136306 HTTP/1.1" 301 654 "-" "Mozilla/5.0 (Windows NT 10.0; rv:109.0) Gecko/20100101 Firefox/115.0"
193.36.38.226 - - [25/Apr/2026:20:11:05 +0300] "POST /xmlrpc.php HTTP/1.1" 500 807 "-" "Mozilla/5.0 (Windows NT 10.0; Win64; x64) AppleWebKit/537.36 (KHTML, like Gecko) Chrome/114.0.0.0 Safari/537.36"
64.225.61.56 - - [25/Apr/2026:20:11:06 +0300] "POST /xmlrpc.php HTTP/1.1" 500 745 "-" "Mozilla/5.0 (Windows NT 10.0; Win64; x64) AppleWebKit/537.36 (KHTML, like Gecko) Chrome/114.0.0.0 Safari/537.36"
129.227.39.118 - - [25/Apr/2026:20:11:08 +0300] "POST /xmlrpc.php HTTP/1.1" 500 745 "-" "Mozilla/5.0 (Windows NT 10.0; Win64; x64) AppleWebKit/537.36 (KHTML, like Gecko) Chrome/114.0.0.0 Safari/537.36"
185.216.113.70 - - [25/Apr/2026:20:13:14 +0300] "POST /wp-cron.php?doing_wp_cron=1777137193.9081299304962158203125 HTTP/1.1" 200 448 "-" "WordPress/6.3.8; https://serhatburke.miroglu.net"
185.216.113.70 - - [25/Apr/2026:20:13:14 +0300] "POST /wp-cron.php?doing_wp_cron=1777137194.1305611133575439453125 HTTP/1.1" 200 448 "-" "WordPress/6.3.8; https://serhatburke.miroglu.net"
98.98.197.163 - - [25/Apr/2026:20:11:40 +0300] "POST /xmlrpc.php HTTP/1.1" 200 13605 "-" "Mozilla/5.0 (Windows NT 10.0; Win64; x64) AppleWebKit/537.36 (KHTML, like Gecko) Chrome/114.0.0.0 Safari/537.36"
64.225.61.56 - - [25/Apr/2026:20:11:12 +0300] "POST /xmlrpc.php HTTP/1.1" 500 745 "-" "Mozilla/5.0 (Windows NT 10.0; Win64; x64) AppleWebKit/537.36 (KHTML, like Gecko) Chrome/114.0.0.0 Safari/537.36"
185.216.113.70 - - [25/Apr/2026:20:13:22 +0300] "POST /wp-cron.php?doing_wp_cron=1777137201.8071138858795166015625 HTTP/1.1" 200 448 "-" "WordPress/6.3.8; https://serhatburke.miroglu.net"
193.36.38.226 - - [25/Apr/2026:20:11:46 +0300] "POST /xmlrpc.php HTTP/1.1" 200 11222 "-" "Mozilla/5.0 (Windows NT 10.0; Win64; x64) AppleWebKit/537.36 (KHTML, like Gecko) Chrome/114.0.0.0 Safari/537.36"
185.216.113.70 - - [25/Apr/2026:20:13:24 +0300] "POST /wp-cron.php?doing_wp_cron=1777137204.6996219158172607421875 HTTP/1.1" 200 448 "-" "WordPress/6.3.8; https://serhatburke.miroglu.net"
64.225.61.56 - - [25/Apr/2026:20:11:51 +0300] "POST /xmlrpc.php HTTP/1.1" 200 861 "-" "Mozilla/5.0 (Windows NT 10.0; Win64; x64) AppleWebKit/537.36 (KHTML, like Gecko) Chrome/114.0.0.0 Safari/537.36"
118.189.242.201 - - [25/Apr/2026:20:13:14 +0300] "GET /zotabet-casino-bonus-premier-depot-2026/ HTTP/1.1" 200 0 "-" "Mozilla/5.0 (compatible; Googlebot/2.1; +http://www.google.com/bot.html)"
185.216.113.70 - - [25/Apr/2026:20:13:52 +0300] "POST /wp-cron.php?doing_wp_cron=1777137231.9987421035766601562500 HTTP/1.1" 200 448 "-" "WordPress/6.3.8; https://serhatburke.miroglu.net"
193.36.38.228 - - [25/Apr/2026:20:12:04 +0300] "POST /xmlrpc.php HTTP/1.1" 200 923 "-" "Mozilla/5.0 (Windows NT 10.0; Win64; x64) AppleWebKit/537.36 (KHTML, like Gecko) Chrome/114.0.0.0 Safari/537.36"
185.216.113.70 - - [25/Apr/2026:20:13:57 +0300] "POST /wp-cron.php?doing_wp_cron=1777137237.5128860473632812500000 HTTP/1.1" 200 448 "-" "WordPress/6.3.8; https://serhatburke.miroglu.net"
193.36.38.228 - - [25/Apr/2026:20:12:27 +0300] "POST /xmlrpc.php HTTP/1.1" 200 8041 "-" "Mozilla/5.0 (Windows NT 10.0; Win64; x64) AppleWebKit/537.36 (KHTML, like Gecko) Chrome/114.0.0.0 Safari/537.36"
185.216.113.70 - - [25/Apr/2026:20:14:03 +0300] "POST /wp-cron.php?doing_wp_cron=1777137243.2366430759429931640625 HTTP/1.1" 200 448 "-" "WordPress/6.3.8; https://serhatburke.miroglu.net"
129.227.39.118 - - [25/Apr/2026:20:12:41 +0300] "GET /top-10-casinos-on-the-internet-2026-7000-real-money-sites-tested/ HTTP/1.1" 200 77146 "-" "Mozilla/5.0 (Windows NT 10.0; rv:109.0) Gecko/20100101 Firefox/115.0"
185.216.113.70 - - [25/Apr/2026:20:14:16 +0300] "POST /wp-cron.php?doing_wp_cron=1777137255.6143579483032226562500 HTTP/1.1" 200 448 "-" "WordPress/6.3.8; https://serhatburke.miroglu.net"
129.227.39.118 - - [25/Apr/2026:20:12:31 +0300] "POST /xmlrpc.php HTTP/1.1" 200 627 "-" "Mozilla/5.0 (Windows NT 10.0; Win64; x64) AppleWebKit/537.36 (KHTML, like Gecko) Chrome/114.0.0.0 Safari/537.36"
185.216.113.70 - - [25/Apr/2026:20:14:21 +0300] "POST /wp-cron.php?doing_wp_cron=1777137260.9135529994964599609375 HTTP/1.1" 200 448 "-" "WordPress/6.3.8; https://serhatburke.miroglu.net"
129.227.39.118 - - [25/Apr/2026:20:12:49 +0300] "POST /xmlrpc.php HTTP/1.1" 500 1102 "-" "Mozilla/5.0 (Windows NT 10.0; Win64; x64) AppleWebKit/537.36 (KHTML, like Gecko) Chrome/114.0.0.0 Safari/537.36"
85.208.96.201 - - [25/Apr/2026:20:14:20 +0300] "GET /robots.txt HTTP/1.1" 200 0 "-" "Mozilla/5.0 (compatible; SemrushBot/7~bl; +http://www.semrush.com/bot.html)"
185.216.113.70 - - [25/Apr/2026:20:14:38 +0300] "POST /wp-cron.php?doing_wp_cron=1777137278.7255239486694335937500 HTTP/1.1" 200 448 "-" "WordPress/6.3.8; https://serhatburke.miroglu.net"
64.225.61.56 - - [25/Apr/2026:20:12:58 +0300] "POST /xmlrpc.php HTTP/1.1" 200 8493 "-" "Mozilla/5.0 (Windows NT 10.0; Win64; x64) AppleWebKit/537.36 (KHTML, like Gecko) Chrome/114.0.0.0 Safari/537.36"
185.216.113.70 - - [25/Apr/2026:20:14:46 +0300] "POST /wp-cron.php?doing_wp_cron=1777137286.3093080520629882812500 HTTP/1.1" 200 448 "-" "WordPress/6.3.8; https://serhatburke.miroglu.net"
193.36.38.226 - - [25/Apr/2026:20:13:23 +0300] "GET /the-quick-subscription-procedure-and-multiple-payment-options-make-starting-out-simple/ HTTP/1.1" 200 76273 "-" "Mozilla/5.0 (Windows NT 10.0; Win64; x64) AppleWebKit/537.36 (KHTML, like Gecko) Chrome/123.0.0.0 Safari/537.36 OPR/109.0.0.0"
85.208.96.201 - - [25/Apr/2026:20:14:35 +0300] "GET /robots.txt HTTP/1.1" 200 0 "-" "Mozilla/5.0 (compatible; SemrushBot/7~bl; +http://www.semrush.com/bot.html)"
185.216.113.70 - - [25/Apr/2026:20:14:53 +0300] "POST /wp-cron.php?doing_wp_cron=1777137293.4026010036468505859375 HTTP/1.1" 200 448 "-" "WordPress/6.3.8; https://serhatburke.miroglu.net"
98.98.197.163 - - [25/Apr/2026:20:13:27 +0300] "GET /bitcoin-sportsbooks-sports-books-acknowledging-cryptocurrency/ HTTP/1.1" 200 78090 "-" "Mozilla/5.0 (Windows NT 10.0; Win64; x64) AppleWebKit/537.36 (KHTML, like Gecko) Chrome/124.0.0.0 Safari/537.36"
185.216.113.70 - - [25/Apr/2026:20:15:04 +0300] "POST /wp-cron.php?doing_wp_cron=1777137304.4279689788818359375000 HTTP/1.1" 200 448 "-" "WordPress/6.3.8; https://serhatburke.miroglu.net"
66.249.73.15 - - [25/Apr/2026:20:13:49 +0300] "GET /?p=128222 HTTP/1.1" 301 679 "-" "Mozilla/5.0 (Linux; Android 6.0.1; Nexus 5X Build/MMB29P) AppleWebKit/537.36 (KHTML, like Gecko) Chrome/146.0.7680.177 Mobile Safari/537.36 (compatible; Googlebot/2.1; +http://www.google.com/bot.html)"
185.216.113.70 - - [25/Apr/2026:20:15:24 +0300] "POST /wp-cron.php?doing_wp_cron=1777137324.4068179130554199218750 HTTP/1.1" 200 448 "-" "WordPress/6.3.8; https://serhatburke.miroglu.net"
193.36.38.228 - - [25/Apr/2026:20:13:58 +0300] "GET /nei-trovi-pacchetti-di-saluto-multi-tenuta-cashback-rakeback-di-nuovo-qualche-volta-premio-privato-di-deposito/ HTTP/1.1" 200 74106 "-" "Mozilla/5.0 (Windows NT 10.0; Win64; x64; rv:125.0) Gecko/20100101 Firefox/125.0"
85.208.96.207 - - [25/Apr/2026:20:14:50 +0300] "GET /million-vegas-local-casino-incentive-rules-2026-free-revolves-promo-also-offers-in-to-the/ HTTP/1.1" 200 0 "-" "Mozilla/5.0 (compatible; SemrushBot/7~bl; +http://www.semrush.com/bot.html)"
185.216.113.70 - - [25/Apr/2026:20:15:52 +0300] "POST /wp-cron.php?doing_wp_cron=1777137351.9178740978240966796875 HTTP/1.1" 200 448 "-" "WordPress/6.3.8; https://serhatburke.miroglu.net"
64.225.61.56 - - [25/Apr/2026:20:14:38 +0300] "GET /?p=136314 HTTP/1.1" 301 650 "-" "Mozilla/5.0 (Windows NT 10.0; Win64; x64) AppleWebKit/537.36 (KHTML, like Gecko) Chrome/124.0.0.0 Safari/537.36"
185.216.113.70 - - [25/Apr/2026:20:16:00 +0300] "POST /wp-cron.php?doing_wp_cron=1777137360.3255620002746582031250 HTTP/1.1" 200 448 "-" "WordPress/6.3.8; https://serhatburke.miroglu.net"
185.216.113.70 - - [25/Apr/2026:20:16:10 +0300] "POST /wp-cron.php?doing_wp_cron=1777137370.9246098995208740234375 HTTP/1.1" 200 448 "-" "WordPress/6.3.8; https://serhatburke.miroglu.net"
98.98.197.163 - - [25/Apr/2026:20:15:11 +0300] "POST /xmlrpc.php HTTP/1.1" 200 861 "-" "Mozilla/5.0 (Windows NT 10.0; Win64; x64) AppleWebKit/537.36 (KHTML, like Gecko) Chrome/114.0.0.0 Safari/537.36"
85.208.96.207 - - [25/Apr/2026:20:15:41 +0300] "GET /million-vegas-local-casino-incentive-rules-2026-free-revolves-promo-also-offers-in-to-the/ HTTP/1.1" 200 22721 "-" "Mozilla/5.0 (compatible; SemrushBot/7~bl; +http://www.semrush.com/bot.html)"
64.225.61.56 - - [25/Apr/2026:20:15:58 +0300] "GET /o-tym-jak-zlozyc-zafakturowany-rozliczeniowy-na-casino-bizzo/ HTTP/1.1" 200 73507 "-" "Mozilla/5.0 (Windows NT 10.0; Win64; x64) AppleWebKit/537.36 (KHTML, like Gecko) Chrome/124.0.0.0 Safari/537.36"
64.225.61.56 - - [25/Apr/2026:20:16:16 +0300] "POST /xmlrpc.php HTTP/1.1" 200 861 "-" "Mozilla/5.0 (Windows NT 10.0; Win64; x64) AppleWebKit/537.36 (KHTML, like Gecko) Chrome/114.0.0.0 Safari/537.36"
185.216.113.70 - - [25/Apr/2026:20:17:35 +0300] "POST /wp-cron.php?doing_wp_cron=1777137455.3188190460205078125000 HTTP/1.1" 200 448 "-" "WordPress/6.3.8; https://serhatburke.miroglu.net"
66.249.73.1 - - [25/Apr/2026:20:17:22 +0300] "GET /casino-p-nett-for-nordmenn3589-2/ HTTP/1.1" 200 18785 "-" "Mozilla/5.0 (Linux; Android 6.0.1; Nexus 5X Build/MMB29P) AppleWebKit/537.36 (KHTML, like Gecko) Chrome/146.0.7680.177 Mobile Safari/537.36 (compatible; Googlebot/2.1; +http://www.google.com/bot.html)"
66.249.73.14 - - [25/Apr/2026:20:18:11 +0300] "GET /boostwin-kazino-kak-skacat-prilozenie-na-telefon3526/ HTTP/1.1" 200 19780 "-" "Mozilla/5.0 (Linux; Android 6.0.1; Nexus 5X Build/MMB29P) AppleWebKit/537.36 (KHTML, like Gecko) Chrome/146.0.7680.177 Mobile Safari/537.36 (compatible; Googlebot/2.1; +http://www.google.com/bot.html)"
66.249.73.14 - - [25/Apr/2026:20:18:15 +0300] "GET /robots.txt HTTP/1.1" 200 719 "-" "Mozilla/5.0 (compatible; Googlebot/2.1; +http://www.google.com/bot.html)"
66.249.73.15 - - [25/Apr/2026:20:18:27 +0300] "GET /casino-p-nett-for-nordmenn3589-2/undefined?ts=1775520000 HTTP/1.1" 200 0 "https://serhatburke.miroglu.net/casino-p-nett-for-nordmenn3589-2/" "Mozilla/5.0 (Linux; Android 6.0.1; Nexus 5X Build/MMB29P) AppleWebKit/537.36 (KHTML, like Gecko) Chrome/146.0.7680.177 Mobile Safari/537.36 (compatible; Googlebot/2.1; +http://www.google.com/bot.html)"
185.216.113.70 - - [25/Apr/2026:20:20:35 +0300] "POST /wp-cron.php?doing_wp_cron=1777137635.6984710693359375000000 HTTP/1.1" 200 448 "-" "WordPress/6.3.8; https://serhatburke.miroglu.net"
66.249.73.14 - - [25/Apr/2026:20:20:23 +0300] "GET /robots.txt HTTP/1.1" 200 719 "-" "Mozilla/5.0 (compatible; Googlebot/2.1; +http://www.google.com/bot.html)"
185.216.113.70 - - [25/Apr/2026:20:22:52 +0300] "POST /wp-cron.php?doing_wp_cron=1777137772.6938009262084960937500 HTTP/1.1" 200 448 "-" "WordPress/6.3.8; https://serhatburke.miroglu.net"
45.132.184.142 - - [25/Apr/2026:20:22:39 +0300] "POST /xmlrpc.php HTTP/2" 200 141 "-" "WordPress/XMLRPC Client"
45.132.184.142 - - [25/Apr/2026:20:22:53 +0300] "GET /?p=136321 HTTP/2" 301 0 "-" "Mozilla/5.0 (Windows NT 10.0; Win64; x64) AppleWebKit/537.36 (KHTML, like Gecko) Chrome/120.0.0.0 Safari/537.36"
185.216.113.70 - - [25/Apr/2026:20:24:46 +0300] "POST /wp-cron.php?doing_wp_cron=1777137885.9474129676818847656250 HTTP/1.1" 200 448 "-" "WordPress/6.3.8; https://serhatburke.miroglu.net"
128.1.218.163 - - [25/Apr/2026:20:24:32 +0300] "POST /xmlrpc.php HTTP/1.1" 200 630 "-" "Mozilla/5.0 (Windows NT 10.0; Win64; x64) AppleWebKit/537.36 (KHTML, like Gecko) Chrome/114.0.0.0 Safari/537.36"
85.208.96.211 - - [25/Apr/2026:20:24:33 +0300] "GET /contact/ HTTP/1.1" 200 18893 "-" "Mozilla/5.0 (compatible; SemrushBot/7~bl; +http://www.semrush.com/bot.html)"
85.208.96.209 - - [25/Apr/2026:20:24:49 +0300] "GET /real-cash-gambling-in-the-a-drueckglueck-casino-totally-safer-web-site/ HTTP/1.1" 200 22812 "-" "Mozilla/5.0 (compatible; SemrushBot/7~bl; +http://www.semrush.com/bot.html)"
128.1.218.163 - - [25/Apr/2026:20:24:52 +0300] "POST /xmlrpc.php HTTP/1.1" 200 12613 "-" "Mozilla/5.0 (Windows NT 10.0; Win64; x64) AppleWebKit/537.36 (KHTML, like Gecko) Chrome/114.0.0.0 Safari/537.36"
128.1.218.163 - - [25/Apr/2026:20:25:09 +0300] "GET /gigantisch-moolah-gokkas-review-plus-spelen/ HTTP/1.1" 200 76165 "-" "Mozilla/5.0 (Windows NT 10.0; Win64; x64) AppleWebKit/537.36 (KHTML, like Gecko) Chrome/124.0.0.0 Safari/537.36 Edg/124.0.0.0"
185.216.113.70 - - [25/Apr/2026:20:27:02 +0300] "POST /wp-cron.php?doing_wp_cron=1777138022.1661379337310791015625 HTTP/1.1" 200 448 "-" "WordPress/6.3.8; https://serhatburke.miroglu.net"
170.168.29.32 - - [25/Apr/2026:20:26:48 +0300] "GET / HTTP/2" 200 20680 "-" "Mozilla/5.0 (Macintosh; Intel Mac OS X 10_15_7) AppleWebKit/537.36 (KHTML, like Gecko) Chrome/120.0.0.0 Safari/537.36"
185.216.113.70 - - [25/Apr/2026:20:27:44 +0300] "POST /wp-cron.php?doing_wp_cron=1777138064.6844210624694824218750 HTTP/1.1" 200 448 "-" "WordPress/6.3.8; https://serhatburke.miroglu.net"
66.249.73.1 - - [25/Apr/2026:20:27:32 +0300] "GET /robots.txt HTTP/1.1" 200 719 "-" "Mozilla/5.0 (compatible; Googlebot/2.1; +http://www.google.com/bot.html)"
185.216.113.70 - - [25/Apr/2026:20:29:54 +0300] "POST /wp-cron.php?doing_wp_cron=1777138194.1689069271087646484375 HTTP/1.1" 200 448 "-" "WordPress/6.3.8; https://serhatburke.miroglu.net"
213.226.113.173 - - [25/Apr/2026:20:29:40 +0300] "POST /xmlrpc.php HTTP/2" 200 141 "-" "WordPress/XMLRPC Client"
213.226.113.173 - - [25/Apr/2026:20:29:54 +0300] "GET /?p=136325 HTTP/2" 301 0 "-" "Mozilla/5.0 (Windows NT 10.0; Win64; x64) AppleWebKit/537.36 (KHTML, like Gecko) Chrome/120.0.0.0 Safari/537.36"
185.216.113.70 - - [25/Apr/2026:20:31:34 +0300] "POST /wp-cron.php?doing_wp_cron=1777138294.5470259189605712890625 HTTP/1.1" 200 448 "-" "WordPress/6.3.8; https://serhatburke.miroglu.net"
52.167.144.173 - - [25/Apr/2026:20:31:21 +0300] "GET /kraken-aktual-nye-shagi-dlia-bezopasnogo-vkhoda-v-darknet/ HTTP/2" 200 18592 "-" "Mozilla/5.0 AppleWebKit/537.36 (KHTML, like Gecko; compatible; bingbot/2.0; +http://www.bing.com/bingbot.htm) Chrome/116.0.1938.76 Safari/537.36"
40.77.167.8 - - [25/Apr/2026:20:31:28 +0300] "GET /super-moolah-position-opinion-free-spins-raging-rhino-no-deposit-2026-liberated-to-play-trial/ HTTP/2" 200 19359 "-" "Mozilla/5.0 AppleWebKit/537.36 (KHTML, like Gecko; compatible; bingbot/2.0; +http://www.bing.com/bingbot.htm) Chrome/116.0.1938.76 Safari/537.36"
52.167.144.211 - - [25/Apr/2026:20:32:04 +0300] "GET /termeni-si-rotiri-gratuite-wheres-the-gold-ci-sedimen-conditii-google-ads/ HTTP/2" 200 20186 "-" "Mozilla/5.0 AppleWebKit/537.36 (KHTML, like Gecko; compatible; bingbot/2.0; +http://www.bing.com/bingbot.htm) Chrome/116.0.1938.76 Safari/537.36"
185.216.113.70 - - [25/Apr/2026:20:33:19 +0300] "POST /wp-cron.php?doing_wp_cron=1777138398.8777649402618408203125 HTTP/1.1" 200 448 "-" "WordPress/6.3.8; https://serhatburke.miroglu.net"
188.130.143.51 - - [25/Apr/2026:20:33:06 +0300] "GET /beste-casino-site-belgie-hoge-inzet/ HTTP/1.1" 200 19359 "-" "Mozilla/5.0 (Windows NT 10.0; WOW64) AppleWebKit/537.36 (KHTML, like Gecko) Chrome/114.0.0.0 Safari/537.36 Vivaldi/5.3.2679.68"
185.216.113.70 - - [25/Apr/2026:20:34:16 +0300] "POST /wp-cron.php?doing_wp_cron=1777138456.8474938869476318359375 HTTP/1.1" 200 448 "-" "WordPress/6.3.8; https://serhatburke.miroglu.net"
85.208.96.210 - - [25/Apr/2026:20:34:02 +0300] "GET /qazancin-sirri-1xbet-platformasina-giris-edin-mohtesem-oyunlar/ HTTP/1.1" 200 22439 "-" "Mozilla/5.0 (compatible; SemrushBot/7~bl; +http://www.semrush.com/bot.html)"
185.216.113.70 - - [25/Apr/2026:20:36:13 +0300] "POST /wp-cron.php?doing_wp_cron=1777138573.7506160736083984375000 HTTP/1.1" 200 448 "-" "WordPress/6.3.8; https://serhatburke.miroglu.net"
128.1.218.163 - - [25/Apr/2026:20:35:59 +0300] "POST /xmlrpc.php HTTP/1.1" 200 630 "-" "Mozilla/5.0 (Windows NT 10.0; Win64; x64) AppleWebKit/537.36 (KHTML, like Gecko) Chrome/114.0.0.0 Safari/537.36"
128.1.218.163 - - [25/Apr/2026:20:36:21 +0300] "POST /xmlrpc.php HTTP/1.1" 200 12630 "-" "Mozilla/5.0 (Windows NT 10.0; Win64; x64) AppleWebKit/537.36 (KHTML, like Gecko) Chrome/114.0.0.0 Safari/537.36"
185.216.113.70 - - [25/Apr/2026:20:36:46 +0300] "POST /wp-cron.php?doing_wp_cron=1777138606.6338310241699218750000 HTTP/1.1" 200 448 "-" "WordPress/6.3.8; https://serhatburke.miroglu.net"
128.1.218.163 - - [25/Apr/2026:20:36:35 +0300] "GET /gratis-gokkas-buiten-download-online-slots-acteren-2026/ HTTP/1.1" 200 76708 "-" "Mozilla/5.0 (Windows NT 10.0; rv:109.0) Gecko/20100101 Firefox/115.0"
128.1.218.163 - - [25/Apr/2026:20:37:26 +0300] "POST /xmlrpc.php HTTP/1.1" 200 630 "-" "Mozilla/5.0 (Windows NT 10.0; Win64; x64) AppleWebKit/537.36 (KHTML, like Gecko) Chrome/114.0.0.0 Safari/537.36"
185.216.113.70 - - [25/Apr/2026:20:37:57 +0300] "POST /wp-cron.php?doing_wp_cron=1777138677.0163888931274414062500 HTTP/1.1" 200 448 "-" "WordPress/6.3.8; https://serhatburke.miroglu.net"
128.1.218.163 - - [25/Apr/2026:20:37:44 +0300] "POST /xmlrpc.php HTTP/1.1" 200 13060 "-" "Mozilla/5.0 (Windows NT 10.0; Win64; x64) AppleWebKit/537.36 (KHTML, like Gecko) Chrome/114.0.0.0 Safari/537.36"
52.167.144.173 - - [25/Apr/2026:20:37:55 +0300] "GET /je-lis-le-site-effectuer-une-demande-50-%EF%BF%BD-ou-on-ma-gracieux-50-dollars/ HTTP/2" 200 18959 "-" "Mozilla/5.0 AppleWebKit/537.36 (KHTML, like Gecko; compatible; bingbot/2.0; +http://www.bing.com/bingbot.htm) Chrome/116.0.1938.76 Safari/537.36"
128.1.218.163 - - [25/Apr/2026:20:37:58 +0300] "GET /aantreffen-wc-kasteel-vrij-bezet-apprecieren-markt-lentemaand-2026/ HTTP/1.1" 200 77376 "-" "Mozilla/5.0 (Windows NT 10.0; Win64; x64) AppleWebKit/537.36 (KHTML, like Gecko) Chrome/124.0.0.0 Safari/537.36 Edg/124.0.0.0"
52.167.144.211 - - [25/Apr/2026:20:38:00 +0300] "GET /2025-fifty-h2o-dragon-sheer-casino-this-is-vegas-sign-up-silver-coin/ HTTP/2" 200 19972 "-" "Mozilla/5.0 AppleWebKit/537.36 (KHTML, like Gecko; compatible; bingbot/2.0; +http://www.bing.com/bingbot.htm) Chrome/116.0.1938.76 Safari/537.36"
40.77.167.35 - - [25/Apr/2026:20:38:08 +0300] "GET /experience-the-future-of-crypto-with-ledger-live-12/ HTTP/2" 200 18718 "-" "Mozilla/5.0 AppleWebKit/537.36 (KHTML, like Gecko; compatible; bingbot/2.0; +http://www.bing.com/bingbot.htm) Chrome/116.0.1938.76 Safari/537.36"
52.167.144.173 - - [25/Apr/2026:20:38:26 +0300] "GET /chupar-bonus-esporte-da-sorte-brasil-rush-jogue-sem-cadastro-ou-armazem-zumiver/ HTTP/2" 200 19587 "-" "Mozilla/5.0 AppleWebKit/537.36 (KHTML, like Gecko; compatible; bingbot/2.0; +http://www.bing.com/bingbot.htm) Chrome/116.0.1938.76 Safari/537.36"
185.216.113.70 - - [25/Apr/2026:20:39:01 +0300] "POST /wp-cron.php?doing_wp_cron=1777138741.4733610153198242187500 HTTP/1.1" 200 448 "-" "WordPress/6.3.8; https://serhatburke.miroglu.net"
128.1.218.163 - - [25/Apr/2026:20:38:47 +0300] "POST /xmlrpc.php HTTP/1.1" 200 630 "-" "Mozilla/5.0 (Windows NT 10.0; Win64; x64) AppleWebKit/537.36 (KHTML, like Gecko) Chrome/114.0.0.0 Safari/537.36"
128.1.218.163 - - [25/Apr/2026:20:39:09 +0300] "POST /xmlrpc.php HTTP/1.1" 200 12414 "-" "Mozilla/5.0 (Windows NT 10.0; Win64; x64) AppleWebKit/537.36 (KHTML, like Gecko) Chrome/114.0.0.0 Safari/537.36"
128.1.218.163 - - [25/Apr/2026:20:39:22 +0300] "GET /free-spins-gokhal-250-verzekeringspremie-voor-kosteloos-spins-te-jacks-nl/ HTTP/1.1" 200 76732 "-" "Mozilla/5.0 (Windows NT 10.0; Win64; x64) AppleWebKit/537.36 (KHTML, like Gecko) Chrome/122.0.0.0 Safari/537.36"
