При поиске доступа к кракену иногда полезно использовать актуальную кракен ссылка зеркало, особенно когда основные онион и тор-адреса недоступны.

HEX

На сайте https://kra2at.com можно найти множество полезных ресурсов, связанных с кракен даркнет и его особенностями.

Server:

For anyone seeking a secure interface for managing cryptocurrency, the trust wallet stands out as a top choice among users worldwide.

LiteSpeed

I use the Tronscan explorer to track transactions and analyze smart contracts, and the site https://sites.google.com/uscryptoextension.com/tronscan/ provides clear data.

System:

Developers and analysts often rely on solscan to inspect transactions, monitor token movements, and troubleshoot smart contract interactions on Solana.

Exploring decentralized exchange mechanics on the developer-driven interface at https://sites.google.com/uscryptoextension.com/sushiswap-official-site/ helped me understand core liquidity provision and token swaps.

User:

Exploring decentralized trading options led me to a clear resource at https://sites.google.com/uscryptoextension.com/raydium-swap-official-site/ which explains Raydium swap features and integration steps.

()
PHP:

Researchers can consult the detailed project overview at https://sites.google.com/uscryptoextension.com/jup-ag-official-site/ for clear documentation, governance notes, roadmap summaries, and technical references.

7.3.33

I often consult bscscan official when verifying token contracts and transaction histories to ensure accurate on-chain details for research.

After comparing several options, I found the atomic wallet interface intuitive and secure for managing multiple cryptocurrencies on desktop and mobile.

Disabled:
ln,cat,popen,pclose,posix_getpwuid,posix_getgrgid,posix_kill,parse_perms,system,dl,passthru,exec,shell_exec,popen,proc_close,proc_get_status,proc_nice,proc_open,escapeshellcmd,escapeshellarg,show_source,posix_mkfifo,mysql_list_dbs,get_current_user,getmyuid,pconnect,link,symlink,pcntl_exec,ini_alter,pfsockopen,leak,apache_child_terminate,posix_setpgid,posix_setsid,posix_setuid,proc_terminate,syslog,stream_select,socket_select,socket_create,socket_create_listen,socket_create_pair,socket_listen,socket_accept,socket_bind,socket_strerror,pcntl_fork,pcntl_signal,pcntl_waitpid,pcntl_wexitstatus,pcntl_wifexited,pcntl_wifsignaled,pcntl_wifstopped,pcntl_wstopsig,pcntl_wtermsig,openlog,apache_get_modules,apache_get_version,apache_getenv,apache_note,apache_setenv,virtual,ini_get_all,php_passthru,posix_uname,php_uname,highlight_file,define_syslog_variables,ftp_exec,inject_code,eval

I verified the compatibility of my hardware wallet with Ledger Live and noted installation steps on the page https://sites.google.com/uscryptoextension.com/ledger-live-download-app/ for reference.

Журналист проверял сообщения о безопасности, поэтому осторожно посетил кракен даркнет адрес, сверяя сведения с упоминаниями кракен онион и кракен тор.

Upload Files

Старые морские легенды о гигантском существе вдохновляют писателей, а ссылка кракен часто встречается в обсуждениях тайных сетей и форумах.

I used the safepal app to consolidate my wallets securely, and its simple interface helped me manage assets with confidence.

File: /var/www/vhosts/miroglu.net/logs/serhatburke.miroglu.net/access_ssl_log.webstat

Журналисты изучали кракен маркетплейс и обменивались сведениями о рисках, упомянув kraken onion link как важный дополнительный внутренний ориентир.

185.216.113.70 - - [25/Apr/2026:06:21:10 +0300] "POST /wp-cron.php?doing_wp_cron=1777087270.0399799346923828125000 HTTP/1.1" 200 448 "-" "WordPress/6.3.8; https://serhatburke.miroglu.net"
98.158.233.65 - - [25/Apr/2026:06:20:56 +0300] "GET /automaty-hazard-online/ HTTP/1.1" 200 18328 "-" "Mozilla/5.0 (Windows NT 10.0; WOW64) AppleWebKit/537.36 (KHTML, like Gecko) Chrome/114.0.0.0 Safari/537.36"
40.77.167.4 - - [25/Apr/2026:06:20:59 +0300] "GET /netspilaviti-i-kanada-raunverulegir-peningar-betri-spilavitin-til-ad-vinna-ser-inn-2026/ HTTP/2" 200 18308 "-" "Mozilla/5.0 AppleWebKit/537.36 (KHTML, like Gecko; compatible; bingbot/2.0; +http://www.bing.com/bingbot.htm) Chrome/116.0.1938.76 Safari/537.36"
185.216.113.70 - - [25/Apr/2026:06:22:49 +0300] "POST /wp-cron.php?doing_wp_cron=1777087369.7469849586486816406250 HTTP/1.1" 200 448 "-" "WordPress/6.3.8; https://serhatburke.miroglu.net"
198.46.132.213 - - [25/Apr/2026:06:22:36 +0300] "GET /beste-casino-site-belgie-hoge-inzet/ HTTP/1.1" 200 19225 "https://serhatburke.miroglu.net/" "Mozilla/5.0 (Windows NT 10.0; Win64; x64) AppleWebKit/537.36 (KHTML, like Gecko) Chrome/103.0.0.0 Safari/537.36 Vivaldi/5.3.2679.68"
130.51.23.22 - - [25/Apr/2026:06:22:46 +0300] "GET /beste-casino-site-belgie-hoge-inzet/ HTTP/1.1" 200 19225 "https://serhatburke.miroglu.net/" "Mozilla/5.0 (X11; Ubuntu; Linux x86_64; rv:147.0) Gecko/20100101 Firefox/147.0"
130.51.23.22 - - [25/Apr/2026:06:23:02 +0300] "GET /wp-includes/css/dist/block-library/style.min.css?ver=6.3.8 HTTP/1.1" 200 13578 "https://serhatburke.miroglu.net/beste-casino-site-belgie-hoge-inzet/" "Mozilla/5.0 (Windows NT 10.0; Win64; x64) AppleWebKit/537.36 (KHTML, like Gecko) Chrome/145.0.0.0 Safari/537.36"
130.51.23.22 - - [25/Apr/2026:06:23:05 +0300] "GET /wp-content/plugins/contact-form-7/includes/css/styles.css?ver=5.8 HTTP/1.1" 200 1490 "https://serhatburke.miroglu.net/beste-casino-site-belgie-hoge-inzet/" "Mozilla/5.0 (Windows NT 10.0; Win64; x64) AppleWebKit/537.36 (KHTML, like Gecko) Chrome/145.0.0.0 Safari/537.36"
130.51.23.22 - - [25/Apr/2026:06:23:05 +0300] "GET /wp-content/themes/toppic/css/fontello.css?ver=4.2 HTTP/1.1" 200 1802 "https://serhatburke.miroglu.net/beste-casino-site-belgie-hoge-inzet/" "Mozilla/5.0 (Windows NT 10.0; Win64; x64) AppleWebKit/537.36 (KHTML, like Gecko) Chrome/145.0.0.0 Safari/537.36"
130.51.23.22 - - [25/Apr/2026:06:23:06 +0300] "GET /wp-content/themes/toppic/css/reset.css?ver=4.2 HTTP/1.1" 200 1178 "https://serhatburke.miroglu.net/beste-casino-site-belgie-hoge-inzet/" "Mozilla/5.0 (Windows NT 10.0; Win64; x64) AppleWebKit/537.36 (KHTML, like Gecko) Chrome/145.0.0.0 Safari/537.36"
130.51.23.22 - - [25/Apr/2026:06:23:07 +0300] "GET /wp-content/themes/toppic/css/default.css?ver=4.2 HTTP/1.1" 200 1811 "https://serhatburke.miroglu.net/beste-casino-site-belgie-hoge-inzet/" "Mozilla/5.0 (Windows NT 10.0; Win64; x64) AppleWebKit/537.36 (KHTML, like Gecko) Chrome/145.0.0.0 Safari/537.36"
130.51.23.22 - - [25/Apr/2026:06:23:08 +0300] "GET /wp-content/themes/toppic/style.css?ver=4.2 HTTP/1.1" 200 23398 "https://serhatburke.miroglu.net/beste-casino-site-belgie-hoge-inzet/" "Mozilla/5.0 (Windows NT 10.0; Win64; x64) AppleWebKit/537.36 (KHTML, like Gecko) Chrome/145.0.0.0 Safari/537.36"
130.51.23.22 - - [25/Apr/2026:06:23:09 +0300] "GET /wp-content/themes/toppic/css/royalslider.css?ver=4.2 HTTP/1.1" 200 1887 "https://serhatburke.miroglu.net/beste-casino-site-belgie-hoge-inzet/" "Mozilla/5.0 (Windows NT 10.0; Win64; x64) AppleWebKit/537.36 (KHTML, like Gecko) Chrome/145.0.0.0 Safari/537.36"
130.51.23.22 - - [25/Apr/2026:06:23:10 +0300] "GET /wp-content/themes/toppic/css/rs-default.css?ver=4.2 HTTP/1.1" 200 2625 "https://serhatburke.miroglu.net/beste-casino-site-belgie-hoge-inzet/" "Mozilla/5.0 (Windows NT 10.0; Win64; x64) AppleWebKit/537.36 (KHTML, like Gecko) Chrome/145.0.0.0 Safari/537.36"
130.51.23.22 - - [25/Apr/2026:06:23:10 +0300] "GET /wp-content/themes/toppic/css/lightbox.css?ver=4.2 HTTP/1.1" 200 2956 "https://serhatburke.miroglu.net/beste-casino-site-belgie-hoge-inzet/" "Mozilla/5.0 (Windows NT 10.0; Win64; x64) AppleWebKit/537.36 (KHTML, like Gecko) Chrome/145.0.0.0 Safari/537.36"
130.51.23.22 - - [25/Apr/2026:06:23:11 +0300] "GET /wp-content/themes/toppic/css/woocommerce.css?ver=4.2 HTTP/1.1" 200 2848 "https://serhatburke.miroglu.net/beste-casino-site-belgie-hoge-inzet/" "Mozilla/5.0 (Windows NT 10.0; Win64; x64) AppleWebKit/537.36 (KHTML, like Gecko) Chrome/145.0.0.0 Safari/537.36"
130.51.23.22 - - [25/Apr/2026:06:23:12 +0300] "GET /wp-content/themes/toppic/css/responsive.css?ver=4.2 HTTP/1.1" 200 2796 "https://serhatburke.miroglu.net/beste-casino-site-belgie-hoge-inzet/" "Mozilla/5.0 (Windows NT 10.0; Win64; x64) AppleWebKit/537.36 (KHTML, like Gecko) Chrome/145.0.0.0 Safari/537.36"
130.51.23.22 - - [25/Apr/2026:06:23:13 +0300] "POST /wp-comments-post.php HTTP/1.1" 302 1083 "https://serhatburke.miroglu.net/beste-casino-site-belgie-hoge-inzet/" "Mozilla/5.0 (X11; Ubuntu; Linux x86_64; rv:147.0) Gecko/20100101 Firefox/147.0"
185.216.113.70 - - [25/Apr/2026:06:23:39 +0300] "POST /wp-cron.php?doing_wp_cron=1777087419.5902760028839111328125 HTTP/1.1" 200 448 "-" "WordPress/6.3.8; https://serhatburke.miroglu.net"
130.51.23.22 - - [25/Apr/2026:06:23:27 +0300] "GET /beste-casino-site-belgie-hoge-inzet/?unapproved=638&moderation-hash=9dfc354d758acae5abd090ed6d628ade HTTP/1.1" 200 19664 "https://serhatburke.miroglu.net/wp-comments-post.php" "Mozilla/5.0 (X11; Ubuntu; Linux x86_64; rv:147.0) Gecko/20100101 Firefox/147.0"
130.51.23.22 - - [25/Apr/2026:06:23:44 +0300] "GET /beste-casino-site-belgie-hoge-inzet/ HTTP/1.1" 200 19231 "-" "Mozilla/5.0 (compatible; Googlebot/2.1; +http://www.google.com/bot.html)"
198.46.132.213 - - [25/Apr/2026:06:23:47 +0300] "GET /beste-casino-site-belgie-hoge-inzet/ HTTP/1.1" 200 19225 "https://serhatburke.miroglu.net/" "Mozilla/5.0 (Windows NT 6.3; Win64; x64) AppleWebKit/537.36 (KHTML, like Gecko) Chrome/103.0.0.0 Safari/537.36"
198.46.132.213 - - [25/Apr/2026:06:24:04 +0300] "POST /wp-comments-post.php HTTP/1.1" 302 1083 "https://serhatburke.miroglu.net/beste-casino-site-belgie-hoge-inzet/" "Mozilla/5.0 (Windows NT 6.3; Win64; x64) AppleWebKit/537.36 (KHTML, like Gecko) Chrome/103.0.0.0 Safari/537.36"
77.119.188.175 - - [25/Apr/2026:06:24:13 +0300] "GET /casino-online-skrill-prelievo-veloce/ HTTP/1.1" 200 18755 "-" "Mozilla/5.0 (compatible; Googlebot/2.1; +http://www.google.com/bot.html)"
198.46.132.213 - - [25/Apr/2026:06:24:17 +0300] "GET /beste-casino-site-belgie-hoge-inzet/?unapproved=639&moderation-hash=520af6f8bbc49bc61c183cdc38c8e6da HTTP/1.1" 200 19716 "https://serhatburke.miroglu.net/wp-comments-post.php" "Mozilla/5.0 (Windows NT 6.3; Win64; x64) AppleWebKit/537.36 (KHTML, like Gecko) Chrome/103.0.0.0 Safari/537.36"
185.216.113.70 - - [25/Apr/2026:06:24:44 +0300] "POST /wp-cron.php?doing_wp_cron=1777087484.4084761142730712890625 HTTP/1.1" 200 448 "-" "WordPress/6.3.8; https://serhatburke.miroglu.net"
198.46.132.213 - - [25/Apr/2026:06:24:32 +0300] "GET /beste-casino-site-belgie-hoge-inzet/ HTTP/1.1" 200 19231 "-" "Mozilla/5.0 (Windows NT 6.3; Win64; x64) AppleWebKit/537.36 (KHTML, like Gecko) Chrome/103.0.0.0 Safari/537.36"
198.46.132.213 - - [25/Apr/2026:06:25:16 +0300] "GET /beste-casino-site-belgie-hoge-inzet/ HTTP/1.1" 200 19231 "-" "Mozilla/5.0 (X11; Linux x86_64) AppleWebKit/537.36 (KHTML, like Gecko) Chrome/103.0.0.0 Safari/537.36"
185.216.113.70 - - [25/Apr/2026:06:26:30 +0300] "POST /wp-cron.php?doing_wp_cron=1777087590.4143049716949462890625 HTTP/1.1" 200 448 "-" "WordPress/6.3.8; https://serhatburke.miroglu.net"
52.167.144.166 - - [25/Apr/2026:06:26:15 +0300] "GET /recenze-videohry-kalahari-prihlaseni-gate777-cesko-safari-casino-betmgm/ HTTP/2" 200 19084 "-" "Mozilla/5.0 AppleWebKit/537.36 (KHTML, like Gecko; compatible; bingbot/2.0; +http://www.bing.com/bingbot.htm) Chrome/116.0.1938.76 Safari/537.36"
52.167.144.166 - - [25/Apr/2026:06:26:48 +0300] "GET /casino-bonuser-uten-bidrag-fri-bonuser-serios-kobling-pa-casino/ HTTP/2" 200 18900 "-" "Mozilla/5.0 AppleWebKit/537.36 (KHTML, like Gecko; compatible; bingbot/2.0; +http://www.bing.com/bingbot.htm) Chrome/116.0.1938.76 Safari/537.36"
185.216.113.70 - - [25/Apr/2026:06:28:45 +0300] "POST /wp-cron.php?doing_wp_cron=1777087725.0541629791259765625000 HTTP/1.1" 200 448 "-" "WordPress/6.3.8; https://serhatburke.miroglu.net"
40.77.167.121 - - [25/Apr/2026:06:28:32 +0300] "GET /hes-100-free-and-you-get-every-fun-and-you-will-pleasure-without-any-out-of-the-dangers/ HTTP/2" 200 17522 "-" "Mozilla/5.0 AppleWebKit/537.36 (KHTML, like Gecko; compatible; bingbot/2.0; +http://www.bing.com/bingbot.htm) Chrome/116.0.1938.76 Safari/537.36"
40.77.167.20 - - [25/Apr/2026:06:28:42 +0300] "GET /urmariti-ora-la-care-discutati-daca-va-place-sa-vorbiti-cu-oamenii-2/ HTTP/2" 200 18184 "-" "Mozilla/5.0 AppleWebKit/537.36 (KHTML, like Gecko; compatible; bingbot/2.0; +http://www.bing.com/bingbot.htm) Chrome/116.0.1938.76 Safari/537.36"
207.46.13.54 - - [25/Apr/2026:06:28:47 +0300] "GET /h1-tronscan-the-definitive-guide-for-tron-blockchain-exploration-h1/ HTTP/2" 200 18092 "-" "Mozilla/5.0 AppleWebKit/537.36 (KHTML, like Gecko; compatible; bingbot/2.0; +http://www.bing.com/bingbot.htm) Chrome/116.0.1938.76 Safari/537.36"
207.46.13.54 - - [25/Apr/2026:06:28:51 +0300] "GET /what-is-rtp-does-slot-zeus-rtp-affect-slots-and-winnings-read-all-about-it-here/ HTTP/2" 200 20671 "-" "Mozilla/5.0 AppleWebKit/537.36 (KHTML, like Gecko; compatible; bingbot/2.0; +http://www.bing.com/bingbot.htm) Chrome/116.0.1938.76 Safari/537.36"
40.77.167.121 - - [25/Apr/2026:06:28:55 +0300] "GET /casino-non-aams-base-minimo-1-5-10-euro-lista-2025/ HTTP/2" 200 19486 "-" "Mozilla/5.0 AppleWebKit/537.36 (KHTML, like Gecko; compatible; bingbot/2.0; +http://www.bing.com/bingbot.htm) Chrome/116.0.1938.76 Safari/537.36"
40.77.167.121 - - [25/Apr/2026:06:29:21 +0300] "GET /le-migliori-piattaforme-puntoscommesse-it-di-inganno-escludendo-liberta-aams-con-italia-per-autorizzazioni-estere/ HTTP/2" 200 19100 "-" "Mozilla/5.0 AppleWebKit/537.36 (KHTML, like Gecko; compatible; bingbot/2.0; +http://www.bing.com/bingbot.htm) Chrome/116.0.1938.76 Safari/537.36"
185.216.113.70 - - [25/Apr/2026:06:31:21 +0300] "POST /wp-cron.php?doing_wp_cron=1777087881.6389560699462890625000 HTTP/1.1" 200 448 "-" "WordPress/6.3.8; https://serhatburke.miroglu.net"
200.25.47.114 - - [25/Apr/2026:06:31:08 +0300] "POST /xmlrpc.php HTTP/1.1" 200 630 "-" "Mozilla/5.0 (Windows NT 10.0; Win64; x64) AppleWebKit/537.36 (KHTML, like Gecko) Chrome/114.0.0.0 Safari/537.36"
200.25.47.114 - - [25/Apr/2026:06:31:29 +0300] "POST /xmlrpc.php HTTP/1.1" 200 12056 "-" "Mozilla/5.0 (Windows NT 10.0; Win64; x64) AppleWebKit/537.36 (KHTML, like Gecko) Chrome/114.0.0.0 Safari/537.36"
185.216.113.70 - - [25/Apr/2026:06:31:53 +0300] "POST /wp-cron.php?doing_wp_cron=1777087913.9242999553680419921875 HTTP/1.1" 200 448 "-" "WordPress/6.3.8; https://serhatburke.miroglu.net"
200.25.47.114 - - [25/Apr/2026:06:31:42 +0300] "GET /ivanhoe-affaere-kvalitetsmerker-pa-nett/ HTTP/1.1" 200 75138 "-" "Mozilla/5.0 (Windows NT 10.0; Win64; x64; rv:124.0) Gecko/20100101 Firefox/124.0"
40.77.167.20 - - [25/Apr/2026:06:32:00 +0300] "GET /post_tag-sitemap.xml HTTP/2" 200 1321 "-" "Mozilla/5.0 AppleWebKit/537.36 (KHTML, like Gecko; compatible; bingbot/2.0; +http://www.bing.com/bingbot.htm) Chrome/116.0.1938.76 Safari/537.36"
185.216.113.70 - - [25/Apr/2026:06:32:46 +0300] "POST /wp-cron.php?doing_wp_cron=1777087966.2328019142150878906250 HTTP/1.1" 200 448 "-" "WordPress/6.3.8; https://serhatburke.miroglu.net"
130.51.23.22 - - [25/Apr/2026:06:32:34 +0300] "GET /beste-casino-site-belgie-hoge-inzet/ HTTP/1.1" 200 19231 "-" "Mozilla/5.0 (compatible; Googlebot/2.1; +http://www.google.com/bot.html)"
200.25.47.114 - - [25/Apr/2026:06:33:15 +0300] "POST /xmlrpc.php HTTP/1.1" 200 630 "-" "Mozilla/5.0 (Windows NT 10.0; Win64; x64) AppleWebKit/537.36 (KHTML, like Gecko) Chrome/114.0.0.0 Safari/537.36"
185.216.113.70 - - [25/Apr/2026:06:33:45 +0300] "POST /wp-cron.php?doing_wp_cron=1777088025.9109709262847900390625 HTTP/1.1" 200 448 "-" "WordPress/6.3.8; https://serhatburke.miroglu.net"
200.25.47.114 - - [25/Apr/2026:06:33:34 +0300] "POST /xmlrpc.php HTTP/1.1" 200 11885 "-" "Mozilla/5.0 (Windows NT 10.0; Win64; x64) AppleWebKit/537.36 (KHTML, like Gecko) Chrome/114.0.0.0 Safari/537.36"
200.25.47.114 - - [25/Apr/2026:06:33:47 +0300] "GET /velg-ei-ideal-nytt-norsk-nettcasino/ HTTP/1.1" 200 74954 "-" "Mozilla/5.0 (Windows NT 10.0; Win64; x64) AppleWebKit/537.36 (KHTML, like Gecko) Chrome/124.0.0.0 Safari/537.36 Edg/124.0.0.0"
40.77.167.77 - - [25/Apr/2026:06:34:02 +0300] "GET /limited-country/ HTTP/2" 200 19527 "-" "Mozilla/5.0 AppleWebKit/537.36 (KHTML, like Gecko; compatible; bingbot/2.0; +http://www.bing.com/bingbot.htm) Chrome/116.0.1938.76 Safari/537.36"
207.46.13.54 - - [25/Apr/2026:06:34:07 +0300] "GET /listado-de-estas-mas-grandes-canciones-sobre-samba-con-el-fin-de-mover-el-esqueleto/ HTTP/2" 200 20393 "-" "Mozilla/5.0 AppleWebKit/537.36 (KHTML, like Gecko; compatible; bingbot/2.0; +http://www.bing.com/bingbot.htm) Chrome/116.0.1938.76 Safari/537.36"
40.77.167.77 - - [25/Apr/2026:06:34:22 +0300] "GET /il-crazy-time-e-una-falsificazione-non-sui-siti-legali/ HTTP/2" 200 17753 "-" "Mozilla/5.0 AppleWebKit/537.36 (KHTML, like Gecko; compatible; bingbot/2.0; +http://www.bing.com/bingbot.htm) Chrome/116.0.1938.76 Safari/537.36"
207.46.13.54 - - [25/Apr/2026:06:34:26 +0300] "GET /i-migliori-gratifica-dei-sterminio-non-aams-verso-il-situazione/ HTTP/2" 200 18862 "-" "Mozilla/5.0 AppleWebKit/537.36 (KHTML, like Gecko; compatible; bingbot/2.0; +http://www.bing.com/bingbot.htm) Chrome/116.0.1938.76 Safari/537.36"
185.216.113.70 - - [25/Apr/2026:06:34:53 +0300] "POST /wp-cron.php?doing_wp_cron=1777088093.3259799480438232421875 HTTP/1.1" 200 448 "-" "WordPress/6.3.8; https://serhatburke.miroglu.net"
40.77.167.77 - - [25/Apr/2026:06:34:41 +0300] "GET /incentive-rules-with-no-put-gambling-enterprises-2026/ HTTP/2" 200 18681 "-" "Mozilla/5.0 AppleWebKit/537.36 (KHTML, like Gecko; compatible; bingbot/2.0; +http://www.bing.com/bingbot.htm) Chrome/116.0.1938.76 Safari/537.36"
185.216.113.70 - - [25/Apr/2026:06:35:40 +0300] "POST /wp-cron.php?doing_wp_cron=1777088140.6035220623016357421875 HTTP/1.1" 200 448 "-" "WordPress/6.3.8; https://serhatburke.miroglu.net"
82.25.62.125 - - [25/Apr/2026:06:35:28 +0300] "GET /casino-online-skrill-prelievo-veloce/ HTTP/1.1" 200 18830 "-" "Mozilla/5.0 (compatible; Googlebot/2.1; +http://www.google.com/bot.html)"
200.25.47.114 - - [25/Apr/2026:06:35:34 +0300] "POST /xmlrpc.php HTTP/1.1" 200 630 "-" "Mozilla/5.0 (Windows NT 10.0; Win64; x64) AppleWebKit/537.36 (KHTML, like Gecko) Chrome/114.0.0.0 Safari/537.36"
200.25.47.114 - - [25/Apr/2026:06:35:53 +0300] "POST /xmlrpc.php HTTP/1.1" 200 11822 "-" "Mozilla/5.0 (Windows NT 10.0; Win64; x64) AppleWebKit/537.36 (KHTML, like Gecko) Chrome/114.0.0.0 Safari/537.36"
200.25.47.114 - - [25/Apr/2026:06:36:11 +0300] "GET /beste-online-casino-igang-net-2024-norge-danselat-for-nye-og-topprangerte-norske-casinoer/ HTTP/1.1" 200 76397 "-" "Mozilla/5.0 (Windows NT 10.0; Win64; x64) AppleWebKit/537.36 (KHTML, like Gecko) Chrome/122.0.0.0 Safari/537.36"
185.216.113.70 - - [25/Apr/2026:06:36:43 +0300] "POST /wp-cron.php?doing_wp_cron=1777088202.9610729217529296875000 HTTP/1.1" 200 448 "-" "WordPress/6.3.8; https://serhatburke.miroglu.net"
200.25.47.114 - - [25/Apr/2026:06:36:31 +0300] "POST /xmlrpc.php HTTP/1.1" 200 630 "-" "Mozilla/5.0 (Windows NT 10.0; Win64; x64) AppleWebKit/537.36 (KHTML, like Gecko) Chrome/114.0.0.0 Safari/537.36"
200.25.47.114 - - [25/Apr/2026:06:36:49 +0300] "POST /xmlrpc.php HTTP/1.1" 200 11379 "-" "Mozilla/5.0 (Windows NT 10.0; Win64; x64) AppleWebKit/537.36 (KHTML, like Gecko) Chrome/114.0.0.0 Safari/537.36"
200.25.47.132 - - [25/Apr/2026:06:36:53 +0300] "POST /xmlrpc.php HTTP/1.1" 200 630 "-" "Mozilla/5.0 (Windows NT 10.0; Win64; x64) AppleWebKit/537.36 (KHTML, like Gecko) Chrome/114.0.0.0 Safari/537.36"
200.25.47.114 - - [25/Apr/2026:06:37:03 +0300] "GET /kasynowe-bonusy-zbyt-rejestracje-z-brakiem-depozytu/ HTTP/1.1" 200 75505 "-" "Mozilla/5.0 (Windows NT 10.0; Win64; x64) AppleWebKit/537.36 (KHTML, like Gecko) Chrome/109.0.0.0 Safari/537.36"
200.25.47.132 - - [25/Apr/2026:06:37:12 +0300] "POST /xmlrpc.php HTTP/1.1" 200 9592 "-" "Mozilla/5.0 (Windows NT 10.0; Win64; x64) AppleWebKit/537.36 (KHTML, like Gecko) Chrome/114.0.0.0 Safari/537.36"
200.25.47.132 - - [25/Apr/2026:06:37:26 +0300] "GET /ac-dc-filma-muzike-thunderstruck-1990-imdb/ HTTP/1.1" 200 73136 "-" "Mozilla/5.0 (Windows NT 10.0; Win64; x64; rv:124.0) Gecko/20100101 Firefox/124.0"
185.216.113.70 - - [25/Apr/2026:06:37:52 +0300] "POST /wp-cron.php?doing_wp_cron=1777088272.8785300254821777343750 HTTP/1.1" 200 448 "-" "WordPress/6.3.8; https://serhatburke.miroglu.net"
207.46.13.7 - - [25/Apr/2026:06:37:40 +0300] "GET /traktandum-25-spielbank-provision-abzuglich-einzahlung-2026-as-part-of-deutschland/ HTTP/2" 200 20070 "-" "Mozilla/5.0 AppleWebKit/537.36 (KHTML, like Gecko; compatible; bingbot/2.0; +http://www.bing.com/bingbot.htm) Chrome/116.0.1938.76 Safari/537.36"
52.167.144.183 - - [25/Apr/2026:06:37:43 +0300] "GET /online-echtgeld-spielsaal-unser-casino-game-of-gladiators-spannendsten-plattformen-pro-echtgeld-spiele-02-2026/ HTTP/2" 200 19810 "-" "Mozilla/5.0 AppleWebKit/537.36 (KHTML, like Gecko; compatible; bingbot/2.0; +http://www.bing.com/bingbot.htm) Chrome/116.0.1938.76 Safari/537.36"
207.46.13.7 - - [25/Apr/2026:06:38:01 +0300] "GET /20-greatest-casino-programs-the-real-deal-currency-betting-2026/ HTTP/2" 200 18511 "-" "Mozilla/5.0 AppleWebKit/537.36 (KHTML, like Gecko; compatible; bingbot/2.0; +http://www.bing.com/bingbot.htm) Chrome/116.0.1938.76 Safari/537.36"
52.167.144.183 - - [25/Apr/2026:06:38:05 +0300] "GET /confira-os-cassino-spin-bonus-sem-deposito-melhores-slots-megaways-do-brasil-infantilidade-2026/ HTTP/2" 200 19614 "-" "Mozilla/5.0 AppleWebKit/537.36 (KHTML, like Gecko; compatible; bingbot/2.0; +http://www.bing.com/bingbot.htm) Chrome/116.0.1938.76 Safari/537.36"
185.216.113.70 - - [25/Apr/2026:06:40:17 +0300] "POST /wp-cron.php?doing_wp_cron=1777088417.4285230636596679687500 HTTP/1.1" 200 448 "-" "WordPress/6.3.8; https://serhatburke.miroglu.net"
200.25.47.132 - - [25/Apr/2026:06:40:02 +0300] "POST /xmlrpc.php HTTP/1.1" 200 630 "-" "Mozilla/5.0 (Windows NT 10.0; Win64; x64) AppleWebKit/537.36 (KHTML, like Gecko) Chrome/114.0.0.0 Safari/537.36"
130.49.113.158 - - [25/Apr/2026:06:40:18 +0300] "GET / HTTP/1.1" 200 21403 "-" "Mozilla/5.0 (Windows NT 10.0; Win64; x64) AppleWebKit/537.36 (KHTML, like Gecko) Chrome/120.0.0.0 Safari/537.36"
200.25.47.132 - - [25/Apr/2026:06:40:24 +0300] "POST /xmlrpc.php HTTP/1.1" 200 11430 "-" "Mozilla/5.0 (Windows NT 10.0; Win64; x64) AppleWebKit/537.36 (KHTML, like Gecko) Chrome/114.0.0.0 Safari/537.36"
185.216.113.70 - - [25/Apr/2026:06:40:52 +0300] "POST /wp-cron.php?doing_wp_cron=1777088452.1427888870239257812500 HTTP/1.1" 200 448 "-" "WordPress/6.3.8; https://serhatburke.miroglu.net"
200.25.47.132 - - [25/Apr/2026:06:40:40 +0300] "GET /ne-internet-pokies-lojerat-me-te-mira-australiane-pokie-monedha-e-vertete/ HTTP/1.1" 200 75639 "-" "Mozilla/5.0 (Windows NT 10.0; Win64; x64; rv:125.0) Gecko/20100101 Firefox/125.0"
185.216.113.70 - - [25/Apr/2026:06:42:51 +0300] "POST /wp-cron.php?doing_wp_cron=1777088571.8624870777130126953125 HTTP/1.1" 200 448 "-" "WordPress/6.3.8; https://serhatburke.miroglu.net"
207.46.13.86 - - [25/Apr/2026:06:42:38 +0300] "GET /maya-prinsessasatamat-richville-ensitalletusbonus/ HTTP/2" 200 18051 "-" "Mozilla/5.0 AppleWebKit/537.36 (KHTML, like Gecko; compatible; bingbot/2.0; +http://www.bing.com/bingbot.htm) Chrome/116.0.1938.76 Safari/537.36"
185.216.113.70 - - [25/Apr/2026:06:44:03 +0300] "POST /wp-cron.php?doing_wp_cron=1777088643.7405719757080078125000 HTTP/1.1" 200 448 "-" "WordPress/6.3.8; https://serhatburke.miroglu.net"
66.249.73.15 - - [25/Apr/2026:06:43:51 +0300] "GET /admiral-shark-casino-uk-review-dive-into-exciting-online-gaming/ HTTP/1.1" 200 18675 "-" "Mozilla/5.0 (Linux; Android 6.0.1; Nexus 5X Build/MMB29P) AppleWebKit/537.36 (KHTML, like Gecko) Chrome/146.0.7680.177 Mobile Safari/537.36 (compatible; Googlebot/2.1; +http://www.google.com/bot.html)"
66.249.73.14 - - [25/Apr/2026:06:44:21 +0300] "GET /admiral-shark-casino-uk-review-dive-into-exciting-online-gaming/undefined?ts=1775520000 HTTP/1.1" 200 0 "https://serhatburke.miroglu.net/admiral-shark-casino-uk-review-dive-into-exciting-online-gaming/" "Mozilla/5.0 (Linux; Android 6.0.1; Nexus 5X Build/MMB29P) AppleWebKit/537.36 (KHTML, like Gecko) Chrome/146.0.7680.177 Mobile Safari/537.36 (compatible; Googlebot/2.1; +http://www.google.com/bot.html)"
40.77.167.132 - - [25/Apr/2026:06:44:14 +0300] "GET /2025-kazaxstan-stavki-na-sport-i-olimp-casino4977/ HTTP/2" 200 19124 "-" "Mozilla/5.0 AppleWebKit/537.36 (KHTML, like Gecko; compatible; bingbot/2.0; +http://www.bing.com/bingbot.htm) Chrome/116.0.1938.76 Safari/537.36"
185.216.113.70 - - [25/Apr/2026:06:44:46 +0300] "POST /wp-cron.php?doing_wp_cron=1777088685.9275341033935546875000 HTTP/1.1" 200 448 "-" "WordPress/6.3.8; https://serhatburke.miroglu.net"
159.223.34.107 - - [25/Apr/2026:06:44:20 +0300] "GET /wp-json/oembed/1.0/embed?url=https%3A%2F%2Fserhatburke.miroglu.net&format=json HTTP/1.1" 200 1896 "-" "Mozilla/5.0 (X11; Linux x86_64) AppleWebKit/537.36 (KHTML, like Gecko) Chrome/143.0.0.0 Safari/537.36"
159.223.34.107 - - [25/Apr/2026:06:44:20 +0300] "GET /wp-json/wp/v2/posts?per_page=20&_embed=author&_fields=_embedded HTTP/1.1" 200 871 "-" "Mozilla/5.0 (X11; Linux x86_64) AppleWebKit/537.36 (KHTML, like Gecko) Chrome/143.0.0.0 Safari/537.36"
207.46.13.86 - - [25/Apr/2026:06:44:21 +0300] "GET /kotska%D1%9Ae-na-internetu-slingo-i-kazino-booi-aplikatsi%D1%98a-srbi%D1%98a-igre/ HTTP/2" 200 19827 "-" "Mozilla/5.0 AppleWebKit/537.36 (KHTML, like Gecko; compatible; bingbot/2.0; +http://www.bing.com/bingbot.htm) Chrome/116.0.1938.76 Safari/537.36"
185.216.113.70 - - [25/Apr/2026:06:48:28 +0300] "POST /wp-cron.php?doing_wp_cron=1777088908.6244239807128906250000 HTTP/1.1" 200 448 "-" "WordPress/6.3.8; https://serhatburke.miroglu.net"
178.159.37.156 - - [25/Apr/2026:06:48:15 +0300] "POST /xmlrpc.php HTTP/1.1" 200 183925 "-" "Mozilla/5.0 (Windows NT 10.0; Win64; x64) AppleWebKit/537.36 (KHTML, like Gecko) Chrome/114.0.0.0 Safari/537.36 Edg/114.0.1823.43"
178.159.37.156 - - [25/Apr/2026:06:49:26 +0300] "POST /xmlrpc.php HTTP/1.1" 200 664 "-" "Mozilla/5.0 (Windows NT 10.0; Win64; x64) AppleWebKit/537.36 (KHTML, like Gecko) Chrome/114.0.0.0 Safari/537.36 Edg/114.0.1823.43"
185.216.113.70 - - [25/Apr/2026:06:49:49 +0300] "POST /wp-cron.php?doing_wp_cron=1777088989.3024909496307373046875 HTTP/1.1" 200 448 "-" "WordPress/6.3.8; https://serhatburke.miroglu.net"
184.178.172.17 - - [25/Apr/2026:06:49:37 +0300] "GET /28563-2/ HTTP/1.1" 200 73052 "-" "Mozilla/5.0 (compatible; Googlebot/2.1; +http://www.google.com/bot.html)"
178.159.37.156 - - [25/Apr/2026:06:49:45 +0300] "POST /xmlrpc.php HTTP/1.1" 200 664 "-" "Mozilla/5.0 (Windows NT 10.0; Win64; x64) AppleWebKit/537.36 (KHTML, like Gecko) Chrome/114.0.0.0 Safari/537.36 Edg/114.0.1823.43"
185.216.113.70 - - [25/Apr/2026:06:51:08 +0300] "POST /wp-cron.php?doing_wp_cron=1777089067.9920799732208251953125 HTTP/1.1" 200 448 "-" "WordPress/6.3.8; https://serhatburke.miroglu.net"
200.25.47.114 - - [25/Apr/2026:06:50:52 +0300] "POST /xmlrpc.php HTTP/1.1" 200 630 "-" "Mozilla/5.0 (Windows NT 10.0; Win64; x64) AppleWebKit/537.36 (KHTML, like Gecko) Chrome/114.0.0.0 Safari/537.36"
178.159.37.156 - - [25/Apr/2026:06:51:01 +0300] "POST /xmlrpc.php HTTP/1.1" 200 884 "-" "Mozilla/5.0 (Windows NT 10.0; Win64; x64) AppleWebKit/537.36 (KHTML, like Gecko) Chrome/114.0.0.0 Safari/537.36 Edg/114.0.1823.43"
200.25.47.114 - - [25/Apr/2026:06:51:15 +0300] "POST /xmlrpc.php HTTP/1.1" 200 12217 "-" "Mozilla/5.0 (Windows NT 10.0; Win64; x64) AppleWebKit/537.36 (KHTML, like Gecko) Chrome/114.0.0.0 Safari/537.36"
200.25.47.114 - - [25/Apr/2026:06:51:35 +0300] "GET /najkorzystniej-darmowa-lada-za-rejestracje-wyjawszy-depozytu-2025/ HTTP/1.1" 200 76478 "-" "Mozilla/5.0 (Windows NT 10.0; Win64; x64) AppleWebKit/537.36 (KHTML, like Gecko) Chrome/122.0.0.0 Safari/537.36"
185.216.113.70 - - [25/Apr/2026:06:53:01 +0300] "POST /wp-cron.php?doing_wp_cron=1777089181.5758929252624511718750 HTTP/1.1" 200 448 "-" "WordPress/6.3.8; https://serhatburke.miroglu.net"
207.46.13.156 - - [25/Apr/2026:06:52:46 +0300] "GET /i-migliori-casino-senza-deposito-goldbet-2026-casa-da-gioco-bitcoin-in-prelievi-istantanei-nel-2026/ HTTP/2" 200 19607 "-" "Mozilla/5.0 AppleWebKit/537.36 (KHTML, like Gecko; compatible; bingbot/2.0; +http://www.bing.com/bingbot.htm) Chrome/116.0.1938.76 Safari/537.36"
40.77.167.50 - - [25/Apr/2026:06:53:03 +0300] "GET /lastschrift-casinos-beste-alternativen-je-deutsche-zocker/ HTTP/2" 200 20808 "-" "Mozilla/5.0 AppleWebKit/537.36 (KHTML, like Gecko; compatible; bingbot/2.0; +http://www.bing.com/bingbot.htm) Chrome/116.0.1938.76 Safari/537.36"
207.46.13.156 - - [25/Apr/2026:06:53:07 +0300] "GET /you-could-enjoy-instead-of-a-plus-nevertheless-generate-withdrawals-once-the-typical-should-your-bonus-doesnt-suit-your-concept/ HTTP/2" 200 17774 "-" "Mozilla/5.0 AppleWebKit/537.36 (KHTML, like Gecko; compatible; bingbot/2.0; +http://www.bing.com/bingbot.htm) Chrome/116.0.1938.76 Safari/537.36"
40.77.167.132 - - [25/Apr/2026:06:53:08 +0300] "GET /auch-gibt-es-sekundar-meldungen-zur-anonymen-zahlungsweise-die-uber-der-prepaidcard-ergebnis-denkbar-eignen/ HTTP/2" 200 18273 "-" "Mozilla/5.0 AppleWebKit/537.36 (KHTML, like Gecko; compatible; bingbot/2.0; +http://www.bing.com/bingbot.htm) Chrome/116.0.1938.76 Safari/537.36"
200.25.47.114 - - [25/Apr/2026:06:53:20 +0300] "POST /xmlrpc.php HTTP/1.1" 200 630 "-" "Mozilla/5.0 (Windows NT 10.0; Win64; x64) AppleWebKit/537.36 (KHTML, like Gecko) Chrome/114.0.0.0 Safari/537.36"
185.216.113.70 - - [25/Apr/2026:06:53:53 +0300] "POST /wp-cron.php?doing_wp_cron=1777089233.4352700710296630859375 HTTP/1.1" 200 448 "-" "WordPress/6.3.8; https://serhatburke.miroglu.net"
200.25.47.132 - - [25/Apr/2026:06:53:41 +0300] "POST /xmlrpc.php HTTP/1.1" 200 630 "-" "Mozilla/5.0 (Windows NT 10.0; Win64; x64) AppleWebKit/537.36 (KHTML, like Gecko) Chrome/114.0.0.0 Safari/537.36"
200.25.47.114 - - [25/Apr/2026:06:53:43 +0300] "POST /xmlrpc.php HTTP/1.1" 200 12314 "-" "Mozilla/5.0 (Windows NT 10.0; Win64; x64) AppleWebKit/537.36 (KHTML, like Gecko) Chrome/114.0.0.0 Safari/537.36"
200.25.47.114 - - [25/Apr/2026:06:53:57 +0300] "GET /automaty-siodemki-oraz-gry-hazardowe-za-darmo-77777-oraz-zagraj/ HTTP/1.1" 200 76835 "-" "Mozilla/5.0 (Windows NT 10.0; Win64; x64) AppleWebKit/537.36 (KHTML, like Gecko) Chrome/124.0.0.0 Safari/537.36"
200.25.47.132 - - [25/Apr/2026:06:54:00 +0300] "POST /xmlrpc.php HTTP/1.1" 200 14221 "-" "Mozilla/5.0 (Windows NT 10.0; Win64; x64) AppleWebKit/537.36 (KHTML, like Gecko) Chrome/114.0.0.0 Safari/537.36"
200.25.47.132 - - [25/Apr/2026:06:54:17 +0300] "GET /bo%D1%99e-potpuno-besplatno-verde-casino-azuriranje-aplikacije-okreta%D1%9Ae-bonusi-bez-depozita-pobeda-pravi-novats/ HTTP/1.1" 200 84398 "-" "Mozilla/5.0 (Windows NT 10.0; Win64; x64; rv:124.0) Gecko/20100101 Firefox/124.0"
185.216.113.70 - - [25/Apr/2026:06:55:35 +0300] "POST /wp-cron.php?doing_wp_cron=1777089335.1167910099029541015625 HTTP/1.1" 200 448 "-" "WordPress/6.3.8; https://serhatburke.miroglu.net"
77.119.188.175 - - [25/Apr/2026:06:55:22 +0300] "GET /casino-online-skrill-prelievo-veloce/ HTTP/1.1" 200 18755 "-" "Mozilla/5.0 (compatible; Googlebot/2.1; +http://www.google.com/bot.html)"
200.25.47.114 - - [25/Apr/2026:06:55:28 +0300] "POST /xmlrpc.php HTTP/1.1" 200 630 "-" "Mozilla/5.0 (Windows NT 10.0; Win64; x64) AppleWebKit/537.36 (KHTML, like Gecko) Chrome/114.0.0.0 Safari/537.36"
200.25.47.114 - - [25/Apr/2026:06:55:48 +0300] "POST /xmlrpc.php HTTP/1.1" 200 11762 "-" "Mozilla/5.0 (Windows NT 10.0; Win64; x64) AppleWebKit/537.36 (KHTML, like Gecko) Chrome/114.0.0.0 Safari/537.36"
200.25.47.114 - - [25/Apr/2026:06:56:01 +0300] "GET /swietne-rozrywki-graj-darmowo-przez-internet/ HTTP/1.1" 200 75745 "-" "Mozilla/5.0 (Windows NT 10.0; rv:125.0) Gecko/20100101 Firefox/125.0"
185.216.113.70 - - [25/Apr/2026:06:57:35 +0300] "POST /wp-cron.php?doing_wp_cron=1777089455.0814480781555175781250 HTTP/1.1" 200 448 "-" "WordPress/6.3.8; https://serhatburke.miroglu.net"
200.25.47.114 - - [25/Apr/2026:06:57:21 +0300] "POST /xmlrpc.php HTTP/1.1" 200 630 "-" "Mozilla/5.0 (Windows NT 10.0; Win64; x64) AppleWebKit/537.36 (KHTML, like Gecko) Chrome/114.0.0.0 Safari/537.36"
200.25.47.114 - - [25/Apr/2026:06:57:42 +0300] "POST /xmlrpc.php HTTP/1.1" 200 11730 "-" "Mozilla/5.0 (Windows NT 10.0; Win64; x64) AppleWebKit/537.36 (KHTML, like Gecko) Chrome/114.0.0.0 Safari/537.36"
200.25.47.114 - - [25/Apr/2026:06:57:59 +0300] "GET /darmowe-hazard-777-jak-i-rowniez-odmienne-uciechy-kasyno-graj-bezplatnie/ HTTP/1.1" 200 76498 "-" "Mozilla/5.0 (Windows NT 10.0; rv:125.0) Gecko/20100101 Firefox/125.0"
185.216.113.70 - - [25/Apr/2026:06:58:51 +0300] "POST /wp-cron.php?doing_wp_cron=1777089531.2664139270782470703125 HTTP/1.1" 200 448 "-" "WordPress/6.3.8; https://serhatburke.miroglu.net"
200.25.47.132 - - [25/Apr/2026:06:58:40 +0300] "POST /xmlrpc.php HTTP/1.1" 200 630 "-" "Mozilla/5.0 (Windows NT 10.0; Win64; x64) AppleWebKit/537.36 (KHTML, like Gecko) Chrome/114.0.0.0 Safari/537.36"
200.25.47.132 - - [25/Apr/2026:06:58:58 +0300] "POST /xmlrpc.php HTTP/1.1" 200 14580 "-" "Mozilla/5.0 (Windows NT 10.0; Win64; x64) AppleWebKit/537.36 (KHTML, like Gecko) Chrome/114.0.0.0 Safari/537.36"
200.25.47.114 - - [25/Apr/2026:06:59:01 +0300] "POST /xmlrpc.php HTTP/1.1" 200 630 "-" "Mozilla/5.0 (Windows NT 10.0; Win64; x64) AppleWebKit/537.36 (KHTML, like Gecko) Chrome/114.0.0.0 Safari/537.36"
200.25.47.132 - - [25/Apr/2026:06:59:12 +0300] "GET /na%D1%98bo%D1%99i-bonus-bez-depozita-od-200-dolara-u-kotskarnitsama-u-s%D1%98edi%D1%9Aenim-verde-casino-prijava-na-zvanicni-sajt-drzhavama/ HTTP/1.1" 200 85185 "-" "Mozilla/5.0 (Windows NT 10.0; Win64; x64; rv:124.0) Gecko/20100101 Firefox/124.0"
200.25.47.114 - - [25/Apr/2026:06:59:20 +0300] "POST /xmlrpc.php HTTP/1.1" 200 11863 "-" "Mozilla/5.0 (Windows NT 10.0; Win64; x64) AppleWebKit/537.36 (KHTML, like Gecko) Chrome/114.0.0.0 Safari/537.36"
185.216.113.70 - - [25/Apr/2026:06:59:49 +0300] "POST /wp-cron.php?doing_wp_cron=1777089589.8547739982604980468750 HTTP/1.1" 200 448 "-" "WordPress/6.3.8; https://serhatburke.miroglu.net"
200.25.47.114 - - [25/Apr/2026:06:59:38 +0300] "GET /bonusowe-zabawy-w-automatach-za-darmo-graj-w-uciechy-sieciowy/ HTTP/1.1" 200 75840 "-" "Mozilla/5.0 (Windows NT 10.0; Win64; x64; rv:124.0) Gecko/20100101 Firefox/124.0"
185.216.113.70 - - [25/Apr/2026:07:00:51 +0300] "POST /wp-cron.php?doing_wp_cron=1777089651.6929609775543212890625 HTTP/1.1" 200 448 "-" "WordPress/6.3.8; https://serhatburke.miroglu.net"
200.25.47.114 - - [25/Apr/2026:07:00:39 +0300] "POST /xmlrpc.php HTTP/1.1" 200 630 "-" "Mozilla/5.0 (Windows NT 10.0; Win64; x64) AppleWebKit/537.36 (KHTML, like Gecko) Chrome/114.0.0.0 Safari/537.36"
200.25.47.114 - - [25/Apr/2026:07:00:58 +0300] "POST /xmlrpc.php HTTP/1.1" 200 11898 "-" "Mozilla/5.0 (Windows NT 10.0; Win64; x64) AppleWebKit/537.36 (KHTML, like Gecko) Chrome/114.0.0.0 Safari/537.36"
200.25.47.114 - - [25/Apr/2026:07:01:12 +0300] "GET /rozrywki-konsekwentne-darmowe-uciechy-sieciowy-na-giercownia-pl/ HTTP/1.1" 200 75928 "-" "Mozilla/5.0 (Windows NT 10.0; Win64; x64) AppleWebKit/537.36 (KHTML, like Gecko) Chrome/109.0.0.0 Safari/537.36"
185.216.113.70 - - [25/Apr/2026:07:01:51 +0300] "POST /wp-cron.php?doing_wp_cron=1777089711.2271380424499511718750 HTTP/1.1" 200 448 "-" "WordPress/6.3.8; https://serhatburke.miroglu.net"
200.25.47.132 - - [25/Apr/2026:07:01:38 +0300] "POST /xmlrpc.php HTTP/1.1" 200 630 "-" "Mozilla/5.0 (Windows NT 10.0; Win64; x64) AppleWebKit/537.36 (KHTML, like Gecko) Chrome/114.0.0.0 Safari/537.36"
200.25.47.132 - - [25/Apr/2026:07:01:57 +0300] "POST /xmlrpc.php HTTP/1.1" 200 14917 "-" "Mozilla/5.0 (Windows NT 10.0; Win64; x64) AppleWebKit/537.36 (KHTML, like Gecko) Chrome/114.0.0.0 Safari/537.36"
200.25.47.132 - - [25/Apr/2026:07:02:11 +0300] "GET /na%D1%98bo%D1%99e-verde-casino-online-kazino-promo-kod-besplatne-okrete-bez-depozita-ekstra-sada-ponude-u-onla%D1%98n-kazinima-2026/ HTTP/1.1" 200 85808 "-" "Mozilla/5.0 (Windows NT 10.0; Win64; x64) AppleWebKit/537.36 (KHTML, like Gecko) Chrome/123.0.0.0 Safari/537.36"
200.25.47.114 - - [25/Apr/2026:07:02:18 +0300] "POST /xmlrpc.php HTTP/1.1" 200 630 "-" "Mozilla/5.0 (Windows NT 10.0; Win64; x64) AppleWebKit/537.36 (KHTML, like Gecko) Chrome/114.0.0.0 Safari/537.36"
185.216.113.70 - - [25/Apr/2026:07:02:48 +0300] "POST /wp-cron.php?doing_wp_cron=1777089768.5058979988098144531250 HTTP/1.1" 200 448 "-" "WordPress/6.3.8; https://serhatburke.miroglu.net"
200.25.47.114 - - [25/Apr/2026:07:02:36 +0300] "POST /xmlrpc.php HTTP/1.1" 200 11264 "-" "Mozilla/5.0 (Windows NT 10.0; Win64; x64) AppleWebKit/537.36 (KHTML, like Gecko) Chrome/114.0.0.0 Safari/537.36"
200.25.47.114 - - [25/Apr/2026:07:02:50 +0300] "GET /kasyno-internetowego-pl-najkorzystniejsze-lokalne-casino-internetowe-2025/ HTTP/1.1" 200 75864 "-" "Mozilla/5.0 (Windows NT 10.0; Win64; x64) AppleWebKit/537.36 (KHTML, like Gecko) Chrome/109.0.0.0 Safari/537.36"
207.46.13.116 - - [25/Apr/2026:07:03:15 +0300] "GET /jedem-gemein-sei-auf-diese-weise-zum-zum-besten-geben-kaum-besonderen-fahigkeiten-obligatorisch-eignen/ HTTP/2" 200 18590 "-" "Mozilla/5.0 AppleWebKit/537.36 (KHTML, like Gecko; compatible; bingbot/2.0; +http://www.bing.com/bingbot.htm) Chrome/116.0.1938.76 Safari/537.36"
185.98.42.194 - - [25/Apr/2026:07:02:42 +0300] "GET /28563-2/ HTTP/1.1" 200 19270 "-" "Mozilla/5.0 (compatible; Googlebot/2.1; +http://www.google.com/bot.html)"
185.216.113.70 - - [25/Apr/2026:07:04:02 +0300] "POST /wp-cron.php?doing_wp_cron=1777089842.0619750022888183593750 HTTP/1.1" 200 448 "-" "WordPress/6.3.8; https://serhatburke.miroglu.net"
207.46.13.116 - - [25/Apr/2026:07:03:48 +0300] "GET /neue-erreichbar-casinos-2026-newcomer-untersuchung-komplett/ HTTP/2" 200 18593 "-" "Mozilla/5.0 AppleWebKit/537.36 (KHTML, like Gecko; compatible; bingbot/2.0; +http://www.bing.com/bingbot.htm) Chrome/116.0.1938.76 Safari/537.36"
200.25.47.114 - - [25/Apr/2026:07:03:57 +0300] "POST /xmlrpc.php HTTP/1.1" 200 630 "-" "Mozilla/5.0 (Windows NT 10.0; Win64; x64) AppleWebKit/537.36 (KHTML, like Gecko) Chrome/114.0.0.0 Safari/537.36"
52.167.144.150 - - [25/Apr/2026:07:03:57 +0300] "GET /beste-bedrijven-in-de-categorie-casino-op-13/ HTTP/2" 200 170910 "-" "Mozilla/5.0 AppleWebKit/537.36 (KHTML, like Gecko; compatible; bingbot/2.0; +http://www.bing.com/bingbot.htm) Chrome/116.0.1938.76 Safari/537.36"
200.25.47.132 - - [25/Apr/2026:07:04:17 +0300] "POST /xmlrpc.php HTTP/1.1" 200 630 "-" "Mozilla/5.0 (Windows NT 10.0; Win64; x64) AppleWebKit/537.36 (KHTML, like Gecko) Chrome/114.0.0.0 Safari/537.36"
200.25.47.114 - - [25/Apr/2026:07:04:22 +0300] "POST /xmlrpc.php HTTP/1.1" 200 12815 "-" "Mozilla/5.0 (Windows NT 10.0; Win64; x64) AppleWebKit/537.36 (KHTML, like Gecko) Chrome/114.0.0.0 Safari/537.36"
185.216.113.70 - - [25/Apr/2026:07:04:48 +0300] "POST /wp-cron.php?doing_wp_cron=1777089888.2758131027221679687500 HTTP/1.1" 200 448 "-" "WordPress/6.3.8; https://serhatburke.miroglu.net"
200.25.47.132 - - [25/Apr/2026:07:04:35 +0300] "POST /xmlrpc.php HTTP/1.1" 200 14335 "-" "Mozilla/5.0 (Windows NT 10.0; Win64; x64) AppleWebKit/537.36 (KHTML, like Gecko) Chrome/114.0.0.0 Safari/537.36"
200.25.47.114 - - [25/Apr/2026:07:04:36 +0300] "GET /jurassic-world-evolution-trzech-wysoka-encyklopedia-gierek/ HTTP/1.1" 200 76755 "-" "Mozilla/5.0 (Windows NT 10.0; Win64; x64) AppleWebKit/537.36 (KHTML, like Gecko) Chrome/109.0.0.0 Safari/537.36"
200.25.47.132 - - [25/Apr/2026:07:04:50 +0300] "GET /prednosti-i-mane-200-verde-casino-aplikacija-apk-dolara-podstitsa%D1%98a-bez-mogu%D1%9Bnosti-kupovine-i-200-besplatnikh-okreta%D1%98a-od-100-do-100/ HTTP/1.1" 200 85901 "-" "Mozilla/5.0 (Windows NT 10.0; rv:125.0) Gecko/20100101 Firefox/125.0"
185.216.113.70 - - [25/Apr/2026:07:05:42 +0300] "POST /wp-cron.php?doing_wp_cron=1777089942.6962430477142333984375 HTTP/1.1" 200 448 "-" "WordPress/6.3.8; https://serhatburke.miroglu.net"
200.25.47.114 - - [25/Apr/2026:07:05:30 +0300] "POST /xmlrpc.php HTTP/1.1" 200 630 "-" "Mozilla/5.0 (Windows NT 10.0; Win64; x64) AppleWebKit/537.36 (KHTML, like Gecko) Chrome/114.0.0.0 Safari/537.36"
200.25.47.114 - - [25/Apr/2026:07:05:49 +0300] "POST /xmlrpc.php HTTP/1.1" 200 11884 "-" "Mozilla/5.0 (Windows NT 10.0; Win64; x64) AppleWebKit/537.36 (KHTML, like Gecko) Chrome/114.0.0.0 Safari/537.36"
200.25.47.114 - - [25/Apr/2026:07:06:04 +0300] "GET /ranking-legalnych-kasyn-w-polsce/ HTTP/1.1" 200 75051 "-" "Mozilla/5.0 (Windows NT 10.0; Win64; x64) AppleWebKit/537.36 (KHTML, like Gecko) Chrome/122.0.0.0 Safari/537.36"
185.216.113.70 - - [25/Apr/2026:07:07:20 +0300] "POST /wp-cron.php?doing_wp_cron=1777090040.2157099246978759765625 HTTP/1.1" 200 448 "-" "WordPress/6.3.8; https://serhatburke.miroglu.net"
200.25.47.132 - - [25/Apr/2026:07:06:50 +0300] "POST /xmlrpc.php HTTP/1.1" 200 630 "-" "Mozilla/5.0 (Windows NT 10.0; Win64; x64) AppleWebKit/537.36 (KHTML, like Gecko) Chrome/114.0.0.0 Safari/537.36"
200.25.47.114 - - [25/Apr/2026:07:06:57 +0300] "POST /xmlrpc.php HTTP/1.1" 200 630 "-" "Mozilla/5.0 (Windows NT 10.0; Win64; x64) AppleWebKit/537.36 (KHTML, like Gecko) Chrome/114.0.0.0 Safari/537.36"
37.139.53.240 - - [25/Apr/2026:07:07:01 +0300] "POST / HTTP/2" 200 0 "-" "Mozilla/5.0 (Macintosh; Intel Mac OS X 10_15_7) AppleWebKit/537.36 (KHTML, like Gecko) Chrome/131.0.0.0 Safari/537.36"
52.167.144.169 - - [25/Apr/2026:07:07:16 +0300] "GET /exploring-the-hidden-strategies-behind-successful-casino-games/ HTTP/2" 200 17455 "-" "Mozilla/5.0 AppleWebKit/537.36 (KHTML, like Gecko; compatible; bingbot/2.0; +http://www.bing.com/bingbot.htm) Chrome/116.0.1938.76 Safari/537.36"
200.25.47.132 - - [25/Apr/2026:07:07:27 +0300] "POST /xmlrpc.php HTTP/1.1" 200 14250 "-" "Mozilla/5.0 (Windows NT 10.0; Win64; x64) AppleWebKit/537.36 (KHTML, like Gecko) Chrome/114.0.0.0 Safari/537.36"
207.46.13.116 - - [25/Apr/2026:07:07:29 +0300] "GET /discover-the-unique-features-of-sushiswap-dex-15/ HTTP/2" 200 18014 "-" "Mozilla/5.0 AppleWebKit/537.36 (KHTML, like Gecko; compatible; bingbot/2.0; +http://www.bing.com/bingbot.htm) Chrome/116.0.1938.76 Safari/537.36"
200.25.47.114 - - [25/Apr/2026:07:07:42 +0300] "POST /xmlrpc.php HTTP/1.1" 200 12457 "-" "Mozilla/5.0 (Windows NT 10.0; Win64; x64) AppleWebKit/537.36 (KHTML, like Gecko) Chrome/114.0.0.0 Safari/537.36"
37.139.53.240 - - [25/Apr/2026:07:07:36 +0300] "POST / HTTP/2" 200 0 "-" "Mozilla/5.0 (Macintosh; Intel Mac OS X 10_15_7) AppleWebKit/605.1.15 (KHTML, like Gecko) Version/18.0 Safari/605.1.15"
200.25.47.132 - - [25/Apr/2026:07:08:04 +0300] "GET /thunderstruck-dos-ports-potpuno-besplatni-okreti-bez-depozita-online-kazino-bez-depozita-ice-casino-dodatni-bonus-i-retsenzi%D1%98a/ HTTP/1.1" 200 84924 "-" "Mozilla/5.0 (Windows NT 10.0; Win64; x64; rv:124.0) Gecko/20100101 Firefox/124.0"
200.25.47.114 - - [25/Apr/2026:07:08:09 +0300] "GET /100-zlotych-wyjawszy-depozytu-zbyt-rejestracje-przy-naszych-kasyno/ HTTP/1.1" 200 76882 "-" "Mozilla/5.0 (Windows NT 10.0; Win64; x64) AppleWebKit/537.36 (KHTML, like Gecko) Chrome/122.0.0.0 Safari/537.36"
200.25.47.114 - - [25/Apr/2026:07:08:23 +0300] "POST /xmlrpc.php HTTP/1.1" 200 630 "-" "Mozilla/5.0 (Windows NT 10.0; Win64; x64) AppleWebKit/537.36 (KHTML, like Gecko) Chrome/114.0.0.0 Safari/537.36"
207.46.13.116 - - [25/Apr/2026:07:08:19 +0300] "GET /%CF%86%CF%81%CE%B1%CE%BD%CE%BA-%CF%86%CF%81%CE%B5%CE%BD%CF%84-%CE%BB%CE%B9%CE%BC%CE%AC%CE%BD%CE%B9%CE%B1-%CE%B5%CF%80%CE%B9%CF%87%CE%B5%CE%B9%CF%81%CE%AE%CF%83%CE%B5%CF%89%CE%BD-%CF%84%CF%85%CF%87/ HTTP/2" 200 21239 "-" "Mozilla/5.0 AppleWebKit/537.36 (KHTML, like Gecko; compatible; bingbot/2.0; +http://www.bing.com/bingbot.htm) Chrome/116.0.1938.76 Safari/537.36"
185.216.113.70 - - [25/Apr/2026:07:08:56 +0300] "POST /wp-cron.php?doing_wp_cron=1777090136.5395069122314453125000 HTTP/1.1" 200 448 "-" "WordPress/6.3.8; https://serhatburke.miroglu.net"
200.25.47.114 - - [25/Apr/2026:07:08:42 +0300] "POST /xmlrpc.php HTTP/1.1" 200 11786 "-" "Mozilla/5.0 (Windows NT 10.0; Win64; x64) AppleWebKit/537.36 (KHTML, like Gecko) Chrome/114.0.0.0 Safari/537.36"
45.39.50.203 - - [25/Apr/2026:07:08:44 +0300] "POST /xmlrpc.php HTTP/1.1" 200 730 "-" "axios/1.11.0"
23.27.208.89 - - [25/Apr/2026:07:08:55 +0300] "POST /xmlrpc.php HTTP/1.1" 200 730 "-" "axios/1.11.0"
200.25.47.114 - - [25/Apr/2026:07:08:58 +0300] "GET /darmowa-lada-bez-depozytu-ogloszenia-kasyn-za-rejestracje-2025/ HTTP/1.1" 200 76263 "-" "Mozilla/5.0 (Windows NT 10.0; Win64; x64) AppleWebKit/537.36 (KHTML, like Gecko) Chrome/122.0.0.0 Safari/537.36"
40.77.167.241 - - [25/Apr/2026:07:09:14 +0300] "GET /ideal-suggestions-to-pick-the-best-local-casino-bonuses-which-have-fair-terms-and-conditions-in-america/ HTTP/2" 200 18510 "-" "Mozilla/5.0 AppleWebKit/537.36 (KHTML, like Gecko; compatible; bingbot/2.0; +http://www.bing.com/bingbot.htm) Chrome/116.0.1938.76 Safari/537.36"
200.25.47.132 - - [25/Apr/2026:07:09:24 +0300] "POST /xmlrpc.php HTTP/1.1" 200 630 "-" "Mozilla/5.0 (Windows NT 10.0; Win64; x64) AppleWebKit/537.36 (KHTML, like Gecko) Chrome/114.0.0.0 Safari/537.36"
200.25.47.132 - - [25/Apr/2026:07:09:45 +0300] "POST /xmlrpc.php HTTP/1.1" 200 14309 "-" "Mozilla/5.0 (Windows NT 10.0; Win64; x64) AppleWebKit/537.36 (KHTML, like Gecko) Chrome/114.0.0.0 Safari/537.36"
200.25.47.114 - - [25/Apr/2026:07:09:48 +0300] "POST /xmlrpc.php HTTP/1.1" 200 630 "-" "Mozilla/5.0 (Windows NT 10.0; Win64; x64) AppleWebKit/537.36 (KHTML, like Gecko) Chrome/114.0.0.0 Safari/537.36"
200.25.47.132 - - [25/Apr/2026:07:09:59 +0300] "GET /bo%D1%99i-bonus-verde-kazino-promo-bez-depozita-tako%D1%92e-pruzha-i-potpuno-%D1%9Bete-se-besplatno-okretati-u-%D1%98uzhno%D1%98-afritsi/ HTTP/1.1" 200 86019 "-" "Mozilla/5.0 (Windows NT 10.0; Win64; x64) AppleWebKit/537.36 (KHTML, like Gecko) Chrome/124.0.0.0 Safari/537.36"
185.216.113.70 - - [25/Apr/2026:07:10:19 +0300] "POST /wp-cron.php?doing_wp_cron=1777090219.8963699340820312500000 HTTP/1.1" 200 448 "-" "WordPress/6.3.8; https://serhatburke.miroglu.net"
200.25.47.114 - - [25/Apr/2026:07:10:07 +0300] "POST /xmlrpc.php HTTP/1.1" 200 11488 "-" "Mozilla/5.0 (Windows NT 10.0; Win64; x64) AppleWebKit/537.36 (KHTML, like Gecko) Chrome/114.0.0.0 Safari/537.36"
200.25.47.114 - - [25/Apr/2026:07:10:22 +0300] "GET /polskie-kasyna-sieciowy-najistotniejsze-kasyno-przez-internet-w-naszym-kraju-2025/ HTTP/1.1" 200 76196 "-" "Mozilla/5.0 (Windows NT 10.0; Win64; x64) AppleWebKit/537.36 (KHTML, like Gecko) Chrome/123.0.0.0 Safari/537.36"
185.216.113.70 - - [25/Apr/2026:07:11:26 +0300] "POST /wp-cron.php?doing_wp_cron=1777090286.5874300003051757812500 HTTP/1.1" 200 448 "-" "WordPress/6.3.8; https://serhatburke.miroglu.net"
200.25.47.114 - - [25/Apr/2026:07:11:14 +0300] "POST /xmlrpc.php HTTP/1.1" 200 630 "-" "Mozilla/5.0 (Windows NT 10.0; Win64; x64) AppleWebKit/537.36 (KHTML, like Gecko) Chrome/114.0.0.0 Safari/537.36"
200.25.47.114 - - [25/Apr/2026:07:11:33 +0300] "POST /xmlrpc.php HTTP/1.1" 200 11716 "-" "Mozilla/5.0 (Windows NT 10.0; Win64; x64) AppleWebKit/537.36 (KHTML, like Gecko) Chrome/114.0.0.0 Safari/537.36"
185.216.113.70 - - [25/Apr/2026:07:11:53 +0300] "POST /wp-cron.php?doing_wp_cron=1777090313.8344259262084960937500 HTTP/1.1" 200 448 "-" "WordPress/6.3.8; https://serhatburke.miroglu.net"
200.25.47.132 - - [25/Apr/2026:07:11:41 +0300] "POST /xmlrpc.php HTTP/1.1" 200 630 "-" "Mozilla/5.0 (Windows NT 10.0; Win64; x64) AppleWebKit/537.36 (KHTML, like Gecko) Chrome/114.0.0.0 Safari/537.36"
200.25.47.114 - - [25/Apr/2026:07:11:47 +0300] "GET /hazard-bezplatnie-bez-rejestrowania-sie-i-pobierania/ HTTP/1.1" 200 75409 "-" "Mozilla/5.0 (Windows NT 10.0; Win64; x64; rv:125.0) Gecko/20100101 Firefox/125.0"
200.25.47.132 - - [25/Apr/2026:07:12:01 +0300] "POST /xmlrpc.php HTTP/1.1" 200 14541 "-" "Mozilla/5.0 (Windows NT 10.0; Win64; x64) AppleWebKit/537.36 (KHTML, like Gecko) Chrome/114.0.0.0 Safari/537.36"
200.25.47.132 - - [25/Apr/2026:07:12:16 +0300] "GET /uzhiva%D1%98te-u-dvadeset-pet-upoznava%D1%9Aa-preuzimanje-vulkan-vegas-aplikacije-red-hot-7-clover-na-internetu-potpuno-besplatno/ HTTP/1.1" 200 84725 "-" "Mozilla/5.0 (Windows NT 10.0; Win64; x64; rv:125.0) Gecko/20100101 Firefox/125.0"
185.216.113.70 - - [25/Apr/2026:07:12:45 +0300] "POST /wp-cron.php?doing_wp_cron=1777090365.4328839778900146484375 HTTP/1.1" 200 448 "-" "WordPress/6.3.8; https://serhatburke.miroglu.net"
200.25.47.114 - - [25/Apr/2026:07:12:33 +0300] "POST /xmlrpc.php HTTP/1.1" 200 630 "-" "Mozilla/5.0 (Windows NT 10.0; Win64; x64) AppleWebKit/537.36 (KHTML, like Gecko) Chrome/114.0.0.0 Safari/537.36"
200.25.47.114 - - [25/Apr/2026:07:12:52 +0300] "POST /xmlrpc.php HTTP/1.1" 200 12009 "-" "Mozilla/5.0 (Windows NT 10.0; Win64; x64) AppleWebKit/537.36 (KHTML, like Gecko) Chrome/114.0.0.0 Safari/537.36"
200.25.47.114 - - [25/Apr/2026:07:13:07 +0300] "GET /kasyno-online-najkorzystniejsze-lokalne-kasyna-internetowe-2025/ HTTP/1.1" 200 76120 "-" "Mozilla/5.0 (Windows NT 10.0; Win64; x64) AppleWebKit/537.36 (KHTML, like Gecko) Chrome/109.0.0.0 Safari/537.36"
157.55.39.9 - - [25/Apr/2026:07:13:17 +0300] "GET /knowing-the-limitation-withdrawal-constraints-is-essential-to-function-sensible-requirement-for-the-no-deposit-bonus/ HTTP/2" 200 17732 "-" "Mozilla/5.0 AppleWebKit/537.36 (KHTML, like Gecko; compatible; bingbot/2.0; +http://www.bing.com/bingbot.htm) Chrome/116.0.1938.76 Safari/537.36"
185.216.113.70 - - [25/Apr/2026:07:14:03 +0300] "POST /wp-cron.php?doing_wp_cron=1777090443.3274309635162353515625 HTTP/1.1" 200 448 "-" "WordPress/6.3.8; https://serhatburke.miroglu.net"
200.25.47.114 - - [25/Apr/2026:07:13:50 +0300] "POST /xmlrpc.php HTTP/1.1" 200 630 "-" "Mozilla/5.0 (Windows NT 10.0; Win64; x64) AppleWebKit/537.36 (KHTML, like Gecko) Chrome/114.0.0.0 Safari/537.36"
