104.223.56.36 - - [25/Apr/2026:16:43:30 +0300] "POST /xmlrpc.php HTTP/1.1" 200 11710 "-" "Mozilla/5.0 (Windows NT 10.0; Win64; x64) AppleWebKit/537.36 (KHTML, like Gecko) Chrome/114.0.0.0 Safari/537.36"
185.216.113.70 - - [25/Apr/2026:16:43:56 +0300] "POST /wp-cron.php?doing_wp_cron=1777124636.6619589328765869140625 HTTP/1.1" 200 448 "-" "WordPress/6.3.8; https://serhatburke.miroglu.net"
104.223.56.36 - - [25/Apr/2026:16:43:44 +0300] "GET /check-out-around-the-world-award-winning-internet-casino-internet-sites/ HTTP/1.1" 200 75954 "-" "Mozilla/5.0 (Windows NT 10.0; Win64; x64) AppleWebKit/537.36 (KHTML, like Gecko) Chrome/124.0.0.0 Safari/537.36 Edg/124.0.0.0"
82.25.62.125 - - [25/Apr/2026:16:44:01 +0300] "GET /casino-online-skrill-prelievo-veloce/ HTTP/1.1" 200 18775 "-" "Mozilla/5.0 (compatible; Googlebot/2.1; +http://www.google.com/bot.html)"
128.1.218.163 - - [25/Apr/2026:16:44:23 +0300] "POST /xmlrpc.php HTTP/1.1" 200 630 "-" "Mozilla/5.0 (Windows NT 10.0; Win64; x64) AppleWebKit/537.36 (KHTML, like Gecko) Chrome/114.0.0.0 Safari/537.36"
185.216.113.70 - - [25/Apr/2026:16:44:52 +0300] "POST /wp-cron.php?doing_wp_cron=1777124692.6119749546051025390625 HTTP/1.1" 200 448 "-" "WordPress/6.3.8; https://serhatburke.miroglu.net"
66.249.73.15 - - [25/Apr/2026:16:44:40 +0300] "GET /sebia-novye-kazino-onlain-2026-s-lucsimi-igrovymi-avtomatami4489/ HTTP/1.1" 200 19466 "-" "Mozilla/5.0 (Linux; Android 6.0.1; Nexus 5X Build/MMB29P) AppleWebKit/537.36 (KHTML, like Gecko) Chrome/146.0.7680.177 Mobile Safari/537.36 (compatible; Googlebot/2.1; +http://www.google.com/bot.html)"
128.1.218.163 - - [25/Apr/2026:16:44:41 +0300] "POST /xmlrpc.php HTTP/1.1" 200 13292 "-" "Mozilla/5.0 (Windows NT 10.0; Win64; x64) AppleWebKit/537.36 (KHTML, like Gecko) Chrome/114.0.0.0 Safari/537.36"
128.1.218.163 - - [25/Apr/2026:16:44:55 +0300] "GET /versatile-casino-principaux-prime-free-spins-sans-avoir-i-classe-2026/ HTTP/1.1" 200 77466 "-" "Mozilla/5.0 (Windows NT 10.0; Win64; x64) AppleWebKit/537.36 (KHTML, like Gecko) Chrome/123.0.0.0 Safari/537.36"
66.249.73.1 - - [25/Apr/2026:16:45:23 +0300] "GET /admiral-shark-casino-uk-review-dive-into-exciting-online-gaming/ HTTP/1.1" 200 18727 "-" "Mozilla/5.0 (Linux; Android 6.0.1; Nexus 5X Build/MMB29P) AppleWebKit/537.36 (KHTML, like Gecko) Chrome/146.0.7680.177 Mobile Safari/537.36 (compatible; Googlebot/2.1; +http://www.google.com/bot.html)"
66.249.73.14 - - [25/Apr/2026:16:45:47 +0300] "GET /sebia-novye-kazino-onlain-2026-s-lucsimi-igrovymi-avtomatami4489/undefined?ts=1775520000 HTTP/1.1" 200 0 "https://serhatburke.miroglu.net/sebia-novye-kazino-onlain-2026-s-lucsimi-igrovymi-avtomatami4489/" "Mozilla/5.0 (Linux; Android 6.0.1; Nexus 5X Build/MMB29P) AppleWebKit/537.36 (KHTML, like Gecko) Chrome/146.0.7680.177 Mobile Safari/537.36 (compatible; Googlebot/2.1; +http://www.google.com/bot.html)"
185.216.113.70 - - [25/Apr/2026:16:46:00 +0300] "POST /wp-cron.php?doing_wp_cron=1777124760.7502551078796386718750 HTTP/1.1" 200 448 "-" "WordPress/6.3.8; https://serhatburke.miroglu.net"
52.167.144.204 - - [25/Apr/2026:16:46:00 +0300] "GET /discovering-bscscan-your-ultimate-guide-to-blockchain-insights/ HTTP/2" 200 17877 "-" "Mozilla/5.0 AppleWebKit/537.36 (KHTML, like Gecko; compatible; bingbot/2.0; +http://www.bing.com/bingbot.htm) Chrome/116.0.1938.76 Safari/537.36"
40.77.167.55 - - [25/Apr/2026:16:46:03 +0300] "GET /lo-que-cajeros-reembolso-de-1xslot-nunca-cobran-cometido-en-turquia/ HTTP/2" 200 18881 "-" "Mozilla/5.0 AppleWebKit/537.36 (KHTML, like Gecko; compatible; bingbot/2.0; +http://www.bing.com/bingbot.htm) Chrome/116.0.1938.76 Safari/537.36"
40.77.167.55 - - [25/Apr/2026:16:46:04 +0300] "GET /casino-provision-abzuglich-einzahlung-februar-2026-aktuelle-liste/ HTTP/2" 200 20044 "-" "Mozilla/5.0 AppleWebKit/537.36 (KHTML, like Gecko; compatible; bingbot/2.0; +http://www.bing.com/bingbot.htm) Chrome/116.0.1938.76 Safari/537.36"
66.249.73.14 - - [25/Apr/2026:16:46:23 +0300] "GET /admiral-shark-casino-uk-review-dive-into-exciting-online-gaming/undefined?ts=1775520000 HTTP/1.1" 200 0 "https://serhatburke.miroglu.net/admiral-shark-casino-uk-review-dive-into-exciting-online-gaming/" "Mozilla/5.0 (Linux; Android 6.0.1; Nexus 5X Build/MMB29P) AppleWebKit/537.36 (KHTML, like Gecko) Chrome/146.0.7680.177 Mobile Safari/537.36 (compatible; Googlebot/2.1; +http://www.google.com/bot.html)"
207.46.13.153 - - [25/Apr/2026:16:46:22 +0300] "GET /revolutionizing-trading-with-dexscreener-a-2026-perspective/ HTTP/2" 200 17739 "-" "Mozilla/5.0 AppleWebKit/537.36 (KHTML, like Gecko; compatible; bingbot/2.0; +http://www.bing.com/bingbot.htm) Chrome/116.0.1938.76 Safari/537.36"
185.216.113.70 - - [25/Apr/2026:16:46:44 +0300] "POST /wp-cron.php?doing_wp_cron=1777124804.8201479911804199218750 HTTP/1.1" 200 448 "-" "WordPress/6.3.8; https://serhatburke.miroglu.net"
52.167.144.204 - - [25/Apr/2026:16:46:31 +0300] "GET /mayan-princess-position-opinion-96-45percent-rtp-microgaming-admiral-nelson-symbols-2026/ HTTP/2" 200 19043 "-" "Mozilla/5.0 AppleWebKit/537.36 (KHTML, like Gecko; compatible; bingbot/2.0; +http://www.bing.com/bingbot.htm) Chrome/116.0.1938.76 Safari/537.36"
193.36.38.226 - - [25/Apr/2026:16:46:34 +0300] "POST /xmlrpc.php HTTP/1.1" 200 692 "-" "Mozilla/5.0 (Windows NT 10.0; Win64; x64) AppleWebKit/537.36 (KHTML, like Gecko) Chrome/114.0.0.0 Safari/537.36"
52.167.144.204 - - [25/Apr/2026:16:46:35 +0300] "GET /just-what-payment-tips-can-you-use-so-you-can-deposit-and-withdraw-when-you-look-at-the-pennsylvania/ HTTP/2" 200 17712 "-" "Mozilla/5.0 AppleWebKit/537.36 (KHTML, like Gecko; compatible; bingbot/2.0; +http://www.bing.com/bingbot.htm) Chrome/116.0.1938.76 Safari/537.36"
66.249.73.14 - - [25/Apr/2026:16:46:37 +0300] "GET /chicken-road-slot-w-kasynie-online-opinie-graczy1531-2/ HTTP/1.1" 200 18624 "-" "Mozilla/5.0 (Linux; Android 6.0.1; Nexus 5X Build/MMB29P) AppleWebKit/537.36 (KHTML, like Gecko) Chrome/146.0.7680.177 Mobile Safari/537.36 (compatible; Googlebot/2.1; +http://www.google.com/bot.html)"
40.77.167.55 - - [25/Apr/2026:16:46:36 +0300] "GET /kraken-gde-iskat-aktual-nye-ssylki-v-darknete/ HTTP/2" 200 18749 "-" "Mozilla/5.0 AppleWebKit/537.36 (KHTML, like Gecko; compatible; bingbot/2.0; +http://www.bing.com/bingbot.htm) Chrome/116.0.1938.76 Safari/537.36"
193.36.38.226 - - [25/Apr/2026:16:47:16 +0300] "POST /xmlrpc.php HTTP/1.1" 200 9062 "-" "Mozilla/5.0 (Windows NT 10.0; Win64; x64) AppleWebKit/537.36 (KHTML, like Gecko) Chrome/114.0.0.0 Safari/537.36"
185.216.113.70 - - [25/Apr/2026:16:47:42 +0300] "POST /wp-cron.php?doing_wp_cron=1777124862.2981939315795898437500 HTTP/1.1" 200 448 "-" "WordPress/6.3.8; https://serhatburke.miroglu.net"
193.36.38.226 - - [25/Apr/2026:16:47:28 +0300] "GET /jolly-roger-capricieux-complexe-abordable-france-jouez-gagnez/ HTTP/1.1" 200 73449 "-" "Mozilla/5.0 (Windows NT 10.0; Win64; x64) AppleWebKit/537.36 (KHTML, like Gecko) Chrome/123.0.0.0 Safari/537.36"
66.249.73.14 - - [25/Apr/2026:16:47:54 +0300] "GET /chicken-road-slot-w-kasynie-online-opinie-graczy1531-2/undefined?ts=1775520000 HTTP/1.1" 404 15015 "https://serhatburke.miroglu.net/chicken-road-slot-w-kasynie-online-opinie-graczy1531-2/" "Mozilla/5.0 (Linux; Android 6.0.1; Nexus 5X Build/MMB29P) AppleWebKit/537.36 (KHTML, like Gecko) Chrome/146.0.7680.177 Mobile Safari/537.36 (compatible; Googlebot/2.1; +http://www.google.com/bot.html)"
193.36.38.226 - - [25/Apr/2026:16:48:00 +0300] "POST /xmlrpc.php HTTP/1.1" 200 692 "-" "Mozilla/5.0 (Windows NT 10.0; Win64; x64) AppleWebKit/537.36 (KHTML, like Gecko) Chrome/114.0.0.0 Safari/537.36"
185.216.113.70 - - [25/Apr/2026:16:48:30 +0300] "POST /wp-cron.php?doing_wp_cron=1777124910.2335979938507080078125 HTTP/1.1" 200 448 "-" "WordPress/6.3.8; https://serhatburke.miroglu.net"
193.36.38.226 - - [25/Apr/2026:16:48:17 +0300] "POST /xmlrpc.php HTTP/1.1" 200 9183 "-" "Mozilla/5.0 (Windows NT 10.0; Win64; x64) AppleWebKit/537.36 (KHTML, like Gecko) Chrome/114.0.0.0 Safari/537.36"
129.227.39.118 - - [25/Apr/2026:16:48:18 +0300] "POST /xmlrpc.php HTTP/1.1" 200 630 "-" "Mozilla/5.0 (Windows NT 10.0; Win64; x64) AppleWebKit/537.36 (KHTML, like Gecko) Chrome/114.0.0.0 Safari/537.36"
193.36.38.226 - - [25/Apr/2026:16:48:30 +0300] "GET /lucky8-salle-de-jeu-se-differencie-parmi-timbre-contrat-pour-la-specialite-la-securite-sauf-que-lacc-attendant/ HTTP/1.1" 200 74496 "-" "Mozilla/5.0 (Windows NT 10.0; Win64; x64) AppleWebKit/537.36 (KHTML, like Gecko) Chrome/109.0.0.0 Safari/537.36"
129.227.39.118 - - [25/Apr/2026:16:48:38 +0300] "POST /xmlrpc.php HTTP/1.1" 200 13165 "-" "Mozilla/5.0 (Windows NT 10.0; Win64; x64) AppleWebKit/537.36 (KHTML, like Gecko) Chrome/114.0.0.0 Safari/537.36"
129.227.39.118 - - [25/Apr/2026:16:48:53 +0300] "GET /walw-betting-and-you-will-wagering-percentage-work-1987-website/ HTTP/1.1" 200 77241 "-" "Mozilla/5.0 (Windows NT 10.0; Win64; x64) AppleWebKit/537.36 (KHTML, like Gecko) Chrome/109.0.0.0 Safari/537.36"
193.36.38.226 - - [25/Apr/2026:16:49:18 +0300] "POST /xmlrpc.php HTTP/1.1" 200 692 "-" "Mozilla/5.0 (Windows NT 10.0; Win64; x64) AppleWebKit/537.36 (KHTML, like Gecko) Chrome/114.0.0.0 Safari/537.36"
185.216.113.70 - - [25/Apr/2026:16:49:47 +0300] "POST /wp-cron.php?doing_wp_cron=1777124987.5524780750274658203125 HTTP/1.1" 200 448 "-" "WordPress/6.3.8; https://serhatburke.miroglu.net"
193.36.38.226 - - [25/Apr/2026:16:49:34 +0300] "POST /xmlrpc.php HTTP/1.1" 200 9189 "-" "Mozilla/5.0 (Windows NT 10.0; Win64; x64) AppleWebKit/537.36 (KHTML, like Gecko) Chrome/114.0.0.0 Safari/537.36"
193.36.38.226 - - [25/Apr/2026:16:49:50 +0300] "GET /lhappy-hour-dans-lucky-six-il-semble-tous-les-mardis-a-17h00/ HTTP/1.1" 200 73303 "-" "Mozilla/5.0 (Windows NT 10.0; Win64; x64) AppleWebKit/537.36 (KHTML, like Gecko) Chrome/123.0.0.0 Safari/537.36 OPR/109.0.0.0"
128.1.218.163 - - [25/Apr/2026:16:49:56 +0300] "POST /xmlrpc.php HTTP/1.1" 200 630 "-" "Mozilla/5.0 (Windows NT 10.0; Win64; x64) AppleWebKit/537.36 (KHTML, like Gecko) Chrome/114.0.0.0 Safari/537.36"
128.1.218.163 - - [25/Apr/2026:16:50:17 +0300] "POST /xmlrpc.php HTTP/1.1" 200 13555 "-" "Mozilla/5.0 (Windows NT 10.0; Win64; x64) AppleWebKit/537.36 (KHTML, like Gecko) Chrome/114.0.0.0 Safari/537.36"
185.216.113.70 - - [25/Apr/2026:16:50:37 +0300] "POST /wp-cron.php?doing_wp_cron=1777125037.0796558856964111328125 HTTP/1.1" 200 448 "-" "WordPress/6.3.8; https://serhatburke.miroglu.net"
193.36.38.226 - - [25/Apr/2026:16:50:25 +0300] "POST /xmlrpc.php HTTP/1.1" 200 692 "-" "Mozilla/5.0 (Windows NT 10.0; Win64; x64) AppleWebKit/537.36 (KHTML, like Gecko) Chrome/114.0.0.0 Safari/537.36"
128.1.218.163 - - [25/Apr/2026:16:50:31 +0300] "GET /winparadise-annotation-2026-bonus-avec-25-free-spins-sans-nul-archive/ HTTP/1.1" 200 78076 "-" "Mozilla/5.0 (Windows NT 10.0; Win64; x64) AppleWebKit/537.36 (KHTML, like Gecko) Chrome/123.0.0.0 Safari/537.36 OPR/109.0.0.0"
193.36.38.226 - - [25/Apr/2026:16:50:42 +0300] "POST /xmlrpc.php HTTP/1.1" 200 8367 "-" "Mozilla/5.0 (Windows NT 10.0; Win64; x64) AppleWebKit/537.36 (KHTML, like Gecko) Chrome/114.0.0.0 Safari/537.36"
193.36.38.226 - - [25/Apr/2026:16:50:55 +0300] "GET /epic-win-cat-a-l%EF%BF%BDegard-de-play-n-go-levant-fabuleuse/ HTTP/1.1" 200 72468 "-" "Mozilla/5.0 (Windows NT 10.0; rv:109.0) Gecko/20100101 Firefox/115.0"
185.216.113.70 - - [25/Apr/2026:16:51:50 +0300] "POST /wp-cron.php?doing_wp_cron=1777125110.7072169780731201171875 HTTP/1.1" 200 448 "-" "WordPress/6.3.8; https://serhatburke.miroglu.net"
193.36.38.226 - - [25/Apr/2026:16:51:39 +0300] "POST /xmlrpc.php HTTP/1.1" 200 692 "-" "Mozilla/5.0 (Windows NT 10.0; Win64; x64) AppleWebKit/537.36 (KHTML, like Gecko) Chrome/114.0.0.0 Safari/537.36"
52.167.144.204 - - [25/Apr/2026:16:51:53 +0300] "GET /tronscan-navigating-the-tron-blockchain-with-ease-10/ HTTP/2" 200 17673 "-" "Mozilla/5.0 AppleWebKit/537.36 (KHTML, like Gecko; compatible; bingbot/2.0; +http://www.bing.com/bingbot.htm) Chrome/116.0.1938.76 Safari/537.36"
52.167.144.211 - - [25/Apr/2026:16:51:53 +0300] "GET /discovering-bscscan-your-key-resource-for-crypto-analytics/ HTTP/2" 200 17840 "-" "Mozilla/5.0 AppleWebKit/537.36 (KHTML, like Gecko; compatible; bingbot/2.0; +http://www.bing.com/bingbot.htm) Chrome/116.0.1938.76 Safari/537.36"
193.36.38.226 - - [25/Apr/2026:16:51:56 +0300] "POST /xmlrpc.php HTTP/1.1" 200 9422 "-" "Mozilla/5.0 (Windows NT 10.0; Win64; x64) AppleWebKit/537.36 (KHTML, like Gecko) Chrome/114.0.0.0 Safari/537.36"
52.167.144.211 - - [25/Apr/2026:16:51:57 +0300] "GET /zabawy-w-flowers-slot-rtp-maszynach-pod-rzetelne-finanse/ HTTP/2" 200 19861 "-" "Mozilla/5.0 AppleWebKit/537.36 (KHTML, like Gecko; compatible; bingbot/2.0; +http://www.bing.com/bingbot.htm) Chrome/116.0.1938.76 Safari/537.36"
207.46.13.153 - - [25/Apr/2026:16:52:05 +0300] "GET /podobne-wymagania-mogli-obejmowac-standardy-dotyczace-zakladow-lub-ograniczenia-powiazane-gier-kwalifikujacych-sie-do-wykorzystania-bonusu/ HTTP/2" 200 18016 "-" "Mozilla/5.0 AppleWebKit/537.36 (KHTML, like Gecko; compatible; bingbot/2.0; +http://www.bing.com/bingbot.htm) Chrome/116.0.1938.76 Safari/537.36"
185.216.113.70 - - [25/Apr/2026:16:52:44 +0300] "POST /wp-cron.php?doing_wp_cron=1777125164.3422660827636718750000 HTTP/1.1" 200 448 "-" "WordPress/6.3.8; https://serhatburke.miroglu.net"
193.36.38.226 - - [25/Apr/2026:16:52:27 +0300] "GET /leurs-recompense-en-tenant-casino-proposees-par-les-machines-pour-par-dessous-un-peu/ HTTP/1.1" 200 74291 "-" "Mozilla/5.0 (Windows NT 10.0; Win64; x64) AppleWebKit/537.36 (KHTML, like Gecko) Chrome/109.0.0.0 Safari/537.36"
104.223.56.36 - - [25/Apr/2026:16:52:31 +0300] "POST /xmlrpc.php HTTP/1.1" 200 630 "-" "Mozilla/5.0 (Windows NT 10.0; Win64; x64) AppleWebKit/537.36 (KHTML, like Gecko) Chrome/114.0.0.0 Safari/537.36"
52.167.144.156 - - [25/Apr/2026:16:52:34 +0300] "GET /tycoons-billionaire-bucks-demo-af-betsoft-fr-spilleautomat-og-recension/ HTTP/2" 200 20303 "-" "Mozilla/5.0 AppleWebKit/537.36 (KHTML, like Gecko; compatible; bingbot/2.0; +http://www.bing.com/bingbot.htm) Chrome/116.0.1938.76 Safari/537.36"
129.227.39.118 - - [25/Apr/2026:16:52:38 +0300] "POST /xmlrpc.php HTTP/1.1" 200 630 "-" "Mozilla/5.0 (Windows NT 10.0; Win64; x64) AppleWebKit/537.36 (KHTML, like Gecko) Chrome/114.0.0.0 Safari/537.36"
104.223.56.36 - - [25/Apr/2026:16:52:59 +0300] "POST /xmlrpc.php HTTP/1.1" 200 10801 "-" "Mozilla/5.0 (Windows NT 10.0; Win64; x64) AppleWebKit/537.36 (KHTML, like Gecko) Chrome/114.0.0.0 Safari/537.36"
207.46.13.153 - - [25/Apr/2026:16:52:59 +0300] "GET /in-addition-it-brings-a-much-better-games-filter-than-simply-very-while-the-apps-alive-provide-often-obstructs-brand-new-display-toward-mobile/ HTTP/2" 200 17851 "-" "Mozilla/5.0 AppleWebKit/537.36 (KHTML, like Gecko; compatible; bingbot/2.0; +http://www.bing.com/bingbot.htm) Chrome/116.0.1938.76 Safari/537.36"
193.36.38.226 - - [25/Apr/2026:16:53:05 +0300] "POST /xmlrpc.php HTTP/1.1" 200 692 "-" "Mozilla/5.0 (Windows NT 10.0; Win64; x64) AppleWebKit/537.36 (KHTML, like Gecko) Chrome/114.0.0.0 Safari/537.36"
104.223.56.36 - - [25/Apr/2026:16:53:16 +0300] "GET /when-you-play-live-black-jack-online-for-the-money-you-can-want-to-broke-up-pairs/ HTTP/1.1" 200 75192 "-" "Mozilla/5.0 (Windows NT 10.0; Win64; x64; rv:125.0) Gecko/20100101 Firefox/125.0"
185.216.113.70 - - [25/Apr/2026:16:53:39 +0300] "POST /wp-cron.php?doing_wp_cron=1777125219.5254769325256347656250 HTTP/1.1" 200 448 "-" "WordPress/6.3.8; https://serhatburke.miroglu.net"
193.36.38.226 - - [25/Apr/2026:16:53:27 +0300] "POST /xmlrpc.php HTTP/1.1" 200 13034 "-" "Mozilla/5.0 (Windows NT 10.0; Win64; x64) AppleWebKit/537.36 (KHTML, like Gecko) Chrome/114.0.0.0 Safari/537.36"
104.223.56.36 - - [25/Apr/2026:16:53:38 +0300] "POST /xmlrpc.php HTTP/1.1" 200 630 "-" "Mozilla/5.0 (Windows NT 10.0; Win64; x64) AppleWebKit/537.36 (KHTML, like Gecko) Chrome/114.0.0.0 Safari/537.36"
193.36.38.226 - - [25/Apr/2026:16:53:39 +0300] "GET /s-reellement-conclusions-si-vous-tentez-via-nos-appareil-a-thunes/ HTTP/1.1" 200 77124 "-" "Mozilla/5.0 (Windows NT 10.0; Win64; x64; rv:125.0) Gecko/20100101 Firefox/125.0"
85.208.96.212 - - [25/Apr/2026:16:53:52 +0300] "GET /top-nuevos-casinos-en-linea-chile-2026-quince-las-superiores-juegos-sobre-papel-rpg/ HTTP/1.1" 200 24845 "-" "Mozilla/5.0 (compatible; SemrushBot/7~bl; +http://www.semrush.com/bot.html)"
128.1.218.163 - - [25/Apr/2026:16:54:02 +0300] "POST /xmlrpc.php HTTP/1.1" 200 630 "-" "Mozilla/5.0 (Windows NT 10.0; Win64; x64) AppleWebKit/537.36 (KHTML, like Gecko) Chrome/114.0.0.0 Safari/537.36"
129.227.39.118 - - [25/Apr/2026:16:54:02 +0300] "GET /?p=135879 HTTP/1.1" 301 609 "-" "Mozilla/5.0 (Windows NT 10.0; Win64; x64) AppleWebKit/537.36 (KHTML, like Gecko) Chrome/122.0.0.0 Safari/537.36"
104.223.56.36 - - [25/Apr/2026:16:54:03 +0300] "POST /xmlrpc.php HTTP/1.1" 200 12614 "-" "Mozilla/5.0 (Windows NT 10.0; Win64; x64) AppleWebKit/537.36 (KHTML, like Gecko) Chrome/114.0.0.0 Safari/537.36"
193.36.38.226 - - [25/Apr/2026:16:54:11 +0300] "POST /xmlrpc.php HTTP/1.1" 200 692 "-" "Mozilla/5.0 (Windows NT 10.0; Win64; x64) AppleWebKit/537.36 (KHTML, like Gecko) Chrome/114.0.0.0 Safari/537.36"
185.216.113.70 - - [25/Apr/2026:16:54:59 +0300] "POST /wp-cron.php?doing_wp_cron=1777125299.7057850360870361328125 HTTP/1.1" 200 448 "-" "WordPress/6.3.8; https://serhatburke.miroglu.net"
129.227.39.118 - - [25/Apr/2026:16:54:28 +0300] "GET /thunderstruck-dos-2/ HTTP/1.1" 200 76052 "-" "Mozilla/5.0 (Windows NT 10.0; Win64; x64) AppleWebKit/537.36 (KHTML, like Gecko) Chrome/122.0.0.0 Safari/537.36"
104.223.56.36 - - [25/Apr/2026:16:54:28 +0300] "GET /you-may-enjoy-every-one-of-these-high-modern-jackpots-inside-as-well/ HTTP/1.1" 200 76901 "-" "Mozilla/5.0 (Windows NT 10.0; Win64; x64) AppleWebKit/537.36 (KHTML, like Gecko) Chrome/122.0.0.0 Safari/537.36"
40.77.177.158 - - [25/Apr/2026:16:54:39 +0300] "GET /100-50-30-freispielen-as-part-of-frischen-casinos-verdopple-casino-bust-the-bank-deine-gewinne/undefined?ts=1777125276 HTTP/2" 200 0 "-" "Mozilla/5.0 AppleWebKit/537.36 (KHTML, like Gecko; compatible; bingbot/2.0; +http://www.bing.com/bingbot.htm) Chrome/100.0.4896.127 Safari/537.36"
40.77.177.209 - - [25/Apr/2026:16:54:44 +0300] "GET /100-50-30-freispielen-as-part-of-frischen-casinos-verdopple-casino-bust-the-bank-deine-gewinne/undefined?ts=1777125280 HTTP/2" 200 0 "-" "Mozilla/5.0 AppleWebKit/537.36 (KHTML, like Gecko; compatible; bingbot/2.0; +http://www.bing.com/bingbot.htm) Chrome/100.0.4896.127 Safari/537.36"
40.77.178.156 - - [25/Apr/2026:16:54:47 +0300] "GET /100-50-30-freispielen-as-part-of-frischen-casinos-verdopple-casino-bust-the-bank-deine-gewinne/undefined?ts=1777125285 HTTP/2" 200 0 "-" "Mozilla/5.0 AppleWebKit/537.36 (KHTML, like Gecko; compatible; bingbot/2.0; +http://www.bing.com/bingbot.htm) Chrome/100.0.4896.127 Safari/537.36"
40.77.178.133 - - [25/Apr/2026:16:54:50 +0300] "GET /100-50-30-freispielen-as-part-of-frischen-casinos-verdopple-casino-bust-the-bank-deine-gewinne/undefined?ts=1777125288 HTTP/2" 200 0 "-" "Mozilla/5.0 AppleWebKit/537.36 (KHTML, like Gecko; compatible; bingbot/2.0; +http://www.bing.com/bingbot.htm) Chrome/100.0.4896.127 Safari/537.36"
40.77.177.182 - - [25/Apr/2026:16:54:53 +0300] "GET /100-50-30-freispielen-as-part-of-frischen-casinos-verdopple-casino-bust-the-bank-deine-gewinne/undefined?ts=1777125291 HTTP/2" 200 0 "-" "Mozilla/5.0 AppleWebKit/537.36 (KHTML, like Gecko; compatible; bingbot/2.0; +http://www.bing.com/bingbot.htm) Chrome/100.0.4896.127 Safari/537.36"
65.55.210.128 - - [25/Apr/2026:16:54:55 +0300] "GET /100-50-30-freispielen-as-part-of-frischen-casinos-verdopple-casino-bust-the-bank-deine-gewinne/undefined?ts=1777125294 HTTP/2" 200 0 "-" "Mozilla/5.0 AppleWebKit/537.36 (KHTML, like Gecko; compatible; bingbot/2.0; +http://www.bing.com/bingbot.htm) Chrome/100.0.4896.127 Safari/537.36"
40.77.178.187 - - [25/Apr/2026:16:54:58 +0300] "GET /100-50-30-freispielen-as-part-of-frischen-casinos-verdopple-casino-bust-the-bank-deine-gewinne/undefined?ts=1777125296 HTTP/2" 200 0 "-" "Mozilla/5.0 AppleWebKit/537.36 (KHTML, like Gecko; compatible; bingbot/2.0; +http://www.bing.com/bingbot.htm) Chrome/100.0.4896.127 Safari/537.36"
128.1.218.163 - - [25/Apr/2026:16:54:32 +0300] "POST /xmlrpc.php HTTP/1.1" 200 13431 "-" "Mozilla/5.0 (Windows NT 10.0; Win64; x64) AppleWebKit/537.36 (KHTML, like Gecko) Chrome/114.0.0.0 Safari/537.36"
40.77.178.243 - - [25/Apr/2026:16:55:00 +0300] "GET /100-50-30-freispielen-as-part-of-frischen-casinos-verdopple-casino-bust-the-bank-deine-gewinne/undefined?ts=1777125299 HTTP/2" 200 0 "-" "Mozilla/5.0 AppleWebKit/537.36 (KHTML, like Gecko; compatible; bingbot/2.0; +http://www.bing.com/bingbot.htm) Chrome/100.0.4896.127 Safari/537.36"
65.55.210.241 - - [25/Apr/2026:16:55:03 +0300] "GET /100-50-30-freispielen-as-part-of-frischen-casinos-verdopple-casino-bust-the-bank-deine-gewinne/undefined?ts=1777125302 HTTP/2" 200 0 "-" "Mozilla/5.0 AppleWebKit/537.36 (KHTML, like Gecko; compatible; bingbot/2.0; +http://www.bing.com/bingbot.htm) Chrome/100.0.4896.127 Safari/537.36"
40.77.178.245 - - [25/Apr/2026:16:55:05 +0300] "GET /100-50-30-freispielen-as-part-of-frischen-casinos-verdopple-casino-bust-the-bank-deine-gewinne/undefined?ts=1777125304 HTTP/2" 200 0 "-" "Mozilla/5.0 AppleWebKit/537.36 (KHTML, like Gecko; compatible; bingbot/2.0; +http://www.bing.com/bingbot.htm) Chrome/100.0.4896.127 Safari/537.36"
40.77.178.180 - - [25/Apr/2026:16:55:07 +0300] "GET /100-50-30-freispielen-as-part-of-frischen-casinos-verdopple-casino-bust-the-bank-deine-gewinne/undefined?ts=1777125306 HTTP/2" 200 0 "-" "Mozilla/5.0 AppleWebKit/537.36 (KHTML, like Gecko; compatible; bingbot/2.0; +http://www.bing.com/bingbot.htm) Chrome/100.0.4896.127 Safari/537.36"
40.77.177.130 - - [25/Apr/2026:16:55:10 +0300] "GET /100-50-30-freispielen-as-part-of-frischen-casinos-verdopple-casino-bust-the-bank-deine-gewinne/undefined?ts=1777125309 HTTP/2" 200 0 "-" "Mozilla/5.0 AppleWebKit/537.36 (KHTML, like Gecko; compatible; bingbot/2.0; +http://www.bing.com/bingbot.htm) Chrome/100.0.4896.127 Safari/537.36"
104.223.56.36 - - [25/Apr/2026:16:54:39 +0300] "POST /xmlrpc.php HTTP/1.1" 200 630 "-" "Mozilla/5.0 (Windows NT 10.0; Win64; x64) AppleWebKit/537.36 (KHTML, like Gecko) Chrome/114.0.0.0 Safari/537.36"
65.55.210.255 - - [25/Apr/2026:16:55:13 +0300] "GET /100-50-30-freispielen-as-part-of-frischen-casinos-verdopple-casino-bust-the-bank-deine-gewinne/undefined?ts=1777125311 HTTP/2" 200 0 "-" "Mozilla/5.0 AppleWebKit/537.36 (KHTML, like Gecko; compatible; bingbot/2.0; +http://www.bing.com/bingbot.htm) Chrome/100.0.4896.127 Safari/537.36"
193.36.38.226 - - [25/Apr/2026:16:54:38 +0300] "POST /xmlrpc.php HTTP/1.1" 200 9333 "-" "Mozilla/5.0 (Windows NT 10.0; Win64; x64) AppleWebKit/537.36 (KHTML, like Gecko) Chrome/114.0.0.0 Safari/537.36"
185.216.113.70 - - [25/Apr/2026:16:56:00 +0300] "POST /wp-cron.php?doing_wp_cron=1777125360.6156249046325683593750 HTTP/1.1" 200 448 "-" "WordPress/6.3.8; https://serhatburke.miroglu.net"
193.36.38.226 - - [25/Apr/2026:16:55:07 +0300] "POST /xmlrpc.php HTTP/1.1" 200 692 "-" "Mozilla/5.0 (Windows NT 10.0; Win64; x64) AppleWebKit/537.36 (KHTML, like Gecko) Chrome/114.0.0.0 Safari/537.36"
185.216.113.70 - - [25/Apr/2026:16:56:10 +0300] "POST /wp-cron.php?doing_wp_cron=1777125370.3246490955352783203125 HTTP/1.1" 200 448 "-" "WordPress/6.3.8; https://serhatburke.miroglu.net"
128.1.218.163 - - [25/Apr/2026:16:55:34 +0300] "GET /lesquelles-sont-leurs-deux-multiples-casinos-quelque-peu-veritablement-credibles/ HTTP/1.1" 200 77970 "-" "Mozilla/5.0 (Windows NT 10.0; Win64; x64) AppleWebKit/537.36 (KHTML, like Gecko) Chrome/123.0.0.0 Safari/537.36"
185.216.113.70 - - [25/Apr/2026:16:56:14 +0300] "POST /wp-cron.php?doing_wp_cron=1777125374.1314740180969238281250 HTTP/1.1" 200 448 "-" "WordPress/6.3.8; https://serhatburke.miroglu.net"
104.223.56.36 - - [25/Apr/2026:16:55:40 +0300] "POST /xmlrpc.php HTTP/1.1" 200 630 "-" "Mozilla/5.0 (Windows NT 10.0; Win64; x64) AppleWebKit/537.36 (KHTML, like Gecko) Chrome/114.0.0.0 Safari/537.36"
185.216.113.70 - - [25/Apr/2026:16:56:18 +0300] "POST /wp-cron.php?doing_wp_cron=1777125378.3142371177673339843750 HTTP/1.1" 200 448 "-" "WordPress/6.3.8; https://serhatburke.miroglu.net"
193.36.38.226 - - [25/Apr/2026:16:55:47 +0300] "GET /appareil-pour-par-dessous-immotivees-vs-mecanisme-pour-thunes-chez-capital-effectif/ HTTP/1.1" 200 73619 "-" "Mozilla/5.0 (Windows NT 10.0; Win64; x64; rv:125.0) Gecko/20100101 Firefox/125.0"
185.216.113.70 - - [25/Apr/2026:16:56:24 +0300] "POST /wp-cron.php?doing_wp_cron=1777125384.0360660552978515625000 HTTP/1.1" 200 448 "-" "WordPress/6.3.8; https://serhatburke.miroglu.net"
104.223.56.36 - - [25/Apr/2026:16:55:50 +0300] "POST /xmlrpc.php HTTP/1.1" 200 11195 "-" "Mozilla/5.0 (Windows NT 10.0; Win64; x64) AppleWebKit/537.36 (KHTML, like Gecko) Chrome/114.0.0.0 Safari/537.36"
193.36.38.226 - - [25/Apr/2026:16:56:07 +0300] "POST /xmlrpc.php HTTP/1.1" 200 8761 "-" "Mozilla/5.0 (Windows NT 10.0; Win64; x64) AppleWebKit/537.36 (KHTML, like Gecko) Chrome/114.0.0.0 Safari/537.36"
104.223.56.36 - - [25/Apr/2026:16:56:20 +0300] "POST /xmlrpc.php HTTP/1.1" 200 12281 "-" "Mozilla/5.0 (Windows NT 10.0; Win64; x64) AppleWebKit/537.36 (KHTML, like Gecko) Chrome/114.0.0.0 Safari/537.36"
193.36.38.226 - - [25/Apr/2026:16:56:25 +0300] "POST /xmlrpc.php HTTP/1.1" 200 514 "-" "Mozilla/5.0 (Windows NT 10.0; Win64; x64) AppleWebKit/537.36 (KHTML, like Gecko) Chrome/114.0.0.0 Safari/537.36"
104.223.56.36 - - [25/Apr/2026:16:56:26 +0300] "GET /many-top-web-based-casinos-render-real-rtp-which-shows-genuine-globe-productivity-since-the-games-was-played/ HTTP/1.1" 200 76293 "-" "Mozilla/5.0 (Windows NT 10.0; Win64; x64; rv:124.0) Gecko/20100101 Firefox/124.0"
104.223.56.36 - - [25/Apr/2026:16:56:34 +0300] "POST /xmlrpc.php HTTP/1.1" 200 630 "-" "Mozilla/5.0 (Windows NT 10.0; Win64; x64) AppleWebKit/537.36 (KHTML, like Gecko) Chrome/114.0.0.0 Safari/537.36"
129.227.39.118 - - [25/Apr/2026:16:56:47 +0300] "POST /xmlrpc.php HTTP/1.1" 200 630 "-" "Mozilla/5.0 (Windows NT 10.0; Win64; x64) AppleWebKit/537.36 (KHTML, like Gecko) Chrome/114.0.0.0 Safari/537.36"
193.36.38.226 - - [25/Apr/2026:16:56:55 +0300] "GET /vous-voulez-decouvrir-cette-galet-dans-trajectoire-mais-vous-nenni-ayez-pas-vos-acquittes/ HTTP/1.1" 200 73486 "-" "Mozilla/5.0 (Windows NT 10.0; Win64; x64) AppleWebKit/537.36 (KHTML, like Gecko) Chrome/122.0.0.0 Safari/537.36"
104.223.56.36 - - [25/Apr/2026:16:57:12 +0300] "GET /lucky7even-is-perfect-for-professionals-which-enjoy-basic-lottery-concept-betting-forms/ HTTP/1.1" 200 77179 "-" "Mozilla/5.0 (Windows NT 10.0; Win64; x64) AppleWebKit/537.36 (KHTML, like Gecko) Chrome/123.0.0.0 Safari/537.36"
185.216.113.70 - - [25/Apr/2026:16:57:46 +0300] "POST /wp-cron.php?doing_wp_cron=1777125466.3405408859252929687500 HTTP/1.1" 200 448 "-" "WordPress/6.3.8; https://serhatburke.miroglu.net"
193.36.38.226 - - [25/Apr/2026:16:57:22 +0300] "POST /xmlrpc.php HTTP/1.1" 200 9354 "-" "Mozilla/5.0 (Windows NT 10.0; Win64; x64) AppleWebKit/537.36 (KHTML, like Gecko) Chrome/114.0.0.0 Safari/537.36"
104.223.56.36 - - [25/Apr/2026:16:57:27 +0300] "POST /xmlrpc.php HTTP/1.1" 200 630 "-" "Mozilla/5.0 (Windows NT 10.0; Win64; x64) AppleWebKit/537.36 (KHTML, like Gecko) Chrome/114.0.0.0 Safari/537.36"
104.223.56.36 - - [25/Apr/2026:16:57:27 +0300] "POST /xmlrpc.php HTTP/1.1" 200 9101 "-" "Mozilla/5.0 (Windows NT 10.0; Win64; x64) AppleWebKit/537.36 (KHTML, like Gecko) Chrome/114.0.0.0 Safari/537.36"
129.227.39.118 - - [25/Apr/2026:16:57:31 +0300] "POST /xmlrpc.php HTTP/1.1" 200 13776 "-" "Mozilla/5.0 (Windows NT 10.0; Win64; x64) AppleWebKit/537.36 (KHTML, like Gecko) Chrome/114.0.0.0 Safari/537.36"
185.191.171.4 - - [25/Apr/2026:16:57:50 +0300] "GET /better-online-slots-games-for-real-currency-at-the-on-line-casino-free-spins-casino-777-websites-applications/ HTTP/1.1" 200 0 "-" "Mozilla/5.0 (compatible; SemrushBot/7~bl; +http://www.semrush.com/bot.html)"
193.36.38.226 - - [25/Apr/2026:16:57:47 +0300] "POST /xmlrpc.php HTTP/1.1" 200 692 "-" "Mozilla/5.0 (Windows NT 10.0; Win64; x64) AppleWebKit/537.36 (KHTML, like Gecko) Chrome/114.0.0.0 Safari/537.36"
52.167.144.211 - - [25/Apr/2026:16:57:53 +0300] "GET /experience-seamless-transactions-with-atomic-wallet-2/ HTTP/2" 200 0 "-" "Mozilla/5.0 AppleWebKit/537.36 (KHTML, like Gecko; compatible; bingbot/2.0; +http://www.bing.com/bingbot.htm) Chrome/116.0.1938.76 Safari/537.36"
193.36.38.226 - - [25/Apr/2026:16:57:46 +0300] "GET /pragmatic-play-propose-chez-vous-un-rtp-interessant-en-tenant-9650-sans-courbe-de-credits-traditionnelle/ HTTP/1.1" 200 74598 "-" "Mozilla/5.0 (Windows NT 10.0; Win64; x64) AppleWebKit/537.36 (KHTML, like Gecko) Chrome/124.0.0.0 Safari/537.36"
52.167.144.211 - - [25/Apr/2026:16:58:05 +0300] "GET /zoodiac-harbors-arvostelu-vilkas-kiinalainen-horoskooppikolikkopeli-resident-bonus-jannittava-kokemus/ HTTP/2" 200 0 "-" "Mozilla/5.0 AppleWebKit/537.36 (KHTML, like Gecko; compatible; bingbot/2.0; +http://www.bing.com/bingbot.htm) Chrome/116.0.1938.76 Safari/537.36"
185.216.113.70 - - [25/Apr/2026:16:58:59 +0300] "POST /wp-cron.php?doing_wp_cron=1777125539.0022070407867431640625 HTTP/1.1" 200 448 "-" "WordPress/6.3.8; https://serhatburke.miroglu.net"
157.55.39.52 - - [25/Apr/2026:16:58:11 +0300] "GET /raging-rhino-awesome-position-comprehend-our-very-own-on-line-review/ HTTP/2" 200 0 "-" "Mozilla/5.0 AppleWebKit/537.36 (KHTML, like Gecko; compatible; bingbot/2.0; +http://www.bing.com/bingbot.htm) Chrome/116.0.1938.76 Safari/537.36"
104.223.56.36 - - [25/Apr/2026:16:57:59 +0300] "GET /looking-at-operators-as-the-1995-our-team-measures-up-key-options-that-come-with-140-courtroom-internet-sites-across-the-ten-provinces/ HTTP/1.1" 200 75131 "-" "Mozilla/5.0 (Windows NT 10.0; Win64; x64; rv:125.0) Gecko/20100101 Firefox/125.0"
185.216.113.70 - - [25/Apr/2026:16:59:01 +0300] "POST /wp-cron.php?doing_wp_cron=1777125541.3315639495849609375000 HTTP/1.1" 200 448 "-" "WordPress/6.3.8; https://serhatburke.miroglu.net"
185.216.113.70 - - [25/Apr/2026:16:59:02 +0300] "POST /wp-cron.php?doing_wp_cron=1777125542.6256139278411865234375 HTTP/1.1" 200 448 "-" "WordPress/6.3.8; https://serhatburke.miroglu.net"
129.227.39.118 - - [25/Apr/2026:16:58:05 +0300] "GET /greatest-5-lowest-put-gambling-enterprises-united-states-of-america-2026/ HTTP/1.1" 200 77691 "-" "Mozilla/5.0 (Windows NT 10.0; Win64; x64; rv:124.0) Gecko/20100101 Firefox/124.0"
104.223.56.36 - - [25/Apr/2026:16:58:04 +0300] "POST /xmlrpc.php HTTP/1.1" 200 12125 "-" "Mozilla/5.0 (Windows NT 10.0; Win64; x64) AppleWebKit/537.36 (KHTML, like Gecko) Chrome/114.0.0.0 Safari/537.36"
185.216.113.70 - - [25/Apr/2026:16:59:15 +0300] "POST /wp-cron.php?doing_wp_cron=1777125555.3986389636993408203125 HTTP/1.1" 200 448 "-" "WordPress/6.3.8; https://serhatburke.miroglu.net"
104.223.56.36 - - [25/Apr/2026:16:58:12 +0300] "POST /xmlrpc.php HTTP/1.1" 200 630 "-" "Mozilla/5.0 (Windows NT 10.0; Win64; x64) AppleWebKit/537.36 (KHTML, like Gecko) Chrome/114.0.0.0 Safari/537.36"
185.191.171.4 - - [25/Apr/2026:16:58:40 +0300] "GET /better-online-slots-games-for-real-currency-at-the-on-line-casino-free-spins-casino-777-websites-applications/ HTTP/1.1" 200 0 "-" "Mozilla/5.0 (compatible; SemrushBot/7~bl; +http://www.semrush.com/bot.html)"
185.216.113.70 - - [25/Apr/2026:16:59:45 +0300] "POST /wp-cron.php?doing_wp_cron=1777125585.3005089759826660156250 HTTP/1.1" 200 448 "-" "WordPress/6.3.8; https://serhatburke.miroglu.net"
193.36.38.226 - - [25/Apr/2026:16:58:46 +0300] "POST /xmlrpc.php HTTP/1.1" 200 9256 "-" "Mozilla/5.0 (Windows NT 10.0; Win64; x64) AppleWebKit/537.36 (KHTML, like Gecko) Chrome/114.0.0.0 Safari/537.36"
52.167.144.211 - - [25/Apr/2026:16:59:06 +0300] "GET /regulations/ HTTP/2" 200 0 "-" "Mozilla/5.0 AppleWebKit/537.36 (KHTML, like Gecko; compatible; bingbot/2.0; +http://www.bing.com/bingbot.htm) Chrome/116.0.1938.76 Safari/537.36"
185.216.113.70 - - [25/Apr/2026:17:00:24 +0300] "POST /wp-cron.php?doing_wp_cron=1777125624.6019868850708007812500 HTTP/1.1" 200 448 "-" "WordPress/6.3.8; https://serhatburke.miroglu.net"
104.223.56.36 - - [25/Apr/2026:16:58:58 +0300] "POST /xmlrpc.php HTTP/1.1" 200 630 "-" "Mozilla/5.0 (Windows NT 10.0; Win64; x64) AppleWebKit/537.36 (KHTML, like Gecko) Chrome/114.0.0.0 Safari/537.36"
178.159.37.49 - - [25/Apr/2026:16:59:30 +0300] "POST /xmlrpc.php HTTP/1.1" 200 0 "-" "Mozilla/5.0 (Windows NT 10.0; Win64; x64) AppleWebKit/537.36 (KHTML, like Gecko) Chrome/143.0.0.0 Safari/537.36"
104.223.56.36 - - [25/Apr/2026:16:59:06 +0300] "GET /all-gambling-enterprises-about-number-bring-responsible-betting-units-within-the-player-membership/ HTTP/1.1" 200 77316 "-" "Mozilla/5.0 (Windows NT 10.0; Win64; x64; rv:125.0) Gecko/20100101 Firefox/125.0"
52.167.144.156 - - [25/Apr/2026:16:59:44 +0300] "GET /premio-immediato-privo-di-affare-su-giocatori-stranieri/ HTTP/2" 200 0 "-" "Mozilla/5.0 AppleWebKit/537.36 (KHTML, like Gecko; compatible; bingbot/2.0; +http://www.bing.com/bingbot.htm) Chrome/116.0.1938.76 Safari/537.36"
193.36.38.226 - - [25/Apr/2026:16:59:05 +0300] "POST /xmlrpc.php HTTP/1.1" 200 692 "-" "Mozilla/5.0 (Windows NT 10.0; Win64; x64) AppleWebKit/537.36 (KHTML, like Gecko) Chrome/114.0.0.0 Safari/537.36"
185.191.171.18 - - [25/Apr/2026:16:59:49 +0300] "GET /beste-deutsche-angeschlossen-casinos-2026-an-dieser-stelle-casino-no-einzahlung-ice-casino-2026-spielt-brd/ HTTP/1.1" 200 0 "-" "Mozilla/5.0 (compatible; SemrushBot/7~bl; +http://www.semrush.com/bot.html)"
104.223.56.36 - - [25/Apr/2026:16:59:23 +0300] "POST /xmlrpc.php HTTP/1.1" 200 12666 "-" "Mozilla/5.0 (Windows NT 10.0; Win64; x64) AppleWebKit/537.36 (KHTML, like Gecko) Chrome/114.0.0.0 Safari/537.36"
40.77.167.51 - - [25/Apr/2026:17:00:07 +0300] "GET /5-roll-vinnig-5-roll-gratis-appreciren-spel-nl/ HTTP/2" 200 0 "-" "Mozilla/5.0 AppleWebKit/537.36 (KHTML, like Gecko; compatible; bingbot/2.0; +http://www.bing.com/bingbot.htm) Chrome/116.0.1938.76 Safari/537.36"
157.55.39.52 - - [25/Apr/2026:17:00:11 +0300] "GET /better-bitcoin-casinos-to-own-oct-betsoft-ipad-games-2025-detailed-huge-bonuses-for-new-people/ HTTP/2" 200 0 "-" "Mozilla/5.0 AppleWebKit/537.36 (KHTML, like Gecko; compatible; bingbot/2.0; +http://www.bing.com/bingbot.htm) Chrome/116.0.1938.76 Safari/537.36"
128.1.218.163 - - [25/Apr/2026:16:59:18 +0300] "POST /xmlrpc.php HTTP/1.1" 200 630 "-" "Mozilla/5.0 (Windows NT 10.0; Win64; x64) AppleWebKit/537.36 (KHTML, like Gecko) Chrome/114.0.0.0 Safari/537.36"
185.191.171.18 - - [25/Apr/2026:17:00:39 +0300] "GET /beste-deutsche-angeschlossen-casinos-2026-an-dieser-stelle-casino-no-einzahlung-ice-casino-2026-spielt-brd/ HTTP/1.1" 200 0 "-" "Mozilla/5.0 (compatible; SemrushBot/7~bl; +http://www.semrush.com/bot.html)"
185.216.113.70 - - [25/Apr/2026:17:01:34 +0300] "POST /wp-cron.php?doing_wp_cron=1777125693.9006121158599853515625 HTTP/1.1" 200 448 "-" "WordPress/6.3.8; https://serhatburke.miroglu.net"
104.223.56.36 - - [25/Apr/2026:16:59:51 +0300] "POST /xmlrpc.php HTTP/1.1" 200 630 "-" "Mozilla/5.0 (Windows NT 10.0; Win64; x64) AppleWebKit/537.36 (KHTML, like Gecko) Chrome/114.0.0.0 Safari/537.36"
193.36.38.226 - - [25/Apr/2026:16:59:45 +0300] "GET /une-prime-a-l%EF%BF%BDegard-de-juste-avec-montecryptos-continue-tres-bouleversant/ HTTP/1.1" 200 73978 "-" "Mozilla/5.0 (Windows NT 10.0; rv:109.0) Gecko/20100101 Firefox/115.0"
178.159.37.49 - - [25/Apr/2026:17:00:43 +0300] "POST /xmlrpc.php HTTP/1.1" 200 0 "-" "Mozilla/5.0 (Windows NT 10.0; Win64; x64) AppleWebKit/537.36 (KHTML, like Gecko) Chrome/143.0.0.0 Safari/537.36"
52.167.144.156 - - [25/Apr/2026:17:00:56 +0300] "GET /skuespil-great-blue-ingen-indbetalingsbonuskoder-casino-maria-spilleautoma-tilslutte/ HTTP/2" 200 0 "-" "Mozilla/5.0 AppleWebKit/537.36 (KHTML, like Gecko; compatible; bingbot/2.0; +http://www.bing.com/bingbot.htm) Chrome/116.0.1938.76 Safari/537.36"
40.77.167.51 - - [25/Apr/2026:17:01:18 +0300] "GET /discover-the-unique-features-of-raydium-swap-today/ HTTP/2" 200 0 "-" "Mozilla/5.0 AppleWebKit/537.36 (KHTML, like Gecko; compatible; bingbot/2.0; +http://www.bing.com/bingbot.htm) Chrome/116.0.1938.76 Safari/537.36"
185.216.113.70 - - [25/Apr/2026:17:02:12 +0300] "POST /wp-cron.php?doing_wp_cron=1777125732.1368529796600341796875 HTTP/1.1" 200 448 "-" "WordPress/6.3.8; https://serhatburke.miroglu.net"
193.36.38.226 - - [25/Apr/2026:17:00:45 +0300] "POST /xmlrpc.php HTTP/1.1" 200 9297 "-" "Mozilla/5.0 (Windows NT 10.0; Win64; x64) AppleWebKit/537.36 (KHTML, like Gecko) Chrome/114.0.0.0 Safari/537.36"
193.36.38.226 - - [25/Apr/2026:17:00:20 +0300] "POST /xmlrpc.php HTTP/1.1" 500 807 "-" "Mozilla/5.0 (Windows NT 10.0; Win64; x64) AppleWebKit/537.36 (KHTML, like Gecko) Chrome/114.0.0.0 Safari/537.36"
185.216.113.70 - - [25/Apr/2026:17:02:21 +0300] "POST /wp-cron.php?doing_wp_cron=1777125741.2175319194793701171875 HTTP/1.1" 200 448 "-" "WordPress/6.3.8; https://serhatburke.miroglu.net"
185.216.113.70 - - [25/Apr/2026:17:02:22 +0300] "POST /wp-cron.php?doing_wp_cron=1777125742.0260999202728271484375 HTTP/1.1" 200 448 "-" "WordPress/6.3.8; https://serhatburke.miroglu.net"
104.223.56.36 - - [25/Apr/2026:17:00:31 +0300] "POST /xmlrpc.php HTTP/1.1" 200 9754 "-" "Mozilla/5.0 (Windows NT 10.0; Win64; x64) AppleWebKit/537.36 (KHTML, like Gecko) Chrome/114.0.0.0 Safari/537.36"
185.216.113.70 - - [25/Apr/2026:17:02:22 +0300] "POST /wp-cron.php?doing_wp_cron=1777125742.5254559516906738281250 HTTP/1.1" 200 448 "-" "WordPress/6.3.8; https://serhatburke.miroglu.net"
104.223.56.36 - - [25/Apr/2026:17:00:26 +0300] "POST /xmlrpc.php HTTP/1.1" 200 630 "-" "Mozilla/5.0 (Windows NT 10.0; Win64; x64) AppleWebKit/537.36 (KHTML, like Gecko) Chrome/114.0.0.0 Safari/537.36"
104.223.56.36 - - [25/Apr/2026:17:00:51 +0300] "GET /cellular-baccarat-often-features-simple-picture-easy-to-explore-control-and-you-may-customizable-configurations-to-compliment-your-own-playing-experience/ HTTP/1.1" 200 78951 "-" "Mozilla/5.0 (Windows NT 10.0; Win64; x64) AppleWebKit/537.36 (KHTML, like Gecko) Chrome/124.0.0.0 Safari/537.36"
157.55.39.52 - - [25/Apr/2026:17:01:47 +0300] "GET /wild-orient-position-2026-free-trial-lucky-larrys-lobstermania-rtp-publication/ HTTP/2" 200 0 "-" "Mozilla/5.0 AppleWebKit/537.36 (KHTML, like Gecko; compatible; bingbot/2.0; +http://www.bing.com/bingbot.htm) Chrome/116.0.1938.76 Safari/537.36"
185.216.113.70 - - [25/Apr/2026:17:02:40 +0300] "POST /wp-cron.php?doing_wp_cron=1777125759.8061161041259765625000 HTTP/1.1" 200 448 "-" "WordPress/6.3.8; https://serhatburke.miroglu.net"
128.1.218.163 - - [25/Apr/2026:17:00:58 +0300] "POST /xmlrpc.php HTTP/1.1" 500 1102 "-" "Mozilla/5.0 (Windows NT 10.0; Win64; x64) AppleWebKit/537.36 (KHTML, like Gecko) Chrome/114.0.0.0 Safari/537.36"
178.159.37.49 - - [25/Apr/2026:17:01:46 +0300] "POST /xmlrpc.php HTTP/1.1" 200 0 "-" "Mozilla/5.0 (Windows NT 10.0; Win64; x64) AppleWebKit/537.36 (KHTML, like Gecko) Chrome/143.0.0.0 Safari/537.36"
185.216.113.70 - - [25/Apr/2026:17:02:50 +0300] "POST /wp-cron.php?doing_wp_cron=1777125770.7106549739837646484375 HTTP/1.1" 200 448 "-" "WordPress/6.3.8; https://serhatburke.miroglu.net"
129.227.39.118 - - [25/Apr/2026:17:00:59 +0300] "POST /xmlrpc.php HTTP/1.1" 500 745 "-" "Mozilla/5.0 (Windows NT 10.0; Win64; x64) AppleWebKit/537.36 (KHTML, like Gecko) Chrome/114.0.0.0 Safari/537.36"
104.223.56.36 - - [25/Apr/2026:17:01:11 +0300] "POST /xmlrpc.php HTTP/1.1" 500 745 "-" "Mozilla/5.0 (Windows NT 10.0; Win64; x64) AppleWebKit/537.36 (KHTML, like Gecko) Chrome/114.0.0.0 Safari/537.36"
193.36.38.226 - - [25/Apr/2026:17:01:26 +0300] "POST /xmlrpc.php HTTP/1.1" 500 807 "-" "Mozilla/5.0 (Windows NT 10.0; Win64; x64) AppleWebKit/537.36 (KHTML, like Gecko) Chrome/114.0.0.0 Safari/537.36"
193.36.38.226 - - [25/Apr/2026:17:01:28 +0300] "POST /xmlrpc.php HTTP/1.1" 500 807 "-" "Mozilla/5.0 (Windows NT 10.0; Win64; x64) AppleWebKit/537.36 (KHTML, like Gecko) Chrome/114.0.0.0 Safari/537.36"
104.223.56.36 - - [25/Apr/2026:17:01:30 +0300] "POST /xmlrpc.php HTTP/1.1" 500 745 "-" "Mozilla/5.0 (Windows NT 10.0; Win64; x64) AppleWebKit/537.36 (KHTML, like Gecko) Chrome/114.0.0.0 Safari/537.36"
185.216.113.70 - - [25/Apr/2026:17:03:31 +0300] "POST /wp-cron.php?doing_wp_cron=1777125811.4478809833526611328125 HTTP/1.1" 200 448 "-" "WordPress/6.3.8; https://serhatburke.miroglu.net"
104.223.56.36 - - [25/Apr/2026:17:01:49 +0300] "POST /xmlrpc.php HTTP/1.1" 200 630 "-" "Mozilla/5.0 (Windows NT 10.0; Win64; x64) AppleWebKit/537.36 (KHTML, like Gecko) Chrome/114.0.0.0 Safari/537.36"
212.119.46.90 - - [25/Apr/2026:17:03:09 +0300] "POST /xmlrpc.php HTTP/2" 200 0 "-" "WordPress/XMLRPC Client"
157.55.39.52 - - [25/Apr/2026:17:03:02 +0300] "GET /free-dolphin-cash-slot-machine-game-with-no-wings-of-gold-80-giros-gratis-download/ HTTP/2" 200 0 "-" "Mozilla/5.0 AppleWebKit/537.36 (KHTML, like Gecko; compatible; bingbot/2.0; +http://www.bing.com/bingbot.htm) Chrome/116.0.1938.76 Safari/537.36"
193.36.38.226 - - [25/Apr/2026:17:02:00 +0300] "POST /xmlrpc.php HTTP/1.1" 500 807 "-" "Mozilla/5.0 (Windows NT 10.0; Win64; x64) AppleWebKit/537.36 (KHTML, like Gecko) Chrome/114.0.0.0 Safari/537.36"
178.159.37.49 - - [25/Apr/2026:17:03:03 +0300] "POST /xmlrpc.php HTTP/1.1" 200 0 "-" "Mozilla/5.0 (Windows NT 10.0; Win64; x64) AppleWebKit/537.36 (KHTML, like Gecko) Chrome/143.0.0.0 Safari/537.36"
185.216.113.70 - - [25/Apr/2026:17:04:00 +0300] "POST /wp-cron.php?doing_wp_cron=1777125840.2207028865814208984375 HTTP/1.1" 200 448 "-" "WordPress/6.3.8; https://serhatburke.miroglu.net"
104.223.56.36 - - [25/Apr/2026:17:02:06 +0300] "POST /xmlrpc.php HTTP/1.1" 500 745 "-" "Mozilla/5.0 (Windows NT 10.0; Win64; x64) AppleWebKit/537.36 (KHTML, like Gecko) Chrome/114.0.0.0 Safari/537.36"
200.113.43.83 - - [25/Apr/2026:17:03:41 +0300] "POST /xmlrpc.php HTTP/2" 200 0 "-" "WordPress/XMLRPC Client"
193.36.38.226 - - [25/Apr/2026:17:02:16 +0300] "GET /allez-pour-des-jeux-de-salle-de-jeu-non-payants-via-nimporte-quel-accompagnement-qui-vous-voulez/ HTTP/1.1" 500 604 "-" "Mozilla/5.0 (Windows NT 10.0; Win64; x64) AppleWebKit/537.36 (KHTML, like Gecko) Chrome/122.0.0.0 Safari/537.36"
104.223.56.36 - - [25/Apr/2026:17:02:25 +0300] "POST /xmlrpc.php HTTP/1.1" 200 9754 "-" "Mozilla/5.0 (Windows NT 10.0; Win64; x64) AppleWebKit/537.36 (KHTML, like Gecko) Chrome/114.0.0.0 Safari/537.36"
129.227.39.118 - - [25/Apr/2026:17:02:39 +0300] "POST /xmlrpc.php HTTP/1.1" 500 745 "-" "Mozilla/5.0 (Windows NT 10.0; Win64; x64) AppleWebKit/537.36 (KHTML, like Gecko) Chrome/114.0.0.0 Safari/537.36"
193.36.38.226 - - [25/Apr/2026:17:02:40 +0300] "POST /xmlrpc.php HTTP/1.1" 500 807 "-" "Mozilla/5.0 (Windows NT 10.0; Win64; x64) AppleWebKit/537.36 (KHTML, like Gecko) Chrome/114.0.0.0 Safari/537.36"
189.36.240.86 - - [25/Apr/2026:17:04:12 +0300] "POST /xmlrpc.php HTTP/2" 200 0 "-" "WordPress/XMLRPC Client"
104.223.56.36 - - [25/Apr/2026:17:02:44 +0300] "POST /xmlrpc.php HTTP/1.1" 500 745 "-" "Mozilla/5.0 (Windows NT 10.0; Win64; x64) AppleWebKit/537.36 (KHTML, like Gecko) Chrome/114.0.0.0 Safari/537.36"
128.1.218.163 - - [25/Apr/2026:17:02:43 +0300] "POST /xmlrpc.php HTTP/1.1" 500 745 "-" "Mozilla/5.0 (Windows NT 10.0; Win64; x64) AppleWebKit/537.36 (KHTML, like Gecko) Chrome/114.0.0.0 Safari/537.36"
104.223.56.36 - - [25/Apr/2026:17:02:51 +0300] "POST /xmlrpc.php HTTP/1.1" 500 745 "-" "Mozilla/5.0 (Windows NT 10.0; Win64; x64) AppleWebKit/537.36 (KHTML, like Gecko) Chrome/114.0.0.0 Safari/537.36"
185.216.113.70 - - [25/Apr/2026:17:04:22 +0300] "POST /wp-cron.php?doing_wp_cron=1777125862.8282759189605712890625 HTTP/1.1" 200 448 "-" "WordPress/6.3.8; https://serhatburke.miroglu.net"
178.159.37.49 - - [25/Apr/2026:17:04:06 +0300] "POST /xmlrpc.php HTTP/1.1" 200 0 "-" "Mozilla/5.0 (Windows NT 10.0; Win64; x64) AppleWebKit/537.36 (KHTML, like Gecko) Chrome/143.0.0.0 Safari/537.36"
193.36.38.226 - - [25/Apr/2026:17:03:08 +0300] "POST /xmlrpc.php HTTP/1.1" 500 807 "-" "Mozilla/5.0 (Windows NT 10.0; Win64; x64) AppleWebKit/537.36 (KHTML, like Gecko) Chrome/114.0.0.0 Safari/537.36"
104.223.56.36 - - [25/Apr/2026:17:03:13 +0300] "POST /xmlrpc.php HTTP/1.1" 500 745 "-" "Mozilla/5.0 (Windows NT 10.0; Win64; x64) AppleWebKit/537.36 (KHTML, like Gecko) Chrome/114.0.0.0 Safari/537.36"
170.247.192.54 - - [25/Apr/2026:17:04:46 +0300] "POST /xmlrpc.php HTTP/2" 200 0 "-" "WordPress/XMLRPC Client"
104.223.56.36 - - [25/Apr/2026:17:03:16 +0300] "POST /xmlrpc.php HTTP/1.1" 500 745 "-" "Mozilla/5.0 (Windows NT 10.0; Win64; x64) AppleWebKit/537.36 (KHTML, like Gecko) Chrome/114.0.0.0 Safari/537.36"
104.223.56.36 - - [25/Apr/2026:17:03:29 +0300] "POST /xmlrpc.php HTTP/1.1" 500 745 "-" "Mozilla/5.0 (Windows NT 10.0; Win64; x64) AppleWebKit/537.36 (KHTML, like Gecko) Chrome/114.0.0.0 Safari/537.36"
98.98.197.163 - - [25/Apr/2026:17:03:47 +0300] "POST /xmlrpc.php HTTP/1.1" 500 745 "-" "Mozilla/5.0 (Windows NT 10.0; Win64; x64) AppleWebKit/537.36 (KHTML, like Gecko) Chrome/114.0.0.0 Safari/537.36"
177.73.203.246 - - [25/Apr/2026:17:05:19 +0300] "POST /xmlrpc.php HTTP/2" 200 0 "-" "WordPress/XMLRPC Client"
185.216.113.70 - - [25/Apr/2026:17:05:51 +0300] "POST /wp-cron.php?doing_wp_cron=1777125951.8016200065612792968750 HTTP/1.1" 200 448 "-" "WordPress/6.3.8; https://serhatburke.miroglu.net"
128.1.218.163 - - [25/Apr/2026:17:04:08 +0300] "POST /xmlrpc.php HTTP/1.1" 500 1102 "-" "Mozilla/5.0 (Windows NT 10.0; Win64; x64) AppleWebKit/537.36 (KHTML, like Gecko) Chrome/114.0.0.0 Safari/537.36"
104.223.56.36 - - [25/Apr/2026:17:03:54 +0300] "POST /xmlrpc.php HTTP/1.1" 500 745 "-" "Mozilla/5.0 (Windows NT 10.0; Win64; x64) AppleWebKit/537.36 (KHTML, like Gecko) Chrome/114.0.0.0 Safari/537.36"
104.223.56.36 - - [25/Apr/2026:17:03:56 +0300] "POST /xmlrpc.php HTTP/1.1" 500 745 "-" "Mozilla/5.0 (Windows NT 10.0; Win64; x64) AppleWebKit/537.36 (KHTML, like Gecko) Chrome/114.0.0.0 Safari/537.36"
104.223.56.36 - - [25/Apr/2026:17:04:00 +0300] "GET /?p=135907 HTTP/1.1" 500 745 "-" "Mozilla/5.0 (Windows NT 10.0; Win64; x64) AppleWebKit/537.36 (KHTML, like Gecko) Chrome/109.0.0.0 Safari/537.36"
193.36.38.226 - - [25/Apr/2026:17:04:08 +0300] "POST /xmlrpc.php HTTP/1.1" 500 807 "-" "Mozilla/5.0 (Windows NT 10.0; Win64; x64) AppleWebKit/537.36 (KHTML, like Gecko) Chrome/114.0.0.0 Safari/537.36"
193.36.38.226 - - [25/Apr/2026:17:04:20 +0300] "POST /xmlrpc.php HTTP/1.1" 500 807 "-" "Mozilla/5.0 (Windows NT 10.0; Win64; x64) AppleWebKit/537.36 (KHTML, like Gecko) Chrome/114.0.0.0 Safari/537.36"
185.216.113.70 - - [25/Apr/2026:17:06:24 +0300] "POST /wp-cron.php?doing_wp_cron=1777125984.1228499412536621093750 HTTP/1.1" 200 448 "-" "WordPress/6.3.8; https://serhatburke.miroglu.net"
104.223.56.36 - - [25/Apr/2026:17:04:30 +0300] "POST /xmlrpc.php HTTP/1.1" 500 1102 "-" "Mozilla/5.0 (Windows NT 10.0; Win64; x64) AppleWebKit/537.36 (KHTML, like Gecko) Chrome/114.0.0.0 Safari/537.36"
104.223.56.36 - - [25/Apr/2026:17:04:24 +0300] "POST /xmlrpc.php HTTP/1.1" 500 745 "-" "Mozilla/5.0 (Windows NT 10.0; Win64; x64) AppleWebKit/537.36 (KHTML, like Gecko) Chrome/114.0.0.0 Safari/537.36"
128.1.218.163 - - [25/Apr/2026:17:04:28 +0300] "POST /xmlrpc.php HTTP/1.1" 500 745 "-" "Mozilla/5.0 (Windows NT 10.0; Win64; x64) AppleWebKit/537.36 (KHTML, like Gecko) Chrome/114.0.0.0 Safari/537.36"
185.216.113.70 - - [25/Apr/2026:17:06:32 +0300] "POST /wp-cron.php?doing_wp_cron=1777125992.7205340862274169921875 HTTP/1.1" 200 448 "-" "WordPress/6.3.8; https://serhatburke.miroglu.net"
104.223.56.36 - - [25/Apr/2026:17:05:05 +0300] "POST /xmlrpc.php HTTP/1.1" 200 7734 "-" "Mozilla/5.0 (Windows NT 10.0; Win64; x64) AppleWebKit/537.36 (KHTML, like Gecko) Chrome/114.0.0.0 Safari/537.36"
185.216.113.70 - - [25/Apr/2026:17:06:39 +0300] "POST /wp-cron.php?doing_wp_cron=1777125998.8993039131164550781250 HTTP/1.1" 200 448 "-" "WordPress/6.3.8; https://serhatburke.miroglu.net"
98.98.197.163 - - [25/Apr/2026:17:05:28 +0300] "POST /xmlrpc.php HTTP/1.1" 500 1102 "-" "Mozilla/5.0 (Windows NT 10.0; Win64; x64) AppleWebKit/537.36 (KHTML, like Gecko) Chrome/114.0.0.0 Safari/537.36"
185.216.113.70 - - [25/Apr/2026:17:06:39 +0300] "POST /wp-cron.php?doing_wp_cron=1777125999.1170330047607421875000 HTTP/1.1" 200 448 "-" "WordPress/6.3.8; https://serhatburke.miroglu.net"
104.223.56.36 - - [25/Apr/2026:17:05:15 +0300] "POST /xmlrpc.php HTTP/1.1" 200 7952 "-" "Mozilla/5.0 (Windows NT 10.0; Win64; x64) AppleWebKit/537.36 (KHTML, like Gecko) Chrome/114.0.0.0 Safari/537.36"
185.216.113.70 - - [25/Apr/2026:17:06:53 +0300] "POST /wp-cron.php?doing_wp_cron=1777126013.5533170700073242187500 HTTP/1.1" 200 448 "-" "WordPress/6.3.8; https://serhatburke.miroglu.net"
104.223.56.36 - - [25/Apr/2026:17:05:39 +0300] "POST /xmlrpc.php HTTP/1.1" 200 861 "-" "Mozilla/5.0 (Windows NT 10.0; Win64; x64) AppleWebKit/537.36 (KHTML, like Gecko) Chrome/114.0.0.0 Safari/537.36"
185.216.113.70 - - [25/Apr/2026:17:06:55 +0300] "POST /wp-cron.php?doing_wp_cron=1777126015.3620901107788085937500 HTTP/1.1" 200 448 "-" "WordPress/6.3.8; https://serhatburke.miroglu.net"
104.223.56.36 - - [25/Apr/2026:17:05:40 +0300] "POST /xmlrpc.php HTTP/1.1" 200 8959 "-" "Mozilla/5.0 (Windows NT 10.0; Win64; x64) AppleWebKit/537.36 (KHTML, like Gecko) Chrome/114.0.0.0 Safari/537.36"
185.216.113.70 - - [25/Apr/2026:17:07:16 +0300] "POST /wp-cron.php?doing_wp_cron=1777126035.8476250171661376953125 HTTP/1.1" 200 448 "-" "WordPress/6.3.8; https://serhatburke.miroglu.net"
128.1.218.163 - - [25/Apr/2026:17:06:08 +0300] "GET /?p=135911 HTTP/1.1" 301 675 "-" "Mozilla/5.0 (Windows NT 10.0; Win64; x64) AppleWebKit/537.36 (KHTML, like Gecko) Chrome/123.0.0.0 Safari/537.36"
185.216.113.70 - - [25/Apr/2026:17:07:37 +0300] "POST /wp-cron.php?doing_wp_cron=1777126057.1146619319915771484375 HTTP/1.1" 200 448 "-" "WordPress/6.3.8; https://serhatburke.miroglu.net"
104.223.56.36 - - [25/Apr/2026:17:06:37 +0300] "GET /added-bonus-promote-and-you-may-any-payouts-from-the-render-is-valid-to-own-1-month/ HTTP/1.1" 200 72932 "-" "Mozilla/5.0 (Windows NT 10.0; Win64; x64) AppleWebKit/537.36 (KHTML, like Gecko) Chrome/124.0.0.0 Safari/537.36"
