35.224.168.243 - - [25/Apr/2026:11:24:26 +0300] "GET /wp-includes/js/quicktags.min.js?ver=6.3.8 HTTP/2" 200 3331 "https://serhatburke.miroglu.net/wp-admin/post.php?post=2740&action=edit" "Mozilla/5.0 (X11; Linux x86_64) AppleWebKit/537.36 (KHTML, like Gecko) HeadlessChrome/147.0.7727.15 Safari/537.36"
35.224.168.243 - - [25/Apr/2026:11:24:26 +0300] "GET /wp-content/plugins/all-in-one-seo-pack/dist/Lite/assets//link-format/link-format-classic.js?ver=4.4.4 HTTP/2" 200 4340 "https://serhatburke.miroglu.net/wp-admin/post.php?post=2740&action=edit" "Mozilla/5.0 (X11; Linux x86_64) AppleWebKit/537.36 (KHTML, like Gecko) HeadlessChrome/147.0.7727.15 Safari/537.36"
35.224.168.243 - - [25/Apr/2026:11:24:26 +0300] "GET /wp-includes/js/jquery/ui/menu.min.js?ver=1.13.2 HTTP/2" 200 2883 "https://serhatburke.miroglu.net/wp-admin/post.php?post=2740&action=edit" "Mozilla/5.0 (X11; Linux x86_64) AppleWebKit/537.36 (KHTML, like Gecko) HeadlessChrome/147.0.7727.15 Safari/537.36"
35.224.168.243 - - [25/Apr/2026:11:24:26 +0300] "GET /wp-includes/js/jquery/ui/autocomplete.min.js?ver=1.13.2 HTTP/2" 200 2677 "https://serhatburke.miroglu.net/wp-admin/post.php?post=2740&action=edit" "Mozilla/5.0 (X11; Linux x86_64) AppleWebKit/537.36 (KHTML, like Gecko) HeadlessChrome/147.0.7727.15 Safari/537.36"
35.224.168.243 - - [25/Apr/2026:11:24:26 +0300] "GET /wp-includes/js/thickbox/thickbox.js?ver=3.1-20121105 HTTP/2" 200 3991 "https://serhatburke.miroglu.net/wp-admin/post.php?post=2740&action=edit" "Mozilla/5.0 (X11; Linux x86_64) AppleWebKit/537.36 (KHTML, like Gecko) HeadlessChrome/147.0.7727.15 Safari/537.36"
35.224.168.243 - - [25/Apr/2026:11:24:26 +0300] "GET /wp-admin/js/media-upload.min.js?ver=6.3.8 HTTP/2" 200 540 "https://serhatburke.miroglu.net/wp-admin/post.php?post=2740&action=edit" "Mozilla/5.0 (X11; Linux x86_64) AppleWebKit/537.36 (KHTML, like Gecko) HeadlessChrome/147.0.7727.15 Safari/537.36"
35.224.168.243 - - [25/Apr/2026:11:24:26 +0300] "GET /wp-includes/js/dist/block-directory.min.js?ver=cf69143cf8a7a08f7e0f HTTP/2" 200 6647 "https://serhatburke.miroglu.net/wp-admin/post.php?post=2740&action=edit" "Mozilla/5.0 (X11; Linux x86_64) AppleWebKit/537.36 (KHTML, like Gecko) HeadlessChrome/147.0.7727.15 Safari/537.36"
35.224.168.243 - - [25/Apr/2026:11:24:26 +0300] "GET /wp-includes/js/dist/format-library.min.js?ver=841596d9c9d3cabeaec1 HTTP/2" 200 7303 "https://serhatburke.miroglu.net/wp-admin/post.php?post=2740&action=edit" "Mozilla/5.0 (X11; Linux x86_64) AppleWebKit/537.36 (KHTML, like Gecko) HeadlessChrome/147.0.7727.15 Safari/537.36"
35.224.168.243 - - [25/Apr/2026:11:24:26 +0300] "GET /wp-content/plugins/wpforms-lite/assets/js/components/admin/gutenberg/formselector.es5.min.js?ver=1.8.3.1 HTTP/2" 200 5391 "https://serhatburke.miroglu.net/wp-admin/post.php?post=2740&action=edit" "Mozilla/5.0 (X11; Linux x86_64) AppleWebKit/537.36 (KHTML, like Gecko) HeadlessChrome/147.0.7727.15 Safari/537.36"
35.224.168.243 - - [25/Apr/2026:11:24:26 +0300] "GET /wp-content/plugins/wpforms-lite/assets/js/wpforms-modern.min.js?ver=1.8.3.1 HTTP/2" 200 1821 "https://serhatburke.miroglu.net/wp-admin/post.php?post=2740&action=edit" "Mozilla/5.0 (X11; Linux x86_64) AppleWebKit/537.36 (KHTML, like Gecko) HeadlessChrome/147.0.7727.15 Safari/537.36"
35.224.168.243 - - [25/Apr/2026:11:24:26 +0300] "GET /wp-includes/js/wp-api.min.js?ver=6.3.8 HTTP/2" 200 3983 "https://serhatburke.miroglu.net/wp-admin/post.php?post=2740&action=edit" "Mozilla/5.0 (X11; Linux x86_64) AppleWebKit/537.36 (KHTML, like Gecko) HeadlessChrome/147.0.7727.15 Safari/537.36"
35.224.168.243 - - [25/Apr/2026:11:24:26 +0300] "GET /wp-content/plugins/all-in-one-seo-pack/dist/Lite/assets/link-format/link-format-block.js?ver=4.4.4 HTTP/2" 200 6894 "https://serhatburke.miroglu.net/wp-admin/post.php?post=2740&action=edit" "Mozilla/5.0 (X11; Linux x86_64) AppleWebKit/537.36 (KHTML, like Gecko) HeadlessChrome/147.0.7727.15 Safari/537.36"
35.224.168.243 - - [25/Apr/2026:11:24:27 +0300] "GET /wp-content/plugins/wpforms-lite/assets/lite/js/admin/education/lite-connect.min.js?ver=1.8.3.1 HTTP/2" 200 1480 "https://serhatburke.miroglu.net/wp-admin/post.php?post=2740&action=edit" "Mozilla/5.0 (X11; Linux x86_64) AppleWebKit/537.36 (KHTML, like Gecko) HeadlessChrome/147.0.7727.15 Safari/537.36"
35.224.168.243 - - [25/Apr/2026:11:24:27 +0300] "GET /wp-content/plugins/meta-box/meta-box/js/script.js?ver=5.2.4 HTTP/2" 200 341 "https://serhatburke.miroglu.net/wp-admin/post.php?post=2740&action=edit" "Mozilla/5.0 (X11; Linux x86_64) AppleWebKit/537.36 (KHTML, like Gecko) HeadlessChrome/147.0.7727.15 Safari/537.36"
35.224.168.243 - - [25/Apr/2026:11:24:27 +0300] "GET /wp-content/plugins/meta-box/meta-box/js/select.js?ver=5.2.4 HTTP/2" 200 259 "https://serhatburke.miroglu.net/wp-admin/post.php?post=2740&action=edit" "Mozilla/5.0 (X11; Linux x86_64) AppleWebKit/537.36 (KHTML, like Gecko) HeadlessChrome/147.0.7727.15 Safari/537.36"
35.224.168.243 - - [25/Apr/2026:11:24:27 +0300] "GET /wp-includes/js/media-grid.min.js?ver=6.3.8 HTTP/2" 200 3654 "https://serhatburke.miroglu.net/wp-admin/post.php?post=2740&action=edit" "Mozilla/5.0 (X11; Linux x86_64) AppleWebKit/537.36 (KHTML, like Gecko) HeadlessChrome/147.0.7727.15 Safari/537.36"
35.224.168.243 - - [25/Apr/2026:11:24:27 +0300] "GET /wp-content/plugins/meta-box/meta-box/js/media.js?ver=5.2.4 HTTP/2" 200 4140 "https://serhatburke.miroglu.net/wp-admin/post.php?post=2740&action=edit" "Mozilla/5.0 (X11; Linux x86_64) AppleWebKit/537.36 (KHTML, like Gecko) HeadlessChrome/147.0.7727.15 Safari/537.36"
35.224.168.243 - - [25/Apr/2026:11:24:27 +0300] "GET /wp-content/plugins/meta-box/meta-box/js/file.js?ver=5.2.4 HTTP/2" 200 1185 "https://serhatburke.miroglu.net/wp-admin/post.php?post=2740&action=edit" "Mozilla/5.0 (X11; Linux x86_64) AppleWebKit/537.36 (KHTML, like Gecko) HeadlessChrome/147.0.7727.15 Safari/537.36"
35.224.168.243 - - [25/Apr/2026:11:24:27 +0300] "GET /wp-content/plugins/meta-box/meta-box/js/image-advanced.js?ver=5.2.4 HTTP/2" 200 495 "https://serhatburke.miroglu.net/wp-admin/post.php?post=2740&action=edit" "Mozilla/5.0 (X11; Linux x86_64) AppleWebKit/537.36 (KHTML, like Gecko) HeadlessChrome/147.0.7727.15 Safari/537.36"
35.224.168.243 - - [25/Apr/2026:11:24:27 +0300] "GET /wp-content/plugins/meta-box/meta-box/js/file-input.js?ver=5.2.4 HTTP/2" 200 464 "https://serhatburke.miroglu.net/wp-admin/post.php?post=2740&action=edit" "Mozilla/5.0 (X11; Linux x86_64) AppleWebKit/537.36 (KHTML, like Gecko) HeadlessChrome/147.0.7727.15 Safari/537.36"
35.224.168.243 - - [25/Apr/2026:11:24:27 +0300] "GET /wp-content/plugins/meta-box/meta-box/js/button-group.js?ver=5.2.4 HTTP/2" 200 342 "https://serhatburke.miroglu.net/wp-admin/post.php?post=2740&action=edit" "Mozilla/5.0 (X11; Linux x86_64) AppleWebKit/537.36 (KHTML, like Gecko) HeadlessChrome/147.0.7727.15 Safari/537.36"
35.224.168.243 - - [25/Apr/2026:11:24:27 +0300] "GET /wp-content/plugins/meta-box/meta-box/js/input-list.js?ver=5.2.4 HTTP/2" 200 381 "https://serhatburke.miroglu.net/wp-admin/post.php?post=2740&action=edit" "Mozilla/5.0 (X11; Linux x86_64) AppleWebKit/537.36 (KHTML, like Gecko) HeadlessChrome/147.0.7727.15 Safari/537.36"
35.224.168.243 - - [25/Apr/2026:11:24:27 +0300] "GET /wp-content/plugins/meta-box/meta-box/js/select-tree.js?ver=5.2.4 HTTP/2" 200 523 "https://serhatburke.miroglu.net/wp-admin/post.php?post=2740&action=edit" "Mozilla/5.0 (X11; Linux x86_64) AppleWebKit/537.36 (KHTML, like Gecko) HeadlessChrome/147.0.7727.15 Safari/537.36"
35.224.168.243 - - [25/Apr/2026:11:24:27 +0300] "GET /wp-content/plugins/meta-box/meta-box/js/select2/i18n/tr.js?ver=4.0.10 HTTP/2" 200 390 "https://serhatburke.miroglu.net/wp-admin/post.php?post=2740&action=edit" "Mozilla/5.0 (X11; Linux x86_64) AppleWebKit/537.36 (KHTML, like Gecko) HeadlessChrome/147.0.7727.15 Safari/537.36"
35.224.168.243 - - [25/Apr/2026:11:24:27 +0300] "GET /wp-content/plugins/meta-box/meta-box/js/select-advanced.js?ver=5.2.4 HTTP/2" 200 1122 "https://serhatburke.miroglu.net/wp-admin/post.php?post=2740&action=edit" "Mozilla/5.0 (X11; Linux x86_64) AppleWebKit/537.36 (KHTML, like Gecko) HeadlessChrome/147.0.7727.15 Safari/537.36"
35.224.168.243 - - [25/Apr/2026:11:24:27 +0300] "GET /wp-content/plugins/meta-box/meta-box/js/taxonomy.js?ver=5.2.4 HTTP/2" 200 154 "https://serhatburke.miroglu.net/wp-admin/post.php?post=2740&action=edit" "Mozilla/5.0 (X11; Linux x86_64) AppleWebKit/537.36 (KHTML, like Gecko) HeadlessChrome/147.0.7727.15 Safari/537.36"
35.224.168.243 - - [25/Apr/2026:11:24:27 +0300] "GET /wp-content/plugins/meta-box/meta-box/js/wysiwyg.js?ver=5.2.4 HTTP/2" 200 1639 "https://serhatburke.miroglu.net/wp-admin/post.php?post=2740&action=edit" "Mozilla/5.0 (X11; Linux x86_64) AppleWebKit/537.36 (KHTML, like Gecko) HeadlessChrome/147.0.7727.15 Safari/537.36"
35.224.168.243 - - [25/Apr/2026:11:24:27 +0300] "GET /wp-content/plugins/meta-box/meta-box-tabs/tabs.js?ver=1.0.0 HTTP/2" 200 481 "https://serhatburke.miroglu.net/wp-admin/post.php?post=2740&action=edit" "Mozilla/5.0 (X11; Linux x86_64) AppleWebKit/537.36 (KHTML, like Gecko) HeadlessChrome/147.0.7727.15 Safari/537.36"
35.224.168.243 - - [25/Apr/2026:11:24:27 +0300] "GET /wp-content/plugins/meta-box/meta-box-conditional-logic/conditional-logic.js?ver=1.5 HTTP/2" 200 4434 "https://serhatburke.miroglu.net/wp-admin/post.php?post=2740&action=edit" "Mozilla/5.0 (X11; Linux x86_64) AppleWebKit/537.36 (KHTML, like Gecko) HeadlessChrome/147.0.7727.15 Safari/537.36"
35.224.168.243 - - [25/Apr/2026:11:24:27 +0300] "GET /wp-content/plugins/wpforms-lite/assets/lite/js/admin/edit-post-education.es5.min.js?ver=1.8.3.1 HTTP/2" 200 2087 "https://serhatburke.miroglu.net/wp-admin/post.php?post=2740&action=edit" "Mozilla/5.0 (X11; Linux x86_64) AppleWebKit/537.36 (KHTML, like Gecko) HeadlessChrome/147.0.7727.15 Safari/537.36"
35.224.168.243 - - [25/Apr/2026:11:24:27 +0300] "GET /wp-includes/js/wp-pointer.min.js?ver=6.3.8 HTTP/2" 200 1221 "https://serhatburke.miroglu.net/wp-admin/post.php?post=2740&action=edit" "Mozilla/5.0 (X11; Linux x86_64) AppleWebKit/537.36 (KHTML, like Gecko) HeadlessChrome/147.0.7727.15 Safari/537.36"
35.224.168.243 - - [25/Apr/2026:11:24:27 +0300] "GET /wp-includes/js/jquery/ui/draggable.min.js?ver=1.13.2 HTTP/2" 200 4652 "https://serhatburke.miroglu.net/wp-admin/post.php?post=2740&action=edit" "Mozilla/5.0 (X11; Linux x86_64) AppleWebKit/537.36 (KHTML, like Gecko) HeadlessChrome/147.0.7727.15 Safari/537.36"
35.224.168.243 - - [25/Apr/2026:11:24:27 +0300] "GET /wp-includes/js/jquery/ui/slider.min.js?ver=1.13.2 HTTP/2" 200 2980 "https://serhatburke.miroglu.net/wp-admin/post.php?post=2740&action=edit" "Mozilla/5.0 (X11; Linux x86_64) AppleWebKit/537.36 (KHTML, like Gecko) HeadlessChrome/147.0.7727.15 Safari/537.36"
35.224.168.243 - - [25/Apr/2026:11:24:27 +0300] "GET /wp-includes/js/jquery/jquery.ui.touch-punch.js?ver=0.2.2 HTTP/2" 200 509 "https://serhatburke.miroglu.net/wp-admin/post.php?post=2740&action=edit" "Mozilla/5.0 (X11; Linux x86_64) AppleWebKit/537.36 (KHTML, like Gecko) HeadlessChrome/147.0.7727.15 Safari/537.36"
35.224.168.243 - - [25/Apr/2026:11:24:27 +0300] "GET /wp-admin/js/iris.min.js?ver=1.1.1 HTTP/2" 200 7724 "https://serhatburke.miroglu.net/wp-admin/post.php?post=2740&action=edit" "Mozilla/5.0 (X11; Linux x86_64) AppleWebKit/537.36 (KHTML, like Gecko) HeadlessChrome/147.0.7727.15 Safari/537.36"
35.224.168.243 - - [25/Apr/2026:11:24:27 +0300] "GET /wp-admin/js/color-picker.min.js?ver=6.3.8 HTTP/2" 200 1064 "https://serhatburke.miroglu.net/wp-admin/post.php?post=2740&action=edit" "Mozilla/5.0 (X11; Linux x86_64) AppleWebKit/537.36 (KHTML, like Gecko) HeadlessChrome/147.0.7727.15 Safari/537.36"
35.224.168.243 - - [25/Apr/2026:11:24:27 +0300] "GET /wp-includes/js/jquery/ui/droppable.min.js?ver=1.13.2 HTTP/2" 200 1900 "https://serhatburke.miroglu.net/wp-admin/post.php?post=2740&action=edit" "Mozilla/5.0 (X11; Linux x86_64) AppleWebKit/537.36 (KHTML, like Gecko) HeadlessChrome/147.0.7727.15 Safari/537.36"
35.224.168.243 - - [25/Apr/2026:11:24:27 +0300] "GET /wp-includes/js/jquery/ui/resizable.min.js?ver=1.13.2 HTTP/2" 200 5128 "https://serhatburke.miroglu.net/wp-admin/post.php?post=2740&action=edit" "Mozilla/5.0 (X11; Linux x86_64) AppleWebKit/537.36 (KHTML, like Gecko) HeadlessChrome/147.0.7727.15 Safari/537.36"
35.224.168.243 - - [25/Apr/2026:11:24:27 +0300] "GET /wp-includes/js/jquery/ui/tabs.min.js?ver=1.13.2 HTTP/2" 200 3760 "https://serhatburke.miroglu.net/wp-admin/post.php?post=2740&action=edit" "Mozilla/5.0 (X11; Linux x86_64) AppleWebKit/537.36 (KHTML, like Gecko) HeadlessChrome/147.0.7727.15 Safari/537.36"
35.224.168.243 - - [25/Apr/2026:11:24:27 +0300] "GET /wp-includes/js/jquery/ui/accordion.min.js?ver=1.13.2 HTTP/2" 200 2650 "https://serhatburke.miroglu.net/wp-admin/post.php?post=2740&action=edit" "Mozilla/5.0 (X11; Linux x86_64) AppleWebKit/537.36 (KHTML, like Gecko) HeadlessChrome/147.0.7727.15 Safari/537.36"
35.224.168.243 - - [25/Apr/2026:11:24:27 +0300] "GET /wp-content/plugins/js_composer/assets/lib/vc_accordion/vc-accordion.min.js?ver=6.13.0 HTTP/2" 200 2498 "https://serhatburke.miroglu.net/wp-admin/post.php?post=2740&action=edit" "Mozilla/5.0 (X11; Linux x86_64) AppleWebKit/537.36 (KHTML, like Gecko) HeadlessChrome/147.0.7727.15 Safari/537.36"
35.224.168.243 - - [25/Apr/2026:11:24:27 +0300] "GET /wp-content/plugins/js_composer/assets/lib/bower/json-js/json2.min.js?ver=6.13.0 HTTP/2" 200 1398 "https://serhatburke.miroglu.net/wp-admin/post.php?post=2740&action=edit" "Mozilla/5.0 (X11; Linux x86_64) AppleWebKit/537.36 (KHTML, like Gecko) HeadlessChrome/147.0.7727.15 Safari/537.36"
35.224.168.243 - - [25/Apr/2026:11:24:27 +0300] "GET /wp-content/plugins/js_composer/assets/js/dist/backend-actions.min.js?ver=6.13.0 HTTP/2" 200 1316 "https://serhatburke.miroglu.net/wp-admin/post.php?post=2740&action=edit" "Mozilla/5.0 (X11; Linux x86_64) AppleWebKit/537.36 (KHTML, like Gecko) HeadlessChrome/147.0.7727.15 Safari/537.36"
35.224.168.243 - - [25/Apr/2026:11:24:27 +0300] "GET /wp-content/plugins/js_composer/assets/lib/vc_tabs/vc-tabs.min.js?ver=6.13.0 HTTP/2" 200 1178 "https://serhatburke.miroglu.net/wp-admin/post.php?post=2740&action=edit" "Mozilla/5.0 (X11; Linux x86_64) AppleWebKit/537.36 (KHTML, like Gecko) HeadlessChrome/147.0.7727.15 Safari/537.36"
35.224.168.243 - - [25/Apr/2026:11:24:27 +0300] "GET /wp-content/plugins/js_composer/assets/lib/bower/vcIconPicker/jquery.fonticonpicker.min.js?ver=6.13.0 HTTP/2" 200 3360 "https://serhatburke.miroglu.net/wp-admin/post.php?post=2740&action=edit" "Mozilla/5.0 (X11; Linux x86_64) AppleWebKit/537.36 (KHTML, like Gecko) HeadlessChrome/147.0.7727.15 Safari/537.36"
35.224.168.243 - - [25/Apr/2026:11:24:27 +0300] "GET /wp-content/plugins/wpforms-lite/assets/js/admin-editor.min.js?ver=1.8.3.1 HTTP/2" 200 321 "https://serhatburke.miroglu.net/wp-admin/post.php?post=2740&action=edit" "Mozilla/5.0 (X11; Linux x86_64) AppleWebKit/537.36 (KHTML, like Gecko) HeadlessChrome/147.0.7727.15 Safari/537.36"
35.224.168.243 - - [25/Apr/2026:11:24:27 +0300] "GET /wp-includes/js/wp-embed.min.js?ver=6.3.8 HTTP/2" 200 740 "https://serhatburke.miroglu.net/wp-admin/post.php?post=2740&action=edit" "Mozilla/5.0 (X11; Linux x86_64) AppleWebKit/537.36 (KHTML, like Gecko) HeadlessChrome/147.0.7727.15 Safari/537.36"
35.224.168.243 - - [25/Apr/2026:11:24:26 +0300] "GET /wp-includes/js/mediaelement/mediaelement-and-player.min.js?ver=4.2.17 HTTP/2" 200 36433 "https://serhatburke.miroglu.net/wp-admin/post.php?post=2740&action=edit" "Mozilla/5.0 (X11; Linux x86_64) AppleWebKit/537.36 (KHTML, like Gecko) HeadlessChrome/147.0.7727.15 Safari/537.36"
35.224.168.243 - - [25/Apr/2026:11:24:26 +0300] "GET /wp-includes/js/media-views.min.js?ver=6.3.8 HTTP/2" 200 24763 "https://serhatburke.miroglu.net/wp-admin/post.php?post=2740&action=edit" "Mozilla/5.0 (X11; Linux x86_64) AppleWebKit/537.36 (KHTML, like Gecko) HeadlessChrome/147.0.7727.15 Safari/537.36"
35.224.168.243 - - [25/Apr/2026:11:24:26 +0300] "GET /wp-includes/js/dist/edit-post.min.js?ver=f80cf449718896dc7e2d HTTP/2" 200 33261 "https://serhatburke.miroglu.net/wp-admin/post.php?post=2740&action=edit" "Mozilla/5.0 (X11; Linux x86_64) AppleWebKit/537.36 (KHTML, like Gecko) HeadlessChrome/147.0.7727.15 Safari/537.36"
35.224.168.243 - - [25/Apr/2026:11:24:26 +0300] "GET /wp-content/plugins/wpforms-lite/assets/lib/choices.min.js?ver=9.0.1 HTTP/2" 200 18545 "https://serhatburke.miroglu.net/wp-admin/post.php?post=2740&action=edit" "Mozilla/5.0 (X11; Linux x86_64) AppleWebKit/537.36 (KHTML, like Gecko) HeadlessChrome/147.0.7727.15 Safari/537.36"
35.224.168.243 - - [25/Apr/2026:11:24:27 +0300] "GET /wp-content/plugins/meta-box/meta-box/js/select2/select2.min.js?ver=4.0.10 HTTP/2" 200 18372 "https://serhatburke.miroglu.net/wp-admin/post.php?post=2740&action=edit" "Mozilla/5.0 (X11; Linux x86_64) AppleWebKit/537.36 (KHTML, like Gecko) HeadlessChrome/147.0.7727.15 Safari/537.36"
35.224.168.243 - - [25/Apr/2026:11:24:27 +0300] "GET /wp-content/plugins/js_composer/assets/lib/php.default/php.default.min.js?ver=6.13.0 HTTP/2" 200 36287 "https://serhatburke.miroglu.net/wp-admin/post.php?post=2740&action=edit" "Mozilla/5.0 (X11; Linux x86_64) AppleWebKit/537.36 (KHTML, like Gecko) HeadlessChrome/147.0.7727.15 Safari/537.36"
35.224.168.243 - - [25/Apr/2026:11:24:27 +0300] "GET /wp-content/plugins/js_composer/assets/lib/bower/ace-builds/src-min-noconflict/ace.js?ver=6.13.0 HTTP/2" 200 87593 "https://serhatburke.miroglu.net/wp-admin/post.php?post=2740&action=edit" "Mozilla/5.0 (X11; Linux x86_64) AppleWebKit/537.36 (KHTML, like Gecko) HeadlessChrome/147.0.7727.15 Safari/537.36"
35.224.168.243 - - [25/Apr/2026:11:24:27 +0300] "GET /wp-content/plugins/js_composer/assets/js/dist/backend.min.js?ver=6.13.0 HTTP/2" 200 61561 "https://serhatburke.miroglu.net/wp-admin/post.php?post=2740&action=edit" "Mozilla/5.0 (X11; Linux x86_64) AppleWebKit/537.36 (KHTML, like Gecko) HeadlessChrome/147.0.7727.15 Safari/537.36"
35.224.168.243 - - [25/Apr/2026:11:24:26 +0300] "GET /wp-admin/load-scripts.php?c=1&load%5Bchunk_0%5D=hoverIntent&ver=6.3.8 HTTP/2" 200 712 "https://serhatburke.miroglu.net/wp-admin/post.php?post=2740&action=edit" "Mozilla/5.0 (X11; Linux x86_64) AppleWebKit/537.36 (KHTML, like Gecko) HeadlessChrome/147.0.7727.15 Safari/537.36"
35.224.168.243 - - [25/Apr/2026:11:24:27 +0300] "GET /wp-content/plugins/js_composer/assets/lib/bower/font-awesome/webfonts/fa-solid-900.woff2 HTTP/2" 200 75760 "https://serhatburke.miroglu.net/wp-content/plugins/js_composer/assets/lib/bower/font-awesome/css/all.min.css?ver=6.13.0" "Mozilla/5.0 (X11; Linux x86_64) AppleWebKit/537.36 (KHTML, like Gecko) HeadlessChrome/147.0.7727.15 Safari/537.36"
35.224.168.243 - - [25/Apr/2026:11:24:26 +0300] "GET /wp-includes/js/dist/block-library.min.js?ver=c4928240a198a3ee8a22 HTTP/2" 200 186311 "https://serhatburke.miroglu.net/wp-admin/post.php?post=2740&action=edit" "Mozilla/5.0 (X11; Linux x86_64) AppleWebKit/537.36 (KHTML, like Gecko) HeadlessChrome/147.0.7727.15 Safari/537.36"
35.224.168.243 - - [25/Apr/2026:11:24:26 +0300] "GET /wp-content/plugins/google-analytics-for-wordpress/assets/gutenberg/js/editor.js?ver=10.1.3 HTTP/2" 200 75108 "https://serhatburke.miroglu.net/wp-admin/post.php?post=2740&action=edit" "Mozilla/5.0 (X11; Linux x86_64) AppleWebKit/537.36 (KHTML, like Gecko) HeadlessChrome/147.0.7727.15 Safari/537.36"
35.224.168.243 - - [25/Apr/2026:11:24:27 +0300] "GET /wp-content/plugins/wpforms-lite/assets/images/sullie-vc.png HTTP/2" 200 4395 "https://serhatburke.miroglu.net/wp-admin/post.php?post=2740&action=edit" "Mozilla/5.0 (X11; Linux x86_64) AppleWebKit/537.36 (KHTML, like Gecko) HeadlessChrome/147.0.7727.15 Safari/537.36"
35.224.168.243 - - [25/Apr/2026:11:24:27 +0300] "GET /wp-content/plugins/all-in-one-seo-pack/dist/Lite/assets/js/AddPlus.fd1914a5.js HTTP/2" 200 482 "https://serhatburke.miroglu.net/wp-content/plugins/all-in-one-seo-pack/dist/Lite/assets/blocks.12b02266.js?ver=4.4.4" "Mozilla/5.0 (X11; Linux x86_64) AppleWebKit/537.36 (KHTML, like Gecko) HeadlessChrome/147.0.7727.15 Safari/537.36"
35.224.168.243 - - [25/Apr/2026:11:24:27 +0300] "GET /wp-content/plugins/all-in-one-seo-pack/dist/Lite/assets/js/HighlightToggle.ce133bc9.js HTTP/2" 200 946 "https://serhatburke.miroglu.net/wp-content/plugins/all-in-one-seo-pack/dist/Lite/assets/blocks.12b02266.js?ver=4.4.4" "Mozilla/5.0 (X11; Linux x86_64) AppleWebKit/537.36 (KHTML, like Gecko) HeadlessChrome/147.0.7727.15 Safari/537.36"
35.224.168.243 - - [25/Apr/2026:11:24:27 +0300] "GET /wp-content/plugins/all-in-one-seo-pack/dist/Lite/assets/js/Drag.9683a277.js HTTP/2" 200 33361 "https://serhatburke.miroglu.net/wp-content/plugins/all-in-one-seo-pack/dist/Lite/assets/blocks.12b02266.js?ver=4.4.4" "Mozilla/5.0 (X11; Linux x86_64) AppleWebKit/537.36 (KHTML, like Gecko) HeadlessChrome/147.0.7727.15 Safari/537.36"
35.224.168.243 - - [25/Apr/2026:11:24:27 +0300] "GET /wp-content/plugins/all-in-one-seo-pack/dist/Lite/assets/js/vue.runtime.esm-bundler.60c71097.js HTTP/2" 200 134 "https://serhatburke.miroglu.net/wp-content/plugins/all-in-one-seo-pack/dist/Lite/assets/blocks.12b02266.js?ver=4.4.4" "Mozilla/5.0 (X11; Linux x86_64) AppleWebKit/537.36 (KHTML, like Gecko) HeadlessChrome/147.0.7727.15 Safari/537.36"
35.224.168.243 - - [25/Apr/2026:11:24:27 +0300] "GET /wp-includes/js/thickbox/loadingAnimation.gif HTTP/2" 200 15238 "https://serhatburke.miroglu.net/wp-admin/post.php?post=2740&action=edit" "Mozilla/5.0 (X11; Linux x86_64) AppleWebKit/537.36 (KHTML, like Gecko) HeadlessChrome/147.0.7727.15 Safari/537.36"
35.224.168.243 - - [25/Apr/2026:11:24:27 +0300] "GET /wp-content/plugins/js_composer/assets/fonts/vc_icons_v2/fonts/vcpb-plugin-icons.ttf?f6ud62 HTTP/2" 200 7464 "https://serhatburke.miroglu.net/wp-content/plugins/js_composer/assets/css/js_composer_backend_editor.min.css?ver=6.13.0" "Mozilla/5.0 (X11; Linux x86_64) AppleWebKit/537.36 (KHTML, like Gecko) HeadlessChrome/147.0.7727.15 Safari/537.36"
35.224.168.243 - - [25/Apr/2026:11:24:28 +0300] "GET /wp-content/plugins/js_composer/assets/vc/logo/wpb-logo-white.svg HTTP/2" 200 715 "https://serhatburke.miroglu.net/wp-content/plugins/js_composer/assets/css/js_composer_backend_editor.min.css?ver=6.13.0" "Mozilla/5.0 (X11; Linux x86_64) AppleWebKit/537.36 (KHTML, like Gecko) HeadlessChrome/147.0.7727.15 Safari/537.36"
35.224.168.243 - - [25/Apr/2026:11:24:29 +0300] "GET /wp-content/plugins/all-in-one-seo-pack/dist/Lite/assets/main-20ad6c21.js HTTP/2" 200 479345 "https://serhatburke.miroglu.net/wp-admin/post.php?post=2740&action=edit" "Mozilla/5.0 (X11; Linux x86_64) AppleWebKit/537.36 (KHTML, like Gecko) HeadlessChrome/147.0.7727.15 Safari/537.36"
35.224.168.243 - - [25/Apr/2026:11:24:27 +0300] "GET / HTTP/2" 200 0 "-" "Mozilla/5.0 (X11; Linux x86_64) AppleWebKit/537.36 (KHTML, like Gecko) HeadlessChrome/147.0.7727.15 Safari/537.36"
35.224.168.243 - - [25/Apr/2026:11:24:56 +0300] "GET /?nocache=1777105495913 HTTP/1.1" 200 0 "-" "node"
185.216.113.70 - - [25/Apr/2026:11:25:17 +0300] "POST /wp-cron.php?doing_wp_cron=1777105517.2168900966644287109375 HTTP/1.1" 200 448 "-" "WordPress/6.3.8; https://serhatburke.miroglu.net"
200.25.47.112 - - [25/Apr/2026:11:24:23 +0300] "POST /xmlrpc.php HTTP/1.1" 200 16755 "-" "Mozilla/5.0 (Windows NT 10.0; Win64; x64) AppleWebKit/537.36 (KHTML, like Gecko) Chrome/114.0.0.0 Safari/537.36"
35.224.168.243 - - [25/Apr/2026:11:25:06 +0300] "GET /?nocache=1777105495913 HTTP/2" 200 0 "-" "Mozilla/5.0 (X11; Linux x86_64) AppleWebKit/537.36 (KHTML, like Gecko) HeadlessChrome/147.0.7727.15 Safari/537.36"
35.224.168.243 - - [25/Apr/2026:11:24:27 +0300] "GET /wp-json/wp/v2/ HTTP/2" 200 0 "https://serhatburke.miroglu.net/wp-admin/post.php?post=2740&action=edit" "Mozilla/5.0 (X11; Linux x86_64) AppleWebKit/537.36 (KHTML, like Gecko) HeadlessChrome/147.0.7727.15 Safari/537.36"
35.224.168.243 - - [25/Apr/2026:11:24:27 +0300] "GET /wp-json/aioseo/v1/ping/ HTTP/2" 200 0 "https://serhatburke.miroglu.net/wp-admin/post.php?post=2740&action=edit" "Mozilla/5.0 (X11; Linux x86_64) AppleWebKit/537.36 (KHTML, like Gecko) HeadlessChrome/147.0.7727.15 Safari/537.36"
35.224.168.243 - - [25/Apr/2026:11:24:28 +0300] "POST /wp-json/aioseo/v1/analyze-headline/ HTTP/2" 200 0 "https://serhatburke.miroglu.net/wp-admin/post.php?post=2740&action=edit" "Mozilla/5.0 (X11; Linux x86_64) AppleWebKit/537.36 (KHTML, like Gecko) HeadlessChrome/147.0.7727.15 Safari/537.36"
35.224.168.243 - - [25/Apr/2026:11:24:28 +0300] "GET /wp-json/wp/v2/blocks?context=edit&per_page=100&_locale=user HTTP/2" 200 0 "https://serhatburke.miroglu.net/wp-admin/post.php?post=2740&action=edit" "Mozilla/5.0 (X11; Linux x86_64) AppleWebKit/537.36 (KHTML, like Gecko) HeadlessChrome/147.0.7727.15 Safari/537.36"
35.224.168.243 - - [25/Apr/2026:11:24:28 +0300] "GET /wp-json/wp/v2/block-patterns/patterns?_locale=user HTTP/2" 200 0 "https://serhatburke.miroglu.net/wp-admin/post.php?post=2740&action=edit" "Mozilla/5.0 (X11; Linux x86_64) AppleWebKit/537.36 (KHTML, like Gecko) HeadlessChrome/147.0.7727.15 Safari/537.36"
35.224.168.243 - - [25/Apr/2026:11:24:28 +0300] "GET /wp-json/wp/v2/block-patterns/categories?_locale=user HTTP/2" 200 0 "https://serhatburke.miroglu.net/wp-admin/post.php?post=2740&action=edit" "Mozilla/5.0 (X11; Linux x86_64) AppleWebKit/537.36 (KHTML, like Gecko) HeadlessChrome/147.0.7727.15 Safari/537.36"
35.224.168.243 - - [25/Apr/2026:11:24:28 +0300] "GET /wp-json/?_fields=description%2Cgmt_offset%2Chome%2Cname%2Csite_icon%2Csite_icon_url%2Csite_logo%2Ctimezone_string%2Curl&_locale=user HTTP/2" 200 0 "https://serhatburke.miroglu.net/wp-admin/post.php?post=2740&action=edit" "Mozilla/5.0 (X11; Linux x86_64) AppleWebKit/537.36 (KHTML, like Gecko) HeadlessChrome/147.0.7727.15 Safari/537.36"
35.224.168.243 - - [25/Apr/2026:11:24:28 +0300] "GET /wp-json/wp/v2/users?context=view&who=authors&per_page=50&_fields=id%2Cname&_locale=user HTTP/2" 200 0 "https://serhatburke.miroglu.net/wp-admin/post.php?post=2740&action=edit" "Mozilla/5.0 (X11; Linux x86_64) AppleWebKit/537.36 (KHTML, like Gecko) HeadlessChrome/147.0.7727.15 Safari/537.36"
35.224.168.243 - - [25/Apr/2026:11:24:28 +0300] "OPTIONS /wp-json/wp/v2/pages/2740?_locale=user HTTP/2" 200 0 "https://serhatburke.miroglu.net/wp-admin/post.php?post=2740&action=edit" "Mozilla/5.0 (X11; Linux x86_64) AppleWebKit/537.36 (KHTML, like Gecko) HeadlessChrome/147.0.7727.15 Safari/537.36"
35.224.168.243 - - [25/Apr/2026:11:24:28 +0300] "GET /wp-json/wp/v2/taxonomies?context=edit&per_page=100&_locale=user HTTP/2" 200 0 "https://serhatburke.miroglu.net/wp-admin/post.php?post=2740&action=edit" "Mozilla/5.0 (X11; Linux x86_64) AppleWebKit/537.36 (KHTML, like Gecko) HeadlessChrome/147.0.7727.15 Safari/537.36"
35.224.168.243 - - [25/Apr/2026:11:24:28 +0300] "GET /wp-json/wp/v2/themes?context=edit&status=active&_locale=user HTTP/2" 200 0 "https://serhatburke.miroglu.net/wp-admin/post.php?post=2740&action=edit" "Mozilla/5.0 (X11; Linux x86_64) AppleWebKit/537.36 (KHTML, like Gecko) HeadlessChrome/147.0.7727.15 Safari/537.36"
35.224.168.243 - - [25/Apr/2026:11:24:47 +0300] "POST /wp-json/wp/v2/users/me?_locale=user HTTP/2" 200 0 "https://serhatburke.miroglu.net/wp-admin/post.php?post=2740&action=edit" "Mozilla/5.0 (X11; Linux x86_64) AppleWebKit/537.36 (KHTML, like Gecko) HeadlessChrome/147.0.7727.15 Safari/537.36"
35.224.168.243 - - [25/Apr/2026:11:24:48 +0300] "POST /wp-json/wp/v2/pages/2740?_locale=user HTTP/2" 200 0 "https://serhatburke.miroglu.net/wp-admin/post.php?post=2740&action=edit" "Mozilla/5.0 (X11; Linux x86_64) AppleWebKit/537.36 (KHTML, like Gecko) HeadlessChrome/147.0.7727.15 Safari/537.36"
35.224.168.243 - - [25/Apr/2026:11:25:05 +0300] "POST /wp-admin/admin-ajax.php HTTP/2" 200 0 "https://serhatburke.miroglu.net/wp-admin/post.php?post=2740&action=edit" "Mozilla/5.0 (X11; Linux x86_64) AppleWebKit/537.36 (KHTML, like Gecko) HeadlessChrome/147.0.7727.15 Safari/537.36"
40.77.167.156 - - [25/Apr/2026:11:24:52 +0300] "GET /cilindersloten-gelijksluitend-aanschaffen-reel-kings-speelslot-1-regels-pro-elke-poort/ HTTP/2" 200 0 "-" "Mozilla/5.0 AppleWebKit/537.36 (KHTML, like Gecko; compatible; bingbot/2.0; +http://www.bing.com/bingbot.htm) Chrome/116.0.1938.76 Safari/537.36"
52.167.144.238 - - [25/Apr/2026:11:24:56 +0300] "GET /lesquelles-ressemblent-les-avantages-de-realiser-ceci-depot-au-sein-dun-casino-de-ligne/ HTTP/2" 200 0 "-" "Mozilla/5.0 AppleWebKit/537.36 (KHTML, like Gecko; compatible; bingbot/2.0; +http://www.bing.com/bingbot.htm) Chrome/116.0.1938.76 Safari/537.36"
35.224.168.243 - - [25/Apr/2026:11:25:36 +0300] "GET /?nocache=1777105535934 HTTP/1.1" 200 0 "-" "node"
185.216.113.70 - - [25/Apr/2026:11:26:20 +0300] "POST /wp-cron.php?doing_wp_cron=1777105579.9991929531097412109375 HTTP/1.1" 200 448 "-" "WordPress/6.3.8; https://serhatburke.miroglu.net"
200.25.47.112 - - [25/Apr/2026:11:25:19 +0300] "GET /igrosoft-slots-jogue-afinar-casino-mr-unlimluck-promo-bet/ HTTP/1.1" 200 80287 "-" "Mozilla/5.0 (Windows NT 10.0; Win64; x64) AppleWebKit/537.36 (KHTML, like Gecko) Chrome/124.0.0.0 Safari/537.36 Edg/124.0.0.0"
207.46.13.107 - - [25/Apr/2026:11:25:34 +0300] "GET /igualmente-de-el-bono-sobre-recibimiento-stake-pica-promociones-semanales-para-jugadores-de-casino/ HTTP/2" 200 0 "-" "Mozilla/5.0 AppleWebKit/537.36 (KHTML, like Gecko; compatible; bingbot/2.0; +http://www.bing.com/bingbot.htm) Chrome/116.0.1938.76 Safari/537.36"
35.224.168.243 - - [25/Apr/2026:11:25:57 +0300] "GET /wp-admin/options-reading.php HTTP/2" 200 0 "-" "Mozilla/5.0 (X11; Linux x86_64) AppleWebKit/537.36 (KHTML, like Gecko) HeadlessChrome/147.0.7727.15 Safari/537.36"
185.216.113.70 - - [25/Apr/2026:11:26:27 +0300] "POST /wp-cron.php?doing_wp_cron=1777105587.3542389869689941406250 HTTP/1.1" 200 448 "-" "WordPress/6.3.8; https://serhatburke.miroglu.net"
185.216.113.70 - - [25/Apr/2026:11:26:31 +0300] "POST /wp-cron.php?doing_wp_cron=1777105590.8225190639495849609375 HTTP/1.1" 200 448 "-" "WordPress/6.3.8; https://serhatburke.miroglu.net"
185.216.113.70 - - [25/Apr/2026:11:26:32 +0300] "POST /wp-cron.php?doing_wp_cron=1777105591.7194950580596923828125 HTTP/1.1" 200 448 "-" "WordPress/6.3.8; https://serhatburke.miroglu.net"
185.216.113.70 - - [25/Apr/2026:11:26:33 +0300] "POST /wp-cron.php?doing_wp_cron=1777105593.1124770641326904296875 HTTP/1.1" 200 448 "-" "WordPress/6.3.8; https://serhatburke.miroglu.net"
185.216.113.70 - - [25/Apr/2026:11:26:35 +0300] "POST /wp-cron.php?doing_wp_cron=1777105594.8115921020507812500000 HTTP/1.1" 200 448 "-" "WordPress/6.3.8; https://serhatburke.miroglu.net"
38.180.31.218 - - [25/Apr/2026:11:26:07 +0300] "POST /xmlrpc.php HTTP/2" 200 0 "-" "Mozilla/5.0 (Windows NT 10.0; Win64; x64; rv:121.0) Gecko/20100101 Firefox/121.0"
40.77.167.156 - - [25/Apr/2026:11:25:52 +0300] "GET /dexscreener-the-ultimate-guide-for-cryptocurrency-traders-in-2026/ HTTP/2" 200 0 "-" "Mozilla/5.0 AppleWebKit/537.36 (KHTML, like Gecko; compatible; bingbot/2.0; +http://www.bing.com/bingbot.htm) Chrome/116.0.1938.76 Safari/537.36"
185.216.113.70 - - [25/Apr/2026:11:26:46 +0300] "POST /wp-cron.php?doing_wp_cron=1777105606.1134650707244873046875 HTTP/1.1" 200 448 "-" "WordPress/6.3.8; https://serhatburke.miroglu.net"
52.167.144.238 - - [25/Apr/2026:11:25:57 +0300] "GET /7-fun-a-michael-jackson-free-80-spins-means-to-play-magic-santa-which-have-a-twist/ HTTP/2" 200 0 "-" "Mozilla/5.0 AppleWebKit/537.36 (KHTML, like Gecko; compatible; bingbot/2.0; +http://www.bing.com/bingbot.htm) Chrome/116.0.1938.76 Safari/537.36"
35.224.168.243 - - [25/Apr/2026:11:26:27 +0300] "GET /wp-admin/options-reading.php HTTP/2" 200 0 "-" "Mozilla/5.0 (X11; Linux x86_64) AppleWebKit/537.36 (KHTML, like Gecko) HeadlessChrome/147.0.7727.15 Safari/537.36"
38.180.31.218 - - [25/Apr/2026:11:26:37 +0300] "POST /xmlrpc.php HTTP/2" 200 0 "-" "Mozilla/5.0 (Windows NT 10.0; Win64; x64) AppleWebKit/537.36 (KHTML, like Gecko) Chrome/120.0.0.0 Safari/537.36"
35.224.168.243 - - [25/Apr/2026:11:26:59 +0300] "GET /wp-admin/options-reading.php HTTP/2" 200 0 "-" "Mozilla/5.0 (X11; Linux x86_64) AppleWebKit/537.36 (KHTML, like Gecko) HeadlessChrome/147.0.7727.15 Safari/537.36"
207.46.13.107 - - [25/Apr/2026:11:26:54 +0300] "GET /online-casino-jamfor-sveriges-basta-natcasinon-2026/ HTTP/2" 200 0 "-" "Mozilla/5.0 AppleWebKit/537.36 (KHTML, like Gecko; compatible; bingbot/2.0; +http://www.bing.com/bingbot.htm) Chrome/116.0.1938.76 Safari/537.36"
38.244.174.237 - - [25/Apr/2026:11:27:16 +0300] "POST /xmlrpc.php HTTP/2" 200 0 "-" "Mozilla/5.0 (Windows NT 10.0; Win64; x64) AppleWebKit/537.36 (KHTML, like Gecko) Chrome/119.0.0.0 Safari/537.36 Edg/119.0.0.0"
185.216.113.70 - - [25/Apr/2026:11:27:47 +0300] "POST /wp-cron.php?doing_wp_cron=1777105667.8142750263214111328125 HTTP/1.1" 200 448 "-" "WordPress/6.3.8; https://serhatburke.miroglu.net"
185.216.113.70 - - [25/Apr/2026:11:26:27 +0300] "POST /wp-admin/admin-ajax.php?action=as_async_request_queue_runner&nonce=ebb6c0b531 HTTP/1.1" 200 828 "-" "WordPress/6.3.8; https://serhatburke.miroglu.net"
185.216.113.70 - - [25/Apr/2026:11:27:56 +0300] "POST /wp-cron.php?doing_wp_cron=1777105676.6157929897308349609375 HTTP/1.1" 200 448 "-" "WordPress/6.3.8; https://serhatburke.miroglu.net"
165.73.240.150 - - [25/Apr/2026:11:26:44 +0300] "POST /xmlrpc.php HTTP/1.1" 200 630 "-" "Mozilla/5.0 (Windows NT 10.0; Win64; x64) AppleWebKit/537.36 (KHTML, like Gecko) Chrome/114.0.0.0 Safari/537.36"
185.216.113.70 - - [25/Apr/2026:11:27:58 +0300] "POST /wp-cron.php?doing_wp_cron=1777105678.3016169071197509765625 HTTP/1.1" 200 448 "-" "WordPress/6.3.8; https://serhatburke.miroglu.net"
185.216.113.70 - - [25/Apr/2026:11:28:04 +0300] "POST /wp-cron.php?doing_wp_cron=1777105683.9354751110076904296875 HTTP/1.1" 200 448 "-" "WordPress/6.3.8; https://serhatburke.miroglu.net"
200.25.47.112 - - [25/Apr/2026:11:26:56 +0300] "POST /xmlrpc.php HTTP/1.1" 200 630 "-" "Mozilla/5.0 (Windows NT 10.0; Win64; x64) AppleWebKit/537.36 (KHTML, like Gecko) Chrome/114.0.0.0 Safari/537.36"
38.244.174.237 - - [25/Apr/2026:11:27:46 +0300] "POST /xmlrpc.php HTTP/2" 200 0 "-" "Mozilla/5.0 (Macintosh; Intel Mac OS X 10_15_7) AppleWebKit/537.36 (KHTML, like Gecko) Chrome/120.0.0.0 Safari/537.36"
207.46.13.107 - - [25/Apr/2026:11:27:54 +0300] "GET /kraken-bezopasnye-ssylki-dlia-dostupa-v-darknet/ HTTP/2" 200 0 "-" "Mozilla/5.0 AppleWebKit/537.36 (KHTML, like Gecko; compatible; bingbot/2.0; +http://www.bing.com/bingbot.htm) Chrome/116.0.1938.76 Safari/537.36"
165.73.240.150 - - [25/Apr/2026:11:28:04 +0300] "POST /xmlrpc.php HTTP/1.1" 200 13959 "-" "Mozilla/5.0 (Windows NT 10.0; Win64; x64) AppleWebKit/537.36 (KHTML, like Gecko) Chrome/114.0.0.0 Safari/537.36"
200.25.47.112 - - [25/Apr/2026:11:28:11 +0300] "POST /xmlrpc.php HTTP/1.1" 200 16562 "-" "Mozilla/5.0 (Windows NT 10.0; Win64; x64) AppleWebKit/537.36 (KHTML, like Gecko) Chrome/114.0.0.0 Safari/537.36"
213.21.40.251 - - [25/Apr/2026:11:28:19 +0300] "POST /xmlrpc.php HTTP/2" 200 181 "-" "Mozilla/5.0 (Windows NT 10.0; Win64; x64) AppleWebKit/537.36 (KHTML, like Gecko) Chrome/119.0.0.0 Safari/537.36 Edg/119.0.0.0"
77.170.88.59 - - [25/Apr/2026:11:28:49 +0300] "POST /xmlrpc.php HTTP/2" 200 403 "-" "Mozilla/5.0 (Windows NT 10.0; Win64; x64; rv:121.0) Gecko/20100101 Firefox/121.0"
165.73.240.150 - - [25/Apr/2026:11:28:49 +0300] "GET /the-newest-thunderstruck-no-deposit-incentive-that-can-blow-your-out/ HTTP/1.1" 200 77626 "-" "Mozilla/5.0 (Windows NT 10.0; Win64; x64) AppleWebKit/537.36 (KHTML, like Gecko) Chrome/122.0.0.0 Safari/537.36"
200.25.47.112 - - [25/Apr/2026:11:28:51 +0300] "GET /slot-777-dicas-que-acabamento-gratis-sem-registro-codigo-de-bonus-pagbet-hoje-nem-download/ HTTP/1.1" 200 81317 "-" "Mozilla/5.0 (Windows NT 10.0; Win64; x64) AppleWebKit/537.36 (KHTML, like Gecko) Chrome/122.0.0.0 Safari/537.36"
78.90.65.174 - - [25/Apr/2026:11:29:23 +0300] "POST /xmlrpc.php HTTP/2" 200 181 "-" "Mozilla/5.0 (Windows NT 10.0; Win64; x64) AppleWebKit/537.36 (KHTML, like Gecko) Chrome/119.0.0.0 Safari/537.36 Edg/119.0.0.0"
185.216.113.70 - - [25/Apr/2026:11:29:49 +0300] "POST /wp-cron.php?doing_wp_cron=1777105789.0837590694427490234375 HTTP/1.1" 200 448 "-" "WordPress/6.3.8; https://serhatburke.miroglu.net"
38.180.31.218 - - [25/Apr/2026:11:29:36 +0300] "POST /xmlrpc.php HTTP/2" 200 408 "-" "Mozilla/5.0 (X11; Linux x86_64) AppleWebKit/537.36 (KHTML, like Gecko) Chrome/120.0.0.0 Safari/537.36"
200.25.47.112 - - [25/Apr/2026:11:29:44 +0300] "POST /xmlrpc.php HTTP/1.1" 200 630 "-" "Mozilla/5.0 (Windows NT 10.0; Win64; x64) AppleWebKit/537.36 (KHTML, like Gecko) Chrome/114.0.0.0 Safari/537.36"
200.25.47.112 - - [25/Apr/2026:11:30:03 +0300] "POST /xmlrpc.php HTTP/1.1" 200 16267 "-" "Mozilla/5.0 (Windows NT 10.0; Win64; x64) AppleWebKit/537.36 (KHTML, like Gecko) Chrome/114.0.0.0 Safari/537.36"
200.25.47.112 - - [25/Apr/2026:11:30:18 +0300] "GET /cassinos-bonus-de-login-playpix-uma-vez-que-jewel-sea-pirate-riches-casino-bonus-sem-casa-apontar-brasil-melhores-2026/ HTTP/1.1" 200 81644 "-" "Mozilla/5.0 (Windows NT 10.0; rv:109.0) Gecko/20100101 Firefox/115.0"
185.216.113.70 - - [25/Apr/2026:11:31:41 +0300] "POST /wp-cron.php?doing_wp_cron=1777105901.3316779136657714843750 HTTP/1.1" 200 448 "-" "WordPress/6.3.8; https://serhatburke.miroglu.net"
85.208.96.202 - - [25/Apr/2026:11:31:29 +0300] "GET /gallery/drone/ HTTP/1.1" 200 18635 "-" "Mozilla/5.0 (compatible; SemrushBot/7~bl; +http://www.semrush.com/bot.html)"
165.73.240.150 - - [25/Apr/2026:11:31:55 +0300] "POST /xmlrpc.php HTTP/1.1" 200 630 "-" "Mozilla/5.0 (Windows NT 10.0; Win64; x64) AppleWebKit/537.36 (KHTML, like Gecko) Chrome/114.0.0.0 Safari/537.36"
185.216.113.70 - - [25/Apr/2026:11:32:26 +0300] "POST /wp-cron.php?doing_wp_cron=1777105946.1900379657745361328125 HTTP/1.1" 200 448 "-" "WordPress/6.3.8; https://serhatburke.miroglu.net"
165.73.240.150 - - [25/Apr/2026:11:32:14 +0300] "POST /xmlrpc.php HTTP/1.1" 200 12856 "-" "Mozilla/5.0 (Windows NT 10.0; Win64; x64) AppleWebKit/537.36 (KHTML, like Gecko) Chrome/114.0.0.0 Safari/537.36"
165.73.240.150 - - [25/Apr/2026:11:32:27 +0300] "GET /thunderstruck-by-ac-dc-2/ HTTP/1.1" 200 75392 "-" "Mozilla/5.0 (Windows NT 10.0; Win64; x64; rv:125.0) Gecko/20100101 Firefox/125.0"
185.216.113.70 - - [25/Apr/2026:11:33:13 +0300] "POST /wp-cron.php?doing_wp_cron=1777105993.8405449390411376953125 HTTP/1.1" 200 448 "-" "WordPress/6.3.8; https://serhatburke.miroglu.net"
200.25.47.112 - - [25/Apr/2026:11:33:02 +0300] "POST /xmlrpc.php HTTP/1.1" 200 630 "-" "Mozilla/5.0 (Windows NT 10.0; Win64; x64) AppleWebKit/537.36 (KHTML, like Gecko) Chrome/114.0.0.0 Safari/537.36"
200.25.47.112 - - [25/Apr/2026:11:33:20 +0300] "POST /xmlrpc.php HTTP/1.1" 200 16725 "-" "Mozilla/5.0 (Windows NT 10.0; Win64; x64) AppleWebKit/537.36 (KHTML, like Gecko) Chrome/114.0.0.0 Safari/537.36"
185.216.113.70 - - [25/Apr/2026:11:33:46 +0300] "POST /wp-cron.php?doing_wp_cron=1777106026.5780711174011230468750 HTTP/1.1" 200 448 "-" "WordPress/6.3.8; https://serhatburke.miroglu.net"
200.25.47.112 - - [25/Apr/2026:11:33:35 +0300] "GET /jogos-online-acessivel-jogue-download-do-aplicativo-pagbet-ja/ HTTP/1.1" 200 80294 "-" "Mozilla/5.0 (Windows NT 10.0; rv:109.0) Gecko/20100101 Firefox/115.0"
185.216.113.70 - - [25/Apr/2026:11:35:04 +0300] "POST /wp-cron.php?doing_wp_cron=1777106104.6148929595947265625000 HTTP/1.1" 200 448 "-" "WordPress/6.3.8; https://serhatburke.miroglu.net"
185.191.171.2 - - [25/Apr/2026:11:34:51 +0300] "GET /syndicate-casino-no-deposit-added-bonus-happiest-christmas-tree-1-deposit-requirements-february-2026/ HTTP/1.1" 200 22285 "-" "Mozilla/5.0 (compatible; SemrushBot/7~bl; +http://www.semrush.com/bot.html)"
185.216.113.70 - - [25/Apr/2026:11:38:16 +0300] "POST /wp-cron.php?doing_wp_cron=1777106295.9924631118774414062500 HTTP/1.1" 200 448 "-" "WordPress/6.3.8; https://serhatburke.miroglu.net"
186.13.113.142 - - [25/Apr/2026:11:38:02 +0300] "POST /xmlrpc.php HTTP/2" 200 141 "-" "WordPress/XMLRPC Client"
157.55.39.200 - - [25/Apr/2026:11:38:02 +0300] "GET /machines-a-sous-en-ligne-jeux-novomatic-gratuits/ HTTP/2" 200 19313 "-" "Mozilla/5.0 AppleWebKit/537.36 (KHTML, like Gecko; compatible; bingbot/2.0; +http://www.bing.com/bingbot.htm) Chrome/116.0.1938.76 Safari/537.36"
186.13.113.142 - - [25/Apr/2026:11:38:17 +0300] "GET /?p=135260 HTTP/2" 301 0 "-" "Mozilla/5.0 (Windows NT 10.0; Win64; x64) AppleWebKit/537.36 (KHTML, like Gecko) Chrome/120.0.0.0 Safari/537.36"
185.216.113.70 - - [25/Apr/2026:11:40:16 +0300] "POST /wp-cron.php?doing_wp_cron=1777106416.7649610042572021484375 HTTP/1.1" 200 448 "-" "WordPress/6.3.8; https://serhatburke.miroglu.net"
87.250.224.253 - - [25/Apr/2026:11:40:03 +0300] "GET /robots.txt HTTP/1.1" 200 742 "-" "Mozilla/5.0 (compatible; YandexBot/3.0; +http://yandex.com/bots)"
185.191.171.8 - - [25/Apr/2026:11:40:06 +0300] "GET /unleashing-the-advantages-of-jupiter-swap-today/ HTTP/1.1" 200 21529 "-" "Mozilla/5.0 (compatible; SemrushBot/7~bl; +http://www.semrush.com/bot.html)"
5.255.231.80 - - [25/Apr/2026:11:40:17 +0300] "GET /post-sitemap18.xml HTTP/1.1" 200 127673 "-" "Mozilla/5.0 (compatible; YandexBot/3.0; +http://yandex.com/bots)"
185.216.113.70 - - [25/Apr/2026:11:42:04 +0300] "POST /wp-cron.php?doing_wp_cron=1777106523.9660370349884033203125 HTTP/1.1" 200 448 "-" "WordPress/6.3.8; https://serhatburke.miroglu.net"
40.77.167.20 - - [25/Apr/2026:11:41:50 +0300] "GET /sss-ballonix-yuvasi-bedava-dondurmeleri/ HTTP/2" 200 18735 "-" "Mozilla/5.0 AppleWebKit/537.36 (KHTML, like Gecko; compatible; bingbot/2.0; +http://www.bing.com/bingbot.htm) Chrome/116.0.1938.76 Safari/537.36"
157.55.39.200 - - [25/Apr/2026:11:41:59 +0300] "GET /kraken-aktual-naia-informatsiia-i-resursy-2026/ HTTP/2" 200 19092 "-" "Mozilla/5.0 AppleWebKit/537.36 (KHTML, like Gecko; compatible; bingbot/2.0; +http://www.bing.com/bingbot.htm) Chrome/116.0.1938.76 Safari/537.36"
185.216.113.70 - - [25/Apr/2026:11:43:44 +0300] "POST /wp-cron.php?doing_wp_cron=1777106624.5356469154357910156250 HTTP/1.1" 200 448 "-" "WordPress/6.3.8; https://serhatburke.miroglu.net"
40.77.167.20 - - [25/Apr/2026:11:43:31 +0300] "GET /fairy-entrance-slot-opinion-rtp-has-and-gameplay-outlined-investigation/ HTTP/2" 200 18221 "-" "Mozilla/5.0 AppleWebKit/537.36 (KHTML, like Gecko; compatible; bingbot/2.0; +http://www.bing.com/bingbot.htm) Chrome/116.0.1938.76 Safari/537.36"
66.249.73.14 - - [25/Apr/2026:11:44:39 +0300] "GET /wp-content/plugins/contact-form-7/includes/css/styles.css?ver=5.8 HTTP/1.1" 200 1490 "https://serhatburke.miroglu.net/" "Mozilla/5.0 (compatible; Googlebot/2.1; +http://www.google.com/bot.html)"
66.249.73.14 - - [25/Apr/2026:11:44:44 +0300] "GET /wp-content/plugins/contact-form-7/includes/css/styles.css?ver=5.8 HTTP/1.1" 200 1490 "https://serhatburke.miroglu.net/" "Mozilla/5.0 (compatible; Googlebot/2.1; +http://www.google.com/bot.html)"
185.216.113.70 - - [25/Apr/2026:11:46:23 +0300] "POST /wp-cron.php?doing_wp_cron=1777106783.3752450942993164062500 HTTP/1.1" 200 448 "-" "WordPress/6.3.8; https://serhatburke.miroglu.net"
200.25.47.112 - - [25/Apr/2026:11:46:08 +0300] "POST /xmlrpc.php HTTP/1.1" 200 630 "-" "Mozilla/5.0 (Windows NT 10.0; Win64; x64) AppleWebKit/537.36 (KHTML, like Gecko) Chrome/114.0.0.0 Safari/537.36"
200.25.47.112 - - [25/Apr/2026:11:46:30 +0300] "POST /xmlrpc.php HTTP/1.1" 200 16378 "-" "Mozilla/5.0 (Windows NT 10.0; Win64; x64) AppleWebKit/537.36 (KHTML, like Gecko) Chrome/114.0.0.0 Safari/537.36"
200.25.47.112 - - [25/Apr/2026:11:46:49 +0300] "GET /pc-thief-v1-00-tribo-gamer-joao13-traducoes-dublagens/ HTTP/1.1" 200 80268 "-" "Mozilla/5.0 (Windows NT 10.0; Win64; x64) AppleWebKit/537.36 (KHTML, like Gecko) Chrome/109.0.0.0 Safari/537.36"
66.249.73.14 - - [25/Apr/2026:11:47:44 +0300] "GET /undefined?ts=1777106808 HTTP/1.1" 200 0 "https://serhatburke.miroglu.net/" "Mozilla/5.0 (compatible; Googlebot/2.1; +http://www.google.com/bot.html)"
185.216.113.70 - - [25/Apr/2026:11:48:25 +0300] "POST /wp-cron.php?doing_wp_cron=1777106905.0702769756317138671875 HTTP/1.1" 200 448 "-" "WordPress/6.3.8; https://serhatburke.miroglu.net"
66.249.73.1 - - [25/Apr/2026:11:48:13 +0300] "GET /hand-of-luck-casino-uk-a-players-review-and-insights/ HTTP/1.1" 200 18626 "-" "Mozilla/5.0 (Linux; Android 6.0.1; Nexus 5X Build/MMB29P) AppleWebKit/537.36 (KHTML, like Gecko) Chrome/146.0.7680.177 Mobile Safari/537.36 (compatible; Googlebot/2.1; +http://www.google.com/bot.html)"
66.249.73.15 - - [25/Apr/2026:11:48:36 +0300] "GET /undefined?ts=1775520000 HTTP/1.1" 200 0 "https://serhatburke.miroglu.net/" "Mozilla/5.0 (compatible; Googlebot/2.1; +http://www.google.com/bot.html)"
185.216.113.70 - - [25/Apr/2026:11:49:47 +0300] "POST /wp-cron.php?doing_wp_cron=1777106987.2145869731903076171875 HTTP/1.1" 200 448 "-" "WordPress/6.3.8; https://serhatburke.miroglu.net"
40.77.167.63 - - [25/Apr/2026:11:49:32 +0300] "GET /sveriges-basta-casinon-online-testa-kungen-ybets-live-inloggning-nate/ HTTP/2" 200 19085 "-" "Mozilla/5.0 AppleWebKit/537.36 (KHTML, like Gecko; compatible; bingbot/2.0; +http://www.bing.com/bingbot.htm) Chrome/116.0.1938.76 Safari/537.36"
52.167.144.64 - - [25/Apr/2026:11:49:38 +0300] "GET /robots.txt HTTP/2" 200 0 "-" "Mozilla/5.0 AppleWebKit/537.36 (KHTML, like Gecko; compatible; bingbot/2.0; +http://www.bing.com/bingbot.htm) Chrome/116.0.1938.76 Safari/537.36"
165.73.240.150 - - [25/Apr/2026:11:49:39 +0300] "POST /xmlrpc.php HTTP/1.1" 200 630 "-" "Mozilla/5.0 (Windows NT 10.0; Win64; x64) AppleWebKit/537.36 (KHTML, like Gecko) Chrome/114.0.0.0 Safari/537.36"
40.77.167.63 - - [25/Apr/2026:11:49:52 +0300] "GET /desvende-jogos-divertidos-gratis-os-segredos-pressuroso-rolldorado-rodadas-dado-e-uma-analise-criancice-casino-sem-limites-para-novos-istanbul-anadolu-buz-sporlari-kulubu/ HTTP/2" 200 21199 "-" "Mozilla/5.0 AppleWebKit/537.36 (KHTML, like Gecko; compatible; bingbot/2.0; +http://www.bing.com/bingbot.htm) Chrome/116.0.1938.76 Safari/537.36"
165.73.240.150 - - [25/Apr/2026:11:50:06 +0300] "POST /xmlrpc.php HTTP/1.1" 200 13848 "-" "Mozilla/5.0 (Windows NT 10.0; Win64; x64) AppleWebKit/537.36 (KHTML, like Gecko) Chrome/114.0.0.0 Safari/537.36"
157.55.39.13 - - [25/Apr/2026:11:50:11 +0300] "GET /harnessing-the-full-potential-of-bscscan-for-traders-6/ HTTP/2" 200 18072 "-" "Mozilla/5.0 AppleWebKit/537.36 (KHTML, like Gecko; compatible; bingbot/2.0; +http://www.bing.com/bingbot.htm) Chrome/116.0.1938.76 Safari/537.36"
165.73.240.150 - - [25/Apr/2026:11:50:21 +0300] "GET /the-brand-new-edges-and-qualities-of-thunderstruck-position-android-for-the-line-casinos/ HTTP/1.1" 200 78077 "-" "Mozilla/5.0 (Windows NT 10.0; Win64; x64) AppleWebKit/537.36 (KHTML, like Gecko) Chrome/109.0.0.0 Safari/537.36"
185.216.113.70 - - [25/Apr/2026:11:51:27 +0300] "POST /wp-cron.php?doing_wp_cron=1777107087.5382750034332275390625 HTTP/1.1" 200 448 "-" "WordPress/6.3.8; https://serhatburke.miroglu.net"
52.167.144.205 - - [25/Apr/2026:11:51:15 +0300] "GET /%E8%A4%87%E6%95%B0%E3%81%AE%E3%83%80%E3%82%A4%E3%83%A4%E3%83%A2%E3%83%B3%E3%83%89%E3%82%B9%E3%83%AD%E3%83%83%E3%83%88%E3%81%A7%E3%82%B9%E3%83%AD%E3%83%83%E3%83%88%E3%82%92%E3%83%97%E3%83%AC%E3%82%A4/ HTTP/2" 200 25697 "-" "Mozilla/5.0 AppleWebKit/537.36 (KHTML, like Gecko; compatible; bingbot/2.0; +http://www.bing.com/bingbot.htm) Chrome/116.0.1938.76 Safari/537.36"
52.167.144.205 - - [25/Apr/2026:11:51:32 +0300] "GET /post-sitemap15.xml HTTP/2" 200 126744 "-" "Mozilla/5.0 AppleWebKit/537.36 (KHTML, like Gecko; compatible; bingbot/2.0; +http://www.bing.com/bingbot.htm) Chrome/116.0.1938.76 Safari/537.36"
157.55.39.13 - - [25/Apr/2026:11:51:38 +0300] "GET /learning-the-skill-of-playingeye-away-from-horus-state-of-the-art-methods-for-winning-larger/ HTTP/2" 200 18383 "-" "Mozilla/5.0 AppleWebKit/537.36 (KHTML, like Gecko; compatible; bingbot/2.0; +http://www.bing.com/bingbot.htm) Chrome/116.0.1938.76 Safari/537.36"
52.167.144.205 - - [25/Apr/2026:11:51:37 +0300] "GET /10-most-useful-real-time-gambling-enterprises-to-tackle-for-real-currency-online-for-the-2026/ HTTP/2" 200 17676 "-" "Mozilla/5.0 AppleWebKit/537.36 (KHTML, like Gecko; compatible; bingbot/2.0; +http://www.bing.com/bingbot.htm) Chrome/116.0.1938.76 Safari/537.36"
77.119.188.175 - - [25/Apr/2026:11:51:46 +0300] "GET /casino-online-skrill-prelievo-veloce/ HTTP/1.1" 200 18738 "-" "Mozilla/5.0 (compatible; Googlebot/2.1; +http://www.google.com/bot.html)"
157.55.39.13 - - [25/Apr/2026:11:52:11 +0300] "GET /best-cs2-betting-slot-mystery-joker-other-sites-to-have-2026-greatest-cs2-surface-playing-web-sites/ HTTP/2" 200 19776 "-" "Mozilla/5.0 AppleWebKit/537.36 (KHTML, like Gecko; compatible; bingbot/2.0; +http://www.bing.com/bingbot.htm) Chrome/116.0.1938.76 Safari/537.36"
185.216.113.70 - - [25/Apr/2026:11:54:50 +0300] "POST /wp-cron.php?doing_wp_cron=1777107290.1705279350280761718750 HTTP/1.1" 200 448 "-" "WordPress/6.3.8; https://serhatburke.miroglu.net"
165.73.240.150 - - [25/Apr/2026:11:54:36 +0300] "POST /xmlrpc.php HTTP/1.1" 200 630 "-" "Mozilla/5.0 (Windows NT 10.0; Win64; x64) AppleWebKit/537.36 (KHTML, like Gecko) Chrome/114.0.0.0 Safari/537.36"
185.216.113.70 - - [25/Apr/2026:11:54:51 +0300] "POST /wp-cron.php?doing_wp_cron=1777107291.1674940586090087890625 HTTP/1.1" 200 448 "-" "WordPress/6.3.8; https://serhatburke.miroglu.net"
200.25.47.112 - - [25/Apr/2026:11:54:39 +0300] "POST /xmlrpc.php HTTP/1.1" 200 630 "-" "Mozilla/5.0 (Windows NT 10.0; Win64; x64) AppleWebKit/537.36 (KHTML, like Gecko) Chrome/114.0.0.0 Safari/537.36"
165.73.240.150 - - [25/Apr/2026:11:54:56 +0300] "POST /xmlrpc.php HTTP/1.1" 200 13784 "-" "Mozilla/5.0 (Windows NT 10.0; Win64; x64) AppleWebKit/537.36 (KHTML, like Gecko) Chrome/114.0.0.0 Safari/537.36"
200.25.47.112 - - [25/Apr/2026:11:54:58 +0300] "POST /xmlrpc.php HTTP/1.1" 200 15969 "-" "Mozilla/5.0 (Windows NT 10.0; Win64; x64) AppleWebKit/537.36 (KHTML, like Gecko) Chrome/114.0.0.0 Safari/537.36"
