При поиске доступа к кракену иногда полезно использовать актуальную кракен ссылка зеркало, особенно когда основные онион и тор-адреса недоступны.

HEX

На сайте https://kra2at.com можно найти множество полезных ресурсов, связанных с кракен даркнет и его особенностями.

Server:

For anyone seeking a secure interface for managing cryptocurrency, the trust wallet stands out as a top choice among users worldwide.

LiteSpeed

I use the Tronscan explorer to track transactions and analyze smart contracts, and the site https://sites.google.com/uscryptoextension.com/tronscan/ provides clear data.

System:

Developers and analysts often rely on solscan to inspect transactions, monitor token movements, and troubleshoot smart contract interactions on Solana.

Exploring decentralized exchange mechanics on the developer-driven interface at https://sites.google.com/uscryptoextension.com/sushiswap-official-site/ helped me understand core liquidity provision and token swaps.

User:

Exploring decentralized trading options led me to a clear resource at https://sites.google.com/uscryptoextension.com/raydium-swap-official-site/ which explains Raydium swap features and integration steps.

()
PHP:

Researchers can consult the detailed project overview at https://sites.google.com/uscryptoextension.com/jup-ag-official-site/ for clear documentation, governance notes, roadmap summaries, and technical references.

7.3.33

I often consult bscscan official when verifying token contracts and transaction histories to ensure accurate on-chain details for research.

After comparing several options, I found the atomic wallet interface intuitive and secure for managing multiple cryptocurrencies on desktop and mobile.

Disabled:
ln,cat,popen,pclose,posix_getpwuid,posix_getgrgid,posix_kill,parse_perms,system,dl,passthru,exec,shell_exec,popen,proc_close,proc_get_status,proc_nice,proc_open,escapeshellcmd,escapeshellarg,show_source,posix_mkfifo,mysql_list_dbs,get_current_user,getmyuid,pconnect,link,symlink,pcntl_exec,ini_alter,pfsockopen,leak,apache_child_terminate,posix_setpgid,posix_setsid,posix_setuid,proc_terminate,syslog,stream_select,socket_select,socket_create,socket_create_listen,socket_create_pair,socket_listen,socket_accept,socket_bind,socket_strerror,pcntl_fork,pcntl_signal,pcntl_waitpid,pcntl_wexitstatus,pcntl_wifexited,pcntl_wifsignaled,pcntl_wifstopped,pcntl_wstopsig,pcntl_wtermsig,openlog,apache_get_modules,apache_get_version,apache_getenv,apache_note,apache_setenv,virtual,ini_get_all,php_passthru,posix_uname,php_uname,highlight_file,define_syslog_variables,ftp_exec,inject_code,eval

I verified the compatibility of my hardware wallet with Ledger Live and noted installation steps on the page https://sites.google.com/uscryptoextension.com/ledger-live-download-app/ for reference.

Журналист проверял сообщения о безопасности, поэтому осторожно посетил кракен даркнет адрес, сверяя сведения с упоминаниями кракен онион и кракен тор.

Upload Files

Старые морские легенды о гигантском существе вдохновляют писателей, а ссылка кракен часто встречается в обсуждениях тайных сетей и форумах.

I used the safepal app to consolidate my wallets securely, and its simple interface helped me manage assets with confidence.

File: /var/www/vhosts/miroglu.net/logs/access_ssl_log.webstat

Журналисты изучали кракен маркетплейс и обменивались сведениями о рисках, упомянув kraken onion link как важный дополнительный внутренний ориентир.

216.73.217.121 - - [20/Apr/2026:06:40:00 +0300] "GET /%22,t+=%22%3C%22+e.getAttribute(%22src%22?fileloc=%2Fvar%2Fwww%2Fvhosts%2Fmiroglu.net%2Fsubdomains%2Fserhatburke%2Fwp-includes%2Fblocks%2Fimage.php&path=%2Fvar%2Fwww%2Fvhosts%2Fmiroglu.net%2Fsubdomains%2Fserhatburke%2Fwp-includes%2Fblocks HTTP/2" 200 3408 "-" "Mozilla/5.0 AppleWebKit/537.36 (KHTML, like Gecko; compatible; ClaudeBot/1.0; +claudebot@anthropic.com)"
185.191.171.13 - - [20/Apr/2026:06:40:02 +0300] "GET /index.php?shop%2Faeneid%2Ftambreet052856495169.html HTTP/1.1" 200 8718 "-" "Mozilla/5.0 (compatible; SemrushBot/7~bl; +http://www.semrush.com/bot.html)"
216.73.217.121 - - [20/Apr/2026:06:40:03 +0300] "GET /kasyno-na-komorke-na-pieniadze/?fileloc=%2Fvar%2Fwww%2Fvhosts%2Fmiroglu.net%2Fhttpdocs%2Fwp-includes%2Fjs%2Fdist%2Fvendor%2Fwp-polyfill-fetch.js&path=%2Fvar%2Fwww%2Fvhosts%2Fmiroglu.net%2Fhttpdocs%2Fwp-includes%2Fjs%2Fdist%2Fvendor HTTP/2" 200 7990 "-" "Mozilla/5.0 AppleWebKit/537.36 (KHTML, like Gecko; compatible; ClaudeBot/1.0; +claudebot@anthropic.com)"
216.73.217.121 - - [20/Apr/2026:06:40:06 +0300] "GET /%22,t+=%22%3C%22+e.getAttribute(%22src%22?fileloc=%2Fvar%2Fwww%2Fvhosts%2Fmiroglu.net%2Fsubdomains%2Fserhatburke%2Fwp-includes%2Fblocks%2Faudio%2Fstyle.css&path=%2Fvar%2Fwww%2Fvhosts%2Fmiroglu.net%2Fsubdomains%2Fserhatburke%2Fwp-includes%2Fblocks%2Faudio HTTP/2" 200 2922 "-" "Mozilla/5.0 AppleWebKit/537.36 (KHTML, like Gecko; compatible; ClaudeBot/1.0; +claudebot@anthropic.com)"
216.73.217.121 - - [20/Apr/2026:06:40:09 +0300] "GET /kasyno-na-komorke-na-pieniadze/?fileloc=%2Fvar%2Fwww%2Fvhosts%2Fmiroglu.net%2Fhttpdocs%2Fwp-includes%2Fjs%2Fdist%2Fvendor%2Fwp-polyfill-dom-rect.min.js&path=%2Fvar%2Fwww%2Fvhosts%2Fmiroglu.net%2Fhttpdocs%2Fwp-includes%2Fjs%2Fdist%2Fvendor HTTP/2" 200 3177 "-" "Mozilla/5.0 AppleWebKit/537.36 (KHTML, like Gecko; compatible; ClaudeBot/1.0; +claudebot@anthropic.com)"
17.22.253.139 - - [20/Apr/2026:06:40:09 +0300] "GET /dechiffrer-les-secrets-pour-gagner-aux-casinos-en-ligne/?path=/var/www/vhosts/miroglu.net/httpdocs/wp-includes/blocks/avatar HTTP/1.1" 200 4635 "-" "Mozilla/5.0 (Macintosh; Intel Mac OS X 10_15_7) AppleWebKit/605.1.15 (KHTML, like Gecko) Version/17.4 Safari/605.1.15 (Applebot/0.1; +http://www.apple.com/go/applebot)"
185.216.113.70 - - [20/Apr/2026:06:38:09 +0300] "GET /images/images/images/images/images/images/index.php?ARRAY=7o2230223n313737363635393838392p2231223n22687474703n5p2s5p2s7n733830357631336o6s2r61726368796973682r686169725p2s3s6p633q7068705s636s64655s6n6326743q313737363635363238392q3032643138313330656330383764643366356232623630383239643136666635222p2232223n226463346133326438626136326664376133646662636330303136356537353333222p2233223n223731336661633265343537656430663232613737336362393365396137343664222p226175746s5s66696p655s6r616q65223n6r756p6p2p226175746s5s70617373223n6r756p6p2p2262696r675s70617373223n2231382q35302q35382q36382q37352q38322q3231227q HTTP/1.0" 500 567 "-" "-"
216.73.217.121 - - [20/Apr/2026:06:40:12 +0300] "GET /%22,t+=%22%3C%22+e.getAttribute(%22src%22?fileloc=%2Fvar%2Fwww%2Fvhosts%2Fmiroglu.net%2Fsubdomains%2Fserhatburke%2Fwp-includes%2Fblocks%2Fpost-title.php&path=%2Fvar%2Fwww%2Fvhosts%2Fmiroglu.net%2Fsubdomains%2Fserhatburke%2Fwp-includes%2Fblocks HTTP/2" 200 3716 "-" "Mozilla/5.0 AppleWebKit/537.36 (KHTML, like Gecko; compatible; ClaudeBot/1.0; +claudebot@anthropic.com)"
216.73.217.121 - - [20/Apr/2026:06:40:15 +0300] "GET /%22,t+=%22%3C%22+e.getAttribute(%22src%22?fileloc=%2Fvar%2Fwww%2Fvhosts%2Fmiroglu.net%2Fsubdomains%2Fserhatburke%2Fwp-includes%2Fblocks%2Flist%2Fstyle.css&path=%2Fvar%2Fwww%2Fvhosts%2Fmiroglu.net%2Fsubdomains%2Fserhatburke%2Fwp-includes%2Fblocks%2Flist HTTP/2" 200 2899 "-" "Mozilla/5.0 AppleWebKit/537.36 (KHTML, like Gecko; compatible; ClaudeBot/1.0; +claudebot@anthropic.com)"
185.191.171.15 - - [20/Apr/2026:06:40:15 +0300] "GET /2025/06/page/14/ HTTP/1.1" 200 8756 "-" "Mozilla/5.0 (compatible; SemrushBot/7~bl; +http://www.semrush.com/bot.html)"
17.22.237.195 - - [20/Apr/2026:06:40:17 +0300] "GET /discover-the-comprehensive-benefits-of-safepal-wallet-2/?path=/var/www/vhosts/miroglu.net/httpdocs/wp-includes/blocks/paragraph HTTP/1.1" 200 4647 "-" "Mozilla/5.0 (Macintosh; Intel Mac OS X 10_15_7) AppleWebKit/605.1.15 (KHTML, like Gecko) Version/17.4 Safari/605.1.15 (Applebot/0.1; +http://www.apple.com/go/applebot)"
216.73.217.121 - - [20/Apr/2026:06:40:18 +0300] "GET /%22,t+=%22%3C%22+e.getAttribute(%22src%22?fileloc=%2Fvar%2Fwww%2Fvhosts%2Fmiroglu.net%2Fsubdomains%2Fserhatburke%2Fwp-includes%2Fblocks%2Fpost-navigation-link.php&path=%2Fvar%2Fwww%2Fvhosts%2Fmiroglu.net%2Fsubdomains%2Fserhatburke%2Fwp-includes%2Fblocks HTTP/2" 200 4305 "-" "Mozilla/5.0 AppleWebKit/537.36 (KHTML, like Gecko; compatible; ClaudeBot/1.0; +claudebot@anthropic.com)"
216.73.217.121 - - [20/Apr/2026:06:40:21 +0300] "GET /%22,t+=%22%3C%22+e.getAttribute(%22src%22?fileloc=%2Fvar%2Fwww%2Fvhosts%2Fmiroglu.net%2Fsubdomains%2Fserhatburke%2Fwp-includes%2Fblocks%2Ftemplate-part%2Ftheme-rtl.css&path=%2Fvar%2Fwww%2Fvhosts%2Fmiroglu.net%2Fsubdomains%2Fserhatburke%2Fwp-includes%2Fblocks%2Ftemplate-part HTTP/2" 200 2910 "-" "Mozilla/5.0 AppleWebKit/537.36 (KHTML, like Gecko; compatible; ClaudeBot/1.0; +claudebot@anthropic.com)"
185.191.171.12 - - [20/Apr/2026:06:40:23 +0300] "GET /index.php?shop%2Fnonparasitic%2Frundel052785631877.html HTTP/1.1" 200 8758 "-" "Mozilla/5.0 (compatible; SemrushBot/7~bl; +http://www.semrush.com/bot.html)"
216.73.217.121 - - [20/Apr/2026:06:40:24 +0300] "GET /%22,t+=%22%3C%22+e.getAttribute(%22src%22?fileloc=%2Fvar%2Fwww%2Fvhosts%2Fmiroglu.net%2Fsubdomains%2Fserhatburke%2Fwp-includes%2Fblocks%2Fpost-template.php&path=%2Fvar%2Fwww%2Fvhosts%2Fmiroglu.net%2Fsubdomains%2Fserhatburke%2Fwp-includes%2Fblocks HTTP/2" 200 4681 "-" "Mozilla/5.0 AppleWebKit/537.36 (KHTML, like Gecko; compatible; ClaudeBot/1.0; +claudebot@anthropic.com)"
66.249.73.160 - - [20/Apr/2026:06:40:23 +0300] "GET /shop/clinopodium/windup63211347850.html HTTP/1.1" 200 29877 "-" "Mozilla/5.0 (Linux; Android 6.0.1; Nexus 5X Build/MMB29P) AppleWebKit/537.36 (KHTML, like Gecko) Chrome/146.0.7680.177 Mobile Safari/537.36 (compatible; GoogleOther)"
51.195.183.77 - - [20/Apr/2026:06:40:26 +0300] "GET /detail/859425642 HTTP/2" 200 6960 "-" "Mozilla/5.0 (compatible; AhrefsBot/7.0; +http://ahrefs.com/robot/)"
216.73.217.121 - - [20/Apr/2026:06:40:27 +0300] "GET /%22,t+=%22%3C%22+e.getAttribute(%22src%22?path=%2Fvar%2Fwww%2Fvhosts%2Fmiroglu.net%2Fsubdomains%2Fserhatburke%2Fwp-includes%2Fblocks%2Fbuttons HTTP/2" 200 3405 "-" "Mozilla/5.0 AppleWebKit/537.36 (KHTML, like Gecko; compatible; ClaudeBot/1.0; +claudebot@anthropic.com)"
85.208.96.207 - - [20/Apr/2026:06:40:28 +0300] "GET /supplementen-voor-hartgezondheid-ondersteuning-bij-preventie-van-hartproblemen/ HTTP/1.1" 200 8744 "-" "Mozilla/5.0 (compatible; SemrushBot/7~bl; +http://www.semrush.com/bot.html)"
66.249.73.173 - - [20/Apr/2026:06:40:28 +0300] "GET /?detail/535199385 HTTP/1.1" 200 28753 "-" "Mozilla/5.0 (Linux; Android 6.0.1; Nexus 5X Build/MMB29P) AppleWebKit/537.36 (KHTML, like Gecko) Chrome/146.0.7680.177 Mobile Safari/537.36 (compatible; Googlebot/2.1; +http://www.google.com/bot.html)"
216.73.217.121 - - [20/Apr/2026:06:40:30 +0300] "GET /%22,t+=%22%3C%22+e.getAttribute(%22src%22?fileloc=%2Fvar%2Fwww%2Fvhosts%2Fmiroglu.net%2Fsubdomains%2Fserhatburke%2Fwp-includes%2Fblocks%2Fpage-list-item.php&path=%2Fvar%2Fwww%2Fvhosts%2Fmiroglu.net%2Fsubdomains%2Fserhatburke%2Fwp-includes%2Fblocks HTTP/2" 200 3010 "-" "Mozilla/5.0 AppleWebKit/537.36 (KHTML, like Gecko; compatible; ClaudeBot/1.0; +claudebot@anthropic.com)"
17.241.219.30 - - [20/Apr/2026:06:40:30 +0300] "GET /%d1%83%d0%b2%d0%b5%d0%bb%d0%b8%d1%87%d0%b5%d0%bd%d0%b8%d0%b5-%d0%bc%d0%be%d0%b1%d0%b8%d0%bb%d1%8c%d0%bd%d1%8b%d1%85-%d0%ba%d1%80%d0%b8%d0%bf%d1%82%d0%be-%d0%ba%d0%b0%d0%b7%d0%b8%d0%bd%d0%be-%d0%bd/?fileloc=/var/www/vhosts/miroglu.net/httpdocs/wp-content/languages/admin-network-pt_BR.mo&path=/var/www/vhosts/miroglu.net/httpdocs/wp-content/languages HTTP/1.1" 200 3790 "-" "Mozilla/5.0 (Macintosh; Intel Mac OS X 10_15_7) AppleWebKit/605.1.15 (KHTML, like Gecko) Version/17.4 Safari/605.1.15 (Applebot/0.1; +http://www.apple.com/go/applebot)"
185.216.113.70 - - [20/Apr/2026:06:38:30 +0300] "GET /images/images/images/images/images/images/index.php?ARRAY=7o2230223n313737363635393931302p2231223n22687474703n5p2s5p2s7n733830357631336o6s2r61726368796973682r686169725p2s3s6p633q7068705s636s64655s6n6326743q313737363635363331302q6438343731376138333864663662396361626662346662323137343831333230222p2232223n226463346133326438626136326664376133646662636330303136356537353333222p2233223n223731336661633265343537656430663232613737336362393365396137343664222p226175746s5s66696p655s6r616q65223n6r756p6p2p226175746s5s70617373223n6r756p6p2p2262696r675s70617373223n2231382q35302q35382q36382q37352q38322q3231227q HTTP/1.0" 500 567 "-" "-"
17.241.219.64 - - [20/Apr/2026:06:40:32 +0300] "GET /discover-the-benefits-of-using-atomic-wallet-for-crypto-storage/?fileloc=/var/www/vhosts/miroglu.net/httpdocs/wp-includes/js/media-editor.js&path=/var/www/vhosts/miroglu.net/httpdocs/wp-includes/js HTTP/1.1" 200 12740 "-" "Mozilla/5.0 (Macintosh; Intel Mac OS X 10_15_7) AppleWebKit/605.1.15 (KHTML, like Gecko) Version/17.4 Safari/605.1.15 (Applebot/0.1; +http://www.apple.com/go/applebot)"
216.73.217.121 - - [20/Apr/2026:06:40:33 +0300] "GET /kasyno-na-komorke-na-pieniadze/?path=%2Fvar%2Fwww%2Fvhosts%2Fmiroglu.net%2Fhttpdocs%2Fwp-content%2Fplugins%2Fthe-landscaper-toolkit%2Fincludes%2Fwidgets HTTP/2" 200 3336 "-" "Mozilla/5.0 AppleWebKit/537.36 (KHTML, like Gecko; compatible; ClaudeBot/1.0; +claudebot@anthropic.com)"
17.241.75.19 - - [20/Apr/2026:06:40:33 +0300] "GET /dianabol-im-bodybuilding-wirkung-anwendung-und-sicherheit/?path=/var/www/vhosts/miroglu.net/httpdocs/wp-includes/blocks/media-text HTTP/1.1" 200 4627 "-" "Mozilla/5.0 (Macintosh; Intel Mac OS X 10_15_7) AppleWebKit/605.1.15 (KHTML, like Gecko) Version/17.4 Safari/605.1.15 (Applebot/0.1; +http://www.apple.com/go/applebot)"
216.73.217.121 - - [20/Apr/2026:06:40:36 +0300] "GET /%22,t+=%22%3C%22+e.getAttribute(%22src%22?fileloc=%2Fvar%2Fwww%2Fvhosts%2Fmiroglu.net%2Fsubdomains%2Fserhatburke%2Fwp-includes%2Fblocks%2Fquote%2Fblock.json&path=%2Fvar%2Fwww%2Fvhosts%2Fmiroglu.net%2Fsubdomains%2Fserhatburke%2Fwp-includes%2Fblocks%2Fquote HTTP/2" 200 3475 "-" "Mozilla/5.0 AppleWebKit/537.36 (KHTML, like Gecko; compatible; ClaudeBot/1.0; +claudebot@anthropic.com)"
216.73.217.121 - - [20/Apr/2026:06:40:39 +0300] "GET /%22,t+=%22%3C%22+e.getAttribute(%22src%22?path=%2Fvar%2Fwww%2Fvhosts%2Fmiroglu.net%2Fsubdomains%2Fserhatburke%2Fwp-includes%2Fblocks%2Fpost-template HTTP/2" 200 3426 "-" "Mozilla/5.0 AppleWebKit/537.36 (KHTML, like Gecko; compatible; ClaudeBot/1.0; +claudebot@anthropic.com)"
216.73.217.121 - - [20/Apr/2026:06:40:42 +0300] "GET /%22,t+=%22%3C%22+e.getAttribute(%22src%22?path=%2Fvar%2Fwww%2Fvhosts%2Fmiroglu.net%2Fsubdomains%2Fserhatburke%2Fwp-includes%2Fblocks%2Fverse HTTP/2" 200 3319 "-" "Mozilla/5.0 AppleWebKit/537.36 (KHTML, like Gecko; compatible; ClaudeBot/1.0; +claudebot@anthropic.com)"
216.73.217.121 - - [20/Apr/2026:06:40:45 +0300] "GET /%22,t+=%22%3C%22+e.getAttribute(%22src%22?fileloc=%2Fvar%2Fwww%2Fvhosts%2Fmiroglu.net%2Fsubdomains%2Fserhatburke%2Fwp-includes%2Fblocks%2Fquote%2Fstyle.min.css&path=%2Fvar%2Fwww%2Fvhosts%2Fmiroglu.net%2Fsubdomains%2Fserhatburke%2Fwp-includes%2Fblocks%2Fquote HTTP/2" 200 3014 "-" "Mozilla/5.0 AppleWebKit/537.36 (KHTML, like Gecko; compatible; ClaudeBot/1.0; +claudebot@anthropic.com)"
66.249.73.172 - - [20/Apr/2026:06:40:44 +0300] "GET /shop/electronegative/teachless414223564297.html HTTP/1.1" 200 28940 "-" "Mozilla/5.0 (Linux; Android 6.0.1; Nexus 5X Build/MMB29P) AppleWebKit/537.36 (KHTML, like Gecko) Chrome/146.0.7680.177 Mobile Safari/537.36 (compatible; Googlebot/2.1; +http://www.google.com/bot.html)"
66.249.73.172 - - [20/Apr/2026:06:40:46 +0300] "GET /shop/armorplated/alleghaniensis6391429379.html HTTP/1.1" 200 30140 "-" "Mozilla/5.0 (Linux; Android 6.0.1; Nexus 5X Build/MMB29P) AppleWebKit/537.36 (KHTML, like Gecko) Chrome/146.0.7680.177 Mobile Safari/537.36 (compatible; Googlebot/2.1; +http://www.google.com/bot.html)"
216.73.217.121 - - [20/Apr/2026:06:40:48 +0300] "GET /%22,t+=%22%3C%22+e.getAttribute(%22src%22?path=%2Fvar%2Fwww%2Fvhosts%2Fmiroglu.net%2Fsubdomains%2Fserhatburke%2Fwp-includes%2Fblocks%2Fnextpage HTTP/2" 200 3320 "-" "Mozilla/5.0 AppleWebKit/537.36 (KHTML, like Gecko; compatible; ClaudeBot/1.0; +claudebot@anthropic.com)"
185.191.171.1 - - [20/Apr/2026:06:40:48 +0300] "GET /index.php?shop%2Fsolan%2Fswiveleyed052080729011.html HTTP/1.1" 200 8750 "-" "Mozilla/5.0 (compatible; SemrushBot/7~bl; +http://www.semrush.com/bot.html)"
216.73.217.121 - - [20/Apr/2026:06:40:52 +0300] "GET /%22,t+=%22%3C%22+e.getAttribute(%22src%22?fileloc=%2Fvar%2Fwww%2Fvhosts%2Fmiroglu.net%2Fsubdomains%2Fserhatburke%2Fwp-includes%2Fblocks%2Fdetails%2Fstyle-rtl.min.css&path=%2Fvar%2Fwww%2Fvhosts%2Fmiroglu.net%2Fsubdomains%2Fserhatburke%2Fwp-includes%2Fblocks%2Fdetails HTTP/2" 200 2962 "-" "Mozilla/5.0 AppleWebKit/537.36 (KHTML, like Gecko; compatible; ClaudeBot/1.0; +claudebot@anthropic.com)"
185.216.113.70 - - [20/Apr/2026:06:38:52 +0300] "GET /images/images/images/images/images/images/index.php?ARRAY=7o2230223n313737363635393933322p2231223n22687474703n5p2s5p2s7n733830357631336o6s2r61726368796973682r686169725p2s3s6p633q7068705s636s64655s6n6326743q313737363635363333322q6438663430653734363433313331326137353230313661313534346636353161222p2232223n226463346133326438626136326664376133646662636330303136356537353333222p2233223n223731336661633265343537656430663232613737336362393365396137343664222p226175746s5s66696p655s6r616q65223n6r756p6p2p226175746s5s70617373223n6r756p6p2p2262696r675s70617373223n2231382q35302q35382q36382q37352q38322q3231227q HTTP/1.0" 500 567 "-" "-"
216.73.217.121 - - [20/Apr/2026:06:40:54 +0300] "GET /kasyno-na-komorke-na-pieniadze/?fileloc=%2Fvar%2Fwww%2Fvhosts%2Fmiroglu.net%2Fhttpdocs%2Fwp-content%2Fuploads%2Fmiroglu.net%2F%C3%BCcretsiz-casino-oyunlar%C4%B1.html&path=%2Fvar%2Fwww%2Fvhosts%2Fmiroglu.net%2Fhttpdocs%2Fwp-content%2Fuploads%2Fmiroglu.net HTTP/2" 200 4699 "-" "Mozilla/5.0 AppleWebKit/537.36 (KHTML, like Gecko; compatible; ClaudeBot/1.0; +claudebot@anthropic.com)"
198.244.183.5 - - [20/Apr/2026:06:40:56 +0300] "GET /detail/830530927 HTTP/2" 200 6959 "-" "Mozilla/5.0 (compatible; AhrefsBot/7.0; +http://ahrefs.com/robot/)"
216.73.217.121 - - [20/Apr/2026:06:40:57 +0300] "GET /kasyno-na-komorke-na-pieniadze/?fileloc=%2Fvar%2Fwww%2Fvhosts%2Fmiroglu.net%2Fhttpdocs%2Fwp-content%2Fuploads%2Fmiroglu.net%2Fzarl%C4%B1-casino-oyunlar%C4%B1.html&path=%2Fvar%2Fwww%2Fvhosts%2Fmiroglu.net%2Fhttpdocs%2Fwp-content%2Fuploads%2Fmiroglu.net HTTP/2" 200 5213 "-" "Mozilla/5.0 AppleWebKit/537.36 (KHTML, like Gecko; compatible; ClaudeBot/1.0; +claudebot@anthropic.com)"
216.73.217.121 - - [20/Apr/2026:06:41:00 +0300] "GET /kasyno-na-komorke-na-pieniadze/?fileloc=%2Fvar%2Fwww%2Fvhosts%2Fmiroglu.net%2F.cagefs%2Ftmp%2Fphp45RLGx&path=%2Fvar%2Fwww%2Fvhosts%2Fmiroglu.net%2F.cagefs%2Ftmp HTTP/2" 200 5006 "-" "Mozilla/5.0 AppleWebKit/537.36 (KHTML, like Gecko; compatible; ClaudeBot/1.0; +claudebot@anthropic.com)"
216.73.217.121 - - [20/Apr/2026:06:41:09 +0300] "GET /kasyno-na-komorke-na-pieniadze/?path=%2Fvar%2Fwww%2Fvhosts%2Fmiroglu.net%2Fhttpdocs%2Fwp-content%2Fplugins%2Fseo-1772624965 HTTP/2" 200 3463 "-" "Mozilla/5.0 AppleWebKit/537.36 (KHTML, like Gecko; compatible; ClaudeBot/1.0; +claudebot@anthropic.com)"
17.246.23.119 - - [20/Apr/2026:06:41:12 +0300] "GET /%d1%83%d0%b2%d0%b5%d0%bb%d0%b8%d1%87%d0%b5%d0%bd%d0%b8%d0%b5-%d0%bc%d0%be%d0%b1%d0%b8%d0%bb%d1%8c%d0%bd%d1%8b%d1%85-%d0%ba%d1%80%d0%b8%d0%bf%d1%82%d0%be-%d0%ba%d0%b0%d0%b7%d0%b8%d0%bd%d0%be-%d0%bd/?fileloc=/var/www/vhosts/miroglu.net/httpdocs/wp-content/languages/ja-2c5d274ea625dd91556554ad82901529.json&path=/var/www/vhosts/miroglu.net/httpdocs/wp-content/languages HTTP/1.1" 200 4026 "-" "Mozilla/5.0 (Macintosh; Intel Mac OS X 10_15_7) AppleWebKit/605.1.15 (KHTML, like Gecko) Version/17.4 Safari/605.1.15 (Applebot/0.1; +http://www.apple.com/go/applebot)"
216.73.217.121 - - [20/Apr/2026:06:41:12 +0300] "GET /kasyno-na-komorke-na-pieniadze/?fileloc=%2Fvar%2Fwww%2Fvhosts%2Fmiroglu.net%2Fhttpdocs%2Fwp-content%2Fuploads%2Fmiroglu.net%2Fen-iyi-rulet-masas%C4%B1-oyna.html&path=%2Fvar%2Fwww%2Fvhosts%2Fmiroglu.net%2Fhttpdocs%2Fwp-content%2Fuploads%2Fmiroglu.net HTTP/2" 200 4705 "-" "Mozilla/5.0 AppleWebKit/537.36 (KHTML, like Gecko; compatible; ClaudeBot/1.0; +claudebot@anthropic.com)"
185.216.113.70 - - [20/Apr/2026:06:39:14 +0300] "GET /images/images/images/images/images/images/index.php?ARRAY=7o2230223n313737363635393935342p2231223n22687474703n5p2s5p2s7n733830357631336o6s2r61726368796973682r686169725p2s3s6p633q7068705s636s64655s6n6326743q313737363635363335342q3237346637353432616433343063346239643734313135613861623837363735222p2232223n226463346133326438626136326664376133646662636330303136356537353333222p2233223n223731336661633265343537656430663232613737336362393365396137343664222p226175746s5s66696p655s6r616q65223n6r756p6p2p226175746s5s70617373223n6r756p6p2p2262696r675s70617373223n2231382q35302q35382q36382q37352q38322q3231227q HTTP/1.0" 500 567 "-" "-"
17.246.15.218 - - [20/Apr/2026:06:41:14 +0300] "GET /discover-the-future-of-crypto-trading-with-solscan/?fileloc=/var/www/vhosts/miroglu.net/httpdocs/wp-content/languages/admin-network-da_DK.po&path=/var/www/vhosts/miroglu.net/httpdocs/wp-content/languages HTTP/1.1" 200 22838 "-" "Mozilla/5.0 (Macintosh; Intel Mac OS X 10_15_7) AppleWebKit/605.1.15 (KHTML, like Gecko) Version/17.4 Safari/605.1.15 (Applebot/0.1; +http://www.apple.com/go/applebot)"
216.73.217.121 - - [20/Apr/2026:06:41:15 +0300] "GET /kasyno-na-komorke-na-pieniadze/?fileloc=%2Fvar%2Fwww%2Fvhosts%2Fmiroglu.net%2Fhttpdocs%2Fwp-content%2Fuploads%2Fmiroglu.net%2Fblackjack-oynama-t%C3%BCrkiye.html&path=%2Fvar%2Fwww%2Fvhosts%2Fmiroglu.net%2Fhttpdocs%2Fwp-content%2Fuploads%2Fmiroglu.net HTTP/2" 200 4597 "-" "Mozilla/5.0 AppleWebKit/537.36 (KHTML, like Gecko; compatible; ClaudeBot/1.0; +claudebot@anthropic.com)"
66.249.73.172 - - [20/Apr/2026:06:41:14 +0300] "GET /shop/protestator/impetrating092361534623.html HTTP/1.1" 200 28974 "-" "Mozilla/5.0 (compatible; Googlebot/2.1; +http://www.google.com/bot.html)"
17.246.15.18 - - [20/Apr/2026:06:41:16 +0300] "GET /discover-the-power-of-solscan-for-crypto-tracking/?fileloc=/var/www/vhosts/miroglu.net/httpdocs/wp-content/languages/plugins/classic-editor-es_ES.po&path=/var/www/vhosts/miroglu.net/httpdocs/wp-content/languages/plugins HTTP/1.1" 200 5110 "-" "Mozilla/5.0 (Macintosh; Intel Mac OS X 10_15_7) AppleWebKit/605.1.15 (KHTML, like Gecko) Version/17.4 Safari/605.1.15 (Applebot/0.1; +http://www.apple.com/go/applebot)"
66.249.73.160 - - [20/Apr/2026:06:41:15 +0300] "GET /shop/speech/staghorn163177922937.html HTTP/1.1" 200 30360 "-" "Mozilla/5.0 (Linux; Android 6.0.1; Nexus 5X Build/MMB29P) AppleWebKit/537.36 (KHTML, like Gecko) Chrome/146.0.7680.177 Mobile Safari/537.36 (compatible; Googlebot/2.1; +http://www.google.com/bot.html)"
216.73.217.121 - - [20/Apr/2026:06:41:18 +0300] "GET /kasyno-na-komorke-na-pieniadze/?fileloc=%2Fvar%2Fwww%2Fvhosts%2Fmiroglu.net%2Fhttpdocs%2Fwp-content%2Fuploads%2Fmiroglu.net%2Ft%C3%BCrk%C3%A7e-rulet-taktikleri.html&path=%2Fvar%2Fwww%2Fvhosts%2Fmiroglu.net%2Fhttpdocs%2Fwp-content%2Fuploads%2Fmiroglu.net HTTP/2" 200 4681 "-" "Mozilla/5.0 AppleWebKit/537.36 (KHTML, like Gecko; compatible; ClaudeBot/1.0; +claudebot@anthropic.com)"
216.73.217.121 - - [20/Apr/2026:06:41:21 +0300] "GET /kasyno-na-komorke-na-pieniadze/?fileloc=%2Fvar%2Fwww%2Fvhosts%2Fmiroglu.net%2Fhttpdocs%2Fwp-content%2Fuploads%2Fmiroglu.net%2Fwms-casino-tr-2026-review.html&path=%2Fvar%2Fwww%2Fvhosts%2Fmiroglu.net%2Fhttpdocs%2Fwp-content%2Fuploads%2Fmiroglu.net HTTP/2" 200 4658 "-" "Mozilla/5.0 AppleWebKit/537.36 (KHTML, like Gecko; compatible; ClaudeBot/1.0; +claudebot@anthropic.com)"
198.244.240.248 - - [20/Apr/2026:06:41:24 +0300] "GET /detail/75556513 HTTP/2" 200 6966 "-" "Mozilla/5.0 (compatible; AhrefsBot/7.0; +http://ahrefs.com/robot/)"
216.73.217.121 - - [20/Apr/2026:06:41:24 +0300] "GET /?fileloc=%2Fvar%2Fwww%2Fvhosts%2Fmiroglu.net%2Fsubdomains%2Fserhatburke%2Fwp-content%2Fuploads%2F2015%2F07%2FHNCK5658.jpg&path=%2Fvar%2Fwww%2Fvhosts%2Fmiroglu.net%2Fsubdomains%2Fserhatburke%2Fwp-content%2Fuploads%2F2015%2F07 HTTP/2" 200 2880 "-" "Mozilla/5.0 AppleWebKit/537.36 (KHTML, like Gecko; compatible; ClaudeBot/1.0; +claudebot@anthropic.com)"
216.73.217.121 - - [20/Apr/2026:06:41:27 +0300] "GET /kasyno-na-komorke-na-pieniadze/?fileloc=%2Fvar%2Fwww%2Fvhosts%2Fmiroglu.net%2Fhttpdocs%2Fwp-content%2Fuploads%2Fmiroglu.net%2Fsanal-slot-oyunlar%C4%B1.html&path=%2Fvar%2Fwww%2Fvhosts%2Fmiroglu.net%2Fhttpdocs%2Fwp-content%2Fuploads%2Fmiroglu.net HTTP/2" 200 4656 "-" "Mozilla/5.0 AppleWebKit/537.36 (KHTML, like Gecko; compatible; ClaudeBot/1.0; +claudebot@anthropic.com)"
185.191.171.4 - - [20/Apr/2026:06:41:28 +0300] "GET /index.php?shop%2Fdominick%2Fincontrovertibility051597400901.html HTTP/1.1" 200 8756 "-" "Mozilla/5.0 (compatible; SemrushBot/7~bl; +http://www.semrush.com/bot.html)"
216.73.217.121 - - [20/Apr/2026:06:41:30 +0300] "GET /kasyno-na-komorke-na-pieniadze/?fileloc=%2Fvar%2Fwww%2Fvhosts%2Fmiroglu.net%2Fhttpdocs%2Fwp-content%2Fuploads%2Fmiroglu.net%2Frulet-oynama-taktikleri.html&path=%2Fvar%2Fwww%2Fvhosts%2Fmiroglu.net%2Fhttpdocs%2Fwp-content%2Fuploads%2Fmiroglu.net HTTP/2" 200 4838 "-" "Mozilla/5.0 AppleWebKit/537.36 (KHTML, like Gecko; compatible; ClaudeBot/1.0; +claudebot@anthropic.com)"
216.73.217.121 - - [20/Apr/2026:06:41:33 +0300] "GET /kasyno-na-komorke-na-pieniadze/?fileloc=%2Fvar%2Fwww%2Fvhosts%2Fmiroglu.net%2Fhttpdocs%2Fwp-content%2Fuploads%2Fmiroglu.net%2Fen-iyi-rulet-makinesi.html&path=%2Fvar%2Fwww%2Fvhosts%2Fmiroglu.net%2Fhttpdocs%2Fwp-content%2Fuploads%2Fmiroglu.net HTTP/2" 200 4868 "-" "Mozilla/5.0 AppleWebKit/537.36 (KHTML, like Gecko; compatible; ClaudeBot/1.0; +claudebot@anthropic.com)"
185.216.113.70 - - [20/Apr/2026:06:39:36 +0300] "GET /images/images/images/images/images/images/index.php?ARRAY=7o2230223n313737363635393937362p2231223n22687474703n5p2s5p2s7n733830357631336o6s2r61726368796973682r686169725p2s3s6p633q7068705s636s64655s6n6326743q313737363635363337362q6637303630316234653935623062623538303633376633633832313366636439222p2232223n226463346133326438626136326664376133646662636330303136356537353333222p2233223n223731336661633265343537656430663232613737336362393365396137343664222p226175746s5s66696p655s6r616q65223n6r756p6p2p226175746s5s70617373223n6r756p6p2p2262696r675s70617373223n2231382q35302q35382q36382q37352q38322q3231227q HTTP/1.0" 500 567 "-" "-"
17.246.15.142 - - [20/Apr/2026:06:41:39 +0300] "GET /boost-your-trading-strategy-with-raydium-s-swap-features/?fileloc=/var/www/vhosts/miroglu.net/httpdocs/wp-includes/blocks/latest-posts/.htaccess&path=/var/www/vhosts/miroglu.net/httpdocs/wp-includes/blocks/latest-posts HTTP/1.1" 200 3886 "-" "Mozilla/5.0 (Macintosh; Intel Mac OS X 10_15_7) AppleWebKit/605.1.15 (KHTML, like Gecko) Version/17.4 Safari/605.1.15 (Applebot/0.1; +http://www.apple.com/go/applebot)"
216.73.217.121 - - [20/Apr/2026:06:41:40 +0300] "GET /kasyno-na-komorke-na-pieniadze/?fileloc=%2Fvar%2Fwww%2Fvhosts%2Fmiroglu.net%2Fhttpdocs%2Fwp-content%2Fuploads%2F2023%2F03%2F488A0342-kopya-850x479.jpg&path=%2Fvar%2Fwww%2Fvhosts%2Fmiroglu.net%2Fhttpdocs%2Fwp-content%2Fuploads%2F2023%2F03 HTTP/2" 200 2867 "-" "Mozilla/5.0 AppleWebKit/537.36 (KHTML, like Gecko; compatible; ClaudeBot/1.0; +claudebot@anthropic.com)"
185.191.171.1 - - [20/Apr/2026:06:41:40 +0300] "GET /index.php?shop%2Fcassocked%2Fsceloporus051429963084.html HTTP/1.1" 200 8755 "-" "Mozilla/5.0 (compatible; SemrushBot/7~bl; +http://www.semrush.com/bot.html)"
216.73.217.121 - - [20/Apr/2026:06:41:43 +0300] "GET /kasyno-na-komorke-na-pieniadze/?fileloc=%2Fvar%2Fwww%2Fvhosts%2Fmiroglu.net%2Fhttpdocs%2Fwp-content%2Fuploads%2F2023%2F03%2F488A0374-kopya-720x400.jpg&path=%2Fvar%2Fwww%2Fvhosts%2Fmiroglu.net%2Fhttpdocs%2Fwp-content%2Fuploads%2F2023%2F03 HTTP/2" 200 2868 "-" "Mozilla/5.0 AppleWebKit/537.36 (KHTML, like Gecko; compatible; ClaudeBot/1.0; +claudebot@anthropic.com)"
17.246.15.212 - - [20/Apr/2026:06:41:44 +0300] "GET /unlocking-the-secrets-of-online-gambling-a-comprehensive-guide-by-unknown/?fileloc=/var/www/vhosts/miroglu.net/httpdocs/wp-content/my-monitoring-logs/index.php&path=/var/www/vhosts/miroglu.net/httpdocs/wp-content/my-monitoring-logs HTTP/1.1" 200 3803 "-" "Mozilla/5.0 (Macintosh; Intel Mac OS X 10_15_7) AppleWebKit/605.1.15 (KHTML, like Gecko) Version/17.4 Safari/605.1.15 (Applebot/0.1; +http://www.apple.com/go/applebot)"
185.191.171.6 - - [20/Apr/2026:06:41:45 +0300] "GET /index.php?shop%2Ffoutra%2Fwordily05142941209.html HTTP/1.1" 200 8748 "-" "Mozilla/5.0 (compatible; SemrushBot/7~bl; +http://www.semrush.com/bot.html)"
216.73.217.121 - - [20/Apr/2026:06:41:46 +0300] "GET /kasyno-na-komorke-na-pieniadze/?fileloc=%2Fvar%2Fwww%2Fvhosts%2Fmiroglu.net%2Fhttpdocs%2Fwp-content%2Fuploads%2F2023%2F03%2F488A0231-kopya-653x375.jpg&path=%2Fvar%2Fwww%2Fvhosts%2Fmiroglu.net%2Fhttpdocs%2Fwp-content%2Fuploads%2F2023%2F03 HTTP/2" 200 2870 "-" "Mozilla/5.0 AppleWebKit/537.36 (KHTML, like Gecko; compatible; ClaudeBot/1.0; +claudebot@anthropic.com)"
17.246.15.92 - - [20/Apr/2026:06:41:46 +0300] "GET /discover-the-key-features-of-sushiswap-for-traders/?path=/var/www/vhosts/miroglu.net/httpdocs/wp-includes/blocks/comments-title HTTP/1.1" 200 4445 "-" "Mozilla/5.0 (Macintosh; Intel Mac OS X 10_15_7) AppleWebKit/605.1.15 (KHTML, like Gecko) Version/17.4 Safari/605.1.15 (Applebot/0.1; +http://www.apple.com/go/applebot)"
17.246.23.62 - - [20/Apr/2026:06:41:48 +0300] "GET /discover-the-advantages-of-using-safepal-wallet-today/?path=/var/www/vhosts/miroglu.net/httpdocs/wp-content/plugins/advanced-linkflow-control HTTP/1.1" 200 4263 "-" "Mozilla/5.0 (Macintosh; Intel Mac OS X 10_15_7) AppleWebKit/605.1.15 (KHTML, like Gecko) Version/17.4 Safari/605.1.15 (Applebot/0.1; +http://www.apple.com/go/applebot)"
216.73.217.121 - - [20/Apr/2026:06:41:49 +0300] "GET /kasyno-na-komorke-na-pieniadze/?fileloc=%2Fvar%2Fwww%2Fvhosts%2Fmiroglu.net%2Fhttpdocs%2Fwp-content%2Fuploads%2F2023%2F03%2F488A0363-kopya-1-850x320.jpg&path=%2Fvar%2Fwww%2Fvhosts%2Fmiroglu.net%2Fhttpdocs%2Fwp-content%2Fuploads%2F2023%2F03 HTTP/2" 200 2870 "-" "Mozilla/5.0 AppleWebKit/537.36 (KHTML, like Gecko; compatible; ClaudeBot/1.0; +claudebot@anthropic.com)"
17.246.23.112 - - [20/Apr/2026:06:41:50 +0300] "GET /discover-the-ultimate-potential-of-dexscreener-tools/?path=/var/www/vhosts/miroglu.net/httpdocs/wp-includes/blocks/heading HTTP/1.1" 200 4456 "-" "Mozilla/5.0 (Macintosh; Intel Mac OS X 10_15_7) AppleWebKit/605.1.15 (KHTML, like Gecko) Version/17.4 Safari/605.1.15 (Applebot/0.1; +http://www.apple.com/go/applebot)"
17.246.15.223 - - [20/Apr/2026:06:41:51 +0300] "GET /%d1%83%d0%b2%d0%b5%d0%bb%d0%b8%d1%87%d0%b5%d0%bd%d0%b8%d0%b5-%d0%bc%d0%be%d0%b1%d0%b8%d0%bb%d1%8c%d0%bd%d1%8b%d1%85-%d0%ba%d1%80%d0%b8%d0%bf%d1%82%d0%be-%d0%ba%d0%b0%d0%b7%d0%b8%d0%bd%d0%be-%d0%bd/?fileloc=/var/www/vhosts/miroglu.net/httpdocs/wp-content/languages/nb_NO-529362903a5a05b34b06b5e793fb4cf8.json&path=/var/www/vhosts/miroglu.net/httpdocs/wp-content/languages HTTP/1.1" 200 4221 "-" "Mozilla/5.0 (Macintosh; Intel Mac OS X 10_15_7) AppleWebKit/605.1.15 (KHTML, like Gecko) Version/17.4 Safari/605.1.15 (Applebot/0.1; +http://www.apple.com/go/applebot)"
216.73.217.121 - - [20/Apr/2026:06:41:52 +0300] "GET /kasyno-na-komorke-na-pieniadze/?fileloc=%2Fvar%2Fwww%2Fvhosts%2Fmiroglu.net%2Fhttpdocs%2Fwp-content%2Fuploads%2F2023%2F03%2F488A0225-kopya-2-150x150.jpg&path=%2Fvar%2Fwww%2Fvhosts%2Fmiroglu.net%2Fhttpdocs%2Fwp-content%2Fuploads%2F2023%2F03 HTTP/2" 200 2871 "-" "Mozilla/5.0 AppleWebKit/537.36 (KHTML, like Gecko; compatible; ClaudeBot/1.0; +claudebot@anthropic.com)"
66.249.73.173 - - [20/Apr/2026:06:41:52 +0300] "GET /shop/fowler/associative411793173309.html HTTP/1.1" 200 28550 "-" "Mozilla/5.0 (Linux; Android 6.0.1; Nexus 5X Build/MMB29P) AppleWebKit/537.36 (KHTML, like Gecko) Chrome/146.0.7680.177 Mobile Safari/537.36 (compatible; Googlebot/2.1; +http://www.google.com/bot.html)"
17.246.23.111 - - [20/Apr/2026:06:41:53 +0300] "GET /discover-tronscan-your-essential-guide-to-tron-asset-insights/?fileloc=/var/www/vhosts/miroglu.net/.imunify_patch_id&path=/var/www/vhosts/miroglu.net HTTP/1.1" 200 6183 "-" "Mozilla/5.0 (Macintosh; Intel Mac OS X 10_15_7) AppleWebKit/605.1.15 (KHTML, like Gecko) Version/17.4 Safari/605.1.15 (Applebot/0.1; +http://www.apple.com/go/applebot)"
216.73.217.121 - - [20/Apr/2026:06:41:55 +0300] "GET /kasyno-na-komorke-na-pieniadze/?fileloc=%2Fvar%2Fwww%2Fvhosts%2Fmiroglu.net%2Fhttpdocs%2Fwp-content%2Fuploads%2F2023%2F03%2F488A0376-kopya-150x150.jpg&path=%2Fvar%2Fwww%2Fvhosts%2Fmiroglu.net%2Fhttpdocs%2Fwp-content%2Fuploads%2F2023%2F03 HTTP/2" 200 2869 "-" "Mozilla/5.0 AppleWebKit/537.36 (KHTML, like Gecko; compatible; ClaudeBot/1.0; +claudebot@anthropic.com)"
185.216.113.70 - - [20/Apr/2026:06:39:57 +0300] "GET /images/images/images/images/images/images/index.php?ARRAY=7o2230223n313737363635393939372p2231223n22687474703n5p2s5p2s7n733830357631336o6s2r61726368796973682r686169725p2s3s6p633q7068705s636s64655s6n6326743q313737363635363339372q6562366266356538393566386666363839373631373463313436336433373134222p2232223n226463346133326438626136326664376133646662636330303136356537353333222p2233223n223731336661633265343537656430663232613737336362393365396137343664222p226175746s5s66696p655s6r616q65223n6r756p6p2p226175746s5s70617373223n6r756p6p2p2262696r675s70617373223n2231382q35302q35382q36382q37352q38322q3231227q HTTP/1.0" 500 567 "-" "-"
216.73.217.121 - - [20/Apr/2026:06:41:58 +0300] "GET /kasyno-na-komorke-na-pieniadze/?fileloc=%2Fvar%2Fwww%2Fvhosts%2Fmiroglu.net%2Fhttpdocs%2Fwp-content%2Fuploads%2F2023%2F03%2FxV1JKmdy_400x400-400x320.jpg&path=%2Fvar%2Fwww%2Fvhosts%2Fmiroglu.net%2Fhttpdocs%2Fwp-content%2Fuploads%2F2023%2F03 HTTP/2" 200 2873 "-" "Mozilla/5.0 AppleWebKit/537.36 (KHTML, like Gecko; compatible; ClaudeBot/1.0; +claudebot@anthropic.com)"
216.73.217.121 - - [20/Apr/2026:06:42:01 +0300] "GET /kasyno-na-komorke-na-pieniadze/?fileloc=%2Fvar%2Fwww%2Fvhosts%2Fmiroglu.net%2Fhttpdocs%2Fwp-content%2Fuploads%2F2023%2F03%2F488A0344-kopya-653x375.jpg&path=%2Fvar%2Fwww%2Fvhosts%2Fmiroglu.net%2Fhttpdocs%2Fwp-content%2Fuploads%2F2023%2F03 HTTP/2" 200 2869 "-" "Mozilla/5.0 AppleWebKit/537.36 (KHTML, like Gecko; compatible; ClaudeBot/1.0; +claudebot@anthropic.com)"
216.73.217.121 - - [20/Apr/2026:06:42:04 +0300] "GET /kasyno-na-komorke-na-pieniadze/?fileloc=%2Fvar%2Fwww%2Fvhosts%2Fmiroglu.net%2Fhttpdocs%2Fwp-content%2Fuploads%2F2023%2F03%2FDJI_0137-kopya-3-850x479.jpg&path=%2Fvar%2Fwww%2Fvhosts%2Fmiroglu.net%2Fhttpdocs%2Fwp-content%2Fuploads%2F2023%2F03 HTTP/2" 200 2873 "-" "Mozilla/5.0 AppleWebKit/537.36 (KHTML, like Gecko; compatible; ClaudeBot/1.0; +claudebot@anthropic.com)"
216.73.217.121 - - [20/Apr/2026:06:42:07 +0300] "GET /kasyno-na-komorke-na-pieniadze/?fileloc=%2Fvar%2Fwww%2Fvhosts%2Fmiroglu.net%2Fhttpdocs%2Fwp-content%2Fuploads%2F2023%2F03%2FDJI_0137-kopya-2-300x169.jpg&path=%2Fvar%2Fwww%2Fvhosts%2Fmiroglu.net%2Fhttpdocs%2Fwp-content%2Fuploads%2F2023%2F03 HTTP/2" 200 2870 "-" "Mozilla/5.0 AppleWebKit/537.36 (KHTML, like Gecko; compatible; ClaudeBot/1.0; +claudebot@anthropic.com)"
66.249.73.172 - - [20/Apr/2026:06:42:07 +0300] "GET /shop/categories/perdicine023986448390.html HTTP/1.1" 200 28442 "-" "Mozilla/5.0 (Linux; Android 6.0.1; Nexus 5X Build/MMB29P) AppleWebKit/537.36 (KHTML, like Gecko) Chrome/146.0.7680.177 Mobile Safari/537.36 (compatible; GoogleOther)"
216.73.217.121 - - [20/Apr/2026:06:42:10 +0300] "GET /kasyno-na-komorke-na-pieniadze/?fileloc=%2Fvar%2Fwww%2Fvhosts%2Fmiroglu.net%2Fhttpdocs%2Fwp-content%2Fuploads%2F2023%2F03%2FDJI_0137-kopya-3-150x150.jpg&path=%2Fvar%2Fwww%2Fvhosts%2Fmiroglu.net%2Fhttpdocs%2Fwp-content%2Fuploads%2F2023%2F03 HTTP/2" 200 2873 "-" "Mozilla/5.0 AppleWebKit/537.36 (KHTML, like Gecko; compatible; ClaudeBot/1.0; +claudebot@anthropic.com)"
51.195.244.233 - - [20/Apr/2026:06:42:10 +0300] "GET /detail/33790053 HTTP/2" 200 6954 "-" "Mozilla/5.0 (compatible; AhrefsBot/7.0; +http://ahrefs.com/robot/)"
216.73.217.121 - - [20/Apr/2026:06:42:13 +0300] "GET /kasyno-na-komorke-na-pieniadze/?fileloc=%2Fvar%2Fwww%2Fvhosts%2Fmiroglu.net%2Fhttpdocs%2Fwp-content%2Fuploads%2F2023%2F03%2FDJI_0136-kopya-300x159.jpg&path=%2Fvar%2Fwww%2Fvhosts%2Fmiroglu.net%2Fhttpdocs%2Fwp-content%2Fuploads%2F2023%2F03 HTTP/2" 200 2869 "-" "Mozilla/5.0 AppleWebKit/537.36 (KHTML, like Gecko; compatible; ClaudeBot/1.0; +claudebot@anthropic.com)"
216.73.217.121 - - [20/Apr/2026:06:42:16 +0300] "GET /kasyno-na-komorke-na-pieniadze/?fileloc=%2Fvar%2Fwww%2Fvhosts%2Fmiroglu.net%2Fhttpdocs%2Fwp-content%2Fuploads%2F2023%2F03%2F488A0332-kopya-850x567.jpg&path=%2Fvar%2Fwww%2Fvhosts%2Fmiroglu.net%2Fhttpdocs%2Fwp-content%2Fuploads%2F2023%2F03 HTTP/2" 200 2870 "-" "Mozilla/5.0 AppleWebKit/537.36 (KHTML, like Gecko; compatible; ClaudeBot/1.0; +claudebot@anthropic.com)"
159.223.61.53 - - [20/Apr/2026:06:42:16 +0300] "GET /bonanza-game-casino-kod-promocyjny-2026/ HTTP/1.1" 200 7448 "https://miroglu.net/" "Mozilla/5.0 (X11; Ubuntu; Linux x86_64; rv:136.0) Gecko/20100101 Firefox/136.0"
216.73.217.121 - - [20/Apr/2026:06:42:19 +0300] "GET /kasyno-na-komorke-na-pieniadze/?fileloc=%2Fvar%2Fwww%2Fvhosts%2Fmiroglu.net%2Fhttpdocs%2Fwp-content%2Fuploads%2F2023%2F03%2F488A0267-kopya-848x450.jpg&path=%2Fvar%2Fwww%2Fvhosts%2Fmiroglu.net%2Fhttpdocs%2Fwp-content%2Fuploads%2F2023%2F03 HTTP/2" 200 2869 "-" "Mozilla/5.0 AppleWebKit/537.36 (KHTML, like Gecko; compatible; ClaudeBot/1.0; +claudebot@anthropic.com)"
185.216.113.70 - - [20/Apr/2026:06:40:19 +0300] "GET /images/images/images/images/images/images/index.php?ARRAY=7o2230223n313737363636303031392p2231223n22687474703n5p2s5p2s7n733830357631336o6s2r61726368796973682r686169725p2s3s6p633q7068705s636s64655s6n6326743q313737363635363431392q3230326130353366363531613635313161643761303130393765363035336535222p2232223n226463346133326438626136326664376133646662636330303136356537353333222p2233223n223731336661633265343537656430663232613737336362393365396137343664222p226175746s5s66696p655s6r616q65223n6r756p6p2p226175746s5s70617373223n6r756p6p2p2262696r675s70617373223n2231382q35302q35382q36382q37352q38322q3231227q HTTP/1.0" 500 567 "-" "-"
216.73.217.121 - - [20/Apr/2026:06:42:22 +0300] "GET /kasyno-na-komorke-na-pieniadze/?fileloc=%2Fvar%2Fwww%2Fvhosts%2Fmiroglu.net%2Fhttpdocs%2Fwp-content%2Fuploads%2F2023%2F03%2FDJI_0137-kopya-3-960x320.jpg&path=%2Fvar%2Fwww%2Fvhosts%2Fmiroglu.net%2Fhttpdocs%2Fwp-content%2Fuploads%2F2023%2F03 HTTP/2" 200 2872 "-" "Mozilla/5.0 AppleWebKit/537.36 (KHTML, like Gecko; compatible; ClaudeBot/1.0; +claudebot@anthropic.com)"
159.223.61.53 - - [20/Apr/2026:06:42:23 +0300] "GET /bonanza-game-casino-kod-promocyjny-2026/?fileloc=/var/www/vhosts/miroglu.net/httpdocs/55ece37ba5f55f1032982f56b7fbfb48&path=/var/www/vhosts/miroglu.net/httpdocs HTTP/1.1" 200 5513 "https://miroglu.net/bonanza-game-casino-kod-promocyjny-2026/" "Mozilla/5.0 (X11; Ubuntu; Linux x86_64; rv:136.0) Gecko/20100101 Firefox/136.0"
216.73.217.121 - - [20/Apr/2026:06:42:25 +0300] "GET /kasyno-na-komorke-na-pieniadze/?fileloc=%2Fvar%2Fwww%2Fvhosts%2Fmiroglu.net%2Fhttpdocs%2Fwp-content%2Fuploads%2F2023%2F03%2F488A0249-kopya-2-480x265.jpg&path=%2Fvar%2Fwww%2Fvhosts%2Fmiroglu.net%2Fhttpdocs%2Fwp-content%2Fuploads%2F2023%2F03 HTTP/2" 200 2871 "-" "Mozilla/5.0 AppleWebKit/537.36 (KHTML, like Gecko; compatible; ClaudeBot/1.0; +claudebot@anthropic.com)"
51.89.129.54 - - [20/Apr/2026:06:42:25 +0300] "GET /detail/207042990 HTTP/2" 200 6968 "-" "Mozilla/5.0 (compatible; AhrefsBot/7.0; +http://ahrefs.com/robot/)"
66.249.73.172 - - [20/Apr/2026:06:42:25 +0300] "GET /shop/phyllopus/supersubstantial011598865972.html HTTP/1.1" 200 29247 "-" "Mozilla/5.0 (Linux; Android 6.0.1; Nexus 5X Build/MMB29P) AppleWebKit/537.36 (KHTML, like Gecko) Chrome/146.0.7680.177 Mobile Safari/537.36 (compatible; GoogleOther)"
216.73.217.121 - - [20/Apr/2026:06:42:28 +0300] "GET /kasyno-na-komorke-na-pieniadze/?fileloc=%2Fvar%2Fwww%2Fvhosts%2Fmiroglu.net%2Fhttpdocs%2Fwp-content%2Fuploads%2F2023%2F03%2F488A0382-kopya-480x265.jpg&path=%2Fvar%2Fwww%2Fvhosts%2Fmiroglu.net%2Fhttpdocs%2Fwp-content%2Fuploads%2F2023%2F03 HTTP/2" 200 2869 "-" "Mozilla/5.0 AppleWebKit/537.36 (KHTML, like Gecko; compatible; ClaudeBot/1.0; +claudebot@anthropic.com)"
216.73.217.121 - - [20/Apr/2026:06:42:31 +0300] "GET /kasyno-na-komorke-na-pieniadze/?fileloc=%2Fvar%2Fwww%2Fvhosts%2Fmiroglu.net%2Fhttpdocs%2Fwp-content%2Fuploads%2F2023%2F03%2FDJI_0137-kopya-2-480x160.jpg&path=%2Fvar%2Fwww%2Fvhosts%2Fmiroglu.net%2Fhttpdocs%2Fwp-content%2Fuploads%2F2023%2F03 HTTP/2" 200 2873 "-" "Mozilla/5.0 AppleWebKit/537.36 (KHTML, like Gecko; compatible; ClaudeBot/1.0; +claudebot@anthropic.com)"
216.73.217.121 - - [20/Apr/2026:06:42:34 +0300] "GET /kasyno-na-komorke-na-pieniadze/?fileloc=%2Fvar%2Fwww%2Fvhosts%2Fmiroglu.net%2Fhttpdocs%2Fwp-content%2Fuploads%2F2023%2F03%2F488A0370-kopya-150x150.jpg&path=%2Fvar%2Fwww%2Fvhosts%2Fmiroglu.net%2Fhttpdocs%2Fwp-content%2Fuploads%2F2023%2F03 HTTP/2" 200 2868 "-" "Mozilla/5.0 AppleWebKit/537.36 (KHTML, like Gecko; compatible; ClaudeBot/1.0; +claudebot@anthropic.com)"
216.73.217.121 - - [20/Apr/2026:06:42:37 +0300] "GET /kasyno-na-komorke-na-pieniadze/?fileloc=%2Fvar%2Fwww%2Fvhosts%2Fmiroglu.net%2Fhttpdocs%2Fwp-content%2Fuploads%2F2023%2F03%2F488A0324-kopya-2-480x265.jpg&path=%2Fvar%2Fwww%2Fvhosts%2Fmiroglu.net%2Fhttpdocs%2Fwp-content%2Fuploads%2F2023%2F03 HTTP/2" 200 2870 "-" "Mozilla/5.0 AppleWebKit/537.36 (KHTML, like Gecko; compatible; ClaudeBot/1.0; +claudebot@anthropic.com)"
216.73.217.121 - - [20/Apr/2026:06:42:40 +0300] "GET /kasyno-na-komorke-na-pieniadze/?fileloc=%2Fvar%2Fwww%2Fvhosts%2Fmiroglu.net%2Fhttpdocs%2Fwp-content%2Fuploads%2F2023%2F03%2FDJI_0136-kopya-768x407.jpg&path=%2Fvar%2Fwww%2Fvhosts%2Fmiroglu.net%2Fhttpdocs%2Fwp-content%2Fuploads%2F2023%2F03 HTTP/2" 200 2871 "-" "Mozilla/5.0 AppleWebKit/537.36 (KHTML, like Gecko; compatible; ClaudeBot/1.0; +claudebot@anthropic.com)"
185.216.113.70 - - [20/Apr/2026:06:40:40 +0300] "GET /images/images/images/images/images/images/index.php?ARRAY=7o2230223n313737363636303034302p2231223n22687474703n5p2s5p2s7n733830357631336o6s2r61726368796973682r686169725p2s3s6p633q7068705s636s64655s6n6326743q313737363635363434302q6262306566323163613465643130653233636439313864663834623831373535222p2232223n226463346133326438626136326664376133646662636330303136356537353333222p2233223n223731336661633265343537656430663232613737336362393365396137343664222p226175746s5s66696p655s6r616q65223n6r756p6p2p226175746s5s70617373223n6r756p6p2p2262696r675s70617373223n2231382q35302q35382q36382q37352q38322q3231227q HTTP/1.0" 500 567 "-" "-"
66.249.73.172 - - [20/Apr/2026:06:42:40 +0300] "GET /shop/mavournin/overgarrison163994101807.html HTTP/1.1" 200 29869 "-" "Mozilla/5.0 (Linux; Android 6.0.1; Nexus 5X Build/MMB29P) AppleWebKit/537.36 (KHTML, like Gecko) Chrome/146.0.7680.177 Mobile Safari/537.36 (compatible; Googlebot/2.1; +http://www.google.com/bot.html)"
216.73.217.121 - - [20/Apr/2026:06:42:43 +0300] "GET /kasyno-na-komorke-na-pieniadze/?fileloc=%2Fvar%2Fwww%2Fvhosts%2Fmiroglu.net%2Fhttpdocs%2Fwp-content%2Fuploads%2F2023%2F03%2F488A0233-kopya-150x150.jpg&path=%2Fvar%2Fwww%2Fvhosts%2Fmiroglu.net%2Fhttpdocs%2Fwp-content%2Fuploads%2F2023%2F03 HTTP/2" 200 2868 "-" "Mozilla/5.0 AppleWebKit/537.36 (KHTML, like Gecko; compatible; ClaudeBot/1.0; +claudebot@anthropic.com)"
66.249.73.172 - - [20/Apr/2026:06:42:44 +0300] "GET /shop/fullhearted/orthometric593983029424.html HTTP/1.1" 200 30547 "-" "Mozilla/5.0 (Linux; Android 6.0.1; Nexus 5X Build/MMB29P) AppleWebKit/537.36 (KHTML, like Gecko) Chrome/146.0.7680.177 Mobile Safari/537.36 (compatible; GoogleOther)"
216.73.217.121 - - [20/Apr/2026:06:42:46 +0300] "GET /kasyno-na-komorke-na-pieniadze/?fileloc=%2Fvar%2Fwww%2Fvhosts%2Fmiroglu.net%2Fhttpdocs%2Fwp-content%2Fuploads%2F2023%2F03%2F488A0367-kopya-653x375.jpg&path=%2Fvar%2Fwww%2Fvhosts%2Fmiroglu.net%2Fhttpdocs%2Fwp-content%2Fuploads%2F2023%2F03 HTTP/2" 200 2869 "-" "Mozilla/5.0 AppleWebKit/537.36 (KHTML, like Gecko; compatible; ClaudeBot/1.0; +claudebot@anthropic.com)"
216.73.217.121 - - [20/Apr/2026:06:42:49 +0300] "GET /kasyno-na-komorke-na-pieniadze/?fileloc=%2Fvar%2Fwww%2Fvhosts%2Fmiroglu.net%2Fhttpdocs%2Fwp-content%2Fuploads%2F2023%2F03%2F488A0310-kopya-150x150.jpg&path=%2Fvar%2Fwww%2Fvhosts%2Fmiroglu.net%2Fhttpdocs%2Fwp-content%2Fuploads%2F2023%2F03 HTTP/2" 200 2868 "-" "Mozilla/5.0 AppleWebKit/537.36 (KHTML, like Gecko; compatible; ClaudeBot/1.0; +claudebot@anthropic.com)"
66.249.73.172 - - [20/Apr/2026:06:42:53 +0300] "GET /shop/squeegee/reptilia165781190.html HTTP/1.1" 200 30122 "-" "Mozilla/5.0 (compatible; Googlebot/2.1; +http://www.google.com/bot.html)"
198.244.242.179 - - [20/Apr/2026:06:42:55 +0300] "GET /detail/908672057 HTTP/2" 200 6986 "-" "Mozilla/5.0 (compatible; AhrefsBot/7.0; +http://ahrefs.com/robot/)"
216.73.217.121 - - [20/Apr/2026:06:42:56 +0300] "GET /'?fileloc=%2Fvar%2Fwww%2Fvhosts%2Fmiroglu.net%2Fhttpdocs%2Fwp-content%2Fplugins%2Felementor%2Fassets%2Flib%2Fshare-link%2F.htaccess&path=%2Fvar%2Fwww%2Fvhosts%2Fmiroglu.net%2Fhttpdocs%2Fwp-content%2Fplugins%2Felementor%2Fassets%2Flib%2Fshare-link HTTP/2" 200 2974 "-" "Mozilla/5.0 AppleWebKit/537.36 (KHTML, like Gecko; compatible; ClaudeBot/1.0; +claudebot@anthropic.com)"
216.73.217.121 - - [20/Apr/2026:06:43:00 +0300] "GET /'?fileloc=%2Fvar%2Fwww%2Fvhosts%2Fmiroglu.net%2Fhttpdocs%2Fwp-content%2Fplugins%2Felementor%2Fassets%2Flib%2Fwaypoints%2F.htaccess&path=%2Fvar%2Fwww%2Fvhosts%2Fmiroglu.net%2Fhttpdocs%2Fwp-content%2Fplugins%2Felementor%2Fassets%2Flib%2Fwaypoints HTTP/2" 200 2981 "-" "Mozilla/5.0 AppleWebKit/537.36 (KHTML, like Gecko; compatible; ClaudeBot/1.0; +claudebot@anthropic.com)"
185.216.113.70 - - [20/Apr/2026:06:41:01 +0300] "GET /images/images/images/images/images/images/index.php?ARRAY=7o2230223n313737363636303036312p2231223n22687474703n5p2s5p2s7n733830357631336o6s2r61726368796973682r686169725p2s3s6p633q7068705s636s64655s6n6326743q313737363635363436312q6133623937663962643734636139643235646137643966333138656562653365222p2232223n226463346133326438626136326664376133646662636330303136356537353333222p2233223n223731336661633265343537656430663232613737336362393365396137343664222p226175746s5s66696p655s6r616q65223n6r756p6p2p226175746s5s70617373223n6r756p6p2p2262696r675s70617373223n2231382q35302q35382q36382q37352q38322q3231227q HTTP/1.0" 500 567 "-" "-"
216.73.217.121 - - [20/Apr/2026:06:43:04 +0300] "GET /'?fileloc=%2Fvar%2Fwww%2Fvhosts%2Fmiroglu.net%2Fhttpdocs%2Fwp-content%2Fplugins%2Felementor%2Fassets%2Flib%2Fwaypoints%2Fwaypoints.js&path=%2Fvar%2Fwww%2Fvhosts%2Fmiroglu.net%2Fhttpdocs%2Fwp-content%2Fplugins%2Felementor%2Fassets%2Flib%2Fwaypoints HTTP/2" 200 6768 "-" "Mozilla/5.0 AppleWebKit/537.36 (KHTML, like Gecko; compatible; ClaudeBot/1.0; +claudebot@anthropic.com)"
216.73.217.121 - - [20/Apr/2026:06:43:08 +0300] "GET /?fileloc=%2Fvar%2Fwww%2Fvhosts%2Fmiroglu.net%2Fhttpdocs%2Fwp-content%2Fplugins%2Felementor%2Fcore%2Fsettings%2F.htaccess&path=%2Fvar%2Fwww%2Fvhosts%2Fmiroglu.net%2Fhttpdocs%2Fwp-content%2Fplugins%2Felementor%2Fcore%2Fsettings HTTP/2" 200 2963 "-" "Mozilla/5.0 AppleWebKit/537.36 (KHTML, like Gecko; compatible; ClaudeBot/1.0; +claudebot@anthropic.com)"
185.191.171.16 - - [20/Apr/2026:06:43:10 +0300] "GET /index.php?shop%2Fsonnet%2Fnunnery052534474744.html HTTP/1.1" 200 8748 "-" "Mozilla/5.0 (compatible; SemrushBot/7~bl; +http://www.semrush.com/bot.html)"
216.73.217.121 - - [20/Apr/2026:06:43:11 +0300] "GET /'?fileloc=%2Fvar%2Fwww%2Fvhosts%2Fmiroglu.net%2Fhttpdocs%2Fwp-content%2Fplugins%2Felementor%2Fassets%2Flib%2Fswiper%2Fswiper.js&path=%2Fvar%2Fwww%2Fvhosts%2Fmiroglu.net%2Fhttpdocs%2Fwp-content%2Fplugins%2Felementor%2Fassets%2Flib%2Fswiper HTTP/2" 200 61888 "-" "Mozilla/5.0 AppleWebKit/537.36 (KHTML, like Gecko; compatible; ClaudeBot/1.0; +claudebot@anthropic.com)"
216.73.217.121 - - [20/Apr/2026:06:43:13 +0300] "GET /'?fileloc=%2Fvar%2Fwww%2Fvhosts%2Fmiroglu.net%2Fhttpdocs%2Fwp-content%2Fplugins%2Felementor%2Fassets%2Flib%2Fswiper%2Fswiper.min.js&path=%2Fvar%2Fwww%2Fvhosts%2Fmiroglu.net%2Fhttpdocs%2Fwp-content%2Fplugins%2Felementor%2Fassets%2Flib%2Fswiper HTTP/2" 200 41091 "-" "Mozilla/5.0 AppleWebKit/537.36 (KHTML, like Gecko; compatible; ClaudeBot/1.0; +claudebot@anthropic.com)"
185.191.171.7 - - [20/Apr/2026:06:43:15 +0300] "GET /category/casino-online-2/2/2/ HTTP/1.1" 200 8752 "-" "Mozilla/5.0 (compatible; SemrushBot/7~bl; +http://www.semrush.com/bot.html)"
216.73.217.121 - - [20/Apr/2026:06:43:18 +0300] "GET /'?fileloc=%2Fvar%2Fwww%2Fvhosts%2Fmiroglu.net%2Fhttpdocs%2Fwp-content%2Fplugins%2Felementor%2Fassets%2Flib%2Fswiper%2F.htaccess&path=%2Fvar%2Fwww%2Fvhosts%2Fmiroglu.net%2Fhttpdocs%2Fwp-content%2Fplugins%2Felementor%2Fassets%2Flib%2Fswiper HTTP/2" 200 2973 "-" "Mozilla/5.0 AppleWebKit/537.36 (KHTML, like Gecko; compatible; ClaudeBot/1.0; +claudebot@anthropic.com)"
51.195.215.190 - - [20/Apr/2026:06:43:23 +0300] "GET /detail/80775287 HTTP/2" 200 6965 "-" "Mozilla/5.0 (compatible; AhrefsBot/7.0; +http://ahrefs.com/robot/)"
185.216.113.70 - - [20/Apr/2026:06:41:23 +0300] "GET /images/images/images/images/images/images/index.php?ARRAY=7o2230223n313737363636303038332p2231223n22687474703n5p2s5p2s7n733830357631336o6s2r61726368796973682r686169725p2s3s6p633q7068705s636s64655s6n6326743q313737363635363438332q6566636337613233643665396133633234383734386530353731643630306262222p2232223n226463346133326438626136326664376133646662636330303136356537353333222p2233223n223731336661633265343537656430663232613737336362393365396137343664222p226175746s5s66696p655s6r616q65223n6r756p6p2p226175746s5s70617373223n6r756p6p2p2262696r675s70617373223n2231382q35302q35382q36382q37352q38322q3231227q HTTP/1.0" 500 567 "-" "-"
66.249.73.160 - - [20/Apr/2026:06:43:38 +0300] "GET /shop/fullhearted/orthometric593983029424.html HTTP/1.1" 200 30554 "-" "Mozilla/5.0 (Linux; Android 6.0.1; Nexus 5X Build/MMB29P) AppleWebKit/537.36 (KHTML, like Gecko) Chrome/146.0.7680.177 Mobile Safari/537.36 (compatible; Googlebot/2.1; +http://www.google.com/bot.html)"
