185.216.113.70 - - [19/Apr/2026:09:41:40 +0300] "POST /wp-cron.php?doing_wp_cron=1776580900.4196429252624511718750 HTTP/1.1" 200 448 "-" "WordPress/6.3.8; https://serhatburke.miroglu.net"
200.25.47.107 - - [19/Apr/2026:09:41:23 +0300] "POST /xmlrpc.php HTTP/1.1" 200 630 "-" "Mozilla/5.0 (Windows NT 10.0; Win64; x64) AppleWebKit/537.36 (KHTML, like Gecko) Chrome/114.0.0.0 Safari/537.36"
98.98.21.215 - - [19/Apr/2026:09:41:29 +0300] "POST /xmlrpc.php HTTP/1.1" 200 14548 "-" "Mozilla/5.0 (Windows NT 10.0; Win64; x64) AppleWebKit/537.36 (KHTML, like Gecko) Chrome/114.0.0.0 Safari/537.36"
200.25.47.107 - - [19/Apr/2026:09:41:36 +0300] "POST /xmlrpc.php HTTP/1.1" 200 630 "-" "Mozilla/5.0 (Windows NT 10.0; Win64; x64) AppleWebKit/537.36 (KHTML, like Gecko) Chrome/114.0.0.0 Safari/537.36"
103.219.169.211 - - [19/Apr/2026:09:41:47 +0300] "POST /xmlrpc.php HTTP/1.1" 200 630 "-" "Mozilla/5.0 (Windows NT 10.0; Win64; x64) AppleWebKit/537.36 (KHTML, like Gecko) Chrome/114.0.0.0 Safari/537.36"
200.25.47.107 - - [19/Apr/2026:09:41:48 +0300] "POST /xmlrpc.php HTTP/1.1" 200 12449 "-" "Mozilla/5.0 (Windows NT 10.0; Win64; x64) AppleWebKit/537.36 (KHTML, like Gecko) Chrome/114.0.0.0 Safari/537.36"
98.98.21.215 - - [19/Apr/2026:09:41:56 +0300] "GET /site-internet-inalterable-hasard-paraguay/ HTTP/1.1" 200 75089 "-" "Mozilla/5.0 (Windows NT 10.0; Win64; x64) AppleWebKit/537.36 (KHTML, like Gecko) Chrome/123.0.0.0 Safari/537.36 OPR/109.0.0.0"
185.216.113.70 - - [19/Apr/2026:09:42:50 +0300] "POST /wp-cron.php?doing_wp_cron=1776580970.2936429977416992187500 HTTP/1.1" 200 448 "-" "WordPress/6.3.8; https://serhatburke.miroglu.net"
200.25.47.107 - - [19/Apr/2026:09:42:13 +0300] "POST /xmlrpc.php HTTP/1.1" 200 15703 "-" "Mozilla/5.0 (Windows NT 10.0; Win64; x64) AppleWebKit/537.36 (KHTML, like Gecko) Chrome/114.0.0.0 Safari/537.36"
185.216.113.70 - - [19/Apr/2026:09:42:58 +0300] "POST /wp-cron.php?doing_wp_cron=1776580978.4882230758666992187500 HTTP/1.1" 200 448 "-" "WordPress/6.3.8; https://serhatburke.miroglu.net"
185.216.113.70 - - [19/Apr/2026:09:42:58 +0300] "POST /wp-cron.php?doing_wp_cron=1776580978.7852339744567871093750 HTTP/1.1" 200 448 "-" "WordPress/6.3.8; https://serhatburke.miroglu.net"
103.219.169.211 - - [19/Apr/2026:09:42:23 +0300] "POST /xmlrpc.php HTTP/1.1" 200 12143 "-" "Mozilla/5.0 (Windows NT 10.0; Win64; x64) AppleWebKit/537.36 (KHTML, like Gecko) Chrome/114.0.0.0 Safari/537.36"
200.25.47.107 - - [19/Apr/2026:09:42:19 +0300] "GET /recensione-completa-2025-per-litalia-bisca-online-adm/ HTTP/1.1" 200 73537 "-" "Mozilla/5.0 (Windows NT 10.0; Win64; x64) AppleWebKit/537.36 (KHTML, like Gecko) Chrome/122.0.0.0 Safari/537.36"
200.25.47.107 - - [19/Apr/2026:09:42:32 +0300] "POST /xmlrpc.php HTTP/1.1" 200 630 "-" "Mozilla/5.0 (Windows NT 10.0; Win64; x64) AppleWebKit/537.36 (KHTML, like Gecko) Chrome/114.0.0.0 Safari/537.36"
200.25.47.107 - - [19/Apr/2026:09:42:52 +0300] "GET /eye-of-horus-fur-nusse-gerieren-gebuhrenfrei-demo-slot-marchen-legion-and-echtgeld-pramie-costa-rica/ HTTP/1.1" 200 77985 "-" "Mozilla/5.0 (Windows NT 10.0; Win64; x64) AppleWebKit/537.36 (KHTML, like Gecko) Chrome/109.0.0.0 Safari/537.36"
103.219.169.211 - - [19/Apr/2026:09:43:00 +0300] "GET /eye-of-horus-gratis-spielen-unter-anderem-echtgeld-gebrauchen/ HTTP/1.1" 200 73347 "-" "Mozilla/5.0 (Windows NT 10.0; Win64; x64) AppleWebKit/537.36 (KHTML, like Gecko) Chrome/122.0.0.0 Safari/537.36"
200.25.47.107 - - [19/Apr/2026:09:43:16 +0300] "POST /xmlrpc.php HTTP/1.1" 200 12148 "-" "Mozilla/5.0 (Windows NT 10.0; Win64; x64) AppleWebKit/537.36 (KHTML, like Gecko) Chrome/114.0.0.0 Safari/537.36"
185.216.113.70 - - [19/Apr/2026:09:43:59 +0300] "POST /wp-cron.php?doing_wp_cron=1776581039.6185009479522705078125 HTTP/1.1" 200 448 "-" "WordPress/6.3.8; https://serhatburke.miroglu.net"
200.25.47.107 - - [19/Apr/2026:09:43:38 +0300] "GET /crownplay-bisca-entrata-accedi-al-tuo-account-contro-crownplay-com/ HTTP/1.1" 200 73771 "-" "Mozilla/5.0 (Windows NT 10.0; Win64; x64; rv:124.0) Gecko/20100101 Firefox/124.0"
200.25.47.107 - - [19/Apr/2026:09:43:40 +0300] "POST /xmlrpc.php HTTP/1.1" 200 630 "-" "Mozilla/5.0 (Windows NT 10.0; Win64; x64) AppleWebKit/537.36 (KHTML, like Gecko) Chrome/114.0.0.0 Safari/537.36"
185.216.113.70 - - [19/Apr/2026:09:44:15 +0300] "POST /wp-cron.php?doing_wp_cron=1776581055.3022789955139160156250 HTTP/1.1" 200 448 "-" "WordPress/6.3.8; https://serhatburke.miroglu.net"
185.191.206.81 - - [19/Apr/2026:09:43:38 +0300] "POST /xmlrpc.php HTTP/1.1" 200 630 "-" "Mozilla/5.0 (Windows NT 10.0; Win64; x64) AppleWebKit/537.36 (KHTML, like Gecko) Chrome/114.0.0.0 Safari/537.36"
98.98.21.215 - - [19/Apr/2026:09:44:05 +0300] "POST /xmlrpc.php HTTP/1.1" 200 630 "-" "Mozilla/5.0 (Windows NT 10.0; Win64; x64) AppleWebKit/537.36 (KHTML, like Gecko) Chrome/114.0.0.0 Safari/537.36"
200.25.47.107 - - [19/Apr/2026:09:44:09 +0300] "POST /xmlrpc.php HTTP/1.1" 200 12560 "-" "Mozilla/5.0 (Windows NT 10.0; Win64; x64) AppleWebKit/537.36 (KHTML, like Gecko) Chrome/114.0.0.0 Safari/537.36"
98.98.21.215 - - [19/Apr/2026:09:44:27 +0300] "POST /xmlrpc.php HTTP/1.1" 200 13977 "-" "Mozilla/5.0 (Windows NT 10.0; Win64; x64) AppleWebKit/537.36 (KHTML, like Gecko) Chrome/114.0.0.0 Safari/537.36"
200.25.47.107 - - [19/Apr/2026:09:44:27 +0300] "GET /migliori-casa-da-gioco-online-aams-top-10-siti-con-italia-nel-2026/ HTTP/1.1" 200 73768 "-" "Mozilla/5.0 (Windows NT 10.0; Win64; x64) AppleWebKit/537.36 (KHTML, like Gecko) Chrome/123.0.0.0 Safari/537.36 OPR/109.0.0.0"
185.191.206.81 - - [19/Apr/2026:09:44:22 +0300] "POST /xmlrpc.php HTTP/1.1" 200 11348 "-" "Mozilla/5.0 (Windows NT 10.0; Win64; x64) AppleWebKit/537.36 (KHTML, like Gecko) Chrome/114.0.0.0 Safari/537.36"
98.98.21.215 - - [19/Apr/2026:09:44:45 +0300] "GET /les-dix-plus-redoutables-jeux-en-compagnie-de-caillou-un-tantinet-faire-mes-commentaire-2026/ HTTP/1.1" 200 75768 "-" "Mozilla/5.0 (Windows NT 10.0; Win64; x64) AppleWebKit/537.36 (KHTML, like Gecko) Chrome/122.0.0.0 Safari/537.36"
200.25.47.107 - - [19/Apr/2026:09:44:47 +0300] "POST /xmlrpc.php HTTP/1.1" 200 630 "-" "Mozilla/5.0 (Windows NT 10.0; Win64; x64) AppleWebKit/537.36 (KHTML, like Gecko) Chrome/114.0.0.0 Safari/537.36"
103.219.169.211 - - [19/Apr/2026:09:44:54 +0300] "POST /xmlrpc.php HTTP/1.1" 200 630 "-" "Mozilla/5.0 (Windows NT 10.0; Win64; x64) AppleWebKit/537.36 (KHTML, like Gecko) Chrome/114.0.0.0 Safari/537.36"
185.216.113.70 - - [19/Apr/2026:09:45:22 +0300] "POST /wp-cron.php?doing_wp_cron=1776581122.3520500659942626953125 HTTP/1.1" 200 448 "-" "WordPress/6.3.8; https://serhatburke.miroglu.net"
200.25.47.107 - - [19/Apr/2026:09:45:10 +0300] "POST /xmlrpc.php HTTP/1.1" 200 12538 "-" "Mozilla/5.0 (Windows NT 10.0; Win64; x64) AppleWebKit/537.36 (KHTML, like Gecko) Chrome/114.0.0.0 Safari/537.36"
185.216.113.70 - - [19/Apr/2026:09:45:28 +0300] "POST /wp-cron.php?doing_wp_cron=1776581128.6806890964508056640625 HTTP/1.1" 200 448 "-" "WordPress/6.3.8; https://serhatburke.miroglu.net"
185.191.206.81 - - [19/Apr/2026:09:44:58 +0300] "GET /alaskan-fishing-ports-online-game-100-percent-free-gamble-comment-microgaming/ HTTP/1.1" 200 72893 "-" "Mozilla/5.0 (Windows NT 10.0; Win64; x64) AppleWebKit/537.36 (KHTML, like Gecko) Chrome/123.0.0.0 Safari/537.36"
185.216.113.70 - - [19/Apr/2026:09:45:32 +0300] "POST /wp-cron.php?doing_wp_cron=1776581132.7943170070648193359375 HTTP/1.1" 200 448 "-" "WordPress/6.3.8; https://serhatburke.miroglu.net"
103.219.169.211 - - [19/Apr/2026:09:45:16 +0300] "POST /xmlrpc.php HTTP/1.1" 200 12514 "-" "Mozilla/5.0 (Windows NT 10.0; Win64; x64) AppleWebKit/537.36 (KHTML, like Gecko) Chrome/114.0.0.0 Safari/537.36"
200.25.47.107 - - [19/Apr/2026:09:45:24 +0300] "GET /astuto-verso-1000-50-giri-a-scrocco/ HTTP/1.1" 200 73061 "-" "Mozilla/5.0 (Windows NT 10.0; rv:109.0) Gecko/20100101 Firefox/115.0"
200.25.47.107 - - [19/Apr/2026:09:45:27 +0300] "POST /xmlrpc.php HTTP/1.1" 200 630 "-" "Mozilla/5.0 (Windows NT 10.0; Win64; x64) AppleWebKit/537.36 (KHTML, like Gecko) Chrome/114.0.0.0 Safari/537.36"
103.219.169.211 - - [19/Apr/2026:09:45:34 +0300] "GET /auserordentlichen-spielquoten-unter-anderem-toben-bonusrunden/ HTTP/1.1" 200 73953 "-" "Mozilla/5.0 (Windows NT 10.0; Win64; x64) AppleWebKit/537.36 (KHTML, like Gecko) Chrome/122.0.0.0 Safari/537.36"
200.25.47.107 - - [19/Apr/2026:09:45:50 +0300] "POST /xmlrpc.php HTTP/1.1" 200 630 "-" "Mozilla/5.0 (Windows NT 10.0; Win64; x64) AppleWebKit/537.36 (KHTML, like Gecko) Chrome/114.0.0.0 Safari/537.36"
200.25.47.107 - - [19/Apr/2026:09:46:06 +0300] "POST /xmlrpc.php HTTP/1.1" 200 15165 "-" "Mozilla/5.0 (Windows NT 10.0; Win64; x64) AppleWebKit/537.36 (KHTML, like Gecko) Chrome/114.0.0.0 Safari/537.36"
200.25.47.107 - - [19/Apr/2026:09:46:16 +0300] "POST /xmlrpc.php HTTP/1.1" 200 12367 "-" "Mozilla/5.0 (Windows NT 10.0; Win64; x64) AppleWebKit/537.36 (KHTML, like Gecko) Chrome/114.0.0.0 Safari/537.36"
200.25.47.107 - - [19/Apr/2026:09:46:20 +0300] "GET /ended-up-being-werden-starburst-freispiele-rang/ HTTP/1.1" 200 76464 "-" "Mozilla/5.0 (Windows NT 10.0; Win64; x64) AppleWebKit/537.36 (KHTML, like Gecko) Chrome/123.0.0.0 Safari/537.36"
185.216.113.70 - - [19/Apr/2026:09:46:43 +0300] "POST /wp-cron.php?doing_wp_cron=1776581203.2026309967041015625000 HTTP/1.1" 200 448 "-" "WordPress/6.3.8; https://serhatburke.miroglu.net"
200.25.47.107 - - [19/Apr/2026:09:46:29 +0300] "GET /situazione-ufficiale-del-casino-kingmaker-per-italia/ HTTP/1.1" 200 73465 "-" "Mozilla/5.0 (Windows NT 10.0; rv:109.0) Gecko/20100101 Firefox/115.0"
200.25.47.107 - - [19/Apr/2026:09:46:57 +0300] "POST /xmlrpc.php HTTP/1.1" 200 630 "-" "Mozilla/5.0 (Windows NT 10.0; Win64; x64) AppleWebKit/537.36 (KHTML, like Gecko) Chrome/114.0.0.0 Safari/537.36"
185.216.113.70 - - [19/Apr/2026:09:47:28 +0300] "POST /wp-cron.php?doing_wp_cron=1776581248.6856839656829833984375 HTTP/1.1" 200 448 "-" "WordPress/6.3.8; https://serhatburke.miroglu.net"
200.25.47.107 - - [19/Apr/2026:09:47:16 +0300] "POST /xmlrpc.php HTTP/1.1" 200 12142 "-" "Mozilla/5.0 (Windows NT 10.0; Win64; x64) AppleWebKit/537.36 (KHTML, like Gecko) Chrome/114.0.0.0 Safari/537.36"
200.25.47.107 - - [19/Apr/2026:09:47:30 +0300] "GET /stringa-dei-confusione-online-stringa-di-qualsivoglia-i-bisca-on-line/ HTTP/1.1" 200 73483 "-" "Mozilla/5.0 (Windows NT 10.0; rv:125.0) Gecko/20100101 Firefox/125.0"
185.216.113.70 - - [19/Apr/2026:09:47:44 +0300] "POST /wp-cron.php?doing_wp_cron=1776581264.1345460414886474609375 HTTP/1.1" 200 448 "-" "WordPress/6.3.8; https://serhatburke.miroglu.net"
185.191.206.81 - - [19/Apr/2026:09:47:15 +0300] "POST /xmlrpc.php HTTP/1.1" 200 630 "-" "Mozilla/5.0 (Windows NT 10.0; Win64; x64) AppleWebKit/537.36 (KHTML, like Gecko) Chrome/114.0.0.0 Safari/537.36"
200.25.47.107 - - [19/Apr/2026:09:47:58 +0300] "POST /xmlrpc.php HTTP/1.1" 200 630 "-" "Mozilla/5.0 (Windows NT 10.0; Win64; x64) AppleWebKit/537.36 (KHTML, like Gecko) Chrome/114.0.0.0 Safari/537.36"
185.191.206.81 - - [19/Apr/2026:09:47:51 +0300] "POST /xmlrpc.php HTTP/1.1" 200 11897 "-" "Mozilla/5.0 (Windows NT 10.0; Win64; x64) AppleWebKit/537.36 (KHTML, like Gecko) Chrome/114.0.0.0 Safari/537.36"
200.25.47.107 - - [19/Apr/2026:09:48:17 +0300] "POST /xmlrpc.php HTTP/1.1" 200 12829 "-" "Mozilla/5.0 (Windows NT 10.0; Win64; x64) AppleWebKit/537.36 (KHTML, like Gecko) Chrome/114.0.0.0 Safari/537.36"
185.216.113.70 - - [19/Apr/2026:09:48:47 +0300] "POST /wp-cron.php?doing_wp_cron=1776581327.5689160823822021484375 HTTP/1.1" 200 448 "-" "WordPress/6.3.8; https://serhatburke.miroglu.net"
200.25.47.107 - - [19/Apr/2026:09:48:33 +0300] "GET /scompiglio-difficile-esame-critico-2025-premio-slot-cristaltec-di-nuovo-esperienza-di-artificio/ HTTP/1.1" 200 74903 "-" "Mozilla/5.0 (Windows NT 10.0; Win64; x64) AppleWebKit/537.36 (KHTML, like Gecko) Chrome/123.0.0.0 Safari/537.36 OPR/109.0.0.0"
185.216.113.70 - - [19/Apr/2026:09:48:52 +0300] "POST /wp-cron.php?doing_wp_cron=1776581332.8557839393615722656250 HTTP/1.1" 200 448 "-" "WordPress/6.3.8; https://serhatburke.miroglu.net"
185.191.206.81 - - [19/Apr/2026:09:48:22 +0300] "GET /top-10-fruit-spend-gambling-enterprises-british-2026-finest-picks-incentives/ HTTP/1.1" 200 73258 "-" "Mozilla/5.0 (Windows NT 10.0; Win64; x64) AppleWebKit/537.36 (KHTML, like Gecko) Chrome/109.0.0.0 Safari/537.36"
200.25.47.107 - - [19/Apr/2026:09:49:05 +0300] "POST /xmlrpc.php HTTP/1.1" 200 630 "-" "Mozilla/5.0 (Windows NT 10.0; Win64; x64) AppleWebKit/537.36 (KHTML, like Gecko) Chrome/114.0.0.0 Safari/537.36"
185.216.113.70 - - [19/Apr/2026:09:49:35 +0300] "POST /wp-cron.php?doing_wp_cron=1776581375.1277608871459960937500 HTTP/1.1" 200 448 "-" "WordPress/6.3.8; https://serhatburke.miroglu.net"
98.98.21.215 - - [19/Apr/2026:09:49:08 +0300] "POST /xmlrpc.php HTTP/1.1" 200 630 "-" "Mozilla/5.0 (Windows NT 10.0; Win64; x64) AppleWebKit/537.36 (KHTML, like Gecko) Chrome/114.0.0.0 Safari/537.36"
200.25.47.107 - - [19/Apr/2026:09:49:10 +0300] "POST /xmlrpc.php HTTP/1.1" 200 630 "-" "Mozilla/5.0 (Windows NT 10.0; Win64; x64) AppleWebKit/537.36 (KHTML, like Gecko) Chrome/114.0.0.0 Safari/537.36"
200.25.47.107 - - [19/Apr/2026:09:49:40 +0300] "POST /xmlrpc.php HTTP/1.1" 200 12383 "-" "Mozilla/5.0 (Windows NT 10.0; Win64; x64) AppleWebKit/537.36 (KHTML, like Gecko) Chrome/114.0.0.0 Safari/537.36"
98.98.21.215 - - [19/Apr/2026:09:49:41 +0300] "POST /xmlrpc.php HTTP/1.1" 200 10203 "-" "Mozilla/5.0 (Windows NT 10.0; Win64; x64) AppleWebKit/537.36 (KHTML, like Gecko) Chrome/114.0.0.0 Safari/537.36"
200.25.47.107 - - [19/Apr/2026:09:49:43 +0300] "POST /xmlrpc.php HTTP/1.1" 200 15484 "-" "Mozilla/5.0 (Windows NT 10.0; Win64; x64) AppleWebKit/537.36 (KHTML, like Gecko) Chrome/114.0.0.0 Safari/537.36"
200.25.47.107 - - [19/Apr/2026:09:50:06 +0300] "GET /i-migliori-casino-online-con-italia-i-sommita-casino-italiani-2026/ HTTP/1.1" 200 74073 "-" "Mozilla/5.0 (Windows NT 10.0; Win64; x64) AppleWebKit/537.36 (KHTML, like Gecko) Chrome/123.0.0.0 Safari/537.36 OPR/109.0.0.0"
98.98.21.215 - - [19/Apr/2026:09:50:08 +0300] "GET /laegsta-innborgun-3-stadbundid-spilaviti-bestu-spilavitin-med-thridja-innborgun-spilaviti-an-innborgunar-goldbet-i-bretlandi/ HTTP/1.1" 200 74086 "-" "Mozilla/5.0 (Windows NT 10.0; Win64; x64) AppleWebKit/537.36 (KHTML, like Gecko) Chrome/124.0.0.0 Safari/537.36"
200.25.47.107 - - [19/Apr/2026:09:50:09 +0300] "POST /xmlrpc.php HTTP/1.1" 200 630 "-" "Mozilla/5.0 (Windows NT 10.0; Win64; x64) AppleWebKit/537.36 (KHTML, like Gecko) Chrome/114.0.0.0 Safari/537.36"
200.25.47.107 - - [19/Apr/2026:09:50:10 +0300] "GET /spielbank-maklercourtage-abzuglich-einzahlung-2026-neue-no-anzahlung-boni/ HTTP/1.1" 200 77087 "-" "Mozilla/5.0 (Windows NT 10.0; Win64; x64) AppleWebKit/537.36 (KHTML, like Gecko) Chrome/123.0.0.0 Safari/537.36"
185.216.113.70 - - [19/Apr/2026:09:50:49 +0300] "POST /wp-cron.php?doing_wp_cron=1776581449.6267259120941162109375 HTTP/1.1" 200 448 "-" "WordPress/6.3.8; https://serhatburke.miroglu.net"
200.25.47.107 - - [19/Apr/2026:09:50:37 +0300] "POST /xmlrpc.php HTTP/1.1" 200 12189 "-" "Mozilla/5.0 (Windows NT 10.0; Win64; x64) AppleWebKit/537.36 (KHTML, like Gecko) Chrome/114.0.0.0 Safari/537.36"
212.34.148.156 - - [19/Apr/2026:09:50:41 +0300] "GET /zotabet-casino-bonus-premier-depot-2026/ HTTP/1.1" 200 18530 "-" "Mozilla/5.0 (compatible; Googlebot/2.1; +http://www.google.com/bot.html)"
200.25.47.107 - - [19/Apr/2026:09:50:51 +0300] "GET /big-confusione-italia-bigcasino-app-login-slot-bonus/ HTTP/1.1" 200 73380 "-" "Mozilla/5.0 (Windows NT 10.0; Win64; x64; rv:125.0) Gecko/20100101 Firefox/125.0"
200.25.47.107 - - [19/Apr/2026:09:51:17 +0300] "POST /xmlrpc.php HTTP/1.1" 200 630 "-" "Mozilla/5.0 (Windows NT 10.0; Win64; x64) AppleWebKit/537.36 (KHTML, like Gecko) Chrome/114.0.0.0 Safari/537.36"
200.25.47.107 - - [19/Apr/2026:09:51:36 +0300] "POST /xmlrpc.php HTTP/1.1" 200 12435 "-" "Mozilla/5.0 (Windows NT 10.0; Win64; x64) AppleWebKit/537.36 (KHTML, like Gecko) Chrome/114.0.0.0 Safari/537.36"
185.216.113.70 - - [19/Apr/2026:09:52:01 +0300] "POST /wp-cron.php?doing_wp_cron=1776581521.1389119625091552734375 HTTP/1.1" 200 448 "-" "WordPress/6.3.8; https://serhatburke.miroglu.net"
200.25.47.107 - - [19/Apr/2026:09:51:49 +0300] "GET /nine-mucchio-italia-scompiglio-online-adm-slot-gratifica-giochi-live/ HTTP/1.1" 200 74056 "-" "Mozilla/5.0 (Windows NT 10.0; Win64; x64; rv:125.0) Gecko/20100101 Firefox/125.0"
200.25.47.107 - - [19/Apr/2026:09:52:21 +0300] "POST /xmlrpc.php HTTP/1.1" 200 630 "-" "Mozilla/5.0 (Windows NT 10.0; Win64; x64) AppleWebKit/537.36 (KHTML, like Gecko) Chrome/114.0.0.0 Safari/537.36"
185.216.113.70 - - [19/Apr/2026:09:52:51 +0300] "POST /wp-cron.php?doing_wp_cron=1776581571.7249059677124023437500 HTTP/1.1" 200 448 "-" "WordPress/6.3.8; https://serhatburke.miroglu.net"
200.25.47.107 - - [19/Apr/2026:09:52:39 +0300] "POST /xmlrpc.php HTTP/1.1" 200 12635 "-" "Mozilla/5.0 (Windows NT 10.0; Win64; x64) AppleWebKit/537.36 (KHTML, like Gecko) Chrome/114.0.0.0 Safari/537.36"
200.25.47.107 - - [19/Apr/2026:09:52:53 +0300] "GET /nuovi-casino-non-aams-2026-premio-addirittura-siti-affidabili/ HTTP/1.1" 200 73922 "-" "Mozilla/5.0 (Windows NT 10.0; Win64; x64) AppleWebKit/537.36 (KHTML, like Gecko) Chrome/109.0.0.0 Safari/537.36"
200.25.47.107 - - [19/Apr/2026:09:53:00 +0300] "POST /xmlrpc.php HTTP/1.1" 200 630 "-" "Mozilla/5.0 (Windows NT 10.0; Win64; x64) AppleWebKit/537.36 (KHTML, like Gecko) Chrome/114.0.0.0 Safari/537.36"
200.25.47.107 - - [19/Apr/2026:09:53:20 +0300] "POST /xmlrpc.php HTTP/1.1" 200 15381 "-" "Mozilla/5.0 (Windows NT 10.0; Win64; x64) AppleWebKit/537.36 (KHTML, like Gecko) Chrome/114.0.0.0 Safari/537.36"
200.25.47.107 - - [19/Apr/2026:09:53:21 +0300] "POST /xmlrpc.php HTTP/1.1" 200 630 "-" "Mozilla/5.0 (Windows NT 10.0; Win64; x64) AppleWebKit/537.36 (KHTML, like Gecko) Chrome/114.0.0.0 Safari/537.36"
185.216.113.70 - - [19/Apr/2026:09:53:46 +0300] "POST /wp-cron.php?doing_wp_cron=1776581626.2899980545043945312500 HTTP/1.1" 200 448 "-" "WordPress/6.3.8; https://serhatburke.miroglu.net"
200.25.47.107 - - [19/Apr/2026:09:53:34 +0300] "GET /5-phoenix-reborn-kostenlose-spins-150-freispiele-in-el-torero/ HTTP/1.1" 200 77099 "-" "Mozilla/5.0 (Windows NT 10.0; rv:109.0) Gecko/20100101 Firefox/115.0"
200.25.47.107 - - [19/Apr/2026:09:53:40 +0300] "POST /xmlrpc.php HTTP/1.1" 200 12146 "-" "Mozilla/5.0 (Windows NT 10.0; Win64; x64) AppleWebKit/537.36 (KHTML, like Gecko) Chrome/114.0.0.0 Safari/537.36"
200.25.47.107 - - [19/Apr/2026:09:53:54 +0300] "GET /scopri-i-migliori-casa-da-gioco-online-in-italia-febbraio-2026/ HTTP/1.1" 200 73426 "-" "Mozilla/5.0 (Windows NT 10.0; Win64; x64) AppleWebKit/537.36 (KHTML, like Gecko) Chrome/124.0.0.0 Safari/537.36 Edg/124.0.0.0"
85.87.182.215 - - [19/Apr/2026:09:54:08 +0300] "GET /decatex-pharmaceutical-en-el-culturismo-potenciando-el-rendimiento-deportivo/ HTTP/1.1" 200 68652 "-" "GuzzleHttp/7"
212.34.148.156 - - [19/Apr/2026:09:54:19 +0300] "GET /zotabet-casino-bonus-premier-depot-2026/ HTTP/1.1" 200 18530 "-" "Mozilla/5.0 (compatible; Googlebot/2.1; +http://www.google.com/bot.html)"
66.249.73.1 - - [19/Apr/2026:09:54:21 +0300] "GET /robots.txt HTTP/1.1" 200 719 "-" "Mozilla/5.0 (compatible; Googlebot/2.1; +http://www.google.com/bot.html)"
200.25.47.107 - - [19/Apr/2026:09:54:21 +0300] "POST /xmlrpc.php HTTP/1.1" 200 630 "-" "Mozilla/5.0 (Windows NT 10.0; Win64; x64) AppleWebKit/537.36 (KHTML, like Gecko) Chrome/114.0.0.0 Safari/537.36"
66.249.73.14 - - [19/Apr/2026:09:54:39 +0300] "GET /wp-content/themes/toppic/css/default.css?ver=4.2 HTTP/1.1" 200 1811 "https://serhatburke.miroglu.net/donbet-casino-review-for-uk-players/" "Mozilla/5.0 (Linux; Android 6.0.1; Nexus 5X Build/MMB29P) AppleWebKit/537.36 (KHTML, like Gecko) Chrome/146.0.7680.177 Mobile Safari/537.36 (compatible; Googlebot/2.1; +http://www.google.com/bot.html)"
185.216.113.70 - - [19/Apr/2026:09:54:57 +0300] "POST /wp-cron.php?doing_wp_cron=1776581697.3144819736480712890625 HTTP/1.1" 200 448 "-" "WordPress/6.3.8; https://serhatburke.miroglu.net"
200.25.47.107 - - [19/Apr/2026:09:54:45 +0300] "POST /xmlrpc.php HTTP/1.1" 200 11752 "-" "Mozilla/5.0 (Windows NT 10.0; Win64; x64) AppleWebKit/537.36 (KHTML, like Gecko) Chrome/114.0.0.0 Safari/537.36"
200.25.47.107 - - [19/Apr/2026:09:54:58 +0300] "GET /codice-bonus-pokerstars-febbraio-2026-gratifica-poker-500/ HTTP/1.1" 200 72808 "-" "Mozilla/5.0 (Windows NT 10.0; Win64; x64; rv:124.0) Gecko/20100101 Firefox/124.0"
200.25.47.107 - - [19/Apr/2026:09:55:15 +0300] "POST /xmlrpc.php HTTP/1.1" 200 630 "-" "Mozilla/5.0 (Windows NT 10.0; Win64; x64) AppleWebKit/537.36 (KHTML, like Gecko) Chrome/114.0.0.0 Safari/537.36"
185.216.113.70 - - [19/Apr/2026:09:55:40 +0300] "POST /wp-cron.php?doing_wp_cron=1776581740.5943911075592041015625 HTTP/1.1" 200 448 "-" "WordPress/6.3.8; https://serhatburke.miroglu.net"
185.191.206.81 - - [19/Apr/2026:09:55:12 +0300] "POST /xmlrpc.php HTTP/1.1" 200 630 "-" "Mozilla/5.0 (Windows NT 10.0; Win64; x64) AppleWebKit/537.36 (KHTML, like Gecko) Chrome/114.0.0.0 Safari/537.36"
200.25.47.107 - - [19/Apr/2026:09:55:35 +0300] "POST /xmlrpc.php HTTP/1.1" 200 12026 "-" "Mozilla/5.0 (Windows NT 10.0; Win64; x64) AppleWebKit/537.36 (KHTML, like Gecko) Chrome/114.0.0.0 Safari/537.36"
200.25.47.107 - - [19/Apr/2026:09:55:53 +0300] "GET /i-migliori-bisca-online-aams-con-italia-guida-completa-2026/ HTTP/1.1" 200 73110 "-" "Mozilla/5.0 (Windows NT 10.0; Win64; x64) AppleWebKit/537.36 (KHTML, like Gecko) Chrome/122.0.0.0 Safari/537.36"
185.191.206.81 - - [19/Apr/2026:09:55:47 +0300] "POST /xmlrpc.php HTTP/1.1" 200 12101 "-" "Mozilla/5.0 (Windows NT 10.0; Win64; x64) AppleWebKit/537.36 (KHTML, like Gecko) Chrome/114.0.0.0 Safari/537.36"
200.25.47.107 - - [19/Apr/2026:09:56:11 +0300] "POST /xmlrpc.php HTTP/1.1" 200 630 "-" "Mozilla/5.0 (Windows NT 10.0; Win64; x64) AppleWebKit/537.36 (KHTML, like Gecko) Chrome/114.0.0.0 Safari/537.36"
98.98.21.215 - - [19/Apr/2026:09:56:14 +0300] "POST /xmlrpc.php HTTP/1.1" 200 630 "-" "Mozilla/5.0 (Windows NT 10.0; Win64; x64) AppleWebKit/537.36 (KHTML, like Gecko) Chrome/114.0.0.0 Safari/537.36"
185.216.113.70 - - [19/Apr/2026:09:56:48 +0300] "POST /wp-cron.php?doing_wp_cron=1776581808.7664530277252197265625 HTTP/1.1" 200 448 "-" "WordPress/6.3.8; https://serhatburke.miroglu.net"
200.25.47.107 - - [19/Apr/2026:09:56:36 +0300] "POST /xmlrpc.php HTTP/1.1" 200 12118 "-" "Mozilla/5.0 (Windows NT 10.0; Win64; x64) AppleWebKit/537.36 (KHTML, like Gecko) Chrome/114.0.0.0 Safari/537.36"
98.98.21.215 - - [19/Apr/2026:09:56:38 +0300] "POST /xmlrpc.php HTTP/1.1" 200 8402 "-" "Mozilla/5.0 (Windows NT 10.0; Win64; x64) AppleWebKit/537.36 (KHTML, like Gecko) Chrome/114.0.0.0 Safari/537.36"
185.191.206.81 - - [19/Apr/2026:09:56:20 +0300] "GET /100-percent-free-fifty-no-deposit-pokies-incentive-australian-continent-2026/ HTTP/1.1" 200 73507 "-" "Mozilla/5.0 (Windows NT 10.0; Win64; x64) AppleWebKit/537.36 (KHTML, like Gecko) Chrome/122.0.0.0 Safari/537.36"
200.25.47.107 - - [19/Apr/2026:09:56:50 +0300] "GET /migliori-casino-online-italiani-i-nuovi-online-casino-sul-web/ HTTP/1.1" 200 73484 "-" "Mozilla/5.0 (Windows NT 10.0; Win64; x64) AppleWebKit/537.36 (KHTML, like Gecko) Chrome/109.0.0.0 Safari/537.36"
98.98.21.215 - - [19/Apr/2026:09:56:52 +0300] "GET /fjolmargir-moguleikar-spilaviti-verde-casino-is-a-ad-njota/ HTTP/1.1" 200 70244 "-" "Mozilla/5.0 (Windows NT 10.0; Win64; x64) AppleWebKit/537.36 (KHTML, like Gecko) Chrome/123.0.0.0 Safari/537.36"
200.25.47.107 - - [19/Apr/2026:09:57:09 +0300] "POST /xmlrpc.php HTTP/1.1" 200 630 "-" "Mozilla/5.0 (Windows NT 10.0; Win64; x64) AppleWebKit/537.36 (KHTML, like Gecko) Chrome/114.0.0.0 Safari/537.36"
185.216.113.70 - - [19/Apr/2026:09:57:47 +0300] "POST /wp-cron.php?doing_wp_cron=1776581867.0570580959320068359375 HTTP/1.1" 200 448 "-" "WordPress/6.3.8; https://serhatburke.miroglu.net"
200.25.47.107 - - [19/Apr/2026:09:57:31 +0300] "POST /xmlrpc.php HTTP/1.1" 200 12253 "-" "Mozilla/5.0 (Windows NT 10.0; Win64; x64) AppleWebKit/537.36 (KHTML, like Gecko) Chrome/114.0.0.0 Safari/537.36"
200.25.47.107 - - [19/Apr/2026:09:57:48 +0300] "GET /rei-do-pitaco-scompiglio-commento-onesta-di-scompiglio-asceta/ HTTP/1.1" 200 73707 "-" "Mozilla/5.0 (Windows NT 10.0; Win64; x64) AppleWebKit/537.36 (KHTML, like Gecko) Chrome/122.0.0.0 Safari/537.36"
200.25.47.107 - - [19/Apr/2026:09:58:01 +0300] "POST /xmlrpc.php HTTP/1.1" 200 630 "-" "Mozilla/5.0 (Windows NT 10.0; Win64; x64) AppleWebKit/537.36 (KHTML, like Gecko) Chrome/114.0.0.0 Safari/537.36"
200.25.47.107 - - [19/Apr/2026:09:58:23 +0300] "POST /xmlrpc.php HTTP/1.1" 200 12208 "-" "Mozilla/5.0 (Windows NT 10.0; Win64; x64) AppleWebKit/537.36 (KHTML, like Gecko) Chrome/114.0.0.0 Safari/537.36"
185.216.113.70 - - [19/Apr/2026:09:58:45 +0300] "POST /wp-cron.php?doing_wp_cron=1776581925.5212728977203369140625 HTTP/1.1" 200 448 "-" "WordPress/6.3.8; https://serhatburke.miroglu.net"
98.98.21.215 - - [19/Apr/2026:09:58:30 +0300] "POST /xmlrpc.php HTTP/1.1" 200 630 "-" "Mozilla/5.0 (Windows NT 10.0; Win64; x64) AppleWebKit/537.36 (KHTML, like Gecko) Chrome/114.0.0.0 Safari/537.36"
200.25.47.107 - - [19/Apr/2026:09:58:38 +0300] "GET /migliori-scompiglio-sopra-italia-del-2025-classifica-aggiornata-casa-da-gioco-legali/ HTTP/1.1" 200 73957 "-" "Mozilla/5.0 (Windows NT 10.0; rv:125.0) Gecko/20100101 Firefox/125.0"
172.86.76.182 - - [19/Apr/2026:09:58:49 +0300] "GET /beste-casino-site-belgie-hoge-inzet/ HTTP/1.1" 200 0 "-" "Mozilla/5.0 (Windows NT 10.0; Win64; x64) AppleWebKit/537.36 (KHTML, like Gecko) Chrome/114.0.0.0 Safari/537.36 Vivaldi/5.3.2679.68"
98.98.21.215 - - [19/Apr/2026:09:58:52 +0300] "POST /xmlrpc.php HTTP/1.1" 200 9279 "-" "Mozilla/5.0 (Windows NT 10.0; Win64; x64) AppleWebKit/537.36 (KHTML, like Gecko) Chrome/114.0.0.0 Safari/537.36"
200.25.47.107 - - [19/Apr/2026:09:58:58 +0300] "POST /xmlrpc.php HTTP/1.1" 200 630 "-" "Mozilla/5.0 (Windows NT 10.0; Win64; x64) AppleWebKit/537.36 (KHTML, like Gecko) Chrome/114.0.0.0 Safari/537.36"
103.219.169.211 - - [19/Apr/2026:09:59:02 +0300] "POST /xmlrpc.php HTTP/1.1" 200 630 "-" "Mozilla/5.0 (Windows NT 10.0; Win64; x64) AppleWebKit/537.36 (KHTML, like Gecko) Chrome/114.0.0.0 Safari/537.36"
185.216.113.70 - - [19/Apr/2026:09:59:40 +0300] "POST /wp-cron.php?doing_wp_cron=1776581980.1619760990142822265625 HTTP/1.1" 200 448 "-" "WordPress/6.3.8; https://serhatburke.miroglu.net"
98.98.21.215 - - [19/Apr/2026:09:59:22 +0300] "GET /jingle-spin-fjarhaettuspil-kynningarkodar-spilakassa-verde-casino-fyrirtaeki-a-netinu-leikur-athugasemd-betmgm/ HTTP/1.1" 200 72531 "-" "Mozilla/5.0 (Windows NT 10.0; rv:109.0) Gecko/20100101 Firefox/115.0"
200.25.47.107 - - [19/Apr/2026:09:59:32 +0300] "POST /xmlrpc.php HTTP/1.1" 200 11715 "-" "Mozilla/5.0 (Windows NT 10.0; Win64; x64) AppleWebKit/537.36 (KHTML, like Gecko) Chrome/114.0.0.0 Safari/537.36"
103.219.169.211 - - [19/Apr/2026:09:59:34 +0300] "POST /xmlrpc.php HTTP/1.1" 200 12367 "-" "Mozilla/5.0 (Windows NT 10.0; Win64; x64) AppleWebKit/537.36 (KHTML, like Gecko) Chrome/114.0.0.0 Safari/537.36"
200.25.47.107 - - [19/Apr/2026:09:59:53 +0300] "POST /xmlrpc.php HTTP/1.1" 200 630 "-" "Mozilla/5.0 (Windows NT 10.0; Win64; x64) AppleWebKit/537.36 (KHTML, like Gecko) Chrome/114.0.0.0 Safari/537.36"
200.25.47.107 - - [19/Apr/2026:09:59:56 +0300] "GET /migliori-premio-casino-online-febbraio-2026-offerte-con-laggiunta-di-vantaggiose/ HTTP/1.1" 200 73818 "-" "Mozilla/5.0 (Windows NT 10.0; Win64; x64; rv:125.0) Gecko/20100101 Firefox/125.0"
103.219.169.211 - - [19/Apr/2026:10:00:00 +0300] "GET /freispiele-abzuglich-einzahlung-2026-100-gratis-sofort/ HTTP/1.1" 200 73677 "-" "Mozilla/5.0 (Windows NT 10.0; Win64; x64; rv:125.0) Gecko/20100101 Firefox/125.0"
185.216.113.70 - - [19/Apr/2026:10:00:35 +0300] "POST /wp-cron.php?doing_wp_cron=1776582035.2521169185638427734375 HTTP/1.1" 200 448 "-" "WordPress/6.3.8; https://serhatburke.miroglu.net"
200.25.47.107 - - [19/Apr/2026:10:00:23 +0300] "POST /xmlrpc.php HTTP/1.1" 200 12413 "-" "Mozilla/5.0 (Windows NT 10.0; Win64; x64) AppleWebKit/537.36 (KHTML, like Gecko) Chrome/114.0.0.0 Safari/537.36"
200.25.47.107 - - [19/Apr/2026:10:00:36 +0300] "GET /5gringos-confusione-italia-gratifica-saluto-di-nuovo-info-top-del-casino/ HTTP/1.1" 200 74020 "-" "Mozilla/5.0 (Windows NT 10.0; rv:125.0) Gecko/20100101 Firefox/125.0"
200.25.47.107 - - [19/Apr/2026:10:00:49 +0300] "POST /xmlrpc.php HTTP/1.1" 200 630 "-" "Mozilla/5.0 (Windows NT 10.0; Win64; x64) AppleWebKit/537.36 (KHTML, like Gecko) Chrome/114.0.0.0 Safari/537.36"
98.98.21.215 - - [19/Apr/2026:10:01:03 +0300] "POST /xmlrpc.php HTTP/1.1" 200 630 "-" "Mozilla/5.0 (Windows NT 10.0; Win64; x64) AppleWebKit/537.36 (KHTML, like Gecko) Chrome/114.0.0.0 Safari/537.36"
185.216.113.70 - - [19/Apr/2026:10:01:20 +0300] "POST /wp-cron.php?doing_wp_cron=1776582080.5579071044921875000000 HTTP/1.1" 200 448 "-" "WordPress/6.3.8; https://serhatburke.miroglu.net"
200.25.47.107 - - [19/Apr/2026:10:01:08 +0300] "POST /xmlrpc.php HTTP/1.1" 200 11603 "-" "Mozilla/5.0 (Windows NT 10.0; Win64; x64) AppleWebKit/537.36 (KHTML, like Gecko) Chrome/114.0.0.0 Safari/537.36"
98.98.21.215 - - [19/Apr/2026:10:01:21 +0300] "POST /xmlrpc.php HTTP/1.1" 200 9985 "-" "Mozilla/5.0 (Windows NT 10.0; Win64; x64) AppleWebKit/537.36 (KHTML, like Gecko) Chrome/114.0.0.0 Safari/537.36"
200.25.47.107 - - [19/Apr/2026:10:01:22 +0300] "GET /gratifica-sisal-di-benvenuto-20-000-subito-100/ HTTP/1.1" 200 72297 "-" "Mozilla/5.0 (Windows NT 10.0; rv:125.0) Gecko/20100101 Firefox/125.0"
185.216.113.70 - - [19/Apr/2026:10:01:57 +0300] "POST /wp-cron.php?doing_wp_cron=1776582117.1489698886871337890625 HTTP/1.1" 200 448 "-" "WordPress/6.3.8; https://serhatburke.miroglu.net"
200.25.47.107 - - [19/Apr/2026:10:01:40 +0300] "POST /xmlrpc.php HTTP/1.1" 200 630 "-" "Mozilla/5.0 (Windows NT 10.0; Win64; x64) AppleWebKit/537.36 (KHTML, like Gecko) Chrome/114.0.0.0 Safari/537.36"
98.98.21.215 - - [19/Apr/2026:10:01:40 +0300] "GET /50-verde-casino-app-nidurhal-lions-spilakassa-njottu-alveg-okeypis-spilakassaleiks-fra-aristocrat-engin-uppsetning/ HTTP/1.1" 200 73115 "-" "Mozilla/5.0 (Windows NT 10.0; Win64; x64) AppleWebKit/537.36 (KHTML, like Gecko) Chrome/122.0.0.0 Safari/537.36"
103.219.169.211 - - [19/Apr/2026:10:01:41 +0300] "POST /xmlrpc.php HTTP/1.1" 200 630 "-" "Mozilla/5.0 (Windows NT 10.0; Win64; x64) AppleWebKit/537.36 (KHTML, like Gecko) Chrome/114.0.0.0 Safari/537.36"
200.25.47.107 - - [19/Apr/2026:10:02:04 +0300] "POST /xmlrpc.php HTTP/1.1" 200 11828 "-" "Mozilla/5.0 (Windows NT 10.0; Win64; x64) AppleWebKit/537.36 (KHTML, like Gecko) Chrome/114.0.0.0 Safari/537.36"
103.219.169.211 - - [19/Apr/2026:10:02:05 +0300] "POST /xmlrpc.php HTTP/1.1" 200 11671 "-" "Mozilla/5.0 (Windows NT 10.0; Win64; x64) AppleWebKit/537.36 (KHTML, like Gecko) Chrome/114.0.0.0 Safari/537.36"
200.25.47.107 - - [19/Apr/2026:10:02:19 +0300] "GET /i-migliori-bonus-privato-di-tenuta-dei-casino-italiani-2026/ HTTP/1.1" 200 73227 "-" "Mozilla/5.0 (Windows NT 10.0; Win64; x64) AppleWebKit/537.36 (KHTML, like Gecko) Chrome/109.0.0.0 Safari/537.36"
103.219.169.211 - - [19/Apr/2026:10:02:20 +0300] "GET /100-freispiele-exklusive-einzahlung-2025-2/ HTTP/1.1" 200 72702 "-" "Mozilla/5.0 (Windows NT 10.0; Win64; x64; rv:125.0) Gecko/20100101 Firefox/125.0"
185.216.113.70 - - [19/Apr/2026:10:03:46 +0300] "POST /wp-cron.php?doing_wp_cron=1776582226.2276959419250488281250 HTTP/1.1" 200 448 "-" "WordPress/6.3.8; https://serhatburke.miroglu.net"
98.98.21.215 - - [19/Apr/2026:10:03:33 +0300] "POST /xmlrpc.php HTTP/1.1" 200 630 "-" "Mozilla/5.0 (Windows NT 10.0; Win64; x64) AppleWebKit/537.36 (KHTML, like Gecko) Chrome/114.0.0.0 Safari/537.36"
98.98.21.215 - - [19/Apr/2026:10:03:52 +0300] "POST /xmlrpc.php HTTP/1.1" 200 10237 "-" "Mozilla/5.0 (Windows NT 10.0; Win64; x64) AppleWebKit/537.36 (KHTML, like Gecko) Chrome/114.0.0.0 Safari/537.36"
98.98.21.215 - - [19/Apr/2026:10:04:07 +0300] "GET /spiladu-maya-princess-movies-ports-staersta-verde-casino-an-innborgunar-okeypis/ HTTP/1.1" 200 72492 "-" "Mozilla/5.0 (Windows NT 10.0; Win64; x64) AppleWebKit/537.36 (KHTML, like Gecko) Chrome/122.0.0.0 Safari/537.36"
185.191.206.81 - - [19/Apr/2026:10:04:07 +0300] "POST /xmlrpc.php HTTP/1.1" 200 630 "-" "Mozilla/5.0 (Windows NT 10.0; Win64; x64) AppleWebKit/537.36 (KHTML, like Gecko) Chrome/114.0.0.0 Safari/537.36"
185.216.113.70 - - [19/Apr/2026:10:05:14 +0300] "POST /wp-cron.php?doing_wp_cron=1776582314.3429911136627197265625 HTTP/1.1" 200 448 "-" "WordPress/6.3.8; https://serhatburke.miroglu.net"
185.191.206.81 - - [19/Apr/2026:10:04:46 +0300] "POST /xmlrpc.php HTTP/1.1" 200 11635 "-" "Mozilla/5.0 (Windows NT 10.0; Win64; x64) AppleWebKit/537.36 (KHTML, like Gecko) Chrome/114.0.0.0 Safari/537.36"
200.25.47.107 - - [19/Apr/2026:10:05:25 +0300] "POST /xmlrpc.php HTTP/1.1" 200 630 "-" "Mozilla/5.0 (Windows NT 10.0; Win64; x64) AppleWebKit/537.36 (KHTML, like Gecko) Chrome/114.0.0.0 Safari/537.36"
185.191.206.81 - - [19/Apr/2026:10:05:16 +0300] "GET /enjoy-on-top-playing-site-in-america/ HTTP/1.1" 200 71965 "-" "Mozilla/5.0 (Windows NT 10.0; Win64; x64) AppleWebKit/537.36 (KHTML, like Gecko) Chrome/123.0.0.0 Safari/537.36"
107.150.71.118 - - [19/Apr/2026:10:05:30 +0300] "GET /beste-casino-site-belgie-hoge-inzet/ HTTP/1.1" 200 18613 "-" "Mozilla/5.0 (Windows NT 10.0; Win64; x64) AppleWebKit/537.36 (KHTML, like Gecko) Chrome/114.0.0.0 Safari/537.36 Vivaldi/5.3.2679.68"
103.219.169.211 - - [19/Apr/2026:10:05:32 +0300] "POST /xmlrpc.php HTTP/1.1" 200 630 "-" "Mozilla/5.0 (Windows NT 10.0; Win64; x64) AppleWebKit/537.36 (KHTML, like Gecko) Chrome/114.0.0.0 Safari/537.36"
98.98.21.215 - - [19/Apr/2026:10:05:48 +0300] "POST /xmlrpc.php HTTP/1.1" 200 630 "-" "Mozilla/5.0 (Windows NT 10.0; Win64; x64) AppleWebKit/537.36 (KHTML, like Gecko) Chrome/114.0.0.0 Safari/537.36"
200.25.47.107 - - [19/Apr/2026:10:06:00 +0300] "POST /xmlrpc.php HTTP/1.1" 200 15990 "-" "Mozilla/5.0 (Windows NT 10.0; Win64; x64) AppleWebKit/537.36 (KHTML, like Gecko) Chrome/114.0.0.0 Safari/537.36"
103.219.169.211 - - [19/Apr/2026:10:06:05 +0300] "POST /xmlrpc.php HTTP/1.1" 200 12438 "-" "Mozilla/5.0 (Windows NT 10.0; Win64; x64) AppleWebKit/537.36 (KHTML, like Gecko) Chrome/114.0.0.0 Safari/537.36"
185.216.113.70 - - [19/Apr/2026:10:06:40 +0300] "POST /wp-cron.php?doing_wp_cron=1776582400.1569480895996093750000 HTTP/1.1" 200 448 "-" "WordPress/6.3.8; https://serhatburke.miroglu.net"
98.98.21.215 - - [19/Apr/2026:10:06:17 +0300] "POST /xmlrpc.php HTTP/1.1" 200 9440 "-" "Mozilla/5.0 (Windows NT 10.0; Win64; x64) AppleWebKit/537.36 (KHTML, like Gecko) Chrome/114.0.0.0 Safari/537.36"
200.25.47.107 - - [19/Apr/2026:10:06:19 +0300] "GET /casino-pramie-ohne-einzahlung-hornung-2026-exklusive-option-pfiffig-einzahlen/ HTTP/1.1" 200 77603 "-" "Mozilla/5.0 (Windows NT 10.0; rv:125.0) Gecko/20100101 Firefox/125.0"
103.219.169.211 - - [19/Apr/2026:10:06:24 +0300] "GET /dies-quickspin-slots-ipad-ist-und-bleibt-eye-of-horus-costa-rica/ HTTP/1.1" 200 74380 "-" "Mozilla/5.0 (Windows NT 10.0; rv:125.0) Gecko/20100101 Firefox/125.0"
98.98.21.215 - - [19/Apr/2026:10:06:45 +0300] "GET /2026-vulkan-spiele-app-nidurhal-a-islandi/ HTTP/1.1" 200 70884 "-" "Mozilla/5.0 (Windows NT 10.0; Win64; x64; rv:124.0) Gecko/20100101 Firefox/124.0"
185.191.206.81 - - [19/Apr/2026:10:06:51 +0300] "POST /xmlrpc.php HTTP/1.1" 200 630 "-" "Mozilla/5.0 (Windows NT 10.0; Win64; x64) AppleWebKit/537.36 (KHTML, like Gecko) Chrome/114.0.0.0 Safari/537.36"
185.216.113.70 - - [19/Apr/2026:10:07:56 +0300] "POST /wp-cron.php?doing_wp_cron=1776582476.2329270839691162109375 HTTP/1.1" 200 448 "-" "WordPress/6.3.8; https://serhatburke.miroglu.net"
185.191.206.81 - - [19/Apr/2026:10:07:27 +0300] "POST /xmlrpc.php HTTP/1.1" 200 11949 "-" "Mozilla/5.0 (Windows NT 10.0; Win64; x64) AppleWebKit/537.36 (KHTML, like Gecko) Chrome/114.0.0.0 Safari/537.36"
98.98.21.215 - - [19/Apr/2026:10:07:47 +0300] "POST /xmlrpc.php HTTP/1.1" 200 630 "-" "Mozilla/5.0 (Windows NT 10.0; Win64; x64) AppleWebKit/537.36 (KHTML, like Gecko) Chrome/114.0.0.0 Safari/537.36"
98.98.21.215 - - [19/Apr/2026:10:08:07 +0300] "POST /xmlrpc.php HTTP/1.1" 200 9032 "-" "Mozilla/5.0 (Windows NT 10.0; Win64; x64) AppleWebKit/537.36 (KHTML, like Gecko) Chrome/114.0.0.0 Safari/537.36"
185.191.206.81 - - [19/Apr/2026:10:07:57 +0300] "GET /online-gambling-surges-around-australia-world-life-western-income/ HTTP/1.1" 200 72965 "-" "Mozilla/5.0 (Windows NT 10.0; Win64; x64; rv:124.0) Gecko/20100101 Firefox/124.0"
98.98.21.215 - - [19/Apr/2026:10:08:24 +0300] "GET /okeypis-harbors-algjorlega-vulkan-spiele-innskraningu-farsima-nidurhal-okeypis-fjarhaettuspil-a-netinu/ HTTP/1.1" 200 72112 "-" "Mozilla/5.0 (Windows NT 10.0; rv:125.0) Gecko/20100101 Firefox/125.0"
185.216.113.70 - - [19/Apr/2026:10:09:23 +0300] "POST /wp-cron.php?doing_wp_cron=1776582563.4698588848114013671875 HTTP/1.1" 200 448 "-" "WordPress/6.3.8; https://serhatburke.miroglu.net"
103.219.169.211 - - [19/Apr/2026:10:09:11 +0300] "POST /xmlrpc.php HTTP/1.1" 200 630 "-" "Mozilla/5.0 (Windows NT 10.0; Win64; x64) AppleWebKit/537.36 (KHTML, like Gecko) Chrome/114.0.0.0 Safari/537.36"
103.219.169.211 - - [19/Apr/2026:10:09:30 +0300] "POST /xmlrpc.php HTTP/1.1" 200 12638 "-" "Mozilla/5.0 (Windows NT 10.0; Win64; x64) AppleWebKit/537.36 (KHTML, like Gecko) Chrome/114.0.0.0 Safari/537.36"
185.216.113.70 - - [19/Apr/2026:10:10:03 +0300] "POST /wp-cron.php?doing_wp_cron=1776582603.3859798908233642578125 HTTP/1.1" 200 448 "-" "WordPress/6.3.8; https://serhatburke.miroglu.net"
103.219.169.211 - - [19/Apr/2026:10:09:44 +0300] "GET /book-of-ra-gebuhrenfrei-spielen-abzuglich-eintragung/ HTTP/1.1" 200 73673 "-" "Mozilla/5.0 (Windows NT 10.0; rv:109.0) Gecko/20100101 Firefox/115.0"
174.138.16.211 - - [19/Apr/2026:10:09:46 +0300] "GET /casino-online-skrill-prelievo-veloce/ HTTP/1.1" 200 18092 "https://serhatburke.miroglu.net/" "Mozilla/5.0 (Windows NT 10.0; Win64; x64) AppleWebKit/537.36 (KHTML, like Gecko) Chrome/114.0.0.0 Safari/537.36 Vivaldi/5.3.2679.68"
98.98.21.215 - - [19/Apr/2026:10:09:51 +0300] "POST /xmlrpc.php HTTP/1.1" 200 630 "-" "Mozilla/5.0 (Windows NT 10.0; Win64; x64) AppleWebKit/537.36 (KHTML, like Gecko) Chrome/114.0.0.0 Safari/537.36"
185.191.206.81 - - [19/Apr/2026:10:09:40 +0300] "POST /xmlrpc.php HTTP/1.1" 200 630 "-" "Mozilla/5.0 (Windows NT 10.0; Win64; x64) AppleWebKit/537.36 (KHTML, like Gecko) Chrome/114.0.0.0 Safari/537.36"
174.138.16.211 - - [19/Apr/2026:10:10:13 +0300] "GET /wp-login.php?action=register HTTP/1.1" 302 702 "https://serhatburke.miroglu.net/casino-online-skrill-prelievo-veloce/" "Mozilla/5.0 (Windows NT 6.3; Win64; x64) AppleWebKit/537.36 (KHTML, like Gecko) Chrome/103.0.0.0 Safari/537.36"
98.98.21.215 - - [19/Apr/2026:10:10:17 +0300] "POST /xmlrpc.php HTTP/1.1" 200 9845 "-" "Mozilla/5.0 (Windows NT 10.0; Win64; x64) AppleWebKit/537.36 (KHTML, like Gecko) Chrome/114.0.0.0 Safari/537.36"
174.138.16.211 - - [19/Apr/2026:10:10:37 +0300] "GET /wp-login.php?registration=disabled HTTP/1.1" 200 0 "https://serhatburke.miroglu.net/wp-login.php?action=register" "Mozilla/5.0 (Windows NT 6.3; Win64; x64) AppleWebKit/537.36 (KHTML, like Gecko) Chrome/103.0.0.0 Safari/537.36"
185.216.113.70 - - [19/Apr/2026:10:11:04 +0300] "POST /wp-cron.php?doing_wp_cron=1776582664.1670980453491210937500 HTTP/1.1" 200 448 "-" "WordPress/6.3.8; https://serhatburke.miroglu.net"
200.25.47.107 - - [19/Apr/2026:10:10:28 +0300] "POST /xmlrpc.php HTTP/1.1" 200 630 "-" "Mozilla/5.0 (Windows NT 10.0; Win64; x64) AppleWebKit/537.36 (KHTML, like Gecko) Chrome/114.0.0.0 Safari/537.36"
185.191.206.81 - - [19/Apr/2026:10:10:23 +0300] "POST /xmlrpc.php HTTP/1.1" 200 11728 "-" "Mozilla/5.0 (Windows NT 10.0; Win64; x64) AppleWebKit/537.36 (KHTML, like Gecko) Chrome/114.0.0.0 Safari/537.36"
174.138.16.211 - - [19/Apr/2026:10:10:43 +0300] "GET /wp-login.php?registration=disabled HTTP/1.1" 200 3806 "https://serhatburke.miroglu.net/casino-online-skrill-prelievo-veloce/" "Mozilla/5.0 (Windows NT 6.3; Win64; x64) AppleWebKit/537.36 (KHTML, like Gecko) Chrome/103.0.0.0 Safari/537.36"
98.98.21.215 - - [19/Apr/2026:10:10:45 +0300] "GET /50-okeypis-snuningar-a-netinu-spilavitum-an-innborgunar-kynningarkodi-fyrir-spilakassa-vulkan-spiele-og-raunverulegar-tekjur/ HTTP/1.1" 200 73470 "-" "Mozilla/5.0 (Windows NT 10.0; Win64; x64; rv:124.0) Gecko/20100101 Firefox/124.0"
200.25.47.107 - - [19/Apr/2026:10:10:53 +0300] "POST /xmlrpc.php HTTP/1.1" 200 630 "-" "Mozilla/5.0 (Windows NT 10.0; Win64; x64) AppleWebKit/537.36 (KHTML, like Gecko) Chrome/114.0.0.0 Safari/537.36"
200.25.47.107 - - [19/Apr/2026:10:11:11 +0300] "POST /xmlrpc.php HTTP/1.1" 200 14768 "-" "Mozilla/5.0 (Windows NT 10.0; Win64; x64) AppleWebKit/537.36 (KHTML, like Gecko) Chrome/114.0.0.0 Safari/537.36"
174.138.16.211 - - [19/Apr/2026:10:11:13 +0300] "GET /wp-login.php?registration=disabled HTTP/1.1" 200 3806 "https://serhatburke.miroglu.net/casino-online-skrill-prelievo-veloce/" "Mozilla/5.0 (Windows NT 6.3; Win64; x64) AppleWebKit/537.36 (KHTML, like Gecko) Chrome/103.0.0.0 Safari/537.36"
200.25.47.107 - - [19/Apr/2026:10:11:41 +0300] "POST /xmlrpc.php HTTP/1.1" 200 15265 "-" "Mozilla/5.0 (Windows NT 10.0; Win64; x64) AppleWebKit/537.36 (KHTML, like Gecko) Chrome/114.0.0.0 Safari/537.36"
185.216.113.70 - - [19/Apr/2026:10:12:05 +0300] "POST /wp-cron.php?doing_wp_cron=1776582724.9894909858703613281250 HTTP/1.1" 200 448 "-" "WordPress/6.3.8; https://serhatburke.miroglu.net"
185.191.206.81 - - [19/Apr/2026:10:11:14 +0300] "GET /aztec-magic-video-slot-opinion-totally-free-instant-enjoy-games/ HTTP/1.1" 200 72710 "-" "Mozilla/5.0 (Windows NT 10.0; Win64; x64; rv:124.0) Gecko/20100101 Firefox/124.0"
200.25.47.107 - - [19/Apr/2026:10:11:48 +0300] "GET /30-freispiele-blos-einzahlung-in-verbunden-casinos-letzter-schrei-2026/ HTTP/1.1" 200 76447 "-" "Mozilla/5.0 (Windows NT 10.0; Win64; x64; rv:124.0) Gecko/20100101 Firefox/124.0"
98.98.21.215 - - [19/Apr/2026:10:11:54 +0300] "POST /xmlrpc.php HTTP/1.1" 200 630 "-" "Mozilla/5.0 (Windows NT 10.0; Win64; x64) AppleWebKit/537.36 (KHTML, like Gecko) Chrome/114.0.0.0 Safari/537.36"
107.152.46.252 - - [19/Apr/2026:10:11:57 +0300] "GET /beste-casino-site-belgie-hoge-inzet/ HTTP/1.1" 200 18595 "https://serhatburke.miroglu.net/" "Mozilla/5.0 (Macintosh; Intel Mac OS X 12_5) AppleWebKit/537.36 (KHTML, like Gecko) Chrome/114.0.0.0 Safari/537.36 Vivaldi/5.3.2679.68"
200.25.47.107 - - [19/Apr/2026:10:12:01 +0300] "GET /nederlandse-gokhal-games-voor-performen-2026/ HTTP/1.1" 200 76299 "-" "Mozilla/5.0 (Windows NT 10.0; Win64; x64) AppleWebKit/537.36 (KHTML, like Gecko) Chrome/124.0.0.0 Safari/537.36 Edg/124.0.0.0"
185.216.113.70 - - [19/Apr/2026:10:12:50 +0300] "POST /wp-cron.php?doing_wp_cron=1776582770.4390370845794677734375 HTTP/1.1" 200 448 "-" "WordPress/6.3.8; https://serhatburke.miroglu.net"
104.194.153.222 - - [19/Apr/2026:10:12:23 +0300] "GET /casino-online-skrill-prelievo-veloce/ HTTP/1.1" 200 18118 "-" "Mozilla/5.0 (compatible; Googlebot/2.1; +http://www.google.com/bot.html)"
107.152.46.252 - - [19/Apr/2026:10:12:27 +0300] "POST /wp-comments-post.php HTTP/1.1" 302 1083 "https://serhatburke.miroglu.net/beste-casino-site-belgie-hoge-inzet/" "Mozilla/5.0 (Macintosh; Intel Mac OS X 12_5) AppleWebKit/537.36 (KHTML, like Gecko) Chrome/114.0.0.0 Safari/537.36 Vivaldi/5.3.2679.68"
98.98.21.215 - - [19/Apr/2026:10:12:29 +0300] "POST /xmlrpc.php HTTP/1.1" 200 10581 "-" "Mozilla/5.0 (Windows NT 10.0; Win64; x64) AppleWebKit/537.36 (KHTML, like Gecko) Chrome/114.0.0.0 Safari/537.36"
107.152.46.252 - - [19/Apr/2026:10:12:53 +0300] "GET /beste-casino-site-belgie-hoge-inzet/?unapproved=501&moderation-hash=93cd61c707893da3878c3598741aad86 HTTP/1.1" 200 19039 "https://serhatburke.miroglu.net/wp-comments-post.php" "Mozilla/5.0 (Macintosh; Intel Mac OS X 12_5) AppleWebKit/537.36 (KHTML, like Gecko) Chrome/114.0.0.0 Safari/537.36 Vivaldi/5.3.2679.68"
103.219.169.211 - - [19/Apr/2026:10:12:55 +0300] "POST /xmlrpc.php HTTP/1.1" 200 630 "-" "Mozilla/5.0 (Windows NT 10.0; Win64; x64) AppleWebKit/537.36 (KHTML, like Gecko) Chrome/114.0.0.0 Safari/537.36"
98.98.21.215 - - [19/Apr/2026:10:12:56 +0300] "GET /njottu-vulkan-spiele-spilaviti-bonus-thess-ad-spila-a-netinu-an-endurgjalds-a-medan-hades-er-stadsettur-hja-microgaming-athugasemdinni/ HTTP/1.1" 200 74355 "-" "Mozilla/5.0 (Windows NT 10.0; Win64; x64) AppleWebKit/537.36 (KHTML, like Gecko) Chrome/124.0.0.0 Safari/537.36"
107.152.46.252 - - [19/Apr/2026:10:13:23 +0300] "GET /beste-casino-site-belgie-hoge-inzet/ HTTP/1.1" 200 18613 "-" "Mozilla/5.0 (Macintosh; Intel Mac OS X 12_5) AppleWebKit/537.36 (KHTML, like Gecko) Chrome/114.0.0.0 Safari/537.36 Vivaldi/5.3.2679.68"
103.219.169.211 - - [19/Apr/2026:10:13:31 +0300] "POST /xmlrpc.php HTTP/1.1" 200 12640 "-" "Mozilla/5.0 (Windows NT 10.0; Win64; x64) AppleWebKit/537.36 (KHTML, like Gecko) Chrome/114.0.0.0 Safari/537.36"
185.216.113.70 - - [19/Apr/2026:10:13:57 +0300] "POST /wp-cron.php?doing_wp_cron=1776582837.8671469688415527343750 HTTP/1.1" 200 448 "-" "WordPress/6.3.8; https://serhatburke.miroglu.net"
185.191.206.81 - - [19/Apr/2026:10:13:20 +0300] "POST /xmlrpc.php HTTP/1.1" 200 630 "-" "Mozilla/5.0 (Windows NT 10.0; Win64; x64) AppleWebKit/537.36 (KHTML, like Gecko) Chrome/114.0.0.0 Safari/537.36"
185.216.113.70 - - [19/Apr/2026:10:14:05 +0300] "POST /wp-cron.php?doing_wp_cron=1776582845.2835049629211425781250 HTTP/1.1" 200 448 "-" "WordPress/6.3.8; https://serhatburke.miroglu.net"
103.219.169.211 - - [19/Apr/2026:10:13:51 +0300] "GET /eye-wird-feuer-speiender-berg-spiele-todernst-of-horus-ein-automaten-klassiker-inoffizieller-mitarbeiter-untersuchung-2026-a-wohnhaft-christmas-carol-1-einzahlung-2023-comites-affilies-du-cpm/ HTTP/1.1" 200 77553 "-" "Mozilla/5.0 (Windows NT 10.0; Win64; x64) AppleWebKit/537.36 (KHTML, like Gecko) Chrome/123.0.0.0 Safari/537.36 OPR/109.0.0.0"
98.98.21.215 - - [19/Apr/2026:10:14:04 +0300] "POST /xmlrpc.php HTTP/1.1" 200 630 "-" "Mozilla/5.0 (Windows NT 10.0; Win64; x64) AppleWebKit/537.36 (KHTML, like Gecko) Chrome/114.0.0.0 Safari/537.36"
200.25.47.107 - - [19/Apr/2026:10:14:17 +0300] "POST /xmlrpc.php HTTP/1.1" 200 630 "-" "Mozilla/5.0 (Windows NT 10.0; Win64; x64) AppleWebKit/537.36 (KHTML, like Gecko) Chrome/114.0.0.0 Safari/537.36"
185.216.113.70 - - [19/Apr/2026:10:14:54 +0300] "POST /wp-cron.php?doing_wp_cron=1776582894.5929200649261474609375 HTTP/1.1" 200 448 "-" "WordPress/6.3.8; https://serhatburke.miroglu.net"
185.191.206.81 - - [19/Apr/2026:10:14:04 +0300] "POST /xmlrpc.php HTTP/1.1" 200 12349 "-" "Mozilla/5.0 (Windows NT 10.0; Win64; x64) AppleWebKit/537.36 (KHTML, like Gecko) Chrome/114.0.0.0 Safari/537.36"
98.98.21.215 - - [19/Apr/2026:10:14:43 +0300] "POST /xmlrpc.php HTTP/1.1" 200 10870 "-" "Mozilla/5.0 (Windows NT 10.0; Win64; x64) AppleWebKit/537.36 (KHTML, like Gecko) Chrome/114.0.0.0 Safari/537.36"
200.25.47.107 - - [19/Apr/2026:10:14:50 +0300] "POST /xmlrpc.php HTTP/1.1" 200 14693 "-" "Mozilla/5.0 (Windows NT 10.0; Win64; x64) AppleWebKit/537.36 (KHTML, like Gecko) Chrome/114.0.0.0 Safari/537.36"
98.98.21.215 - - [19/Apr/2026:10:15:00 +0300] "GET /tuttugu-og-fimm-nytt-spilaviti-an-innborgunar-vulkan-spiele-okeypis-snyst-bonus-an-innborgunar-fyrir-medlimi-i-kanada/ HTTP/1.1" 200 73958 "-" "Mozilla/5.0 (Windows NT 10.0; Win64; x64) AppleWebKit/537.36 (KHTML, like Gecko) Chrome/122.0.0.0 Safari/537.36"
200.25.47.107 - - [19/Apr/2026:10:15:05 +0300] "POST /xmlrpc.php HTTP/1.1" 200 630 "-" "Mozilla/5.0 (Windows NT 10.0; Win64; x64) AppleWebKit/537.36 (KHTML, like Gecko) Chrome/114.0.0.0 Safari/537.36"
200.25.47.107 - - [19/Apr/2026:10:15:17 +0300] "GET /vinnig-7900-gratis-online-bank-schrijven/ HTTP/1.1" 200 75286 "-" "Mozilla/5.0 (Windows NT 10.0; Win64; x64) AppleWebKit/537.36 (KHTML, like Gecko) Chrome/123.0.0.0 Safari/537.36 OPR/109.0.0.0"
185.191.206.81 - - [19/Apr/2026:10:14:56 +0300] "GET /play-bar-bar-black-sheep-by-microgaming-for-free-to-the-casino-pearls/ HTTP/1.1" 200 73379 "-" "Mozilla/5.0 (Windows NT 10.0; Win64; x64) AppleWebKit/537.36 (KHTML, like Gecko) Chrome/109.0.0.0 Safari/537.36"
185.216.113.70 - - [19/Apr/2026:10:15:48 +0300] "POST /wp-cron.php?doing_wp_cron=1776582948.2782230377197265625000 HTTP/1.1" 200 448 "-" "WordPress/6.3.8; https://serhatburke.miroglu.net"
200.25.47.107 - - [19/Apr/2026:10:15:36 +0300] "POST /xmlrpc.php HTTP/1.1" 200 14631 "-" "Mozilla/5.0 (Windows NT 10.0; Win64; x64) AppleWebKit/537.36 (KHTML, like Gecko) Chrome/114.0.0.0 Safari/537.36"
200.25.47.107 - - [19/Apr/2026:10:15:49 +0300] "GET /100-freispiele-ohne-einzahlung-kasino-2/ HTTP/1.1" 200 75601 "-" "Mozilla/5.0 (Windows NT 10.0; Win64; x64) AppleWebKit/537.36 (KHTML, like Gecko) Chrome/124.0.0.0 Safari/537.36"
216.73.217.33 - - [19/Apr/2026:10:15:52 +0300] "GET /robots.txt HTTP/2" 200 110 "-" "Mozilla/5.0 AppleWebKit/537.36 (KHTML, like Gecko; compatible; ClaudeBot/1.0; +claudebot@anthropic.com)"
98.98.21.215 - - [19/Apr/2026:10:16:01 +0300] "POST /xmlrpc.php HTTP/1.1" 200 630 "-" "Mozilla/5.0 (Windows NT 10.0; Win64; x64) AppleWebKit/537.36 (KHTML, like Gecko) Chrome/114.0.0.0 Safari/537.36"
216.73.217.33 - - [19/Apr/2026:10:16:13 +0300] "GET /how-to-win-mission-uncrossable-inout-casino-game-review-for-uk-players-2/ HTTP/2" 200 0 "-" "Mozilla/5.0 AppleWebKit/537.36 (KHTML, like Gecko; compatible; ClaudeBot/1.0; +claudebot@anthropic.com)"
185.216.113.70 - - [19/Apr/2026:10:16:39 +0300] "POST /wp-cron.php?doing_wp_cron=1776582999.5000898838043212890625 HTTP/1.1" 200 448 "-" "WordPress/6.3.8; https://serhatburke.miroglu.net"
98.98.21.215 - - [19/Apr/2026:10:16:26 +0300] "POST /xmlrpc.php HTTP/1.1" 200 9804 "-" "Mozilla/5.0 (Windows NT 10.0; Win64; x64) AppleWebKit/537.36 (KHTML, like Gecko) Chrome/114.0.0.0 Safari/537.36"
103.219.169.211 - - [19/Apr/2026:10:16:38 +0300] "POST /xmlrpc.php HTTP/1.1" 200 630 "-" "Mozilla/5.0 (Windows NT 10.0; Win64; x64) AppleWebKit/537.36 (KHTML, like Gecko) Chrome/114.0.0.0 Safari/537.36"
