185.191.206.81 - - [19/Apr/2026:10:48:50 +0300] "POST /xmlrpc.php HTTP/1.1" 200 630 "-" "Mozilla/5.0 (Windows NT 10.0; Win64; x64) AppleWebKit/537.36 (KHTML, like Gecko) Chrome/114.0.0.0 Safari/537.36"
185.216.113.70 - - [19/Apr/2026:10:49:30 +0300] "POST /wp-cron.php?doing_wp_cron=1776584970.6349968910217285156250 HTTP/1.1" 200 448 "-" "WordPress/6.3.8; https://serhatburke.miroglu.net"
98.98.21.215 - - [19/Apr/2026:10:49:18 +0300] "POST /xmlrpc.php HTTP/1.1" 200 9943 "-" "Mozilla/5.0 (Windows NT 10.0; Win64; x64) AppleWebKit/537.36 (KHTML, like Gecko) Chrome/114.0.0.0 Safari/537.36"
98.98.21.215 - - [19/Apr/2026:10:49:31 +0300] "GET /rishikimi-i-kazinose-harbors-angel-nga-rekomandimet-profesionale-dhe-vulkan-vegas-kontakt-ne-shqiperi-te-lojtareve-2026/ HTTP/1.1" 200 72912 "-" "Mozilla/5.0 (Windows NT 10.0; Win64; x64) AppleWebKit/537.36 (KHTML, like Gecko) Chrome/123.0.0.0 Safari/537.36 OPR/109.0.0.0"
185.216.113.70 - - [19/Apr/2026:10:49:56 +0300] "POST /wp-cron.php?doing_wp_cron=1776584996.7536358833312988281250 HTTP/1.1" 200 448 "-" "WordPress/6.3.8; https://serhatburke.miroglu.net"
185.191.206.81 - - [19/Apr/2026:10:49:25 +0300] "POST /xmlrpc.php HTTP/1.1" 200 12151 "-" "Mozilla/5.0 (Windows NT 10.0; Win64; x64) AppleWebKit/537.36 (KHTML, like Gecko) Chrome/114.0.0.0 Safari/537.36"
200.25.47.107 - - [19/Apr/2026:10:49:50 +0300] "POST /xmlrpc.php HTTP/1.1" 200 630 "-" "Mozilla/5.0 (Windows NT 10.0; Win64; x64) AppleWebKit/537.36 (KHTML, like Gecko) Chrome/114.0.0.0 Safari/537.36"
200.25.47.107 - - [19/Apr/2026:10:50:12 +0300] "POST /xmlrpc.php HTTP/1.1" 200 14337 "-" "Mozilla/5.0 (Windows NT 10.0; Win64; x64) AppleWebKit/537.36 (KHTML, like Gecko) Chrome/114.0.0.0 Safari/537.36"
185.191.206.81 - - [19/Apr/2026:10:49:58 +0300] "GET /ten-better-real-cash-online-slots-internet-sites-out-of-2026/ HTTP/1.1" 200 73043 "-" "Mozilla/5.0 (Windows NT 10.0; rv:125.0) Gecko/20100101 Firefox/125.0"
200.25.47.107 - - [19/Apr/2026:10:50:25 +0300] "GET /kosteloos-slots-downloaden-ervoor-android-pil-vakantiebungalow-veluwe/ HTTP/1.1" 200 75889 "-" "Mozilla/5.0 (Windows NT 10.0; Win64; x64) AppleWebKit/537.36 (KHTML, like Gecko) Chrome/124.0.0.0 Safari/537.36"
185.216.113.70 - - [19/Apr/2026:10:51:08 +0300] "POST /wp-cron.php?doing_wp_cron=1776585067.9571270942687988281250 HTTP/1.1" 200 448 "-" "WordPress/6.3.8; https://serhatburke.miroglu.net"
98.98.21.215 - - [19/Apr/2026:10:50:56 +0300] "POST /xmlrpc.php HTTP/1.1" 200 630 "-" "Mozilla/5.0 (Windows NT 10.0; Win64; x64) AppleWebKit/537.36 (KHTML, like Gecko) Chrome/114.0.0.0 Safari/537.36"
98.98.21.215 - - [19/Apr/2026:10:51:14 +0300] "POST /xmlrpc.php HTTP/1.1" 200 10522 "-" "Mozilla/5.0 (Windows NT 10.0; Win64; x64) AppleWebKit/537.36 (KHTML, like Gecko) Chrome/114.0.0.0 Safari/537.36"
98.98.21.215 - - [19/Apr/2026:10:51:27 +0300] "GET /10-portet-me-te-mira-te-cuditshme-per-ti-provuar-ne-kazinote-shkarkimi-i-aplikacionit-te-identifikimit-vulkan-vegas-online-te-mbreterise-se-bashkuar-ne-vitin-2024/ HTTP/1.1" 200 74917 "-" "Mozilla/5.0 (Windows NT 10.0; Win64; x64) AppleWebKit/537.36 (KHTML, like Gecko) Chrome/109.0.0.0 Safari/537.36"
200.25.47.107 - - [19/Apr/2026:10:51:37 +0300] "POST /xmlrpc.php HTTP/1.1" 200 630 "-" "Mozilla/5.0 (Windows NT 10.0; Win64; x64) AppleWebKit/537.36 (KHTML, like Gecko) Chrome/114.0.0.0 Safari/537.36"
200.25.47.107 - - [19/Apr/2026:10:51:39 +0300] "POST /xmlrpc.php HTTP/1.1" 200 630 "-" "Mozilla/5.0 (Windows NT 10.0; Win64; x64) AppleWebKit/537.36 (KHTML, like Gecko) Chrome/114.0.0.0 Safari/537.36"
185.216.113.70 - - [19/Apr/2026:10:52:09 +0300] "POST /wp-cron.php?doing_wp_cron=1776585129.7779250144958496093750 HTTP/1.1" 200 448 "-" "WordPress/6.3.8; https://serhatburke.miroglu.net"
200.25.47.107 - - [19/Apr/2026:10:51:56 +0300] "POST /xmlrpc.php HTTP/1.1" 200 16493 "-" "Mozilla/5.0 (Windows NT 10.0; Win64; x64) AppleWebKit/537.36 (KHTML, like Gecko) Chrome/114.0.0.0 Safari/537.36"
185.216.113.70 - - [19/Apr/2026:10:52:16 +0300] "POST /wp-cron.php?doing_wp_cron=1776585135.9969830513000488281250 HTTP/1.1" 200 448 "-" "WordPress/6.3.8; https://serhatburke.miroglu.net"
200.25.47.107 - - [19/Apr/2026:10:52:02 +0300] "POST /xmlrpc.php HTTP/1.1" 200 16074 "-" "Mozilla/5.0 (Windows NT 10.0; Win64; x64) AppleWebKit/537.36 (KHTML, like Gecko) Chrome/114.0.0.0 Safari/537.36"
200.25.47.107 - - [19/Apr/2026:10:52:11 +0300] "GET /gebuhrenfrei-gewinnspiele-qua-sofortgewinn-abzuglich-registrierung-2026/ HTTP/1.1" 200 78034 "-" "Mozilla/5.0 (Windows NT 10.0; Win64; x64) AppleWebKit/537.36 (KHTML, like Gecko) Chrome/109.0.0.0 Safari/537.36"
200.25.47.107 - - [19/Apr/2026:10:52:18 +0300] "GET /u-leukste-5-noppes-bank-apps-pro-iphone-plu-ipad/ HTTP/1.1" 200 77003 "-" "Mozilla/5.0 (Windows NT 10.0; Win64; x64) AppleWebKit/537.36 (KHTML, like Gecko) Chrome/109.0.0.0 Safari/537.36"
185.216.113.70 - - [19/Apr/2026:10:53:06 +0300] "POST /wp-cron.php?doing_wp_cron=1776585186.2223999500274658203125 HTTP/1.1" 200 448 "-" "WordPress/6.3.8; https://serhatburke.miroglu.net"
98.98.21.215 - - [19/Apr/2026:10:52:52 +0300] "POST /xmlrpc.php HTTP/1.1" 200 630 "-" "Mozilla/5.0 (Windows NT 10.0; Win64; x64) AppleWebKit/537.36 (KHTML, like Gecko) Chrome/114.0.0.0 Safari/537.36"
98.98.21.215 - - [19/Apr/2026:10:53:12 +0300] "POST /xmlrpc.php HTTP/1.1" 200 10490 "-" "Mozilla/5.0 (Windows NT 10.0; Win64; x64) AppleWebKit/537.36 (KHTML, like Gecko) Chrome/114.0.0.0 Safari/537.36"
185.216.113.70 - - [19/Apr/2026:10:53:43 +0300] "POST /wp-cron.php?doing_wp_cron=1776585223.2994160652160644531250 HTTP/1.1" 200 448 "-" "WordPress/6.3.8; https://serhatburke.miroglu.net"
98.98.21.215 - - [19/Apr/2026:10:53:29 +0300] "GET /kazinote-me-te-mira-me-para-bonusi-i-depozites-ice-casino-te-verteta-ne-internet-ne-amerike-mars-2026/ HTTP/1.1" 200 73095 "-" "Mozilla/5.0 (Windows NT 10.0; Win64; x64; rv:124.0) Gecko/20100101 Firefox/124.0"
200.25.47.107 - - [19/Apr/2026:10:53:35 +0300] "POST /xmlrpc.php HTTP/1.1" 200 630 "-" "Mozilla/5.0 (Windows NT 10.0; Win64; x64) AppleWebKit/537.36 (KHTML, like Gecko) Chrome/114.0.0.0 Safari/537.36"
200.25.47.107 - - [19/Apr/2026:10:53:56 +0300] "POST /xmlrpc.php HTTP/1.1" 200 14428 "-" "Mozilla/5.0 (Windows NT 10.0; Win64; x64) AppleWebKit/537.36 (KHTML, like Gecko) Chrome/114.0.0.0 Safari/537.36"
200.25.47.107 - - [19/Apr/2026:10:54:12 +0300] "GET /free-spins-kloosterzuster-deposit-holland-voor-spins-erbij-aanmelding/ HTTP/1.1" 200 75595 "-" "Mozilla/5.0 (Windows NT 10.0; Win64; x64; rv:124.0) Gecko/20100101 Firefox/124.0"
185.216.113.70 - - [19/Apr/2026:10:55:06 +0300] "POST /wp-cron.php?doing_wp_cron=1776585306.2126410007476806640625 HTTP/1.1" 200 448 "-" "WordPress/6.3.8; https://serhatburke.miroglu.net"
98.98.21.215 - - [19/Apr/2026:10:54:52 +0300] "POST /xmlrpc.php HTTP/1.1" 200 630 "-" "Mozilla/5.0 (Windows NT 10.0; Win64; x64) AppleWebKit/537.36 (KHTML, like Gecko) Chrome/114.0.0.0 Safari/537.36"
185.191.206.81 - - [19/Apr/2026:10:54:49 +0300] "POST /xmlrpc.php HTTP/1.1" 200 630 "-" "Mozilla/5.0 (Windows NT 10.0; Win64; x64) AppleWebKit/537.36 (KHTML, like Gecko) Chrome/114.0.0.0 Safari/537.36"
98.98.21.215 - - [19/Apr/2026:10:55:12 +0300] "POST /xmlrpc.php HTTP/1.1" 200 9806 "-" "Mozilla/5.0 (Windows NT 10.0; Win64; x64) AppleWebKit/537.36 (KHTML, like Gecko) Chrome/114.0.0.0 Safari/537.36"
185.216.113.70 - - [19/Apr/2026:10:55:43 +0300] "POST /wp-cron.php?doing_wp_cron=1776585343.5204410552978515625000 HTTP/1.1" 200 448 "-" "WordPress/6.3.8; https://serhatburke.miroglu.net"
98.98.21.215 - - [19/Apr/2026:10:55:28 +0300] "GET /stimuj-vulkan-vegas-hyrje-shqiperia-per-lojerat-e-gamble-alaskan-angling-rtp-dhe-do-te-keni-nje-permbledhje-te-lojes/ HTTP/1.1" 200 73001 "-" "Mozilla/5.0 (Windows NT 10.0; rv:109.0) Gecko/20100101 Firefox/115.0"
200.25.47.107 - - [19/Apr/2026:10:55:36 +0300] "POST /xmlrpc.php HTTP/1.1" 200 630 "-" "Mozilla/5.0 (Windows NT 10.0; Win64; x64) AppleWebKit/537.36 (KHTML, like Gecko) Chrome/114.0.0.0 Safari/537.36"
185.191.206.81 - - [19/Apr/2026:10:55:26 +0300] "POST /xmlrpc.php HTTP/1.1" 200 12193 "-" "Mozilla/5.0 (Windows NT 10.0; Win64; x64) AppleWebKit/537.36 (KHTML, like Gecko) Chrome/114.0.0.0 Safari/537.36"
200.25.47.107 - - [19/Apr/2026:10:55:58 +0300] "POST /xmlrpc.php HTTP/1.1" 200 14492 "-" "Mozilla/5.0 (Windows NT 10.0; Win64; x64) AppleWebKit/537.36 (KHTML, like Gecko) Chrome/114.0.0.0 Safari/537.36"
200.25.47.107 - - [19/Apr/2026:10:56:16 +0300] "GET /starcasino-voorjaar-actie-bries-100-fre-spins-per-etmaal/ HTTP/1.1" 200 75586 "-" "Mozilla/5.0 (Windows NT 10.0; Win64; x64; rv:124.0) Gecko/20100101 Firefox/124.0"
185.191.206.81 - - [19/Apr/2026:10:56:00 +0300] "GET /mobile-slots-2026-have-fun-with-the-finest-mobile-position-games-online/ HTTP/1.1" 200 73490 "-" "Mozilla/5.0 (Windows NT 10.0; rv:109.0) Gecko/20100101 Firefox/115.0"
185.216.113.70 - - [19/Apr/2026:10:56:56 +0300] "POST /wp-cron.php?doing_wp_cron=1776585416.0973680019378662109375 HTTP/1.1" 200 448 "-" "WordPress/6.3.8; https://serhatburke.miroglu.net"
98.98.21.215 - - [19/Apr/2026:10:56:43 +0300] "POST /xmlrpc.php HTTP/1.1" 200 630 "-" "Mozilla/5.0 (Windows NT 10.0; Win64; x64) AppleWebKit/537.36 (KHTML, like Gecko) Chrome/114.0.0.0 Safari/537.36"
98.98.21.215 - - [19/Apr/2026:10:57:02 +0300] "POST /xmlrpc.php HTTP/1.1" 200 10323 "-" "Mozilla/5.0 (Windows NT 10.0; Win64; x64) AppleWebKit/537.36 (KHTML, like Gecko) Chrome/114.0.0.0 Safari/537.36"
98.98.21.215 - - [19/Apr/2026:10:57:17 +0300] "GET /udhezuesi-i-black-jack-rishikim-vulkan-vegas-purple-inactive-redemption-2/ HTTP/1.1" 200 71902 "-" "Mozilla/5.0 (Windows NT 10.0; Win64; x64) AppleWebKit/537.36 (KHTML, like Gecko) Chrome/124.0.0.0 Safari/537.36 Edg/124.0.0.0"
185.216.113.70 - - [19/Apr/2026:10:57:43 +0300] "POST /wp-cron.php?doing_wp_cron=1776585463.1888370513916015625000 HTTP/1.1" 200 448 "-" "WordPress/6.3.8; https://serhatburke.miroglu.net"
200.25.47.107 - - [19/Apr/2026:10:57:31 +0300] "POST /xmlrpc.php HTTP/1.1" 200 630 "-" "Mozilla/5.0 (Windows NT 10.0; Win64; x64) AppleWebKit/537.36 (KHTML, like Gecko) Chrome/114.0.0.0 Safari/537.36"
104.207.51.35 - - [19/Apr/2026:10:57:41 +0300] "GET /beste-casino-site-belgie-hoge-inzet/ HTTP/1.1" 200 18613 "-" "Mozilla/5.0 (compatible; Googlebot/2.1; +http://www.google.com/bot.html)"
200.25.47.107 - - [19/Apr/2026:10:57:50 +0300] "POST /xmlrpc.php HTTP/1.1" 200 15202 "-" "Mozilla/5.0 (Windows NT 10.0; Win64; x64) AppleWebKit/537.36 (KHTML, like Gecko) Chrome/114.0.0.0 Safari/537.36"
83.97.117.97 - - [19/Apr/2026:10:57:55 +0300] "POST /xmlrpc.php HTTP/2" 200 140 "-" "WordPress/XMLRPC Client"
200.25.47.107 - - [19/Apr/2026:10:58:05 +0300] "GET /free-spins-bonussen-vanuit-lentemaan-2026-optie-4000-noppes-spins/ HTTP/1.1" 200 76606 "-" "Mozilla/5.0 (Windows NT 10.0; rv:109.0) Gecko/20100101 Firefox/115.0"
185.216.113.70 - - [19/Apr/2026:10:58:25 +0300] "POST /wp-cron.php?doing_wp_cron=1776585505.6981050968170166015625 HTTP/1.1" 200 448 "-" "WordPress/6.3.8; https://serhatburke.miroglu.net"
83.97.117.97 - - [19/Apr/2026:10:58:08 +0300] "GET /?p=120801 HTTP/2" 301 0 "-" "Mozilla/5.0 (Windows NT 10.0; Win64; x64) AppleWebKit/537.36 (KHTML, like Gecko) Chrome/120.0.0.0 Safari/537.36"
216.26.229.202 - - [19/Apr/2026:10:58:12 +0300] "GET /wp-login.php HTTP/2" 200 3092 "-" "Mozilla/5.0 (Windows NT 10.0; Win64; x64; rv:127.0) Gecko/20100101 Firefox/127.0"
103.20.82.136 - - [19/Apr/2026:10:58:17 +0300] "GET /zotabet-casino-bonus-premier-depot-2026/ HTTP/1.1" 200 18537 "https://serhatburke.miroglu.net/" "Mozilla/5.0 (Windows NT 10.0; Win64; x64) AppleWebKit/537.36 (KHTML, like Gecko) Chrome/137.0.0.0 Safari/537.36"
216.26.229.202 - - [19/Apr/2026:10:58:32 +0300] "POST /xmlrpc.php HTTP/2" 200 110 "-" "Mozilla/5.0 (Macintosh; Intel Mac OS X 13_5) AppleWebKit/605.1.15 (KHTML, like Gecko) Version/17.5 Safari/605.1.15"
103.20.82.136 - - [19/Apr/2026:10:58:46 +0300] "GET /wp-includes/css/dist/block-library/style.min.css?ver=6.3.8 HTTP/1.1" 200 13578 "https://serhatburke.miroglu.net/zotabet-casino-bonus-premier-depot-2026/" "Mozilla/5.0 (Windows NT 10.0; Win64; x64) AppleWebKit/537.36 (KHTML, like Gecko) Chrome/145.0.0.0 Safari/537.36"
103.20.82.136 - - [19/Apr/2026:10:58:47 +0300] "GET /wp-content/plugins/contact-form-7/includes/css/styles.css?ver=5.8 HTTP/1.1" 200 1490 "https://serhatburke.miroglu.net/zotabet-casino-bonus-premier-depot-2026/" "Mozilla/5.0 (Windows NT 10.0; Win64; x64) AppleWebKit/537.36 (KHTML, like Gecko) Chrome/145.0.0.0 Safari/537.36"
27.96.84.152 - - [19/Apr/2026:10:58:48 +0300] "GET /wp-content/themes/toppic/css/fontello.css?ver=4.2 HTTP/1.1" 200 1802 "https://serhatburke.miroglu.net/zotabet-casino-bonus-premier-depot-2026/" "Mozilla/5.0 (Windows NT 10.0; Win64; x64) AppleWebKit/537.36 (KHTML, like Gecko) Chrome/145.0.0.0 Safari/537.36"
103.20.82.136 - - [19/Apr/2026:10:58:49 +0300] "GET /wp-content/themes/toppic/css/reset.css?ver=4.2 HTTP/1.1" 200 1178 "https://serhatburke.miroglu.net/zotabet-casino-bonus-premier-depot-2026/" "Mozilla/5.0 (Windows NT 10.0; Win64; x64) AppleWebKit/537.36 (KHTML, like Gecko) Chrome/145.0.0.0 Safari/537.36"
27.96.84.152 - - [19/Apr/2026:10:58:51 +0300] "GET /wp-content/themes/toppic/css/default.css?ver=4.2 HTTP/1.1" 200 1811 "https://serhatburke.miroglu.net/zotabet-casino-bonus-premier-depot-2026/" "Mozilla/5.0 (Windows NT 10.0; Win64; x64) AppleWebKit/537.36 (KHTML, like Gecko) Chrome/145.0.0.0 Safari/537.36"
27.96.84.152 - - [19/Apr/2026:10:58:52 +0300] "GET /wp-content/themes/toppic/style.css?ver=4.2 HTTP/1.1" 200 23398 "https://serhatburke.miroglu.net/zotabet-casino-bonus-premier-depot-2026/" "Mozilla/5.0 (Windows NT 10.0; Win64; x64) AppleWebKit/537.36 (KHTML, like Gecko) Chrome/145.0.0.0 Safari/537.36"
103.20.82.136 - - [19/Apr/2026:10:58:53 +0300] "GET /wp-content/themes/toppic/css/royalslider.css?ver=4.2 HTTP/1.1" 200 1887 "https://serhatburke.miroglu.net/zotabet-casino-bonus-premier-depot-2026/" "Mozilla/5.0 (Windows NT 10.0; Win64; x64) AppleWebKit/537.36 (KHTML, like Gecko) Chrome/145.0.0.0 Safari/537.36"
98.98.21.215 - - [19/Apr/2026:10:58:41 +0300] "POST /xmlrpc.php HTTP/1.1" 200 630 "-" "Mozilla/5.0 (Windows NT 10.0; Win64; x64) AppleWebKit/537.36 (KHTML, like Gecko) Chrome/114.0.0.0 Safari/537.36"
27.96.84.152 - - [19/Apr/2026:10:58:54 +0300] "GET /wp-content/themes/toppic/css/rs-default.css?ver=4.2 HTTP/1.1" 200 2625 "https://serhatburke.miroglu.net/zotabet-casino-bonus-premier-depot-2026/" "Mozilla/5.0 (Windows NT 10.0; Win64; x64) AppleWebKit/537.36 (KHTML, like Gecko) Chrome/145.0.0.0 Safari/537.36"
103.20.82.136 - - [19/Apr/2026:10:58:55 +0300] "GET /wp-content/themes/toppic/css/lightbox.css?ver=4.2 HTTP/1.1" 200 2956 "https://serhatburke.miroglu.net/zotabet-casino-bonus-premier-depot-2026/" "Mozilla/5.0 (Windows NT 10.0; Win64; x64) AppleWebKit/537.36 (KHTML, like Gecko) Chrome/145.0.0.0 Safari/537.36"
103.20.82.136 - - [19/Apr/2026:10:58:56 +0300] "GET /wp-content/themes/toppic/css/woocommerce.css?ver=4.2 HTTP/1.1" 200 2848 "https://serhatburke.miroglu.net/zotabet-casino-bonus-premier-depot-2026/" "Mozilla/5.0 (Windows NT 10.0; Win64; x64) AppleWebKit/537.36 (KHTML, like Gecko) Chrome/145.0.0.0 Safari/537.36"
27.96.84.152 - - [19/Apr/2026:10:58:57 +0300] "GET /wp-content/themes/toppic/css/responsive.css?ver=4.2 HTTP/1.1" 200 2796 "https://serhatburke.miroglu.net/zotabet-casino-bonus-premier-depot-2026/" "Mozilla/5.0 (Windows NT 10.0; Win64; x64) AppleWebKit/537.36 (KHTML, like Gecko) Chrome/145.0.0.0 Safari/537.36"
216.26.229.202 - - [19/Apr/2026:10:58:46 +0300] "POST /xmlrpc.php HTTP/2" 200 2701 "-" "Mozilla/5.0 (Windows NT 10.0; Win64; x64; rv:127.0) Gecko/20100101 Firefox/127.0"
185.216.113.70 - - [19/Apr/2026:10:59:13 +0300] "POST /wp-cron.php?doing_wp_cron=1776585553.1072518825531005859375 HTTP/1.1" 200 448 "-" "WordPress/6.3.8; https://serhatburke.miroglu.net"
27.96.84.152 - - [19/Apr/2026:10:58:58 +0300] "POST /wp-comments-post.php HTTP/1.1" 302 1087 "https://serhatburke.miroglu.net/zotabet-casino-bonus-premier-depot-2026/" "Mozilla/5.0 (Windows NT 10.0; Win64; x64) AppleWebKit/537.36 (KHTML, like Gecko) Chrome/137.0.0.0 Safari/537.36"
98.98.21.215 - - [19/Apr/2026:10:58:59 +0300] "POST /xmlrpc.php HTTP/1.1" 200 10102 "-" "Mozilla/5.0 (Windows NT 10.0; Win64; x64) AppleWebKit/537.36 (KHTML, like Gecko) Chrome/114.0.0.0 Safari/537.36"
103.219.169.211 - - [19/Apr/2026:10:59:05 +0300] "POST /xmlrpc.php HTTP/1.1" 200 630 "-" "Mozilla/5.0 (Windows NT 10.0; Win64; x64) AppleWebKit/537.36 (KHTML, like Gecko) Chrome/114.0.0.0 Safari/537.36"
98.98.21.215 - - [19/Apr/2026:10:59:15 +0300] "GET /lojerat-me-te-mira-me-fruta-te-fresketa-2026-luaj-porte-me-tematike-frutash-regjistrimi-i-hyrjes-ne-ice-casino-ne-internet/ HTTP/1.1" 200 73095 "-" "Mozilla/5.0 (Windows NT 10.0; Win64; x64) AppleWebKit/537.36 (KHTML, like Gecko) Chrome/124.0.0.0 Safari/537.36 Edg/124.0.0.0"
200.25.47.107 - - [19/Apr/2026:10:59:21 +0300] "POST /xmlrpc.php HTTP/1.1" 200 630 "-" "Mozilla/5.0 (Windows NT 10.0; Win64; x64) AppleWebKit/537.36 (KHTML, like Gecko) Chrome/114.0.0.0 Safari/537.36"
103.20.82.136 - - [19/Apr/2026:10:59:14 +0300] "GET /zotabet-casino-bonus-premier-depot-2026/?unapproved=502&moderation-hash=20f7e049002bba8c7a3ab768f0df9920 HTTP/1.1" 200 18966 "https://serhatburke.miroglu.net/wp-comments-post.php" "Mozilla/5.0 (Windows NT 10.0; Win64; x64) AppleWebKit/537.36 (KHTML, like Gecko) Chrome/137.0.0.0 Safari/537.36"
103.219.169.211 - - [19/Apr/2026:10:59:33 +0300] "POST /xmlrpc.php HTTP/1.1" 200 12951 "-" "Mozilla/5.0 (Windows NT 10.0; Win64; x64) AppleWebKit/537.36 (KHTML, like Gecko) Chrome/114.0.0.0 Safari/537.36"
185.216.113.70 - - [19/Apr/2026:11:00:04 +0300] "POST /wp-cron.php?doing_wp_cron=1776585603.8691918849945068359375 HTTP/1.1" 200 448 "-" "WordPress/6.3.8; https://serhatburke.miroglu.net"
200.25.47.107 - - [19/Apr/2026:10:59:50 +0300] "POST /xmlrpc.php HTTP/1.1" 200 14067 "-" "Mozilla/5.0 (Windows NT 10.0; Win64; x64) AppleWebKit/537.36 (KHTML, like Gecko) Chrome/114.0.0.0 Safari/537.36"
103.219.169.211 - - [19/Apr/2026:10:59:50 +0300] "GET /entsprechend-hochststand-ist-die-lotto-gewinnwahrscheinlichkeit/ HTTP/1.1" 200 74607 "-" "Mozilla/5.0 (Windows NT 10.0; Win64; x64) AppleWebKit/537.36 (KHTML, like Gecko) Chrome/109.0.0.0 Safari/537.36"
103.20.82.136 - - [19/Apr/2026:10:59:45 +0300] "GET /zotabet-casino-bonus-premier-depot-2026/ HTTP/1.1" 200 18500 "-" "Mozilla/5.0 (compatible; Googlebot/2.1; +http://www.google.com/bot.html)"
200.25.47.107 - - [19/Apr/2026:11:00:09 +0300] "GET /fre-spins-gokhuis-2026-gratis-spins-verzekeringspremie-te-eersterangs-casinos/ HTTP/1.1" 200 75652 "-" "Mozilla/5.0 (Windows NT 10.0; Win64; x64) AppleWebKit/537.36 (KHTML, like Gecko) Chrome/109.0.0.0 Safari/537.36"
185.216.113.70 - - [19/Apr/2026:11:00:46 +0300] "POST /wp-cron.php?doing_wp_cron=1776585646.1178030967712402343750 HTTP/1.1" 200 448 "-" "WordPress/6.3.8; https://serhatburke.miroglu.net"
98.98.21.215 - - [19/Apr/2026:11:00:34 +0300] "POST /xmlrpc.php HTTP/1.1" 200 630 "-" "Mozilla/5.0 (Windows NT 10.0; Win64; x64) AppleWebKit/537.36 (KHTML, like Gecko) Chrome/114.0.0.0 Safari/537.36"
98.98.21.215 - - [19/Apr/2026:11:00:52 +0300] "POST /xmlrpc.php HTTP/1.1" 200 9548 "-" "Mozilla/5.0 (Windows NT 10.0; Win64; x64) AppleWebKit/537.36 (KHTML, like Gecko) Chrome/114.0.0.0 Safari/537.36"
98.98.21.215 - - [19/Apr/2026:11:01:05 +0300] "GET /me-falni-per-kodi-promo-i-kazinose-ice-casino-2026-percarjen-tone/ HTTP/1.1" 200 71157 "-" "Mozilla/5.0 (Windows NT 10.0; Win64; x64) AppleWebKit/537.36 (KHTML, like Gecko) Chrome/122.0.0.0 Safari/537.36"
200.25.47.107 - - [19/Apr/2026:11:01:12 +0300] "POST /xmlrpc.php HTTP/1.1" 200 630 "-" "Mozilla/5.0 (Windows NT 10.0; Win64; x64) AppleWebKit/537.36 (KHTML, like Gecko) Chrome/114.0.0.0 Safari/537.36"
185.216.113.70 - - [19/Apr/2026:11:01:45 +0300] "POST /wp-cron.php?doing_wp_cron=1776585705.4608900547027587890625 HTTP/1.1" 200 448 "-" "WordPress/6.3.8; https://serhatburke.miroglu.net"
45.80.104.53 - - [19/Apr/2026:11:01:27 +0300] "GET / HTTP/1.1" 200 19471 "-" "Mozilla/5.0 (Windows NT 10.0; Win64; x64) AppleWebKit/537.36 (KHTML, like Gecko) Chrome/120.0.0.0 Safari/537.36"
200.25.47.107 - - [19/Apr/2026:11:01:32 +0300] "POST /xmlrpc.php HTTP/1.1" 200 14183 "-" "Mozilla/5.0 (Windows NT 10.0; Win64; x64) AppleWebKit/537.36 (KHTML, like Gecko) Chrome/114.0.0.0 Safari/537.36"
103.20.82.136 - - [19/Apr/2026:11:01:29 +0300] "GET /zotabet-casino-bonus-premier-depot-2026/ HTTP/1.1" 200 0 "-" "Mozilla/5.0 (compatible; Googlebot/2.1; +http://www.google.com/bot.html)"
103.219.169.211 - - [19/Apr/2026:11:01:48 +0300] "POST /xmlrpc.php HTTP/1.1" 200 630 "-" "Mozilla/5.0 (Windows NT 10.0; Win64; x64) AppleWebKit/537.36 (KHTML, like Gecko) Chrome/114.0.0.0 Safari/537.36"
200.25.47.107 - - [19/Apr/2026:11:01:56 +0300] "GET /kosteloos-spins-zonder-storting-nederlan-fre-spins-kloosterzuster-deposit-nederland/ HTTP/1.1" 200 75893 "-" "Mozilla/5.0 (Windows NT 10.0; Win64; x64) AppleWebKit/537.36 (KHTML, like Gecko) Chrome/122.0.0.0 Safari/537.36"
103.219.169.211 - - [19/Apr/2026:11:02:15 +0300] "POST /xmlrpc.php HTTP/1.1" 200 11534 "-" "Mozilla/5.0 (Windows NT 10.0; Win64; x64) AppleWebKit/537.36 (KHTML, like Gecko) Chrome/114.0.0.0 Safari/537.36"
185.216.113.70 - - [19/Apr/2026:11:02:41 +0300] "POST /wp-cron.php?doing_wp_cron=1776585761.3232290744781494140625 HTTP/1.1" 200 448 "-" "WordPress/6.3.8; https://serhatburke.miroglu.net"
98.98.21.215 - - [19/Apr/2026:11:02:25 +0300] "POST /xmlrpc.php HTTP/1.1" 200 630 "-" "Mozilla/5.0 (Windows NT 10.0; Win64; x64) AppleWebKit/537.36 (KHTML, like Gecko) Chrome/114.0.0.0 Safari/537.36"
103.219.169.211 - - [19/Apr/2026:11:02:32 +0300] "GET /einsatz-bestandvertrag-dies-wichtigste-zur-mietkaution-inside-kurze/ HTTP/1.1" 200 73549 "-" "Mozilla/5.0 (Windows NT 10.0; Win64; x64) AppleWebKit/537.36 (KHTML, like Gecko) Chrome/124.0.0.0 Safari/537.36"
82.77.72.172 - - [19/Apr/2026:11:02:44 +0300] "GET /beste-casino-site-belgie-hoge-inzet/ HTTP/1.1" 200 0 "https://serhatburke.miroglu.net/" "Mozilla/5.0 (Windows NT 10.0; Win64; x64) AppleWebKit/537.36 (KHTML, like Gecko) Chrome/143.0.0.0 Safari/537.36 Edg/143.0.0.0"
98.98.21.215 - - [19/Apr/2026:11:02:48 +0300] "POST /xmlrpc.php HTTP/1.1" 200 10327 "-" "Mozilla/5.0 (Windows NT 10.0; Win64; x64) AppleWebKit/537.36 (KHTML, like Gecko) Chrome/114.0.0.0 Safari/537.36"
212.34.148.156 - - [19/Apr/2026:11:02:50 +0300] "GET /zotabet-casino-bonus-premier-depot-2026/ HTTP/1.1" 200 0 "-" "Mozilla/5.0 (compatible; Googlebot/2.1; +http://www.google.com/bot.html)"
200.25.47.107 - - [19/Apr/2026:11:02:58 +0300] "POST /xmlrpc.php HTTP/1.1" 200 630 "-" "Mozilla/5.0 (Windows NT 10.0; Win64; x64) AppleWebKit/537.36 (KHTML, like Gecko) Chrome/114.0.0.0 Safari/537.36"
84.239.25.17 - - [19/Apr/2026:11:03:04 +0300] "GET /wp-login.php HTTP/2" 200 3092 "-" "Mozilla/5.0 (Windows NT 10.0; Win64; x64; rv:127.0) Gecko/20100101 Firefox/127.0"
98.98.21.215 - - [19/Apr/2026:11:03:20 +0300] "GET /portet-me-te-medha-te-megaways-bonusi-i-kazinose-ice-casino-kompanite-britanike-te-lojerave-te-fatit-2026-cfare-jane-saktesisht-portet-e-megaways/ HTTP/1.1" 200 73876 "-" "Mozilla/5.0 (Windows NT 10.0; Win64; x64; rv:124.0) Gecko/20100101 Firefox/124.0"
200.25.47.107 - - [19/Apr/2026:11:03:37 +0300] "POST /xmlrpc.php HTTP/1.1" 200 14701 "-" "Mozilla/5.0 (Windows NT 10.0; Win64; x64) AppleWebKit/537.36 (KHTML, like Gecko) Chrome/114.0.0.0 Safari/537.36"
84.239.25.17 - - [19/Apr/2026:11:03:42 +0300] "POST /xmlrpc.php HTTP/2" 200 109 "-" "Mozilla/5.0 (Macintosh; Intel Mac OS X 13_5) AppleWebKit/605.1.15 (KHTML, like Gecko) Version/17.5 Safari/605.1.15"
200.25.47.107 - - [19/Apr/2026:11:03:55 +0300] "GET /welkomstbonus-noppes-bankbiljet-fre-spins-voordat-nieuwe-spelers/ HTTP/1.1" 200 76090 "-" "Mozilla/5.0 (Windows NT 10.0; Win64; x64; rv:125.0) Gecko/20100101 Firefox/125.0"
84.239.25.17 - - [19/Apr/2026:11:04:06 +0300] "POST /xmlrpc.php HTTP/2" 200 2837 "-" "Mozilla/5.0 (Macintosh; Intel Mac OS X 13_5) AppleWebKit/605.1.15 (KHTML, like Gecko) Version/17.5 Safari/605.1.15"
185.191.206.81 - - [19/Apr/2026:11:03:51 +0300] "POST /xmlrpc.php HTTP/1.1" 200 630 "-" "Mozilla/5.0 (Windows NT 10.0; Win64; x64) AppleWebKit/537.36 (KHTML, like Gecko) Chrome/114.0.0.0 Safari/537.36"
107.152.46.202 - - [19/Apr/2026:11:04:21 +0300] "GET /automaty-hazard-online/ HTTP/1.1" 200 17664 "-" "Mozilla/5.0 (Windows NT 10.0; Win64; x64) AppleWebKit/537.36 (KHTML, like Gecko) Chrome/114.0.0.0 Safari/537.36 Vivaldi/5.3.2679.68"
185.216.113.70 - - [19/Apr/2026:11:05:05 +0300] "POST /wp-cron.php?doing_wp_cron=1776585905.2713420391082763671875 HTTP/1.1" 200 448 "-" "WordPress/6.3.8; https://serhatburke.miroglu.net"
185.191.206.81 - - [19/Apr/2026:11:04:34 +0300] "POST /xmlrpc.php HTTP/1.1" 200 11906 "-" "Mozilla/5.0 (Windows NT 10.0; Win64; x64) AppleWebKit/537.36 (KHTML, like Gecko) Chrome/114.0.0.0 Safari/537.36"
200.25.47.107 - - [19/Apr/2026:11:05:16 +0300] "POST /xmlrpc.php HTTP/1.1" 200 630 "-" "Mozilla/5.0 (Windows NT 10.0; Win64; x64) AppleWebKit/537.36 (KHTML, like Gecko) Chrome/114.0.0.0 Safari/537.36"
66.249.73.14 - - [19/Apr/2026:11:05:25 +0300] "GET /unveiling-fortunecasinouk-promotions-at-drake-casino-a-comprehensive-review-for-uk-players/undefined?ts=1775520000 HTTP/1.1" 200 0 "https://serhatburke.miroglu.net/unveiling-fortunecasinouk-promotions-at-drake-casino-a-comprehensive-review-for-uk-players/" "Mozilla/5.0 (Linux; Android 6.0.1; Nexus 5X Build/MMB29P) AppleWebKit/537.36 (KHTML, like Gecko) Chrome/146.0.7680.177 Mobile Safari/537.36 (compatible; Googlebot/2.1; +http://www.google.com/bot.html)"
185.191.206.81 - - [19/Apr/2026:11:05:06 +0300] "GET /finest-pokies-programs-in-australia-a-real-income-pokies-applications/ HTTP/1.1" 200 73231 "-" "Mozilla/5.0 (Windows NT 10.0; Win64; x64) AppleWebKit/537.36 (KHTML, like Gecko) Chrome/124.0.0.0 Safari/537.36 Edg/124.0.0.0"
66.249.73.1 - - [19/Apr/2026:11:05:22 +0300] "GET /robots.txt HTTP/1.1" 200 719 "-" "Mozilla/5.0 (compatible; Googlebot/2.1; +http://www.google.com/bot.html)"
66.249.73.15 - - [19/Apr/2026:11:05:37 +0300] "GET /unveiling-fortunecasinouk-promotions-at-drake-casino-a-comprehensive-review-for-uk-players/undefined?ts=1775520000 HTTP/1.1" 200 0 "https://serhatburke.miroglu.net/unveiling-fortunecasinouk-promotions-at-drake-casino-a-comprehensive-review-for-uk-players/" "Mozilla/5.0 (Linux; Android 6.0.1; Nexus 5X Build/MMB29P) AppleWebKit/537.36 (KHTML, like Gecko) Chrome/146.0.7680.177 Mobile Safari/537.36 (compatible; Googlebot/2.1; +http://www.google.com/bot.html)"
185.216.113.70 - - [19/Apr/2026:11:05:59 +0300] "POST /wp-cron.php?doing_wp_cron=1776585959.7914099693298339843750 HTTP/1.1" 200 448 "-" "WordPress/6.3.8; https://serhatburke.miroglu.net"
200.25.47.107 - - [19/Apr/2026:11:05:43 +0300] "POST /xmlrpc.php HTTP/1.1" 200 15549 "-" "Mozilla/5.0 (Windows NT 10.0; Win64; x64) AppleWebKit/537.36 (KHTML, like Gecko) Chrome/114.0.0.0 Safari/537.36"
66.249.73.14 - - [19/Apr/2026:11:05:50 +0300] "GET /unveiling-fortunecasinouk-promotions-at-drake-casino-a-comprehensive-review-for-uk-players/undefined?ts=1775520000 HTTP/1.1" 200 0 "https://serhatburke.miroglu.net/unveiling-fortunecasinouk-promotions-at-drake-casino-a-comprehensive-review-for-uk-players/" "Mozilla/5.0 (Linux; Android 6.0.1; Nexus 5X Build/MMB29P) AppleWebKit/537.36 (KHTML, like Gecko) Chrome/146.0.7680.177 Mobile Safari/537.36 (compatible; Googlebot/2.1; +http://www.google.com/bot.html)"
66.249.73.14 - - [19/Apr/2026:11:06:02 +0300] "GET /unveiling-fortunecasinouk-promotions-at-drake-casino-a-comprehensive-review-for-uk-players/undefined?ts=1775520000 HTTP/1.1" 200 0 "https://serhatburke.miroglu.net/unveiling-fortunecasinouk-promotions-at-drake-casino-a-comprehensive-review-for-uk-players/" "Mozilla/5.0 (Linux; Android 6.0.1; Nexus 5X Build/MMB29P) AppleWebKit/537.36 (KHTML, like Gecko) Chrome/146.0.7680.177 Mobile Safari/537.36 (compatible; Googlebot/2.1; +http://www.google.com/bot.html)"
103.219.169.211 - - [19/Apr/2026:11:05:51 +0300] "POST /xmlrpc.php HTTP/1.1" 200 630 "-" "Mozilla/5.0 (Windows NT 10.0; Win64; x64) AppleWebKit/537.36 (KHTML, like Gecko) Chrome/114.0.0.0 Safari/537.36"