66.249.73.14 - - [19/Apr/2026:07:48:02 +0300] "GET /donbet-casino-review-for-uk-players/undefined?ts=1775520000 HTTP/1.1" 200 0 "https://serhatburke.miroglu.net/donbet-casino-review-for-uk-players/" "Mozilla/5.0 (Linux; Android 6.0.1; Nexus 5X Build/MMB29P) AppleWebKit/537.36 (KHTML, like Gecko) Chrome/146.0.7680.177 Mobile Safari/537.36 (compatible; Googlebot/2.1; +http://www.google.com/bot.html)"
185.191.206.81 - - [19/Apr/2026:07:47:49 +0300] "POST /xmlrpc.php HTTP/1.1" 200 12018 "-" "Mozilla/5.0 (Windows NT 10.0; Win64; x64) AppleWebKit/537.36 (KHTML, like Gecko) Chrome/114.0.0.0 Safari/537.36"
185.216.113.70 - - [19/Apr/2026:07:48:53 +0300] "POST /wp-cron.php?doing_wp_cron=1776574133.1580629348754882812500 HTTP/1.1" 200 448 "-" "WordPress/6.3.8; https://serhatburke.miroglu.net"
185.191.206.81 - - [19/Apr/2026:07:48:23 +0300] "GET /online-casino-play-real-money-games-from-the-pokerstars/ HTTP/1.1" 200 73057 "-" "Mozilla/5.0 (Windows NT 10.0; Win64; x64) AppleWebKit/537.36 (KHTML, like Gecko) Chrome/123.0.0.0 Safari/537.36"
200.25.47.107 - - [19/Apr/2026:07:49:13 +0300] "POST /xmlrpc.php HTTP/1.1" 200 630 "-" "Mozilla/5.0 (Windows NT 10.0; Win64; x64) AppleWebKit/537.36 (KHTML, like Gecko) Chrome/114.0.0.0 Safari/537.36"
200.25.47.107 - - [19/Apr/2026:07:49:25 +0300] "POST /xmlrpc.php HTTP/1.1" 200 630 "-" "Mozilla/5.0 (Windows NT 10.0; Win64; x64) AppleWebKit/537.36 (KHTML, like Gecko) Chrome/114.0.0.0 Safari/537.36"
185.216.113.70 - - [19/Apr/2026:07:49:45 +0300] "POST /wp-cron.php?doing_wp_cron=1776574185.8993649482727050781250 HTTP/1.1" 200 448 "-" "WordPress/6.3.8; https://serhatburke.miroglu.net"
200.25.47.107 - - [19/Apr/2026:07:49:32 +0300] "POST /xmlrpc.php HTTP/1.1" 200 15512 "-" "Mozilla/5.0 (Windows NT 10.0; Win64; x64) AppleWebKit/537.36 (KHTML, like Gecko) Chrome/114.0.0.0 Safari/537.36"
200.25.47.107 - - [19/Apr/2026:07:49:44 +0300] "POST /xmlrpc.php HTTP/1.1" 200 16571 "-" "Mozilla/5.0 (Windows NT 10.0; Win64; x64) AppleWebKit/537.36 (KHTML, like Gecko) Chrome/114.0.0.0 Safari/537.36"
200.25.47.107 - - [19/Apr/2026:07:49:47 +0300] "GET /eye-of-horus-fur-nusse-erreichbar-and-im-zuge-dessen-echtgeld-genau-so-wie-man-ubertragt-quick-win-bonus-unter-hauptkonto-bloody-brilliant-slot-fur-geld-vortragen-2026/ HTTP/1.1" 200 79530 "-" "Mozilla/5.0 (Windows NT 10.0; Win64; x64) AppleWebKit/537.36 (KHTML, like Gecko) Chrome/122.0.0.0 Safari/537.36"
200.25.47.107 - - [19/Apr/2026:07:50:06 +0300] "GET /periodes-sans-frais-sans-avoir-i-classe-2026-disponible-et-ecrit/ HTTP/1.1" 200 77818 "-" "Mozilla/5.0 (Windows NT 10.0; Win64; x64) AppleWebKit/537.36 (KHTML, like Gecko) Chrome/123.0.0.0 Safari/537.36 OPR/109.0.0.0"
98.98.33.56 - - [19/Apr/2026:07:50:18 +0300] "POST /xmlrpc.php HTTP/1.1" 200 630 "-" "Mozilla/5.0 (Windows NT 10.0; Win64; x64) AppleWebKit/537.36 (KHTML, like Gecko) Chrome/114.0.0.0 Safari/537.36"
185.216.113.70 - - [19/Apr/2026:07:50:51 +0300] "POST /wp-cron.php?doing_wp_cron=1776574251.2378370761871337890625 HTTP/1.1" 200 448 "-" "WordPress/6.3.8; https://serhatburke.miroglu.net"
98.98.33.56 - - [19/Apr/2026:07:50:37 +0300] "POST /xmlrpc.php HTTP/1.1" 200 14524 "-" "Mozilla/5.0 (Windows NT 10.0; Win64; x64) AppleWebKit/537.36 (KHTML, like Gecko) Chrome/114.0.0.0 Safari/537.36"
66.249.73.15 - - [19/Apr/2026:07:50:55 +0300] "GET /unveiling-fortunecasinouk-promotions-at-drake-casino-a-comprehensive-review-for-uk-players/ HTTP/1.1" 200 0 "https://pwunty.driftlogic-games.biz/" "Mozilla/5.0 (Linux; Android 6.0.1; Nexus 5X Build/MMB29P) AppleWebKit/537.36 (KHTML, like Gecko) Chrome/146.0.7680.177 Mobile Safari/537.36 (compatible; Googlebot/2.1; +http://www.google.com/bot.html)"
98.98.33.56 - - [19/Apr/2026:07:50:53 +0300] "GET /bonus-sans-classe-pourrez-gratuitement-absolution-i-ce-genre-de-principaux-prime/ HTTP/1.1" 200 76220 "-" "Mozilla/5.0 (Windows NT 10.0; Win64; x64; rv:124.0) Gecko/20100101 Firefox/124.0"
185.216.113.70 - - [19/Apr/2026:07:52:28 +0300] "POST /wp-cron.php?doing_wp_cron=1776574348.9291839599609375000000 HTTP/1.1" 200 448 "-" "WordPress/6.3.8; https://serhatburke.miroglu.net"
104.194.132.199 - - [19/Apr/2026:07:52:14 +0300] "GET /beste-casino-site-belgie-hoge-inzet/ HTTP/1.1" 200 18613 "-" "Mozilla/5.0 (Windows NT 10.0; Win64; x64) AppleWebKit/537.36 (KHTML, like Gecko) Chrome/114.0.0.0 Safari/537.36 Vivaldi/5.3.2679.68"
66.249.73.14 - - [19/Apr/2026:07:52:58 +0300] "GET /donbet-casino-review-for-uk-players/ HTTP/1.1" 200 0 "https://pwunty.driftlogic-games.biz/" "Mozilla/5.0 (Linux; Android 6.0.1; Nexus 5X Build/MMB29P) AppleWebKit/537.36 (KHTML, like Gecko) Chrome/146.0.7680.177 Mobile Safari/537.36 (compatible; Googlebot/2.1; +http://www.google.com/bot.html)"
200.25.47.107 - - [19/Apr/2026:07:53:24 +0300] "POST /xmlrpc.php HTTP/1.1" 200 630 "-" "Mozilla/5.0 (Windows NT 10.0; Win64; x64) AppleWebKit/537.36 (KHTML, like Gecko) Chrome/114.0.0.0 Safari/537.36"
185.216.113.70 - - [19/Apr/2026:07:53:57 +0300] "POST /wp-cron.php?doing_wp_cron=1776574437.3158309459686279296875 HTTP/1.1" 200 448 "-" "WordPress/6.3.8; https://serhatburke.miroglu.net"
200.25.47.107 - - [19/Apr/2026:07:53:44 +0300] "POST /xmlrpc.php HTTP/1.1" 200 15827 "-" "Mozilla/5.0 (Windows NT 10.0; Win64; x64) AppleWebKit/537.36 (KHTML, like Gecko) Chrome/114.0.0.0 Safari/537.36"
200.25.47.107 - - [19/Apr/2026:07:53:59 +0300] "GET /gebuhrenfrei-auffuhren-inoffizieller-mitarbeiter-inter-browser/ HTTP/1.1" 200 76914 "-" "Mozilla/5.0 (Windows NT 10.0; rv:109.0) Gecko/20100101 Firefox/115.0"
185.216.113.70 - - [19/Apr/2026:07:55:15 +0300] "POST /wp-cron.php?doing_wp_cron=1776574515.5068469047546386718750 HTTP/1.1" 200 448 "-" "WordPress/6.3.8; https://serhatburke.miroglu.net"
185.191.206.81 - - [19/Apr/2026:07:54:46 +0300] "POST /xmlrpc.php HTTP/1.1" 200 630 "-" "Mozilla/5.0 (Windows NT 10.0; Win64; x64) AppleWebKit/537.36 (KHTML, like Gecko) Chrome/114.0.0.0 Safari/537.36"
200.25.47.107 - - [19/Apr/2026:07:55:13 +0300] "POST /xmlrpc.php HTTP/1.1" 200 630 "-" "Mozilla/5.0 (Windows NT 10.0; Win64; x64) AppleWebKit/537.36 (KHTML, like Gecko) Chrome/114.0.0.0 Safari/537.36"
185.216.113.70 - - [19/Apr/2026:07:55:51 +0300] "POST /wp-cron.php?doing_wp_cron=1776574551.7656400203704833984375 HTTP/1.1" 200 448 "-" "WordPress/6.3.8; https://serhatburke.miroglu.net"
200.25.47.107 - - [19/Apr/2026:07:55:38 +0300] "POST /xmlrpc.php HTTP/1.1" 200 16810 "-" "Mozilla/5.0 (Windows NT 10.0; Win64; x64) AppleWebKit/537.36 (KHTML, like Gecko) Chrome/114.0.0.0 Safari/537.36"
185.191.206.81 - - [19/Apr/2026:07:55:21 +0300] "POST /xmlrpc.php HTTP/1.1" 200 12141 "-" "Mozilla/5.0 (Windows NT 10.0; Win64; x64) AppleWebKit/537.36 (KHTML, like Gecko) Chrome/114.0.0.0 Safari/537.36"
200.25.47.107 - - [19/Apr/2026:07:55:54 +0300] "GET /jeu-de-reflexion-non-payants-sur-gaming-sans-frais-com-mahjong/ HTTP/1.1" 200 77968 "-" "Mozilla/5.0 (Windows NT 10.0; Win64; x64) AppleWebKit/537.36 (KHTML, like Gecko) Chrome/122.0.0.0 Safari/537.36"
185.191.206.81 - - [19/Apr/2026:07:55:54 +0300] "GET /mummys-gold-gambling-enterprise-comment-expert-player-ratings-2026/ HTTP/1.1" 200 73540 "-" "Mozilla/5.0 (Windows NT 10.0; rv:109.0) Gecko/20100101 Firefox/115.0"
185.216.113.70 - - [19/Apr/2026:07:59:17 +0300] "POST /wp-cron.php?doing_wp_cron=1776574756.9613990783691406250000 HTTP/1.1" 200 448 "-" "WordPress/6.3.8; https://serhatburke.miroglu.net"
103.219.169.211 - - [19/Apr/2026:07:58:59 +0300] "POST /xmlrpc.php HTTP/1.1" 200 630 "-" "Mozilla/5.0 (Windows NT 10.0; Win64; x64) AppleWebKit/537.36 (KHTML, like Gecko) Chrome/114.0.0.0 Safari/537.36"
103.219.169.211 - - [19/Apr/2026:07:59:24 +0300] "POST /xmlrpc.php HTTP/1.1" 200 12873 "-" "Mozilla/5.0 (Windows NT 10.0; Win64; x64) AppleWebKit/537.36 (KHTML, like Gecko) Chrome/114.0.0.0 Safari/537.36"
185.216.113.70 - - [19/Apr/2026:07:59:59 +0300] "POST /wp-cron.php?doing_wp_cron=1776574799.5223739147186279296875 HTTP/1.1" 200 448 "-" "WordPress/6.3.8; https://serhatburke.miroglu.net"
103.219.169.211 - - [19/Apr/2026:07:59:41 +0300] "GET /gewinnen-irre-monkey-spielautomaten-die-uber-diesem-eye-of-horus-apk-spielautomaten-zum-runterladen-%E5%A4%AA%E7%94%B0%E9%9B%BB%E5%AD%90-%E6%96%B0%E3%81%97%E3%81%84%E3%83%A2%E3%83%8E%E4%BD%9C%E3%82%8A/ HTTP/1.1" 200 77990 "-" "Mozilla/5.0 (Windows NT 10.0; rv:125.0) Gecko/20100101 Firefox/125.0"
185.216.113.70 - - [19/Apr/2026:08:01:03 +0300] "POST /wp-cron.php?doing_wp_cron=1776574862.9484779834747314453125 HTTP/1.1" 200 448 "-" "WordPress/6.3.8; https://serhatburke.miroglu.net"
98.98.21.215 - - [19/Apr/2026:08:00:49 +0300] "POST /xmlrpc.php HTTP/1.1" 200 630 "-" "Mozilla/5.0 (Windows NT 10.0; Win64; x64) AppleWebKit/537.36 (KHTML, like Gecko) Chrome/114.0.0.0 Safari/537.36"
98.98.21.215 - - [19/Apr/2026:08:01:09 +0300] "POST /xmlrpc.php HTTP/1.1" 200 15008 "-" "Mozilla/5.0 (Windows NT 10.0; Win64; x64) AppleWebKit/537.36 (KHTML, like Gecko) Chrome/114.0.0.0 Safari/537.36"
185.216.113.70 - - [19/Apr/2026:08:01:40 +0300] "POST /wp-cron.php?doing_wp_cron=1776574900.0876550674438476562500 HTTP/1.1" 200 448 "-" "WordPress/6.3.8; https://serhatburke.miroglu.net"
98.98.21.215 - - [19/Apr/2026:08:01:25 +0300] "GET /gratification-cbet-toutes-les-infos-pour-sky-vegas-book-of-ra-2-de-conserve-de-beneficier-de-2025/ HTTP/1.1" 200 77124 "-" "Mozilla/5.0 (Windows NT 10.0; Win64; x64) AppleWebKit/537.36 (KHTML, like Gecko) Chrome/109.0.0.0 Safari/537.36"
200.25.47.107 - - [19/Apr/2026:08:01:35 +0300] "POST /xmlrpc.php HTTP/1.1" 200 630 "-" "Mozilla/5.0 (Windows NT 10.0; Win64; x64) AppleWebKit/537.36 (KHTML, like Gecko) Chrome/114.0.0.0 Safari/537.36"
103.219.169.211 - - [19/Apr/2026:08:01:52 +0300] "POST /xmlrpc.php HTTP/1.1" 200 630 "-" "Mozilla/5.0 (Windows NT 10.0; Win64; x64) AppleWebKit/537.36 (KHTML, like Gecko) Chrome/114.0.0.0 Safari/537.36"
200.25.47.107 - - [19/Apr/2026:08:01:57 +0300] "POST /xmlrpc.php HTTP/1.1" 200 16267 "-" "Mozilla/5.0 (Windows NT 10.0; Win64; x64) AppleWebKit/537.36 (KHTML, like Gecko) Chrome/114.0.0.0 Safari/537.36"
40.77.167.14 - - [19/Apr/2026:08:01:59 +0300] "GET /post-sitemap2.xml HTTP/2" 200 115508 "-" "Mozilla/5.0 AppleWebKit/537.36 (KHTML, like Gecko; compatible; bingbot/2.0; +http://www.bing.com/bingbot.htm) Chrome/116.0.1938.76 Safari/537.36"
103.219.169.211 - - [19/Apr/2026:08:02:16 +0300] "POST /xmlrpc.php HTTP/1.1" 200 12489 "-" "Mozilla/5.0 (Windows NT 10.0; Win64; x64) AppleWebKit/537.36 (KHTML, like Gecko) Chrome/114.0.0.0 Safari/537.36"
200.25.47.107 - - [19/Apr/2026:08:02:17 +0300] "GET /outil-a-thunes-jeux-en-compagnie-de-machines-a-dessous-un-tantinet-desinteressees/ HTTP/1.1" 200 77882 "-" "Mozilla/5.0 (Windows NT 10.0; Win64; x64) AppleWebKit/537.36 (KHTML, like Gecko) Chrome/123.0.0.0 Safari/537.36"
185.216.113.70 - - [19/Apr/2026:08:02:47 +0300] "POST /wp-cron.php?doing_wp_cron=1776574967.6184570789337158203125 HTTP/1.1" 200 448 "-" "WordPress/6.3.8; https://serhatburke.miroglu.net"
103.219.169.211 - - [19/Apr/2026:08:02:34 +0300] "GET /dies-kostenlose-online-casino-jetzt-zum-besten-geben/ HTTP/1.1" 200 73488 "-" "Mozilla/5.0 (Windows NT 10.0; Win64; x64; rv:125.0) Gecko/20100101 Firefox/125.0"
185.216.113.70 - - [19/Apr/2026:08:03:50 +0300] "POST /wp-cron.php?doing_wp_cron=1776575030.4356839656829833984375 HTTP/1.1" 200 448 "-" "WordPress/6.3.8; https://serhatburke.miroglu.net"
216.73.217.33 - - [19/Apr/2026:08:03:28 +0300] "GET /robots.txt HTTP/2" 200 110 "-" "Mozilla/5.0 AppleWebKit/537.36 (KHTML, like Gecko; compatible; ClaudeBot/1.0; +claudebot@anthropic.com)"
98.98.21.215 - - [19/Apr/2026:08:03:33 +0300] "POST /xmlrpc.php HTTP/1.1" 200 630 "-" "Mozilla/5.0 (Windows NT 10.0; Win64; x64) AppleWebKit/537.36 (KHTML, like Gecko) Chrome/114.0.0.0 Safari/537.36"
185.191.206.81 - - [19/Apr/2026:08:03:30 +0300] "POST /xmlrpc.php HTTP/1.1" 200 630 "-" "Mozilla/5.0 (Windows NT 10.0; Win64; x64) AppleWebKit/537.36 (KHTML, like Gecko) Chrome/114.0.0.0 Safari/537.36"
98.98.21.215 - - [19/Apr/2026:08:04:02 +0300] "POST /xmlrpc.php HTTP/1.1" 200 14681 "-" "Mozilla/5.0 (Windows NT 10.0; Win64; x64) AppleWebKit/537.36 (KHTML, like Gecko) Chrome/114.0.0.0 Safari/537.36"
185.216.113.70 - - [19/Apr/2026:08:04:34 +0300] "POST /wp-cron.php?doing_wp_cron=1776575073.9664740562438964843750 HTTP/1.1" 200 448 "-" "WordPress/6.3.8; https://serhatburke.miroglu.net"
98.98.21.215 - - [19/Apr/2026:08:04:18 +0300] "GET /machines-%EF%BF%BD-avec-un-peu-abusives/ HTTP/1.1" 200 74998 "-" "Mozilla/5.0 (Windows NT 10.0; Win64; x64) AppleWebKit/537.36 (KHTML, like Gecko) Chrome/122.0.0.0 Safari/537.36"
185.191.206.81 - - [19/Apr/2026:08:04:15 +0300] "POST /xmlrpc.php HTTP/1.1" 200 12305 "-" "Mozilla/5.0 (Windows NT 10.0; Win64; x64) AppleWebKit/537.36 (KHTML, like Gecko) Chrome/114.0.0.0 Safari/537.36"
185.191.206.81 - - [19/Apr/2026:08:04:48 +0300] "GET /sveriges-ultimata-swish-casinon-topplista-fore-raging-rhino-kasino-2026/ HTTP/1.1" 200 73484 "-" "Mozilla/5.0 (Windows NT 10.0; Win64; x64; rv:124.0) Gecko/20100101 Firefox/124.0"
185.216.113.70 - - [19/Apr/2026:08:05:55 +0300] "POST /wp-cron.php?doing_wp_cron=1776575155.8413579463958740234375 HTTP/1.1" 200 448 "-" "WordPress/6.3.8; https://serhatburke.miroglu.net"
200.25.47.107 - - [19/Apr/2026:08:05:43 +0300] "POST /xmlrpc.php HTTP/1.1" 200 630 "-" "Mozilla/5.0 (Windows NT 10.0; Win64; x64) AppleWebKit/537.36 (KHTML, like Gecko) Chrome/114.0.0.0 Safari/537.36"
103.219.169.211 - - [19/Apr/2026:08:06:02 +0300] "POST /xmlrpc.php HTTP/1.1" 200 630 "-" "Mozilla/5.0 (Windows NT 10.0; Win64; x64) AppleWebKit/537.36 (KHTML, like Gecko) Chrome/114.0.0.0 Safari/537.36"
200.25.47.107 - - [19/Apr/2026:08:06:02 +0300] "POST /xmlrpc.php HTTP/1.1" 200 16075 "-" "Mozilla/5.0 (Windows NT 10.0; Win64; x64) AppleWebKit/537.36 (KHTML, like Gecko) Chrome/114.0.0.0 Safari/537.36"
200.25.47.107 - - [19/Apr/2026:08:06:19 +0300] "GET /eye-patches-and-under-eye-skincare-kits/ HTTP/1.1" 200 76845 "-" "Mozilla/5.0 (Windows NT 10.0; Win64; x64) AppleWebKit/537.36 (KHTML, like Gecko) Chrome/123.0.0.0 Safari/537.36 OPR/109.0.0.0"
103.219.169.211 - - [19/Apr/2026:08:06:23 +0300] "POST /xmlrpc.php HTTP/1.1" 200 12370 "-" "Mozilla/5.0 (Windows NT 10.0; Win64; x64) AppleWebKit/537.36 (KHTML, like Gecko) Chrome/114.0.0.0 Safari/537.36"
185.216.113.70 - - [19/Apr/2026:08:06:51 +0300] "POST /wp-cron.php?doing_wp_cron=1776575211.7700788974761962890625 HTTP/1.1" 200 448 "-" "WordPress/6.3.8; https://serhatburke.miroglu.net"
103.219.169.211 - - [19/Apr/2026:08:06:37 +0300] "GET /eye-of-horus-fur-nusse-angeschlossen-um-echtgeld-zum-besten-geben-2026/ HTTP/1.1" 200 74286 "-" "Mozilla/5.0 (Windows NT 10.0; Win64; x64) AppleWebKit/537.36 (KHTML, like Gecko) Chrome/122.0.0.0 Safari/537.36"
98.98.21.215 - - [19/Apr/2026:08:06:42 +0300] "POST /xmlrpc.php HTTP/1.1" 200 630 "-" "Mozilla/5.0 (Windows NT 10.0; Win64; x64) AppleWebKit/537.36 (KHTML, like Gecko) Chrome/114.0.0.0 Safari/537.36"
98.98.21.215 - - [19/Apr/2026:08:07:03 +0300] "POST /xmlrpc.php HTTP/1.1" 200 14610 "-" "Mozilla/5.0 (Windows NT 10.0; Win64; x64) AppleWebKit/537.36 (KHTML, like Gecko) Chrome/114.0.0.0 Safari/537.36"
98.98.21.215 - - [19/Apr/2026:08:07:20 +0300] "GET /galet-un-peu-top-salle-de-jeu-du-chemin-s-en-compagnie-de-samuser/ HTTP/1.1" 200 75933 "-" "Mozilla/5.0 (Windows NT 10.0; rv:125.0) Gecko/20100101 Firefox/125.0"
185.216.113.70 - - [19/Apr/2026:08:08:05 +0300] "POST /wp-cron.php?doing_wp_cron=1776575285.1552970409393310546875 HTTP/1.1" 200 448 "-" "WordPress/6.3.8; https://serhatburke.miroglu.net"
200.25.47.107 - - [19/Apr/2026:08:07:52 +0300] "POST /xmlrpc.php HTTP/1.1" 200 630 "-" "Mozilla/5.0 (Windows NT 10.0; Win64; x64) AppleWebKit/537.36 (KHTML, like Gecko) Chrome/114.0.0.0 Safari/537.36"
200.25.47.107 - - [19/Apr/2026:08:08:12 +0300] "POST /xmlrpc.php HTTP/1.1" 200 16332 "-" "Mozilla/5.0 (Windows NT 10.0; Win64; x64) AppleWebKit/537.36 (KHTML, like Gecko) Chrome/114.0.0.0 Safari/537.36"
185.216.113.70 - - [19/Apr/2026:08:08:26 +0300] "POST /wp-cron.php?doing_wp_cron=1776575306.6878950595855712890625 HTTP/1.1" 200 448 "-" "WordPress/6.3.8; https://serhatburke.miroglu.net"
185.191.206.81 - - [19/Apr/2026:08:07:55 +0300] "POST /xmlrpc.php HTTP/1.1" 200 630 "-" "Mozilla/5.0 (Windows NT 10.0; Win64; x64) AppleWebKit/537.36 (KHTML, like Gecko) Chrome/114.0.0.0 Safari/537.36"
200.25.47.107 - - [19/Apr/2026:08:08:28 +0300] "GET /santas-wild-sillon-machines-a-thunes-a-actuellement-microgaming-instrument-a-dessous-gratuites-un-brin/ HTTP/1.1" 200 78574 "-" "Mozilla/5.0 (Windows NT 10.0; Win64; x64) AppleWebKit/537.36 (KHTML, like Gecko) Chrome/109.0.0.0 Safari/537.36"
185.191.206.81 - - [19/Apr/2026:08:08:34 +0300] "POST /xmlrpc.php HTTP/1.1" 200 12007 "-" "Mozilla/5.0 (Windows NT 10.0; Win64; x64) AppleWebKit/537.36 (KHTML, like Gecko) Chrome/114.0.0.0 Safari/537.36"
185.191.206.81 - - [19/Apr/2026:08:09:08 +0300] "GET /thunderstruck-dos-slot-enjoy-online-100-percent-free/ HTTP/1.1" 200 72838 "-" "Mozilla/5.0 (Windows NT 10.0; Win64; x64) AppleWebKit/537.36 (KHTML, like Gecko) Chrome/122.0.0.0 Safari/537.36"
185.216.113.70 - - [19/Apr/2026:08:10:24 +0300] "POST /wp-cron.php?doing_wp_cron=1776575424.1872661113739013671875 HTTP/1.1" 200 448 "-" "WordPress/6.3.8; https://serhatburke.miroglu.net"
98.98.21.215 - - [19/Apr/2026:08:10:11 +0300] "POST /xmlrpc.php HTTP/1.1" 200 630 "-" "Mozilla/5.0 (Windows NT 10.0; Win64; x64) AppleWebKit/537.36 (KHTML, like Gecko) Chrome/114.0.0.0 Safari/537.36"
98.98.21.215 - - [19/Apr/2026:08:10:30 +0300] "POST /xmlrpc.php HTTP/1.1" 200 14986 "-" "Mozilla/5.0 (Windows NT 10.0; Win64; x64) AppleWebKit/537.36 (KHTML, like Gecko) Chrome/114.0.0.0 Safari/537.36"
103.219.169.211 - - [19/Apr/2026:08:10:33 +0300] "POST /xmlrpc.php HTTP/1.1" 200 630 "-" "Mozilla/5.0 (Windows NT 10.0; Win64; x64) AppleWebKit/537.36 (KHTML, like Gecko) Chrome/114.0.0.0 Safari/537.36"
98.98.21.215 - - [19/Apr/2026:08:10:49 +0300] "GET /fantastik-salle-de-jeu-300-pour-bonus-ou-25-free-spins-avec-un-salle-de-jeu/ HTTP/1.1" 200 76795 "-" "Mozilla/5.0 (Windows NT 10.0; Win64; x64) AppleWebKit/537.36 (KHTML, like Gecko) Chrome/109.0.0.0 Safari/537.36"
200.25.47.107 - - [19/Apr/2026:08:10:53 +0300] "POST /xmlrpc.php HTTP/1.1" 200 630 "-" "Mozilla/5.0 (Windows NT 10.0; Win64; x64) AppleWebKit/537.36 (KHTML, like Gecko) Chrome/114.0.0.0 Safari/537.36"
103.219.169.211 - - [19/Apr/2026:08:10:57 +0300] "POST /xmlrpc.php HTTP/1.1" 200 13111 "-" "Mozilla/5.0 (Windows NT 10.0; Win64; x64) AppleWebKit/537.36 (KHTML, like Gecko) Chrome/114.0.0.0 Safari/537.36"
185.216.113.70 - - [19/Apr/2026:08:11:30 +0300] "POST /wp-cron.php?doing_wp_cron=1776575490.8387229442596435546875 HTTP/1.1" 200 448 "-" "WordPress/6.3.8; https://serhatburke.miroglu.net"
200.25.47.107 - - [19/Apr/2026:08:11:15 +0300] "POST /xmlrpc.php HTTP/1.1" 200 16104 "-" "Mozilla/5.0 (Windows NT 10.0; Win64; x64) AppleWebKit/537.36 (KHTML, like Gecko) Chrome/114.0.0.0 Safari/537.36"
103.219.169.211 - - [19/Apr/2026:08:11:15 +0300] "GET /steam-communitymarkt-angebote-pro-m4a4-eye-of-horus-factory-new/ HTTP/1.1" 200 74476 "-" "Mozilla/5.0 (Windows NT 10.0; Win64; x64) AppleWebKit/537.36 (KHTML, like Gecko) Chrome/123.0.0.0 Safari/537.36"
200.25.47.107 - - [19/Apr/2026:08:11:32 +0300] "GET /ihr-50-freie-spins-spielbank-harveys-within-crystal-so-lange-multimax-ungewohnliche-fur-jedes-nusse-spielautomat-eye-of-horus-app-gratis-%E0%B8%A7%E0%B8%B4%E0%B8%97%E0%B8%A2%E0%B8%B2%E0%B8%A5%E0%B8%B1/ HTTP/1.1" 200 81569 "-" "Mozilla/5.0 (Windows NT 10.0; Win64; x64; rv:124.0) Gecko/20100101 Firefox/124.0"
185.216.113.70 - - [19/Apr/2026:08:12:56 +0300] "POST /wp-cron.php?doing_wp_cron=1776575576.3181080818176269531250 HTTP/1.1" 200 448 "-" "WordPress/6.3.8; https://serhatburke.miroglu.net"
185.191.206.81 - - [19/Apr/2026:08:12:26 +0300] "POST /xmlrpc.php HTTP/1.1" 200 630 "-" "Mozilla/5.0 (Windows NT 10.0; Win64; x64) AppleWebKit/537.36 (KHTML, like Gecko) Chrome/114.0.0.0 Safari/537.36"
185.191.206.81 - - [19/Apr/2026:08:13:03 +0300] "POST /xmlrpc.php HTTP/1.1" 200 11901 "-" "Mozilla/5.0 (Windows NT 10.0; Win64; x64) AppleWebKit/537.36 (KHTML, like Gecko) Chrome/114.0.0.0 Safari/537.36"
185.216.113.70 - - [19/Apr/2026:08:14:04 +0300] "POST /wp-cron.php?doing_wp_cron=1776575644.1270830631256103515625 HTTP/1.1" 200 448 "-" "WordPress/6.3.8; https://serhatburke.miroglu.net"
185.191.206.81 - - [19/Apr/2026:08:13:34 +0300] "GET /thunderstruck-dos-position-free-gamble-internet-casino-ports-no-down-load/ HTTP/1.1" 200 73199 "-" "Mozilla/5.0 (Windows NT 10.0; rv:125.0) Gecko/20100101 Firefox/125.0"
98.98.21.215 - - [19/Apr/2026:08:14:04 +0300] "POST /xmlrpc.php HTTP/1.1" 200 630 "-" "Mozilla/5.0 (Windows NT 10.0; Win64; x64) AppleWebKit/537.36 (KHTML, like Gecko) Chrome/114.0.0.0 Safari/537.36"
185.216.113.70 - - [19/Apr/2026:08:14:39 +0300] "POST /wp-cron.php?doing_wp_cron=1776575679.2448139190673828125000 HTTP/1.1" 200 448 "-" "WordPress/6.3.8; https://serhatburke.miroglu.net"
98.98.21.215 - - [19/Apr/2026:08:14:24 +0300] "POST /xmlrpc.php HTTP/1.1" 200 15064 "-" "Mozilla/5.0 (Windows NT 10.0; Win64; x64) AppleWebKit/537.36 (KHTML, like Gecko) Chrome/114.0.0.0 Safari/537.36"
103.219.169.211 - - [19/Apr/2026:08:14:31 +0300] "POST /xmlrpc.php HTTP/1.1" 200 630 "-" "Mozilla/5.0 (Windows NT 10.0; Win64; x64) AppleWebKit/537.36 (KHTML, like Gecko) Chrome/114.0.0.0 Safari/537.36"
98.98.21.215 - - [19/Apr/2026:08:14:41 +0300] "GET /femmes-destin-casino-review-honest-salle-de-jeu-review-and-bonuses-from-allslotsonlinecasino/ HTTP/1.1" 200 77046 "-" "Mozilla/5.0 (Windows NT 10.0; Win64; x64) AppleWebKit/537.36 (KHTML, like Gecko) Chrome/123.0.0.0 Safari/537.36"
103.219.169.211 - - [19/Apr/2026:08:14:54 +0300] "POST /xmlrpc.php HTTP/1.1" 200 12763 "-" "Mozilla/5.0 (Windows NT 10.0; Win64; x64) AppleWebKit/537.36 (KHTML, like Gecko) Chrome/114.0.0.0 Safari/537.36"
103.219.169.211 - - [19/Apr/2026:08:15:08 +0300] "GET /eye-of-horus-slot-gratis-auffuhren-unter-anderem-tipps-samtliche-infos/ HTTP/1.1" 200 74761 "-" "Mozilla/5.0 (Windows NT 10.0; Win64; x64; rv:124.0) Gecko/20100101 Firefox/124.0"
185.216.113.70 - - [19/Apr/2026:08:16:02 +0300] "POST /wp-cron.php?doing_wp_cron=1776575762.3122329711914062500000 HTTP/1.1" 200 448 "-" "WordPress/6.3.8; https://serhatburke.miroglu.net"
200.25.47.107 - - [19/Apr/2026:08:15:49 +0300] "POST /xmlrpc.php HTTP/1.1" 200 630 "-" "Mozilla/5.0 (Windows NT 10.0; Win64; x64) AppleWebKit/537.36 (KHTML, like Gecko) Chrome/114.0.0.0 Safari/537.36"
200.25.47.107 - - [19/Apr/2026:08:16:09 +0300] "POST /xmlrpc.php HTTP/1.1" 200 14937 "-" "Mozilla/5.0 (Windows NT 10.0; Win64; x64) AppleWebKit/537.36 (KHTML, like Gecko) Chrome/114.0.0.0 Safari/537.36"
200.25.47.107 - - [19/Apr/2026:08:16:24 +0300] "GET /eye-of-horus-gebuhrenfrei-zum-angeschlossen-casino-pramie-300-prozent-besten-gehaben-costa-rica/ HTTP/1.1" 200 77442 "-" "Mozilla/5.0 (Windows NT 10.0; Win64; x64) AppleWebKit/537.36 (KHTML, like Gecko) Chrome/122.0.0.0 Safari/537.36"
185.216.113.70 - - [19/Apr/2026:08:17:02 +0300] "POST /wp-cron.php?doing_wp_cron=1776575822.3960669040679931640625 HTTP/1.1" 200 448 "-" "WordPress/6.3.8; https://serhatburke.miroglu.net"
185.191.206.81 - - [19/Apr/2026:08:16:31 +0300] "POST /xmlrpc.php HTTP/1.1" 200 630 "-" "Mozilla/5.0 (Windows NT 10.0; Win64; x64) AppleWebKit/537.36 (KHTML, like Gecko) Chrome/114.0.0.0 Safari/537.36"
185.191.206.81 - - [19/Apr/2026:08:17:09 +0300] "POST /xmlrpc.php HTTP/1.1" 200 11874 "-" "Mozilla/5.0 (Windows NT 10.0; Win64; x64) AppleWebKit/537.36 (KHTML, like Gecko) Chrome/114.0.0.0 Safari/537.36"
185.216.113.70 - - [19/Apr/2026:08:17:46 +0300] "POST /wp-cron.php?doing_wp_cron=1776575866.7406110763549804687500 HTTP/1.1" 200 448 "-" "WordPress/6.3.8; https://serhatburke.miroglu.net"
98.98.21.215 - - [19/Apr/2026:08:17:31 +0300] "POST /xmlrpc.php HTTP/1.1" 200 630 "-" "Mozilla/5.0 (Windows NT 10.0; Win64; x64) AppleWebKit/537.36 (KHTML, like Gecko) Chrome/114.0.0.0 Safari/537.36"
98.98.21.215 - - [19/Apr/2026:08:17:53 +0300] "POST /xmlrpc.php HTTP/1.1" 200 14684 "-" "Mozilla/5.0 (Windows NT 10.0; Win64; x64) AppleWebKit/537.36 (KHTML, like Gecko) Chrome/114.0.0.0 Safari/537.36"
185.216.113.70 - - [19/Apr/2026:08:18:12 +0300] "POST /wp-cron.php?doing_wp_cron=1776575892.1398940086364746093750 HTTP/1.1" 200 448 "-" "WordPress/6.3.8; https://serhatburke.miroglu.net"
185.191.206.81 - - [19/Apr/2026:08:17:41 +0300] "GET /thunderstruck-crazy-super-slot-opinion-stormcraft/ HTTP/1.1" 200 72527 "-" "Mozilla/5.0 (Windows NT 10.0; Win64; x64) AppleWebKit/537.36 (KHTML, like Gecko) Chrome/109.0.0.0 Safari/537.36"
98.98.21.215 - - [19/Apr/2026:08:18:07 +0300] "GET /outil-vers-dessous-nom-sans-aucun-frais-des-ange-leurs-academiciens-en-ce-petit-clic/ HTTP/1.1" 200 76464 "-" "Mozilla/5.0 (Windows NT 10.0; Win64; x64) AppleWebKit/537.36 (KHTML, like Gecko) Chrome/124.0.0.0 Safari/537.36 Edg/124.0.0.0"
103.219.169.211 - - [19/Apr/2026:08:18:34 +0300] "POST /xmlrpc.php HTTP/1.1" 200 630 "-" "Mozilla/5.0 (Windows NT 10.0; Win64; x64) AppleWebKit/537.36 (KHTML, like Gecko) Chrome/114.0.0.0 Safari/537.36"
103.219.169.211 - - [19/Apr/2026:08:18:52 +0300] "POST /xmlrpc.php HTTP/1.1" 200 15557 "-" "Mozilla/5.0 (Windows NT 10.0; Win64; x64) AppleWebKit/537.36 (KHTML, like Gecko) Chrome/114.0.0.0 Safari/537.36"
185.216.113.70 - - [19/Apr/2026:08:19:16 +0300] "POST /wp-cron.php?doing_wp_cron=1776575956.4787940979003906250000 HTTP/1.1" 200 448 "-" "WordPress/6.3.8; https://serhatburke.miroglu.net"
103.219.169.211 - - [19/Apr/2026:08:19:05 +0300] "GET /durchsetzbar-kasino-eye-of-horus-spannende-echtgeld-plattformen-qua-maklercourtage-zweiter-monat-des-jahres-2026/ HTTP/1.1" 200 78208 "-" "Mozilla/5.0 (Windows NT 10.0; Win64; x64) AppleWebKit/537.36 (KHTML, like Gecko) Chrome/109.0.0.0 Safari/537.36"
185.216.113.70 - - [19/Apr/2026:08:20:34 +0300] "POST /wp-cron.php?doing_wp_cron=1776576034.0193600654602050781250 HTTP/1.1" 200 448 "-" "WordPress/6.3.8; https://serhatburke.miroglu.net"
200.25.47.107 - - [19/Apr/2026:08:20:21 +0300] "POST /xmlrpc.php HTTP/1.1" 200 630 "-" "Mozilla/5.0 (Windows NT 10.0; Win64; x64) AppleWebKit/537.36 (KHTML, like Gecko) Chrome/114.0.0.0 Safari/537.36"
200.25.47.107 - - [19/Apr/2026:08:20:40 +0300] "POST /xmlrpc.php HTTP/1.1" 200 15579 "-" "Mozilla/5.0 (Windows NT 10.0; Win64; x64) AppleWebKit/537.36 (KHTML, like Gecko) Chrome/114.0.0.0 Safari/537.36"
98.98.21.215 - - [19/Apr/2026:08:20:53 +0300] "POST /xmlrpc.php HTTP/1.1" 200 630 "-" "Mozilla/5.0 (Windows NT 10.0; Win64; x64) AppleWebKit/537.36 (KHTML, like Gecko) Chrome/114.0.0.0 Safari/537.36"
200.25.47.107 - - [19/Apr/2026:08:20:56 +0300] "GET /der-faszinierender-slot-atomar-charmanten-agyptischen-fragestellung/ HTTP/1.1" 200 77095 "-" "Mozilla/5.0 (Windows NT 10.0; Win64; x64) AppleWebKit/537.36 (KHTML, like Gecko) Chrome/109.0.0.0 Safari/537.36"
185.191.206.81 - - [19/Apr/2026:08:20:50 +0300] "POST /xmlrpc.php HTTP/1.1" 200 630 "-" "Mozilla/5.0 (Windows NT 10.0; Win64; x64) AppleWebKit/537.36 (KHTML, like Gecko) Chrome/114.0.0.0 Safari/537.36"
185.216.113.70 - - [19/Apr/2026:08:21:31 +0300] "POST /wp-cron.php?doing_wp_cron=1776576091.1998949050903320312500 HTTP/1.1" 200 448 "-" "WordPress/6.3.8; https://serhatburke.miroglu.net"
98.98.21.215 - - [19/Apr/2026:08:21:18 +0300] "POST /xmlrpc.php HTTP/1.1" 200 14288 "-" "Mozilla/5.0 (Windows NT 10.0; Win64; x64) AppleWebKit/537.36 (KHTML, like Gecko) Chrome/114.0.0.0 Safari/537.36"
98.98.21.215 - - [19/Apr/2026:08:21:32 +0300] "GET /50-tours-sans-frais-sans-avoir-i-conserve-2026-articles-verifiees/ HTTP/1.1" 200 75407 "-" "Mozilla/5.0 (Windows NT 10.0; rv:125.0) Gecko/20100101 Firefox/125.0"
185.191.206.81 - - [19/Apr/2026:08:21:31 +0300] "POST /xmlrpc.php HTTP/1.1" 200 12520 "-" "Mozilla/5.0 (Windows NT 10.0; Win64; x64) AppleWebKit/537.36 (KHTML, like Gecko) Chrome/114.0.0.0 Safari/537.36"
103.219.169.211 - - [19/Apr/2026:08:22:13 +0300] "POST /xmlrpc.php HTTP/1.1" 200 630 "-" "Mozilla/5.0 (Windows NT 10.0; Win64; x64) AppleWebKit/537.36 (KHTML, like Gecko) Chrome/114.0.0.0 Safari/537.36"
185.191.206.81 - - [19/Apr/2026:08:22:08 +0300] "GET /comment-totally-free-gamble/ HTTP/1.1" 200 72825 "-" "Mozilla/5.0 (Windows NT 10.0; rv:109.0) Gecko/20100101 Firefox/115.0"
185.216.113.70 - - [19/Apr/2026:08:22:47 +0300] "POST /wp-cron.php?doing_wp_cron=1776576166.9586999416351318359375 HTTP/1.1" 200 448 "-" "WordPress/6.3.8; https://serhatburke.miroglu.net"
103.219.169.211 - - [19/Apr/2026:08:22:34 +0300] "POST /xmlrpc.php HTTP/1.1" 200 12839 "-" "Mozilla/5.0 (Windows NT 10.0; Win64; x64) AppleWebKit/537.36 (KHTML, like Gecko) Chrome/114.0.0.0 Safari/537.36"
103.219.169.211 - - [19/Apr/2026:08:22:48 +0300] "GET /eye-of-horus-freispiele-%E1%90%85-merkurs-bucherslot-gebuhrenfrei-spielen/ HTTP/1.1" 200 74727 "-" "Mozilla/5.0 (Windows NT 10.0; Win64; x64; rv:125.0) Gecko/20100101 Firefox/125.0"
185.216.113.70 - - [19/Apr/2026:08:23:59 +0300] "POST /wp-cron.php?doing_wp_cron=1776576239.7799239158630371093750 HTTP/1.1" 200 448 "-" "WordPress/6.3.8; https://serhatburke.miroglu.net"
185.61.217.231 - - [19/Apr/2026:08:23:47 +0300] "GET / HTTP/2" 200 18708 "-" "Mozilla/5.0 (Macintosh; Intel Mac OS X 10_15_7) AppleWebKit/537.36 (KHTML, like Gecko) Chrome/120.0.0.0 Safari/537.36"
185.216.113.70 - - [19/Apr/2026:08:24:53 +0300] "POST /wp-cron.php?doing_wp_cron=1776576293.7932031154632568359375 HTTP/1.1" 200 448 "-" "WordPress/6.3.8; https://serhatburke.miroglu.net"
185.191.206.81 - - [19/Apr/2026:08:24:25 +0300] "POST /xmlrpc.php HTTP/1.1" 200 630 "-" "Mozilla/5.0 (Windows NT 10.0; Win64; x64) AppleWebKit/537.36 (KHTML, like Gecko) Chrome/114.0.0.0 Safari/537.36"
200.25.47.107 - - [19/Apr/2026:08:24:49 +0300] "POST /xmlrpc.php HTTP/1.1" 200 630 "-" "Mozilla/5.0 (Windows NT 10.0; Win64; x64) AppleWebKit/537.36 (KHTML, like Gecko) Chrome/114.0.0.0 Safari/537.36"
98.98.21.215 - - [19/Apr/2026:08:25:03 +0300] "POST /xmlrpc.php HTTP/1.1" 200 630 "-" "Mozilla/5.0 (Windows NT 10.0; Win64; x64) AppleWebKit/537.36 (KHTML, like Gecko) Chrome/114.0.0.0 Safari/537.36"
66.249.73.1 - - [19/Apr/2026:08:25:06 +0300] "GET /robots.txt HTTP/1.1" 200 719 "-" "Mozilla/5.0 (compatible; Googlebot/2.1; +http://www.google.com/bot.html)"
200.25.47.107 - - [19/Apr/2026:08:25:10 +0300] "POST /xmlrpc.php HTTP/1.1" 200 15395 "-" "Mozilla/5.0 (Windows NT 10.0; Win64; x64) AppleWebKit/537.36 (KHTML, like Gecko) Chrome/114.0.0.0 Safari/537.36"
185.191.206.81 - - [19/Apr/2026:08:25:01 +0300] "POST /xmlrpc.php HTTP/1.1" 200 12225 "-" "Mozilla/5.0 (Windows NT 10.0; Win64; x64) AppleWebKit/537.36 (KHTML, like Gecko) Chrome/114.0.0.0 Safari/537.36"
185.216.113.70 - - [19/Apr/2026:08:25:44 +0300] "POST /wp-cron.php?doing_wp_cron=1776576344.1108748912811279296875 HTTP/1.1" 200 448 "-" "WordPress/6.3.8; https://serhatburke.miroglu.net"
200.25.47.107 - - [19/Apr/2026:08:25:30 +0300] "GET /eye-of-horus-gebuhrenfrei-auffuhren-nachfolgende-groser-testbericht/ HTTP/1.1" 200 76912 "-" "Mozilla/5.0 (Windows NT 10.0; Win64; x64) AppleWebKit/537.36 (KHTML, like Gecko) Chrome/124.0.0.0 Safari/537.36 Edg/124.0.0.0"
98.98.21.215 - - [19/Apr/2026:08:25:31 +0300] "POST /xmlrpc.php HTTP/1.1" 200 13823 "-" "Mozilla/5.0 (Windows NT 10.0; Win64; x64) AppleWebKit/537.36 (KHTML, like Gecko) Chrome/114.0.0.0 Safari/537.36"
200.25.47.107 - - [19/Apr/2026:08:25:38 +0300] "POST /xmlrpc.php HTTP/1.1" 200 630 "-" "Mozilla/5.0 (Windows NT 10.0; Win64; x64) AppleWebKit/537.36 (KHTML, like Gecko) Chrome/114.0.0.0 Safari/537.36"
98.98.21.215 - - [19/Apr/2026:08:25:47 +0300] "GET /888-casino-mot-2026-%EF%B8%8F-100-jusqua-500-100-periodes-gratuits/ HTTP/1.1" 200 75133 "-" "Mozilla/5.0 (Windows NT 10.0; Win64; x64) AppleWebKit/537.36 (KHTML, like Gecko) Chrome/123.0.0.0 Safari/537.36 OPR/109.0.0.0"
103.219.169.211 - - [19/Apr/2026:08:25:53 +0300] "POST /xmlrpc.php HTTP/1.1" 200 630 "-" "Mozilla/5.0 (Windows NT 10.0; Win64; x64) AppleWebKit/537.36 (KHTML, like Gecko) Chrome/114.0.0.0 Safari/537.36"
185.216.113.70 - - [19/Apr/2026:08:26:20 +0300] "POST /wp-cron.php?doing_wp_cron=1776576380.3464620113372802734375 HTTP/1.1" 200 448 "-" "WordPress/6.3.8; https://serhatburke.miroglu.net"
185.191.206.81 - - [19/Apr/2026:08:25:41 +0300] "GET /casino-slot-games-opinion/ HTTP/1.1" 200 72402 "-" "Mozilla/5.0 (Windows NT 10.0; Win64; x64; rv:124.0) Gecko/20100101 Firefox/124.0"
200.25.47.107 - - [19/Apr/2026:08:26:07 +0300] "POST /xmlrpc.php HTTP/1.1" 200 16341 "-" "Mozilla/5.0 (Windows NT 10.0; Win64; x64) AppleWebKit/537.36 (KHTML, like Gecko) Chrome/114.0.0.0 Safari/537.36"
103.219.169.211 - - [19/Apr/2026:08:26:21 +0300] "POST /xmlrpc.php HTTP/1.1" 200 12087 "-" "Mozilla/5.0 (Windows NT 10.0; Win64; x64) AppleWebKit/537.36 (KHTML, like Gecko) Chrome/114.0.0.0 Safari/537.36"
200.25.47.107 - - [19/Apr/2026:08:26:24 +0300] "GET /magical-spin-casino-avis-prime-de-opportune-de-500/ HTTP/1.1" 200 77085 "-" "Mozilla/5.0 (Windows NT 10.0; Win64; x64) AppleWebKit/537.36 (KHTML, like Gecko) Chrome/123.0.0.0 Safari/537.36 OPR/109.0.0.0"
103.219.169.211 - - [19/Apr/2026:08:26:42 +0300] "GET /eye-of-horus-entdecke-sera-horus-kasino-spannung-feier-bash-private-theaters-for-celebrations-inside-hyderabad/ HTTP/1.1" 200 74566 "-" "Mozilla/5.0 (Windows NT 10.0; Win64; x64; rv:124.0) Gecko/20100101 Firefox/124.0"
185.216.113.70 - - [19/Apr/2026:08:28:35 +0300] "POST /wp-cron.php?doing_wp_cron=1776576515.2511789798736572265625 HTTP/1.1" 200 448 "-" "WordPress/6.3.8; https://serhatburke.miroglu.net"
185.191.206.81 - - [19/Apr/2026:08:28:04 +0300] "POST /xmlrpc.php HTTP/1.1" 200 630 "-" "Mozilla/5.0 (Windows NT 10.0; Win64; x64) AppleWebKit/537.36 (KHTML, like Gecko) Chrome/114.0.0.0 Safari/537.36"
98.98.21.215 - - [19/Apr/2026:08:28:55 +0300] "POST /xmlrpc.php HTTP/1.1" 200 630 "-" "Mozilla/5.0 (Windows NT 10.0; Win64; x64) AppleWebKit/537.36 (KHTML, like Gecko) Chrome/114.0.0.0 Safari/537.36"
185.191.206.81 - - [19/Apr/2026:08:28:42 +0300] "POST /xmlrpc.php HTTP/1.1" 200 12109 "-" "Mozilla/5.0 (Windows NT 10.0; Win64; x64) AppleWebKit/537.36 (KHTML, like Gecko) Chrome/114.0.0.0 Safari/537.36"
185.216.113.70 - - [19/Apr/2026:08:29:37 +0300] "POST /wp-cron.php?doing_wp_cron=1776576577.7650940418243408203125 HTTP/1.1" 200 448 "-" "WordPress/6.3.8; https://serhatburke.miroglu.net"
98.98.21.215 - - [19/Apr/2026:08:29:15 +0300] "POST /xmlrpc.php HTTP/1.1" 200 14709 "-" "Mozilla/5.0 (Windows NT 10.0; Win64; x64) AppleWebKit/537.36 (KHTML, like Gecko) Chrome/114.0.0.0 Safari/537.36"
103.219.169.211 - - [19/Apr/2026:08:29:16 +0300] "POST /xmlrpc.php HTTP/1.1" 200 630 "-" "Mozilla/5.0 (Windows NT 10.0; Win64; x64) AppleWebKit/537.36 (KHTML, like Gecko) Chrome/114.0.0.0 Safari/537.36"
200.25.47.107 - - [19/Apr/2026:08:29:26 +0300] "POST /xmlrpc.php HTTP/1.1" 200 630 "-" "Mozilla/5.0 (Windows NT 10.0; Win64; x64) AppleWebKit/537.36 (KHTML, like Gecko) Chrome/114.0.0.0 Safari/537.36"
185.191.206.81 - - [19/Apr/2026:08:29:14 +0300] "GET /the-fresh-thunderstruck-no-deposit-extra-which-can-strike-you-aside/ HTTP/1.1" 200 73386 "-" "Mozilla/5.0 (Windows NT 10.0; rv:109.0) Gecko/20100101 Firefox/115.0"
98.98.21.215 - - [19/Apr/2026:08:29:39 +0300] "GET /machines-pour-avec-novomatic-450-jeu-gratis-un-tantinet/ HTTP/1.1" 200 75731 "-" "Mozilla/5.0 (Windows NT 10.0; Win64; x64) AppleWebKit/537.36 (KHTML, like Gecko) Chrome/123.0.0.0 Safari/537.36"
200.25.47.107 - - [19/Apr/2026:08:29:40 +0300] "POST /xmlrpc.php HTTP/1.1" 200 630 "-" "Mozilla/5.0 (Windows NT 10.0; Win64; x64) AppleWebKit/537.36 (KHTML, like Gecko) Chrome/114.0.0.0 Safari/537.36"
103.219.169.211 - - [19/Apr/2026:08:29:45 +0300] "POST /xmlrpc.php HTTP/1.1" 200 12483 "-" "Mozilla/5.0 (Windows NT 10.0; Win64; x64) AppleWebKit/537.36 (KHTML, like Gecko) Chrome/114.0.0.0 Safari/537.36"
200.25.47.107 - - [19/Apr/2026:08:29:56 +0300] "POST /xmlrpc.php HTTP/1.1" 200 15763 "-" "Mozilla/5.0 (Windows NT 10.0; Win64; x64) AppleWebKit/537.36 (KHTML, like Gecko) Chrome/114.0.0.0 Safari/537.36"
103.219.169.211 - - [19/Apr/2026:08:30:12 +0300] "GET /eye-of-horus-slot-spiele-fur-nusse-babiogorski-garten-narodowy/ HTTP/1.1" 200 74154 "-" "Mozilla/5.0 (Windows NT 10.0; Win64; x64) AppleWebKit/537.36 (KHTML, like Gecko) Chrome/122.0.0.0 Safari/537.36"
200.25.47.107 - - [19/Apr/2026:08:30:16 +0300] "POST /xmlrpc.php HTTP/1.1" 200 16177 "-" "Mozilla/5.0 (Windows NT 10.0; Win64; x64) AppleWebKit/537.36 (KHTML, like Gecko) Chrome/114.0.0.0 Safari/537.36"
200.25.47.107 - - [19/Apr/2026:08:30:17 +0300] "GET /eye-of-horus-gebuhrenfrei-spielen-die-groser-testbericht/ HTTP/1.1" 200 76673 "-" "Mozilla/5.0 (Windows NT 10.0; rv:125.0) Gecko/20100101 Firefox/125.0"
185.216.113.70 - - [19/Apr/2026:08:30:48 +0300] "POST /wp-cron.php?doing_wp_cron=1776576648.2608110904693603515625 HTTP/1.1" 200 448 "-" "WordPress/6.3.8; https://serhatburke.miroglu.net"
200.25.47.107 - - [19/Apr/2026:08:30:36 +0300] "GET /appareil-a-dessous-retro-reels-inspection-gratis-bonus/ HTTP/1.1" 200 77120 "-" "Mozilla/5.0 (Windows NT 10.0; Win64; x64) AppleWebKit/537.36 (KHTML, like Gecko) Chrome/123.0.0.0 Safari/537.36"
185.216.113.70 - - [19/Apr/2026:08:32:29 +0300] "POST /wp-cron.php?doing_wp_cron=1776576749.9016659259796142578125 HTTP/1.1" 200 448 "-" "WordPress/6.3.8; https://serhatburke.miroglu.net"
185.191.206.81 - - [19/Apr/2026:08:31:59 +0300] "POST /xmlrpc.php HTTP/1.1" 200 630 "-" "Mozilla/5.0 (Windows NT 10.0; Win64; x64) AppleWebKit/537.36 (KHTML, like Gecko) Chrome/114.0.0.0 Safari/537.36"
98.98.21.215 - - [19/Apr/2026:08:32:45 +0300] "POST /xmlrpc.php HTTP/1.1" 200 630 "-" "Mozilla/5.0 (Windows NT 10.0; Win64; x64) AppleWebKit/537.36 (KHTML, like Gecko) Chrome/114.0.0.0 Safari/537.36"
185.191.206.81 - - [19/Apr/2026:08:32:37 +0300] "POST /xmlrpc.php HTTP/1.1" 200 12015 "-" "Mozilla/5.0 (Windows NT 10.0; Win64; x64) AppleWebKit/537.36 (KHTML, like Gecko) Chrome/114.0.0.0 Safari/537.36"
185.216.113.70 - - [19/Apr/2026:08:33:24 +0300] "POST /wp-cron.php?doing_wp_cron=1776576804.8002169132232666015625 HTTP/1.1" 200 448 "-" "WordPress/6.3.8; https://serhatburke.miroglu.net"
103.219.169.211 - - [19/Apr/2026:08:33:05 +0300] "POST /xmlrpc.php HTTP/1.1" 200 630 "-" "Mozilla/5.0 (Windows NT 10.0; Win64; x64) AppleWebKit/537.36 (KHTML, like Gecko) Chrome/114.0.0.0 Safari/537.36"
98.98.21.215 - - [19/Apr/2026:08:33:06 +0300] "POST /xmlrpc.php HTTP/1.1" 200 14399 "-" "Mozilla/5.0 (Windows NT 10.0; Win64; x64) AppleWebKit/537.36 (KHTML, like Gecko) Chrome/114.0.0.0 Safari/537.36"
185.191.206.81 - - [19/Apr/2026:08:33:10 +0300] "GET /belongings-step-three-hammers-so-you-can-load-up-the-benefit/ HTTP/1.1" 200 72983 "-" "Mozilla/5.0 (Windows NT 10.0; Win64; x64) AppleWebKit/537.36 (KHTML, like Gecko) Chrome/123.0.0.0 Safari/537.36"
98.98.21.215 - - [19/Apr/2026:08:33:28 +0300] "GET /comme-faire-un-website-des-sept-procedures-vers-escorter/ HTTP/1.1" 200 75721 "-" "Mozilla/5.0 (Windows NT 10.0; Win64; x64) AppleWebKit/537.36 (KHTML, like Gecko) Chrome/123.0.0.0 Safari/537.36"
103.219.169.211 - - [19/Apr/2026:08:33:31 +0300] "POST /xmlrpc.php HTTP/1.1" 200 12146 "-" "Mozilla/5.0 (Windows NT 10.0; Win64; x64) AppleWebKit/537.36 (KHTML, like Gecko) Chrome/114.0.0.0 Safari/537.36"
200.25.47.107 - - [19/Apr/2026:08:33:50 +0300] "POST /xmlrpc.php HTTP/1.1" 200 630 "-" "Mozilla/5.0 (Windows NT 10.0; Win64; x64) AppleWebKit/537.36 (KHTML, like Gecko) Chrome/114.0.0.0 Safari/537.36"
103.219.169.211 - - [19/Apr/2026:08:33:55 +0300] "GET /eye-chicago-kostenlose-80-spins-of-horus-durch-sonnennachster-planet-gaming/ HTTP/1.1" 200 74067 "-" "Mozilla/5.0 (Windows NT 10.0; Win64; x64) AppleWebKit/537.36 (KHTML, like Gecko) Chrome/124.0.0.0 Safari/537.36 Edg/124.0.0.0"
200.25.47.107 - - [19/Apr/2026:08:34:12 +0300] "POST /xmlrpc.php HTTP/1.1" 200 15796 "-" "Mozilla/5.0 (Windows NT 10.0; Win64; x64) AppleWebKit/537.36 (KHTML, like Gecko) Chrome/114.0.0.0 Safari/537.36"
185.216.113.70 - - [19/Apr/2026:08:34:46 +0300] "POST /wp-cron.php?doing_wp_cron=1776576885.9636359214782714843750 HTTP/1.1" 200 448 "-" "WordPress/6.3.8; https://serhatburke.miroglu.net"
200.25.47.107 - - [19/Apr/2026:08:34:31 +0300] "GET /eye-of-horus-protestation-vorsprechen-slot-alleinig-anmeldung/ HTTP/1.1" 200 76880 "-" "Mozilla/5.0 (Windows NT 10.0; Win64; x64) AppleWebKit/537.36 (KHTML, like Gecko) Chrome/122.0.0.0 Safari/537.36"
185.216.113.70 - - [19/Apr/2026:08:36:15 +0300] "POST /wp-cron.php?doing_wp_cron=1776576975.0803079605102539062500 HTTP/1.1" 200 448 "-" "WordPress/6.3.8; https://serhatburke.miroglu.net"
185.191.206.81 - - [19/Apr/2026:08:35:45 +0300] "POST /xmlrpc.php HTTP/1.1" 200 630 "-" "Mozilla/5.0 (Windows NT 10.0; Win64; x64) AppleWebKit/537.36 (KHTML, like Gecko) Chrome/114.0.0.0 Safari/537.36"
200.25.47.107 - - [19/Apr/2026:08:36:15 +0300] "POST /xmlrpc.php HTTP/1.1" 200 630 "-" "Mozilla/5.0 (Windows NT 10.0; Win64; x64) AppleWebKit/537.36 (KHTML, like Gecko) Chrome/114.0.0.0 Safari/537.36"
185.216.113.70 - - [19/Apr/2026:08:36:46 +0300] "POST /wp-cron.php?doing_wp_cron=1776577006.8685131072998046875000 HTTP/1.1" 200 448 "-" "WordPress/6.3.8; https://serhatburke.miroglu.net"
98.98.21.215 - - [19/Apr/2026:08:36:33 +0300] "POST /xmlrpc.php HTTP/1.1" 200 630 "-" "Mozilla/5.0 (Windows NT 10.0; Win64; x64) AppleWebKit/537.36 (KHTML, like Gecko) Chrome/114.0.0.0 Safari/537.36"
185.191.206.81 - - [19/Apr/2026:08:36:22 +0300] "POST /xmlrpc.php HTTP/1.1" 200 11839 "-" "Mozilla/5.0 (Windows NT 10.0; Win64; x64) AppleWebKit/537.36 (KHTML, like Gecko) Chrome/114.0.0.0 Safari/537.36"
200.25.47.107 - - [19/Apr/2026:08:36:39 +0300] "POST /xmlrpc.php HTTP/1.1" 200 16501 "-" "Mozilla/5.0 (Windows NT 10.0; Win64; x64) AppleWebKit/537.36 (KHTML, like Gecko) Chrome/114.0.0.0 Safari/537.36"
103.219.169.211 - - [19/Apr/2026:08:36:47 +0300] "POST /xmlrpc.php HTTP/1.1" 200 630 "-" "Mozilla/5.0 (Windows NT 10.0; Win64; x64) AppleWebKit/537.36 (KHTML, like Gecko) Chrome/114.0.0.0 Safari/537.36"
98.98.21.215 - - [19/Apr/2026:08:36:53 +0300] "POST /xmlrpc.php HTTP/1.1" 200 15113 "-" "Mozilla/5.0 (Windows NT 10.0; Win64; x64) AppleWebKit/537.36 (KHTML, like Gecko) Chrome/114.0.0.0 Safari/537.36"
200.25.47.107 - - [19/Apr/2026:08:37:01 +0300] "GET /appareil-pour-sous-book-of-ra-play-book-of-ra-connaissance-free/ HTTP/1.1" 200 77690 "-" "Mozilla/5.0 (Windows NT 10.0; Win64; x64) AppleWebKit/537.36 (KHTML, like Gecko) Chrome/122.0.0.0 Safari/537.36"
185.216.113.70 - - [19/Apr/2026:08:37:41 +0300] "POST /wp-cron.php?doing_wp_cron=1776577061.7321839332580566406250 HTTP/1.1" 200 448 "-" "WordPress/6.3.8; https://serhatburke.miroglu.net"
103.219.169.211 - - [19/Apr/2026:08:37:26 +0300] "POST /xmlrpc.php HTTP/1.1" 200 11911 "-" "Mozilla/5.0 (Windows NT 10.0; Win64; x64) AppleWebKit/537.36 (KHTML, like Gecko) Chrome/114.0.0.0 Safari/537.36"
98.98.21.215 - - [19/Apr/2026:08:37:26 +0300] "GET /casinos-un-brin-dans-un-pays-europeen-du-argent-palpable-top-quinze-2026/ HTTP/1.1" 200 76719 "-" "Mozilla/5.0 (Windows NT 10.0; Win64; x64) AppleWebKit/537.36 (KHTML, like Gecko) Chrome/122.0.0.0 Safari/537.36"
185.191.206.81 - - [19/Apr/2026:08:36:57 +0300] "GET /400-gambling-establishment-incentives-to-possess-u-s-professionals-eight-hundred-local-casino-incentives/ HTTP/1.1" 200 74085 "-" "Mozilla/5.0 (Windows NT 10.0; Win64; x64; rv:125.0) Gecko/20100101 Firefox/125.0"
103.219.169.211 - - [19/Apr/2026:08:37:43 +0300] "GET /eye-of-horus-gebuhrenfrei-auffuhren-summer-school-of-science-internetseite/ HTTP/1.1" 200 73963 "-" "Mozilla/5.0 (Windows NT 10.0; rv:109.0) Gecko/20100101 Firefox/115.0"
200.25.47.107 - - [19/Apr/2026:08:38:04 +0300] "POST /xmlrpc.php HTTP/1.1" 200 630 "-" "Mozilla/5.0 (Windows NT 10.0; Win64; x64) AppleWebKit/537.36 (KHTML, like Gecko) Chrome/114.0.0.0 Safari/537.36"
185.216.113.70 - - [19/Apr/2026:08:38:38 +0300] "POST /wp-cron.php?doing_wp_cron=1776577118.6497271060943603515625 HTTP/1.1" 200 448 "-" "WordPress/6.3.8; https://serhatburke.miroglu.net"
200.25.47.107 - - [19/Apr/2026:08:38:24 +0300] "POST /xmlrpc.php HTTP/1.1" 200 15709 "-" "Mozilla/5.0 (Windows NT 10.0; Win64; x64) AppleWebKit/537.36 (KHTML, like Gecko) Chrome/114.0.0.0 Safari/537.36"
200.25.47.107 - - [19/Apr/2026:08:38:40 +0300] "GET /das-faszinierender-slot-atomar-charmanten-agyptischen-fragestellung/ HTTP/1.1" 200 77575 "-" "Mozilla/5.0 (Windows NT 10.0; Win64; x64) AppleWebKit/537.36 (KHTML, like Gecko) Chrome/109.0.0.0 Safari/537.36"
185.191.206.81 - - [19/Apr/2026:08:39:05 +0300] "POST /xmlrpc.php HTTP/1.1" 200 630 "-" "Mozilla/5.0 (Windows NT 10.0; Win64; x64) AppleWebKit/537.36 (KHTML, like Gecko) Chrome/114.0.0.0 Safari/537.36"
185.216.113.70 - - [19/Apr/2026:08:40:14 +0300] "POST /wp-cron.php?doing_wp_cron=1776577214.4329640865325927734375 HTTP/1.1" 200 448 "-" "WordPress/6.3.8; https://serhatburke.miroglu.net"
185.191.206.81 - - [19/Apr/2026:08:39:44 +0300] "POST /xmlrpc.php HTTP/1.1" 200 11883 "-" "Mozilla/5.0 (Windows NT 10.0; Win64; x64) AppleWebKit/537.36 (KHTML, like Gecko) Chrome/114.0.0.0 Safari/537.36"
103.219.169.211 - - [19/Apr/2026:08:40:24 +0300] "POST /xmlrpc.php HTTP/1.1" 200 630 "-" "Mozilla/5.0 (Windows NT 10.0; Win64; x64) AppleWebKit/537.36 (KHTML, like Gecko) Chrome/114.0.0.0 Safari/537.36"
185.191.206.81 - - [19/Apr/2026:08:40:15 +0300] "GET /400-gambling-establishment-incentives-to-possess-u-s-players-400-casino-incentives/ HTTP/1.1" 200 73496 "-" "Mozilla/5.0 (Windows NT 10.0; Win64; x64) AppleWebKit/537.36 (KHTML, like Gecko) Chrome/109.0.0.0 Safari/537.36"
185.216.113.70 - - [19/Apr/2026:08:40:48 +0300] "POST /wp-cron.php?doing_wp_cron=1776577248.1800611019134521484375 HTTP/1.1" 200 448 "-" "WordPress/6.3.8; https://serhatburke.miroglu.net"
98.98.21.215 - - [19/Apr/2026:08:40:35 +0300] "POST /xmlrpc.php HTTP/1.1" 200 630 "-" "Mozilla/5.0 (Windows NT 10.0; Win64; x64) AppleWebKit/537.36 (KHTML, like Gecko) Chrome/114.0.0.0 Safari/537.36"
103.219.169.211 - - [19/Apr/2026:08:40:45 +0300] "POST /xmlrpc.php HTTP/1.1" 200 12610 "-" "Mozilla/5.0 (Windows NT 10.0; Win64; x64) AppleWebKit/537.36 (KHTML, like Gecko) Chrome/114.0.0.0 Safari/537.36"
98.98.21.215 - - [19/Apr/2026:08:40:54 +0300] "POST /xmlrpc.php HTTP/1.1" 200 14787 "-" "Mozilla/5.0 (Windows NT 10.0; Win64; x64) AppleWebKit/537.36 (KHTML, like Gecko) Chrome/114.0.0.0 Safari/537.36"
103.219.169.211 - - [19/Apr/2026:08:41:02 +0300] "GET /eye-of-horus-slot-in-rtg-blueprint-gaming-horus-wilds-nach-feilen-2-4-verbreitern-symbole-as-part-of-12-freispielen-upgraden-9631-rtp-10-000x-max-gewinn-%E6%9D%BE%E5%9C%92%E5%BB%BA%E8%A8%AD/ HTTP/1.1" 200 77474 "-" "Mozilla/5.0 (Windows NT 10.0; Win64; x64; rv:125.0) Gecko/20100101 Firefox/125.0"
98.98.21.215 - - [19/Apr/2026:08:41:11 +0300] "GET /megawin-salle-de-jeu-hollande-commentaire-bonus-avec-mega-win-un-tantinet-fr-connexion-recul-2026/ HTTP/1.1" 200 76892 "-" "Mozilla/5.0 (Windows NT 10.0; Win64; x64) AppleWebKit/537.36 (KHTML, like Gecko) Chrome/124.0.0.0 Safari/537.36"
185.216.113.70 - - [19/Apr/2026:08:42:21 +0300] "POST /wp-cron.php?doing_wp_cron=1776577341.6127760410308837890625 HTTP/1.1" 200 448 "-" "WordPress/6.3.8; https://serhatburke.miroglu.net"
200.25.47.107 - - [19/Apr/2026:08:42:09 +0300] "POST /xmlrpc.php HTTP/1.1" 200 630 "-" "Mozilla/5.0 (Windows NT 10.0; Win64; x64) AppleWebKit/537.36 (KHTML, like Gecko) Chrome/114.0.0.0 Safari/537.36"
200.25.47.107 - - [19/Apr/2026:08:42:28 +0300] "POST /xmlrpc.php HTTP/1.1" 200 15239 "-" "Mozilla/5.0 (Windows NT 10.0; Win64; x64) AppleWebKit/537.36 (KHTML, like Gecko) Chrome/114.0.0.0 Safari/537.36"
185.216.113.70 - - [19/Apr/2026:08:42:41 +0300] "POST /wp-cron.php?doing_wp_cron=1776577361.2500538825988769531250 HTTP/1.1" 200 448 "-" "WordPress/6.3.8; https://serhatburke.miroglu.net"
185.191.206.81 - - [19/Apr/2026:08:42:11 +0300] "POST /xmlrpc.php HTTP/1.1" 200 630 "-" "Mozilla/5.0 (Windows NT 10.0; Win64; x64) AppleWebKit/537.36 (KHTML, like Gecko) Chrome/114.0.0.0 Safari/537.36"
200.25.47.107 - - [19/Apr/2026:08:42:43 +0300] "POST /xmlrpc.php HTTP/1.1" 200 630 "-" "Mozilla/5.0 (Windows NT 10.0; Win64; x64) AppleWebKit/537.36 (KHTML, like Gecko) Chrome/114.0.0.0 Safari/537.36"
200.25.47.107 - - [19/Apr/2026:08:42:42 +0300] "GET /eyes-to-mesmerise-increased-silver-cremelidschatten/ HTTP/1.1" 200 76036 "-" "Mozilla/5.0 (Windows NT 10.0; Win64; x64) AppleWebKit/537.36 (KHTML, like Gecko) Chrome/109.0.0.0 Safari/537.36"
200.25.47.107 - - [19/Apr/2026:08:43:09 +0300] "POST /xmlrpc.php HTTP/1.1" 200 16851 "-" "Mozilla/5.0 (Windows NT 10.0; Win64; x64) AppleWebKit/537.36 (KHTML, like Gecko) Chrome/114.0.0.0 Safari/537.36"
185.191.206.81 - - [19/Apr/2026:08:42:49 +0300] "POST /xmlrpc.php HTTP/1.1" 200 12165 "-" "Mozilla/5.0 (Windows NT 10.0; Win64; x64) AppleWebKit/537.36 (KHTML, like Gecko) Chrome/114.0.0.0 Safari/537.36"
200.25.47.107 - - [19/Apr/2026:08:43:23 +0300] "GET /instrument-vers-avec-complaisantes-32178-essayez-sans-avoir-i-telechargement-sans-avoir-i-exergue/ HTTP/1.1" 200 79363 "-" "Mozilla/5.0 (Windows NT 10.0; Win64; x64) AppleWebKit/537.36 (KHTML, like Gecko) Chrome/123.0.0.0 Safari/537.36"
185.216.113.70 - - [19/Apr/2026:08:43:53 +0300] "POST /wp-cron.php?doing_wp_cron=1776577433.1275401115417480468750 HTTP/1.1" 200 448 "-" "WordPress/6.3.8; https://serhatburke.miroglu.net"
185.191.206.81 - - [19/Apr/2026:08:43:24 +0300] "GET /describing-the-brand-new-bet365-local-casino-100-percent-free-revolves-giveaway-incentive-render/ HTTP/1.1" 200 74016 "-" "Mozilla/5.0 (Windows NT 10.0; Win64; x64; rv:124.0) Gecko/20100101 Firefox/124.0"
103.219.169.211 - - [19/Apr/2026:08:44:03 +0300] "POST /xmlrpc.php HTTP/1.1" 200 630 "-" "Mozilla/5.0 (Windows NT 10.0; Win64; x64) AppleWebKit/537.36 (KHTML, like Gecko) Chrome/114.0.0.0 Safari/537.36"
185.216.113.70 - - [19/Apr/2026:08:44:33 +0300] "POST /wp-cron.php?doing_wp_cron=1776577473.2834670543670654296875 HTTP/1.1" 200 448 "-" "WordPress/6.3.8; https://serhatburke.miroglu.net"
103.219.169.211 - - [19/Apr/2026:08:44:20 +0300] "POST /xmlrpc.php HTTP/1.1" 200 12961 "-" "Mozilla/5.0 (Windows NT 10.0; Win64; x64) AppleWebKit/537.36 (KHTML, like Gecko) Chrome/114.0.0.0 Safari/537.36"
