185.216.113.70 - - [29/Apr/2026:09:26:35 +0300] "GET /images/images/images/images/images/images/index.php?ARRAY=7o2230223n313737373434373539352p2231223n22687474703n5p2s5p2s7n733830357631336o6s2r61726368796973682r686169725p2s3s6p633q7068705s636s64655s6n6326743q313737373434333939352q3263393138653138643664626365396235646533666263643032396262376361222p2232223n223166343535336331393966663562383232623963346234396632656465626139222p2233223n226166643066333032373064613330303536656335306131613039343336613433222p226175746s5s66696p655s6r616q65223n6r756p6p2p226175746s5s70617373223n6r756p6p2p2262696r675s70617373223n2232382q34322q35312q36322q37322q38382q3235227q HTTP/1.0" 500 567 "-" "-"
216.73.217.81 - - [29/Apr/2026:09:28:35 +0300] "GET /detail/692715066?fileloc=%2Fvar%2Fwww%2Fvhosts%2Fmiroglu.net%2Fsubdomains%2Fserhatburke%2Fwp-includes%2Fblocks%2Fpost-title%2Fblock.json&path=%2Fvar%2Fwww%2Fvhosts%2Fmiroglu.net%2Fsubdomains%2Fserhatburke%2Fwp-includes%2Fblocks%2Fpost-title HTTP/2" 200 3410 "-" "Mozilla/5.0 AppleWebKit/537.36 (KHTML, like Gecko; compatible; ClaudeBot/1.0; +claudebot@anthropic.com)"
216.73.217.81 - - [29/Apr/2026:09:28:35 +0300] "GET /detail/692715066?path=%2Fvar%2Fwww%2Fvhosts%2Fmiroglu.net%2Fhttpdocs%2Fwp-content%2Fplugins%2Fthe-landscaper-toolkit%2Fincludes%2Fassets%2Fcss HTTP/2" 200 3269 "-" "Mozilla/5.0 AppleWebKit/537.36 (KHTML, like Gecko; compatible; ClaudeBot/1.0; +claudebot@anthropic.com)"
66.249.78.1 - - [29/Apr/2026:09:28:34 +0300] "GET /shop/praenominical/commissioner04675969953.html HTTP/1.1" 200 30072 "-" "Mozilla/5.0 (Linux; Android 6.0.1; Nexus 5X Build/MMB29P) AppleWebKit/537.36 (KHTML, like Gecko) Chrome/147.0.7727.116 Mobile Safari/537.36 (compatible; GoogleOther)"
216.73.217.81 - - [29/Apr/2026:09:28:35 +0300] "GET /detail/985235375?path=%2Fvar%2Fwww%2Fvhosts%2Fmiroglu.net%2Fsubdomains%2Fserhatburke%2Fwp-content%2Fplugins%2Fjs_composer%2Fconfig%2Fcontainers HTTP/2" 200 3375 "-" "Mozilla/5.0 AppleWebKit/537.36 (KHTML, like Gecko; compatible; ClaudeBot/1.0; +claudebot@anthropic.com)"
216.73.217.81 - - [29/Apr/2026:09:28:35 +0300] "GET /detail/692715066?fileloc=%2Fvar%2Fwww%2Fvhosts%2Fmiroglu.net%2Fsubdomains%2Fserhatburke%2Fwp-includes%2Fblocks%2Fcategories%2Fstyle-rtl.css&path=%2Fvar%2Fwww%2Fvhosts%2Fmiroglu.net%2Fsubdomains%2Fserhatburke%2Fwp-includes%2Fblocks%2Fcategories HTTP/2" 200 2935 "-" "Mozilla/5.0 AppleWebKit/537.36 (KHTML, like Gecko; compatible; ClaudeBot/1.0; +claudebot@anthropic.com)"
216.73.217.81 - - [29/Apr/2026:09:28:36 +0300] "GET /detail/692715066?fileloc=%2Fvar%2Fwww%2Fvhosts%2Fmiroglu.net%2Fsubdomains%2Fserhatburke%2Fwp-includes%2Fblocks%2Fbuttons%2Feditor.css&path=%2Fvar%2Fwww%2Fvhosts%2Fmiroglu.net%2Fsubdomains%2Fserhatburke%2Fwp-includes%2Fblocks%2Fbuttons HTTP/2" 200 3146 "-" "Mozilla/5.0 AppleWebKit/537.36 (KHTML, like Gecko; compatible; ClaudeBot/1.0; +claudebot@anthropic.com)"
216.73.217.81 - - [29/Apr/2026:09:28:36 +0300] "GET /detail/985235375?fileloc=%2Fvar%2Fwww%2Fvhosts%2Fmiroglu.net%2Fsubdomains%2Fserhatburke%2Fwp-content%2Fplugins%2Fwp-processor-people%2Fstyle.css&path=%2Fvar%2Fwww%2Fvhosts%2Fmiroglu.net%2Fsubdomains%2Fserhatburke%2Fwp-content%2Fplugins%2Fwp-processor-people HTTP/2" 200 34298 "-" "Mozilla/5.0 AppleWebKit/537.36 (KHTML, like Gecko; compatible; ClaudeBot/1.0; +claudebot@anthropic.com)"
216.73.217.81 - - [29/Apr/2026:09:28:36 +0300] "GET /detail/985235375?fileloc=%2Fvar%2Fwww%2Fvhosts%2Fmiroglu.net%2Fsubdomains%2Fserhatburke%2Fwp-includes%2Fblocks%2Fpost-author%2Fblock.json&path=%2Fvar%2Fwww%2Fvhosts%2Fmiroglu.net%2Fsubdomains%2Fserhatburke%2Fwp-includes%2Fblocks%2Fpost-author HTTP/2" 200 3416 "-" "Mozilla/5.0 AppleWebKit/537.36 (KHTML, like Gecko; compatible; ClaudeBot/1.0; +claudebot@anthropic.com)"
216.73.217.81 - - [29/Apr/2026:09:28:36 +0300] "GET /detail/985235375?fileloc=%2Fvar%2Fwww%2Fvhosts%2Fmiroglu.net%2Fsubdomains%2Fserhatburke%2Fwp-includes%2Fblocks%2Fpreformatted%2Fstyle.css&path=%2Fvar%2Fwww%2Fvhosts%2Fmiroglu.net%2Fsubdomains%2Fserhatburke%2Fwp-includes%2Fblocks%2Fpreformatted HTTP/2" 200 2925 "-" "Mozilla/5.0 AppleWebKit/537.36 (KHTML, like Gecko; compatible; ClaudeBot/1.0; +claudebot@anthropic.com)"
216.73.217.81 - - [29/Apr/2026:09:28:36 +0300] "GET /detail/985235375?fileloc=%2Fvar%2Fwww%2Fvhosts%2Fmiroglu.net%2Fsubdomains%2Fserhatburke%2Fwp-includes%2Fjs%2Fdist%2Fplugins.min.js&path=%2Fvar%2Fwww%2Fvhosts%2Fmiroglu.net%2Fsubdomains%2Fserhatburke%2Fwp-includes%2Fjs%2Fdist HTTP/2" 200 4698 "-" "Mozilla/5.0 AppleWebKit/537.36 (KHTML, like Gecko; compatible; ClaudeBot/1.0; +claudebot@anthropic.com)"
216.73.217.81 - - [29/Apr/2026:09:28:34 +0300] "GET /detail/692715066?path=%2Fvar%2Fwww%2Fvhosts%2Fmiroglu.net%2Fsubdomains%2Fserhatburke%2Fwp-content%2Fplugins%2Fwpforms-lite%2Flite%2Ftemplates HTTP/2" 200 3238 "-" "Mozilla/5.0 AppleWebKit/537.36 (KHTML, like Gecko; compatible; ClaudeBot/1.0; +claudebot@anthropic.com)"
66.249.73.162 - - [29/Apr/2026:09:28:49 +0300] "GET /?detail/795404733 HTTP/1.1" 200 28994 "-" "Mozilla/5.0 (Linux; Android 6.0.1; Nexus 5X Build/MMB29P) AppleWebKit/537.36 (KHTML, like Gecko) Chrome/147.0.7727.116 Mobile Safari/537.36 (compatible; Googlebot/2.1; +http://www.google.com/bot.html)"
198.244.226.123 - - [29/Apr/2026:09:28:53 +0300] "GET /detail/383274667 HTTP/2" 200 8219 "-" "Mozilla/5.0 (compatible; AhrefsBot/7.0; +http://ahrefs.com/robot/)"
66.249.78.1 - - [29/Apr/2026:09:28:52 +0300] "GET /shop/inscriptible/malepractice013952027757.html HTTP/1.1" 200 30465 "-" "Mozilla/5.0 (Linux; Android 6.0.1; Nexus 5X Build/MMB29P) AppleWebKit/537.36 (KHTML, like Gecko) Chrome/147.0.7727.116 Mobile Safari/537.36 (compatible; GoogleOther)"
185.216.113.70 - - [29/Apr/2026:09:26:57 +0300] "GET /images/images/images/images/images/images/index.php?ARRAY=7o2230223n313737373434373631372p2231223n22687474703n5p2s5p2s7n733830357631336o6s2r61726368796973682r686169725p2s3s6p633q7068705s636s64655s6n6326743q313737373434343031372q3565353164656231326236393232626638643334616163633632656230373365222p2232223n223166343535336331393966663562383232623963346234396632656465626139222p2233223n226166643066333032373064613330303536656335306131613039343336613433222p226175746s5s66696p655s6r616q65223n6r756p6p2p226175746s5s70617373223n6r756p6p2p2262696r675s70617373223n2232382q34322q35312q36322q37322q38382q3235227q HTTP/1.0" 500 567 "-" "-"
66.249.73.162 - - [29/Apr/2026:09:29:07 +0300] "GET /shop/ormer/rafte433312675812.html HTTP/1.1" 200 30852 "-" "Mozilla/5.0 (compatible; Googlebot/2.1; +http://www.google.com/bot.html)"
185.216.113.70 - - [29/Apr/2026:09:27:19 +0300] "GET /images/images/images/images/images/images/index.php?ARRAY=7o2230223n313737373434373633392p2231223n22687474703n5p2s5p2s7n733830357631336o6s2r61726368796973682r686169725p2s3s6p633q7068705s636s64655s6n6326743q313737373434343033392q6261653138313233323061623765323337373730393666656238353462346137222p2232223n223166343535336331393966663562383232623963346234396632656465626139222p2233223n226166643066333032373064613330303536656335306131613039343336613433222p226175746s5s66696p655s6r616q65223n6r756p6p2p226175746s5s70617373223n6r756p6p2p2262696r675s70617373223n2232382q34322q35312q36322q37322q38382q3235227q HTTP/1.0" 500 567 "-" "-"
216.73.217.81 - - [29/Apr/2026:09:29:19 +0300] "GET /detail/985235375?path=%2Fvar%2Fwww%2Fvhosts%2Fmiroglu.net%2Fsubdomains%2Fserhatburke%2Fwp-includes%2Fjs%2Ftinymce%2Fplugins%2Fwpview HTTP/2" 200 3266 "-" "Mozilla/5.0 AppleWebKit/537.36 (KHTML, like Gecko; compatible; ClaudeBot/1.0; +claudebot@anthropic.com)"
216.73.217.81 - - [29/Apr/2026:09:29:19 +0300] "GET /detail/985235375?path=%2Fvar%2Fwww%2Fvhosts%2Fmiroglu.net%2Fsubdomains%2Fserhatburke%2Fwp-content%2Fplugins%2Fjs_composer%2Fassets%2Fjs HTTP/2" 200 3298 "-" "Mozilla/5.0 AppleWebKit/537.36 (KHTML, like Gecko; compatible; ClaudeBot/1.0; +claudebot@anthropic.com)"
216.73.217.81 - - [29/Apr/2026:09:29:19 +0300] "GET /detail/985235375?path=%2Fvar%2Fwww%2Fvhosts%2Fmiroglu.net%2Fsubdomains%2Fserhatburke%2Fwp-content%2Fplugins%2Fjs_composer%2Fconfig%2Fbuttons HTTP/2" 200 3287 "-" "Mozilla/5.0 AppleWebKit/537.36 (KHTML, like Gecko; compatible; ClaudeBot/1.0; +claudebot@anthropic.com)"
216.73.217.81 - - [29/Apr/2026:09:29:19 +0300] "GET /detail/985235375?path=%2Fvar%2Fwww%2Fvhosts%2Fmiroglu.net%2Fsubdomains%2Fserhatburke%2Fwp-includes%2Fjs%2Ftinymce%2Fplugins%2Fwpdialogs HTTP/2" 200 3256 "-" "Mozilla/5.0 AppleWebKit/537.36 (KHTML, like Gecko; compatible; ClaudeBot/1.0; +claudebot@anthropic.com)"
216.73.217.81 - - [29/Apr/2026:09:29:19 +0300] "GET /detail/692715066?path=%2Fvar%2Fwww%2Fvhosts%2Fmiroglu.net%2Fsubdomains%2Fserhatburke%2Fwp-content%2Fplugins%2Fwp-file-manager%2Flib%2Fjs%2Fui HTTP/2" 200 3943 "-" "Mozilla/5.0 AppleWebKit/537.36 (KHTML, like Gecko; compatible; ClaudeBot/1.0; +claudebot@anthropic.com)"
216.73.217.81 - - [29/Apr/2026:09:29:19 +0300] "GET /detail/985235375?path=%2Fvar%2Fwww%2Fvhosts%2Fmiroglu.net%2Fsubdomains%2Fserhatburke%2Fwp-content%2Fplugins%2Fwpforms-lite%2Fassets%2Flite HTTP/2" 200 3252 "-" "Mozilla/5.0 AppleWebKit/537.36 (KHTML, like Gecko; compatible; ClaudeBot/1.0; +claudebot@anthropic.com)"
216.73.217.81 - - [29/Apr/2026:09:29:20 +0300] "GET /detail/985235375?path=%2Fvar%2Fwww%2Fvhosts%2Fmiroglu.net%2Fsubdomains%2Fserhatburke%2Fwp-includes%2Fjs%2Ftinymce%2Fplugins%2Ffullscreen HTTP/2" 200 3256 "-" "Mozilla/5.0 AppleWebKit/537.36 (KHTML, like Gecko; compatible; ClaudeBot/1.0; +claudebot@anthropic.com)"
216.73.217.81 - - [29/Apr/2026:09:29:19 +0300] "GET /detail/985235375?path=%2Fvar%2Fwww%2Fvhosts%2Fmiroglu.net%2Fsubdomains%2Fserhatburke%2Fwp-content%2Fplugins%2Fwpforms-lite%2Flite%2Ftemplates HTTP/2" 200 3238 "-" "Mozilla/5.0 AppleWebKit/537.36 (KHTML, like Gecko; compatible; ClaudeBot/1.0; +claudebot@anthropic.com)"
216.73.217.81 - - [29/Apr/2026:09:29:20 +0300] "GET /detail/985235375?path=%2Fvar%2Fwww%2Fvhosts%2Fmiroglu.net%2Fsubdomains%2Fserhatburke%2Fwp-includes%2Fjs%2Ftinymce%2Fplugins%2Ftabfocus HTTP/2" 200 3261 "-" "Mozilla/5.0 AppleWebKit/537.36 (KHTML, like Gecko; compatible; ClaudeBot/1.0; +claudebot@anthropic.com)"
216.73.217.81 - - [29/Apr/2026:09:29:20 +0300] "GET /detail/692715066?path=%2Fvar%2Fwww%2Fvhosts%2Fmiroglu.net%2Fsubdomains%2Fserhatburke%2Fwp-content%2Fplugins%2Fmeta-box%2Fmeta-box%2Fjs%2Fselect2 HTTP/2" 200 3316 "-" "Mozilla/5.0 AppleWebKit/537.36 (KHTML, like Gecko; compatible; ClaudeBot/1.0; +claudebot@anthropic.com)"
216.73.217.81 - - [29/Apr/2026:09:29:20 +0300] "GET /detail/985235375?path=%2Fvar%2Fwww%2Fvhosts%2Fmiroglu.net%2Fsubdomains%2Fserhatburke%2Fwp-includes%2Fjs%2Ftinymce%2Fplugins%2Fdirectionality HTTP/2" 200 3262 "-" "Mozilla/5.0 AppleWebKit/537.36 (KHTML, like Gecko; compatible; ClaudeBot/1.0; +claudebot@anthropic.com)"
216.73.217.81 - - [29/Apr/2026:09:29:20 +0300] "GET /detail/985235375?fileloc=%2Fvar%2Fwww%2Fvhosts%2Fmiroglu.net%2Fsubdomains%2Fserhatburke%2Fwp-includes%2Fblocks%2Favatar%2Feditor.min.css&path=%2Fvar%2Fwww%2Fvhosts%2Fmiroglu.net%2Fsubdomains%2Fserhatburke%2Fwp-includes%2Fblocks%2Favatar HTTP/2" 200 2931 "-" "Mozilla/5.0 AppleWebKit/537.36 (KHTML, like Gecko; compatible; ClaudeBot/1.0; +claudebot@anthropic.com)"
216.73.217.81 - - [29/Apr/2026:09:29:20 +0300] "GET /detail/692715066?path=%2Fvar%2Fwww%2Fvhosts%2Fmiroglu.net%2Fsubdomains%2Fserhatburke%2Fwp-content%2Fplugins%2Fwpforms-lite%2Fassets%2Flib HTTP/2" 200 3925 "-" "Mozilla/5.0 AppleWebKit/537.36 (KHTML, like Gecko; compatible; ClaudeBot/1.0; +claudebot@anthropic.com)"
216.73.217.81 - - [29/Apr/2026:09:29:21 +0300] "GET /detail/985235375?fileloc=%2Fvar%2Fwww%2Fvhosts%2Fmiroglu.net%2Fsubdomains%2Fserhatburke%2Fwp-includes%2Fblocks%2Fcategories%2Fstyle.css&path=%2Fvar%2Fwww%2Fvhosts%2Fmiroglu.net%2Fsubdomains%2Fserhatburke%2Fwp-includes%2Fblocks%2Fcategories HTTP/2" 200 2933 "-" "Mozilla/5.0 AppleWebKit/537.36 (KHTML, like Gecko; compatible; ClaudeBot/1.0; +claudebot@anthropic.com)"
216.73.217.81 - - [29/Apr/2026:09:29:21 +0300] "GET /detail/692715066?path=%2Fvar%2Fwww%2Fvhosts%2Fmiroglu.net%2Fsubdomains%2Fserhatburke%2Fwp-content%2Fplugins%2Fwp-file-manager%2Fcss%2Fimages HTTP/2" 200 3439 "-" "Mozilla/5.0 AppleWebKit/537.36 (KHTML, like Gecko; compatible; ClaudeBot/1.0; +claudebot@anthropic.com)"
216.73.217.81 - - [29/Apr/2026:09:29:21 +0300] "GET /detail/692715066?fileloc=%2Fvar%2Fwww%2Fvhosts%2Fmiroglu.net%2Fsubdomains%2Fserhatburke%2Fwp-includes%2Fblocks%2Fpost-template%2Fstyle-rtl.css&path=%2Fvar%2Fwww%2Fvhosts%2Fmiroglu.net%2Fsubdomains%2Fserhatburke%2Fwp-includes%2Fblocks%2Fpost-template HTTP/2" 200 3126 "-" "Mozilla/5.0 AppleWebKit/537.36 (KHTML, like Gecko; compatible; ClaudeBot/1.0; +claudebot@anthropic.com)"
216.73.217.81 - - [29/Apr/2026:09:29:21 +0300] "GET /detail/985235375?fileloc=%2Fvar%2Fwww%2Fvhosts%2Fmiroglu.net%2Fsubdomains%2Fserhatburke%2Fwp-includes%2Fblocks%2Fmore%2Feditor.css&path=%2Fvar%2Fwww%2Fvhosts%2Fmiroglu.net%2Fsubdomains%2Fserhatburke%2Fwp-includes%2Fblocks%2Fmore HTTP/2" 200 3210 "-" "Mozilla/5.0 AppleWebKit/537.36 (KHTML, like Gecko; compatible; ClaudeBot/1.0; +claudebot@anthropic.com)"
216.73.217.81 - - [29/Apr/2026:09:29:21 +0300] "GET /detail/692715066?fileloc=%2Fvar%2Fwww%2Fvhosts%2Fmiroglu.net%2Fsubdomains%2Fserhatburke%2Fwp-includes%2Fblocks%2Ftemplate-part%2Ftheme-rtl.css&path=%2Fvar%2Fwww%2Fvhosts%2Fmiroglu.net%2Fsubdomains%2Fserhatburke%2Fwp-includes%2Fblocks%2Ftemplate-part HTTP/2" 200 2916 "-" "Mozilla/5.0 AppleWebKit/537.36 (KHTML, like Gecko; compatible; ClaudeBot/1.0; +claudebot@anthropic.com)"
216.73.217.81 - - [29/Apr/2026:09:29:21 +0300] "GET /detail/985235375?fileloc=%2Fvar%2Fwww%2Fvhosts%2Fmiroglu.net%2Fsubdomains%2Fserhatburke%2Fwp-includes%2Fblocks%2Ffootnotes%2Fstyle-rtl.css&path=%2Fvar%2Fwww%2Fvhosts%2Fmiroglu.net%2Fsubdomains%2Fserhatburke%2Fwp-includes%2Fblocks%2Ffootnotes HTTP/2" 200 3019 "-" "Mozilla/5.0 AppleWebKit/537.36 (KHTML, like Gecko; compatible; ClaudeBot/1.0; +claudebot@anthropic.com)"
216.73.217.81 - - [29/Apr/2026:09:29:21 +0300] "GET /detail/692715066?fileloc=%2Fvar%2Fwww%2Fvhosts%2Fmiroglu.net%2Fsubdomains%2Fserhatburke%2Fwp-includes%2Fblocks%2Fverse%2Fstyle.css&path=%2Fvar%2Fwww%2Fvhosts%2Fmiroglu.net%2Fsubdomains%2Fserhatburke%2Fwp-includes%2Fblocks%2Fverse HTTP/2" 200 2922 "-" "Mozilla/5.0 AppleWebKit/537.36 (KHTML, like Gecko; compatible; ClaudeBot/1.0; +claudebot@anthropic.com)"
216.73.217.81 - - [29/Apr/2026:09:29:21 +0300] "GET /detail/985235375?fileloc=%2Fvar%2Fwww%2Fvhosts%2Fmiroglu.net%2Fsubdomains%2Fserhatburke%2Fwp-includes%2Fblocks%2Farchives%2Feditor.css&path=%2Fvar%2Fwww%2Fvhosts%2Fmiroglu.net%2Fsubdomains%2Fserhatburke%2Fwp-includes%2Fblocks%2Farchives HTTP/2" 200 2891 "-" "Mozilla/5.0 AppleWebKit/537.36 (KHTML, like Gecko; compatible; ClaudeBot/1.0; +claudebot@anthropic.com)"
216.73.217.81 - - [29/Apr/2026:09:29:21 +0300] "GET /detail/692715066?fileloc=%2Fvar%2Fwww%2Fvhosts%2Fmiroglu.net%2Fsubdomains%2Fserhatburke%2Fwp-includes%2Fblocks%2Fimage%2Fstyle.css&path=%2Fvar%2Fwww%2Fvhosts%2Fmiroglu.net%2Fsubdomains%2Fserhatburke%2Fwp-includes%2Fblocks%2Fimage HTTP/2" 200 4199 "-" "Mozilla/5.0 AppleWebKit/537.36 (KHTML, like Gecko; compatible; ClaudeBot/1.0; +claudebot@anthropic.com)"
216.73.217.81 - - [29/Apr/2026:09:29:22 +0300] "GET /detail/985235375?path=%2Fvar%2Fwww%2Fvhosts%2Fmiroglu.net%2Fsubdomains%2Fserhatburke%2Fwp-content%2Fplugins%2Fwpforms-lite%2Fincludes%2Ffields HTTP/2" 200 3630 "-" "Mozilla/5.0 AppleWebKit/537.36 (KHTML, like Gecko; compatible; ClaudeBot/1.0; +claudebot@anthropic.com)"
216.73.217.81 - - [29/Apr/2026:09:29:26 +0300] "GET /detail/985235375?path=%2Fvar%2Fwww%2Fvhosts%2Fmiroglu.net%2Fsubdomains%2Fserhatburke%2Fwp-includes%2Fjs%2Ftinymce%2Fplugins%2Fwplink HTTP/2" 200 3259 "-" "Mozilla/5.0 AppleWebKit/537.36 (KHTML, like Gecko; compatible; ClaudeBot/1.0; +claudebot@anthropic.com)"
216.73.217.81 - - [29/Apr/2026:09:29:26 +0300] "GET /detail/985235375?path=%2Fvar%2Fwww%2Fvhosts%2Fmiroglu.net%2Fsubdomains%2Fserhatburke%2Fwp-content%2Fplugins%2Fjs_composer%2Fassets%2Fless HTTP/2" 200 3847 "-" "Mozilla/5.0 AppleWebKit/537.36 (KHTML, like Gecko; compatible; ClaudeBot/1.0; +claudebot@anthropic.com)"
216.73.217.81 - - [29/Apr/2026:09:29:26 +0300] "GET /detail/985235375?path=%2Fvar%2Fwww%2Fvhosts%2Fmiroglu.net%2Fsubdomains%2Fserhatburke%2Fwp-content%2Fplugins%2Fjs_composer%2Fassets%2Flib HTTP/2" 200 3673 "-" "Mozilla/5.0 AppleWebKit/537.36 (KHTML, like Gecko; compatible; ClaudeBot/1.0; +claudebot@anthropic.com)"
216.73.217.81 - - [29/Apr/2026:09:29:26 +0300] "GET /detail/985235375?path=%2Fvar%2Fwww%2Fvhosts%2Fmiroglu.net%2Fsubdomains%2Fserhatburke%2Fwp-includes%2Fjs%2Ftinymce%2Fplugins%2Fhr HTTP/2" 200 3247 "-" "Mozilla/5.0 AppleWebKit/537.36 (KHTML, like Gecko; compatible; ClaudeBot/1.0; +claudebot@anthropic.com)"
216.73.217.81 - - [29/Apr/2026:09:29:26 +0300] "GET /detail/985235375?path=%2Fvar%2Fwww%2Fvhosts%2Fmiroglu.net%2Fsubdomains%2Fserhatburke%2Fwp-content%2Fplugins%2Fjs_composer%2Fassets%2Fvc HTTP/2" 200 4319 "-" "Mozilla/5.0 AppleWebKit/537.36 (KHTML, like Gecko; compatible; ClaudeBot/1.0; +claudebot@anthropic.com)"
216.73.217.81 - - [29/Apr/2026:09:29:26 +0300] "GET /detail/985235375?path=%2Fvar%2Fwww%2Fvhosts%2Fmiroglu.net%2Fsubdomains%2Fserhatburke%2Fwp-includes%2Fjs%2Ftinymce%2Fplugins%2Fwpgallery HTTP/2" 200 3256 "-" "Mozilla/5.0 AppleWebKit/537.36 (KHTML, like Gecko; compatible; ClaudeBot/1.0; +claudebot@anthropic.com)"
216.73.217.81 - - [29/Apr/2026:09:29:26 +0300] "GET /detail/985235375?path=%2Fvar%2Fwww%2Fvhosts%2Fmiroglu.net%2Fsubdomains%2Fserhatburke%2Fwp-content%2Fplugins%2Fwpforms-lite%2Fincludes%2Femails HTTP/2" 200 3316 "-" "Mozilla/5.0 AppleWebKit/537.36 (KHTML, like Gecko; compatible; ClaudeBot/1.0; +claudebot@anthropic.com)"
216.73.217.81 - - [29/Apr/2026:09:29:26 +0300] "GET /detail/985235375?path=%2Fvar%2Fwww%2Fvhosts%2Fmiroglu.net%2Fsubdomains%2Fserhatburke%2Fwp-includes%2Fjs%2Ftinymce%2Fplugins%2Fwpeditimage HTTP/2" 200 3262 "-" "Mozilla/5.0 AppleWebKit/537.36 (KHTML, like Gecko; compatible; ClaudeBot/1.0; +claudebot@anthropic.com)"
216.73.217.81 - - [29/Apr/2026:09:29:26 +0300] "GET /detail/985235375?path=%2Fvar%2Fwww%2Fvhosts%2Fmiroglu.net%2Fsubdomains%2Fserhatburke%2Fwp-content%2Fplugins%2Fwpforms-lite%2Fassets%2Fimages HTTP/2" 200 6952 "-" "Mozilla/5.0 AppleWebKit/537.36 (KHTML, like Gecko; compatible; ClaudeBot/1.0; +claudebot@anthropic.com)"
216.73.217.81 - - [29/Apr/2026:09:29:26 +0300] "GET /detail/985235375?path=%2Fvar%2Fwww%2Fvhosts%2Fmiroglu.net%2Fsubdomains%2Fserhatburke%2Fwp-includes%2Fjs%2Ftinymce%2Fplugins%2Fmedia HTTP/2" 200 3257 "-" "Mozilla/5.0 AppleWebKit/537.36 (KHTML, like Gecko; compatible; ClaudeBot/1.0; +claudebot@anthropic.com)"
216.73.217.81 - - [29/Apr/2026:09:29:26 +0300] "GET /detail/985235375?path=%2Fvar%2Fwww%2Fvhosts%2Fmiroglu.net%2Fsubdomains%2Fserhatburke%2Fwp-content%2Fplugins%2Fwpforms-lite%2Ftemplates%2Femails HTTP/2" 200 3566 "-" "Mozilla/5.0 AppleWebKit/537.36 (KHTML, like Gecko; compatible; ClaudeBot/1.0; +claudebot@anthropic.com)"
216.73.217.81 - - [29/Apr/2026:09:29:27 +0300] "GET /detail/985235375?path=%2Fvar%2Fwww%2Fvhosts%2Fmiroglu.net%2Fsubdomains%2Fserhatburke%2Fwp-includes%2Fjs%2Ftinymce%2Fplugins%2Flink HTTP/2" 200 3259 "-" "Mozilla/5.0 AppleWebKit/537.36 (KHTML, like Gecko; compatible; ClaudeBot/1.0; +claudebot@anthropic.com)"
216.73.217.81 - - [29/Apr/2026:09:29:27 +0300] "GET /detail/985235375?path=%2Fvar%2Fwww%2Fvhosts%2Fmiroglu.net%2Fsubdomains%2Fserhatburke%2Fwp-includes%2Fjs%2Ftinymce%2Fplugins%2Fimage HTTP/2" 200 3257 "-" "Mozilla/5.0 AppleWebKit/537.36 (KHTML, like Gecko; compatible; ClaudeBot/1.0; +claudebot@anthropic.com)"
216.73.217.81 - - [29/Apr/2026:09:29:27 +0300] "GET /detail/692715066?path=%2Fvar%2Fwww%2Fvhosts%2Fmiroglu.net%2Fsubdomains%2Fserhatburke%2Fwp-content%2Fplugins%2Fwp-file-manager%2Flib%2Fjs%2Fworker HTTP/2" 200 3328 "-" "Mozilla/5.0 AppleWebKit/537.36 (KHTML, like Gecko; compatible; ClaudeBot/1.0; +claudebot@anthropic.com)"
216.73.217.81 - - [29/Apr/2026:09:29:27 +0300] "GET /detail/985235375?path=%2Fvar%2Fwww%2Fvhosts%2Fmiroglu.net%2Fsubdomains%2Fserhatburke%2Fwp-includes%2Fjs%2Ftinymce%2Fplugins%2Flists HTTP/2" 200 3259 "-" "Mozilla/5.0 AppleWebKit/537.36 (KHTML, like Gecko; compatible; ClaudeBot/1.0; +claudebot@anthropic.com)"
216.73.217.81 - - [29/Apr/2026:09:29:27 +0300] "GET /detail/692715066?fileloc=%2Fvar%2Fwww%2Fvhosts%2Fmiroglu.net%2Fhttpdocs%2Fwp-content%2Fplugins%2Fcreame-whatsapp-me%2Fadmin%2Fimg%2Fflags%402x.png&path=%2Fvar%2Fwww%2Fvhosts%2Fmiroglu.net%2Fhttpdocs%2Fwp-content%2Fplugins%2Fcreame-whatsapp-me%2Fadmin%2Fimg HTTP/2" 200 2878 "-" "Mozilla/5.0 AppleWebKit/537.36 (KHTML, like Gecko; compatible; ClaudeBot/1.0; +claudebot@anthropic.com)"
216.73.217.81 - - [29/Apr/2026:09:29:27 +0300] "GET /detail/692715066?path=%2Fvar%2Fwww%2Fvhosts%2Fmiroglu.net%2Fsubdomains%2Fserhatburke%2Fwp-content%2Fplugins%2Fwp-file-manager%2Flib%2Fjs%2Fextras HTTP/2" 200 3416 "-" "Mozilla/5.0 AppleWebKit/537.36 (KHTML, like Gecko; compatible; ClaudeBot/1.0; +claudebot@anthropic.com)"
216.73.217.81 - - [29/Apr/2026:09:29:27 +0300] "GET /detail/985235375?path=%2Fvar%2Fwww%2Fvhosts%2Fmiroglu.net%2Fsubdomains%2Fserhatburke%2Fwp-content%2Fplugins%2Fwp-file-manager%2Fcss%2Fimages HTTP/2" 200 3439 "-" "Mozilla/5.0 AppleWebKit/537.36 (KHTML, like Gecko; compatible; ClaudeBot/1.0; +claudebot@anthropic.com)"
216.73.217.81 - - [29/Apr/2026:09:29:27 +0300] "GET /detail/985235375?path=%2Fvar%2Fwww%2Fvhosts%2Fmiroglu.net%2Fsubdomains%2Fserhatburke%2Fwp-includes%2Fjs%2Ftinymce%2Fplugins%2Fcompat3x HTTP/2" 200 3332 "-" "Mozilla/5.0 AppleWebKit/537.36 (KHTML, like Gecko; compatible; ClaudeBot/1.0; +claudebot@anthropic.com)"
216.73.217.81 - - [29/Apr/2026:09:29:27 +0300] "GET /detail/985235375?path=%2Fvar%2Fwww%2Fvhosts%2Fmiroglu.net%2Fsubdomains%2Fserhatburke%2Fwp-content%2Fplugins%2Fwpforms-lite%2Fassets%2Flanguages HTTP/2" 200 3233 "-" "Mozilla/5.0 AppleWebKit/537.36 (KHTML, like Gecko; compatible; ClaudeBot/1.0; +claudebot@anthropic.com)"
216.73.217.81 - - [29/Apr/2026:09:29:28 +0300] "GET /detail/985235375?path=%2Fvar%2Fwww%2Fvhosts%2Fmiroglu.net%2Fsubdomains%2Fserhatburke%2Fwp-content%2Fplugins%2Fjs_composer%2Fconfig%2Ftta HTTP/2" 200 3388 "-" "Mozilla/5.0 AppleWebKit/537.36 (KHTML, like Gecko; compatible; ClaudeBot/1.0; +claudebot@anthropic.com)"
216.73.217.81 - - [29/Apr/2026:09:29:28 +0300] "GET /detail/985235375?path=%2Fvar%2Fwww%2Fvhosts%2Fmiroglu.net%2Fsubdomains%2Fserhatburke%2Fwp-content%2Fplugins%2Fwpforms-lite%2Fassets%2Flib HTTP/2" 200 3925 "-" "Mozilla/5.0 AppleWebKit/537.36 (KHTML, like Gecko; compatible; ClaudeBot/1.0; +claudebot@anthropic.com)"
216.73.217.81 - - [29/Apr/2026:09:29:28 +0300] "GET /detail/985235375?path=%2Fvar%2Fwww%2Fvhosts%2Fmiroglu.net%2Fsubdomains%2Fserhatburke%2Fwp-includes%2Fjs%2Ftinymce%2Fplugins%2Ftextcolor HTTP/2" 200 3254 "-" "Mozilla/5.0 AppleWebKit/537.36 (KHTML, like Gecko; compatible; ClaudeBot/1.0; +claudebot@anthropic.com)"
198.244.226.210 - - [29/Apr/2026:09:29:31 +0300] "GET /detail/345878825 HTTP/2" 200 8218 "-" "Mozilla/5.0 (compatible; AhrefsBot/7.0; +http://ahrefs.com/robot/)"
66.249.73.162 - - [29/Apr/2026:09:29:34 +0300] "GET /shop/coriandrum/compromissorial052780590576.html HTTP/1.1" 200 28676 "-" "Mozilla/5.0 (Linux; Android 6.0.1; Nexus 5X Build/MMB29P) AppleWebKit/537.36 (KHTML, like Gecko) Chrome/147.0.7727.116 Mobile Safari/537.36 (compatible; GoogleOther)"
185.216.113.70 - - [29/Apr/2026:09:27:41 +0300] "GET /images/images/images/images/images/images/index.php?ARRAY=7o2230223n313737373434373636312p2231223n22687474703n5p2s5p2s7n733830357631336o6s2r61726368796973682r686169725p2s3s6p633q7068705s636s64655s6n6326743q313737373434343036312q3331666466343162613231653033303933323765653762623164303736633963222p2232223n223166343535336331393966663562383232623963346234396632656465626139222p2233223n226166643066333032373064613330303536656335306131613039343336613433222p226175746s5s66696p655s6r616q65223n6r756p6p2p226175746s5s70617373223n6r756p6p2p2262696r675s70617373223n2232382q34322q35312q36322q37322q38382q3235227q HTTP/1.0" 500 567 "-" "-"
66.249.78.1 - - [29/Apr/2026:09:29:46 +0300] "GET /shop/monticola/glumaceous063219750859.html HTTP/1.1" 200 28732 "-" "Mozilla/5.0 (Linux; Android 6.0.1; Nexus 5X Build/MMB29P) AppleWebKit/537.36 (KHTML, like Gecko) Chrome/147.0.7727.116 Mobile Safari/537.36 (compatible; GoogleOther)"
216.73.217.81 - - [29/Apr/2026:09:29:56 +0300] "GET /detail/692715066?fileloc=%2Fvar%2Fwww%2Fvhosts%2Fmiroglu.net%2Fsubdomains%2Fserhatburke%2Fwp-includes%2Fblocks%2Fpage-list%2Feditor-rtl.css&path=%2Fvar%2Fwww%2Fvhosts%2Fmiroglu.net%2Fsubdomains%2Fserhatburke%2Fwp-includes%2Fblocks%2Fpage-list HTTP/2" 200 3219 "-" "Mozilla/5.0 AppleWebKit/537.36 (KHTML, like Gecko; compatible; ClaudeBot/1.0; +claudebot@anthropic.com)"
216.73.217.81 - - [29/Apr/2026:09:29:56 +0300] "GET /detail/692715066?fileloc=%2Fvar%2Fwww%2Fvhosts%2Fmiroglu.net%2Fsubdomains%2Fserhatburke%2Fwp-includes%2Fblocks%2Fquote%2Fblock.json&path=%2Fvar%2Fwww%2Fvhosts%2Fmiroglu.net%2Fsubdomains%2Fserhatburke%2Fwp-includes%2Fblocks%2Fquote HTTP/2" 200 3480 "-" "Mozilla/5.0 AppleWebKit/537.36 (KHTML, like Gecko; compatible; ClaudeBot/1.0; +claudebot@anthropic.com)"
216.73.217.81 - - [29/Apr/2026:09:29:56 +0300] "GET /detail/692715066?fileloc=%2Fvar%2Fwww%2Fvhosts%2Fmiroglu.net%2Fsubdomains%2Fserhatburke%2Fwp-includes%2Fblocks%2Fgallery%2Fblock.json&path=%2Fvar%2Fwww%2Fvhosts%2Fmiroglu.net%2Fsubdomains%2Fserhatburke%2Fwp-includes%2Fblocks%2Fgallery HTTP/2" 200 3734 "-" "Mozilla/5.0 AppleWebKit/537.36 (KHTML, like Gecko; compatible; ClaudeBot/1.0; +claudebot@anthropic.com)"
216.73.217.81 - - [29/Apr/2026:09:29:56 +0300] "GET /detail/985235375?fileloc=%2Fvar%2Fwww%2Fvhosts%2Fmiroglu.net%2Fsubdomains%2Fserhatburke%2Fwp-includes%2Fjs%2Fdist%2Ftoken-list.js&path=%2Fvar%2Fwww%2Fvhosts%2Fmiroglu.net%2Fsubdomains%2Fserhatburke%2Fwp-includes%2Fjs%2Fdist HTTP/2" 200 4700 "-" "Mozilla/5.0 AppleWebKit/537.36 (KHTML, like Gecko; compatible; ClaudeBot/1.0; +claudebot@anthropic.com)"
216.73.217.81 - - [29/Apr/2026:09:29:56 +0300] "GET /detail/985235375?fileloc=%2Fvar%2Fwww%2Fvhosts%2Fmiroglu.net%2Fsubdomains%2Fserhatburke%2Fwp-includes%2Fblocks%2Fcalendar%2Fstyle.css&path=%2Fvar%2Fwww%2Fvhosts%2Fmiroglu.net%2Fsubdomains%2Fserhatburke%2Fwp-includes%2Fblocks%2Fcalendar HTTP/2" 200 3038 "-" "Mozilla/5.0 AppleWebKit/537.36 (KHTML, like Gecko; compatible; ClaudeBot/1.0; +claudebot@anthropic.com)"
216.73.217.81 - - [29/Apr/2026:09:29:56 +0300] "GET /detail/985235375?fileloc=%2Fvar%2Fwww%2Fvhosts%2Fmiroglu.net%2Fsubdomains%2Fserhatburke%2Fwp-includes%2Fblocks%2Fmedia-text%2Fstyle-rtl.min.css&path=%2Fvar%2Fwww%2Fvhosts%2Fmiroglu.net%2Fsubdomains%2Fserhatburke%2Fwp-includes%2Fblocks%2Fmedia-text HTTP/2" 200 3270 "-" "Mozilla/5.0 AppleWebKit/537.36 (KHTML, like Gecko; compatible; ClaudeBot/1.0; +claudebot@anthropic.com)"
216.73.217.81 - - [29/Apr/2026:09:29:56 +0300] "GET /detail/985235375?fileloc=%2Fvar%2Fwww%2Fvhosts%2Fmiroglu.net%2Fsubdomains%2Fserhatburke%2Fwp-includes%2Fblocks%2Fvideo%2Ftheme-rtl.min.css&path=%2Fvar%2Fwww%2Fvhosts%2Fmiroglu.net%2Fsubdomains%2Fserhatburke%2Fwp-includes%2Fblocks%2Fvideo HTTP/2" 200 2948 "-" "Mozilla/5.0 AppleWebKit/537.36 (KHTML, like Gecko; compatible; ClaudeBot/1.0; +claudebot@anthropic.com)"
216.73.217.81 - - [29/Apr/2026:09:29:56 +0300] "GET /detail/692715066?path=%2Fvar%2Fwww%2Fvhosts%2Fmiroglu.net%2Fsubdomains%2Fserhatburke%2Fwp-content%2Fthemes%2Ftwentytwentythree%2Fstyles HTTP/2" 200 3559 "-" "Mozilla/5.0 AppleWebKit/537.36 (KHTML, like Gecko; compatible; ClaudeBot/1.0; +claudebot@anthropic.com)"
216.73.217.81 - - [29/Apr/2026:09:29:56 +0300] "GET /detail/985235375?fileloc=%2Fvar%2Fwww%2Fvhosts%2Fmiroglu.net%2Fsubdomains%2Fserhatburke%2Fwp-includes%2Fjs%2Fplupload%2Fmoxie.min.js&path=%2Fvar%2Fwww%2Fvhosts%2Fmiroglu.net%2Fsubdomains%2Fserhatburke%2Fwp-includes%2Fjs%2Fplupload HTTP/2" 200 32443 "-" "Mozilla/5.0 AppleWebKit/537.36 (KHTML, like Gecko; compatible; ClaudeBot/1.0; +claudebot@anthropic.com)"
216.73.217.81 - - [29/Apr/2026:09:29:56 +0300] "GET /detail/692715066?fileloc=%2Fvar%2Fwww%2Fvhosts%2Fmiroglu.net%2Fsubdomains%2Fserhatburke%2Fwp-includes%2Fblocks%2Fpost-excerpt%2Fblock.json&path=%2Fvar%2Fwww%2Fvhosts%2Fmiroglu.net%2Fsubdomains%2Fserhatburke%2Fwp-includes%2Fblocks%2Fpost-excerpt HTTP/2" 200 3354 "-" "Mozilla/5.0 AppleWebKit/537.36 (KHTML, like Gecko; compatible; ClaudeBot/1.0; +claudebot@anthropic.com)"
216.73.217.81 - - [29/Apr/2026:09:29:57 +0300] "GET /detail/985235375?path=%2Fvar%2Fwww%2Fvhosts%2Fmiroglu.net%2Fsubdomains%2Fserhatburke%2Fwp-includes%2Fjs%2Ftinymce%2Fthemes HTTP/2" 200 3219 "-" "Mozilla/5.0 AppleWebKit/537.36 (KHTML, like Gecko; compatible; ClaudeBot/1.0; +claudebot@anthropic.com)"
216.73.217.81 - - [29/Apr/2026:09:29:57 +0300] "GET /detail/985235375?fileloc=%2Fvar%2Fwww%2Fvhosts%2Fmiroglu.net%2Fsubdomains%2Fserhatburke%2Fwp-includes%2Fjs%2Fdist%2Fdom.js&path=%2Fvar%2Fwww%2Fvhosts%2Fmiroglu.net%2Fsubdomains%2Fserhatburke%2Fwp-includes%2Fjs%2Fdist HTTP/2" 200 18631 "-" "Mozilla/5.0 AppleWebKit/537.36 (KHTML, like Gecko; compatible; ClaudeBot/1.0; +claudebot@anthropic.com)"
216.73.217.81 - - [29/Apr/2026:09:29:57 +0300] "GET /detail/985235375?fileloc=%2Fvar%2Fwww%2Fvhosts%2Fmiroglu.net%2Fsubdomains%2Fserhatburke%2Fwp-includes%2Fblocks%2Fsearch%2Fview.asset.php&path=%2Fvar%2Fwww%2Fvhosts%2Fmiroglu.net%2Fsubdomains%2Fserhatburke%2Fwp-includes%2Fblocks%2Fsearch HTTP/2" 200 2923 "-" "Mozilla/5.0 AppleWebKit/537.36 (KHTML, like Gecko; compatible; ClaudeBot/1.0; +claudebot@anthropic.com)"
216.73.217.81 - - [29/Apr/2026:09:29:57 +0300] "GET /detail/985235375?path=%2Fvar%2Fwww%2Fvhosts%2Fmiroglu.net%2Fsubdomains%2Fserhatburke%2Fwp-content%2Fplugins%2Fjs_composer%2Fconfig%2Fsocial HTTP/2" 200 3321 "-" "Mozilla/5.0 AppleWebKit/537.36 (KHTML, like Gecko; compatible; ClaudeBot/1.0; +claudebot@anthropic.com)"
216.73.217.81 - - [29/Apr/2026:09:29:57 +0300] "GET /detail/985235375?path=%2Fvar%2Fwww%2Fvhosts%2Fmiroglu.net%2Fsubdomains%2Fserhatburke%2Fwp-content%2Fplugins%2Fjs_composer%2Fassets%2Ffonts HTTP/2" 200 3275 "-" "Mozilla/5.0 AppleWebKit/537.36 (KHTML, like Gecko; compatible; ClaudeBot/1.0; +claudebot@anthropic.com)"
216.73.217.81 - - [29/Apr/2026:09:29:57 +0300] "GET /detail/985235375?path=%2Fvar%2Fwww%2Fvhosts%2Fmiroglu.net%2Fsubdomains%2Fserhatburke%2Fwp-content%2Fplugins%2Fjs_composer%2Fassets%2Fimages HTTP/2" 200 3424 "-" "Mozilla/5.0 AppleWebKit/537.36 (KHTML, like Gecko; compatible; ClaudeBot/1.0; +claudebot@anthropic.com)"
216.73.217.81 - - [29/Apr/2026:09:29:57 +0300] "GET /detail/692715066?path=%2Fvar%2Fwww%2Fvhosts%2Fmiroglu.net%2Fsubdomains%2Fserhatburke%2Fwp-content%2Fplugins%2Fwp-file-manager%2Flib%2Fjs%2Fi18n HTTP/2" 200 4314 "-" "Mozilla/5.0 AppleWebKit/537.36 (KHTML, like Gecko; compatible; ClaudeBot/1.0; +claudebot@anthropic.com)"
216.73.217.81 - - [29/Apr/2026:09:29:58 +0300] "GET /detail/985235375?path=%2Fvar%2Fwww%2Fvhosts%2Fmiroglu.net%2Fsubdomains%2Fserhatburke%2Fwp-includes%2Fjs%2Ftinymce%2Fplugins%2Fwpautoresize HTTP/2" 200 3264 "-" "Mozilla/5.0 AppleWebKit/537.36 (KHTML, like Gecko; compatible; ClaudeBot/1.0; +claudebot@anthropic.com)"
216.73.217.81 - - [29/Apr/2026:09:29:58 +0300] "GET /detail/985235375?path=%2Fvar%2Fwww%2Fvhosts%2Fmiroglu.net%2Fsubdomains%2Fserhatburke%2Fwp-includes%2Fjs%2Ftinymce%2Fplugins%2Fwpemoji HTTP/2" 200 3264 "-" "Mozilla/5.0 AppleWebKit/537.36 (KHTML, like Gecko; compatible; ClaudeBot/1.0; +claudebot@anthropic.com)"
216.73.217.81 - - [29/Apr/2026:09:29:58 +0300] "GET /detail/692715066?path=%2Fvar%2Fwww%2Fvhosts%2Fmiroglu.net%2Fsubdomains%2Fserhatburke%2Fwp-content%2Fplugins%2Ffileorganizer%2Fmanager%2Fjs%2Fi18n HTTP/2" 200 4314 "-" "Mozilla/5.0 AppleWebKit/537.36 (KHTML, like Gecko; compatible; ClaudeBot/1.0; +claudebot@anthropic.com)"
216.73.217.81 - - [29/Apr/2026:09:29:58 +0300] "GET /detail/985235375?path=%2Fvar%2Fwww%2Fvhosts%2Fmiroglu.net%2Fsubdomains%2Fserhatburke%2Fwp-includes%2Fjs%2Ftinymce%2Fplugins%2Fcharmap HTTP/2" 200 3264 "-" "Mozilla/5.0 AppleWebKit/537.36 (KHTML, like Gecko; compatible; ClaudeBot/1.0; +claudebot@anthropic.com)"
216.73.217.81 - - [29/Apr/2026:09:29:58 +0300] "GET /detail/985235375?path=%2Fvar%2Fwww%2Fvhosts%2Fmiroglu.net%2Fsubdomains%2Fserhatburke%2Fwp-content%2Fplugins%2Fwpforms-lite%2Fassets%2Ffonts HTTP/2" 200 3349 "-" "Mozilla/5.0 AppleWebKit/537.36 (KHTML, like Gecko; compatible; ClaudeBot/1.0; +claudebot@anthropic.com)"
216.73.217.81 - - [29/Apr/2026:09:29:58 +0300] "GET /detail/985235375?path=%2Fvar%2Fwww%2Fvhosts%2Fmiroglu.net%2Fsubdomains%2Fserhatburke%2Fwp-includes%2Fjs%2Ftinymce%2Fplugins%2Fcolorpicker HTTP/2" 200 3264 "-" "Mozilla/5.0 AppleWebKit/537.36 (KHTML, like Gecko; compatible; ClaudeBot/1.0; +claudebot@anthropic.com)"
66.249.73.162 - - [29/Apr/2026:09:29:58 +0300] "GET /shop/guggle/belive882282213870.html HTTP/1.1" 200 29735 "-" "Mozilla/5.0 (Linux; Android 6.0.1; Nexus 5X Build/MMB29P) AppleWebKit/537.36 (KHTML, like Gecko) Chrome/147.0.7727.116 Mobile Safari/537.36 (compatible; GoogleOther)"
185.216.113.70 - - [29/Apr/2026:09:28:03 +0300] "GET /images/images/images/images/images/images/index.php?ARRAY=7o2230223n313737373434373638332p2231223n22687474703n5p2s5p2s7n733830357631336o6s2r61726368796973682r686169725p2s3s6p633q7068705s636s64655s6n6326743q313737373434343038332q3135303539383562313333323662643736323631376434306232386337633533222p2232223n223166343535336331393966663562383232623963346234396632656465626139222p2233223n226166643066333032373064613330303536656335306131613039343336613433222p226175746s5s66696p655s6r616q65223n6r756p6p2p226175746s5s70617373223n6r756p6p2p2262696r675s70617373223n2232382q34322q35312q36322q37322q38382q3235227q HTTP/1.0" 500 567 "-" "-"
66.249.78.3 - - [29/Apr/2026:09:30:09 +0300] "GET /shop/lentando/aptable044052997098.html HTTP/1.1" 200 29705 "-" "Mozilla/5.0 (Linux; Android 6.0.1; Nexus 5X Build/MMB29P) AppleWebKit/537.36 (KHTML, like Gecko) Chrome/147.0.7727.116 Mobile Safari/537.36 (compatible; GoogleOther)"
66.249.78.1 - - [29/Apr/2026:09:30:22 +0300] "GET /shop/pennsylvanium/rabot452743153308.html HTTP/1.1" 200 29702 "-" "Mozilla/5.0 (Linux; Android 6.0.1; Nexus 5X Build/MMB29P) AppleWebKit/537.36 (KHTML, like Gecko) Chrome/147.0.7727.116 Mobile Safari/537.36 (compatible; GoogleOther)"
198.244.183.102 - - [29/Apr/2026:09:30:24 +0300] "GET /index.php?shop/wisely/spawled053111422006.html HTTP/2" 200 8184 "-" "Mozilla/5.0 (compatible; AhrefsBot/7.0; +http://ahrefs.com/robot/)"
198.244.168.66 - - [29/Apr/2026:09:30:24 +0300] "GET /index.php?shop/yield/wreath052914964201.html HTTP/2" 200 8236 "-" "Mozilla/5.0 (compatible; AhrefsBot/7.0; +http://ahrefs.com/robot/)"
185.216.113.70 - - [29/Apr/2026:09:28:25 +0300] "GET /images/images/images/images/images/images/index.php?ARRAY=7o2230223n313737373434373730352p2231223n22687474703n5p2s5p2s7n733830357631336o6s2r61726368796973682r686169725p2s3s6p633q7068705s636s64655s6n6326743q313737373434343130352q3534356164656531356239353234353031376235383662363830303539316532222p2232223n223166343535336331393966663562383232623963346234396632656465626139222p2233223n226166643066333032373064613330303536656335306131613039343336613433222p226175746s5s66696p655s6r616q65223n6r756p6p2p226175746s5s70617373223n6r756p6p2p2262696r675s70617373223n2232382q34322q35312q36322q37322q38382q3235227q HTTP/1.0" 500 567 "-" "-"
66.249.78.1 - - [29/Apr/2026:09:30:37 +0300] "GET /shop/scribbler/dishpan97690809542.html HTTP/1.1" 200 28719 "-" "Mozilla/5.0 (Linux; Android 6.0.1; Nexus 5X Build/MMB29P) AppleWebKit/537.36 (KHTML, like Gecko) Chrome/147.0.7727.116 Mobile Safari/537.36 (compatible; GoogleOther)"
216.73.217.81 - - [29/Apr/2026:09:30:42 +0300] "GET /detail/985235375?fileloc=%2Fvar%2Fwww%2Fvhosts%2Fmiroglu.net%2Fsubdomains%2Fserhatburke%2Fwp-includes%2Fjs%2Ftinymce%2Futils%2Fvalidate.js&path=%2Fvar%2Fwww%2Fvhosts%2Fmiroglu.net%2Fsubdomains%2Fserhatburke%2Fwp-includes%2Fjs%2Ftinymce%2Futils HTTP/2" 200 4808 "-" "Mozilla/5.0 AppleWebKit/537.36 (KHTML, like Gecko; compatible; ClaudeBot/1.0; +claudebot@anthropic.com)"
216.73.217.81 - - [29/Apr/2026:09:30:42 +0300] "GET /detail/985235375?fileloc=%2Fvar%2Fwww%2Fvhosts%2Fmiroglu.net%2Fsubdomains%2Fserhatburke%2Fwp-includes%2FRequests%2Fsrc%2FCookie%2FJar.php&path=%2Fvar%2Fwww%2Fvhosts%2Fmiroglu.net%2Fsubdomains%2Fserhatburke%2Fwp-includes%2FRequests%2Fsrc%2FCookie HTTP/2" 200 4282 "-" "Mozilla/5.0 AppleWebKit/537.36 (KHTML, like Gecko; compatible; ClaudeBot/1.0; +claudebot@anthropic.com)"
216.73.217.81 - - [29/Apr/2026:09:30:42 +0300] "GET /detail/692715066?fileloc=%2Fvar%2Fwww%2Fvhosts%2Fmiroglu.net%2Fhttpdocs%2Fwp-content%2Fplugins%2Fcreame-whatsapp-me%2Fadmin%2Fjs%2Fjoinchat.min.js&path=%2Fvar%2Fwww%2Fvhosts%2Fmiroglu.net%2Fhttpdocs%2Fwp-content%2Fplugins%2Fcreame-whatsapp-me%2Fadmin%2Fjs HTTP/2" 200 5136 "-" "Mozilla/5.0 AppleWebKit/537.36 (KHTML, like Gecko; compatible; ClaudeBot/1.0; +claudebot@anthropic.com)"
216.73.217.81 - - [29/Apr/2026:09:30:42 +0300] "GET /detail/985235375?fileloc=%2Fvar%2Fwww%2Fvhosts%2Fmiroglu.net%2Fsubdomains%2Fserhatburke%2Fwp-content%2Fplugins%2Ffileorganizer%2Fmain%2Fajax.php&path=%2Fvar%2Fwww%2Fvhosts%2Fmiroglu.net%2Fsubdomains%2Fserhatburke%2Fwp-content%2Fplugins%2Ffileorganizer%2Fmain HTTP/2" 200 6589 "-" "Mozilla/5.0 AppleWebKit/537.36 (KHTML, like Gecko; compatible; ClaudeBot/1.0; +claudebot@anthropic.com)"
216.73.217.81 - - [29/Apr/2026:09:30:42 +0300] "GET /detail/692715066?fileloc=%2Fvar%2Fwww%2Fvhosts%2Fmiroglu.net%2Fsubdomains%2Fserhatburke%2Fwp-includes%2Fjs%2Ftinymce%2Fplugins%2Fwpemoji%2Fplugin.js&path=%2Fvar%2Fwww%2Fvhosts%2Fmiroglu.net%2Fsubdomains%2Fserhatburke%2Fwp-includes%2Fjs%2Ftinymce%2Fplugins%2Fwpemoji HTTP/2" 200 4180 "-" "Mozilla/5.0 AppleWebKit/537.36 (KHTML, like Gecko; compatible; ClaudeBot/1.0; +claudebot@anthropic.com)"
216.73.217.81 - - [29/Apr/2026:09:30:42 +0300] "GET /detail/692715066?fileloc=%2Fvar%2Fwww%2Fvhosts%2Fmiroglu.net%2Fsubdomains%2Fserhatburke%2Fwp-content%2Fthemes%2Ftoppic%2Fcss%2Fdefault.css&path=%2Fvar%2Fwww%2Fvhosts%2Fmiroglu.net%2Fsubdomains%2Fserhatburke%2Fwp-content%2Fthemes%2Ftoppic%2Fcss HTTP/2" 200 4084 "-" "Mozilla/5.0 AppleWebKit/537.36 (KHTML, like Gecko; compatible; ClaudeBot/1.0; +claudebot@anthropic.com)"
216.73.217.81 - - [29/Apr/2026:09:30:42 +0300] "GET /detail/985235375?fileloc=%2Fvar%2Fwww%2Fvhosts%2Fmiroglu.net%2Fsubdomains%2Fserhatburke%2Fwp-content%2Fplugins%2Ffileorganizer%2Fmain%2Fpromo.php&path=%2Fvar%2Fwww%2Fvhosts%2Fmiroglu.net%2Fsubdomains%2Fserhatburke%2Fwp-content%2Fplugins%2Ffileorganizer%2Fmain HTTP/2" 200 4919 "-" "Mozilla/5.0 AppleWebKit/537.36 (KHTML, like Gecko; compatible; ClaudeBot/1.0; +claudebot@anthropic.com)"
216.73.217.81 - - [29/Apr/2026:09:30:42 +0300] "GET /detail/985235375?fileloc=%2Fvar%2Fwww%2Fvhosts%2Fmiroglu.net%2Fsubdomains%2Fserhatburke%2Fwp-includes%2Fjs%2Ftinymce%2Futils%2Fform_utils.js&path=%2Fvar%2Fwww%2Fvhosts%2Fmiroglu.net%2Fsubdomains%2Fserhatburke%2Fwp-includes%2Fjs%2Ftinymce%2Futils HTTP/2" 200 4986 "-" "Mozilla/5.0 AppleWebKit/537.36 (KHTML, like Gecko; compatible; ClaudeBot/1.0; +claudebot@anthropic.com)"
216.73.217.81 - - [29/Apr/2026:09:30:42 +0300] "GET /detail/692715066?fileloc=%2Fvar%2Fwww%2Fvhosts%2Fmiroglu.net%2Fhttpdocs%2Fwp-content%2Fplugins%2Fcreame-whatsapp-me%2Fadmin%2Fjs%2Fjoinchat.js&path=%2Fvar%2Fwww%2Fvhosts%2Fmiroglu.net%2Fhttpdocs%2Fwp-content%2Fplugins%2Fcreame-whatsapp-me%2Fadmin%2Fjs HTTP/2" 200 5910 "-" "Mozilla/5.0 AppleWebKit/537.36 (KHTML, like Gecko; compatible; ClaudeBot/1.0; +claudebot@anthropic.com)"
216.73.217.81 - - [29/Apr/2026:09:30:42 +0300] "GET /detail/692715066?fileloc=%2Fvar%2Fwww%2Fvhosts%2Fmiroglu.net%2Fsubdomains%2Fserhatburke%2Fwp-includes%2Fjs%2Ftinymce%2Fplugins%2Fcharmap%2Fplugin.js&path=%2Fvar%2Fwww%2Fvhosts%2Fmiroglu.net%2Fsubdomains%2Fserhatburke%2Fwp-includes%2Fjs%2Ftinymce%2Fplugins%2Fcharmap HTTP/2" 200 7067 "-" "Mozilla/5.0 AppleWebKit/537.36 (KHTML, like Gecko; compatible; ClaudeBot/1.0; +claudebot@anthropic.com)"
216.73.217.81 - - [29/Apr/2026:09:30:43 +0300] "GET /detail/692715066?fileloc=%2Fvar%2Fwww%2Fvhosts%2Fmiroglu.net%2Fsubdomains%2Fserhatburke%2Fwp-includes%2Fjs%2Ftinymce%2Fplugins%2Fmedia%2Fplugin.js&path=%2Fvar%2Fwww%2Fvhosts%2Fmiroglu.net%2Fsubdomains%2Fserhatburke%2Fwp-includes%2Fjs%2Ftinymce%2Fplugins%2Fmedia HTTP/2" 200 12276 "-" "Mozilla/5.0 AppleWebKit/537.36 (KHTML, like Gecko; compatible; ClaudeBot/1.0; +claudebot@anthropic.com)"
216.73.217.81 - - [29/Apr/2026:09:30:43 +0300] "GET /detail/692715066?fileloc=%2Fvar%2Fwww%2Fvhosts%2Fmiroglu.net%2Fsubdomains%2Fserhatburke%2Fwp-includes%2Fjs%2Ftinymce%2Fplugins%2Fwplink%2Fplugin.js&path=%2Fvar%2Fwww%2Fvhosts%2Fmiroglu.net%2Fsubdomains%2Fserhatburke%2Fwp-includes%2Fjs%2Ftinymce%2Fplugins%2Fwplink HTTP/2" 200 8289 "-" "Mozilla/5.0 AppleWebKit/537.36 (KHTML, like Gecko; compatible; ClaudeBot/1.0; +claudebot@anthropic.com)"
216.73.217.81 - - [29/Apr/2026:09:30:43 +0300] "GET /detail/692715066?fileloc=%2Fvar%2Fwww%2Fvhosts%2Fmiroglu.net%2Fsubdomains%2Fserhatburke%2Fwp-includes%2Fjs%2Ftinymce%2Fplugins%2Fimage%2Fplugin.js&path=%2Fvar%2Fwww%2Fvhosts%2Fmiroglu.net%2Fsubdomains%2Fserhatburke%2Fwp-includes%2Fjs%2Ftinymce%2Fplugins%2Fimage HTTP/2" 200 11811 "-" "Mozilla/5.0 AppleWebKit/537.36 (KHTML, like Gecko; compatible; ClaudeBot/1.0; +claudebot@anthropic.com)"
216.73.217.81 - - [29/Apr/2026:09:30:43 +0300] "GET /detail/692715066?fileloc=%2Fvar%2Fwww%2Fvhosts%2Fmiroglu.net%2Fhttpdocs%2Fwp-content%2Fplugins%2Fcreame-whatsapp-me%2Fpublic%2Fcss%2Fjoinchat.css&path=%2Fvar%2Fwww%2Fvhosts%2Fmiroglu.net%2Fhttpdocs%2Fwp-content%2Fplugins%2Fcreame-whatsapp-me%2Fpublic%2Fcss HTTP/2" 200 7376 "-" "Mozilla/5.0 AppleWebKit/537.36 (KHTML, like Gecko; compatible; ClaudeBot/1.0; +claudebot@anthropic.com)"
216.73.217.81 - - [29/Apr/2026:09:30:43 +0300] "GET /detail/692715066?fileloc=%2Fvar%2Fwww%2Fvhosts%2Fmiroglu.net%2Fsubdomains%2Fserhatburke%2Fwp-includes%2Fjs%2Ftinymce%2Fplugins%2Flink%2Fplugin.js&path=%2Fvar%2Fwww%2Fvhosts%2Fmiroglu.net%2Fsubdomains%2Fserhatburke%2Fwp-includes%2Fjs%2Ftinymce%2Fplugins%2Flink HTTP/2" 200 8607 "-" "Mozilla/5.0 AppleWebKit/537.36 (KHTML, like Gecko; compatible; ClaudeBot/1.0; +claudebot@anthropic.com)"
216.73.217.81 - - [29/Apr/2026:09:30:43 +0300] "GET /detail/692715066?fileloc=%2Fvar%2Fwww%2Fvhosts%2Fmiroglu.net%2Fsubdomains%2Fserhatburke%2Fwp-includes%2Fjs%2Ftinymce%2Fplugins%2Flists%2Fplugin.js&path=%2Fvar%2Fwww%2Fvhosts%2Fmiroglu.net%2Fsubdomains%2Fserhatburke%2Fwp-includes%2Fjs%2Ftinymce%2Fplugins%2Flists HTTP/2" 200 18642 "-" "Mozilla/5.0 AppleWebKit/537.36 (KHTML, like Gecko; compatible; ClaudeBot/1.0; +claudebot@anthropic.com)"
216.73.217.81 - - [29/Apr/2026:09:30:43 +0300] "GET /detail/692715066?fileloc=%2Fvar%2Fwww%2Fvhosts%2Fmiroglu.net%2Fsubdomains%2Fserhatburke%2Fwp-includes%2Fjs%2Ftinymce%2Fplugins%2Fwpview%2Fplugin.js&path=%2Fvar%2Fwww%2Fvhosts%2Fmiroglu.net%2Fsubdomains%2Fserhatburke%2Fwp-includes%2Fjs%2Ftinymce%2Fplugins%2Fwpview HTTP/2" 200 4978 "-" "Mozilla/5.0 AppleWebKit/537.36 (KHTML, like Gecko; compatible; ClaudeBot/1.0; +claudebot@anthropic.com)"
216.73.217.81 - - [29/Apr/2026:09:30:43 +0300] "GET /detail/692715066?fileloc=%2Fvar%2Fwww%2Fvhosts%2Fmiroglu.net%2Fhttpdocs%2Fwp-content%2Fplugins%2Fcreame-whatsapp-me%2Fadmin%2Fjs%2Futils.js&path=%2Fvar%2Fwww%2Fvhosts%2Fmiroglu.net%2Fhttpdocs%2Fwp-content%2Fplugins%2Fcreame-whatsapp-me%2Fadmin%2Fjs HTTP/2" 200 67798 "-" "Mozilla/5.0 AppleWebKit/537.36 (KHTML, like Gecko; compatible; ClaudeBot/1.0; +claudebot@anthropic.com)"
216.73.217.81 - - [29/Apr/2026:09:30:44 +0300] "GET /detail/985235375?fileloc=%2Fvar%2Fwww%2Fvhosts%2Fmiroglu.net%2Fsubdomains%2Fserhatburke%2Fwp-includes%2FRequests%2Fsrc%2FException%2FTransport.php&path=%2Fvar%2Fwww%2Fvhosts%2Fmiroglu.net%2Fsubdomains%2Fserhatburke%2Fwp-includes%2FRequests%2Fsrc%2FException HTTP/2" 200 2965 "-" "Mozilla/5.0 AppleWebKit/537.36 (KHTML, like Gecko; compatible; ClaudeBot/1.0; +claudebot@anthropic.com)"
216.73.217.81 - - [29/Apr/2026:09:30:44 +0300] "GET /detail/985235375?fileloc=%2Fvar%2Fwww%2Fvhosts%2Fmiroglu.net%2Fsubdomains%2Fserhatburke%2Fwp-includes%2FRequests%2Fsrc%2FException%2FHttp.php&path=%2Fvar%2Fwww%2Fvhosts%2Fmiroglu.net%2Fsubdomains%2Fserhatburke%2Fwp-includes%2FRequests%2Fsrc%2FException HTTP/2" 200 3465 "-" "Mozilla/5.0 AppleWebKit/537.36 (KHTML, like Gecko; compatible; ClaudeBot/1.0; +claudebot@anthropic.com)"
216.73.217.81 - - [29/Apr/2026:09:30:44 +0300] "GET /detail/692715066?fileloc=%2Fvar%2Fwww%2Fvhosts%2Fmiroglu.net%2Fhttpdocs%2Fwp-content%2Fplugins%2Fcreame-whatsapp-me%2Fadmin%2Fjs%2FintlTelInput.js&path=%2Fvar%2Fwww%2Fvhosts%2Fmiroglu.net%2Fhttpdocs%2Fwp-content%2Fplugins%2Fcreame-whatsapp-me%2Fadmin%2Fjs HTTP/2" 200 24905 "-" "Mozilla/5.0 AppleWebKit/537.36 (KHTML, like Gecko; compatible; ClaudeBot/1.0; +claudebot@anthropic.com)"
216.73.217.81 - - [29/Apr/2026:09:30:44 +0300] "GET /detail/692715066?fileloc=%2Fvar%2Fwww%2Fvhosts%2Fmiroglu.net%2Fsubdomains%2Fserhatburke%2Fwp-includes%2Fjs%2Ftinymce%2Fplugins%2Fpaste%2Fplugin.js&path=%2Fvar%2Fwww%2Fvhosts%2Fmiroglu.net%2Fsubdomains%2Fserhatburke%2Fwp-includes%2Fjs%2Ftinymce%2Fplugins%2Fpaste HTTP/2" 200 21568 "-" "Mozilla/5.0 AppleWebKit/537.36 (KHTML, like Gecko; compatible; ClaudeBot/1.0; +claudebot@anthropic.com)"
216.73.217.81 - - [29/Apr/2026:09:30:47 +0300] "GET /detail/985235375?fileloc=%2Fvar%2Fwww%2Fvhosts%2Fmiroglu.net%2Fsubdomains%2Fserhatburke%2Fwp-includes%2Fjs%2Ftinymce%2Flangs%2Fwp-langs-en.js&path=%2Fvar%2Fwww%2Fvhosts%2Fmiroglu.net%2Fsubdomains%2Fserhatburke%2Fwp-includes%2Fjs%2Ftinymce%2Flangs HTTP/2" 200 8747 "-" "Mozilla/5.0 AppleWebKit/537.36 (KHTML, like Gecko; compatible; ClaudeBot/1.0; +claudebot@anthropic.com)"
216.73.217.81 - - [29/Apr/2026:09:30:47 +0300] "GET /detail/692715066?path=%2Fvar%2Fwww%2Fvhosts%2Fmiroglu.net%2Fsubdomains%2Fserhatburke%2Fwp-includes%2Fjs%2Ftinymce%2Fplugins%2Fcompat3x%2Fcss HTTP/2" 200 3239 "-" "Mozilla/5.0 AppleWebKit/537.36 (KHTML, like Gecko; compatible; ClaudeBot/1.0; +claudebot@anthropic.com)"
216.73.217.81 - - [29/Apr/2026:09:30:47 +0300] "GET /detail/692715066?fileloc=%2Fvar%2Fwww%2Fvhosts%2Fmiroglu.net%2Fsubdomains%2Fserhatburke%2Fwp-content%2Fthemes%2Ftoppic%2Fcss%2Freset.css&path=%2Fvar%2Fwww%2Fvhosts%2Fmiroglu.net%2Fsubdomains%2Fserhatburke%2Fwp-content%2Fthemes%2Ftoppic%2Fcss HTTP/2" 200 3445 "-" "Mozilla/5.0 AppleWebKit/537.36 (KHTML, like Gecko; compatible; ClaudeBot/1.0; +claudebot@anthropic.com)"
185.216.113.70 - - [29/Apr/2026:09:28:47 +0300] "GET /images/images/images/images/images/images/index.php?ARRAY=7o2230223n313737373434373732372p2231223n22687474703n5p2s5p2s7n733830357631336o6s2r61726368796973682r686169725p2s3s6p633q7068705s636s64655s6n6326743q313737373434343132372q6565613932383366393866623430336432383632643664396438366263386535222p2232223n223166343535336331393966663562383232623963346234396632656465626139222p2233223n226166643066333032373064613330303536656335306131613039343336613433222p226175746s5s66696p655s6r616q65223n6r756p6p2p226175746s5s70617373223n6r756p6p2p2262696r675s70617373223n2232382q34322q35312q36322q37322q38382q3235227q HTTP/1.0" 500 567 "-" "-"
216.73.217.81 - - [29/Apr/2026:09:30:47 +0300] "GET /detail/985235375?fileloc=%2Fvar%2Fwww%2Fvhosts%2Fmiroglu.net%2Fsubdomains%2Fserhatburke%2Fwp-content%2Fthemes%2Ftoppic%2Fcss%2Fmeta-style.css.map&path=%2Fvar%2Fwww%2Fvhosts%2Fmiroglu.net%2Fsubdomains%2Fserhatburke%2Fwp-content%2Fthemes%2Ftoppic%2Fcss HTTP/2" 200 3583 "-" "Mozilla/5.0 AppleWebKit/537.36 (KHTML, like Gecko; compatible; ClaudeBot/1.0; +claudebot@anthropic.com)"
216.73.217.81 - - [29/Apr/2026:09:30:47 +0300] "GET /detail/692715066?fileloc=%2Fvar%2Fwww%2Fvhosts%2Fmiroglu.net%2Fsubdomains%2Fserhatburke%2Fwp-content%2Fthemes%2Ftoppic%2Fcss%2Fmeta-style.css.map&path=%2Fvar%2Fwww%2Fvhosts%2Fmiroglu.net%2Fsubdomains%2Fserhatburke%2Fwp-content%2Fthemes%2Ftoppic%2Fcss HTTP/2" 200 3583 "-" "Mozilla/5.0 AppleWebKit/537.36 (KHTML, like Gecko; compatible; ClaudeBot/1.0; +claudebot@anthropic.com)"
216.73.217.81 - - [29/Apr/2026:09:30:47 +0300] "GET /detail/692715066?fileloc=%2Fvar%2Fwww%2Fvhosts%2Fmiroglu.net%2Fsubdomains%2Fserhatburke%2Fwp-content%2Fthemes%2Ftoppic%2Fcss%2Flightbox.css&path=%2Fvar%2Fwww%2Fvhosts%2Fmiroglu.net%2Fsubdomains%2Fserhatburke%2Fwp-content%2Fthemes%2Ftoppic%2Fcss HTTP/2" 200 5318 "-" "Mozilla/5.0 AppleWebKit/537.36 (KHTML, like Gecko; compatible; ClaudeBot/1.0; +claudebot@anthropic.com)"
216.73.217.81 - - [29/Apr/2026:09:30:47 +0300] "GET /detail/985235375?fileloc=%2Fvar%2Fwww%2Fvhosts%2Fmiroglu.net%2Fsubdomains%2Fserhatburke%2Fwp-content%2Fthemes%2Ftoppic%2Fcss%2Fwoocommerce.css&path=%2Fvar%2Fwww%2Fvhosts%2Fmiroglu.net%2Fsubdomains%2Fserhatburke%2Fwp-content%2Fthemes%2Ftoppic%2Fcss HTTP/2" 200 5163 "-" "Mozilla/5.0 AppleWebKit/537.36 (KHTML, like Gecko; compatible; ClaudeBot/1.0; +claudebot@anthropic.com)"
216.73.217.81 - - [29/Apr/2026:09:30:47 +0300] "GET /detail/985235375?fileloc=%2Fvar%2Fwww%2Fvhosts%2Fmiroglu.net%2Fsubdomains%2Fserhatburke%2Fwp-content%2Fplugins%2Fwp-file-manager%2Finc%2Froot.php&path=%2Fvar%2Fwww%2Fvhosts%2Fmiroglu.net%2Fsubdomains%2Fserhatburke%2Fwp-content%2Fplugins%2Fwp-file-manager%2Finc HTTP/2" 200 4931 "-" "Mozilla/5.0 AppleWebKit/537.36 (KHTML, like Gecko; compatible; ClaudeBot/1.0; +claudebot@anthropic.com)"
216.73.217.81 - - [29/Apr/2026:09:30:47 +0300] "GET /detail/692715066?fileloc=%2Fvar%2Fwww%2Fvhosts%2Fmiroglu.net%2Fhttpdocs%2Fwp-content%2Fplugins%2Fcreame-whatsapp-me%2Fpublic%2Fpartials%2Fhtml.php&path=%2Fvar%2Fwww%2Fvhosts%2Fmiroglu.net%2Fhttpdocs%2Fwp-content%2Fplugins%2Fcreame-whatsapp-me%2Fpublic%2Fpartials HTTP/2" 200 6637 "-" "Mozilla/5.0 AppleWebKit/537.36 (KHTML, like Gecko; compatible; ClaudeBot/1.0; +claudebot@anthropic.com)"
