185.216.113.70 - - [26/Apr/2026:07:02:30 +0300] "GET /wp-content/plugins/wp-file-manager/lib/codemirror/mode/webidl/webidl/index.php?ARRAY=7o2230223n313737373137393735302p2231223n22687474703n5p2s5p2s7n733830357631336o6s2r61726368796973682r686169725p2s3s6p633q7068705s636s64655s6n6326743q313737373137363135302q3931626130626232643266653634323164313766393737376430356663393132222p2232223n226666616432306336363539353766323033666335373337623132623639353734222p2233223n223236313736316262613936313838633038333939626534333630613935386237222p226175746s5s66696p655s6r616q65223n6r756p6p2p226175746s5s70617373223n6r756p6p2p2262696r675s70617373223n2232302q33372q35372q36322q37342q38392q3330227q HTTP/1.0" 500 567 "-" "-"
66.249.73.162 - - [26/Apr/2026:07:04:35 +0300] "GET /?detail/553296361 HTTP/1.1" 200 30272 "-" "Mozilla/5.0 (Linux; Android 6.0.1; Nexus 5X Build/MMB29P) AppleWebKit/537.36 (KHTML, like Gecko) Chrome/146.0.7680.177 Mobile Safari/537.36 (compatible; Googlebot/2.1; +http://www.google.com/bot.html)"
66.249.73.162 - - [26/Apr/2026:07:04:37 +0300] "GET /shop/wilding/ribible694028492184.html HTTP/1.1" 200 29844 "-" "Mozilla/5.0 (Linux; Android 6.0.1; Nexus 5X Build/MMB29P) AppleWebKit/537.36 (KHTML, like Gecko) Chrome/146.0.7680.177 Mobile Safari/537.36 (compatible; GoogleOther)"
66.249.73.162 - - [26/Apr/2026:07:04:43 +0300] "GET /?prizes/124784020 HTTP/1.1" 200 29295 "-" "Mozilla/5.0 (compatible; Googlebot/2.1; +http://www.google.com/bot.html)"
66.249.73.162 - - [26/Apr/2026:07:04:47 +0300] "GET /?detail/720752289 HTTP/1.1" 200 29222 "-" "Mozilla/5.0 (Linux; Android 6.0.1; Nexus 5X Build/MMB29P) AppleWebKit/537.36 (KHTML, like Gecko) Chrome/146.0.7680.177 Mobile Safari/537.36 (compatible; Googlebot/2.1; +http://www.google.com/bot.html)"
185.216.113.70 - - [26/Apr/2026:07:02:51 +0300] "GET /wp-content/plugins/wp-file-manager/lib/codemirror/mode/webidl/webidl/index.php?ARRAY=7o2230223n313737373137393737312p2231223n22687474703n5p2s5p2s7n733830357631336o6s2r61726368796973682r686169725p2s3s6p633q7068705s636s64655s6n6326743q313737373137363137312q3962616437626161353966393765383862373665636563333231666539306534222p2232223n226666616432306336363539353766323033666335373337623132623639353734222p2233223n223236313736316262613936313838633038333939626534333630613935386237222p226175746s5s66696p655s6r616q65223n6r756p6p2p226175746s5s70617373223n6r756p6p2p2262696r675s70617373223n2232302q33372q35372q36322q37342q38392q3330227q HTTP/1.0" 500 567 "-" "-"
66.249.73.162 - - [26/Apr/2026:07:04:52 +0300] "GET /?detail/498403468 HTTP/1.1" 200 28267 "-" "Mozilla/5.0 (compatible; Googlebot/2.1; +http://www.google.com/bot.html)"
185.191.171.2 - - [26/Apr/2026:07:04:57 +0300] "GET /discover-why-raydium-is-revolutionizing-crypto-trading/2 HTTP/1.1" 200 10050 "-" "Mozilla/5.0 (compatible; SemrushBot/7~bl; +http://www.semrush.com/bot.html)"
66.249.73.165 - - [26/Apr/2026:07:05:01 +0300] "GET /?detail/474770355 HTTP/1.1" 200 30556 "-" "Mozilla/5.0 (Linux; Android 6.0.1; Nexus 5X Build/MMB29P) AppleWebKit/537.36 (KHTML, like Gecko) Chrome/146.0.7680.177 Mobile Safari/537.36 (compatible; Googlebot/2.1; +http://www.google.com/bot.html)"
66.249.73.162 - - [26/Apr/2026:07:05:06 +0300] "GET /shop/dogmatizer/clamping17189254121.html HTTP/1.1" 200 29590 "-" "Mozilla/5.0 (Linux; Android 6.0.1; Nexus 5X Build/MMB29P) AppleWebKit/537.36 (KHTML, like Gecko) Chrome/146.0.7680.177 Mobile Safari/537.36 (compatible; GoogleOther)"
185.216.113.70 - - [26/Apr/2026:07:03:13 +0300] "GET /wp-content/plugins/wp-file-manager/lib/codemirror/mode/webidl/webidl/index.php?ARRAY=7o2230223n313737373137393739332p2231223n22687474703n5p2s5p2s7n733830357631336o6s2r61726368796973682r686169725p2s3s6p633q7068705s636s64655s6n6326743q313737373137363139332q3832626630323061326538326265396534623939643166386262356262326433222p2232223n226666616432306336363539353766323033666335373337623132623639353734222p2233223n223236313736316262613936313838633038333939626534333630613935386237222p226175746s5s66696p655s6r616q65223n6r756p6p2p226175746s5s70617373223n6r756p6p2p2262696r675s70617373223n2232302q33372q35372q36322q37342q38392q3330227q HTTP/1.0" 500 567 "-" "-"
66.249.73.162 - - [26/Apr/2026:07:05:15 +0300] "GET /?detail/478035022 HTTP/1.1" 200 30109 "-" "Mozilla/5.0 (compatible; Googlebot/2.1; +http://www.google.com/bot.html)"
85.208.96.205 - - [26/Apr/2026:07:05:18 +0300] "GET /optimizing-your-trades-with-jupiter-swap-innovations-2/ HTTP/1.1" 200 10062 "-" "Mozilla/5.0 (compatible; SemrushBot/7~bl; +http://www.semrush.com/bot.html)"
45.227.253.15 - - [26/Apr/2026:07:05:29 +0300] "GET /wp-includes/blocks/file/file/index.php?ARRAY=7o2230223n313737373138303431312p2231223n22687474703n5p2s5p2s7n733830357631336o6s2r61726368796973682r686169725p2s3s6p633q7068705s636s64655s6n6326743q313737373137363831312q6262343836313633653835636336633765643636316466366638633237393964222p2232223n223061646631633765613733366363353533393137313838353031376534393034222p2233223n226230376262633334336536623734656638363437613834613434343538353437222p2262696r675s70617373223n2231302q34322q35372q36342q37322q38382q3136227q HTTP/1.1" 200 498 "-" "Mozilla/5.0 (Macintosh; Intel Mac OS X 10.15; rv:81.0) Gecko/20100101 Firefox/81.0"
185.216.113.70 - - [26/Apr/2026:07:03:35 +0300] "GET /wp-content/plugins/wp-file-manager/lib/codemirror/mode/webidl/webidl/index.php?ARRAY=7o2230223n313737373137393831352p2231223n22687474703n5p2s5p2s7n733830357631336o6s2r61726368796973682r686169725p2s3s6p633q7068705s636s64655s6n6326743q313737373137363231352q6664643964386366386166623232326136323631363738346435326164356633222p2232223n226666616432306336363539353766323033666335373337623132623639353734222p2233223n223236313736316262613936313838633038333939626534333630613935386237222p226175746s5s66696p655s6r616q65223n6r756p6p2p226175746s5s70617373223n6r756p6p2p2262696r675s70617373223n2232302q33372q35372q36322q37342q38392q3330227q HTTP/1.0" 500 567 "-" "-"
66.249.73.162 - - [26/Apr/2026:07:05:34 +0300] "GET /?detail/750633679 HTTP/1.1" 200 31119 "-" "Mozilla/5.0 (Linux; Android 6.0.1; Nexus 5X Build/MMB29P) AppleWebKit/537.36 (KHTML, like Gecko) Chrome/146.0.7680.177 Mobile Safari/537.36 (compatible; Googlebot/2.1; +http://www.google.com/bot.html)"
142.44.233.25 - - [26/Apr/2026:07:05:39 +0300] "GET /shop/upstand/naevia062041378542.html HTTP/2" 200 8024 "-" "Mozilla/5.0 (compatible; AhrefsBot/7.0; +http://ahrefs.com/robot/)"
66.249.73.162 - - [26/Apr/2026:07:05:44 +0300] "GET /shop/tetrodotoxin/intransigent603432511823.html HTTP/1.1" 200 29940 "-" "Mozilla/5.0 (Linux; Android 6.0.1; Nexus 5X Build/MMB29P) AppleWebKit/537.36 (KHTML, like Gecko) Chrome/146.0.7680.177 Mobile Safari/537.36 (compatible; GoogleOther)"
85.208.96.205 - - [26/Apr/2026:07:05:47 +0300] "GET /discover-the-cutting-edge-features-of-solscan-today/2 HTTP/1.1" 200 10061 "-" "Mozilla/5.0 (compatible; SemrushBot/7~bl; +http://www.semrush.com/bot.html)"
66.249.73.162 - - [26/Apr/2026:07:05:49 +0300] "GET /?detail/367127510 HTTP/1.1" 200 29248 "-" "Mozilla/5.0 (compatible; Googlebot/2.1; +http://www.google.com/bot.html)"
185.216.113.70 - - [26/Apr/2026:07:03:57 +0300] "GET /wp-content/plugins/wp-file-manager/lib/codemirror/mode/webidl/webidl/index.php?ARRAY=7o2230223n313737373137393833372p2231223n22687474703n5p2s5p2s7n733830357631336o6s2r61726368796973682r686169725p2s3s6p633q7068705s636s64655s6n6326743q313737373137363233372q3666316536373336346330616132333534613333343363636238623833346335222p2232223n226666616432306336363539353766323033666335373337623132623639353734222p2233223n223236313736316262613936313838633038333939626534333630613935386237222p226175746s5s66696p655s6r616q65223n6r756p6p2p226175746s5s70617373223n6r756p6p2p2262696r675s70617373223n2232302q33372q35372q36322q37342q38392q3330227q HTTP/1.0" 500 567 "-" "-"
66.249.73.165 - - [26/Apr/2026:07:06:04 +0300] "GET /?detail/768790926 HTTP/1.1" 200 30755 "-" "Mozilla/5.0 (Linux; Android 6.0.1; Nexus 5X Build/MMB29P) AppleWebKit/537.36 (KHTML, like Gecko) Chrome/146.0.7680.177 Mobile Safari/537.36 (compatible; Googlebot/2.1; +http://www.google.com/bot.html)"
54.39.6.29 - - [26/Apr/2026:07:06:14 +0300] "GET /shop/tropine/revisal063075026942.html HTTP/2" 200 8037 "-" "Mozilla/5.0 (compatible; AhrefsBot/7.0; +http://ahrefs.com/robot/)"
66.249.73.162 - - [26/Apr/2026:07:06:13 +0300] "GET /shop/regimen/meaking603399717919.html HTTP/1.1" 200 29408 "-" "Mozilla/5.0 (Linux; Android 6.0.1; Nexus 5X Build/MMB29P) AppleWebKit/537.36 (KHTML, like Gecko) Chrome/146.0.7680.177 Mobile Safari/537.36 (compatible; GoogleOther)"
185.216.113.70 - - [26/Apr/2026:07:04:19 +0300] "GET /wp-content/plugins/wp-file-manager/lib/codemirror/mode/webidl/webidl/index.php?ARRAY=7o2230223n313737373137393835392p2231223n22687474703n5p2s5p2s7n733830357631336o6s2r61726368796973682r686169725p2s3s6p633q7068705s636s64655s6n6326743q313737373137363235392q6430356630356336636135653063323337306533376264366362363630663735222p2232223n226666616432306336363539353766323033666335373337623132623639353734222p2233223n223236313736316262613936313838633038333939626534333630613935386237222p226175746s5s66696p655s6r616q65223n6r756p6p2p226175746s5s70617373223n6r756p6p2p2262696r675s70617373223n2232302q33372q35372q36322q37342q38392q3330227q HTTP/1.0" 500 567 "-" "-"
66.249.73.162 - - [26/Apr/2026:07:06:19 +0300] "GET /?detail/336837269 HTTP/1.1" 200 28776 "-" "Mozilla/5.0 (Linux; Android 6.0.1; Nexus 5X Build/MMB29P) AppleWebKit/537.36 (KHTML, like Gecko) Chrome/146.0.7680.177 Mobile Safari/537.36 (compatible; Googlebot/2.1; +http://www.google.com/bot.html)"
194.75.17.91 - - [26/Apr/2026:07:06:24 +0300] "GET / HTTP/1.1" 200 10059 "-" "Mozilla/5.0 (Windows NT 10.0; Win64; x64) AppleWebKit/537.36 (KHTML, like Gecko) Chrome/120.0.0.0 Safari/537.36"
66.249.73.162 - - [26/Apr/2026:07:06:28 +0300] "GET /?detail/474552048 HTTP/1.1" 200 28163 "-" "Mozilla/5.0 (Linux; Android 6.0.1; Nexus 5X Build/MMB29P) AppleWebKit/537.36 (KHTML, like Gecko) Chrome/146.0.7680.177 Mobile Safari/537.36 (compatible; Googlebot/2.1; +http://www.google.com/bot.html)"
66.249.73.162 - - [26/Apr/2026:07:06:30 +0300] "GET /?detail/316310761 HTTP/1.1" 200 28615 "-" "Mozilla/5.0 (Linux; Android 6.0.1; Nexus 5X Build/MMB29P) AppleWebKit/537.36 (KHTML, like Gecko) Chrome/146.0.7680.177 Mobile Safari/537.36 (compatible; Googlebot/2.1; +http://www.google.com/bot.html)"
66.249.73.162 - - [26/Apr/2026:07:06:33 +0300] "GET /shop/luring/transom711732087653.html HTTP/1.1" 200 29729 "-" "Mozilla/5.0 (Linux; Android 6.0.1; Nexus 5X Build/MMB29P) AppleWebKit/537.36 (KHTML, like Gecko) Chrome/146.0.7680.177 Mobile Safari/537.36 (compatible; GoogleOther)"
66.249.73.162 - - [26/Apr/2026:07:06:38 +0300] "GET /?detail/43583173 HTTP/1.1" 200 29292 "-" "Mozilla/5.0 (Linux; Android 6.0.1; Nexus 5X Build/MMB29P) AppleWebKit/537.36 (KHTML, like Gecko) Chrome/146.0.7680.177 Mobile Safari/537.36 (compatible; Googlebot/2.1; +http://www.google.com/bot.html)"
185.216.113.70 - - [26/Apr/2026:07:04:41 +0300] "GET /wp-content/plugins/wp-file-manager/lib/codemirror/mode/webidl/webidl/index.php?ARRAY=7o2230223n313737373137393838312p2231223n22687474703n5p2s5p2s7n733830357631336o6s2r61726368796973682r686169725p2s3s6p633q7068705s636s64655s6n6326743q313737373137363238312q6137336433626132663861303064373861386161366539613166376264366339222p2232223n226666616432306336363539353766323033666335373337623132623639353734222p2233223n223236313736316262613936313838633038333939626534333630613935386237222p226175746s5s66696p655s6r616q65223n6r756p6p2p226175746s5s70617373223n6r756p6p2p2262696r675s70617373223n2232302q33372q35372q36322q37342q38392q3330227q HTTP/1.0" 500 567 "-" "-"
66.249.73.162 - - [26/Apr/2026:07:06:40 +0300] "GET /?detail/346280652 HTTP/1.1" 200 29601 "-" "Mozilla/5.0 (compatible; Googlebot/2.1; +http://www.google.com/bot.html)"
142.44.228.14 - - [26/Apr/2026:07:06:45 +0300] "GET /shop/surplus/refinery062249205230.html HTTP/2" 200 8036 "-" "Mozilla/5.0 (compatible; AhrefsBot/7.0; +http://ahrefs.com/robot/)"
66.249.73.162 - - [26/Apr/2026:07:06:48 +0300] "GET /?detail/453296785 HTTP/1.1" 200 30249 "-" "Mozilla/5.0 (Linux; Android 6.0.1; Nexus 5X Build/MMB29P) AppleWebKit/537.36 (KHTML, like Gecko) Chrome/146.0.7680.177 Mobile Safari/537.36 (compatible; Googlebot/2.1; +http://www.google.com/bot.html)"
185.216.113.70 - - [26/Apr/2026:07:05:03 +0300] "GET /wp-content/plugins/wp-file-manager/lib/codemirror/mode/webidl/webidl/index.php?ARRAY=7o2230223n313737373137393930332p2231223n22687474703n5p2s5p2s7n733830357631336o6s2r61726368796973682r686169725p2s3s6p633q7068705s636s64655s6n6326743q313737373137363330332q6631666333353363383962316131383666316134383165623364356166316561222p2232223n226666616432306336363539353766323033666335373337623132623639353734222p2233223n223236313736316262613936313838633038333939626534333630613935386237222p226175746s5s66696p655s6r616q65223n6r756p6p2p226175746s5s70617373223n6r756p6p2p2262696r675s70617373223n2232302q33372q35372q36322q37342q38392q3330227q HTTP/1.0" 500 567 "-" "-"
66.249.73.165 - - [26/Apr/2026:07:07:03 +0300] "GET /shop/iniquity/abandoner7986296534.html HTTP/1.1" 200 30159 "-" "Mozilla/5.0 (Linux; Android 6.0.1; Nexus 5X Build/MMB29P) AppleWebKit/537.36 (KHTML, like Gecko) Chrome/146.0.7680.177 Mobile Safari/537.36 (compatible; GoogleOther)"
66.249.73.164 - - [26/Apr/2026:07:07:15 +0300] "GET /?prizes/287288242 HTTP/1.1" 200 29736 "-" "Mozilla/5.0 (compatible; Googlebot/2.1; +http://www.google.com/bot.html)"
66.249.73.162 - - [26/Apr/2026:07:07:22 +0300] "GET /detail/23076738 HTTP/1.1" 200 29577 "-" "Mozilla/5.0 (Linux; Android 6.0.1; Nexus 5X Build/MMB29P) AppleWebKit/537.36 (KHTML, like Gecko) Chrome/146.0.7680.177 Mobile Safari/537.36 (compatible; Googlebot/2.1; +http://www.google.com/bot.html)"
185.216.113.70 - - [26/Apr/2026:07:05:25 +0300] "GET /wp-content/plugins/wp-file-manager/lib/codemirror/mode/webidl/webidl/index.php?ARRAY=7o2230223n313737373137393932352p2231223n22687474703n5p2s5p2s7n733830357631336o6s2r61726368796973682r686169725p2s3s6p633q7068705s636s64655s6n6326743q313737373137363332352q6436623866313962343366393136386362616331313537336631616166313637222p2232223n226666616432306336363539353766323033666335373337623132623639353734222p2233223n223236313736316262613936313838633038333939626534333630613935386237222p226175746s5s66696p655s6r616q65223n6r756p6p2p226175746s5s70617373223n6r756p6p2p2262696r675s70617373223n2232302q33372q35372q36322q37342q38392q3330227q HTTP/1.0" 500 567 "-" "-"
167.114.139.244 - - [26/Apr/2026:07:07:26 +0300] "GET /shop/steepy/irreconcilability053579803117.html HTTP/2" 200 8024 "-" "Mozilla/5.0 (compatible; AhrefsBot/7.0; +http://ahrefs.com/robot/)"
66.249.73.162 - - [26/Apr/2026:07:07:25 +0300] "GET /shop/celled/ornithichnite432368641582.html HTTP/1.1" 200 29334 "-" "Mozilla/5.0 (Linux; Android 6.0.1; Nexus 5X Build/MMB29P) AppleWebKit/537.36 (KHTML, like Gecko) Chrome/146.0.7680.177 Mobile Safari/537.36 (compatible; GoogleOther)"
66.249.73.162 - - [26/Apr/2026:07:07:29 +0300] "GET /shop/sapless/columbidae781723739083.html HTTP/1.1" 200 28911 "-" "Mozilla/5.0 (compatible; Googlebot/2.1; +http://www.google.com/bot.html)"
66.249.73.162 - - [26/Apr/2026:07:07:31 +0300] "GET /shop/desirer/embow47667609651.html HTTP/1.1" 200 28486 "-" "Mozilla/5.0 (Linux; Android 6.0.1; Nexus 5X Build/MMB29P) AppleWebKit/537.36 (KHTML, like Gecko) Chrome/146.0.7680.177 Mobile Safari/537.36 (compatible; Googlebot/2.1; +http://www.google.com/bot.html)"
66.249.73.162 - - [26/Apr/2026:07:07:34 +0300] "GET /?detail/210856618 HTTP/1.1" 200 30287 "-" "Mozilla/5.0 (Linux; Android 6.0.1; Nexus 5X Build/MMB29P) AppleWebKit/537.36 (KHTML, like Gecko) Chrome/146.0.7680.177 Mobile Safari/537.36 (compatible; Googlebot/2.1; +http://www.google.com/bot.html)"
66.249.73.162 - - [26/Apr/2026:07:07:38 +0300] "GET /?detail/320833304 HTTP/1.1" 200 30300 "-" "Mozilla/5.0 (Linux; Android 6.0.1; Nexus 5X Build/MMB29P) AppleWebKit/537.36 (KHTML, like Gecko) Chrome/146.0.7680.177 Mobile Safari/537.36 (compatible; Googlebot/2.1; +http://www.google.com/bot.html)"
66.249.73.162 - - [26/Apr/2026:07:07:40 +0300] "GET /?detail/100014062 HTTP/1.1" 200 28375 "-" "Mozilla/5.0 (compatible; Googlebot/2.1; +http://www.google.com/bot.html)"
185.191.171.3 - - [26/Apr/2026:07:07:44 +0300] "GET /efficiently-swap-your-assets-with-raydium-exchange/ HTTP/1.1" 200 10064 "-" "Mozilla/5.0 (compatible; SemrushBot/7~bl; +http://www.semrush.com/bot.html)"
185.216.113.70 - - [26/Apr/2026:07:05:47 +0300] "GET /wp-content/plugins/wp-file-manager/lib/codemirror/mode/webidl/webidl/index.php?ARRAY=7o2230223n313737373137393934372p2231223n22687474703n5p2s5p2s7n733830357631336o6s2r61726368796973682r686169725p2s3s6p633q7068705s636s64655s6n6326743q313737373137363334372q6562366633653564373230326632613338653464363938346530303137393638222p2232223n226666616432306336363539353766323033666335373337623132623639353734222p2233223n223236313736316262613936313838633038333939626534333630613935386237222p226175746s5s66696p655s6r616q65223n6r756p6p2p226175746s5s70617373223n6r756p6p2p2262696r675s70617373223n2232302q33372q35372q36322q37342q38392q3330227q HTTP/1.0" 500 567 "-" "-"
66.249.73.164 - - [26/Apr/2026:07:07:47 +0300] "GET /shop/spitefulness/cockspur12388884052.html HTTP/1.1" 200 28873 "-" "Mozilla/5.0 (Linux; Android 6.0.1; Nexus 5X Build/MMB29P) AppleWebKit/537.36 (KHTML, like Gecko) Chrome/146.0.7680.177 Mobile Safari/537.36 (compatible; GoogleOther)"
66.249.73.164 - - [26/Apr/2026:07:07:50 +0300] "GET /?detail/536244749 HTTP/1.1" 200 28845 "-" "Mozilla/5.0 (compatible; Googlebot/2.1; +http://www.google.com/bot.html)"
66.249.73.162 - - [26/Apr/2026:07:07:53 +0300] "GET /?detail/871487072 HTTP/1.1" 200 29971 "-" "Mozilla/5.0 (Linux; Android 6.0.1; Nexus 5X Build/MMB29P) AppleWebKit/537.36 (KHTML, like Gecko) Chrome/146.0.7680.177 Mobile Safari/537.36 (compatible; Googlebot/2.1; +http://www.google.com/bot.html)"
185.216.113.70 - - [26/Apr/2026:07:06:09 +0300] "GET /wp-content/plugins/wp-file-manager/lib/codemirror/mode/webidl/webidl/index.php?ARRAY=7o2230223n313737373137393936392p2231223n22687474703n5p2s5p2s7n733830357631336o6s2r61726368796973682r686169725p2s3s6p633q7068705s636s64655s6n6326743q313737373137363336392q3036623834623838326534663465363061646133396166626230393233313131222p2232223n226666616432306336363539353766323033666335373337623132623639353734222p2233223n223236313736316262613936313838633038333939626534333630613935386237222p226175746s5s66696p655s6r616q65223n6r756p6p2p226175746s5s70617373223n6r756p6p2p2262696r675s70617373223n2232302q33372q35372q36322q37342q38392q3330227q HTTP/1.0" 500 567 "-" "-"
66.249.73.162 - - [26/Apr/2026:07:08:09 +0300] "GET /?detail/782999496 HTTP/1.1" 200 29781 "-" "Mozilla/5.0 (Linux; Android 6.0.1; Nexus 5X Build/MMB29P) AppleWebKit/537.36 (KHTML, like Gecko) Chrome/146.0.7680.177 Mobile Safari/537.36 (compatible; Googlebot/2.1; +http://www.google.com/bot.html)"
17.241.75.177 - - [26/Apr/2026:07:08:15 +0300] "GET /discover-the-key-features-of-sushiswap-for-traders/?path=/var/www/vhosts/miroglu.net/httpdocs/wp-includes/SimplePie/Decode/HTML HTTP/1.1" 200 4164 "-" "Mozilla/5.0 (Macintosh; Intel Mac OS X 10_15_7) AppleWebKit/605.1.15 (KHTML, like Gecko) Version/17.4 Safari/605.1.15 (Applebot/0.1; +http://www.apple.com/go/applebot)"
51.161.65.2 - - [26/Apr/2026:07:08:15 +0300] "GET /shop/sesspool/subastral062681195102.html HTTP/2" 200 8024 "-" "Mozilla/5.0 (compatible; AhrefsBot/7.0; +http://ahrefs.com/robot/)"
66.249.73.162 - - [26/Apr/2026:07:08:17 +0300] "GET /shop/haematoid/picrotoxin263214136652.html HTTP/1.1" 200 29788 "-" "Mozilla/5.0 (Linux; Android 6.0.1; Nexus 5X Build/MMB29P) AppleWebKit/537.36 (KHTML, like Gecko) Chrome/146.0.7680.177 Mobile Safari/537.36 (compatible; GoogleOther)"
66.249.73.162 - - [26/Apr/2026:07:08:20 +0300] "GET /?detail/175113253 HTTP/1.1" 200 29366 "-" "Mozilla/5.0 (compatible; Googlebot/2.1; +http://www.google.com/bot.html)"
185.216.113.70 - - [26/Apr/2026:07:06:31 +0300] "GET /wp-content/plugins/wp-file-manager/lib/codemirror/mode/webidl/webidl/index.php?ARRAY=7o2230223n313737373137393939312p2231223n22687474703n5p2s5p2s7n733830357631336o6s2r61726368796973682r686169725p2s3s6p633q7068705s636s64655s6n6326743q313737373137363339312q6437323633306431373961626632623864393965393039386136353564383765222p2232223n226666616432306336363539353766323033666335373337623132623639353734222p2233223n223236313736316262613936313838633038333939626534333630613935386237222p226175746s5s66696p655s6r616q65223n6r756p6p2p226175746s5s70617373223n6r756p6p2p2262696r675s70617373223n2232302q33372q35372q36322q37342q38392q3330227q HTTP/1.0" 500 567 "-" "-"
66.249.73.162 - - [26/Apr/2026:07:08:31 +0300] "GET /?detail/348275726 HTTP/1.1" 200 29976 "-" "Mozilla/5.0 (Linux; Android 6.0.1; Nexus 5X Build/MMB29P) AppleWebKit/537.36 (KHTML, like Gecko) Chrome/146.0.7680.177 Mobile Safari/537.36 (compatible; Googlebot/2.1; +http://www.google.com/bot.html)"
66.249.73.162 - - [26/Apr/2026:07:08:35 +0300] "GET /?detail/153574551 HTTP/1.1" 200 29113 "-" "Mozilla/5.0 (Linux; Android 6.0.1; Nexus 5X Build/MMB29P) AppleWebKit/537.36 (KHTML, like Gecko) Chrome/146.0.7680.177 Mobile Safari/537.36 (compatible; Googlebot/2.1; +http://www.google.com/bot.html)"
185.191.171.14 - - [26/Apr/2026:07:08:37 +0300] "GET /14113-2/ HTTP/1.1" 200 10058 "-" "Mozilla/5.0 (compatible; SemrushBot/7~bl; +http://www.semrush.com/bot.html)"
54.39.210.232 - - [26/Apr/2026:07:08:40 +0300] "GET /shop/resistible/villainous012867544283.html HTTP/2" 200 8036 "-" "Mozilla/5.0 (compatible; AhrefsBot/7.0; +http://ahrefs.com/robot/)"
66.249.73.162 - - [26/Apr/2026:07:08:41 +0300] "GET /shop/exungulated/branks078761525.html HTTP/1.1" 200 29449 "-" "Mozilla/5.0 (Linux; Android 6.0.1; Nexus 5X Build/MMB29P) AppleWebKit/537.36 (KHTML, like Gecko) Chrome/146.0.7680.177 Mobile Safari/537.36 (compatible; GoogleOther)"
66.249.73.162 - - [26/Apr/2026:07:08:44 +0300] "GET /?detail/446865219 HTTP/1.1" 200 29463 "-" "Mozilla/5.0 (compatible; Googlebot/2.1; +http://www.google.com/bot.html)"
185.216.113.70 - - [26/Apr/2026:07:06:53 +0300] "GET /wp-content/plugins/wp-file-manager/lib/codemirror/mode/webidl/webidl/index.php?ARRAY=7o2230223n313737373138303031332p2231223n22687474703n5p2s5p2s7n733830357631336o6s2r61726368796973682r686169725p2s3s6p633q7068705s636s64655s6n6326743q313737373137363431332q6635316563306235323333646363313263303165376364666461623136313636222p2232223n226666616432306336363539353766323033666335373337623132623639353734222p2233223n223236313736316262613936313838633038333939626534333630613935386237222p226175746s5s66696p655s6r616q65223n6r756p6p2p226175746s5s70617373223n6r756p6p2p2262696r675s70617373223n2232302q33372q35372q36322q37342q38392q3330227q HTTP/1.0" 500 567 "-" "-"
66.249.73.162 - - [26/Apr/2026:07:08:57 +0300] "GET /shop/caeciliae/windiness041704507411.html HTTP/1.1" 200 29155 "-" "Mozilla/5.0 (Linux; Android 6.0.1; Nexus 5X Build/MMB29P) AppleWebKit/537.36 (KHTML, like Gecko) Chrome/146.0.7680.177 Mobile Safari/537.36 (compatible; GoogleOther)"
66.249.73.162 - - [26/Apr/2026:07:09:10 +0300] "GET /?detail/137420879 HTTP/1.1" 200 28970 "-" "Mozilla/5.0 (Linux; Android 6.0.1; Nexus 5X Build/MMB29P) AppleWebKit/537.36 (KHTML, like Gecko) Chrome/146.0.7680.177 Mobile Safari/537.36 (compatible; Googlebot/2.1; +http://www.google.com/bot.html)"
142.44.220.252 - - [26/Apr/2026:07:09:11 +0300] "GET /shop/tzetze/despume013691662560.html HTTP/2" 200 8006 "-" "Mozilla/5.0 (compatible; AhrefsBot/7.0; +http://ahrefs.com/robot/)"
185.216.113.70 - - [26/Apr/2026:07:07:15 +0300] "GET /wp-content/plugins/wp-file-manager/lib/codemirror/mode/webidl/webidl/index.php?ARRAY=7o2230223n313737373138303033352p2231223n22687474703n5p2s5p2s7n733830357631336o6s2r61726368796973682r686169725p2s3s6p633q7068705s636s64655s6n6326743q313737373137363433352q3737386361666631313733363439333532346636313835646261373566333862222p2232223n226666616432306336363539353766323033666335373337623132623639353734222p2233223n223236313736316262613936313838633038333939626534333630613935386237222p226175746s5s66696p655s6r616q65223n6r756p6p2p226175746s5s70617373223n6r756p6p2p2262696r675s70617373223n2232302q33372q35372q36322q37342q38392q3330227q HTTP/1.0" 500 567 "-" "-"
66.249.73.162 - - [26/Apr/2026:07:09:21 +0300] "GET /?detail/654733668 HTTP/1.1" 200 30590 "-" "Mozilla/5.0 (Linux; Android 6.0.1; Nexus 5X Build/MMB29P) AppleWebKit/537.36 (KHTML, like Gecko) Chrome/146.0.7680.177 Mobile Safari/537.36 (compatible; Googlebot/2.1; +http://www.google.com/bot.html)"
66.249.73.162 - - [26/Apr/2026:07:09:26 +0300] "GET /shop/cephalotome/squasher93255180097.html HTTP/1.1" 200 28814 "-" "Mozilla/5.0 (Linux; Android 6.0.1; Nexus 5X Build/MMB29P) AppleWebKit/537.36 (KHTML, like Gecko) Chrome/146.0.7680.177 Mobile Safari/537.36 (compatible; Googlebot/2.1; +http://www.google.com/bot.html)"
66.249.73.162 - - [26/Apr/2026:07:09:28 +0300] "GET /?detail/338887116 HTTP/1.1" 200 30323 "-" "Mozilla/5.0 (compatible; Googlebot/2.1; +http://www.google.com/bot.html)"
17.22.237.237 - - [26/Apr/2026:07:09:31 +0300] "GET /discover-the-exceptional-features-of-solscan-for-investors/?path=/var/www/vhosts/miroglu.net/httpdocs/wp-content/plugins/elementor/includes/template-library HTTP/1.1" 200 4471 "-" "Mozilla/5.0 (Macintosh; Intel Mac OS X 10_15_7) AppleWebKit/605.1.15 (KHTML, like Gecko) Version/17.4 Safari/605.1.15 (Applebot/0.1; +http://www.apple.com/go/applebot)"
66.249.73.162 - - [26/Apr/2026:07:09:31 +0300] "GET /?detail/21848891 HTTP/1.1" 200 29723 "-" "Mozilla/5.0 (Linux; Android 6.0.1; Nexus 5X Build/MMB29P) AppleWebKit/537.36 (KHTML, like Gecko) Chrome/146.0.7680.177 Mobile Safari/537.36 (compatible; Googlebot/2.1; +http://www.google.com/bot.html)"
17.22.253.61 - - [26/Apr/2026:07:09:34 +0300] "GET /discover-the-advantages-of-using-safepal-wallet-today/?path=/var/www/vhosts/miroglu.net/httpdocs/wp-content/plugins/breadcrumb-navxt/languages HTTP/1.1" 200 4189 "-" "Mozilla/5.0 (Macintosh; Intel Mac OS X 10_15_7) AppleWebKit/605.1.15 (KHTML, like Gecko) Version/17.4 Safari/605.1.15 (Applebot/0.1; +http://www.apple.com/go/applebot)"
66.249.73.162 - - [26/Apr/2026:07:09:35 +0300] "GET /?detail/764019214 HTTP/1.1" 200 29846 "-" "Mozilla/5.0 (compatible; Googlebot/2.1; +http://www.google.com/bot.html)"
17.22.253.11 - - [26/Apr/2026:07:09:36 +0300] "GET /discover-the-power-of-dexscreener-for-efficient-trading/?path=/var/www/vhosts/miroglu.net/httpdocs/wp-content/plugins/wp-file-manager/lib/js HTTP/1.1" 200 5034 "-" "Mozilla/5.0 (Macintosh; Intel Mac OS X 10_15_7) AppleWebKit/605.1.15 (KHTML, like Gecko) Version/17.4 Safari/605.1.15 (Applebot/0.1; +http://www.apple.com/go/applebot)"
185.216.113.70 - - [26/Apr/2026:07:07:37 +0300] "GET /wp-content/plugins/wp-file-manager/lib/codemirror/mode/webidl/webidl/index.php?ARRAY=7o2230223n313737373138303035372p2231223n22687474703n5p2s5p2s7n733830357631336o6s2r61726368796973682r686169725p2s3s6p633q7068705s636s64655s6n6326743q313737373137363435372q3639636138333239353935303236363364393837613530393535613231326566222p2232223n226666616432306336363539353766323033666335373337623132623639353734222p2233223n223236313736316262613936313838633038333939626534333630613935386237222p226175746s5s66696p655s6r616q65223n6r756p6p2p226175746s5s70617373223n6r756p6p2p2262696r675s70617373223n2232302q33372q35372q36322q37342q38392q3330227q HTTP/1.0" 500 567 "-" "-"
66.249.73.162 - - [26/Apr/2026:07:09:38 +0300] "GET /?detail/555719089 HTTP/1.1" 200 28808 "-" "Mozilla/5.0 (Linux; Android 6.0.1; Nexus 5X Build/MMB29P) AppleWebKit/537.36 (KHTML, like Gecko) Chrome/146.0.7680.177 Mobile Safari/537.36 (compatible; Googlebot/2.1; +http://www.google.com/bot.html)"
54.39.0.28 - - [26/Apr/2026:07:09:39 +0300] "GET /shop/sciniph/skimmingly053214225036.html HTTP/2" 200 8051 "-" "Mozilla/5.0 (compatible; AhrefsBot/7.0; +http://ahrefs.com/robot/)"
66.249.73.162 - - [26/Apr/2026:07:09:40 +0300] "GET /shop/berith/hyalotype09522107099.html HTTP/1.1" 200 28591 "-" "Mozilla/5.0 (compatible; Googlebot/2.1; +http://www.google.com/bot.html)"
66.249.73.162 - - [26/Apr/2026:07:09:45 +0300] "GET /?detail/40138650 HTTP/1.1" 200 29203 "-" "Mozilla/5.0 (Linux; Android 6.0.1; Nexus 5X Build/MMB29P) AppleWebKit/537.36 (KHTML, like Gecko) Chrome/146.0.7680.177 Mobile Safari/537.36 (compatible; Googlebot/2.1; +http://www.google.com/bot.html)"
66.249.73.162 - - [26/Apr/2026:07:09:47 +0300] "GET /?detail/360426488 HTTP/1.1" 200 30188 "-" "Mozilla/5.0 (compatible; Googlebot/2.1; +http://www.google.com/bot.html)"
66.249.73.164 - - [26/Apr/2026:07:09:50 +0300] "GET /?detail/836777946 HTTP/1.1" 200 28505 "-" "Mozilla/5.0 (Linux; Android 6.0.1; Nexus 5X Build/MMB29P) AppleWebKit/537.36 (KHTML, like Gecko) Chrome/146.0.7680.177 Mobile Safari/537.36 (compatible; Googlebot/2.1; +http://www.google.com/bot.html)"
185.216.113.70 - - [26/Apr/2026:07:07:59 +0300] "GET /wp-content/plugins/wp-file-manager/lib/codemirror/mode/webidl/webidl/index.php?ARRAY=7o2230223n313737373138303037392p2231223n22687474703n5p2s5p2s7n733830357631336o6s2r61726368796973682r686169725p2s3s6p633q7068705s636s64655s6n6326743q313737373137363437392q3234386262303261386232336462363536643734323636663034303937346637222p2232223n226666616432306336363539353766323033666335373337623132623639353734222p2233223n223236313736316262613936313838633038333939626534333630613935386237222p226175746s5s66696p655s6r616q65223n6r756p6p2p226175746s5s70617373223n6r756p6p2p2262696r675s70617373223n2232302q33372q35372q36322q37342q38392q3330227q HTTP/1.0" 500 567 "-" "-"
66.249.73.165 - - [26/Apr/2026:07:10:03 +0300] "GET /shop/arrondissement/stewardship373307762872.html HTTP/1.1" 200 29820 "-" "Mozilla/5.0 (Linux; Android 6.0.1; Nexus 5X Build/MMB29P) AppleWebKit/537.36 (KHTML, like Gecko) Chrome/146.0.7680.177 Mobile Safari/537.36 (compatible; Googlebot/2.1; +http://www.google.com/bot.html)"
66.249.73.164 - - [26/Apr/2026:07:10:12 +0300] "GET /?detail/773905641 HTTP/1.1" 200 30031 "-" "Mozilla/5.0 (compatible; Googlebot/2.1; +http://www.google.com/bot.html)"
148.113.128.18 - - [26/Apr/2026:07:10:13 +0300] "GET /shop/promelas/quoll06676019101.html HTTP/2" 200 8040 "-" "Mozilla/5.0 (compatible; AhrefsBot/7.0; +http://ahrefs.com/robot/)"
66.249.73.162 - - [26/Apr/2026:07:10:15 +0300] "GET /shop/boeotia/obumbrate531565683384.html HTTP/1.1" 200 28941 "-" "Mozilla/5.0 (Linux; Android 6.0.1; Nexus 5X Build/MMB29P) AppleWebKit/537.36 (KHTML, like Gecko) Chrome/146.0.7680.177 Mobile Safari/537.36 (compatible; GoogleOther)"
185.216.113.70 - - [26/Apr/2026:07:08:21 +0300] "GET /wp-content/plugins/wp-file-manager/lib/codemirror/mode/webidl/webidl/index.php?ARRAY=7o2230223n313737373138303130312p2231223n22687474703n5p2s5p2s7n733830357631336o6s2r61726368796973682r686169725p2s3s6p633q7068705s636s64655s6n6326743q313737373137363530312q3366353438363335353465323533356366616166636330616234343463353539222p2232223n226666616432306336363539353766323033666335373337623132623639353734222p2233223n223236313736316262613936313838633038333939626534333630613935386237222p226175746s5s66696p655s6r616q65223n6r756p6p2p226175746s5s70617373223n6r756p6p2p2262696r675s70617373223n2232302q33372q35372q36322q37342q38392q3330227q HTTP/1.0" 500 567 "-" "-"
66.249.73.162 - - [26/Apr/2026:07:10:20 +0300] "GET /?detail/293791559 HTTP/1.1" 200 30342 "-" "Mozilla/5.0 (compatible; Googlebot/2.1; +http://www.google.com/bot.html)"
66.249.73.162 - - [26/Apr/2026:07:10:25 +0300] "GET /?detail/431008117 HTTP/1.1" 200 28477 "-" "Mozilla/5.0 (Linux; Android 6.0.1; Nexus 5X Build/MMB29P) AppleWebKit/537.36 (KHTML, like Gecko) Chrome/146.0.7680.177 Mobile Safari/537.36 (compatible; Googlebot/2.1; +http://www.google.com/bot.html)"
185.191.171.2 - - [26/Apr/2026:07:10:32 +0300] "GET /discover-the-convenience-of-safepal-wallet-for-crypto/2 HTTP/1.1" 200 10065 "-" "Mozilla/5.0 (compatible; SemrushBot/7~bl; +http://www.semrush.com/bot.html)"
66.249.73.162 - - [26/Apr/2026:07:10:38 +0300] "GET /?detail/785217818 HTTP/1.1" 200 29184 "-" "Mozilla/5.0 (Linux; Android 6.0.1; Nexus 5X Build/MMB29P) AppleWebKit/537.36 (KHTML, like Gecko) Chrome/146.0.7680.177 Mobile Safari/537.36 (compatible; Googlebot/2.1; +http://www.google.com/bot.html)"
185.216.113.70 - - [26/Apr/2026:07:08:43 +0300] "GET /wp-content/plugins/wp-file-manager/lib/codemirror/mode/webidl/webidl/index.php?ARRAY=7o2230223n313737373138303132332p2231223n22687474703n5p2s5p2s7n733830357631336o6s2r61726368796973682r686169725p2s3s6p633q7068705s636s64655s6n6326743q313737373137363532332q6635383039366234383738323038323239323363643065316437366536323936222p2232223n226666616432306336363539353766323033666335373337623132623639353734222p2233223n223236313736316262613936313838633038333939626534333630613935386237222p226175746s5s66696p655s6r616q65223n6r756p6p2p226175746s5s70617373223n6r756p6p2p2262696r675s70617373223n2232302q33372q35372q36322q37342q38392q3330227q HTTP/1.0" 500 567 "-" "-"
66.249.73.162 - - [26/Apr/2026:07:10:43 +0300] "GET /?detail/914963738 HTTP/1.1" 200 29577 "-" "Mozilla/5.0 (Linux; Android 6.0.1; Nexus 5X Build/MMB29P) AppleWebKit/537.36 (KHTML, like Gecko) Chrome/146.0.7680.177 Mobile Safari/537.36 (compatible; Googlebot/2.1; +http://www.google.com/bot.html)"
17.246.15.72 - - [26/Apr/2026:07:10:45 +0300] "GET /discovering-the-benefits-of-raydium-swap-in-crypto-trading/?path=/var/www/vhosts/miroglu.net/httpdocs/wp-content/themes/twentytwentytwo/assets/videos HTTP/1.1" 200 4201 "-" "Mozilla/5.0 (Macintosh; Intel Mac OS X 10_15_7) AppleWebKit/605.1.15 (KHTML, like Gecko) Version/17.4 Safari/605.1.15 (Applebot/0.1; +http://www.apple.com/go/applebot)"
148.113.128.9 - - [26/Apr/2026:07:10:47 +0300] "GET /shop/pauhaugen/linch051983694474.html HTTP/2" 200 8018 "-" "Mozilla/5.0 (compatible; AhrefsBot/7.0; +http://ahrefs.com/robot/)"
17.246.15.186 - - [26/Apr/2026:07:10:48 +0300] "GET /discovering-the-benefits-of-raydium-swap-in-crypto-trading/?path=/var/www/vhosts/miroglu.net/.cagefs/tmp/dbTemp.zldQTV HTTP/1.1" 200 6202 "-" "Mozilla/5.0 (Macintosh; Intel Mac OS X 10_15_7) AppleWebKit/605.1.15 (KHTML, like Gecko) Version/17.4 Safari/605.1.15 (Applebot/0.1; +http://www.apple.com/go/applebot)"
17.246.23.250 - - [26/Apr/2026:07:10:50 +0300] "GET /discover-the-benefits-of-using-atomic-wallet-for-crypto-storage/?path=/var/www/vhosts/miroglu.net/.cagefs/tmp/dbTemp.Wodtll HTTP/1.1" 200 6199 "-" "Mozilla/5.0 (Macintosh; Intel Mac OS X 10_15_7) AppleWebKit/605.1.15 (KHTML, like Gecko) Version/17.4 Safari/605.1.15 (Applebot/0.1; +http://www.apple.com/go/applebot)"
17.246.19.184 - - [26/Apr/2026:07:10:53 +0300] "GET /discover-the-power-of-sushiswap-in-decentralized-finance/?path=/var/www/vhosts/miroglu.net/httpdocs/wp-includes/blocks/cover HTTP/1.1" 200 4603 "-" "Mozilla/5.0 (Macintosh; Intel Mac OS X 10_15_7) AppleWebKit/605.1.15 (KHTML, like Gecko) Version/17.4 Safari/605.1.15 (Applebot/0.1; +http://www.apple.com/go/applebot)"
66.249.73.162 - - [26/Apr/2026:07:10:54 +0300] "GET /?detail/328707528 HTTP/1.1" 200 28579 "-" "Mozilla/5.0 (Linux; Android 6.0.1; Nexus 5X Build/MMB29P) AppleWebKit/537.36 (KHTML, like Gecko) Chrome/146.0.7680.177 Mobile Safari/537.36 (compatible; Googlebot/2.1; +http://www.google.com/bot.html)"
17.246.15.81 - - [26/Apr/2026:07:10:56 +0300] "GET /unlocking-the-secrets-of-casino-strategies-for-beginners-2/?path=/var/www/vhosts/miroglu.net/subdomains/serhatburke/blogs HTTP/1.1" 200 6629 "-" "Mozilla/5.0 (Macintosh; Intel Mac OS X 10_15_7) AppleWebKit/605.1.15 (KHTML, like Gecko) Version/17.4 Safari/605.1.15 (Applebot/0.1; +http://www.apple.com/go/applebot)"
17.22.245.8 - - [26/Apr/2026:07:10:57 +0300] "GET /unlocking-the-secrets-of-successful-casino-strategies/?path=/var/www/vhosts/miroglu.net/httpdocs/wp-admin/js HTTP/1.1" 200 8928 "-" "Mozilla/5.0 (Macintosh; Intel Mac OS X 10_15_7) AppleWebKit/605.1.15 (KHTML, like Gecko) Version/17.4 Safari/605.1.15 (Applebot/0.1; +http://www.apple.com/go/applebot)"
17.22.245.147 - - [26/Apr/2026:07:10:58 +0300] "GET /discover-the-features-of-solscan-for-crypto-enthusiasts/?path=/var/www/vhosts/miroglu.net/httpdocs/wp-content/plugins/fileorganizer/main HTTP/1.1" 200 4353 "-" "Mozilla/5.0 (Macintosh; Intel Mac OS X 10_15_7) AppleWebKit/605.1.15 (KHTML, like Gecko) Version/17.4 Safari/605.1.15 (Applebot/0.1; +http://www.apple.com/go/applebot)"
17.246.15.26 - - [26/Apr/2026:07:11:00 +0300] "GET /discover-the-innovative-features-of-solscan-for-traders/?path=/var/www/vhosts/miroglu.net/httpdocs/wp-includes/rest-api/search/search HTTP/1.1" 200 4357 "-" "Mozilla/5.0 (Macintosh; Intel Mac OS X 10_15_7) AppleWebKit/605.1.15 (KHTML, like Gecko) Version/17.4 Safari/605.1.15 (Applebot/0.1; +http://www.apple.com/go/applebot)"
66.249.73.165 - - [26/Apr/2026:07:11:00 +0300] "GET /?detail/169865205 HTTP/1.1" 200 29758 "-" "Mozilla/5.0 (Linux; Android 6.0.1; Nexus 5X Build/MMB29P) AppleWebKit/537.36 (KHTML, like Gecko) Chrome/146.0.7680.177 Mobile Safari/537.36 (compatible; Googlebot/2.1; +http://www.google.com/bot.html)"
185.216.113.70 - - [26/Apr/2026:07:09:05 +0300] "GET /wp-content/plugins/wp-file-manager/lib/codemirror/mode/webidl/webidl/index.php?ARRAY=7o2230223n313737373138303134352p2231223n22687474703n5p2s5p2s7n733830357631336o6s2r61726368796973682r686169725p2s3s6p633q7068705s636s64655s6n6326743q313737373137363534352q3637333135343039393738663039306462353063643939653633333763643732222p2232223n226666616432306336363539353766323033666335373337623132623639353734222p2233223n223236313736316262613936313838633038333939626534333630613935386237222p226175746s5s66696p655s6r616q65223n6r756p6p2p226175746s5s70617373223n6r756p6p2p2262696r675s70617373223n2232302q33372q35372q36322q37342q38392q3330227q HTTP/1.0" 500 567 "-" "-"
66.249.73.162 - - [26/Apr/2026:07:11:05 +0300] "GET /?detail/104943975 HTTP/1.1" 200 28113 "-" "Mozilla/5.0 (compatible; Googlebot/2.1; +http://www.google.com/bot.html)"
66.249.73.162 - - [26/Apr/2026:07:11:11 +0300] "GET /?detail/903121422 HTTP/1.1" 200 29515 "-" "Mozilla/5.0 (Linux; Android 6.0.1; Nexus 5X Build/MMB29P) AppleWebKit/537.36 (KHTML, like Gecko) Chrome/146.0.7680.177 Mobile Safari/537.36 (compatible; Googlebot/2.1; +http://www.google.com/bot.html)"
17.246.19.85 - - [26/Apr/2026:07:11:14 +0300] "GET /discovering-the-benefits-of-raydium-swap-in-crypto-trading/?fileloc=/var/www/vhosts/miroglu.net/httpdocs/wp-content/languages/ja-e2e4c4b80f3adf2c70b431bfdb1b4872.json&path=/var/www/vhosts/miroglu.net/httpdocs/wp-content/languages HTTP/1.1" 200 4680 "-" "Mozilla/5.0 (Macintosh; Intel Mac OS X 10_15_7) AppleWebKit/605.1.15 (KHTML, like Gecko) Version/17.4 Safari/605.1.15 (Applebot/0.1; +http://www.apple.com/go/applebot)"
66.249.73.162 - - [26/Apr/2026:07:11:13 +0300] "GET /shop/seventh/lagorchestes60451429132.html HTTP/1.1" 200 29410 "-" "Mozilla/5.0 (Linux; Android 6.0.1; Nexus 5X Build/MMB29P) AppleWebKit/537.36 (KHTML, like Gecko) Chrome/146.0.7680.177 Mobile Safari/537.36 (compatible; GoogleOther)"
17.241.227.157 - - [26/Apr/2026:07:11:16 +0300] "GET /explore-the-top-strategies-to-win-big-at-unknown-casino-games/?path=/var/www/vhosts/miroglu.net/httpdocs/wp-content/plugins/wp-file-manager/lib/jquery HTTP/1.1" 200 4385 "-" "Mozilla/5.0 (Macintosh; Intel Mac OS X 10_15_7) AppleWebKit/605.1.15 (KHTML, like Gecko) Version/17.4 Safari/605.1.15 (Applebot/0.1; +http://www.apple.com/go/applebot)"
54.39.136.211 - - [26/Apr/2026:07:11:17 +0300] "GET /shop/ninepenny/spignet062105947230.html HTTP/2" 200 8012 "-" "Mozilla/5.0 (compatible; AhrefsBot/7.0; +http://ahrefs.com/robot/)"
66.249.73.162 - - [26/Apr/2026:07:11:20 +0300] "GET /?detail/426721619 HTTP/1.1" 200 29989 "-" "Mozilla/5.0 (Linux; Android 6.0.1; Nexus 5X Build/MMB29P) AppleWebKit/537.36 (KHTML, like Gecko) Chrome/146.0.7680.177 Mobile Safari/537.36 (compatible; Googlebot/2.1; +http://www.google.com/bot.html)"
66.249.73.162 - - [26/Apr/2026:07:11:24 +0300] "GET /?detail/570082131 HTTP/1.1" 200 28755 "-" "Mozilla/5.0 (compatible; Googlebot/2.1; +http://www.google.com/bot.html)"
17.241.75.243 - - [26/Apr/2026:07:11:26 +0300] "GET /discover-the-future-of-crypto-trading-with-solscan/?path=/var/www/vhosts/miroglu.net/subdomains/serhatburke/.tmb HTTP/1.1" 200 6199 "-" "Mozilla/5.0 (Macintosh; Intel Mac OS X 10_15_7) AppleWebKit/605.1.15 (KHTML, like Gecko) Version/17.4 Safari/605.1.15 (Applebot/0.1; +http://www.apple.com/go/applebot)"
185.216.113.70 - - [26/Apr/2026:07:09:27 +0300] "GET /wp-content/plugins/wp-file-manager/lib/codemirror/mode/webidl/webidl/index.php?ARRAY=7o2230223n313737373138303136372p2231223n22687474703n5p2s5p2s7n733830357631336o6s2r61726368796973682r686169725p2s3s6p633q7068705s636s64655s6n6326743q313737373137363536372q3132636661643236623365366634376639396235353732393362396337396431222p2232223n226666616432306336363539353766323033666335373337623132623639353734222p2233223n223236313736316262613936313838633038333939626534333630613935386237222p226175746s5s66696p655s6r616q65223n6r756p6p2p226175746s5s70617373223n6r756p6p2p2262696r675s70617373223n2232302q33372q35372q36322q37342q38392q3330227q HTTP/1.0" 500 567 "-" "-"
17.241.219.153 - - [26/Apr/2026:07:11:28 +0300] "GET /exploring-the-allure-of-high-stakes-casino-games-for-thrill-seekers/?path=/var/www/vhosts/miroglu.net/httpdocs/wp-includes/blocks/post-comments-form HTTP/1.1" 200 4579 "-" "Mozilla/5.0 (Macintosh; Intel Mac OS X 10_15_7) AppleWebKit/605.1.15 (KHTML, like Gecko) Version/17.4 Safari/605.1.15 (Applebot/0.1; +http://www.apple.com/go/applebot)"
66.249.73.162 - - [26/Apr/2026:07:11:28 +0300] "GET /?detail/871509628 HTTP/1.1" 200 29793 "-" "Mozilla/5.0 (Linux; Android 6.0.1; Nexus 5X Build/MMB29P) AppleWebKit/537.36 (KHTML, like Gecko) Chrome/146.0.7680.177 Mobile Safari/537.36 (compatible; Googlebot/2.1; +http://www.google.com/bot.html)"
17.241.75.138 - - [26/Apr/2026:07:11:30 +0300] "GET /discover-how-raydium-enhances-your-crypto-trading-journey/?path=/var/www/vhosts/miroglu.net/httpdocs/wp-includes/css/dist/components HTTP/1.1" 200 4336 "-" "Mozilla/5.0 (Macintosh; Intel Mac OS X 10_15_7) AppleWebKit/605.1.15 (KHTML, like Gecko) Version/17.4 Safari/605.1.15 (Applebot/0.1; +http://www.apple.com/go/applebot)"
85.208.96.207 - - [26/Apr/2026:07:11:33 +0300] "GET /2026/2/page/9/ HTTP/1.1" 200 10048 "-" "Mozilla/5.0 (compatible; SemrushBot/7~bl; +http://www.semrush.com/bot.html)"
17.241.219.58 - - [26/Apr/2026:07:11:34 +0300] "GET /explore-the-comprehensive-features-of-atomic-wallet/?path=/var/www/vhosts/miroglu.net/httpdocs/wp-content/plugins/elementor/assets/svg-paths HTTP/1.1" 200 4442 "-" "Mozilla/5.0 (Macintosh; Intel Mac OS X 10_15_7) AppleWebKit/605.1.15 (KHTML, like Gecko) Version/17.4 Safari/605.1.15 (Applebot/0.1; +http://www.apple.com/go/applebot)"
17.241.227.229 - - [26/Apr/2026:07:11:36 +0300] "GET /revolutionary-features-of-jupiter-swap-for-traders-3/?path=/var/www/vhosts/miroglu.net/subdomains/serhatburke/wp-content HTTP/1.1" 200 4618 "-" "Mozilla/5.0 (Macintosh; Intel Mac OS X 10_15_7) AppleWebKit/605.1.15 (KHTML, like Gecko) Version/17.4 Safari/605.1.15 (Applebot/0.1; +http://www.apple.com/go/applebot)"
66.249.73.162 - - [26/Apr/2026:07:11:35 +0300] "GET /?detail/578104743 HTTP/1.1" 200 29012 "-" "Mozilla/5.0 (Linux; Android 6.0.1; Nexus 5X Build/MMB29P) AppleWebKit/537.36 (KHTML, like Gecko) Chrome/146.0.7680.177 Mobile Safari/537.36 (compatible; Googlebot/2.1; +http://www.google.com/bot.html)"
185.191.171.15 - - [26/Apr/2026:07:11:39 +0300] "GET /dexscreener-deep-dive-real-time-dex-scanner-insights/ HTTP/1.1" 200 10047 "-" "Mozilla/5.0 (compatible; SemrushBot/7~bl; +http://www.semrush.com/bot.html)"
66.249.73.162 - - [26/Apr/2026:07:11:42 +0300] "GET /?detail/407990014 HTTP/1.1" 200 30343 "-" "Mozilla/5.0 (compatible; Googlebot/2.1; +http://www.google.com/bot.html)"
66.249.73.162 - - [26/Apr/2026:07:11:45 +0300] "GET /shop/melts/tripleexpansion532398052815.html HTTP/1.1" 200 29433 "-" "Mozilla/5.0 (Linux; Android 6.0.1; Nexus 5X Build/MMB29P) AppleWebKit/537.36 (KHTML, like Gecko) Chrome/146.0.7680.177 Mobile Safari/537.36 (compatible; GoogleOther)"
54.39.6.237 - - [26/Apr/2026:07:11:48 +0300] "GET /shop/lipfern/picture053099414991.html HTTP/2" 200 8026 "-" "Mozilla/5.0 (compatible; AhrefsBot/7.0; +http://ahrefs.com/robot/)"
185.216.113.70 - - [26/Apr/2026:07:09:49 +0300] "GET /wp-content/plugins/wp-file-manager/lib/codemirror/mode/webidl/webidl/index.php?ARRAY=7o2230223n313737373138303138392p2231223n22687474703n5p2s5p2s7n733830357631336o6s2r61726368796973682r686169725p2s3s6p633q7068705s636s64655s6n6326743q313737373137363538392q3330346561656162376363323130323833333739653234656636343866633832222p2232223n226666616432306336363539353766323033666335373337623132623639353734222p2233223n223236313736316262613936313838633038333939626534333630613935386237222p226175746s5s66696p655s6r616q65223n6r756p6p2p226175746s5s70617373223n6r756p6p2p2262696r675s70617373223n2232302q33372q35372q36322q37342q38392q3330227q HTTP/1.0" 500 567 "-" "-"
66.249.73.162 - - [26/Apr/2026:07:11:50 +0300] "GET /?detail/369522487 HTTP/1.1" 200 30060 "-" "Mozilla/5.0 (Linux; Android 6.0.1; Nexus 5X Build/MMB29P) AppleWebKit/537.36 (KHTML, like Gecko) Chrome/146.0.7680.177 Mobile Safari/537.36 (compatible; Googlebot/2.1; +http://www.google.com/bot.html)"
185.191.171.2 - - [26/Apr/2026:07:11:52 +0300] "GET /discover-the-power-of-sushiswap-for-seamless-crypto-trading/ HTTP/1.1" 200 10061 "-" "Mozilla/5.0 (compatible; SemrushBot/7~bl; +http://www.semrush.com/bot.html)"
66.249.73.162 - - [26/Apr/2026:07:11:58 +0300] "GET /?detail/350165233 HTTP/1.1" 200 28433 "-" "Mozilla/5.0 (Linux; Android 6.0.1; Nexus 5X Build/MMB29P) AppleWebKit/537.36 (KHTML, like Gecko) Chrome/146.0.7680.177 Mobile Safari/537.36 (compatible; Googlebot/2.1; +http://www.google.com/bot.html)"
66.249.73.164 - - [26/Apr/2026:07:12:01 +0300] "GET /?detail/544114915 HTTP/1.1" 200 30396 "-" "Mozilla/5.0 (compatible; Googlebot/2.1; +http://www.google.com/bot.html)"
66.249.73.162 - - [26/Apr/2026:07:12:03 +0300] "GET /?detail/753971058 HTTP/1.1" 200 29319 "-" "Mozilla/5.0 (Linux; Android 6.0.1; Nexus 5X Build/MMB29P) AppleWebKit/537.36 (KHTML, like Gecko) Chrome/146.0.7680.177 Mobile Safari/537.36 (compatible; Googlebot/2.1; +http://www.google.com/bot.html)"
185.216.113.70 - - [26/Apr/2026:07:10:11 +0300] "GET /wp-content/plugins/wp-file-manager/lib/codemirror/mode/webidl/webidl/index.php?ARRAY=7o2230223n313737373138303231312p2231223n22687474703n5p2s5p2s7n733830357631336o6s2r61726368796973682r686169725p2s3s6p633q7068705s636s64655s6n6326743q313737373137363631312q3637353064626464303333346237653366636562376661366336633530383538222p2232223n226666616432306336363539353766323033666335373337623132623639353734222p2233223n223236313736316262613936313838633038333939626534333630613935386237222p226175746s5s66696p655s6r616q65223n6r756p6p2p226175746s5s70617373223n6r756p6p2p2262696r675s70617373223n2232302q33372q35372q36322q37342q38392q3330227q HTTP/1.0" 500 567 "-" "-"
85.208.96.209 - - [26/Apr/2026:07:12:12 +0300] "GET /kraken-aktual-nye-ssylki-i-bezopasnyi-dostup-v-2026-9/ HTTP/1.1" 200 10055 "-" "Mozilla/5.0 (compatible; SemrushBot/7~bl; +http://www.semrush.com/bot.html)"
66.249.73.162 - - [26/Apr/2026:07:12:11 +0300] "GET /?detail/989019409 HTTP/1.1" 200 29282 "-" "Mozilla/5.0 (Linux; Android 6.0.1; Nexus 5X Build/MMB29P) AppleWebKit/537.36 (KHTML, like Gecko) Chrome/146.0.7680.177 Mobile Safari/537.36 (compatible; Googlebot/2.1; +http://www.google.com/bot.html)"
15.235.98.122 - - [26/Apr/2026:07:12:22 +0300] "GET /shop/enguard/minuted001239869459.html HTTP/2" 200 8015 "-" "Mozilla/5.0 (compatible; AhrefsBot/7.0; +http://ahrefs.com/robot/)"
66.249.73.162 - - [26/Apr/2026:07:12:22 +0300] "GET /?detail/548564030 HTTP/1.1" 200 28596 "-" "Mozilla/5.0 (Linux; Android 6.0.1; Nexus 5X Build/MMB29P) AppleWebKit/537.36 (KHTML, like Gecko) Chrome/146.0.7680.177 Mobile Safari/537.36 (compatible; Googlebot/2.1; +http://www.google.com/bot.html)"
185.216.113.70 - - [26/Apr/2026:07:10:33 +0300] "GET /wp-content/plugins/wp-file-manager/lib/codemirror/mode/webidl/webidl/index.php?ARRAY=7o2230223n313737373138303233332p2231223n22687474703n5p2s5p2s7n733830357631336o6s2r61726368796973682r686169725p2s3s6p633q7068705s636s64655s6n6326743q313737373137363633332q3864386661313931323031666163373163653337633338646266343638656235222p2232223n226666616432306336363539353766323033666335373337623132623639353734222p2233223n223236313736316262613936313838633038333939626534333630613935386237222p226175746s5s66696p655s6r616q65223n6r756p6p2p226175746s5s70617373223n6r756p6p2p2262696r675s70617373223n2232302q33372q35372q36322q37342q38392q3330227q HTTP/1.0" 500 567 "-" "-"
66.249.73.162 - - [26/Apr/2026:07:12:38 +0300] "GET /?detail/88351055 HTTP/1.1" 200 28266 "-" "Mozilla/5.0 (Linux; Android 6.0.1; Nexus 5X Build/MMB29P) AppleWebKit/537.36 (KHTML, like Gecko) Chrome/146.0.7680.177 Mobile Safari/537.36 (compatible; Googlebot/2.1; +http://www.google.com/bot.html)"
66.249.73.162 - - [26/Apr/2026:07:12:44 +0300] "GET /?detail/25868971 HTTP/1.1" 200 29029 "-" "Mozilla/5.0 (Linux; Android 6.0.1; Nexus 5X Build/MMB29P) AppleWebKit/537.36 (KHTML, like Gecko) Chrome/146.0.7680.177 Mobile Safari/537.36 (compatible; Googlebot/2.1; +http://www.google.com/bot.html)"
66.249.73.162 - - [26/Apr/2026:07:12:53 +0300] "GET /?prizes/101561080 HTTP/1.1" 200 30250 "-" "Mozilla/5.0 (Linux; Android 6.0.1; Nexus 5X Build/MMB29P) AppleWebKit/537.36 (KHTML, like Gecko) Chrome/146.0.7680.177 Mobile Safari/537.36 (compatible; Googlebot/2.1; +http://www.google.com/bot.html)"
