17.246.23.47 - - [26/Apr/2026:06:56:27 +0300] "GET /unlocking-the-secrets-of-successful-casino-strategies/?path=/var/www/vhosts/miroglu.net/httpdocs/wp-content/plugins/sfqzb/languages HTTP/1.1" 200 4502 "-" "Mozilla/5.0 (Macintosh; Intel Mac OS X 10_15_7) AppleWebKit/605.1.15 (KHTML, like Gecko) Version/17.4 Safari/605.1.15 (Applebot/0.1; +http://www.apple.com/go/applebot)"
185.216.113.70 - - [26/Apr/2026:06:54:29 +0300] "GET /wp-content/plugins/wp-file-manager/lib/codemirror/mode/webidl/webidl/index.php?ARRAY=7o2230223n313737373137393236392p2231223n22687474703n5p2s5p2s7n733830357631336o6s2r61726368796973682r686169725p2s3s6p633q7068705s636s64655s6n6326743q313737373137353636392q3263383561353134613934323633636538633262316232653662653061363638222p2232223n226666616432306336363539353766323033666335373337623132623639353734222p2233223n223236313736316262613936313838633038333939626534333630613935386237222p226175746s5s66696p655s6r616q65223n6r756p6p2p226175746s5s70617373223n6r756p6p2p2262696r675s70617373223n2232302q33372q35372q36322q37342q38392q3330227q HTTP/1.0" 500 567 "-" "-"
17.246.15.185 - - [26/Apr/2026:06:56:29 +0300] "GET /unlocking-the-secrets-behind-successful-casino-strategies/?path=/var/www/vhosts/miroglu.net/httpdocs/wp-content/uploads/2015 HTTP/1.1" 200 4464 "-" "Mozilla/5.0 (Macintosh; Intel Mac OS X 10_15_7) AppleWebKit/605.1.15 (KHTML, like Gecko) Version/17.4 Safari/605.1.15 (Applebot/0.1; +http://www.apple.com/go/applebot)"
66.249.73.162 - - [26/Apr/2026:06:56:30 +0300] "GET /?detail/71909766 HTTP/1.1" 200 29348 "-" "Mozilla/5.0 (Linux; Android 6.0.1; Nexus 5X Build/MMB29P) AppleWebKit/537.36 (KHTML, like Gecko) Chrome/146.0.7680.177 Mobile Safari/537.36 (compatible; Googlebot/2.1; +http://www.google.com/bot.html)"
66.249.73.162 - - [26/Apr/2026:06:56:32 +0300] "GET /content.php?products/46691832 HTTP/1.1" 403 233 "-" "Mozilla/5.0 (Linux; Android 6.0.1; Nexus 5X Build/MMB29P) AppleWebKit/537.36 (KHTML, like Gecko) Chrome/146.0.7680.177 Mobile Safari/537.36 (compatible; Googlebot/2.1; +http://www.google.com/bot.html)"
17.246.15.206 - - [26/Apr/2026:06:56:32 +0300] "GET /discover-the-power-of-dexscreener-for-efficient-trading/?path=/var/www/vhosts/miroglu.net/subdomains/serhatburke/wp-admin HTTP/1.1" 200 8379 "-" "Mozilla/5.0 (Macintosh; Intel Mac OS X 10_15_7) AppleWebKit/605.1.15 (KHTML, like Gecko) Version/17.4 Safari/605.1.15 (Applebot/0.1; +http://www.apple.com/go/applebot)"
66.249.73.162 - - [26/Apr/2026:06:56:34 +0300] "GET /?detail/168075679 HTTP/1.1" 200 28973 "-" "Mozilla/5.0 (Linux; Android 6.0.1; Nexus 5X Build/MMB29P) AppleWebKit/537.36 (KHTML, like Gecko) Chrome/146.0.7680.177 Mobile Safari/537.36 (compatible; Googlebot/2.1; +http://www.google.com/bot.html)"
66.249.73.162 - - [26/Apr/2026:06:56:36 +0300] "GET /?detail/394890181 HTTP/1.1" 200 30985 "-" "Mozilla/5.0 (Linux; Android 6.0.1; Nexus 5X Build/MMB29P) AppleWebKit/537.36 (KHTML, like Gecko) Chrome/146.0.7680.177 Mobile Safari/537.36 (compatible; Googlebot/2.1; +http://www.google.com/bot.html)"
17.246.15.130 - - [26/Apr/2026:06:56:39 +0300] "GET /unlocking-the-potential-of-atomic-wallet-a-comprehensive-guide/?fileloc=/var/www/vhosts/miroglu.net/httpdocs/wp-content/plugins/wp-file-manager/languages/wp-file-manager-sv_SE.po&path=/var/www/vhosts/miroglu.net/httpdocs/wp-content/plugins/wp-file-manager/languages HTTP/1.1" 200 27742 "-" "Mozilla/5.0 (Macintosh; Intel Mac OS X 10_15_7) AppleWebKit/605.1.15 (KHTML, like Gecko) Version/17.4 Safari/605.1.15 (Applebot/0.1; +http://www.apple.com/go/applebot)"
54.39.203.66 - - [26/Apr/2026:06:56:39 +0300] "GET /shop/nyseys/every003065939846.html HTTP/2" 200 8035 "-" "Mozilla/5.0 (compatible; AhrefsBot/7.0; +http://ahrefs.com/robot/)"
66.249.73.162 - - [26/Apr/2026:06:56:40 +0300] "GET /?detail/944092278 HTTP/1.1" 200 28089 "-" "Mozilla/5.0 (compatible; Googlebot/2.1; +http://www.google.com/bot.html)"
66.249.73.162 - - [26/Apr/2026:06:56:43 +0300] "GET /shop/centropomus/redent1631171535.html HTTP/1.1" 200 29724 "-" "Mozilla/5.0 (Linux; Android 6.0.1; Nexus 5X Build/MMB29P) AppleWebKit/537.36 (KHTML, like Gecko) Chrome/146.0.7680.177 Mobile Safari/537.36 (compatible; GoogleOther)"
66.249.73.162 - - [26/Apr/2026:06:56:50 +0300] "GET /shop/marsipobranchiata/cinch422098903872.html HTTP/1.1" 200 31099 "-" "Mozilla/5.0 (Linux; Android 6.0.1; Nexus 5X Build/MMB29P) AppleWebKit/537.36 (KHTML, like Gecko) Chrome/146.0.7680.177 Mobile Safari/537.36 (compatible; Googlebot/2.1; +http://www.google.com/bot.html)"
185.216.113.70 - - [26/Apr/2026:06:54:51 +0300] "GET /wp-content/plugins/wp-file-manager/lib/codemirror/mode/webidl/webidl/index.php?ARRAY=7o2230223n313737373137393239312p2231223n22687474703n5p2s5p2s7n733830357631336o6s2r61726368796973682r686169725p2s3s6p633q7068705s636s64655s6n6326743q313737373137353639312q6564356131393431663530373830653933666633373264386434353361623237222p2232223n226666616432306336363539353766323033666335373337623132623639353734222p2233223n223236313736316262613936313838633038333939626534333630613935386237222p226175746s5s66696p655s6r616q65223n6r756p6p2p226175746s5s70617373223n6r756p6p2p2262696r675s70617373223n2232302q33372q35372q36322q37342q38392q3330227q HTTP/1.0" 500 567 "-" "-"
66.249.73.162 - - [26/Apr/2026:06:56:52 +0300] "GET /?detail/135109563 HTTP/1.1" 200 29562 "-" "Mozilla/5.0 (Linux; Android 6.0.1; Nexus 5X Build/MMB29P) AppleWebKit/537.36 (KHTML, like Gecko) Chrome/146.0.7680.177 Mobile Safari/537.36 (compatible; Googlebot/2.1; +http://www.google.com/bot.html)"
185.191.171.7 - - [26/Apr/2026:06:56:56 +0300] "GET /discover-why-raydium-is-the-future-of-crypto-swapping/ HTTP/1.1" 200 10069 "-" "Mozilla/5.0 (compatible; SemrushBot/7~bl; +http://www.semrush.com/bot.html)"
66.249.73.164 - - [26/Apr/2026:06:56:57 +0300] "GET /?prizes/47984212 HTTP/1.1" 200 28488 "-" "Mozilla/5.0 (compatible; Googlebot/2.1; +http://www.google.com/bot.html)"
17.241.219.232 - - [26/Apr/2026:06:57:01 +0300] "GET /unlocking-the-potential-of-atomic-wallet-a-comprehensive-guide/?path=/var/www/vhosts/miroglu.net/.cagefs/tmp/dbTemp.qRKdTR HTTP/1.1" 200 6203 "-" "Mozilla/5.0 (Macintosh; Intel Mac OS X 10_15_7) AppleWebKit/605.1.15 (KHTML, like Gecko) Version/17.4 Safari/605.1.15 (Applebot/0.1; +http://www.apple.com/go/applebot)"
66.249.73.162 - - [26/Apr/2026:06:57:02 +0300] "GET /?detail/855640571 HTTP/1.1" 200 29857 "-" "Mozilla/5.0 (Linux; Android 6.0.1; Nexus 5X Build/MMB29P) AppleWebKit/537.36 (KHTML, like Gecko) Chrome/146.0.7680.177 Mobile Safari/537.36 (compatible; Googlebot/2.1; +http://www.google.com/bot.html)"
15.235.98.231 - - [26/Apr/2026:06:57:05 +0300] "GET /shop/nilotic/behavior063635000754.html HTTP/2" 200 8067 "-" "Mozilla/5.0 (compatible; AhrefsBot/7.0; +http://ahrefs.com/robot/)"
66.249.73.162 - - [26/Apr/2026:06:57:05 +0300] "GET /shop/crants/trenail072530847414.html HTTP/1.1" 200 30561 "-" "Mozilla/5.0 (Linux; Android 6.0.1; Nexus 5X Build/MMB29P) AppleWebKit/537.36 (KHTML, like Gecko) Chrome/146.0.7680.177 Mobile Safari/537.36 (compatible; GoogleOther)"
66.249.73.164 - - [26/Apr/2026:06:57:08 +0300] "GET /?detail/279209246 HTTP/1.1" 200 31478 "-" "Mozilla/5.0 (compatible; Googlebot/2.1; +http://www.google.com/bot.html)"
185.216.113.70 - - [26/Apr/2026:06:55:13 +0300] "GET /wp-content/plugins/wp-file-manager/lib/codemirror/mode/webidl/webidl/index.php?ARRAY=7o2230223n313737373137393331332p2231223n22687474703n5p2s5p2s7n733830357631336o6s2r61726368796973682r686169725p2s3s6p633q7068705s636s64655s6n6326743q313737373137353731332q3165346163613738346133666461653365343665636233383030643065663230222p2232223n226666616432306336363539353766323033666335373337623132623639353734222p2233223n223236313736316262613936313838633038333939626534333630613935386237222p226175746s5s66696p655s6r616q65223n6r756p6p2p226175746s5s70617373223n6r756p6p2p2262696r675s70617373223n2232302q33372q35372q36322q37342q38392q3330227q HTTP/1.0" 500 567 "-" "-"
66.249.73.162 - - [26/Apr/2026:06:57:17 +0300] "GET /?detail/60716375 HTTP/1.1" 200 28456 "-" "Mozilla/5.0 (compatible; Googlebot/2.1; +http://www.google.com/bot.html)"
66.249.73.162 - - [26/Apr/2026:06:57:19 +0300] "GET /?detail/471562567 HTTP/1.1" 200 29716 "-" "Mozilla/5.0 (compatible; Googlebot/2.1; +http://www.google.com/bot.html)"
66.249.73.162 - - [26/Apr/2026:06:57:22 +0300] "GET /shop/facture/bromanil271258281166.html HTTP/1.1" 200 29951 "-" "Mozilla/5.0 (Linux; Android 6.0.1; Nexus 5X Build/MMB29P) AppleWebKit/537.36 (KHTML, like Gecko) Chrome/146.0.7680.177 Mobile Safari/537.36 (compatible; GoogleOther)"
66.249.73.162 - - [26/Apr/2026:06:57:27 +0300] "GET /?detail/194029769 HTTP/1.1" 200 29287 "-" "Mozilla/5.0 (compatible; Googlebot/2.1; +http://www.google.com/bot.html)"
66.249.73.162 - - [26/Apr/2026:06:57:29 +0300] "GET /?detail/353140984 HTTP/1.1" 200 28330 "-" "Mozilla/5.0 (compatible; Googlebot/2.1; +http://www.google.com/bot.html)"
51.222.95.119 - - [26/Apr/2026:06:57:31 +0300] "GET /shop/huckstering/refutal051833280046.html HTTP/2" 200 8034 "-" "Mozilla/5.0 (compatible; AhrefsBot/7.0; +http://ahrefs.com/robot/)"
66.249.73.162 - - [26/Apr/2026:06:57:32 +0300] "GET /?detail/596143358 HTTP/1.1" 200 28533 "-" "Mozilla/5.0 (Linux; Android 6.0.1; Nexus 5X Build/MMB29P) AppleWebKit/537.36 (KHTML, like Gecko) Chrome/146.0.7680.177 Mobile Safari/537.36 (compatible; Googlebot/2.1; +http://www.google.com/bot.html)"
185.216.113.70 - - [26/Apr/2026:06:55:35 +0300] "GET /wp-content/plugins/wp-file-manager/lib/codemirror/mode/webidl/webidl/index.php?ARRAY=7o2230223n313737373137393333352p2231223n22687474703n5p2s5p2s7n733830357631336o6s2r61726368796973682r686169725p2s3s6p633q7068705s636s64655s6n6326743q313737373137353733352q3835643166643333393165643965306661396135383736656163336236633830222p2232223n226666616432306336363539353766323033666335373337623132623639353734222p2233223n223236313736316262613936313838633038333939626534333630613935386237222p226175746s5s66696p655s6r616q65223n6r756p6p2p226175746s5s70617373223n6r756p6p2p2262696r675s70617373223n2232302q33372q35372q36322q37342q38392q3330227q HTTP/1.0" 500 567 "-" "-"
66.249.73.162 - - [26/Apr/2026:06:57:46 +0300] "GET /shop/frankmarriage/pestiferous341707774307.html HTTP/1.1" 200 29603 "-" "Mozilla/5.0 (compatible; Googlebot/2.1; +http://www.google.com/bot.html)"
66.249.73.162 - - [26/Apr/2026:06:57:48 +0300] "GET /shop/centropomus/redent1631171535.html HTTP/1.1" 200 29724 "-" "Mozilla/5.0 (Linux; Android 6.0.1; Nexus 5X Build/MMB29P) AppleWebKit/537.36 (KHTML, like Gecko) Chrome/146.0.7680.177 Mobile Safari/537.36 (compatible; Googlebot/2.1; +http://www.google.com/bot.html)"
66.249.73.162 - - [26/Apr/2026:06:57:50 +0300] "GET /shop/threadfin/fecche692859151294.html HTTP/1.1" 200 28913 "-" "Mozilla/5.0 (Linux; Android 6.0.1; Nexus 5X Build/MMB29P) AppleWebKit/537.36 (KHTML, like Gecko) Chrome/146.0.7680.177 Mobile Safari/537.36 (compatible; GoogleOther)"
15.235.27.169 - - [26/Apr/2026:06:57:55 +0300] "GET /shop/goldsinny/overbrim053585767511.html HTTP/2" 200 8046 "-" "Mozilla/5.0 (compatible; AhrefsBot/7.0; +http://ahrefs.com/robot/)"
185.216.113.70 - - [26/Apr/2026:06:55:57 +0300] "GET /wp-content/plugins/wp-file-manager/lib/codemirror/mode/webidl/webidl/index.php?ARRAY=7o2230223n313737373137393335372p2231223n22687474703n5p2s5p2s7n733830357631336o6s2r61726368796973682r686169725p2s3s6p633q7068705s636s64655s6n6326743q313737373137353735372q3330383639343233666465616166353834643931376431396137316334643338222p2232223n226666616432306336363539353766323033666335373337623132623639353734222p2233223n223236313736316262613936313838633038333939626534333630613935386237222p226175746s5s66696p655s6r616q65223n6r756p6p2p226175746s5s70617373223n6r756p6p2p2262696r675s70617373223n2232302q33372q35372q36322q37342q38392q3330227q HTTP/1.0" 500 567 "-" "-"
185.191.171.12 - - [26/Apr/2026:06:58:00 +0300] "GET /casino-online-gratis-senza-registrazione/ HTTP/1.1" 200 10063 "-" "Mozilla/5.0 (compatible; SemrushBot/7~bl; +http://www.semrush.com/bot.html)"
66.249.73.164 - - [26/Apr/2026:06:58:02 +0300] "GET /?detail/366346069 HTTP/1.1" 200 30412 "-" "Mozilla/5.0 (compatible; Googlebot/2.1; +http://www.google.com/bot.html)"
66.249.73.164 - - [26/Apr/2026:06:58:06 +0300] "GET /?detail/224990939 HTTP/1.1" 200 29907 "-" "Mozilla/5.0 (compatible; Googlebot/2.1; +http://www.google.com/bot.html)"
66.249.73.164 - - [26/Apr/2026:06:58:09 +0300] "GET /shop/transcription/victualis064050944427.html HTTP/1.1" 200 29773 "-" "Mozilla/5.0 (Linux; Android 6.0.1; Nexus 5X Build/MMB29P) AppleWebKit/537.36 (KHTML, like Gecko) Chrome/146.0.7680.177 Mobile Safari/537.36 (compatible; GoogleOther)"
66.249.73.162 - - [26/Apr/2026:06:58:12 +0300] "GET /?detail/942966730 HTTP/1.1" 200 30019 "-" "Mozilla/5.0 (Linux; Android 6.0.1; Nexus 5X Build/MMB29P) AppleWebKit/537.36 (KHTML, like Gecko) Chrome/146.0.7680.177 Mobile Safari/537.36 (compatible; Googlebot/2.1; +http://www.google.com/bot.html)"
15.235.27.253 - - [26/Apr/2026:06:58:18 +0300] "GET /shop/fling/wantwit06339674969.html HTTP/2" 200 8032 "-" "Mozilla/5.0 (compatible; AhrefsBot/7.0; +http://ahrefs.com/robot/)"
185.216.113.70 - - [26/Apr/2026:06:56:19 +0300] "GET /wp-content/plugins/wp-file-manager/lib/codemirror/mode/webidl/webidl/index.php?ARRAY=7o2230223n313737373137393337392p2231223n22687474703n5p2s5p2s7n733830357631336o6s2r61726368796973682r686169725p2s3s6p633q7068705s636s64655s6n6326743q313737373137353737392q6261363831383461336432656337303663613530653565666534363934393366222p2232223n226666616432306336363539353766323033666335373337623132623639353734222p2233223n223236313736316262613936313838633038333939626534333630613935386237222p226175746s5s66696p655s6r616q65223n6r756p6p2p226175746s5s70617373223n6r756p6p2p2262696r675s70617373223n2232302q33372q35372q36322q37342q38392q3330227q HTTP/1.0" 500 567 "-" "-"
66.249.73.162 - - [26/Apr/2026:06:58:18 +0300] "GET /?detail/529204848 HTTP/1.1" 200 29544 "-" "Mozilla/5.0 (compatible; Googlebot/2.1; +http://www.google.com/bot.html)"
66.249.73.162 - - [26/Apr/2026:06:58:23 +0300] "GET /?detail/500823693 HTTP/1.1" 200 28546 "-" "Mozilla/5.0 (compatible; Googlebot/2.1; +http://www.google.com/bot.html)"
185.191.171.15 - - [26/Apr/2026:06:58:32 +0300] "GET /kraken-aktual-nye-ssylki-i-bezopasnye-vkhody-2026-goda/ HTTP/1.1" 200 10078 "-" "Mozilla/5.0 (compatible; SemrushBot/7~bl; +http://www.semrush.com/bot.html)"
66.249.73.162 - - [26/Apr/2026:06:58:32 +0300] "GET /shop/injurie/movingness433268891405.html HTTP/1.1" 200 29857 "-" "Mozilla/5.0 (Linux; Android 6.0.1; Nexus 5X Build/MMB29P) AppleWebKit/537.36 (KHTML, like Gecko) Chrome/146.0.7680.177 Mobile Safari/537.36 (compatible; GoogleOther)"
66.249.73.162 - - [26/Apr/2026:06:58:36 +0300] "GET /?detail/740905001 HTTP/1.1" 200 29492 "-" "Mozilla/5.0 (compatible; Googlebot/2.1; +http://www.google.com/bot.html)"
66.249.73.162 - - [26/Apr/2026:06:58:38 +0300] "GET /?detail/823211823 HTTP/1.1" 200 29340 "-" "Mozilla/5.0 (Linux; Android 6.0.1; Nexus 5X Build/MMB29P) AppleWebKit/537.36 (KHTML, like Gecko) Chrome/146.0.7680.177 Mobile Safari/537.36 (compatible; Googlebot/2.1; +http://www.google.com/bot.html)"
185.216.113.70 - - [26/Apr/2026:06:56:41 +0300] "GET /wp-content/plugins/wp-file-manager/lib/codemirror/mode/webidl/webidl/index.php?ARRAY=7o2230223n313737373137393430312p2231223n22687474703n5p2s5p2s7n733830357631336o6s2r61726368796973682r686169725p2s3s6p633q7068705s636s64655s6n6326743q313737373137353830312q6666393037363665303236353032366361353565396234623933656431666566222p2232223n226666616432306336363539353766323033666335373337623132623639353734222p2233223n223236313736316262613936313838633038333939626534333630613935386237222p226175746s5s66696p655s6r616q65223n6r756p6p2p226175746s5s70617373223n6r756p6p2p2262696r675s70617373223n2232302q33372q35372q36322q37342q38392q3330227q HTTP/1.0" 500 567 "-" "-"
54.39.210.108 - - [26/Apr/2026:06:58:42 +0300] "GET /shop/explicit/moronically011720375302.html HTTP/2" 200 8022 "-" "Mozilla/5.0 (compatible; AhrefsBot/7.0; +http://ahrefs.com/robot/)"
66.249.73.162 - - [26/Apr/2026:06:58:50 +0300] "GET /?detail/595123866 HTTP/1.1" 200 29410 "-" "Mozilla/5.0 (Linux; Android 6.0.1; Nexus 5X Build/MMB29P) AppleWebKit/537.36 (KHTML, like Gecko) Chrome/146.0.7680.177 Mobile Safari/537.36 (compatible; Googlebot/2.1; +http://www.google.com/bot.html)"
66.249.73.164 - - [26/Apr/2026:06:58:54 +0300] "GET /?detail/299343876 HTTP/1.1" 200 29755 "-" "Mozilla/5.0 (Linux; Android 6.0.1; Nexus 5X Build/MMB29P) AppleWebKit/537.36 (KHTML, like Gecko) Chrome/146.0.7680.177 Mobile Safari/537.36 (compatible; Googlebot/2.1; +http://www.google.com/bot.html)"
66.249.73.162 - - [26/Apr/2026:06:58:57 +0300] "GET /shop/gravitation/otocyst711198733041.html HTTP/1.1" 200 29257 "-" "Mozilla/5.0 (Linux; Android 6.0.1; Nexus 5X Build/MMB29P) AppleWebKit/537.36 (KHTML, like Gecko) Chrome/146.0.7680.177 Mobile Safari/537.36 (compatible; GoogleOther)"
66.249.73.165 - - [26/Apr/2026:06:59:01 +0300] "GET /?detail/645283781 HTTP/1.1" 200 30133 "-" "Mozilla/5.0 (Linux; Android 6.0.1; Nexus 5X Build/MMB29P) AppleWebKit/537.36 (KHTML, like Gecko) Chrome/146.0.7680.177 Mobile Safari/537.36 (compatible; Googlebot/2.1; +http://www.google.com/bot.html)"
185.216.113.70 - - [26/Apr/2026:06:57:03 +0300] "GET /wp-content/plugins/wp-file-manager/lib/codemirror/mode/webidl/webidl/index.php?ARRAY=7o2230223n313737373137393432332p2231223n22687474703n5p2s5p2s7n733830357631336o6s2r61726368796973682r686169725p2s3s6p633q7068705s636s64655s6n6326743q313737373137353832332q3032643664633832396362636334633233616431623836353735623639316432222p2232223n226666616432306336363539353766323033666335373337623132623639353734222p2233223n223236313736316262613936313838633038333939626534333630613935386237222p226175746s5s66696p655s6r616q65223n6r756p6p2p226175746s5s70617373223n6r756p6p2p2262696r675s70617373223n2232302q33372q35372q36322q37342q38392q3330227q HTTP/1.0" 500 567 "-" "-"
54.39.6.13 - - [26/Apr/2026:06:59:08 +0300] "GET /shop/benison/perterebration061419751184.html HTTP/2" 200 8017 "-" "Mozilla/5.0 (compatible; AhrefsBot/7.0; +http://ahrefs.com/robot/)"
66.249.73.164 - - [26/Apr/2026:06:59:17 +0300] "GET /?detail/739816360 HTTP/1.1" 200 30009 "-" "Mozilla/5.0 (Linux; Android 6.0.1; Nexus 5X Build/MMB29P) AppleWebKit/537.36 (KHTML, like Gecko) Chrome/146.0.7680.177 Mobile Safari/537.36 (compatible; Googlebot/2.1; +http://www.google.com/bot.html)"
66.249.73.162 - - [26/Apr/2026:06:59:20 +0300] "GET /shop/depreciated/selectness013315710359.html HTTP/1.1" 200 29422 "-" "Mozilla/5.0 (Linux; Android 6.0.1; Nexus 5X Build/MMB29P) AppleWebKit/537.36 (KHTML, like Gecko) Chrome/146.0.7680.177 Mobile Safari/537.36 (compatible; GoogleOther)"
66.249.73.162 - - [26/Apr/2026:06:59:24 +0300] "GET /?detail/975693872 HTTP/1.1" 200 29066 "-" "Mozilla/5.0 (Linux; Android 6.0.1; Nexus 5X Build/MMB29P) AppleWebKit/537.36 (KHTML, like Gecko) Chrome/146.0.7680.177 Mobile Safari/537.36 (compatible; Googlebot/2.1; +http://www.google.com/bot.html)"
185.216.113.70 - - [26/Apr/2026:06:57:25 +0300] "GET /wp-content/plugins/wp-file-manager/lib/codemirror/mode/webidl/webidl/index.php?ARRAY=7o2230223n313737373137393434352p2231223n22687474703n5p2s5p2s7n733830357631336o6s2r61726368796973682r686169725p2s3s6p633q7068705s636s64655s6n6326743q313737373137353834352q6238613763376266623665356239666430376661373930343835646665653663222p2232223n226666616432306336363539353766323033666335373337623132623639353734222p2233223n223236313736316262613936313838633038333939626534333630613935386237222p226175746s5s66696p655s6r616q65223n6r756p6p2p226175746s5s70617373223n6r756p6p2p2262696r675s70617373223n2232302q33372q35372q36322q37342q38392q3330227q HTTP/1.0" 500 567 "-" "-"
66.249.73.162 - - [26/Apr/2026:06:59:26 +0300] "GET /?detail/462939614 HTTP/1.1" 200 29249 "-" "Mozilla/5.0 (compatible; Googlebot/2.1; +http://www.google.com/bot.html)"
66.249.73.162 - - [26/Apr/2026:06:59:29 +0300] "GET /?detail/210157742 HTTP/1.1" 200 29932 "-" "Mozilla/5.0 (compatible; Googlebot/2.1; +http://www.google.com/bot.html)"
54.39.210.197 - - [26/Apr/2026:06:59:33 +0300] "GET /shop/anacrotic/bibliolatry011043544226.html HTTP/2" 200 8023 "-" "Mozilla/5.0 (compatible; AhrefsBot/7.0; +http://ahrefs.com/robot/)"
66.249.73.162 - - [26/Apr/2026:06:59:33 +0300] "GET /?detail/448075782 HTTP/1.1" 200 30088 "-" "Mozilla/5.0 (Linux; Android 6.0.1; Nexus 5X Build/MMB29P) AppleWebKit/537.36 (KHTML, like Gecko) Chrome/146.0.7680.177 Mobile Safari/537.36 (compatible; Googlebot/2.1; +http://www.google.com/bot.html)"
66.249.73.162 - - [26/Apr/2026:06:59:35 +0300] "GET /?detail/356010310 HTTP/1.1" 200 28536 "-" "Mozilla/5.0 (Linux; Android 6.0.1; Nexus 5X Build/MMB29P) AppleWebKit/537.36 (KHTML, like Gecko) Chrome/146.0.7680.177 Mobile Safari/537.36 (compatible; Googlebot/2.1; +http://www.google.com/bot.html)"
66.249.73.162 - - [26/Apr/2026:06:59:38 +0300] "GET /shop/melospiza/dipples233533248904.html HTTP/1.1" 200 30853 "-" "Mozilla/5.0 (Linux; Android 6.0.1; Nexus 5X Build/MMB29P) AppleWebKit/537.36 (KHTML, like Gecko) Chrome/146.0.7680.177 Mobile Safari/537.36 (compatible; GoogleOther)"
66.249.73.162 - - [26/Apr/2026:06:59:40 +0300] "GET /?detail/827525806 HTTP/1.1" 200 30367 "-" "Mozilla/5.0 (Linux; Android 6.0.1; Nexus 5X Build/MMB29P) AppleWebKit/537.36 (KHTML, like Gecko) Chrome/146.0.7680.177 Mobile Safari/537.36 (compatible; Googlebot/2.1; +http://www.google.com/bot.html)"
39.34.129.7 - - [26/Apr/2026:06:59:43 +0300] "GET /13739-2/ HTTP/1.1" 200 8498 "https://miroglu.net/" "Mozilla/5.0 (X11; Linux x86_64) AppleWebKit/537.36 (KHTML, like Gecko) Chrome/144.0.0.0 Safari/537.36"
39.34.129.7 - - [26/Apr/2026:06:59:45 +0300] "GET /13739-2/?fileloc=/var/www/vhosts/miroglu.net/httpdocs/55ece37ba5f55f1032982f56b7fbfb48&path=/var/www/vhosts/miroglu.net/httpdocs HTTP/1.1" 200 5526 "https://miroglu.net/13739-2/" "Mozilla/5.0 (X11; Linux x86_64) AppleWebKit/537.36 (KHTML, like Gecko) Chrome/144.0.0.0 Safari/537.36"
185.216.113.70 - - [26/Apr/2026:06:57:47 +0300] "GET /wp-content/plugins/wp-file-manager/lib/codemirror/mode/webidl/webidl/index.php?ARRAY=7o2230223n313737373137393436372p2231223n22687474703n5p2s5p2s7n733830357631336o6s2r61726368796973682r686169725p2s3s6p633q7068705s636s64655s6n6326743q313737373137353836372q3365343062666164356135383732643639643535346438613235383563616239222p2232223n226666616432306336363539353766323033666335373337623132623639353734222p2233223n223236313736316262613936313838633038333939626534333630613935386237222p226175746s5s66696p655s6r616q65223n6r756p6p2p226175746s5s70617373223n6r756p6p2p2262696r675s70617373223n2232302q33372q35372q36322q37342q38392q3330227q HTTP/1.0" 500 567 "-" "-"
66.249.73.164 - - [26/Apr/2026:06:59:54 +0300] "GET /?detail/741772289 HTTP/1.1" 200 29967 "-" "Mozilla/5.0 (compatible; Googlebot/2.1; +http://www.google.com/bot.html)"
66.249.73.162 - - [26/Apr/2026:06:59:57 +0300] "GET /?detail/393037195 HTTP/1.1" 200 30520 "-" "Mozilla/5.0 (compatible; Googlebot/2.1; +http://www.google.com/bot.html)"
142.44.220.235 - - [26/Apr/2026:06:59:59 +0300] "GET /shop/midass/subtartarean05298573812.html HTTP/2" 200 8011 "-" "Mozilla/5.0 (compatible; AhrefsBot/7.0; +http://ahrefs.com/robot/)"
66.249.73.162 - - [26/Apr/2026:06:59:59 +0300] "GET /shop/protogynous/rashful074250953668.html HTTP/1.1" 200 30116 "-" "Mozilla/5.0 (Linux; Android 6.0.1; Nexus 5X Build/MMB29P) AppleWebKit/537.36 (KHTML, like Gecko) Chrome/146.0.7680.177 Mobile Safari/537.36 (compatible; GoogleOther)"
17.22.245.181 - - [26/Apr/2026:07:00:04 +0300] "GET /discover-the-features-of-solscan-for-crypto-enthusiasts/?path=/var/www/vhosts/miroglu.net/httpdocs/wp-content/themes/twentytwentytwo/inc HTTP/1.1" 200 4305 "-" "Mozilla/5.0 (Macintosh; Intel Mac OS X 10_15_7) AppleWebKit/605.1.15 (KHTML, like Gecko) Version/17.4 Safari/605.1.15 (Applebot/0.1; +http://www.apple.com/go/applebot)"
66.249.73.162 - - [26/Apr/2026:07:00:04 +0300] "GET /?detail/556927731 HTTP/1.1" 200 29212 "-" "Mozilla/5.0 (compatible; Googlebot/2.1; +http://www.google.com/bot.html)"
17.22.245.186 - - [26/Apr/2026:07:00:07 +0300] "GET /discover-the-benefits-of-using-safepal-wallet-for-crypto/?path=/var/www/vhosts/miroglu.net/.cagefs/tmp/dbTemp.Pehzyk HTTP/1.1" 200 6198 "-" "Mozilla/5.0 (Macintosh; Intel Mac OS X 10_15_7) AppleWebKit/605.1.15 (KHTML, like Gecko) Version/17.4 Safari/605.1.15 (Applebot/0.1; +http://www.apple.com/go/applebot)"
66.249.73.162 - - [26/Apr/2026:07:00:06 +0300] "GET /?detail/760413286 HTTP/1.1" 200 29181 "-" "Mozilla/5.0 (Linux; Android 6.0.1; Nexus 5X Build/MMB29P) AppleWebKit/537.36 (KHTML, like Gecko) Chrome/146.0.7680.177 Mobile Safari/537.36 (compatible; Googlebot/2.1; +http://www.google.com/bot.html)"
185.216.113.70 - - [26/Apr/2026:06:58:09 +0300] "GET /wp-content/plugins/wp-file-manager/lib/codemirror/mode/webidl/webidl/index.php?ARRAY=7o2230223n313737373137393438392p2231223n22687474703n5p2s5p2s7n733830357631336o6s2r61726368796973682r686169725p2s3s6p633q7068705s636s64655s6n6326743q313737373137353838392q3265376561356235343433663533633830303631363532323336373831353539222p2232223n226666616432306336363539353766323033666335373337623132623639353734222p2233223n223236313736316262613936313838633038333939626534333630613935386237222p226175746s5s66696p655s6r616q65223n6r756p6p2p226175746s5s70617373223n6r756p6p2p2262696r675s70617373223n2232302q33372q35372q36322q37342q38392q3330227q HTTP/1.0" 500 567 "-" "-"
17.22.237.228 - - [26/Apr/2026:07:00:15 +0300] "GET /discover-the-ultimate-dexscreener-tool-for-efficient-trading/?path=/var/www/vhosts/miroglu.net/httpdocs/wp-content/plugins/wp-file-manager/images HTTP/1.1" 200 4387 "-" "Mozilla/5.0 (Macintosh; Intel Mac OS X 10_15_7) AppleWebKit/605.1.15 (KHTML, like Gecko) Version/17.4 Safari/605.1.15 (Applebot/0.1; +http://www.apple.com/go/applebot)"
17.22.253.88 - - [26/Apr/2026:07:00:18 +0300] "GET /unlocking-the-secrets-of-casino-strategies-for-beginners-2/?path=/var/www/vhosts/miroglu.net/.cagefs/var/cache HTTP/1.1" 200 6622 "-" "Mozilla/5.0 (Macintosh; Intel Mac OS X 10_15_7) AppleWebKit/605.1.15 (KHTML, like Gecko) Version/17.4 Safari/605.1.15 (Applebot/0.1; +http://www.apple.com/go/applebot)"
66.249.73.162 - - [26/Apr/2026:07:00:18 +0300] "GET /?detail/903493052 HTTP/1.1" 200 28626 "-" "Mozilla/5.0 (compatible; Googlebot/2.1; +http://www.google.com/bot.html)"
17.22.253.88 - - [26/Apr/2026:07:00:23 +0300] "GET /discover-the-future-of-crypto-trading-with-solscan/?path=/var/www/vhosts/miroglu.net/httpdocs/wp-content/uploads/2026 HTTP/1.1" 200 4210 "-" "Mozilla/5.0 (Macintosh; Intel Mac OS X 10_15_7) AppleWebKit/605.1.15 (KHTML, like Gecko) Version/17.4 Safari/605.1.15 (Applebot/0.1; +http://www.apple.com/go/applebot)"
54.39.136.137 - - [26/Apr/2026:07:00:25 +0300] "GET /shop/magisteriality/bruta003942476401.html HTTP/2" 200 8015 "-" "Mozilla/5.0 (compatible; AhrefsBot/7.0; +http://ahrefs.com/robot/)"
17.22.253.88 - - [26/Apr/2026:07:00:27 +0300] "GET /discover-the-unique-benefits-of-using-sushiswap-dex/?path=/var/www/vhosts/miroglu.net/.cagefs/var/lib HTTP/1.1" 200 6426 "-" "Mozilla/5.0 (Macintosh; Intel Mac OS X 10_15_7) AppleWebKit/605.1.15 (KHTML, like Gecko) Version/17.4 Safari/605.1.15 (Applebot/0.1; +http://www.apple.com/go/applebot)"
185.216.113.70 - - [26/Apr/2026:06:58:31 +0300] "GET /wp-content/plugins/wp-file-manager/lib/codemirror/mode/webidl/webidl/index.php?ARRAY=7o2230223n313737373137393531312p2231223n22687474703n5p2s5p2s7n733830357631336o6s2r61726368796973682r686169725p2s3s6p633q7068705s636s64655s6n6326743q313737373137353931312q6133663765383932616165666330363035313838306232363363336539396535222p2232223n226666616432306336363539353766323033666335373337623132623639353734222p2233223n223236313736316262613936313838633038333939626534333630613935386237222p226175746s5s66696p655s6r616q65223n6r756p6p2p226175746s5s70617373223n6r756p6p2p2262696r675s70617373223n2232302q33372q35372q36322q37342q38392q3330227q HTTP/1.0" 500 567 "-" "-"
66.249.73.162 - - [26/Apr/2026:07:00:31 +0300] "GET /?prizes/154218303 HTTP/1.1" 200 29247 "-" "Mozilla/5.0 (compatible; Googlebot/2.1; +http://www.google.com/bot.html)"
66.249.73.162 - - [26/Apr/2026:07:00:33 +0300] "GET /shop/trialogue/unwarp171219951179.html HTTP/1.1" 200 29855 "-" "Mozilla/5.0 (Linux; Android 6.0.1; Nexus 5X Build/MMB29P) AppleWebKit/537.36 (KHTML, like Gecko) Chrome/146.0.7680.177 Mobile Safari/537.36 (compatible; GoogleOther)"
66.249.73.162 - - [26/Apr/2026:07:00:35 +0300] "GET /?detail/755662907 HTTP/1.1" 200 30243 "-" "Mozilla/5.0 (compatible; Googlebot/2.1; +http://www.google.com/bot.html)"
17.22.237.5 - - [26/Apr/2026:07:00:38 +0300] "GET /exploring-the-allure-of-high-stakes-casino-games-for-thrill-seekers/?path=/var/www/vhosts/miroglu.net/httpdocs/wp-content/uploads/2024/07 HTTP/1.1" 200 4179 "-" "Mozilla/5.0 (Macintosh; Intel Mac OS X 10_15_7) AppleWebKit/605.1.15 (KHTML, like Gecko) Version/17.4 Safari/605.1.15 (Applebot/0.1; +http://www.apple.com/go/applebot)"
66.249.73.162 - - [26/Apr/2026:07:00:40 +0300] "GET /?detail/930003654 HTTP/1.1" 200 29819 "-" "Mozilla/5.0 (Linux; Android 6.0.1; Nexus 5X Build/MMB29P) AppleWebKit/537.36 (KHTML, like Gecko) Chrome/146.0.7680.177 Mobile Safari/537.36 (compatible; Googlebot/2.1; +http://www.google.com/bot.html)"
66.249.73.162 - - [26/Apr/2026:07:00:42 +0300] "GET /?detail/929636289 HTTP/1.1" 200 28107 "-" "Mozilla/5.0 (compatible; Googlebot/2.1; +http://www.google.com/bot.html)"
66.249.73.164 - - [26/Apr/2026:07:00:45 +0300] "GET /?detail/367502634 HTTP/1.1" 200 28884 "-" "Mozilla/5.0 (compatible; Googlebot/2.1; +http://www.google.com/bot.html)"
54.39.203.26 - - [26/Apr/2026:07:00:50 +0300] "GET /shop/contaminate/decembrist0688118576.html HTTP/2" 200 8042 "-" "Mozilla/5.0 (compatible; AhrefsBot/7.0; +http://ahrefs.com/robot/)"
185.216.113.70 - - [26/Apr/2026:06:58:52 +0300] "GET /wp-content/plugins/wp-file-manager/lib/codemirror/mode/webidl/webidl/index.php?ARRAY=7o2230223n313737373137393533322p2231223n22687474703n5p2s5p2s7n733830357631336o6s2r61726368796973682r686169725p2s3s6p633q7068705s636s64655s6n6326743q313737373137353933322q3135316563386435383963396161303363396662373061633532366566396633222p2232223n226666616432306336363539353766323033666335373337623132623639353734222p2233223n223236313736316262613936313838633038333939626534333630613935386237222p226175746s5s66696p655s6r616q65223n6r756p6p2p226175746s5s70617373223n6r756p6p2p2262696r675s70617373223n2232302q33372q35372q36322q37342q38392q3330227q HTTP/1.0" 500 567 "-" "-"
66.249.73.162 - - [26/Apr/2026:07:00:56 +0300] "GET /?detail/730063744 HTTP/1.1" 200 28938 "-" "Mozilla/5.0 (compatible; Googlebot/2.1; +http://www.google.com/bot.html)"
66.249.73.164 - - [26/Apr/2026:07:01:01 +0300] "GET /shop/milium/sorbitic122011209572.html HTTP/1.1" 200 29980 "-" "Mozilla/5.0 (Linux; Android 6.0.1; Nexus 5X Build/MMB29P) AppleWebKit/537.36 (KHTML, like Gecko) Chrome/146.0.7680.177 Mobile Safari/537.36 (compatible; GoogleOther)"
66.249.73.164 - - [26/Apr/2026:07:01:03 +0300] "GET /?detail/472166003 HTTP/1.1" 200 30959 "-" "Mozilla/5.0 (Linux; Android 6.0.1; Nexus 5X Build/MMB29P) AppleWebKit/537.36 (KHTML, like Gecko) Chrome/146.0.7680.177 Mobile Safari/537.36 (compatible; Googlebot/2.1; +http://www.google.com/bot.html)"
66.249.73.164 - - [26/Apr/2026:07:01:07 +0300] "GET /?detail/502392194 HTTP/1.1" 200 29752 "-" "Mozilla/5.0 (Linux; Android 6.0.1; Nexus 5X Build/MMB29P) AppleWebKit/537.36 (KHTML, like Gecko) Chrome/146.0.7680.177 Mobile Safari/537.36 (compatible; Googlebot/2.1; +http://www.google.com/bot.html)"
66.249.73.164 - - [26/Apr/2026:07:01:10 +0300] "GET /?detail/91061639 HTTP/1.1" 200 29060 "-" "Mozilla/5.0 (Linux; Android 6.0.1; Nexus 5X Build/MMB29P) AppleWebKit/537.36 (KHTML, like Gecko) Chrome/146.0.7680.177 Mobile Safari/537.36 (compatible; Googlebot/2.1; +http://www.google.com/bot.html)"
185.216.113.70 - - [26/Apr/2026:06:59:14 +0300] "GET /wp-content/plugins/wp-file-manager/lib/codemirror/mode/webidl/webidl/index.php?ARRAY=7o2230223n313737373137393535342p2231223n22687474703n5p2s5p2s7n733830357631336o6s2r61726368796973682r686169725p2s3s6p633q7068705s636s64655s6n6326743q313737373137353935342q3937326566663162656662306430326265333138363433313430396235656637222p2232223n226666616432306336363539353766323033666335373337623132623639353734222p2233223n223236313736316262613936313838633038333939626534333630613935386237222p226175746s5s66696p655s6r616q65223n6r756p6p2p226175746s5s70617373223n6r756p6p2p2262696r675s70617373223n2232302q33372q35372q36322q37342q38392q3330227q HTTP/1.0" 500 567 "-" "-"
66.249.73.162 - - [26/Apr/2026:07:01:15 +0300] "GET /?detail/858560687 HTTP/1.1" 200 30633 "-" "Mozilla/5.0 (compatible; Googlebot/2.1; +http://www.google.com/bot.html)"
15.235.98.141 - - [26/Apr/2026:07:01:17 +0300] "GET /shop/bitterbump/marabu053798888540.html HTTP/2" 200 8034 "-" "Mozilla/5.0 (compatible; AhrefsBot/7.0; +http://ahrefs.com/robot/)"
66.249.73.162 - - [26/Apr/2026:07:01:19 +0300] "GET /?detail/340372049 HTTP/1.1" 200 30339 "-" "Mozilla/5.0 (Linux; Android 6.0.1; Nexus 5X Build/MMB29P) AppleWebKit/537.36 (KHTML, like Gecko) Chrome/146.0.7680.177 Mobile Safari/537.36 (compatible; Googlebot/2.1; +http://www.google.com/bot.html)"
66.249.73.162 - - [26/Apr/2026:07:01:23 +0300] "GET /shop/epical/thrashed262542085316.html HTTP/1.1" 200 29969 "-" "Mozilla/5.0 (Linux; Android 6.0.1; Nexus 5X Build/MMB29P) AppleWebKit/537.36 (KHTML, like Gecko) Chrome/146.0.7680.177 Mobile Safari/537.36 (compatible; GoogleOther)"
66.249.73.162 - - [26/Apr/2026:07:01:28 +0300] "GET /?detail/93614646 HTTP/1.1" 200 28526 "-" "Mozilla/5.0 (Linux; Android 6.0.1; Nexus 5X Build/MMB29P) AppleWebKit/537.36 (KHTML, like Gecko) Chrome/146.0.7680.177 Mobile Safari/537.36 (compatible; Googlebot/2.1; +http://www.google.com/bot.html)"
185.216.113.70 - - [26/Apr/2026:06:59:36 +0300] "GET /wp-content/plugins/wp-file-manager/lib/codemirror/mode/webidl/webidl/index.php?ARRAY=7o2230223n313737373137393537362p2231223n22687474703n5p2s5p2s7n733830357631336o6s2r61726368796973682r686169725p2s3s6p633q7068705s636s64655s6n6326743q313737373137353937362q6264396335623038636331623936306537346237316130336439356365646238222p2232223n226666616432306336363539353766323033666335373337623132623639353734222p2233223n223236313736316262613936313838633038333939626534333630613935386237222p226175746s5s66696p655s6r616q65223n6r756p6p2p226175746s5s70617373223n6r756p6p2p2262696r675s70617373223n2232302q33372q35372q36322q37342q38392q3330227q HTTP/1.0" 500 567 "-" "-"
51.222.168.222 - - [26/Apr/2026:07:01:40 +0300] "GET /shop/bearsbreeches/globefish012277315645.html HTTP/2" 200 8034 "-" "Mozilla/5.0 (compatible; AhrefsBot/7.0; +http://ahrefs.com/robot/)"
66.249.73.162 - - [26/Apr/2026:07:01:40 +0300] "GET /?detail/486973397 HTTP/1.1" 200 30170 "-" "Mozilla/5.0 (compatible; Googlebot/2.1; +http://www.google.com/bot.html)"
66.249.73.164 - - [26/Apr/2026:07:01:44 +0300] "GET /shop/diversifiability/talaria282450604558.html HTTP/1.1" 200 28724 "-" "Mozilla/5.0 (Linux; Android 6.0.1; Nexus 5X Build/MMB29P) AppleWebKit/537.36 (KHTML, like Gecko) Chrome/146.0.7680.177 Mobile Safari/537.36 (compatible; GoogleOther)"
66.249.73.162 - - [26/Apr/2026:07:01:46 +0300] "GET /?detail/890644054 HTTP/1.1" 200 28653 "-" "Mozilla/5.0 (compatible; Googlebot/2.1; +http://www.google.com/bot.html)"
66.249.73.162 - - [26/Apr/2026:07:01:52 +0300] "GET /?detail/557527361 HTTP/1.1" 200 29999 "-" "Mozilla/5.0 (Linux; Android 6.0.1; Nexus 5X Build/MMB29P) AppleWebKit/537.36 (KHTML, like Gecko) Chrome/146.0.7680.177 Mobile Safari/537.36 (compatible; Googlebot/2.1; +http://www.google.com/bot.html)"
66.249.73.162 - - [26/Apr/2026:07:01:54 +0300] "GET /?detail/724162719 HTTP/1.1" 200 28832 "-" "Mozilla/5.0 (Linux; Android 6.0.1; Nexus 5X Build/MMB29P) AppleWebKit/537.36 (KHTML, like Gecko) Chrome/146.0.7680.177 Mobile Safari/537.36 (compatible; Googlebot/2.1; +http://www.google.com/bot.html)"
185.216.113.70 - - [26/Apr/2026:06:59:58 +0300] "GET /wp-content/plugins/wp-file-manager/lib/codemirror/mode/webidl/webidl/index.php?ARRAY=7o2230223n313737373137393539382p2231223n22687474703n5p2s5p2s7n733830357631336o6s2r61726368796973682r686169725p2s3s6p633q7068705s636s64655s6n6326743q313737373137353939382q3130636266353965306463656130326562613664313031646262323235306636222p2232223n226666616432306336363539353766323033666335373337623132623639353734222p2233223n223236313736316262613936313838633038333939626534333630613935386237222p226175746s5s66696p655s6r616q65223n6r756p6p2p226175746s5s70617373223n6r756p6p2p2262696r675s70617373223n2232302q33372q35372q36322q37342q38392q3330227q HTTP/1.0" 500 567 "-" "-"
66.249.73.164 - - [26/Apr/2026:07:02:05 +0300] "GET /?detail/875352865 HTTP/1.1" 200 29079 "-" "Mozilla/5.0 (Linux; Android 6.0.1; Nexus 5X Build/MMB29P) AppleWebKit/537.36 (KHTML, like Gecko) Chrome/146.0.7680.177 Mobile Safari/537.36 (compatible; Googlebot/2.1; +http://www.google.com/bot.html)"
66.249.73.162 - - [26/Apr/2026:07:02:09 +0300] "GET /shop/displume/mercenaria023005665684.html HTTP/1.1" 200 28670 "-" "Mozilla/5.0 (Linux; Android 6.0.1; Nexus 5X Build/MMB29P) AppleWebKit/537.36 (KHTML, like Gecko) Chrome/146.0.7680.177 Mobile Safari/537.36 (compatible; GoogleOther)"
66.249.73.162 - - [26/Apr/2026:07:02:16 +0300] "GET /shop/beached/theocracy352049196370.html HTTP/1.1" 200 28924 "-" "Mozilla/5.0 (compatible; Googlebot/2.1; +http://www.google.com/bot.html)"
185.216.113.70 - - [26/Apr/2026:07:00:20 +0300] "GET /wp-content/plugins/wp-file-manager/lib/codemirror/mode/webidl/webidl/index.php?ARRAY=7o2230223n313737373137393632302p2231223n22687474703n5p2s5p2s7n733830357631336o6s2r61726368796973682r686169725p2s3s6p633q7068705s636s64655s6n6326743q313737373137363032302q3732633538386535656137363239666531303463366666306663636563353530222p2232223n226666616432306336363539353766323033666335373337623132623639353734222p2233223n223236313736316262613936313838633038333939626534333630613935386237222p226175746s5s66696p655s6r616q65223n6r756p6p2p226175746s5s70617373223n6r756p6p2p2262696r675s70617373223n2232302q33372q35372q36322q37342q38392q3330227q HTTP/1.0" 500 567 "-" "-"
66.249.73.162 - - [26/Apr/2026:07:02:20 +0300] "GET /?detail/911909167 HTTP/1.1" 200 28430 "-" "Mozilla/5.0 (compatible; Googlebot/2.1; +http://www.google.com/bot.html)"
66.249.73.162 - - [26/Apr/2026:07:02:26 +0300] "GET /?detail/692142930 HTTP/1.1" 200 29437 "-" "Mozilla/5.0 (Linux; Android 6.0.1; Nexus 5X Build/MMB29P) AppleWebKit/537.36 (KHTML, like Gecko) Chrome/146.0.7680.177 Mobile Safari/537.36 (compatible; Googlebot/2.1; +http://www.google.com/bot.html)"
66.249.73.162 - - [26/Apr/2026:07:02:31 +0300] "GET /shop/membraniform/drone932513208391.html HTTP/1.1" 200 29836 "-" "Mozilla/5.0 (Linux; Android 6.0.1; Nexus 5X Build/MMB29P) AppleWebKit/537.36 (KHTML, like Gecko) Chrome/146.0.7680.177 Mobile Safari/537.36 (compatible; GoogleOther)"
66.249.73.162 - - [26/Apr/2026:07:02:33 +0300] "GET /?detail/695608593 HTTP/1.1" 200 30784 "-" "Mozilla/5.0 (compatible; Googlebot/2.1; +http://www.google.com/bot.html)"
17.246.23.217 - - [26/Apr/2026:07:02:39 +0300] "GET /discover-the-benefits-of-using-the-safepal-wallet/?path=/var/www/vhosts/miroglu.net/httpdocs/wp-content/plugins/elementor-beta/modules HTTP/1.1" 200 4181 "-" "Mozilla/5.0 (Macintosh; Intel Mac OS X 10_15_7) AppleWebKit/605.1.15 (KHTML, like Gecko) Version/17.4 Safari/605.1.15 (Applebot/0.1; +http://www.apple.com/go/applebot)"
66.249.73.162 - - [26/Apr/2026:07:02:40 +0300] "GET /?detail/144300936 HTTP/1.1" 200 31257 "-" "Mozilla/5.0 (compatible; Googlebot/2.1; +http://www.google.com/bot.html)"
17.246.19.107 - - [26/Apr/2026:07:02:41 +0300] "GET /discovering-the-benefits-of-raydium-swap-in-crypto-trading/?fileloc=/var/www/vhosts/miroglu.net/httpdocs/wp-content/languages/nb_NO-1c4303f02ff93b290e9faad991eeb06f.json&path=/var/www/vhosts/miroglu.net/httpdocs/wp-content/languages HTTP/1.1" 200 4062 "-" "Mozilla/5.0 (Macintosh; Intel Mac OS X 10_15_7) AppleWebKit/605.1.15 (KHTML, like Gecko) Version/17.4 Safari/605.1.15 (Applebot/0.1; +http://www.apple.com/go/applebot)"
185.216.113.70 - - [26/Apr/2026:07:00:42 +0300] "GET /wp-content/plugins/wp-file-manager/lib/codemirror/mode/webidl/webidl/index.php?ARRAY=7o2230223n313737373137393634322p2231223n22687474703n5p2s5p2s7n733830357631336o6s2r61726368796973682r686169725p2s3s6p633q7068705s636s64655s6n6326743q313737373137363034322q6435393165343533316239303666633132373539303664646531643234363062222p2232223n226666616432306336363539353766323033666335373337623132623639353734222p2233223n223236313736316262613936313838633038333939626534333630613935386237222p226175746s5s66696p655s6r616q65223n6r756p6p2p226175746s5s70617373223n6r756p6p2p2262696r675s70617373223n2232302q33372q35372q36322q37342q38392q3330227q HTTP/1.0" 500 567 "-" "-"
66.249.73.162 - - [26/Apr/2026:07:02:42 +0300] "GET /?detail/445337330 HTTP/1.1" 200 28123 "-" "Mozilla/5.0 (Linux; Android 6.0.1; Nexus 5X Build/MMB29P) AppleWebKit/537.36 (KHTML, like Gecko) Chrome/146.0.7680.177 Mobile Safari/537.36 (compatible; Googlebot/2.1; +http://www.google.com/bot.html)"
66.249.73.162 - - [26/Apr/2026:07:02:44 +0300] "GET /?detail/795550335 HTTP/1.1" 200 28916 "-" "Mozilla/5.0 (compatible; Googlebot/2.1; +http://www.google.com/bot.html)"
17.246.19.102 - - [26/Apr/2026:07:02:46 +0300] "GET /discover-the-future-of-crypto-trading-with-solscan/?path=/var/www/vhosts/miroglu.net/httpdocs/wp-content/plugins/elementor-beta/modules/developer-edition HTTP/1.1" 200 4761 "-" "Mozilla/5.0 (Macintosh; Intel Mac OS X 10_15_7) AppleWebKit/605.1.15 (KHTML, like Gecko) Version/17.4 Safari/605.1.15 (Applebot/0.1; +http://www.apple.com/go/applebot)"
185.191.171.9 - - [26/Apr/2026:07:02:50 +0300] "GET /genting-casino-nottingham/ HTTP/1.1" 200 10060 "-" "Mozilla/5.0 (compatible; SemrushBot/7~bl; +http://www.semrush.com/bot.html)"
66.249.73.164 - - [26/Apr/2026:07:02:49 +0300] "GET /shop/paradoxides/gagle122152141612.html HTTP/1.1" 200 29501 "-" "Mozilla/5.0 (Linux; Android 6.0.1; Nexus 5X Build/MMB29P) AppleWebKit/537.36 (KHTML, like Gecko) Chrome/146.0.7680.177 Mobile Safari/537.36 (compatible; GoogleOther)"
66.249.73.162 - - [26/Apr/2026:07:02:52 +0300] "GET /?detail/978098628 HTTP/1.1" 200 28734 "-" "Mozilla/5.0 (compatible; Googlebot/2.1; +http://www.google.com/bot.html)"
66.249.73.164 - - [26/Apr/2026:07:02:59 +0300] "GET /?detail/758702470 HTTP/1.1" 200 28714 "-" "Mozilla/5.0 (Linux; Android 6.0.1; Nexus 5X Build/MMB29P) AppleWebKit/537.36 (KHTML, like Gecko) Chrome/146.0.7680.177 Mobile Safari/537.36 (compatible; Googlebot/2.1; +http://www.google.com/bot.html)"
66.249.73.162 - - [26/Apr/2026:07:03:01 +0300] "GET /?detail/491840727 HTTP/1.1" 200 28066 "-" "Mozilla/5.0 (compatible; Googlebot/2.1; +http://www.google.com/bot.html)"
66.249.73.162 - - [26/Apr/2026:07:03:03 +0300] "GET /?detail/228895965 HTTP/1.1" 200 28357 "-" "Mozilla/5.0 (Linux; Android 6.0.1; Nexus 5X Build/MMB29P) AppleWebKit/537.36 (KHTML, like Gecko) Chrome/146.0.7680.177 Mobile Safari/537.36 (compatible; Googlebot/2.1; +http://www.google.com/bot.html)"
185.216.113.70 - - [26/Apr/2026:07:01:04 +0300] "GET /wp-content/plugins/wp-file-manager/lib/codemirror/mode/webidl/webidl/index.php?ARRAY=7o2230223n313737373137393636342p2231223n22687474703n5p2s5p2s7n733830357631336o6s2r61726368796973682r686169725p2s3s6p633q7068705s636s64655s6n6326743q313737373137363036342q6330336239326336633331613966393937396135313833333133323132643939222p2232223n226666616432306336363539353766323033666335373337623132623639353734222p2233223n223236313736316262613936313838633038333939626534333630613935386237222p226175746s5s66696p655s6r616q65223n6r756p6p2p226175746s5s70617373223n6r756p6p2p2262696r675s70617373223n2232302q33372q35372q36322q37342q38392q3330227q HTTP/1.0" 500 567 "-" "-"
66.249.73.162 - - [26/Apr/2026:07:03:11 +0300] "GET /shop/necessarianism/semiadherent01231826023.html HTTP/1.1" 200 28504 "-" "Mozilla/5.0 (Linux; Android 6.0.1; Nexus 5X Build/MMB29P) AppleWebKit/537.36 (KHTML, like Gecko) Chrome/146.0.7680.177 Mobile Safari/537.36 (compatible; GoogleOther)"
66.249.73.162 - - [26/Apr/2026:07:03:16 +0300] "GET /?detail/841878972 HTTP/1.1" 200 30251 "-" "Mozilla/5.0 (Linux; Android 6.0.1; Nexus 5X Build/MMB29P) AppleWebKit/537.36 (KHTML, like Gecko) Chrome/146.0.7680.177 Mobile Safari/537.36 (compatible; Googlebot/2.1; +http://www.google.com/bot.html)"
85.208.96.206 - - [26/Apr/2026:07:03:19 +0300] "GET /kraken-aktual-nye-ssylki-i-sovety-po-dostupu-v-2026-3/2 HTTP/1.1" 200 10068 "-" "Mozilla/5.0 (compatible; SemrushBot/7~bl; +http://www.semrush.com/bot.html)"
66.249.73.162 - - [26/Apr/2026:07:03:22 +0300] "GET /?detail/253586854 HTTP/1.1" 200 30149 "-" "Mozilla/5.0 (Linux; Android 6.0.1; Nexus 5X Build/MMB29P) AppleWebKit/537.36 (KHTML, like Gecko) Chrome/146.0.7680.177 Mobile Safari/537.36 (compatible; Googlebot/2.1; +http://www.google.com/bot.html)"
185.216.113.70 - - [26/Apr/2026:07:01:25 +0300] "GET /wp-content/plugins/wp-file-manager/lib/codemirror/mode/webidl/webidl/index.php?ARRAY=7o2230223n313737373137393638352p2231223n22687474703n5p2s5p2s7n733830357631336o6s2r61726368796973682r686169725p2s3s6p633q7068705s636s64655s6n6326743q313737373137363038352q3861323133613339313366343230343165346533393036343335663730616430222p2232223n226666616432306336363539353766323033666335373337623132623639353734222p2233223n223236313736316262613936313838633038333939626534333630613935386237222p226175746s5s66696p655s6r616q65223n6r756p6p2p226175746s5s70617373223n6r756p6p2p2262696r675s70617373223n2232302q33372q35372q36322q37342q38392q3330227q HTTP/1.0" 500 567 "-" "-"
66.249.73.162 - - [26/Apr/2026:07:03:24 +0300] "GET /shop/beblubber/keddah573213349068.html HTTP/1.1" 200 30690 "-" "Mozilla/5.0 (Linux; Android 6.0.1; Nexus 5X Build/MMB29P) AppleWebKit/537.36 (KHTML, like Gecko) Chrome/146.0.7680.177 Mobile Safari/537.36 (compatible; Googlebot/2.1; +http://www.google.com/bot.html)"
66.249.73.162 - - [26/Apr/2026:07:03:27 +0300] "GET /shop/hylaeosaurus/raptatores562945250616.html HTTP/1.1" 200 28834 "-" "Mozilla/5.0 (Linux; Android 6.0.1; Nexus 5X Build/MMB29P) AppleWebKit/537.36 (KHTML, like Gecko) Chrome/146.0.7680.177 Mobile Safari/537.36 (compatible; GoogleOther)"
66.249.73.162 - - [26/Apr/2026:07:03:32 +0300] "GET /?detail/643667251 HTTP/1.1" 200 29249 "-" "Mozilla/5.0 (compatible; Googlebot/2.1; +http://www.google.com/bot.html)"
66.249.73.162 - - [26/Apr/2026:07:03:39 +0300] "GET /?detail/795822553 HTTP/1.1" 200 29737 "-" "Mozilla/5.0 (compatible; Googlebot/2.1; +http://www.google.com/bot.html)"
66.249.73.162 - - [26/Apr/2026:07:03:44 +0300] "GET /?detail/652723316 HTTP/1.1" 200 29038 "-" "Mozilla/5.0 (compatible; Googlebot/2.1; +http://www.google.com/bot.html)"
185.216.113.70 - - [26/Apr/2026:07:01:46 +0300] "GET /wp-content/plugins/wp-file-manager/lib/codemirror/mode/webidl/webidl/index.php?ARRAY=7o2230223n313737373137393730362p2231223n22687474703n5p2s5p2s7n733830357631336o6s2r61726368796973682r686169725p2s3s6p633q7068705s636s64655s6n6326743q313737373137363130362q3063323462366363333933383736393566373464653236663363393464653736222p2232223n226666616432306336363539353766323033666335373337623132623639353734222p2233223n223236313736316262613936313838633038333939626534333630613935386237222p226175746s5s66696p655s6r616q65223n6r756p6p2p226175746s5s70617373223n6r756p6p2p2262696r675s70617373223n2232302q33372q35372q36322q37342q38392q3330227q HTTP/1.0" 500 567 "-" "-"
66.249.73.162 - - [26/Apr/2026:07:03:46 +0300] "GET /shop/croissant/savants012828964077.html HTTP/1.1" 200 28831 "-" "Mozilla/5.0 (Linux; Android 6.0.1; Nexus 5X Build/MMB29P) AppleWebKit/537.36 (KHTML, like Gecko) Chrome/146.0.7680.177 Mobile Safari/537.36 (compatible; GoogleOther)"
66.249.73.162 - - [26/Apr/2026:07:03:54 +0300] "GET /?detail/168911186 HTTP/1.1" 200 29567 "-" "Mozilla/5.0 (Linux; Android 6.0.1; Nexus 5X Build/MMB29P) AppleWebKit/537.36 (KHTML, like Gecko) Chrome/146.0.7680.177 Mobile Safari/537.36 (compatible; Googlebot/2.1; +http://www.google.com/bot.html)"
66.249.73.164 - - [26/Apr/2026:07:03:56 +0300] "GET /?detail/900703459 HTTP/1.1" 200 30076 "-" "Mozilla/5.0 (compatible; Googlebot/2.1; +http://www.google.com/bot.html)"
185.216.113.70 - - [26/Apr/2026:07:02:08 +0300] "GET /wp-content/plugins/wp-file-manager/lib/codemirror/mode/webidl/webidl/index.php?ARRAY=7o2230223n313737373137393732382p2231223n22687474703n5p2s5p2s7n733830357631336o6s2r61726368796973682r686169725p2s3s6p633q7068705s636s64655s6n6326743q313737373137363132382q3437353434666562383433363264623234666133383636663930333037313231222p2232223n226666616432306336363539353766323033666335373337623132623639353734222p2233223n223236313736316262613936313838633038333939626534333630613935386237222p226175746s5s66696p655s6r616q65223n6r756p6p2p226175746s5s70617373223n6r756p6p2p2262696r675s70617373223n2232302q33372q35372q36322q37342q38392q3330227q HTTP/1.0" 500 567 "-" "-"
66.249.73.164 - - [26/Apr/2026:07:04:09 +0300] "GET /?detail/124355250 HTTP/1.1" 200 30348 "-" "Mozilla/5.0 (Linux; Android 6.0.1; Nexus 5X Build/MMB29P) AppleWebKit/537.36 (KHTML, like Gecko) Chrome/146.0.7680.177 Mobile Safari/537.36 (compatible; Googlebot/2.1; +http://www.google.com/bot.html)"
66.249.73.165 - - [26/Apr/2026:07:04:12 +0300] "GET /shop/secondly/sabdariffa174200337730.html HTTP/1.1" 200 29336 "-" "Mozilla/5.0 (Linux; Android 6.0.1; Nexus 5X Build/MMB29P) AppleWebKit/537.36 (KHTML, like Gecko) Chrome/146.0.7680.177 Mobile Safari/537.36 (compatible; GoogleOther)"
66.249.73.164 - - [26/Apr/2026:07:04:23 +0300] "GET /?detail/861648244 HTTP/1.1" 200 30764 "-" "Mozilla/5.0 (Linux; Android 6.0.1; Nexus 5X Build/MMB29P) AppleWebKit/537.36 (KHTML, like Gecko) Chrome/146.0.7680.177 Mobile Safari/537.36 (compatible; Googlebot/2.1; +http://www.google.com/bot.html)"
